186.103.159.46 - - [02/Mar/2018:10:16:44 -0300] "POST /cormun/servlet/solicitudot?gx-no-cache=1519996557041 HTTP/1.1" 200 30
186.103.159.46 - - [02/Mar/2018:10:16:46 -0300] "POST /cormun/servlet/solicitudot?7acd2dcdd00efe25ca2a737af88cbb05,INS,0,0,,gx-no-cache=1519996557182 HTTP/1.1" 200 93
186.103.159.46 - - [02/Mar/2018:10:16:46 -0300] "GET /cormun/servlet/hpexe_return? HTTP/1.1" 200 1005
186.103.159.46 - - [02/Mar/2018:10:16:47 -0300] "GET /cormun/servlet/trsolicitudot HTTP/1.1" 200 8998
191.126.135.18 - - [02/Mar/2018:10:16:49 -0300] "POST /cormun/servlet/solicitudot?gx-no-cache=1519996561084 HTTP/1.1" 200 30
186.103.159.46 - - [02/Mar/2018:10:16:49 -0300] "GET /cormun/servlet/trsolicitudot HTTP/1.1" 200 8994
191.126.135.18 - - [02/Mar/2018:10:16:51 -0300] "GET /cormun/servlet/prcontratosol?12315566,,,,,MD,,gxPopupLevel%3D0%3B HTTP/1.1" 200 7928
191.126.135.18 - - [02/Mar/2018:10:16:55 -0300] "POST /cormun/servlet/solicitudot?gx-no-cache=1519996567588 HTTP/1.1" 200 1337
191.126.135.18 - - [02/Mar/2018:10:16:55 -0300] "POST /cormun/servlet/solicitudot?gx-no-cache=1519996567825 HTTP/1.1" 200 38
191.126.135.18 - - [02/Mar/2018:10:16:55 -0300] "GET /cormun/servlet/solicitudot?063658829734704c0c81e8ea672eca6a5055ba91384103111625bba13621da87d9b489baa08f11ca41f4e95aefaf0e6fcebc8ff45801c65e3c07432926676ac1538d36bd5a9f47bd466978a0cc400153e7b4b5b28d2b5fcd174150d20b6fde15d3265dcb52d90d471c201aaf143d751532c2e51402a4a7e57ab8401ffa6ba18fb0b0e5bd76f88ed3a54d75efee9b4339ae17f3af850e65ce7c1e124df610f2db,gx-no-cache=1519996567963 HTTP/1.1" 200 29
191.126.135.18 - - [02/Mar/2018:10:16:56 -0300] "POST /cormun/servlet/solicitudot?gx-no-cache=1519996568088 HTTP/1.1" 200 1319
191.126.135.18 - - [02/Mar/2018:10:16:56 -0300] "POST /cormun/servlet/solicitudot?gx-no-cache=1519996568341 HTTP/1.1" 200 1219
191.126.135.18 - - [02/Mar/2018:10:16:56 -0300] "GET /cormun/servlet/solicitudot?063658829734704c0c81e8ea672eca6ab656d33e63ae791338d6e5b61fbb67dc7206ee7a395067e0342688347cd950b8,gx-no-cache=1519996568643 HTTP/1.1" 200 30
191.126.135.18 - - [02/Mar/2018:10:17:07 -0300] "POST /cormun/servlet/solicitudot?gx-no-cache=1519996578990 HTTP/1.1" 200 1321
191.126.135.18 - - [02/Mar/2018:10:17:07 -0300] "POST /cormun/servlet/solicitudot?gx-no-cache=1519996579338 HTTP/1.1" 200 1219
191.126.135.18 - - [02/Mar/2018:10:17:07 -0300] "POST /cormun/servlet/solicitudot?gx-no-cache=1519996579583 HTTP/1.1" 200 33
186.103.159.46 - - [02/Mar/2018:10:17:07 -0300] "POST /cormun/servlet/trsolicitudot?7acd2dcdd00efe25ca2a737af88cbb05,gx-no-cache=1519996579730 HTTP/1.1" 200 106
186.103.159.46 - - [02/Mar/2018:10:17:08 -0300] "GET /cormun/servlet/trsolicitudadjuntos?2018,9841, HTTP/1.1" 200 6052
186.103.159.46 - - [02/Mar/2018:10:17:08 -0300] "GET /cormun/static/gxui/gxui-all.css?110300 HTTP/1.1" 200 2179
186.103.159.46 - - [02/Mar/2018:10:17:08 -0300] "GET /cormun/static/calendar-system.css?75620 HTTP/1.1" 200 5572
186.103.159.46 - - [02/Mar/2018:10:17:08 -0300] "GET /cormun/static/gxcfg.js?20177612135366 HTTP/1.1" 200 953
186.103.159.46 - - [02/Mar/2018:10:17:08 -0300] "GET /cormun/static/trsolicitudadjuntos.js?20177612135632 HTTP/1.1" 200 17922
186.103.159.46 - - [02/Mar/2018:10:17:09 -0300] "GET /cormun/static/Shared/ext/resources/css/ext-all.css?205870 HTTP/1.1" 200 416045
186.103.159.46 - - [02/Mar/2018:10:17:10 -0300] "GET /cormun/servlet/trsolicitudadjuntos?2018,9841, HTTP/1.1" 200 6052
192.168.10.89 - - [02/Mar/2018:10:17:12 -0300] "GET /cormun/servlet/hlogin HTTP/1.1" 200 1732
186.103.161.206 - - [02/Mar/2018:10:17:13 -0300] "POST /cormun/servlet/solicitudot?gx-no-cache=1519996579845 HTTP/1.1" 200 3293
191.126.135.18 - - [02/Mar/2018:10:17:13 -0300] "POST /cormun/servlet/solicitudot?90b2941a572f5aed7e0a359eb62898c5,INS,0,0,,gx-no-cache=1519996584546 HTTP/1.1" 200 93
191.126.135.18 - - [02/Mar/2018:10:17:14 -0300] "GET /cormun/servlet/hpexe_return? HTTP/1.1" 200 1007
186.103.161.206 - - [02/Mar/2018:10:17:14 -0300] "POST /cormun/servlet/solicitudot?28979128ae1404027bcaa7ad2c6380d4,INS,0,0,,gx-no-cache=1519996580498 HTTP/1.1" 200 10453
191.126.135.18 - - [02/Mar/2018:10:17:16 -0300] "GET /cormun/servlet/trsolicitudot? HTTP/1.1" 200 23611
186.103.161.206 - - [02/Mar/2018:10:17:17 -0300] "GET /cormun/servlet/solicitudot?98cbf4dfaf590d2a14aedcda1afd2c47a09ef17c597f46f9102d6e5b077e2f918897689b5311ed3d7a85710accb91637,gx-no-cache=1519996584575 HTTP/1.1" 200 30
186.103.159.46 - - [02/Mar/2018:10:17:18 -0300] "GET /cormun/servlet/solicitudotadjuntos?INS,2018,9841,,1, HTTP/1.1" 200 5996
186.103.159.46 - - [02/Mar/2018:10:17:18 -0300] "GET /cormun/static/solicitudotadjuntos.js?2017761244086 HTTP/1.1" 200 11771
186.103.159.46 - - [02/Mar/2018:10:17:18 -0300] "GET /cormun/static/gxcfg.js?2017761244068 HTTP/1.1" 200 953
192.168.10.89 - - [02/Mar/2018:10:17:19 -0300] "POST /cormun/servlet/hlogin?0c6c72cd3d6e60f2c450813ba3c5d4a5,gx-no-cache=1519996479933 HTTP/1.1" 200 90
191.126.135.18 - - [02/Mar/2018:10:17:19 -0300] "GET /cormun/servlet/trsolicitudot? HTTP/1.1" 200 23606
192.168.10.89 - - [02/Mar/2018:10:17:19 -0300] "GET /cormun/servlet/hpexe_link HTTP/1.1" 200 952
186.103.159.46 - - [02/Mar/2018:10:17:19 -0300] "GET /cormun/static/about:blank HTTP/1.1" 404 1011
192.168.10.89 - - [02/Mar/2018:10:17:19 -0300] "GET /cormun/servlet/hhome HTTP/1.1" 200 4921
186.103.159.46 - - [02/Mar/2018:10:17:20 -0300] "GET /cormun/servlet/solicitudotadjuntos?INS,2018,9841,,1, HTTP/1.1" 200 5990
186.103.159.46 - - [02/Mar/2018:10:17:20 -0300] "GET /cormun/servlet/solicitudotadjuntos?7f039c20466c91efbcbc463eee7aafc0de2747d574a8e79322591e68585bdec19b5569a57d842794daa46f1daf58cc15,gx-no-cache=1519996592887 HTTP/1.1" 200 30
186.103.159.46 - - [02/Mar/2018:10:17:21 -0300] "POST /cormun/servlet/solicitudotadjuntos?7acd2dcdd00efe25ca2a737af88cbb05,INS,2018,9841,,1,,gx-no-cache=1519996592991 HTTP/1.1" 200 3791
191.126.135.18 - - [02/Mar/2018:10:17:23 -0300] "POST /cormun/servlet/trsolicitudot?90b2941a572f5aed7e0a359eb62898c5,,gx-no-cache=1519996592794 HTTP/1.1" 200 21007
191.126.135.18 - - [02/Mar/2018:10:17:24 -0300] "GET /cormun/static/Shared/jqueryui/images/ui-bg_highlight-soft_100_c6c2c8_1x100.png HTTP/1.1" 404 1117
191.126.135.18 - - [02/Mar/2018:10:17:24 -0300] "GET /cormun/static/Shared/jqueryui/images/ui-icons_82798d_256x240.png HTTP/1.1" 404 1089
191.126.135.18 - - [02/Mar/2018:10:17:24 -0300] "GET /cormun/static/Shared/jqueryui/images/ui-icons_8d78a5_256x240.png HTTP/1.1" 404 1089
191.126.135.18 - - [02/Mar/2018:10:17:24 -0300] "GET /cormun/static/Shared/jqueryui/images/ui-bg_flat_55_fafafa_40x100.png HTTP/1.1" 404 1097
192.168.10.89 - - [02/Mar/2018:10:17:24 -0300] "GET /cormun/servlet/trsolicitudgral? HTTP/1.1" 200 28770
200.112.3.74 - - [02/Mar/2018:10:17:25 -0300] "GET /cormun/servlet/hlogin HTTP/1.1" 200 1710
186.103.159.46 - - [02/Mar/2018:10:17:26 -0300] "POST /cormun/servlet/solicitudotadjuntos?gx-no-cache=1519996598863 HTTP/1.1" 200 26
191.126.135.18 - - [02/Mar/2018:10:17:27 -0300] "POST /cormun/servlet/trsolicitudot?90b2941a572f5aed7e0a359eb62898c5,,gx-no-cache=1519996596619 HTTP/1.1" 200 20945
200.112.3.74 - - [02/Mar/2018:10:17:27 -0300] "POST /cormun/servlet/hlogin?a67bcc14c8d856fc7cca3838b57de9d7,gx-no-cache=1519996600470 HTTP/1.1" 200 90
200.112.3.74 - - [02/Mar/2018:10:17:27 -0300] "GET /cormun/servlet/hpexe_link HTTP/1.1" 200 942
200.112.3.74 - - [02/Mar/2018:10:17:28 -0300] "GET /cormun/servlet/hhome HTTP/1.1" 200 3978
200.112.3.74 - - [02/Mar/2018:10:17:28 -0300] "GET /cormun/servlet/hhome HTTP/1.1" 200 3974
200.112.3.74 - - [02/Mar/2018:10:17:31 -0300] "GET /cormun/servlet/trpermisosgoce? HTTP/1.1" 200 6885
200.112.3.74 - - [02/Mar/2018:10:17:31 -0300] "GET /cormun/static/gxcfg.js?20177612163875 HTTP/1.1" 200 953
200.112.3.74 - - [02/Mar/2018:10:17:32 -0300] "GET /cormun/static/trpermisosgoce.js?20177612164335 HTTP/1.1" 200 35904
200.112.3.74 - - [02/Mar/2018:10:17:32 -0300] "GET /cormun/servlet/trpermisosgoce? HTTP/1.1" 200 6884
192.168.10.89 - - [02/Mar/2018:10:17:36 -0300] "GET /cormun/static/menuarrow.gif HTTP/1.1" 404 1015
200.112.3.74 - - [02/Mar/2018:10:17:36 -0300] "POST /cormun/servlet/trpermisosgoce?a67bcc14c8d856fc7cca3838b57de9d7,,gx-no-cache=1519996608750 HTTP/1.1" 200 4108
192.168.10.89 - - [02/Mar/2018:10:17:40 -0300] "POST /cormun/servlet/trsolicitudgral?0c6c72cd3d6e60f2c450813ba3c5d4a5,,gx-no-cache=1519996500466 HTTP/1.1" 200 12859
186.103.159.46 - - [02/Mar/2018:10:17:45 -0300] "GET /cormun/servlet/solicitudotadjuntos?7f039c20466c91efbcbc463eee7aafc06cd44e3e42fc3ff3db2b4cc4be136eab,gx-no-cache=1519996617679 HTTP/1.1" 200 30
186.103.159.46 - - [02/Mar/2018:10:17:45 -0300] "GET /cormun/servlet/solicitudotadjuntos?7f039c20466c91efbcbc463eee7aafc06cd44e3e42fc3ff3db2b4cc4be136eab,gx-no-cache=1519996617746 HTTP/1.1" 200 30
186.103.159.46 - - [02/Mar/2018:10:17:46 -0300] "POST /cormun/servlet/solicitudotadjuntos?7acd2dcdd00efe25ca2a737af88cbb05,INS,2018,9841,,1, HTTP/1.1" 200 116
186.103.159.46 - - [02/Mar/2018:10:17:46 -0300] "GET /cormun/servlet/hpexe_return? HTTP/1.1" 200 1024
186.103.159.46 - - [02/Mar/2018:10:17:47 -0300] "GET /cormun/servlet/trsolicitudadjuntos?2018,9841, HTTP/1.1" 200 8421
186.103.159.46 - - [02/Mar/2018:10:17:49 -0300] "GET /cormun/servlet/trsolicitudadjuntos?2018,9841, HTTP/1.1" 200 8417
192.168.10.89 - - [02/Mar/2018:10:17:52 -0300] "POST /cormun/servlet/trsolicitudgral?0c6c72cd3d6e60f2c450813ba3c5d4a5,,gx-no-cache=1519996512713 HTTP/1.1" 200 7237
200.112.3.74 - - [02/Mar/2018:10:17:56 -0300] "POST /cormun/servlet/trpermisosgoce?a67bcc14c8d856fc7cca3838b57de9d7,,gx-no-cache=1519996628988 HTTP/1.1" 200 4123
192.168.10.89 - - [02/Mar/2018:10:17:57 -0300] "POST /cormun/servlet/trsolicitudgral?0c6c72cd3d6e60f2c450813ba3c5d4a5,,gx-no-cache=1519996518260 HTTP/1.1" 200 5917
200.112.3.74 - - [02/Mar/2018:10:18:01 -0300] "GET /cormun/servlet/permisogoce?INS,0,,, HTTP/1.1" 200 6821
200.112.3.74 - - [02/Mar/2018:10:18:01 -0300] "GET /cormun/static/gxcfg.js?201776126440 HTTP/1.1" 200 953
200.112.3.74 - - [02/Mar/2018:10:18:01 -0300] "GET /cormun/static/permisogoce.js?2017761264459 HTTP/1.1" 200 27897
200.112.3.74 - - [02/Mar/2018:10:18:02 -0300] "GET /cormun/servlet/permisogoce?INS,0,,, HTTP/1.1" 200 6821
192.168.10.89 - - [02/Mar/2018:10:18:10 -0300] "POST /cormun/servlet/trsolicitudgral?0c6c72cd3d6e60f2c450813ba3c5d4a5,,gx-no-cache=1519996531116 HTTP/1.1" 200 5928
186.103.161.206 - - [02/Mar/2018:10:18:11 -0300] "POST /cormun/servlet/solicitudot?28979128ae1404027bcaa7ad2c6380d4,INS,0,0,,gx-no-cache=1519996637480 HTTP/1.1" 200 10588
186.103.161.206 - - [02/Mar/2018:10:18:12 -0300] "GET /cormun/static/Shared/jqueryui/images/ui-bg_highlight-soft_100_c6c2c8_1x100.png HTTP/1.1" 404 1117
186.103.132.155 - - [02/Mar/2018:10:18:12 -0300] "GET /cormun/static/Shared/jqueryui/images/ui-icons_82798d_256x240.png HTTP/1.1" 404 1089
186.67.203.186 - - [02/Mar/2018:10:18:12 -0300] "GET /cormun/static/Shared/jqueryui/images/ui-bg_flat_55_fafafa_40x100.png HTTP/1.1" 404 1097
186.103.132.155 - - [02/Mar/2018:10:18:12 -0300] "GET /cormun/static/Shared/jqueryui/images/ui-icons_8d78a5_256x240.png HTTP/1.1" 404 1089
200.112.3.74 - - [02/Mar/2018:10:18:12 -0300] "GET /cormun/servlet/prfichaempleado?,MD,,gxPopupLevel%3D0%3B HTTP/1.1" 200 9334
186.103.156.166 - - [02/Mar/2018:10:18:14 -0300] "GET /cormun/servlet/hlogin HTTP/1.1" 200 1738
192.168.10.89 - - [02/Mar/2018:10:18:15 -0300] "POST /cormun/servlet/trsolicitudgral?0c6c72cd3d6e60f2c450813ba3c5d4a5,,gx-no-cache=1519996535541 HTTP/1.1" 200 5926
186.103.161.206 - - [02/Mar/2018:10:18:17 -0300] "GET /cormun/servlet/solicitudot?98cbf4dfaf590d2a14aedcda1afd2c47c7f06be2243ffc4352f6070b3c8b4f47,gx-no-cache=1519996644721 HTTP/1.1" 200 94
186.103.132.155 - - [02/Mar/2018:10:18:19 -0300] "GET /cormun/static/Shared/jqueryui/images/ui-icons_ebccce_256x240.png HTTP/1.1" 404 1089
186.103.161.206 - - [02/Mar/2018:10:18:19 -0300] "GET /cormun/static/Shared/jqueryui/images/ui-bg_flat_55_994d53_40x100.png HTTP/1.1" 404 1097
186.67.203.186 - - [02/Mar/2018:10:18:19 -0300] "GET /cormun/servlet/solicitudot?98cbf4dfaf590d2a14aedcda1afd2c47239d68747a6a24bbcc8b17895bfb3673,gx-no-cache=1519996646143 HTTP/1.1" 200 29
192.168.10.89 - - [02/Mar/2018:10:18:19 -0300] "POST /cormun/servlet/trsolicitudgral?0c6c72cd3d6e60f2c450813ba3c5d4a5,,gx-no-cache=1519996540132 HTTP/1.1" 200 5928
186.67.203.186 - - [02/Mar/2018:10:18:21 -0300] "POST /cormun/servlet/solicitudot?gx-no-cache=1519996647797 HTTP/1.1" 200 255
200.112.3.74 - - [02/Mar/2018:10:18:24 -0300] "POST /cormun/servlet/prfichaempleado?a67bcc14c8d856fc7cca3838b57de9d7,,MD,,gxPopupLevel%3D0%3B,gx-no-cache=1519996657048 HTTP/1.1" 200 3411
192.168.10.89 - - [02/Mar/2018:10:18:24 -0300] "POST /cormun/servlet/trsolicitudgral?0c6c72cd3d6e60f2c450813ba3c5d4a5,,gx-no-cache=1519996545116 HTTP/1.1" 200 5930
191.126.135.18 - - [02/Mar/2018:10:18:28 -0300] "GET /cormun/servlet/solicitudot?INS,0,0, HTTP/1.1" 200 13711
200.112.3.74 - - [02/Mar/2018:10:18:28 -0300] "GET /cormun/servlet/permisogoce?2ff6ee7d6894c4093143b2148a72003e53bdbfb977195dfd72f881051219f19d7050f8fa8bc23b563fe1bd7c29a2ce05e25d5623bb17730126d8eebfdc3942e4,gx-no-cache=1519996661040 HTTP/1.1" 200 77
200.112.3.74 - - [02/Mar/2018:10:18:28 -0300] "GET /cormun/static/menuarrow.gif HTTP/1.1" 404 1015
191.126.135.18 - - [02/Mar/2018:10:18:29 -0300] "GET /cormun/servlet/solicitudot?INS,0,0, HTTP/1.1" 200 13716
186.103.159.46 - - [02/Mar/2018:10:18:32 -0300] "GET /cormun/servlet/trsolicitudot? HTTP/1.1" 200 9001
186.103.159.46 - - [02/Mar/2018:10:18:34 -0300] "GET /cormun/servlet/trsolicitudot? HTTP/1.1" 200 8994
200.112.3.74 - - [02/Mar/2018:10:18:34 -0300] "GET /cormun/servlet/permisogoce?2ff6ee7d6894c4093143b2148a72003e6877e23439f59b0af65ebb6055b72e57a12fc333e502d7c71158120b03a7aec98be74f1b52395f3581e88071c778701d,gx-no-cache=1519996667651 HTTP/1.1" 200 46
191.126.135.18 - - [02/Mar/2018:10:18:41 -0300] "GET /cormun/servlet/prfichaempleado?,MD,,gxPopupLevel%3D0%3B HTTP/1.1" 200 9426
186.103.156.166 - - [02/Mar/2018:10:18:41 -0300] "GET /cormun/servlet/hlogin HTTP/1.1" 200 1722
191.126.135.18 - - [02/Mar/2018:10:18:47 -0300] "POST /cormun/servlet/prfichaempleado?90b2941a572f5aed7e0a359eb62898c5,,MD,,gxPopupLevel%3D0%3B,gx-no-cache=1519996678697 HTTP/1.1" 200 3424
186.103.159.46 - - [02/Mar/2018:10:18:49 -0300] "POST /cormun/servlet/trsolicitudot?7acd2dcdd00efe25ca2a737af88cbb05,,gx-no-cache=1519996681131 HTTP/1.1" 200 107
186.103.159.46 - - [02/Mar/2018:10:18:49 -0300] "GET /cormun/servlet/trsolicitudadjuntos?2018,9843, HTTP/1.1" 200 6051
191.126.135.18 - - [02/Mar/2018:10:18:51 -0300] "POST /cormun/servlet/solicitudot?gx-no-cache=1519996683167 HTTP/1.1" 200 3409
186.103.159.46 - - [02/Mar/2018:10:18:51 -0300] "GET /cormun/servlet/trsolicitudadjuntos?2018,9843, HTTP/1.1" 200 6052
191.126.135.18 - - [02/Mar/2018:10:18:52 -0300] "POST /cormun/servlet/solicitudot?90b2941a572f5aed7e0a359eb62898c5,INS,0,0,,gx-no-cache=1519996683891 HTTP/1.1" 200 10586
191.126.135.18 - - [02/Mar/2018:10:18:53 -0300] "GET /cormun/servlet/solicitudot?063658829734704c0c81e8ea672eca6aeceabaf389854a8abe08fb5a8cbc2220d1c2d8b36e54b18eb6d25b401e3ddd5b,gx-no-cache=1519996685432 HTTP/1.1" 200 30
186.103.159.46 - - [02/Mar/2018:10:18:54 -0300] "GET /cormun/servlet/solicitudotadjuntos?INS,2018,9843,,1, HTTP/1.1" 200 5994
186.103.159.46 - - [02/Mar/2018:10:18:54 -0300] "GET /cormun/static/about:blank HTTP/1.1" 404 1011
186.103.159.46 - - [02/Mar/2018:10:18:56 -0300] "GET /cormun/servlet/solicitudotadjuntos?INS,2018,9843,,1, HTTP/1.1" 200 5988
186.103.159.46 - - [02/Mar/2018:10:18:56 -0300] "GET /cormun/servlet/solicitudotadjuntos?7f039c20466c91efbcbc463eee7aafc095a47fcdcd6515d40960bd47e218d9b5db18449a8a85424271f3fd1e9b65fdac,gx-no-cache=1519996688677 HTTP/1.1" 200 30
191.126.135.18 - - [02/Mar/2018:10:18:56 -0300] "GET /cormun/servlet/solicitudot?063658829734704c0c81e8ea672eca6ac8c0a1bf8daa2e20191c40288055b0de5fbe8df89ea27dbe7f5a9d5e7d8f69f2,gx-no-cache=1519996689017 HTTP/1.1" 200 30
191.126.135.18 - - [02/Mar/2018:10:18:57 -0300] "GET /cormun/servlet/solicitudot?063658829734704c0c81e8ea672eca6a9c9fa3d5fd2b555abcf9c75fbac7c777,gx-no-cache=1519996689151 HTTP/1.1" 200 51
186.103.159.46 - - [02/Mar/2018:10:18:57 -0300] "POST /cormun/servlet/solicitudotadjuntos?7acd2dcdd00efe25ca2a737af88cbb05,INS,2018,9843,,1,,gx-no-cache=1519996688773 HTTP/1.1" 200 3822
191.126.135.18 - - [02/Mar/2018:10:18:57 -0300] "POST /cormun/servlet/solicitudot?gx-no-cache=1519996689270 HTTP/1.1" 200 255
191.126.135.18 - - [02/Mar/2018:10:18:57 -0300] "GET /cormun/servlet/solicitudot?063658829734704c0c81e8ea672eca6adc7f3877a62f493650b32e09aa55fa176535de8a4ed752f541826affe63489593ece3ffae9dd9102e52c2a1b0219326f51e1e54ebdd99a87c8406ab7493b8591f472df301b47fcc10f53321e3e4cd8cf16f5321c0e02924a34a0e3feb5b6d1f0dbe954dd702898b144cf86337b98b83545b1b2a0f7930beef1fb8899b2f135aec11af0249f523fa29e5271b74539dd6551de0ab4fe5292f518539a8c95f111a647ec84d1f85487743aaf18df3378b770a46f499531730ff567773277cacd9db91781641d5ee017deba449de64197cf5d7c6cb1d77739decbaf377e0b443218e4c3872c09f686d71f60f637f04d6a6f26b92b9ee9a0762162d48955fc7bce57ca85f4ae070f9c07eb75b9d74bbed832cad905d60569f6c46a284332b8707377160bcf275be927d634afda22b751c5cfc67c1be8727d5d34a308f4f39192b50dd040b2e4b79fddf256e977b1a9b31d2e8978de43af57b5d9b5f3be6a690f6a48a914c4c4e6024e0a440e45fc8fb7830a46,gx-no-cache=1519996689409 HTTP/1.1" 200 30
186.103.159.46 - - [02/Mar/2018:10:19:00 -0300] "POST /cormun/servlet/solicitudotadjuntos?gx-no-cache=1519996692083 HTTP/1.1" 200 26
191.126.135.18 - - [02/Mar/2018:10:19:01 -0300] "POST /cormun/servlet/solicitudot?gx-no-cache=1519996693255 HTTP/1.1" 200 30
191.126.135.18 - - [02/Mar/2018:10:19:04 -0300] "GET /cormun/servlet/prcontratosol?13299898,,,,,MD,,gxPopupLevel%3D0%3B HTTP/1.1" 200 9684
191.126.135.18 - - [02/Mar/2018:10:19:07 -0300] "POST /cormun/servlet/solicitudot?gx-no-cache=1519996699320 HTTP/1.1" 200 1337
191.126.135.18 - - [02/Mar/2018:10:19:07 -0300] "POST /cormun/servlet/solicitudot?gx-no-cache=1519996699576 HTTP/1.1" 200 38
200.112.3.74 - - [02/Mar/2018:10:19:07 -0300] "POST /cormun/servlet/permisogoce?a67bcc14c8d856fc7cca3838b57de9d7,INS,0,,,,gx-no-cache=1519996699174 HTTP/1.1" 200 93
191.126.135.18 - - [02/Mar/2018:10:19:07 -0300] "GET /cormun/servlet/solicitudot?063658829734704c0c81e8ea672eca6a5055ba91384103111625bba13621da87d9b489baa08f11ca41f4e95aefaf0e6fcebc8ff45801c65e3c07432926676ac1538d36bd5a9f47bd466978a0cc400153e7b4b5b28d2b5fcd174150d20b6fde15d3265dcb52d90d471c201aaf143d751532c2e51402a4a7e57ab8401ffa6ba18fb0b0e5bd76f88ed3a54d75efee9b4339ae17f3af850e65ce7c1e124df610f2db,gx-no-cache=1519996699691 HTTP/1.1" 200 29
200.112.3.74 - - [02/Mar/2018:10:19:07 -0300] "GET /cormun/servlet/hpexe_return? HTTP/1.1" 200 1002
200.112.3.74 - - [02/Mar/2018:10:19:07 -0300] "GET /cormun/static/gxcfg.js?2016101716175148 HTTP/1.1" 304 -
191.126.135.18 - - [02/Mar/2018:10:19:07 -0300] "POST /cormun/servlet/solicitudot?gx-no-cache=1519996699816 HTTP/1.1" 200 1319
191.126.135.18 - - [02/Mar/2018:10:19:08 -0300] "POST /cormun/servlet/solicitudot?gx-no-cache=1519996700040 HTTP/1.1" 200 1219
191.126.135.18 - - [02/Mar/2018:10:19:08 -0300] "GET /cormun/servlet/solicitudot?063658829734704c0c81e8ea672eca6ab656d33e63ae791338d6e5b61fbb67dc7206ee7a395067e0342688347cd950b8,gx-no-cache=1519996700325 HTTP/1.1" 200 30
200.112.3.74 - - [02/Mar/2018:10:19:08 -0300] "GET /cormun/servlet/trpermisosgoce? HTTP/1.1" 200 7808
186.103.156.166 - - [02/Mar/2018:10:19:08 -0300] "POST /cormun/servlet/hlogin?d3832b4ec2daa522e814382dbfb20c87,gx-no-cache=1519996704792 HTTP/1.1" 200 90
186.103.156.166 - - [02/Mar/2018:10:19:08 -0300] "GET /cormun/servlet/hpexe_link HTTP/1.1" 200 955
186.103.159.46 - - [02/Mar/2018:10:19:08 -0300] "GET /cormun/servlet/solicitudotadjuntos?7f039c20466c91efbcbc463eee7aafc06cd44e3e42fc3ff3db2b4cc4be136eab,gx-no-cache=1519996700931 HTTP/1.1" 200 30
186.103.159.46 - - [02/Mar/2018:10:19:08 -0300] "GET /cormun/servlet/solicitudotadjuntos?7f039c20466c91efbcbc463eee7aafc06cd44e3e42fc3ff3db2b4cc4be136eab,gx-no-cache=1519996700999 HTTP/1.1" 200 30
186.103.156.166 - - [02/Mar/2018:10:19:08 -0300] "GET /cormun/servlet/hhome HTTP/1.1" 200 4187
200.112.3.74 - - [02/Mar/2018:10:19:08 -0300] "GET /cormun//static/Resources/PXToolsActionPrint.png HTTP/1.1" 200 3317
200.112.3.74 - - [02/Mar/2018:10:19:09 -0300] "GET /cormun//static/Resources/PXToolsHeaderFavorites.png HTTP/1.1" 200 2744
200.112.3.74 - - [02/Mar/2018:10:19:09 -0300] "GET /cormun//static/Resources/PXToolsHeaderHelp.png HTTP/1.1" 200 4055
200.112.3.74 - - [02/Mar/2018:10:19:09 -0300] "GET /cormun//static/Resources/PXToolsGridDisplay.png HTTP/1.1" 200 362
200.112.3.74 - - [02/Mar/2018:10:19:09 -0300] "GET /cormun/servlet/trpermisosgoce? HTTP/1.1" 200 7804
186.67.203.186 - - [02/Mar/2018:10:19:09 -0300] "GET /cormun/servlet/solicitudot?98cbf4dfaf590d2a14aedcda1afd2c4760bd8261765deed927d2abf73a1f07c4231bd1f2f6f8975c37a8edcfd1e09e7f76582b778397e8e36c68995bb77398fd,gx-no-cache=1519996696388 HTTP/1.1" 200 30
186.103.156.166 - - [02/Mar/2018:10:19:09 -0300] "GET /cormun/servlet/hhome HTTP/1.1" 200 4183
186.103.159.46 - - [02/Mar/2018:10:19:10 -0300] "POST /cormun/servlet/solicitudotadjuntos?7acd2dcdd00efe25ca2a737af88cbb05,INS,2018,9843,,1, HTTP/1.1" 200 116
186.103.159.46 - - [02/Mar/2018:10:19:11 -0300] "GET /cormun/servlet/hpexe_return? HTTP/1.1" 200 1024
186.67.203.186 - - [02/Mar/2018:10:19:11 -0300] "GET /cormun/servlet/solicitudot?98cbf4dfaf590d2a14aedcda1afd2c477a685c5fb1bc154d9bfcb25408cf9c21761f26d10f4cec78cfa0a2a9ac4a75f8bfc9f1852d64b112f967ea3e9aa9b36426e608d1ce29cf38142d1d020d1ee08324a9b70c7f1d0d7076604663098926961f14f7e51d9ed874f50311881ae19cdc9fe5d78ac0b0d4e80ca32c4f62800a06039a82a6fa240ef64ae5f1aea439ff4abcc6fcd87db69dd07a28af13f6247fa045424c13ef0f149d57beac23a5e46494010b113b46c5515e2f4be4708115e979e1f439f703279867c1bd2878b67c10f9c6fcc6d692fb9a8d229bdc8ca4ee5ec029ea5429c9bce2c7cf7885d69fe3ce7a084e5afdc140cad486f0f8e250372fa29b204814630bf635f498b98ae8d757fd9b6e5e5904207dce344a245b3b69a3cc09a61ff174e30f17d4cacd85ce96b1f640c263903030ce3faed0f7b82ae6dbafcde982a9f3914af22ba09cc0f82ccceb327298132661837dd8eab0d840dee2e16d893112b268837d0cdc0b61e45b32659920be33a9684648fe1297dcd835e138,gx-no-cache=1519996698238 HTTP/1.1" 200 30
186.103.159.46 - - [02/Mar/2018:10:19:11 -0300] "GET /cormun/servlet/trsolicitudadjuntos?2018,9843, HTTP/1.1" 200 8423
186.103.159.46 - - [02/Mar/2018:10:19:14 -0300] "GET /cormun/servlet/trsolicitudadjuntos?2018,9843, HTTP/1.1" 200 8421
186.67.203.186 - - [02/Mar/2018:10:19:15 -0300] "POST /cormun/servlet/solicitudot?gx-no-cache=1519996701790 HTTP/1.1" 200 30
186.103.159.46 - - [02/Mar/2018:10:19:17 -0300] "GET /cormun/servlet/solicitudotadjuntos?INS,2018,9843,,1, HTTP/1.1" 200 5994
186.103.159.46 - - [02/Mar/2018:10:19:19 -0300] "GET /cormun/static/about:blank HTTP/1.1" 404 1011
200.112.3.74 - - [02/Mar/2018:10:19:19 -0300] "GET /cormun/servlet/apermisogoceprn?12292074,P,20180302101521,PU HTTP/1.1" 200 1676
186.103.159.46 - - [02/Mar/2018:10:19:19 -0300] "GET /cormun/servlet/solicitudotadjuntos?INS,2018,9843,,1, HTTP/1.1" 200 5988
186.103.159.46 - - [02/Mar/2018:10:19:19 -0300] "GET /cormun/servlet/solicitudotadjuntos?7f039c20466c91efbcbc463eee7aafc095a47fcdcd6515d40960bd47e218d9b5db18449a8a85424271f3fd1e9b65fdac,gx-no-cache=1519996712009 HTTP/1.1" 200 30
186.103.159.46 - - [02/Mar/2018:10:19:20 -0300] "POST /cormun/servlet/solicitudotadjuntos?7acd2dcdd00efe25ca2a737af88cbb05,INS,2018,9843,,1,,gx-no-cache=1519996712104 HTTP/1.1" 200 3822
191.126.135.18 - - [02/Mar/2018:10:19:23 -0300] "POST /cormun/servlet/solicitudot?gx-no-cache=1519996715175 HTTP/1.1" 200 1321
191.126.135.18 - - [02/Mar/2018:10:19:23 -0300] "POST /cormun/servlet/solicitudot?gx-no-cache=1519996715469 HTTP/1.1" 200 1219
191.126.135.18 - - [02/Mar/2018:10:19:23 -0300] "POST /cormun/servlet/solicitudot?gx-no-cache=1519996715718 HTTP/1.1" 200 33
186.103.159.46 - - [02/Mar/2018:10:19:25 -0300] "POST /cormun/servlet/solicitudotadjuntos?gx-no-cache=1519996717121 HTTP/1.1" 200 26
192.168.10.89 - - [02/Mar/2018:10:19:29 -0300] "POST /cormun/servlet/trsolicitudgral?0c6c72cd3d6e60f2c450813ba3c5d4a5,,gx-no-cache=1519996594812 HTTP/1.1" 200 25929
191.126.135.18 - - [02/Mar/2018:10:19:29 -0300] "POST /cormun/servlet/solicitudot?90b2941a572f5aed7e0a359eb62898c5,INS,0,0,,gx-no-cache=1519996719983 HTTP/1.1" 200 93
191.126.135.18 - - [02/Mar/2018:10:19:29 -0300] "GET /cormun/servlet/hpexe_return? HTTP/1.1" 200 1007
191.126.135.18 - - [02/Mar/2018:10:19:32 -0300] "GET /cormun/servlet/trsolicitudot? HTTP/1.1" 200 23868
186.103.159.46 - - [02/Mar/2018:10:19:34 -0300] "GET /cormun/servlet/solicitudotadjuntos?7f039c20466c91efbcbc463eee7aafc06cd44e3e42fc3ff3db2b4cc4be136eab,gx-no-cache=1519996726208 HTTP/1.1" 200 30
186.103.159.46 - - [02/Mar/2018:10:19:34 -0300] "GET /cormun/servlet/solicitudotadjuntos?7f039c20466c91efbcbc463eee7aafc06cd44e3e42fc3ff3db2b4cc4be136eab,gx-no-cache=1519996726298 HTTP/1.1" 200 30
191.126.135.18 - - [02/Mar/2018:10:19:34 -0300] "GET /cormun/servlet/trsolicitudot? HTTP/1.1" 200 23863
186.103.159.46 - - [02/Mar/2018:10:19:35 -0300] "POST /cormun/servlet/solicitudotadjuntos?7acd2dcdd00efe25ca2a737af88cbb05,INS,2018,9843,,1, HTTP/1.1" 200 116
186.103.159.46 - - [02/Mar/2018:10:19:35 -0300] "GET /cormun/servlet/hpexe_return? HTTP/1.1" 200 1024
186.103.159.46 - - [02/Mar/2018:10:19:36 -0300] "GET /cormun/servlet/trsolicitudadjuntos?2018,9843, HTTP/1.1" 200 8670
186.103.159.46 - - [02/Mar/2018:10:19:38 -0300] "GET /cormun/servlet/trsolicitudadjuntos?2018,9843, HTTP/1.1" 200 8668
186.103.161.206 - - [02/Mar/2018:10:19:38 -0300] "POST /cormun/servlet/solicitudot?gx-no-cache=1519996725582 HTTP/1.1" 200 1333
191.126.135.18 - - [02/Mar/2018:10:19:39 -0300] "POST /cormun/servlet/trsolicitudot?90b2941a572f5aed7e0a359eb62898c5,,gx-no-cache=1519996728200 HTTP/1.1" 200 21330
186.103.161.206 - - [02/Mar/2018:10:19:39 -0300] "POST /cormun/servlet/solicitudot?gx-no-cache=1519996726008 HTTP/1.1" 200 38
192.168.10.89 - - [02/Mar/2018:10:19:39 -0300] "GET /cormun/servlet/trfuncionariobloqueados? HTTP/1.1" 200 10626
191.126.135.18 - - [02/Mar/2018:10:19:40 -0300] "GET /cormun/static/Shared/jqueryui/images/ui-bg_highlight-soft_100_c6c2c8_1x100.png HTTP/1.1" 404 1117
191.126.135.18 - - [02/Mar/2018:10:19:40 -0300] "GET /cormun/static/Shared/jqueryui/images/ui-icons_8d78a5_256x240.png HTTP/1.1" 404 1089
191.126.135.18 - - [02/Mar/2018:10:19:40 -0300] "GET /cormun/static/Shared/jqueryui/images/ui-icons_82798d_256x240.png HTTP/1.1" 404 1089
191.126.135.18 - - [02/Mar/2018:10:19:40 -0300] "GET /cormun/static/Shared/jqueryui/images/ui-bg_flat_55_fafafa_40x100.png HTTP/1.1" 404 1097
191.126.135.18 - - [02/Mar/2018:10:19:42 -0300] "POST /cormun/servlet/trsolicitudot?90b2941a572f5aed7e0a359eb62898c5,,gx-no-cache=1519996732198 HTTP/1.1" 200 21259
186.103.159.46 - - [02/Mar/2018:10:19:43 -0300] "GET /cormun/servlet/solicitudotadjuntos?INS,2018,9843,,1, HTTP/1.1" 200 5994
186.103.159.46 - - [02/Mar/2018:10:19:44 -0300] "GET /cormun/static/about:blank HTTP/1.1" 404 1011
186.103.159.46 - - [02/Mar/2018:10:19:46 -0300] "GET /cormun/servlet/solicitudotadjuntos?7f039c20466c91efbcbc463eee7aafc095a47fcdcd6515d40960bd47e218d9b5db18449a8a85424271f3fd1e9b65fdac,gx-no-cache=1519996737882 HTTP/1.1" 200 30
186.103.159.46 - - [02/Mar/2018:10:19:46 -0300] "GET /cormun/servlet/solicitudotadjuntos?INS,2018,9843,,1, HTTP/1.1" 200 5987
186.103.159.46 - - [02/Mar/2018:10:19:46 -0300] "POST /cormun/servlet/solicitudotadjuntos?7acd2dcdd00efe25ca2a737af88cbb05,INS,2018,9843,,1,,gx-no-cache=1519996738394 HTTP/1.1" 200 3821
191.126.135.18 - - [02/Mar/2018:10:19:47 -0300] "GET /cormun/servlet/trautorizarsolicitud? HTTP/1.1" 200 9553
191.126.135.18 - - [02/Mar/2018:10:19:48 -0300] "GET /cormun/servlet/trautorizarsolicitud? HTTP/1.1" 200 9553
186.103.159.46 - - [02/Mar/2018:10:19:50 -0300] "POST /cormun/servlet/solicitudotadjuntos?gx-no-cache=1519996742770 HTTP/1.1" 200 26
191.126.135.18 - - [02/Mar/2018:10:19:51 -0300] "POST /cormun/servlet/trautorizarsolicitud?90b2941a572f5aed7e0a359eb62898c5,,gx-no-cache=1519996743093 HTTP/1.1" 200 6283
191.126.135.18 - - [02/Mar/2018:10:19:52 -0300] "GET /cormun/static/Shared/jqueryui/images/ui-bg_highlight-soft_100_c6c2c8_1x100.png HTTP/1.1" 404 1117
191.126.135.18 - - [02/Mar/2018:10:19:52 -0300] "GET /cormun/static/Shared/jqueryui/images/ui-bg_flat_55_fafafa_40x100.png HTTP/1.1" 404 1097
191.126.135.18 - - [02/Mar/2018:10:19:52 -0300] "GET /cormun/static/Shared/jqueryui/images/ui-icons_8d78a5_256x240.png HTTP/1.1" 404 1089
191.126.135.18 - - [02/Mar/2018:10:19:52 -0300] "GET /cormun/static/Shared/jqueryui/images/ui-icons_82798d_256x240.png HTTP/1.1" 404 1089
191.126.135.18 - - [02/Mar/2018:10:19:52 -0300] "POST /cormun/servlet/trautorizarsolicitud?90b2941a572f5aed7e0a359eb62898c5,,gx-no-cache=1519996744141 HTTP/1.1" 200 6227
191.126.135.18 - - [02/Mar/2018:10:19:57 -0300] "POST /cormun/servlet/trautorizarsolicitud?90b2941a572f5aed7e0a359eb62898c5,,gx-no-cache=1519996748758 HTTP/1.1" 200 5823
191.126.135.18 - - [02/Mar/2018:10:19:58 -0300] "POST /cormun/servlet/trautorizarsolicitud?90b2941a572f5aed7e0a359eb62898c5,,gx-no-cache=1519996749950 HTTP/1.1" 200 5769
186.103.156.166 - - [02/Mar/2018:10:20:00 -0300] "GET /cormun/servlet/trsolicitudot? HTTP/1.1" 200 7403
186.103.159.46 - - [02/Mar/2018:10:20:00 -0300] "GET /cormun/servlet/solicitudotadjuntos?7f039c20466c91efbcbc463eee7aafc06cd44e3e42fc3ff3db2b4cc4be136eab,gx-no-cache=1519996752204 HTTP/1.1" 200 30
186.103.159.46 - - [02/Mar/2018:10:20:00 -0300] "GET /cormun/servlet/solicitudotadjuntos?7f039c20466c91efbcbc463eee7aafc06cd44e3e42fc3ff3db2b4cc4be136eab,gx-no-cache=1519996752284 HTTP/1.1" 200 30
191.126.135.18 - - [02/Mar/2018:10:20:00 -0300] "POST /cormun/servlet/trautorizarsolicitud?90b2941a572f5aed7e0a359eb62898c5,,gx-no-cache=1519996752011 HTTP/1.1" 200 4626
186.103.159.46 - - [02/Mar/2018:10:20:01 -0300] "POST /cormun/servlet/solicitudotadjuntos?7acd2dcdd00efe25ca2a737af88cbb05,INS,2018,9843,,1, HTTP/1.1" 200 116
186.103.156.166 - - [02/Mar/2018:10:20:01 -0300] "GET /cormun/servlet/trsolicitudot? HTTP/1.1" 200 7402
186.103.159.46 - - [02/Mar/2018:10:20:01 -0300] "GET /cormun/servlet/hpexe_return? HTTP/1.1" 200 1024
191.126.135.18 - - [02/Mar/2018:10:20:01 -0300] "POST /cormun/servlet/trautorizarsolicitud?90b2941a572f5aed7e0a359eb62898c5,,gx-no-cache=1519996753021 HTTP/1.1" 200 4392
186.103.159.46 - - [02/Mar/2018:10:20:02 -0300] "GET /cormun/servlet/trsolicitudadjuntos?2018,9843, HTTP/1.1" 200 8872
186.103.156.166 - - [02/Mar/2018:10:20:03 -0300] "GET /cormun/servlet/solicitudot?INS,0,0, HTTP/1.1" 200 13624
186.103.159.46 - - [02/Mar/2018:10:20:04 -0300] "GET /cormun/servlet/trsolicitudadjuntos?2018,9843, HTTP/1.1" 200 8870
186.103.156.166 - - [02/Mar/2018:10:20:05 -0300] "GET /cormun/servlet/solicitudot?INS,0,0, HTTP/1.1" 200 13628
191.126.135.18 - - [02/Mar/2018:10:20:06 -0300] "GET /cormun/servlet/trsolicitudot? HTTP/1.1" 200 23850
186.103.159.46 - - [02/Mar/2018:10:20:07 -0300] "GET /cormun/servlet/solicitudotadjuntos?INS,2018,9843,,1, HTTP/1.1" 200 5994
186.103.159.46 - - [02/Mar/2018:10:20:07 -0300] "GET /cormun/static/about:blank HTTP/1.1" 404 1011
186.103.159.46 - - [02/Mar/2018:10:20:09 -0300] "GET /cormun/servlet/solicitudotadjuntos?INS,2018,9843,,1, HTTP/1.1" 200 5987
186.103.159.46 - - [02/Mar/2018:10:20:09 -0300] "GET /cormun/servlet/solicitudotadjuntos?7f039c20466c91efbcbc463eee7aafc095a47fcdcd6515d40960bd47e218d9b5db18449a8a85424271f3fd1e9b65fdac,gx-no-cache=1519996761702 HTTP/1.1" 200 30
191.126.135.18 - - [02/Mar/2018:10:20:09 -0300] "GET /cormun/servlet/trsolicitudot? HTTP/1.1" 200 23850
186.103.159.46 - - [02/Mar/2018:10:20:10 -0300] "POST /cormun/servlet/solicitudotadjuntos?7acd2dcdd00efe25ca2a737af88cbb05,INS,2018,9843,,1,,gx-no-cache=1519996761797 HTTP/1.1" 200 3821
186.103.159.46 - - [02/Mar/2018:10:20:13 -0300] "POST /cormun/servlet/solicitudotadjuntos?gx-no-cache=1519996765204 HTTP/1.1" 200 26
186.103.159.46 - - [02/Mar/2018:10:20:15 -0300] "POST /cormun/servlet/solicitudotadjuntos?gx-no-cache=1519996767420 HTTP/1.1" 200 26
186.103.156.166 - - [02/Mar/2018:10:20:18 -0300] "POST /cormun/servlet/solicitudot?gx-no-cache=1519996774037 HTTP/1.1" 200 3293
186.103.156.166 - - [02/Mar/2018:10:20:19 -0300] "POST /cormun/servlet/solicitudot?d3832b4ec2daa522e814382dbfb20c87,INS,0,0,,gx-no-cache=1519996774679 HTTP/1.1" 200 10442
186.103.156.166 - - [02/Mar/2018:10:20:20 -0300] "GET /cormun/servlet/solicitudot?64594ff2d71746361e3b097cc088fa9f031001f75a6b466ba7b2297472241e9eba8422bfba09224e5ebd41d85e74f9c1,gx-no-cache=1519996776821 HTTP/1.1" 200 30
192.168.10.89 - - [02/Mar/2018:10:20:23 -0300] "GET /cormun/servlet/funcionariobloqueados?DLT,8891003, HTTP/1.1" 200 6256
192.168.10.89 - - [02/Mar/2018:10:20:24 -0300] "GET /cormun/static/Shared/jqueryui/images/ui-bg_flat_55_fafafa_40x100.png HTTP/1.1" 404 1097
192.168.10.89 - - [02/Mar/2018:10:20:24 -0300] "GET /cormun/static/Shared/jqueryui/images/ui-bg_highlight-soft_100_c6c2c8_1x100.png HTTP/1.1" 404 1117
192.168.10.89 - - [02/Mar/2018:10:20:24 -0300] "GET /cormun/static/Shared/jqueryui/images/ui-icons_8d78a5_256x240.png HTTP/1.1" 404 1089
192.168.10.89 - - [02/Mar/2018:10:20:24 -0300] "GET /cormun/static/Shared/jqueryui/images/ui-icons_82798d_256x240.png HTTP/1.1" 404 1089
192.168.10.89 - - [02/Mar/2018:10:20:26 -0300] "POST /cormun/servlet/funcionariobloqueados?0c6c72cd3d6e60f2c450813ba3c5d4a5,DLT,8891003,,gx-no-cache=1519996667060 HTTP/1.1" 200 93
192.168.10.89 - - [02/Mar/2018:10:20:26 -0300] "GET /cormun/servlet/hpexe_return? HTTP/1.1" 200 1021
186.103.156.166 - - [02/Mar/2018:10:20:26 -0300] "GET /cormun/servlet/trfichaempleado? HTTP/1.1" 200 11730
192.168.10.89 - - [02/Mar/2018:10:20:27 -0300] "GET /cormun/servlet/trfuncionariobloqueados HTTP/1.1" 200 10624
186.103.159.46 - - [02/Mar/2018:10:20:29 -0300] "GET /cormun/servlet/solicitudotadjuntos?7f039c20466c91efbcbc463eee7aafc06cd44e3e42fc3ff3db2b4cc4be136eab,gx-no-cache=1519996782054 HTTP/1.1" 200 30
186.103.159.46 - - [02/Mar/2018:10:20:30 -0300] "GET /cormun/servlet/solicitudotadjuntos?7f039c20466c91efbcbc463eee7aafc06cd44e3e42fc3ff3db2b4cc4be136eab,gx-no-cache=1519996782134 HTTP/1.1" 200 30
186.103.159.46 - - [02/Mar/2018:10:20:30 -0300] "POST /cormun/servlet/solicitudotadjuntos?7acd2dcdd00efe25ca2a737af88cbb05,INS,2018,9843,,1, HTTP/1.1" 200 116
186.103.159.46 - - [02/Mar/2018:10:20:30 -0300] "GET /cormun/servlet/hpexe_return? HTTP/1.1" 200 1024
186.103.159.46 - - [02/Mar/2018:10:20:31 -0300] "GET /cormun/servlet/trsolicitudadjuntos?2018,9843, HTTP/1.1" 200 9045
186.103.159.46 - - [02/Mar/2018:10:20:34 -0300] "GET /cormun/servlet/trsolicitudadjuntos?2018,9843, HTTP/1.1" 200 9043
186.103.159.46 - - [02/Mar/2018:10:20:38 -0300] "GET /cormun/servlet/solicitudotadjuntos?INS,2018,9843,,1, HTTP/1.1" 200 5994
186.103.159.46 - - [02/Mar/2018:10:20:38 -0300] "GET /cormun/static/about:blank HTTP/1.1" 404 1011
186.103.159.46 - - [02/Mar/2018:10:20:40 -0300] "GET /cormun/servlet/solicitudotadjuntos?INS,2018,9843,,1, HTTP/1.1" 200 5987
186.103.159.46 - - [02/Mar/2018:10:20:40 -0300] "GET /cormun/servlet/solicitudotadjuntos?7f039c20466c91efbcbc463eee7aafc095a47fcdcd6515d40960bd47e218d9b5db18449a8a85424271f3fd1e9b65fdac,gx-no-cache=1519996792550 HTTP/1.1" 200 30
186.103.159.46 - - [02/Mar/2018:10:20:41 -0300] "POST /cormun/servlet/solicitudotadjuntos?7acd2dcdd00efe25ca2a737af88cbb05,INS,2018,9843,,1,,gx-no-cache=1519996792655 HTTP/1.1" 200 3821
186.103.156.166 - - [02/Mar/2018:10:20:41 -0300] "GET /cormun/servlet/hlogin HTTP/1.1" 200 1747
186.103.159.46 - - [02/Mar/2018:10:20:45 -0300] "POST /cormun/servlet/solicitudotadjuntos?gx-no-cache=1519996797320 HTTP/1.1" 200 26
186.103.157.246 - - [02/Mar/2018:10:20:45 -0300] "GET /cormun/servlet/solicitudot?75c4ca4e64df05936561f123db3a5bd102607fa5bf1e6ab8e1131e5d760b65439d60af10a43cc79c26cc34c4059e2cf7,gx-no-cache=1519996798396 HTTP/1.1" 200 30
186.103.157.246 - - [02/Mar/2018:10:20:45 -0300] "GET /cormun/servlet/solicitudot?75c4ca4e64df05936561f123db3a5bd167b1bb518b8499889a8fc6723a3f3b8291de4b2717b73cb3f3c9371e7ea110955adea667538fe22475d078fd07691ee0,gx-no-cache=1519996798604 HTTP/1.1" 200 30
186.103.157.246 - - [02/Mar/2018:10:20:45 -0300] "GET /cormun/servlet/solicitudot?75c4ca4e64df05936561f123db3a5bd1a874810ead949b7c7ab633434a51d2d6,gx-no-cache=1519996798676 HTTP/1.1" 200 53
186.103.157.246 - - [02/Mar/2018:10:20:45 -0300] "POST /cormun/servlet/solicitudot?gx-no-cache=1519996798756 HTTP/1.1" 200 240
186.103.159.46 - - [02/Mar/2018:10:21:02 -0300] "GET /cormun/servlet/solicitudotadjuntos?7f039c20466c91efbcbc463eee7aafc06cd44e3e42fc3ff3db2b4cc4be136eab,gx-no-cache=1519996814125 HTTP/1.1" 200 30
186.103.159.46 - - [02/Mar/2018:10:21:02 -0300] "GET /cormun/servlet/solicitudotadjuntos?7f039c20466c91efbcbc463eee7aafc06cd44e3e42fc3ff3db2b4cc4be136eab,gx-no-cache=1519996814209 HTTP/1.1" 200 30
186.103.159.46 - - [02/Mar/2018:10:21:03 -0300] "POST /cormun/servlet/solicitudotadjuntos?7acd2dcdd00efe25ca2a737af88cbb05,INS,2018,9843,,1, HTTP/1.1" 200 116
186.103.159.46 - - [02/Mar/2018:10:21:03 -0300] "GET /cormun/servlet/hpexe_return? HTTP/1.1" 200 1024
186.103.159.46 - - [02/Mar/2018:10:21:04 -0300] "GET /cormun/servlet/trsolicitudadjuntos?2018,9843, HTTP/1.1" 200 9307
186.103.157.246 - - [02/Mar/2018:10:21:06 -0300] "GET /cormun/servlet/solicitudot?75c4ca4e64df05936561f123db3a5bd1c964df6027e0e59dbe221db9ee3fecb41b8659c3d4be580133ab2e9de593fc3af0ceb24601b63192f70d5c303d17c13c011c2d85aaa36d73112e1de2568175d5fbda1ec8e624559ba568f9f8e25f0a225869272c7964fadc6ec5216616971d181c30a23f632b54a5429dcbdab4816c9771618033070d405f08dff5a7ca029d4313ed797e256d72034a1e8a990e56817e6943f6ca950259191b0d1d9c5913fa6ed141bf5778a10f36e63aeceab2e61e28ea9a10829fc89ee44c5ddb7d4ce2367853647464c1959615746e7e41084bc3673bfec35629d878ce4f10e52b57f9cb00916d0d3d30e94e2829fdda1b9dc224d98d619ac70c60070c976b1361c1a934fa4f5142b7d0bbba0d7473293b6bc325bd8c2c864df1e091ff3626a8853b8388c95059e2557827b351cd134cebb78e7b23e32782dddaec70e0fca74806791bc243d6cd02982a8f521f912e6e80f794c9d69af2a8905381ea7f7fb53d3f0ba5be7cb8615314735cf530f6eb7685f30058c0,gx-no-cache=1519996798864 HTTP/1.1" 200 30
186.103.157.246 - - [02/Mar/2018:10:21:06 -0300] "POST /cormun/servlet/solicitudot?gx-no-cache=1519996819543 HTTP/1.1" 200 30
186.103.157.246 - - [02/Mar/2018:10:21:06 -0300] "POST /cormun/servlet/solicitudot?gx-no-cache=1519996820077 HTTP/1.1" 200 1337
186.103.159.46 - - [02/Mar/2018:10:21:07 -0300] "GET /cormun/servlet/trsolicitudadjuntos?2018,9843, HTTP/1.1" 200 9305
186.103.157.246 - - [02/Mar/2018:10:21:07 -0300] "POST /cormun/servlet/solicitudot?gx-no-cache=1519996820319 HTTP/1.1" 200 38
186.103.159.46 - - [02/Mar/2018:10:21:11 -0300] "GET /cormun/servlet/solicitudotadjuntos?INS,2018,9843,,1, HTTP/1.1" 200 5994
186.103.159.46 - - [02/Mar/2018:10:21:11 -0300] "GET /cormun/static/about:blank HTTP/1.1" 404 1011
186.103.159.46 - - [02/Mar/2018:10:21:13 -0300] "GET /cormun/servlet/solicitudotadjuntos?INS,2018,9843,,1, HTTP/1.1" 200 5987
186.103.159.46 - - [02/Mar/2018:10:21:13 -0300] "GET /cormun/servlet/solicitudotadjuntos?7f039c20466c91efbcbc463eee7aafc095a47fcdcd6515d40960bd47e218d9b5db18449a8a85424271f3fd1e9b65fdac,gx-no-cache=1519996825665 HTTP/1.1" 200 30
186.103.159.46 - - [02/Mar/2018:10:21:14 -0300] "POST /cormun/servlet/solicitudotadjuntos?7acd2dcdd00efe25ca2a737af88cbb05,INS,2018,9843,,1,,gx-no-cache=1519996825780 HTTP/1.1" 200 3821
186.103.159.46 - - [02/Mar/2018:10:21:18 -0300] "POST /cormun/servlet/solicitudotadjuntos?gx-no-cache=1519996830862 HTTP/1.1" 200 26
186.103.159.46 - - [02/Mar/2018:10:21:25 -0300] "GET /cormun/servlet/solicitudotadjuntos?7f039c20466c91efbcbc463eee7aafc06cd44e3e42fc3ff3db2b4cc4be136eab,gx-no-cache=1519996838050 HTTP/1.1" 200 30
186.103.159.46 - - [02/Mar/2018:10:21:26 -0300] "GET /cormun/servlet/solicitudotadjuntos?7f039c20466c91efbcbc463eee7aafc06cd44e3e42fc3ff3db2b4cc4be136eab,gx-no-cache=1519996838142 HTTP/1.1" 200 30
186.103.159.46 - - [02/Mar/2018:10:21:29 -0300] "POST /cormun/servlet/solicitudotadjuntos?7acd2dcdd00efe25ca2a737af88cbb05,INS,2018,9843,,1, HTTP/1.1" 200 116
186.103.159.46 - - [02/Mar/2018:10:21:29 -0300] "GET /cormun/servlet/hpexe_return? HTTP/1.1" 200 1024
186.103.159.46 - - [02/Mar/2018:10:21:31 -0300] "GET /cormun/servlet/trsolicitudadjuntos?2018,9843, HTTP/1.1" 200 9566
186.103.159.46 - - [02/Mar/2018:10:21:34 -0300] "GET /cormun/servlet/trsolicitudadjuntos?2018,9843, HTTP/1.1" 200 9568
186.103.159.46 - - [02/Mar/2018:10:21:38 -0300] "GET /cormun/servlet/trsolicitudot? HTTP/1.1" 200 9001
186.103.159.46 - - [02/Mar/2018:10:21:40 -0300] "GET /cormun/servlet/trsolicitudot? HTTP/1.1" 200 8994
186.103.132.155 - - [02/Mar/2018:10:21:40 -0300] "GET /cormun/servlet/solicitudot?98cbf4dfaf590d2a14aedcda1afd2c47c4fd15f520565740493da5661d39d5d684f230c134a85edef6888b4b3dbbb5d74b243b694e38355e15111d22d744931e8603f4747f83f3ccaae98fdc92e4981e2eaf74002ee1e532a5f4cd4645976436bf9d3a1693d0c764e290a10ca1b005ba,gx-no-cache=1519996847240 HTTP/1.1" 200 29
186.103.132.155 - - [02/Mar/2018:10:21:41 -0300] "POST /cormun/servlet/solicitudot?gx-no-cache=1519996847702 HTTP/1.1" 200 1318
186.103.132.155 - - [02/Mar/2018:10:21:41 -0300] "POST /cormun/servlet/solicitudot?gx-no-cache=1519996848287 HTTP/1.1" 200 1215
186.103.159.46 - - [02/Mar/2018:10:21:58 -0300] "POST /cormun/servlet/trsolicitudot?7acd2dcdd00efe25ca2a737af88cbb05,,gx-no-cache=1519996870543 HTTP/1.1" 200 106
186.103.159.46 - - [02/Mar/2018:10:21:59 -0300] "GET /cormun/servlet/trsolicitudadjuntos?2018,9841, HTTP/1.1" 200 8417
186.103.159.46 - - [02/Mar/2018:10:22:01 -0300] "GET /cormun/servlet/trsolicitudadjuntos?2018,9841, HTTP/1.1" 200 8417
186.103.159.46 - - [02/Mar/2018:10:22:03 -0300] "GET /cormun/servlet/solicitudotadjuntos?INS,2018,9841,,1, HTTP/1.1" 200 5996
186.103.159.46 - - [02/Mar/2018:10:22:04 -0300] "GET /cormun/static/about:blank HTTP/1.1" 404 1011
186.103.159.46 - - [02/Mar/2018:10:22:05 -0300] "GET /cormun/servlet/solicitudotadjuntos?INS,2018,9841,,1, HTTP/1.1" 200 5990
186.103.159.46 - - [02/Mar/2018:10:22:05 -0300] "GET /cormun/servlet/solicitudotadjuntos?7f039c20466c91efbcbc463eee7aafc0de2747d574a8e79322591e68585bdec19b5569a57d842794daa46f1daf58cc15,gx-no-cache=1519996877675 HTTP/1.1" 200 30
186.103.159.46 - - [02/Mar/2018:10:22:06 -0300] "POST /cormun/servlet/solicitudotadjuntos?7acd2dcdd00efe25ca2a737af88cbb05,INS,2018,9841,,1,,gx-no-cache=1519996877769 HTTP/1.1" 200 3791
186.103.159.46 - - [02/Mar/2018:10:22:15 -0300] "POST /cormun/servlet/solicitudotadjuntos?gx-no-cache=1519996887437 HTTP/1.1" 200 26
190.151.100.218 - - [02/Mar/2018:10:22:24 -0300] "GET /cormun/static/menuarrow.gif HTTP/1.1" 404 1015
190.151.100.218 - - [02/Mar/2018:10:22:28 -0300] "GET /cormun/servlet/solicitudot?98cbf4dfaf590d2a14aedcda1afd2c47b6ce874681b74195a50543c00084cf54eaeee6490a369c437f79cb367523cb57,gx-no-cache=1519996894642 HTTP/1.1" 200 30
190.151.100.218 - - [02/Mar/2018:10:22:39 -0300] "POST /cormun/servlet/solicitudot?gx-no-cache=1519996906156 HTTP/1.1" 200 30
192.168.10.96 - - [02/Mar/2018:10:22:57 -0300] "POST /cormun/servlet/trsolicitudgral?1d4ff14942b899bacd8d75544af79f57,,gx-no-cache=1519996815633 HTTP/1.1" 200 24720
192.168.10.96 - - [02/Mar/2018:10:23:06 -0300] "POST /cormun/servlet/trsolicitudgral?1d4ff14942b899bacd8d75544af79f57,,gx-no-cache=1519996826817 HTTP/1.1" 200 9215
186.103.159.46 - - [02/Mar/2018:10:23:12 -0300] "GET /cormun/servlet/solicitudotadjuntos?7f039c20466c91efbcbc463eee7aafc06cd44e3e42fc3ff3db2b4cc4be136eab,gx-no-cache=1519996944632 HTTP/1.1" 200 30
186.103.159.46 - - [02/Mar/2018:10:23:12 -0300] "GET /cormun/servlet/solicitudotadjuntos?7f039c20466c91efbcbc463eee7aafc06cd44e3e42fc3ff3db2b4cc4be136eab,gx-no-cache=1519996944756 HTTP/1.1" 200 30
186.103.159.46 - - [02/Mar/2018:10:23:15 -0300] "POST /cormun/servlet/solicitudotadjuntos?7acd2dcdd00efe25ca2a737af88cbb05,INS,2018,9841,,1, HTTP/1.1" 200 116
186.103.159.46 - - [02/Mar/2018:10:23:15 -0300] "GET /cormun/servlet/hpexe_return? HTTP/1.1" 200 1024
192.168.10.96 - - [02/Mar/2018:10:23:15 -0300] "GET /cormun/servlet/vesolicitudgral?2018,9549,, HTTP/1.1" 200 9272
192.168.10.96 - - [02/Mar/2018:10:23:15 -0300] "GET /cormun/pexe_scrolldiv.js HTTP/1.1" 404 1009
192.168.10.96 - - [02/Mar/2018:10:23:15 -0300] "GET /cormun/pexe_scrolldiv.js HTTP/1.1" 404 1009
186.103.159.46 - - [02/Mar/2018:10:23:16 -0300] "GET /cormun/servlet/trsolicitudadjuntos?2018,9841, HTTP/1.1" 200 8695
192.168.10.96 - - [02/Mar/2018:10:23:16 -0300] "GET /cormun/servlet/vesolicitudgral?2018,9549,, HTTP/1.1" 200 9272
186.103.159.46 - - [02/Mar/2018:10:23:19 -0300] "GET /cormun/servlet/trsolicitudadjuntos?2018,9841, HTTP/1.1" 200 8693
192.168.10.96 - - [02/Mar/2018:10:23:20 -0300] "GET /cormun/servlet/vesolicitudgral?2018,9549,,SolicitudOTAdjuntos HTTP/1.1" 200 11269
192.168.10.96 - - [02/Mar/2018:10:23:20 -0300] "GET /cormun/pexe_scrolldiv.js HTTP/1.1" 404 1009
192.168.10.96 - - [02/Mar/2018:10:23:20 -0300] "GET /cormun/pexe_scrolldiv.js HTTP/1.1" 404 1009
192.168.10.96 - - [02/Mar/2018:10:23:22 -0300] "POST /cormun/servlet/acontrolpreferencessavestate?None,DZAMUDIO,true HTTP/1.1" 200 35
192.168.10.96 - - [02/Mar/2018:10:23:24 -0300] "GET /cormun/PublicTempStorage/afp._n._bobadilla8351541.pdf HTTP/1.1" 200 431739
192.168.10.96 - - [02/Mar/2018:10:23:24 -0300] "GET /cormun/servlet/vesolicitudgral?2018,9549,,SolicitudOTAdjuntos HTTP/1.1" 200 11274
186.103.159.46 - - [02/Mar/2018:10:23:25 -0300] "GET /cormun/servlet/solicitudotadjuntos?INS,2018,9841,,1, HTTP/1.1" 200 5997
186.103.159.46 - - [02/Mar/2018:10:23:26 -0300] "GET /cormun/static/about:blank HTTP/1.1" 404 1011
186.103.159.46 - - [02/Mar/2018:10:23:28 -0300] "GET /cormun/servlet/solicitudotadjuntos?INS,2018,9841,,1, HTTP/1.1" 200 5990
186.103.159.46 - - [02/Mar/2018:10:23:29 -0300] "GET /cormun/servlet/solicitudotadjuntos?7f039c20466c91efbcbc463eee7aafc0de2747d574a8e79322591e68585bdec19b5569a57d842794daa46f1daf58cc15,gx-no-cache=1519996961090 HTTP/1.1" 200 30
186.103.159.46 - - [02/Mar/2018:10:23:29 -0300] "POST /cormun/servlet/solicitudotadjuntos?7acd2dcdd00efe25ca2a737af88cbb05,INS,2018,9841,,1,,gx-no-cache=1519996961209 HTTP/1.1" 200 3791
186.103.159.46 - - [02/Mar/2018:10:23:38 -0300] "POST /cormun/servlet/solicitudotadjuntos?gx-no-cache=1519996970579 HTTP/1.1" 200 26
200.72.197.82 - - [02/Mar/2018:10:23:40 -0300] "POST /cormun/servlet/solicitudot?28979128ae1404027bcaa7ad2c6380d4,INS,0,0,,gx-no-cache=1519996966353 HTTP/1.1" 200 93
200.72.197.82 - - [02/Mar/2018:10:23:41 -0300] "GET /cormun/servlet/hpexe_return? HTTP/1.1" 200 1009
200.72.197.82 - - [02/Mar/2018:10:23:44 -0300] "GET /cormun/servlet/trsolicitudot HTTP/1.1" 200 8777
192.168.10.96 - - [02/Mar/2018:10:23:45 -0300] "GET /cormun/servlet/vesolicitudgral?2018,9549,,SolicitudOTAdjuntos HTTP/1.1" 200 11274
192.168.10.96 - - [02/Mar/2018:10:23:46 -0300] "POST /cormun/servlet/acontrolpreferencessavestate?None,DZAMUDIO,true HTTP/1.1" 200 35
192.168.10.96 - - [02/Mar/2018:10:23:47 -0300] "GET /cormun/servlet/vesolicitudgral?2018,9549,,SolicitudOTAdjuntos HTTP/1.1" 200 11274
192.168.10.96 - - [02/Mar/2018:10:23:48 -0300] "GET /cormun/PublicTempStorage/fonasa_n._bobadilla4634797.jpg HTTP/1.1" 200 2734686
200.72.197.82 - - [02/Mar/2018:10:23:52 -0300] "GET /cormun/servlet/trsolicitudot HTTP/1.1" 200 8773
192.168.10.96 - - [02/Mar/2018:10:24:06 -0300] "GET /cormun/servlet/vesolicitudgral?2018,9549,,SolicitudOTAdjuntos HTTP/1.1" 200 11270
192.168.10.96 - - [02/Mar/2018:10:24:08 -0300] "POST /cormun/servlet/acontrolpreferencessavestate?None,DZAMUDIO,true HTTP/1.1" 200 35
192.168.10.96 - - [02/Mar/2018:10:24:08 -0300] "GET /cormun/PublicTempStorage/c._ant._n._bobadilla_%282%294913249.jpg HTTP/1.1" 200 2786345
192.168.10.96 - - [02/Mar/2018:10:24:09 -0300] "GET /cormun/servlet/vesolicitudgral?2018,9549,,SolicitudOTAdjuntos HTTP/1.1" 200 11272
192.168.10.96 - - [02/Mar/2018:10:24:16 -0300] "GET /cormun/servlet/vesolicitudgral?2018,9549,,SolicitudOTAdjuntos HTTP/1.1" 200 11272
192.168.10.96 - - [02/Mar/2018:10:24:18 -0300] "POST /cormun/servlet/acontrolpreferencessavestate?None,DZAMUDIO,true HTTP/1.1" 200 35
192.168.10.96 - - [02/Mar/2018:10:24:19 -0300] "GET /cormun/servlet/vesolicitudgral?2018,9549,,SolicitudOTAdjuntos HTTP/1.1" 200 11274
192.168.10.96 - - [02/Mar/2018:10:24:20 -0300] "GET /cormun/PublicTempStorage/curri_n._bobadilla1471020.pdf HTTP/1.1" 200 344506
186.103.156.166 - - [02/Mar/2018:10:24:20 -0300] "GET /cormun/servlet/trfichaempleado HTTP/1.1" 200 8076
192.168.10.96 - - [02/Mar/2018:10:24:28 -0300] "GET /cormun/servlet/vesolicitudgral?2018,9549,,SolicitudOTAdjuntos HTTP/1.1" 200 11272
186.103.159.182 - - [02/Mar/2018:10:24:29 -0300] "POST /cormun/servlet/trcontratosolicitud?986c602e7476ffde58fb40ed2922a165,,gx-no-cache=1519997022259 HTTP/1.1" 440 972
192.168.10.96 - - [02/Mar/2018:10:24:30 -0300] "POST /cormun/servlet/acontrolpreferencessavestate?None,DZAMUDIO,true HTTP/1.1" 200 35
192.168.10.96 - - [02/Mar/2018:10:24:30 -0300] "GET /cormun/PublicTempStorage/tit._n._bobadilla7401706.jpg HTTP/1.1" 200 2984828
192.168.10.96 - - [02/Mar/2018:10:24:31 -0300] "GET /cormun/servlet/vesolicitudgral?2018,9549,,SolicitudOTAdjuntos HTTP/1.1" 200 11274
186.103.159.182 - - [02/Mar/2018:10:24:31 -0300] "GET /cormun/servlet/trcontratosolicitud? HTTP/1.1" 200 5736
186.103.159.182 - - [02/Mar/2018:10:24:33 -0300] "GET /cormun/servlet/hlogin HTTP/1.1" 200 1747
186.103.159.182 - - [02/Mar/2018:10:24:33 -0300] "GET /cormun/servlet/trcontratosolicitud? HTTP/1.1" 200 5736
186.103.159.182 - - [02/Mar/2018:10:24:35 -0300] "POST /cormun/servlet/hlogin?852ac5cfe8fd3997708860764817f70e,gx-no-cache=1519997029012 HTTP/1.1" 200 90
186.103.159.182 - - [02/Mar/2018:10:24:35 -0300] "GET /cormun/servlet/hpexe_link HTTP/1.1" 200 964
186.103.159.182 - - [02/Mar/2018:10:24:39 -0300] "GET /cormun/servlet/trcontratosolicitud HTTP/1.1" 200 14779
192.168.10.96 - - [02/Mar/2018:10:24:40 -0300] "GET /cormun/servlet/vesolicitudgral?2018,9549,,SolicitudOTAdjuntos HTTP/1.1" 200 11272
