191.126.135.18 - - [02/Mar/2018:11:22:03 -0300] "GET /cormun/static/Shared/jqueryui/images/ui-icons_8d78a5_256x240.png HTTP/1.1" 404 1089
191.126.135.18 - - [02/Mar/2018:11:22:03 -0300] "GET /cormun/static/Shared/jqueryui/images/ui-bg_flat_55_fafafa_40x100.png HTTP/1.1" 404 1097
186.67.172.234 - - [02/Mar/2018:11:22:04 -0300] "GET /cormun/static/gxui/gxui-all.css?110300 HTTP/1.1" 200 2179
186.67.172.234 - - [02/Mar/2018:11:22:04 -0300] "GET /cormun/static/calendar-system.css?75620 HTTP/1.1" 200 5572
186.67.172.234 - - [02/Mar/2018:11:22:04 -0300] "GET /cormun/static/gxcfg.js?20177612135366 HTTP/1.1" 200 953
186.67.172.234 - - [02/Mar/2018:11:22:04 -0300] "GET /cormun/static/trsolicitudadjuntos.js?20177612135632 HTTP/1.1" 200 17922
186.67.172.234 - - [02/Mar/2018:11:22:04 -0300] "GET /cormun/static/Shared/ext/resources/css/ext-all.css?205870 HTTP/1.1" 200 416045
186.67.172.234 - - [02/Mar/2018:11:22:05 -0300] "GET /cormun/servlet/trsolicitudadjuntos?2018,9853, HTTP/1.1" 200 6323
186.103.159.46 - - [02/Mar/2018:11:22:05 -0300] "POST /cormun/servlet/trautorizarsolicitud?79c8b3591cc50f420e68ba80c1afd506,,gx-no-cache=1520000476694 HTTP/1.1" 200 10430
186.103.159.46 - - [02/Mar/2018:11:22:06 -0300] "POST /cormun/servlet/trautorizarsolicitud?79c8b3591cc50f420e68ba80c1afd506,,gx-no-cache=1520000477752 HTTP/1.1" 200 10375
186.67.172.234 - - [02/Mar/2018:11:22:10 -0300] "GET /cormun/servlet/solicitudotadjuntos?INS,2018,9853,,1, HTTP/1.1" 200 6265
186.67.172.234 - - [02/Mar/2018:11:22:10 -0300] "GET /cormun/static/gxcfg.js?2017761244068 HTTP/1.1" 200 953
186.67.172.234 - - [02/Mar/2018:11:22:10 -0300] "GET /cormun/static/solicitudotadjuntos.js?2017761244086 HTTP/1.1" 200 11771
186.67.172.234 - - [02/Mar/2018:11:22:10 -0300] "GET /cormun/static/about:blank HTTP/1.1" 404 1011
191.126.135.18 - - [02/Mar/2018:11:22:10 -0300] "GET /cormun/servlet/trautorizarsolicitud? HTTP/1.1" 200 24988
186.67.172.234 - - [02/Mar/2018:11:22:10 -0300] "GET /cormun/servlet/solicitudotadjuntos?INS,2018,9853,,1, HTTP/1.1" 200 6259
186.67.172.234 - - [02/Mar/2018:11:22:11 -0300] "GET /cormun/servlet/solicitudotadjuntos?eddcb122a7263aec1b155afe36dd595e2e6e07214c7c3b1ac204c2c0ecb345262d93d145a1f6fcb8c343c9a77fbf18f6,gx-no-cache=1520000435696 HTTP/1.1" 200 30
186.67.172.234 - - [02/Mar/2018:11:22:11 -0300] "POST /cormun/servlet/solicitudotadjuntos?8db89f84cb72e9d4d0c5d05e34b2681b,INS,2018,9853,,1,,gx-no-cache=1520000435773 HTTP/1.1" 200 3981
191.126.135.18 - - [02/Mar/2018:11:22:11 -0300] "GET /cormun/servlet/trautorizarsolicitud? HTTP/1.1" 200 24988
186.67.172.234 - - [02/Mar/2018:11:22:17 -0300] "POST /cormun/servlet/trsolicitudot?083fa0214ccb455d9b57688f1922b7c4,,gx-no-cache=1520000487016 HTTP/1.1" 200 7842
186.67.172.234 - - [02/Mar/2018:11:22:17 -0300] "POST /cormun/servlet/solicitudotadjuntos?gx-no-cache=1520000441510 HTTP/1.1" 200 26
186.103.159.46 - - [02/Mar/2018:11:22:18 -0300] "POST /cormun/servlet/trautorizarsolicitud?79c8b3591cc50f420e68ba80c1afd506,,gx-no-cache=1520000489055 HTTP/1.1" 200 10064
186.103.159.46 - - [02/Mar/2018:11:22:19 -0300] "POST /cormun/servlet/trautorizarsolicitud?79c8b3591cc50f420e68ba80c1afd506,,gx-no-cache=1520000490060 HTTP/1.1" 200 10009
191.126.135.18 - - [02/Mar/2018:11:22:22 -0300] "POST /cormun/servlet/trautorizarsolicitud?b3837bfe18221220b680a613c25e08fa,,gx-no-cache=1520000493134 HTTP/1.1" 200 22043
191.126.135.18 - - [02/Mar/2018:11:22:23 -0300] "GET /cormun/static/Shared/jqueryui/images/ui-bg_highlight-soft_100_c6c2c8_1x100.png HTTP/1.1" 404 1117
191.126.135.18 - - [02/Mar/2018:11:22:23 -0300] "GET /cormun/static/Shared/jqueryui/images/ui-icons_82798d_256x240.png HTTP/1.1" 404 1089
191.126.135.18 - - [02/Mar/2018:11:22:23 -0300] "GET /cormun/static/Shared/jqueryui/images/ui-bg_flat_55_fafafa_40x100.png HTTP/1.1" 404 1097
191.126.135.18 - - [02/Mar/2018:11:22:23 -0300] "GET /cormun/static/Shared/jqueryui/images/ui-icons_8d78a5_256x240.png HTTP/1.1" 404 1089
191.126.135.18 - - [02/Mar/2018:11:22:27 -0300] "POST /cormun/servlet/trautorizarsolicitud?b3837bfe18221220b680a613c25e08fa,,gx-no-cache=1520000497709 HTTP/1.1" 200 22044
186.103.159.46 - - [02/Mar/2018:11:22:30 -0300] "POST /cormun/servlet/trautorizarsolicitud?79c8b3591cc50f420e68ba80c1afd506,,gx-no-cache=1520000501334 HTTP/1.1" 200 9598
186.103.159.46 - - [02/Mar/2018:11:22:31 -0300] "POST /cormun/servlet/trautorizarsolicitud?79c8b3591cc50f420e68ba80c1afd506,,gx-no-cache=1520000502369 HTTP/1.1" 200 9541
186.103.159.46 - - [02/Mar/2018:11:22:40 -0300] "POST /cormun/servlet/trautorizarsolicitud?79c8b3591cc50f420e68ba80c1afd506,,gx-no-cache=1520000511256 HTTP/1.1" 200 9213
191.126.135.18 - - [02/Mar/2018:11:22:40 -0300] "POST /cormun/servlet/trautorizarsolicitud?b3837bfe18221220b680a613c25e08fa,,gx-no-cache=1520000510179 HTTP/1.1" 200 22046
186.103.159.46 - - [02/Mar/2018:11:22:41 -0300] "POST /cormun/servlet/trautorizarsolicitud?79c8b3591cc50f420e68ba80c1afd506,,gx-no-cache=1520000512475 HTTP/1.1" 200 9156
186.67.172.234 - - [02/Mar/2018:11:22:45 -0300] "POST /cormun/servlet/trsolicitudot?083fa0214ccb455d9b57688f1922b7c4,,gx-no-cache=1520000515079 HTTP/1.1" 200 24362
186.103.159.46 - - [02/Mar/2018:11:23:12 -0300] "POST /cormun/servlet/trautorizarsolicitud?79c8b3591cc50f420e68ba80c1afd506,,gx-no-cache=1520000543425 HTTP/1.1" 200 8763
186.103.159.46 - - [02/Mar/2018:11:23:13 -0300] "POST /cormun/servlet/trautorizarsolicitud?79c8b3591cc50f420e68ba80c1afd506,,gx-no-cache=1520000544376 HTTP/1.1" 200 8707
186.103.159.46 - - [02/Mar/2018:11:23:21 -0300] "POST /cormun/servlet/trautorizarsolicitud?79c8b3591cc50f420e68ba80c1afd506,,gx-no-cache=1520000551813 HTTP/1.1" 200 8393
186.103.159.46 - - [02/Mar/2018:11:23:22 -0300] "POST /cormun/servlet/trautorizarsolicitud?79c8b3591cc50f420e68ba80c1afd506,,gx-no-cache=1520000553313 HTTP/1.1" 200 8337
186.103.159.46 - - [02/Mar/2018:11:23:32 -0300] "POST /cormun/servlet/trautorizarsolicitud?79c8b3591cc50f420e68ba80c1afd506,,gx-no-cache=1520000563166 HTTP/1.1" 200 7956
186.103.159.46 - - [02/Mar/2018:11:23:32 -0300] "POST /cormun/servlet/trautorizarsolicitud?79c8b3591cc50f420e68ba80c1afd506,,gx-no-cache=1520000564092 HTTP/1.1" 200 7900
200.112.3.74 - - [02/Mar/2018:11:23:37 -0300] "POST /cormun/servlet/hlogin?fc5b7c48ae82abfe42901306d7906d88,gx-no-cache=1520000570060 HTTP/1.1" 440 972
200.112.3.74 - - [02/Mar/2018:11:23:38 -0300] "GET /cormun/servlet/hlogin HTTP/1.1" 200 1716
186.103.159.46 - - [02/Mar/2018:11:23:40 -0300] "POST /cormun/servlet/trautorizarsolicitud?79c8b3591cc50f420e68ba80c1afd506,,gx-no-cache=1520000571715 HTTP/1.1" 200 7539
200.112.3.74 - - [02/Mar/2018:11:23:41 -0300] "POST /cormun/servlet/hlogin?c1e80ee34a237310212969a688f35c23,gx-no-cache=1520000573731 HTTP/1.1" 200 90
200.112.3.74 - - [02/Mar/2018:11:23:41 -0300] "GET /cormun/servlet/hpexe_link HTTP/1.1" 200 937
200.112.3.74 - - [02/Mar/2018:11:23:41 -0300] "GET /cormun/servlet/hhome HTTP/1.1" 200 3976
186.103.159.46 - - [02/Mar/2018:11:23:41 -0300] "POST /cormun/servlet/trautorizarsolicitud?79c8b3591cc50f420e68ba80c1afd506,,gx-no-cache=1520000572595 HTTP/1.1" 200 7485
200.112.3.74 - - [02/Mar/2018:11:23:42 -0300] "GET /cormun/servlet/hhome HTTP/1.1" 200 3971
200.112.3.74 - - [02/Mar/2018:11:23:46 -0300] "GET /cormun/servlet/trsolicitudot? HTTP/1.1" 200 7190
200.112.3.74 - - [02/Mar/2018:11:23:46 -0300] "GET /cormun/servlet/trsolicitudot? HTTP/1.1" 200 7189
186.103.159.46 - - [02/Mar/2018:11:23:51 -0300] "POST /cormun/servlet/trautorizarsolicitud?79c8b3591cc50f420e68ba80c1afd506,,gx-no-cache=1520000582676 HTTP/1.1" 200 7154
186.103.159.46 - - [02/Mar/2018:11:23:52 -0300] "POST /cormun/servlet/trautorizarsolicitud?79c8b3591cc50f420e68ba80c1afd506,,gx-no-cache=1520000583507 HTTP/1.1" 200 7098
186.103.159.46 - - [02/Mar/2018:11:23:58 -0300] "POST /cormun/servlet/trautorizarsolicitud?79c8b3591cc50f420e68ba80c1afd506,,gx-no-cache=1520000589756 HTTP/1.1" 200 6759
186.103.159.46 - - [02/Mar/2018:11:23:59 -0300] "POST /cormun/servlet/trautorizarsolicitud?79c8b3591cc50f420e68ba80c1afd506,,gx-no-cache=1520000590552 HTTP/1.1" 200 6705
186.103.159.46 - - [02/Mar/2018:11:24:13 -0300] "POST /cormun/servlet/trautorizarsolicitud?79c8b3591cc50f420e68ba80c1afd506,,gx-no-cache=1520000604661 HTTP/1.1" 200 6306
186.103.159.46 - - [02/Mar/2018:11:24:14 -0300] "POST /cormun/servlet/trautorizarsolicitud?79c8b3591cc50f420e68ba80c1afd506,,gx-no-cache=1520000605359 HTTP/1.1" 200 6249
186.103.159.46 - - [02/Mar/2018:11:24:23 -0300] "POST /cormun/servlet/trautorizarsolicitud?79c8b3591cc50f420e68ba80c1afd506,,gx-no-cache=1520000614955 HTTP/1.1" 200 5827
186.103.159.46 - - [02/Mar/2018:11:24:24 -0300] "POST /cormun/servlet/trautorizarsolicitud?79c8b3591cc50f420e68ba80c1afd506,,gx-no-cache=1520000615517 HTTP/1.1" 200 5773
192.168.10.89 - - [02/Mar/2018:11:24:25 -0300] "POST /cormun/servlet/trsolicitudgral?696ccc6fe12cc70b501325ad69b83072,,gx-no-cache=1520000505741 HTTP/1.1" 200 7366
192.168.10.89 - - [02/Mar/2018:11:24:28 -0300] "GET /cormun/servlet/solicitudgral3?UPD,2018,9753, HTTP/1.1" 200 14089
192.168.10.89 - - [02/Mar/2018:11:24:28 -0300] "GET /cormun/static/gxcfg.js?20181911363991 HTTP/1.1" 200 953
192.168.10.89 - - [02/Mar/2018:11:24:28 -0300] "GET /cormun/static/solicitudgral3.js?20181911364079 HTTP/1.1" 200 45896
192.168.10.89 - - [02/Mar/2018:11:24:29 -0300] "POST /cormun/servlet/solicitudgral3?gx-no-cache=1520000510571 HTTP/1.1" 200 4032
192.168.10.89 - - [02/Mar/2018:11:24:30 -0300] "GET /cormun/servlet/solicitudgral3?d5145020b38edca7c356ec7e77564ff02175680f986ab2ff57268f1093d04a15e0d39824938f22346101183fe5ff55192514472e47a7ceada01c9475a4fb0b43caadd985d7b0edd90151f9871cefb1c195d8b58a93e138eb3fd4148e19678438c6073df9645f7d58d9884849bf962f879f9c48aa063e75240c75d9a7616cfbb9b540809cdf9a9b5280a3de3457bba8a2f2edb18ac47b649d1170c1c1a1c771b7482294b372867a61e070499a9f3b905ab5000c8d8c8be66e98632ef2dcbe5f7959a65ad4e39116863915d85492321ede38f0ae3fc0527bba1f817d41550058bca3d56081e6a3dfa9f4c7608c66c4ed6b7d0e973f517e522ed071142bef43515a476025dc3a9c0fd71fb2c08b5029549ed83fc3df272a7dd537d1ea067a220006f045f763d81cb0627ccfd3bba9d5a56205b443eebbaa917c42810086e2e3d2203a2ce73f51df5320f5f031a1650976cd,gx-no-cache=1520000510783 HTTP/1.1" 200 297
192.168.10.89 - - [02/Mar/2018:11:24:30 -0300] "POST /cormun/servlet/solicitudgral3?gx-no-cache=1520000510810 HTTP/1.1" 200 1402
192.168.10.89 - - [02/Mar/2018:11:24:30 -0300] "GET /cormun/servlet/solicitudgral3?d5145020b38edca7c356ec7e77564ff0ccb04ac44a6138f26265fd554a15e31de8f88283788f4fced3040f7efe0f43618893517d80b4f5c21ebad80dea849c8496e2fe2914316d87e720a61d474ec7c6f17cf6af043dcb177bfac6deb038fa50707d28005977a1f2f90efdceb31d2ceca71f3ba0e7e2f364172f70b85cfb2c15,gx-no-cache=1520000510912 HTTP/1.1" 200 41
186.103.159.46 - - [02/Mar/2018:11:24:36 -0300] "POST /cormun/servlet/trautorizarsolicitud?79c8b3591cc50f420e68ba80c1afd506,,gx-no-cache=1520000627308 HTTP/1.1" 200 4626
186.103.159.46 - - [02/Mar/2018:11:24:36 -0300] "POST /cormun/servlet/trautorizarsolicitud?79c8b3591cc50f420e68ba80c1afd506,,gx-no-cache=1520000627778 HTTP/1.1" 200 4374
191.126.135.18 - - [02/Mar/2018:11:24:38 -0300] "GET /cormun/servlet/trsolicitudot? HTTP/1.1" 200 7470
191.126.135.18 - - [02/Mar/2018:11:24:38 -0300] "GET /cormun/static/gxcfg.js?2017111422585916 HTTP/1.1" 200 953
191.126.135.18 - - [02/Mar/2018:11:24:38 -0300] "GET /cormun/static/trsolicitudot.js?201711142259839 HTTP/1.1" 200 54041
191.126.135.18 - - [02/Mar/2018:11:24:38 -0300] "GET /cormun/servlet/trsolicitudot? HTTP/1.1" 200 7469
191.126.135.18 - - [02/Mar/2018:11:24:42 -0300] "GET /cormun/servlet/solicitudot?INS,0,0, HTTP/1.1" 200 13711
191.126.135.18 - - [02/Mar/2018:11:24:42 -0300] "GET /cormun/static/Resources/prompt.gif HTTP/1.1" 200 902
191.126.135.18 - - [02/Mar/2018:11:24:43 -0300] "GET /cormun/servlet/solicitudot?INS,0,0, HTTP/1.1" 200 13716
192.168.10.89 - - [02/Mar/2018:11:24:43 -0300] "GET /cormun/servlet/solicitudgral3?d5145020b38edca7c356ec7e77564ff02175680f986ab2ff57268f1093d04a15264d82d89bf8da4c7d65e6cf4b4e190c2514472e47a7ceada01c9475a4fb0b43caadd985d7b0edd90151f9871cefb1c195d8b58a93e138eb3fd4148e19678438c6073df9645f7d58d9884849bf962f879f9c48aa063e75240c75d9a7616cfbb9b540809cdf9a9b5280a3de3457bba8a2f2edb18ac47b649d1170c1c1a1c771b7482294b372867a61e070499a9f3b905ab5000c8d8c8be66e98632ef2dcbe5f7959a65ad4e39116863915d85492321ede38f0ae3fc0527bba1f817d41550058bca3d56081e6a3dfa9f4c7608c66c4ed6b7d0e973f517e522ed071142bef43515a476025dc3a9c0fd71fb2c08b5029549ed83fc3df272a7dd537d1ea067a220006f045f763d81cb0627ccfd3bba9d5a56205b443eebbaa917c42810086e2e3d2203a2ce73f51df5320f5f031a1650976cd,gx-no-cache=1520000523885 HTTP/1.1" 200 240
192.168.10.89 - - [02/Mar/2018:11:24:45 -0300] "POST /cormun/servlet/solicitudgral3?gx-no-cache=1520000525964 HTTP/1.1" 200 1402
192.168.10.89 - - [02/Mar/2018:11:24:45 -0300] "GET /cormun/servlet/solicitudgral3?d5145020b38edca7c356ec7e77564ff0ccb04ac44a6138f26265fd554a15e31de8f88283788f4fced3040f7efe0f43618893517d80b4f5c21ebad80dea849c8496e2fe2914316d87e720a61d474ec7c6f17cf6af043dcb177bfac6deb038fa50707d28005977a1f2f90efdceb31d2ceca71f3ba0e7e2f364172f70b85cfb2c15,gx-no-cache=1520000526096 HTTP/1.1" 200 41
191.126.135.18 - - [02/Mar/2018:11:24:45 -0300] "GET /cormun/static/Resources/resize.gif HTTP/1.1" 200 77
191.126.135.18 - - [02/Mar/2018:11:24:46 -0300] "GET /cormun/servlet/prfichaempleado?,MD,,gxPopupLevel%3D0%3B HTTP/1.1" 200 9426
191.126.135.18 - - [02/Mar/2018:11:24:46 -0300] "GET /cormun/static/gxui/gxui-all.css?110300 HTTP/1.1" 200 2179
191.126.135.18 - - [02/Mar/2018:11:24:46 -0300] "GET /cormun/static/prfichaempleado.js?20177612134999 HTTP/1.1" 200 16006
191.126.135.18 - - [02/Mar/2018:11:24:47 -0300] "GET /cormun/static/Shared/ext/resources/css/ext-all.css?205870 HTTP/1.1" 200 416045
186.103.159.46 - - [02/Mar/2018:11:24:50 -0300] "GET /cormun/servlet/hlogin HTTP/1.1" 200 1723
200.112.3.74 - - [02/Mar/2018:11:24:52 -0300] "GET /cormun/servlet/solicitudot?INS,0,0, HTTP/1.1" 200 13440
200.112.3.74 - - [02/Mar/2018:11:24:52 -0300] "GET /cormun/static/gxcfg.js?201812313224582 HTTP/1.1" 304 -
200.112.3.74 - - [02/Mar/2018:11:24:52 -0300] "GET /cormun/static/solicitudot.js?201812313224831 HTTP/1.1" 304 -
200.112.3.74 - - [02/Mar/2018:11:24:53 -0300] "GET /cormun/servlet/solicitudot?INS,0,0, HTTP/1.1" 200 13444
192.168.10.89 - - [02/Mar/2018:11:24:55 -0300] "POST /cormun/servlet/solicitudgral3?696ccc6fe12cc70b501325ad69b83072,UPD,2018,9753,,gx-no-cache=1520000535843 HTTP/1.1" 200 12222
191.126.135.18 - - [02/Mar/2018:11:24:55 -0300] "POST /cormun/servlet/prfichaempleado?b3837bfe18221220b680a613c25e08fa,,MD,,gxPopupLevel%3D0%3B,gx-no-cache=1520000646760 HTTP/1.1" 200 3192
200.112.3.74 - - [02/Mar/2018:11:24:55 -0300] "GET /cormun/servlet/prfichaempleado?,MD,,gxPopupLevel%3D0%3B HTTP/1.1" 200 9329
192.168.10.89 - - [02/Mar/2018:11:24:57 -0300] "GET /cormun/servlet/solicitudgral3?d5145020b38edca7c356ec7e77564ff030df35bce7e16d33e21047cdae8430e127f1f98d21f616a456bcf78fce4e66dfb3e7ae34d68357f0351f0ff2f95e41117238697598095f9ac9fb0d7d93f1cf1343e4d55c82d889f2c6ce3f20ce21a2df66a1968c516da03309d663f2ffc9e13b,gx-no-cache=1520000538461 HTTP/1.1" 200 29
192.168.10.89 - - [02/Mar/2018:11:24:57 -0300] "POST /cormun/servlet/solicitudgral3?gx-no-cache=1520000538496 HTTP/1.1" 200 1296
192.168.10.89 - - [02/Mar/2018:11:24:57 -0300] "POST /cormun/servlet/solicitudgral3?gx-no-cache=1520000538545 HTTP/1.1" 200 1218
191.126.135.18 - - [02/Mar/2018:11:24:59 -0300] "POST /cormun/servlet/prfichaempleado?b3837bfe18221220b680a613c25e08fa,,MD,,gxPopupLevel%3D0%3B,gx-no-cache=1520000650454 HTTP/1.1" 200 3192
191.126.135.18 - - [02/Mar/2018:11:25:05 -0300] "POST /cormun/servlet/prfichaempleado?b3837bfe18221220b680a613c25e08fa,,MD,,gxPopupLevel%3D0%3B,gx-no-cache=1520000656541 HTTP/1.1" 200 3187
200.112.3.74 - - [02/Mar/2018:11:25:09 -0300] "POST /cormun/servlet/prfichaempleado?c1e80ee34a237310212969a688f35c23,,MD,,gxPopupLevel%3D0%3B,gx-no-cache=1520000661659 HTTP/1.1" 200 3521
200.112.3.74 - - [02/Mar/2018:11:25:12 -0300] "POST /cormun/servlet/solicitudot?gx-no-cache=1520000665228 HTTP/1.1" 200 3380
200.112.3.74 - - [02/Mar/2018:11:25:13 -0300] "POST /cormun/servlet/solicitudot?c1e80ee34a237310212969a688f35c23,INS,0,0,,gx-no-cache=1520000665744 HTTP/1.1" 200 10344
200.112.3.74 - - [02/Mar/2018:11:25:13 -0300] "GET /cormun/servlet/solicitudot?944e7f293973231495e81d586165cb4f72aa5d8b32f0642dc40584a4f7dc321f53e61be2bfe58edb3e6f298442afbdd6,gx-no-cache=1520000666534 HTTP/1.1" 200 30
200.112.3.74 - - [02/Mar/2018:11:25:17 -0300] "GET /cormun/servlet/solicitudot?944e7f293973231495e81d586165cb4fd88be0fa1a4344be4cc68fb218ffc628,gx-no-cache=1520000670520 HTTP/1.1" 200 103
200.112.3.74 - - [02/Mar/2018:11:25:17 -0300] "GET /cormun/static/Shared/jqueryui/images/ui-bg_highlight-soft_100_c6c2c8_1x100.png HTTP/1.1" 404 1117
200.112.3.74 - - [02/Mar/2018:11:25:17 -0300] "GET /cormun/static/Shared/jqueryui/images/ui-icons_82798d_256x240.png HTTP/1.1" 404 1089
200.112.3.74 - - [02/Mar/2018:11:25:17 -0300] "GET /cormun/static/Shared/jqueryui/images/ui-icons_ebccce_256x240.png HTTP/1.1" 404 1089
200.112.3.74 - - [02/Mar/2018:11:25:17 -0300] "GET /cormun/static/Shared/jqueryui/images/ui-bg_flat_55_994d53_40x100.png HTTP/1.1" 404 1097
200.112.3.74 - - [02/Mar/2018:11:25:17 -0300] "GET /cormun/servlet/solicitudot?944e7f293973231495e81d586165cb4fb4ea32e693b8bd2c4212b427e0f6894e,gx-no-cache=1520000670740 HTTP/1.1" 200 51
200.112.3.74 - - [02/Mar/2018:11:25:18 -0300] "POST /cormun/servlet/solicitudot?gx-no-cache=1520000670853 HTTP/1.1" 200 255
200.112.3.74 - - [02/Mar/2018:11:25:18 -0300] "GET /cormun/servlet/solicitudot?944e7f293973231495e81d586165cb4f4af9b7fe8d1c530a0a4b19a31efbcf14fc65daa8cb1f00d5b4b4482dc19208a945fe099f8328637570cc6977206ade6480c35e2ffaec55ea00b1ecafb0f0cce24ca9ca6539c7ce7a8a53474053be63448c179182b13a8e1dbb272f3533f6e83b690cd308f9b8bb0b95c53623e83242002a17a0f6dcbad9030e8b34b9a0a711dca263d20989adeb9a31620e10cad967fee1b372a70645b2a3657b40e4c76dcdc06a9e2368ef484528dbc1040893760e519bb7518f0e52d02def90919f6899beda3a60052c32532ac3dcfbfaea3f154a7b9e5eae6689128f9e51b294d7a121fb09cc0168b6df098965f81d8b02f2c944d47bd90e2055c5bc356e9e022cc86824bfb279e11ce8402faa260200ff91e93ad8e030c02f89e016536970de8e68ca45dd346e7ef0a25f7b8a235a5c82a80759ca98e840ca98e5977b7e7624f228b80aaa98c08997082d4d63ef52e468a25046fc82d9c8f4039a52e259849866af566285060b8d3b1e7368c58c167b503f2825b0,gx-no-cache=1520000670978 HTTP/1.1" 200 30
200.112.3.74 - - [02/Mar/2018:11:25:18 -0300] "POST /cormun/servlet/solicitudot?gx-no-cache=1520000671087 HTTP/1.1" 200 30
200.112.3.74 - - [02/Mar/2018:11:25:18 -0300] "POST /cormun/servlet/solicitudot?gx-no-cache=1520000671234 HTTP/1.1" 200 1337
200.112.3.74 - - [02/Mar/2018:11:25:18 -0300] "POST /cormun/servlet/solicitudot?gx-no-cache=1520000671475 HTTP/1.1" 200 38
191.126.135.18 - - [02/Mar/2018:11:25:24 -0300] "POST /cormun/servlet/solicitudot?gx-no-cache=1520000675982 HTTP/1.1" 200 3410
191.126.135.18 - - [02/Mar/2018:11:25:25 -0300] "POST /cormun/servlet/solicitudot?b3837bfe18221220b680a613c25e08fa,INS,0,0,,gx-no-cache=1520000676269 HTTP/1.1" 200 10585
191.126.135.18 - - [02/Mar/2018:11:25:25 -0300] "GET /cormun/servlet/solicitudot?13cbe55e37dd534beadaaf792681ea37dc33b1d99afbb3e915128e8d06670235a0f179c8677af46ebe5d248558a57181,gx-no-cache=1520000676672 HTTP/1.1" 200 30
191.126.135.18 - - [02/Mar/2018:11:25:27 -0300] "GET /cormun/servlet/solicitudot?13cbe55e37dd534beadaaf792681ea3796e4e0fb3dfbbff1caf50f0010b9a6c7df661e0b3bf1bd51fb7dd05b7e037ff3a0f179c8677af46ebe5d248558a57181,gx-no-cache=1520000679092 HTTP/1.1" 200 30
191.126.135.18 - - [02/Mar/2018:11:25:27 -0300] "GET /cormun/servlet/solicitudot?13cbe55e37dd534beadaaf792681ea37b60c3d6a74dba39f74461ec93ffc53fd,gx-no-cache=1520000679208 HTTP/1.1" 200 51
191.126.135.18 - - [02/Mar/2018:11:25:28 -0300] "POST /cormun/servlet/solicitudot?gx-no-cache=1520000679343 HTTP/1.1" 200 255
191.126.135.18 - - [02/Mar/2018:11:25:28 -0300] "GET /cormun/servlet/solicitudot?13cbe55e37dd534beadaaf792681ea37e65f51691f3d8ec2234ee01d2f48a492602ec9ba6875b2a8eff741b55364a201f35fe64364b950e067f875edac658e13451097461d2bdbfe0d1b7c7c55212614b66b4d40c4e1737e0dd4422fdb0ad9cb69c46aa1ffd66d10cb944cacfc0a8530a41cdde582763595c6b7192c458237894117ce1798252f900bb3e2471c72eae61268f137b34945cd6fa544af6d3110b08d6e77611aa301fd512e3d0f4507bd587f99b15f91f9b933c995dfd67ef9fafa8c23f60b066927c328d15d456a7232d5ddd5d7e64b359ea50169e57da650f5f75572cf4f3446382684bffb39ce6adfe2b46b7d0a035cbb3c5c56f628de2eb6e64725439f4a64cfaeba42a03b1ecd193dee178cce2b7fff4e8478dc4204160a140114844708a070aababd5cb5e383ef48784d6149caf4a259672e5298627e0715044e0189d220d30e7e2e5ede32460e9b107a87befa879946e4ca152b661766dcadee1db815a0d6fd7e2d960c95cd30d5563023229b4f9519f900f5d2a0abb990,gx-no-cache=1520000679437 HTTP/1.1" 200 30
191.126.135.18 - - [02/Mar/2018:11:25:31 -0300] "POST /cormun/servlet/solicitudot?gx-no-cache=1520000682304 HTTP/1.1" 200 30
192.168.10.89 - - [02/Mar/2018:11:25:31 -0300] "POST /cormun/servlet/solicitudgral3?696ccc6fe12cc70b501325ad69b83072,UPD,2018,9753,,gx-no-cache=1520000572553 HTTP/1.1" 200 93
192.168.10.89 - - [02/Mar/2018:11:25:31 -0300] "GET /cormun/servlet/hpexe_return? HTTP/1.1" 200 1019
192.168.10.89 - - [02/Mar/2018:11:25:32 -0300] "GET /cormun/servlet/trsolicitudgral? HTTP/1.1" 200 10881
200.112.3.74 - - [02/Mar/2018:11:25:32 -0300] "GET /cormun/servlet/solicitudot?944e7f293973231495e81d586165cb4f43b79bac41e45e3e9037d52832ea9d6fb71a08379e2f8de0a832f07f993ff4ca16bf842a222d9c0cde460604587e6f7f87273e28b84920892341d9fe35cc889abb0c3028824f4bfac946394d16b507173c105646b4745e8c0f05c590a6f0b9d2c7f6cf28ae3c5abab3aa2280e4dd4782ae8a1ea62c0394bb4d003b131af29e9f15ab1257f7d93ee4505b77472ac052a1,gx-no-cache=1520000685318 HTTP/1.1" 200 29
200.112.3.74 - - [02/Mar/2018:11:25:32 -0300] "POST /cormun/servlet/solicitudot?gx-no-cache=1520000685428 HTTP/1.1" 200 1318
200.112.3.74 - - [02/Mar/2018:11:25:32 -0300] "POST /cormun/servlet/solicitudot?gx-no-cache=1520000685661 HTTP/1.1" 200 1218
200.112.3.74 - - [02/Mar/2018:11:25:33 -0300] "GET /cormun/static/menuarrow.gif HTTP/1.1" 404 1015
191.126.135.18 - - [02/Mar/2018:11:25:34 -0300] "GET /cormun/servlet/prcontratosol?15804866,,,,,MD,,gxPopupLevel%3D0%3B HTTP/1.1" 200 10132
191.126.135.18 - - [02/Mar/2018:11:25:35 -0300] "GET /cormun/static/prcontratosol.js?201761413224174 HTTP/1.1" 200 15806
200.112.3.74 - - [02/Mar/2018:11:25:35 -0300] "POST /cormun/servlet/solicitudot?gx-no-cache=1520000688028 HTTP/1.1" 200 1318
200.112.3.74 - - [02/Mar/2018:11:25:35 -0300] "POST /cormun/servlet/solicitudot?gx-no-cache=1520000688248 HTTP/1.1" 200 1218
200.112.3.74 - - [02/Mar/2018:11:25:36 -0300] "GET /cormun/servlet/solicitudot?944e7f293973231495e81d586165cb4f9c234781646c625ad6b3f08d532eae240e44fc134b8d4ca45f91a39e3a8b7cb6,gx-no-cache=1520000689461 HTTP/1.1" 200 30
191.126.135.18 - - [02/Mar/2018:11:25:42 -0300] "POST /cormun/servlet/solicitudot?gx-no-cache=1520000693323 HTTP/1.1" 200 1337
191.126.135.18 - - [02/Mar/2018:11:25:42 -0300] "POST /cormun/servlet/solicitudot?gx-no-cache=1520000693464 HTTP/1.1" 200 38
191.126.135.18 - - [02/Mar/2018:11:25:42 -0300] "GET /cormun/servlet/solicitudot?13cbe55e37dd534beadaaf792681ea37c2b1dac5669516f81600e4d914d2a7b94f62edf514f3dc760fb449c4047a7f1e068df623d9dbb7bf570e5769886ca728fbf34eaee3b4ce1f1dd63df53d50397c70fdec8f418341507551822c80f7a74eb53fa1c90f2d12689ffd35558a8c5f84da4964b393537a5e5092a4bae006114218edab6a1e5a9b4a6c1527d7451e7b3647eef89f16dfee350076c305dcd4cca5,gx-no-cache=1520000693570 HTTP/1.1" 200 29
191.126.135.18 - - [02/Mar/2018:11:25:42 -0300] "POST /cormun/servlet/solicitudot?gx-no-cache=1520000693696 HTTP/1.1" 200 1319
191.126.135.18 - - [02/Mar/2018:11:25:42 -0300] "POST /cormun/servlet/solicitudot?gx-no-cache=1520000693835 HTTP/1.1" 200 1219
191.126.135.18 - - [02/Mar/2018:11:25:42 -0300] "GET /cormun/servlet/solicitudot?13cbe55e37dd534beadaaf792681ea371a28544c32796b4d318710b2962f65a2db8b938ca90b8040143e668d19e23734,gx-no-cache=1520000693965 HTTP/1.1" 200 30
186.67.172.234 - - [02/Mar/2018:11:25:43 -0300] "GET /cormun/servlet/solicitudotadjuntos?eddcb122a7263aec1b155afe36dd595e82cc6943b44b446ffaefc0f045970dfb,gx-no-cache=1520000648274 HTTP/1.1" 200 30
186.67.172.234 - - [02/Mar/2018:11:25:43 -0300] "GET /cormun/servlet/solicitudotadjuntos?eddcb122a7263aec1b155afe36dd595e82cc6943b44b446ffaefc0f045970dfb,gx-no-cache=1520000648393 HTTP/1.1" 200 30
200.112.3.74 - - [02/Mar/2018:11:25:44 -0300] "POST /cormun/servlet/solicitudot?gx-no-cache=1520000697445 HTTP/1.1" 200 30
186.67.172.234 - - [02/Mar/2018:11:25:45 -0300] "POST /cormun/servlet/solicitudotadjuntos?8db89f84cb72e9d4d0c5d05e34b2681b,INS,2018,9853,,1, HTTP/1.1" 200 116
186.67.172.234 - - [02/Mar/2018:11:25:45 -0300] "GET /cormun/servlet/hpexe_return? HTTP/1.1" 200 1023
186.67.172.234 - - [02/Mar/2018:11:25:45 -0300] "GET /cormun/servlet/trsolicitudadjuntos?2018,9853, HTTP/1.1" 200 8695
186.67.172.234 - - [02/Mar/2018:11:25:46 -0300] "GET /cormun/servlet/trsolicitudadjuntos?2018,9853, HTTP/1.1" 200 8688
186.67.172.234 - - [02/Mar/2018:11:25:48 -0300] "GET /cormun/servlet/solicitudotadjuntos?INS,2018,9853,,1, HTTP/1.1" 200 6263
186.67.172.234 - - [02/Mar/2018:11:25:49 -0300] "GET /cormun/static/about:blank HTTP/1.1" 404 1011
186.67.172.234 - - [02/Mar/2018:11:25:49 -0300] "GET /cormun/servlet/solicitudotadjuntos?INS,2018,9853,,1, HTTP/1.1" 200 6257
186.67.172.234 - - [02/Mar/2018:11:25:49 -0300] "GET /cormun/servlet/solicitudotadjuntos?eddcb122a7263aec1b155afe36dd595e2e6e07214c7c3b1ac204c2c0ecb345262d93d145a1f6fcb8c343c9a77fbf18f6,gx-no-cache=1520000654162 HTTP/1.1" 200 30
186.67.172.234 - - [02/Mar/2018:11:25:49 -0300] "POST /cormun/servlet/solicitudotadjuntos?8db89f84cb72e9d4d0c5d05e34b2681b,INS,2018,9853,,1,,gx-no-cache=1520000654262 HTTP/1.1" 200 3980
200.112.3.74 - - [02/Mar/2018:11:25:51 -0300] "POST /cormun/servlet/solicitudot?c1e80ee34a237310212969a688f35c23,INS,0,0,,gx-no-cache=1520000703833 HTTP/1.1" 200 11771
186.67.172.234 - - [02/Mar/2018:11:25:53 -0300] "POST /cormun/servlet/solicitudotadjuntos?gx-no-cache=1520000657658 HTTP/1.1" 200 26
191.126.135.18 - - [02/Mar/2018:11:25:58 -0300] "POST /cormun/servlet/solicitudot?gx-no-cache=1520000709194 HTTP/1.1" 200 1319
191.126.135.18 - - [02/Mar/2018:11:25:58 -0300] "POST /cormun/servlet/solicitudot?gx-no-cache=1520000709411 HTTP/1.1" 200 1219
191.126.135.18 - - [02/Mar/2018:11:25:58 -0300] "POST /cormun/servlet/solicitudot?gx-no-cache=1520000709546 HTTP/1.1" 200 33
200.112.3.74 - - [02/Mar/2018:11:26:12 -0300] "POST /cormun/servlet/solicitudot?gx-no-cache=1520000725350 HTTP/1.1" 200 30
191.126.135.18 - - [02/Mar/2018:11:26:14 -0300] "POST /cormun/servlet/solicitudot?b3837bfe18221220b680a613c25e08fa,INS,0,0,,gx-no-cache=1520000724953 HTTP/1.1" 200 93
191.126.135.18 - - [02/Mar/2018:11:26:14 -0300] "GET /cormun/servlet/hpexe_return? HTTP/1.1" 200 1006
191.126.135.18 - - [02/Mar/2018:11:26:14 -0300] "GET /cormun/static/hpexe_return.js?2016101716175153 HTTP/1.1" 200 1633
191.126.135.18 - - [02/Mar/2018:11:26:14 -0300] "GET /cormun/servlet/trsolicitudot HTTP/1.1" 200 8861
191.126.135.18 - - [02/Mar/2018:11:26:15 -0300] "GET /cormun/servlet/trsolicitudot HTTP/1.1" 200 8857
200.112.3.74 - - [02/Mar/2018:11:26:17 -0300] "POST /cormun/servlet/solicitudot?gx-no-cache=1520000730010 HTTP/1.1" 200 1336
200.112.3.74 - - [02/Mar/2018:11:26:17 -0300] "POST /cormun/servlet/solicitudot?gx-no-cache=1520000730267 HTTP/1.1" 200 41
200.112.3.74 - - [02/Mar/2018:11:26:17 -0300] "POST /cormun/servlet/solicitudot?gx-no-cache=1520000730394 HTTP/1.1" 200 1318
200.112.3.74 - - [02/Mar/2018:11:26:17 -0300] "POST /cormun/servlet/solicitudot?gx-no-cache=1520000730622 HTTP/1.1" 200 1218
200.112.3.74 - - [02/Mar/2018:11:26:18 -0300] "GET /cormun/servlet/solicitudot?944e7f293973231495e81d586165cb4f9c234781646c625ad6b3f08d532eae240e44fc134b8d4ca45f91a39e3a8b7cb6,gx-no-cache=1520000730846 HTTP/1.1" 200 30
200.112.3.74 - - [02/Mar/2018:11:26:18 -0300] "POST /cormun/servlet/solicitudot?gx-no-cache=1520000730954 HTTP/1.1" 200 30
200.112.3.74 - - [02/Mar/2018:11:26:19 -0300] "POST /cormun/servlet/solicitudot?c1e80ee34a237310212969a688f35c23,INS,0,0,,gx-no-cache=1520000731218 HTTP/1.1" 200 11783
186.67.172.234 - - [02/Mar/2018:11:26:19 -0300] "GET /cormun/servlet/solicitudotadjuntos?eddcb122a7263aec1b155afe36dd595e82cc6943b44b446ffaefc0f045970dfb,gx-no-cache=1520000683530 HTTP/1.1" 200 30
186.67.172.234 - - [02/Mar/2018:11:26:19 -0300] "GET /cormun/servlet/solicitudotadjuntos?eddcb122a7263aec1b155afe36dd595e82cc6943b44b446ffaefc0f045970dfb,gx-no-cache=1520000683649 HTTP/1.1" 200 30
186.67.172.234 - - [02/Mar/2018:11:26:19 -0300] "POST /cormun/servlet/solicitudotadjuntos?8db89f84cb72e9d4d0c5d05e34b2681b,INS,2018,9853,,1, HTTP/1.1" 200 116
191.126.135.18 - - [02/Mar/2018:11:26:20 -0300] "POST /cormun/servlet/trsolicitudot?b3837bfe18221220b680a613c25e08fa,gx-no-cache=1520000731686 HTTP/1.1" 200 4683
191.126.135.18 - - [02/Mar/2018:11:26:20 -0300] "GET /cormun/static/Shared/jqueryui/images/ui-bg_highlight-soft_100_c6c2c8_1x100.png HTTP/1.1" 404 1117
191.126.135.18 - - [02/Mar/2018:11:26:20 -0300] "GET /cormun/static/Shared/jqueryui/images/ui-icons_8d78a5_256x240.png HTTP/1.1" 404 1089
191.126.135.18 - - [02/Mar/2018:11:26:20 -0300] "GET /cormun/static/Shared/jqueryui/images/ui-bg_flat_55_fafafa_40x100.png HTTP/1.1" 404 1097
191.126.135.18 - - [02/Mar/2018:11:26:20 -0300] "GET /cormun/static/Shared/jqueryui/images/ui-icons_82798d_256x240.png HTTP/1.1" 404 1089
191.126.135.18 - - [02/Mar/2018:11:26:21 -0300] "POST /cormun/servlet/trsolicitudot?b3837bfe18221220b680a613c25e08fa,gx-no-cache=1520000732107 HTTP/1.1" 200 4453
191.126.135.18 - - [02/Mar/2018:11:26:23 -0300] "GET /cormun/servlet/trautorizarsolicitud? HTTP/1.1" 200 25138
191.126.135.18 - - [02/Mar/2018:11:26:24 -0300] "GET /cormun/servlet/trautorizarsolicitud? HTTP/1.1" 200 25137
186.67.172.234 - - [02/Mar/2018:11:26:34 -0300] "GET /cormun/servlet/hpexe_return? HTTP/1.1" 200 1023
191.126.135.18 - - [02/Mar/2018:11:26:37 -0300] "POST /cormun/servlet/trautorizarsolicitud?b3837bfe18221220b680a613c25e08fa,,gx-no-cache=1520000742839 HTTP/1.1" 200 22225
191.126.135.18 - - [02/Mar/2018:11:26:37 -0300] "GET /cormun/static/Shared/jqueryui/images/ui-bg_highlight-soft_100_c6c2c8_1x100.png HTTP/1.1" 404 1117
191.126.135.18 - - [02/Mar/2018:11:26:37 -0300] "GET /cormun/static/Shared/jqueryui/images/ui-icons_82798d_256x240.png HTTP/1.1" 404 1089
191.126.135.18 - - [02/Mar/2018:11:26:37 -0300] "GET /cormun/static/Shared/jqueryui/images/ui-bg_flat_55_fafafa_40x100.png HTTP/1.1" 404 1097
191.126.135.18 - - [02/Mar/2018:11:26:37 -0300] "GET /cormun/static/Shared/jqueryui/images/ui-icons_8d78a5_256x240.png HTTP/1.1" 404 1089
191.126.135.18 - - [02/Mar/2018:11:26:38 -0300] "POST /cormun/servlet/trautorizarsolicitud?b3837bfe18221220b680a613c25e08fa,,gx-no-cache=1520000748841 HTTP/1.1" 200 22169
200.112.3.74 - - [02/Mar/2018:11:27:10 -0300] "GET /cormun/servlet/solicitudot?944e7f293973231495e81d586165cb4f3812974d0a208b4a5097e3eae4e3422eec024e45641bc031fdf73e0a07d1c11b161953c5effe6f11289285f1a4ac8892,gx-no-cache=1520000782829 HTTP/1.1" 200 30
200.112.3.74 - - [02/Mar/2018:11:27:10 -0300] "POST /cormun/servlet/solicitudot?gx-no-cache=1520000783016 HTTP/1.1" 200 255
200.112.3.74 - - [02/Mar/2018:11:27:10 -0300] "GET /cormun/servlet/solicitudot?944e7f293973231495e81d586165cb4f4af9b7fe8d1c530a0a4b19a31efbcf14fc65daa8cb1f00d5b4b4482dc19208a945fe099f8328637570cc6977206ade6480c35e2ffaec55ea00b1ecafb0f0cce24ca9ca6539c7ce7a8a53474053be63448c179182b13a8e1dbb272f3533f6e83b690cd308f9b8bb0b95c53623e83242002a17a0f6dcbad9030e8b34b9a0a711dca263d20989adeb9a31620e10cad967fee1b372a70645b2a3657b40e4c76dcdc06a9e2368ef484528dbc1040893760e519bb7518f0e52d02def90919f6899beda3a60052c32532ac3dcfbfaea3f154a7b9e5eae6689128f9e51b294d7a121fb09cc0168b6df098965f81d8b02f2c944d47bd90e2055c5bc356e9e022cc86824bfb279e11ce8402faa260200ff91e93ad8e030c02f89e016536970de8e68ca45dd346e7ef0a25f7b8a235a5c82a80759ca98e840ca98e5977b7e7624f228b80aaa98c08997082d4d63ef52e468a25046fc82d9c8f4039a52e259849866af566285b8789018b26f3c2129e9fa66698a7b70,gx-no-cache=1520000783161 HTTP/1.1" 200 30
200.112.3.74 - - [02/Mar/2018:11:27:10 -0300] "POST /cormun/servlet/solicitudot?gx-no-cache=1520000783287 HTTP/1.1" 200 30
200.112.3.74 - - [02/Mar/2018:11:27:10 -0300] "POST /cormun/servlet/solicitudot?gx-no-cache=1520000783439 HTTP/1.1" 200 1336
200.112.3.74 - - [02/Mar/2018:11:27:10 -0300] "POST /cormun/servlet/solicitudot?gx-no-cache=1520000783646 HTTP/1.1" 200 41
200.112.3.74 - - [02/Mar/2018:11:27:11 -0300] "POST /cormun/servlet/solicitudot?gx-no-cache=1520000783734 HTTP/1.1" 200 1318
200.112.3.74 - - [02/Mar/2018:11:27:11 -0300] "POST /cormun/servlet/solicitudot?gx-no-cache=1520000783922 HTTP/1.1" 200 1218
200.112.3.74 - - [02/Mar/2018:11:27:11 -0300] "GET /cormun/servlet/solicitudot?944e7f293973231495e81d586165cb4f9c234781646c625ad6b3f08d532eae240e44fc134b8d4ca45f91a39e3a8b7cb6,gx-no-cache=1520000784093 HTTP/1.1" 200 30
200.112.3.74 - - [02/Mar/2018:11:27:11 -0300] "POST /cormun/servlet/solicitudot?gx-no-cache=1520000784179 HTTP/1.1" 200 30
200.112.3.74 - - [02/Mar/2018:11:27:12 -0300] "POST /cormun/servlet/solicitudot?c1e80ee34a237310212969a688f35c23,INS,0,0,,gx-no-cache=1520000784306 HTTP/1.1" 200 11831
200.112.3.74 - - [02/Mar/2018:11:27:18 -0300] "GET /cormun/servlet/solicitudot?944e7f293973231495e81d586165cb4f3812974d0a208b4a5097e3eae4e3422eec024e45641bc031fdf73e0a07d1c11b161953c5effe6f11289285f1a4ac8892,gx-no-cache=1520000791389 HTTP/1.1" 200 30
200.112.3.74 - - [02/Mar/2018:11:27:18 -0300] "POST /cormun/servlet/solicitudot?gx-no-cache=1520000791502 HTTP/1.1" 200 255
200.112.3.74 - - [02/Mar/2018:11:27:18 -0300] "GET /cormun/servlet/solicitudot?944e7f293973231495e81d586165cb4f4af9b7fe8d1c530a0a4b19a31efbcf14fc65daa8cb1f00d5b4b4482dc19208a945fe099f8328637570cc6977206ade6480c35e2ffaec55ea00b1ecafb0f0cce24ca9ca6539c7ce7a8a53474053be63448c179182b13a8e1dbb272f3533f6e83b690cd308f9b8bb0b95c53623e83242002a17a0f6dcbad9030e8b34b9a0a711dca263d20989adeb9a31620e10cad967fee1b372a70645b2a3657b40e4c76dcdc06a9e2368ef484528dbc1040893760e519bb7518f0e52d02def90919f6899beda3a60052c32532ac3dcfbfaea3f154a7b9e5eae6689128f9e51b294d7a121fb09cc0168b6df098965f81d8b02f2c944d47bd90e2055c5bc356e9e022cc86824bfb279e11ce8402faa260200ff91e93ad8e030c02f89e016536970de8e68ca45dd346e7ef0a25f7b8a235a5c82a80759ca98e840ca98e5977b7e7624f228b80aaa98c08997082d4d63ef52e468a25046fc82d9c8f4039a52e259849866af566285b8789018b26f3c2129e9fa66698a7b70,gx-no-cache=1520000791657 HTTP/1.1" 200 30
200.112.3.74 - - [02/Mar/2018:11:27:18 -0300] "POST /cormun/servlet/solicitudot?gx-no-cache=1520000791775 HTTP/1.1" 200 30
200.112.3.74 - - [02/Mar/2018:11:27:19 -0300] "POST /cormun/servlet/solicitudot?gx-no-cache=1520000791894 HTTP/1.1" 200 1336
200.112.3.74 - - [02/Mar/2018:11:27:19 -0300] "POST /cormun/servlet/solicitudot?gx-no-cache=1520000792141 HTTP/1.1" 200 41
200.112.3.74 - - [02/Mar/2018:11:27:19 -0300] "POST /cormun/servlet/solicitudot?gx-no-cache=1520000792251 HTTP/1.1" 200 1318
200.112.3.74 - - [02/Mar/2018:11:27:19 -0300] "POST /cormun/servlet/solicitudot?gx-no-cache=1520000792470 HTTP/1.1" 200 1218
200.112.3.74 - - [02/Mar/2018:11:27:19 -0300] "GET /cormun/servlet/solicitudot?944e7f293973231495e81d586165cb4f9c234781646c625ad6b3f08d532eae240e44fc134b8d4ca45f91a39e3a8b7cb6,gx-no-cache=1520000792654 HTTP/1.1" 200 30
200.112.3.74 - - [02/Mar/2018:11:27:19 -0300] "POST /cormun/servlet/solicitudot?gx-no-cache=1520000792755 HTTP/1.1" 200 30
200.112.3.74 - - [02/Mar/2018:11:27:20 -0300] "POST /cormun/servlet/solicitudot?c1e80ee34a237310212969a688f35c23,INS,0,0,,gx-no-cache=1520000792877 HTTP/1.1" 200 11872
200.112.3.74 - - [02/Mar/2018:11:27:30 -0300] "GET /cormun/servlet/solicitudot?944e7f293973231495e81d586165cb4f3812974d0a208b4a5097e3eae4e3422eec024e45641bc031fdf73e0a07d1c11b161953c5effe6f11289285f1a4ac8892,gx-no-cache=1520000803773 HTTP/1.1" 200 30
200.112.3.74 - - [02/Mar/2018:11:27:31 -0300] "POST /cormun/servlet/solicitudot?gx-no-cache=1520000803866 HTTP/1.1" 200 255
200.112.3.74 - - [02/Mar/2018:11:27:31 -0300] "GET /cormun/servlet/solicitudot?944e7f293973231495e81d586165cb4f4af9b7fe8d1c530a0a4b19a31efbcf14fc65daa8cb1f00d5b4b4482dc19208a945fe099f8328637570cc6977206ade6480c35e2ffaec55ea00b1ecafb0f0cce24ca9ca6539c7ce7a8a53474053be63448c179182b13a8e1dbb272f3533f6e83b690cd308f9b8bb0b95c53623e83242002a17a0f6dcbad9030e8b34b9a0a711dca263d20989adeb9a31620e10cad967fee1b372a70645b2a3657b40e4c76dcdc06a9e2368ef484528dbc1040893760e519bb7518f0e52d02def90919f6899beda3a60052c32532ac3dcfbfaea3f154a7b9e5eae6689128f9e51b294d7a121fb09cc0168b6df098965f81d8b02f2c944d47bd90e2055c5bc356e9e022cc86824bfb279e11ce8402faa260200ff91e93ad8e030c02f89e016536970de8e68ca45dd346e7ef0a25f7b8a235a5c82a80759ca98e840ca98e5977b7e7624f228b80aaa98c08997082d4d63ef52e468a25046fc82d9c8f4039a52e259849866af566285b8789018b26f3c2129e9fa66698a7b70,gx-no-cache=1520000804017 HTTP/1.1" 200 30
200.112.3.74 - - [02/Mar/2018:11:27:31 -0300] "POST /cormun/servlet/solicitudot?gx-no-cache=1520000804141 HTTP/1.1" 200 30
200.112.3.74 - - [02/Mar/2018:11:27:31 -0300] "POST /cormun/servlet/solicitudot?gx-no-cache=1520000804280 HTTP/1.1" 200 1336
200.112.3.74 - - [02/Mar/2018:11:27:31 -0300] "POST /cormun/servlet/solicitudot?gx-no-cache=1520000804532 HTTP/1.1" 200 41
200.112.3.74 - - [02/Mar/2018:11:27:31 -0300] "POST /cormun/servlet/solicitudot?gx-no-cache=1520000804668 HTTP/1.1" 200 1318
200.112.3.74 - - [02/Mar/2018:11:27:32 -0300] "POST /cormun/servlet/solicitudot?gx-no-cache=1520000804900 HTTP/1.1" 200 1218
200.112.3.74 - - [02/Mar/2018:11:27:32 -0300] "GET /cormun/servlet/solicitudot?944e7f293973231495e81d586165cb4f9c234781646c625ad6b3f08d532eae240e44fc134b8d4ca45f91a39e3a8b7cb6,gx-no-cache=1520000805126 HTTP/1.1" 200 30
200.112.3.74 - - [02/Mar/2018:11:27:32 -0300] "POST /cormun/servlet/solicitudot?gx-no-cache=1520000805256 HTTP/1.1" 200 30
200.112.3.74 - - [02/Mar/2018:11:27:33 -0300] "POST /cormun/servlet/solicitudot?c1e80ee34a237310212969a688f35c23,INS,0,0,,gx-no-cache=1520000805394 HTTP/1.1" 200 11948
191.126.135.18 - - [02/Mar/2018:11:27:34 -0300] "GET /cormun/servlet/solicitudot?INS,0,0, HTTP/1.1" 200 13723
191.126.135.18 - - [02/Mar/2018:11:27:35 -0300] "GET /cormun/servlet/solicitudot?INS,0,0, HTTP/1.1" 200 13728
191.126.135.18 - - [02/Mar/2018:11:27:38 -0300] "GET /cormun/servlet/prfichaempleado?,MD,,gxPopupLevel%3D0%3B HTTP/1.1" 200 9426
191.126.135.18 - - [02/Mar/2018:11:27:44 -0300] "POST /cormun/servlet/prfichaempleado?b3837bfe18221220b680a613c25e08fa,,MD,,gxPopupLevel%3D0%3B,gx-no-cache=1520000815800 HTTP/1.1" 200 4046
191.126.135.18 - - [02/Mar/2018:11:27:53 -0300] "POST /cormun/servlet/solicitudot?gx-no-cache=1520000824313 HTTP/1.1" 200 3415
191.126.135.18 - - [02/Mar/2018:11:27:53 -0300] "POST /cormun/servlet/solicitudot?b3837bfe18221220b680a613c25e08fa,INS,0,0,,gx-no-cache=1520000824618 HTTP/1.1" 200 10591
191.126.135.18 - - [02/Mar/2018:11:27:53 -0300] "GET /cormun/servlet/solicitudot?13cbe55e37dd534beadaaf792681ea372c4a6b2e8a7dfc93f87870d1344bb766a0f179c8677af46ebe5d248558a57181,gx-no-cache=1520000824936 HTTP/1.1" 200 30
191.126.135.18 - - [02/Mar/2018:11:27:55 -0300] "GET /cormun/servlet/solicitudot?13cbe55e37dd534beadaaf792681ea37ab7e029ac49de34a8e70ece3d436572272be80180b9b51849b0cf2b0dc2f56b9051ed1db64e31bb516bc4b5893802a5a,gx-no-cache=1520000826912 HTTP/1.1" 200 30
191.126.135.18 - - [02/Mar/2018:11:27:55 -0300] "GET /cormun/servlet/solicitudot?13cbe55e37dd534beadaaf792681ea37b60c3d6a74dba39f74461ec93ffc53fd,gx-no-cache=1520000827112 HTTP/1.1" 200 51
191.126.135.18 - - [02/Mar/2018:11:27:55 -0300] "POST /cormun/servlet/solicitudot?gx-no-cache=1520000827225 HTTP/1.1" 200 255
191.126.135.18 - - [02/Mar/2018:11:27:56 -0300] "GET /cormun/servlet/solicitudot?13cbe55e37dd534beadaaf792681ea37e65f51691f3d8ec2234ee01d2f48a492602ec9ba6875b2a8eff741b55364a201f35fe64364b950e067f875edac658e13451097461d2bdbfe0d1b7c7c55212614b66b4d40c4e1737e0dd4422fdb0ad9cb69c46aa1ffd66d10cb944cacfc0a8530a41cdde582763595c6b7192c458237894117ce1798252f900bb3e2471c72eae61268f137b34945cd6fa544af6d3110b08d6e77611aa301fd512e3d0f4507bd587f99b15f91f9b933c995dfd67ef9fafa8c23f60b066927c328d15d456a7232d5ddd5d7e64b359ea50169e57da650f5f75572cf4f3446382684bffb39ce6adfe2b46b7d0a035cbb3c5c56f628de2eb6e64725439f4a64cfaeba42a03b1ecd193dee178cce2b7fff4e8478dc4204160a140114844708a070aababd5cb5e383ef48784d6149caf4a259672e5298627e0715044e0189d220d30e7e2e5ede32460e9b107a87befa879946e4ca152b661766dcadee1db815a0d6fd7e2d960c95cd30d5563023229b4f9519f900f5d2a0abb990,gx-no-cache=1520000827358 HTTP/1.1" 200 30
191.126.135.18 - - [02/Mar/2018:11:27:59 -0300] "POST /cormun/servlet/solicitudot?gx-no-cache=1520000831256 HTTP/1.1" 200 30
191.126.135.18 - - [02/Mar/2018:11:28:02 -0300] "POST /cormun/servlet/solicitudot?gx-no-cache=1520000834217 HTTP/1.1" 200 30
191.126.135.18 - - [02/Mar/2018:11:28:04 -0300] "GET /cormun/servlet/prcontratosol?10482009,,,,,MD,,gxPopupLevel%3D0%3B HTTP/1.1" 200 7929
191.126.135.18 - - [02/Mar/2018:11:28:07 -0300] "POST /cormun/servlet/solicitudot?gx-no-cache=1520000839063 HTTP/1.1" 200 1337
191.126.135.18 - - [02/Mar/2018:11:28:07 -0300] "POST /cormun/servlet/solicitudot?gx-no-cache=1520000839235 HTTP/1.1" 200 38
191.126.135.18 - - [02/Mar/2018:11:28:08 -0300] "GET /cormun/servlet/solicitudot?13cbe55e37dd534beadaaf792681ea37c2b1dac5669516f81600e4d914d2a7b94f62edf514f3dc760fb449c4047a7f1e068df623d9dbb7bf570e5769886ca728fbf34eaee3b4ce1f1dd63df53d50397c70fdec8f418341507551822c80f7a74eb53fa1c90f2d12689ffd35558a8c5f84da4964b393537a5e5092a4bae006114218edab6a1e5a9b4a6c1527d7451e7b3647eef89f16dfee350076c305dcd4cca5,gx-no-cache=1520000839324 HTTP/1.1" 200 29
191.126.135.18 - - [02/Mar/2018:11:28:08 -0300] "POST /cormun/servlet/solicitudot?gx-no-cache=1520000839419 HTTP/1.1" 200 1319
191.126.135.18 - - [02/Mar/2018:11:28:08 -0300] "POST /cormun/servlet/solicitudot?gx-no-cache=1520000839545 HTTP/1.1" 200 1219
191.126.135.18 - - [02/Mar/2018:11:28:08 -0300] "GET /cormun/servlet/solicitudot?13cbe55e37dd534beadaaf792681ea372277b07a808b6fd1a7e0f72802af6187db8b938ca90b8040143e668d19e23734,gx-no-cache=1520000839662 HTTP/1.1" 200 134
191.126.135.18 - - [02/Mar/2018:11:28:08 -0300] "GET /cormun/static/Shared/jqueryui/images/ui-bg_highlight-soft_100_c6c2c8_1x100.png HTTP/1.1" 404 1117
191.126.135.18 - - [02/Mar/2018:11:28:08 -0300] "GET /cormun/static/Shared/jqueryui/images/ui-icons_ebccce_256x240.png HTTP/1.1" 404 1089
191.126.135.18 - - [02/Mar/2018:11:28:08 -0300] "GET /cormun/static/Shared/jqueryui/images/ui-bg_flat_55_994d53_40x100.png HTTP/1.1" 404 1097
191.126.135.18 - - [02/Mar/2018:11:28:08 -0300] "GET /cormun/static/Shared/jqueryui/images/ui-icons_82798d_256x240.png HTTP/1.1" 404 1089
191.126.135.18 - - [02/Mar/2018:11:28:16 -0300] "POST /cormun/servlet/solicitudot?gx-no-cache=1520000848232 HTTP/1.1" 200 1319
191.126.135.18 - - [02/Mar/2018:11:28:17 -0300] "POST /cormun/servlet/solicitudot?gx-no-cache=1520000848337 HTTP/1.1" 200 1219
186.67.172.234 - - [02/Mar/2018:11:28:26 -0300] "GET /cormun/servlet/trsolicitudadjuntos?2018,9853, HTTP/1.1" 200 8908
186.67.172.234 - - [02/Mar/2018:11:28:26 -0300] "GET /cormun/servlet/trsolicitudadjuntos?2018,9853, HTTP/1.1" 200 8908
190.161.236.41 - - [02/Mar/2018:11:28:33 -0300] "POST /cormun/servlet/hlogin?1051c3480aa5bc6af9623672af76b67c,gx-no-cache=1520000867023 HTTP/1.1" 200 90
190.161.236.41 - - [02/Mar/2018:11:28:33 -0300] "GET /cormun/servlet/hpexe_link HTTP/1.1" 200 951
190.161.236.41 - - [02/Mar/2018:11:28:33 -0300] "GET /cormun/servlet/trcontratosolicitud HTTP/1.1" 200 14691
186.103.159.188 - - [02/Mar/2018:11:28:34 -0300] "GET /cormun//static/Resources/PXToolsGridNew.png HTTP/1.1" 200 2949
190.161.236.41 - - [02/Mar/2018:11:28:34 -0300] "GET /cormun//static/Resources/PXToolsActionDisabled.gif HTTP/1.1" 200 53
190.161.236.41 - - [02/Mar/2018:11:28:34 -0300] "GET /cormun/servlet/trcontratosolicitud HTTP/1.1" 200 14693
186.67.172.234 - - [02/Mar/2018:11:28:39 -0300] "GET /cormun/servlet/solicitudotadjuntos?INS,2018,9853,,1, HTTP/1.1" 200 6264
186.67.172.234 - - [02/Mar/2018:11:28:40 -0300] "GET /cormun/static/about:blank HTTP/1.1" 404 1011
186.67.172.234 - - [02/Mar/2018:11:28:43 -0300] "GET /cormun/servlet/solicitudotadjuntos?eddcb122a7263aec1b155afe36dd595e2e6e07214c7c3b1ac204c2c0ecb345262d93d145a1f6fcb8c343c9a77fbf18f6,gx-no-cache=1520000825593 HTTP/1.1" 200 30
186.67.172.234 - - [02/Mar/2018:11:28:43 -0300] "GET /cormun/servlet/solicitudotadjuntos?INS,2018,9853,,1, HTTP/1.1" 200 6258
186.67.172.234 - - [02/Mar/2018:11:28:43 -0300] "POST /cormun/servlet/solicitudotadjuntos?8db89f84cb72e9d4d0c5d05e34b2681b,INS,2018,9853,,1,,gx-no-cache=1520000828144 HTTP/1.1" 200 3981
191.126.135.18 - - [02/Mar/2018:11:28:45 -0300] "GET /cormun/servlet/solicitudot?13cbe55e37dd534beadaaf792681ea372277b07a808b6fd1a7e0f72802af6187db8b938ca90b8040143e668d19e23734,gx-no-cache=1520000876403 HTTP/1.1" 200 134
191.126.135.18 - - [02/Mar/2018:11:28:45 -0300] "POST /cormun/servlet/solicitudot?gx-no-cache=1520000876572 HTTP/1.1" 200 137
191.126.135.18 - - [02/Mar/2018:11:29:06 -0300] "GET /cormun/static/menuarrow.gif HTTP/1.1" 404 1015
200.73.244.5 - - [02/Mar/2018:11:29:08 -0300] "GET /cormun/servlet/hlogin HTTP/1.1" 200 1718
200.73.244.5 - - [02/Mar/2018:11:29:08 -0300] "GET /cormun/static/Resources/Spanish/PXTools.css?11423723 HTTP/1.1" 200 89042
200.73.244.5 - - [02/Mar/2018:11:29:08 -0300] "GET /cormun/static/messages.spa.js?85251 HTTP/1.1" 200 30736
200.73.244.5 - - [02/Mar/2018:11:29:08 -0300] "GET /cormun/static/gxgral.js?85251 HTTP/1.1" 200 384558
200.73.244.5 - - [02/Mar/2018:11:29:09 -0300] "GET /cormun/static/Resources/PXToolsLoginBackground.png HTTP/1.1" 200 1164
200.73.244.5 - - [02/Mar/2018:11:29:09 -0300] "GET /cormun/static/Resources/PXToolsLoginTop.png HTTP/1.1" 200 1337
200.73.244.5 - - [02/Mar/2018:11:29:09 -0300] "GET /cormun/static/Resources/PXToolsButtonLeft21.png HTTP/1.1" 200 1287
200.73.244.5 - - [02/Mar/2018:11:29:09 -0300] "GET /cormun/static/Resources/PXToolsButtonRight21.png HTTP/1.1" 200 1283
200.73.244.5 - - [02/Mar/2018:11:29:09 -0300] "GET /cormun/static/Resources/PXToolsLoginBottom.png HTTP/1.1" 200 1389
200.73.244.5 - - [02/Mar/2018:11:29:09 -0300] "GET /cormun/static/Resources/PXToolsButtonBackground2.png HTTP/1.1" 200 1181
200.73.244.5 - - [02/Mar/2018:11:29:09 -0300] "GET /cormun/static/Resources/indicator.gif HTTP/1.1" 200 1553
200.73.244.5 - - [02/Mar/2018:11:29:09 -0300] "GET /cormun/servlet/hlogin HTTP/1.1" 200 1728
200.73.244.5 - - [02/Mar/2018:11:29:09 -0300] "GET /cormun/static/Resources/PXToolsButtonLeft21.png HTTP/1.1" 200 1287
191.126.135.18 - - [02/Mar/2018:11:29:17 -0300] "GET /cormun/servlet/solicitudot?13cbe55e37dd534beadaaf792681ea371a28544c32796b4d318710b2962f65a2db8b938ca90b8040143e668d19e23734,gx-no-cache=1520000908845 HTTP/1.1" 200 30
191.126.135.18 - - [02/Mar/2018:11:29:17 -0300] "POST /cormun/servlet/solicitudot?gx-no-cache=1520000908961 HTTP/1.1" 200 33
191.126.135.18 - - [02/Mar/2018:11:29:24 -0300] "POST /cormun/servlet/solicitudot?b3837bfe18221220b680a613c25e08fa,INS,0,0,,gx-no-cache=1520000915177 HTTP/1.1" 200 93
191.126.135.18 - - [02/Mar/2018:11:29:24 -0300] "GET /cormun/servlet/hpexe_return? HTTP/1.1" 200 1014
186.103.159.189 - - [02/Mar/2018:11:29:25 -0300] "GET /cormun/servlet/hlogin HTTP/1.1" 200 1718
191.126.135.18 - - [02/Mar/2018:11:29:26 -0300] "GET /cormun/servlet/trautorizarsolicitud? HTTP/1.1" 200 25045
186.103.159.189 - - [02/Mar/2018:11:29:26 -0300] "GET /cormun/servlet/hlogin HTTP/1.1" 200 1727
191.126.135.18 - - [02/Mar/2018:11:29:26 -0300] "GET /cormun/servlet/trautorizarsolicitud? HTTP/1.1" 200 25041
200.72.197.82 - - [02/Mar/2018:11:29:36 -0300] "POST /cormun/servlet/hlogin?44e678cb187b443e56297eee994b6019,gx-no-cache=1520000928013 HTTP/1.1" 200 90
200.72.197.82 - - [02/Mar/2018:11:29:36 -0300] "GET /cormun/servlet/hpexe_link HTTP/1.1" 200 964
200.72.197.82 - - [02/Mar/2018:11:29:36 -0300] "GET /cormun/servlet/solicitudot?INS,0,0, HTTP/1.1" 200 13652
200.112.3.74 - - [02/Mar/2018:11:29:37 -0300] "GET /cormun/servlet/solicitudot?944e7f293973231495e81d586165cb4f942f355cbe9002a59ae8f1eb62b40edc,gx-no-cache=1520000929964 HTTP/1.1" 200 94
200.112.3.74 - - [02/Mar/2018:11:29:37 -0300] "POST /cormun/servlet/solicitudot?gx-no-cache=1520000930191 HTTP/1.1" 200 255
200.112.3.74 - - [02/Mar/2018:11:29:37 -0300] "GET /cormun/servlet/solicitudot?944e7f293973231495e81d586165cb4f4af9b7fe8d1c530a0a4b19a31efbcf14fc65daa8cb1f00d5b4b4482dc19208a945fe099f8328637570cc6977206ade6480c35e2ffaec55ea00b1ecafb0f0cce24ca9ca6539c7ce7a8a53474053be63448c179182b13a8e1dbb272f3533f6e83b690cd308f9b8bb0b95c53623e83242002a17a0f6dcbad9030e8b34b9a0a711dca263d20989adeb9a31620e10cad967fee1b372a70645b2a3657b40e4c76dcdc06a9e2368ef484528dbc1040893760e519bb7518f0e52d02def90919f6899beda3a60052c32532ac3dcfbfaea3f154a7b9e5eae6689128f9e51b294d7a121fb09cc0168b6df098965f81d8b02f2c944d47bd90e2055c5bc356e9e022cc86824bfb279e11ce8402faa260200ff91e93ad8e030c02f89e016536970de8e68ca45dd346e7ef0a25f7b8a235a5c82a80759ca98e840ca98e5977b7e7624f228b80aaa98c08997082d4d63ef52e468a25046fc82d9c8f4039a52e259849866af566285b8789018b26f3c2129e9fa66698a7b70,gx-no-cache=1520000930332 HTTP/1.1" 200 30
200.72.197.82 - - [02/Mar/2018:11:29:37 -0300] "GET /cormun/servlet/solicitudot?INS,0,0, HTTP/1.1" 200 13656
200.112.3.74 - - [02/Mar/2018:11:29:37 -0300] "POST /cormun/servlet/solicitudot?gx-no-cache=1520000930463 HTTP/1.1" 200 30
200.112.3.74 - - [02/Mar/2018:11:29:37 -0300] "POST /cormun/servlet/solicitudot?gx-no-cache=1520000930608 HTTP/1.1" 200 1336
200.112.3.74 - - [02/Mar/2018:11:29:38 -0300] "POST /cormun/servlet/solicitudot?gx-no-cache=1520000930843 HTTP/1.1" 200 41
200.112.3.74 - - [02/Mar/2018:11:29:38 -0300] "POST /cormun/servlet/solicitudot?gx-no-cache=1520000930964 HTTP/1.1" 200 1318
200.112.3.74 - - [02/Mar/2018:11:29:38 -0300] "POST /cormun/servlet/solicitudot?gx-no-cache=1520000931177 HTTP/1.1" 200 1218
