200.112.3.74 - - [02/Mar/2018:10:31:14 -0300] "GET /cormun/servlet/trsolicitudot? HTTP/1.1" 200 7408
186.103.159.182 - - [02/Mar/2018:10:31:17 -0300] "POST /cormun/servlet/trcontratounov2?852ac5cfe8fd3997708860764817f70e,,gx-no-cache=1519997425837 HTTP/1.1" 200 16549
191.126.135.18 - - [02/Mar/2018:10:31:23 -0300] "GET /cormun/servlet/prfichaempleado?,MD,,gxPopupLevel%3D0%3B HTTP/1.1" 200 9426
186.67.203.186 - - [02/Mar/2018:10:31:24 -0300] "POST /cormun/servlet/solicitudotadjuntos?28979128ae1404027bcaa7ad2c6380d4,INS,2018,9846,,1, HTTP/1.1" 200 116
186.67.203.186 - - [02/Mar/2018:10:31:25 -0300] "GET /cormun/servlet/hpexe_return? HTTP/1.1" 200 1028
186.67.203.186 - - [02/Mar/2018:10:31:26 -0300] "GET /cormun/servlet/trsolicitudadjuntos?2018,9846, HTTP/1.1" 200 9513
200.112.3.74 - - [02/Mar/2018:10:31:29 -0300] "POST /cormun/servlet/trsolicitudot?a67bcc14c8d856fc7cca3838b57de9d7,,gx-no-cache=1519997440948 HTTP/1.1" 200 4470
186.67.203.186 - - [02/Mar/2018:10:31:29 -0300] "GET /cormun/servlet/trsolicitudadjuntos?2018,9846, HTTP/1.1" 200 9512
186.103.159.182 - - [02/Mar/2018:10:31:31 -0300] "POST /cormun/servlet/trcontratounov2?852ac5cfe8fd3997708860764817f70e,,gx-no-cache=1519997441520 HTTP/1.1" 200 17066
200.112.3.74 - - [02/Mar/2018:10:31:35 -0300] "POST /cormun/servlet/trsolicitudot?a67bcc14c8d856fc7cca3838b57de9d7,,gx-no-cache=1519997447725 HTTP/1.1" 200 4473
200.112.3.74 - - [02/Mar/2018:10:31:41 -0300] "POST /cormun/servlet/trsolicitudot?a67bcc14c8d856fc7cca3838b57de9d7,,gx-no-cache=1519997453308 HTTP/1.1" 200 4471
191.126.135.18 - - [02/Mar/2018:10:31:44 -0300] "POST /cormun/servlet/prfichaempleado?90b2941a572f5aed7e0a359eb62898c5,,MD,,gxPopupLevel%3D0%3B,gx-no-cache=1519997456377 HTTP/1.1" 200 3431
200.112.3.74 - - [02/Mar/2018:10:31:47 -0300] "POST /cormun/servlet/trsolicitudot?a67bcc14c8d856fc7cca3838b57de9d7,,gx-no-cache=1519997459251 HTTP/1.1" 200 4473
200.111.122.170 - - [02/Mar/2018:10:31:48 -0300] "GET /cormun/servlet/solicitudotadjuntos?INS,2018,9846,,1, HTTP/1.1" 200 6236
200.111.122.170 - - [02/Mar/2018:10:31:48 -0300] "GET /cormun/static/about:blank HTTP/1.1" 404 1011
191.126.135.18 - - [02/Mar/2018:10:31:49 -0300] "POST /cormun/servlet/solicitudot?gx-no-cache=1519997460807 HTTP/1.1" 200 3444
200.111.122.170 - - [02/Mar/2018:10:31:49 -0300] "GET /cormun/servlet/solicitudotadjuntos?INS,2018,9846,,1, HTTP/1.1" 200 6229
191.126.135.18 - - [02/Mar/2018:10:31:50 -0300] "POST /cormun/servlet/solicitudot?90b2941a572f5aed7e0a359eb62898c5,INS,0,0,,gx-no-cache=1519997461625 HTTP/1.1" 200 10603
200.111.122.170 - - [02/Mar/2018:10:31:50 -0300] "GET /cormun/servlet/solicitudotadjuntos?98cbf4dfaf590d2a14aedcda1afd2c475858e8f25b0def8a3af7b5975a81efdeba68d24cb139e4a25abeff18a9609f1c,gx-no-cache=1519997457074 HTTP/1.1" 200 30
191.126.135.18 - - [02/Mar/2018:10:31:51 -0300] "GET /cormun/servlet/solicitudot?063658829734704c0c81e8ea672eca6a24f9a8f697bb31bb6fcf1fac25419772d1c2d8b36e54b18eb6d25b401e3ddd5b,gx-no-cache=1519997463164 HTTP/1.1" 200 30
191.126.135.18 - - [02/Mar/2018:10:31:53 -0300] "GET /cormun/servlet/solicitudot?063658829734704c0c81e8ea672eca6ac4756b6bdcb50d60a86512deda128c62dfe567a3444322e2597c0cef00ad560d14ff8b07cf484d4a74671ff09341c545,gx-no-cache=1519997465938 HTTP/1.1" 200 30
191.126.135.18 - - [02/Mar/2018:10:31:54 -0300] "GET /cormun/servlet/solicitudot?063658829734704c0c81e8ea672eca6a2e85e95b67d21784b0d20681a06ec258,gx-no-cache=1519997466074 HTTP/1.1" 200 45
191.126.135.18 - - [02/Mar/2018:10:31:54 -0300] "POST /cormun/servlet/solicitudot?gx-no-cache=1519997466200 HTTP/1.1" 200 240
191.126.135.18 - - [02/Mar/2018:10:31:54 -0300] "GET /cormun/servlet/solicitudot?063658829734704c0c81e8ea672eca6adc7f3877a62f493650b32e09aa55fa17c45ad7e4f2c8eb17da473e55b590d08a3ece3ffae9dd9102e52c2a1b0219326f51e1e54ebdd99a87c8406ab7493b8591f472df301b47fcc10f53321e3e4cd8cf16f5321c0e02924a34a0e3feb5b6d1f0dbe954dd702898b144cf86337b98b83545b1b2a0f7930beef1fb8899b2f135aec11af0249f523fa29e5271b74539dd6551de0ab4fe5292f518539a8c95f111a647ec84d1f85487743aaf18df3378b770a46f499531730ff567773277cacd9db91781641d5ee017deba449de64197cf5d7c6cb1d77739decbaf377e0b443218e4c3872c09f686d71f60f637f04d6a6f26b92b9ee9a0762162d48955fc7bce57ca9fd226269d8ac64c35fcc84523acebd4c33c9cc97b4a0f583687834a370fdfa66b38ff6fe0fb23bda0acc116b4f830a16182edc97e2cd987f8c4d85ef84eee7f5cc1c332e0176db8445d114096ad25d279fac76ee0facf2421603cc4d20d623e2a41038a8038475d5ea7f106437e578d,gx-no-cache=1519997466333 HTTP/1.1" 200 30
200.111.122.170 - - [02/Mar/2018:10:31:54 -0300] "POST /cormun/servlet/solicitudotadjuntos?28979128ae1404027bcaa7ad2c6380d4,INS,2018,9846,,1,,gx-no-cache=1519997460728 HTTP/1.1" 200 4023
191.126.135.18 - - [02/Mar/2018:10:31:56 -0300] "POST /cormun/servlet/solicitudot?gx-no-cache=1519997469023 HTTP/1.1" 200 30
200.111.122.170 - - [02/Mar/2018:10:32:00 -0300] "POST /cormun/servlet/solicitudotadjuntos?gx-no-cache=1519997466691 HTTP/1.1" 200 26
191.126.135.18 - - [02/Mar/2018:10:32:00 -0300] "GET /cormun/servlet/prsolicitudot?12158284,,,,,MD,,gxPopupLevel%3D0%3B HTTP/1.1" 200 6422
191.126.135.18 - - [02/Mar/2018:10:32:04 -0300] "POST /cormun/servlet/solicitudot?gx-no-cache=1519997476024 HTTP/1.1" 200 1418
191.126.135.18 - - [02/Mar/2018:10:32:04 -0300] "GET /cormun/static/Shared/jqueryui/images/ui-bg_highlight-soft_100_c6c2c8_1x100.png HTTP/1.1" 404 1117
191.126.135.18 - - [02/Mar/2018:10:32:04 -0300] "GET /cormun/static/Shared/jqueryui/images/ui-icons_82798d_256x240.png HTTP/1.1" 404 1089
191.126.135.18 - - [02/Mar/2018:10:32:04 -0300] "GET /cormun/static/Shared/jqueryui/images/ui-bg_flat_55_994d53_40x100.png HTTP/1.1" 404 1097
191.126.135.18 - - [02/Mar/2018:10:32:04 -0300] "GET /cormun/static/Shared/jqueryui/images/ui-icons_ebccce_256x240.png HTTP/1.1" 404 1089
191.126.135.18 - - [02/Mar/2018:10:32:04 -0300] "POST /cormun/servlet/solicitudot?gx-no-cache=1519997476215 HTTP/1.1" 200 117
191.126.135.18 - - [02/Mar/2018:10:32:04 -0300] "GET /cormun/servlet/solicitudot?063658829734704c0c81e8ea672eca6a5055ba91384103111625bba13621da87d9b489baa08f11ca41f4e95aefaf0e6fcebc8ff45801c65e3c07432926676ac1538d36bd5a9f47bd466978a0cc400153e7b4b5b28d2b5fcd174150d20b6fde15d3265dcb52d90d471c201aaf143d751532c2e51402a4a7e57ab8401ffa6ba18fb0b0e5bd76f88ed3a54d75efee9b4339ae17f3af850e65ce7c1e124df610f2db,gx-no-cache=1519997476417 HTTP/1.1" 200 29
191.126.135.18 - - [02/Mar/2018:10:32:04 -0300] "GET /cormun/servlet/solicitudot?063658829734704c0c81e8ea672eca6a32d460567a310f2dad2f70538798f4675e9d07f1a204dca681428fa38468c2e51a586a9d8ff318d8ce1192a9c198382e46e1018ca956433641427853ca116fe73718164c34e6fa869a8e1709bad335412b2ed1f906405e6553cfb0c652c19021753fd34b3ba11e5850965db336ca37f9524213430ffbdcc971426883f57af535542c52030c2a5cb67b7e142f9d234722b5f68e540a5a3caaa84f1b3aafaafe3cc0dfd0bbb39c88cc5efe1642279eed1d,gx-no-cache=1519997476520 HTTP/1.1" 200 62
191.126.135.18 - - [02/Mar/2018:10:32:04 -0300] "GET /cormun/servlet/solicitudot?2cdac17003f3faca3a0223fc4d09b8b9ea6292327f48109327578f9e1a127be4950621e1bbbdbb220f79744b1403f279eb0f126230c155277e6c7af52f6ffd92a86ba6f03410d8eea9e9bc46d37afa81,gx-no-cache=1519997476637 HTTP/1.1" 200 55
191.126.135.18 - - [02/Mar/2018:10:32:04 -0300] "GET /cormun/servlet/solicitudot?063658829734704c0c81e8ea672eca6ab656d33e63ae791338d6e5b61fbb67dc7206ee7a395067e0342688347cd950b8,gx-no-cache=1519997476772 HTTP/1.1" 200 30
200.112.3.74 - - [02/Mar/2018:10:32:06 -0300] "GET /cormun/servlet/trautorizarsolicitud? HTTP/1.1" 200 7310
200.112.3.74 - - [02/Mar/2018:10:32:07 -0300] "GET /cormun/servlet/trautorizarsolicitud? HTTP/1.1" 200 7310
200.112.3.74 - - [02/Mar/2018:10:32:16 -0300] "POST /cormun/servlet/trautorizarsolicitud?a67bcc14c8d856fc7cca3838b57de9d7,,gx-no-cache=1519997488223 HTTP/1.1" 200 4403
191.126.135.18 - - [02/Mar/2018:10:32:17 -0300] "GET /cormun/servlet/prfichaempleado?,MD,,gxPopupLevel%3D0%3B HTTP/1.1" 200 9426
200.112.3.74 - - [02/Mar/2018:10:32:26 -0300] "GET /cormun/servlet/trvisualizadoreventos? HTTP/1.1" 200 6947
191.126.135.18 - - [02/Mar/2018:10:32:26 -0300] "POST /cormun/servlet/prfichaempleado?90b2941a572f5aed7e0a359eb62898c5,,MD,,gxPopupLevel%3D0%3B,gx-no-cache=1519997498396 HTTP/1.1" 200 3540
200.112.3.74 - - [02/Mar/2018:10:32:27 -0300] "GET /cormun/servlet/trvisualizadoreventos? HTTP/1.1" 200 6946
186.103.159.230 - - [02/Mar/2018:10:32:28 -0300] "POST /cormun/servlet/solicitudot?gx-no-cache=1519997495996 HTTP/1.1" 200 1318
186.103.159.230 - - [02/Mar/2018:10:32:28 -0300] "POST /cormun/servlet/solicitudot?gx-no-cache=1519997496664 HTTP/1.1" 200 1218
186.103.159.230 - - [02/Mar/2018:10:32:28 -0300] "GET /cormun/servlet/solicitudot?490d50582e1dedb836d047eff4ab5fc3bbdd9fa6a9e6467c2df088855e92b366aa40d08c4c4cc584bac8d84c8bf3eadc,gx-no-cache=1519997496894 HTTP/1.1" 200 30
186.103.159.230 - - [02/Mar/2018:10:32:28 -0300] "POST /cormun/servlet/solicitudot?gx-no-cache=1519997496986 HTTP/1.1" 200 30
186.103.159.230 - - [02/Mar/2018:10:32:29 -0300] "POST /cormun/servlet/solicitudot?d66d745aa8b3c0252b9a547a80923fbf,INS,0,0,,gx-no-cache=1519997497070 HTTP/1.1" 200 93
186.103.159.230 - - [02/Mar/2018:10:32:29 -0300] "GET /cormun/servlet/hpexe_return? HTTP/1.1" 200 1004
186.103.159.230 - - [02/Mar/2018:10:32:29 -0300] "GET /cormun/static/Resources/Spanish/PXTools.css?167811 HTTP/1.1" 304 -
186.103.159.230 - - [02/Mar/2018:10:32:29 -0300] "GET /cormun/static/hpexe_return.js?2016101716175153 HTTP/1.1" 304 -
186.103.159.230 - - [02/Mar/2018:10:32:29 -0300] "GET /cormun/static/gxcfg.js?2016101716175148 HTTP/1.1" 200 953
186.103.159.230 - - [02/Mar/2018:10:32:30 -0300] "GET /cormun/servlet/trsolicitudot HTTP/1.1" 200 8738
186.103.159.230 - - [02/Mar/2018:10:32:31 -0300] "GET /cormun/servlet/trsolicitudot HTTP/1.1" 200 8734
191.126.135.18 - - [02/Mar/2018:10:32:32 -0300] "GET /cormun/servlet/prlicenciaspermisos?9178795,L,,MD,,gxPopupLevel%3D0%3B HTTP/1.1" 200 7836
200.112.3.74 - - [02/Mar/2018:10:32:32 -0300] "GET /cormun/static/menuarrow.gif HTTP/1.1" 404 1015
191.126.135.18 - - [02/Mar/2018:10:32:36 -0300] "POST /cormun/servlet/solicitudot?gx-no-cache=1519997507717 HTTP/1.1" 200 1337
200.112.3.74 - - [02/Mar/2018:10:32:39 -0300] "POST /cormun/servlet/trvisualizadoreventos?a67bcc14c8d856fc7cca3838b57de9d7,,gx-no-cache=1519997511200 HTTP/1.1" 200 5084
191.126.135.18 - - [02/Mar/2018:10:32:41 -0300] "POST /cormun/servlet/solicitudot?gx-no-cache=1519997513139 HTTP/1.1" 200 41
186.103.132.155 - - [02/Mar/2018:10:32:44 -0300] "GET /cormun/servlet/solicitudotadjuntos?98cbf4dfaf590d2a14aedcda1afd2c47b091d57da7ace05eb8a31b1dc924e214,gx-no-cache=1519997511277 HTTP/1.1" 200 30
186.103.132.155 - - [02/Mar/2018:10:32:44 -0300] "GET /cormun/servlet/solicitudotadjuntos?98cbf4dfaf590d2a14aedcda1afd2c47b091d57da7ace05eb8a31b1dc924e214,gx-no-cache=1519997511433 HTTP/1.1" 200 30
191.126.135.18 - - [02/Mar/2018:10:32:49 -0300] "POST /cormun/servlet/solicitudot?gx-no-cache=1519997521144 HTTP/1.1" 200 1320
191.126.135.18 - - [02/Mar/2018:10:32:49 -0300] "POST /cormun/servlet/solicitudot?gx-no-cache=1519997521488 HTTP/1.1" 200 1218
191.126.135.18 - - [02/Mar/2018:10:32:49 -0300] "POST /cormun/servlet/solicitudot?gx-no-cache=1519997521823 HTTP/1.1" 200 32
186.103.159.230 - - [02/Mar/2018:10:32:55 -0300] "POST /cormun/servlet/trsolicitudot?d66d745aa8b3c0252b9a547a80923fbf,gx-no-cache=1519997523610 HTTP/1.1" 200 4676
186.103.159.230 - - [02/Mar/2018:10:32:55 -0300] "GET /cormun/static/Shared/jqueryui/images/ui-bg_highlight-soft_100_c6c2c8_1x100.png HTTP/1.1" 404 1117
186.103.159.230 - - [02/Mar/2018:10:32:56 -0300] "GET /cormun/static/Shared/jqueryui/images/ui-icons_82798d_256x240.png HTTP/1.1" 404 1089
186.103.159.230 - - [02/Mar/2018:10:32:56 -0300] "GET /cormun/static/Shared/jqueryui/images/ui-icons_8d78a5_256x240.png HTTP/1.1" 404 1089
186.103.159.230 - - [02/Mar/2018:10:32:56 -0300] "GET /cormun/static/Shared/jqueryui/images/ui-bg_flat_55_fafafa_40x100.png HTTP/1.1" 404 1097
186.103.159.230 - - [02/Mar/2018:10:32:57 -0300] "POST /cormun/servlet/trsolicitudot?d66d745aa8b3c0252b9a547a80923fbf,gx-no-cache=1519997524694 HTTP/1.1" 200 4452
191.126.135.18 - - [02/Mar/2018:10:32:57 -0300] "POST /cormun/servlet/solicitudot?90b2941a572f5aed7e0a359eb62898c5,INS,0,0,,gx-no-cache=1519997527884 HTTP/1.1" 200 93
191.126.135.18 - - [02/Mar/2018:10:32:58 -0300] "GET /cormun/servlet/hpexe_return? HTTP/1.1" 200 1007
191.126.135.18 - - [02/Mar/2018:10:33:00 -0300] "GET /cormun/servlet/trsolicitudot HTTP/1.1" 200 25261
186.103.159.230 - - [02/Mar/2018:10:33:02 -0300] "GET /cormun/servlet/trautorizarsolicitud? HTTP/1.1" 200 8627
186.103.159.230 - - [02/Mar/2018:10:33:02 -0300] "GET /cormun/static/gxcfg.js?2017111423403364 HTTP/1.1" 200 953
186.103.159.230 - - [02/Mar/2018:10:33:02 -0300] "GET /cormun/static/trautorizarsolicitud.js?201711142340425 HTTP/1.1" 304 -
191.126.135.18 - - [02/Mar/2018:10:33:02 -0300] "GET /cormun/servlet/trsolicitudot HTTP/1.1" 200 25256
186.103.159.230 - - [02/Mar/2018:10:33:03 -0300] "GET /cormun/servlet/trautorizarsolicitud? HTTP/1.1" 200 8626
186.103.132.155 - - [02/Mar/2018:10:33:03 -0300] "POST /cormun/servlet/solicitudotadjuntos?28979128ae1404027bcaa7ad2c6380d4,INS,2018,9846,,1, HTTP/1.1" 200 116
186.103.132.155 - - [02/Mar/2018:10:33:03 -0300] "GET /cormun/servlet/hpexe_return? HTTP/1.1" 200 1028
186.103.132.155 - - [02/Mar/2018:10:33:06 -0300] "GET /cormun/servlet/trsolicitudadjuntos?2018,9846, HTTP/1.1" 200 9759
191.126.135.18 - - [02/Mar/2018:10:33:08 -0300] "POST /cormun/servlet/trsolicitudot?90b2941a572f5aed7e0a359eb62898c5,gx-no-cache=1519997536162 HTTP/1.1" 200 22467
191.126.135.18 - - [02/Mar/2018:10:33:09 -0300] "GET /cormun/static/Shared/jqueryui/images/ui-bg_highlight-soft_100_c6c2c8_1x100.png HTTP/1.1" 404 1117
191.126.135.18 - - [02/Mar/2018:10:33:09 -0300] "GET /cormun/static/Shared/jqueryui/images/ui-icons_82798d_256x240.png HTTP/1.1" 404 1089
191.126.135.18 - - [02/Mar/2018:10:33:09 -0300] "GET /cormun/static/Shared/jqueryui/images/ui-bg_flat_55_fafafa_40x100.png HTTP/1.1" 404 1097
191.126.135.18 - - [02/Mar/2018:10:33:09 -0300] "GET /cormun/static/Shared/jqueryui/images/ui-icons_8d78a5_256x240.png HTTP/1.1" 404 1089
186.103.132.155 - - [02/Mar/2018:10:33:09 -0300] "GET /cormun/servlet/trsolicitudadjuntos?2018,9846, HTTP/1.1" 200 9756
191.126.135.18 - - [02/Mar/2018:10:33:13 -0300] "POST /cormun/servlet/trsolicitudot?90b2941a572f5aed7e0a359eb62898c5,gx-no-cache=1519997541203 HTTP/1.1" 200 22404
191.126.135.18 - - [02/Mar/2018:10:33:19 -0300] "POST /cormun/servlet/trsolicitudot?90b2941a572f5aed7e0a359eb62898c5,gx-no-cache=1519997548448 HTTP/1.1" 200 22467
191.126.135.18 - - [02/Mar/2018:10:33:23 -0300] "POST /cormun/servlet/trsolicitudot?90b2941a572f5aed7e0a359eb62898c5,gx-no-cache=1519997552347 HTTP/1.1" 200 22404
186.103.161.206 - - [02/Mar/2018:10:33:25 -0300] "POST /cormun/servlet/trsolicitudadjuntos?28979128ae1404027bcaa7ad2c6380d4,2018,9846,,gx-no-cache=1519997550543 HTTP/1.1" 200 90
186.103.161.206 - - [02/Mar/2018:10:33:26 -0300] "GET /cormun/servlet/hpexe_link HTTP/1.1" 200 991
186.103.161.206 - - [02/Mar/2018:10:33:26 -0300] "GET /cormun/servlet/trsolicitudot?gx-no-cache=1519997082715 HTTP/1.1" 200 8774
186.103.161.206 - - [02/Mar/2018:10:33:28 -0300] "GET /cormun/servlet/trsolicitudot?gx-no-cache=1519997082715 HTTP/1.1" 200 8795
191.126.135.18 - - [02/Mar/2018:10:33:28 -0300] "POST /cormun/servlet/trsolicitudot?90b2941a572f5aed7e0a359eb62898c5,gx-no-cache=1519997557684 HTTP/1.1" 200 22459
191.126.135.18 - - [02/Mar/2018:10:33:32 -0300] "POST /cormun/servlet/trsolicitudot?90b2941a572f5aed7e0a359eb62898c5,gx-no-cache=1519997562003 HTTP/1.1" 200 22396
186.103.159.230 - - [02/Mar/2018:10:33:33 -0300] "POST /cormun/servlet/trautorizarsolicitud?d66d745aa8b3c0252b9a547a80923fbf,,gx-no-cache=1519997561545 HTTP/1.1" 200 4607
186.103.159.230 - - [02/Mar/2018:10:33:33 -0300] "GET /cormun/static/Shared/jqueryui/images/ui-bg_highlight-soft_100_c6c2c8_1x100.png HTTP/1.1" 404 1117
186.103.159.230 - - [02/Mar/2018:10:33:33 -0300] "GET /cormun/static/Shared/jqueryui/images/ui-bg_flat_55_fafafa_40x100.png HTTP/1.1" 404 1097
186.103.159.230 - - [02/Mar/2018:10:33:33 -0300] "GET /cormun/static/Shared/jqueryui/images/ui-icons_8d78a5_256x240.png HTTP/1.1" 404 1089
186.103.159.230 - - [02/Mar/2018:10:33:33 -0300] "GET /cormun/static/Shared/jqueryui/images/ui-icons_82798d_256x240.png HTTP/1.1" 404 1089
186.103.159.230 - - [02/Mar/2018:10:33:34 -0300] "POST /cormun/servlet/trautorizarsolicitud?d66d745aa8b3c0252b9a547a80923fbf,,gx-no-cache=1519997562384 HTTP/1.1" 200 4385
186.67.203.186 - - [02/Mar/2018:10:33:43 -0300] "POST /cormun/servlet/trsolicitudot?28979128ae1404027bcaa7ad2c6380d4,gx-no-cache=1519997082715,gx-no-cache=1519997569873 HTTP/1.1" 200 4684
190.151.100.218 - - [02/Mar/2018:10:33:44 -0300] "GET /cormun/static/Shared/jqueryui/images/ui-icons_82798d_256x240.png HTTP/1.1" 404 1089
200.111.122.170 - - [02/Mar/2018:10:33:44 -0300] "GET /cormun/static/Shared/jqueryui/images/ui-bg_flat_55_fafafa_40x100.png HTTP/1.1" 404 1097
186.67.203.186 - - [02/Mar/2018:10:33:44 -0300] "GET /cormun/static/Shared/jqueryui/images/ui-bg_highlight-soft_100_c6c2c8_1x100.png HTTP/1.1" 404 1117
186.67.203.186 - - [02/Mar/2018:10:33:44 -0300] "GET /cormun/static/Shared/jqueryui/images/ui-icons_8d78a5_256x240.png HTTP/1.1" 404 1089
200.111.122.170 - - [02/Mar/2018:10:33:44 -0300] "POST /cormun/servlet/trsolicitudot?28979128ae1404027bcaa7ad2c6380d4,gx-no-cache=1519997082715,gx-no-cache=1519997570924 HTTP/1.1" 200 4457
191.126.135.18 - - [02/Mar/2018:10:33:46 -0300] "GET /cormun/servlet/trautorizarsolicitud? HTTP/1.1" 200 9397
191.126.135.18 - - [02/Mar/2018:10:33:47 -0300] "GET /cormun/servlet/trautorizarsolicitud? HTTP/1.1" 200 9397
200.111.122.170 - - [02/Mar/2018:10:33:50 -0300] "GET /cormun/servlet/trautorizarsolicitud? HTTP/1.1" 200 8687
200.111.122.170 - - [02/Mar/2018:10:33:53 -0300] "GET /cormun/servlet/trautorizarsolicitud? HTTP/1.1" 200 8664
192.168.10.89 - - [02/Mar/2018:10:34:03 -0300] "POST /cormun/servlet/solicitudot?0c6c72cd3d6e60f2c450813ba3c5d4a5,INS,0,0,,gx-no-cache=1519997484481 HTTP/1.1" 200 93
192.168.10.89 - - [02/Mar/2018:10:34:04 -0300] "GET /cormun/servlet/hpexe_return? HTTP/1.1" 200 1008
192.168.10.89 - - [02/Mar/2018:10:34:04 -0300] "GET /cormun/servlet/trsolicitudot HTTP/1.1" 200 7477
192.168.10.89 - - [02/Mar/2018:10:34:05 -0300] "GET /cormun/servlet/hlogin HTTP/1.1" 200 1736
191.126.135.18 - - [02/Mar/2018:10:34:06 -0300] "POST /cormun/servlet/trautorizarsolicitud?90b2941a572f5aed7e0a359eb62898c5,,gx-no-cache=1519997597397 HTTP/1.1" 200 6184
191.126.135.18 - - [02/Mar/2018:10:34:06 -0300] "GET /cormun/static/Shared/jqueryui/images/ui-bg_highlight-soft_100_c6c2c8_1x100.png HTTP/1.1" 404 1117
191.126.135.18 - - [02/Mar/2018:10:34:06 -0300] "GET /cormun/static/Shared/jqueryui/images/ui-icons_82798d_256x240.png HTTP/1.1" 404 1089
191.126.135.18 - - [02/Mar/2018:10:34:06 -0300] "GET /cormun/static/Shared/jqueryui/images/ui-icons_8d78a5_256x240.png HTTP/1.1" 404 1089
191.126.135.18 - - [02/Mar/2018:10:34:06 -0300] "GET /cormun/static/Shared/jqueryui/images/ui-bg_flat_55_fafafa_40x100.png HTTP/1.1" 404 1097
191.126.135.18 - - [02/Mar/2018:10:34:07 -0300] "POST /cormun/servlet/trautorizarsolicitud?90b2941a572f5aed7e0a359eb62898c5,,gx-no-cache=1519997598552 HTTP/1.1" 200 6128
191.126.135.18 - - [02/Mar/2018:10:34:09 -0300] "POST /cormun/servlet/trautorizarsolicitud?90b2941a572f5aed7e0a359eb62898c5,,gx-no-cache=1519997601047 HTTP/1.1" 200 5867
191.126.135.18 - - [02/Mar/2018:10:34:10 -0300] "POST /cormun/servlet/trautorizarsolicitud?90b2941a572f5aed7e0a359eb62898c5,,gx-no-cache=1519997602024 HTTP/1.1" 200 5814
186.103.161.206 - - [02/Mar/2018:10:34:11 -0300] "POST /cormun/servlet/trautorizarsolicitud?28979128ae1404027bcaa7ad2c6380d4,,gx-no-cache=1519997597532 HTTP/1.1" 200 6270
186.103.161.206 - - [02/Mar/2018:10:34:11 -0300] "GET /cormun/static/Shared/jqueryui/images/ui-bg_highlight-soft_100_c6c2c8_1x100.png HTTP/1.1" 404 1117
200.111.122.170 - - [02/Mar/2018:10:34:11 -0300] "GET /cormun/static/Shared/jqueryui/images/ui-icons_82798d_256x240.png HTTP/1.1" 404 1089
200.111.122.170 - - [02/Mar/2018:10:34:11 -0300] "GET /cormun/static/Shared/jqueryui/images/ui-icons_8d78a5_256x240.png HTTP/1.1" 404 1089
190.151.100.218 - - [02/Mar/2018:10:34:11 -0300] "GET /cormun/static/Shared/jqueryui/images/ui-bg_flat_55_fafafa_40x100.png HTTP/1.1" 404 1097
186.103.161.206 - - [02/Mar/2018:10:34:12 -0300] "POST /cormun/servlet/trautorizarsolicitud?28979128ae1404027bcaa7ad2c6380d4,,gx-no-cache=1519997598749 HTTP/1.1" 200 6217
191.126.135.18 - - [02/Mar/2018:10:34:13 -0300] "POST /cormun/servlet/trautorizarsolicitud?90b2941a572f5aed7e0a359eb62898c5,,gx-no-cache=1519997604629 HTTP/1.1" 200 4651
191.126.135.18 - - [02/Mar/2018:10:34:14 -0300] "POST /cormun/servlet/trautorizarsolicitud?90b2941a572f5aed7e0a359eb62898c5,,gx-no-cache=1519997605704 HTTP/1.1" 200 4390
200.111.122.170 - - [02/Mar/2018:10:34:21 -0300] "GET /cormun/servlet/veautorizarsolicitud?2018,9846,, HTTP/1.1" 200 8555
186.103.161.206 - - [02/Mar/2018:10:34:40 -0300] "GET /cormun/pexe_scrolldiv.js HTTP/1.1" 404 1009
186.103.159.182 - - [02/Mar/2018:10:34:46 -0300] "POST /cormun/servlet/trcontratounov2?852ac5cfe8fd3997708860764817f70e,,gx-no-cache=1519997634358 HTTP/1.1" 200 16737
186.103.159.182 - - [02/Mar/2018:10:34:56 -0300] "GET /cormun/servlet/trsolicitudot? HTTP/1.1" 200 7471
186.103.159.182 - - [02/Mar/2018:10:34:58 -0300] "GET /cormun/servlet/trsolicitudot? HTTP/1.1" 200 7470
186.103.159.182 - - [02/Mar/2018:10:35:07 -0300] "GET /cormun/servlet/solicitudot?INS,0,0, HTTP/1.1" 200 13710
186.103.159.182 - - [02/Mar/2018:10:35:09 -0300] "GET /cormun/servlet/solicitudot?INS,0,0, HTTP/1.1" 200 13715
192.168.10.89 - - [02/Mar/2018:10:35:10 -0300] "POST /cormun/servlet/hlogin?0c6c72cd3d6e60f2c450813ba3c5d4a5,gx-no-cache=1519997551343 HTTP/1.1" 200 90
192.168.10.89 - - [02/Mar/2018:10:35:10 -0300] "GET /cormun/servlet/hpexe_link HTTP/1.1" 200 952
192.168.10.89 - - [02/Mar/2018:10:35:10 -0300] "GET /cormun/servlet/hhome HTTP/1.1" 200 4921
186.103.159.182 - - [02/Mar/2018:10:35:22 -0300] "POST /cormun/servlet/solicitudot?gx-no-cache=1519997674830 HTTP/1.1" 200 3402
186.103.159.182 - - [02/Mar/2018:10:35:24 -0300] "POST /cormun/servlet/solicitudot?852ac5cfe8fd3997708860764817f70e,INS,0,0,,gx-no-cache=1519997676115 HTTP/1.1" 200 10584
200.111.122.170 - - [02/Mar/2018:10:35:59 -0300] "GET /cormun/servlet/trautorizarsolicitud? HTTP/1.1" 200 7336
200.111.122.170 - - [02/Mar/2018:10:36:01 -0300] "GET /cormun/servlet/trautorizarsolicitud? HTTP/1.1" 200 7313
200.111.122.170 - - [02/Mar/2018:10:36:14 -0300] "POST /cormun/servlet/trautorizarsolicitud?28979128ae1404027bcaa7ad2c6380d4,,gx-no-cache=1519997719707 HTTP/1.1" 200 6240
200.111.122.170 - - [02/Mar/2018:10:36:19 -0300] "GET /cormun/servlet/veautorizarsolicitud?2018,9846,, HTTP/1.1" 200 8555
200.111.122.170 - - [02/Mar/2018:10:36:19 -0300] "GET /cormun/pexe_scrolldiv.js HTTP/1.1" 404 1009
200.111.122.170 - - [02/Mar/2018:10:36:21 -0300] "GET /cormun/servlet/veautorizarsolicitud?2018,9846,, HTTP/1.1" 200 8553
192.168.10.96 - - [02/Mar/2018:10:36:26 -0300] "POST /cormun/servlet/trsolicitudgral?1d4ff14942b899bacd8d75544af79f57,,gx-no-cache=1519997626415 HTTP/1.1" 200 9552
200.72.197.82 - - [02/Mar/2018:10:37:08 -0300] "POST /cormun/servlet/veautorizarsolicitud?28979128ae1404027bcaa7ad2c6380d4,2018,9846,,,gx-no-cache=1519997774073 HTTP/1.1" 200 93
200.72.197.82 - - [02/Mar/2018:10:37:08 -0300] "GET /cormun/servlet/hpexe_return? HTTP/1.1" 200 1021
200.72.197.82 - - [02/Mar/2018:10:37:09 -0300] "GET /cormun/servlet/trautorizarsolicitud? HTTP/1.1" 200 9121
200.72.197.82 - - [02/Mar/2018:10:37:11 -0300] "GET /cormun/servlet/trautorizarsolicitud? HTTP/1.1" 200 9118
186.103.159.182 - - [02/Mar/2018:10:37:16 -0300] "GET /cormun/servlet/solicitudot?84aa55ca08e417ca661d9024664117e93c7e88798d7241483aab624bac8cae9cc2ee828d02bc586c5af38802c16e3f3b,gx-no-cache=1519997789438 HTTP/1.1" 200 30
186.103.159.182 - - [02/Mar/2018:10:37:16 -0300] "GET /cormun/servlet/solicitudot?84aa55ca08e417ca661d9024664117e99fb8864244ee00341d091e3b830b5a6806e1513921659cef0846fdff8c47de91,gx-no-cache=1519997789694 HTTP/1.1" 200 30
186.103.159.182 - - [02/Mar/2018:10:37:16 -0300] "GET /cormun/servlet/solicitudot?84aa55ca08e417ca661d9024664117e9a33d49ef5a875761a9da6ed6dda7456e,gx-no-cache=1519997790206 HTTP/1.1" 200 51
186.103.159.182 - - [02/Mar/2018:10:37:17 -0300] "POST /cormun/servlet/solicitudot?gx-no-cache=1519997790349 HTTP/1.1" 200 255
186.103.161.206 - - [02/Mar/2018:10:37:17 -0300] "GET /cormun/servlet/hlogin HTTP/1.1" 200 1743
186.103.159.46 - - [02/Mar/2018:10:37:36 -0300] "GET /cormun/servlet/solicitudot?INS,0,0, HTTP/1.1" 200 13405
186.103.159.182 - - [02/Mar/2018:10:37:36 -0300] "GET /cormun/servlet/solicitudot?84aa55ca08e417ca661d9024664117e99be7bf914761627d97b15ebdec1d88c7b61530a178f4748a5bccf19d5f24203c2ab542c0ac2e4519fcd122e6eda33b33f7baaa4d84486052d6a1b5ec05be1456f32d7f2ffd33bfdb73c81f50f9e94e5839c66e8c1f603a0fcfa98e5c9da03013101b08b7e7ea3ed907cd4237fba1cf5084ffe1f71b72f0111bd2ccec7c7192858faed37eca00ddb792821fe8235d6273db389129671eb2aac72f529adb01f85a90e3efd757de8d4f2005f28c80b94cecc13f49d28bef12712095950180199f926241661db33951095cba4735d79c662b87347549abdc7339c78747e4e2ebba91294afeb2954e5dab8200cd5d26962b3a4a5f3da62214df29162318534eceb24f1104e45b3c866c685eddc59a5d5bf44ff8a3d872676087c346e5e15dff2f368aa942e8051f2e70d2848a3e5b621d74412857eaae3ae759484c83ba6db29d713b6835602ee9f85992afaab838dff5656d2447ba15c63c11767d8570dd1cd85afd06246aa7c0c629673b7979bab0c9c6ed,gx-no-cache=1519997790500 HTTP/1.1" 200 30
186.103.159.46 - - [02/Mar/2018:10:37:39 -0300] "GET /cormun/servlet/solicitudot?INS,0,0, HTTP/1.1" 200 13410
186.103.159.182 - - [02/Mar/2018:10:37:40 -0300] "POST /cormun/servlet/solicitudot?gx-no-cache=1519997813368 HTTP/1.1" 200 30
186.103.159.182 - - [02/Mar/2018:10:37:45 -0300] "POST /cormun/servlet/solicitudot?gx-no-cache=1519997818692 HTTP/1.1" 200 1337
186.103.159.182 - - [02/Mar/2018:10:37:45 -0300] "POST /cormun/servlet/solicitudot?gx-no-cache=1519997818928 HTTP/1.1" 200 38
186.103.159.46 - - [02/Mar/2018:10:37:50 -0300] "POST /cormun/servlet/solicitudot?gx-no-cache=1519997821727 HTTP/1.1" 200 3293
186.103.159.46 - - [02/Mar/2018:10:37:52 -0300] "POST /cormun/servlet/solicitudot?7acd2dcdd00efe25ca2a737af88cbb05,INS,0,0,,gx-no-cache=1519997822858 HTTP/1.1" 200 10248
186.103.159.46 - - [02/Mar/2018:10:37:55 -0300] "GET /cormun/servlet/solicitudot?7f039c20466c91efbcbc463eee7aafc0174b491858a1dc05a6dc5ba0edeac49fa6a9e942f062f7e9fe91f1d25807c7c4,gx-no-cache=1519997827205 HTTP/1.1" 200 111
186.103.159.46 - - [02/Mar/2018:10:37:55 -0300] "GET /cormun/static/Shared/jqueryui/images/ui-bg_highlight-soft_100_c6c2c8_1x100.png HTTP/1.1" 404 1117
186.103.159.46 - - [02/Mar/2018:10:37:55 -0300] "GET /cormun/static/Shared/jqueryui/images/ui-icons_82798d_256x240.png HTTP/1.1" 404 1089
186.103.159.46 - - [02/Mar/2018:10:37:55 -0300] "GET /cormun/static/Shared/jqueryui/images/ui-icons_ebccce_256x240.png HTTP/1.1" 404 1089
186.103.159.46 - - [02/Mar/2018:10:37:55 -0300] "GET /cormun/static/Shared/jqueryui/images/ui-bg_flat_55_994d53_40x100.png HTTP/1.1" 404 1097
192.168.10.96 - - [02/Mar/2018:10:38:06 -0300] "POST /cormun/servlet/trsolicitudgral?1d4ff14942b899bacd8d75544af79f57,,gx-no-cache=1519997725823 HTTP/1.1" 200 15921
186.103.159.46 - - [02/Mar/2018:10:38:10 -0300] "POST /cormun/servlet/solicitudot?gx-no-cache=1519997841586 HTTP/1.1" 200 3435
186.103.159.46 - - [02/Mar/2018:10:38:10 -0300] "GET /cormun/servlet/solicitudot?7f039c20466c91efbcbc463eee7aafc09d0f47be718adf7ae21ac1bb4a7b20c34169d394d6ad6dcc731875c0a87dc112,gx-no-cache=1519997842298 HTTP/1.1" 200 30
186.103.159.46 - - [02/Mar/2018:10:38:25 -0300] "GET /cormun/servlet/prfichaempleado?,MD,,gxPopupLevel%3D0%3B HTTP/1.1" 200 9304
186.103.159.46 - - [02/Mar/2018:10:38:25 -0300] "GET /cormun/static/gxcfg.js?20177612134814 HTTP/1.1" 200 953
186.103.159.46 - - [02/Mar/2018:10:38:26 -0300] "GET /cormun/static/prfichaempleado.js?20177612134999 HTTP/1.1" 200 16006
186.103.159.46 - - [02/Mar/2018:10:38:28 -0300] "GET /cormun/servlet/solicitudot?INS,0,0, HTTP/1.1" 200 13405
186.103.159.46 - - [02/Mar/2018:10:38:31 -0300] "GET /cormun/servlet/solicitudot?INS,0,0, HTTP/1.1" 200 13410
186.103.159.46 - - [02/Mar/2018:10:38:32 -0300] "GET /favicon.ico HTTP/1.1" 200 21630
186.103.159.46 - - [02/Mar/2018:10:39:02 -0300] "POST /cormun/servlet/solicitudot?gx-no-cache=1519997893977 HTTP/1.1" 200 3435
186.103.159.46 - - [02/Mar/2018:10:39:02 -0300] "GET /cormun/static/Shared/jqueryui/images/ui-bg_highlight-soft_100_c6c2c8_1x100.png HTTP/1.1" 404 1117
186.103.159.46 - - [02/Mar/2018:10:39:02 -0300] "GET /cormun/static/Shared/jqueryui/images/ui-icons_82798d_256x240.png HTTP/1.1" 404 1089
186.103.159.46 - - [02/Mar/2018:10:39:02 -0300] "GET /cormun/static/Shared/jqueryui/images/ui-bg_flat_55_994d53_40x100.png HTTP/1.1" 404 1097
186.103.159.46 - - [02/Mar/2018:10:39:02 -0300] "GET /cormun/static/Shared/jqueryui/images/ui-icons_ebccce_256x240.png HTTP/1.1" 404 1089
186.103.159.182 - - [02/Mar/2018:10:39:04 -0300] "GET /cormun/servlet/solicitudot?84aa55ca08e417ca661d9024664117e90dda5f27f2d5ce36e59da2717d65b57118e5e03fa57423f19b5f1d92dd576973f5c89fae4926706230b877d4f7f063337f82a50b099081e04b123d5c7fd0ef555b74deab626fd08f3edaae3ff38254c9bf281a98f1b1ddd3a6909e7619ece89e9033f0c4ce4c2de9bc1e1282472b3cac7f59b58101d565588478c403f5d0d5bdeb902af30240774c1de9ab4443777ad1,gx-no-cache=1519997897615 HTTP/1.1" 200 29
186.103.159.182 - - [02/Mar/2018:10:39:04 -0300] "POST /cormun/servlet/solicitudot?gx-no-cache=1519997897768 HTTP/1.1" 200 1319
186.103.159.182 - - [02/Mar/2018:10:39:04 -0300] "POST /cormun/servlet/solicitudot?gx-no-cache=1519997898052 HTTP/1.1" 200 1219
186.103.159.182 - - [02/Mar/2018:10:39:04 -0300] "GET /cormun/static/menuarrow.gif HTTP/1.1" 404 1015
186.103.159.46 - - [02/Mar/2018:10:39:05 -0300] "GET /cormun/servlet/solicitudot?7f039c20466c91efbcbc463eee7aafc09d0f47be718adf7ae21ac1bb4a7b20c34169d394d6ad6dcc731875c0a87dc112,gx-no-cache=1519997897392 HTTP/1.1" 200 30
186.103.159.182 - - [02/Mar/2018:10:39:07 -0300] "POST /cormun/servlet/solicitudot?gx-no-cache=1519997899855 HTTP/1.1" 200 1319
186.103.159.182 - - [02/Mar/2018:10:39:07 -0300] "POST /cormun/servlet/solicitudot?gx-no-cache=1519997900550 HTTP/1.1" 200 1219
186.103.159.182 - - [02/Mar/2018:10:39:09 -0300] "GET /cormun/servlet/solicitudot?84aa55ca08e417ca661d9024664117e929028debc1dbd85e8c07598f9dfda7637b92da9a9a73de2f50f8a204c59c0c39,gx-no-cache=1519997902929 HTTP/1.1" 200 30
186.103.159.182 - - [02/Mar/2018:10:39:27 -0300] "POST /cormun/servlet/solicitudot?gx-no-cache=1519997920451 HTTP/1.1" 200 30
200.112.3.74 - - [02/Mar/2018:10:40:18 -0300] "GET /cormun/servlet/trfichaempleado? HTTP/1.1" 200 12736
186.103.159.46 - - [02/Mar/2018:10:41:06 -0300] "GET /cormun/servlet/solicitudot?7f039c20466c91efbcbc463eee7aafc01c86377b1b6b239412b84592b9b8f5f2dc7b3d855c1e0f96e7b87a797915c8a7,gx-no-cache=1519998018433 HTTP/1.1" 200 30
186.103.159.46 - - [02/Mar/2018:10:41:08 -0300] "GET /cormun/servlet/prbanco?,MD,,gxPopupLevel%3D0%3B HTTP/1.1" 200 6586
186.67.203.186 - - [02/Mar/2018:10:41:16 -0300] "POST /cormun/servlet/hlogin?28979128ae1404027bcaa7ad2c6380d4,gx-no-cache=1519998023045 HTTP/1.1" 200 90
186.67.203.186 - - [02/Mar/2018:10:41:16 -0300] "GET /cormun/servlet/hpexe_link HTTP/1.1" 200 965
186.67.203.186 - - [02/Mar/2018:10:41:17 -0300] "GET /cormun/servlet/trautorizarsolicitud HTTP/1.1" 200 9119
186.67.203.186 - - [02/Mar/2018:10:41:20 -0300] "GET /cormun/servlet/trautorizarsolicitud HTTP/1.1" 200 9118
190.46.88.54 - - [02/Mar/2018:10:41:24 -0300] "GET /cormun/servlet/hlogin HTTP/1.1" 200 1728
190.46.88.54 - - [02/Mar/2018:10:41:24 -0300] "GET /cormun/static/gxcfg.js?20175251213516 HTTP/1.1" 304 -
190.46.88.54 - - [02/Mar/2018:10:41:24 -0300] "GET /cormun/static/messages.spa.js?85251 HTTP/1.1" 304 -
190.46.88.54 - - [02/Mar/2018:10:41:24 -0300] "GET /cormun/servlet/hlogin HTTP/1.1" 200 1732
186.103.159.46 - - [02/Mar/2018:10:41:31 -0300] "GET /cormun/servlet/solicitudot?7f039c20466c91efbcbc463eee7aafc0d67c49dbdfead9103b17db241adb4bd0,gx-no-cache=1519998043765 HTTP/1.1" 200 53
190.46.88.54 - - [02/Mar/2018:10:41:37 -0300] "POST /cormun/servlet/hlogin?ae8d962de734bb5ce2102438cc68d660,gx-no-cache=1519999285158 HTTP/1.1" 200 90
190.46.88.54 - - [02/Mar/2018:10:41:37 -0300] "GET /cormun/servlet/hpexe_link HTTP/1.1" 200 954
190.46.88.54 - - [02/Mar/2018:10:41:37 -0300] "GET /cormun/static/gxcfg.js?20177612121792 HTTP/1.1" 304 -
190.46.88.54 - - [02/Mar/2018:10:41:37 -0300] "GET /cormun/servlet/hhome HTTP/1.1" 200 4194
190.46.88.54 - - [02/Mar/2018:10:41:38 -0300] "GET /cormun/static/gxcfg.js?20175251212442 HTTP/1.1" 304 -
190.46.88.54 - - [02/Mar/2018:10:41:39 -0300] "GET /cormun/servlet/hhome HTTP/1.1" 200 4190
200.72.197.82 - - [02/Mar/2018:10:41:39 -0300] "POST /cormun/servlet/trautorizarsolicitud?28979128ae1404027bcaa7ad2c6380d4,gx-no-cache=1519998044315 HTTP/1.1" 200 110
200.72.197.82 - - [02/Mar/2018:10:41:39 -0300] "GET /cormun/AutorizarSolicitud-1817.xls HTTP/1.1" 200 5632
186.103.159.46 - - [02/Mar/2018:10:41:47 -0300] "GET /cormun/servlet/solicitudot?7f039c20466c91efbcbc463eee7aafc0bb2f835938261e05b8db3b06f79a20b2ef302a12aa8e2d4f486c9b13c4c75a571fbd3bf7cd35170c18aa72ccc3ed2bd79e0ea7931df8a2d6806963248dfa726094862e2d87fddf7c70fca7ecf67c253fe8a43e310539fb6954ce01044e9f449bcb76d8bfa2431bd7b4da8331c090c569957d6bb032fb1b764b41a010b37da0a518c061ad86e5cf01ac341c7bb045efa372035e926b9e7fe0168a6b6c82a9c7237a46c5f8b7e60c44a29ba4f8ba71b5b5c95472e7bb350d64ef301bba366126b9f2e4a9434a04977e73b34aec85f6641204f6a94f7b0d0a63c6b533be37447e19f1593d6aba273522d4f9d198d6ad2b1821dbdaa64628c8321b7ce5da6530cf7b1f399fc10a7e1f908df59d834f07cdf121f3f517f6d9da04a9633c3257acbeca278ab29fca2e30ce728634229aba0288973aa3a3277d41c453e98b116083aa27,gx-no-cache=1519998058836 HTTP/1.1" 200 297
186.103.159.46 - - [02/Mar/2018:10:41:50 -0300] "GET /cormun/servlet/solicitudot?7f039c20466c91efbcbc463eee7aafc07dd747bd6c68d65e030abfa7347f45d65939473e44e97293147f7711f889328c75b847df9cbba53dbd174cd8fffe62dcfde404f82537ad92aa73b4b12cc3910b57c6d9daa35931ced71b0de7a7361bdf9f83a340d3b95050333536d704f94b1b853e49a3a4f7ca83d83a3a4cf4aeba51458f7295233b7aebc4910230ad5393630bf5185425721475c2b9f93d7aa29b933e24d487bf88f0e701c564cd5640e9e861a0c4b243a0a3e1e5d5a74f42eaea5b1e4d7928f670a8b24eb11a19a7c40dfa861cb1760fe200d27021a97d2fc9090b66302f680d4860d5245c5214ac9fe7aa54ab87c28a5eef5c95e3aad911f246bfa4dd457ab9ba69b89add736d129a1f4e8644e5dff76ff501751cb9327357def05c41a57996408462af50f295b36e11ecc8f5e21d061b53084418d206cebbad83e86605d1166d41f31e9229986c265c72bc2bccfd17987ddaa764d1de0dc3048570f36828bc40e4bfb19253d4c089cd434f3a23437fb5441997bd86768d5024b81a8ced0fdf5d656d775befa14353d090,gx-no-cache=1519998062584 HTTP/1.1" 200 30
186.103.132.155 - - [02/Mar/2018:10:41:52 -0300] "GET /cormun/servlet/hlogin HTTP/1.1" 200 1721
186.103.132.155 - - [02/Mar/2018:10:41:52 -0300] "GET /cormun/static/gxcfg.js?20175251213516 HTTP/1.1" 304 -
186.103.132.155 - - [02/Mar/2018:10:41:52 -0300] "GET /cormun/static/messages.spa.js?85251 HTTP/1.1" 304 -
186.103.159.46 - - [02/Mar/2018:10:41:52 -0300] "POST /cormun/servlet/solicitudot?gx-no-cache=1519998064399 HTTP/1.1" 200 30
186.103.132.155 - - [02/Mar/2018:10:41:52 -0300] "GET /cormun/servlet/hlogin HTTP/1.1" 200 1730
186.103.159.46 - - [02/Mar/2018:10:41:53 -0300] "POST /cormun/servlet/solicitudot?gx-no-cache=1519998065524 HTTP/1.1" 200 1331
186.103.159.46 - - [02/Mar/2018:10:41:53 -0300] "POST /cormun/servlet/solicitudot?gx-no-cache=1519998065771 HTTP/1.1" 200 38
200.111.122.170 - - [02/Mar/2018:10:42:01 -0300] "GET /cormun/servlet/trsolicitudot? HTTP/1.1" 200 7410
200.111.122.170 - - [02/Mar/2018:10:42:05 -0300] "GET /cormun/servlet/trsolicitudot? HTTP/1.1" 200 7409
200.111.122.170 - - [02/Mar/2018:10:42:11 -0300] "GET /cormun/servlet/solicitudot?INS,0,0, HTTP/1.1" 200 13649
200.111.122.170 - - [02/Mar/2018:10:42:12 -0300] "POST /cormun/servlet/hlogin?44e678cb187b443e56297eee994b6019,gx-no-cache=1519998084729 HTTP/1.1" 200 90
200.111.122.170 - - [02/Mar/2018:10:42:12 -0300] "GET /cormun/servlet/hpexe_link HTTP/1.1" 200 952
200.111.122.170 - - [02/Mar/2018:10:42:13 -0300] "GET /cormun/static/gxcfg.js?20177612121792 HTTP/1.1" 304 -
200.111.122.170 - - [02/Mar/2018:10:42:13 -0300] "GET /cormun/servlet/hhome HTTP/1.1" 200 4199
200.111.122.170 - - [02/Mar/2018:10:42:13 -0300] "GET /cormun/static/gxcfg.js?20175251212442 HTTP/1.1" 304 -
200.111.122.170 - - [02/Mar/2018:10:42:14 -0300] "GET /cormun/servlet/hhome HTTP/1.1" 200 4196
200.111.122.170 - - [02/Mar/2018:10:42:18 -0300] "GET /cormun/servlet/solicitudot?INS,0,0, HTTP/1.1" 200 13654
186.103.159.46 - - [02/Mar/2018:10:42:43 -0300] "GET /cormun/servlet/solicitudot?7f039c20466c91efbcbc463eee7aafc096cd523d5a03e4dc3056119a05743f85f1593d6aba273522d4f9d198d6ad2b1821dbdaa64628c8321b7ce5da6530cf7b11fce315c52eec754863eadf242e5f83,gx-no-cache=1519998115230 HTTP/1.1" 200 29
186.103.159.46 - - [02/Mar/2018:10:42:43 -0300] "POST /cormun/servlet/solicitudot?gx-no-cache=1519998115406 HTTP/1.1" 200 1318
186.103.159.46 - - [02/Mar/2018:10:42:43 -0300] "POST /cormun/servlet/solicitudot?gx-no-cache=1519998115700 HTTP/1.1" 200 1215
190.46.88.54 - - [02/Mar/2018:10:42:47 -0300] "GET /cormun/servlet/trsolicitudot? HTTP/1.1" 200 7410
190.46.88.54 - - [02/Mar/2018:10:42:47 -0300] "GET /cormun/static/calendar-system.css?85620 HTTP/1.1" 200 5572
190.46.88.54 - - [02/Mar/2018:10:42:47 -0300] "GET /cormun/static/gxui/gxui-all.css?120300 HTTP/1.1" 200 2179
190.46.88.54 - - [02/Mar/2018:10:42:47 -0300] "GET /cormun/static/gxcfg.js?2017111422585916 HTTP/1.1" 200 953
190.46.88.54 - - [02/Mar/2018:10:42:47 -0300] "GET /cormun/static/Resources/Spanish/PXTools.css?1255365 HTTP/1.1" 200 89042
190.46.88.54 - - [02/Mar/2018:10:42:47 -0300] "GET /cormun/static/trsolicitudot.js?201711142259839 HTTP/1.1" 200 54041
190.46.88.54 - - [02/Mar/2018:10:42:49 -0300] "GET /cormun/static/Shared/ext/resources/css/ext-all.css?215870 HTTP/1.1" 200 416045
190.46.88.54 - - [02/Mar/2018:10:42:50 -0300] "GET /cormun/static/Shared/ext/resources/themes/images/default/panel/bg-headersPanel.png HTTP/1.1" 200 255
190.46.88.54 - - [02/Mar/2018:10:42:50 -0300] "GET /cormun/static/Shared/ext/resources/themes/images/default/tools/tool-sprites.gif HTTP/1.1" 200 5434
190.46.88.54 - - [02/Mar/2018:10:42:50 -0300] "GET /cormun/servlet/trsolicitudot? HTTP/1.1" 200 7410
192.168.10.96 - - [02/Mar/2018:10:42:53 -0300] "POST /cormun/servlet/trsolicitudgral?1d4ff14942b899bacd8d75544af79f57,,gx-no-cache=1519998012157 HTTP/1.1" 200 14196
190.46.88.54 - - [02/Mar/2018:10:42:54 -0300] "GET /cormun/servlet/solicitudot?INS,0,0, HTTP/1.1" 200 13647
190.46.88.54 - - [02/Mar/2018:10:42:54 -0300] "GET /cormun/static/gxcfg.js?201812313224582 HTTP/1.1" 200 953
190.46.88.54 - - [02/Mar/2018:10:42:54 -0300] "GET /cormun/static/Resources/prompt.gif HTTP/1.1" 200 902
190.46.88.54 - - [02/Mar/2018:10:42:54 -0300] "GET /cormun/static/solicitudot.js?201812313224831 HTTP/1.1" 200 72336
190.46.88.54 - - [02/Mar/2018:10:42:55 -0300] "GET /cormun/servlet/solicitudot?INS,0,0, HTTP/1.1" 200 13652
190.46.88.54 - - [02/Mar/2018:10:42:59 -0300] "GET /cormun/static/Resources/resize.gif HTTP/1.1" 200 77
192.168.10.96 - - [02/Mar/2018:10:43:02 -0300] "POST /cormun/servlet/trsolicitudgral?1d4ff14942b899bacd8d75544af79f57,,gx-no-cache=1519998022406 HTTP/1.1" 200 7300
190.46.88.54 - - [02/Mar/2018:10:43:08 -0300] "GET /cormun/servlet/prfichaempleado?,MD,,gxPopupLevel%3D0%3B HTTP/1.1" 200 9358
190.46.88.54 - - [02/Mar/2018:10:43:08 -0300] "GET /cormun/static/gxcfg.js?20177612134814 HTTP/1.1" 200 953
190.46.88.54 - - [02/Mar/2018:10:43:08 -0300] "GET /cormun/static/prfichaempleado.js?20177612134999 HTTP/1.1" 200 16006
190.46.88.54 - - [02/Mar/2018:10:43:08 -0300] "GET /cormun/static/menusearch.js?201610171694467 HTTP/1.1" 200 1424
190.46.88.54 - - [02/Mar/2018:10:43:08 -0300] "GET /cormun/static/Resources/PXToolsMenuSearchCancel.png HTTP/1.1" 200 2972
190.46.88.54 - - [02/Mar/2018:10:43:08 -0300] "GET /cormun/static/hmpwkw011.js?20177612121862 HTTP/1.1" 200 1968
190.46.88.54 - - [02/Mar/2018:10:43:08 -0300] "GET /cormun/static/Resources/PXToolsMenuSearch.png HTTP/1.1" 200 2914
190.46.88.54 - - [02/Mar/2018:10:43:20 -0300] "POST /cormun/servlet/prfichaempleado?ae8d962de734bb5ce2102438cc68d660,,MD,,gxPopupLevel%3D0%3B,gx-no-cache=1519999387788 HTTP/1.1" 200 3189
200.86.99.60 - - [02/Mar/2018:10:43:23 -0300] "GET /cormun/servlet/hlogin HTTP/1.1" 200 1720
200.86.99.60 - - [02/Mar/2018:10:43:23 -0300] "GET /cormun/static/Resources/Spanish/PXTools.css?11423723 HTTP/1.1" 304 -
200.86.99.60 - - [02/Mar/2018:10:43:23 -0300] "GET /cormun/static/hlogin.js?20175251213537 HTTP/1.1" 304 -
192.168.10.96 - - [02/Mar/2018:10:43:24 -0300] "POST /cormun/servlet/trsolicitudgral?1d4ff14942b899bacd8d75544af79f57,,gx-no-cache=1519998044876 HTTP/1.1" 200 9711
200.86.99.60 - - [02/Mar/2018:10:43:26 -0300] "POST /cormun/servlet/hlogin?6acb97b95af9852b6c171061f052c44c,gx-no-cache=1519998158672 HTTP/1.1" 200 90
200.86.99.60 - - [02/Mar/2018:10:43:26 -0300] "GET /cormun/servlet/hpexe_link HTTP/1.1" 200 951
200.86.99.60 - - [02/Mar/2018:10:43:26 -0300] "GET /cormun/static/Resources/Spanish/PXTools.css?1155365 HTTP/1.1" 304 -
200.86.99.60 - - [02/Mar/2018:10:43:26 -0300] "GET /cormun/static/hpexe_link.js?20177612121795 HTTP/1.1" 304 -
200.86.99.60 - - [02/Mar/2018:10:43:26 -0300] "GET /cormun/servlet/hhome HTTP/1.1" 200 4147
200.86.99.60 - - [02/Mar/2018:10:43:27 -0300] "GET /cormun/static/hwchdr01.js?201752511465785 HTTP/1.1" 304 -
200.86.99.60 - - [02/Mar/2018:10:43:27 -0300] "GET /cormun/static/hpexe_recentlink.js?20177611595044 HTTP/1.1" 304 -
200.86.99.60 - - [02/Mar/2018:10:43:27 -0300] "GET /cormun/static/hpexe_scripts.js?201752511465715 HTTP/1.1" 304 -
200.86.99.60 - - [02/Mar/2018:10:43:27 -0300] "GET /cormun/static/cmcontrolpreferences.js?201752511465670 HTTP/1.1" 304 -
200.86.99.60 - - [02/Mar/2018:10:43:27 -0300] "GET /cormun/static/hmpwkw03.js?20177612122668 HTTP/1.1" 304 -
200.86.99.60 - - [02/Mar/2018:10:43:28 -0300] "GET /cormun/servlet/hhome HTTP/1.1" 200 4143
192.168.10.96 - - [02/Mar/2018:10:43:31 -0300] "POST /cormun/servlet/trsolicitudgral?1d4ff14942b899bacd8d75544af79f57,,gx-no-cache=1519998051140 HTTP/1.1" 200 14196
200.86.99.60 - - [02/Mar/2018:10:43:33 -0300] "GET /cormun/servlet/trcontratosolicitud? HTTP/1.1" 200 11172
200.86.99.60 - - [02/Mar/2018:10:43:35 -0300] "GET /cormun/servlet/trcontratosolicitud? HTTP/1.1" 200 11215
192.168.10.96 - - [02/Mar/2018:10:43:38 -0300] "POST /cormun/servlet/trsolicitudgral?1d4ff14942b899bacd8d75544af79f57,,gx-no-cache=1519998059061 HTTP/1.1" 200 9599
192.168.10.96 - - [02/Mar/2018:10:43:46 -0300] "POST /cormun/servlet/trsolicitudgral?1d4ff14942b899bacd8d75544af79f57,,gx-no-cache=1519998065288 HTTP/1.1" 200 23189
186.103.159.182 - - [02/Mar/2018:10:44:14 -0300] "POST /cormun/servlet/solicitudot?852ac5cfe8fd3997708860764817f70e,INS,0,0,,gx-no-cache=1519998205761 HTTP/1.1" 200 93
186.103.159.182 - - [02/Mar/2018:10:44:14 -0300] "GET /cormun/servlet/hpexe_return? HTTP/1.1" 200 1012
186.103.159.182 - - [02/Mar/2018:10:44:15 -0300] "GET /cormun/servlet/trsolicitudot HTTP/1.1" 200 8848
186.103.159.182 - - [02/Mar/2018:10:44:17 -0300] "GET /cormun/servlet/trsolicitudot HTTP/1.1" 200 8844
186.103.159.46 - - [02/Mar/2018:10:44:51 -0300] "GET /cormun/servlet/solicitudot?7f039c20466c91efbcbc463eee7aafc07dd747bd6c68d65e030abfa7347f45d65939473e44e97293147f7711f889328c75b847df9cbba53dbd174cd8fffe62dcfde404f82537ad92aa73b4b12cc3910b57c6d9daa35931ced71b0de7a7361bdf9f83a340d3b95050333536d704f94b1b853e49a3a4f7ca83d83a3a4cf4aeba51458f7295233b7aebc4910230ad5393630bf5185425721475c2b9f93d7aa29b933e24d487bf88f0e701c564cd5640e9e861a0c4b243a0a3e1e5d5a74f42eaea5b1e4d7928f670a8b24eb11a19a7c40dfa861cb1760fe200d27021a97d2fc9090b66302f680d4860d5245c5214ac9fe7aa276d75505b9c695d8be6098b9394d894a4dd457ab9ba69b89add736d129a1f4e8644e5dff76ff501751cb9327357def05c41a57996408462af50f295b36e11ecc8f5e21d061b53084418d206cebbad83e86605d1166d41f31e9229986c265c72bc2bccfd17987ddaa764d1de0dc3048570f36828bc40e4bfb19253d4c089cd43401dde2f7d403b85f9c4b460a2ba72711a8ced0fdf5d656d775befa14353d090,gx-no-cache=1519998242619 HTTP/1.1" 200 30
186.103.159.46 - - [02/Mar/2018:10:45:01 -0300] "POST /cormun/servlet/solicitudot?gx-no-cache=1519998253562 HTTP/1.1" 200 30
186.103.159.46 - - [02/Mar/2018:10:45:01 -0300] "POST /cormun/servlet/solicitudot?gx-no-cache=1519998253735 HTTP/1.1" 200 1331
186.103.159.46 - - [02/Mar/2018:10:45:02 -0300] "POST /cormun/servlet/solicitudot?gx-no-cache=1519998254115 HTTP/1.1" 200 38
186.103.159.46 - - [02/Mar/2018:10:45:02 -0300] "POST /cormun/servlet/solicitudot?gx-no-cache=1519998254276 HTTP/1.1" 200 1318
186.103.159.43 - - [02/Mar/2018:10:45:02 -0300] "GET /cormun/servlet/hlogin HTTP/1.1" 200 1722
186.103.159.43 - - [02/Mar/2018:10:45:02 -0300] "GET /cormun/servlet/hlogin HTTP/1.1" 200 1724
186.103.159.46 - - [02/Mar/2018:10:45:03 -0300] "POST /cormun/servlet/solicitudot?gx-no-cache=1519998254555 HTTP/1.1" 200 1215
186.103.159.46 - - [02/Mar/2018:10:45:03 -0300] "GET /cormun/static/menuarrow.gif HTTP/1.1" 404 1015
186.103.159.46 - - [02/Mar/2018:10:45:05 -0300] "POST /cormun/servlet/solicitudot?gx-no-cache=1519998258016 HTTP/1.1" 200 30
186.103.159.46 - - [02/Mar/2018:10:45:06 -0300] "POST /cormun/servlet/solicitudot?gx-no-cache=1519998258169 HTTP/1.1" 200 1331
186.103.159.46 - - [02/Mar/2018:10:45:06 -0300] "POST /cormun/servlet/solicitudot?gx-no-cache=1519998258513 HTTP/1.1" 200 38
186.103.159.46 - - [02/Mar/2018:10:45:06 -0300] "POST /cormun/servlet/solicitudot?gx-no-cache=1519998258638 HTTP/1.1" 200 1318
186.103.159.46 - - [02/Mar/2018:10:45:06 -0300] "POST /cormun/servlet/solicitudot?gx-no-cache=1519998258905 HTTP/1.1" 200 1215
186.103.159.43 - - [02/Mar/2018:10:45:07 -0300] "POST /cormun/servlet/hlogin?a4fa4f44dbfe45b659086af28140d13e,gx-no-cache=1519998261590 HTTP/1.1" 200 90
186.103.159.43 - - [02/Mar/2018:10:45:07 -0300] "GET /cormun/servlet/hpexe_link HTTP/1.1" 200 955
186.103.159.43 - - [02/Mar/2018:10:45:07 -0300] "GET /cormun/servlet/hhome HTTP/1.1" 200 3929
186.103.159.43 - - [02/Mar/2018:10:45:08 -0300] "GET /cormun/servlet/hhome HTTP/1.1" 200 3925
186.103.159.43 - - [02/Mar/2018:10:45:11 -0300] "GET /cormun/servlet/trsolicitudot? HTTP/1.1" 200 7140
186.103.159.46 - - [02/Mar/2018:10:45:11 -0300] "GET /cormun/servlet/solicitudot?7f039c20466c91efbcbc463eee7aafc0322788917574196a774795de3ca54b3da6a9e942f062f7e9fe91f1d25807c7c4,gx-no-cache=1519998263800 HTTP/1.1" 200 30
186.103.159.43 - - [02/Mar/2018:10:45:12 -0300] "GET /cormun/servlet/trsolicitudot? HTTP/1.1" 200 7140
186.103.159.43 - - [02/Mar/2018:10:45:14 -0300] "GET /cormun/servlet/solicitudot?INS,0,0, HTTP/1.1" 200 13387
186.103.159.43 - - [02/Mar/2018:10:45:16 -0300] "GET /cormun/servlet/solicitudot?INS,0,0, HTTP/1.1" 200 13392
186.103.159.46 - - [02/Mar/2018:10:45:20 -0300] "POST /cormun/servlet/solicitudot?gx-no-cache=1519998272341 HTTP/1.1" 200 30
186.103.159.43 - - [02/Mar/2018:10:45:30 -0300] "POST /cormun/servlet/solicitudot?gx-no-cache=1519998285120 HTTP/1.1" 200 3453
186.103.159.43 - - [02/Mar/2018:10:45:31 -0300] "GET /cormun/static/Shared/jqueryui/images/ui-bg_highlight-soft_100_c6c2c8_1x100.png HTTP/1.1" 404 1117
186.103.159.43 - - [02/Mar/2018:10:45:31 -0300] "GET /cormun/static/Shared/jqueryui/images/ui-icons_82798d_256x240.png HTTP/1.1" 404 1089
186.103.159.43 - - [02/Mar/2018:10:45:31 -0300] "GET /cormun/static/Shared/jqueryui/images/ui-bg_flat_55_994d53_40x100.png HTTP/1.1" 404 1097
186.103.159.43 - - [02/Mar/2018:10:45:31 -0300] "GET /cormun/static/Shared/jqueryui/images/ui-icons_ebccce_256x240.png HTTP/1.1" 404 1089
186.67.203.186 - - [02/Mar/2018:10:45:57 -0300] "POST /cormun/servlet/solicitudot?gx-no-cache=1519998302492 HTTP/1.1" 200 3293
192.168.10.96 - - [02/Mar/2018:10:45:58 -0300] "POST /cormun/servlet/trsolicitudgral?1d4ff14942b899bacd8d75544af79f57,,gx-no-cache=1519998197700 HTTP/1.1" 200 11917
186.67.203.186 - - [02/Mar/2018:10:45:58 -0300] "POST /cormun/servlet/solicitudot?28979128ae1404027bcaa7ad2c6380d4,INS,0,0,,gx-no-cache=1519998304266 HTTP/1.1" 200 10455
186.67.203.186 - - [02/Mar/2018:10:46:02 -0300] "GET /cormun/servlet/solicitudot?98cbf4dfaf590d2a14aedcda1afd2c47a09ef17c597f46f9102d6e5b077e2f918897689b5311ed3d7a85710accb91637,gx-no-cache=1519998309216 HTTP/1.1" 200 30
192.168.10.96 - - [02/Mar/2018:10:46:03 -0300] "POST /cormun/servlet/trsolicitudgral?1d4ff14942b899bacd8d75544af79f57,,gx-no-cache=1519998203136 HTTP/1.1" 200 13618
186.103.159.182 - - [02/Mar/2018:10:46:36 -0300] "POST /cormun/servlet/trsolicitudot?852ac5cfe8fd3997708860764817f70e,gx-no-cache=1519998348276 HTTP/1.1" 200 4672
186.103.159.182 - - [02/Mar/2018:10:46:36 -0300] "GET /cormun/static/Shared/jqueryui/images/ui-bg_highlight-soft_100_c6c2c8_1x100.png HTTP/1.1" 404 1117
186.103.159.182 - - [02/Mar/2018:10:46:36 -0300] "GET /cormun/static/Shared/jqueryui/images/ui-icons_82798d_256x240.png HTTP/1.1" 404 1089
186.103.159.182 - - [02/Mar/2018:10:46:36 -0300] "GET /cormun/static/Shared/jqueryui/images/ui-bg_flat_55_fafafa_40x100.png HTTP/1.1" 404 1097
186.103.159.182 - - [02/Mar/2018:10:46:36 -0300] "GET /cormun/static/Shared/jqueryui/images/ui-icons_8d78a5_256x240.png HTTP/1.1" 404 1089
186.103.159.182 - - [02/Mar/2018:10:46:37 -0300] "POST /cormun/servlet/trsolicitudot?852ac5cfe8fd3997708860764817f70e,gx-no-cache=1519998350083 HTTP/1.1" 200 4450
186.103.159.182 - - [02/Mar/2018:10:46:46 -0300] "GET /cormun/servlet/solicitudot?INS,0,0, HTTP/1.1" 200 13710
186.103.159.182 - - [02/Mar/2018:10:46:49 -0300] "GET /cormun/servlet/solicitudot?INS,0,0, HTTP/1.1" 200 13715
186.103.159.43 - - [02/Mar/2018:10:46:59 -0300] "GET /cormun/servlet/hlogin HTTP/1.1" 200 1722
186.103.159.43 - - [02/Mar/2018:10:47:01 -0300] "POST /cormun/servlet/hlogin?637545c5cb30ccf6708be7c0ad014ac6,gx-no-cache=1519998376262 HTTP/1.1" 200 90
186.103.159.43 - - [02/Mar/2018:10:47:01 -0300] "GET /cormun/servlet/hpexe_link HTTP/1.1" 200 954
