186.103.156.24 - - [02/Mar/2018:13:17:37 -0300] "GET /cormun/static/Shared/jqueryui/images/ui-bg_flat_55_fafafa_40x100.png HTTP/1.1" 404 1097
186.103.156.24 - - [02/Mar/2018:13:17:37 -0300] "GET /cormun/static/Shared/jqueryui/images/ui-icons_8d78a5_256x240.png HTTP/1.1" 404 1089
186.103.156.24 - - [02/Mar/2018:13:17:37 -0300] "POST /cormun/servlet/trsolicitudot?7c1e4726347e676e98bfd0890bb4b85e,gx-no-cache=1520007410526 HTTP/1.1" 200 4452
186.103.156.24 - - [02/Mar/2018:13:17:51 -0300] "GET /cormun/servlet/trautorizarsolicitud? HTTP/1.1" 200 8708
186.103.156.24 - - [02/Mar/2018:13:17:51 -0300] "GET /cormun/servlet/trautorizarsolicitud? HTTP/1.1" 200 8707
186.103.156.24 - - [02/Mar/2018:13:18:01 -0300] "POST /cormun/servlet/trautorizarsolicitud?7c1e4726347e676e98bfd0890bb4b85e,,gx-no-cache=1520007434165 HTTP/1.1" 200 106
186.103.156.24 - - [02/Mar/2018:13:18:01 -0300] "GET /cormun/servlet/trsolicitudadjuntos?2018,9940, HTTP/1.1" 200 6246
186.103.156.24 - - [02/Mar/2018:13:18:01 -0300] "GET /cormun/static/gxcfg.js?20177612135366 HTTP/1.1" 200 953
186.103.156.24 - - [02/Mar/2018:13:18:01 -0300] "GET /cormun/static/trsolicitudadjuntos.js?20177612135632 HTTP/1.1" 200 17922
186.103.156.24 - - [02/Mar/2018:13:18:01 -0300] "GET /cormun/servlet/trsolicitudadjuntos?2018,9940, HTTP/1.1" 200 6246
190.151.100.218 - - [02/Mar/2018:13:18:06 -0300] "GET /cormun/servlet/trautorizarsolicitud? HTTP/1.1" 200 7152
190.151.100.218 - - [02/Mar/2018:13:18:07 -0300] "GET /cormun/servlet/trautorizarsolicitud? HTTP/1.1" 200 7147
190.151.100.218 - - [02/Mar/2018:13:18:13 -0300] "GET /cormun/servlet/trsolicitudot? HTTP/1.1" 200 8594
190.151.100.218 - - [02/Mar/2018:13:18:13 -0300] "GET /cormun/servlet/trsolicitudot? HTTP/1.1" 200 8594
186.103.156.24 - - [02/Mar/2018:13:18:14 -0300] "GET /cormun/servlet/trautorizarsolicitud? HTTP/1.1" 200 8714
186.103.156.24 - - [02/Mar/2018:13:18:14 -0300] "GET /cormun/servlet/trautorizarsolicitud? HTTP/1.1" 200 8707
186.103.156.24 - - [02/Mar/2018:13:18:20 -0300] "POST /cormun/servlet/trautorizarsolicitud?7c1e4726347e676e98bfd0890bb4b85e,,gx-no-cache=1520007453476 HTTP/1.1" 200 4627
186.103.156.24 - - [02/Mar/2018:13:18:20 -0300] "GET /cormun/static/Shared/jqueryui/images/ui-bg_highlight-soft_100_c6c2c8_1x100.png HTTP/1.1" 404 1117
186.103.156.24 - - [02/Mar/2018:13:18:20 -0300] "GET /cormun/static/Shared/jqueryui/images/ui-bg_flat_55_fafafa_40x100.png HTTP/1.1" 404 1097
186.103.156.24 - - [02/Mar/2018:13:18:20 -0300] "GET /cormun/static/Shared/jqueryui/images/ui-icons_82798d_256x240.png HTTP/1.1" 404 1089
186.103.156.24 - - [02/Mar/2018:13:18:20 -0300] "GET /cormun/static/Shared/jqueryui/images/ui-icons_8d78a5_256x240.png HTTP/1.1" 404 1089
186.103.156.24 - - [02/Mar/2018:13:18:20 -0300] "POST /cormun/servlet/trautorizarsolicitud?7c1e4726347e676e98bfd0890bb4b85e,,gx-no-cache=1520007453665 HTTP/1.1" 200 4400
190.151.100.218 - - [02/Mar/2018:13:18:25 -0300] "POST /cormun/servlet/trsolicitudot?4ef8dc9fd61cc796407813806e602951,,gx-no-cache=1520007457544 HTTP/1.1" 200 106
190.151.100.218 - - [02/Mar/2018:13:18:26 -0300] "GET /cormun/servlet/trsolicitudadjuntos?2018,9939, HTTP/1.1" 200 6131
186.67.203.186 - - [02/Mar/2018:13:18:27 -0300] "GET /cormun/static/gxcfg.js?20177612135366 HTTP/1.1" 200 953
186.103.159.46 - - [02/Mar/2018:13:18:28 -0300] "POST /cormun/servlet/hlogin?9b7262c4f23af72389d30c78bce0489d,gx-no-cache=1520007460459 HTTP/1.1" 200 90
186.103.159.46 - - [02/Mar/2018:13:18:28 -0300] "GET /cormun/servlet/hpexe_link HTTP/1.1" 200 977
186.103.159.189 - - [02/Mar/2018:13:18:29 -0300] "POST /cormun/servlet/trautorizarsolicitud?f86f923eccdfc5fd6bb4fb98151fca98,,gx-no-cache=1520011052919 HTTP/1.1" 200 6182
186.103.159.46 - - [02/Mar/2018:13:18:29 -0300] "GET /cormun/servlet/trsolicitudot?gx-no-cache=1520006312650 HTTP/1.1" 200 6993
190.151.100.218 - - [02/Mar/2018:13:18:29 -0300] "GET /cormun/static/trsolicitudadjuntos.js?20177612135632 HTTP/1.1" 200 17922
186.103.159.46 - - [02/Mar/2018:13:18:31 -0300] "GET /cormun/servlet/trsolicitudot?gx-no-cache=1520006312650 HTTP/1.1" 200 7011
190.151.100.218 - - [02/Mar/2018:13:18:31 -0300] "GET /cormun/servlet/trsolicitudadjuntos?2018,9939, HTTP/1.1" 200 6131
186.67.203.186 - - [02/Mar/2018:13:18:32 -0300] "POST /cormun/servlet/acontrolpreferencessavestate?None,MSALGADO,true HTTP/1.1" 200 35
186.103.156.24 - - [02/Mar/2018:13:18:34 -0300] "GET /cormun/servlet/trsolicitudot? HTTP/1.1" 200 7428
186.103.156.24 - - [02/Mar/2018:13:18:34 -0300] "GET /cormun/servlet/trsolicitudot? HTTP/1.1" 200 7428
186.103.159.46 - - [02/Mar/2018:13:18:34 -0300] "GET /cormun/servlet/solicitudot?INS,0,0, HTTP/1.1" 200 13429
186.67.203.186 - - [02/Mar/2018:13:18:35 -0300] "GET /cormun/servlet/solicitudotadjuntos?INS,2018,9939,,1, HTTP/1.1" 200 6085
186.67.203.186 - - [02/Mar/2018:13:18:35 -0300] "GET /cormun/static/solicitudotadjuntos.js?2017761244086 HTTP/1.1" 200 11771
190.151.100.218 - - [02/Mar/2018:13:18:35 -0300] "GET /cormun/static/gxcfg.js?2017761244068 HTTP/1.1" 200 953
190.151.100.218 - - [02/Mar/2018:13:18:35 -0300] "GET /cormun/static/about:blank HTTP/1.1" 404 1011
186.103.159.46 - - [02/Mar/2018:13:18:36 -0300] "GET /cormun/servlet/solicitudot?INS,0,0, HTTP/1.1" 200 13413
186.67.203.186 - - [02/Mar/2018:13:18:38 -0300] "GET /cormun/servlet/solicitudotadjuntos?INS,2018,9939,,1, HTTP/1.1" 200 6077
190.151.100.218 - - [02/Mar/2018:13:18:38 -0300] "GET /cormun/servlet/solicitudotadjuntos?d0fc81054ae1bcd3fc4e8ec0f4f946b0f3e904b1207d94cd896a1f4eff07d14a2f0f461645fbe236858ec488f6747bf0,gx-no-cache=1520007470579 HTTP/1.1" 200 30
190.151.100.218 - - [02/Mar/2018:13:18:38 -0300] "POST /cormun/servlet/solicitudotadjuntos?4ef8dc9fd61cc796407813806e602951,INS,2018,9939,,1,,gx-no-cache=1520007470789 HTTP/1.1" 200 3994
186.103.159.187 - - [02/Mar/2018:13:18:56 -0300] "POST /cormun/servlet/solicitudot?gx-no-cache=1520007587455 HTTP/1.1" 200 30
186.103.159.187 - - [02/Mar/2018:13:18:56 -0300] "POST /cormun/servlet/solicitudot?gx-no-cache=1520007587543 HTTP/1.1" 200 1333
186.103.159.187 - - [02/Mar/2018:13:18:56 -0300] "POST /cormun/servlet/solicitudot?gx-no-cache=1520007587619 HTTP/1.1" 200 38
186.103.156.24 - - [02/Mar/2018:13:19:18 -0300] "POST /cormun/servlet/trsolicitudot?7c1e4726347e676e98bfd0890bb4b85e,,gx-no-cache=1520007510755 HTTP/1.1" 200 103
186.103.156.24 - - [02/Mar/2018:13:19:18 -0300] "GET /cormun/SolicitudOT-9700.xls HTTP/1.1" 200 4608
186.103.156.24 - - [02/Mar/2018:13:19:20 -0300] "GET /cormun/servlet/solicitudot?INS,0,0, HTTP/1.1" 200 13666
186.103.156.24 - - [02/Mar/2018:13:19:20 -0300] "GET /cormun/servlet/solicitudot?INS,0,0, HTTP/1.1" 200 13671
186.103.159.46 - - [02/Mar/2018:13:19:22 -0300] "POST /cormun/servlet/solicitudot?gx-no-cache=1520007513682 HTTP/1.1" 200 3293
186.103.159.46 - - [02/Mar/2018:13:19:22 -0300] "POST /cormun/servlet/solicitudot?9b7262c4f23af72389d30c78bce0489d,INS,0,0,,gx-no-cache=1520007513964 HTTP/1.1" 200 10275
186.103.159.46 - - [02/Mar/2018:13:19:23 -0300] "GET /cormun/servlet/solicitudot?4b9fc75c978ef611b47c3f721a45614950be1abd9b42d604d3b0ea129dbc39e57704918691f16a3a326d23fcc8d91483,gx-no-cache=1520007515356 HTTP/1.1" 200 111
186.103.159.46 - - [02/Mar/2018:13:19:23 -0300] "GET /cormun/static/Shared/jqueryui/images/ui-bg_highlight-soft_100_c6c2c8_1x100.png HTTP/1.1" 404 1117
186.103.159.46 - - [02/Mar/2018:13:19:23 -0300] "GET /cormun/static/Shared/jqueryui/images/ui-icons_82798d_256x240.png HTTP/1.1" 404 1089
186.103.159.46 - - [02/Mar/2018:13:19:23 -0300] "GET /cormun/static/Shared/jqueryui/images/ui-bg_flat_55_994d53_40x100.png HTTP/1.1" 404 1097
186.103.159.46 - - [02/Mar/2018:13:19:23 -0300] "GET /cormun/static/Shared/jqueryui/images/ui-icons_ebccce_256x240.png HTTP/1.1" 404 1089
186.103.159.46 - - [02/Mar/2018:13:19:28 -0300] "GET /cormun/servlet/solicitudot?4b9fc75c978ef611b47c3f721a456149e444622c8afd6bcd3df279f9e00eafe899af27ab97537fd91543a2588a753d6f,gx-no-cache=1520007519803 HTTP/1.1" 200 30
186.103.156.24 - - [02/Mar/2018:13:19:34 -0300] "POST /cormun/servlet/solicitudot?gx-no-cache=1520007527290 HTTP/1.1" 200 3390
186.103.156.24 - - [02/Mar/2018:13:19:34 -0300] "POST /cormun/servlet/solicitudot?7c1e4726347e676e98bfd0890bb4b85e,INS,0,0,,gx-no-cache=1520007527451 HTTP/1.1" 200 10507
186.103.159.187 - - [02/Mar/2018:13:19:54 -0300] "GET /cormun/servlet/solicitudot?8e556e46dfc2a2059b3801e91a4a152beb2f50af0513ced8cea720749e63ed3c20c2f892348265e785980c65a2b00a47c374236078d4c30e6a29601630b803020b06c446fd285be49b060a19c93dca8afeaafdeaabc7131d55b59105e0726247a7a11e44104e5d4460e05b4ef07da57a,gx-no-cache=1520007645522 HTTP/1.1" 200 29
186.103.159.187 - - [02/Mar/2018:13:19:54 -0300] "POST /cormun/servlet/solicitudot?gx-no-cache=1520007645577 HTTP/1.1" 200 1319
186.103.159.187 - - [02/Mar/2018:13:19:54 -0300] "POST /cormun/servlet/solicitudot?gx-no-cache=1520007645646 HTTP/1.1" 200 1215
186.103.156.24 - - [02/Mar/2018:13:19:58 -0300] "GET /cormun/servlet/solicitudot?69f86cc1d70bf6d1c4e02f08f472ddc77a4ff38f22c71feb81b289fdd714e0ee3b2b67a3c9f846454505230b8b0c10ff,gx-no-cache=1520007551558 HTTP/1.1" 200 30
186.103.156.24 - - [02/Mar/2018:13:19:58 -0300] "GET /cormun/servlet/solicitudot?69f86cc1d70bf6d1c4e02f08f472ddc78ba9951c2d41e0dcb285f31b4a986ea29f786b5971d35d991d2a9b537d20f40e,gx-no-cache=1520007551601 HTTP/1.1" 200 103
186.103.156.24 - - [02/Mar/2018:13:19:58 -0300] "GET /cormun/static/Shared/jqueryui/images/ui-bg_flat_55_994d53_40x100.png HTTP/1.1" 404 1097
186.103.156.24 - - [02/Mar/2018:13:19:58 -0300] "GET /cormun/static/Shared/jqueryui/images/ui-icons_ebccce_256x240.png HTTP/1.1" 404 1089
186.103.156.24 - - [02/Mar/2018:13:19:58 -0300] "GET /cormun/servlet/solicitudot?69f86cc1d70bf6d1c4e02f08f472ddc78056adfb21b1fea8d9ad4a283f0289a0,gx-no-cache=1520007551639 HTTP/1.1" 200 53
186.103.156.24 - - [02/Mar/2018:13:19:58 -0300] "POST /cormun/servlet/solicitudot?gx-no-cache=1520007551673 HTTP/1.1" 200 240
186.103.156.24 - - [02/Mar/2018:13:19:59 -0300] "GET /cormun/servlet/solicitudot?69f86cc1d70bf6d1c4e02f08f472ddc7505f733131c04c9c5fb9542505b43dc15edbe507dc3fb6ec2a51e046aa9868da7eddab081878cd01ef77d5b1f32698e61ec1c2213620773d3710f99864bb16164e1ba73fdc175154decb21c740577fdcde17cdaace9bab84ffa7054d7de7d6e070e53543c67c1a2d3b62da123ac4c7449bdb394fe54f232511a456890e4a54c5f7aa667adfd15ded0750e68df6c5f1d0aca2c8323df125ecbf4308dbca5f49018c52868ba02d27e1247881bdaecbf98948390640b20c40e733ca5c1ec137a4f7ae6506c8d4be936c2acdf18572003bcaadfe2c60041db5dcca7951e4ae64b128607b1a07ea1dbd0da5980a166d7ee99d826a9f9f5caddcbb96d94b61465d293b90ef4632cd4daca1c1d15611f07a13c2f113979daed07bc8e9f7ed8fcd6ab13643e23095332ed8ec1bfd31a6336092976d802415a4984543375c2c5a179f01f1e1e1ce5495fc25ad8bf99b7da5a0bfc9b31de4add3c5cb4dd247fde678ae4469e684c67835ec125056824515969cd62c,gx-no-cache=1520007551706 HTTP/1.1" 200 30
186.103.156.24 - - [02/Mar/2018:13:20:01 -0300] "POST /cormun/servlet/solicitudot?gx-no-cache=1520007554614 HTTP/1.1" 200 30
186.103.159.187 - - [02/Mar/2018:13:20:05 -0300] "GET /cormun/static/menuarrow.gif HTTP/1.1" 404 1015
186.103.156.24 - - [02/Mar/2018:13:20:09 -0300] "POST /cormun/servlet/solicitudot?gx-no-cache=1520007562533 HTTP/1.1" 200 1336
186.103.156.24 - - [02/Mar/2018:13:20:09 -0300] "POST /cormun/servlet/solicitudot?gx-no-cache=1520007562601 HTTP/1.1" 200 38
186.103.159.187 - - [02/Mar/2018:13:20:16 -0300] "GET /cormun/servlet/solicitudot?8e556e46dfc2a2059b3801e91a4a152bfc5e327507b90f0edc9e71a78820b34225e13b6536e2eab11eaeed5aeb3a8656,gx-no-cache=1520007668276 HTTP/1.1" 200 30
186.103.156.24 - - [02/Mar/2018:13:20:20 -0300] "GET /cormun/servlet/solicitudot?69f86cc1d70bf6d1c4e02f08f472ddc7eb8e68d8034c7a83b33f641d8b677740f2b9a2f582b925dc0a98eb7a582dffc3b128e75de499264ef6693a6817ba5b8adf3b0112cb31a7589da53dc813acb84bf0c532b6b7cc0645e07eb1f0b3405a743d513a5f73de65d9cf30941fa685e256,gx-no-cache=1520007573021 HTTP/1.1" 200 29
186.103.156.24 - - [02/Mar/2018:13:20:20 -0300] "POST /cormun/servlet/solicitudot?gx-no-cache=1520007573049 HTTP/1.1" 200 1319
186.103.156.24 - - [02/Mar/2018:13:20:20 -0300] "POST /cormun/servlet/solicitudot?gx-no-cache=1520007573096 HTTP/1.1" 200 1218
186.103.156.24 - - [02/Mar/2018:13:20:20 -0300] "GET /cormun/static/menuarrow.gif HTTP/1.1" 404 1015
186.103.159.187 - - [02/Mar/2018:13:20:21 -0300] "POST /cormun/servlet/solicitudot?gx-no-cache=1520007672719 HTTP/1.1" 200 30
186.103.156.24 - - [02/Mar/2018:13:20:23 -0300] "POST /cormun/servlet/solicitudot?gx-no-cache=1520007575898 HTTP/1.1" 200 1319
186.103.156.24 - - [02/Mar/2018:13:20:23 -0300] "POST /cormun/servlet/solicitudot?gx-no-cache=1520007576335 HTTP/1.1" 200 1218
186.103.156.24 - - [02/Mar/2018:13:20:25 -0300] "GET /cormun/servlet/solicitudot?69f86cc1d70bf6d1c4e02f08f472ddc738d469ada4113117c76adc90a02fd5a94e34e12313c6d590403ce8b1e26c5ddd,gx-no-cache=1520007578349 HTTP/1.1" 200 30
200.111.122.170 - - [02/Mar/2018:13:20:29 -0300] "POST /cormun/servlet/solicitudotadjuntos?4ef8dc9fd61cc796407813806e602951,INS,2018,9939,,1,,gx-no-cache=1520007581115 HTTP/1.1" 200 93
200.111.122.170 - - [02/Mar/2018:13:20:29 -0300] "GET /cormun/servlet/hpexe_return? HTTP/1.1" 200 1027
200.111.122.170 - - [02/Mar/2018:13:20:29 -0300] "GET /cormun/servlet/trsolicitudadjuntos?2018,9939, HTTP/1.1" 200 6136
200.111.122.170 - - [02/Mar/2018:13:20:30 -0300] "GET /cormun/servlet/trsolicitudadjuntos?2018,9939, HTTP/1.1" 200 6132
186.103.156.24 - - [02/Mar/2018:13:20:33 -0300] "POST /cormun/servlet/solicitudot?gx-no-cache=1520007586003 HTTP/1.1" 200 30
200.72.197.82 - - [02/Mar/2018:13:20:35 -0300] "GET /cormun/servlet/trautorizarsolicitud? HTTP/1.1" 200 7153
200.72.197.82 - - [02/Mar/2018:13:20:36 -0300] "GET /cormun/servlet/trautorizarsolicitud? HTTP/1.1" 200 7140
186.67.203.186 - - [02/Mar/2018:13:20:42 -0300] "GET /cormun/servlet/trautorizarsolicitud? HTTP/1.1" 200 7140
186.67.203.186 - - [02/Mar/2018:13:20:42 -0300] "GET /cormun/servlet/trautorizarsolicitud? HTTP/1.1" 200 7140
186.103.159.46 - - [02/Mar/2018:13:20:45 -0300] "GET /cormun/servlet/solicitudot?4b9fc75c978ef611b47c3f721a456149951cbf4987b427d9a4ab0cd37dcf65d44c9f4f068c061411e9c50390effac8de6fe4a60d96f1825626eaccc0b7f64d91,gx-no-cache=1520007597495 HTTP/1.1" 200 30
200.72.197.82 - - [02/Mar/2018:13:20:47 -0300] "GET /cormun/servlet/trsolicitudot? HTTP/1.1" 200 8601
200.72.197.82 - - [02/Mar/2018:13:20:48 -0300] "GET /cormun/servlet/trsolicitudot? HTTP/1.1" 200 8600
200.111.122.170 - - [02/Mar/2018:13:21:01 -0300] "POST /cormun/servlet/trsolicitudot?4ef8dc9fd61cc796407813806e602951,,gx-no-cache=1520007613543 HTTP/1.1" 200 4683
200.111.122.170 - - [02/Mar/2018:13:21:01 -0300] "GET /cormun/static/Shared/jqueryui/images/ui-bg_highlight-soft_100_c6c2c8_1x100.png HTTP/1.1" 404 1117
200.111.122.170 - - [02/Mar/2018:13:21:01 -0300] "GET /cormun/static/Shared/jqueryui/images/ui-bg_flat_55_fafafa_40x100.png HTTP/1.1" 404 1097
200.111.122.170 - - [02/Mar/2018:13:21:01 -0300] "GET /cormun/static/Shared/jqueryui/images/ui-icons_82798d_256x240.png HTTP/1.1" 404 1089
200.111.122.170 - - [02/Mar/2018:13:21:02 -0300] "GET /cormun/static/Shared/jqueryui/images/ui-icons_8d78a5_256x240.png HTTP/1.1" 404 1089
190.151.100.218 - - [02/Mar/2018:13:21:02 -0300] "POST /cormun/servlet/trsolicitudot?4ef8dc9fd61cc796407813806e602951,,gx-no-cache=1520007614074 HTTP/1.1" 200 4460
200.111.122.170 - - [02/Mar/2018:13:21:07 -0300] "GET /cormun/servlet/trautorizarsolicitud? HTTP/1.1" 200 8494
200.111.122.170 - - [02/Mar/2018:13:21:08 -0300] "GET /cormun/servlet/trautorizarsolicitud? HTTP/1.1" 200 8494
190.151.100.218 - - [02/Mar/2018:13:21:15 -0300] "POST /cormun/servlet/trautorizarsolicitud?4ef8dc9fd61cc796407813806e602951,,gx-no-cache=1520007627880 HTTP/1.1" 200 4617
200.111.122.170 - - [02/Mar/2018:13:21:15 -0300] "GET /cormun/static/Shared/jqueryui/images/ui-bg_flat_55_fafafa_40x100.png HTTP/1.1" 404 1097
190.151.100.218 - - [02/Mar/2018:13:21:15 -0300] "GET /cormun/static/Shared/jqueryui/images/ui-bg_highlight-soft_100_c6c2c8_1x100.png HTTP/1.1" 404 1117
200.111.122.170 - - [02/Mar/2018:13:21:16 -0300] "GET /cormun/static/Shared/jqueryui/images/ui-icons_8d78a5_256x240.png HTTP/1.1" 404 1089
200.111.122.170 - - [02/Mar/2018:13:21:16 -0300] "GET /cormun/static/Shared/jqueryui/images/ui-icons_82798d_256x240.png HTTP/1.1" 404 1089
186.103.161.206 - - [02/Mar/2018:13:21:16 -0300] "POST /cormun/servlet/trautorizarsolicitud?4ef8dc9fd61cc796407813806e602951,,gx-no-cache=1520007628192 HTTP/1.1" 200 4396
186.103.161.206 - - [02/Mar/2018:13:21:22 -0300] "GET /cormun/servlet/trsolicitudot? HTTP/1.1" 200 7249
186.103.161.206 - - [02/Mar/2018:13:21:23 -0300] "GET /cormun/servlet/trsolicitudot? HTTP/1.1" 200 7249
186.103.161.206 - - [02/Mar/2018:13:21:25 -0300] "GET /cormun/servlet/solicitudot?INS,0,0, HTTP/1.1" 200 13494
186.103.161.206 - - [02/Mar/2018:13:21:26 -0300] "GET /cormun/servlet/solicitudot?INS,0,0, HTTP/1.1" 200 13498
190.46.73.17 - - [02/Mar/2018:13:21:26 -0300] "POST /cormun/servlet/solicitudot?7c618ec8f6c54f628382599bd4b472e6,INS,0,0,,gx-no-cache=1520007716795 HTTP/1.1" 200 11887
186.103.159.46 - - [02/Mar/2018:13:22:10 -0300] "GET /cormun/servlet/prbanco?,MD,,gxPopupLevel%3D0%3B HTTP/1.1" 200 6587
186.103.159.46 - - [02/Mar/2018:13:22:21 -0300] "GET /cormun/servlet/solicitudot?4b9fc75c978ef611b47c3f721a456149cfc3394a8c6eff50449a14d9c5d6f8d9,gx-no-cache=1520007692723 HTTP/1.1" 200 53
186.103.159.187 - - [02/Mar/2018:13:22:25 -0300] "GET /cormun/servlet/solicitudot?8e556e46dfc2a2059b3801e91a4a152b330a11ae8916ee397bd5afbefafca1e8b0f504a81891b9984373514fc9ae749a,gx-no-cache=1520007796484 HTTP/1.1" 200 103
186.103.159.187 - - [02/Mar/2018:13:22:25 -0300] "GET /cormun/servlet/solicitudot?8e556e46dfc2a2059b3801e91a4a152bc4282fe1ef65e8b86ccd4a6efb652966de24aa610eb929d603583e6e908739b042c3d1e03ab57d06f4f46fb5e3b44ede3c1812b8036275525a3b1a30247a077c1a60d4460e3f0bf0c05fc55c8a788bf4f29771b62ea7ff26cd0f10935109953a6c8c5eb9fc330d5baa46d333b5c336cddc552ffddda20b30df6d98529aacfbba5aec402a910f4f6ae119911278f5771428a70f5a9c900f01001545aef5da7c19eb1c34c0490de6fbf6f4c6857d111c445820d8e5ddd42a92b0d988418d1ba51e28e5314060e5b8a9fbca68665f56ecffa47766ae98357efcd980a6a7f12b61584366f95214ae37aff68a1b281a541ef16667868258f23fb48ae308c648cecf17bf4e231a575c83bbaf5ccbacad4ef17c472ce2caf22fc4aa41ae6a092a763a706cc7e44d67137adb9056ed5bd80507583bb91856601e06d74e43655a24d4956cff0fff0e27c20aa2e0244d490a55236d7bd7e9c3bd38c242feb13f5f8c7a0611da74af538b80f0028d428f1c773ed350ea88636b937d9ee23fa7847d44942dc9,gx-no-cache=1520007796618 HTTP/1.1" 200 30
186.103.159.187 - - [02/Mar/2018:13:22:25 -0300] "POST /cormun/servlet/solicitudot?gx-no-cache=1520007796662 HTTP/1.1" 200 30
186.103.159.187 - - [02/Mar/2018:13:22:25 -0300] "POST /cormun/servlet/solicitudot?gx-no-cache=1520007796713 HTTP/1.1" 200 1334
186.103.159.187 - - [02/Mar/2018:13:22:25 -0300] "POST /cormun/servlet/solicitudot?gx-no-cache=1520007796783 HTTP/1.1" 200 38
186.103.159.187 - - [02/Mar/2018:13:22:25 -0300] "POST /cormun/servlet/solicitudot?gx-no-cache=1520007796828 HTTP/1.1" 200 1319
186.103.159.187 - - [02/Mar/2018:13:22:25 -0300] "POST /cormun/servlet/solicitudot?gx-no-cache=1520007796897 HTTP/1.1" 200 1218
186.103.159.187 - - [02/Mar/2018:13:22:25 -0300] "GET /cormun/servlet/solicitudot?8e556e46dfc2a2059b3801e91a4a152bfc5e327507b90f0edc9e71a78820b34225e13b6536e2eab11eaeed5aeb3a8656,gx-no-cache=1520007796986 HTTP/1.1" 200 30
186.67.203.186 - - [02/Mar/2018:13:22:25 -0300] "POST /cormun/servlet/solicitudot?gx-no-cache=1520007697700 HTTP/1.1" 200 3427
186.67.203.186 - - [02/Mar/2018:13:22:26 -0300] "POST /cormun/servlet/solicitudot?4ef8dc9fd61cc796407813806e602951,INS,0,0,,gx-no-cache=1520007698973 HTTP/1.1" 200 10607
186.103.159.187 - - [02/Mar/2018:13:22:28 -0300] "GET /cormun/servlet/solicitudot?8e556e46dfc2a2059b3801e91a4a152b330a11ae8916ee397bd5afbefafca1e8b0f504a81891b9984373514fc9ae749a,gx-no-cache=1520007799406 HTTP/1.1" 200 103
186.103.159.187 - - [02/Mar/2018:13:22:28 -0300] "GET /cormun/servlet/solicitudot?8e556e46dfc2a2059b3801e91a4a152bc4282fe1ef65e8b86ccd4a6efb652966de24aa610eb929d603583e6e908739b042c3d1e03ab57d06f4f46fb5e3b44ede3c1812b8036275525a3b1a30247a077c1a60d4460e3f0bf0c05fc55c8a788bf4f29771b62ea7ff26cd0f10935109953a6c8c5eb9fc330d5baa46d333b5c336cddc552ffddda20b30df6d98529aacfbba5aec402a910f4f6ae119911278f5771428a70f5a9c900f01001545aef5da7c19eb1c34c0490de6fbf6f4c6857d111c445820d8e5ddd42a92b0d988418d1ba51e28e5314060e5b8a9fbca68665f56ecffa47766ae98357efcd980a6a7f12b61584366f95214ae37aff68a1b281a541ef16667868258f23fb48ae308c648cecf17bf4e231a575c83bbaf5ccbacad4ef17c472ce2caf22fc4aa41ae6a092a763a706cc7e44d67137adb9056ed5bd80507583bb91856601e06d74e43655a24d4956cff0fff0e27c20aa2e0244d490a55236d7bd7e9c3bd38c242feb13f5f8c7a0611da74af538b80f0028d428f1c773ed350ea88636b937d9ee23fa7847d44942dc9,gx-no-cache=1520007799470 HTTP/1.1" 200 30
186.103.159.187 - - [02/Mar/2018:13:22:28 -0300] "POST /cormun/servlet/solicitudot?gx-no-cache=1520007799535 HTTP/1.1" 200 30
186.103.159.187 - - [02/Mar/2018:13:22:28 -0300] "POST /cormun/servlet/solicitudot?gx-no-cache=1520007799592 HTTP/1.1" 200 1334
186.103.159.187 - - [02/Mar/2018:13:22:28 -0300] "POST /cormun/servlet/solicitudot?gx-no-cache=1520007799657 HTTP/1.1" 200 38
186.103.159.187 - - [02/Mar/2018:13:22:28 -0300] "POST /cormun/servlet/solicitudot?gx-no-cache=1520007799698 HTTP/1.1" 200 1319
186.103.159.187 - - [02/Mar/2018:13:22:28 -0300] "POST /cormun/servlet/solicitudot?gx-no-cache=1520007799767 HTTP/1.1" 200 1218
186.67.203.186 - - [02/Mar/2018:13:22:31 -0300] "GET /cormun/servlet/solicitudot?d0fc81054ae1bcd3fc4e8ec0f4f946b0f5f65f7d69c9534190a84367a776da6cbf1f9e392fabe13b48fb46697bd63777,gx-no-cache=1520007703525 HTTP/1.1" 200 30
186.67.203.186 - - [02/Mar/2018:13:22:31 -0300] "GET /cormun/servlet/solicitudot?d0fc81054ae1bcd3fc4e8ec0f4f946b0c0d7b91fe1c778a79af6d69618a94d7b5cd93f7ba48924728f53b63a07d62d9f18c30871071859d282e53439018d243f,gx-no-cache=1520007703623 HTTP/1.1" 200 30
186.67.203.186 - - [02/Mar/2018:13:22:31 -0300] "GET /cormun/servlet/solicitudot?d0fc81054ae1bcd3fc4e8ec0f4f946b055290347d9892b254474c3b1eaa7d293,gx-no-cache=1520007703683 HTTP/1.1" 200 53
186.67.203.186 - - [02/Mar/2018:13:22:31 -0300] "POST /cormun/servlet/solicitudot?gx-no-cache=1520007703755 HTTP/1.1" 200 297
186.67.203.186 - - [02/Mar/2018:13:22:31 -0300] "GET /cormun/servlet/solicitudot?d0fc81054ae1bcd3fc4e8ec0f4f946b071677c031f1bb0e36779c6b53a331672bcc45551c11b134971190ec992ceaa4465738609178519057f04a9d896db882a163f13bd64654bb7fa652a0e759d7ab5bdf17d6ef7eeff9c70d03903c37ff41a99ea2af2c60f1324ed453276e0bfd01817c3c52b432faf675ab71c244939eb4455167783762c804504897c56de80ebf756ea0c9f200a56fb429f4ec2409adfd50010ff961faa95fa0bac253b39dfe1af7fdd8ad78f36d36c360afe3830ee6f8ad44afa6132d47f3f5f479c206b3ba44f87e752b36c42318221c5ccf31947c790f2699d6264f95043431184839377ac7c5c2d6e5223d88604627645364da8456816888daa3fea04e73db3b8f40844c494bccc4f31af6682bbe356bcf99b5a79208a298d2bb61e079edb26837d8bd7c19f5f883e7c86023329c2bfc4dc74a3a6ff9cfd5dff3c859141d0c3f44b40656a59e5f67e95e52e1bbbb061fe651e5b37ca83480cebc127faf348a7579a5bc61252d1738f04b6c209a084384803cbf8452f2bb598b9c8c9f2979f7f131b47fd46fa,gx-no-cache=1520007703853 HTTP/1.1" 200 30
186.67.203.186 - - [02/Mar/2018:13:22:31 -0300] "POST /cormun/servlet/solicitudot?gx-no-cache=1520007703916 HTTP/1.1" 200 30
186.67.203.186 - - [02/Mar/2018:13:22:31 -0300] "POST /cormun/servlet/solicitudot?gx-no-cache=1520007703985 HTTP/1.1" 200 1337
186.67.203.186 - - [02/Mar/2018:13:22:31 -0300] "POST /cormun/servlet/solicitudot?gx-no-cache=1520007704102 HTTP/1.1" 200 38
186.103.159.46 - - [02/Mar/2018:13:22:35 -0300] "POST /cormun/servlet/solicitudot?gx-no-cache=1520007706934 HTTP/1.1" 200 255
186.103.159.46 - - [02/Mar/2018:13:22:37 -0300] "GET /cormun/servlet/solicitudot?4b9fc75c978ef611b47c3f721a456149fe1da090f0f8ad8b7b6bdab67882e6554c21a98d9f34c83907b24a41fa3e17fe529b88692e08f6d950d3acbd9e9f2c6eecb133969bc27c678726887d5b7c7bbeb3c5140b73db66d34239b7ebc2fa7b0cdd18afb5e9de68f5b48e52517ff8cf982ba883c6faa1e248bec98835874f5cae29571a29ad36186a329aef0ea9f9b8cb5f4e857c65f9f9c9e6f6f6a05f4657fd47f5e4fc2384f7b0ee0d1c4f63ef560b3f2e6b35037e35989f23a833b9610552e52b0084ae4804275aac4ae750b7894bd68e6a637aa6978b175b53d9776d12768b870ad9343df398647666c70be1ef74d5a2c4caa3679dc553c087e8a0cc79a0445523c33fd554f76cd88147543caa6bc44fbba07774c6ab1a8b0ca3635b2ed1bc30dd34d5e35388884fa2a3f0550a844c74f1ad9a17483ce36aa84a2428c2bee50ef24d22557f4505409fbc80dcec03ca1b45ace8e1896dbdea5ecc20f472a383e34d081121b147e0b03df2db3837fc0932d68cc08995007e097c3716f5f7aa,gx-no-cache=1520007709334 HTTP/1.1" 200 30
186.103.159.187 - - [02/Mar/2018:13:22:38 -0300] "POST /cormun/servlet/solicitudot?gx-no-cache=1520007809930 HTTP/1.1" 200 30
186.103.159.187 - - [02/Mar/2018:13:22:38 -0300] "POST /cormun/servlet/solicitudot?42451447765c4b360ed02454d529be18,INS,0,0,,gx-no-cache=1520007810012 HTTP/1.1" 200 11714
186.103.159.46 - - [02/Mar/2018:13:22:39 -0300] "POST /cormun/servlet/solicitudot?gx-no-cache=1520007711666 HTTP/1.1" 200 30
186.67.203.186 - - [02/Mar/2018:13:22:41 -0300] "GET /cormun/servlet/solicitudot?d0fc81054ae1bcd3fc4e8ec0f4f946b05ad9186bf036c0881ce3705b0f56c8671ff17ca46fecf3af0b281e6c7ac65d385120996850bd19de331c1b851a1693e2fde2ff2ce55d4fe2cb3842f0ba824c74d1432d96e9aa91d593de3dfdba2a48e93d846cd05a4c4bca83f4119be64df82a,gx-no-cache=1520007713258 HTTP/1.1" 200 29
186.67.203.186 - - [02/Mar/2018:13:22:41 -0300] "POST /cormun/servlet/solicitudot?gx-no-cache=1520007713330 HTTP/1.1" 200 1318
186.67.203.186 - - [02/Mar/2018:13:22:41 -0300] "POST /cormun/servlet/solicitudot?gx-no-cache=1520007713432 HTTP/1.1" 200 1218
186.103.159.46 - - [02/Mar/2018:13:22:41 -0300] "POST /cormun/servlet/solicitudot?gx-no-cache=1520007712992 HTTP/1.1" 200 1333
186.103.159.46 - - [02/Mar/2018:13:22:41 -0300] "POST /cormun/servlet/solicitudot?gx-no-cache=1520007713174 HTTP/1.1" 200 38
186.103.156.24 - - [02/Mar/2018:13:22:42 -0300] "POST /cormun/servlet/solicitudot?gx-no-cache=1520007715770 HTTP/1.1" 200 241
186.103.156.24 - - [02/Mar/2018:13:22:43 -0300] "GET /cormun/servlet/solicitudot?69f86cc1d70bf6d1c4e02f08f472ddc7505f733131c04c9c5fb9542505b43dc15edbe507dc3fb6ec2a51e046aa9868da7eddab081878cd01ef77d5b1f32698e61ec1c2213620773d3710f99864bb16164e1ba73fdc175154decb21c740577fdcde17cdaace9bab84ffa7054d7de7d6e070e53543c67c1a2d3b62da123ac4c7449bdb394fe54f232511a456890e4a54c5f7aa667adfd15ded0750e68df6c5f1d0aca2c8323df125ecbf4308dbca5f49018c52868ba02d27e1247881bdaecbf98948390640b20c40e733ca5c1ec137a4f7ae6506c8d4be936c2acdf18572003bcaadfe2c60041db5dcca7951e4ae64b128607b1a07ea1dbd0da5980a166d7ee99d826a9f9f5caddcbb96d94b61465d293b90ef4632cd4daca1c1d15611f07a13c2f113979daed07bc8e9f7ed8fcd6ab13643e23095332ed8ec1bfd31a6336092976d802415a4984543375c2c5a179f01f1e1e1ce5495fc25ad8bf99b7da5a0bfc9b31de4add3c5cb4dd247fde678ae4469e04b1ab6322206182f4ddd3f5a7ecffe,gx-no-cache=1520007715920 HTTP/1.1" 200 30
186.103.156.24 - - [02/Mar/2018:13:22:43 -0300] "POST /cormun/servlet/solicitudot?gx-no-cache=1520007716346 HTTP/1.1" 200 30
186.103.156.24 - - [02/Mar/2018:13:22:43 -0300] "POST /cormun/servlet/solicitudot?gx-no-cache=1520007716412 HTTP/1.1" 200 1336
186.103.156.24 - - [02/Mar/2018:13:22:43 -0300] "POST /cormun/servlet/solicitudot?gx-no-cache=1520007716531 HTTP/1.1" 200 41
186.103.156.24 - - [02/Mar/2018:13:22:43 -0300] "POST /cormun/servlet/solicitudot?gx-no-cache=1520007716586 HTTP/1.1" 200 1319
186.103.156.24 - - [02/Mar/2018:13:22:43 -0300] "POST /cormun/servlet/solicitudot?gx-no-cache=1520007716660 HTTP/1.1" 200 1218
186.103.156.24 - - [02/Mar/2018:13:22:43 -0300] "GET /cormun/servlet/solicitudot?69f86cc1d70bf6d1c4e02f08f472ddc738d469ada4113117c76adc90a02fd5a94e34e12313c6d590403ce8b1e26c5ddd,gx-no-cache=1520007716745 HTTP/1.1" 200 30
186.103.156.24 - - [02/Mar/2018:13:22:43 -0300] "POST /cormun/servlet/solicitudot?gx-no-cache=1520007716788 HTTP/1.1" 200 30
186.103.156.24 - - [02/Mar/2018:13:22:44 -0300] "POST /cormun/servlet/solicitudot?7c1e4726347e676e98bfd0890bb4b85e,INS,0,0,,gx-no-cache=1520007716850 HTTP/1.1" 200 11939
186.67.203.186 - - [02/Mar/2018:13:22:44 -0300] "GET /cormun/static/menuarrow.gif HTTP/1.1" 404 1015
186.67.203.186 - - [02/Mar/2018:13:22:47 -0300] "GET /cormun/servlet/solicitudot?d0fc81054ae1bcd3fc4e8ec0f4f946b0d3f5c5c56c4ea9d23511e9139d1cf3b41b10d88a1f14b49accaa6e096854c2a3,gx-no-cache=1520007719360 HTTP/1.1" 200 30
186.67.203.186 - - [02/Mar/2018:13:22:51 -0300] "POST /cormun/servlet/solicitudot?gx-no-cache=1520007723687 HTTP/1.1" 200 30
186.103.159.46 - - [02/Mar/2018:13:23:01 -0300] "GET /cormun/servlet/solicitudot?4b9fc75c978ef611b47c3f721a45614954633c3903799ea1acd2547f56b66aab07f2c4bd37121edc0516bc8fd13a532b815a29973bda2c2b8fa9b999eca11f16b13b86b72728ff8e009e6fcbd7fdb475e7dbdda9e7fced9db7724e904f23d9e6d4c84db4a6347e7b29ffffc74248e8dc,gx-no-cache=1520007733210 HTTP/1.1" 200 29
186.103.159.46 - - [02/Mar/2018:13:23:01 -0300] "POST /cormun/servlet/solicitudot?gx-no-cache=1520007733297 HTTP/1.1" 200 1319
186.103.159.46 - - [02/Mar/2018:13:23:01 -0300] "POST /cormun/servlet/solicitudot?gx-no-cache=1520007733416 HTTP/1.1" 200 1215
186.67.203.186 - - [02/Mar/2018:13:23:07 -0300] "POST /cormun/servlet/solicitudot?4ef8dc9fd61cc796407813806e602951,INS,0,0,,gx-no-cache=1520007738011 HTTP/1.1" 200 93
186.103.159.187 - - [02/Mar/2018:13:23:07 -0300] "GET /cormun/servlet/solicitudot?8e556e46dfc2a2059b3801e91a4a152bfc8959d04d94f04d0d7dcaaf9ea68c57d877bb781af2de3a754aa8c2374a4efc7fb44a0d080b563d34b8d464793aedd2,gx-no-cache=1520007838416 HTTP/1.1" 200 30
186.67.203.186 - - [02/Mar/2018:13:23:07 -0300] "GET /cormun/servlet/hpexe_return? HTTP/1.1" 200 1008
186.103.159.187 - - [02/Mar/2018:13:23:07 -0300] "GET /cormun/servlet/solicitudot?8e556e46dfc2a2059b3801e91a4a152bc4282fe1ef65e8b86ccd4a6efb652966de24aa610eb929d603583e6e908739b042c3d1e03ab57d06f4f46fb5e3b44ede3c1812b8036275525a3b1a30247a077c1a60d4460e3f0bf0c05fc55c8a788bf4f29771b62ea7ff26cd0f10935109953a6c8c5eb9fc330d5baa46d333b5c336cddc552ffddda20b30df6d98529aacfbba5aec402a910f4f6ae119911278f5771428a70f5a9c900f01001545aef5da7c19eb1c34c0490de6fbf6f4c6857d111c445820d8e5ddd42a92b0d988418d1ba51e28e5314060e5b8a9fbca68665f56ecffa47766ae98357efcd980a6a7f12b61584366f95214ae37aff68a1b281a541ef16667868258f23fb48ae308c648cecf17bf4e231a575c83bbaf5ccbacad4ef17c472ce2caf22fc4aa41ae6a092a763a706cc7e44d67137adb9056ed5bd80507583bb91856601e06d74e43655a24d4956cff0fff0e27c20aa2e0244d490a55236d7bd7e9c3bd38c242feb13f5f8c7a0611da74af538b80f0028d428f1c773ed350ea88636b937d9ee23fa7847d44942dc9,gx-no-cache=1520007838553 HTTP/1.1" 200 30
186.103.159.187 - - [02/Mar/2018:13:23:07 -0300] "POST /cormun/servlet/solicitudot?gx-no-cache=1520007839032 HTTP/1.1" 200 30
186.67.203.186 - - [02/Mar/2018:13:23:08 -0300] "GET /cormun/servlet/trsolicitudot HTTP/1.1" 200 8612
186.103.159.187 - - [02/Mar/2018:13:23:08 -0300] "POST /cormun/servlet/solicitudot?gx-no-cache=1520007839116 HTTP/1.1" 200 1334
186.103.159.187 - - [02/Mar/2018:13:23:08 -0300] "POST /cormun/servlet/solicitudot?gx-no-cache=1520007839477 HTTP/1.1" 200 41
186.103.159.187 - - [02/Mar/2018:13:23:08 -0300] "POST /cormun/servlet/solicitudot?gx-no-cache=1520007839862 HTTP/1.1" 200 1319
186.67.203.186 - - [02/Mar/2018:13:23:08 -0300] "GET /cormun/servlet/trsolicitudot HTTP/1.1" 200 8608
186.103.159.187 - - [02/Mar/2018:13:23:09 -0300] "POST /cormun/servlet/solicitudot?gx-no-cache=1520007840013 HTTP/1.1" 200 1218
186.103.159.187 - - [02/Mar/2018:13:23:09 -0300] "GET /cormun/servlet/solicitudot?8e556e46dfc2a2059b3801e91a4a152bfc5e327507b90f0edc9e71a78820b34225e13b6536e2eab11eaeed5aeb3a8656,gx-no-cache=1520007840460 HTTP/1.1" 200 30
186.103.159.187 - - [02/Mar/2018:13:23:09 -0300] "POST /cormun/servlet/solicitudot?gx-no-cache=1520007840542 HTTP/1.1" 200 30
186.103.159.187 - - [02/Mar/2018:13:23:12 -0300] "POST /cormun/servlet/solicitudot?42451447765c4b360ed02454d529be18,INS,0,0,,gx-no-cache=1520007841010 HTTP/1.1" 200 93
186.103.159.187 - - [02/Mar/2018:13:23:12 -0300] "GET /cormun/servlet/hpexe_return? HTTP/1.1" 200 1004
186.103.159.187 - - [02/Mar/2018:13:23:12 -0300] "GET /cormun/servlet/trsolicitudot HTTP/1.1" 200 8522
186.103.159.187 - - [02/Mar/2018:13:23:14 -0300] "GET /cormun/servlet/trsolicitudot HTTP/1.1" 200 8518
186.103.156.24 - - [02/Mar/2018:13:23:16 -0300] "GET /cormun/servlet/solicitudot?69f86cc1d70bf6d1c4e02f08f472ddc77bfdd65dda7ccf30757a2a55d5526231c055c9351f9cfff6784c09b1427498ea24e4dfe41ba1dba18d8f9675f2facc6c,gx-no-cache=1520007749010 HTTP/1.1" 200 30
186.103.156.24 - - [02/Mar/2018:13:23:16 -0300] "POST /cormun/servlet/solicitudot?gx-no-cache=1520007749488 HTTP/1.1" 200 241
186.103.156.24 - - [02/Mar/2018:13:23:16 -0300] "GET /cormun/servlet/solicitudot?69f86cc1d70bf6d1c4e02f08f472ddc7505f733131c04c9c5fb9542505b43dc15edbe507dc3fb6ec2a51e046aa9868da7eddab081878cd01ef77d5b1f32698e61ec1c2213620773d3710f99864bb16164e1ba73fdc175154decb21c740577fdcde17cdaace9bab84ffa7054d7de7d6e070e53543c67c1a2d3b62da123ac4c7449bdb394fe54f232511a456890e4a54c5f7aa667adfd15ded0750e68df6c5f1d0aca2c8323df125ecbf4308dbca5f49018c52868ba02d27e1247881bdaecbf98948390640b20c40e733ca5c1ec137a4f7ae6506c8d4be936c2acdf18572003bcaadfe2c60041db5dcca7951e4ae64b128607b1a07ea1dbd0da5980a166d7ee99d826a9f9f5caddcbb96d94b61465d293b90ef4632cd4daca1c1d15611f07a13c2f113979daed07bc8e9f7ed8fcd6ab13643e23095332ed8ec1bfd31a6336092976d802415a4984543375c2c5a179f01f1e1e1ce5495fc25ad8bf99b7da5a0bfc9b31de4add3c5cb4dd247fde678ae4469e04b1ab6322206182f4ddd3f5a7ecffe,gx-no-cache=1520007749637 HTTP/1.1" 200 30
186.103.156.24 - - [02/Mar/2018:13:23:17 -0300] "POST /cormun/servlet/solicitudot?gx-no-cache=1520007749889 HTTP/1.1" 200 30
186.103.156.24 - - [02/Mar/2018:13:23:18 -0300] "POST /cormun/servlet/solicitudot?gx-no-cache=1520007750738 HTTP/1.1" 200 1336
186.67.203.186 - - [02/Mar/2018:13:23:18 -0300] "POST /cormun/servlet/trsolicitudot?4ef8dc9fd61cc796407813806e602951,gx-no-cache=1520007749904 HTTP/1.1" 200 6051
186.103.156.24 - - [02/Mar/2018:13:23:18 -0300] "POST /cormun/servlet/solicitudot?gx-no-cache=1520007751228 HTTP/1.1" 200 41
186.67.203.186 - - [02/Mar/2018:13:23:18 -0300] "GET /cormun/static/Shared/jqueryui/images/ui-bg_highlight-soft_100_c6c2c8_1x100.png HTTP/1.1" 404 1117
190.151.100.218 - - [02/Mar/2018:13:23:19 -0300] "GET /cormun/static/Shared/jqueryui/images/ui-bg_flat_55_fafafa_40x100.png HTTP/1.1" 404 1097
186.67.203.186 - - [02/Mar/2018:13:23:19 -0300] "GET /cormun/static/Shared/jqueryui/images/ui-icons_8d78a5_256x240.png HTTP/1.1" 404 1089
186.103.156.24 - - [02/Mar/2018:13:23:19 -0300] "POST /cormun/servlet/solicitudot?gx-no-cache=1520007751780 HTTP/1.1" 200 1319
200.111.122.170 - - [02/Mar/2018:13:23:19 -0300] "GET /cormun/static/Shared/jqueryui/images/ui-icons_82798d_256x240.png HTTP/1.1" 404 1089
186.103.159.46 - - [02/Mar/2018:13:23:19 -0300] "GET /cormun/static/menuarrow.gif HTTP/1.1" 404 1015
186.103.156.24 - - [02/Mar/2018:13:23:19 -0300] "POST /cormun/servlet/solicitudot?gx-no-cache=1520007752084 HTTP/1.1" 200 1218
186.103.156.24 - - [02/Mar/2018:13:23:19 -0300] "GET /cormun/servlet/solicitudot?69f86cc1d70bf6d1c4e02f08f472ddc738d469ada4113117c76adc90a02fd5a94e34e12313c6d590403ce8b1e26c5ddd,gx-no-cache=1520007752884 HTTP/1.1" 200 30
186.103.156.24 - - [02/Mar/2018:13:23:20 -0300] "POST /cormun/servlet/solicitudot?gx-no-cache=1520007752963 HTTP/1.1" 200 30
186.103.156.24 - - [02/Mar/2018:13:23:22 -0300] "POST /cormun/servlet/solicitudot?7c1e4726347e676e98bfd0890bb4b85e,INS,0,0,,gx-no-cache=1520007753513 HTTP/1.1" 200 11995
186.103.159.46 - - [02/Mar/2018:13:23:22 -0300] "GET /cormun/servlet/solicitudot?4b9fc75c978ef611b47c3f721a45614943e98a09b782ee13b9d2de352c79d7b73ead0f2bd043bdf7a1dabcdc4b5aa26d,gx-no-cache=1520007754332 HTTP/1.1" 200 30
200.111.122.170 - - [02/Mar/2018:13:23:28 -0300] "GET /cormun/servlet/solicitudot?INS,0,0, HTTP/1.1" 200 13495
186.103.159.46 - - [02/Mar/2018:13:23:28 -0300] "GET /cormun/servlet/solicitudot?4b9fc75c978ef611b47c3f721a45614943e98a09b782ee13b9d2de352c79d7b7e278fcac363098efb6c85313a7c0eae4,gx-no-cache=1520007760296 HTTP/1.1" 200 30
200.111.122.170 - - [02/Mar/2018:13:23:30 -0300] "GET /cormun/servlet/solicitudot?INS,0,0, HTTP/1.1" 200 13500
186.103.159.46 - - [02/Mar/2018:13:23:34 -0300] "POST /cormun/servlet/solicitudot?gx-no-cache=1520007765876 HTTP/1.1" 200 30
186.103.132.155 - - [02/Mar/2018:13:23:50 -0300] "POST /cormun/servlet/solicitudot?gx-no-cache=1520007779316 HTTP/1.1" 200 3427
186.103.132.155 - - [02/Mar/2018:13:23:51 -0300] "POST /cormun/servlet/solicitudot?4ef8dc9fd61cc796407813806e602951,INS,0,0,,gx-no-cache=1520007782598 HTTP/1.1" 200 10606
186.103.132.155 - - [02/Mar/2018:13:23:51 -0300] "GET /cormun/servlet/solicitudot?d0fc81054ae1bcd3fc4e8ec0f4f946b0f5f65f7d69c9534190a84367a776da6cbf1f9e392fabe13b48fb46697bd63777,gx-no-cache=1520007784159 HTTP/1.1" 200 30
186.103.132.155 - - [02/Mar/2018:13:23:55 -0300] "GET /cormun/servlet/solicitudot?d0fc81054ae1bcd3fc4e8ec0f4f946b0c0d7b91fe1c778a79af6d69618a94d7b5cd93f7ba48924728f53b63a07d62d9f18c30871071859d282e53439018d243f,gx-no-cache=1520007787700 HTTP/1.1" 200 30
186.103.132.155 - - [02/Mar/2018:13:23:55 -0300] "GET /cormun/servlet/solicitudot?d0fc81054ae1bcd3fc4e8ec0f4f946b055290347d9892b254474c3b1eaa7d293,gx-no-cache=1520007787810 HTTP/1.1" 200 53
186.103.132.155 - - [02/Mar/2018:13:23:55 -0300] "POST /cormun/servlet/solicitudot?gx-no-cache=1520007787923 HTTP/1.1" 200 297
186.103.132.155 - - [02/Mar/2018:13:23:55 -0300] "GET /cormun/servlet/solicitudot?d0fc81054ae1bcd3fc4e8ec0f4f946b071677c031f1bb0e36779c6b53a331672bcc45551c11b134971190ec992ceaa4465738609178519057f04a9d896db882a163f13bd64654bb7fa652a0e759d7ab5bdf17d6ef7eeff9c70d03903c37ff41a99ea2af2c60f1324ed453276e0bfd01817c3c52b432faf675ab71c244939eb4455167783762c804504897c56de80ebf756ea0c9f200a56fb429f4ec2409adfd50010ff961faa95fa0bac253b39dfe1af7fdd8ad78f36d36c360afe3830ee6f8ad44afa6132d47f3f5f479c206b3ba44f87e752b36c42318221c5ccf31947c790f2699d6264f95043431184839377ac7c5c2d6e5223d88604627645364da8456816888daa3fea04e73db3b8f40844c494bccc4f31af6682bbe356bcf99b5a79208a298d2bb61e079edb26837d8bd7c19f5f883e7c86023329c2bfc4dc74a3a6ff9cfd5dff3c859141d0c3f44b40656a59e5f67e95e52e1bbbb061fe651e5b37ca83480cebc127faf348a7579a5bc61252d1738f04b6c209a084384803cbf8452f2bb598b9c8c9f2979f7f131b47fd46fa,gx-no-cache=1520007788014 HTTP/1.1" 200 30
186.103.132.155 - - [02/Mar/2018:13:23:56 -0300] "POST /cormun/servlet/solicitudot?gx-no-cache=1520007788107 HTTP/1.1" 200 30
186.103.132.155 - - [02/Mar/2018:13:23:56 -0300] "POST /cormun/servlet/solicitudot?gx-no-cache=1520007788925 HTTP/1.1" 200 1337
186.103.132.155 - - [02/Mar/2018:13:23:56 -0300] "POST /cormun/servlet/solicitudot?gx-no-cache=1520007789063 HTTP/1.1" 200 38
186.103.159.46 - - [02/Mar/2018:13:23:58 -0300] "POST /cormun/servlet/solicitudot?9b7262c4f23af72389d30c78bce0489d,INS,0,0,,gx-no-cache=1520007787543 HTTP/1.1" 200 93
186.103.159.46 - - [02/Mar/2018:13:23:58 -0300] "GET /cormun/servlet/hpexe_return? HTTP/1.1" 200 1029
186.103.159.46 - - [02/Mar/2018:13:23:58 -0300] "GET /cormun/servlet/trsolicitudot?gx-no-cache=1520006312650 HTTP/1.1" 200 8417
190.46.73.17 - - [02/Mar/2018:13:23:58 -0300] "GET /cormun/servlet/solicitudot?6920c007bd915b054730e68f3a8a7d32cd17c3878c27f565c35e908665089ab268698efdcd0815b2dd06401db59cd29af155f018a925bb44015c607e4a9f43f3,gx-no-cache=1520007869837 HTTP/1.1" 200 30
190.46.73.17 - - [02/Mar/2018:13:24:00 -0300] "GET /cormun/servlet/solicitudot?6920c007bd915b054730e68f3a8a7d32ea93003b6146ae8a7225c333b7d5807c,gx-no-cache=1520007871527 HTTP/1.1" 200 53
186.103.159.46 - - [02/Mar/2018:13:24:00 -0300] "GET /cormun/servlet/trsolicitudot?gx-no-cache=1520006312650 HTTP/1.1" 200 8433
186.103.132.155 - - [02/Mar/2018:13:24:02 -0300] "GET /cormun/servlet/trautorizarsolicitud? HTTP/1.1" 200 7158
186.103.132.155 - - [02/Mar/2018:13:24:02 -0300] "GET /cormun/servlet/trautorizarsolicitud? HTTP/1.1" 200 7152
186.103.156.24 - - [02/Mar/2018:13:24:06 -0300] "GET /cormun/servlet/trsolicitudot? HTTP/1.1" 200 7429
186.103.156.24 - - [02/Mar/2018:13:24:06 -0300] "GET /cormun/servlet/trsolicitudot? HTTP/1.1" 200 7428
190.151.100.218 - - [02/Mar/2018:13:24:07 -0300] "GET /cormun/servlet/trautorizarsolicitud? HTTP/1.1" 200 7152
190.151.100.218 - - [02/Mar/2018:13:24:07 -0300] "GET /cormun/servlet/trautorizarsolicitud? HTTP/1.1" 200 7152
200.72.197.82 - - [02/Mar/2018:13:24:11 -0300] "GET /cormun/servlet/trsolicitudot? HTTP/1.1" 200 8609
200.72.197.82 - - [02/Mar/2018:13:24:11 -0300] "GET /cormun/servlet/trsolicitudot? HTTP/1.1" 200 8608
186.103.156.24 - - [02/Mar/2018:13:24:12 -0300] "GET /cormun/servlet/solicitudot?INS,0,0, HTTP/1.1" 200 13666
186.103.156.24 - - [02/Mar/2018:13:24:13 -0300] "GET /cormun/servlet/solicitudot?INS,0,0, HTTP/1.1" 200 13671
186.103.132.155 - - [02/Mar/2018:13:24:16 -0300] "POST /cormun/servlet/trsolicitudot?4ef8dc9fd61cc796407813806e602951,,gx-no-cache=1520007808824 HTTP/1.1" 200 106
186.103.132.155 - - [02/Mar/2018:13:24:16 -0300] "GET /cormun/servlet/trsolicitudadjuntos?2018,9941, HTTP/1.1" 200 6134
186.103.132.155 - - [02/Mar/2018:13:24:17 -0300] "GET /cormun/servlet/trsolicitudadjuntos?2018,9941, HTTP/1.1" 200 6134
190.151.100.218 - - [02/Mar/2018:13:24:19 -0300] "GET /cormun/servlet/solicitudotadjuntos?INS,2018,9941,,1, HTTP/1.1" 200 6085
190.151.100.218 - - [02/Mar/2018:13:24:20 -0300] "GET /cormun/static/about:blank HTTP/1.1" 404 1011
190.151.100.218 - - [02/Mar/2018:13:24:20 -0300] "GET /cormun/servlet/solicitudotadjuntos?INS,2018,9941,,1, HTTP/1.1" 200 6077
186.103.161.206 - - [02/Mar/2018:13:24:21 -0300] "GET /cormun/servlet/solicitudotadjuntos?d0fc81054ae1bcd3fc4e8ec0f4f946b0dbb8b21d8926d6a1fafcbb5b9f22220c2f0f461645fbe236858ec488f6747bf0,gx-no-cache=1520007813033 HTTP/1.1" 200 30
186.103.161.206 - - [02/Mar/2018:13:24:21 -0300] "POST /cormun/servlet/solicitudotadjuntos?4ef8dc9fd61cc796407813806e602951,INS,2018,9941,,1,,gx-no-cache=1520007813535 HTTP/1.1" 200 3994
186.103.156.24 - - [02/Mar/2018:13:24:25 -0300] "POST /cormun/servlet/solicitudot?gx-no-cache=1520007817237 HTTP/1.1" 200 3482
186.103.161.206 - - [02/Mar/2018:13:24:25 -0300] "POST /cormun/servlet/solicitudotadjuntos?4ef8dc9fd61cc796407813806e602951,INS,2018,9941,,1,,gx-no-cache=1520007815683 HTTP/1.1" 200 93
186.103.161.206 - - [02/Mar/2018:13:24:25 -0300] "GET /cormun/servlet/hpexe_return? HTTP/1.1" 200 1026
186.103.161.206 - - [02/Mar/2018:13:24:26 -0300] "GET /cormun/servlet/trsolicitudadjuntos?2018,9941, HTTP/1.1" 200 6137
186.103.161.206 - - [02/Mar/2018:13:24:27 -0300] "GET /cormun/servlet/trsolicitudadjuntos?2018,9941, HTTP/1.1" 200 6134
186.103.156.24 - - [02/Mar/2018:13:24:30 -0300] "GET /cormun/servlet/solicitudot?69f86cc1d70bf6d1c4e02f08f472ddc7e1d4698acd92db4f018d29fb5e16530513ae21d9a4b5222fee1f40b5e360ccbc,gx-no-cache=1520007823305 HTTP/1.1" 200 111
190.46.73.17 - - [02/Mar/2018:13:24:32 -0300] "POST /cormun/servlet/solicitudot?gx-no-cache=1520007902835 HTTP/1.1" 200 296
200.111.122.170 - - [02/Mar/2018:13:24:32 -0300] "GET /cormun/servlet/trautorizarsolicitud? HTTP/1.1" 200 7153
190.46.73.17 - - [02/Mar/2018:13:24:32 -0300] "GET /cormun/servlet/solicitudot?6920c007bd915b054730e68f3a8a7d328bbb7d15b1e0cc32191c4fdc2bbf3007223839d16afedb09a41a07b43150420e91e7924d07a24eaf72e2e5a483d0b4cc65c86a44eabd049653071f1e4b2c314acce745311cb206b20e931060bf8716aed00fa316087209dec3353fbc6aff65d95ede9edcbea291e0b568d39c85f5320b39911358d907d7c89b1b481ce43ccc6cb40d1933faa63ddc73d610bf362434507fdf4817c8b8aece57de19ec8fcc34a302d07615b2b0746deb80575a406582836ea899e1127bcab83d73a571883d8db2a279018b80b2e691f8bc7db66f0bb1438511c75b9859e152e5e0e8f7f45f080789bff9b421b494264a75cbbeebd3970f54db6dd7bd5e9a1060613b9fbabfec885f5daf990e11e80b4cf5e816bbe2af3e83798aca08d2d0b63ad85040c8b26c1c4b02a1cc3bfeb76dbbddc6bc70951d93388946232649a66c658882a8e3d299fd193ecb30f925e4c56a8220957069ae6e4f85e010e4a6fab11552a4e9e8430a2bd3be9b07a11ec7b36b41b56737354852d0f768100660e34c1c830c2228cbb120,gx-no-cache=1520007903403 HTTP/1.1" 200 30
200.111.122.170 - - [02/Mar/2018:13:24:32 -0300] "GET /cormun/servlet/trautorizarsolicitud? HTTP/1.1" 200 7140
186.103.156.24 - - [02/Mar/2018:13:24:35 -0300] "GET /cormun/servlet/solicitudot?69f86cc1d70bf6d1c4e02f08f472ddc79695b0d85365294fc7f0609c50cca1de3b2b67a3c9f846454505230b8b0c10ff,gx-no-cache=1520007828641 HTTP/1.1" 200 30
200.111.122.170 - - [02/Mar/2018:13:24:42 -0300] "GET /cormun/servlet/trvisualizadoreventos? HTTP/1.1" 200 6762
186.103.156.24 - - [02/Mar/2018:13:24:44 -0300] "GET /cormun/servlet/trsolicitudot? HTTP/1.1" 200 7429
200.111.122.170 - - [02/Mar/2018:13:24:44 -0300] "GET /cormun/servlet/trvisualizadoreventos? HTTP/1.1" 200 6762
186.103.156.24 - - [02/Mar/2018:13:24:44 -0300] "GET /cormun/servlet/trsolicitudot? HTTP/1.1" 200 7428
190.46.73.17 - - [02/Mar/2018:13:24:48 -0300] "POST /cormun/servlet/solicitudot?gx-no-cache=1520007919702 HTTP/1.1" 200 30
186.103.156.24 - - [02/Mar/2018:13:24:49 -0300] "GET /cormun/servlet/solicitudot?INS,0,0, HTTP/1.1" 200 13666
186.67.203.186 - - [02/Mar/2018:13:24:49 -0300] "GET /cormun/servlet/trautorizarsolicitud? HTTP/1.1" 200 7140
186.67.203.186 - - [02/Mar/2018:13:24:49 -0300] "GET /cormun/servlet/trautorizarsolicitud? HTTP/1.1" 200 7140
186.103.156.24 - - [02/Mar/2018:13:24:50 -0300] "GET /cormun/servlet/solicitudot?INS,0,0, HTTP/1.1" 200 13671
186.67.203.186 - - [02/Mar/2018:13:24:56 -0300] "GET /cormun/servlet/trsolicitudot? HTTP/1.1" 200 8609
186.67.203.186 - - [02/Mar/2018:13:24:57 -0300] "GET /cormun/servlet/trsolicitudot? HTTP/1.1" 200 8608
186.67.203.186 - - [02/Mar/2018:13:25:04 -0300] "POST /cormun/servlet/trsolicitudot?4ef8dc9fd61cc796407813806e602951,,gx-no-cache=1520007855228 HTTP/1.1" 200 6055
186.103.161.206 - - [02/Mar/2018:13:25:04 -0300] "GET /cormun/static/Shared/jqueryui/images/ui-bg_flat_55_fafafa_40x100.png HTTP/1.1" 404 1097
186.103.161.206 - - [02/Mar/2018:13:25:04 -0300] "GET /cormun/static/Shared/jqueryui/images/ui-icons_8d78a5_256x240.png HTTP/1.1" 404 1089
186.103.132.155 - - [02/Mar/2018:13:25:04 -0300] "GET /cormun/static/Shared/jqueryui/images/ui-icons_82798d_256x240.png HTTP/1.1" 404 1089
186.67.203.186 - - [02/Mar/2018:13:25:04 -0300] "GET /cormun/static/Shared/jqueryui/images/ui-bg_highlight-soft_100_c6c2c8_1x100.png HTTP/1.1" 404 1117
186.103.156.24 - - [02/Mar/2018:13:25:08 -0300] "POST /cormun/servlet/solicitudot?gx-no-cache=1520007860817 HTTP/1.1" 200 3482
186.103.161.206 - - [02/Mar/2018:13:25:09 -0300] "POST /cormun/servlet/trsolicitudot?4ef8dc9fd61cc796407813806e602951,,gx-no-cache=1520007861460 HTTP/1.1" 200 106
186.103.161.206 - - [02/Mar/2018:13:25:10 -0300] "GET /cormun/servlet/trsolicitudadjuntos?2018,9941, HTTP/1.1" 200 6134
186.103.161.206 - - [02/Mar/2018:13:25:11 -0300] "GET /cormun/servlet/trsolicitudadjuntos?2018,9941, HTTP/1.1" 200 6134
186.103.156.24 - - [02/Mar/2018:13:25:12 -0300] "GET /cormun/servlet/solicitudot?69f86cc1d70bf6d1c4e02f08f472ddc79695b0d85365294fc7f0609c50cca1de3b2b67a3c9f846454505230b8b0c10ff,gx-no-cache=1520007865116 HTTP/1.1" 200 30
186.67.203.186 - - [02/Mar/2018:13:25:15 -0300] "GET /cormun/servlet/solicitudotadjuntos?INS,2018,9941,,1, HTTP/1.1" 200 6086
186.67.203.186 - - [02/Mar/2018:13:25:15 -0300] "GET /cormun/static/about:blank HTTP/1.1" 404 1011
186.103.132.155 - - [02/Mar/2018:13:25:15 -0300] "GET /cormun/servlet/solicitudotadjuntos?INS,2018,9941,,1, HTTP/1.1" 200 6078
186.103.132.155 - - [02/Mar/2018:13:25:15 -0300] "GET /cormun/servlet/solicitudotadjuntos?d0fc81054ae1bcd3fc4e8ec0f4f946b0dbb8b21d8926d6a1fafcbb5b9f22220c2f0f461645fbe236858ec488f6747bf0,gx-no-cache=1520007868135 HTTP/1.1" 200 30
186.103.132.155 - - [02/Mar/2018:13:25:16 -0300] "POST /cormun/servlet/solicitudotadjuntos?4ef8dc9fd61cc796407813806e602951,INS,2018,9941,,1,,gx-no-cache=1520007868285 HTTP/1.1" 200 3995
186.103.159.46 - - [02/Mar/2018:13:27:04 -0300] "GET /cormun/servlet/solicitudot?INS,0,0, HTTP/1.1" 200 13429
186.103.156.24 - - [02/Mar/2018:13:27:06 -0300] "GET /cormun/servlet/solicitudot?69f86cc1d70bf6d1c4e02f08f472ddc7b57c065bb83274914bc2639b35ee47d53bdc450ac1f54ae522132a5255ad7a6807300b24bef8582e65af4bbbf7545235,gx-no-cache=1520007979083 HTTP/1.1" 200 30
186.103.159.46 - - [02/Mar/2018:13:27:06 -0300] "GET /cormun/servlet/solicitudot?INS,0,0, HTTP/1.1" 200 13413
186.103.156.24 - - [02/Mar/2018:13:27:06 -0300] "GET /cormun/servlet/solicitudot?69f86cc1d70bf6d1c4e02f08f472ddc7c22eee4f31b3042b34da23904b435fed,gx-no-cache=1520007979560 HTTP/1.1" 200 29
186.103.159.46 - - [02/Mar/2018:13:27:09 -0300] "GET /cormun/servlet/trsolicitudot? HTTP/1.1" 200 8414
186.103.159.46 - - [02/Mar/2018:13:27:11 -0300] "GET /cormun/servlet/trsolicitudot? HTTP/1.1" 200 8413
186.103.159.46 - - [02/Mar/2018:13:27:13 -0300] "POST /cormun/servlet/trsolicitudot?9b7262c4f23af72389d30c78bce0489d,,gx-no-cache=1520007985306 HTTP/1.1" 200 107
186.103.159.46 - - [02/Mar/2018:13:27:13 -0300] "GET /cormun/servlet/trsolicitudadjuntos?2018,9943, HTTP/1.1" 200 6052
186.103.159.46 - - [02/Mar/2018:13:27:15 -0300] "GET /cormun/servlet/trsolicitudadjuntos?2018,9943, HTTP/1.1" 200 6053
186.103.159.46 - - [02/Mar/2018:13:27:17 -0300] "GET /cormun/servlet/solicitudotadjuntos?INS,2018,9943,,1, HTTP/1.1" 200 5997
186.103.156.24 - - [02/Mar/2018:13:27:17 -0300] "GET /cormun/servlet/solicitudot?69f86cc1d70bf6d1c4e02f08f472ddc7578839423369f465d1078ad154f96734398f77f1f58e010509c486584cc7a90e31b915add8e6950e1f3c700a16f8851d4a3d25a4e4a876c07a1f87f4d808f926fdadc55c9e8a43fd32bebf9a62478a2f92fca25142074c8e98b57952d7c9654b5c0b2c406de7e29289e1da5ad43be4ac389e19af6466395d102b9d54248101822dd78130b2a9c8cb604dd416f426deb548f97576e664009d097a348824ec028c5282cbf3218268642ca68081f6570c6a84f824084d882a3eb0b26f0376965e0ef5bfba2aee78626393723def099c1828ed901031561e7902846ef39712a101e1f2b9a2f582b925dc0a98eb7a582dffc349086f7233bdd5fa4fb668904199d7e0f30bd3b5df9b0c2ab424edab05dde7dce3bf1287a01be248b5a6fdfa4fe704573f5f0d6eb150e2f01ebbb921534611c75c4859b992436aff91f577bd4940dd59,gx-no-cache=1520007990269 HTTP/1.1" 200 256
186.103.159.46 - - [02/Mar/2018:13:27:17 -0300] "GET /cormun/static/about:blank HTTP/1.1" 404 1011
186.103.159.46 - - [02/Mar/2018:13:27:18 -0300] "GET /cormun/servlet/solicitudotadjuntos?INS,2018,9943,,1, HTTP/1.1" 200 5990
