186.103.159.43 - - [02/Mar/2018:12:55:12 -0300] "GET /cormun/static/Resources/PXToolsTabFirstSelected.png HTTP/1.1" 200 1259
186.103.159.43 - - [02/Mar/2018:12:55:12 -0300] "GET /cormun/static/Resources/PXToolsTabNext.gif HTTP/1.1" 200 168
186.103.159.43 - - [02/Mar/2018:12:55:12 -0300] "GET /cormun/static/calendar-system.css HTTP/1.1" 200 5572
186.103.159.43 - - [02/Mar/2018:12:55:12 -0300] "GET /cormun/static/Resources/PXToolsTabSelectedUnselected.png HTTP/1.1" 200 1428
186.103.159.43 - - [02/Mar/2018:12:55:12 -0300] "GET /cormun/static/Resources/PXToolsTabBackUnselected.png HTTP/1.1" 200 1175
186.103.159.43 - - [02/Mar/2018:12:55:12 -0300] "GET /cormun/static/Resources/PXToolsTabUnselectedUnselected.png HTTP/1.1" 200 1459
186.103.159.43 - - [02/Mar/2018:12:55:12 -0300] "GET /cormun/static/Resources/PXToolsTabBackSelected.png HTTP/1.1" 200 1157
186.103.159.43 - - [02/Mar/2018:12:55:12 -0300] "GET /cormun/servlet/veautorizarsolicitud?2018,9768,, HTTP/1.1" 200 8525
186.103.159.43 - - [02/Mar/2018:12:55:14 -0300] "GET /cormun/servlet/veautorizarsolicitud?2018,9768,,SolicitudOTLog HTTP/1.1" 200 10162
186.103.159.43 - - [02/Mar/2018:12:55:14 -0300] "GET /cormun/pexe_scrolldiv.js HTTP/1.1" 404 1009
186.103.159.43 - - [02/Mar/2018:12:55:14 -0300] "GET /cormun/static/tbautorizarsolicitud03.js?2017761159755 HTTP/1.1" 200 13367
186.103.159.43 - - [02/Mar/2018:12:55:14 -0300] "GET /cormun/pexe_scrolldiv.js HTTP/1.1" 404 1009
186.103.159.43 - - [02/Mar/2018:12:55:14 -0300] "GET /cormun/static/Resources/PXToolsTabLastSelected.png HTTP/1.1" 200 1262
186.103.159.43 - - [02/Mar/2018:12:55:15 -0300] "GET /cormun/static/gxui/gxui-all.css HTTP/1.1" 200 2179
186.103.159.43 - - [02/Mar/2018:12:55:15 -0300] "GET /cormun/static/Resources/PXToolsTabFirstUnselected.png HTTP/1.1" 200 1264
186.103.159.43 - - [02/Mar/2018:12:55:15 -0300] "GET /cormun/static/Resources/PXToolsTabUnselectedSelected.png HTTP/1.1" 200 1444
186.103.159.43 - - [02/Mar/2018:12:55:15 -0300] "GET /cormun/static/Shared/ext/resources/css/ext-all.css HTTP/1.1" 200 416045
186.103.159.43 - - [02/Mar/2018:12:55:15 -0300] "GET /cormun/servlet/veautorizarsolicitud?2018,9768,,SolicitudOTLog HTTP/1.1" 200 10164
186.103.159.43 - - [02/Mar/2018:12:55:16 -0300] "POST /cormun/servlet/acontrolpreferencessavestate?None,EVALENZUELA,true HTTP/1.1" 200 35
186.103.159.189 - - [02/Mar/2018:12:55:18 -0300] "POST /cormun/servlet/trautorizarsolicitud?f86f923eccdfc5fd6bb4fb98151fca98,,gx-no-cache=1520009661308 HTTP/1.1" 200 106
186.103.159.189 - - [02/Mar/2018:12:55:18 -0300] "GET /cormun/servlet/trsolicitudadjuntos?2018,9921, HTTP/1.1" 200 9854
186.103.159.189 - - [02/Mar/2018:12:55:22 -0300] "GET /cormun/servlet/trsolicitudadjuntos?2018,9921, HTTP/1.1" 200 9855
186.103.159.189 - - [02/Mar/2018:12:55:28 -0300] "GET /cormun/servlet/solicitudotadjuntos?INS,2018,9921,,1, HTTP/1.1" 200 6216
186.103.159.189 - - [02/Mar/2018:12:55:28 -0300] "GET /cormun/static/about:blank HTTP/1.1" 404 1011
186.103.159.189 - - [02/Mar/2018:12:55:29 -0300] "GET /cormun/servlet/solicitudotadjuntos?INS,2018,9921,,1, HTTP/1.1" 200 6210
186.103.159.189 - - [02/Mar/2018:12:55:30 -0300] "GET /cormun/servlet/solicitudotadjuntos?06d332c37998316ea497ffb3ff9317be7bbae1b0cf71395007b71c06b87945b3cee100093f7fac0631654aab34ed8549,gx-no-cache=1520009673923 HTTP/1.1" 200 30
186.103.159.189 - - [02/Mar/2018:12:55:30 -0300] "POST /cormun/servlet/solicitudotadjuntos?f86f923eccdfc5fd6bb4fb98151fca98,INS,2018,9921,,1,,gx-no-cache=1520009673997 HTTP/1.1" 200 4017
186.103.159.43 - - [02/Mar/2018:12:55:34 -0300] "GET /cormun/servlet/veautorizarsolicitud?2018,9768,, HTTP/1.1" 200 8526
186.103.159.43 - - [02/Mar/2018:12:55:34 -0300] "GET /cormun/servlet/veautorizarsolicitud?2018,9768,, HTTP/1.1" 200 8525
186.103.157.42 - - [02/Mar/2018:12:55:35 -0300] "GET /cormun/servlet/trsolicitudot? HTTP/1.1" 200 25518
186.103.157.42 - - [02/Mar/2018:12:55:36 -0300] "GET /cormun/servlet/trsolicitudot? HTTP/1.1" 200 25512
186.103.159.43 - - [02/Mar/2018:12:55:37 -0300] "GET /cormun/servlet/trautorizarsolicitud? HTTP/1.1" 200 12975
186.103.159.43 - - [02/Mar/2018:12:55:37 -0300] "GET /cormun/servlet/trautorizarsolicitud? HTTP/1.1" 200 12975
186.103.159.189 - - [02/Mar/2018:12:55:37 -0300] "GET /cormun/servlet/trsolicitudadjuntos?2018,9921, HTTP/1.1" 200 9854
186.103.159.189 - - [02/Mar/2018:12:55:40 -0300] "GET /cormun/servlet/trsolicitudadjuntos?2018,9921, HTTP/1.1" 200 9855
186.103.159.189 - - [02/Mar/2018:12:55:47 -0300] "POST /cormun/servlet/trsolicitudadjuntos?f86f923eccdfc5fd6bb4fb98151fca98,2018,9921,,gx-no-cache=1520009691474 HTTP/1.1" 200 90
186.103.159.189 - - [02/Mar/2018:12:55:47 -0300] "GET /cormun/servlet/hpexe_link HTTP/1.1" 200 978
186.103.159.189 - - [02/Mar/2018:12:55:48 -0300] "GET /cormun/servlet/trautorizarsolicitud? HTTP/1.1" 200 9136
186.103.159.189 - - [02/Mar/2018:12:55:50 -0300] "GET /cormun/servlet/trautorizarsolicitud? HTTP/1.1" 200 9134
186.103.159.43 - - [02/Mar/2018:12:56:06 -0300] "GET /cormun/servlet/hlogin HTTP/1.1" 200 1724
186.103.159.43 - - [02/Mar/2018:12:56:09 -0300] "GET /cormun/servlet/hlogin HTTP/1.1" 200 1727
186.103.159.43 - - [02/Mar/2018:12:56:16 -0300] "POST /cormun/servlet/hlogin?d9e0d7084bc44d6f29971aea265cb11d,gx-no-cache=1520006128585 HTTP/1.1" 200 90
186.103.159.43 - - [02/Mar/2018:12:56:16 -0300] "GET /cormun/servlet/hpexe_link HTTP/1.1" 200 950
186.103.159.43 - - [02/Mar/2018:12:56:16 -0300] "GET /cormun/servlet/hhome HTTP/1.1" 200 3929
186.103.159.43 - - [02/Mar/2018:12:56:17 -0300] "GET /cormun/servlet/hhome HTTP/1.1" 200 3925
186.103.159.43 - - [02/Mar/2018:12:56:24 -0300] "GET /cormun/servlet/trsolicitudot? HTTP/1.1" 200 7139
186.103.159.43 - - [02/Mar/2018:12:56:25 -0300] "GET /cormun/servlet/trsolicitudot? HTTP/1.1" 200 7138
186.103.159.46 - - [02/Mar/2018:12:56:30 -0300] "POST /cormun/servlet/trautorizarsolicitud?e044642ba25b8e29c14876656c5f81b9,,gx-no-cache=1520006141342 HTTP/1.1" 200 12929
186.103.159.46 - - [02/Mar/2018:12:56:30 -0300] "GET /cormun/static/Shared/jqueryui/images/ui-bg_highlight-soft_100_c6c2c8_1x100.png HTTP/1.1" 404 1117
186.103.159.46 - - [02/Mar/2018:12:56:30 -0300] "GET /cormun/static/Shared/jqueryui/images/ui-icons_82798d_256x240.png HTTP/1.1" 404 1089
186.103.159.43 - - [02/Mar/2018:12:56:30 -0300] "POST /cormun/servlet/trsolicitudot?d9e0d7084bc44d6f29971aea265cb11d,,gx-no-cache=1520006142945 HTTP/1.1" 200 4274
186.103.159.46 - - [02/Mar/2018:12:56:30 -0300] "GET /cormun/static/Shared/jqueryui/images/ui-bg_flat_55_fafafa_40x100.png HTTP/1.1" 404 1097
186.103.159.46 - - [02/Mar/2018:12:56:30 -0300] "GET /cormun/static/Shared/jqueryui/images/ui-icons_8d78a5_256x240.png HTTP/1.1" 404 1089
186.103.159.43 - - [02/Mar/2018:12:56:31 -0300] "POST /cormun/servlet/trsolicitudot?d9e0d7084bc44d6f29971aea265cb11d,,gx-no-cache=1520006143942 HTTP/1.1" 200 4273
186.103.159.43 - - [02/Mar/2018:12:56:37 -0300] "POST /cormun/servlet/trautorizarsolicitud?82573917f4935617148b34cde42e29c4,,gx-no-cache=1520006149555 HTTP/1.1" 200 10073
186.103.159.189 - - [02/Mar/2018:12:56:40 -0300] "GET /cormun/servlet/solicitudot?363b9809dfbc80e02e664e41df26ad3a812b65006d3186aac0e5177ae100856a1ed4f6bca0769ef2d905e19d3cc3071341dc36cfa6c5934bcefab3f715bcbc46bb539dec2432ce5b521e45b0d06dce0da775adf07c8d8f4db091eee5183959dabeb8e0e14499dc7f364b466be6e4a3f3,gx-no-cache=1520006153269 HTTP/1.1" 200 29
186.103.159.189 - - [02/Mar/2018:12:56:40 -0300] "POST /cormun/servlet/solicitudot?gx-no-cache=1520006153360 HTTP/1.1" 200 1319
186.103.159.189 - - [02/Mar/2018:12:56:40 -0300] "POST /cormun/servlet/solicitudot?gx-no-cache=1520006153484 HTTP/1.1" 200 1215
186.103.159.46 - - [02/Mar/2018:12:56:42 -0300] "POST /cormun/servlet/trautorizarsolicitud?e044642ba25b8e29c14876656c5f81b9,,gx-no-cache=1520006153490 HTTP/1.1" 200 4389
186.103.159.43 - - [02/Mar/2018:12:56:42 -0300] "POST /cormun/servlet/trautorizarsolicitud?82573917f4935617148b34cde42e29c4,,gx-no-cache=1520006154400 HTTP/1.1" 200 5728
186.103.159.46 - - [02/Mar/2018:12:56:45 -0300] "POST /cormun/servlet/trautorizarsolicitud?e044642ba25b8e29c14876656c5f81b9,,gx-no-cache=1520006156461 HTTP/1.1" 200 4389
186.103.159.43 - - [02/Mar/2018:12:56:45 -0300] "POST /cormun/servlet/trautorizarsolicitud?82573917f4935617148b34cde42e29c4,,gx-no-cache=1520006157202 HTTP/1.1" 200 5742
186.103.159.43 - - [02/Mar/2018:12:56:45 -0300] "GET /cormun/static/Shared/jqueryui/images/ui-bg_highlight-soft_100_c6c2c8_1x100.png HTTP/1.1" 404 1117
186.103.159.43 - - [02/Mar/2018:12:56:45 -0300] "GET /cormun/static/Shared/jqueryui/images/ui-icons_82798d_256x240.png HTTP/1.1" 404 1089
186.103.159.43 - - [02/Mar/2018:12:56:45 -0300] "GET /cormun/static/Shared/jqueryui/images/ui-bg_flat_55_fafafa_40x100.png HTTP/1.1" 404 1097
186.103.159.43 - - [02/Mar/2018:12:56:45 -0300] "GET /cormun/static/Shared/jqueryui/images/ui-icons_8d78a5_256x240.png HTTP/1.1" 404 1089
186.103.159.46 - - [02/Mar/2018:12:56:49 -0300] "POST /cormun/servlet/trautorizarsolicitud?e044642ba25b8e29c14876656c5f81b9,,gx-no-cache=1520006161165 HTTP/1.1" 200 6612
186.103.159.43 - - [02/Mar/2018:12:56:55 -0300] "POST /cormun/servlet/trsolicitudot?d9e0d7084bc44d6f29971aea265cb11d,,gx-no-cache=1520006167921 HTTP/1.1" 200 5610
186.103.159.46 - - [02/Mar/2018:12:56:56 -0300] "POST /cormun/servlet/trautorizarsolicitud?e044642ba25b8e29c14876656c5f81b9,,gx-no-cache=1520006167459 HTTP/1.1" 200 6625
186.103.159.43 - - [02/Mar/2018:12:56:59 -0300] "POST /cormun/servlet/trsolicitudot?d9e0d7084bc44d6f29971aea265cb11d,,gx-no-cache=1520006170841 HTTP/1.1" 200 5589
186.103.159.43 - - [02/Mar/2018:12:57:00 -0300] "POST /cormun/servlet/trsolicitudot?d9e0d7084bc44d6f29971aea265cb11d,,gx-no-cache=1520006173311 HTTP/1.1" 200 5588
186.103.159.46 - - [02/Mar/2018:12:57:04 -0300] "POST /cormun/servlet/trautorizarsolicitud?e044642ba25b8e29c14876656c5f81b9,,gx-no-cache=1520006175344 HTTP/1.1" 200 4388
186.103.159.43 - - [02/Mar/2018:12:57:04 -0300] "POST /cormun/servlet/trautorizarsolicitud?82573917f4935617148b34cde42e29c4,,gx-no-cache=1520006176855 HTTP/1.1" 200 5742
186.103.159.43 - - [02/Mar/2018:12:57:06 -0300] "POST /cormun/servlet/trautorizarsolicitud?82573917f4935617148b34cde42e29c4,,gx-no-cache=1520006178141 HTTP/1.1" 200 5742
186.103.159.189 - - [02/Mar/2018:12:57:09 -0300] "GET /cormun/servlet/prbanco?,MD,,gxPopupLevel%3D0%3B HTTP/1.1" 200 6597
186.103.159.43 - - [02/Mar/2018:12:57:11 -0300] "POST /cormun/servlet/trsolicitudot?d9e0d7084bc44d6f29971aea265cb11d,,gx-no-cache=1520006184111 HTTP/1.1" 200 5588
186.103.159.43 - - [02/Mar/2018:12:57:14 -0300] "POST /cormun/servlet/trsolicitudot?d9e0d7084bc44d6f29971aea265cb11d,,gx-no-cache=1520006187037 HTTP/1.1" 200 5589
186.103.159.189 - - [02/Mar/2018:12:57:15 -0300] "GET /cormun/servlet/solicitudot?363b9809dfbc80e02e664e41df26ad3adc1af498e38510a30c23ff96688a91b8,gx-no-cache=1520006187807 HTTP/1.1" 200 53
186.103.159.43 - - [02/Mar/2018:12:57:17 -0300] "POST /cormun/servlet/trautorizarsolicitud?82573917f4935617148b34cde42e29c4,,gx-no-cache=1520006189606 HTTP/1.1" 200 5742
192.168.10.96 - - [02/Mar/2018:12:57:19 -0300] "POST /cormun/servlet/trsolicitudgral?1d4ff14942b899bacd8d75544af79f57,,gx-no-cache=1520006079928 HTTP/1.1" 200 11243
192.168.10.56 - - [02/Mar/2018:12:57:20 -0300] "POST /cormun/servlet/trsolicitudgral?9d30667da04dbb4c15cc9e34eaef1399,gx-no-cache=1520005786509,gx-no-cache=1520006081186 HTTP/1.1" 200 8447
192.168.10.96 - - [02/Mar/2018:12:57:26 -0300] "POST /cormun/servlet/trsolicitudgral?1d4ff14942b899bacd8d75544af79f57,,gx-no-cache=1520006086887 HTTP/1.1" 200 11130
192.168.10.96 - - [02/Mar/2018:12:57:34 -0300] "POST /cormun/servlet/trsolicitudgral?1d4ff14942b899bacd8d75544af79f57,,gx-no-cache=1520006094726 HTTP/1.1" 200 14342
186.103.159.46 - - [02/Mar/2018:12:57:36 -0300] "GET /cormun/servlet/hlogin HTTP/1.1" 200 1718
186.103.159.46 - - [02/Mar/2018:12:57:48 -0300] "POST /cormun/servlet/hlogin?e044642ba25b8e29c14876656c5f81b9,gx-no-cache=1520006219727 HTTP/1.1" 200 90
186.103.159.46 - - [02/Mar/2018:12:57:48 -0300] "GET /cormun/servlet/hpexe_link HTTP/1.1" 200 958
186.103.159.46 - - [02/Mar/2018:12:57:48 -0300] "GET /cormun/servlet/trautorizarsolicitud? HTTP/1.1" 200 7302
186.103.159.46 - - [02/Mar/2018:12:57:49 -0300] "GET /cormun/servlet/trautorizarsolicitud? HTTP/1.1" 200 7301
192.168.10.96 - - [02/Mar/2018:12:57:50 -0300] "POST /cormun/servlet/trsolicitudgral?1d4ff14942b899bacd8d75544af79f57,,gx-no-cache=1520006110751 HTTP/1.1" 200 11243
186.103.159.43 - - [02/Mar/2018:12:57:50 -0300] "POST /cormun/servlet/trautorizarsolicitud?82573917f4935617148b34cde42e29c4,,gx-no-cache=1520006223320 HTTP/1.1" 200 5742
186.103.159.189 - - [02/Mar/2018:12:57:53 -0300] "GET /cormun/servlet/solicitudot?363b9809dfbc80e02e664e41df26ad3a43442210c4f2f987223af1ac6dd406072fe6363962d9034f6931c8003ceee7b5b82440eb7f0432116aec4a2be242df70fc0d5276fc0622512788a4ed80443d4bf53fbae870cfeb0fb16f633d49500bdc31cca5595bba1bd87271fd2bc5e6cc4c8894fe61bd5da1186e29ab91a96e5bd12252f48550c7762c1d5fdbc11843a06ba2df98a18d72f7c7a2cf6005e6c0c8d7d9e759cf3f9749054946a7343f83ba41081ba5e257974a865d156cfc05ea7100d0b4461534047688b827a9b72b201cd0dec6911cbacbcfc95f93869308c6914719601ded0dd571d51cdb12ff838036af74b5b3ad514337a2bf86a74d99fb2ff5279f62eda22fafa68a54f63184701cbad4815f109678c943257a6abf6e7cb0ea23ebadf76e77d8cf39f316e979d40ae10da8952bea60c670e7eabe90f72c2570dcc7b640a71360bc71525022fe58dbf45328e55dc652dd89645b8acd666410a24f2d8d074f302c26fdf92c65e19b81b0843b157c43f622faf1f14ea3e55e932be11d57c18a478eb32a68fdd2ade9ba30,gx-no-cache=1520006225987 HTTP/1.1" 200 30
186.103.159.189 - - [02/Mar/2018:12:57:53 -0300] "POST /cormun/servlet/solicitudot?gx-no-cache=1520006226463 HTTP/1.1" 200 30
186.103.159.189 - - [02/Mar/2018:12:57:53 -0300] "POST /cormun/servlet/solicitudot?gx-no-cache=1520006226529 HTTP/1.1" 200 1334
186.103.159.189 - - [02/Mar/2018:12:57:53 -0300] "POST /cormun/servlet/solicitudot?gx-no-cache=1520006226608 HTTP/1.1" 200 38
186.103.159.189 - - [02/Mar/2018:12:57:54 -0300] "POST /cormun/servlet/solicitudot?gx-no-cache=1520006226652 HTTP/1.1" 200 1318
186.103.159.189 - - [02/Mar/2018:12:57:54 -0300] "POST /cormun/servlet/solicitudot?gx-no-cache=1520006226735 HTTP/1.1" 200 1218
186.103.159.189 - - [02/Mar/2018:12:57:54 -0300] "GET /cormun/static/menuarrow.gif HTTP/1.1" 404 1015
186.103.159.43 - - [02/Mar/2018:12:57:55 -0300] "POST /cormun/servlet/trautorizarsolicitud?82573917f4935617148b34cde42e29c4,,gx-no-cache=1520006227327 HTTP/1.1" 200 5743
186.103.159.189 - - [02/Mar/2018:12:57:55 -0300] "GET /cormun/servlet/solicitudot?363b9809dfbc80e02e664e41df26ad3a43442210c4f2f987223af1ac6dd406072fe6363962d9034f6931c8003ceee7b5b82440eb7f0432116aec4a2be242df70fc0d5276fc0622512788a4ed80443d4bf53fbae870cfeb0fb16f633d49500bdc31cca5595bba1bd87271fd2bc5e6cc4c8894fe61bd5da1186e29ab91a96e5bd12252f48550c7762c1d5fdbc11843a06ba2df98a18d72f7c7a2cf6005e6c0c8d7d9e759cf3f9749054946a7343f83ba41081ba5e257974a865d156cfc05ea7100d0b4461534047688b827a9b72b201cd0dec6911cbacbcfc95f93869308c6914719601ded0dd571d51cdb12ff838036af74b5b3ad514337a2bf86a74d99fb2ff5279f62eda22fafa68a54f63184701cbad4815f109678c943257a6abf6e7cb0ea23ebadf76e77d8cf39f316e979d40ae10da8952bea60c670e7eabe90f72c2570dcc7b640a71360bc71525022fe58dbf45328e55dc652dd89645b8acd666410a24f2d8d074f302c26fdf92c65e19b81b0843b157c43f622faf1f14ea3e55e932be11d57c18a478eb32a68fdd2ade9ba30,gx-no-cache=1520006228304 HTTP/1.1" 200 30
186.103.159.189 - - [02/Mar/2018:12:57:55 -0300] "POST /cormun/servlet/solicitudot?gx-no-cache=1520006228432 HTTP/1.1" 200 30
186.103.159.189 - - [02/Mar/2018:12:57:55 -0300] "POST /cormun/servlet/solicitudot?gx-no-cache=1520006228523 HTTP/1.1" 200 1334
186.103.159.189 - - [02/Mar/2018:12:57:55 -0300] "POST /cormun/servlet/solicitudot?gx-no-cache=1520006228609 HTTP/1.1" 200 38
186.103.159.189 - - [02/Mar/2018:12:57:56 -0300] "POST /cormun/servlet/solicitudot?gx-no-cache=1520006228651 HTTP/1.1" 200 1318
186.103.159.189 - - [02/Mar/2018:12:57:56 -0300] "POST /cormun/servlet/solicitudot?gx-no-cache=1520006228723 HTTP/1.1" 200 1218
186.103.159.43 - - [02/Mar/2018:12:57:56 -0300] "POST /cormun/servlet/trautorizarsolicitud?82573917f4935617148b34cde42e29c4,,gx-no-cache=1520006228934 HTTP/1.1" 200 106
186.103.159.43 - - [02/Mar/2018:12:57:56 -0300] "GET /cormun/servlet/trsolicitudadjuntos?2018,9930, HTTP/1.1" 200 6193
186.103.159.43 - - [02/Mar/2018:12:57:56 -0300] "GET /cormun/static/gxcfg.js?20177612135366 HTTP/1.1" 200 953
186.103.159.43 - - [02/Mar/2018:12:57:56 -0300] "GET /cormun/static/trsolicitudadjuntos.js?20177612135632 HTTP/1.1" 200 17922
186.103.159.43 - - [02/Mar/2018:12:57:57 -0300] "GET /cormun/static/Resources/PXToolsGridNew.png HTTP/1.1" 200 2949
186.103.159.43 - - [02/Mar/2018:12:57:57 -0300] "GET /cormun/servlet/trsolicitudadjuntos?2018,9930, HTTP/1.1" 200 6193
186.103.159.189 - - [02/Mar/2018:12:57:57 -0300] "GET /cormun/servlet/solicitudot?363b9809dfbc80e02e664e41df26ad3a1c2a4075ad42e5533dbc4ff72dde229f1411659b933e7a555fbcdd3256b208cb,gx-no-cache=1520006230379 HTTP/1.1" 200 30
192.168.10.96 - - [02/Mar/2018:12:57:57 -0300] "POST /cormun/servlet/trsolicitudgral?1d4ff14942b899bacd8d75544af79f57,,gx-no-cache=1520006118391 HTTP/1.1" 200 11243
186.103.159.46 - - [02/Mar/2018:12:57:58 -0300] "GET /cormun/servlet/trautorizarsolicitud? HTTP/1.1" 200 7301
186.103.159.46 - - [02/Mar/2018:12:57:58 -0300] "GET /cormun/servlet/trautorizarsolicitud? HTTP/1.1" 200 7301
192.168.10.56 - - [02/Mar/2018:12:58:00 -0300] "POST /cormun/servlet/trsolicitudgral?9d30667da04dbb4c15cc9e34eaef1399,gx-no-cache=1520005786509,gx-no-cache=1520006121405 HTTP/1.1" 200 6122
192.168.10.56 - - [02/Mar/2018:12:58:00 -0300] "GET /cormun/static/Shared/jqueryui/images/ui-bg_highlight-soft_100_c6c2c8_1x100.png HTTP/1.1" 404 1117
192.168.10.56 - - [02/Mar/2018:12:58:00 -0300] "GET /cormun/static/Shared/jqueryui/images/ui-icons_82798d_256x240.png HTTP/1.1" 404 1089
192.168.10.56 - - [02/Mar/2018:12:58:00 -0300] "GET /cormun/static/Shared/jqueryui/images/ui-icons_8d78a5_256x240.png HTTP/1.1" 404 1089
192.168.10.56 - - [02/Mar/2018:12:58:00 -0300] "GET /cormun/static/Shared/jqueryui/images/ui-bg_flat_55_fafafa_40x100.png HTTP/1.1" 404 1097
186.103.159.43 - - [02/Mar/2018:12:58:01 -0300] "POST /cormun/servlet/trsolicitudadjuntos?82573917f4935617148b34cde42e29c4,2018,9930,,gx-no-cache=1520006233698 HTTP/1.1" 200 90
186.103.159.43 - - [02/Mar/2018:12:58:01 -0300] "GET /cormun/servlet/hpexe_link HTTP/1.1" 200 975
186.103.159.43 - - [02/Mar/2018:12:58:01 -0300] "GET /cormun/servlet/trautorizarsolicitud? HTTP/1.1" 200 8597
186.103.159.43 - - [02/Mar/2018:12:58:01 -0300] "GET /cormun/servlet/trautorizarsolicitud? HTTP/1.1" 200 8596
186.103.159.46 - - [02/Mar/2018:12:58:02 -0300] "POST /cormun/servlet/trautorizarsolicitud?e044642ba25b8e29c14876656c5f81b9,,gx-no-cache=1520006233968 HTTP/1.1" 200 4391
186.103.159.189 - - [02/Mar/2018:12:58:03 -0300] "POST /cormun/servlet/solicitudot?gx-no-cache=1520006236008 HTTP/1.1" 200 30
186.103.159.43 - - [02/Mar/2018:12:58:03 -0300] "POST /cormun/servlet/trautorizarsolicitud?82573917f4935617148b34cde42e29c4,,gx-no-cache=1520006236050 HTTP/1.1" 200 5738
186.103.159.43 - - [02/Mar/2018:12:58:03 -0300] "GET /cormun/static/Shared/jqueryui/images/ui-bg_highlight-soft_100_c6c2c8_1x100.png HTTP/1.1" 404 1117
186.103.159.43 - - [02/Mar/2018:12:58:03 -0300] "GET /cormun/static/Shared/jqueryui/images/ui-icons_82798d_256x240.png HTTP/1.1" 404 1089
186.103.159.43 - - [02/Mar/2018:12:58:03 -0300] "GET /cormun/static/Shared/jqueryui/images/ui-icons_8d78a5_256x240.png HTTP/1.1" 404 1089
186.103.159.43 - - [02/Mar/2018:12:58:03 -0300] "GET /cormun/static/Shared/jqueryui/images/ui-bg_flat_55_fafafa_40x100.png HTTP/1.1" 404 1097
192.168.10.96 - - [02/Mar/2018:12:58:05 -0300] "POST /cormun/servlet/trsolicitudgral?1d4ff14942b899bacd8d75544af79f57,,gx-no-cache=1520006125566 HTTP/1.1" 200 14342
186.103.159.46 - - [02/Mar/2018:12:58:06 -0300] "POST /cormun/servlet/trautorizarsolicitud?e044642ba25b8e29c14876656c5f81b9,,gx-no-cache=1520006237751 HTTP/1.1" 200 6613
186.103.157.235 - - [02/Mar/2018:12:58:08 -0300] "GET /cormun/servlet/trcontratosolicitud? HTTP/1.1" 200 13963
186.103.157.235 - - [02/Mar/2018:12:58:08 -0300] "GET /cormun/static/gxcfg.js?20177612214014 HTTP/1.1" 200 953
186.103.157.235 - - [02/Mar/2018:12:58:09 -0300] "GET /cormun/static/trcontratosolicitud.js?20177612214349 HTTP/1.1" 200 28237
186.103.157.235 - - [02/Mar/2018:12:58:10 -0300] "GET /cormun/servlet/trcontratosolicitud? HTTP/1.1" 200 13965
186.103.157.235 - - [02/Mar/2018:12:58:10 -0300] "GET /cormun//static/Resources/PXToolsActionDisabled.gif HTTP/1.1" 200 53
186.103.157.235 - - [02/Mar/2018:12:58:10 -0300] "GET /cormun//static/Resources/PXToolsGridNew.png HTTP/1.1" 200 2949
192.168.10.56 - - [02/Mar/2018:12:58:11 -0300] "GET /cormun/servlet/hlogin HTTP/1.1" 200 1760
186.103.159.46 - - [02/Mar/2018:12:58:14 -0300] "POST /cormun/servlet/trautorizarsolicitud?e044642ba25b8e29c14876656c5f81b9,,gx-no-cache=1520006245187 HTTP/1.1" 200 6625
186.103.159.46 - - [02/Mar/2018:12:58:14 -0300] "GET /cormun/static/Shared/jqueryui/images/ui-bg_highlight-soft_100_c6c2c8_1x100.png HTTP/1.1" 404 1117
186.103.159.46 - - [02/Mar/2018:12:58:14 -0300] "GET /cormun/static/Shared/jqueryui/images/ui-icons_82798d_256x240.png HTTP/1.1" 404 1089
186.103.159.46 - - [02/Mar/2018:12:58:14 -0300] "GET /cormun/static/Shared/jqueryui/images/ui-bg_flat_55_fafafa_40x100.png HTTP/1.1" 404 1097
186.103.159.46 - - [02/Mar/2018:12:58:14 -0300] "GET /cormun/static/Shared/jqueryui/images/ui-icons_8d78a5_256x240.png HTTP/1.1" 404 1089
192.168.10.56 - - [02/Mar/2018:12:58:14 -0300] "POST /cormun/servlet/hlogin?9d30667da04dbb4c15cc9e34eaef1399,gx-no-cache=1520006135386 HTTP/1.1" 200 90
192.168.10.56 - - [02/Mar/2018:12:58:14 -0300] "GET /cormun/servlet/hpexe_link HTTP/1.1" 200 949
192.168.10.56 - - [02/Mar/2018:12:58:14 -0300] "GET /cormun/servlet/hhome HTTP/1.1" 200 3817
192.168.10.56 - - [02/Mar/2018:12:58:15 -0300] "GET /cormun/servlet/hhome HTTP/1.1" 200 3815
192.168.10.56 - - [02/Mar/2018:12:58:17 -0300] "GET /cormun/servlet/trautorizarot? HTTP/1.1" 200 14763
186.103.159.189 - - [02/Mar/2018:12:58:17 -0300] "POST /cormun/servlet/trautorizarsolicitud?f86f923eccdfc5fd6bb4fb98151fca98,,gx-no-cache=1520009841323 HTTP/1.1" 200 4402
192.168.10.56 - - [02/Mar/2018:12:58:17 -0300] "GET /cormun/servlet/trautorizarot? HTTP/1.1" 200 14762
186.103.159.189 - - [02/Mar/2018:12:58:24 -0300] "POST /cormun/servlet/trautorizarsolicitud?f86f923eccdfc5fd6bb4fb98151fca98,,gx-no-cache=1520009848357 HTTP/1.1" 200 9345
192.168.10.56 - - [02/Mar/2018:12:58:27 -0300] "POST /cormun/servlet/trautorizarot?9d30667da04dbb4c15cc9e34eaef1399,,gx-no-cache=1520006147723 HTTP/1.1" 200 5347
186.103.132.155 - - [02/Mar/2018:12:58:27 -0300] "POST /cormun/servlet/solicitudot?gx-no-cache=1520006259026 HTTP/1.1" 200 3508
192.168.10.56 - - [02/Mar/2018:12:58:31 -0300] "GET /cormun/servlet/hlogin HTTP/1.1" 200 1737
186.103.159.189 - - [02/Mar/2018:12:58:33 -0300] "POST /cormun/servlet/trautorizarsolicitud?f86f923eccdfc5fd6bb4fb98151fca98,,gx-no-cache=1520009856394 HTTP/1.1" 200 4403
186.103.157.235 - - [02/Mar/2018:12:58:35 -0300] "POST /cormun/servlet/trcontratosolicitud?a75c5cad3075035b639707694b92e637,,gx-no-cache=1520006248952 HTTP/1.1" 200 11624
186.103.159.189 - - [02/Mar/2018:12:58:37 -0300] "POST /cormun/servlet/trautorizarsolicitud?f86f923eccdfc5fd6bb4fb98151fca98,,gx-no-cache=1520009860855 HTTP/1.1" 200 4403
186.103.159.189 - - [02/Mar/2018:12:58:42 -0300] "POST /cormun/servlet/trautorizarsolicitud?f86f923eccdfc5fd6bb4fb98151fca98,,gx-no-cache=1520009865567 HTTP/1.1" 200 4404
186.103.159.46 - - [02/Mar/2018:12:58:46 -0300] "POST /cormun/servlet/trsolicitudot?ff1b1cec0ffe5840278c699cc73101b8,,gx-no-cache=1520006278353 HTTP/1.1" 440 972
186.103.159.189 - - [02/Mar/2018:12:58:47 -0300] "GET /cormun/servlet/solicitudot?363b9809dfbc80e02e664e41df26ad3a1f22ae337375866c56b87233d131cd6b7200be06386b37b2fb26331b86876fcf3f7839590521e5584afb47dc20469817,gx-no-cache=1520006279731 HTTP/1.1" 200 103
186.103.159.189 - - [02/Mar/2018:12:58:47 -0300] "GET /cormun/servlet/solicitudot?363b9809dfbc80e02e664e41df26ad3a43442210c4f2f987223af1ac6dd406072fe6363962d9034f6931c8003ceee7b5b82440eb7f0432116aec4a2be242df70fc0d5276fc0622512788a4ed80443d4bf53fbae870cfeb0fb16f633d49500bdc31cca5595bba1bd87271fd2bc5e6cc4c8894fe61bd5da1186e29ab91a96e5bd12252f48550c7762c1d5fdbc11843a06ba2df98a18d72f7c7a2cf6005e6c0c8d7d9e759cf3f9749054946a7343f83ba41081ba5e257974a865d156cfc05ea7100d0b4461534047688b827a9b72b201cd0dec6911cbacbcfc95f93869308c6914719601ded0dd571d51cdb12ff838036af74b5b3ad514337a2bf86a74d99fb2ff5279f62eda22fafa68a54f63184701cbad4815f109678c943257a6abf6e7cb0ea23ebadf76e77d8cf39f316e979d40ae10da8952bea60c670e7eabe90f72c2570dcc7b640a71360bc71525022fe58dbf45328e55dc652dd89645b8acd666410a24f2d8d074f302c26fdf92c65e19b81b0843b157c43f622faf1f14ea3e55e932be11d57c18a478eb32a68fdd2ade9ba30,gx-no-cache=1520006279794 HTTP/1.1" 200 30
186.103.159.189 - - [02/Mar/2018:12:58:47 -0300] "POST /cormun/servlet/solicitudot?gx-no-cache=1520006280179 HTTP/1.1" 200 30
186.103.159.189 - - [02/Mar/2018:12:58:47 -0300] "POST /cormun/servlet/solicitudot?gx-no-cache=1520006280231 HTTP/1.1" 200 1334
186.103.159.189 - - [02/Mar/2018:12:58:47 -0300] "POST /cormun/servlet/solicitudot?gx-no-cache=1520006280313 HTTP/1.1" 200 41
186.103.159.189 - - [02/Mar/2018:12:58:47 -0300] "POST /cormun/servlet/solicitudot?gx-no-cache=1520006280353 HTTP/1.1" 200 1318
186.103.159.189 - - [02/Mar/2018:12:58:47 -0300] "POST /cormun/servlet/solicitudot?gx-no-cache=1520006280479 HTTP/1.1" 200 1218
186.103.159.189 - - [02/Mar/2018:12:58:47 -0300] "GET /cormun/servlet/solicitudot?363b9809dfbc80e02e664e41df26ad3a1c2a4075ad42e5533dbc4ff72dde229f1411659b933e7a555fbcdd3256b208cb,gx-no-cache=1520006280550 HTTP/1.1" 200 30
186.103.159.189 - - [02/Mar/2018:12:58:48 -0300] "POST /cormun/servlet/solicitudot?gx-no-cache=1520006280655 HTTP/1.1" 200 30
186.103.159.189 - - [02/Mar/2018:12:58:48 -0300] "POST /cormun/servlet/solicitudot?0c7e55f8da2a3bfeea22d219f3625c89,INS,0,0,,gx-no-cache=1520006280760 HTTP/1.1" 200 11817
186.103.159.189 - - [02/Mar/2018:12:58:48 -0300] "POST /cormun/servlet/trautorizarsolicitud?f86f923eccdfc5fd6bb4fb98151fca98,,gx-no-cache=1520009872572 HTTP/1.1" 200 4403
186.103.159.46 - - [02/Mar/2018:12:58:49 -0300] "GET /cormun/servlet/trsolicitudot? HTTP/1.1" 200 6382
186.103.159.46 - - [02/Mar/2018:12:58:51 -0300] "GET /cormun/servlet/trsolicitudot? HTTP/1.1" 200 6382
186.103.159.46 - - [02/Mar/2018:12:58:51 -0300] "GET /cormun/servlet/hlogin HTTP/1.1" 200 1740
186.103.159.189 - - [02/Mar/2018:12:58:53 -0300] "POST /cormun/servlet/trautorizarsolicitud?f86f923eccdfc5fd6bb4fb98151fca98,,gx-no-cache=1520009877039 HTTP/1.1" 200 11393
186.103.159.46 - - [02/Mar/2018:12:59:02 -0300] "POST /cormun/servlet/hlogin?9b7262c4f23af72389d30c78bce0489d,gx-no-cache=1520006294364 HTTP/1.1" 200 90
186.103.159.46 - - [02/Mar/2018:12:59:02 -0300] "GET /cormun/servlet/hpexe_link HTTP/1.1" 200 956
186.103.159.46 - - [02/Mar/2018:12:59:03 -0300] "GET /cormun/servlet/trsolicitudot HTTP/1.1" 200 9243
186.103.159.189 - - [02/Mar/2018:12:59:03 -0300] "POST /cormun/servlet/trautorizarsolicitud?f86f923eccdfc5fd6bb4fb98151fca98,,gx-no-cache=1520009886672 HTTP/1.1" 200 11405
186.103.159.189 - - [02/Mar/2018:12:59:03 -0300] "GET /cormun/static/Shared/jqueryui/images/ui-bg_highlight-soft_100_c6c2c8_1x100.png HTTP/1.1" 404 1117
186.103.159.189 - - [02/Mar/2018:12:59:03 -0300] "GET /cormun/static/Shared/jqueryui/images/ui-icons_82798d_256x240.png HTTP/1.1" 404 1089
186.103.159.189 - - [02/Mar/2018:12:59:04 -0300] "GET /cormun/static/Shared/jqueryui/images/ui-bg_flat_55_fafafa_40x100.png HTTP/1.1" 404 1097
186.103.159.189 - - [02/Mar/2018:12:59:04 -0300] "GET /cormun/static/Shared/jqueryui/images/ui-icons_8d78a5_256x240.png HTTP/1.1" 404 1089
186.103.159.46 - - [02/Mar/2018:12:59:04 -0300] "GET /cormun/servlet/trsolicitudot HTTP/1.1" 200 9242
186.103.159.43 - - [02/Mar/2018:12:59:06 -0300] "GET /cormun/servlet/hlogin HTTP/1.1" 200 1713
186.103.159.43 - - [02/Mar/2018:12:59:09 -0300] "POST /cormun/servlet/hlogin?93faaf2f6ccfe1c44d21435419da496c,gx-no-cache=1520006304184 HTTP/1.1" 200 90
186.103.159.43 - - [02/Mar/2018:12:59:09 -0300] "GET /cormun/servlet/hpexe_link HTTP/1.1" 200 946
186.103.159.43 - - [02/Mar/2018:12:59:10 -0300] "GET /cormun/servlet/hhome HTTP/1.1" 200 3925
186.103.159.43 - - [02/Mar/2018:12:59:11 -0300] "GET /cormun/servlet/hhome HTTP/1.1" 200 3921
186.103.159.43 - - [02/Mar/2018:12:59:13 -0300] "GET /cormun/servlet/trsolicitudot? HTTP/1.1" 200 7136
186.103.159.43 - - [02/Mar/2018:12:59:14 -0300] "GET /cormun/servlet/trsolicitudot? HTTP/1.1" 200 7135
186.103.159.46 - - [02/Mar/2018:12:59:15 -0300] "POST /cormun/servlet/trsolicitudot?9b7262c4f23af72389d30c78bce0489d,gx-no-cache=1520006307293 HTTP/1.1" 200 5926
186.103.159.46 - - [02/Mar/2018:12:59:15 -0300] "GET /cormun/static/Shared/jqueryui/images/ui-bg_highlight-soft_100_c6c2c8_1x100.png HTTP/1.1" 404 1117
186.103.159.46 - - [02/Mar/2018:12:59:15 -0300] "GET /cormun/static/Shared/jqueryui/images/ui-icons_82798d_256x240.png HTTP/1.1" 404 1089
186.103.159.46 - - [02/Mar/2018:12:59:15 -0300] "GET /cormun/static/Shared/jqueryui/images/ui-bg_flat_55_fafafa_40x100.png HTTP/1.1" 404 1097
186.103.159.46 - - [02/Mar/2018:12:59:15 -0300] "GET /cormun/static/Shared/jqueryui/images/ui-icons_8d78a5_256x240.png HTTP/1.1" 404 1089
186.103.159.46 - - [02/Mar/2018:12:59:16 -0300] "POST /cormun/servlet/trsolicitudot?9b7262c4f23af72389d30c78bce0489d,gx-no-cache=1520006307840 HTTP/1.1" 200 5868
186.103.159.46 - - [02/Mar/2018:12:59:18 -0300] "POST /cormun/servlet/trsolicitudot?9b7262c4f23af72389d30c78bce0489d,gx-no-cache=1520006309655 HTTP/1.1" 200 5474
186.103.159.46 - - [02/Mar/2018:12:59:18 -0300] "POST /cormun/servlet/trsolicitudot?9b7262c4f23af72389d30c78bce0489d,gx-no-cache=1520006310077 HTTP/1.1" 200 5414
186.103.159.46 - - [02/Mar/2018:12:59:20 -0300] "POST /cormun/servlet/trsolicitudot?9b7262c4f23af72389d30c78bce0489d,gx-no-cache=1520006312281 HTTP/1.1" 200 4218
186.103.159.46 - - [02/Mar/2018:12:59:20 -0300] "POST /cormun/servlet/trsolicitudot?9b7262c4f23af72389d30c78bce0489d,gx-no-cache=1520006312650 HTTP/1.1" 200 3987
186.103.159.43 - - [02/Mar/2018:12:59:22 -0300] "GET /cormun/servlet/solicitudot?INS,0,0, HTTP/1.1" 200 13385
186.103.159.43 - - [02/Mar/2018:12:59:23 -0300] "GET /cormun/servlet/solicitudot?INS,0,0, HTTP/1.1" 200 13390
186.103.159.189 - - [02/Mar/2018:12:59:41 -0300] "POST /cormun/servlet/trautorizarsolicitud?f86f923eccdfc5fd6bb4fb98151fca98,,gx-no-cache=1520009924841 HTTP/1.1" 200 106
186.103.159.189 - - [02/Mar/2018:12:59:41 -0300] "GET /cormun/servlet/trsolicitudadjuntos?2018,9921, HTTP/1.1" 200 9855
186.103.159.189 - - [02/Mar/2018:12:59:43 -0300] "GET /cormun/servlet/solicitudot?363b9809dfbc80e02e664e41df26ad3aa25df8d38b4c590d48631ef4a859ce63a12e56ab8da1f2a47bcb3d3004156fbb9794b8e4d4d1dee1cf5d48bee3bf32fe,gx-no-cache=1520006335930 HTTP/1.1" 200 30
186.103.159.189 - - [02/Mar/2018:12:59:43 -0300] "GET /cormun/servlet/solicitudot?363b9809dfbc80e02e664e41df26ad3a43442210c4f2f987223af1ac6dd406072fe6363962d9034f6931c8003ceee7b5b82440eb7f0432116aec4a2be242df70fc0d5276fc0622512788a4ed80443d4bf53fbae870cfeb0fb16f633d49500bdc31cca5595bba1bd87271fd2bc5e6cc4c8894fe61bd5da1186e29ab91a96e5bd12252f48550c7762c1d5fdbc11843a06ba2df98a18d72f7c7a2cf6005e6c0c8d7d9e759cf3f9749054946a7343f83ba41081ba5e257974a865d156cfc05ea7100d0b4461534047688b827a9b72b201cd0dec6911cbacbcfc95f93869308c6914719601ded0dd571d51cdb12ff838036af74b5b3ad514337a2bf86a74d99fb2ff5279f62eda22fafa68a54f63184701cbad4815f109678c943257a6abf6e7cb0ea23ebadf76e77d8cf39f316e979d40ae10da8952bea60c670e7eabe90f72c2570dcc7b640a71360bc71525022fe58dbf45328e55dc652dd89645b8acd666410a24f2d8d074f302c26fdf92c65e19b81b0843b157c43f622faf1f14ea3e55e932be11d57c18a478eb32a68fdd2ade9ba30,gx-no-cache=1520006335987 HTTP/1.1" 200 30
186.103.159.189 - - [02/Mar/2018:12:59:43 -0300] "POST /cormun/servlet/solicitudot?gx-no-cache=1520006336065 HTTP/1.1" 200 30
186.103.159.189 - - [02/Mar/2018:12:59:43 -0300] "POST /cormun/servlet/solicitudot?gx-no-cache=1520006336164 HTTP/1.1" 200 1334
186.103.159.189 - - [02/Mar/2018:12:59:43 -0300] "POST /cormun/servlet/solicitudot?gx-no-cache=1520006336266 HTTP/1.1" 200 41
186.103.159.189 - - [02/Mar/2018:12:59:43 -0300] "POST /cormun/servlet/solicitudot?gx-no-cache=1520006336326 HTTP/1.1" 200 1318
186.103.159.189 - - [02/Mar/2018:12:59:43 -0300] "POST /cormun/servlet/solicitudot?gx-no-cache=1520006336444 HTTP/1.1" 200 1218
186.103.159.189 - - [02/Mar/2018:12:59:43 -0300] "GET /cormun/servlet/solicitudot?363b9809dfbc80e02e664e41df26ad3a1c2a4075ad42e5533dbc4ff72dde229f1411659b933e7a555fbcdd3256b208cb,gx-no-cache=1520006336544 HTTP/1.1" 200 30
186.103.159.189 - - [02/Mar/2018:12:59:43 -0300] "POST /cormun/servlet/solicitudot?gx-no-cache=1520006336601 HTTP/1.1" 200 30
186.103.159.189 - - [02/Mar/2018:12:59:44 -0300] "POST /cormun/servlet/solicitudot?0c7e55f8da2a3bfeea22d219f3625c89,INS,0,0,,gx-no-cache=1520006336715 HTTP/1.1" 200 93
186.103.159.189 - - [02/Mar/2018:12:59:44 -0300] "GET /cormun/servlet/hpexe_return? HTTP/1.1" 200 1005
186.103.159.189 - - [02/Mar/2018:12:59:45 -0300] "GET /cormun/servlet/trsolicitudot HTTP/1.1" 200 9434
186.103.159.189 - - [02/Mar/2018:12:59:45 -0300] "GET /cormun/servlet/trsolicitudadjuntos?2018,9921, HTTP/1.1" 200 9855
186.103.159.189 - - [02/Mar/2018:12:59:46 -0300] "GET /cormun/servlet/trsolicitudot HTTP/1.1" 200 9430
186.103.157.42 - - [02/Mar/2018:12:59:55 -0300] "GET /cormun/servlet/solicitudot?INS,0,0, HTTP/1.1" 200 13711
186.103.157.42 - - [02/Mar/2018:12:59:55 -0300] "GET /cormun/servlet/solicitudot?INS,0,0, HTTP/1.1" 200 13716
186.103.159.189 - - [02/Mar/2018:12:59:57 -0300] "POST /cormun/servlet/trsolicitudadjuntos?f86f923eccdfc5fd6bb4fb98151fca98,2018,9921,,gx-no-cache=1520009940395 HTTP/1.1" 200 90
186.103.159.189 - - [02/Mar/2018:12:59:57 -0300] "GET /cormun/servlet/hpexe_link HTTP/1.1" 200 978
186.103.159.189 - - [02/Mar/2018:12:59:58 -0300] "GET /cormun/servlet/trautorizarsolicitud? HTTP/1.1" 200 14591
186.103.159.46 - - [02/Mar/2018:12:59:59 -0300] "GET /cormun/servlet/hlogin HTTP/1.1" 200 1737
186.103.159.189 - - [02/Mar/2018:13:00:00 -0300] "GET /cormun/servlet/trautorizarsolicitud? HTTP/1.1" 200 14590
186.103.157.42 - - [02/Mar/2018:13:00:08 -0300] "POST /cormun/servlet/solicitudot?gx-no-cache=1520006359853 HTTP/1.1" 200 3397
186.103.157.42 - - [02/Mar/2018:13:00:08 -0300] "POST /cormun/servlet/solicitudot?b3837bfe18221220b680a613c25e08fa,INS,0,0,,gx-no-cache=1520006360076 HTTP/1.1" 200 10578
186.103.157.42 - - [02/Mar/2018:13:00:08 -0300] "GET /cormun/servlet/solicitudot?13cbe55e37dd534beadaaf792681ea37db6fd18dd8eefa88a23795cbe0f0f298a0f179c8677af46ebe5d248558a57181,gx-no-cache=1520006360279 HTTP/1.1" 200 30
186.103.159.189 - - [02/Mar/2018:13:00:10 -0300] "GET /cormun/servlet/treventos?2018,9921, HTTP/1.1" 200 6227
186.103.157.42 - - [02/Mar/2018:13:00:10 -0300] "GET /cormun/servlet/solicitudot?13cbe55e37dd534beadaaf792681ea378475c803fb3e53bab971172a72174f9388d301177c181bf48ff6852455705b3f,gx-no-cache=1520006362455 HTTP/1.1" 200 103
186.103.157.42 - - [02/Mar/2018:13:00:10 -0300] "GET /cormun/static/Shared/jqueryui/images/ui-bg_highlight-soft_100_c6c2c8_1x100.png HTTP/1.1" 404 1117
186.103.157.42 - - [02/Mar/2018:13:00:10 -0300] "GET /cormun/static/Shared/jqueryui/images/ui-icons_82798d_256x240.png HTTP/1.1" 404 1089
186.103.157.42 - - [02/Mar/2018:13:00:10 -0300] "GET /cormun/static/Shared/jqueryui/images/ui-icons_ebccce_256x240.png HTTP/1.1" 404 1089
186.103.157.42 - - [02/Mar/2018:13:00:10 -0300] "GET /cormun/static/Shared/jqueryui/images/ui-bg_flat_55_994d53_40x100.png HTTP/1.1" 404 1097
186.103.157.42 - - [02/Mar/2018:13:00:10 -0300] "GET /cormun/servlet/solicitudot?13cbe55e37dd534beadaaf792681ea37b60c3d6a74dba39f74461ec93ffc53fd,gx-no-cache=1520006362491 HTTP/1.1" 200 51
186.103.157.42 - - [02/Mar/2018:13:00:10 -0300] "POST /cormun/servlet/solicitudot?gx-no-cache=1520006362543 HTTP/1.1" 200 297
186.103.159.189 - - [02/Mar/2018:13:00:10 -0300] "GET /cormun/static/gxcfg.js?2016101716195975 HTTP/1.1" 304 -
186.103.157.42 - - [02/Mar/2018:13:00:10 -0300] "GET /cormun/servlet/solicitudot?13cbe55e37dd534beadaaf792681ea37e65f51691f3d8ec2234ee01d2f48a49296017c0c0523e7288259ccffb102a85bf35fe64364b950e067f875edac658e13451097461d2bdbfe0d1b7c7c55212614b66b4d40c4e1737e0dd4422fdb0ad9cb69c46aa1ffd66d10cb944cacfc0a8530a41cdde582763595c6b7192c458237894117ce1798252f900bb3e2471c72eae61268f137b34945cd6fa544af6d3110b08d6e77611aa301fd512e3d0f4507bd587f99b15f91f9b933c995dfd67ef9fafa8c23f60b066927c328d15d456a7232d5ddd5d7e64b359ea50169e57da650f5f75572cf4f3446382684bffb39ce6adfe2f08af072a98598ad264fd2f74cf744e84725439f4a64cfaeba42a03b1ecd193d4f4d123370749b503c8d24cc7f9030441e610a88400639003d0fd57fd02b87142e581f693d49b1c83cfa03f31e85eaa3c3fd9cf69925a0f3e41267c7e6eecd1e172682707d8b588d60729f72b39d6fa193391ae0a283a51650f78e3878b9353260b977e67a1d0248d9d823f54eab48891820e8b998921912381c6bc16bbb0d84,gx-no-cache=1520006362582 HTTP/1.1" 200 30
186.103.157.235 - - [02/Mar/2018:13:00:11 -0300] "GET /cormun/servlet/trvisualizadoreventos? HTTP/1.1" 200 6977
186.103.159.189 - - [02/Mar/2018:13:00:12 -0300] "GET /cormun/servlet/treventos?2018,9921, HTTP/1.1" 200 6226
186.103.157.235 - - [02/Mar/2018:13:00:12 -0300] "GET /cormun/servlet/trvisualizadoreventos? HTTP/1.1" 200 6976
186.103.157.42 - - [02/Mar/2018:13:00:16 -0300] "POST /cormun/servlet/solicitudot?gx-no-cache=1520006367560 HTTP/1.1" 200 30
186.103.159.189 - - [02/Mar/2018:13:00:20 -0300] "POST /cormun/servlet/treventos?f86f923eccdfc5fd6bb4fb98151fca98,2018,9921,,gx-no-cache=1520009963603 HTTP/1.1" 200 90
186.103.159.189 - - [02/Mar/2018:13:00:20 -0300] "GET /cormun/servlet/hpexe_link HTTP/1.1" 200 973
186.103.159.189 - - [02/Mar/2018:13:00:20 -0300] "GET /cormun/servlet/trautorizarsolicitud HTTP/1.1" 200 14591
186.103.159.189 - - [02/Mar/2018:13:00:22 -0300] "GET /cormun/servlet/trautorizarsolicitud HTTP/1.1" 200 14590
186.103.159.46 - - [02/Mar/2018:13:00:34 -0300] "POST /cormun/servlet/trautorizarsolicitud?e044642ba25b8e29c14876656c5f81b9,,gx-no-cache=1520006385998 HTTP/1.1" 200 6616
186.103.157.42 - - [02/Mar/2018:13:00:35 -0300] "GET /cormun/servlet/trsolicitudot? HTTP/1.1" 200 25518
186.103.157.42 - - [02/Mar/2018:13:00:36 -0300] "GET /cormun/servlet/trsolicitudot? HTTP/1.1" 200 25512
186.103.159.46 - - [02/Mar/2018:13:00:36 -0300] "POST /cormun/servlet/trautorizarsolicitud?e044642ba25b8e29c14876656c5f81b9,,gx-no-cache=1520006388134 HTTP/1.1" 200 6615
186.103.159.46 - - [02/Mar/2018:13:00:44 -0300] "POST /cormun/servlet/trautorizarsolicitud?e044642ba25b8e29c14876656c5f81b9,,gx-no-cache=1520006395906 HTTP/1.1" 200 6255
186.103.159.46 - - [02/Mar/2018:13:00:44 -0300] "POST /cormun/servlet/trautorizarsolicitud?e044642ba25b8e29c14876656c5f81b9,,gx-no-cache=1520006396232 HTTP/1.1" 200 6198
186.103.156.24 - - [02/Mar/2018:13:00:47 -0300] "GET /cormun/servlet/prfichaempleado?,MD,,gxPopupLevel%3D0%3B HTTP/1.1" 200 9371
186.103.159.46 - - [02/Mar/2018:13:00:49 -0300] "POST /cormun/servlet/trautorizarsolicitud?e044642ba25b8e29c14876656c5f81b9,,gx-no-cache=1520006400476 HTTP/1.1" 200 5792
186.103.159.46 - - [02/Mar/2018:13:00:49 -0300] "POST /cormun/servlet/trautorizarsolicitud?e044642ba25b8e29c14876656c5f81b9,,gx-no-cache=1520006400765 HTTP/1.1" 200 5737
186.103.159.46 - - [02/Mar/2018:13:01:04 -0300] "POST /cormun/servlet/trautorizarsolicitud?e044642ba25b8e29c14876656c5f81b9,,gx-no-cache=1520006416013 HTTP/1.1" 200 4601
186.103.159.46 - - [02/Mar/2018:13:01:05 -0300] "POST /cormun/servlet/trautorizarsolicitud?e044642ba25b8e29c14876656c5f81b9,,gx-no-cache=1520006416278 HTTP/1.1" 200 4372
186.103.156.24 - - [02/Mar/2018:13:01:05 -0300] "GET /cormun/servlet/prfichaempleado?,MD,,gxPopupLevel%3D0%3B HTTP/1.1" 200 9371
186.103.156.24 - - [02/Mar/2018:13:01:09 -0300] "POST /cormun/servlet/prfichaempleado?7c1e4726347e676e98bfd0890bb4b85e,,MD,,gxPopupLevel%3D0%3B,gx-no-cache=1520006421820 HTTP/1.1" 200 6356
186.103.156.24 - - [02/Mar/2018:13:01:09 -0300] "GET /cormun/static/Resources/PXToolsGridNext.gif HTTP/1.1" 200 369
186.103.156.24 - - [02/Mar/2018:13:01:10 -0300] "GET /cormun/static/Resources/PXToolsGridLast.gif HTTP/1.1" 200 370
186.103.156.24 - - [02/Mar/2018:13:01:13 -0300] "POST /cormun/servlet/solicitudot?7c1e4726347e676e98bfd0890bb4b85e,INS,0,0,,gx-no-cache=1520006426024 HTTP/1.1" 200 93
186.103.156.24 - - [02/Mar/2018:13:01:13 -0300] "GET /cormun/servlet/hpexe_return? HTTP/1.1" 200 1006
186.103.156.24 - - [02/Mar/2018:13:01:13 -0300] "GET /cormun/servlet/trsolicitudot HTTP/1.1" 200 7431
186.103.156.24 - - [02/Mar/2018:13:01:14 -0300] "GET /cormun/servlet/trsolicitudot HTTP/1.1" 200 7428
186.103.156.24 - - [02/Mar/2018:13:01:26 -0300] "GET /cormun/servlet/solicitudot?INS,0,0, HTTP/1.1" 200 13665
186.103.156.24 - - [02/Mar/2018:13:01:26 -0300] "GET /cormun/servlet/solicitudot?INS,0,0, HTTP/1.1" 200 13670
186.103.156.24 - - [02/Mar/2018:13:01:50 -0300] "POST /cormun/servlet/solicitudot?gx-no-cache=1520006463602 HTTP/1.1" 200 3293
186.103.156.24 - - [02/Mar/2018:13:01:50 -0300] "POST /cormun/servlet/solicitudot?7c1e4726347e676e98bfd0890bb4b85e,INS,0,0,,gx-no-cache=1520006463770 HTTP/1.1" 200 10442
186.103.156.24 - - [02/Mar/2018:13:01:53 -0300] "GET /cormun/servlet/solicitudot?69f86cc1d70bf6d1c4e02f08f472ddc7443757b48b8c14a245231a9cfbf3adce3b2b67a3c9f846454505230b8b0c10ff,gx-no-cache=1520006466693 HTTP/1.1" 200 30
186.103.159.43 - - [02/Mar/2018:13:02:12 -0300] "POST /cormun/servlet/trautorizarsolicitud?82573917f4935617148b34cde42e29c4,,gx-no-cache=1520006484736 HTTP/1.1" 200 5739
186.103.159.43 - - [02/Mar/2018:13:02:22 -0300] "POST /cormun/servlet/trsolicitudot?d9e0d7084bc44d6f29971aea265cb11d,,gx-no-cache=1520006494878 HTTP/1.1" 200 5589
186.103.159.43 - - [02/Mar/2018:13:02:26 -0300] "GET /cormun/servlet/vesolicitudot?2018,9930,, HTTP/1.1" 200 8318
186.103.159.43 - - [02/Mar/2018:13:02:26 -0300] "GET /cormun/pexe_scrolldiv.js HTTP/1.1" 404 1009
186.103.159.43 - - [02/Mar/2018:13:02:26 -0300] "GET /cormun/pexe_scrolldiv.js HTTP/1.1" 404 1009
186.103.159.43 - - [02/Mar/2018:13:02:26 -0300] "GET /cormun/servlet/vesolicitudot?2018,9930,, HTTP/1.1" 200 8318
186.67.203.186 - - [02/Mar/2018:13:02:32 -0300] "POST /cormun/servlet/solicitudot?gx-no-cache=1520006504479 HTTP/1.1" 200 3396
186.67.203.186 - - [02/Mar/2018:13:02:32 -0300] "POST /cormun/servlet/solicitudot?4ef8dc9fd61cc796407813806e602951,INS,0,0,,gx-no-cache=1520006504993 HTTP/1.1" 200 10539
186.67.203.186 - - [02/Mar/2018:13:02:33 -0300] "GET /cormun/servlet/solicitudot?d0fc81054ae1bcd3fc4e8ec0f4f946b0062905bc020c94d1c61f18021de74ec0bf1f9e392fabe13b48fb46697bd63777,gx-no-cache=1520006506109 HTTP/1.1" 200 30
186.67.203.186 - - [02/Mar/2018:13:02:38 -0300] "GET /cormun/servlet/solicitudot?d0fc81054ae1bcd3fc4e8ec0f4f946b074aca478c3af2ccdf17736040ad09c83a0cd567c129e423be79bd0ab191088c07a13c12162a5951341c324dc3d29761c,gx-no-cache=1520006510470 HTTP/1.1" 200 30
186.67.203.186 - - [02/Mar/2018:13:02:38 -0300] "GET /cormun/servlet/solicitudot?d0fc81054ae1bcd3fc4e8ec0f4f946b0bc9584acff132ca566ac09288343f28a,gx-no-cache=1520006510548 HTTP/1.1" 200 45
186.67.203.186 - - [02/Mar/2018:13:02:38 -0300] "POST /cormun/servlet/solicitudot?gx-no-cache=1520006510695 HTTP/1.1" 200 256
186.67.203.186 - - [02/Mar/2018:13:02:38 -0300] "GET /cormun/servlet/solicitudot?d0fc81054ae1bcd3fc4e8ec0f4f946b071677c031f1bb0e36779c6b53a3316726b7cf93dbc123b910fb94f9081b67ada65738609178519057f04a9d896db882a163f13bd64654bb7fa652a0e759d7ab5bdf17d6ef7eeff9c70d03903c37ff41a99ea2af2c60f1324ed453276e0bfd01817c3c52b432faf675ab71c244939eb4455167783762c804504897c56de80ebf756ea0c9f200a56fb429f4ec2409adfd50010ff961faa95fa0bac253b39dfe1af7fdd8ad78f36d36c360afe3830ee6f8ad44afa6132d47f3f5f479c206b3ba44f87e752b36c42318221c5ccf31947c790f2699d6264f95043431184839377ac7c5c2d6e5223d88604627645364da8456816888daa3fea04e73db3b8f40844c494bccc4f31af6682bbe356bcf99b5a79208a298d2bb61e079edb26837d8bd7c19f5f883e7c86023329c2bfc4dc74a3a6ff748e947f12b4f32d3df8c019d7a866b83fd070d18ff23fd55f0637e9956e1bdd256ee32d7efcba129ed31aebea9c2a3b7c879c49ebe19a5d99ae869b48701bf6,gx-no-cache=1520006510788 HTTP/1.1" 200 30
186.103.159.43 - - [02/Mar/2018:13:03:00 -0300] "GET /cormun/servlet/vesolicitudot?2018,9930,,SolicitudOTAdjuntos HTTP/1.1" 200 7317
186.103.159.43 - - [02/Mar/2018:13:03:00 -0300] "GET /cormun/pexe_scrolldiv.js HTTP/1.1" 404 1009
186.103.159.43 - - [02/Mar/2018:13:03:00 -0300] "GET /cormun/pexe_scrolldiv.js HTTP/1.1" 404 1009
186.103.159.43 - - [02/Mar/2018:13:03:00 -0300] "GET /cormun/servlet/vesolicitudot?2018,9930,,SolicitudOTAdjuntos HTTP/1.1" 200 7317
186.103.159.43 - - [02/Mar/2018:13:03:01 -0300] "POST /cormun/servlet/acontrolpreferencessavestate?None,CD-12,true HTTP/1.1" 200 35
186.103.132.155 - - [02/Mar/2018:13:03:37 -0300] "POST /cormun/servlet/solicitudot?gx-no-cache=1520006569837 HTTP/1.1" 200 3407
186.103.132.155 - - [02/Mar/2018:13:03:38 -0300] "POST /cormun/servlet/solicitudot?4ef8dc9fd61cc796407813806e602951,INS,0,0,,gx-no-cache=1520006570317 HTTP/1.1" 200 10660
186.103.159.187 - - [02/Mar/2018:13:03:49 -0300] "GET /cormun/servlet/hhome HTTP/1.1" 200 3382
186.103.159.187 - - [02/Mar/2018:13:03:51 -0300] "GET /cormun/servlet/hhome HTTP/1.1" 200 3382
186.103.159.187 - - [02/Mar/2018:13:03:53 -0300] "GET /cormun/servlet/hhome HTTP/1.1" 200 3391
186.103.159.187 - - [02/Mar/2018:13:03:53 -0300] "GET /cormun/servlet/hlogin HTTP/1.1" 200 1732
186.103.159.187 - - [02/Mar/2018:13:04:02 -0300] "POST /cormun/servlet/hlogin?42451447765c4b360ed02454d529be18,gx-no-cache=1520006693959 HTTP/1.1" 200 90
186.103.159.187 - - [02/Mar/2018:13:04:02 -0300] "GET /cormun/servlet/hpexe_link HTTP/1.1" 200 950
186.103.159.187 - - [02/Mar/2018:13:04:03 -0300] "GET /cormun/servlet/hhome HTTP/1.1" 200 3921
186.103.159.187 - - [02/Mar/2018:13:04:04 -0300] "GET /cormun/servlet/hhome HTTP/1.1" 200 3918
186.103.159.187 - - [02/Mar/2018:13:04:07 -0300] "GET /cormun/servlet/trsolicitudot? HTTP/1.1" 200 8914
186.103.159.187 - - [02/Mar/2018:13:04:08 -0300] "GET /cormun/servlet/trsolicitudot? HTTP/1.1" 200 8912
186.103.159.187 - - [02/Mar/2018:13:04:11 -0300] "GET /cormun/servlet/solicitudot?INS,0,0, HTTP/1.1" 200 13380
186.103.159.187 - - [02/Mar/2018:13:04:12 -0300] "GET /cormun/servlet/solicitudot?INS,0,0, HTTP/1.1" 200 13385
186.103.161.206 - - [02/Mar/2018:13:04:13 -0300] "GET /cormun/servlet/solicitudot?INS,0,0, HTTP/1.1" 200 13489
186.103.159.187 - - [02/Mar/2018:13:04:40 -0300] "POST /cormun/servlet/solicitudot?gx-no-cache=1520006731912 HTTP/1.1" 200 3300
186.103.159.187 - - [02/Mar/2018:13:04:41 -0300] "POST /cormun/servlet/solicitudot?42451447765c4b360ed02454d529be18,INS,0,0,,gx-no-cache=1520006732346 HTTP/1.1" 200 10257
186.103.159.187 - - [02/Mar/2018:13:04:48 -0300] "GET /cormun/servlet/solicitudot?8e556e46dfc2a2059b3801e91a4a152beac001cf9c29823c7800abe12d768c9ff9c55483c2ae895e8eb688a4353ff744,gx-no-cache=1520006739927 HTTP/1.1" 200 30
190.151.100.218 - - [02/Mar/2018:13:05:16 -0300] "GET /cormun/servlet/solicitudot?INS,0,0, HTTP/1.1" 200 13488
190.151.100.218 - - [02/Mar/2018:13:05:18 -0300] "GET /cormun/servlet/solicitudot?INS,0,0, HTTP/1.1" 200 13493
186.67.203.186 - - [02/Mar/2018:13:05:25 -0300] "GET /favicon.ico HTTP/1.1" 200 21630
186.103.159.189 - - [02/Mar/2018:13:05:39 -0300] "POST /cormun/servlet/trautorizarsolicitud?f86f923eccdfc5fd6bb4fb98151fca98,gx-no-cache=1520010281990 HTTP/1.1" 200 6659
186.103.159.189 - - [02/Mar/2018:13:05:42 -0300] "POST /cormun/servlet/trautorizarsolicitud?f86f923eccdfc5fd6bb4fb98151fca98,gx-no-cache=1520010286268 HTTP/1.1" 200 6671
186.103.159.189 - - [02/Mar/2018:13:05:42 -0300] "GET /cormun/static/Shared/jqueryui/images/ui-bg_highlight-soft_100_c6c2c8_1x100.png HTTP/1.1" 404 1117
186.103.159.189 - - [02/Mar/2018:13:05:42 -0300] "GET /cormun/static/Shared/jqueryui/images/ui-icons_82798d_256x240.png HTTP/1.1" 404 1089
186.103.159.189 - - [02/Mar/2018:13:05:43 -0300] "GET /cormun/static/Shared/jqueryui/images/ui-bg_flat_55_fafafa_40x100.png HTTP/1.1" 404 1097
186.103.159.189 - - [02/Mar/2018:13:05:43 -0300] "GET /cormun/static/Shared/jqueryui/images/ui-icons_8d78a5_256x240.png HTTP/1.1" 404 1089
186.103.159.189 - - [02/Mar/2018:13:05:55 -0300] "GET /cormun/servlet/trautorizarsolicitud? HTTP/1.1" 200 9523
186.103.159.189 - - [02/Mar/2018:13:05:58 -0300] "GET /cormun/servlet/trautorizarsolicitud? HTTP/1.1" 200 9523
186.103.159.189 - - [02/Mar/2018:13:06:06 -0300] "POST /cormun/servlet/trsolicitudot?0c7e55f8da2a3bfeea22d219f3625c89,gx-no-cache=1520006718870 HTTP/1.1" 200 6076
186.103.159.189 - - [02/Mar/2018:13:06:06 -0300] "GET /cormun/static/Shared/jqueryui/images/ui-bg_highlight-soft_100_c6c2c8_1x100.png HTTP/1.1" 404 1117
186.103.159.189 - - [02/Mar/2018:13:06:06 -0300] "GET /cormun/static/Shared/jqueryui/images/ui-icons_82798d_256x240.png HTTP/1.1" 404 1089
186.103.159.189 - - [02/Mar/2018:13:06:06 -0300] "GET /cormun/static/Shared/jqueryui/images/ui-bg_flat_55_fafafa_40x100.png HTTP/1.1" 404 1097
186.103.159.189 - - [02/Mar/2018:13:06:06 -0300] "GET /cormun/static/Shared/jqueryui/images/ui-icons_8d78a5_256x240.png HTTP/1.1" 404 1089
186.103.159.189 - - [02/Mar/2018:13:06:07 -0300] "POST /cormun/servlet/trsolicitudot?0c7e55f8da2a3bfeea22d219f3625c89,gx-no-cache=1520006719468 HTTP/1.1" 200 6017
186.103.159.189 - - [02/Mar/2018:13:06:07 -0300] "POST /cormun/servlet/trautorizarsolicitud?f86f923eccdfc5fd6bb4fb98151fca98,,gx-no-cache=1520010311644 HTTP/1.1" 200 6183
186.103.159.189 - - [02/Mar/2018:13:06:08 -0300] "GET /cormun/static/Shared/jqueryui/images/ui-bg_highlight-soft_100_c6c2c8_1x100.png HTTP/1.1" 404 1117
186.103.159.189 - - [02/Mar/2018:13:06:08 -0300] "GET /cormun/static/Shared/jqueryui/images/ui-icons_82798d_256x240.png HTTP/1.1" 404 1089
186.103.159.189 - - [02/Mar/2018:13:06:08 -0300] "GET /cormun/static/Shared/jqueryui/images/ui-bg_flat_55_fafafa_40x100.png HTTP/1.1" 404 1097
