200.86.95.220 - - [02/Mar/2018:11:49:03 -0300] "GET /cormun/servlet/solicitudotcontratos?5896b191784af4a9afd195fdaa204112727a3aac3b3a802ed17a949c5713e92e72d1a432525d9d4ecc798f7ae25df2b9933866e00508660ccf3451322c432d3bc52f15117262c901c6ad50bd4c202776b43217571f214dbcef2a80e83e85bf25669bba7e13f95d32901175a0691363a45b47063761007dbc5e7db7aca15582b70aa2f1454121b5b450cbc0615a642621e4288ad795e6f9ad13acf43943b9c8ee908223e8e24406aeb8d40c83183b6e6cebe35ff73eed5a1c460eae570906c4d96971ba9bf2452b57eb826fd5ec701062e3ea9585ee34134a9fd4d150afe7955642848eb1e39524b791df38abac635099a1f16e83000e56bcd8912c64b6ca4f2e09322f10354597f1cd63beb091d17ba14a8391f01e1a0ac6d4464eb106a3242bd86e12ab2d15800f87bce363f4d9eabf786d0208bd8173cdb0c4e5c5f1bc2c62d5bdb87020174bf508d97f5dc81a72b7ee1aa47a5c40d2e42800b50ae7dc99467a9a302f0f9b1792a346b5942788a0a24a8391f01e1a0ac6d4464eb106a3242b3b0399b3cbf44e09d94408f4131e89521bf8bf834e5fcbb16386fd1866f5aebfa86cd7f58779e65048b89ea5fcb69128a19064ae9b54ad21f59137e58e2b1128,gx-no-cache=1520002093115 HTTP/1.1" 200 83
186.103.159.183 - - [02/Mar/2018:11:49:03 -0300] "GET /cormun/servlet/solicitudot?7a0796863446eda4467284c3f02f3749d1b79daa8f3b13e77fe7a024dfa3afdef10f07bd19f233bab8f55b8418258c0d3ae78ad829f36409b2b5ba3caa501da2,gx-no-cache=1520002096814 HTTP/1.1" 200 103
186.103.159.183 - - [02/Mar/2018:11:49:03 -0300] "GET /cormun/static/Shared/jqueryui/images/ui-bg_highlight-soft_100_c6c2c8_1x100.png HTTP/1.1" 404 1117
186.103.159.183 - - [02/Mar/2018:11:49:03 -0300] "GET /cormun/static/Shared/jqueryui/images/ui-icons_82798d_256x240.png HTTP/1.1" 404 1089
186.103.159.183 - - [02/Mar/2018:11:49:03 -0300] "GET /cormun/static/Shared/jqueryui/images/ui-bg_flat_55_994d53_40x100.png HTTP/1.1" 404 1097
186.103.159.183 - - [02/Mar/2018:11:49:03 -0300] "GET /cormun/static/Shared/jqueryui/images/ui-icons_ebccce_256x240.png HTTP/1.1" 404 1089
186.103.159.183 - - [02/Mar/2018:11:49:03 -0300] "GET /cormun/servlet/solicitudot?7a0796863446eda4467284c3f02f374989c9c2a4fd0e542f78601ad65acef95f,gx-no-cache=1520002096968 HTTP/1.1" 200 59
186.103.159.183 - - [02/Mar/2018:11:49:03 -0300] "POST /cormun/servlet/solicitudot?gx-no-cache=1520002097112 HTTP/1.1" 200 297
200.112.3.74 - - [02/Mar/2018:11:49:03 -0300] "POST /cormun/servlet/prfichaempleado?c1e80ee34a237310212969a688f35c23,,MD,,gxPopupLevel%3D0%3B,gx-no-cache=1520002095988 HTTP/1.1" 200 3413
186.103.159.183 - - [02/Mar/2018:11:49:03 -0300] "GET /cormun/servlet/solicitudot?7a0796863446eda4467284c3f02f374908f93f96b4af63dd3ee772bcf62011fe746a125bb812a552e32c871dc82af741179e50dacbee95b557e0d661483a11410b8e653849f714d2549b9536868c175a7fc878dbb04c048ffed9a4b41ca78d9790df92cfdccb63383ec3864c51d48f712c0218de0d944b7395c39ce7286523b5af3016ec65156a6728cbe23853668da4fa545d0cacebf131a8dc536964f4a960f09d00a43c1e37fff1dad10c31005dad6a9e103eaef6912c10d06731403860fb2fe31859767071777926a8725e5c6a518afa1a136d51481d94bc70675e11e3e22bf119f93ef77a690850a569da7bea268fb0550ecc91c244fe629790402635e5b55dc390e9aeb500ae6cb57fa6117fada11b67dbb89f44b826f6ec48e5b34c36a610445cde4097550b8936768a5381ca9704fcab73a708bd21e7110158d710593ce5133ed2758d8fe1db3f73bf01f85df458267eec43079ec88be25d6b763524555e86505018852f2eb0fe2cdb97a14471873e947f97c4ee14f32185cff1ac9fffba3844f131f41383b9e9b810d62b5c,gx-no-cache=1520002097227 HTTP/1.1" 200 30
186.103.159.183 - - [02/Mar/2018:11:49:05 -0300] "POST /cormun/servlet/solicitudot?gx-no-cache=1520002098700 HTTP/1.1" 200 30
200.112.3.74 - - [02/Mar/2018:11:49:06 -0300] "POST /cormun/servlet/solicitudot?gx-no-cache=1520002098870 HTTP/1.1" 200 3413
200.112.3.74 - - [02/Mar/2018:11:49:06 -0300] "POST /cormun/servlet/solicitudot?c1e80ee34a237310212969a688f35c23,INS,0,0,,gx-no-cache=1520002099397 HTTP/1.1" 200 10409
186.103.159.183 - - [02/Mar/2018:11:49:07 -0300] "POST /cormun/servlet/solicitudot?gx-no-cache=1520002100684 HTTP/1.1" 200 1336
200.112.3.74 - - [02/Mar/2018:11:49:07 -0300] "GET /cormun/servlet/solicitudot?944e7f293973231495e81d586165cb4f67f07e7df92b5588ffa2d9f242b5c49853e61be2bfe58edb3e6f298442afbdd6,gx-no-cache=1520002100010 HTTP/1.1" 200 30
186.103.159.183 - - [02/Mar/2018:11:49:07 -0300] "POST /cormun/servlet/solicitudot?gx-no-cache=1520002100933 HTTP/1.1" 200 38
190.46.88.54 - - [02/Mar/2018:11:49:08 -0300] "GET /cormun/servlet/trfichaempleado? HTTP/1.1" 200 14363
200.86.95.220 - - [02/Mar/2018:11:49:08 -0300] "POST /cormun/servlet/solicitudotcontratos?d9346b9f04490edddab60480e8c91b6b,INS,2018,0,15523266,8,6,2017,3419,INTEGRACION,201801,3,*,,gx-no-cache=1520002098553 HTTP/1.1" 200 10799
190.46.88.54 - - [02/Mar/2018:11:49:08 -0300] "GET /cormun/servlet/trfichaempleado? HTTP/1.1" 200 14363
190.46.88.54 - - [02/Mar/2018:11:49:08 -0300] "GET /cormun/static/gxcfg.js?20177616262612 HTTP/1.1" 200 953
200.86.95.220 - - [02/Mar/2018:11:49:08 -0300] "POST /cormun/servlet/solicitudotcontratos?gx-no-cache=1520002098942 HTTP/1.1" 200 1320
190.46.88.54 - - [02/Mar/2018:11:49:09 -0300] "GET /cormun/static/trfichaempleado.js?20177616262887 HTTP/1.1" 200 22815
200.86.95.220 - - [02/Mar/2018:11:49:09 -0300] "POST /cormun/servlet/solicitudotcontratos?gx-no-cache=1520002099044 HTTP/1.1" 200 1217
200.86.95.220 - - [02/Mar/2018:11:49:09 -0300] "GET /cormun/servlet/solicitudotcontratos?5896b191784af4a9afd195fdaa204112dc86e71e659532dc7bb74494c32bba8c74a68a0597d6e05e6801dc2a705798c2261dcd15ae1e0264af68dff9a1f8e3b7ba56b6a104dab638c653b230eca0d41b8880dc02286f42b7e40ddb572d93becc8395bfb28c0c90ec2ad6c5e8396ee292fe336eb48d947b86fe6e1a6f0840989c,gx-no-cache=1520002099145 HTTP/1.1" 200 30
190.46.88.54 - - [02/Mar/2018:11:49:09 -0300] "GET /cormun//static/Resources/PXToolsGridUpdate.png HTTP/1.1" 200 2984
200.86.95.220 - - [02/Mar/2018:11:49:10 -0300] "POST /cormun/servlet/solicitudotcontratos?d9346b9f04490edddab60480e8c91b6b,INS,2018,0,15523266,8,6,2017,3419,INTEGRACION,201801,3,*,,gx-no-cache=1520002099236 HTTP/1.1" 200 93
200.86.95.220 - - [02/Mar/2018:11:49:10 -0300] "GET /cormun/servlet/hpexe_return? HTTP/1.1" 200 1052
200.86.95.220 - - [02/Mar/2018:11:49:10 -0300] "GET /cormun/servlet/trcontratosolicitud HTTP/1.1" 200 14367
200.86.95.220 - - [02/Mar/2018:11:49:12 -0300] "GET /cormun/servlet/trcontratosolicitud HTTP/1.1" 200 14362
200.112.3.74 - - [02/Mar/2018:11:49:12 -0300] "GET /cormun/servlet/solicitudot?944e7f293973231495e81d586165cb4f5b3837b3adef50c37bdc71463aed2606e6bd4999e9b0df4380b63aec081493d514e4b2ab1376ed86aad8533d2f6c5d49,gx-no-cache=1520002105287 HTTP/1.1" 200 30
200.112.3.74 - - [02/Mar/2018:11:49:12 -0300] "GET /cormun/servlet/solicitudot?944e7f293973231495e81d586165cb4f00ce9ab3899905b185020abf910803df,gx-no-cache=1520002105415 HTTP/1.1" 200 53
200.112.3.74 - - [02/Mar/2018:11:49:12 -0300] "POST /cormun/servlet/solicitudot?gx-no-cache=1520002105557 HTTP/1.1" 200 297
200.112.3.74 - - [02/Mar/2018:11:49:12 -0300] "GET /cormun/servlet/solicitudot?944e7f293973231495e81d586165cb4f4af9b7fe8d1c530a0a4b19a31efbcf143eab66e0fe503696089f3e7ed30e822e45fe099f8328637570cc6977206ade6480c35e2ffaec55ea00b1ecafb0f0cce24ca9ca6539c7ce7a8a53474053be63448c179182b13a8e1dbb272f3533f6e83b690cd308f9b8bb0b95c53623e83242002a17a0f6dcbad9030e8b34b9a0a711dca263d20989adeb9a31620e10cad967fee1b372a70645b2a3657b40e4c76dcdc06a9e2368ef484528dbc1040893760e519bb7518f0e52d02def90919f6899beda3a60052c32532ac3dcfbfaea3f154a7b9e5eae6689128f9e51b294d7a121fb09b36df99034664afc44af0de23a1b20027bd90e2055c5bc356e9e022cc86824bf09f8cf5857b84819f551d4011e0003260f119834393d8ad8f18c0f88f6c2da597fecfced0d49ad4ccb19197b9c3efc691cb695c38133e2533b4395aef2f7958ffbd16827f352e4d4b25b126da2c2cec2e27cc4673d19bb0ca85a4c7f3d1c4c04a2e921f36986fcd2bf82bdb55bc424d3dc93635299dd43de4ba6c6018a0932f2,gx-no-cache=1520002105726 HTTP/1.1" 200 30
200.112.3.74 - - [02/Mar/2018:11:49:14 -0300] "POST /cormun/servlet/solicitudot?gx-no-cache=1520002107519 HTTP/1.1" 200 30
200.112.3.74 - - [02/Mar/2018:11:49:17 -0300] "POST /cormun/servlet/solicitudot?gx-no-cache=1520002110729 HTTP/1.1" 200 1337
200.112.3.74 - - [02/Mar/2018:11:49:18 -0300] "POST /cormun/servlet/solicitudot?gx-no-cache=1520002110932 HTTP/1.1" 200 38
186.103.159.183 - - [02/Mar/2018:11:49:20 -0300] "GET /cormun/servlet/solicitudot?7a0796863446eda4467284c3f02f3749fbeec554385e648df4eaf8bb2b5950f61669b445d14a68bd56e37a3f832f86bfe30bef55ec70b8bca38c8881b8c079cd3eb57f645ddac0962c522691d5d62b8581f1eddefbaf04fc123e344f1f675868d0c88cbd895cec9357980e5d7c560976,gx-no-cache=1520002113305 HTTP/1.1" 200 29
186.79.83.208 - - [02/Mar/2018:11:49:20 -0300] "GET /cormun/servlet/hlogin HTTP/1.1" 200 1724
186.103.159.183 - - [02/Mar/2018:11:49:20 -0300] "POST /cormun/servlet/solicitudot?gx-no-cache=1520002113770 HTTP/1.1" 200 1317
186.103.159.183 - - [02/Mar/2018:11:49:20 -0300] "POST /cormun/servlet/solicitudot?gx-no-cache=1520002114105 HTTP/1.1" 200 1218
186.79.83.208 - - [02/Mar/2018:11:49:20 -0300] "GET /cormun/static/gxtimezone.js?85251 HTTP/1.1" 304 -
186.103.159.183 - - [02/Mar/2018:11:49:20 -0300] "GET /cormun/static/menuarrow.gif HTTP/1.1" 404 1015
200.86.95.220 - - [02/Mar/2018:11:49:25 -0300] "GET /cormun/servlet/solicitudotcontratos?INS,2018,0,17477396,3,2,2017,4130,INTEGRACION,201801,30,B, HTTP/1.1" 200 9850
200.86.95.220 - - [02/Mar/2018:11:49:27 -0300] "GET /cormun/servlet/solicitudotcontratos?INS,2018,0,17477396,3,2,2017,4130,INTEGRACION,201801,30,B, HTTP/1.1" 200 9882
200.86.95.220 - - [02/Mar/2018:11:49:27 -0300] "GET /cormun/servlet/solicitudotcontratos?5896b191784af4a9afd195fdaa20411233af5bb8966e2a9320c8ebc91d3fe88d1017a1fb6d42743649eaf1cc44d554a3,gx-no-cache=1520002117493 HTTP/1.1" 200 30
200.86.95.220 - - [02/Mar/2018:11:49:27 -0300] "GET /cormun/servlet/solicitudotcontratos?5896b191784af4a9afd195fdaa20411286a766e5398264c79d75abb21e706760c77aad3e51cce7f6cdaab2b202d41fa7,gx-no-cache=1520002117575 HTTP/1.1" 200 30
200.86.95.220 - - [02/Mar/2018:11:49:27 -0300] "GET /cormun/servlet/solicitudotcontratos?5896b191784af4a9afd195fdaa204112e28955ab14f608cd06c7407ccd3d8abf0cfd6623c141efeaa2dbeeec16d246941a95f76d3290259974ba7929a1ac22152498a03c8d657e3580113e0603cbe26e91ff0830a888aeff1ec924495f649c11c4de3847bde28dcb16c5498e7f017386b72888508c79148e901aee9d516a6dc3,gx-no-cache=1520002117657 HTTP/1.1" 200 48
200.86.95.220 - - [02/Mar/2018:11:49:27 -0300] "GET /cormun/servlet/solicitudotcontratos?5896b191784af4a9afd195fdaa204112da7f00adbb9a59d90a184883779e5a58ada717833cf13d124df2fb4e852d0f01,gx-no-cache=1520002117745 HTTP/1.1" 200 30
200.86.95.220 - - [02/Mar/2018:11:49:27 -0300] "GET /cormun/servlet/solicitudotcontratos?5896b191784af4a9afd195fdaa204112b76c3c7b18668c936319ec7cf940b5d2a6eb9dfaddded4d029f3246ed16c2a08dab5ac428aaaa9cd0ec896d789bdb98b0b67ec5b7655e5365f08d1a662eb6e8c7a70e9a4b20f1cc991e2361f402dad61d695c2d74e63b895908b070d7a16f8e1,gx-no-cache=1520002117832 HTTP/1.1" 200 30
200.86.95.220 - - [02/Mar/2018:11:49:27 -0300] "GET /cormun/servlet/solicitudotcontratos?5896b191784af4a9afd195fdaa204112727a3aac3b3a802ed17a949c5713e92e72d1a432525d9d4ecc798f7ae25df2b9933866e00508660ccf3451322c432d3bc52f15117262c901c6ad50bd4c202776b43217571f214dbcef2a80e83e85bf25669bba7e13f95d32901175a0691363a45b47063761007dbc5e7db7aca15582b70aa2f1454121b5b450cbc0615a642621e4288ad795e6f9ad13acf43943b9c8ee908223e8e24406aeb8d40c83183b6e6cebe35ff73eed5a1c460eae570906c4d96971ba9bf2452b57eb826fd5ec701062e3ea9585ee34134a9fd4d150afe7955642848eb1e39524b791df38abac635099a1f16e83000e56bcd8912c64b6ca4f2e09322f10354597f1cd63beb091d17ba14a8391f01e1a0ac6d4464eb106a3242bd86e12ab2d15800f87bce363f4d9eabf786d0208bd8173cdb0c4e5c5f1bc2c62d5bdb87020174bf508d97f5dc81a72b7ee1aa47a5c40d2e42800b50ae7dc99467a9a302f0f9b1792a346b5942788a0a24a8391f01e1a0ac6d4464eb106a3242b3b0399b3cbf44e09d94408f4131e89521bf8bf834e5fcbb16386fd1866f5aebfa86cd7f58779e65048b89ea5fcb69128a19064ae9b54ad21f59137e58e2b1128,gx-no-cache=1520002117924 HTTP/1.1" 200 83
186.79.83.208 - - [02/Mar/2018:11:49:31 -0300] "POST /cormun/servlet/hlogin?5c36f9f7efb495da0a72d2689f2b1c94,gx-no-cache=1520002129871 HTTP/1.1" 200 90
200.112.3.74 - - [02/Mar/2018:11:49:31 -0300] "GET /cormun/servlet/solicitudot?944e7f293973231495e81d586165cb4f43b79bac41e45e3e9037d52832ea9d6fb71a08379e2f8de0a832f07f993ff4ca60dfad36b8c77878baa58b7746b50d8ed03543f9b7642ae8da5a35c68b5af882392bc4a1af6faddeab17d52c0486967220df468a16b9bc3af3169ccd588b2fa3,gx-no-cache=1520002123880 HTTP/1.1" 200 29
186.79.83.208 - - [02/Mar/2018:11:49:31 -0300] "GET /cormun/servlet/hpexe_link HTTP/1.1" 200 956
186.79.83.208 - - [02/Mar/2018:11:49:31 -0300] "GET /cormun/servlet/hhome HTTP/1.1" 200 4229
200.112.3.74 - - [02/Mar/2018:11:49:32 -0300] "POST /cormun/servlet/solicitudot?gx-no-cache=1520002124011 HTTP/1.1" 200 1318
200.112.3.74 - - [02/Mar/2018:11:49:32 -0300] "POST /cormun/servlet/solicitudot?gx-no-cache=1520002125203 HTTP/1.1" 200 1218
200.112.3.74 - - [02/Mar/2018:11:49:32 -0300] "GET /cormun/static/menuarrow.gif HTTP/1.1" 404 1015
186.79.83.208 - - [02/Mar/2018:11:49:33 -0300] "GET /cormun/servlet/hhome HTTP/1.1" 200 4225
200.112.3.74 - - [02/Mar/2018:11:49:34 -0300] "POST /cormun/servlet/solicitudot?gx-no-cache=1520002127043 HTTP/1.1" 200 1318
200.112.3.74 - - [02/Mar/2018:11:49:34 -0300] "POST /cormun/servlet/solicitudot?gx-no-cache=1520002127295 HTTP/1.1" 200 1218
200.112.3.74 - - [02/Mar/2018:11:49:35 -0300] "GET /cormun/servlet/solicitudot?944e7f293973231495e81d586165cb4f9c234781646c625ad6b3f08d532eae240e44fc134b8d4ca45f91a39e3a8b7cb6,gx-no-cache=1520002128567 HTTP/1.1" 200 30
200.86.95.220 - - [02/Mar/2018:11:49:35 -0300] "POST /cormun/servlet/solicitudotcontratos?d9346b9f04490edddab60480e8c91b6b,INS,2018,0,17477396,3,2,2017,4130,INTEGRACION,201801,30,B,,gx-no-cache=1520002125155 HTTP/1.1" 200 10813
200.86.95.220 - - [02/Mar/2018:11:49:36 -0300] "POST /cormun/servlet/solicitudotcontratos?gx-no-cache=1520002126130 HTTP/1.1" 200 1320
200.86.95.220 - - [02/Mar/2018:11:49:37 -0300] "POST /cormun/servlet/solicitudotcontratos?gx-no-cache=1520002126313 HTTP/1.1" 200 1218
200.86.95.220 - - [02/Mar/2018:11:49:37 -0300] "GET /cormun/servlet/solicitudotcontratos?5896b191784af4a9afd195fdaa204112dc86e71e659532dc7bb74494c32bba8c74a68a0597d6e05e6801dc2a705798c2261dcd15ae1e0264af68dff9a1f8e3b7ba56b6a104dab638c653b230eca0d41b8880dc02286f42b7e40ddb572d93becc8395bfb28c0c90ec2ad6c5e8396ee292fe336eb48d947b86fe6e1a6f0840989c,gx-no-cache=1520002127242 HTTP/1.1" 200 30
200.86.95.220 - - [02/Mar/2018:11:49:38 -0300] "POST /cormun/servlet/solicitudotcontratos?d9346b9f04490edddab60480e8c91b6b,INS,2018,0,17477396,3,2,2017,4130,INTEGRACION,201801,30,B,,gx-no-cache=1520002127335 HTTP/1.1" 200 93
200.86.95.220 - - [02/Mar/2018:11:49:38 -0300] "GET /cormun/servlet/hpexe_return? HTTP/1.1" 200 1051
200.86.95.220 - - [02/Mar/2018:11:49:38 -0300] "GET /cormun/servlet/trcontratosolicitud HTTP/1.1" 200 14211
200.86.95.220 - - [02/Mar/2018:11:49:40 -0300] "GET /cormun/servlet/trcontratosolicitud HTTP/1.1" 200 14208
186.79.83.208 - - [02/Mar/2018:11:49:41 -0300] "GET /cormun/servlet/trrenuncias? HTTP/1.1" 200 7117
200.112.3.74 - - [02/Mar/2018:11:49:42 -0300] "POST /cormun/servlet/solicitudot?gx-no-cache=1520002134887 HTTP/1.1" 200 30
186.79.83.208 - - [02/Mar/2018:11:49:42 -0300] "GET /cormun/static/gxcfg.js?20175251282642 HTTP/1.1" 200 953
186.79.83.208 - - [02/Mar/2018:11:49:42 -0300] "GET /cormun/static/calendar.js?85251 HTTP/1.1" 304 -
186.79.83.208 - - [02/Mar/2018:11:49:42 -0300] "GET /cormun/static/calendar-setup.js?85251 HTTP/1.1" 304 -
186.79.83.208 - - [02/Mar/2018:11:49:42 -0300] "GET /cormun/static/calendar-es.js?85251 HTTP/1.1" 304 -
186.79.83.208 - - [02/Mar/2018:11:49:42 -0300] "GET /cormun/static/gxdec.js?85251 HTTP/1.1" 304 -
186.79.83.208 - - [02/Mar/2018:11:49:42 -0300] "GET /cormun/static/trrenuncias.js?20175251283179 HTTP/1.1" 200 31174
186.79.83.208 - - [02/Mar/2018:11:49:43 -0300] "GET /cormun/servlet/trrenuncias? HTTP/1.1" 200 7116
186.79.83.208 - - [02/Mar/2018:11:49:46 -0300] "GET /cormun/servlet/renuncias?INS,0, HTTP/1.1" 200 6365
186.79.83.208 - - [02/Mar/2018:11:49:46 -0300] "GET /cormun/static/gxcfg.js?2017426922787 HTTP/1.1" 200 953
186.79.83.208 - - [02/Mar/2018:11:49:46 -0300] "GET /cormun/static/renuncias.js?201742692287 HTTP/1.1" 200 14762
186.79.83.208 - - [02/Mar/2018:11:49:47 -0300] "GET /cormun/static/Resources/Spanish/PXTools.css?11294912 HTTP/1.1" 200 89042
186.79.83.208 - - [02/Mar/2018:11:49:48 -0300] "GET /cormun/servlet/renuncias?INS,0, HTTP/1.1" 200 6366
186.103.159.46 - - [02/Mar/2018:11:49:52 -0300] "POST /cormun/servlet/solicitudot?gx-no-cache=1520002143837 HTTP/1.1" 200 297
186.103.159.46 - - [02/Mar/2018:11:49:52 -0300] "GET /cormun/servlet/solicitudot?af42b805aa3987a4800dab8c0adc5a8f6b53564ed8e09183c286d56c6cccc83d74e910177cb4ff54c83a88d672d6d2fa3174b4fb03e81fd09329334e151e9e3c6f82c1b88cb3f340f63f21a2f50a37497c91ff2ad74619a4a7b606245615e04b2c5559cb2b87cbb33ee34e6742027671910d964904022e2f6a3944f0a2b5cf374c44a15cdd52d301261a7aee427ccf211429e713877bee6a1615c22981fc29132dd283b9de7d71bdf4aa21ccb7c4389522075d33bc8d755837d5056dea0f01fd3e0fb2548bf41e47277b43a42b37fe0cc66c895cfdf3732f0e12b2862f486d62cecf726c6ee606687e4de4ae1447d45dc220c64af2454ddeeee7d3146cbba80cdc1d2342dbbdfabb81568eaa035a1b8d1cc68c5b6c60b4afda1122b13e23f686b5e2fc36a178a5d873b4cbc8153bf5d3d80ce3dcc557818ea5c119ce7825c758e258b00fd4509910f9c4ec79d9e4219fe9bfa870b911affc6d023279ad467f8081dbab5d1f798c8b23e71dd15ce399fdd2a5bb2121bb34e296ff82ea63056d66d071f1ab553d4fe06ce050199f503c55,gx-no-cache=1520002144023 HTTP/1.1" 200 30
186.103.159.183 - - [02/Mar/2018:11:49:53 -0300] "POST /cormun/servlet/solicitudot?gx-no-cache=1520002147441 HTTP/1.1" 200 1317
186.103.159.46 - - [02/Mar/2018:11:49:54 -0300] "POST /cormun/servlet/solicitudot?gx-no-cache=1520002146018 HTTP/1.1" 200 30
186.103.159.183 - - [02/Mar/2018:11:49:54 -0300] "POST /cormun/servlet/solicitudot?gx-no-cache=1520002147731 HTTP/1.1" 200 1218
186.79.83.208 - - [02/Mar/2018:11:49:56 -0300] "GET /cormun/servlet/renuncias?16e3c71eecea47d8de6097d351f95b253f6721594dac123be4ec4a5d7885986c4df3fbc35ea99e841a5c9691fc23a02a,gx-no-cache=1520002155377 HTTP/1.1" 200 33
186.103.159.183 - - [02/Mar/2018:11:49:56 -0300] "GET /cormun/servlet/solicitudot?7a0796863446eda4467284c3f02f3749f1efb07e0cf94123880ca518a0e86f5b31e1365fbe69423eed07d94ae818057f,gx-no-cache=1520002149769 HTTP/1.1" 200 30
186.103.159.46 - - [02/Mar/2018:11:49:58 -0300] "POST /cormun/servlet/solicitudot?gx-no-cache=1520002150666 HTTP/1.1" 200 1333
186.103.159.46 - - [02/Mar/2018:11:49:59 -0300] "POST /cormun/servlet/solicitudot?gx-no-cache=1520002150869 HTTP/1.1" 200 38
186.103.159.189 - - [02/Mar/2018:11:50:01 -0300] "POST /cormun/servlet/solicitudot?gx-no-cache=1520002152924 HTTP/1.1" 200 1318
186.103.159.189 - - [02/Mar/2018:11:50:01 -0300] "POST /cormun/servlet/solicitudot?gx-no-cache=1520002153835 HTTP/1.1" 200 1218
186.103.159.189 - - [02/Mar/2018:11:50:01 -0300] "GET /cormun/servlet/solicitudot?363b9809dfbc80e02e664e41df26ad3a1c2a4075ad42e5533dbc4ff72dde229f1411659b933e7a555fbcdd3256b208cb,gx-no-cache=1520002153974 HTTP/1.1" 200 30
186.103.159.189 - - [02/Mar/2018:11:50:01 -0300] "POST /cormun/servlet/solicitudot?gx-no-cache=1520002154060 HTTP/1.1" 200 30
186.103.159.189 - - [02/Mar/2018:11:50:02 -0300] "POST /cormun/servlet/solicitudot?0c7e55f8da2a3bfeea22d219f3625c89,INS,0,0,,gx-no-cache=1520002154196 HTTP/1.1" 200 93
186.103.159.189 - - [02/Mar/2018:11:50:02 -0300] "GET /cormun/servlet/hpexe_return? HTTP/1.1" 200 1005
200.86.95.220 - - [02/Mar/2018:11:50:03 -0300] "GET /cormun/servlet/solicitudotcontratos?INS,2018,0,15908163,K,2,2017,3261,INTEGRACION,201801,40,B, HTTP/1.1" 200 9863
186.103.159.189 - - [02/Mar/2018:11:50:03 -0300] "GET /cormun/servlet/trsolicitudot HTTP/1.1" 200 10436
186.103.159.189 - - [02/Mar/2018:11:50:04 -0300] "GET /cormun/servlet/trsolicitudot HTTP/1.1" 200 10431
200.86.95.220 - - [02/Mar/2018:11:50:04 -0300] "GET /cormun/servlet/solicitudotcontratos?INS,2018,0,15908163,K,2,2017,3261,INTEGRACION,201801,40,B, HTTP/1.1" 200 9896
200.86.95.220 - - [02/Mar/2018:11:50:05 -0300] "GET /cormun/servlet/solicitudotcontratos?5896b191784af4a9afd195fdaa204112f87bfd9fd5d845329167f880e3fa142c1017a1fb6d42743649eaf1cc44d554a3,gx-no-cache=1520002155199 HTTP/1.1" 200 30
200.86.95.220 - - [02/Mar/2018:11:50:05 -0300] "GET /cormun/servlet/solicitudotcontratos?5896b191784af4a9afd195fdaa2041121772b472a7fbc62195fac7dc73a7444cc77aad3e51cce7f6cdaab2b202d41fa7,gx-no-cache=1520002155304 HTTP/1.1" 200 30
200.86.95.220 - - [02/Mar/2018:11:50:05 -0300] "GET /cormun/servlet/solicitudotcontratos?5896b191784af4a9afd195fdaa204112e28955ab14f608cd06c7407ccd3d8abf0cfd6623c141efeaa2dbeeec16d246941a95f76d3290259974ba7929a1ac22152498a03c8d657e3580113e0603cbe26e91ff0830a888aeff1ec924495f649c11c4de3847bde28dcb16c5498e7f017386b72888508c79148e901aee9d516a6dc3,gx-no-cache=1520002155386 HTTP/1.1" 200 48
200.86.95.220 - - [02/Mar/2018:11:50:05 -0300] "GET /cormun/servlet/solicitudotcontratos?5896b191784af4a9afd195fdaa2041127662a3028d0603a37527b0f124d861d2f63e832efb60956b1b9aa5e37f05a66f,gx-no-cache=1520002155471 HTTP/1.1" 200 30
200.86.95.220 - - [02/Mar/2018:11:50:05 -0300] "GET /cormun/servlet/solicitudotcontratos?5896b191784af4a9afd195fdaa204112b76c3c7b18668c936319ec7cf940b5d2a6eb9dfaddded4d029f3246ed16c2a08dab5ac428aaaa9cd0ec896d789bdb98b0b67ec5b7655e5365f08d1a662eb6e8c7a70e9a4b20f1cc991e2361f402dad61d695c2d74e63b895908b070d7a16f8e1,gx-no-cache=1520002155541 HTTP/1.1" 200 30
200.86.95.220 - - [02/Mar/2018:11:50:05 -0300] "GET /cormun/servlet/solicitudotcontratos?5896b191784af4a9afd195fdaa204112727a3aac3b3a802ed17a949c5713e92e72d1a432525d9d4ecc798f7ae25df2b9933866e00508660ccf3451322c432d3bc52f15117262c901c6ad50bd4c202776b43217571f214dbcef2a80e83e85bf25669bba7e13f95d32901175a0691363a45b47063761007dbc5e7db7aca15582b70aa2f1454121b5b450cbc0615a642621e4288ad795e6f9ad13acf43943b9c8ee908223e8e24406aeb8d40c83183b6e6cebe35ff73eed5a1c460eae570906c4d96971ba9bf2452b57eb826fd5ec701062e3ea9585ee34134a9fd4d150afe7955642848eb1e39524b791df38abac635099a1f16e83000e56bcd8912c64b6ca4f2e09322f10354597f1cd63beb091d17ba14a8391f01e1a0ac6d4464eb106a3242bd86e12ab2d15800f87bce363f4d9eabf786d0208bd8173cdb0c4e5c5f1bc2c62d5bdb87020174bf508d97f5dc81a72b7ee1aa47a5c40d2e42800b50ae7dc99467a9a302f0f9b1792a346b5942788a0a24a8391f01e1a0ac6d4464eb106a3242b3b0399b3cbf44e09d94408f4131e89521bf8bf834e5fcbb16386fd1866f5aebfa86cd7f58779e65048b89ea5fcb69128a19064ae9b54ad21f59137e58e2b1128,gx-no-cache=1520002155635 HTTP/1.1" 200 83
186.79.83.208 - - [02/Mar/2018:11:50:08 -0300] "GET /cormun/servlet/renuncias?16e3c71eecea47d8de6097d351f95b25e3408802c1c86ed15162eed1f689f1bbaa09ad70b3dc16fdc1bff46efb0d836c,gx-no-cache=1520002167623 HTTP/1.1" 200 172
186.79.83.208 - - [02/Mar/2018:11:50:08 -0300] "GET /cormun/static/Shared/jqueryui/images/ui-bg_highlight-soft_100_c6c2c8_1x100.png HTTP/1.1" 404 1117
200.120.230.197 - - [02/Mar/2018:11:50:08 -0300] "GET /cormun/static/Shared/jqueryui/images/ui-icons_82798d_256x240.png HTTP/1.1" 404 1089
200.120.230.197 - - [02/Mar/2018:11:50:08 -0300] "GET /cormun/static/Shared/jqueryui/images/ui-bg_flat_55_994d53_40x100.png HTTP/1.1" 404 1097
186.79.83.208 - - [02/Mar/2018:11:50:08 -0300] "GET /cormun/static/Shared/jqueryui/images/ui-icons_ebccce_256x240.png HTTP/1.1" 404 1089
186.103.159.183 - - [02/Mar/2018:11:50:09 -0300] "POST /cormun/servlet/solicitudot?gx-no-cache=1520002163224 HTTP/1.1" 200 30
200.86.95.220 - - [02/Mar/2018:11:50:10 -0300] "POST /cormun/servlet/solicitudotcontratos?d9346b9f04490edddab60480e8c91b6b,INS,2018,0,15908163,K,2,2017,3261,INTEGRACION,201801,40,B,,gx-no-cache=1520002160237 HTTP/1.1" 200 10829
200.86.95.220 - - [02/Mar/2018:11:50:11 -0300] "POST /cormun/servlet/solicitudotcontratos?gx-no-cache=1520002160627 HTTP/1.1" 200 1320
200.86.95.220 - - [02/Mar/2018:11:50:11 -0300] "POST /cormun/servlet/solicitudotcontratos?gx-no-cache=1520002161293 HTTP/1.1" 200 1218
200.86.95.220 - - [02/Mar/2018:11:50:11 -0300] "GET /cormun/servlet/solicitudotcontratos?5896b191784af4a9afd195fdaa204112dc86e71e659532dc7bb74494c32bba8c74a68a0597d6e05e6801dc2a705798c2261dcd15ae1e0264af68dff9a1f8e3b7ba56b6a104dab638c653b230eca0d41b8880dc02286f42b7e40ddb572d93becc8395bfb28c0c90ec2ad6c5e8396ee292fe336eb48d947b86fe6e1a6f0840989c,gx-no-cache=1520002161450 HTTP/1.1" 200 30
186.103.159.46 - - [02/Mar/2018:11:50:11 -0300] "POST /cormun/servlet/solicitudot?gx-no-cache=1520002163267 HTTP/1.1" 200 30
186.103.159.46 - - [02/Mar/2018:11:50:11 -0300] "POST /cormun/servlet/solicitudot?gx-no-cache=1520002163389 HTTP/1.1" 200 1332
186.103.159.46 - - [02/Mar/2018:11:50:11 -0300] "POST /cormun/servlet/solicitudot?gx-no-cache=1520002163542 HTTP/1.1" 200 38
200.86.95.220 - - [02/Mar/2018:11:50:11 -0300] "POST /cormun/servlet/solicitudotcontratos?d9346b9f04490edddab60480e8c91b6b,INS,2018,0,15908163,K,2,2017,3261,INTEGRACION,201801,40,B,,gx-no-cache=1520002161538 HTTP/1.1" 200 93
200.86.95.220 - - [02/Mar/2018:11:50:12 -0300] "GET /cormun/servlet/hpexe_return? HTTP/1.1" 200 1052
200.86.95.220 - - [02/Mar/2018:11:50:12 -0300] "GET /cormun/servlet/trcontratosolicitud HTTP/1.1" 200 14038
200.86.95.220 - - [02/Mar/2018:11:50:14 -0300] "GET /cormun/servlet/trcontratosolicitud HTTP/1.1" 200 14031
186.103.159.189 - - [02/Mar/2018:11:50:15 -0300] "GET /cormun/servlet/solicitudot?INS,0,0, HTTP/1.1" 200 13416
186.103.159.46 - - [02/Mar/2018:11:50:16 -0300] "GET /cormun/servlet/solicitudot?af42b805aa3987a4800dab8c0adc5a8fde18153e4d9148e53f5cb357494911d03e31770bb546d86c664a4e342ed97b86e20e2f76e1e7d1518c4f97369ec8da2b0b5aae2916ba32674f3fd22e535b9ce47bec134a1fd6634b18be6e3bb0f35ed39d55fa0d3dafc21a9a02b59416608160,gx-no-cache=1520002168283 HTTP/1.1" 200 29
186.103.159.189 - - [02/Mar/2018:11:50:16 -0300] "GET /cormun/servlet/solicitudot?INS,0,0, HTTP/1.1" 200 13421
186.103.159.46 - - [02/Mar/2018:11:50:16 -0300] "POST /cormun/servlet/solicitudot?gx-no-cache=1520002168429 HTTP/1.1" 200 1317
186.103.159.46 - - [02/Mar/2018:11:50:16 -0300] "POST /cormun/servlet/solicitudot?gx-no-cache=1520002168596 HTTP/1.1" 200 1215
200.112.3.74 - - [02/Mar/2018:11:50:17 -0300] "POST /cormun/servlet/solicitudot?c1e80ee34a237310212969a688f35c23,INS,0,0,,gx-no-cache=1520002169219 HTTP/1.1" 200 93
200.112.3.74 - - [02/Mar/2018:11:50:17 -0300] "GET /cormun/servlet/hpexe_return? HTTP/1.1" 200 1015
200.112.3.74 - - [02/Mar/2018:11:50:17 -0300] "GET /cormun/servlet/trsolicitudot?gx-no-cache=1520001812269 HTTP/1.1" 200 12435
200.112.3.74 - - [02/Mar/2018:11:50:18 -0300] "GET /cormun/servlet/trsolicitudot?gx-no-cache=1520001812269 HTTP/1.1" 200 12450
186.103.159.189 - - [02/Mar/2018:11:50:20 -0300] "GET /cormun/servlet/prfichaempleado?,MD,,gxPopupLevel%3D0%3B HTTP/1.1" 200 9307
200.86.95.220 - - [02/Mar/2018:11:50:26 -0300] "POST /cormun/servlet/trcontratosolicitud?d9346b9f04490edddab60480e8c91b6b,gx-no-cache=1520002174897 HTTP/1.1" 200 11754
200.112.3.74 - - [02/Mar/2018:11:50:28 -0300] "GET /cormun/servlet/solicitudot?INS,0,0, HTTP/1.1" 200 13459
200.112.3.74 - - [02/Mar/2018:11:50:28 -0300] "GET /cormun/servlet/solicitudot?INS,0,0, HTTP/1.1" 200 13445
186.103.159.188 - - [02/Mar/2018:11:50:29 -0300] "GET /cormun/servlet/trsolicitudot? HTTP/1.1" 200 7386
186.103.159.188 - - [02/Mar/2018:11:50:30 -0300] "GET /cormun/servlet/trsolicitudot? HTTP/1.1" 200 7386
200.112.3.74 - - [02/Mar/2018:11:50:30 -0300] "GET /cormun/servlet/prfichaempleado?,MD,,gxPopupLevel%3D0%3B HTTP/1.1" 200 9329
186.103.159.189 - - [02/Mar/2018:11:50:35 -0300] "POST /cormun/servlet/prfichaempleado?0c7e55f8da2a3bfeea22d219f3625c89,,MD,,gxPopupLevel%3D0%3B,gx-no-cache=1520002187087 HTTP/1.1" 200 3410
200.112.3.74 - - [02/Mar/2018:11:50:38 -0300] "POST /cormun/servlet/prfichaempleado?c1e80ee34a237310212969a688f35c23,,MD,,gxPopupLevel%3D0%3B,gx-no-cache=1520002190533 HTTP/1.1" 200 3169
186.103.159.46 - - [02/Mar/2018:11:50:38 -0300] "GET /cormun/static/menuarrow.gif HTTP/1.1" 404 1015
186.103.159.189 - - [02/Mar/2018:11:50:39 -0300] "POST /cormun/servlet/solicitudot?gx-no-cache=1520002191784 HTTP/1.1" 200 3418
186.103.159.189 - - [02/Mar/2018:11:50:41 -0300] "POST /cormun/servlet/solicitudot?0c7e55f8da2a3bfeea22d219f3625c89,INS,0,0,,gx-no-cache=1520002192366 HTTP/1.1" 200 10408
186.103.159.189 - - [02/Mar/2018:11:50:41 -0300] "GET /cormun/servlet/solicitudot?363b9809dfbc80e02e664e41df26ad3a4f442f0098440fe4b56b09d08e7a85c09794b8e4d4d1dee1cf5d48bee3bf32fe,gx-no-cache=1520002193939 HTTP/1.1" 200 30
186.103.159.46 - - [02/Mar/2018:11:50:43 -0300] "GET /cormun/servlet/solicitudot?af42b805aa3987a4800dab8c0adc5a8f5e3b593e4530e2ef6221ff5f3f41fc81ecc6391e3f36e01ad05326944397e748,gx-no-cache=1520002194770 HTTP/1.1" 200 30
186.103.159.189 - - [02/Mar/2018:11:50:44 -0300] "GET /cormun/servlet/solicitudot?363b9809dfbc80e02e664e41df26ad3a5fd3e4739d1938353185aad7dd68a687935cbec284ae84772615442c5d79f8e1cc9c3f614eee0259feebcf0c44669cd2,gx-no-cache=1520002197091 HTTP/1.1" 200 30
186.103.159.189 - - [02/Mar/2018:11:50:44 -0300] "GET /cormun/servlet/solicitudot?363b9809dfbc80e02e664e41df26ad3aa667a8d410e73cc4dcc597310f383907,gx-no-cache=1520002197199 HTTP/1.1" 200 51
186.103.159.189 - - [02/Mar/2018:11:50:45 -0300] "POST /cormun/servlet/solicitudot?gx-no-cache=1520002197325 HTTP/1.1" 200 297
186.103.159.189 - - [02/Mar/2018:11:50:45 -0300] "GET /cormun/servlet/solicitudot?363b9809dfbc80e02e664e41df26ad3a43442210c4f2f987223af1ac6dd406072fe6363962d9034f6931c8003ceee7b5b82440eb7f0432116aec4a2be242df70fc0d5276fc0622512788a4ed80443d4bf53fbae870cfeb0fb16f633d49500bdc31cca5595bba1bd87271fd2bc5e6cc4c8894fe61bd5da1186e29ab91a96e5bd12252f48550c7762c1d5fdbc11843a06ba2df98a18d72f7c7a2cf6005e6c0c8d7d9e759cf3f9749054946a7343f83ba41081ba5e257974a865d156cfc05ea7100d0b4461534047688b827a9b72b201cd0dec6911cbacbcfc95f93869308c6914719601ded0dd571d51cdb12ff838036af74b5b3ad514337a2bf86a74d99fb2ff5279f62eda22fafa68a54f63184701cbad4815f109678c943257a6abf6e7cb0ea23ebadf76e77d8cf39f316e979d40ae10da8952bea60c670e7eabe90f72c2570dcc7b640a71360bc71525022fe58dbf45328e55dc652dd89645b8acd666410a24f2d8d074f302c26fdf92c65e19b81b0196fddd02f2ef6afe14a7fb15407a830e11d57c18a478eb32a68fdd2ade9ba30,gx-no-cache=1520002197926 HTTP/1.1" 200 30
200.112.3.74 - - [02/Mar/2018:11:50:48 -0300] "GET /cormun/servlet/prfichaempleado?,MD,,gxPopupLevel%3D0%3B HTTP/1.1" 200 9329
186.103.159.189 - - [02/Mar/2018:11:50:50 -0300] "POST /cormun/servlet/solicitudot?gx-no-cache=1520002202938 HTTP/1.1" 200 30
186.103.159.46 - - [02/Mar/2018:11:50:51 -0300] "POST /cormun/servlet/solicitudot?gx-no-cache=1520002202987 HTTP/1.1" 200 30
186.103.159.189 - - [02/Mar/2018:11:50:53 -0300] "POST /cormun/servlet/solicitudot?gx-no-cache=1520002205440 HTTP/1.1" 200 1337
186.103.159.189 - - [02/Mar/2018:11:50:53 -0300] "POST /cormun/servlet/solicitudot?gx-no-cache=1520002205584 HTTP/1.1" 200 38
200.112.3.74 - - [02/Mar/2018:11:50:57 -0300] "POST /cormun/servlet/prfichaempleado?c1e80ee34a237310212969a688f35c23,,MD,,gxPopupLevel%3D0%3B,gx-no-cache=1520002209443 HTTP/1.1" 200 3488
186.103.159.189 - - [02/Mar/2018:11:51:01 -0300] "GET /cormun/servlet/solicitudot?363b9809dfbc80e02e664e41df26ad3a812b65006d3186aac0e5177ae100856a1ed4f6bca0769ef2d905e19d3cc3071341dc36cfa6c5934bcefab3f715bcbc46bb539dec2432ce5b521e45b0d06dce0da775adf07c8d8f4db091eee5183959dabeb8e0e14499dc7f364b466be6e4a3f3,gx-no-cache=1520002213839 HTTP/1.1" 200 29
186.103.159.183 - - [02/Mar/2018:11:51:01 -0300] "GET /cormun/servlet/solicitudot?7a0796863446eda4467284c3f02f3749d1b79daa8f3b13e77fe7a024dfa3afdef10f07bd19f233bab8f55b8418258c0d3ae78ad829f36409b2b5ba3caa501da2,gx-no-cache=1520002215076 HTTP/1.1" 200 103
186.103.159.183 - - [02/Mar/2018:11:51:01 -0300] "POST /cormun/servlet/solicitudot?gx-no-cache=1520002215272 HTTP/1.1" 200 297
200.86.95.220 - - [02/Mar/2018:11:51:01 -0300] "GET /cormun/servlet/solicitudotcontratos?INS,2018,0,19592796,0,2,2017,4127,INTEGRACION,201801,30,*, HTTP/1.1" 200 9849
186.103.159.189 - - [02/Mar/2018:11:51:01 -0300] "POST /cormun/servlet/solicitudot?gx-no-cache=1520002213949 HTTP/1.1" 200 1317
186.103.159.189 - - [02/Mar/2018:11:51:02 -0300] "POST /cormun/servlet/solicitudot?gx-no-cache=1520002214546 HTTP/1.1" 200 1217
186.103.159.189 - - [02/Mar/2018:11:51:02 -0300] "GET /cormun/static/menuarrow.gif HTTP/1.1" 404 1015
186.103.159.183 - - [02/Mar/2018:11:51:02 -0300] "GET /cormun/servlet/solicitudot?7a0796863446eda4467284c3f02f374908f93f96b4af63dd3ee772bcf62011fe746a125bb812a552e32c871dc82af741179e50dacbee95b557e0d661483a11410b8e653849f714d2549b9536868c175a7fc878dbb04c048ffed9a4b41ca78d9790df92cfdccb63383ec3864c51d48f712c0218de0d944b7395c39ce7286523b5af3016ec65156a6728cbe23853668da4fa545d0cacebf131a8dc536964f4a960f09d00a43c1e37fff1dad10c31005dad6a9e103eaef6912c10d06731403860fb2fe31859767071777926a8725e5c6a518afa1a136d51481d94bc70675e11e3e22bf119f93ef77a690850a569da7bea268fb0550ecc91c244fe629790402635e5b55dc390e9aeb500ae6cb57fa6117fada11b67dbb89f44b826f6ec48e5b34c36a610445cde4097550b8936768a5381ca9704fcab73a708bd21e7110158d710593ce5133ed2758d8fe1db3f73bf01f85df458267eec43079ec88be25d6b763524555e86505018852f2eb0fe2cdb97a14482c95a7c11ea66540e8bca472c012bbfffba3844f131f41383b9e9b810d62b5c,gx-no-cache=1520002215441 HTTP/1.1" 200 30
186.103.159.183 - - [02/Mar/2018:11:51:02 -0300] "POST /cormun/servlet/solicitudot?gx-no-cache=1520002216437 HTTP/1.1" 200 30
186.79.83.208 - - [02/Mar/2018:11:51:02 -0300] "GET /cormun/servlet/hlogin HTTP/1.1" 200 1748
186.103.159.183 - - [02/Mar/2018:11:51:03 -0300] "POST /cormun/servlet/solicitudot?gx-no-cache=1520002216571 HTTP/1.1" 200 1335
186.103.159.183 - - [02/Mar/2018:11:51:03 -0300] "POST /cormun/servlet/solicitudot?gx-no-cache=1520002216976 HTTP/1.1" 200 41
200.86.95.220 - - [02/Mar/2018:11:51:03 -0300] "GET /cormun/servlet/solicitudotcontratos?INS,2018,0,19592796,0,2,2017,4127,INTEGRACION,201801,30,*, HTTP/1.1" 200 9883
200.86.95.220 - - [02/Mar/2018:11:51:03 -0300] "GET /cormun/servlet/solicitudotcontratos?5896b191784af4a9afd195fdaa204112d904e80d75ce23fc1cf15af6754ef6481017a1fb6d42743649eaf1cc44d554a3,gx-no-cache=1520002213952 HTTP/1.1" 200 30
186.103.159.183 - - [02/Mar/2018:11:51:03 -0300] "POST /cormun/servlet/solicitudot?gx-no-cache=1520002217145 HTTP/1.1" 200 1317
200.86.95.220 - - [02/Mar/2018:11:51:04 -0300] "GET /cormun/servlet/solicitudotcontratos?5896b191784af4a9afd195fdaa20411251c3c43d267756f886d927dc65fb8815c77aad3e51cce7f6cdaab2b202d41fa7,gx-no-cache=1520002214043 HTTP/1.1" 200 30
200.86.95.220 - - [02/Mar/2018:11:51:04 -0300] "GET /cormun/servlet/solicitudotcontratos?5896b191784af4a9afd195fdaa204112e28955ab14f608cd06c7407ccd3d8abf5f0d7bcc3a5a357bb8fdf0a9d07ac3f81a95f76d3290259974ba7929a1ac221524bfc607d2b9e36ea016d87d451b0a9091ff0830a888aeff1ec924495f649c11c4de3847bde28dcb16c5498e7f017386b72888508c79148e901aee9d516a6dc3,gx-no-cache=1520002214125 HTTP/1.1" 200 48
186.103.159.183 - - [02/Mar/2018:11:51:04 -0300] "POST /cormun/servlet/solicitudot?gx-no-cache=1520002217734 HTTP/1.1" 200 1218
200.86.95.220 - - [02/Mar/2018:11:51:04 -0300] "GET /cormun/servlet/solicitudotcontratos?5896b191784af4a9afd195fdaa204112f20631d08509c463acf4533dcb59a0329fcddd732c9b784d829611cf9eb79c2f,gx-no-cache=1520002214189 HTTP/1.1" 200 30
186.103.159.189 - - [02/Mar/2018:11:51:04 -0300] "POST /cormun/servlet/solicitudot?gx-no-cache=1520002216216 HTTP/1.1" 200 1317
186.103.159.183 - - [02/Mar/2018:11:51:04 -0300] "GET /cormun/servlet/solicitudot?7a0796863446eda4467284c3f02f3749f1efb07e0cf94123880ca518a0e86f5b31e1365fbe69423eed07d94ae818057f,gx-no-cache=1520002217879 HTTP/1.1" 200 30
200.86.95.220 - - [02/Mar/2018:11:51:04 -0300] "GET /cormun/servlet/solicitudotcontratos?5896b191784af4a9afd195fdaa204112b76c3c7b18668c936319ec7cf940b5d2a6eb9dfaddded4d029f3246ed16c2a08dab5ac428aaaa9cd0ec896d789bdb98b0b67ec5b7655e5365f08d1a662eb6e8c7a70e9a4b20f1cc991e2361f402dad61d695c2d74e63b895908b070d7a16f8e1,gx-no-cache=1520002214255 HTTP/1.1" 200 30
186.103.159.183 - - [02/Mar/2018:11:51:04 -0300] "POST /cormun/servlet/solicitudot?gx-no-cache=1520002217969 HTTP/1.1" 200 30
200.86.95.220 - - [02/Mar/2018:11:51:04 -0300] "GET /cormun/servlet/solicitudotcontratos?5896b191784af4a9afd195fdaa204112727a3aac3b3a802ed17a949c5713e92e72d1a432525d9d4ecc798f7ae25df2b9933866e00508660ccf3451322c432d3bc52f15117262c901c6ad50bd4c202776b43217571f214dbcef2a80e83e85bf25669bba7e13f95d32901175a0691363a45b47063761007dbc5e7db7aca15582b70aa2f1454121b5b450cbc0615a642621e4288ad795e6f9ad13acf43943b9c8ee908223e8e24406aeb8d40c83183b6e6cebe35ff73eed5a1c460eae570906c4d96971ba9bf2452b57eb826fd5ec701062e3ea9585ee34134a9fd4d150afe7955642848eb1e39524b791df38abac635099a1f16e83000e56bcd8912c64b6ca4f2e09322f10354597f1cd63beb091d17ba14a8391f01e1a0ac6d4464eb106a3242bd86e12ab2d15800f87bce363f4d9eabf786d0208bd8173cdb0c4e5c5f1bc2c62d5bdb87020174bf508d97f5dc81a72b7ee1aa47a5c40d2e42800b50ae7dc99467a9a302f0f9b1792a346b5942788a0a24a8391f01e1a0ac6d4464eb106a3242b3b0399b3cbf44e09d94408f4131e89521bf8bf834e5fcbb16386fd1866f5aebfa86cd7f58779e65048b89ea5fcb69128a19064ae9b54ad21f59137e58e2b1128,gx-no-cache=1520002214349 HTTP/1.1" 200 83
186.103.159.189 - - [02/Mar/2018:11:51:04 -0300] "POST /cormun/servlet/solicitudot?gx-no-cache=1520002216777 HTTP/1.1" 200 1217
186.103.159.183 - - [02/Mar/2018:11:51:04 -0300] "POST /cormun/servlet/solicitudot?8c6e2563a35a600aeb6ed521db746790,INS,0,0,,gx-no-cache=1520002218083 HTTP/1.1" 200 12019
186.103.159.189 - - [02/Mar/2018:11:51:06 -0300] "GET /cormun/servlet/solicitudot?363b9809dfbc80e02e664e41df26ad3a1c2a4075ad42e5533dbc4ff72dde229f1411659b933e7a555fbcdd3256b208cb,gx-no-cache=1520002218583 HTTP/1.1" 200 30
200.86.95.220 - - [02/Mar/2018:11:51:09 -0300] "POST /cormun/servlet/solicitudotcontratos?d9346b9f04490edddab60480e8c91b6b,INS,2018,0,19592796,0,2,2017,4127,INTEGRACION,201801,30,*,,gx-no-cache=1520002218858 HTTP/1.1" 200 10789
200.86.95.220 - - [02/Mar/2018:11:51:10 -0300] "POST /cormun/servlet/solicitudotcontratos?gx-no-cache=1520002219658 HTTP/1.1" 200 1319
200.86.95.220 - - [02/Mar/2018:11:51:10 -0300] "POST /cormun/servlet/solicitudotcontratos?gx-no-cache=1520002220309 HTTP/1.1" 200 1218
200.86.95.220 - - [02/Mar/2018:11:51:10 -0300] "GET /cormun/servlet/solicitudotcontratos?5896b191784af4a9afd195fdaa204112dc86e71e659532dc7bb74494c32bba8c74a68a0597d6e05e6801dc2a705798c2261dcd15ae1e0264af68dff9a1f8e3b7ba56b6a104dab638c653b230eca0d41b8880dc02286f42b7e40ddb572d93becc8395bfb28c0c90ec2ad6c5e8396ee292fe336eb48d947b86fe6e1a6f0840989c,gx-no-cache=1520002220960 HTTP/1.1" 200 30
200.86.95.220 - - [02/Mar/2018:11:51:12 -0300] "POST /cormun/servlet/solicitudotcontratos?d9346b9f04490edddab60480e8c91b6b,INS,2018,0,19592796,0,2,2017,4127,INTEGRACION,201801,30,*,,gx-no-cache=1520002221046 HTTP/1.1" 200 93
200.86.95.220 - - [02/Mar/2018:11:51:12 -0300] "GET /cormun/servlet/hpexe_return? HTTP/1.1" 200 1072
200.86.95.220 - - [02/Mar/2018:11:51:12 -0300] "GET /cormun/servlet/trcontratosolicitud?gx-no-cache=1520002174897 HTTP/1.1" 200 13868
186.103.159.189 - - [02/Mar/2018:11:51:12 -0300] "POST /cormun/servlet/solicitudot?gx-no-cache=1520002225161 HTTP/1.1" 200 30
186.103.159.46 - - [02/Mar/2018:11:51:13 -0300] "POST /cormun/servlet/solicitudot?gx-no-cache=1520002225012 HTTP/1.1" 200 256
200.86.95.220 - - [02/Mar/2018:11:51:14 -0300] "GET /cormun/servlet/trcontratosolicitud?gx-no-cache=1520002174897 HTTP/1.1" 200 13883
200.112.3.74 - - [02/Mar/2018:11:51:15 -0300] "POST /cormun/servlet/solicitudot?gx-no-cache=1520002228179 HTTP/1.1" 200 3410
186.103.159.46 - - [02/Mar/2018:11:51:15 -0300] "GET /cormun/servlet/solicitudot?af42b805aa3987a4800dab8c0adc5a8f6b53564ed8e09183c286d56c6cccc83d738b56de29b72174afe399c1f7ccb7a23174b4fb03e81fd09329334e151e9e3c6f82c1b88cb3f340f63f21a2f50a37497c91ff2ad74619a4a7b606245615e04b2c5559cb2b87cbb33ee34e6742027671910d964904022e2f6a3944f0a2b5cf374c44a15cdd52d301261a7aee427ccf211429e713877bee6a1615c22981fc29132dd283b9de7d71bdf4aa21ccb7c4389522075d33bc8d755837d5056dea0f01fd3e0fb2548bf41e47277b43a42b37fe0cc66c895cfdf3732f0e12b2862f486d62cecf726c6ee606687e4de4ae1447d45da1bf399a9c865e4475628a48850c01b8dc1d2342dbbdfabb81568eaa035a1b8d58086703569f1541b7c5830f182f523c00129dbf3bd6b0cfae5ceb78c091429ce7d8e69774faabb40361b5fd942c5bdf87065a640a429570611a7dfa519921737b99d14a6acccf00a50bce829f89ef88d6cc0df9850e57be978b7dc2c83cf8c977891dec49be11e0c9f8fad6009189dc,gx-no-cache=1520002227683 HTTP/1.1" 200 30
200.112.3.74 - - [02/Mar/2018:11:51:16 -0300] "POST /cormun/servlet/solicitudot?c1e80ee34a237310212969a688f35c23,INS,0,0,,gx-no-cache=1520002228819 HTTP/1.1" 200 10403
200.112.3.74 - - [02/Mar/2018:11:51:16 -0300] "GET /cormun/servlet/solicitudot?944e7f293973231495e81d586165cb4fef309d6747f87859adf363261410718853e61be2bfe58edb3e6f298442afbdd6,gx-no-cache=1520002229402 HTTP/1.1" 200 30
186.103.159.46 - - [02/Mar/2018:11:51:17 -0300] "POST /cormun/servlet/solicitudot?gx-no-cache=1520002229623 HTTP/1.1" 200 30
186.103.159.46 - - [02/Mar/2018:11:51:18 -0300] "POST /cormun/servlet/solicitudot?gx-no-cache=1520002229756 HTTP/1.1" 200 1333
186.103.159.46 - - [02/Mar/2018:11:51:18 -0300] "POST /cormun/servlet/solicitudot?gx-no-cache=1520002230329 HTTP/1.1" 200 41
200.86.95.220 - - [02/Mar/2018:11:51:29 -0300] "GET /cormun/servlet/solicitudotcontratos?INS,2018,0,15731229,4,2,2017,3023,INTEGRACION,201801,22,*, HTTP/1.1" 200 9886
200.86.95.220 - - [02/Mar/2018:11:51:30 -0300] "GET /cormun/servlet/solicitudotcontratos?INS,2018,0,15731229,4,2,2017,3023,INTEGRACION,201801,22,*, HTTP/1.1" 200 9898
200.86.95.220 - - [02/Mar/2018:11:51:31 -0300] "GET /cormun/servlet/solicitudotcontratos?5896b191784af4a9afd195fdaa2041126ee458f6a570e89149d17f437491913f1017a1fb6d42743649eaf1cc44d554a3,gx-no-cache=1520002241039 HTTP/1.1" 200 30
200.86.95.220 - - [02/Mar/2018:11:51:31 -0300] "GET /cormun/servlet/solicitudotcontratos?5896b191784af4a9afd195fdaa2041123369c9a77d6058a9294190e70eb2080cc77aad3e51cce7f6cdaab2b202d41fa7,gx-no-cache=1520002241118 HTTP/1.1" 200 30
200.86.95.220 - - [02/Mar/2018:11:51:31 -0300] "GET /cormun/servlet/solicitudotcontratos?5896b191784af4a9afd195fdaa204112e28955ab14f608cd06c7407ccd3d8abf5f0d7bcc3a5a357bb8fdf0a9d07ac3f81a95f76d3290259974ba7929a1ac221524bfc607d2b9e36ea016d87d451b0a9091ff0830a888aeff1ec924495f649c11c4de3847bde28dcb16c5498e7f017386b72888508c79148e901aee9d516a6dc3,gx-no-cache=1520002241199 HTTP/1.1" 200 48
200.86.95.220 - - [02/Mar/2018:11:51:31 -0300] "GET /cormun/servlet/solicitudotcontratos?5896b191784af4a9afd195fdaa20411243567985300b5be59d472f27d6e1e390fc5ac28d532c05d3a4541ce10da16793,gx-no-cache=1520002241283 HTTP/1.1" 200 30
200.86.95.220 - - [02/Mar/2018:11:51:31 -0300] "GET /cormun/servlet/solicitudotcontratos?5896b191784af4a9afd195fdaa204112b76c3c7b18668c936319ec7cf940b5d2a6eb9dfaddded4d029f3246ed16c2a08dab5ac428aaaa9cd0ec896d789bdb98b0b67ec5b7655e5365f08d1a662eb6e8c7a70e9a4b20f1cc991e2361f402dad61d695c2d74e63b895908b070d7a16f8e1,gx-no-cache=1520002241364 HTTP/1.1" 200 30
200.86.95.220 - - [02/Mar/2018:11:51:31 -0300] "GET /cormun/servlet/solicitudotcontratos?5896b191784af4a9afd195fdaa204112727a3aac3b3a802ed17a949c5713e92e72d1a432525d9d4ecc798f7ae25df2b9933866e00508660ccf3451322c432d3bc52f15117262c901c6ad50bd4c202776b43217571f214dbcef2a80e83e85bf25669bba7e13f95d32901175a0691363a45b47063761007dbc5e7db7aca15582b70aa2f1454121b5b450cbc0615a642621e4288ad795e6f9ad13acf43943b9c8ee908223e8e24406aeb8d40c83183b6e6cebe35ff73eed5a1c460eae570906c4d96971ba9bf2452b57eb826fd5ec701062e3ea9585ee34134a9fd4d150afe7955642848eb1e39524b791df38abac635099a1f16e83000e56bcd8912c64b6ca4f2e09322f10354597f1cd63beb091d17ba14a8391f01e1a0ac6d4464eb106a3242bd86e12ab2d15800f87bce363f4d9eabf786d0208bd8173cdb0c4e5c5f1bc2c62d5bdb87020174bf508d97f5dc81a72b7ee1aa47a5c40d2e42800b50ae7dc99467a9a302f0f9b1792a346b5942788a0a24a8391f01e1a0ac6d4464eb106a3242b3b0399b3cbf44e09d94408f4131e89521bf8bf834e5fcbb16386fd1866f5aebfa86cd7f58779e65048b89ea5fcb69128a19064ae9b54ad21f59137e58e2b1128,gx-no-cache=1520002241454 HTTP/1.1" 200 83
200.112.3.74 - - [02/Mar/2018:11:51:33 -0300] "GET /cormun/servlet/solicitudot?944e7f293973231495e81d586165cb4fb562f4f4f1b5ac9f85c7b1ba35794320a4e61d436fc4b860c3a561fe7724264914e4b2ab1376ed86aad8533d2f6c5d49,gx-no-cache=1520002246146 HTTP/1.1" 200 30
200.112.3.74 - - [02/Mar/2018:11:51:33 -0300] "GET /cormun/servlet/solicitudot?944e7f293973231495e81d586165cb4fcab9e6c2ba0656a7c62fdef447fc1e13,gx-no-cache=1520002246277 HTTP/1.1" 200 60
200.112.3.74 - - [02/Mar/2018:11:51:33 -0300] "POST /cormun/servlet/solicitudot?gx-no-cache=1520002246412 HTTP/1.1" 200 255
200.112.3.74 - - [02/Mar/2018:11:51:33 -0300] "GET /cormun/servlet/solicitudot?944e7f293973231495e81d586165cb4f4af9b7fe8d1c530a0a4b19a31efbcf14fc65daa8cb1f00d5b4b4482dc19208a945fe099f8328637570cc6977206ade6480c35e2ffaec55ea00b1ecafb0f0cce24ca9ca6539c7ce7a8a53474053be63448c179182b13a8e1dbb272f3533f6e83b690cd308f9b8bb0b95c53623e83242002a17a0f6dcbad9030e8b34b9a0a711dca263d20989adeb9a31620e10cad967fee1b372a70645b2a3657b40e4c76dcdc06a9e2368ef484528dbc1040893760e519bb7518f0e52d02def90919f6899beda3a60052c32532ac3dcfbfaea3f154a7b9e5eae6689128f9e51b294d7a121fb09cc0168b6df098965f81d8b02f2c944d47bd90e2055c5bc356e9e022cc86824bfb279e11ce8402faa260200ff91e93ad8e030c02f89e016536970de8e68ca45dd346e7ef0a25f7b8a235a5c82a80759ca98e840ca98e5977b7e7624f228b80aaa98c08997082d4d63ef52e468a25046fc82d9c8f4039a52e259849866af566285060b8d3b1e7368c58c167b503f2825b0,gx-no-cache=1520002246597 HTTP/1.1" 200 30
200.112.3.74 - - [02/Mar/2018:11:51:33 -0300] "POST /cormun/servlet/solicitudot?gx-no-cache=1520002246733 HTTP/1.1" 200 30
200.112.3.74 - - [02/Mar/2018:11:51:34 -0300] "POST /cormun/servlet/solicitudot?gx-no-cache=1520002246877 HTTP/1.1" 200 1337
200.112.3.74 - - [02/Mar/2018:11:51:34 -0300] "POST /cormun/servlet/solicitudot?gx-no-cache=1520002247057 HTTP/1.1" 200 38
200.86.95.220 - - [02/Mar/2018:11:51:36 -0300] "POST /cormun/servlet/solicitudotcontratos?d9346b9f04490edddab60480e8c91b6b,INS,2018,0,15731229,4,2,2017,3023,INTEGRACION,201801,22,*,,gx-no-cache=1520002245453 HTTP/1.1" 200 10823
186.103.159.189 - - [02/Mar/2018:11:51:36 -0300] "POST /cormun/servlet/solicitudot?0c7e55f8da2a3bfeea22d219f3625c89,INS,0,0,,gx-no-cache=1520002248362 HTTP/1.1" 200 93
186.103.159.189 - - [02/Mar/2018:11:51:37 -0300] "GET /cormun/servlet/hpexe_return? HTTP/1.1" 200 1005
186.103.159.189 - - [02/Mar/2018:11:51:37 -0300] "GET /cormun/servlet/trsolicitudot HTTP/1.1" 200 10854
200.86.95.220 - - [02/Mar/2018:11:51:37 -0300] "POST /cormun/servlet/solicitudotcontratos?gx-no-cache=1520002246995 HTTP/1.1" 200 1320
200.86.95.220 - - [02/Mar/2018:11:51:38 -0300] "POST /cormun/servlet/solicitudotcontratos?gx-no-cache=1520002247541 HTTP/1.1" 200 1218
200.86.95.220 - - [02/Mar/2018:11:51:38 -0300] "GET /cormun/servlet/solicitudotcontratos?5896b191784af4a9afd195fdaa204112dc86e71e659532dc7bb74494c32bba8c74a68a0597d6e05e6801dc2a705798c2261dcd15ae1e0264af68dff9a1f8e3b7ba56b6a104dab638c653b230eca0d41b8880dc02286f42b7e40ddb572d93becc8395bfb28c0c90ec2ad6c5e8396ee292fe336eb48d947b86fe6e1a6f0840989c,gx-no-cache=1520002248116 HTTP/1.1" 200 30
186.103.159.189 - - [02/Mar/2018:11:51:38 -0300] "GET /cormun/servlet/trsolicitudot HTTP/1.1" 200 10849
200.86.95.220 - - [02/Mar/2018:11:51:39 -0300] "POST /cormun/servlet/solicitudotcontratos?d9346b9f04490edddab60480e8c91b6b,INS,2018,0,15731229,4,2,2017,3023,INTEGRACION,201801,22,*,,gx-no-cache=1520002248215 HTTP/1.1" 200 93
200.86.95.220 - - [02/Mar/2018:11:51:39 -0300] "GET /cormun/servlet/hpexe_return? HTTP/1.1" 200 1074
200.86.95.220 - - [02/Mar/2018:11:51:39 -0300] "GET /cormun/servlet/trcontratosolicitud?gx-no-cache=1520002174897 HTTP/1.1" 200 13760
200.112.3.74 - - [02/Mar/2018:11:51:40 -0300] "GET /cormun/servlet/solicitudot?944e7f293973231495e81d586165cb4f43b79bac41e45e3e9037d52832ea9d6fb71a08379e2f8de0a832f07f993ff4ca16bf842a222d9c0cde460604587e6f7f87273e28b84920892341d9fe35cc889abb0c3028824f4bfac946394d16b507173c105646b4745e8c0f05c590a6f0b9d2c7f6cf28ae3c5abab3aa2280e4dd4782ae8a1ea62c0394bb4d003b131af29e9f15ab1257f7d93ee4505b77472ac052a1,gx-no-cache=1520002253393 HTTP/1.1" 200 29
200.112.3.74 - - [02/Mar/2018:11:51:41 -0300] "POST /cormun/servlet/solicitudot?gx-no-cache=1520002253823 HTTP/1.1" 200 1319
200.112.3.74 - - [02/Mar/2018:11:51:41 -0300] "POST /cormun/servlet/solicitudot?gx-no-cache=1520002254073 HTTP/1.1" 200 1218
200.86.95.220 - - [02/Mar/2018:11:51:41 -0300] "GET /cormun/servlet/trcontratosolicitud?gx-no-cache=1520002174897 HTTP/1.1" 200 13774
200.112.3.74 - - [02/Mar/2018:11:51:41 -0300] "GET /cormun/static/menuarrow.gif HTTP/1.1" 404 1015
200.112.3.74 - - [02/Mar/2018:11:51:43 -0300] "POST /cormun/servlet/solicitudot?gx-no-cache=1520002255927 HTTP/1.1" 200 1319
200.112.3.74 - - [02/Mar/2018:11:51:43 -0300] "POST /cormun/servlet/solicitudot?gx-no-cache=1520002256168 HTTP/1.1" 200 1218
186.103.159.189 - - [02/Mar/2018:11:51:46 -0300] "GET /cormun/servlet/solicitudot?INS,0,0, HTTP/1.1" 200 13416
186.103.159.189 - - [02/Mar/2018:11:51:48 -0300] "GET /cormun/servlet/solicitudot?INS,0,0, HTTP/1.1" 200 13421
186.103.159.189 - - [02/Mar/2018:11:51:50 -0300] "GET /cormun/servlet/prfichaempleado?,MD,,gxPopupLevel%3D0%3B HTTP/1.1" 200 9307
186.103.159.183 - - [02/Mar/2018:11:51:53 -0300] "GET /cormun/servlet/trcontratosolicitud? HTTP/1.1" 200 13419
186.103.159.46 - - [02/Mar/2018:11:51:54 -0300] "POST /cormun/servlet/solicitudot?gx-no-cache=1520002265716 HTTP/1.1" 200 1318
186.103.159.46 - - [02/Mar/2018:11:51:54 -0300] "POST /cormun/servlet/solicitudot?gx-no-cache=1520002265981 HTTP/1.1" 200 1218
186.103.159.46 - - [02/Mar/2018:11:51:54 -0300] "GET /cormun/servlet/solicitudot?af42b805aa3987a4800dab8c0adc5a8f5e3b593e4530e2ef6221ff5f3f41fc81ecc6391e3f36e01ad05326944397e748,gx-no-cache=1520002266098 HTTP/1.1" 200 30
186.103.159.183 - - [02/Mar/2018:11:51:54 -0300] "GET /cormun/static/Shared/ext/ext-all.js HTTP/1.1" 200 1289687
186.103.159.46 - - [02/Mar/2018:11:51:54 -0300] "POST /cormun/servlet/solicitudot?gx-no-cache=1520002266188 HTTP/1.1" 200 30
186.103.159.46 - - [02/Mar/2018:11:51:54 -0300] "POST /cormun/servlet/solicitudot?ff1b1cec0ffe5840278c699cc73101b8,INS,0,0,,gx-no-cache=1520002266279 HTTP/1.1" 200 93
186.103.159.46 - - [02/Mar/2018:11:51:54 -0300] "GET /cormun/servlet/hpexe_return? HTTP/1.1" 200 1007
186.103.159.46 - - [02/Mar/2018:11:51:55 -0300] "GET /cormun/servlet/trsolicitudot HTTP/1.1" 200 8552
