192.168.10.96 - - [02/Mar/2018:10:05:37 -0300] "GET /cormun/static/gxcfg.js?2017111422591492 HTTP/1.1" 304 -
192.168.10.96 - - [02/Mar/2018:10:05:45 -0300] "POST /cormun/servlet/solicitudot?gx-no-cache=1519995786520 HTTP/1.1" 200 1333
192.168.10.96 - - [02/Mar/2018:10:05:45 -0300] "POST /cormun/servlet/solicitudot?gx-no-cache=1519995786670 HTTP/1.1" 200 38
192.168.10.96 - - [02/Mar/2018:10:05:45 -0300] "GET /cormun/servlet/solicitudot?d1d093f09db3fe43b7c5361cb8b8c9e7e1dc3f065dc0e1a63b3c1ad12717715dc0ccc207ec8f59c8f9422f3946c48974e030865eeb1c9a748ef8e51c9d3dfb0b5bac3b76d457fc7ca921837e335408baf091fa3b54234f25aecefee68fbda527c4d97edeae7f7f49e6b1942c00e2617b,gx-no-cache=1519995786730 HTTP/1.1" 200 29
192.168.10.96 - - [02/Mar/2018:10:05:45 -0300] "POST /cormun/servlet/solicitudot?gx-no-cache=1519995786783 HTTP/1.1" 200 1318
192.168.10.96 - - [02/Mar/2018:10:05:45 -0300] "POST /cormun/servlet/solicitudot?gx-no-cache=1519995786934 HTTP/1.1" 200 1215
192.168.10.96 - - [02/Mar/2018:10:05:45 -0300] "GET /cormun/servlet/solicitudot?d1d093f09db3fe43b7c5361cb8b8c9e7280c5d3a991a3695d97dbda7db6e21da56de53cf2f61d16e391198708d165688,gx-no-cache=1519995787069 HTTP/1.1" 200 30
191.126.135.18 - - [02/Mar/2018:10:05:46 -0300] "GET /cormun/servlet/solicitudot?063658829734704c0c81e8ea672eca6aa9e44395d6234cddc6c061f6c6f07525,gx-no-cache=1519995899833 HTTP/1.1" 200 94
191.126.135.18 - - [02/Mar/2018:10:05:46 -0300] "POST /cormun/servlet/solicitudot?gx-no-cache=1519995900036 HTTP/1.1" 200 256
191.126.135.18 - - [02/Mar/2018:10:05:46 -0300] "GET /cormun/servlet/solicitudot?063658829734704c0c81e8ea672eca6adc7f3877a62f493650b32e09aa55fa176535de8a4ed752f541826affe63489593ece3ffae9dd9102e52c2a1b0219326f51e1e54ebdd99a87c8406ab7493b8591f472df301b47fcc10f53321e3e4cd8cf16f5321c0e02924a34a0e3feb5b6d1f0dbe954dd702898b144cf86337b98b83545b1b2a0f7930beef1fb8899b2f135aec11af0249f523fa29e5271b74539dd6551de0ab4fe5292f518539a8c95f111a647ec84d1f85487743aaf18df3378b770a46f499531730ff567773277cacd9db91781641d5ee017deba449de64197cf5d7c6cb1d77739decbaf377e0b443218e4c3872c09f686d71f60f637f04d6a6f26b92b9ee9a0762162d48955fc7bce57ca85f4ae070f9c07eb75b9d74bbed832cad905d60569f6c46a284332b8707377160bcf275be927d634afda22b751c5cfc67c1be8727d5d34a308f4f39192b50dd040b2e4b79fddf256e977b1a9b31d2e8978de43af57b5d9b5f3be6a690f6a48a91d40c6a915afeb1cd4d0c52d0e0fe986,gx-no-cache=1519995900175 HTTP/1.1" 200 30
191.126.135.18 - - [02/Mar/2018:10:05:47 -0300] "POST /cormun/servlet/solicitudot?gx-no-cache=1519995900291 HTTP/1.1" 200 30
191.126.135.18 - - [02/Mar/2018:10:05:47 -0300] "POST /cormun/servlet/solicitudot?gx-no-cache=1519995900395 HTTP/1.1" 200 1337
191.126.135.18 - - [02/Mar/2018:10:05:47 -0300] "POST /cormun/servlet/solicitudot?gx-no-cache=1519995900749 HTTP/1.1" 200 41
191.126.135.18 - - [02/Mar/2018:10:05:47 -0300] "POST /cormun/servlet/solicitudot?gx-no-cache=1519995900842 HTTP/1.1" 200 1321
191.126.135.18 - - [02/Mar/2018:10:05:47 -0300] "POST /cormun/servlet/solicitudot?gx-no-cache=1519995901046 HTTP/1.1" 200 1219
191.126.135.18 - - [02/Mar/2018:10:05:47 -0300] "GET /cormun/servlet/solicitudot?063658829734704c0c81e8ea672eca6ab656d33e63ae791338d6e5b61fbb67dc7206ee7a395067e0342688347cd950b8,gx-no-cache=1519995901246 HTTP/1.1" 200 30
191.126.135.18 - - [02/Mar/2018:10:05:48 -0300] "POST /cormun/servlet/solicitudot?gx-no-cache=1519995901338 HTTP/1.1" 200 33
191.126.135.18 - - [02/Mar/2018:10:05:49 -0300] "POST /cormun/servlet/solicitudot?90b2941a572f5aed7e0a359eb62898c5,INS,0,0,,gx-no-cache=1519995901458 HTTP/1.1" 200 12249
186.103.158.250 - - [02/Mar/2018:10:05:56 -0300] "GET /cormun/servlet/solicitudot?c66939129ab1fee5f0ec84a8ad51cfdda20bc1d8bd03f4375151b4b0224a7ee175177bf9beb6d4100eb3a8489045e97fc53346b2394ef4c0b6a4dbff1a51d8e6,gx-no-cache=1519995907087 HTTP/1.1" 200 30
186.103.158.250 - - [02/Mar/2018:10:06:00 -0300] "GET /cormun/servlet/prbanco?,MD,,gxPopupLevel%3D0%3B HTTP/1.1" 200 6636
186.103.159.46 - - [02/Mar/2018:10:06:12 -0300] "POST /cormun/servlet/solicitudot?gx-no-cache=1519995923989 HTTP/1.1" 200 3418
186.103.159.46 - - [02/Mar/2018:10:06:13 -0300] "POST /cormun/servlet/solicitudot?7acd2dcdd00efe25ca2a737af88cbb05,INS,0,0,,gx-no-cache=1519995925112 HTTP/1.1" 200 10402
186.103.158.250 - - [02/Mar/2018:10:06:20 -0300] "GET /cormun/servlet/solicitudot?c66939129ab1fee5f0ec84a8ad51cfdd3bc15b81df9d47c32395025875f64b7d,gx-no-cache=1519995931026 HTTP/1.1" 200 53
186.103.157.246 - - [02/Mar/2018:10:06:22 -0300] "GET /cormun/servlet/hpexe_return? HTTP/1.1" 200 983
186.103.157.246 - - [02/Mar/2018:10:06:22 -0300] "GET /cormun/static/Resources/Spanish/PXTools.css?167811 HTTP/1.1" 304 -
186.103.157.246 - - [02/Mar/2018:10:06:22 -0300] "GET /cormun/static/hpexe_return.js?2016101716175153 HTTP/1.1" 304 -
186.103.157.246 - - [02/Mar/2018:10:06:22 -0300] "GET /cormun/static/gxcfg.js?2016101716175148 HTTP/1.1" 200 953
186.103.157.246 - - [02/Mar/2018:10:06:22 -0300] "GET /cormun/static/gxtimezone.js?85251 HTTP/1.1" 200 5781
186.103.157.246 - - [02/Mar/2018:10:06:22 -0300] "GET /cormun/static/messages.spa.js?85251 HTTP/1.1" 200 30736
186.103.157.246 - - [02/Mar/2018:10:06:23 -0300] "GET /cormun/servlet/hhome HTTP/1.1" 200 3396
186.103.157.246 - - [02/Mar/2018:10:06:23 -0300] "GET /cormun/static/Resources/Spanish/PXTools.css?11423723 HTTP/1.1" 304 -
186.103.157.246 - - [02/Mar/2018:10:06:23 -0300] "GET /cormun/static/gxcfg.js?20175251212442 HTTP/1.1" 200 953
186.103.157.246 - - [02/Mar/2018:10:06:23 -0300] "GET /cormun/static/hwchdr01.js?201752511465785 HTTP/1.1" 304 -
186.103.157.246 - - [02/Mar/2018:10:06:23 -0300] "GET /cormun/static/hhome.js?20175251212450 HTTP/1.1" 304 -
186.103.157.246 - - [02/Mar/2018:10:06:23 -0300] "GET /cormun/static/hpexe_recentlink.js?20177611595044 HTTP/1.1" 304 -
186.103.157.246 - - [02/Mar/2018:10:06:23 -0300] "GET /cormun/static/hpexe_scripts.js?201752511465715 HTTP/1.1" 304 -
186.103.157.246 - - [02/Mar/2018:10:06:23 -0300] "GET /cormun/static/cmcontrolpreferences.js?201752511465670 HTTP/1.1" 304 -
186.103.157.246 - - [02/Mar/2018:10:06:23 -0300] "GET /cormun/static/hpexe_messagecontroller.js?20177611595012 HTTP/1.1" 304 -
186.103.157.246 - - [02/Mar/2018:10:06:23 -0300] "GET /cormun/static/hpexe_messagepopupcomponent.js?20161017169425 HTTP/1.1" 304 -
186.103.157.246 - - [02/Mar/2018:10:06:23 -0300] "GET /cormun/static/hpexe_messagegenexuscomponent.js?201752511465344 HTTP/1.1" 304 -
186.103.157.246 - - [02/Mar/2018:10:06:23 -0300] "GET /cormun/static/hmpwkw03.js?20177612122668 HTTP/1.1" 304 -
186.103.157.246 - - [02/Mar/2018:10:06:24 -0300] "GET /cormun/servlet/hlogin HTTP/1.1" 200 1730
186.103.157.246 - - [02/Mar/2018:10:06:24 -0300] "GET /cormun/static/gxcfg.js?20175251213516 HTTP/1.1" 200 953
186.103.157.246 - - [02/Mar/2018:10:06:24 -0300] "GET /cormun/static/hlogin.js?20175251213537 HTTP/1.1" 304 -
186.103.157.246 - - [02/Mar/2018:10:06:24 -0300] "GET /cormun/servlet/hhome HTTP/1.1" 200 3391
186.103.159.46 - - [02/Mar/2018:10:06:25 -0300] "GET /cormun/servlet/solicitudot?7f039c20466c91efbcbc463eee7aafc06cf503f34a8fc3214f9c03149dd29f9df4b15ab0acdb1225660eb26087da6495,gx-no-cache=1519995937671 HTTP/1.1" 200 30
186.103.159.46 - - [02/Mar/2018:10:06:25 -0300] "GET /cormun/servlet/solicitudot?7f039c20466c91efbcbc463eee7aafc09bc403e91abe57466c1659478f3d349a10eb7a86d82d5e660386ce36ed97e29a363162546387710acb814fb79ebd170a,gx-no-cache=1519995937801 HTTP/1.1" 200 30
186.103.159.46 - - [02/Mar/2018:10:06:25 -0300] "GET /cormun/servlet/solicitudot?7f039c20466c91efbcbc463eee7aafc0e30bb61c87b05ac291c620bc43a0ba6b,gx-no-cache=1519995937917 HTTP/1.1" 200 45
186.103.159.46 - - [02/Mar/2018:10:06:25 -0300] "POST /cormun/servlet/solicitudot?gx-no-cache=1519995938045 HTTP/1.1" 200 297
186.103.159.46 - - [02/Mar/2018:10:06:26 -0300] "GET /cormun/servlet/solicitudot?7f039c20466c91efbcbc463eee7aafc07dd747bd6c68d65e030abfa7347f45d65939473e44e97293147f7711f889328c75b847df9cbba53dbd174cd8fffe62dcfde404f82537ad92aa73b4b12cc3910b57c6d9daa35931ced71b0de7a7361bdf9f83a340d3b95050333536d704f94b1b853e49a3a4f7ca83d83a3a4cf4aeba51458f7295233b7aebc4910230ad5393630bf5185425721475c2b9f93d7aa29b933e24d487bf88f0e701c564cd5640e9e861a0c4b243a0a3e1e5d5a74f42eaea5b1e4d7928f670a8b24eb11a19a7c40dfa861cb1760fe200d27021a97d2fc9090b66302f680d4860d5245c5214ac9fe7aa54ab87c28a5eef5c95e3aad911f246bfa4dd457ab9ba69b89add736d129a1f4e8644e5dff76ff501751cb9327357def05c41a57996408462af50f295b36e11ecc8f5e21d061b53084418d206cebbad83e86605d1166d41f31e9229986c265c72bc2bccfd17987ddaa764d1de0dc3048570f36828bc40e4bfb19253d4c089cd434f3a23437fb5441997bd86768d5024b81a8ced0fdf5d656d775befa14353d090,gx-no-cache=1519995938188 HTTP/1.1" 200 30
186.103.159.46 - - [02/Mar/2018:10:06:26 -0300] "POST /cormun/servlet/solicitudot?gx-no-cache=1519995938601 HTTP/1.1" 200 30
186.103.159.46 - - [02/Mar/2018:10:06:26 -0300] "POST /cormun/servlet/solicitudot?gx-no-cache=1519995938758 HTTP/1.1" 200 1337
186.103.159.46 - - [02/Mar/2018:10:06:26 -0300] "POST /cormun/servlet/solicitudot?gx-no-cache=1519995939039 HTTP/1.1" 200 38
192.168.10.96 - - [02/Mar/2018:10:06:27 -0300] "POST /cormun/servlet/solicitudot?gx-no-cache=1519995828780 HTTP/1.1" 200 1318
192.168.10.96 - - [02/Mar/2018:10:06:27 -0300] "POST /cormun/servlet/solicitudot?gx-no-cache=1519995828915 HTTP/1.1" 200 1215
186.103.159.46 - - [02/Mar/2018:10:06:29 -0300] "POST /cormun/servlet/solicitudot?gx-no-cache=1519995942019 HTTP/1.1" 200 30
186.103.159.46 - - [02/Mar/2018:10:06:31 -0300] "POST /cormun/servlet/solicitudot?gx-no-cache=1519995943296 HTTP/1.1" 200 1337
186.103.159.46 - - [02/Mar/2018:10:06:31 -0300] "POST /cormun/servlet/solicitudot?gx-no-cache=1519995943754 HTTP/1.1" 200 38
186.103.158.250 - - [02/Mar/2018:10:06:33 -0300] "POST /cormun/servlet/solicitudot?gx-no-cache=1519995944004 HTTP/1.1" 200 240
186.103.158.250 - - [02/Mar/2018:10:06:33 -0300] "GET /cormun/servlet/solicitudot?c66939129ab1fee5f0ec84a8ad51cfdd0bfc839c17b89bac4e80a127b88f1599ee0975ea9bbcea517ea0d5bf02cee0fc01dc3e0caa373f5d6b26578720a0227066ad4d017dec9f88e009dfabb9f583d7d0bdfcfec0097d15c78460dacb083db557296719fa16fb4db48b9cff3bb6704da8e2ca4d49a369468b8da5673de15632f3bd54312eee75ebb1ba44b8f192bb468f3aeffb9ec8db1f89c6c58714c1f653edd2cf1de840bd1d08b10ae6f3d8f45c8610be01bc7a7e9013235dd61220cae8f383601bbf738d37d664636eef0efe63de70f35de182d933c44dd314a9f5b07eea5dc4f5986d6a27ffcf1e2409d5d97e6f09de382c11b2e7a4375bf9f813e05651f6e013cdeccd3cc0f032532a4b039d51049855ea9dfd7750d7ebdb4507fa4c22e15e7815e11a86ffea0201f63a0a6ad32055d5758b8d8398178447da37e73272cc5fd8138280f2f15dd9a969c1657bdf520c555a1c262e4ed3ea683db80db0d4ce7cd6de493dae1cc5ee7e58ad79e8811786ffefe4264f0504496a9bbf054a,gx-no-cache=1519995944129 HTTP/1.1" 200 30
192.168.10.96 - - [02/Mar/2018:10:06:35 -0300] "POST /cormun/servlet/solicitudot?gx-no-cache=1519995836793 HTTP/1.1" 200 33
186.103.159.46 - - [02/Mar/2018:10:06:38 -0300] "GET /cormun/servlet/solicitudot?7f039c20466c91efbcbc463eee7aafc096cd523d5a03e4dc3056119a05743f85f1593d6aba273522d4f9d198d6ad2b186d22e092eff024c1eaf292335f7fec07414febe2ff7e4077914607e2549b0537061a25a660c089395f3c6a9c6d2838f34ac29e870467b00cf5e26c54897e8b92,gx-no-cache=1519995951046 HTTP/1.1" 200 29
186.103.159.46 - - [02/Mar/2018:10:06:39 -0300] "POST /cormun/servlet/solicitudot?gx-no-cache=1519995951175 HTTP/1.1" 200 1319
186.103.159.46 - - [02/Mar/2018:10:06:39 -0300] "POST /cormun/servlet/solicitudot?gx-no-cache=1519995951476 HTTP/1.1" 200 1218
186.103.159.46 - - [02/Mar/2018:10:06:39 -0300] "GET /cormun/static/menuarrow.gif HTTP/1.1" 404 1015
186.103.157.246 - - [02/Mar/2018:10:06:39 -0300] "POST /cormun/servlet/hlogin?671a49160b07ff0dc06b14ba47bbb607,gx-no-cache=1519995953027 HTTP/1.1" 200 90
186.103.157.246 - - [02/Mar/2018:10:06:39 -0300] "GET /cormun/servlet/hpexe_link HTTP/1.1" 200 950
186.103.157.246 - - [02/Mar/2018:10:06:40 -0300] "GET /cormun/static/Resources/Spanish/PXTools.css?1155365 HTTP/1.1" 304 -
186.103.157.246 - - [02/Mar/2018:10:06:40 -0300] "GET /cormun/static/gxcfg.js?20177612121792 HTTP/1.1" 200 953
186.103.157.246 - - [02/Mar/2018:10:06:40 -0300] "GET /cormun/static/hpexe_link.js?20177612121795 HTTP/1.1" 304 -
186.103.157.246 - - [02/Mar/2018:10:06:40 -0300] "GET /cormun/servlet/hhome HTTP/1.1" 200 3878
186.103.157.246 - - [02/Mar/2018:10:06:41 -0300] "GET /cormun/servlet/hhome HTTP/1.1" 200 3875
186.103.159.46 - - [02/Mar/2018:10:06:43 -0300] "POST /cormun/servlet/solicitudot?gx-no-cache=1519995955940 HTTP/1.1" 200 1319
186.103.159.46 - - [02/Mar/2018:10:06:44 -0300] "POST /cormun/servlet/solicitudot?gx-no-cache=1519995956159 HTTP/1.1" 200 1218
192.168.10.96 - - [02/Mar/2018:10:06:44 -0300] "POST /cormun/servlet/solicitudot?1d4ff14942b899bacd8d75544af79f57,INS,0,0,,gx-no-cache=1519995844387 HTTP/1.1" 200 93
192.168.10.96 - - [02/Mar/2018:10:06:44 -0300] "GET /cormun/servlet/hpexe_return? HTTP/1.1" 200 1002
192.168.10.96 - - [02/Mar/2018:10:06:45 -0300] "GET /cormun/servlet/trsolicitudot HTTP/1.1" 200 13258
186.103.159.46 - - [02/Mar/2018:10:06:46 -0300] "GET /cormun/servlet/solicitudot?7f039c20466c91efbcbc463eee7aafc0322788917574196a774795de3ca54b3da6a9e942f062f7e9fe91f1d25807c7c4,gx-no-cache=1519995958279 HTTP/1.1" 200 30
192.168.10.96 - - [02/Mar/2018:10:06:46 -0300] "GET /cormun/servlet/trsolicitudot HTTP/1.1" 200 13254
186.103.157.246 - - [02/Mar/2018:10:06:49 -0300] "GET /cormun/servlet/trsolicitudot? HTTP/1.1" 200 7092
186.103.157.246 - - [02/Mar/2018:10:06:49 -0300] "GET /cormun/static/gxui/gxui-all.css?120300 HTTP/1.1" 200 2179
186.103.157.246 - - [02/Mar/2018:10:06:49 -0300] "GET /cormun/static/gxcfg.js?2017111422585916 HTTP/1.1" 200 953
186.103.157.246 - - [02/Mar/2018:10:06:49 -0300] "GET /cormun/static/Resources/Spanish/PXTools.css?1255365 HTTP/1.1" 304 -
186.103.157.246 - - [02/Mar/2018:10:06:49 -0300] "GET /cormun/static/calendar-es.js?85251 HTTP/1.1" 200 1901
186.103.157.246 - - [02/Mar/2018:10:06:49 -0300] "GET /cormun/static/calendar-setup.js?85251 HTTP/1.1" 200 2588
186.103.157.246 - - [02/Mar/2018:10:06:49 -0300] "GET /cormun/static/calendar.js?85251 HTTP/1.1" 200 26246
186.103.157.246 - - [02/Mar/2018:10:06:49 -0300] "GET /cormun/static/gxdec.js?85251 HTTP/1.1" 200 19579
186.103.157.246 - - [02/Mar/2018:10:06:49 -0300] "GET /cormun/static/trsolicitudot.js?201711142259839 HTTP/1.1" 200 54041
186.103.157.246 - - [02/Mar/2018:10:06:49 -0300] "GET /cormun/static/Shared/ext/resources/css/ext-all.css?215870 HTTP/1.1" 200 416045
186.103.157.246 - - [02/Mar/2018:10:06:49 -0300] "GET /cormun/static/Resources/PXToolsActionExcel.png HTTP/1.1" 200 3187
186.103.157.246 - - [02/Mar/2018:10:06:49 -0300] "GET /cormun/static/Resources/PXToolsGridNew.png HTTP/1.1" 200 2949
186.103.157.246 - - [02/Mar/2018:10:06:50 -0300] "GET /cormun/servlet/trsolicitudot? HTTP/1.1" 200 7091
186.103.157.246 - - [02/Mar/2018:10:06:55 -0300] "GET /cormun/servlet/solicitudot?INS,0,0, HTTP/1.1" 200 13344
186.103.157.246 - - [02/Mar/2018:10:06:55 -0300] "GET /cormun/static/gxcfg.js?201812313224582 HTTP/1.1" 200 953
186.103.157.246 - - [02/Mar/2018:10:06:55 -0300] "GET /cormun/static/solicitudot.js?201812313224831 HTTP/1.1" 200 72336
186.103.157.246 - - [02/Mar/2018:10:06:56 -0300] "GET /cormun/servlet/solicitudot?INS,0,0, HTTP/1.1" 200 13349
186.103.158.250 - - [02/Mar/2018:10:07:00 -0300] "POST /cormun/servlet/solicitudot?gx-no-cache=1519995971485 HTTP/1.1" 200 30
186.103.158.250 - - [02/Mar/2018:10:07:05 -0300] "POST /cormun/servlet/solicitudot?gx-no-cache=1519995976411 HTTP/1.1" 200 1337
186.103.158.250 - - [02/Mar/2018:10:07:05 -0300] "POST /cormun/servlet/solicitudot?gx-no-cache=1519995976636 HTTP/1.1" 200 38
186.103.159.46 - - [02/Mar/2018:10:07:09 -0300] "POST /cormun/servlet/solicitudot?gx-no-cache=1519995981079 HTTP/1.1" 200 1319
186.103.159.46 - - [02/Mar/2018:10:07:09 -0300] "POST /cormun/servlet/solicitudot?gx-no-cache=1519995981433 HTTP/1.1" 200 1218
186.103.159.46 - - [02/Mar/2018:10:07:09 -0300] "POST /cormun/servlet/solicitudot?gx-no-cache=1519995981644 HTTP/1.1" 200 30
186.103.158.250 - - [02/Mar/2018:10:07:16 -0300] "GET /cormun/servlet/solicitudot?c66939129ab1fee5f0ec84a8ad51cfddcb92e4415f0536c680633e418912c3852e9f47351ef1eb4a6196d2d9d07fbfa13db2471e95cc6edde6ea385210098655bf42a608b7d3f4a69e53683184f4d805b974a38be9951f0402d63877eb47ed06d18dcfe1602801403ee05e92727e08887d1f8e61b8b827e631733563b7479eeb2d0f430eed3e09383cd91d721363340a17c9873b98e5093d24f90155c01983df,gx-no-cache=1519995987729 HTTP/1.1" 200 29
186.103.158.250 - - [02/Mar/2018:10:07:17 -0300] "POST /cormun/servlet/solicitudot?gx-no-cache=1519995987845 HTTP/1.1" 200 1318
186.103.158.250 - - [02/Mar/2018:10:07:17 -0300] "POST /cormun/servlet/solicitudot?gx-no-cache=1519995988056 HTTP/1.1" 200 1219
186.103.158.250 - - [02/Mar/2018:10:07:17 -0300] "GET /cormun/static/menuarrow.gif HTTP/1.1" 404 1015
191.126.135.18 - - [02/Mar/2018:10:07:18 -0300] "POST /cormun/servlet/solicitudot?90b2941a572f5aed7e0a359eb62898c5,INS,0,0,,gx-no-cache=1519995990094 HTTP/1.1" 200 93
191.126.135.18 - - [02/Mar/2018:10:07:19 -0300] "GET /cormun/servlet/hpexe_return? HTTP/1.1" 200 1007
191.126.135.18 - - [02/Mar/2018:10:07:19 -0300] "GET /cormun/servlet/trsolicitudot HTTP/1.1" 200 7478
191.126.135.18 - - [02/Mar/2018:10:07:21 -0300] "GET /cormun/servlet/trsolicitudot HTTP/1.1" 200 7474
186.103.158.250 - - [02/Mar/2018:10:07:21 -0300] "GET /cormun/servlet/solicitudot?c66939129ab1fee5f0ec84a8ad51cfdd2db5221956983f98e42985a3a15343f0be5f99b4ebc7321f40486a9a2d799653,gx-no-cache=1519995992172 HTTP/1.1" 200 30
186.103.156.166 - - [02/Mar/2018:10:07:28 -0300] "GET /cormun/servlet/trfichaempleado? HTTP/1.1" 200 14147
186.103.158.250 - - [02/Mar/2018:10:07:35 -0300] "POST /cormun/servlet/solicitudot?gx-no-cache=1519996006274 HTTP/1.1" 200 30
192.168.10.96 - - [02/Mar/2018:10:07:44 -0300] "POST /cormun/servlet/trsolicitudot?1d4ff14942b899bacd8d75544af79f57,gx-no-cache=1519995904778 HTTP/1.1" 200 10218
186.103.159.46 - - [02/Mar/2018:10:07:48 -0300] "POST /cormun/servlet/solicitudot?7acd2dcdd00efe25ca2a737af88cbb05,INS,0,0,,gx-no-cache=1519996019909 HTTP/1.1" 200 93
186.103.159.46 - - [02/Mar/2018:10:07:48 -0300] "GET /cormun/servlet/hpexe_return? HTTP/1.1" 200 1005
186.103.159.46 - - [02/Mar/2018:10:07:49 -0300] "GET /cormun/static/gxcfg.js?2016101716175148 HTTP/1.1" 200 953
186.103.159.46 - - [02/Mar/2018:10:07:49 -0300] "GET /cormun/static/hpexe_return.js?2016101716175153 HTTP/1.1" 200 1633
186.103.159.46 - - [02/Mar/2018:10:07:49 -0300] "GET /cormun/static/Resources/Spanish/PXTools.css?167811 HTTP/1.1" 200 89042
186.103.159.46 - - [02/Mar/2018:10:07:49 -0300] "GET /cormun/servlet/trsolicitudot HTTP/1.1" 200 8520
192.168.10.96 - - [02/Mar/2018:10:07:50 -0300] "GET /cormun/servlet/trautorizarsolicitud? HTTP/1.1" 200 7310
192.168.10.96 - - [02/Mar/2018:10:07:51 -0300] "GET /cormun/servlet/trautorizarsolicitud? HTTP/1.1" 200 7310
186.103.159.46 - - [02/Mar/2018:10:07:52 -0300] "GET /cormun//static/Resources/PXToolsActionView.png HTTP/1.1" 200 2995
186.103.159.46 - - [02/Mar/2018:10:07:52 -0300] "GET /cormun//static/Resources/PXToolsGridUpdate.png HTTP/1.1" 200 2984
186.103.159.46 - - [02/Mar/2018:10:07:52 -0300] "GET /cormun//static/Resources/PXToolsGridDelete.png HTTP/1.1" 200 357
186.103.159.46 - - [02/Mar/2018:10:07:52 -0300] "GET /cormun//static/Resources/PXToolsRemoveAllAction.png HTTP/1.1" 200 3558
186.103.159.46 - - [02/Mar/2018:10:07:52 -0300] "GET /cormun//static/Resources/PXTools/ActionInsert.png HTTP/1.1" 200 1482
186.103.159.46 - - [02/Mar/2018:10:07:53 -0300] "GET /cormun/servlet/trsolicitudot HTTP/1.1" 200 8516
186.103.158.250 - - [02/Mar/2018:10:07:57 -0300] "POST /cormun/servlet/solicitudot?dedeb0d318f7a8d015ec2c999bd02548,INS,0,0,,gx-no-cache=1519996026943 HTTP/1.1" 200 93
186.103.158.250 - - [02/Mar/2018:10:07:57 -0300] "GET /cormun/servlet/hpexe_return? HTTP/1.1" 200 1009
186.103.159.46 - - [02/Mar/2018:10:07:58 -0300] "GET /cormun/servlet/solicitudot?INS,0,0, HTTP/1.1" 200 13405
186.103.158.250 - - [02/Mar/2018:10:07:58 -0300] "GET /cormun/servlet/trsolicitudot HTTP/1.1" 200 8800
186.103.158.250 - - [02/Mar/2018:10:08:00 -0300] "GET /cormun/servlet/trsolicitudot HTTP/1.1" 200 8796
186.103.159.46 - - [02/Mar/2018:10:08:02 -0300] "GET /cormun/servlet/solicitudot?INS,0,0, HTTP/1.1" 200 13410
192.168.10.96 - - [02/Mar/2018:10:08:03 -0300] "POST /cormun/servlet/trautorizarsolicitud?1d4ff14942b899bacd8d75544af79f57,,gx-no-cache=1519995923662 HTTP/1.1" 200 7000
186.103.156.166 - - [02/Mar/2018:10:08:04 -0300] "POST /cormun/servlet/solicitudot?gx-no-cache=1519996040194 HTTP/1.1" 200 1472
186.103.158.250 - - [02/Mar/2018:10:08:08 -0300] "POST /cormun/servlet/trsolicitudot?dedeb0d318f7a8d015ec2c999bd02548,gx-no-cache=1519996038328 HTTP/1.1" 200 4689
186.103.158.250 - - [02/Mar/2018:10:08:08 -0300] "GET /cormun/static/Shared/jqueryui/images/ui-bg_highlight-soft_100_c6c2c8_1x100.png HTTP/1.1" 404 1117
186.103.158.250 - - [02/Mar/2018:10:08:08 -0300] "GET /cormun/static/Shared/jqueryui/images/ui-icons_82798d_256x240.png HTTP/1.1" 404 1089
186.103.158.250 - - [02/Mar/2018:10:08:08 -0300] "GET /cormun/static/Shared/jqueryui/images/ui-bg_flat_55_fafafa_40x100.png HTTP/1.1" 404 1097
186.103.158.250 - - [02/Mar/2018:10:08:08 -0300] "GET /cormun/static/Shared/jqueryui/images/ui-icons_8d78a5_256x240.png HTTP/1.1" 404 1089
186.103.158.250 - - [02/Mar/2018:10:08:09 -0300] "POST /cormun/servlet/trsolicitudot?dedeb0d318f7a8d015ec2c999bd02548,gx-no-cache=1519996039339 HTTP/1.1" 200 4458
192.168.10.96 - - [02/Mar/2018:10:08:12 -0300] "POST /cormun/servlet/trautorizarsolicitud?1d4ff14942b899bacd8d75544af79f57,,gx-no-cache=1519995932757 HTTP/1.1" 200 6669
192.168.10.96 - - [02/Mar/2018:10:08:12 -0300] "GET /cormun/static/Shared/jqueryui/images/ui-bg_highlight-soft_100_c6c2c8_1x100.png HTTP/1.1" 404 1117
192.168.10.96 - - [02/Mar/2018:10:08:12 -0300] "GET /cormun/static/Shared/jqueryui/images/ui-icons_82798d_256x240.png HTTP/1.1" 404 1089
192.168.10.96 - - [02/Mar/2018:10:08:12 -0300] "GET /cormun/static/Shared/jqueryui/images/ui-icons_8d78a5_256x240.png HTTP/1.1" 404 1089
192.168.10.96 - - [02/Mar/2018:10:08:12 -0300] "GET /cormun/static/Shared/jqueryui/images/ui-bg_flat_55_fafafa_40x100.png HTTP/1.1" 404 1097
192.168.10.96 - - [02/Mar/2018:10:08:13 -0300] "POST /cormun/servlet/trautorizarsolicitud?1d4ff14942b899bacd8d75544af79f57,,gx-no-cache=1519995933575 HTTP/1.1" 200 6616
186.103.157.42 - - [02/Mar/2018:10:08:13 -0300] "GET /cormun/servlet/trautorizarsolicitud? HTTP/1.1" 200 8761
186.103.157.42 - - [02/Mar/2018:10:08:13 -0300] "GET /cormun/servlet/trautorizarsolicitud? HTTP/1.1" 200 8761
186.103.157.42 - - [02/Mar/2018:10:08:14 -0300] "GET /cormun/servlet/trautorizarsolicitud? HTTP/1.1" 200 8756
186.103.156.166 - - [02/Mar/2018:10:08:14 -0300] "POST /cormun/servlet/solicitudot?gx-no-cache=1519996051138 HTTP/1.1" 200 1336
186.103.158.250 - - [02/Mar/2018:10:08:15 -0300] "GET /cormun/servlet/trautorizarsolicitud? HTTP/1.1" 200 8687
186.103.158.250 - - [02/Mar/2018:10:08:17 -0300] "GET /cormun/servlet/trautorizarsolicitud? HTTP/1.1" 200 8687
186.103.157.42 - - [02/Mar/2018:10:08:20 -0300] "GET /cormun/servlet/trsolicitudot? HTTP/1.1" 200 23293
186.103.158.250 - - [02/Mar/2018:10:08:22 -0300] "POST /cormun/servlet/trautorizarsolicitud?dedeb0d318f7a8d015ec2c999bd02548,,gx-no-cache=1519996052147 HTTP/1.1" 200 4621
186.103.158.250 - - [02/Mar/2018:10:08:22 -0300] "GET /cormun/static/Shared/jqueryui/images/ui-bg_highlight-soft_100_c6c2c8_1x100.png HTTP/1.1" 404 1117
186.103.158.250 - - [02/Mar/2018:10:08:22 -0300] "GET /cormun/static/Shared/jqueryui/images/ui-icons_82798d_256x240.png HTTP/1.1" 404 1089
192.168.10.96 - - [02/Mar/2018:10:08:22 -0300] "GET /cormun/servlet/hlogin HTTP/1.1" 200 1738
186.103.158.250 - - [02/Mar/2018:10:08:22 -0300] "GET /cormun/static/Shared/jqueryui/images/ui-bg_flat_55_fafafa_40x100.png HTTP/1.1" 404 1097
186.103.158.250 - - [02/Mar/2018:10:08:22 -0300] "GET /cormun/static/Shared/jqueryui/images/ui-icons_8d78a5_256x240.png HTTP/1.1" 404 1089
186.103.157.42 - - [02/Mar/2018:10:08:23 -0300] "GET /cormun/servlet/trsolicitudot? HTTP/1.1" 200 23292
186.103.158.250 - - [02/Mar/2018:10:08:23 -0300] "POST /cormun/servlet/trautorizarsolicitud?dedeb0d318f7a8d015ec2c999bd02548,,gx-no-cache=1519996053401 HTTP/1.1" 200 4390
186.103.156.166 - - [02/Mar/2018:10:08:27 -0300] "GET /cormun/static/menuarrow.gif HTTP/1.1" 404 1015
186.103.159.46 - - [02/Mar/2018:10:08:32 -0300] "POST /cormun/servlet/solicitudot?gx-no-cache=1519996063902 HTTP/1.1" 200 3293
192.168.10.96 - - [02/Mar/2018:10:08:32 -0300] "POST /cormun/servlet/hlogin?1d4ff14942b899bacd8d75544af79f57,gx-no-cache=1519995953292 HTTP/1.1" 200 90
192.168.10.96 - - [02/Mar/2018:10:08:32 -0300] "GET /cormun/servlet/hpexe_link HTTP/1.1" 200 947
192.168.10.96 - - [02/Mar/2018:10:08:32 -0300] "GET /cormun/servlet/hhome HTTP/1.1" 200 4699
186.103.159.46 - - [02/Mar/2018:10:08:33 -0300] "POST /cormun/servlet/solicitudot?7acd2dcdd00efe25ca2a737af88cbb05,INS,0,0,,gx-no-cache=1519996064488 HTTP/1.1" 200 10246
192.168.10.96 - - [02/Mar/2018:10:08:33 -0300] "GET /cormun/servlet/hhome HTTP/1.1" 200 4698
192.168.10.96 - - [02/Mar/2018:10:08:36 -0300] "GET /cormun/servlet/trsolicitudot? HTTP/1.1" 200 11295
192.168.10.96 - - [02/Mar/2018:10:08:37 -0300] "GET /cormun/servlet/trsolicitudot? HTTP/1.1" 200 11293
192.168.10.96 - - [02/Mar/2018:10:08:39 -0300] "GET /cormun/servlet/trsolicitudgral? HTTP/1.1" 200 13606
192.168.10.96 - - [02/Mar/2018:10:08:40 -0300] "GET /cormun/servlet/trsolicitudgral? HTTP/1.1" 200 13605
186.103.156.166 - - [02/Mar/2018:10:08:45 -0300] "GET /cormun/servlet/prlicenciaspermisos?17503733,L,,MD,,gxPopupLevel%3D0%3B HTTP/1.1" 200 5727
186.103.159.46 - - [02/Mar/2018:10:08:51 -0300] "POST /cormun/servlet/solicitudot?gx-no-cache=1519996083721 HTTP/1.1" 200 3295
186.103.159.46 - - [02/Mar/2018:10:08:52 -0300] "POST /cormun/servlet/solicitudot?7acd2dcdd00efe25ca2a737af88cbb05,INS,0,0,,gx-no-cache=1519996084152 HTTP/1.1" 200 10298
186.103.159.46 - - [02/Mar/2018:10:08:53 -0300] "GET /cormun/servlet/solicitudot?7f039c20466c91efbcbc463eee7aafc06d0e5d397763bd02759d8b816f707208f4b15ab0acdb1225660eb26087da6495,gx-no-cache=1519996085101 HTTP/1.1" 200 30
186.103.156.166 - - [02/Mar/2018:10:08:54 -0300] "POST /cormun/servlet/solicitudot?gx-no-cache=1519996091149 HTTP/1.1" 200 118
191.126.135.18 - - [02/Mar/2018:10:10:13 -0300] "GET /cormun/servlet/solicitudot?INS,0,0, HTTP/1.1" 200 13711
191.126.135.18 - - [02/Mar/2018:10:10:14 -0300] "GET /cormun/servlet/solicitudot?INS,0,0, HTTP/1.1" 200 13716
186.103.156.166 - - [02/Mar/2018:10:10:21 -0300] "POST /cormun/servlet/solicitudot?gx-no-cache=1519996177851 HTTP/1.1" 200 118
191.126.135.18 - - [02/Mar/2018:10:10:25 -0300] "GET /cormun/servlet/prfichaempleado?,MD,,gxPopupLevel%3D0%3B HTTP/1.1" 200 9426
191.126.135.18 - - [02/Mar/2018:10:10:38 -0300] "POST /cormun/servlet/prfichaempleado?90b2941a572f5aed7e0a359eb62898c5,,MD,,gxPopupLevel%3D0%3B,gx-no-cache=1519996189926 HTTP/1.1" 200 3431
191.126.135.18 - - [02/Mar/2018:10:10:43 -0300] "POST /cormun/servlet/solicitudot?gx-no-cache=1519996195501 HTTP/1.1" 200 3419
191.126.135.18 - - [02/Mar/2018:10:10:45 -0300] "POST /cormun/servlet/solicitudot?90b2941a572f5aed7e0a359eb62898c5,INS,0,0,,gx-no-cache=1519996196362 HTTP/1.1" 200 10574
191.126.135.18 - - [02/Mar/2018:10:10:45 -0300] "GET /cormun/servlet/solicitudot?063658829734704c0c81e8ea672eca6a24f9a8f697bb31bb6fcf1fac25419772d1c2d8b36e54b18eb6d25b401e3ddd5b,gx-no-cache=1519996197597 HTTP/1.1" 200 30
186.103.159.46 - - [02/Mar/2018:10:10:48 -0300] "GET /cormun/servlet/solicitudot?7f039c20466c91efbcbc463eee7aafc02b37590c899a76a2dd5d07bbdc9a6c11396f90b8752e7925fa67cbafd43f97a1f4b15ab0acdb1225660eb26087da6495,gx-no-cache=1519996200856 HTTP/1.1" 200 30
186.103.159.46 - - [02/Mar/2018:10:10:49 -0300] "GET /cormun/servlet/solicitudot?7f039c20466c91efbcbc463eee7aafc0a9b21430c1270dfa28d2c5165843771b,gx-no-cache=1519996201081 HTTP/1.1" 200 29
186.103.156.166 - - [02/Mar/2018:10:10:49 -0300] "POST /cormun/servlet/solicitudot?19b99ce43f19abb89e8010d0dc5818fb,INS,0,0,,gx-no-cache=1519996204391 HTTP/1.1" 200 93
186.103.156.166 - - [02/Mar/2018:10:10:49 -0300] "GET /cormun/servlet/hpexe_return? HTTP/1.1" 200 1009
186.103.156.166 - - [02/Mar/2018:10:10:49 -0300] "GET /cormun/servlet/trsolicitudot HTTP/1.1" 200 7443
186.103.156.166 - - [02/Mar/2018:10:10:50 -0300] "GET /cormun/servlet/trsolicitudot HTTP/1.1" 200 7439
186.103.159.46 - - [02/Mar/2018:10:10:52 -0300] "POST /cormun/servlet/solicitudot?gx-no-cache=1519996204240 HTTP/1.1" 200 255
186.103.159.46 - - [02/Mar/2018:10:10:55 -0300] "GET /cormun/servlet/solicitudot?7f039c20466c91efbcbc463eee7aafc07dd747bd6c68d65e030abfa7347f45d6e79c2e9203516e41fbe7581fcb8f8cda75b847df9cbba53dbd174cd8fffe62dcfde404f82537ad92aa73b4b12cc3910b57c6d9daa35931ced71b0de7a7361bdf9f83a340d3b95050333536d704f94b1b853e49a3a4f7ca83d83a3a4cf4aeba51458f7295233b7aebc4910230ad5393630bf5185425721475c2b9f93d7aa29b933e24d487bf88f0e701c564cd5640e9e861a0c4b243a0a3e1e5d5a74f42eaea5b1e4d7928f670a8b24eb11a19a7c40dfa861cb1760fe200d27021a97d2fc9090b66302f680d4860d5245c5214ac9fe7aa59621887c75dc49038e99b4a00646798a4dd457ab9ba69b89add736d129a1f4e65f60f4358a74905747978ec7f65d06c1fade5f282e5135ecbf7237482d563ebe25f28212672df382fdec8364fc1040157331f469bca20992952a8342a936adac1c37b5a48d722acfc2cabdaa2f455f8e0c448978106ac404d8d6f052055e4b87e77d63584545248396d7004c60b9c33,gx-no-cache=1519996207726 HTTP/1.1" 200 30
186.103.159.46 - - [02/Mar/2018:10:10:58 -0300] "POST /cormun/servlet/solicitudot?gx-no-cache=1519996211025 HTTP/1.1" 200 30
186.103.159.46 - - [02/Mar/2018:10:11:01 -0300] "POST /cormun/servlet/solicitudot?gx-no-cache=1519996213015 HTTP/1.1" 200 1333
186.103.159.46 - - [02/Mar/2018:10:11:01 -0300] "POST /cormun/servlet/solicitudot?gx-no-cache=1519996213257 HTTP/1.1" 200 38
191.126.135.18 - - [02/Mar/2018:10:11:02 -0300] "GET /cormun/servlet/solicitudot?063658829734704c0c81e8ea672eca6af27c9dad9b285f7004b8fb50661d99e2314192cae8ab5ad0e9ccc2bf2656a8903192e29922562704fc5641cff8505c1f,gx-no-cache=1519996214954 HTTP/1.1" 200 30
191.126.135.18 - - [02/Mar/2018:10:11:03 -0300] "GET /cormun/servlet/solicitudot?063658829734704c0c81e8ea672eca6a2e85e95b67d21784b0d20681a06ec258,gx-no-cache=1519996215110 HTTP/1.1" 200 45
191.126.135.18 - - [02/Mar/2018:10:11:03 -0300] "POST /cormun/servlet/solicitudot?gx-no-cache=1519996215236 HTTP/1.1" 200 240
191.126.135.18 - - [02/Mar/2018:10:11:03 -0300] "GET /cormun/servlet/solicitudot?063658829734704c0c81e8ea672eca6adc7f3877a62f493650b32e09aa55fa17c45ad7e4f2c8eb17da473e55b590d08a3ece3ffae9dd9102e52c2a1b0219326f51e1e54ebdd99a87c8406ab7493b8591f472df301b47fcc10f53321e3e4cd8cf16f5321c0e02924a34a0e3feb5b6d1f0dbe954dd702898b144cf86337b98b83545b1b2a0f7930beef1fb8899b2f135aec11af0249f523fa29e5271b74539dd6551de0ab4fe5292f518539a8c95f111a647ec84d1f85487743aaf18df3378b770a46f499531730ff567773277cacd9db91781641d5ee017deba449de64197cf5d7c6cb1d77739decbaf377e0b443218e4c3872c09f686d71f60f637f04d6a6f26b92b9ee9a0762162d48955fc7bce57ca9fd226269d8ac64c35fcc84523acebd4c33c9cc97b4a0f583687834a370fdfa66b38ff6fe0fb23bda0acc116b4f830a16182edc97e2cd987f8c4d85ef84eee7f5cc1c332e0176db8445d114096ad25d279fac76ee0facf2421603cc4d20d623e2a41038a8038475d5ea7f106437e578d,gx-no-cache=1519996215365 HTTP/1.1" 200 30
191.126.135.18 - - [02/Mar/2018:10:11:05 -0300] "POST /cormun/servlet/solicitudot?gx-no-cache=1519996217669 HTTP/1.1" 200 30
191.126.135.18 - - [02/Mar/2018:10:11:16 -0300] "GET /cormun/servlet/prfichaempleado?,MD,,gxPopupLevel%3D0%3B HTTP/1.1" 200 9426
186.103.159.46 - - [02/Mar/2018:10:11:24 -0300] "GET /cormun/servlet/solicitudot?7f039c20466c91efbcbc463eee7aafc096cd523d5a03e4dc3056119a05743f85f1593d6aba273522d4f9d198d6ad2b186d22e092eff024c1eaf292335f7fec07414febe2ff7e4077914607e2549b0537061a25a660c089395f3c6a9c6d2838f34ac29e870467b00cf5e26c54897e8b92,gx-no-cache=1519996236706 HTTP/1.1" 200 29
186.103.159.46 - - [02/Mar/2018:10:11:25 -0300] "POST /cormun/servlet/solicitudot?gx-no-cache=1519996236918 HTTP/1.1" 200 1318
186.103.159.46 - - [02/Mar/2018:10:11:25 -0300] "POST /cormun/servlet/solicitudot?gx-no-cache=1519996237278 HTTP/1.1" 200 1215
191.126.135.18 - - [02/Mar/2018:10:11:26 -0300] "POST /cormun/servlet/prfichaempleado?90b2941a572f5aed7e0a359eb62898c5,,MD,,gxPopupLevel%3D0%3B,gx-no-cache=1519996237904 HTTP/1.1" 200 3540
192.168.10.96 - - [02/Mar/2018:10:11:32 -0300] "POST /cormun/servlet/trsolicitudgral?1d4ff14942b899bacd8d75544af79f57,,gx-no-cache=1519996119138 HTTP/1.1" 200 25937
191.126.135.18 - - [02/Mar/2018:10:11:37 -0300] "GET /cormun/servlet/prlicenciaspermisos?9178795,L,,MD,,gxPopupLevel%3D0%3B HTTP/1.1" 200 7836
191.126.135.18 - - [02/Mar/2018:10:11:42 -0300] "POST /cormun/servlet/solicitudot?gx-no-cache=1519996254763 HTTP/1.1" 200 1337
192.168.10.96 - - [02/Mar/2018:10:11:45 -0300] "POST /cormun/servlet/trsolicitudgral?1d4ff14942b899bacd8d75544af79f57,,gx-no-cache=1519996144473 HTTP/1.1" 200 23066
191.126.135.18 - - [02/Mar/2018:10:11:50 -0300] "POST /cormun/servlet/solicitudot?gx-no-cache=1519996262957 HTTP/1.1" 200 41
191.126.135.18 - - [02/Mar/2018:10:11:55 -0300] "GET /cormun/servlet/solicitudot?063658829734704c0c81e8ea672eca6a5055ba91384103111625bba13621da87d9b489baa08f11ca41f4e95aefaf0e6fcebc8ff45801c65e3c07432926676ac1538d36bd5a9f47bd466978a0cc400153e7b4b5b28d2b5fcd174150d20b6fde15d3265dcb52d90d471c201aaf143d751532c2e51402a4a7e57ab8401ffa6ba18fb0b0e5bd76f88ed3a54d75efee9b4339ae17f3af850e65ce7c1e124df610f2db,gx-no-cache=1519996267554 HTTP/1.1" 200 29
191.126.135.18 - - [02/Mar/2018:10:11:55 -0300] "POST /cormun/servlet/solicitudot?gx-no-cache=1519996267701 HTTP/1.1" 200 1319
191.126.135.18 - - [02/Mar/2018:10:11:55 -0300] "POST /cormun/servlet/solicitudot?gx-no-cache=1519996267930 HTTP/1.1" 200 1218
191.126.135.18 - - [02/Mar/2018:10:11:56 -0300] "GET /cormun/static/menuarrow.gif HTTP/1.1" 404 1015
186.103.159.46 - - [02/Mar/2018:10:11:57 -0300] "GET /cormun/static/menuarrow.gif HTTP/1.1" 404 1015
191.126.135.18 - - [02/Mar/2018:10:11:57 -0300] "POST /cormun/servlet/solicitudot?gx-no-cache=1519996269636 HTTP/1.1" 200 1319
191.126.135.18 - - [02/Mar/2018:10:11:57 -0300] "POST /cormun/servlet/solicitudot?gx-no-cache=1519996269870 HTTP/1.1" 200 1218
191.126.135.18 - - [02/Mar/2018:10:11:59 -0300] "GET /cormun/servlet/solicitudot?063658829734704c0c81e8ea672eca6ab656d33e63ae791338d6e5b61fbb67dc3b4105eb3b2db3e8430af509e7b747f4,gx-no-cache=1519996271445 HTTP/1.1" 200 30
191.126.135.18 - - [02/Mar/2018:10:11:59 -0300] "POST /cormun/servlet/solicitudot?gx-no-cache=1519996271566 HTTP/1.1" 200 34
186.103.159.46 - - [02/Mar/2018:10:12:01 -0300] "GET /cormun/servlet/solicitudot?7f039c20466c91efbcbc463eee7aafc0322788917574196a774795de3ca54b3da6a9e942f062f7e9fe91f1d25807c7c4,gx-no-cache=1519996273610 HTTP/1.1" 200 30
191.126.135.18 - - [02/Mar/2018:10:12:03 -0300] "POST /cormun/servlet/solicitudot?90b2941a572f5aed7e0a359eb62898c5,INS,0,0,,gx-no-cache=1519996274544 HTTP/1.1" 200 11983
191.126.135.18 - - [02/Mar/2018:10:12:04 -0300] "GET /cormun/static/Shared/jqueryui/images/ui-bg_highlight-soft_100_c6c2c8_1x100.png HTTP/1.1" 404 1117
191.126.135.18 - - [02/Mar/2018:10:12:04 -0300] "GET /cormun/static/Shared/jqueryui/images/ui-icons_82798d_256x240.png HTTP/1.1" 404 1089
191.126.135.18 - - [02/Mar/2018:10:12:04 -0300] "GET /cormun/static/Shared/jqueryui/images/ui-icons_ebccce_256x240.png HTTP/1.1" 404 1089
191.126.135.18 - - [02/Mar/2018:10:12:04 -0300] "GET /cormun/static/Shared/jqueryui/images/ui-bg_flat_55_994d53_40x100.png HTTP/1.1" 404 1097
191.126.135.18 - - [02/Mar/2018:10:12:10 -0300] "GET /cormun/servlet/solicitudot?063658829734704c0c81e8ea672eca6aa9e44395d6234cddc6c061f6c6f07525,gx-no-cache=1519996283023 HTTP/1.1" 200 94
191.126.135.18 - - [02/Mar/2018:10:12:11 -0300] "POST /cormun/servlet/solicitudot?gx-no-cache=1519996283158 HTTP/1.1" 200 240
191.126.135.18 - - [02/Mar/2018:10:12:11 -0300] "GET /cormun/servlet/solicitudot?063658829734704c0c81e8ea672eca6adc7f3877a62f493650b32e09aa55fa17c45ad7e4f2c8eb17da473e55b590d08a3ece3ffae9dd9102e52c2a1b0219326f51e1e54ebdd99a87c8406ab7493b8591f472df301b47fcc10f53321e3e4cd8cf16f5321c0e02924a34a0e3feb5b6d1f0dbe954dd702898b144cf86337b98b83545b1b2a0f7930beef1fb8899b2f135aec11af0249f523fa29e5271b74539dd6551de0ab4fe5292f518539a8c95f111a647ec84d1f85487743aaf18df3378b770a46f499531730ff567773277cacd9db91781641d5ee017deba449de64197cf5d7c6cb1d77739decbaf377e0b443218e4c3872c09f686d71f60f637f04d6a6f26b92b9ee9a0762162d48955fc7bce57ca9fd226269d8ac64c35fcc84523acebd4c33c9cc97b4a0f583687834a370fdfa66b38ff6fe0fb23bda0acc116b4f830a16182edc97e2cd987f8c4d85ef84eee7f5cc1c332e0176db8445d114096ad25d279fac76ee0facf2421603cc4d20d623e39094c3d7d991ffce81fa1370d46ec24,gx-no-cache=1519996283253 HTTP/1.1" 200 30
191.126.135.18 - - [02/Mar/2018:10:12:11 -0300] "POST /cormun/servlet/solicitudot?gx-no-cache=1519996283379 HTTP/1.1" 200 30
191.126.135.18 - - [02/Mar/2018:10:12:11 -0300] "POST /cormun/servlet/solicitudot?gx-no-cache=1519996283510 HTTP/1.1" 200 1337
191.126.135.18 - - [02/Mar/2018:10:12:11 -0300] "POST /cormun/servlet/solicitudot?gx-no-cache=1519996283897 HTTP/1.1" 200 41
191.126.135.18 - - [02/Mar/2018:10:12:12 -0300] "POST /cormun/servlet/solicitudot?gx-no-cache=1519996284028 HTTP/1.1" 200 1319
191.126.135.18 - - [02/Mar/2018:10:12:12 -0300] "POST /cormun/servlet/solicitudot?gx-no-cache=1519996284255 HTTP/1.1" 200 1218
191.126.135.18 - - [02/Mar/2018:10:12:12 -0300] "GET /cormun/servlet/solicitudot?063658829734704c0c81e8ea672eca6ab656d33e63ae791338d6e5b61fbb67dc3b4105eb3b2db3e8430af509e7b747f4,gx-no-cache=1519996284451 HTTP/1.1" 200 30
191.126.135.18 - - [02/Mar/2018:10:12:12 -0300] "POST /cormun/servlet/solicitudot?gx-no-cache=1519996284570 HTTP/1.1" 200 34
191.126.135.18 - - [02/Mar/2018:10:12:13 -0300] "POST /cormun/servlet/solicitudot?90b2941a572f5aed7e0a359eb62898c5,INS,0,0,,gx-no-cache=1519996284928 HTTP/1.1" 200 12039
186.103.159.46 - - [02/Mar/2018:10:12:15 -0300] "POST /cormun/servlet/solicitudot?gx-no-cache=1519996287089 HTTP/1.1" 200 30
186.103.157.42 - - [02/Mar/2018:10:13:35 -0300] "POST /cormun/servlet/trsolicitudot?61feee565c94808c63623a1103f77900,,gx-no-cache=1519996115526 HTTP/1.1" 200 20660
191.126.135.18 - - [02/Mar/2018:10:13:44 -0300] "GET /cormun/servlet/trsolicitudot? HTTP/1.1" 200 7475
191.126.135.18 - - [02/Mar/2018:10:13:45 -0300] "GET /cormun/servlet/trsolicitudot? HTTP/1.1" 200 7474
186.103.159.44 - - [02/Mar/2018:10:13:48 -0300] "GET /cormun/servlet/licenciaspermisos?2e19d47d654f2380f112b5f2fec593cd0a35483824384dc80cc62d73f2b19fa6b3b21cec09f7ae7ced38ed36c8c9d3d668b18385241b138740ad2d3cd626b5d8b3b2b64e58bc12537fadb72f498e5b0a5adc0bd182f8f2ef528832685665553aa066b65d9fb807a4ffcc74213e6d247d0a940fc556169251491b88118c017552ab436d95b508cb55f67c20be1b34d30948f915792c16130bbf870391fc94b517c6895d77de2aca57a3f5400b1650fa24,gx-no-cache=1519996380800 HTTP/1.1" 200 30
186.103.157.246 - - [02/Mar/2018:10:13:48 -0300] "POST /cormun/servlet/solicitudot?gx-no-cache=1519996381147 HTTP/1.1" 200 3414
186.103.159.44 - - [02/Mar/2018:10:13:49 -0300] "POST /cormun/servlet/licenciaspermisos?c2a677b50ac2245a94f2d24128a7be9a,INS,0,,,,gx-no-cache=1519996381381 HTTP/1.1" 200 4744
186.103.157.246 - - [02/Mar/2018:10:13:49 -0300] "POST /cormun/servlet/solicitudot?671a49160b07ff0dc06b14ba47bbb607,INS,0,0,,gx-no-cache=1519996382055 HTTP/1.1" 200 10365
191.126.135.18 - - [02/Mar/2018:10:13:57 -0300] "POST /cormun/servlet/trsolicitudot?90b2941a572f5aed7e0a359eb62898c5,,gx-no-cache=1519996388639 HTTP/1.1" 200 8059
191.126.135.18 - - [02/Mar/2018:10:13:59 -0300] "GET /cormun/static/menuarrow.gif HTTP/1.1" 404 1015
191.126.135.18 - - [02/Mar/2018:10:14:05 -0300] "POST /cormun/servlet/trsolicitudot?90b2941a572f5aed7e0a359eb62898c5,,gx-no-cache=1519996394680 HTTP/1.1" 200 20686
186.103.159.44 - - [02/Mar/2018:10:14:05 -0300] "GET /cormun/servlet/licenciaspermisos?2e19d47d654f2380f112b5f2fec593cd39d29dd3dc5bccc31c9c17fc7c9d0eb15b7c312472af8981f0b2784cd765657aa9d84a89502b1feeef06beec6b7c8534cd286b071cc65393a6f7bd391a963bb8ce992d3158ae232341745543992e2f15f0ca7d785082a32a3d29302bb88e045418058b56e6c62a14ad31f494b7917d54bea23db22a360bfffb471c936772076e6baaf8f5fe451a50e136f57d0bbb9a8b90ced36606ff2d830e54d36854724fce85133752482af78484655e6ed02a19f000e7fe79b51ea186d75f7ce0a182d49fc5e4801e66679e3689478b6d31e76e2dcb3d57c024461da062ef0739b7de80ff,gx-no-cache=1519996398500 HTTP/1.1" 200 63
186.103.159.44 - - [02/Mar/2018:10:14:09 -0300] "POST /cormun/servlet/licenciaspermisos?c2a677b50ac2245a94f2d24128a7be9a,INS,0,,,,gx-no-cache=1519996401394 HTTP/1.1" 200 93
186.103.159.44 - - [02/Mar/2018:10:14:09 -0300] "GET /cormun/servlet/hpexe_return? HTTP/1.1" 200 1012
186.103.159.44 - - [02/Mar/2018:10:14:10 -0300] "GET /cormun/servlet/trlicencias HTTP/1.1" 200 9913
186.103.159.44 - - [02/Mar/2018:10:14:16 -0300] "GET /cormun/servlet/alicenciaprn?14070981,L,20180302000000,PU HTTP/1.1" 200 1580
191.126.135.18 - - [02/Mar/2018:10:14:19 -0300] "POST /cormun/servlet/trsolicitudot?90b2941a572f5aed7e0a359eb62898c5,,gx-no-cache=1519996409257 HTTP/1.1" 200 20663
191.126.135.18 - - [02/Mar/2018:10:14:23 -0300] "GET /cormun/servlet/treventos?2018,9513, HTTP/1.1" 200 8571
191.126.135.18 - - [02/Mar/2018:10:14:24 -0300] "GET /cormun/static/treventos.js?201610171620222 HTTP/1.1" 200 16064
191.126.135.18 - - [02/Mar/2018:10:14:26 -0300] "GET /cormun/static/gxcfg.js?2016101716195975 HTTP/1.1" 200 953
191.126.135.18 - - [02/Mar/2018:10:14:27 -0300] "GET /cormun/servlet/treventos?2018,9513, HTTP/1.1" 200 8578
186.103.159.46 - - [02/Mar/2018:10:14:36 -0300] "GET /cormun/static/Resources/resize.gif HTTP/1.1" 200 77
186.103.159.46 - - [02/Mar/2018:10:14:36 -0300] "GET /cormun/servlet/prbanco?,MD,,gxPopupLevel%3D0%3B HTTP/1.1" 200 6586
186.103.159.46 - - [02/Mar/2018:10:14:36 -0300] "GET /cormun/static/gxcfg.js?20181161016094 HTTP/1.1" 200 953
186.103.159.46 - - [02/Mar/2018:10:14:36 -0300] "GET /cormun/static/Resources/PXToolsMenuSearch.png HTTP/1.1" 200 2914
186.103.159.46 - - [02/Mar/2018:10:14:36 -0300] "GET /cormun/static/prbanco.js?2018116101633 HTTP/1.1" 200 10693
186.103.159.46 - - [02/Mar/2018:10:14:36 -0300] "GET /cormun/static/menusearch.js?201610171694467 HTTP/1.1" 200 1424
186.103.159.46 - - [02/Mar/2018:10:14:36 -0300] "GET /cormun/static/hmpwkw011.js?20177612121862 HTTP/1.1" 200 1968
186.103.159.46 - - [02/Mar/2018:10:14:36 -0300] "GET /cormun/static/Resources/PXToolsMenuSearchCancel.png HTTP/1.1" 200 2972
191.126.135.18 - - [02/Mar/2018:10:14:46 -0300] "POST /cormun/servlet/trsolicitudot?90b2941a572f5aed7e0a359eb62898c5,,gx-no-cache=1519996435643 HTTP/1.1" 200 20662
186.103.156.166 - - [02/Mar/2018:10:14:53 -0300] "GET /cormun/servlet/trsolicitudot? HTTP/1.1" 200 7438
186.103.156.166 - - [02/Mar/2018:10:14:54 -0300] "GET /cormun/servlet/trsolicitudot? HTTP/1.1" 200 7438
186.103.159.46 - - [02/Mar/2018:10:14:55 -0300] "GET /cormun/servlet/solicitudot?7f039c20466c91efbcbc463eee7aafc04d2a2730a404a5e69a8e61b28da35547,gx-no-cache=1519996447681 HTTP/1.1" 200 70
186.103.156.166 - - [02/Mar/2018:10:15:00 -0300] "POST /cormun/servlet/trsolicitudot?19b99ce43f19abb89e8010d0dc5818fb,,gx-no-cache=1519996455925 HTTP/1.1" 200 90
186.103.156.166 - - [02/Mar/2018:10:15:00 -0300] "GET /cormun/servlet/hpexe_link HTTP/1.1" 200 965
191.126.135.18 - - [02/Mar/2018:10:15:05 -0300] "POST /cormun/servlet/trsolicitudot?90b2941a572f5aed7e0a359eb62898c5,,gx-no-cache=1519996454754 HTTP/1.1" 200 20663
186.103.159.46 - - [02/Mar/2018:10:15:18 -0300] "POST /cormun/servlet/solicitudot?gx-no-cache=1519996470125 HTTP/1.1" 200 30
186.103.159.46 - - [02/Mar/2018:10:15:18 -0300] "POST /cormun/servlet/solicitudot?gx-no-cache=1519996470312 HTTP/1.1" 200 1334
186.103.159.46 - - [02/Mar/2018:10:15:18 -0300] "POST /cormun/servlet/solicitudot?gx-no-cache=1519996470934 HTTP/1.1" 200 41
186.103.159.44 - - [02/Mar/2018:10:15:19 -0300] "GET /cormun/servlet/trlicenciaspermisosadjuntos?14070981,20180302000000,L, HTTP/1.1" 200 6308
186.103.159.44 - - [02/Mar/2018:10:15:22 -0300] "GET /cormun/servlet/licenciaspermisosadjuntos?INS,14070981,L,20180302000000,, HTTP/1.1" 200 5603
186.103.159.44 - - [02/Mar/2018:10:15:23 -0300] "HEAD /cormun/static/about:blank HTTP/1.1" 404 -
186.103.156.166 - - [02/Mar/2018:10:15:35 -0300] "GET /cormun/servlet/trsolicitudot? HTTP/1.1" 200 7438
186.103.156.166 - - [02/Mar/2018:10:15:36 -0300] "GET /cormun/servlet/trsolicitudot? HTTP/1.1" 200 7438
200.72.197.82 - - [02/Mar/2018:10:15:37 -0300] "GET /cormun/servlet/hlogin HTTP/1.1" 200 1723
191.126.135.18 - - [02/Mar/2018:10:15:37 -0300] "POST /cormun/servlet/trsolicitudot?90b2941a572f5aed7e0a359eb62898c5,,gx-no-cache=1519996482058 HTTP/1.1" 200 20663
186.103.159.44 - - [02/Mar/2018:10:15:38 -0300] "POST /cormun/servlet/licenciaspermisosadjuntos?c2a677b50ac2245a94f2d24128a7be9a,INS,14070981,L,20180302000000,, HTTP/1.1" 200 116
186.103.159.44 - - [02/Mar/2018:10:15:39 -0300] "GET /cormun/servlet/hpexe_return? HTTP/1.1" 200 1043
186.103.159.44 - - [02/Mar/2018:10:15:40 -0300] "GET /cormun/servlet/trlicenciaspermisosadjuntos?14070981,20180302000000,L, HTTP/1.1" 200 6814
186.103.159.44 - - [02/Mar/2018:10:15:41 -0300] "GET /cormun/PublicTempStorage/licencia_medica_carolina_aburto1312575.pdf HTTP/1.1" 200 995404
186.103.159.44 - - [02/Mar/2018:10:15:42 -0300] "GET /cormun/PublicTempStorage/licencia_medica_carolina_aburto1312575.pdf HTTP/1.1" 200 995404
186.103.159.44 - - [02/Mar/2018:10:15:45 -0300] "GET /cormun/servlet/trlicencias? HTTP/1.1" 200 9830
186.103.159.44 - - [02/Mar/2018:10:15:53 -0300] "POST /cormun/servlet/trlicencias?c2a677b50ac2245a94f2d24128a7be9a,,gx-no-cache=1519996505490 HTTP/1.1" 200 7253
186.103.159.44 - - [02/Mar/2018:10:15:53 -0300] "GET /cormun/static/Shared/jqueryui/images/ui-icons_82798d_256x240.png HTTP/1.1" 404 1089
186.103.159.44 - - [02/Mar/2018:10:15:53 -0300] "GET /cormun/static/Shared/jqueryui/images/ui-bg_flat_55_fafafa_40x100.png HTTP/1.1" 404 1097
186.103.159.44 - - [02/Mar/2018:10:15:53 -0300] "GET /cormun/static/Shared/jqueryui/images/ui-icons_8d78a5_256x240.png HTTP/1.1" 404 1089
186.103.159.44 - - [02/Mar/2018:10:15:53 -0300] "GET /cormun/static/Shared/jqueryui/images/ui-bg_highlight-soft_100_c6c2c8_1x100.png HTTP/1.1" 404 1117
191.126.135.18 - - [02/Mar/2018:10:16:02 -0300] "GET /cormun/servlet/solicitudot?INS,0,0, HTTP/1.1" 200 13711
191.126.135.18 - - [02/Mar/2018:10:16:04 -0300] "GET /cormun/servlet/solicitudot?INS,0,0, HTTP/1.1" 200 13716
191.126.135.18 - - [02/Mar/2018:10:16:14 -0300] "GET /cormun/servlet/prfichaempleado?,MD,,gxPopupLevel%3D0%3B HTTP/1.1" 200 9426
186.67.203.186 - - [02/Mar/2018:10:16:15 -0300] "POST /cormun/servlet/hlogin?28979128ae1404027bcaa7ad2c6380d4,gx-no-cache=1519996522188 HTTP/1.1" 200 90
186.67.203.186 - - [02/Mar/2018:10:16:15 -0300] "GET /cormun/servlet/hpexe_link HTTP/1.1" 200 958
186.67.203.186 - - [02/Mar/2018:10:16:17 -0300] "GET /cormun/servlet/trsolicitudot HTTP/1.1" 200 7410
186.67.203.186 - - [02/Mar/2018:10:16:19 -0300] "GET /cormun/servlet/trsolicitudot HTTP/1.1" 200 7409
186.67.203.186 - - [02/Mar/2018:10:16:23 -0300] "GET /cormun/servlet/trsolicitudot? HTTP/1.1" 200 7409
186.67.203.186 - - [02/Mar/2018:10:16:25 -0300] "GET /cormun/servlet/trsolicitudot? HTTP/1.1" 200 7409
191.126.135.18 - - [02/Mar/2018:10:16:25 -0300] "POST /cormun/servlet/prfichaempleado?90b2941a572f5aed7e0a359eb62898c5,,MD,,gxPopupLevel%3D0%3B,gx-no-cache=1519996536728 HTTP/1.1" 200 3429
186.67.203.186 - - [02/Mar/2018:10:16:28 -0300] "GET /cormun/servlet/solicitudot?INS,0,0, HTTP/1.1" 200 13648
186.67.203.186 - - [02/Mar/2018:10:16:30 -0300] "GET /cormun/servlet/solicitudot?INS,0,0, HTTP/1.1" 200 13653
191.126.135.18 - - [02/Mar/2018:10:16:40 -0300] "POST /cormun/servlet/solicitudot?gx-no-cache=1519996550708 HTTP/1.1" 200 3421
191.126.135.18 - - [02/Mar/2018:10:16:42 -0300] "POST /cormun/servlet/solicitudot?90b2941a572f5aed7e0a359eb62898c5,INS,0,0,,gx-no-cache=1519996552732 HTTP/1.1" 200 10587
191.126.135.18 - - [02/Mar/2018:10:16:42 -0300] "GET /cormun/servlet/solicitudot?063658829734704c0c81e8ea672eca6ad332808348bedfb3c501ec8dbcf9ff02d1c2d8b36e54b18eb6d25b401e3ddd5b,gx-no-cache=1519996554412 HTTP/1.1" 200 30
186.103.159.46 - - [02/Mar/2018:10:16:44 -0300] "POST /cormun/servlet/solicitudot?gx-no-cache=1519996555986 HTTP/1.1" 200 1319
191.126.135.18 - - [02/Mar/2018:10:16:44 -0300] "GET /cormun/servlet/solicitudot?063658829734704c0c81e8ea672eca6aeb123054e9f2baa76e806b505e507dc98be4d17edbea951517ea844adcc4035176ffe89b221f813418f9ad75133cda13,gx-no-cache=1519996556429 HTTP/1.1" 200 30
191.126.135.18 - - [02/Mar/2018:10:16:44 -0300] "GET /cormun/servlet/solicitudot?063658829734704c0c81e8ea672eca6a6ddfee30c7361c01a4452d4eaded48fb,gx-no-cache=1519996556567 HTTP/1.1" 200 48
191.126.135.18 - - [02/Mar/2018:10:16:44 -0300] "POST /cormun/servlet/solicitudot?gx-no-cache=1519996556670 HTTP/1.1" 200 255
186.103.159.46 - - [02/Mar/2018:10:16:44 -0300] "POST /cormun/servlet/solicitudot?gx-no-cache=1519996556281 HTTP/1.1" 200 1218
191.126.135.18 - - [02/Mar/2018:10:16:44 -0300] "GET /cormun/servlet/solicitudot?063658829734704c0c81e8ea672eca6adc7f3877a62f493650b32e09aa55fa176535de8a4ed752f541826affe63489593ece3ffae9dd9102e52c2a1b0219326f51e1e54ebdd99a87c8406ab7493b8591f472df301b47fcc10f53321e3e4cd8cf16f5321c0e02924a34a0e3feb5b6d1f0dbe954dd702898b144cf86337b98b83545b1b2a0f7930beef1fb8899b2f135aec11af0249f523fa29e5271b74539dd6551de0ab4fe5292f518539a8c95f111a647ec84d1f85487743aaf18df3378b770a46f499531730ff567773277cacd9db91781641d5ee017deba449de64197cf5d7c6cb1d77739decbaf377e0b443218e4c3872c09f686d71f60f637f04d6a6f26b92b9ee9a0762162d48955fc7bce57ca85f4ae070f9c07eb75b9d74bbed832cad905d60569f6c46a284332b8707377160bcf275be927d634afda22b751c5cfc67c1be8727d5d34a308f4f39192b50dd040b2e4b79fddf256e977b1a9b31d2e8978de43af57b5d9b5f3be6a690f6a48a914c4c4e6024e0a440e45fc8fb7830a46,gx-no-cache=1519996556808 HTTP/1.1" 200 30
186.103.159.46 - - [02/Mar/2018:10:16:44 -0300] "GET /cormun/servlet/solicitudot?7f039c20466c91efbcbc463eee7aafc0322788917574196a774795de3ca54b3da6a9e942f062f7e9fe91f1d25807c7c4,gx-no-cache=1519996556902 HTTP/1.1" 200 30
