192.168.10.56 - - [02/Mar/2018:08:48:51 -0300] "GET /cormun/servlet/hhome HTTP/1.1" 200 3819
192.168.10.56 - - [02/Mar/2018:08:48:53 -0300] "GET /cormun/servlet/trautorizarot? HTTP/1.1" 200 8156
192.168.10.56 - - [02/Mar/2018:08:48:54 -0300] "GET /cormun/servlet/trautorizarot? HTTP/1.1" 200 8155
192.168.10.56 - - [02/Mar/2018:08:49:00 -0300] "POST /cormun/servlet/trautorizarot?dd03bc4eaa9e68062ec3fa8e0ce785a2,,gx-no-cache=1519991181228 HTTP/1.1" 200 5162
192.168.10.56 - - [02/Mar/2018:08:49:02 -0300] "GET /cormun/servlet/hlogin HTTP/1.1" 200 1736
186.79.129.57 - - [02/Mar/2018:08:49:27 -0300] "GET /cormun/servlet/hlogin HTTP/1.1" 200 1717
186.79.129.57 - - [02/Mar/2018:08:49:52 -0300] "POST /cormun/servlet/hlogin?fc67e2ae6501227e933f9e6fb5f58a05,gx-no-cache=1519991345410 HTTP/1.1" 200 422
186.79.129.57 - - [02/Mar/2018:08:50:00 -0300] "POST /cormun/servlet/hlogin?fc67e2ae6501227e933f9e6fb5f58a05,gx-no-cache=1519991353589 HTTP/1.1" 200 90
186.79.129.57 - - [02/Mar/2018:08:50:01 -0300] "GET /cormun/servlet/hpexe_link HTTP/1.1" 200 954
186.79.129.57 - - [02/Mar/2018:08:50:01 -0300] "GET /cormun/servlet/trsolicitudot HTTP/1.1" 200 7238
186.79.129.57 - - [02/Mar/2018:08:50:03 -0300] "GET /cormun/servlet/trsolicitudot HTTP/1.1" 200 7237
186.79.129.57 - - [02/Mar/2018:08:50:11 -0300] "GET /cormun/servlet/trsolicitudot? HTTP/1.1" 200 7237
186.79.129.57 - - [02/Mar/2018:08:50:12 -0300] "GET /cormun/servlet/trsolicitudot? HTTP/1.1" 200 7237
200.86.171.207 - - [02/Mar/2018:08:50:23 -0300] "GET /cormun/servlet/trlicencias? HTTP/1.1" 200 6106
200.86.171.207 - - [02/Mar/2018:08:50:24 -0300] "GET /cormun/servlet/hlogin HTTP/1.1" 200 1737
200.86.171.207 - - [02/Mar/2018:08:50:25 -0300] "GET /cormun/servlet/trlicencias? HTTP/1.1" 200 6097
186.79.129.57 - - [02/Mar/2018:08:50:37 -0300] "GET /cormun/servlet/trcontratounov2? HTTP/1.1" 200 15067
186.79.129.57 - - [02/Mar/2018:08:50:37 -0300] "GET /cormun/static/gxcfg.js?201752512124396 HTTP/1.1" 200 953
186.79.129.57 - - [02/Mar/2018:08:50:38 -0300] "GET /cormun/static/Resources/PXToolsAddSelectedAction.png HTTP/1.1" 200 3660
186.79.129.57 - - [02/Mar/2018:08:50:39 -0300] "GET /cormun/servlet/trcontratounov2? HTTP/1.1" 200 15071
186.79.129.57 - - [02/Mar/2018:08:50:50 -0300] "GET /cormun/servlet/trsolicitudot? HTTP/1.1" 200 7237
186.79.129.57 - - [02/Mar/2018:08:50:51 -0300] "GET /cormun/servlet/trsolicitudot? HTTP/1.1" 200 7237
186.103.156.166 - - [02/Mar/2018:08:51:44 -0300] "GET /cormun/servlet/solicitudot?e1f2a04bbe03b972173225e54e07d782544691d508eff9d3f2c1b18be4de602060c7ea99a8589d48ce53c96b0110894d4258a7a2d483e1b07bcf0f03544f5ce7992c5826047415cf0c06c5e8487e1c7f,gx-no-cache=1519991460567 HTTP/1.1" 200 29
186.103.156.166 - - [02/Mar/2018:08:51:45 -0300] "POST /cormun/servlet/solicitudot?gx-no-cache=1519991460735 HTTP/1.1" 200 1317
186.103.156.166 - - [02/Mar/2018:08:51:45 -0300] "POST /cormun/servlet/solicitudot?gx-no-cache=1519991460961 HTTP/1.1" 200 1218
186.103.156.166 - - [02/Mar/2018:08:52:09 -0300] "POST /cormun/servlet/solicitudot?gx-no-cache=1519991485391 HTTP/1.1" 200 1317
186.103.156.166 - - [02/Mar/2018:08:52:09 -0300] "POST /cormun/servlet/solicitudot?gx-no-cache=1519991485590 HTTP/1.1" 200 1218
186.103.156.166 - - [02/Mar/2018:08:52:16 -0300] "POST /cormun/servlet/solicitudot?gx-no-cache=1519991492115 HTTP/1.1" 200 1317
186.103.156.166 - - [02/Mar/2018:08:52:16 -0300] "POST /cormun/servlet/solicitudot?gx-no-cache=1519991492271 HTTP/1.1" 200 1218
186.103.156.166 - - [02/Mar/2018:08:52:19 -0300] "POST /cormun/servlet/solicitudot?gx-no-cache=1519991494783 HTTP/1.1" 200 1317
186.103.156.166 - - [02/Mar/2018:08:52:19 -0300] "POST /cormun/servlet/solicitudot?gx-no-cache=1519991494956 HTTP/1.1" 200 1218
186.103.156.166 - - [02/Mar/2018:08:52:28 -0300] "GET /cormun/servlet/solicitudot?e1f2a04bbe03b972173225e54e07d7820d6ae9d58b9ff51bf8faace2f05c8f849522c38951cafd7776c1ef52c446d7978b09401e4703702a70792400c00b9175b1ca7d064cdf8492c5f46f9ff744698619ffdb006626fe0a8afb2c4fef6089b67aca55e332e3b0694a98ce6ed60650579aecacddb4fddfb39c668808249f69df283d12d2caebda30c20b0c932ebf1a2e3902709924cc0b6bed0ce8fd603fe9c61733e0d6a752285105f6611163d359ed911fecb951358e854ba619f6b22b1262aac6760f8bd6f384d2c9479351d89d87e68c94d67f8c71f7e5ed65ba6dbca3b2a49919e66bfcbad1d1ed3e30e17f98055813a5ec1417cdd3f63995494f4ed565ba30555136bf1b4841c199f0129bfea30b97291e3fddc4b0c7a56c4dea5729a24ca8d8a9140093500c78169165072cf12fb78387c0478ab2146101d12d267dec514cf4ce0b7dfbbc8af6ba1cf0e946d69e94cbe62f37306e5d39c47eb3e358294caf4730893b74977121b32d65976762c24cb926d41ed6333bdee36fa9cfd3d4963e37b455eec5c8658e4318c2f266d9,gx-no-cache=1519991504224 HTTP/1.1" 200 30
186.103.156.166 - - [02/Mar/2018:08:52:35 -0300] "GET /cormun/servlet/solicitudot?e1f2a04bbe03b972173225e54e07d7820d6ae9d58b9ff51bf8faace2f05c8f849522c38951cafd7776c1ef52c446d7978b09401e4703702a70792400c00b9175b1ca7d064cdf8492c5f46f9ff744698619ffdb006626fe0a8afb2c4fef6089b67aca55e332e3b0694a98ce6ed60650579aecacddb4fddfb39c668808249f69df283d12d2caebda30c20b0c932ebf1a2e3902709924cc0b6bed0ce8fd603fe9c61733e0d6a752285105f6611163d359ed911fecb951358e854ba619f6b22b1262aac6760f8bd6f384d2c9479351d89d87e68c94d67f8c71f7e5ed65ba6dbca3b2a49919e66bfcbad1d1ed3e30e17f9805418acbba71565aebaa0e39a43e00487bba30555136bf1b4841c199f0129bfea30b97291e3fddc4b0c7a56c4dea5729a24ca8d8a9140093500c78169165072cf12fb78387c0478ab2146101d12d267dec514cf4ce0b7dfbbc8af6ba1cf0e946d69e94cbe62f37306e5d39c47eb3e358294caf4730893b74977121b32d65976762c24cb926d41ed6333bdee36fa9cfd3d4963e37b455eec5c8658e4318c2f266d9,gx-no-cache=1519991511488 HTTP/1.1" 200 30
186.103.156.166 - - [02/Mar/2018:08:54:08 -0300] "POST /cormun/servlet/solicitudot?gx-no-cache=1519991604129 HTTP/1.1" 200 238
186.103.159.183 - - [02/Mar/2018:08:55:08 -0300] "GET /cormun/servlet/hlogin HTTP/1.1" 200 1723
186.103.159.183 - - [02/Mar/2018:08:55:09 -0300] "GET /cormun/static/hlogin.js?20175251213537 HTTP/1.1" 200 2136
186.103.159.183 - - [02/Mar/2018:08:55:09 -0300] "GET /cormun/static/gxcfg.js?20175251213516 HTTP/1.1" 200 953
186.103.159.183 - - [02/Mar/2018:08:55:09 -0300] "GET /cormun/static/Resources/Spanish/PXTools.css?11423723 HTTP/1.1" 200 89042
186.103.159.183 - - [02/Mar/2018:08:55:09 -0300] "GET /cormun/static/messages.spa.js?85251 HTTP/1.1" 200 30736
186.103.159.183 - - [02/Mar/2018:08:55:09 -0300] "GET /cormun/static/gxgral.js?85251 HTTP/1.1" 200 384558
186.103.159.183 - - [02/Mar/2018:08:55:09 -0300] "GET /cormun/static/gxtimezone.js?85251 HTTP/1.1" 200 5781
186.103.159.183 - - [02/Mar/2018:08:55:09 -0300] "GET /cormun/static/Resources/ComunLogin.png HTTP/1.1" 200 17326
186.103.159.183 - - [02/Mar/2018:08:55:09 -0300] "GET /cormun/static/Resources/PXToolsLoginBackground.png HTTP/1.1" 200 1164
186.103.159.183 - - [02/Mar/2018:08:55:09 -0300] "GET /cormun/static/Resources/PXToolsButtonLeft21.png HTTP/1.1" 200 1287
186.103.159.183 - - [02/Mar/2018:08:55:09 -0300] "GET /cormun/static/Resources/PXToolsButtonRight21.png HTTP/1.1" 200 1283
186.103.159.183 - - [02/Mar/2018:08:55:09 -0300] "GET /cormun/static/Resources/PXToolsLoginTop.png HTTP/1.1" 200 1337
186.103.159.183 - - [02/Mar/2018:08:55:09 -0300] "GET /cormun/static/Resources/PXToolsButtonBackground2.png HTTP/1.1" 200 1181
186.103.159.183 - - [02/Mar/2018:08:55:09 -0300] "GET /cormun/static/Resources/PXToolsLoginBottom.png HTTP/1.1" 200 1389
186.103.159.183 - - [02/Mar/2018:08:55:09 -0300] "GET /favicon.ico HTTP/1.1" 200 21630
186.103.159.183 - - [02/Mar/2018:08:55:09 -0300] "GET /cormun/static/Resources/indicator.gif HTTP/1.1" 200 1553
186.103.159.183 - - [02/Mar/2018:08:55:09 -0300] "GET /cormun/servlet/hlogin HTTP/1.1" 200 1733
186.103.159.183 - - [02/Mar/2018:08:55:18 -0300] "POST /cormun/servlet/hlogin?39361988e8583c308e411cef73cbf8b3,gx-no-cache=1519991672640 HTTP/1.1" 200 90
186.103.159.183 - - [02/Mar/2018:08:55:18 -0300] "GET /cormun/servlet/hpexe_link HTTP/1.1" 200 955
186.103.159.183 - - [02/Mar/2018:08:55:19 -0300] "GET /cormun/static/gxcfg.js?20177612121792 HTTP/1.1" 200 953
186.103.159.183 - - [02/Mar/2018:08:55:19 -0300] "GET /cormun/static/Resources/Spanish/PXTools.css?1155365 HTTP/1.1" 200 89042
186.103.159.183 - - [02/Mar/2018:08:55:19 -0300] "GET /cormun/static/hpexe_link.js?20177612121795 HTTP/1.1" 200 625
186.103.159.183 - - [02/Mar/2018:08:55:19 -0300] "GET /cormun/servlet/hhome HTTP/1.1" 200 4198
186.103.159.183 - - [02/Mar/2018:08:55:19 -0300] "GET /cormun/static/Shared/jqueryui/jquery-ui.min.css?1245370 HTTP/1.1" 200 30288
186.103.159.183 - - [02/Mar/2018:08:55:19 -0300] "GET /cormun/static/SmoothNavMenu/resources/ddsmoothmenu.css?1012540 HTTP/1.1" 200 2223
186.103.159.183 - - [02/Mar/2018:08:55:19 -0300] "GET /cormun/static/SmoothNavMenu/resources/ddsmoothmenu-v.css?1012540 HTTP/1.1" 200 1188
186.103.159.183 - - [02/Mar/2018:08:55:19 -0300] "GET /cormun/static/scaMessage/css/jquery.pnotify.default.css?1716380 HTTP/1.1" 200 1707
186.103.159.183 - - [02/Mar/2018:08:55:19 -0300] "GET /cormun/static/gxcfg.js?20175251212442 HTTP/1.1" 200 953
186.103.159.183 - - [02/Mar/2018:08:55:19 -0300] "GET /cormun/static/PXToolsJavascripts/pexe_autoreload.js HTTP/1.1" 200 1762
186.103.159.183 - - [02/Mar/2018:08:55:19 -0300] "GET /cormun/static/PXToolsJavascripts/pexe_windows.js HTTP/1.1" 200 15207
186.103.159.183 - - [02/Mar/2018:08:55:19 -0300] "GET /cormun/static/PXToolsJavascripts/pexe_grid.js HTTP/1.1" 200 7559
186.103.159.183 - - [02/Mar/2018:08:55:19 -0300] "GET /cormun/static/PXToolsJavascripts/pexe_griddivfix.js HTTP/1.1" 200 6644
186.103.159.183 - - [02/Mar/2018:08:55:19 -0300] "GET /cormun/static/PXToolsJavascripts/pexe_cookies.js HTTP/1.1" 200 792
186.103.159.183 - - [02/Mar/2018:08:55:19 -0300] "GET /cormun/static/PXToolsJavascripts/pexe_menudivfix.js HTTP/1.1" 200 333
186.103.159.183 - - [02/Mar/2018:08:55:19 -0300] "GET /cormun/static/PXToolsJavascripts/pexe_link.js HTTP/1.1" 200 5671
186.103.159.183 - - [02/Mar/2018:08:55:19 -0300] "GET /cormun/static/PXToolsJavascripts/pexe_menus.js HTTP/1.1" 200 1286
186.103.159.183 - - [02/Mar/2018:08:55:19 -0300] "GET /cormun/static/PXToolsJavascripts/pexe_layers.js HTTP/1.1" 200 4114
186.103.159.183 - - [02/Mar/2018:08:55:19 -0300] "GET /cormun/static/PXToolsJavascripts/pexe_oav.js HTTP/1.1" 200 645
186.103.159.183 - - [02/Mar/2018:08:55:19 -0300] "GET /cormun/static/PXToolsJavascripts/pexe_oavdivfix.js HTTP/1.1" 200 639
186.103.159.183 - - [02/Mar/2018:08:55:19 -0300] "GET /cormun/static/PXToolsJavascripts/pexe_picture.js HTTP/1.1" 200 689
186.103.159.183 - - [02/Mar/2018:08:55:19 -0300] "GET /cormun/static/PXToolsJavascripts/pexe_popup.js HTTP/1.1" 200 13458
186.103.159.183 - - [02/Mar/2018:08:55:19 -0300] "GET /cormun/static/PXToolsJavascripts/pexe_scrolldiv.js HTTP/1.1" 200 4138
186.103.159.183 - - [02/Mar/2018:08:55:19 -0300] "GET /cormun/static/PXToolsJavascripts/pexe_tabs.js HTTP/1.1" 200 3748
186.103.159.183 - - [02/Mar/2018:08:55:19 -0300] "GET /cormun/static/PXToolsJavascripts/pexe_tabdivfix.js HTTP/1.1" 200 876
186.103.159.183 - - [02/Mar/2018:08:55:19 -0300] "GET /cormun/static/PXToolsJavascripts/pexe_upload.js HTTP/1.1" 200 1423
186.103.159.183 - - [02/Mar/2018:08:55:19 -0300] "GET /cormun/static/PXToolsJavascripts/PXToolsJavascriptsRender.js HTTP/1.1" 200 367
186.103.159.183 - - [02/Mar/2018:08:55:19 -0300] "GET /cormun/static/RunJS/RunJS.js HTTP/1.1" 200 288
186.103.159.183 - - [02/Mar/2018:08:55:19 -0300] "GET /cormun/static/hhome.js?20175251212450 HTTP/1.1" 200 777
186.103.159.183 - - [02/Mar/2018:08:55:19 -0300] "GET /cormun/static/hwchdr01.js?201752511465785 HTTP/1.1" 200 1183
186.103.159.183 - - [02/Mar/2018:08:55:19 -0300] "GET /cormun/static/Shared/ext/locale/ext-lang-en.js HTTP/1.1" 200 10940
186.103.159.183 - - [02/Mar/2018:08:55:19 -0300] "GET /cormun/static/hpexe_recentlink.js?20177611595044 HTTP/1.1" 200 2144
186.103.159.183 - - [02/Mar/2018:08:55:19 -0300] "GET /cormun/static/hpexe_messagecontroller.js?20177611595012 HTTP/1.1" 200 870
186.103.159.183 - - [02/Mar/2018:08:55:19 -0300] "GET /cormun/static/hpexe_messagegenexuscomponent.js?201752511465344 HTTP/1.1" 200 587
186.103.159.183 - - [02/Mar/2018:08:55:19 -0300] "GET /cormun/static/hpexe_messagepopupcomponent.js?20161017169425 HTTP/1.1" 200 605
186.103.159.183 - - [02/Mar/2018:08:55:19 -0300] "GET /cormun/static/gxui/gxui-all.js HTTP/1.1" 200 107772
186.103.159.183 - - [02/Mar/2018:08:55:19 -0300] "GET /cormun/static/cmcontrolpreferences.js?201752511465670 HTTP/1.1" 200 1375
186.103.159.183 - - [02/Mar/2018:08:55:19 -0300] "GET /cormun/static/Shared/jquery/jquery-1.4.2.min.js HTTP/1.1" 200 72174
186.103.159.183 - - [02/Mar/2018:08:55:19 -0300] "GET /cormun/static/SmoothNavMenu/resources/ddsmoothmenu.js HTTP/1.1" 200 12712
186.103.159.183 - - [02/Mar/2018:08:55:19 -0300] "GET /cormun/static/SmoothNavMenu/resources/SmoothNavMenuRender.js HTTP/1.1" 200 5951
186.103.159.183 - - [02/Mar/2018:08:55:19 -0300] "GET /cormun/static/scaMessage/js/jquery.pnotify.min.js HTTP/1.1" 200 13038
186.103.159.183 - - [02/Mar/2018:08:55:20 -0300] "GET /cormun/static/Shared/jquery/jquery-1.10.2.min.js HTTP/1.1" 200 273199
186.103.159.183 - - [02/Mar/2018:08:55:20 -0300] "GET /cormun/static/scaMessage/scaMessageRender.js HTTP/1.1" 200 11977
186.103.159.183 - - [02/Mar/2018:08:55:20 -0300] "GET /cormun/static/hmpwkw03.js?20177612122668 HTTP/1.1" 200 3965
186.103.159.183 - - [02/Mar/2018:08:55:20 -0300] "GET /cormun/static/Resources/logo4.png HTTP/1.1" 200 6582
186.103.159.183 - - [02/Mar/2018:08:55:20 -0300] "GET /cormun/static/Resources/PXToolsHeaderHome.png HTTP/1.1" 200 4147
186.103.159.183 - - [02/Mar/2018:08:55:20 -0300] "GET /cormun/static/Resources/PXToolsHeaderLogin.png HTTP/1.1" 200 4279
186.103.159.183 - - [02/Mar/2018:08:55:20 -0300] "GET /cormun/static/Resources/PXToolsHeaderPreferences.png HTTP/1.1" 200 4189
186.103.159.183 - - [02/Mar/2018:08:55:20 -0300] "GET /cormun/static/Resources/PXToolsHeaderSecurity.png HTTP/1.1" 200 4166
186.103.159.183 - - [02/Mar/2018:08:55:20 -0300] "GET /cormun/static/Resources/PXToolsFooterBackground2.png HTTP/1.1" 200 1172
186.103.159.183 - - [02/Mar/2018:08:55:20 -0300] "GET /cormun/static/Resources/PXToolsHeaderBackground2.png HTTP/1.1" 200 1174
186.103.159.183 - - [02/Mar/2018:08:55:20 -0300] "GET /cormun/static/Resources/PXToolsHeaderActionsBackground.png HTTP/1.1" 200 484
186.103.159.183 - - [02/Mar/2018:08:55:20 -0300] "GET /cormun/static/Resources/PXToolsDataTitle.png HTTP/1.1" 200 1173
186.103.159.183 - - [02/Mar/2018:08:55:20 -0300] "GET /cormun/static/Shared/ext/ext-all.js HTTP/1.1" 200 1289687
186.103.159.183 - - [02/Mar/2018:08:55:20 -0300] "GET /cormun/static/Resources/PXToolsHeaderActionsRight.png HTTP/1.1" 200 1201
186.103.159.183 - - [02/Mar/2018:08:55:20 -0300] "GET /cormun/static/hpexe_scripts.js?201752511465715 HTTP/1.1" 200 1544
186.103.159.183 - - [02/Mar/2018:08:55:20 -0300] "GET /cormun/static/Shared/jqueryui/jquery-ui.min.js HTTP/1.1" 200 240427
186.103.159.183 - - [02/Mar/2018:08:55:21 -0300] "GET /cormun/static/Resources/PXToolsHeaderActionsLeft.png HTTP/1.1" 200 1118
186.103.159.183 - - [02/Mar/2018:08:55:21 -0300] "GET /cormun/static/SmoothNavMenu/resources/images/down.gif HTTP/1.1" 200 854
186.103.159.183 - - [02/Mar/2018:08:55:21 -0300] "GET /cormun/static/SmoothNavMenu/resources/images/right.gif HTTP/1.1" 200 860
186.103.159.183 - - [02/Mar/2018:08:55:21 -0300] "GET /cormun/servlet/hhome HTTP/1.1" 200 4195
131.253.25.168 - - [02/Mar/2018:09:00:38 -0300] "GET /cormun/static/calendar-system.css?85620 HTTP/1.1" 200 5572
131.253.25.197 - - [02/Mar/2018:09:00:39 -0300] "GET /cormun/static/scaMessage/css/jquery.pnotify.default.css?1716380 HTTP/1.1" 200 1707
131.253.25.197 - - [02/Mar/2018:09:00:41 -0300] "GET /cormun/static/gxgral.js?85251 HTTP/1.1" 200 384558
131.253.25.150 - - [02/Mar/2018:09:00:41 -0300] "GET /cormun/static/calendar.js?85251 HTTP/1.1" 200 26246
131.253.25.205 - - [02/Mar/2018:09:00:45 -0300] "GET /cormun/static/PXToolsJavascripts/PXToolsJavascriptsRender.js HTTP/1.1" 200 367
131.253.27.4 - - [02/Mar/2018:09:00:47 -0300] "GET /cormun/static/Resources/PXToolsHeaderActionsLeft.png HTTP/1.1" 200 1118
65.55.213.28 - - [02/Mar/2018:09:00:48 -0300] "GET /cormun/static/cmcontrolpreferences.js?201752511465670 HTTP/1.1" 200 1375
131.253.27.66 - - [02/Mar/2018:09:00:48 -0300] "GET /cormun/static/hpexe_scripts.js?201752511465715 HTTP/1.1" 200 1544
131.253.27.120 - - [02/Mar/2018:09:00:49 -0300] "GET /cormun/static/hpexe_scripts.js?201752511465715 HTTP/1.1" 200 1544
131.253.27.40 - - [02/Mar/2018:09:00:50 -0300] "GET /cormun/static/Shared/jqueryui/jquery-ui.min.js HTTP/1.1" 200 240427
131.253.25.134 - - [02/Mar/2018:09:00:50 -0300] "GET /cormun/static/Shared/jqueryui/jquery-ui.min.js HTTP/1.1" 200 240427
131.253.25.134 - - [02/Mar/2018:09:00:51 -0300] "GET /cormun/static/Resources/PXToolsHeaderBackground2.png HTTP/1.1" 200 1174
131.253.25.216 - - [02/Mar/2018:09:00:51 -0300] "GET /cormun/static/SmoothNavMenu/resources/SmoothNavMenuRender.js HTTP/1.1" 200 5951
131.253.25.189 - - [02/Mar/2018:09:00:52 -0300] "GET /cormun/static/Resources/indicator.gif HTTP/1.1" 200 1553
131.253.25.141 - - [02/Mar/2018:09:00:53 -0300] "GET /cormun/static/Resources/desc.gif HTTP/1.1" 200 65
131.253.25.139 - - [02/Mar/2018:09:00:54 -0300] "GET /cormun/static/hlogin.js?20175251213537 HTTP/1.1" 200 2136
192.168.10.89 - - [02/Mar/2018:09:01:34 -0300] "GET /cormun/servlet/hlogin HTTP/1.1" 200 1743
192.168.10.89 - - [02/Mar/2018:09:01:41 -0300] "POST /cormun/servlet/hlogin?615665be75199b1410d5baf0315f3d1d,gx-no-cache=1519991943048 HTTP/1.1" 200 461
192.168.10.89 - - [02/Mar/2018:09:01:51 -0300] "POST /cormun/servlet/hlogin?615665be75199b1410d5baf0315f3d1d,gx-no-cache=1519991952784 HTTP/1.1" 200 90
192.168.10.89 - - [02/Mar/2018:09:01:51 -0300] "GET /cormun/servlet/hpexe_link HTTP/1.1" 200 952
192.168.10.89 - - [02/Mar/2018:09:01:52 -0300] "GET /cormun/servlet/hhome HTTP/1.1" 200 4922
192.168.10.89 - - [02/Mar/2018:09:02:51 -0300] "GET /cormun/servlet/trsolicitudgral? HTTP/1.1" 200 28894
192.168.10.89 - - [02/Mar/2018:09:03:05 -0300] "POST /cormun/servlet/trsolicitudgral?615665be75199b1410d5baf0315f3d1d,,gx-no-cache=1519992024778 HTTP/1.1" 200 13645
186.103.156.166 - - [02/Mar/2018:09:03:06 -0300] "GET /cormun/servlet/prbanco?,MD,,gxPopupLevel%3D0%3B HTTP/1.1" 200 6604
186.103.156.166 - - [02/Mar/2018:09:03:08 -0300] "GET /cormun/servlet/prbanco?,MD,,gxPopupLevel%3D0%3B,gxPopupLevel%3D0%3B HTTP/1.1" 200 6611
186.103.156.166 - - [02/Mar/2018:09:03:40 -0300] "POST /cormun/servlet/prbanco?9f3a53ca8f26a216f47fa78f12f5c72a,,MD,,gxPopupLevel%3D0%3B,gxPopupLevel%3D0%3B,gx-no-cache=1519992175414 HTTP/1.1" 200 3871
186.103.156.166 - - [02/Mar/2018:09:03:48 -0300] "GET /cormun/servlet/prbanco?,MD,,gxPopupLevel%3D0%3B HTTP/1.1" 200 6604
192.168.10.89 - - [02/Mar/2018:09:03:59 -0300] "GET /cormun/servlet/solicitudgral?UPD,2018,8516, HTTP/1.1" 200 13348
192.168.10.89 - - [02/Mar/2018:09:04:01 -0300] "POST /cormun/servlet/solicitudgral?gx-no-cache=1519992082089 HTTP/1.1" 200 3902
192.168.10.89 - - [02/Mar/2018:09:04:01 -0300] "GET /cormun/servlet/solicitudgral?76e6f5bf7855ee2c9cc384b13649b5ddab2ee2594dbb700c427147beaab289cea47b77346e7798aa0ab621aed528f952756e999aa03ab50bb4835349ab7f61986ac39e900508bbf9874ca4740d409ed2142590056aa97c06608d8fa0854d82c002e7b9dafba6c3bb39f63b00a43d8c8943f551ac27d80aa525be8306964ad739e781f9ad859ddc1731e367b1730b02cc96f0b9408bc64db57699e46ba76ad1c50086976c1ff751a205aa6cd9f4d60a7cd867ba51732e6bfad1b218ea67d24a92d21b845d50089df473b45edb224e88049c7998ea24f5a14f1a35c6990e07bda33b37a2907313af2520a77239c21e04cfce268f99988cbe3f260e5674226d521776b746736917cb798d0f0698405d097ec3b3b6a6f79ecd4aa9af4c88ba5587d255a532948bc1f8f744ebb3d0450f82cd11e4cccebeb88322a0684baa57d70ed6062aad998240b6bd348108bf9b04f999,gx-no-cache=1519992082461 HTTP/1.1" 200 255
192.168.10.89 - - [02/Mar/2018:09:04:10 -0300] "POST /cormun/servlet/solicitudgral?615665be75199b1410d5baf0315f3d1d,UPD,2018,8516,,gx-no-cache=1519992091470 HTTP/1.1" 200 93
192.168.10.89 - - [02/Mar/2018:09:04:10 -0300] "GET /cormun/servlet/hpexe_return? HTTP/1.1" 200 1016
186.103.156.166 - - [02/Mar/2018:09:04:11 -0300] "POST /cormun/servlet/acontrolpreferencessavestate?None,EBLANCO,true HTTP/1.1" 200 35
192.168.10.89 - - [02/Mar/2018:09:04:12 -0300] "GET /cormun/servlet/trsolicitudgral? HTTP/1.1" 200 17004
186.103.156.166 - - [02/Mar/2018:09:04:13 -0300] "POST /cormun/servlet/acontrolpreferencessavestate?None,EBLANCO,true HTTP/1.1" 200 35
186.103.156.166 - - [02/Mar/2018:09:04:18 -0300] "GET /cormun/servlet/solicitudot?e1f2a04bbe03b972173225e54e07d782198787c322b6425c5bb29fe369c915c7,gx-no-cache=1519992214242 HTTP/1.1" 200 53
192.168.10.89 - - [02/Mar/2018:09:04:39 -0300] "POST /cormun/servlet/trsolicitudgral?615665be75199b1410d5baf0315f3d1d,,gx-no-cache=1519992120386 HTTP/1.1" 200 115
192.168.10.89 - - [02/Mar/2018:09:04:40 -0300] "GET /cormun/servlet/solicitudotlog?INS,2018,8516,0,REC, HTTP/1.1" 200 6723
192.168.10.89 - - [02/Mar/2018:09:04:40 -0300] "GET /cormun/static/gxcfg.js?2017761245646 HTTP/1.1" 304 -
192.168.10.89 - - [02/Mar/2018:09:04:41 -0300] "GET /cormun/servlet/solicitudotlog?76e6f5bf7855ee2c9cc384b13649b5dd69fb08174f74a66fbd6d567d0faace8ece268f99988cbe3f260e5674226d5217d598fe81802daacf8ba4612e1074a04f170f32cff6b86ea00ac48e8c4d3836f2738c9346d0229a9b984a66dd8422957b12fb9da8dced765c6535f5f10efea375eca76506efff35fb1fe70159e23cfd291e2765e2558dfd2886bf76da2aa5e8225d7f2e9282ea1d50abd595abb29ec01d,gx-no-cache=1519992122273 HTTP/1.1" 200 94
186.103.156.166 - - [02/Mar/2018:09:04:49 -0300] "POST /cormun/servlet/solicitudot?9f3a53ca8f26a216f47fa78f12f5c72a,INS,0,0,,gx-no-cache=1519992238137 HTTP/1.1" 200 11646
186.103.156.166 - - [02/Mar/2018:09:04:49 -0300] "GET /cormun/static/Shared/jqueryui/images/ui-bg_flat_55_fafafa_40x100.png HTTP/1.1" 404 1097
186.103.156.166 - - [02/Mar/2018:09:04:49 -0300] "GET /cormun/static/Shared/jqueryui/images/ui-icons_8d78a5_256x240.png HTTP/1.1" 404 1089
192.168.10.89 - - [02/Mar/2018:09:05:03 -0300] "POST /cormun/servlet/solicitudotlog?615665be75199b1410d5baf0315f3d1d,INS,2018,8516,0,REC,,gx-no-cache=1519992143664 HTTP/1.1" 200 93
192.168.10.89 - - [02/Mar/2018:09:05:03 -0300] "GET /cormun/servlet/hpexe_return? HTTP/1.1" 200 1024
192.168.10.89 - - [02/Mar/2018:09:05:04 -0300] "GET /cormun/servlet/trsolicitudgral HTTP/1.1" 200 16717
186.103.156.166 - - [02/Mar/2018:09:05:58 -0300] "POST /cormun/servlet/solicitudot?gx-no-cache=1519992314325 HTTP/1.1" 200 3511
186.103.156.166 - - [02/Mar/2018:09:05:58 -0300] "GET /cormun/servlet/solicitudot?e1f2a04bbe03b972173225e54e07d782b2f5161683d8cdb31bbff3e4a47754a966bfe0cef169ece6f1e5c6773127b2e119747c234ec11522d8b53a19654a54e5,gx-no-cache=1519992314723 HTTP/1.1" 200 53
186.103.156.166 - - [02/Mar/2018:09:05:59 -0300] "GET /cormun/servlet/solicitudot?e1f2a04bbe03b972173225e54e07d7820d6ae9d58b9ff51bf8faace2f05c8f84d718faeccf63d35ee9f1e2e92bc782cf8b09401e4703702a70792400c00b9175b1ca7d064cdf8492c5f46f9ff744698619ffdb006626fe0a8afb2c4fef6089b67aca55e332e3b0694a98ce6ed60650579aecacddb4fddfb39c668808249f69df283d12d2caebda30c20b0c932ebf1a2e3902709924cc0b6bed0ce8fd603fe9c61733e0d6a752285105f6611163d359ed911fecb951358e854ba619f6b22b1262aac6760f8bd6f384d2c9479351d89d87e68c94d67f8c71f7e5ed65ba6dbca3b2a49919e66bfcbad1d1ed3e30e17f98055813a5ec1417cdd3f63995494f4ed565ba30555136bf1b4841c199f0129bfea30b97291e3fddc4b0c7a56c4dea5729a24ca8d8a9140093500c78169165072cf12fb78387c0478ab2146101d12d267decdcb6146445359fdb4938b71cc73c7a13e37195e8b605c18d56dcf34539773818bba78d78cb005da0efd5fa59f6fcc72bdf03d385e59668d824d354ade28796a2,gx-no-cache=1519992314858 HTTP/1.1" 200 30
186.103.156.166 - - [02/Mar/2018:09:05:59 -0300] "POST /cormun/servlet/solicitudot?gx-no-cache=1519992315261 HTTP/1.1" 200 30
186.103.156.166 - - [02/Mar/2018:09:05:59 -0300] "POST /cormun/servlet/solicitudot?gx-no-cache=1519992315378 HTTP/1.1" 200 1334
186.103.156.166 - - [02/Mar/2018:09:05:59 -0300] "POST /cormun/servlet/solicitudot?gx-no-cache=1519992315651 HTTP/1.1" 200 41
186.103.156.166 - - [02/Mar/2018:09:05:59 -0300] "GET /cormun/servlet/solicitudot?e1f2a04bbe03b972173225e54e07d782544691d508eff9d3f2c1b18be4de602060c7ea99a8589d48ce53c96b0110894d4258a7a2d483e1b07bcf0f03544f5ce7992c5826047415cf0c06c5e8487e1c7f,gx-no-cache=1519992315756 HTTP/1.1" 200 29
186.103.156.166 - - [02/Mar/2018:09:06:00 -0300] "POST /cormun/servlet/solicitudot?gx-no-cache=1519992315859 HTTP/1.1" 200 1317
186.103.156.166 - - [02/Mar/2018:09:06:00 -0300] "POST /cormun/servlet/solicitudot?gx-no-cache=1519992316050 HTTP/1.1" 200 1218
186.103.156.166 - - [02/Mar/2018:09:06:00 -0300] "GET /cormun/servlet/solicitudot?e1f2a04bbe03b972173225e54e07d7825b832e0b4b05d16708d0a54035a86719d563342da6ca1f5d5b0c8d6ebdc37513,gx-no-cache=1519992316228 HTTP/1.1" 200 30
186.103.156.166 - - [02/Mar/2018:09:06:00 -0300] "POST /cormun/servlet/solicitudot?gx-no-cache=1519992316318 HTTP/1.1" 200 34
192.168.10.96 - - [02/Mar/2018:09:07:54 -0300] "GET /cormun/servlet/hlogin HTTP/1.1" 200 1735
192.168.10.96 - - [02/Mar/2018:09:08:01 -0300] "POST /cormun/servlet/hlogin?1d4ff14942b899bacd8d75544af79f57,gx-no-cache=1519992323013 HTTP/1.1" 200 448
192.168.10.96 - - [02/Mar/2018:09:08:07 -0300] "POST /cormun/servlet/hlogin?1d4ff14942b899bacd8d75544af79f57,gx-no-cache=1519992328074 HTTP/1.1" 200 90
192.168.10.96 - - [02/Mar/2018:09:08:07 -0300] "GET /cormun/servlet/hpexe_link HTTP/1.1" 200 947
192.168.10.96 - - [02/Mar/2018:09:08:07 -0300] "GET /cormun/servlet/hhome HTTP/1.1" 200 4191
192.168.10.96 - - [02/Mar/2018:09:08:08 -0300] "GET /cormun/servlet/hhome HTTP/1.1" 200 4188
192.168.10.96 - - [02/Mar/2018:09:08:10 -0300] "GET /cormun/servlet/trsolicitudot? HTTP/1.1" 200 7410
192.168.10.96 - - [02/Mar/2018:09:08:11 -0300] "GET /cormun/servlet/trsolicitudot? HTTP/1.1" 200 7409
192.168.10.96 - - [02/Mar/2018:09:08:13 -0300] "GET /cormun/servlet/solicitudot?INS,0,0, HTTP/1.1" 200 13642
192.168.10.96 - - [02/Mar/2018:09:08:14 -0300] "GET /cormun/servlet/solicitudot?INS,0,0, HTTP/1.1" 200 13647
192.168.10.96 - - [02/Mar/2018:09:08:26 -0300] "POST /cormun/servlet/solicitudot?gx-no-cache=1519992347266 HTTP/1.1" 200 3293
192.168.10.96 - - [02/Mar/2018:09:08:27 -0300] "POST /cormun/servlet/solicitudot?1d4ff14942b899bacd8d75544af79f57,INS,0,0,,gx-no-cache=1519992347568 HTTP/1.1" 200 10441
192.168.10.96 - - [02/Mar/2018:09:08:27 -0300] "GET /cormun/servlet/solicitudot?d1d093f09db3fe43b7c5361cb8b8c9e7225df4f8127b0e13161d40c690045d7da78dc1392d922c581b5bbe66a6e27e0e,gx-no-cache=1519992348408 HTTP/1.1" 200 111
192.168.10.96 - - [02/Mar/2018:09:08:27 -0300] "GET /cormun/static/Shared/jqueryui/images/ui-icons_82798d_256x240.png HTTP/1.1" 404 1089
192.168.10.96 - - [02/Mar/2018:09:08:27 -0300] "GET /cormun/static/Shared/jqueryui/images/ui-icons_ebccce_256x240.png HTTP/1.1" 404 1089
192.168.10.96 - - [02/Mar/2018:09:08:27 -0300] "GET /cormun/static/Shared/jqueryui/images/ui-bg_highlight-soft_100_c6c2c8_1x100.png HTTP/1.1" 404 1117
192.168.10.96 - - [02/Mar/2018:09:08:27 -0300] "GET /cormun/static/Shared/jqueryui/images/ui-bg_flat_55_994d53_40x100.png HTTP/1.1" 404 1097
192.168.10.96 - - [02/Mar/2018:09:08:31 -0300] "GET /cormun/servlet/solicitudot?d1d093f09db3fe43b7c5361cb8b8c9e73f1b40409b83293e538109d82364196f11be8e26ab2fb4583337d12ea8957451,gx-no-cache=1519992352641 HTTP/1.1" 200 30
192.168.10.96 - - [02/Mar/2018:09:08:35 -0300] "GET /cormun/servlet/solicitudot?d1d093f09db3fe43b7c5361cb8b8c9e7d3bd25bbb930f2e0b8bcb0ddae3d246b,gx-no-cache=1519992356195 HTTP/1.1" 200 94
192.168.10.96 - - [02/Mar/2018:09:08:35 -0300] "GET /cormun/servlet/solicitudot?d1d093f09db3fe43b7c5361cb8b8c9e701e37e84f3184418a9d5760842aa19bc,gx-no-cache=1519992356249 HTTP/1.1" 200 29
192.168.10.96 - - [02/Mar/2018:09:08:35 -0300] "POST /cormun/servlet/solicitudot?gx-no-cache=1519992356298 HTTP/1.1" 200 297
192.168.10.96 - - [02/Mar/2018:09:08:35 -0300] "GET /cormun/servlet/solicitudot?d1d093f09db3fe43b7c5361cb8b8c9e762299d4e2439d5cad90e2f4695a2cd88696856ffe9b18aaee8677da43229eecd49b2388435616fce2bec735fa7d4fdaf9ff11de68f130a6105fe4c978ab0c4a56ae7e40c6ca19f4571122d49db74e0cbed63014db3dd6442fbef31128d2052019238649c5f08ffbc5652d1e09a0979f816a01cdfc946459053a2132a4db2dab4fafbccf0f15ff9f48d4480078f7a3378dfb3d9c6db919d7b2e0fc4d27d05c9c09352b5f748d31a9af41e4325aa2dd3f9fb516e619f27680af2b3cefd2f7145f17282e44e95f04f82c1f4feba4a1519127e2fb6181b510afe87bacc1642b5427f240ac23b44065f88d6ca522449e60f864ca50176bab5b95dff25ae11842b00a2ad792e146e506d544cde112eb3768705ad795e02dfb27c0c0c02723f191961a84c37fbb3ea214bd57dc2ef79acfd3d89fe1bd360d58dfd5fcba3ecd4b870a676f507cf594bbb39b4e398e303bce46ee0055503928fba32207a29974ce16478e26dede5bc4fa0e65e294514aa2ebd3f001d757fa9608bbfa7917c3e6a1f125905,gx-no-cache=1519992356351 HTTP/1.1" 200 30
192.168.10.96 - - [02/Mar/2018:09:08:35 -0300] "POST /cormun/servlet/solicitudot?gx-no-cache=1519992356402 HTTP/1.1" 200 30
192.168.10.96 - - [02/Mar/2018:09:08:35 -0300] "POST /cormun/servlet/solicitudot?gx-no-cache=1519992356463 HTTP/1.1" 200 1333
192.168.10.96 - - [02/Mar/2018:09:08:35 -0300] "POST /cormun/servlet/solicitudot?gx-no-cache=1519992356600 HTTP/1.1" 200 38
192.168.10.96 - - [02/Mar/2018:09:09:09 -0300] "GET /cormun/servlet/hlogin HTTP/1.1" 200 1736
192.168.10.96 - - [02/Mar/2018:09:09:15 -0300] "POST /cormun/servlet/hlogin?1d4ff14942b899bacd8d75544af79f57,gx-no-cache=1519992396829 HTTP/1.1" 200 90
192.168.10.96 - - [02/Mar/2018:09:09:15 -0300] "GET /cormun/servlet/hpexe_link HTTP/1.1" 200 947
192.168.10.96 - - [02/Mar/2018:09:09:16 -0300] "GET /cormun/servlet/hhome HTTP/1.1" 200 4699
192.168.10.96 - - [02/Mar/2018:09:09:16 -0300] "GET /cormun/servlet/hhome HTTP/1.1" 200 4698
192.168.10.96 - - [02/Mar/2018:09:09:18 -0300] "GET /cormun/servlet/trsolicitudgral? HTTP/1.1" 200 9219
192.168.10.96 - - [02/Mar/2018:09:09:19 -0300] "GET /cormun/servlet/trsolicitudgral? HTTP/1.1" 200 9217
186.103.156.166 - - [02/Mar/2018:09:09:25 -0300] "POST /cormun/servlet/solicitudot?9f3a53ca8f26a216f47fa78f12f5c72a,INS,0,0,,gx-no-cache=1519992520594 HTTP/1.1" 200 12073
192.168.10.89 - - [02/Mar/2018:09:09:30 -0300] "POST /cormun/servlet/trsolicitudgral?615665be75199b1410d5baf0315f3d1d,gx-no-cache=1519992411147 HTTP/1.1" 200 5922
192.168.10.96 - - [02/Mar/2018:09:09:32 -0300] "GET /cormun/servlet/trsolicitudot? HTTP/1.1" 200 7915
192.168.10.96 - - [02/Mar/2018:09:09:33 -0300] "GET /cormun/servlet/trsolicitudot? HTTP/1.1" 200 7914
192.168.10.89 - - [02/Mar/2018:09:09:36 -0300] "POST /cormun/servlet/trsolicitudgral?615665be75199b1410d5baf0315f3d1d,gx-no-cache=1519992417392 HTTP/1.1" 200 5923
192.168.10.89 - - [02/Mar/2018:09:09:42 -0300] "POST /cormun/servlet/trsolicitudgral?615665be75199b1410d5baf0315f3d1d,gx-no-cache=1519992423180 HTTP/1.1" 200 7769
192.168.10.96 - - [02/Mar/2018:09:09:58 -0300] "POST /cormun/servlet/trsolicitudot?1d4ff14942b899bacd8d75544af79f57,,gx-no-cache=1519992439143 HTTP/1.1" 200 4901
192.168.10.89 - - [02/Mar/2018:09:10:01 -0300] "GET /cormun/servlet/hlogin HTTP/1.1" 200 1738
192.168.10.96 - - [02/Mar/2018:09:10:04 -0300] "POST /cormun/servlet/trsolicitudot?1d4ff14942b899bacd8d75544af79f57,,gx-no-cache=1519992444613 HTTP/1.1" 200 4902
192.168.10.96 - - [02/Mar/2018:09:10:08 -0300] "POST /cormun/servlet/trsolicitudot?1d4ff14942b899bacd8d75544af79f57,,gx-no-cache=1519992448895 HTTP/1.1" 200 4903
192.168.10.89 - - [02/Mar/2018:09:10:14 -0300] "POST /cormun/servlet/hlogin?615665be75199b1410d5baf0315f3d1d,gx-no-cache=1519992455947 HTTP/1.1" 200 450
192.168.10.89 - - [02/Mar/2018:09:10:19 -0300] "POST /cormun/servlet/hlogin?615665be75199b1410d5baf0315f3d1d,gx-no-cache=1519992460160 HTTP/1.1" 200 90
192.168.10.89 - - [02/Mar/2018:09:10:19 -0300] "GET /cormun/servlet/hpexe_link HTTP/1.1" 200 952
192.168.10.89 - - [02/Mar/2018:09:10:19 -0300] "GET /cormun/servlet/hhome HTTP/1.1" 200 4147
192.168.10.89 - - [02/Mar/2018:09:10:22 -0300] "GET /cormun/servlet/trsolicitudot? HTTP/1.1" 200 9242
192.168.10.89 - - [02/Mar/2018:09:10:34 -0300] "POST /cormun/servlet/trsolicitudot?615665be75199b1410d5baf0315f3d1d,,gx-no-cache=1519992475059 HTTP/1.1" 200 105
192.168.10.89 - - [02/Mar/2018:09:10:35 -0300] "GET /cormun/servlet/solicitudot?UPD,2018,9799, HTTP/1.1" 200 15403
192.168.10.89 - - [02/Mar/2018:09:10:36 -0300] "POST /cormun/servlet/solicitudot?gx-no-cache=1519992477490 HTTP/1.1" 200 3428
192.168.10.89 - - [02/Mar/2018:09:10:37 -0300] "POST /cormun/servlet/solicitudot?615665be75199b1410d5baf0315f3d1d,UPD,2018,9799,,gx-no-cache=1519992477885 HTTP/1.1" 200 11764
192.168.10.89 - - [02/Mar/2018:09:10:37 -0300] "GET /cormun/servlet/solicitudot?76e6f5bf7855ee2c9cc384b13649b5ddcf6a868066b4859875a3e64cda52d0bc542eeef9f18c75b67a19dd87cde6616b,gx-no-cache=1519992478787 HTTP/1.1" 200 30
192.168.10.89 - - [02/Mar/2018:09:10:37 -0300] "GET /cormun/servlet/solicitudot?76e6f5bf7855ee2c9cc384b13649b5dd9e61e885f493adb102d1b79e0d9e88dcdbca4d252945a98c66a3c6013e2f50d7b2177669f40990f3b931fa137c3c4b1e,gx-no-cache=1519992478871 HTTP/1.1" 200 30
192.168.10.89 - - [02/Mar/2018:09:10:37 -0300] "GET /cormun/servlet/solicitudot?76e6f5bf7855ee2c9cc384b13649b5dd87c64edf1a8d935b9287e5665a69b44457850e3cd8f68b67f96c07860d726db91bc1a91aeee38cc2e4bea130c80753106f2fa3c41781f66ad00f8135d50054db,gx-no-cache=1519992478907 HTTP/1.1" 200 59
192.168.10.89 - - [02/Mar/2018:09:10:37 -0300] "POST /cormun/servlet/solicitudot?gx-no-cache=1519992478958 HTTP/1.1" 200 240
192.168.10.89 - - [02/Mar/2018:09:10:37 -0300] "GET /cormun/servlet/solicitudot?76e6f5bf7855ee2c9cc384b13649b5dd12a18fbc3a584b6447d109b8291fa49a8de26828fc7e81392ac572079e5f611bd70d88c4c62dc9e946204dd7822174fe85ee03e3b3a52debb5695dd90e7e76c16f6031ca76f928e3cbd62b68264f07eee401c03e6c0603df6cc1ac8afaaf2815109ba96214d08a14becfa18fa854df411ae5abb4ee9bb53e9cacc0e467c1d862b13591f05befe06a46de2f8767361c8c1f4cd0d7cc6c00976adefd4d237b3d9df9984ff9b57ecf4b6996faa3acc632ac71d9dc4b658aca9f201877b6db4d6e5d263872356d146b0f50b8a52d21990f1f19230dac4d66c3f0e988341c21082474b9a8b687fe8a2af13aae6fe1ceb0f1f7d31ad64a7641ae6e90abbcc54687ef02af9a9db108fd6835cd83933a80bca5457dda34fd420f83f3b1cb3f378049711fb994c3534ab451299e937a4377b57373ff0ada6b8c835aabc0852d76d4c978d56ef324391b91359602158b8aebf1822eb43d16367fbf5496c92845e6de5a8bfc0f4c3bd5434495cf399be7c5fc33d5c9,gx-no-cache=1519992479024 HTTP/1.1" 200 30
192.168.10.89 - - [02/Mar/2018:09:10:37 -0300] "POST /cormun/servlet/solicitudot?gx-no-cache=1519992479080 HTTP/1.1" 200 30
192.168.10.89 - - [02/Mar/2018:09:10:38 -0300] "POST /cormun/servlet/solicitudot?gx-no-cache=1519992479150 HTTP/1.1" 200 1336
192.168.10.89 - - [02/Mar/2018:09:10:38 -0300] "POST /cormun/servlet/solicitudot?gx-no-cache=1519992479293 HTTP/1.1" 200 41
192.168.10.89 - - [02/Mar/2018:09:10:44 -0300] "POST /cormun/servlet/solicitudot?gx-no-cache=1519992485435 HTTP/1.1" 200 30
192.168.10.96 - - [02/Mar/2018:09:10:51 -0300] "GET /cormun/servlet/hlogin HTTP/1.1" 200 1733
192.168.10.96 - - [02/Mar/2018:09:10:57 -0300] "POST /cormun/servlet/hlogin?1d4ff14942b899bacd8d75544af79f57,gx-no-cache=1519992498221 HTTP/1.1" 200 90
192.168.10.96 - - [02/Mar/2018:09:10:57 -0300] "GET /cormun/servlet/hpexe_link HTTP/1.1" 200 953
192.168.10.96 - - [02/Mar/2018:09:10:57 -0300] "GET /cormun/servlet/trsolicitudot? HTTP/1.1" 200 7916
192.168.10.96 - - [02/Mar/2018:09:10:58 -0300] "GET /cormun/servlet/trsolicitudot? HTTP/1.1" 200 7915
192.168.10.89 - - [02/Mar/2018:09:11:13 -0300] "POST /cormun/servlet/solicitudot?gx-no-cache=1519992514869 HTTP/1.1" 200 1336
192.168.10.89 - - [02/Mar/2018:09:11:17 -0300] "GET /cormun/servlet/prlicenciaspermisos?15806742,L,,MD,,gxPopupLevel%3D0%3B HTTP/1.1" 200 5931
192.168.10.89 - - [02/Mar/2018:09:11:17 -0300] "GET /cormun/static/gxcfg.js?20176272053834 HTTP/1.1" 200 953
192.168.10.89 - - [02/Mar/2018:09:11:17 -0300] "GET /cormun/static/prlicenciaspermisos.js?20176272054050 HTTP/1.1" 200 13379
192.168.10.89 - - [02/Mar/2018:09:11:27 -0300] "POST /cormun/servlet/solicitudot?gx-no-cache=1519992528498 HTTP/1.1" 200 41
192.168.10.89 - - [02/Mar/2018:09:11:30 -0300] "GET /cormun/servlet/solicitudot?76e6f5bf7855ee2c9cc384b13649b5ddd3eebaedb77c007508d269f929285b30a8c0b91d87585d6523f5b0e1298f9a701d97701df4eb158ee6597d8a2f0f144bb1934580a44adc2a3b331a1e457ccbafc439ffe1a62a68356b8f27dfeb0a64f2225882973b7c9d5da97803d2d46e41bc8ed79eb833495e03a631e51ae07431f7151ec5e3a2a796738a332372a7839b53027c18b1c7e9b25afb68cb835216c80e,gx-no-cache=1519992531666 HTTP/1.1" 200 29
192.168.10.89 - - [02/Mar/2018:09:11:30 -0300] "POST /cormun/servlet/solicitudot?gx-no-cache=1519992531712 HTTP/1.1" 200 1319
192.168.10.89 - - [02/Mar/2018:09:11:30 -0300] "POST /cormun/servlet/solicitudot?gx-no-cache=1519992531886 HTTP/1.1" 200 1218
186.79.129.57 - - [02/Mar/2018:09:11:38 -0300] "GET /cormun/servlet/trsolicitudot? HTTP/1.1" 200 7237
186.79.129.57 - - [02/Mar/2018:09:11:39 -0300] "GET /cormun/servlet/trsolicitudot? HTTP/1.1" 200 7237
186.79.129.57 - - [02/Mar/2018:09:11:51 -0300] "GET /cormun/static/menuarrow.gif HTTP/1.1" 404 1015
192.168.10.89 - - [02/Mar/2018:09:12:01 -0300] "GET /cormun/servlet/solicitudot?76e6f5bf7855ee2c9cc384b13649b5dd6cd4e2920ff2aebdf135d1f3057310eb2a5e8e1dda8779f505e2a33e28c40b17,gx-no-cache=1519992562152 HTTP/1.1" 200 30
192.168.10.89 - - [02/Mar/2018:09:12:11 -0300] "POST /cormun/servlet/solicitudot?gx-no-cache=1519992572466 HTTP/1.1" 200 34
192.168.10.89 - - [02/Mar/2018:09:12:12 -0300] "POST /cormun/servlet/solicitudot?615665be75199b1410d5baf0315f3d1d,UPD,2018,9799,,gx-no-cache=1519992572541 HTTP/1.1" 200 93
192.168.10.89 - - [02/Mar/2018:09:12:12 -0300] "GET /cormun/servlet/hpexe_return? HTTP/1.1" 200 1014
192.168.10.89 - - [02/Mar/2018:09:12:13 -0300] "GET /cormun/servlet/trsolicitudot HTTP/1.1" 200 9311
192.168.10.89 - - [02/Mar/2018:09:12:19 -0300] "POST /cormun/servlet/trsolicitudot?615665be75199b1410d5baf0315f3d1d,gx-no-cache=1519992580038 HTTP/1.1" 200 5898
192.168.10.89 - - [02/Mar/2018:09:12:20 -0300] "POST /cormun/servlet/trsolicitudot?615665be75199b1410d5baf0315f3d1d,gx-no-cache=1519992581022 HTTP/1.1" 200 5842
192.168.10.89 - - [02/Mar/2018:09:12:20 -0300] "GET /cormun/static/Shared/jqueryui/images/ui-bg_highlight-soft_100_c6c2c8_1x100.png HTTP/1.1" 404 1117
192.168.10.89 - - [02/Mar/2018:09:12:20 -0300] "GET /cormun/static/Shared/jqueryui/images/ui-icons_82798d_256x240.png HTTP/1.1" 404 1089
192.168.10.89 - - [02/Mar/2018:09:12:20 -0300] "GET /cormun/static/Shared/jqueryui/images/ui-bg_flat_55_fafafa_40x100.png HTTP/1.1" 404 1097
192.168.10.89 - - [02/Mar/2018:09:12:20 -0300] "GET /cormun/static/Shared/jqueryui/images/ui-icons_8d78a5_256x240.png HTTP/1.1" 404 1089
192.168.10.89 - - [02/Mar/2018:09:12:25 -0300] "GET /cormun/servlet/trautorizarsolicitud? HTTP/1.1" 200 8696
192.168.10.96 - - [02/Mar/2018:09:12:29 -0300] "POST /cormun/servlet/trsolicitudot?1d4ff14942b899bacd8d75544af79f57,,gx-no-cache=1519992589645 HTTP/1.1" 200 4897
192.168.10.96 - - [02/Mar/2018:09:12:30 -0300] "GET /cormun/servlet/trsolicitudgral? HTTP/1.1" 200 9218
192.168.10.96 - - [02/Mar/2018:09:12:31 -0300] "GET /cormun/servlet/trsolicitudgral? HTTP/1.1" 200 9217
192.168.10.89 - - [02/Mar/2018:09:12:32 -0300] "POST /cormun/servlet/trautorizarsolicitud?615665be75199b1410d5baf0315f3d1d,,gx-no-cache=1519992592925 HTTP/1.1" 200 4641
192.168.10.89 - - [02/Mar/2018:09:12:33 -0300] "POST /cormun/servlet/trautorizarsolicitud?615665be75199b1410d5baf0315f3d1d,,gx-no-cache=1519992593735 HTTP/1.1" 200 4385
192.168.10.89 - - [02/Mar/2018:09:12:33 -0300] "GET /cormun/static/Shared/jqueryui/images/ui-bg_highlight-soft_100_c6c2c8_1x100.png HTTP/1.1" 404 1117
192.168.10.89 - - [02/Mar/2018:09:12:33 -0300] "GET /cormun/static/Shared/jqueryui/images/ui-icons_82798d_256x240.png HTTP/1.1" 404 1089
192.168.10.89 - - [02/Mar/2018:09:12:33 -0300] "GET /cormun/static/Shared/jqueryui/images/ui-icons_8d78a5_256x240.png HTTP/1.1" 404 1089
192.168.10.89 - - [02/Mar/2018:09:12:33 -0300] "GET /cormun/static/Shared/jqueryui/images/ui-bg_flat_55_fafafa_40x100.png HTTP/1.1" 404 1097
192.168.10.89 - - [02/Mar/2018:09:12:36 -0300] "GET /cormun/servlet/trsolicitudot? HTTP/1.1" 200 8744
192.168.10.89 - - [02/Mar/2018:09:12:40 -0300] "POST /cormun/servlet/trsolicitudot?615665be75199b1410d5baf0315f3d1d,,gx-no-cache=1519992600704 HTTP/1.1" 200 106
192.168.10.89 - - [02/Mar/2018:09:12:40 -0300] "GET /cormun/servlet/solicitudot?UPD,2018,9617, HTTP/1.1" 200 15342
192.168.10.89 - - [02/Mar/2018:09:12:42 -0300] "POST /cormun/servlet/solicitudot?gx-no-cache=1519992603032 HTTP/1.1" 200 3409
192.168.10.89 - - [02/Mar/2018:09:12:43 -0300] "POST /cormun/servlet/solicitudot?615665be75199b1410d5baf0315f3d1d,UPD,2018,9617,,gx-no-cache=1519992603477 HTTP/1.1" 200 11681
192.168.10.89 - - [02/Mar/2018:09:12:43 -0300] "GET /cormun/servlet/solicitudot?76e6f5bf7855ee2c9cc384b13649b5ddf1558f2ee6e4657f94fb881ae24059bf542eeef9f18c75b67a19dd87cde6616b,gx-no-cache=1519992604502 HTTP/1.1" 200 30
192.168.10.89 - - [02/Mar/2018:09:12:43 -0300] "GET /cormun/servlet/solicitudot?76e6f5bf7855ee2c9cc384b13649b5dd2372614cb891a6626eaa2a4afb0e38e5569666b9a6fbbe99f3e383c5d461989a21da06bfe3f1304b35fb1b68fe479525,gx-no-cache=1519992604614 HTTP/1.1" 200 30
192.168.10.89 - - [02/Mar/2018:09:12:43 -0300] "GET /cormun/servlet/solicitudot?76e6f5bf7855ee2c9cc384b13649b5ddba9c57c2052ef5ac30921346c2242def6a51ffa7c1357303391297a14e25f876c0a9acfdf7a02d258b07fedb47a415d1,gx-no-cache=1519992604652 HTTP/1.1" 200 53
192.168.10.89 - - [02/Mar/2018:09:12:43 -0300] "POST /cormun/servlet/solicitudot?gx-no-cache=1519992604708 HTTP/1.1" 200 238
192.168.10.89 - - [02/Mar/2018:09:12:43 -0300] "GET /cormun/servlet/solicitudot?76e6f5bf7855ee2c9cc384b13649b5dd12a18fbc3a584b6447d109b8291fa49a8de26828fc7e81392ac572079e5f611bd70d88c4c62dc9e946204dd7822174fe85ee03e3b3a52debb5695dd90e7e76c16f6031ca76f928e3cbd62b68264f07eee401c03e6c0603df6cc1ac8afaaf2815109ba96214d08a14becfa18fa854df411ae5abb4ee9bb53e9cacc0e467c1d862b13591f05befe06a46de2f8767361c8c1f4cd0d7cc6c00976adefd4d237b3d9df9984ff9b57ecf4b6996faa3acc632ac71d9dc4b658aca9f201877b6db4d6e5d263872356d146b0f50b8a52d21990f1f19230dac4d66c3f0e988341c21082474b9a8b687fe8a2af13aae6fe1ceb0f1f7d31ad64a7641ae6e90abbcc54687ef02af9a9db108fd6835cd83933a80bca5457dda34fd420f83f3b1cb3f378049711fb994c3534ab451299e937a4377b57373ff0ada6b8c835aabc0852d76d4c978d56ef324391b91359602158b8aebf1822eb43d16367fbf5496c92845e6de5a8bfc0f4c3bd5434495cf399be7c5fc33d5c9,gx-no-cache=1519992604778 HTTP/1.1" 200 30
192.168.10.89 - - [02/Mar/2018:09:12:43 -0300] "POST /cormun/servlet/solicitudot?gx-no-cache=1519992604836 HTTP/1.1" 200 30
192.168.10.89 - - [02/Mar/2018:09:12:43 -0300] "POST /cormun/servlet/solicitudot?gx-no-cache=1519992604933 HTTP/1.1" 200 1337
192.168.10.89 - - [02/Mar/2018:09:12:44 -0300] "POST /cormun/servlet/solicitudot?gx-no-cache=1519992605104 HTTP/1.1" 200 41
186.79.129.57 - - [02/Mar/2018:09:12:45 -0300] "POST /cormun/servlet/trsolicitudot?fc67e2ae6501227e933f9e6fb5f58a05,,gx-no-cache=1519992717634 HTTP/1.1" 200 4204
186.79.129.57 - - [02/Mar/2018:09:12:49 -0300] "GET /cormun/servlet/trsolicitudot? HTTP/1.1" 200 7243
192.168.10.96 - - [02/Mar/2018:09:12:50 -0300] "GET /cormun/servlet/trsolicitudgral? HTTP/1.1" 200 9217
186.79.129.57 - - [02/Mar/2018:09:12:51 -0300] "GET /cormun/servlet/trsolicitudot? HTTP/1.1" 200 7243
192.168.10.96 - - [02/Mar/2018:09:12:51 -0300] "GET /cormun/servlet/trsolicitudgral? HTTP/1.1" 200 9217
186.103.156.166 - - [02/Mar/2018:09:12:53 -0300] "GET /cormun/servlet/trautorizarsolicitud? HTTP/1.1" 200 7287
186.79.129.57 - - [02/Mar/2018:09:12:53 -0300] "GET /cormun/servlet/trsolicitudot? HTTP/1.1" 200 7243
186.103.156.166 - - [02/Mar/2018:09:12:54 -0300] "GET /cormun/servlet/trautorizarsolicitud? HTTP/1.1" 200 7281
186.79.129.57 - - [02/Mar/2018:09:12:54 -0300] "GET /cormun/servlet/trsolicitudot? HTTP/1.1" 200 7243
186.79.129.57 - - [02/Mar/2018:09:12:59 -0300] "GET /cormun/servlet/trvisualizadoreventos? HTTP/1.1" 200 6961
186.79.129.57 - - [02/Mar/2018:09:12:59 -0300] "GET /cormun/servlet/trvisualizadoreventos? HTTP/1.1" 200 6960
186.103.156.166 - - [02/Mar/2018:09:13:02 -0300] "GET /cormun/servlet/trsolicitudot? HTTP/1.1" 200 7393
186.103.156.166 - - [02/Mar/2018:09:13:02 -0300] "GET /cormun/servlet/trsolicitudot? HTTP/1.1" 200 7392
192.168.10.89 - - [02/Mar/2018:09:13:03 -0300] "GET /cormun/servlet/solicitudot?76e6f5bf7855ee2c9cc384b13649b5ddd3eebaedb77c007508d269f929285b30a8c0b91d87585d6523f5b0e1298f9a701d97701df4eb158ee6597d8a2f0f144bb1934580a44adc2a3b331a1e457ccbafc439ffe1a62a68356b8f27dfeb0a64f2225882973b7c9d5da97803d2d46e41bc8ed79eb833495e03a631e51ae07431f7151ec5e3a2a796738a332372a7839b53027c18b1c7e9b25afb68cb835216c80e,gx-no-cache=1519992624787 HTTP/1.1" 200 29
192.168.10.89 - - [02/Mar/2018:09:13:03 -0300] "POST /cormun/servlet/solicitudot?gx-no-cache=1519992624845 HTTP/1.1" 200 1320
192.168.10.89 - - [02/Mar/2018:09:13:03 -0300] "POST /cormun/servlet/solicitudot?gx-no-cache=1519992625009 HTTP/1.1" 200 1218
192.168.10.89 - - [02/Mar/2018:09:13:06 -0300] "GET /cormun/servlet/solicitudot?76e6f5bf7855ee2c9cc384b13649b5dd6cd4e2920ff2aebdf135d1f3057310eb6cec3b7337e2811853f64f2f712e7f6e,gx-no-cache=1519992627112 HTTP/1.1" 200 30
192.168.10.89 - - [02/Mar/2018:09:13:06 -0300] "POST /cormun/servlet/solicitudot?gx-no-cache=1519992627627 HTTP/1.1" 200 30
186.79.129.57 - - [02/Mar/2018:09:13:07 -0300] "GET /cormun/static/menuarrow.gif HTTP/1.1" 404 1015
186.103.156.166 - - [02/Mar/2018:09:13:09 -0300] "GET /cormun/servlet/trsolicitudot? HTTP/1.1" 200 7392
186.103.156.166 - - [02/Mar/2018:09:13:10 -0300] "GET /cormun/servlet/trsolicitudot? HTTP/1.1" 200 7392
186.103.156.166 - - [02/Mar/2018:09:13:15 -0300] "GET /cormun/servlet/solicitudot?INS,0,0, HTTP/1.1" 200 13612
186.103.156.166 - - [02/Mar/2018:09:13:16 -0300] "GET /cormun/servlet/solicitudot?INS,0,0, HTTP/1.1" 200 13617
192.168.10.89 - - [02/Mar/2018:09:13:18 -0300] "POST /cormun/servlet/solicitudot?615665be75199b1410d5baf0315f3d1d,UPD,2018,9617,,gx-no-cache=1519992639295 HTTP/1.1" 200 93
192.168.10.89 - - [02/Mar/2018:09:13:18 -0300] "GET /cormun/servlet/hpexe_return? HTTP/1.1" 200 1014
192.168.10.89 - - [02/Mar/2018:09:13:19 -0300] "GET /cormun/servlet/trsolicitudot HTTP/1.1" 200 8709
192.168.10.89 - - [02/Mar/2018:09:13:23 -0300] "POST /cormun/servlet/trsolicitudot?615665be75199b1410d5baf0315f3d1d,gx-no-cache=1519992643772 HTTP/1.1" 200 4668
192.168.10.89 - - [02/Mar/2018:09:13:24 -0300] "POST /cormun/servlet/trsolicitudot?615665be75199b1410d5baf0315f3d1d,gx-no-cache=1519992644606 HTTP/1.1" 200 4450
192.168.10.89 - - [02/Mar/2018:09:13:24 -0300] "GET /cormun/static/Shared/jqueryui/images/ui-icons_82798d_256x240.png HTTP/1.1" 404 1089
192.168.10.89 - - [02/Mar/2018:09:13:24 -0300] "GET /cormun/static/Shared/jqueryui/images/ui-bg_flat_55_fafafa_40x100.png HTTP/1.1" 404 1097
192.168.10.89 - - [02/Mar/2018:09:13:24 -0300] "GET /cormun/static/Shared/jqueryui/images/ui-bg_highlight-soft_100_c6c2c8_1x100.png HTTP/1.1" 404 1117
192.168.10.89 - - [02/Mar/2018:09:13:24 -0300] "GET /cormun/static/Shared/jqueryui/images/ui-icons_8d78a5_256x240.png HTTP/1.1" 404 1089
192.168.10.89 - - [02/Mar/2018:09:13:27 -0300] "GET /cormun/servlet/trautorizarsolicitud? HTTP/1.1" 200 8598
186.103.156.166 - - [02/Mar/2018:09:13:28 -0300] "GET /cormun/servlet/trvisualizadoreventos? HTTP/1.1" 200 6940
186.103.156.166 - - [02/Mar/2018:09:13:29 -0300] "GET /cormun/servlet/trvisualizadoreventos? HTTP/1.1" 200 6934
192.168.10.89 - - [02/Mar/2018:09:13:31 -0300] "POST /cormun/servlet/trautorizarsolicitud?615665be75199b1410d5baf0315f3d1d,,gx-no-cache=1519992651865 HTTP/1.1" 200 4599
192.168.10.89 - - [02/Mar/2018:09:13:33 -0300] "POST /cormun/servlet/trautorizarsolicitud?615665be75199b1410d5baf0315f3d1d,,gx-no-cache=1519992652727 HTTP/1.1" 200 4385
192.168.10.89 - - [02/Mar/2018:09:13:33 -0300] "GET /cormun/static/Shared/jqueryui/images/ui-bg_highlight-soft_100_c6c2c8_1x100.png HTTP/1.1" 404 1117
192.168.10.89 - - [02/Mar/2018:09:13:33 -0300] "GET /cormun/static/Shared/jqueryui/images/ui-icons_8d78a5_256x240.png HTTP/1.1" 404 1089
192.168.10.89 - - [02/Mar/2018:09:13:33 -0300] "GET /cormun/static/Shared/jqueryui/images/ui-bg_flat_55_fafafa_40x100.png HTTP/1.1" 404 1097
192.168.10.89 - - [02/Mar/2018:09:13:33 -0300] "GET /cormun/static/Shared/jqueryui/images/ui-icons_82798d_256x240.png HTTP/1.1" 404 1089
186.103.156.166 - - [02/Mar/2018:09:13:36 -0300] "GET /cormun/servlet/trsolicitudot? HTTP/1.1" 200 7393
186.103.156.166 - - [02/Mar/2018:09:13:37 -0300] "GET /cormun/servlet/trsolicitudot? HTTP/1.1" 200 7392
186.103.156.166 - - [02/Mar/2018:09:13:46 -0300] "POST /cormun/servlet/acontrolpreferencessavestate?None,EBLANCO,true HTTP/1.1" 200 35
192.168.10.89 - - [02/Mar/2018:09:13:46 -0300] "GET /cormun/servlet/hlogin HTTP/1.1" 200 1743
186.103.156.166 - - [02/Mar/2018:09:13:47 -0300] "POST /cormun/servlet/acontrolpreferencessavestate?None,EBLANCO,true HTTP/1.1" 200 35
186.79.129.57 - - [02/Mar/2018:09:13:51 -0300] "POST /cormun/servlet/trvisualizadoreventos?fc67e2ae6501227e933f9e6fb5f58a05,,gx-no-cache=1519992783935 HTTP/1.1" 200 4148
186.79.129.57 - - [02/Mar/2018:09:13:57 -0300] "POST /cormun/servlet/trvisualizadoreventos?fc67e2ae6501227e933f9e6fb5f58a05,,gx-no-cache=1519992789089 HTTP/1.1" 200 4147
192.168.10.89 - - [02/Mar/2018:09:14:03 -0300] "POST /cormun/servlet/hlogin?615665be75199b1410d5baf0315f3d1d,gx-no-cache=1519992684160 HTTP/1.1" 200 90
192.168.10.89 - - [02/Mar/2018:09:14:03 -0300] "GET /cormun/servlet/hpexe_link HTTP/1.1" 200 952
192.168.10.89 - - [02/Mar/2018:09:14:03 -0300] "GET /cormun/servlet/hhome HTTP/1.1" 200 4922
186.79.129.57 - - [02/Mar/2018:09:14:07 -0300] "POST /cormun/servlet/trvisualizadoreventos?fc67e2ae6501227e933f9e6fb5f58a05,,gx-no-cache=1519992799712 HTTP/1.1" 200 4147
192.168.10.96 - - [02/Mar/2018:09:14:14 -0300] "GET /cormun/servlet/trsolicitudgral? HTTP/1.1" 200 9217
192.168.10.96 - - [02/Mar/2018:09:14:15 -0300] "GET /cormun/servlet/trsolicitudgral? HTTP/1.1" 200 9217
186.79.129.57 - - [02/Mar/2018:09:14:16 -0300] "GET /cormun/servlet/trvisualizadoreventos? HTTP/1.1" 200 6967
186.79.129.57 - - [02/Mar/2018:09:14:17 -0300] "GET /cormun/servlet/trvisualizadoreventos? HTTP/1.1" 200 6967
