186.103.159.46 - - [02/Mar/2018:11:32:59 -0300] "GET /cormun/servlet/solicitudot?7f039c20466c91efbcbc463eee7aafc0322788917574196a774795de3ca54b3da6a9e942f062f7e9fe91f1d25807c7c4,gx-no-cache=1520001130845 HTTP/1.1" 200 30
186.103.159.189 - - [02/Mar/2018:11:32:59 -0300] "GET /cormun/servlet/solicitudot?363b9809dfbc80e02e664e41df26ad3a812b65006d3186aac0e5177ae100856a1ed4f6bca0769ef2d905e19d3cc30713d8bf4b8a1a66dfa40a2828561488c96ccb57a978897859e7945ae1d6862f1d64a2c66b697a20189288c04987b1ee40de98c78ff2c827f885e78f118891412f77ac134bc243f9f21000666e4571897b4f7e3c47bed8d5916c088d0e8164bfbd465ec3dabe7ae9086c552a4b3fd199f93d,gx-no-cache=1520001131614 HTTP/1.1" 200 29
186.103.159.189 - - [02/Mar/2018:11:32:59 -0300] "POST /cormun/servlet/solicitudot?gx-no-cache=1520001131683 HTTP/1.1" 200 1319
186.103.159.189 - - [02/Mar/2018:11:32:59 -0300] "POST /cormun/servlet/solicitudot?gx-no-cache=1520001131775 HTTP/1.1" 200 1218
190.151.100.218 - - [02/Mar/2018:11:33:00 -0300] "POST /cormun/servlet/trvisualizadoreventos?44e678cb187b443e56297eee994b6019,,gx-no-cache=1520001132219 HTTP/1.1" 200 4501
200.112.3.74 - - [02/Mar/2018:11:33:01 -0300] "GET /cormun/servlet/solicitudot?944e7f293973231495e81d586165cb4f43b79bac41e45e3e9037d52832ea9d6fb71a08379e2f8de0a832f07f993ff4ca16bf842a222d9c0cde460604587e6f7f87273e28b84920892341d9fe35cc889abb0c3028824f4bfac946394d16b507173c105646b4745e8c0f05c590a6f0b9d2c7f6cf28ae3c5abab3aa2280e4dd4782ae8a1ea62c0394bb4d003b131af29e9f15ab1257f7d93ee4505b77472ac052a1,gx-no-cache=1520001134715 HTTP/1.1" 200 29
200.112.3.74 - - [02/Mar/2018:11:33:02 -0300] "POST /cormun/servlet/solicitudot?gx-no-cache=1520001134835 HTTP/1.1" 200 1318
186.103.159.188 - - [02/Mar/2018:11:33:02 -0300] "POST /cormun/servlet/trsolicitudot?1051c3480aa5bc6af9623672af76b67c,,gx-no-cache=1520001135878 HTTP/1.1" 200 4500
200.112.3.74 - - [02/Mar/2018:11:33:02 -0300] "POST /cormun/servlet/solicitudot?gx-no-cache=1520001135063 HTTP/1.1" 200 1219
200.112.3.74 - - [02/Mar/2018:11:33:02 -0300] "GET /cormun/static/menuarrow.gif HTTP/1.1" 404 1015
200.112.3.74 - - [02/Mar/2018:11:33:03 -0300] "POST /cormun/servlet/solicitudot?gx-no-cache=1520001136443 HTTP/1.1" 200 1318
200.112.3.74 - - [02/Mar/2018:11:33:03 -0300] "POST /cormun/servlet/solicitudot?gx-no-cache=1520001136655 HTTP/1.1" 200 1219
200.112.3.74 - - [02/Mar/2018:11:33:05 -0300] "GET /cormun/servlet/solicitudot?944e7f293973231495e81d586165cb4f9c234781646c625ad6b3f08d532eae240e44fc134b8d4ca45f91a39e3a8b7cb6,gx-no-cache=1520001137997 HTTP/1.1" 200 30
186.103.159.189 - - [02/Mar/2018:11:33:08 -0300] "POST /cormun/servlet/solicitudot?gx-no-cache=1520001141370 HTTP/1.1" 200 1318
186.103.159.189 - - [02/Mar/2018:11:33:09 -0300] "POST /cormun/servlet/solicitudot?gx-no-cache=1520001141505 HTTP/1.1" 200 1218
186.103.159.189 - - [02/Mar/2018:11:33:09 -0300] "GET /cormun/static/menuarrow.gif HTTP/1.1" 404 1015
186.103.159.189 - - [02/Mar/2018:11:33:11 -0300] "POST /cormun/servlet/solicitudot?gx-no-cache=1520001143665 HTTP/1.1" 200 1318
186.103.159.189 - - [02/Mar/2018:11:33:11 -0300] "POST /cormun/servlet/solicitudot?gx-no-cache=1520001143765 HTTP/1.1" 200 1218
186.103.159.46 - - [02/Mar/2018:11:33:12 -0300] "GET /cormun/servlet/solicitudot?7f039c20466c91efbcbc463eee7aafc0322788917574196a774795de3ca54b3db447549a34101297a8844f0c07b4a0fc,gx-no-cache=1520001144071 HTTP/1.1" 200 30
186.103.159.46 - - [02/Mar/2018:11:33:12 -0300] "POST /cormun/servlet/solicitudot?gx-no-cache=1520001144159 HTTP/1.1" 200 30
186.103.159.189 - - [02/Mar/2018:11:33:12 -0300] "GET /cormun/servlet/solicitudot?363b9809dfbc80e02e664e41df26ad3a1c2a4075ad42e5533dbc4ff72dde229f1411659b933e7a555fbcdd3256b208cb,gx-no-cache=1520001145025 HTTP/1.1" 200 30
186.103.159.188 - - [02/Mar/2018:11:33:12 -0300] "GET /cormun/servlet/trsolicitudot? HTTP/1.1" 200 7386
186.103.159.188 - - [02/Mar/2018:11:33:13 -0300] "GET /cormun/servlet/trsolicitudot? HTTP/1.1" 200 7386
200.112.3.74 - - [02/Mar/2018:11:33:15 -0300] "POST /cormun/servlet/solicitudot?gx-no-cache=1520001148444 HTTP/1.1" 200 30
200.112.3.74 - - [02/Mar/2018:11:33:20 -0300] "POST /cormun/servlet/solicitudot?c1e80ee34a237310212969a688f35c23,INS,0,0,,gx-no-cache=1520001152907 HTTP/1.1" 200 93
200.112.3.74 - - [02/Mar/2018:11:33:20 -0300] "GET /cormun/servlet/hpexe_return? HTTP/1.1" 200 994
200.112.3.74 - - [02/Mar/2018:11:33:21 -0300] "GET /cormun/servlet/trsolicitudot HTTP/1.1" 200 9661
200.112.3.74 - - [02/Mar/2018:11:33:21 -0300] "GET /cormun/servlet/trsolicitudot HTTP/1.1" 200 9657
186.67.203.186 - - [02/Mar/2018:11:33:22 -0300] "GET /cormun/servlet/trautorizarsolicitud? HTTP/1.1" 200 8667
186.103.159.188 - - [02/Mar/2018:11:33:23 -0300] "GET /cormun/static/menuarrow.gif HTTP/1.1" 404 1015
186.67.203.186 - - [02/Mar/2018:11:33:23 -0300] "GET /cormun/servlet/trautorizarsolicitud? HTTP/1.1" 200 8666
186.103.159.189 - - [02/Mar/2018:11:33:25 -0300] "POST /cormun/servlet/solicitudot?gx-no-cache=1520001158319 HTTP/1.1" 200 30
192.168.10.89 - - [02/Mar/2018:11:33:26 -0300] "POST /cormun/servlet/trsolicitudgral?696ccc6fe12cc70b501325ad69b83072,,gx-no-cache=1520001046652 HTTP/1.1" 200 7628
186.103.159.46 - - [02/Mar/2018:11:33:27 -0300] "POST /cormun/servlet/solicitudot?7acd2dcdd00efe25ca2a737af88cbb05,INS,0,0,,gx-no-cache=1520001159388 HTTP/1.1" 200 11664
200.112.3.74 - - [02/Mar/2018:11:33:31 -0300] "GET /cormun/servlet/solicitudot?INS,0,0, HTTP/1.1" 200 13439
200.112.3.74 - - [02/Mar/2018:11:33:31 -0300] "GET /cormun/servlet/solicitudot?INS,0,0, HTTP/1.1" 200 13444
200.112.3.74 - - [02/Mar/2018:11:33:33 -0300] "GET /cormun/servlet/prfichaempleado?,MD,,gxPopupLevel%3D0%3B HTTP/1.1" 200 9329
200.112.3.74 - - [02/Mar/2018:11:33:42 -0300] "POST /cormun/servlet/prfichaempleado?c1e80ee34a237310212969a688f35c23,,MD,,gxPopupLevel%3D0%3B,gx-no-cache=1520001174925 HTTP/1.1" 200 3412
200.112.3.74 - - [02/Mar/2018:11:33:45 -0300] "POST /cormun/servlet/solicitudot?gx-no-cache=1520001178278 HTTP/1.1" 200 3419
200.112.3.74 - - [02/Mar/2018:11:33:46 -0300] "POST /cormun/servlet/solicitudot?c1e80ee34a237310212969a688f35c23,INS,0,0,,gx-no-cache=1520001178757 HTTP/1.1" 200 10384
200.112.3.74 - - [02/Mar/2018:11:33:46 -0300] "GET /cormun/servlet/solicitudot?944e7f293973231495e81d586165cb4fb27a13ab4f95d1e46a27f3ccf39690c253e61be2bfe58edb3e6f298442afbdd6,gx-no-cache=1520001179357 HTTP/1.1" 200 30
200.112.3.74 - - [02/Mar/2018:11:33:46 -0300] "GET /cormun/servlet/solicitudot?944e7f293973231495e81d586165cb4fc2d891755c39ae859ff2407c14a94fd0ee48feb905640a43c4800bcae863199c45f90e7dbff8ff01e49abb14455b28c5,gx-no-cache=1520001179484 HTTP/1.1" 200 30
200.112.3.74 - - [02/Mar/2018:11:33:46 -0300] "GET /cormun/servlet/solicitudot?944e7f293973231495e81d586165cb4f00ce9ab3899905b185020abf910803df,gx-no-cache=1520001179605 HTTP/1.1" 200 53
200.112.3.74 - - [02/Mar/2018:11:33:50 -0300] "POST /cormun/servlet/solicitudot?gx-no-cache=1520001183727 HTTP/1.1" 200 255
200.112.3.74 - - [02/Mar/2018:11:33:51 -0300] "GET /cormun/servlet/solicitudot?944e7f293973231495e81d586165cb4f4af9b7fe8d1c530a0a4b19a31efbcf14fc65daa8cb1f00d5b4b4482dc19208a945fe099f8328637570cc6977206ade6480c35e2ffaec55ea00b1ecafb0f0cce24ca9ca6539c7ce7a8a53474053be63448c179182b13a8e1dbb272f3533f6e83b690cd308f9b8bb0b95c53623e83242002a17a0f6dcbad9030e8b34b9a0a711dca263d20989adeb9a31620e10cad967fee1b372a70645b2a3657b40e4c76dcdc06a9e2368ef484528dbc1040893760e519bb7518f0e52d02def90919f6899beda3a60052c32532ac3dcfbfaea3f154a7b9e5eae6689128f9e51b294d7a121fb09cc0168b6df098965f81d8b02f2c944d47bd90e2055c5bc356e9e022cc86824bfb279e11ce8402faa260200ff91e93ad8e030c02f89e016536970de8e68ca45dd346e7ef0a25f7b8a235a5c82a80759ca98e840ca98e5977b7e7624f228b80aaa98c08997082d4d63ef52e468a25046fc82d9c8f4039a52e259849866af566285060b8d3b1e7368c58c167b503f2825b0,gx-no-cache=1520001183881 HTTP/1.1" 200 30
186.103.159.189 - - [02/Mar/2018:11:33:51 -0300] "POST /cormun/servlet/solicitudot?0c7e55f8da2a3bfeea22d219f3625c89,INS,0,0,,gx-no-cache=1520001183192 HTTP/1.1" 200 93
186.103.159.189 - - [02/Mar/2018:11:33:51 -0300] "GET /cormun/servlet/hpexe_return? HTTP/1.1" 200 1005
186.103.159.189 - - [02/Mar/2018:11:33:52 -0300] "GET /cormun/servlet/trsolicitudot HTTP/1.1" 200 8568
186.103.159.189 - - [02/Mar/2018:11:33:53 -0300] "GET /cormun/servlet/trsolicitudot HTTP/1.1" 200 8564
200.112.3.74 - - [02/Mar/2018:11:33:54 -0300] "POST /cormun/servlet/solicitudot?gx-no-cache=1520001186831 HTTP/1.1" 200 30
200.112.3.74 - - [02/Mar/2018:11:33:55 -0300] "POST /cormun/servlet/solicitudot?gx-no-cache=1520001188151 HTTP/1.1" 200 1337
200.112.3.74 - - [02/Mar/2018:11:33:55 -0300] "POST /cormun/servlet/solicitudot?gx-no-cache=1520001188317 HTTP/1.1" 200 38
200.112.3.74 - - [02/Mar/2018:11:33:55 -0300] "GET /cormun/servlet/solicitudot?944e7f293973231495e81d586165cb4f43b79bac41e45e3e9037d52832ea9d6fb71a08379e2f8de0a832f07f993ff4ca16bf842a222d9c0cde460604587e6f7f87273e28b84920892341d9fe35cc889abb0c3028824f4bfac946394d16b507173c105646b4745e8c0f05c590a6f0b9d2c7f6cf28ae3c5abab3aa2280e4dd4782ae8a1ea62c0394bb4d003b131af29e9f15ab1257f7d93ee4505b77472ac052a1,gx-no-cache=1520001188457 HTTP/1.1" 200 29
200.112.3.74 - - [02/Mar/2018:11:33:55 -0300] "POST /cormun/servlet/solicitudot?gx-no-cache=1520001188571 HTTP/1.1" 200 1319
200.112.3.74 - - [02/Mar/2018:11:33:56 -0300] "POST /cormun/servlet/solicitudot?gx-no-cache=1520001188815 HTTP/1.1" 200 1219
200.112.3.74 - - [02/Mar/2018:11:34:01 -0300] "POST /cormun/servlet/solicitudot?gx-no-cache=1520001193319 HTTP/1.1" 200 30
200.112.3.74 - - [02/Mar/2018:11:34:01 -0300] "POST /cormun/servlet/solicitudot?gx-no-cache=1520001194082 HTTP/1.1" 200 1336
200.112.3.74 - - [02/Mar/2018:11:34:01 -0300] "POST /cormun/servlet/solicitudot?gx-no-cache=1520001194448 HTTP/1.1" 200 38
200.112.3.74 - - [02/Mar/2018:11:34:05 -0300] "POST /cormun/servlet/solicitudot?gx-no-cache=1520001198058 HTTP/1.1" 200 1318
200.112.3.74 - - [02/Mar/2018:11:34:05 -0300] "POST /cormun/servlet/solicitudot?gx-no-cache=1520001198270 HTTP/1.1" 200 1219
200.112.3.74 - - [02/Mar/2018:11:34:05 -0300] "GET /cormun/static/menuarrow.gif HTTP/1.1" 404 1015
200.112.3.74 - - [02/Mar/2018:11:34:07 -0300] "POST /cormun/servlet/solicitudot?gx-no-cache=1520001199692 HTTP/1.1" 200 1318
186.103.159.189 - - [02/Mar/2018:11:34:07 -0300] "GET /cormun/servlet/solicitudot?INS,0,0, HTTP/1.1" 200 13416
200.112.3.74 - - [02/Mar/2018:11:34:07 -0300] "POST /cormun/servlet/solicitudot?gx-no-cache=1520001199940 HTTP/1.1" 200 1219
186.103.159.189 - - [02/Mar/2018:11:34:08 -0300] "GET /cormun/servlet/solicitudot?INS,0,0, HTTP/1.1" 200 13421
200.112.3.74 - - [02/Mar/2018:11:34:08 -0300] "GET /cormun/servlet/solicitudot?944e7f293973231495e81d586165cb4f9c234781646c625ad6b3f08d532eae240e44fc134b8d4ca45f91a39e3a8b7cb6,gx-no-cache=1520001201535 HTTP/1.1" 200 30
186.103.159.46 - - [02/Mar/2018:11:34:10 -0300] "GET /cormun/servlet/solicitudot?7f039c20466c91efbcbc463eee7aafc0a5020417fa15c389e729c54191e6803f48939e4488cbdd90faa81f07355afccf,gx-no-cache=1520001201925 HTTP/1.1" 200 30
186.103.159.46 - - [02/Mar/2018:11:34:10 -0300] "GET /cormun/servlet/solicitudot?7f039c20466c91efbcbc463eee7aafc07dd747bd6c68d65e030abfa7347f45d65939473e44e97293147f7711f889328c75b847df9cbba53dbd174cd8fffe62dcfde404f82537ad92aa73b4b12cc3910b57c6d9daa35931ced71b0de7a7361bdf9f83a340d3b95050333536d704f94b1b853e49a3a4f7ca83d83a3a4cf4aeba51458f7295233b7aebc4910230ad5393630bf5185425721475c2b9f93d7aa29b933e24d487bf88f0e701c564cd5640e9e861a0c4b243a0a3e1e5d5a74f42eaea5b1e4d7928f670a8b24eb11a19a7c40dfa861cb1760fe200d27021a97d2fc9090b66302f680d4860d5245c5214ac9fe7aa276d75505b9c695d8be6098b9394d894a4dd457ab9ba69b89add736d129a1f4e91c75ec7c1ee80f25a16064ee9b20bb5a230121a0654ecbbd2de824b48ecd5e2a594600ee68f17c661ece4595bfb1661464e40416f3d9f66dc7d94f922102169,gx-no-cache=1520001202025 HTTP/1.1" 200 30
186.103.159.46 - - [02/Mar/2018:11:34:10 -0300] "POST /cormun/servlet/solicitudot?gx-no-cache=1520001202395 HTTP/1.1" 200 30
186.103.159.46 - - [02/Mar/2018:11:34:10 -0300] "POST /cormun/servlet/solicitudot?gx-no-cache=1520001202488 HTTP/1.1" 200 310
186.103.159.46 - - [02/Mar/2018:11:34:10 -0300] "POST /cormun/servlet/solicitudot?gx-no-cache=1520001202629 HTTP/1.1" 200 41
186.103.159.46 - - [02/Mar/2018:11:34:11 -0300] "POST /cormun/servlet/solicitudot?gx-no-cache=1520001202720 HTTP/1.1" 200 289
186.103.159.189 - - [02/Mar/2018:11:34:11 -0300] "GET /cormun/servlet/prfichaempleado?,MD,,gxPopupLevel%3D0%3B HTTP/1.1" 200 9307
186.103.159.46 - - [02/Mar/2018:11:34:11 -0300] "GET /cormun/servlet/solicitudot?bd98dd4444ca889d66da39b13ab82f4d5c53778a8e93ac51dbfd510b8ebb0ab1946208bff681d8e460425efe8d0858e921dbdaa64628c8321b7ce5da6530cf7b595c6918e73d10f24507e11331611684b7526355faabfd41ac8ae6892441906e77714cef2bc788f72d30e593550cc24c6c72b9d42460c546383e2b9c2b262909be979bdfd118fd9267b4d6640906048f7d9d8e4d5709dc8ffa0aec439fe4d54a5f04de48581b14b0bdf9212b488cc583a97d08608f55f77bae31d35303ba3786b5efb1032285fde3729b9e56c90e4e133621f58877387302433277b5144fdbaec7ddb61c7e1f9c5dd492874b905628c075081c2f8dcec690bff6e009eb0b91fe10669ccd04cba0d66882b1bfa16d864e2c44e3abca37487b724ee7214de5c1fe96aae8150480682edd3ef87d0266fdfd3dc800b100c4ddac11d4973f7730434bac93f1c0cdd17176891f459b901c4bc2d4241d0c5ecd9943797738044d3132635fc936eae7a9b2011469198d1d00a71aaab785060a5366da6b51e77e63ccd1d5d30883eb1c509f12a125dfa568cf791ca4f6908f716a656e947c3d212a0b31d2,gx-no-cache=1520001202843 HTTP/1.1" 200 175
186.103.159.46 - - [02/Mar/2018:11:34:11 -0300] "GET /cormun/servlet/solicitudot?7f039c20466c91efbcbc463eee7aafc0322788917574196a774795de3ca54b3db447549a34101297a8844f0c07b4a0fc,gx-no-cache=1520001203218 HTTP/1.1" 200 30
186.103.159.46 - - [02/Mar/2018:11:34:11 -0300] "POST /cormun/servlet/solicitudot?gx-no-cache=1520001203274 HTTP/1.1" 200 30
186.103.159.46 - - [02/Mar/2018:11:34:11 -0300] "POST /cormun/servlet/solicitudot?7acd2dcdd00efe25ca2a737af88cbb05,INS,0,0,,gx-no-cache=1520001203341 HTTP/1.1" 200 10851
200.112.3.74 - - [02/Mar/2018:11:34:17 -0300] "POST /cormun/servlet/solicitudot?gx-no-cache=1520001210660 HTTP/1.1" 200 30
200.112.3.74 - - [02/Mar/2018:11:34:22 -0300] "POST /cormun/servlet/solicitudot?c1e80ee34a237310212969a688f35c23,INS,0,0,,gx-no-cache=1520001214430 HTTP/1.1" 200 93
200.112.3.74 - - [02/Mar/2018:11:34:22 -0300] "GET /cormun/servlet/hpexe_return? HTTP/1.1" 200 994
200.112.3.74 - - [02/Mar/2018:11:34:22 -0300] "GET /cormun/servlet/trsolicitudot HTTP/1.1" 200 9977
200.112.3.74 - - [02/Mar/2018:11:34:23 -0300] "GET /cormun/servlet/trsolicitudot HTTP/1.1" 200 9973
186.103.159.188 - - [02/Mar/2018:11:34:24 -0300] "GET /cormun/servlet/solicitudot?INS,0,0, HTTP/1.1" 200 13583
186.103.159.188 - - [02/Mar/2018:11:34:24 -0300] "GET /cormun/static/gxcfg.js?201812313224582 HTTP/1.1" 200 953
190.161.236.41 - - [02/Mar/2018:11:34:25 -0300] "GET /cormun/static/Resources/prompt.gif HTTP/1.1" 200 902
186.103.159.188 - - [02/Mar/2018:11:34:25 -0300] "GET /cormun/static/solicitudot.js?201812313224831 HTTP/1.1" 200 72336
191.126.135.18 - - [02/Mar/2018:11:34:25 -0300] "POST /cormun/servlet/trsolicitudot?b3837bfe18221220b680a613c25e08fa,gx-no-cache=1520001216246 HTTP/1.1" 200 4688
186.103.159.188 - - [02/Mar/2018:11:34:25 -0300] "GET /cormun/servlet/solicitudot?INS,0,0, HTTP/1.1" 200 13588
191.126.135.18 - - [02/Mar/2018:11:34:25 -0300] "POST /cormun/servlet/trsolicitudot?b3837bfe18221220b680a613c25e08fa,gx-no-cache=1520001216842 HTTP/1.1" 200 4453
200.112.3.74 - - [02/Mar/2018:11:34:29 -0300] "GET /cormun/servlet/solicitudot?INS,0,0, HTTP/1.1" 200 13439
191.126.135.18 - - [02/Mar/2018:11:34:29 -0300] "GET /cormun/servlet/trautorizarsolicitud? HTTP/1.1" 200 25024
200.112.3.74 - - [02/Mar/2018:11:34:29 -0300] "GET /cormun/servlet/solicitudot?INS,0,0, HTTP/1.1" 200 13444
191.126.135.18 - - [02/Mar/2018:11:34:30 -0300] "GET /cormun/servlet/trautorizarsolicitud? HTTP/1.1" 200 25023
186.103.159.189 - - [02/Mar/2018:11:34:31 -0300] "POST /cormun/servlet/prfichaempleado?0c7e55f8da2a3bfeea22d219f3625c89,,MD,,gxPopupLevel%3D0%3B,gx-no-cache=1520001223638 HTTP/1.1" 200 3415
200.112.3.74 - - [02/Mar/2018:11:34:33 -0300] "GET /cormun/servlet/prfichaempleado?,MD,,gxPopupLevel%3D0%3B HTTP/1.1" 200 9329
186.103.159.189 - - [02/Mar/2018:11:34:35 -0300] "POST /cormun/servlet/solicitudot?gx-no-cache=1520001227491 HTTP/1.1" 200 3414
186.103.159.189 - - [02/Mar/2018:11:34:35 -0300] "POST /cormun/servlet/solicitudot?0c7e55f8da2a3bfeea22d219f3625c89,INS,0,0,,gx-no-cache=1520001227776 HTTP/1.1" 200 10385
186.103.159.189 - - [02/Mar/2018:11:34:35 -0300] "GET /cormun/servlet/solicitudot?363b9809dfbc80e02e664e41df26ad3a6bceb0957b2f3ac444298885b42790af9794b8e4d4d1dee1cf5d48bee3bf32fe,gx-no-cache=1520001228193 HTTP/1.1" 200 30
191.126.135.18 - - [02/Mar/2018:11:34:39 -0300] "POST /cormun/servlet/trautorizarsolicitud?b3837bfe18221220b680a613c25e08fa,,gx-no-cache=1520001230340 HTTP/1.1" 200 5863
191.126.135.18 - - [02/Mar/2018:11:34:41 -0300] "POST /cormun/servlet/trautorizarsolicitud?b3837bfe18221220b680a613c25e08fa,,gx-no-cache=1520001232474 HTTP/1.1" 200 5607
191.126.135.18 - - [02/Mar/2018:11:34:41 -0300] "GET /cormun/static/Shared/jqueryui/images/ui-bg_highlight-soft_100_c6c2c8_1x100.png HTTP/1.1" 404 1117
191.126.135.18 - - [02/Mar/2018:11:34:41 -0300] "GET /cormun/static/Shared/jqueryui/images/ui-icons_8d78a5_256x240.png HTTP/1.1" 404 1089
191.126.135.18 - - [02/Mar/2018:11:34:41 -0300] "GET /cormun/static/Shared/jqueryui/images/ui-bg_flat_55_fafafa_40x100.png HTTP/1.1" 404 1097
191.126.135.18 - - [02/Mar/2018:11:34:41 -0300] "GET /cormun/static/Shared/jqueryui/images/ui-icons_82798d_256x240.png HTTP/1.1" 404 1089
191.126.135.18 - - [02/Mar/2018:11:34:41 -0300] "POST /cormun/servlet/trautorizarsolicitud?b3837bfe18221220b680a613c25e08fa,,gx-no-cache=1520001232759 HTTP/1.1" 200 5551
186.103.159.189 - - [02/Mar/2018:11:34:42 -0300] "GET /cormun/servlet/solicitudot?363b9809dfbc80e02e664e41df26ad3a72f668f6b35c2160b8f34fa719d3e1b1a1a7c1a5526e4e7ae92538195ae82d21ba1aac4680a000f3e08ea3de0a602c2f,gx-no-cache=1520001234587 HTTP/1.1" 200 30
186.103.159.189 - - [02/Mar/2018:11:34:42 -0300] "GET /cormun/servlet/solicitudot?363b9809dfbc80e02e664e41df26ad3adc1af498e38510a30c23ff96688a91b8,gx-no-cache=1520001234677 HTTP/1.1" 200 53
186.103.159.189 - - [02/Mar/2018:11:34:42 -0300] "POST /cormun/servlet/solicitudot?gx-no-cache=1520001234722 HTTP/1.1" 200 255
186.103.159.189 - - [02/Mar/2018:11:34:42 -0300] "GET /cormun/servlet/solicitudot?363b9809dfbc80e02e664e41df26ad3a43442210c4f2f987223af1ac6dd40607fb7175ef0271559a0fcb111be203db0ab82440eb7f0432116aec4a2be242df70fc0d5276fc0622512788a4ed80443d4bf53fbae870cfeb0fb16f633d49500bdc31cca5595bba1bd87271fd2bc5e6cc4c8894fe61bd5da1186e29ab91a96e5bd12252f48550c7762c1d5fdbc11843a06ba2df98a18d72f7c7a2cf6005e6c0c8d7d9e759cf3f9749054946a7343f83ba41081ba5e257974a865d156cfc05ea7100d0b4461534047688b827a9b72b201cd0dec6911cbacbcfc95f93869308c6914719601ded0dd571d51cdb12ff838036af5d6c1b831534a2c8181f042ff0a5e7ab279f62eda22fafa68a54f63184701cba5b6c14c39c14c2c87e39415b714ed11c3b7641c3e215fd24d648b3e7cbafe4707861b60aab7ae4932c5c9224a3e01c124cb02ad0ccbd65a5ae3e11735b11a4fa558b667598a1d6bb800f1ef8f423266d8e34e231a67d2127ca0043eaaa36a880ea233d49ebc8f7e69f7c1e4e77b2f494,gx-no-cache=1520001234879 HTTP/1.1" 200 30
191.126.135.18 - - [02/Mar/2018:11:34:43 -0300] "POST /cormun/servlet/trautorizarsolicitud?b3837bfe18221220b680a613c25e08fa,,gx-no-cache=1520001234112 HTTP/1.1" 200 4347
191.126.135.18 - - [02/Mar/2018:11:34:43 -0300] "POST /cormun/servlet/trautorizarsolicitud?b3837bfe18221220b680a613c25e08fa,,gx-no-cache=1520001234486 HTTP/1.1" 200 4114
186.103.159.46 - - [02/Mar/2018:11:34:44 -0300] "GET /cormun/servlet/solicitudot?7f039c20466c91efbcbc463eee7aafc01c86377b1b6b239412b84592b9b8f5f2dc7b3d855c1e0f96e7b87a797915c8a7,gx-no-cache=1520001236602 HTTP/1.1" 200 30
186.103.159.46 - - [02/Mar/2018:11:34:44 -0300] "POST /cormun/servlet/solicitudot?gx-no-cache=1520001236711 HTTP/1.1" 200 296
186.103.159.46 - - [02/Mar/2018:11:34:45 -0300] "GET /cormun/servlet/solicitudot?7f039c20466c91efbcbc463eee7aafc07dd747bd6c68d65e030abfa7347f45d65939473e44e97293147f7711f889328c75b847df9cbba53dbd174cd8fffe62dcfde404f82537ad92aa73b4b12cc3910b57c6d9daa35931ced71b0de7a7361bdf9f83a340d3b95050333536d704f94b1b853e49a3a4f7ca83d83a3a4cf4aeba51458f7295233b7aebc4910230ad5393630bf5185425721475c2b9f93d7aa29b933e24d487bf88f0e701c564cd5640e9e861a0c4b243a0a3e1e5d5a74f42eaea5b1e4d7928f670a8b24eb11a19a7c40dfa861cb1760fe200d27021a97d2fc9090b66302f680d4860d5245c5214ac9fe7aa276d75505b9c695d8be6098b9394d894a4dd457ab9ba69b89add736d129a1f4e8644e5dff76ff501751cb9327357def05c41a57996408462af50f295b36e11ecc8f5e21d061b53084418d206cebbad83e86605d1166d41f31e9229986c265c72bc2bccfd17987ddaa764d1de0dc3048570f36828bc40e4bfb19253d4c089cd43401dde2f7d403b85f9c4b460a2ba72711a8ced0fdf5d656d775befa14353d090,gx-no-cache=1520001236819 HTTP/1.1" 200 30
191.126.135.18 - - [02/Mar/2018:11:34:45 -0300] "GET /cormun/servlet/trsolicitudot? HTTP/1.1" 200 7470
191.126.135.18 - - [02/Mar/2018:11:34:45 -0300] "GET /cormun/servlet/trsolicitudot? HTTP/1.1" 200 7469
186.103.159.189 - - [02/Mar/2018:11:34:46 -0300] "POST /cormun/servlet/solicitudot?gx-no-cache=1520001238820 HTTP/1.1" 200 30
190.161.236.41 - - [02/Mar/2018:11:34:46 -0300] "POST /cormun/servlet/solicitudot?gx-no-cache=1520001240458 HTTP/1.1" 200 3293
190.161.236.41 - - [02/Mar/2018:11:34:46 -0300] "POST /cormun/servlet/solicitudot?1051c3480aa5bc6af9623672af76b67c,INS,0,0,,gx-no-cache=1520001240799 HTTP/1.1" 200 10444
190.161.236.41 - - [02/Mar/2018:11:34:49 -0300] "GET /cormun/servlet/solicitudot?eaedaf59c56fee6494df74aaf17263c0a7eab03d8be88303a5457ef53ecf82487742be4e9bac6423c466301e17168992,gx-no-cache=1520001243222 HTTP/1.1" 200 111
190.161.236.41 - - [02/Mar/2018:11:34:49 -0300] "GET /cormun/static/Shared/jqueryui/images/ui-bg_highlight-soft_100_c6c2c8_1x100.png HTTP/1.1" 404 1117
186.103.159.188 - - [02/Mar/2018:11:34:49 -0300] "GET /cormun/static/Shared/jqueryui/images/ui-icons_82798d_256x240.png HTTP/1.1" 404 1089
190.161.236.41 - - [02/Mar/2018:11:34:49 -0300] "GET /cormun/static/Shared/jqueryui/images/ui-bg_flat_55_994d53_40x100.png HTTP/1.1" 404 1097
190.161.236.41 - - [02/Mar/2018:11:34:49 -0300] "GET /cormun/static/Shared/jqueryui/images/ui-icons_ebccce_256x240.png HTTP/1.1" 404 1089
200.112.3.74 - - [02/Mar/2018:11:34:50 -0300] "POST /cormun/servlet/prfichaempleado?c1e80ee34a237310212969a688f35c23,,MD,,gxPopupLevel%3D0%3B,gx-no-cache=1520001243061 HTTP/1.1" 200 3177
186.103.159.189 - - [02/Mar/2018:11:34:51 -0300] "POST /cormun/servlet/solicitudot?gx-no-cache=1520001243722 HTTP/1.1" 200 1337
186.103.159.189 - - [02/Mar/2018:11:34:51 -0300] "POST /cormun/servlet/solicitudot?gx-no-cache=1520001243835 HTTP/1.1" 200 38
186.103.159.46 - - [02/Mar/2018:11:34:52 -0300] "POST /cormun/servlet/solicitudot?gx-no-cache=1520001244049 HTTP/1.1" 200 30
186.67.172.234 - - [02/Mar/2018:11:34:59 -0300] "POST /cormun/servlet/trsolicitudot?8db89f84cb72e9d4d0c5d05e34b2681b,gx-no-cache=1520000398896,gx-no-cache=1520001203627 HTTP/1.1" 200 106
186.67.172.234 - - [02/Mar/2018:11:34:59 -0300] "GET /cormun/servlet/solicitudot?UPD,2018,9852, HTTP/1.1" 200 15453
186.67.172.234 - - [02/Mar/2018:11:35:00 -0300] "GET /cormun/servlet/solicitudot?UPD,2018,9852, HTTP/1.1" 200 15441
186.67.172.234 - - [02/Mar/2018:11:35:00 -0300] "POST /cormun/servlet/solicitudot?gx-no-cache=1520001204937 HTTP/1.1" 200 3430
186.67.172.234 - - [02/Mar/2018:11:35:00 -0300] "POST /cormun/servlet/solicitudot?8db89f84cb72e9d4d0c5d05e34b2681b,UPD,2018,9852,,gx-no-cache=1520001205235 HTTP/1.1" 200 11735
186.67.172.234 - - [02/Mar/2018:11:35:00 -0300] "GET /cormun/servlet/solicitudot?eddcb122a7263aec1b155afe36dd595e7e7248ae1b05a7dd1ef559fa0638d05c6bc7e6cac1609e97c50caff489a43b39,gx-no-cache=1520001205485 HTTP/1.1" 200 30
186.67.172.234 - - [02/Mar/2018:11:35:01 -0300] "GET /cormun/servlet/solicitudot?eddcb122a7263aec1b155afe36dd595e6eb71d584185b00c41614ece6d7f39dc7d4540572a43d858b056079e96f18bfa68693902d4e9574a9f4d933502fa1edd,gx-no-cache=1520001205538 HTTP/1.1" 200 30
186.67.172.234 - - [02/Mar/2018:11:35:01 -0300] "GET /cormun/servlet/solicitudot?eddcb122a7263aec1b155afe36dd595e68fa713a1316c39e83f44a93ce6d9319dacf60760f46506ec4750e4e85e66009e95acb37a8bd5bacf83b24f140bf98c4,gx-no-cache=1520001205608 HTTP/1.1" 200 53
186.67.172.234 - - [02/Mar/2018:11:35:01 -0300] "POST /cormun/servlet/solicitudot?gx-no-cache=1520001205662 HTTP/1.1" 200 297
186.67.172.234 - - [02/Mar/2018:11:35:01 -0300] "GET /cormun/servlet/solicitudot?eddcb122a7263aec1b155afe36dd595eb35b8473049d0faf7003d6d02c7cff0271a6b7311dd9a228bbc0be216174025f0ddc63075b8da140b401490783c99c56c3bee3d59d9e685bddaeff9b538a8292efa9e17b785adb7a4db19568e98af02683c13544b7e287a674b266ba5b1f5e69be9b5c52c8b298b2ca5bfc8626ae87a4e31b8245289b51302fe4a2bb6dc44b2640e3c9ba8321efafc98c34d191f1ce6a40a2191a2df1770e4d217612e530a22955c9e4a31c1819b3c3afc0994def71436861aeaf1cac67eecf9ec3fc44286b962a2138b8a23830de1215bce5375f61bd00a570ce0dcb3487c626714ecd1bba90e44382075b42f7ab15e1c80c3b3eec0ba04457337336839043656ecf2957527405f2081bb2cd3c1a21e9ef745b08ec5389b39e2f7b5ce8b26877762b957066e5f9b7f5b007ea34384f0b69db21e20a0a4ad935aeaf1e0a968eaa6e37bc1985a9ea489782b4dedec3b92b0e0ea923282861e66c3306e6b3ad1998bb20a2c167c381bd0acbcef86e7ec5cc0603ac45829f962e865c29a75c4975a328ed7b63e078,gx-no-cache=1520001205769 HTTP/1.1" 200 30
186.67.172.234 - - [02/Mar/2018:11:35:01 -0300] "POST /cormun/servlet/solicitudot?gx-no-cache=1520001205822 HTTP/1.1" 200 30
186.67.172.234 - - [02/Mar/2018:11:35:01 -0300] "POST /cormun/servlet/solicitudot?gx-no-cache=1520001205917 HTTP/1.1" 200 1336
186.67.172.234 - - [02/Mar/2018:11:35:01 -0300] "POST /cormun/servlet/solicitudot?gx-no-cache=1520001206008 HTTP/1.1" 200 41
186.103.159.189 - - [02/Mar/2018:11:35:01 -0300] "GET /cormun/servlet/solicitudot?363b9809dfbc80e02e664e41df26ad3a812b65006d3186aac0e5177ae100856a1ed4f6bca0769ef2d905e19d3cc30713d8bf4b8a1a66dfa40a2828561488c96ccb57a978897859e7945ae1d6862f1d64a2c66b697a20189288c04987b1ee40de98c78ff2c827f885e78f118891412f77ac134bc243f9f21000666e4571897b4f7e3c47bed8d5916c088d0e8164bfbd465ec3dabe7ae9086c552a4b3fd199f93d,gx-no-cache=1520001254172 HTTP/1.1" 200 29
186.103.159.189 - - [02/Mar/2018:11:35:01 -0300] "POST /cormun/servlet/solicitudot?gx-no-cache=1520001254216 HTTP/1.1" 200 1318
186.103.159.189 - - [02/Mar/2018:11:35:01 -0300] "POST /cormun/servlet/solicitudot?gx-no-cache=1520001254337 HTTP/1.1" 200 1218
186.103.159.189 - - [02/Mar/2018:11:35:01 -0300] "GET /cormun/static/menuarrow.gif HTTP/1.1" 404 1015
200.112.3.74 - - [02/Mar/2018:11:35:07 -0300] "POST /cormun/servlet/prfichaempleado?c1e80ee34a237310212969a688f35c23,,MD,,gxPopupLevel%3D0%3B,gx-no-cache=1520001260144 HTTP/1.1" 200 3407
200.111.122.170 - - [02/Mar/2018:11:35:09 -0300] "GET /cormun/servlet/trvisualizadoreventos? HTTP/1.1" 200 7310
186.103.159.189 - - [02/Mar/2018:11:35:09 -0300] "POST /cormun/servlet/solicitudot?gx-no-cache=1520001261807 HTTP/1.1" 200 1318
186.103.159.189 - - [02/Mar/2018:11:35:09 -0300] "POST /cormun/servlet/solicitudot?gx-no-cache=1520001261930 HTTP/1.1" 200 1218
200.111.122.170 - - [02/Mar/2018:11:35:09 -0300] "GET /cormun/servlet/trvisualizadoreventos? HTTP/1.1" 200 7310
190.46.88.54 - - [02/Mar/2018:11:35:10 -0300] "GET /cormun/servlet/hlogin HTTP/1.1" 200 1720
191.126.135.18 - - [02/Mar/2018:11:35:10 -0300] "POST /cormun/servlet/trsolicitudot?b3837bfe18221220b680a613c25e08fa,,gx-no-cache=1520001261168 HTTP/1.1" 200 11069
186.103.159.188 - - [02/Mar/2018:11:35:10 -0300] "POST /cormun/servlet/solicitudot?gx-no-cache=1520001264806 HTTP/1.1" 200 3420
186.103.159.46 - - [02/Mar/2018:11:35:11 -0300] "POST /cormun/servlet/solicitudot?gx-no-cache=1520001262805 HTTP/1.1" 200 310
186.103.159.46 - - [02/Mar/2018:11:35:11 -0300] "POST /cormun/servlet/solicitudot?gx-no-cache=1520001262966 HTTP/1.1" 200 41
186.103.159.46 - - [02/Mar/2018:11:35:11 -0300] "POST /cormun/servlet/solicitudot?gx-no-cache=1520001263065 HTTP/1.1" 200 289
186.103.159.46 - - [02/Mar/2018:11:35:11 -0300] "GET /cormun/servlet/solicitudot?bd98dd4444ca889d66da39b13ab82f4d5c53778a8e93ac51dbfd510b8ebb0ab1946208bff681d8e460425efe8d0858e921dbdaa64628c8321b7ce5da6530cf7b595c6918e73d10f24507e11331611684b7526355faabfd41ac8ae6892441906e77714cef2bc788f72d30e593550cc24c6c72b9d42460c546383e2b9c2b262909be979bdfd118fd9267b4d6640906048f7d9d8e4d5709dc8ffa0aec439fe4d54a5f04de48581b14b0bdf9212b488cc583a97d08608f55f77bae31d35303ba3786b5efb1032285fde3729b9e56c90e4e133621f58877387302433277b5144fdbaec7ddb61c7e1f9c5dd492874b905628c075081c2f8dcec690bff6e009eb0b91fe10669ccd04cba0d66882b1bfa16d864e2c44e3abca37487b724ee7214de5c1fe96aae8150480682edd3ef87d0266fdfd3dc800b100c4ddac11d4973f7730434bac93f1c0cdd17176891f459b901c4bc2d4241d0c5ecd9943797738044d3132635fc936eae7a9b2011469198d1d00a71aaab785060a5366da6b51e77e63ccd1d5d30883eb1c509f12a125dfa568cf791ca4f6908f716a656e947c3d212a0b31d2,gx-no-cache=1520001263153 HTTP/1.1" 200 175
186.103.159.46 - - [02/Mar/2018:11:35:11 -0300] "GET /cormun/servlet/solicitudot?7f039c20466c91efbcbc463eee7aafc0322788917574196a774795de3ca54b3db447549a34101297a8844f0c07b4a0fc,gx-no-cache=1520001263269 HTTP/1.1" 200 30
186.103.159.189 - - [02/Mar/2018:11:35:11 -0300] "GET /cormun/servlet/solicitudot?363b9809dfbc80e02e664e41df26ad3a1c2a4075ad42e5533dbc4ff72dde229f1411659b933e7a555fbcdd3256b208cb,gx-no-cache=1520001263987 HTTP/1.1" 200 30
200.112.3.74 - - [02/Mar/2018:11:35:11 -0300] "POST /cormun/servlet/solicitudot?gx-no-cache=1520001263966 HTTP/1.1" 200 3416
186.103.159.188 - - [02/Mar/2018:11:35:11 -0300] "POST /cormun/servlet/solicitudot?1051c3480aa5bc6af9623672af76b67c,INS,0,0,,gx-no-cache=1520001265173 HTTP/1.1" 200 10643
186.103.159.46 - - [02/Mar/2018:11:35:11 -0300] "POST /cormun/servlet/solicitudot?gx-no-cache=1520001263380 HTTP/1.1" 200 30
186.103.159.46 - - [02/Mar/2018:11:35:11 -0300] "POST /cormun/servlet/solicitudot?7acd2dcdd00efe25ca2a737af88cbb05,INS,0,0,,gx-no-cache=1520001263468 HTTP/1.1" 200 10871
200.112.3.74 - - [02/Mar/2018:11:35:12 -0300] "POST /cormun/servlet/solicitudot?c1e80ee34a237310212969a688f35c23,INS,0,0,,gx-no-cache=1520001264594 HTTP/1.1" 200 10381
200.112.3.74 - - [02/Mar/2018:11:35:12 -0300] "GET /cormun/servlet/solicitudot?944e7f293973231495e81d586165cb4f7ee7c830bf6047a452de917cb487afc553e61be2bfe58edb3e6f298442afbdd6,gx-no-cache=1520001265181 HTTP/1.1" 200 30
200.112.3.74 - - [02/Mar/2018:11:35:15 -0300] "GET /cormun/servlet/solicitudot?944e7f293973231495e81d586165cb4fecb679682f5840ca63157f515ecde5cb49053437e22b35749ad80bf9b9264213cd457df2a9f152000a204d01e55ca9f6,gx-no-cache=1520001268121 HTTP/1.1" 200 30
200.112.3.74 - - [02/Mar/2018:11:35:15 -0300] "GET /cormun/servlet/solicitudot?944e7f293973231495e81d586165cb4fb4ea32e693b8bd2c4212b427e0f6894e,gx-no-cache=1520001268240 HTTP/1.1" 200 51
200.112.3.74 - - [02/Mar/2018:11:35:15 -0300] "POST /cormun/servlet/solicitudot?gx-no-cache=1520001268330 HTTP/1.1" 200 255
200.112.3.74 - - [02/Mar/2018:11:35:15 -0300] "GET /cormun/servlet/solicitudot?944e7f293973231495e81d586165cb4f4af9b7fe8d1c530a0a4b19a31efbcf14fc65daa8cb1f00d5b4b4482dc19208a945fe099f8328637570cc6977206ade6480c35e2ffaec55ea00b1ecafb0f0cce24ca9ca6539c7ce7a8a53474053be63448c179182b13a8e1dbb272f3533f6e83b690cd308f9b8bb0b95c53623e83242002a17a0f6dcbad9030e8b34b9a0a711dca263d20989adeb9a31620e10cad967fee1b372a70645b2a3657b40e4c76dcdc06a9e2368ef484528dbc1040893760e519bb7518f0e52d02def90919f6899beda3a60052c32532ac3dcfbfaea3f154a7b9e5eae6689128f9e51b294d7a121fb09cc0168b6df098965f81d8b02f2c944d47bd90e2055c5bc356e9e022cc86824bfb279e11ce8402faa260200ff91e93ad8e030c02f89e016536970de8e68ca45dd346e7ef0a25f7b8a235a5c82a80759ca98e840ca98e5977b7e7624f228b80aaa98c08997082d4d63ef52e468a25046fc82d9c8f4039a52e259849866af566285060b8d3b1e7368c58c167b503f2825b0,gx-no-cache=1520001268458 HTTP/1.1" 200 30
200.112.3.74 - - [02/Mar/2018:11:35:18 -0300] "POST /cormun/servlet/solicitudot?gx-no-cache=1520001271389 HTTP/1.1" 200 30
200.111.122.170 - - [02/Mar/2018:11:35:20 -0300] "GET /cormun/static/menuarrow.gif HTTP/1.1" 404 1015
200.112.3.74 - - [02/Mar/2018:11:35:21 -0300] "POST /cormun/servlet/solicitudot?gx-no-cache=1520001274398 HTTP/1.1" 200 1337
200.112.3.74 - - [02/Mar/2018:11:35:21 -0300] "POST /cormun/servlet/solicitudot?gx-no-cache=1520001274538 HTTP/1.1" 200 38
191.126.135.18 - - [02/Mar/2018:11:35:22 -0300] "GET /cormun/static/menuarrow.gif HTTP/1.1" 404 1015
186.103.159.188 - - [02/Mar/2018:11:35:23 -0300] "GET /cormun/servlet/solicitudot?eaedaf59c56fee6494df74aaf17263c07eb59df56a31855689adb390ca3c42121862e6460b5bd0eac98d85e91d42ad88,gx-no-cache=1520001277898 HTTP/1.1" 200 30
186.103.159.188 - - [02/Mar/2018:11:35:23 -0300] "GET /cormun/servlet/solicitudot?eaedaf59c56fee6494df74aaf17263c0375fe9817929b4c0efd7c7f0f530b576dc06fb6a7ec02fa6c52c6e7061d4317fdbd4c2c8c6c4c231e227d96fb729bdd8,gx-no-cache=1520001277972 HTTP/1.1" 200 30
186.103.159.188 - - [02/Mar/2018:11:35:23 -0300] "GET /cormun/servlet/solicitudot?eaedaf59c56fee6494df74aaf17263c0ebca72e234dafeb3d0ec411d6a9c312f,gx-no-cache=1520001278002 HTTP/1.1" 200 53
186.103.159.188 - - [02/Mar/2018:11:35:23 -0300] "POST /cormun/servlet/solicitudot?gx-no-cache=1520001278054 HTTP/1.1" 200 255
186.103.159.188 - - [02/Mar/2018:11:35:23 -0300] "GET /cormun/servlet/solicitudot?eaedaf59c56fee6494df74aaf17263c0b2c4f04bdd2a6cd65b6db853f31c5cd890dae939f9d21bfe1791dd4f57d223f9adf024496b3039a6c634dc165545e8db3438a7463d84871ee31e5d3df1655427a3a1c5124e8ed50a4b824187fbc4b788cf5021a092d7ab2763ce44556a62a30d1d805de3e22f5415f7137bd19bb5e2a4f1f0b4e77217e711f472ceca5de1c7d14eb22a304364385fd9b98d072273e6e4c1d77e59143942223602f44bd38a7698e51a2faef8ea1fbea0f413e291304eefe8f2e043ddb8a636d92542de9672813ec9f874af0512eda77177b52e3c7fa8bbf82c488728a135531f95147aa53f9ef7131e7a73a3472869822f9073eaeec8ddb67acd7612bb5094056f44325c47be3bc12bd5ab6bc823f4fc6023568cae1daeed70f1ce1a1e53fd664911d0eed01add8cad0d4ffab16221aa9ed3139eacfbb1c19cf2bfc4318a23c47b4d3a469bf65ecfb28545730dbe5a707e4fa96e05f2e9fc2771b5777463133ac3e410d4d97600a92a960b51e758eca3cdc39f913a3753,gx-no-cache=1520001278108 HTTP/1.1" 200 30
186.103.159.188 - - [02/Mar/2018:11:35:24 -0300] "POST /cormun/servlet/solicitudot?gx-no-cache=1520001278154 HTTP/1.1" 200 30
186.103.159.188 - - [02/Mar/2018:11:35:24 -0300] "POST /cormun/servlet/solicitudot?gx-no-cache=1520001278206 HTTP/1.1" 200 1337
186.103.159.188 - - [02/Mar/2018:11:35:24 -0300] "POST /cormun/servlet/solicitudot?gx-no-cache=1520001278283 HTTP/1.1" 200 38
186.103.159.188 - - [02/Mar/2018:11:35:24 -0300] "GET /cormun/servlet/solicitudot?eaedaf59c56fee6494df74aaf17263c07d7db8ede830e5ab2227906fe5a7daff68dadd5750cffe0a2224c165084195c20e46b7411d0220fd94a15982585bcceb644c0195946addbfd1db400063c667ebc790b0a3c11d120592f443f2a48f800f5ff92b7e4d2db7bc7a3f500438a5dc3cc497b104b04e76f0860be44f0e06d62567dce50ac57a06eb5fd0016b5abc53559d31f844fdc888ed6b7e590b1e3918bb,gx-no-cache=1520001278362 HTTP/1.1" 200 29
186.103.159.188 - - [02/Mar/2018:11:35:24 -0300] "POST /cormun/servlet/solicitudot?gx-no-cache=1520001278439 HTTP/1.1" 200 1319
186.103.159.188 - - [02/Mar/2018:11:35:24 -0300] "POST /cormun/servlet/solicitudot?gx-no-cache=1520001278873 HTTP/1.1" 200 1218
200.112.3.74 - - [02/Mar/2018:11:35:25 -0300] "GET /cormun/servlet/solicitudot?944e7f293973231495e81d586165cb4f43b79bac41e45e3e9037d52832ea9d6fb71a08379e2f8de0a832f07f993ff4ca16bf842a222d9c0cde460604587e6f7f87273e28b84920892341d9fe35cc889abb0c3028824f4bfac946394d16b507173c105646b4745e8c0f05c590a6f0b9d2c7f6cf28ae3c5abab3aa2280e4dd4782ae8a1ea62c0394bb4d003b131af29e9f15ab1257f7d93ee4505b77472ac052a1,gx-no-cache=1520001277959 HTTP/1.1" 200 29
200.112.3.74 - - [02/Mar/2018:11:35:25 -0300] "POST /cormun/servlet/solicitudot?gx-no-cache=1520001278065 HTTP/1.1" 200 1321
200.112.3.74 - - [02/Mar/2018:11:35:26 -0300] "POST /cormun/servlet/solicitudot?gx-no-cache=1520001278294 HTTP/1.1" 200 1218
200.112.3.74 - - [02/Mar/2018:11:35:26 -0300] "GET /cormun/static/menuarrow.gif HTTP/1.1" 404 1015
200.112.3.74 - - [02/Mar/2018:11:35:27 -0300] "POST /cormun/servlet/solicitudot?gx-no-cache=1520001280560 HTTP/1.1" 200 1321
191.126.135.18 - - [02/Mar/2018:11:35:27 -0300] "POST /cormun/servlet/trsolicitudot?b3837bfe18221220b680a613c25e08fa,,gx-no-cache=1520001278476 HTTP/1.1" 200 22586
200.112.3.74 - - [02/Mar/2018:11:35:28 -0300] "POST /cormun/servlet/solicitudot?gx-no-cache=1520001280829 HTTP/1.1" 200 1218
186.103.159.188 - - [02/Mar/2018:11:35:28 -0300] "GET /cormun/static/menuarrow.gif HTTP/1.1" 404 1015
200.112.3.74 - - [02/Mar/2018:11:35:29 -0300] "GET /cormun/servlet/solicitudot?944e7f293973231495e81d586165cb4f9c234781646c625ad6b3f08d532eae240e44fc134b8d4ca45f91a39e3a8b7cb6,gx-no-cache=1520001281901 HTTP/1.1" 200 30
186.103.159.189 - - [02/Mar/2018:11:35:29 -0300] "POST /cormun/servlet/solicitudot?gx-no-cache=1520001281735 HTTP/1.1" 200 30
186.67.172.234 - - [02/Mar/2018:11:35:41 -0300] "POST /cormun/servlet/solicitudot?8db89f84cb72e9d4d0c5d05e34b2681b,UPD,2018,9852,,gx-no-cache=1520001237499 HTTP/1.1" 200 93
186.67.172.234 - - [02/Mar/2018:11:35:41 -0300] "GET /cormun/servlet/hpexe_return? HTTP/1.1" 200 1030
186.67.172.234 - - [02/Mar/2018:11:35:41 -0300] "GET /cormun/servlet/trsolicitudot?gx-no-cache=1520000398896 HTTP/1.1" 200 8826
186.67.172.234 - - [02/Mar/2018:11:35:42 -0300] "GET /cormun/servlet/trsolicitudot?gx-no-cache=1520000398896 HTTP/1.1" 200 8842
186.103.159.188 - - [02/Mar/2018:11:35:42 -0300] "GET /cormun/servlet/solicitudot?eaedaf59c56fee6494df74aaf17263c07d7db8ede830e5ab2227906fe5a7daff68dadd5750cffe0a2224c165084195c218469128b11f42f61e960c245baafa8a644c0195946addbfd1db400063c667ebc790b0a3c11d120592f443f2a48f800f5ff92b7e4d2db7bc7a3f500438a5dc3cc497b104b04e76f0860be44f0e06d62567dce50ac57a06eb5fd0016b5abc53559d31f844fdc888ed6b7e590b1e3918bb,gx-no-cache=1520001296430 HTTP/1.1" 200 29
186.103.161.206 - - [02/Mar/2018:11:35:45 -0300] "POST /cormun/servlet/trvisualizadoreventos?44e678cb187b443e56297eee994b6019,,gx-no-cache=1520001297182 HTTP/1.1" 200 4707
191.126.135.18 - - [02/Mar/2018:11:35:46 -0300] "GET /cormun/servlet/solicitudot?INS,0,0, HTTP/1.1" 200 13710
191.126.135.18 - - [02/Mar/2018:11:35:46 -0300] "GET /cormun/servlet/solicitudot?INS,0,0, HTTP/1.1" 200 13715
200.112.3.74 - - [02/Mar/2018:11:35:46 -0300] "POST /cormun/servlet/solicitudot?gx-no-cache=1520001299480 HTTP/1.1" 200 30
186.67.172.234 - - [02/Mar/2018:11:35:47 -0300] "POST /cormun/servlet/trsolicitudot?8db89f84cb72e9d4d0c5d05e34b2681b,gx-no-cache=1520000398896,gx-no-cache=1520001251407 HTTP/1.1" 200 106
186.67.172.234 - - [02/Mar/2018:11:35:47 -0300] "GET /cormun/servlet/trsolicitudadjuntos?2018,9852, HTTP/1.1" 200 6342
186.67.172.234 - - [02/Mar/2018:11:35:47 -0300] "GET /cormun/servlet/trsolicitudadjuntos?2018,9852, HTTP/1.1" 200 6322
191.126.135.18 - - [02/Mar/2018:11:35:49 -0300] "GET /cormun/servlet/prfichaempleado?,MD,,gxPopupLevel%3D0%3B HTTP/1.1" 200 9426
200.112.3.74 - - [02/Mar/2018:11:35:50 -0300] "POST /cormun/servlet/solicitudot?c1e80ee34a237310212969a688f35c23,INS,0,0,,gx-no-cache=1520001303136 HTTP/1.1" 200 93
200.112.3.74 - - [02/Mar/2018:11:35:51 -0300] "GET /cormun/servlet/hpexe_return? HTTP/1.1" 200 994
186.67.172.234 - - [02/Mar/2018:11:35:51 -0300] "GET /cormun/servlet/solicitudotadjuntos?INS,2018,9852,,1, HTTP/1.1" 200 6264
200.112.3.74 - - [02/Mar/2018:11:35:51 -0300] "GET /cormun/servlet/trsolicitudot HTTP/1.1" 200 10356
186.67.172.234 - - [02/Mar/2018:11:35:51 -0300] "GET /cormun/static/about:blank HTTP/1.1" 404 1011
186.67.172.234 - - [02/Mar/2018:11:35:51 -0300] "GET /cormun/servlet/solicitudotadjuntos?INS,2018,9852,,1, HTTP/1.1" 200 6258
200.112.3.74 - - [02/Mar/2018:11:35:52 -0300] "GET /cormun/servlet/trsolicitudot HTTP/1.1" 200 10352
186.67.172.234 - - [02/Mar/2018:11:35:52 -0300] "GET /cormun/servlet/solicitudotadjuntos?eddcb122a7263aec1b155afe36dd595e94f7ef0f234b4bb27fcc758d4e339ee52d93d145a1f6fcb8c343c9a77fbf18f6,gx-no-cache=1520001256543 HTTP/1.1" 200 30
186.67.172.234 - - [02/Mar/2018:11:35:52 -0300] "POST /cormun/servlet/solicitudotadjuntos?8db89f84cb72e9d4d0c5d05e34b2681b,INS,2018,9852,,1,,gx-no-cache=1520001256629 HTTP/1.1" 200 3982
186.67.172.234 - - [02/Mar/2018:11:35:54 -0300] "POST /cormun/servlet/solicitudotadjuntos?gx-no-cache=1520001259262 HTTP/1.1" 200 26
191.126.135.18 - - [02/Mar/2018:11:35:55 -0300] "POST /cormun/servlet/prfichaempleado?b3837bfe18221220b680a613c25e08fa,,MD,,gxPopupLevel%3D0%3B,gx-no-cache=1520001306783 HTTP/1.1" 200 3490
200.112.3.74 - - [02/Mar/2018:11:35:59 -0300] "POST /cormun/servlet/trsolicitudot?c1e80ee34a237310212969a688f35c23,gx-no-cache=1520001311973 HTTP/1.1" 200 106
200.112.3.74 - - [02/Mar/2018:11:35:59 -0300] "GET /cormun/servlet/solicitudot?UPD,2018,9863, HTTP/1.1" 200 15224
200.112.3.74 - - [02/Mar/2018:11:36:00 -0300] "GET /cormun/servlet/solicitudot?UPD,2018,9863, HTTP/1.1" 200 15232
200.112.3.74 - - [02/Mar/2018:11:36:01 -0300] "POST /cormun/servlet/solicitudot?gx-no-cache=1520001313666 HTTP/1.1" 200 3428
186.67.172.234 - - [02/Mar/2018:11:36:01 -0300] "GET /cormun/servlet/solicitudotadjuntos?eddcb122a7263aec1b155afe36dd595e82cc6943b44b446ffaefc0f045970dfb,gx-no-cache=1520001266048 HTTP/1.1" 200 30
186.67.172.234 - - [02/Mar/2018:11:36:01 -0300] "GET /cormun/servlet/solicitudotadjuntos?eddcb122a7263aec1b155afe36dd595e82cc6943b44b446ffaefc0f045970dfb,gx-no-cache=1520001266062 HTTP/1.1" 200 30
200.112.3.74 - - [02/Mar/2018:11:36:01 -0300] "POST /cormun/servlet/solicitudot?c1e80ee34a237310212969a688f35c23,UPD,2018,9863,,gx-no-cache=1520001314193 HTTP/1.1" 200 11521
186.67.172.234 - - [02/Mar/2018:11:36:01 -0300] "POST /cormun/servlet/solicitudotadjuntos?8db89f84cb72e9d4d0c5d05e34b2681b,INS,2018,9852,,1, HTTP/1.1" 200 116
186.67.172.234 - - [02/Mar/2018:11:36:01 -0300] "GET /cormun/servlet/hpexe_return? HTTP/1.1" 200 1023
200.112.3.74 - - [02/Mar/2018:11:36:02 -0300] "GET /cormun/servlet/solicitudot?944e7f293973231495e81d586165cb4f7ee7c830bf6047a452de917cb487afc5151abfaa363d9d2707ebeaabb85a925b,gx-no-cache=1520001314822 HTTP/1.1" 200 30
186.67.172.234 - - [02/Mar/2018:11:36:02 -0300] "GET /cormun/servlet/trsolicitudadjuntos?2018,9852, HTTP/1.1" 200 8697
200.112.3.74 - - [02/Mar/2018:11:36:02 -0300] "GET /cormun/servlet/solicitudot?944e7f293973231495e81d586165cb4fecb679682f5840ca63157f515ecde5cb49053437e22b35749ad80bf9b92642130b9b837b2059cfbb598631aa4ff5e72d,gx-no-cache=1520001314940 HTTP/1.1" 200 30
200.112.3.74 - - [02/Mar/2018:11:36:02 -0300] "GET /cormun/servlet/solicitudot?944e7f293973231495e81d586165cb4f35c5ea8a9b7408b310721670b1b42be9a4f63079ef1b7bfe3deb40363b37f1b6803b8a07a4476ee10edd4b709bc9b9c5,gx-no-cache=1520001315032 HTTP/1.1" 200 51
200.112.3.74 - - [02/Mar/2018:11:36:02 -0300] "POST /cormun/servlet/solicitudot?gx-no-cache=1520001315159 HTTP/1.1" 200 254
186.67.172.234 - - [02/Mar/2018:11:36:02 -0300] "GET /cormun/servlet/trsolicitudadjuntos?2018,9852, HTTP/1.1" 200 8690
200.112.3.74 - - [02/Mar/2018:11:36:02 -0300] "GET /cormun/servlet/solicitudot?944e7f293973231495e81d586165cb4f4af9b7fe8d1c530a0a4b19a31efbcf14fc65daa8cb1f00d5b4b4482dc19208a945fe099f8328637570cc6977206ade6480c35e2ffaec55ea00b1ecafb0f0cce24ca9ca6539c7ce7a8a53474053be63448c179182b13a8e1dbb272f3533f6e83b690cd308f9b8bb0b95c53623e83242002a17a0f6dcbad9030e8b34b9a0a711dca263d20989adeb9a31620e10cad967fee1b372a70645b2a3657b40e4c76dcdc06a9e2368ef484528dbc1040893760e519bb7518f0e52d02def90919f6899beda3a60052c32532ac3dcfbfaea3f154a7b9e5eae6689128f9e51b294d7a121fb09cc0168b6df098965f81d8b02f2c944d47bd90e2055c5bc356e9e022cc86824bfb279e11ce8402faa260200ff91e93ad8e030c02f89e016536970de8e68ca45dd346e7ef0a25f7b8a235a5c82a80759ca98e840ca98e5977b7e7624f228b80aaa98c08997082d4d63ef52e468a25046fc82d9c8f4039a52e259849866af566285b8789018b26f3c2129e9fa66698a7b70,gx-no-cache=1520001315320 HTTP/1.1" 200 30
200.112.3.74 - - [02/Mar/2018:11:36:02 -0300] "POST /cormun/servlet/solicitudot?gx-no-cache=1520001315457 HTTP/1.1" 200 30
200.112.3.74 - - [02/Mar/2018:11:36:02 -0300] "POST /cormun/servlet/solicitudot?gx-no-cache=1520001315596 HTTP/1.1" 200 1337
200.112.3.74 - - [02/Mar/2018:11:36:03 -0300] "POST /cormun/servlet/solicitudot?gx-no-cache=1520001315840 HTTP/1.1" 200 41
186.103.159.188 - - [02/Mar/2018:11:36:05 -0300] "POST /cormun/servlet/solicitudot?gx-no-cache=1520001319573 HTTP/1.1" 200 1318
186.103.159.188 - - [02/Mar/2018:11:36:06 -0300] "POST /cormun/servlet/solicitudot?gx-no-cache=1520001320096 HTTP/1.1" 200 1218
186.67.172.234 - - [02/Mar/2018:11:36:06 -0300] "GET /cormun/servlet/solicitudotadjuntos?INS,2018,9852,,1, HTTP/1.1" 200 6264
186.67.172.234 - - [02/Mar/2018:11:36:06 -0300] "GET /cormun/static/about:blank HTTP/1.1" 404 1011
186.67.172.234 - - [02/Mar/2018:11:36:06 -0300] "GET /cormun/servlet/solicitudotadjuntos?INS,2018,9852,,1, HTTP/1.1" 200 6258
191.126.135.18 - - [02/Mar/2018:11:36:06 -0300] "POST /cormun/servlet/solicitudot?gx-no-cache=1520001317989 HTTP/1.1" 200 3419
186.67.172.234 - - [02/Mar/2018:11:36:06 -0300] "GET /cormun/servlet/solicitudotadjuntos?eddcb122a7263aec1b155afe36dd595e94f7ef0f234b4bb27fcc758d4e339ee52d93d145a1f6fcb8c343c9a77fbf18f6,gx-no-cache=1520001271466 HTTP/1.1" 200 30
186.67.172.234 - - [02/Mar/2018:11:36:07 -0300] "POST /cormun/servlet/solicitudotadjuntos?8db89f84cb72e9d4d0c5d05e34b2681b,INS,2018,9852,,1,,gx-no-cache=1520001271531 HTTP/1.1" 200 3982
191.126.135.18 - - [02/Mar/2018:11:36:07 -0300] "POST /cormun/servlet/solicitudot?b3837bfe18221220b680a613c25e08fa,INS,0,0,,gx-no-cache=1520001318336 HTTP/1.1" 200 10591
191.126.135.18 - - [02/Mar/2018:11:36:07 -0300] "GET /cormun/servlet/solicitudot?13cbe55e37dd534beadaaf792681ea37b1d07141340208cd08d0fd3c748fd762a0f179c8677af46ebe5d248558a57181,gx-no-cache=1520001318633 HTTP/1.1" 200 30
191.126.135.18 - - [02/Mar/2018:11:36:09 -0300] "GET /cormun/servlet/solicitudot?13cbe55e37dd534beadaaf792681ea372aaa96ac3f973982028619ca18dd82a83c7a6cf6a1c7867b9d71f96faa74deec10e2b300dc0da89fbb55809c5492fa77,gx-no-cache=1520001320914 HTTP/1.1" 200 30
191.126.135.18 - - [02/Mar/2018:11:36:09 -0300] "GET /cormun/servlet/solicitudot?13cbe55e37dd534beadaaf792681ea37f5e418eac9e053d9401e5c7334e51bb1,gx-no-cache=1520001320993 HTTP/1.1" 200 53
191.126.135.18 - - [02/Mar/2018:11:36:09 -0300] "POST /cormun/servlet/solicitudot?gx-no-cache=1520001321084 HTTP/1.1" 200 255
191.126.135.18 - - [02/Mar/2018:11:36:09 -0300] "GET /cormun/servlet/solicitudot?13cbe55e37dd534beadaaf792681ea37e65f51691f3d8ec2234ee01d2f48a492602ec9ba6875b2a8eff741b55364a201f35fe64364b950e067f875edac658e13451097461d2bdbfe0d1b7c7c55212614b66b4d40c4e1737e0dd4422fdb0ad9cb69c46aa1ffd66d10cb944cacfc0a8530a41cdde582763595c6b7192c458237894117ce1798252f900bb3e2471c72eae61268f137b34945cd6fa544af6d3110b08d6e77611aa301fd512e3d0f4507bd587f99b15f91f9b933c995dfd67ef9fafa8c23f60b066927c328d15d456a7232d5ddd5d7e64b359ea50169e57da650f5f75572cf4f3446382684bffb39ce6adfe2b46b7d0a035cbb3c5c56f628de2eb6e64725439f4a64cfaeba42a03b1ecd193dee178cce2b7fff4e8478dc4204160a140114844708a070aababd5cb5e383ef48784d6149caf4a259672e5298627e0715044e0189d220d30e7e2e5ede32460e9b107a87befa879946e4ca152b661766dcadee1db815a0d6fd7e2d960c95cd30d5563023229b4f9519f900f5d2a0abb990,gx-no-cache=1520001321167 HTTP/1.1" 200 30
186.67.172.234 - - [02/Mar/2018:11:36:10 -0300] "POST /cormun/servlet/solicitudotadjuntos?gx-no-cache=1520001274696 HTTP/1.1" 200 26
200.112.3.74 - - [02/Mar/2018:11:36:10 -0300] "GET /cormun/servlet/solicitudot?944e7f293973231495e81d586165cb4f9c94700f567a396f08fc4a807438f85613383252a8ae805b2c098b8f5ddf1dd700cf0f5fa6643ddcc09ed2a2e66bb9ee29f39f759dd92e459f80e1e00b2a8104486a0b86b84449015ac2295697cd6e721ca718138e7e85590809613c952fdb6d6c7a883435c7ece37fbefc6682d2f2a3094ef893868907e2accac1118b35fd41196e90867c0717d19ffd28932c4d22e1,gx-no-cache=1520001323279 HTTP/1.1" 200 29
200.112.3.74 - - [02/Mar/2018:11:36:10 -0300] "POST /cormun/servlet/solicitudot?gx-no-cache=1520001323387 HTTP/1.1" 200 1320
200.112.3.74 - - [02/Mar/2018:11:36:10 -0300] "POST /cormun/servlet/solicitudot?gx-no-cache=1520001323613 HTTP/1.1" 200 1218
200.112.3.74 - - [02/Mar/2018:11:36:11 -0300] "GET /cormun/servlet/solicitudot?944e7f293973231495e81d586165cb4f9c234781646c625ad6b3f08d532eae240e44fc134b8d4ca45f91a39e3a8b7cb6,gx-no-cache=1520001323819 HTTP/1.1" 200 30
200.112.3.74 - - [02/Mar/2018:11:36:11 -0300] "POST /cormun/servlet/solicitudot?gx-no-cache=1520001323914 HTTP/1.1" 200 30
200.112.3.74 - - [02/Mar/2018:11:36:11 -0300] "POST /cormun/servlet/solicitudot?c1e80ee34a237310212969a688f35c23,UPD,2018,9863,,gx-no-cache=1520001324031 HTTP/1.1" 200 93
200.112.3.74 - - [02/Mar/2018:11:36:11 -0300] "GET /cormun/servlet/hpexe_return? HTTP/1.1" 200 1000
191.126.135.18 - - [02/Mar/2018:11:36:11 -0300] "POST /cormun/servlet/solicitudot?gx-no-cache=1520001323193 HTTP/1.1" 200 30
200.112.3.74 - - [02/Mar/2018:11:36:12 -0300] "GET /cormun/servlet/trsolicitudot HTTP/1.1" 200 10348
200.112.3.74 - - [02/Mar/2018:11:36:12 -0300] "GET /cormun/servlet/trsolicitudot HTTP/1.1" 200 10344
191.126.135.18 - - [02/Mar/2018:11:36:13 -0300] "GET /cormun/servlet/prcontratosol?14605820,,,,,MD,,gxPopupLevel%3D0%3B HTTP/1.1" 200 7939
186.67.172.234 - - [02/Mar/2018:11:36:17 -0300] "GET /cormun/servlet/solicitudotadjuntos?eddcb122a7263aec1b155afe36dd595e82cc6943b44b446ffaefc0f045970dfb,gx-no-cache=1520001281578 HTTP/1.1" 200 30
186.67.172.234 - - [02/Mar/2018:11:36:17 -0300] "GET /cormun/servlet/solicitudotadjuntos?eddcb122a7263aec1b155afe36dd595e82cc6943b44b446ffaefc0f045970dfb,gx-no-cache=1520001281608 HTTP/1.1" 200 30
186.67.172.234 - - [02/Mar/2018:11:36:17 -0300] "POST /cormun/servlet/solicitudotadjuntos?8db89f84cb72e9d4d0c5d05e34b2681b,INS,2018,9852,,1, HTTP/1.1" 200 116
186.67.172.234 - - [02/Mar/2018:11:36:17 -0300] "GET /cormun/servlet/hpexe_return? HTTP/1.1" 200 1023
191.126.135.18 - - [02/Mar/2018:11:36:17 -0300] "POST /cormun/servlet/solicitudot?gx-no-cache=1520001328880 HTTP/1.1" 200 1337
191.126.135.18 - - [02/Mar/2018:11:36:17 -0300] "POST /cormun/servlet/solicitudot?gx-no-cache=1520001329013 HTTP/1.1" 200 38
186.67.172.234 - - [02/Mar/2018:11:36:17 -0300] "GET /cormun/servlet/trsolicitudadjuntos?2018,9852, HTTP/1.1" 200 8911
