186.103.157.42 - - [02/Mar/2018:12:38:09 -0300] "POST /cormun/servlet/solicitudotadjuntos?0d30c874e742e07daef597af16ed79c3,INS,2018,9924,,1, HTTP/1.1" 200 116
186.103.157.42 - - [02/Mar/2018:12:38:09 -0300] "GET /cormun/servlet/hpexe_return? HTTP/1.1" 200 1025
186.103.157.42 - - [02/Mar/2018:12:38:09 -0300] "GET /cormun/servlet/trsolicitudadjuntos?2018,9924, HTTP/1.1" 200 9108
186.103.157.42 - - [02/Mar/2018:12:38:10 -0300] "GET /cormun/servlet/trsolicitudadjuntos?2018,9924, HTTP/1.1" 200 9107
186.103.157.42 - - [02/Mar/2018:12:38:18 -0300] "GET /cormun/servlet/solicitudotadjuntos?INS,2018,9924,,1, HTTP/1.1" 200 6297
192.168.10.96 - - [02/Mar/2018:12:38:19 -0300] "POST /cormun/servlet/solicitudot?gx-no-cache=1520004939803 HTTP/1.1" 200 3415
192.168.10.96 - - [02/Mar/2018:12:38:19 -0300] "POST /cormun/servlet/solicitudot?1d4ff14942b899bacd8d75544af79f57,INS,0,0,,gx-no-cache=1520004939938 HTTP/1.1" 200 10583
186.103.157.42 - - [02/Mar/2018:12:38:19 -0300] "GET /cormun/static/about:blank HTTP/1.1" 404 1011
186.103.157.42 - - [02/Mar/2018:12:38:19 -0300] "GET /cormun/servlet/solicitudotadjuntos?INS,2018,9924,,1, HTTP/1.1" 200 6290
186.103.157.42 - - [02/Mar/2018:12:38:19 -0300] "GET /cormun/servlet/solicitudotadjuntos?5e5d00ae452f9f11affedfe483e22528e4d0881cde864a0d77e433aca2c39a46c4181cdbeee836dffbc5b392b05f3453,gx-no-cache=1520005058181 HTTP/1.1" 200 30
186.103.157.42 - - [02/Mar/2018:12:38:20 -0300] "POST /cormun/servlet/solicitudotadjuntos?0d30c874e742e07daef597af16ed79c3,INS,2018,9924,,1,,gx-no-cache=1520005058247 HTTP/1.1" 200 3985
192.168.10.96 - - [02/Mar/2018:12:38:22 -0300] "GET /cormun/servlet/solicitudot?d1d093f09db3fe43b7c5361cb8b8c9e7e4502a50deaa7e97860f6323c26eb868a78dc1392d922c581b5bbe66a6e27e0e,gx-no-cache=1520004943123 HTTP/1.1" 200 30
192.168.10.96 - - [02/Mar/2018:12:38:22 -0300] "GET /cormun/servlet/solicitudot?d1d093f09db3fe43b7c5361cb8b8c9e7526233f314c9bf9b4468ec259a3be8f33297374a3c0da3031f664876bdb6558c0ffd4511f29775169b7c79230c391253,gx-no-cache=1520004943168 HTTP/1.1" 200 30
192.168.10.96 - - [02/Mar/2018:12:38:22 -0300] "GET /cormun/servlet/solicitudot?d1d093f09db3fe43b7c5361cb8b8c9e71bb1a580d294d3d46bacb9d2d095d4c4,gx-no-cache=1520004943196 HTTP/1.1" 200 51
192.168.10.96 - - [02/Mar/2018:12:38:22 -0300] "POST /cormun/servlet/solicitudot?gx-no-cache=1520004943221 HTTP/1.1" 200 255
192.168.10.96 - - [02/Mar/2018:12:38:22 -0300] "GET /cormun/servlet/solicitudot?d1d093f09db3fe43b7c5361cb8b8c9e762299d4e2439d5cad90e2f4695a2cd8888651583875050e1949d696cd469d3a649b2388435616fce2bec735fa7d4fdaf9ff11de68f130a6105fe4c978ab0c4a56ae7e40c6ca19f4571122d49db74e0cbed63014db3dd6442fbef31128d2052019238649c5f08ffbc5652d1e09a0979f816a01cdfc946459053a2132a4db2dab4fafbccf0f15ff9f48d4480078f7a3378dfb3d9c6db919d7b2e0fc4d27d05c9c09352b5f748d31a9af41e4325aa2dd3f9fb516e619f27680af2b3cefd2f7145f17282e44e95f04f82c1f4feba4a1519127e2fb6181b510afe87bacc1642b5427fd1239d213d5cc252453bd2f8e60a55e74ca50176bab5b95dff25ae11842b00a2aa00f05bd3b8f0d1d47f8c49c008f972cd23dbce6de71df94dd4889697decab9da7b70bb6b10b9bb48f77815df061ff1369e3c5bee1f50f4b3f53c19f1900a435bd424c90ec93c732e6ce63e7a839f48715fcce169da6237e93d1174b71dcc1d8fe8ea1ecda3c6b00813448004c237ee,gx-no-cache=1520004943247 HTTP/1.1" 200 30
186.103.157.42 - - [02/Mar/2018:12:38:23 -0300] "POST /cormun/servlet/solicitudotadjuntos?gx-no-cache=1520005061519 HTTP/1.1" 200 26
186.103.159.230 - - [02/Mar/2018:12:38:24 -0300] "POST /cormun/servlet/trautorizarsolicitud?0bd3ec4e121bd6397182b0626d360f18,,gx-no-cache=1520005052037 HTTP/1.1" 200 4604
186.103.159.230 - - [02/Mar/2018:12:38:24 -0300] "GET /cormun/static/Shared/jqueryui/images/ui-bg_highlight-soft_100_c6c2c8_1x100.png HTTP/1.1" 404 1117
186.103.159.230 - - [02/Mar/2018:12:38:24 -0300] "GET /cormun/static/Shared/jqueryui/images/ui-bg_flat_55_fafafa_40x100.png HTTP/1.1" 404 1097
186.103.159.230 - - [02/Mar/2018:12:38:24 -0300] "GET /cormun/static/Shared/jqueryui/images/ui-icons_8d78a5_256x240.png HTTP/1.1" 404 1089
186.103.159.230 - - [02/Mar/2018:12:38:24 -0300] "GET /cormun/static/Shared/jqueryui/images/ui-icons_82798d_256x240.png HTTP/1.1" 404 1089
186.103.159.230 - - [02/Mar/2018:12:38:24 -0300] "POST /cormun/servlet/trautorizarsolicitud?0bd3ec4e121bd6397182b0626d360f18,,gx-no-cache=1520005052830 HTTP/1.1" 200 4384
192.168.10.96 - - [02/Mar/2018:12:38:25 -0300] "POST /cormun/servlet/solicitudot?gx-no-cache=1520004946541 HTTP/1.1" 200 30
186.103.157.42 - - [02/Mar/2018:12:38:27 -0300] "GET /cormun/servlet/solicitudotadjuntos?5e5d00ae452f9f11affedfe483e22528a06418efcd0c50f7a08dbc24050b8ecc,gx-no-cache=1520005065334 HTTP/1.1" 200 30
192.168.10.96 - - [02/Mar/2018:12:38:27 -0300] "GET /cormun/servlet/prsolicitudot?8891003,,,,,MD,,gxPopupLevel%3D0%3B HTTP/1.1" 200 6198
200.73.230.197 - - [02/Mar/2018:12:38:27 -0300] "GET /cormun/servlet/hlogin HTTP/1.1" 200 1719
186.103.157.42 - - [02/Mar/2018:12:38:28 -0300] "GET /cormun/servlet/solicitudotadjuntos?5e5d00ae452f9f11affedfe483e22528a06418efcd0c50f7a08dbc24050b8ecc,gx-no-cache=1520005065407 HTTP/1.1" 200 30
186.103.157.42 - - [02/Mar/2018:12:38:28 -0300] "POST /cormun/servlet/solicitudotadjuntos?0d30c874e742e07daef597af16ed79c3,INS,2018,9924,,1, HTTP/1.1" 200 116
186.103.157.42 - - [02/Mar/2018:12:38:28 -0300] "GET /cormun/servlet/hpexe_return? HTTP/1.1" 200 1025
186.103.157.42 - - [02/Mar/2018:12:38:29 -0300] "GET /cormun/servlet/trsolicitudadjuntos?2018,9924, HTTP/1.1" 200 9326
186.103.157.42 - - [02/Mar/2018:12:38:29 -0300] "GET /cormun/servlet/trsolicitudadjuntos?2018,9924, HTTP/1.1" 200 9325
192.168.10.96 - - [02/Mar/2018:12:38:30 -0300] "POST /cormun/servlet/solicitudot?gx-no-cache=1520004951186 HTTP/1.1" 200 1337
192.168.10.96 - - [02/Mar/2018:12:38:30 -0300] "POST /cormun/servlet/solicitudot?gx-no-cache=1520004951227 HTTP/1.1" 200 38
192.168.10.96 - - [02/Mar/2018:12:38:30 -0300] "GET /cormun/servlet/solicitudot?d1d093f09db3fe43b7c5361cb8b8c9e7e1dc3f065dc0e1a63b3c1ad12717715dc0ccc207ec8f59c8f9422f3946c48974d192c1d30efc89be92dee7a7ca132cde91c8400c3cba07a1572c00eaf0c46422558771a82d753f125d4371892d9fa90b0092aab046181b328f2a01bdcfea77fe694a68fe4b953029118eba2f70eff0d54b9a2f30937c473250462e8d7b6df0da296391bd73f8907ec17b6d0f6c4d1afe,gx-no-cache=1520004951248 HTTP/1.1" 200 29
192.168.10.96 - - [02/Mar/2018:12:38:30 -0300] "POST /cormun/servlet/solicitudot?gx-no-cache=1520004951327 HTTP/1.1" 200 1319
192.168.10.96 - - [02/Mar/2018:12:38:30 -0300] "POST /cormun/servlet/solicitudot?gx-no-cache=1520004951370 HTTP/1.1" 200 1219
192.168.10.96 - - [02/Mar/2018:12:38:30 -0300] "GET /cormun/servlet/solicitudot?d1d093f09db3fe43b7c5361cb8b8c9e7280c5d3a991a3695d97dbda7db6e21da56de53cf2f61d16e391198708d165688,gx-no-cache=1520004951414 HTTP/1.1" 200 30
186.103.157.42 - - [02/Mar/2018:12:38:32 -0300] "GET /cormun/servlet/solicitudotadjuntos?INS,2018,9924,,1, HTTP/1.1" 200 6297
186.103.156.166 - - [02/Mar/2018:12:38:33 -0300] "POST /cormun/servlet/solicitudot?gx-no-cache=1520005069713 HTTP/1.1" 200 3401
186.103.157.42 - - [02/Mar/2018:12:38:33 -0300] "GET /cormun/static/about:blank HTTP/1.1" 404 1011
186.103.157.42 - - [02/Mar/2018:12:38:33 -0300] "GET /cormun/servlet/solicitudotadjuntos?INS,2018,9924,,1, HTTP/1.1" 200 6290
186.103.156.166 - - [02/Mar/2018:12:38:33 -0300] "POST /cormun/servlet/solicitudot?b99bcced6aa8f4e947e8a7cebe61488b,INS,0,0,,gx-no-cache=1520005070077 HTTP/1.1" 200 11633
186.103.157.42 - - [02/Mar/2018:12:38:33 -0300] "GET /cormun/servlet/solicitudotadjuntos?5e5d00ae452f9f11affedfe483e22528e4d0881cde864a0d77e433aca2c39a46c4181cdbeee836dffbc5b392b05f3453,gx-no-cache=1520005072031 HTTP/1.1" 200 30
186.103.157.42 - - [02/Mar/2018:12:38:33 -0300] "POST /cormun/servlet/solicitudotadjuntos?0d30c874e742e07daef597af16ed79c3,INS,2018,9924,,1,,gx-no-cache=1520005072141 HTTP/1.1" 200 3985
186.103.159.230 - - [02/Mar/2018:12:38:34 -0300] "GET /cormun/servlet/trautorizarsolicitud? HTTP/1.1" 200 7267
186.103.157.42 - - [02/Mar/2018:12:38:35 -0300] "POST /cormun/servlet/solicitudotadjuntos?gx-no-cache=1520005073648 HTTP/1.1" 200 26
186.103.159.230 - - [02/Mar/2018:12:38:35 -0300] "GET /cormun/servlet/trautorizarsolicitud? HTTP/1.1" 200 7267
186.103.159.43 - - [02/Mar/2018:12:38:36 -0300] "POST /cormun/servlet/solicitudot?gx-no-cache=1520005070393 HTTP/1.1" 200 1317
186.103.159.43 - - [02/Mar/2018:12:38:36 -0300] "POST /cormun/servlet/solicitudot?gx-no-cache=1520005070603 HTTP/1.1" 200 1217
186.103.159.43 - - [02/Mar/2018:12:38:36 -0300] "GET /cormun/servlet/solicitudot?8619deaa2a8e18f563f1f17bad8a0ef1df368483633050dea9abd1269d3d06e1a1f0d7a86e007a64a2c56831cd485fd5,gx-no-cache=1520005070700 HTTP/1.1" 200 30
186.103.159.43 - - [02/Mar/2018:12:38:36 -0300] "POST /cormun/servlet/solicitudot?gx-no-cache=1520005070789 HTTP/1.1" 200 30
186.103.159.43 - - [02/Mar/2018:12:38:37 -0300] "POST /cormun/servlet/solicitudot?c95a51cdcee182376c576ff334729bea,INS,0,0,,gx-no-cache=1520005071185 HTTP/1.1" 200 93
186.103.159.43 - - [02/Mar/2018:12:38:37 -0300] "GET /cormun/servlet/hpexe_return? HTTP/1.1" 200 1009
186.103.159.43 - - [02/Mar/2018:12:38:37 -0300] "GET /cormun/servlet/trsolicitudot HTTP/1.1" 200 8511
186.103.159.43 - - [02/Mar/2018:12:38:38 -0300] "GET /cormun/servlet/trsolicitudot HTTP/1.1" 200 8507
192.168.10.96 - - [02/Mar/2018:12:38:38 -0300] "POST /cormun/servlet/solicitudot?gx-no-cache=1520004958892 HTTP/1.1" 200 1318
192.168.10.96 - - [02/Mar/2018:12:38:38 -0300] "POST /cormun/servlet/solicitudot?gx-no-cache=1520004958939 HTTP/1.1" 200 1219
192.168.10.96 - - [02/Mar/2018:12:38:38 -0300] "POST /cormun/servlet/solicitudot?gx-no-cache=1520004958980 HTTP/1.1" 200 33
200.73.230.197 - - [02/Mar/2018:12:38:38 -0300] "POST /cormun/servlet/hlogin?284e7186ecd4fe79264837ac0fde1798,gx-no-cache=1520005072004 HTTP/1.1" 200 90
200.73.230.197 - - [02/Mar/2018:12:38:38 -0300] "GET /cormun/servlet/hpexe_link HTTP/1.1" 200 952
200.73.230.197 - - [02/Mar/2018:12:38:38 -0300] "GET /cormun/servlet/hhome HTTP/1.1" 200 3919
186.103.157.42 - - [02/Mar/2018:12:38:39 -0300] "GET /cormun/servlet/solicitudotadjuntos?5e5d00ae452f9f11affedfe483e22528a06418efcd0c50f7a08dbc24050b8ecc,gx-no-cache=1520005077998 HTTP/1.1" 200 30
186.103.157.42 - - [02/Mar/2018:12:38:39 -0300] "GET /cormun/servlet/solicitudotadjuntos?5e5d00ae452f9f11affedfe483e22528a06418efcd0c50f7a08dbc24050b8ecc,gx-no-cache=1520005078043 HTTP/1.1" 200 30
186.103.159.189 - - [02/Mar/2018:12:38:40 -0300] "GET /cormun/servlet/trautorizarsolicitud? HTTP/1.1" 200 12198
186.103.159.189 - - [02/Mar/2018:12:38:40 -0300] "GET /cormun/static/gxcfg.js?2017111423403364 HTTP/1.1" 304 -
186.103.157.42 - - [02/Mar/2018:12:38:40 -0300] "POST /cormun/servlet/solicitudotadjuntos?0d30c874e742e07daef597af16ed79c3,INS,2018,9924,,1, HTTP/1.1" 200 116
186.103.157.42 - - [02/Mar/2018:12:38:40 -0300] "GET /cormun/servlet/hpexe_return? HTTP/1.1" 200 1025
186.103.157.42 - - [02/Mar/2018:12:38:40 -0300] "GET /cormun/servlet/trsolicitudadjuntos?2018,9924, HTTP/1.1" 200 9530
200.73.230.197 - - [02/Mar/2018:12:38:41 -0300] "GET /cormun/servlet/hhome HTTP/1.1" 200 3916
186.103.157.42 - - [02/Mar/2018:12:38:41 -0300] "GET /cormun/servlet/trsolicitudadjuntos?2018,9924, HTTP/1.1" 200 9526
186.103.159.189 - - [02/Mar/2018:12:38:41 -0300] "GET /cormun/servlet/trautorizarsolicitud? HTTP/1.1" 200 12196
186.103.159.230 - - [02/Mar/2018:12:38:42 -0300] "GET /cormun/servlet/trautorizarsolicitud? HTTP/1.1" 200 7267
186.103.159.230 - - [02/Mar/2018:12:38:42 -0300] "GET /cormun/servlet/trautorizarsolicitud? HTTP/1.1" 200 7267
200.73.230.197 - - [02/Mar/2018:12:38:44 -0300] "GET /cormun/servlet/trsolicitudot? HTTP/1.1" 200 7130
186.103.157.42 - - [02/Mar/2018:12:38:45 -0300] "GET /cormun/servlet/solicitudotadjuntos?INS,2018,9924,,1, HTTP/1.1" 200 6298
186.103.157.42 - - [02/Mar/2018:12:38:45 -0300] "GET /cormun/static/about:blank HTTP/1.1" 404 1011
186.103.157.42 - - [02/Mar/2018:12:38:45 -0300] "GET /cormun/servlet/solicitudotadjuntos?INS,2018,9924,,1, HTTP/1.1" 200 6291
186.103.156.166 - - [02/Mar/2018:12:38:45 -0300] "GET /cormun/servlet/solicitudot?a7e2aed129909d16567e784d7d295fba72d22d26cf4b850bcae4376a0bac0dd41885fb7a39544029e7d5609ef1abc464,gx-no-cache=1520005082782 HTTP/1.1" 200 30
186.103.156.166 - - [02/Mar/2018:12:38:45 -0300] "GET /cormun/servlet/solicitudot?a7e2aed129909d16567e784d7d295fbaca227156549ec1730816ed9ef5b9704f441e4c879aa62cb6ee2921e4a70036afa13f90618dcb25a427d07a81fb6e4957,gx-no-cache=1520005082880 HTTP/1.1" 200 30
186.103.156.166 - - [02/Mar/2018:12:38:46 -0300] "GET /cormun/servlet/solicitudot?a7e2aed129909d16567e784d7d295fbacd056af051f20dea1192c2cc1793410b,gx-no-cache=1520005082937 HTTP/1.1" 200 53
186.103.156.166 - - [02/Mar/2018:12:38:46 -0300] "POST /cormun/servlet/solicitudot?gx-no-cache=1520005083023 HTTP/1.1" 200 255
186.103.157.42 - - [02/Mar/2018:12:38:46 -0300] "GET /cormun/servlet/solicitudotadjuntos?5e5d00ae452f9f11affedfe483e22528e4d0881cde864a0d77e433aca2c39a46c4181cdbeee836dffbc5b392b05f3453,gx-no-cache=1520005084519 HTTP/1.1" 200 30
186.103.157.42 - - [02/Mar/2018:12:38:46 -0300] "POST /cormun/servlet/solicitudotadjuntos?0d30c874e742e07daef597af16ed79c3,INS,2018,9924,,1,,gx-no-cache=1520005084587 HTTP/1.1" 200 3986
186.103.156.166 - - [02/Mar/2018:12:38:46 -0300] "GET /cormun/servlet/solicitudot?a7e2aed129909d16567e784d7d295fba912b40b5b0b5db0f8e34851382f345f32cef5151311d10953da9b2d476c555106833bfd274167687298979e903cd5b13f7ba443e618f2f1a1fbff4366da6b0e975be6b9328df1e39cadb200d140080f5ff8384d7f5e0daf6d089570a540d3d1e41f003f85f86f951d3857276ac38801efb5d400dee5443aa4a02e8fa6c8f0da70f1ff1c9e654c946fd95782cd6ccef4c73afda7936b7305873a4c79b2c6090561e21d48b42b1d3ec68e76cab481b012c992002ada5bd2b2e707edd1f36bac4451b2058fe39b81d87a425428e0ccb09f2e5b1976a85b77d93bf0f04c6290d799ef0210357d27cd6d186fa28ed2c90c843fa1042d447898e05ab6d5fb9db3b32327f23ed763c7aa154868df6db2e5bee38a42599c74ee2ef1e2dc1d5edf7d299a101a286fe1f19ddccc3677f74bc24efce9c2ac45ff277517d03c13855b9d95ac56f1f2922d34bb330ba2285e1a25b63a4479f60dc0109e7f53436c4904e66e88a14660865e3cad93f18616c9b14244095,gx-no-cache=1520005083112 HTTP/1.1" 200 30
186.103.156.166 - - [02/Mar/2018:12:38:46 -0300] "POST /cormun/servlet/solicitudot?gx-no-cache=1520005083489 HTTP/1.1" 200 30
200.73.230.197 - - [02/Mar/2018:12:38:46 -0300] "GET /cormun/servlet/trsolicitudot? HTTP/1.1" 200 7129
186.103.156.166 - - [02/Mar/2018:12:38:46 -0300] "POST /cormun/servlet/solicitudot?gx-no-cache=1520005083573 HTTP/1.1" 200 1337
186.103.156.166 - - [02/Mar/2018:12:38:46 -0300] "POST /cormun/servlet/solicitudot?gx-no-cache=1520005083721 HTTP/1.1" 200 38
186.103.156.166 - - [02/Mar/2018:12:38:47 -0300] "POST /cormun/servlet/solicitudot?gx-no-cache=1520005083802 HTTP/1.1" 200 1319
186.103.159.230 - - [02/Mar/2018:12:38:47 -0300] "GET /cormun/servlet/trsolicitudot? HTTP/1.1" 200 7368
186.103.156.166 - - [02/Mar/2018:12:38:47 -0300] "POST /cormun/servlet/solicitudot?gx-no-cache=1520005084321 HTTP/1.1" 200 1219
186.103.159.230 - - [02/Mar/2018:12:38:47 -0300] "GET /cormun/servlet/trsolicitudot? HTTP/1.1" 200 7367
186.103.157.42 - - [02/Mar/2018:12:38:48 -0300] "POST /cormun/servlet/solicitudotadjuntos?gx-no-cache=1520005086405 HTTP/1.1" 200 26
192.168.10.96 - - [02/Mar/2018:12:38:48 -0300] "POST /cormun/servlet/solicitudot?1d4ff14942b899bacd8d75544af79f57,INS,0,0,,gx-no-cache=1520004968951 HTTP/1.1" 200 93
192.168.10.96 - - [02/Mar/2018:12:38:48 -0300] "GET /cormun/servlet/hpexe_return? HTTP/1.1" 200 1002
192.168.10.96 - - [02/Mar/2018:12:38:48 -0300] "GET /cormun/servlet/trsolicitudot HTTP/1.1" 200 9114
192.168.10.96 - - [02/Mar/2018:12:38:49 -0300] "GET /cormun/servlet/trsolicitudot HTTP/1.1" 200 9109
200.112.3.74 - - [02/Mar/2018:12:38:50 -0300] "GET /cormun/servlet/hlogin HTTP/1.1" 200 1706
186.103.159.230 - - [02/Mar/2018:12:38:50 -0300] "GET /cormun/servlet/solicitudot?INS,0,0, HTTP/1.1" 200 13606
200.73.230.197 - - [02/Mar/2018:12:38:50 -0300] "GET /cormun/servlet/solicitudot?INS,0,0, HTTP/1.1" 200 13365
186.103.159.230 - - [02/Mar/2018:12:38:50 -0300] "GET /cormun/servlet/solicitudot?INS,0,0, HTTP/1.1" 200 13611
186.103.156.166 - - [02/Mar/2018:12:38:51 -0300] "GET /cormun/static/menuarrow.gif HTTP/1.1" 404 1015
200.73.230.197 - - [02/Mar/2018:12:38:52 -0300] "GET /cormun/servlet/solicitudot?INS,0,0, HTTP/1.1" 200 13369
200.112.3.74 - - [02/Mar/2018:12:38:53 -0300] "POST /cormun/servlet/hlogin?c1e80ee34a237310212969a688f35c23,gx-no-cache=1520005086126 HTTP/1.1" 200 90
200.112.3.74 - - [02/Mar/2018:12:38:53 -0300] "GET /cormun/servlet/hpexe_link HTTP/1.1" 200 937
200.112.3.74 - - [02/Mar/2018:12:38:53 -0300] "GET /cormun/servlet/hhome HTTP/1.1" 200 3976
186.103.156.166 - - [02/Mar/2018:12:38:54 -0300] "POST /cormun/servlet/solicitudot?gx-no-cache=1520005091032 HTTP/1.1" 200 255
200.112.3.74 - - [02/Mar/2018:12:38:54 -0300] "GET /cormun/servlet/hhome HTTP/1.1" 200 3971
186.103.156.166 - - [02/Mar/2018:12:38:54 -0300] "GET /cormun/servlet/solicitudot?a7e2aed129909d16567e784d7d295fba912b40b5b0b5db0f8e34851382f345f32cef5151311d10953da9b2d476c555106833bfd274167687298979e903cd5b13f7ba443e618f2f1a1fbff4366da6b0e975be6b9328df1e39cadb200d140080f5ff8384d7f5e0daf6d089570a540d3d1e41f003f85f86f951d3857276ac38801efb5d400dee5443aa4a02e8fa6c8f0da70f1ff1c9e654c946fd95782cd6ccef4c73afda7936b7305873a4c79b2c6090561e21d48b42b1d3ec68e76cab481b012c992002ada5bd2b2e707edd1f36bac4451b2058fe39b81d87a425428e0ccb09f2e5b1976a85b77d93bf0f04c6290d799ef0210357d27cd6d186fa28ed2c90c843fa1042d447898e05ab6d5fb9db3b32327f23ed763c7aa154868df6db2e5bee38a42599c74ee2ef1e2dc1d5edf7d299a101a286fe1f19ddccc3677f74bc24efce9c2ac45ff277517d03c13855b9d95ac56f1f2922d34bb330ba2285e1a25b63a4479f60dc0109e7f53436c4904e66e88a14660865e3cad93f18616c9b14244095,gx-no-cache=1520005091157 HTTP/1.1" 200 30
186.103.156.166 - - [02/Mar/2018:12:38:54 -0300] "POST /cormun/servlet/solicitudot?gx-no-cache=1520005091510 HTTP/1.1" 200 30
186.103.156.166 - - [02/Mar/2018:12:38:54 -0300] "POST /cormun/servlet/solicitudot?gx-no-cache=1520005091563 HTTP/1.1" 200 1337
186.103.156.166 - - [02/Mar/2018:12:38:54 -0300] "POST /cormun/servlet/solicitudot?gx-no-cache=1520005091719 HTTP/1.1" 200 38
186.103.156.166 - - [02/Mar/2018:12:38:54 -0300] "POST /cormun/servlet/solicitudot?gx-no-cache=1520005091802 HTTP/1.1" 200 1319
186.103.156.166 - - [02/Mar/2018:12:38:55 -0300] "POST /cormun/servlet/solicitudot?gx-no-cache=1520005091937 HTTP/1.1" 200 1219
186.103.157.42 - - [02/Mar/2018:12:38:55 -0300] "GET /cormun/servlet/solicitudotadjuntos?5e5d00ae452f9f11affedfe483e22528a06418efcd0c50f7a08dbc24050b8ecc,gx-no-cache=1520005094050 HTTP/1.1" 200 30
186.103.157.42 - - [02/Mar/2018:12:38:55 -0300] "GET /cormun/servlet/solicitudotadjuntos?5e5d00ae452f9f11affedfe483e22528a06418efcd0c50f7a08dbc24050b8ecc,gx-no-cache=1520005094100 HTTP/1.1" 200 30
186.103.157.42 - - [02/Mar/2018:12:38:56 -0300] "POST /cormun/servlet/solicitudotadjuntos?0d30c874e742e07daef597af16ed79c3,INS,2018,9924,,1, HTTP/1.1" 200 116
186.103.157.42 - - [02/Mar/2018:12:38:56 -0300] "GET /cormun/servlet/hpexe_return? HTTP/1.1" 200 1025
200.112.3.74 - - [02/Mar/2018:12:38:56 -0300] "GET /cormun/servlet/trpermisosgoce? HTTP/1.1" 200 7789
186.103.157.42 - - [02/Mar/2018:12:38:56 -0300] "GET /cormun/servlet/trsolicitudadjuntos?2018,9924, HTTP/1.1" 200 9767
200.112.3.74 - - [02/Mar/2018:12:38:56 -0300] "GET /cormun/servlet/trpermisosgoce? HTTP/1.1" 200 7787
186.103.157.42 - - [02/Mar/2018:12:38:57 -0300] "GET /cormun/servlet/trsolicitudadjuntos?2018,9924, HTTP/1.1" 200 9766
186.103.156.166 - - [02/Mar/2018:12:38:58 -0300] "GET /cormun/servlet/solicitudot?a7e2aed129909d16567e784d7d295fba63cbf2613698cb8baadab30ccef90e5ed341af0131ff0a579727767a28af688d,gx-no-cache=1520005095158 HTTP/1.1" 200 30
186.103.157.42 - - [02/Mar/2018:12:38:59 -0300] "POST /cormun/servlet/trsolicitudadjuntos?0d30c874e742e07daef597af16ed79c3,2018,9924,,gx-no-cache=1520005098183 HTTP/1.1" 200 90
186.103.157.42 - - [02/Mar/2018:12:39:00 -0300] "GET /cormun/servlet/hpexe_link HTTP/1.1" 200 968
186.103.157.42 - - [02/Mar/2018:12:39:00 -0300] "GET /cormun/servlet/trsolicitudot HTTP/1.1" 200 8838
186.103.157.42 - - [02/Mar/2018:12:39:01 -0300] "GET /cormun/servlet/trsolicitudot HTTP/1.1" 200 8837
200.112.3.74 - - [02/Mar/2018:12:39:01 -0300] "GET /cormun/servlet/trpermisosadjuntos?12292074,20180302101521,P, HTTP/1.1" 200 6286
200.112.3.74 - - [02/Mar/2018:12:39:01 -0300] "GET /cormun/static/gxcfg.js?201762817193957 HTTP/1.1" 200 953
200.112.3.74 - - [02/Mar/2018:12:39:01 -0300] "GET /cormun/static/Resources/Spanish/PXTools.css?17315867 HTTP/1.1" 200 89042
200.112.3.74 - - [02/Mar/2018:12:39:01 -0300] "GET /cormun/static/trpermisosadjuntos.js?201762817194366 HTTP/1.1" 200 20158
200.112.3.74 - - [02/Mar/2018:12:39:01 -0300] "GET /cormun/servlet/trpermisosadjuntos?12292074,20180302101521,P, HTTP/1.1" 200 6287
186.103.157.42 - - [02/Mar/2018:12:39:03 -0300] "POST /cormun/servlet/trsolicitudot?0d30c874e742e07daef597af16ed79c3,gx-no-cache=1520005101834 HTTP/1.1" 200 4677
200.112.3.74 - - [02/Mar/2018:12:39:03 -0300] "GET /cormun/servlet/permisosadjuntos?INS,12292074,P,20180302101521,, HTTP/1.1" 200 5616
186.103.157.42 - - [02/Mar/2018:12:39:03 -0300] "GET /cormun/static/Shared/jqueryui/images/ui-bg_highlight-soft_100_c6c2c8_1x100.png HTTP/1.1" 404 1117
186.103.157.42 - - [02/Mar/2018:12:39:03 -0300] "GET /cormun/static/Shared/jqueryui/images/ui-icons_82798d_256x240.png HTTP/1.1" 404 1089
186.103.157.42 - - [02/Mar/2018:12:39:03 -0300] "GET /cormun/static/Shared/jqueryui/images/ui-bg_flat_55_fafafa_40x100.png HTTP/1.1" 404 1097
186.103.157.42 - - [02/Mar/2018:12:39:03 -0300] "GET /cormun/static/Shared/jqueryui/images/ui-icons_8d78a5_256x240.png HTTP/1.1" 404 1089
200.112.3.74 - - [02/Mar/2018:12:39:03 -0300] "GET /cormun/static/gxcfg.js?201762717441171 HTTP/1.1" 200 953
200.112.3.74 - - [02/Mar/2018:12:39:03 -0300] "GET /cormun/static/permisosadjuntos.js?201762717441184 HTTP/1.1" 200 8724
200.112.3.74 - - [02/Mar/2018:12:39:04 -0300] "GET /cormun/static/about:blank HTTP/1.1" 404 1011
186.103.157.42 - - [02/Mar/2018:12:39:04 -0300] "POST /cormun/servlet/trsolicitudot?0d30c874e742e07daef597af16ed79c3,gx-no-cache=1520005102139 HTTP/1.1" 200 4449
200.112.3.74 - - [02/Mar/2018:12:39:04 -0300] "GET /cormun/servlet/permisosadjuntos?INS,12292074,P,20180302101521,, HTTP/1.1" 200 5606
200.73.230.197 - - [02/Mar/2018:12:39:05 -0300] "POST /cormun/servlet/solicitudot?gx-no-cache=1520005099029 HTTP/1.1" 200 3387
200.73.230.197 - - [02/Mar/2018:12:39:05 -0300] "POST /cormun/servlet/solicitudot?284e7186ecd4fe79264837ac0fde1798,INS,0,0,,gx-no-cache=1520005099442 HTTP/1.1" 200 10367
186.103.157.42 - - [02/Mar/2018:12:39:09 -0300] "GET /cormun/servlet/trautorizarsolicitud? HTTP/1.1" 200 8732
186.103.157.42 - - [02/Mar/2018:12:39:10 -0300] "GET /cormun/servlet/trautorizarsolicitud? HTTP/1.1" 200 8731
186.103.159.43 - - [02/Mar/2018:12:39:11 -0300] "GET /cormun/servlet/treventos?2018,9927, HTTP/1.1" 200 5986
186.103.159.43 - - [02/Mar/2018:12:39:11 -0300] "GET /cormun/static/gxcfg.js?2016101716195975 HTTP/1.1" 200 953
186.103.159.43 - - [02/Mar/2018:12:39:11 -0300] "GET /cormun/static/treventos.js?201610171620222 HTTP/1.1" 200 16064
186.103.156.166 - - [02/Mar/2018:12:39:11 -0300] "POST /cormun/servlet/solicitudot?gx-no-cache=1520005108684 HTTP/1.1" 200 30
186.103.159.43 - - [02/Mar/2018:12:39:11 -0300] "GET /cormun/servlet/treventos?2018,9927, HTTP/1.1" 200 5986
186.103.157.42 - - [02/Mar/2018:12:39:12 -0300] "POST /cormun/servlet/trautorizarsolicitud?0d30c874e742e07daef597af16ed79c3,,gx-no-cache=1520005110564 HTTP/1.1" 200 4612
186.103.157.42 - - [02/Mar/2018:12:39:12 -0300] "POST /cormun/servlet/trautorizarsolicitud?0d30c874e742e07daef597af16ed79c3,,gx-no-cache=1520005110944 HTTP/1.1" 200 4385
192.168.10.96 - - [02/Mar/2018:12:39:15 -0300] "GET /cormun/servlet/solicitudot?INS,0,0, HTTP/1.1" 200 13641
200.73.230.197 - - [02/Mar/2018:12:39:15 -0300] "GET /cormun/servlet/prbanco?,MD,,gxPopupLevel%3D0%3B HTTP/1.1" 200 6550
192.168.10.96 - - [02/Mar/2018:12:39:16 -0300] "GET /cormun/servlet/solicitudot?INS,0,0, HTTP/1.1" 200 13646
186.103.159.43 - - [02/Mar/2018:12:39:16 -0300] "GET /cormun/servlet/trsolicitudot HTTP/1.1" 200 8511
186.103.159.43 - - [02/Mar/2018:12:39:17 -0300] "GET /cormun/servlet/trsolicitudot HTTP/1.1" 200 8507
200.112.3.74 - - [02/Mar/2018:12:39:17 -0300] "POST /cormun/servlet/permisosadjuntos?c1e80ee34a237310212969a688f35c23,INS,12292074,P,20180302101521,, HTTP/1.1" 200 116
200.112.3.74 - - [02/Mar/2018:12:39:17 -0300] "GET /cormun/servlet/hpexe_return? HTTP/1.1" 200 1025
200.112.3.74 - - [02/Mar/2018:12:39:17 -0300] "GET /cormun/servlet/trpermisosadjuntos?12292074,20180302101521,P, HTTP/1.1" 200 6775
200.112.3.74 - - [02/Mar/2018:12:39:18 -0300] "GET /cormun/servlet/trpermisosadjuntos?12292074,20180302101521,P, HTTP/1.1" 200 6769
186.103.159.43 - - [02/Mar/2018:12:39:21 -0300] "POST /cormun/servlet/trsolicitudot?c95a51cdcee182376c576ff334729bea,gx-no-cache=1520005116006 HTTP/1.1" 200 4480
186.103.159.43 - - [02/Mar/2018:12:39:21 -0300] "GET /cormun/static/Shared/jqueryui/images/ui-bg_highlight-soft_100_c6c2c8_1x100.png HTTP/1.1" 404 1117
186.103.159.43 - - [02/Mar/2018:12:39:21 -0300] "GET /cormun/static/Shared/jqueryui/images/ui-icons_82798d_256x240.png HTTP/1.1" 404 1089
186.103.159.43 - - [02/Mar/2018:12:39:21 -0300] "GET /cormun/static/Shared/jqueryui/images/ui-icons_8d78a5_256x240.png HTTP/1.1" 404 1089
186.103.159.43 - - [02/Mar/2018:12:39:21 -0300] "GET /cormun/static/Shared/jqueryui/images/ui-bg_flat_55_fafafa_40x100.png HTTP/1.1" 404 1097
200.112.3.74 - - [02/Mar/2018:12:39:21 -0300] "GET /cormun/servlet/trpermisosgoce? HTTP/1.1" 200 7789
186.103.159.43 - - [02/Mar/2018:12:39:22 -0300] "POST /cormun/servlet/trsolicitudot?c95a51cdcee182376c576ff334729bea,gx-no-cache=1520005116350 HTTP/1.1" 200 4258
200.112.3.74 - - [02/Mar/2018:12:39:22 -0300] "GET /cormun/servlet/trpermisosgoce? HTTP/1.1" 200 7787
192.168.10.96 - - [02/Mar/2018:12:39:22 -0300] "GET /cormun/servlet/prfichaempleado?,MD,,gxPopupLevel%3D0%3B HTTP/1.1" 200 9348
200.112.3.74 - - [02/Mar/2018:12:39:26 -0300] "POST /cormun/servlet/trpermisosgoce?c1e80ee34a237310212969a688f35c23,,gx-no-cache=1520005119153 HTTP/1.1" 200 5003
200.112.3.74 - - [02/Mar/2018:12:39:27 -0300] "GET /cormun/static/Shared/jqueryui/images/ui-bg_highlight-soft_100_c6c2c8_1x100.png HTTP/1.1" 404 1117
200.112.3.74 - - [02/Mar/2018:12:39:27 -0300] "GET /cormun/static/Shared/jqueryui/images/ui-icons_82798d_256x240.png HTTP/1.1" 404 1089
200.112.3.74 - - [02/Mar/2018:12:39:27 -0300] "GET /cormun/static/Shared/jqueryui/images/ui-bg_flat_55_fafafa_40x100.png HTTP/1.1" 404 1097
200.112.3.74 - - [02/Mar/2018:12:39:27 -0300] "GET /cormun/static/Shared/jqueryui/images/ui-icons_8d78a5_256x240.png HTTP/1.1" 404 1089
200.112.3.74 - - [02/Mar/2018:12:39:27 -0300] "GET /cormun//static/Resources/PXToolsActionDisabled.gif HTTP/1.1" 200 53
186.103.159.189 - - [02/Mar/2018:12:39:27 -0300] "GET /cormun/servlet/trvisualizadoreventos? HTTP/1.1" 200 6699
192.168.10.56 - - [02/Mar/2018:12:39:28 -0300] "POST /cormun/servlet/trsolicitudgral?9d30667da04dbb4c15cc9e34eaef1399,,gx-no-cache=1520005004152 HTTP/1.1" 200 24993
192.168.10.96 - - [02/Mar/2018:12:39:28 -0300] "POST /cormun/servlet/prfichaempleado?1d4ff14942b899bacd8d75544af79f57,,MD,,gxPopupLevel%3D0%3B,gx-no-cache=1520005008823 HTTP/1.1" 200 3621
186.103.159.189 - - [02/Mar/2018:12:39:29 -0300] "GET /cormun/servlet/trvisualizadoreventos? HTTP/1.1" 200 6699
192.168.10.96 - - [02/Mar/2018:12:39:30 -0300] "POST /cormun/servlet/solicitudot?gx-no-cache=1520005011621 HTTP/1.1" 200 3415
192.168.10.96 - - [02/Mar/2018:12:39:31 -0300] "POST /cormun/servlet/solicitudot?1d4ff14942b899bacd8d75544af79f57,INS,0,0,,gx-no-cache=1520005011766 HTTP/1.1" 200 10584
186.103.159.230 - - [02/Mar/2018:12:39:31 -0300] "POST /cormun/servlet/solicitudot?gx-no-cache=1520005119648 HTTP/1.1" 200 3395
186.103.159.43 - - [02/Mar/2018:12:39:31 -0300] "GET /cormun/servlet/solicitudot?INS,0,0, HTTP/1.1" 200 13385
186.103.159.230 - - [02/Mar/2018:12:39:32 -0300] "POST /cormun/servlet/solicitudot?0bd3ec4e121bd6397182b0626d360f18,INS,0,0,,gx-no-cache=1520005120089 HTTP/1.1" 200 10564
186.103.159.43 - - [02/Mar/2018:12:39:32 -0300] "GET /cormun/servlet/solicitudot?INS,0,0, HTTP/1.1" 200 13390
192.168.10.96 - - [02/Mar/2018:12:39:33 -0300] "GET /cormun/servlet/solicitudot?d1d093f09db3fe43b7c5361cb8b8c9e7e4502a50deaa7e97860f6323c26eb868a78dc1392d922c581b5bbe66a6e27e0e,gx-no-cache=1520005014123 HTTP/1.1" 200 30
192.168.10.96 - - [02/Mar/2018:12:39:33 -0300] "GET /cormun/servlet/solicitudot?d1d093f09db3fe43b7c5361cb8b8c9e7526233f314c9bf9b4468ec259a3be8f33297374a3c0da3031f664876bdb6558c0ffd4511f29775169b7c79230c391253,gx-no-cache=1520005014166 HTTP/1.1" 200 30
192.168.10.96 - - [02/Mar/2018:12:39:33 -0300] "GET /cormun/servlet/solicitudot?d1d093f09db3fe43b7c5361cb8b8c9e71bb1a580d294d3d46bacb9d2d095d4c4,gx-no-cache=1520005014186 HTTP/1.1" 200 51
192.168.10.96 - - [02/Mar/2018:12:39:33 -0300] "POST /cormun/servlet/solicitudot?gx-no-cache=1520005014216 HTTP/1.1" 200 255
192.168.10.96 - - [02/Mar/2018:12:39:33 -0300] "GET /cormun/servlet/solicitudot?d1d093f09db3fe43b7c5361cb8b8c9e762299d4e2439d5cad90e2f4695a2cd8888651583875050e1949d696cd469d3a649b2388435616fce2bec735fa7d4fdaf9ff11de68f130a6105fe4c978ab0c4a56ae7e40c6ca19f4571122d49db74e0cbed63014db3dd6442fbef31128d2052019238649c5f08ffbc5652d1e09a0979f816a01cdfc946459053a2132a4db2dab4fafbccf0f15ff9f48d4480078f7a3378dfb3d9c6db919d7b2e0fc4d27d05c9c09352b5f748d31a9af41e4325aa2dd3f9fb516e619f27680af2b3cefd2f7145f17282e44e95f04f82c1f4feba4a1519127e2fb6181b510afe87bacc1642b5427fd1239d213d5cc252453bd2f8e60a55e74ca50176bab5b95dff25ae11842b00a2aa00f05bd3b8f0d1d47f8c49c008f972cd23dbce6de71df94dd4889697decab9da7b70bb6b10b9bb48f77815df061ff1369e3c5bee1f50f4b3f53c19f1900a435bd424c90ec93c732e6ce63e7a839f48715fcce169da6237e93d1174b71dcc1d8fe8ea1ecda3c6b00813448004c237ee,gx-no-cache=1520005014242 HTTP/1.1" 200 30
192.168.10.96 - - [02/Mar/2018:12:39:33 -0300] "POST /cormun/servlet/solicitudot?gx-no-cache=1520005014262 HTTP/1.1" 200 30
192.168.10.96 - - [02/Mar/2018:12:39:33 -0300] "POST /cormun/servlet/solicitudot?gx-no-cache=1520005014285 HTTP/1.1" 200 1337
192.168.10.96 - - [02/Mar/2018:12:39:33 -0300] "POST /cormun/servlet/solicitudot?gx-no-cache=1520005014344 HTTP/1.1" 200 38
192.168.10.56 - - [02/Mar/2018:12:39:35 -0300] "POST /cormun/servlet/trsolicitudgral?9d30667da04dbb4c15cc9e34eaef1399,,gx-no-cache=1520005015914 HTTP/1.1" 200 18149
186.103.159.230 - - [02/Mar/2018:12:39:37 -0300] "GET /cormun/servlet/solicitudot?87a1c3b5aeec6bc02bc907a9619ccdac423e9d5de1079967ec3a841a9e8ffc1668da0d878c98b523403218d4498f6e70,gx-no-cache=1520005125289 HTTP/1.1" 200 30
186.103.159.230 - - [02/Mar/2018:12:39:37 -0300] "GET /cormun/servlet/solicitudot?87a1c3b5aeec6bc02bc907a9619ccdac30decec56b4064d7802f7857892a01b9,gx-no-cache=1520005125357 HTTP/1.1" 200 103
186.103.159.230 - - [02/Mar/2018:12:39:37 -0300] "GET /cormun/static/Shared/jqueryui/images/ui-bg_highlight-soft_100_c6c2c8_1x100.png HTTP/1.1" 404 1117
186.103.159.230 - - [02/Mar/2018:12:39:37 -0300] "GET /cormun/static/Shared/jqueryui/images/ui-icons_ebccce_256x240.png HTTP/1.1" 404 1089
186.103.159.230 - - [02/Mar/2018:12:39:37 -0300] "GET /cormun/static/Shared/jqueryui/images/ui-icons_82798d_256x240.png HTTP/1.1" 404 1089
186.103.159.230 - - [02/Mar/2018:12:39:37 -0300] "GET /cormun/static/Shared/jqueryui/images/ui-bg_flat_55_994d53_40x100.png HTTP/1.1" 404 1097
186.103.159.230 - - [02/Mar/2018:12:39:37 -0300] "GET /cormun/servlet/solicitudot?87a1c3b5aeec6bc02bc907a9619ccdaceaf7a33407f8b8282844a99ce0191eb8,gx-no-cache=1520005125431 HTTP/1.1" 200 51
186.103.159.230 - - [02/Mar/2018:12:39:37 -0300] "POST /cormun/servlet/solicitudot?gx-no-cache=1520005125514 HTTP/1.1" 200 255
186.103.159.189 - - [02/Mar/2018:12:39:37 -0300] "GET /cormun/static/menuarrow.gif HTTP/1.1" 404 1015
186.103.159.230 - - [02/Mar/2018:12:39:37 -0300] "GET /cormun/servlet/solicitudot?87a1c3b5aeec6bc02bc907a9619ccdac60031db533127cfcd15f28e21c08cd5cea012bc15630a8e9d9e8f987e2cb0dfd5779188be16eb0eb5602180984655ca234bc8b0cced53bf75cbddced822cf6e114f664bce0248c00dd2caf97b975121a1078b986420bd354933a4dbedf8b2a002fd8be6199a0148b2f9198fab94ecd3e6b0a904c549d063c1d0e7578133b374ffcd74f8fff4bea6d9274bc2cc4f78b54ea4ed1b406a2b8d627847817019665625c62bff9bac42f887a620013bb516577307426dae85379ab7cf2f757096291996892cd2f614d4eec7e00e7e71056451293745d85498d89a87dbfbeb7da36c80b7074d9ffb0f871bca902600cff5fe9bbabaa30b71c60985c5afaac1a51d18f10cb668b5e7cc4313e1fd1c437c84be42bab8004b0f4307981e201940c3407166f281f9905b90c11507eb63229f1555d6979242f827bdc49e32a081cdfafa9f0913bf1185cca88775a9a2bb752c178d61f9c2ad504530e43ec4e8356221cfb1235048b9980b51321d456f2602944c90045,gx-no-cache=1520005125622 HTTP/1.1" 200 30
192.168.10.96 - - [02/Mar/2018:12:39:38 -0300] "GET /cormun/servlet/solicitudot?d1d093f09db3fe43b7c5361cb8b8c9e7e1dc3f065dc0e1a63b3c1ad12717715dc0ccc207ec8f59c8f9422f3946c48974d192c1d30efc89be92dee7a7ca132cde91c8400c3cba07a1572c00eaf0c46422558771a82d753f125d4371892d9fa90b0092aab046181b328f2a01bdcfea77fe694a68fe4b953029118eba2f70eff0d54b9a2f30937c473250462e8d7b6df0da296391bd73f8907ec17b6d0f6c4d1afe,gx-no-cache=1520005019615 HTTP/1.1" 200 29
192.168.10.96 - - [02/Mar/2018:12:39:38 -0300] "POST /cormun/servlet/solicitudot?gx-no-cache=1520005019640 HTTP/1.1" 200 1321
192.168.10.96 - - [02/Mar/2018:12:39:38 -0300] "POST /cormun/servlet/solicitudot?gx-no-cache=1520005019682 HTTP/1.1" 200 1219
186.103.159.230 - - [02/Mar/2018:12:39:39 -0300] "POST /cormun/servlet/solicitudot?gx-no-cache=1520005127735 HTTP/1.1" 200 30
200.73.230.197 - - [02/Mar/2018:12:39:39 -0300] "GET /cormun/servlet/solicitudot?db7aeda7e810df9ed1fa094b65e72f928d71e11b00b25e49528756817657ef6bd3c6fe2ccfae83cccd1be6e001c7f44d,gx-no-cache=1520005133361 HTTP/1.1" 200 30
200.73.230.197 - - [02/Mar/2018:12:39:39 -0300] "GET /cormun/servlet/solicitudot?db7aeda7e810df9ed1fa094b65e72f9282d5d686b1c9a27f1b0c6c48a4cf1c14,gx-no-cache=1520005133582 HTTP/1.1" 200 94
200.73.230.197 - - [02/Mar/2018:12:39:40 -0300] "GET /cormun/static/Shared/jqueryui/images/ui-icons_82798d_256x240.png HTTP/1.1" 404 1089
200.73.230.197 - - [02/Mar/2018:12:39:40 -0300] "GET /cormun/static/Shared/jqueryui/images/ui-bg_highlight-soft_100_c6c2c8_1x100.png HTTP/1.1" 404 1117
200.73.230.197 - - [02/Mar/2018:12:39:40 -0300] "GET /cormun/static/Shared/jqueryui/images/ui-icons_ebccce_256x240.png HTTP/1.1" 404 1089
200.73.230.197 - - [02/Mar/2018:12:39:40 -0300] "GET /cormun/static/Shared/jqueryui/images/ui-bg_flat_55_994d53_40x100.png HTTP/1.1" 404 1097
186.103.159.230 - - [02/Mar/2018:12:39:41 -0300] "POST /cormun/servlet/solicitudot?gx-no-cache=1520005129725 HTTP/1.1" 200 1337
186.103.159.230 - - [02/Mar/2018:12:39:41 -0300] "POST /cormun/servlet/solicitudot?gx-no-cache=1520005129825 HTTP/1.1" 200 38
192.168.10.96 - - [02/Mar/2018:12:39:42 -0300] "GET /cormun/servlet/solicitudot?d1d093f09db3fe43b7c5361cb8b8c9e7280c5d3a991a3695d97dbda7db6e21da56de53cf2f61d16e391198708d165688,gx-no-cache=1520005023091 HTTP/1.1" 200 30
186.103.159.43 - - [02/Mar/2018:12:39:42 -0300] "POST /cormun/servlet/solicitudot?gx-no-cache=1520005136510 HTTP/1.1" 200 3419
186.103.159.43 - - [02/Mar/2018:12:39:42 -0300] "POST /cormun/servlet/solicitudot?c95a51cdcee182376c576ff334729bea,INS,0,0,,gx-no-cache=1520005136958 HTTP/1.1" 200 10409
200.73.230.197 - - [02/Mar/2018:12:39:43 -0300] "GET /cormun/servlet/solicitudot?db7aeda7e810df9ed1fa094b65e72f92e324c109ba05db3e2bcc6ff7b1f8b055,gx-no-cache=1520005137135 HTTP/1.1" 200 60
186.103.159.187 - - [02/Mar/2018:12:39:44 -0300] "GET /cormun/servlet/hhome HTTP/1.1" 200 3386
186.103.159.187 - - [02/Mar/2018:12:39:45 -0300] "GET /cormun/static/gxcfg.js?20175251212442 HTTP/1.1" 304 -
186.103.159.187 - - [02/Mar/2018:12:39:45 -0300] "GET /cormun/static/messages.spa.js?85251 HTTP/1.1" 304 -
186.103.159.43 - - [02/Mar/2018:12:39:46 -0300] "GET /cormun/servlet/solicitudot?8619deaa2a8e18f563f1f17bad8a0ef126c4c8738ec3ca3fed0facf0e274e98d29aa4646e88c8b790c505295f04172b6,gx-no-cache=1520005140905 HTTP/1.1" 200 30
186.103.159.187 - - [02/Mar/2018:12:39:46 -0300] "GET /cormun/servlet/hhome HTTP/1.1" 200 3396
186.103.159.187 - - [02/Mar/2018:12:39:46 -0300] "GET /cormun/servlet/hlogin HTTP/1.1" 200 1735
186.103.159.43 - - [02/Mar/2018:12:39:46 -0300] "GET /cormun/servlet/solicitudot?8619deaa2a8e18f563f1f17bad8a0ef10634a411def913abccb30c09ad42d1895ff0bf54a0dc038375e03b0c8f3f639c30160a42dcc337e9eb05c6503dc98172,gx-no-cache=1520005140993 HTTP/1.1" 200 30
186.103.159.43 - - [02/Mar/2018:12:39:46 -0300] "GET /cormun/servlet/solicitudot?8619deaa2a8e18f563f1f17bad8a0ef16ba56a3f798eb85335250c2550bdc7a5,gx-no-cache=1520005141058 HTTP/1.1" 200 51
186.103.159.43 - - [02/Mar/2018:12:39:46 -0300] "POST /cormun/servlet/solicitudot?gx-no-cache=1520005141137 HTTP/1.1" 200 297
186.103.159.187 - - [02/Mar/2018:12:39:46 -0300] "GET /cormun/static/gxcfg.js?20175251213516 HTTP/1.1" 304 -
186.103.159.43 - - [02/Mar/2018:12:39:46 -0300] "GET /cormun/servlet/solicitudot?8619deaa2a8e18f563f1f17bad8a0ef17646b210ec328a59a8a22dcdc0b41241c2825026d994505894df1bca9d3dcdd8f9908cea1ea7632f288ef1cee18456d809d7aaa33ffbb7f4c73b92931dcabff7ab36c5d7cf17e1fa30e61ed36fe6c4b44fb7a9efc1e51df585cc291b40574c188bc7ac66e8d0b4aa44b838f05b14ff28acd84ac372bd4cebed80eccaeca7ec29c44cea689971433c35d6a4aa5cca5a3d58ff6f986da2718433019f8bcee7270a27eb6fefe49720d65ef40afd99151db787254976481547f4b0aa56842119554bca2d42cf372ead72209b9da6d2da07ef3916633d3210358baa3b713775ea026fa0454a7ed7844307808a8a87f6f7da14fb85d874c82733958a6311773d85f23f36d3b6b42498806fd4d3f755664399a9f53cf3fd11a694d62c44fb507e576635e346289f3c803ee31fe290564e2095a526f2129f7a1ea64d62056207cf01894740df03c948f62aa027c66619c717a74be523bec46cefade281e0c79a3ae7766e30c16fa62c9d1d3322d7c1c039daee48f382dcee15819b53064d877d8bb48773,gx-no-cache=1520005141230 HTTP/1.1" 200 30
192.168.10.96 - - [02/Mar/2018:12:39:47 -0300] "POST /cormun/servlet/solicitudot?gx-no-cache=1520005027861 HTTP/1.1" 200 30
186.103.159.230 - - [02/Mar/2018:12:39:49 -0300] "GET /cormun/servlet/solicitudot?87a1c3b5aeec6bc02bc907a9619ccdac9f4e375ced50ac2e5d68ed1193cce8fab03768449024f504c7ac166ba037a0b89c321984c58d526419cb4682711ee0442a16d384caa187ea0ef57b9e8c8040b9ff3ef7394bacf3b816f65de8b0e5ad41c32087f71c54b23ce4097c0f0274733a39cf7f70636882a62c27cfa5d438bbaff708f01c7a73fce9486f11c9d0f6f2358940ba5df1d4e813f11c0698f5e10c4b,gx-no-cache=1520005137897 HTTP/1.1" 200 29
186.103.159.43 - - [02/Mar/2018:12:39:49 -0300] "POST /cormun/servlet/solicitudot?gx-no-cache=1520005144212 HTTP/1.1" 200 30
186.103.159.230 - - [02/Mar/2018:12:39:49 -0300] "POST /cormun/servlet/solicitudot?gx-no-cache=1520005137955 HTTP/1.1" 200 1318
186.103.159.230 - - [02/Mar/2018:12:39:50 -0300] "POST /cormun/servlet/solicitudot?gx-no-cache=1520005138088 HTTP/1.1" 200 1219
186.103.159.230 - - [02/Mar/2018:12:39:50 -0300] "GET /cormun/static/menuarrow.gif HTTP/1.1" 404 1015
186.103.159.189 - - [02/Mar/2018:12:39:50 -0300] "POST /cormun/servlet/trvisualizadoreventos?f86f923eccdfc5fd6bb4fb98151fca98,,gx-no-cache=1520008733843 HTTP/1.1" 200 3934
186.103.159.230 - - [02/Mar/2018:12:39:51 -0300] "POST /cormun/servlet/solicitudot?gx-no-cache=1520005139386 HTTP/1.1" 200 1318
186.103.159.230 - - [02/Mar/2018:12:39:51 -0300] "POST /cormun/servlet/solicitudot?gx-no-cache=1520005139467 HTTP/1.1" 200 1219
186.103.159.43 - - [02/Mar/2018:12:39:52 -0300] "POST /cormun/servlet/solicitudot?gx-no-cache=1520005147300 HTTP/1.1" 200 1336
186.103.159.43 - - [02/Mar/2018:12:39:52 -0300] "POST /cormun/servlet/solicitudot?gx-no-cache=1520005147394 HTTP/1.1" 200 38
186.103.159.230 - - [02/Mar/2018:12:39:53 -0300] "GET /cormun/servlet/solicitudot?87a1c3b5aeec6bc02bc907a9619ccdaccdbf964f0b8742b6b8185eaa1c58fcbf598f62445eaa8d98b77012f147429e67,gx-no-cache=1520005141213 HTTP/1.1" 200 30
186.103.159.189 - - [02/Mar/2018:12:40:02 -0300] "GET /cormun/servlet/hlogin HTTP/1.1" 200 1723
186.103.159.43 - - [02/Mar/2018:12:40:02 -0300] "GET /cormun/servlet/solicitudot?8619deaa2a8e18f563f1f17bad8a0ef19bf1cab65ac0355959f0d78e06942e4674451a45095f57f3c8df6011f80121d4db21728c6dace4ae5991d1a78be22a60d1b7e17d1a5be4d817d35159880f0fb5b124911a2de286b41bf64797e8c2c6cf3135a458a8c88b893d3adf61a396ec19,gx-no-cache=1520005156688 HTTP/1.1" 200 29
186.103.159.43 - - [02/Mar/2018:12:40:02 -0300] "POST /cormun/servlet/solicitudot?gx-no-cache=1520005156877 HTTP/1.1" 200 1318
186.103.159.43 - - [02/Mar/2018:12:40:02 -0300] "POST /cormun/servlet/solicitudot?gx-no-cache=1520005157101 HTTP/1.1" 200 1218
186.103.159.230 - - [02/Mar/2018:12:40:04 -0300] "POST /cormun/servlet/solicitudot?gx-no-cache=1520005152137 HTTP/1.1" 200 30
200.112.3.74 - - [02/Mar/2018:12:40:08 -0300] "POST /cormun/servlet/trpermisosgoce?c1e80ee34a237310212969a688f35c23,,gx-no-cache=1520005160742 HTTP/1.1" 200 5001
186.103.159.43 - - [02/Mar/2018:12:40:10 -0300] "GET /cormun/servlet/solicitudot?8619deaa2a8e18f563f1f17bad8a0ef1df368483633050dea9abd1269d3d06e1a1f0d7a86e007a64a2c56831cd485fd5,gx-no-cache=1520005165093 HTTP/1.1" 200 30
200.73.230.197 - - [02/Mar/2018:12:40:11 -0300] "POST /cormun/servlet/solicitudot?gx-no-cache=1520005164577 HTTP/1.1" 200 255
200.73.230.197 - - [02/Mar/2018:12:40:11 -0300] "GET /cormun/servlet/solicitudot?db7aeda7e810df9ed1fa094b65e72f924148842351c392d697642c8ddd6e502614e3b8cae37488d28f73374cd640d10025091c549b42a891d593346e5f86c7a936ddc609939e1c88ad5904f2b028692e9e48eee27fd7a92a28feb021b9f6c141898fcc4e63c0722ccbf70f50ac7c8239945615aa93aaed8f29346b1a6737ef6fde28ad3f4fe42785ecc16e0d65f46205a0b2e4970c4658ee18cabc38755662ad1a289ad08f19e33c4017a740d46a38ee3a7b6311f5855a79a8cc71c798de79c3f93c2fc7acdb8c15e405496c5fb7f7e4a219b51dc6a93f4f453ba7872b58e090b50a181b6af35b037e0d13392f2fcfa169218f7ec0afd46c1271d2296ca0a5fef0ce808e4e817e610ae71335dc8cd7c45f242a6bd37d84219c1dbf3791d9393191292735f7a2a921ad0b6b33a985a99c8f099b5549390b9529ca71556f4144ce2558c934ce7bf9713560ffc4d8752453d94c8b5a184b7bf4f6b847313d6561efc407486d55074496b0ef3dab3b25703cba0a9bf9d42dde4db120631b49017480,gx-no-cache=1520005164773 HTTP/1.1" 200 30
186.103.159.183 - - [02/Mar/2018:12:40:14 -0300] "GET /cormun/servlet/hlogin HTTP/1.1" 200 1740
186.103.159.183 - - [02/Mar/2018:12:40:14 -0300] "GET /cormun/static/Resources/ComunLogin.png HTTP/1.1" 200 17326
200.73.230.197 - - [02/Mar/2018:12:40:15 -0300] "POST /cormun/servlet/solicitudot?gx-no-cache=1520005168734 HTTP/1.1" 200 30
186.103.156.166 - - [02/Mar/2018:12:40:15 -0300] "POST /cormun/servlet/solicitudot?gx-no-cache=1520005171999 HTTP/1.1" 200 30
186.103.159.43 - - [02/Mar/2018:12:40:18 -0300] "POST /cormun/servlet/solicitudot?gx-no-cache=1520005172525 HTTP/1.1" 200 30
186.103.159.189 - - [02/Mar/2018:12:40:24 -0300] "POST /cormun/servlet/hlogin?f86f923eccdfc5fd6bb4fb98151fca98,gx-no-cache=1520008768464 HTTP/1.1" 200 90
186.103.159.189 - - [02/Mar/2018:12:40:24 -0300] "GET /cormun/servlet/hpexe_link HTTP/1.1" 200 953
186.103.159.189 - - [02/Mar/2018:12:40:25 -0300] "GET /cormun/servlet/hhome HTTP/1.1" 200 4171
186.103.159.189 - - [02/Mar/2018:12:40:27 -0300] "GET /cormun/servlet/hhome HTTP/1.1" 200 4168
200.73.230.197 - - [02/Mar/2018:12:40:29 -0300] "POST /cormun/servlet/solicitudot?284e7186ecd4fe79264837ac0fde1798,INS,0,0,,gx-no-cache=1520005183284 HTTP/1.1" 200 10484
200.73.230.197 - - [02/Mar/2018:12:40:30 -0300] "GET /cormun/static/Shared/jqueryui/images/ui-bg_flat_55_fafafa_40x100.png HTTP/1.1" 404 1097
200.73.230.197 - - [02/Mar/2018:12:40:30 -0300] "GET /cormun/static/Shared/jqueryui/images/ui-icons_8d78a5_256x240.png HTTP/1.1" 404 1089
186.103.159.189 - - [02/Mar/2018:12:40:35 -0300] "GET /cormun/servlet/trvisualizadoreventos? HTTP/1.1" 200 6930
192.168.10.96 - - [02/Mar/2018:12:40:35 -0300] "POST /cormun/servlet/solicitudot?gx-no-cache=1520005076414 HTTP/1.1" 200 1321
186.103.156.166 - - [02/Mar/2018:12:40:35 -0300] "POST /cormun/servlet/solicitudot?gx-no-cache=1520005192443 HTTP/1.1" 200 1337
192.168.10.96 - - [02/Mar/2018:12:40:35 -0300] "POST /cormun/servlet/solicitudot?gx-no-cache=1520005076460 HTTP/1.1" 200 1219
192.168.10.96 - - [02/Mar/2018:12:40:35 -0300] "GET /cormun/servlet/solicitudot?d1d093f09db3fe43b7c5361cb8b8c9e7280c5d3a991a3695d97dbda7db6e21da56de53cf2f61d16e391198708d165688,gx-no-cache=1520005076499 HTTP/1.1" 200 30
186.103.156.166 - - [02/Mar/2018:12:40:35 -0300] "POST /cormun/servlet/solicitudot?gx-no-cache=1520005192742 HTTP/1.1" 200 41
192.168.10.96 - - [02/Mar/2018:12:40:35 -0300] "POST /cormun/servlet/solicitudot?gx-no-cache=1520005076575 HTTP/1.1" 200 30
192.168.10.96 - - [02/Mar/2018:12:40:36 -0300] "POST /cormun/servlet/solicitudot?1d4ff14942b899bacd8d75544af79f57,INS,0,0,,gx-no-cache=1520005076611 HTTP/1.1" 200 11989
192.168.10.96 - - [02/Mar/2018:12:40:36 -0300] "GET /cormun/static/Shared/jqueryui/images/ui-icons_82798d_256x240.png HTTP/1.1" 404 1089
192.168.10.96 - - [02/Mar/2018:12:40:36 -0300] "GET /cormun/static/Shared/jqueryui/images/ui-bg_highlight-soft_100_c6c2c8_1x100.png HTTP/1.1" 404 1117
192.168.10.96 - - [02/Mar/2018:12:40:36 -0300] "GET /cormun/static/Shared/jqueryui/images/ui-icons_ebccce_256x240.png HTTP/1.1" 404 1089
192.168.10.96 - - [02/Mar/2018:12:40:36 -0300] "GET /cormun/static/Shared/jqueryui/images/ui-bg_flat_55_994d53_40x100.png HTTP/1.1" 404 1097
186.103.156.166 - - [02/Mar/2018:12:40:36 -0300] "POST /cormun/servlet/solicitudot?gx-no-cache=1520005192844 HTTP/1.1" 200 1319
200.73.230.197 - - [02/Mar/2018:12:40:36 -0300] "GET /cormun/servlet/solicitudot?db7aeda7e810df9ed1fa094b65e72f928d71e11b00b25e49528756817657ef6b84a47a925424e721fb17793fe2718f76,gx-no-cache=1520005190514 HTTP/1.1" 200 30
186.103.156.166 - - [02/Mar/2018:12:40:37 -0300] "POST /cormun/servlet/solicitudot?gx-no-cache=1520005193963 HTTP/1.1" 200 1219
186.103.156.166 - - [02/Mar/2018:12:40:37 -0300] "GET /cormun/servlet/solicitudot?a7e2aed129909d16567e784d7d295fba63cbf2613698cb8baadab30ccef90e5ed341af0131ff0a579727767a28af688d,gx-no-cache=1520005194161 HTTP/1.1" 200 30
186.103.159.189 - - [02/Mar/2018:12:40:37 -0300] "GET /cormun/servlet/trvisualizadoreventos? HTTP/1.1" 200 6932
186.103.156.166 - - [02/Mar/2018:12:40:37 -0300] "POST /cormun/servlet/solicitudot?gx-no-cache=1520005194246 HTTP/1.1" 200 30
200.73.230.197 - - [02/Mar/2018:12:40:37 -0300] "GET /cormun/servlet/solicitudot?db7aeda7e810df9ed1fa094b65e72f9282d5d686b1c9a27f1b0c6c48a4cf1c14,gx-no-cache=1520005190678 HTTP/1.1" 200 94
200.73.230.197 - - [02/Mar/2018:12:40:37 -0300] "GET /cormun/servlet/solicitudot?db7aeda7e810df9ed1fa094b65e72f927acdb0f7c6b344b6a934c6c4741b692c102b638375bf2775b3222e727f36a504f86e56e87e2f4128a91c6c6eb490ccfb7d0f76eb8ccc7224cfe455950bce8ebb,gx-no-cache=1520005191224 HTTP/1.1" 200 60
200.73.230.197 - - [02/Mar/2018:12:40:37 -0300] "POST /cormun/servlet/solicitudot?gx-no-cache=1520005191337 HTTP/1.1" 200 254
200.73.230.197 - - [02/Mar/2018:12:40:37 -0300] "GET /cormun/servlet/solicitudot?db7aeda7e810df9ed1fa094b65e72f924148842351c392d697642c8ddd6e502614e3b8cae37488d28f73374cd640d10025091c549b42a891d593346e5f86c7a936ddc609939e1c88ad5904f2b028692e9e48eee27fd7a92a28feb021b9f6c141898fcc4e63c0722ccbf70f50ac7c8239945615aa93aaed8f29346b1a6737ef6fde28ad3f4fe42785ecc16e0d65f46205a0b2e4970c4658ee18cabc38755662ad1a289ad08f19e33c4017a740d46a38ee3a7b6311f5855a79a8cc71c798de79c3f93c2fc7acdb8c15e405496c5fb7f7e4a219b51dc6a93f4f453ba7872b58e090b50a181b6af35b037e0d13392f2fcfa169218f7ec0afd46c1271d2296ca0a5fef0ce808e4e817e610ae71335dc8cd7c45f242a6bd37d84219c1dbf3791d9393191292735f7a2a921ad0b6b33a985a99c8f099b5549390b9529ca71556f4144ce2558c934ce7bf9713560ffc4d8752453d94c8b5a184b7bf4f6b847313d6561efc407486d55074496b0ef3dab3b25703c715b20146724eff878502e8ac85103c0,gx-no-cache=1520005191449 HTTP/1.1" 200 30
186.103.156.166 - - [02/Mar/2018:12:40:37 -0300] "POST /cormun/servlet/solicitudot?b99bcced6aa8f4e947e8a7cebe61488b,INS,0,0,,gx-no-cache=1520005194374 HTTP/1.1" 200 93
200.73.230.197 - - [02/Mar/2018:12:40:37 -0300] "POST /cormun/servlet/solicitudot?gx-no-cache=1520005191543 HTTP/1.1" 200 30
186.103.156.166 - - [02/Mar/2018:12:40:38 -0300] "GET /cormun/servlet/hpexe_return? HTTP/1.1" 200 1000
200.73.230.197 - - [02/Mar/2018:12:40:38 -0300] "POST /cormun/servlet/solicitudot?gx-no-cache=1520005191725 HTTP/1.1" 200 1337
186.103.156.166 - - [02/Mar/2018:12:40:38 -0300] "GET /cormun/servlet/trsolicitudot HTTP/1.1" 200 8771
200.73.230.197 - - [02/Mar/2018:12:40:38 -0300] "POST /cormun/servlet/solicitudot?gx-no-cache=1520005191978 HTTP/1.1" 200 38
186.103.156.166 - - [02/Mar/2018:12:40:39 -0300] "GET /cormun/servlet/trsolicitudot HTTP/1.1" 200 8767
192.168.10.96 - - [02/Mar/2018:12:40:40 -0300] "POST /cormun/servlet/solicitudot?gx-no-cache=1520005081130 HTTP/1.1" 200 30
186.103.159.189 - - [02/Mar/2018:12:40:41 -0300] "GET /cormun/servlet/trautorizarsolicitud? HTTP/1.1" 200 12207
186.103.159.189 - - [02/Mar/2018:12:40:43 -0300] "GET /cormun/servlet/trautorizarsolicitud? HTTP/1.1" 200 12206
192.168.10.96 - - [02/Mar/2018:12:40:45 -0300] "GET /cormun/servlet/prsolicitudot?8891003,,,,,MD,,gxPopupLevel%3D0%3B HTTP/1.1" 200 6229
186.103.156.166 - - [02/Mar/2018:12:40:46 -0300] "POST /cormun/servlet/trsolicitudot?b99bcced6aa8f4e947e8a7cebe61488b,gx-no-cache=1520005203391 HTTP/1.1" 200 4666
186.103.156.166 - - [02/Mar/2018:12:40:46 -0300] "GET /cormun/static/Shared/jqueryui/images/ui-bg_highlight-soft_100_c6c2c8_1x100.png HTTP/1.1" 404 1117
186.103.156.166 - - [02/Mar/2018:12:40:46 -0300] "GET /cormun/static/Shared/jqueryui/images/ui-bg_flat_55_fafafa_40x100.png HTTP/1.1" 404 1097
186.103.156.166 - - [02/Mar/2018:12:40:46 -0300] "GET /cormun/static/Shared/jqueryui/images/ui-icons_8d78a5_256x240.png HTTP/1.1" 404 1089
186.103.156.166 - - [02/Mar/2018:12:40:46 -0300] "GET /cormun/static/Shared/jqueryui/images/ui-icons_82798d_256x240.png HTTP/1.1" 404 1089
186.103.156.166 - - [02/Mar/2018:12:40:46 -0300] "POST /cormun/servlet/trsolicitudot?b99bcced6aa8f4e947e8a7cebe61488b,gx-no-cache=1520005203761 HTTP/1.1" 200 4439
186.103.159.230 - - [02/Mar/2018:12:40:49 -0300] "POST /cormun/servlet/solicitudot?0bd3ec4e121bd6397182b0626d360f18,INS,0,0,,gx-no-cache=1520005197105 HTTP/1.1" 200 11982
