186.103.156.166 - - [02/Mar/2018:09:53:18 -0300] "GET /cormun/static/Shared/jqueryui/images/ui-bg_highlight-soft_100_eae6ea_1x100.png HTTP/1.1" 404 1117
186.103.156.166 - - [02/Mar/2018:09:53:22 -0300] "POST /cormun/servlet/solicitudot?19b99ce43f19abb89e8010d0dc5818fb,INS,0,0,,gx-no-cache=1519995157803 HTTP/1.1" 200 90
186.103.156.166 - - [02/Mar/2018:09:53:22 -0300] "GET /cormun/servlet/hpexe_link HTTP/1.1" 200 962
186.103.156.166 - - [02/Mar/2018:09:53:22 -0300] "GET /cormun/servlet/trsolicitudot HTTP/1.1" 200 7399
186.103.156.166 - - [02/Mar/2018:09:53:23 -0300] "GET /cormun/servlet/trsolicitudot HTTP/1.1" 200 7398
186.103.156.166 - - [02/Mar/2018:09:53:26 -0300] "GET /cormun/static/menuarrow.gif HTTP/1.1" 404 1015
186.103.159.183 - - [02/Mar/2018:09:53:37 -0300] "GET /cormun/servlet/solicitudotadjuntos?INS,2018,9838,,1, HTTP/1.1" 200 6232
186.103.159.183 - - [02/Mar/2018:09:53:37 -0300] "GET /cormun/static/about:blank HTTP/1.1" 404 1011
186.103.159.183 - - [02/Mar/2018:09:53:38 -0300] "GET /cormun/static/Shared/ext/ext-all.js HTTP/1.1" 200 1289687
186.103.159.183 - - [02/Mar/2018:09:53:38 -0300] "GET /cormun/servlet/solicitudotadjuntos?INS,2018,9838,,1, HTTP/1.1" 200 6226
186.103.159.183 - - [02/Mar/2018:09:53:39 -0300] "GET /cormun/servlet/solicitudotadjuntos?601556505839c619d040a052384b770db8a6de6796fe0e16e74c1ef98297a2009919e7d6857ff07b9f7363ce70833ee2,gx-no-cache=1519995173120 HTTP/1.1" 200 30
186.103.159.183 - - [02/Mar/2018:09:53:40 -0300] "POST /cormun/servlet/solicitudotadjuntos?20ac37d80e3ee8c3e1e7de12fb326d67,INS,2018,9838,,1,,gx-no-cache=1519995173209 HTTP/1.1" 200 4013
186.103.159.183 - - [02/Mar/2018:09:53:45 -0300] "POST /cormun/servlet/solicitudotadjuntos?gx-no-cache=1519995179812 HTTP/1.1" 200 26
186.103.157.42 - - [02/Mar/2018:09:53:46 -0300] "POST /cormun/servlet/solicitudot?gx-no-cache=1519994928890 HTTP/1.1" 200 30
186.103.157.42 - - [02/Mar/2018:09:53:46 -0300] "POST /cormun/servlet/solicitudot?gx-no-cache=1519994929003 HTTP/1.1" 200 1337
186.103.157.42 - - [02/Mar/2018:09:53:46 -0300] "POST /cormun/servlet/solicitudot?gx-no-cache=1519994929211 HTTP/1.1" 200 41
186.103.157.42 - - [02/Mar/2018:09:53:46 -0300] "POST /cormun/servlet/solicitudot?gx-no-cache=1519994929285 HTTP/1.1" 200 1321
186.103.157.42 - - [02/Mar/2018:09:53:46 -0300] "POST /cormun/servlet/solicitudot?gx-no-cache=1519994929529 HTTP/1.1" 200 1219
186.103.157.42 - - [02/Mar/2018:09:53:46 -0300] "GET /cormun/servlet/solicitudot?d30521e39b9541f02c0ee6d09e16fe3b4952a88c0508a8e957070e45002e9bc809b8654072e7ba811064e335a342aae7,gx-no-cache=1519994929687 HTTP/1.1" 200 30
186.103.157.42 - - [02/Mar/2018:09:53:47 -0300] "POST /cormun/servlet/solicitudot?gx-no-cache=1519994929770 HTTP/1.1" 200 33
186.103.157.42 - - [02/Mar/2018:09:53:48 -0300] "GET /cormun/servlet/solicitudot?INS,0,0, HTTP/1.1" 200 13714
186.103.157.42 - - [02/Mar/2018:09:53:48 -0300] "POST /cormun/servlet/solicitudot?61feee565c94808c63623a1103f77900,INS,0,0,,gx-no-cache=1519994929897 HTTP/1.1" 200 12019
186.103.157.42 - - [02/Mar/2018:09:53:49 -0300] "GET /cormun/servlet/solicitudot?INS,0,0, HTTP/1.1" 200 13714
186.103.159.183 - - [02/Mar/2018:09:53:57 -0300] "GET /cormun/servlet/solicitudotadjuntos?601556505839c619d040a052384b770df34236e2be3bd632fff6e1230bd7e0de,gx-no-cache=1519995191819 HTTP/1.1" 200 30
186.103.159.183 - - [02/Mar/2018:09:53:58 -0300] "GET /cormun/servlet/solicitudotadjuntos?601556505839c619d040a052384b770df34236e2be3bd632fff6e1230bd7e0de,gx-no-cache=1519995191875 HTTP/1.1" 200 30
186.103.157.246 - - [02/Mar/2018:09:54:02 -0300] "GET /cormun/servlet/trsolicitudot? HTTP/1.1" 200 7088
186.103.159.183 - - [02/Mar/2018:09:54:06 -0300] "POST /cormun/servlet/solicitudotadjuntos?20ac37d80e3ee8c3e1e7de12fb326d67,INS,2018,9838,,1, HTTP/1.1" 200 116
186.103.159.183 - - [02/Mar/2018:09:54:06 -0300] "GET /cormun/servlet/hpexe_return? HTTP/1.1" 200 1022
186.103.159.183 - - [02/Mar/2018:09:54:07 -0300] "GET /cormun/servlet/trsolicitudadjuntos?2018,9838, HTTP/1.1" 200 9443
186.103.157.246 - - [02/Mar/2018:09:54:08 -0300] "GET /cormun/servlet/solicitudot?INS,0,0, HTTP/1.1" 200 13331
186.103.159.183 - - [02/Mar/2018:09:54:08 -0300] "GET /cormun/static/Shared/ext/ext-all.js HTTP/1.1" 200 1289687
186.103.159.183 - - [02/Mar/2018:09:54:10 -0300] "GET /cormun/servlet/trsolicitudadjuntos?2018,9838, HTTP/1.1" 200 9440
186.103.159.183 - - [02/Mar/2018:09:54:15 -0300] "GET /cormun/servlet/solicitudotadjuntos?INS,2018,9838,,1, HTTP/1.1" 200 6232
186.103.159.183 - - [02/Mar/2018:09:54:15 -0300] "GET /cormun/static/about:blank HTTP/1.1" 404 1011
186.103.159.183 - - [02/Mar/2018:09:54:16 -0300] "GET /cormun/static/Shared/ext/ext-all.js HTTP/1.1" 200 1289687
186.103.159.183 - - [02/Mar/2018:09:54:17 -0300] "GET /cormun/servlet/solicitudotadjuntos?INS,2018,9838,,1, HTTP/1.1" 200 6226
186.103.159.183 - - [02/Mar/2018:09:54:17 -0300] "GET /cormun/servlet/solicitudotadjuntos?601556505839c619d040a052384b770db8a6de6796fe0e16e74c1ef98297a2009919e7d6857ff07b9f7363ce70833ee2,gx-no-cache=1519995211536 HTTP/1.1" 200 30
186.103.159.183 - - [02/Mar/2018:09:54:18 -0300] "POST /cormun/servlet/solicitudotadjuntos?20ac37d80e3ee8c3e1e7de12fb326d67,INS,2018,9838,,1,,gx-no-cache=1519995211646 HTTP/1.1" 200 4013
186.103.156.166 - - [02/Mar/2018:09:54:19 -0300] "POST /cormun/servlet/trsolicitudot?19b99ce43f19abb89e8010d0dc5818fb,gx-no-cache=1519995214372 HTTP/1.1" 200 4496
186.103.156.166 - - [02/Mar/2018:09:54:24 -0300] "GET /cormun/servlet/trvisualizadoreventos? HTTP/1.1" 200 6934
186.103.156.166 - - [02/Mar/2018:09:54:25 -0300] "GET /cormun/servlet/trvisualizadoreventos? HTTP/1.1" 200 6934
186.103.156.166 - - [02/Mar/2018:09:54:28 -0300] "POST /cormun/servlet/trvisualizadoreventos?19b99ce43f19abb89e8010d0dc5818fb,,gx-no-cache=1519995223974 HTTP/1.1" 200 4122
186.103.159.183 - - [02/Mar/2018:09:54:34 -0300] "POST /cormun/servlet/solicitudotadjuntos?gx-no-cache=1519995228405 HTTP/1.1" 200 26
186.103.157.246 - - [02/Mar/2018:09:54:44 -0300] "POST /cormun/servlet/solicitudot?gx-no-cache=1519995236737 HTTP/1.1" 200 3414
186.103.157.246 - - [02/Mar/2018:09:54:45 -0300] "POST /cormun/servlet/solicitudot?8717026766da2961fd6c2955fc9b580c,INS,0,0,,gx-no-cache=1519995237405 HTTP/1.1" 200 10356
186.103.159.44 - - [02/Mar/2018:09:54:55 -0300] "GET /cormun/static/menuarrow.gif HTTP/1.1" 404 1015
186.103.157.246 - - [02/Mar/2018:09:54:55 -0300] "POST /cormun/servlet/solicitudot?gx-no-cache=1519995248026 HTTP/1.1" 200 3388
186.103.157.246 - - [02/Mar/2018:09:54:56 -0300] "POST /cormun/servlet/solicitudot?8717026766da2961fd6c2955fc9b580c,INS,0,0,,gx-no-cache=1519995248689 HTTP/1.1" 200 10371
186.103.157.246 - - [02/Mar/2018:09:54:57 -0300] "GET /cormun/servlet/solicitudot?3ad47763fe393c9a749a6bce1a1c5ddcb263fd212ccfd137a300fdaa06ed2c8f,gx-no-cache=1519995249845 HTTP/1.1" 200 30
186.103.157.246 - - [02/Mar/2018:09:54:57 -0300] "GET /cormun/servlet/solicitudot?3ad47763fe393c9a749a6bce1a1c5ddc0ad4d7ade9c386c3bcf80bdec8cde598920eb70b045ea551badc0b8fbc58ed39,gx-no-cache=1519995250036 HTTP/1.1" 200 103
186.103.157.246 - - [02/Mar/2018:09:54:57 -0300] "GET /cormun/static/Shared/jqueryui/images/ui-bg_highlight-soft_100_c6c2c8_1x100.png HTTP/1.1" 404 1117
186.103.157.246 - - [02/Mar/2018:09:54:57 -0300] "GET /cormun/static/Shared/jqueryui/images/ui-icons_ebccce_256x240.png HTTP/1.1" 404 1089
186.103.157.246 - - [02/Mar/2018:09:54:57 -0300] "GET /cormun/static/Shared/jqueryui/images/ui-icons_82798d_256x240.png HTTP/1.1" 404 1089
186.103.157.246 - - [02/Mar/2018:09:54:57 -0300] "GET /cormun/static/Shared/jqueryui/images/ui-bg_flat_55_994d53_40x100.png HTTP/1.1" 404 1097
186.103.157.246 - - [02/Mar/2018:09:54:57 -0300] "GET /cormun/servlet/solicitudot?3ad47763fe393c9a749a6bce1a1c5ddc37cc350fe7737c087c7a34b783a16bb9,gx-no-cache=1519995250513 HTTP/1.1" 200 53
186.103.157.246 - - [02/Mar/2018:09:54:58 -0300] "POST /cormun/servlet/solicitudot?gx-no-cache=1519995250699 HTTP/1.1" 200 240
186.103.157.246 - - [02/Mar/2018:09:54:58 -0300] "GET /cormun/servlet/solicitudot?3ad47763fe393c9a749a6bce1a1c5ddcb139241664e83d8e7170716f66252c21def138efe88de247d1621cec7fbb95bb2d7b2e06b0a58add9798d620d8ef203d7708916e8eb89e0666628187fc2ff36f7dec60e1f6f931d0a9c096fae65b96b77858eac0883ac15512aa0a80fc0df75359a35fa028d599dd99a500bfc40dd0948bfae68b6c2e6aa12734465705df06221d0c4783035da726b8078f6f5c277f19a0347783c3e7f39abf318ca4d9403c4214e5441ab0f0274b6ffb3dd3f6f7fc4cdfc2013e7ab9e3bf18067728e793cfd8e9ff8db66111e39574503f9830c34c6091a99e7d31388da119d254e0dba822a195e48cf32319e82362c84d01573b5d647df082b93a76b4f97e8aaef0dab4d409c14fbc7bdde4094c98811916256af3ae2c6d8b71b2c0e3655092bb99c82a63c7ad1a96bc75227242e8ebb98d41fbc46d3d4e345a2c284f7fa1f375e1ebfbfe079ad9a516a0425a1cc3e6a7aee29bbb317109a509efc740c91dc3356d9982ee9e8a19955da1ca1f13770612d30f7d9c1a,gx-no-cache=1519995250957 HTTP/1.1" 200 30
186.103.159.183 - - [02/Mar/2018:09:55:06 -0300] "GET /cormun/servlet/solicitudotadjuntos?601556505839c619d040a052384b770df34236e2be3bd632fff6e1230bd7e0de,gx-no-cache=1519995260476 HTTP/1.1" 200 30
186.103.159.183 - - [02/Mar/2018:09:55:06 -0300] "GET /cormun/servlet/solicitudotadjuntos?601556505839c619d040a052384b770df34236e2be3bd632fff6e1230bd7e0de,gx-no-cache=1519995260563 HTTP/1.1" 200 30
186.103.159.183 - - [02/Mar/2018:09:55:10 -0300] "POST /cormun/servlet/solicitudotadjuntos?20ac37d80e3ee8c3e1e7de12fb326d67,INS,2018,9838,,1, HTTP/1.1" 200 116
186.103.159.183 - - [02/Mar/2018:09:55:10 -0300] "GET /cormun/servlet/hpexe_return? HTTP/1.1" 200 1022
186.103.159.183 - - [02/Mar/2018:09:55:12 -0300] "GET /cormun/servlet/trsolicitudadjuntos?2018,9838, HTTP/1.1" 200 9685
186.103.159.183 - - [02/Mar/2018:09:55:13 -0300] "GET /cormun/static/Shared/ext/ext-all.js HTTP/1.1" 200 1289687
186.103.159.183 - - [02/Mar/2018:09:55:15 -0300] "GET /cormun/servlet/trsolicitudadjuntos?2018,9838, HTTP/1.1" 200 9685
186.103.159.183 - - [02/Mar/2018:09:55:39 -0300] "GET /cormun/servlet/trsolicitudot? HTTP/1.1" 200 8778
186.103.159.183 - - [02/Mar/2018:09:55:40 -0300] "GET /cormun/static/Shared/ext/ext-all.js HTTP/1.1" 200 1289687
186.103.159.183 - - [02/Mar/2018:09:55:41 -0300] "GET /cormun/servlet/trsolicitudot? HTTP/1.1" 200 8773
186.103.159.183 - - [02/Mar/2018:09:55:54 -0300] "POST /cormun/servlet/trsolicitudot?20ac37d80e3ee8c3e1e7de12fb326d67,,gx-no-cache=1519995306956 HTTP/1.1" 200 4691
186.103.159.183 - - [02/Mar/2018:09:55:54 -0300] "GET /cormun/static/Shared/jqueryui/images/ui-bg_highlight-soft_100_c6c2c8_1x100.png HTTP/1.1" 404 1117
186.103.159.183 - - [02/Mar/2018:09:55:54 -0300] "GET /cormun/static/Shared/jqueryui/images/ui-icons_82798d_256x240.png HTTP/1.1" 404 1089
186.103.159.183 - - [02/Mar/2018:09:55:54 -0300] "GET /cormun/static/Shared/jqueryui/images/ui-icons_8d78a5_256x240.png HTTP/1.1" 404 1089
186.103.159.183 - - [02/Mar/2018:09:55:54 -0300] "GET /cormun/static/Shared/jqueryui/images/ui-bg_flat_55_fafafa_40x100.png HTTP/1.1" 404 1097
186.103.159.183 - - [02/Mar/2018:09:55:55 -0300] "POST /cormun/servlet/trsolicitudot?20ac37d80e3ee8c3e1e7de12fb326d67,,gx-no-cache=1519995308495 HTTP/1.1" 200 4464
186.103.159.183 - - [02/Mar/2018:09:56:00 -0300] "GET /cormun/servlet/trautorizarsolicitud? HTTP/1.1" 200 8668
186.103.159.183 - - [02/Mar/2018:09:56:00 -0300] "GET /cormun/static/gxcfg.js?2017111423403364 HTTP/1.1" 200 953
186.103.159.183 - - [02/Mar/2018:09:56:00 -0300] "GET /cormun/static/trautorizarsolicitud.js?201711142340425 HTTP/1.1" 200 53910
186.103.159.183 - - [02/Mar/2018:09:56:01 -0300] "GET /cormun/static/Shared/ext/ext-all.js HTTP/1.1" 200 1289687
186.103.159.183 - - [02/Mar/2018:09:56:02 -0300] "GET /cormun/servlet/trautorizarsolicitud? HTTP/1.1" 200 8668
191.126.135.18 - - [02/Mar/2018:09:56:09 -0300] "GET / HTTP/1.1" 200 11217
200.111.122.170 - - [02/Mar/2018:09:56:16 -0300] "POST /cormun/servlet/hlogin?28979128ae1404027bcaa7ad2c6380d4,gx-no-cache=1519995323217 HTTP/1.1" 200 90
200.111.122.170 - - [02/Mar/2018:09:56:17 -0300] "GET /cormun/servlet/hpexe_link HTTP/1.1" 200 953
200.111.122.170 - - [02/Mar/2018:09:56:17 -0300] "GET /cormun/servlet/hhome HTTP/1.1" 200 4195
200.111.122.170 - - [02/Mar/2018:09:56:19 -0300] "GET /cormun/servlet/hhome HTTP/1.1" 200 4191
191.126.135.18 - - [02/Mar/2018:09:56:29 -0300] "GET /cormun/servlet/hlogin HTTP/1.1" 200 1727
200.111.122.170 - - [02/Mar/2018:09:56:32 -0300] "GET /cormun/servlet/trsolicitudot? HTTP/1.1" 200 7410
191.126.135.18 - - [02/Mar/2018:09:56:33 -0300] "POST /cormun/servlet/hlogin?90b2941a572f5aed7e0a359eb62898c5,gx-no-cache=1519995346476 HTTP/1.1" 200 90
191.126.135.18 - - [02/Mar/2018:09:56:33 -0300] "GET /cormun/servlet/hpexe_link HTTP/1.1" 200 952
191.126.135.18 - - [02/Mar/2018:09:56:33 -0300] "GET /cormun/servlet/hhome HTTP/1.1" 200 4259
200.111.122.170 - - [02/Mar/2018:09:56:34 -0300] "GET /cormun/servlet/trsolicitudot? HTTP/1.1" 200 7409
191.126.135.18 - - [02/Mar/2018:09:56:35 -0300] "GET /cormun/servlet/hhome HTTP/1.1" 200 4255
200.111.122.170 - - [02/Mar/2018:09:56:38 -0300] "GET /cormun/servlet/solicitudot?INS,0,0, HTTP/1.1" 200 13649
200.111.122.170 - - [02/Mar/2018:09:56:40 -0300] "GET /cormun/servlet/solicitudot?INS,0,0, HTTP/1.1" 200 13653
191.126.135.18 - - [02/Mar/2018:09:56:54 -0300] "GET /cormun/servlet/trsolicitudot? HTTP/1.1" 200 7475
191.126.135.18 - - [02/Mar/2018:09:56:55 -0300] "GET /cormun/servlet/trsolicitudot? HTTP/1.1" 200 7474
186.103.157.246 - - [02/Mar/2018:09:57:01 -0300] "GET /cormun/servlet/solicitudot?3ad47763fe393c9a749a6bce1a1c5ddcc2321c523f9fa42da5c3fba9b0409f6f2c915d0fa435af3cbde33bb054260c05b63c90b5e009688b763326eaf523ad73,gx-no-cache=1519995374143 HTTP/1.1" 200 30
186.103.157.246 - - [02/Mar/2018:09:57:01 -0300] "POST /cormun/servlet/solicitudot?gx-no-cache=1519995374594 HTTP/1.1" 200 240
186.103.157.246 - - [02/Mar/2018:09:57:02 -0300] "GET /cormun/servlet/solicitudot?3ad47763fe393c9a749a6bce1a1c5ddcb139241664e83d8e7170716f66252c21def138efe88de247d1621cec7fbb95bb2d7b2e06b0a58add9798d620d8ef203d7708916e8eb89e0666628187fc2ff36f7dec60e1f6f931d0a9c096fae65b96b77858eac0883ac15512aa0a80fc0df75359a35fa028d599dd99a500bfc40dd0948bfae68b6c2e6aa12734465705df06221d0c4783035da726b8078f6f5c277f19a0347783c3e7f39abf318ca4d9403c4214e5441ab0f0274b6ffb3dd3f6f7fc4cdfc2013e7ab9e3bf18067728e793cfd8e9ff8db66111e39574503f9830c34c6091a99e7d31388da119d254e0dba822a195e48cf32319e82362c84d01573b5d647df082b93a76b4f97e8aaef0dab4d409c14fbc7bdde4094c98811916256af3ae2c6d8b71b2c0e3655092bb99c82a63c7ad1a96bc75227242e8ebb98d41fbc46d3d4e345a2c284f7fa1f375e1ebfbfe079ad9a516a0425a1cc3e6a7aee29bbb317109a509efc740c91dc3356d9982ee9e22e9d71934db9e4b40106f87dcc5d56a,gx-no-cache=1519995374780 HTTP/1.1" 200 30
186.103.157.246 - - [02/Mar/2018:09:57:08 -0300] "POST /cormun/servlet/solicitudot?gx-no-cache=1519995380728 HTTP/1.1" 200 30
191.126.135.18 - - [02/Mar/2018:09:57:11 -0300] "GET /cormun/servlet/trsolicitudot? HTTP/1.1" 200 7474
191.126.135.18 - - [02/Mar/2018:09:57:13 -0300] "GET /cormun/servlet/trsolicitudot? HTTP/1.1" 200 7474
186.103.157.246 - - [02/Mar/2018:09:57:20 -0300] "GET /cormun/servlet/prfichaempleado?,MD,,gxPopupLevel%3D0%3B HTTP/1.1" 200 9197
191.126.135.18 - - [02/Mar/2018:09:57:21 -0300] "GET /cormun/servlet/solicitudot?INS,0,0, HTTP/1.1" 200 13711
191.126.135.18 - - [02/Mar/2018:09:57:22 -0300] "GET /cormun/servlet/solicitudot?INS,0,0, HTTP/1.1" 200 13716
200.72.197.82 - - [02/Mar/2018:09:57:26 -0300] "POST /cormun/servlet/solicitudot?gx-no-cache=1519995392525 HTTP/1.1" 200 3293
200.72.197.82 - - [02/Mar/2018:09:57:27 -0300] "POST /cormun/servlet/solicitudot?28979128ae1404027bcaa7ad2c6380d4,INS,0,0,,gx-no-cache=1519995393123 HTTP/1.1" 200 10453
200.72.197.82 - - [02/Mar/2018:09:57:32 -0300] "GET /cormun/servlet/solicitudot?98cbf4dfaf590d2a14aedcda1afd2c47a09ef17c597f46f9102d6e5b077e2f918897689b5311ed3d7a85710accb91637,gx-no-cache=1519995398785 HTTP/1.1" 200 30
186.103.159.183 - - [02/Mar/2018:09:57:33 -0300] "POST /cormun/servlet/trautorizarsolicitud?20ac37d80e3ee8c3e1e7de12fb326d67,,gx-no-cache=1519995406378 HTTP/1.1" 200 4611
186.103.159.183 - - [02/Mar/2018:09:57:33 -0300] "GET /cormun/static/Shared/jqueryui/images/ui-bg_highlight-soft_100_c6c2c8_1x100.png HTTP/1.1" 404 1117
186.103.159.183 - - [02/Mar/2018:09:57:33 -0300] "GET /cormun/static/Shared/jqueryui/images/ui-icons_82798d_256x240.png HTTP/1.1" 404 1089
186.103.159.183 - - [02/Mar/2018:09:57:33 -0300] "GET /cormun/static/Shared/jqueryui/images/ui-bg_flat_55_fafafa_40x100.png HTTP/1.1" 404 1097
186.103.159.183 - - [02/Mar/2018:09:57:33 -0300] "GET /cormun/static/Shared/jqueryui/images/ui-icons_8d78a5_256x240.png HTTP/1.1" 404 1089
186.103.159.183 - - [02/Mar/2018:09:57:34 -0300] "POST /cormun/servlet/trautorizarsolicitud?20ac37d80e3ee8c3e1e7de12fb326d67,,gx-no-cache=1519995407435 HTTP/1.1" 200 4386
191.126.135.18 - - [02/Mar/2018:09:57:38 -0300] "GET /cormun/servlet/prfichaempleado?,MD,,gxPopupLevel%3D0%3B HTTP/1.1" 200 9426
191.126.135.18 - - [02/Mar/2018:09:57:50 -0300] "POST /cormun/servlet/prfichaempleado?90b2941a572f5aed7e0a359eb62898c5,,MD,,gxPopupLevel%3D0%3B,gx-no-cache=1519995423427 HTTP/1.1" 200 4050
191.126.135.18 - - [02/Mar/2018:09:57:57 -0300] "POST /cormun/servlet/solicitudot?gx-no-cache=1519995430547 HTTP/1.1" 200 3382
191.126.135.18 - - [02/Mar/2018:09:57:58 -0300] "POST /cormun/servlet/solicitudot?90b2941a572f5aed7e0a359eb62898c5,INS,0,0,,gx-no-cache=1519995431103 HTTP/1.1" 200 10549
191.126.135.18 - - [02/Mar/2018:09:57:58 -0300] "GET /cormun/servlet/solicitudot?063658829734704c0c81e8ea672eca6a6bdc824f5373d58974e7f984c03aa248d1c2d8b36e54b18eb6d25b401e3ddd5b,gx-no-cache=1519995432066 HTTP/1.1" 200 30
186.103.158.250 - - [02/Mar/2018:09:58:00 -0300] "GET /cormun/servlet/solicitudotadjuntos?c66939129ab1fee5f0ec84a8ad51cfdd44402b433513951136db8d17e7bf804f,gx-no-cache=1519995431206 HTTP/1.1" 200 30
186.103.158.250 - - [02/Mar/2018:09:58:00 -0300] "GET /cormun/servlet/solicitudotadjuntos?c66939129ab1fee5f0ec84a8ad51cfdd44402b433513951136db8d17e7bf804f,gx-no-cache=1519995431537 HTTP/1.1" 200 30
186.103.158.250 - - [02/Mar/2018:09:58:02 -0300] "POST /cormun/servlet/solicitudotadjuntos?dedeb0d318f7a8d015ec2c999bd02548,INS,2018,9837,,1, HTTP/1.1" 200 116
186.103.158.250 - - [02/Mar/2018:09:58:02 -0300] "GET /cormun/servlet/hpexe_return? HTTP/1.1" 200 1029
186.103.158.250 - - [02/Mar/2018:09:58:03 -0300] "GET /cormun/servlet/trsolicitudadjuntos?2018,9837, HTTP/1.1" 200 8660
186.103.157.246 - - [02/Mar/2018:09:58:04 -0300] "POST /cormun/servlet/prfichaempleado?8717026766da2961fd6c2955fc9b580c,,MD,,gxPopupLevel%3D0%3B,gx-no-cache=1519995436546 HTTP/1.1" 200 3385
186.103.158.250 - - [02/Mar/2018:09:58:05 -0300] "GET /cormun/servlet/trsolicitudadjuntos?2018,9837, HTTP/1.1" 200 8653
186.103.157.246 - - [02/Mar/2018:09:58:07 -0300] "GET /cormun/servlet/solicitudot?56ed5fca8b6fdfaf0be480fdd7c6e6dad2594bbe9a617136d20e8209c5015d74,gx-no-cache=1519995440050 HTTP/1.1" 200 20
186.103.158.250 - - [02/Mar/2018:09:58:09 -0300] "GET /cormun/servlet/solicitudotadjuntos?INS,2018,9837,,1, HTTP/1.1" 200 6247
186.103.158.250 - - [02/Mar/2018:09:58:09 -0300] "GET /cormun/static/about:blank HTTP/1.1" 404 1011
186.103.158.250 - - [02/Mar/2018:09:58:10 -0300] "GET /cormun/servlet/solicitudotadjuntos?INS,2018,9837,,1, HTTP/1.1" 200 6241
186.103.158.250 - - [02/Mar/2018:09:58:10 -0300] "GET /cormun/servlet/solicitudotadjuntos?c66939129ab1fee5f0ec84a8ad51cfdd778c9de0b43c0f9fb46b3bda5964c501d265e65f438b45729acaf04ce4578d2e,gx-no-cache=1519995441836 HTTP/1.1" 200 30
186.103.158.250 - - [02/Mar/2018:09:58:11 -0300] "POST /cormun/servlet/solicitudotadjuntos?dedeb0d318f7a8d015ec2c999bd02548,INS,2018,9837,,1,,gx-no-cache=1519995441903 HTTP/1.1" 200 4022
186.103.157.246 - - [02/Mar/2018:09:58:13 -0300] "POST /cormun/servlet/solicitudot?gx-no-cache=1519995446241 HTTP/1.1" 200 1337
186.103.157.246 - - [02/Mar/2018:09:58:13 -0300] "GET /cormun/static/menuarrow.gif HTTP/1.1" 404 1015
186.103.158.250 - - [02/Mar/2018:09:58:15 -0300] "POST /cormun/servlet/solicitudotadjuntos?gx-no-cache=1519995445917 HTTP/1.1" 200 26
186.103.157.246 - - [02/Mar/2018:09:58:18 -0300] "GET /cormun/servlet/prlicenciaspermisos?15105682,L,,MD,,gxPopupLevel%3D0%3B HTTP/1.1" 200 6493
186.103.156.166 - - [02/Mar/2018:09:58:26 -0300] "GET /cormun/servlet/trfichaempleado? HTTP/1.1" 200 13812
186.67.172.234 - - [02/Mar/2018:09:58:34 -0300] "POST /cormun/servlet/trsolicitudot?067a8dba8ac3ccebf349e7ecccb54684,gx-no-cache=1519995463623 HTTP/1.1" 200 107
186.67.172.234 - - [02/Mar/2018:09:58:35 -0300] "GET /cormun/servlet/trsolicitudadjuntos?2018,9834, HTTP/1.1" 200 6324
186.67.172.234 - - [02/Mar/2018:09:58:35 -0300] "GET /cormun/static/gxcfg.js?20177612135366 HTTP/1.1" 200 953
186.67.172.234 - - [02/Mar/2018:09:58:35 -0300] "GET /cormun/static/trsolicitudadjuntos.js?20177612135632 HTTP/1.1" 200 17922
186.103.157.246 - - [02/Mar/2018:09:58:35 -0300] "GET /cormun/servlet/solicitudot?56ed5fca8b6fdfaf0be480fdd7c6e6dad2594bbe9a617136d20e8209c5015d74,gx-no-cache=1519995468380 HTTP/1.1" 200 20
186.67.172.234 - - [02/Mar/2018:09:58:36 -0300] "GET /cormun/servlet/trsolicitudadjuntos?2018,9834, HTTP/1.1" 200 6324
186.103.158.250 - - [02/Mar/2018:09:58:37 -0300] "GET /cormun/servlet/solicitudotadjuntos?c66939129ab1fee5f0ec84a8ad51cfdd44402b433513951136db8d17e7bf804f,gx-no-cache=1519995468149 HTTP/1.1" 200 30
186.103.158.250 - - [02/Mar/2018:09:58:37 -0300] "GET /cormun/servlet/solicitudotadjuntos?c66939129ab1fee5f0ec84a8ad51cfdd44402b433513951136db8d17e7bf804f,gx-no-cache=1519995468285 HTTP/1.1" 200 30
186.67.172.234 - - [02/Mar/2018:09:58:39 -0300] "GET /cormun/servlet/solicitudotadjuntos?INS,2018,9834,,1, HTTP/1.1" 200 6267
186.67.172.234 - - [02/Mar/2018:09:58:39 -0300] "GET /cormun/static/gxcfg.js?2017761244068 HTTP/1.1" 200 953
186.67.172.234 - - [02/Mar/2018:09:58:39 -0300] "GET /cormun/static/solicitudotadjuntos.js?2017761244086 HTTP/1.1" 200 11771
186.103.158.250 - - [02/Mar/2018:09:58:39 -0300] "POST /cormun/servlet/solicitudotadjuntos?dedeb0d318f7a8d015ec2c999bd02548,INS,2018,9837,,1, HTTP/1.1" 200 116
186.103.158.250 - - [02/Mar/2018:09:58:39 -0300] "GET /cormun/servlet/hpexe_return? HTTP/1.1" 200 1029
186.67.172.234 - - [02/Mar/2018:09:58:39 -0300] "GET /cormun/static/about:blank HTTP/1.1" 404 1011
186.67.172.234 - - [02/Mar/2018:09:58:40 -0300] "GET /cormun/servlet/solicitudotadjuntos?INS,2018,9834,,1, HTTP/1.1" 200 6261
186.67.172.234 - - [02/Mar/2018:09:58:40 -0300] "GET /cormun/servlet/solicitudotadjuntos?f669aa70db7593bf0a465a5097774ed3b4a96d2945463743f5773bd1af741117200b2daaa7f772d0939dcca1188d9637,gx-no-cache=1519995469637 HTTP/1.1" 200 30
186.103.158.250 - - [02/Mar/2018:09:58:40 -0300] "GET /cormun/servlet/trsolicitudadjuntos?2018,9837, HTTP/1.1" 200 8873
186.67.172.234 - - [02/Mar/2018:09:58:41 -0300] "POST /cormun/servlet/solicitudotadjuntos?067a8dba8ac3ccebf349e7ecccb54684,INS,2018,9834,,1,,gx-no-cache=1519995469765 HTTP/1.1" 200 4022
191.126.135.18 - - [02/Mar/2018:09:58:42 -0300] "GET /cormun/servlet/solicitudot?063658829734704c0c81e8ea672eca6ae92dc4070c4eff9ac9e15f69ccec689a212b3b50cd83e1c9996e932a24ab920b97a1b62e8560724c1ffade16d2a4d4db,gx-no-cache=1519995475244 HTTP/1.1" 200 30
186.103.157.246 - - [02/Mar/2018:09:58:42 -0300] "POST /cormun/servlet/solicitudot?gx-no-cache=1519995474785 HTTP/1.1" 200 41
191.126.135.18 - - [02/Mar/2018:09:58:42 -0300] "GET /cormun/servlet/solicitudot?063658829734704c0c81e8ea672eca6a9c9fa3d5fd2b555abcf9c75fbac7c777,gx-no-cache=1519995475457 HTTP/1.1" 200 51
191.126.135.18 - - [02/Mar/2018:09:58:42 -0300] "POST /cormun/servlet/solicitudot?gx-no-cache=1519995475609 HTTP/1.1" 200 255
191.126.135.18 - - [02/Mar/2018:09:58:42 -0300] "GET /cormun/servlet/solicitudot?063658829734704c0c81e8ea672eca6adc7f3877a62f493650b32e09aa55fa176535de8a4ed752f541826affe63489593ece3ffae9dd9102e52c2a1b0219326f51e1e54ebdd99a87c8406ab7493b8591f472df301b47fcc10f53321e3e4cd8cf16f5321c0e02924a34a0e3feb5b6d1f0dbe954dd702898b144cf86337b98b83545b1b2a0f7930beef1fb8899b2f135aec11af0249f523fa29e5271b74539dd6551de0ab4fe5292f518539a8c95f111a647ec84d1f85487743aaf18df3378b770a46f499531730ff567773277cacd9db91781641d5ee017deba449de64197cf5d7c6cb1d77739decbaf377e0b443218e4c3872c09f686d71f60f637f04d6a6f26b92b9ee9a0762162d48955fc7bce57ca85f4ae070f9c07eb75b9d74bbed832cad905d60569f6c46a284332b8707377160bcf275be927d634afda22b751c5cfc67c1be8727d5d34a308f4f39192b50dd040b2e4b79fddf256e977b1a9b31d2e8978de43af57b5d9b5f3be6a690f6a48a914c4c4e6024e0a440e45fc8fb7830a46,gx-no-cache=1519995475756 HTTP/1.1" 200 30
186.103.158.250 - - [02/Mar/2018:09:58:42 -0300] "GET /cormun/servlet/trsolicitudadjuntos?2018,9837, HTTP/1.1" 200 8872
191.126.135.18 - - [02/Mar/2018:09:58:45 -0300] "POST /cormun/servlet/solicitudot?gx-no-cache=1519995478799 HTTP/1.1" 200 30
186.67.172.234 - - [02/Mar/2018:09:58:46 -0300] "POST /cormun/servlet/solicitudotadjuntos?gx-no-cache=1519995475464 HTTP/1.1" 200 26
186.103.158.250 - - [02/Mar/2018:09:58:48 -0300] "GET /cormun/servlet/solicitudotadjuntos?INS,2018,9837,,1, HTTP/1.1" 200 6248
186.103.158.250 - - [02/Mar/2018:09:58:48 -0300] "GET /cormun/static/about:blank HTTP/1.1" 404 1011
186.103.158.250 - - [02/Mar/2018:09:58:49 -0300] "GET /cormun/servlet/solicitudotadjuntos?INS,2018,9837,,1, HTTP/1.1" 200 6241
186.103.158.250 - - [02/Mar/2018:09:58:49 -0300] "GET /cormun/servlet/solicitudotadjuntos?c66939129ab1fee5f0ec84a8ad51cfdd778c9de0b43c0f9fb46b3bda5964c501d265e65f438b45729acaf04ce4578d2e,gx-no-cache=1519995480523 HTTP/1.1" 200 30
186.103.158.250 - - [02/Mar/2018:09:58:50 -0300] "POST /cormun/servlet/solicitudotadjuntos?dedeb0d318f7a8d015ec2c999bd02548,INS,2018,9837,,1,,gx-no-cache=1519995480580 HTTP/1.1" 200 4022
186.103.158.250 - - [02/Mar/2018:09:58:53 -0300] "POST /cormun/servlet/solicitudotadjuntos?gx-no-cache=1519995484811 HTTP/1.1" 200 26
186.67.172.234 - - [02/Mar/2018:09:58:59 -0300] "GET /cormun/servlet/solicitudotadjuntos?f669aa70db7593bf0a465a5097774ed35ef84e4c7b05b5d5fe1b7bb3bc7026ca,gx-no-cache=1519995488523 HTTP/1.1" 200 30
186.67.172.234 - - [02/Mar/2018:09:58:59 -0300] "GET /cormun/servlet/solicitudotadjuntos?f669aa70db7593bf0a465a5097774ed35ef84e4c7b05b5d5fe1b7bb3bc7026ca,gx-no-cache=1519995488546 HTTP/1.1" 200 30
186.67.172.234 - - [02/Mar/2018:09:59:00 -0300] "POST /cormun/servlet/solicitudotadjuntos?067a8dba8ac3ccebf349e7ecccb54684,INS,2018,9834,,1, HTTP/1.1" 200 116
186.67.172.234 - - [02/Mar/2018:09:59:00 -0300] "GET /cormun/servlet/hpexe_return? HTTP/1.1" 200 1026
186.67.172.234 - - [02/Mar/2018:09:59:01 -0300] "GET /cormun/servlet/trsolicitudadjuntos?2018,9834, HTTP/1.1" 200 8708
186.103.158.250 - - [02/Mar/2018:09:59:01 -0300] "GET /cormun/servlet/solicitudotadjuntos?c66939129ab1fee5f0ec84a8ad51cfdd44402b433513951136db8d17e7bf804f,gx-no-cache=1519995492577 HTTP/1.1" 200 30
186.103.158.250 - - [02/Mar/2018:09:59:01 -0300] "GET /cormun/servlet/solicitudotadjuntos?c66939129ab1fee5f0ec84a8ad51cfdd44402b433513951136db8d17e7bf804f,gx-no-cache=1519995492610 HTTP/1.1" 200 30
186.67.172.234 - - [02/Mar/2018:09:59:02 -0300] "GET /cormun/servlet/trsolicitudadjuntos?2018,9834, HTTP/1.1" 200 8702
186.103.158.250 - - [02/Mar/2018:09:59:03 -0300] "POST /cormun/servlet/solicitudotadjuntos?dedeb0d318f7a8d015ec2c999bd02548,INS,2018,9837,,1, HTTP/1.1" 200 116
186.103.158.250 - - [02/Mar/2018:09:59:03 -0300] "GET /cormun/servlet/hpexe_return? HTTP/1.1" 200 1029
186.103.158.250 - - [02/Mar/2018:09:59:04 -0300] "GET /cormun/servlet/trsolicitudadjuntos?2018,9837, HTTP/1.1" 200 9028
186.67.172.234 - - [02/Mar/2018:09:59:04 -0300] "GET /cormun/servlet/solicitudotadjuntos?INS,2018,9834,,1, HTTP/1.1" 200 6267
186.67.172.234 - - [02/Mar/2018:09:59:04 -0300] "GET /cormun/static/about:blank HTTP/1.1" 404 1011
186.67.172.234 - - [02/Mar/2018:09:59:05 -0300] "GET /cormun/servlet/solicitudotadjuntos?INS,2018,9834,,1, HTTP/1.1" 200 6261
186.67.172.234 - - [02/Mar/2018:09:59:05 -0300] "GET /cormun/servlet/solicitudotadjuntos?f669aa70db7593bf0a465a5097774ed3b4a96d2945463743f5773bd1af741117200b2daaa7f772d0939dcca1188d9637,gx-no-cache=1519995494653 HTTP/1.1" 200 30
186.67.172.234 - - [02/Mar/2018:09:59:06 -0300] "POST /cormun/servlet/solicitudotadjuntos?067a8dba8ac3ccebf349e7ecccb54684,INS,2018,9834,,1,,gx-no-cache=1519995494745 HTTP/1.1" 200 4022
186.103.158.250 - - [02/Mar/2018:09:59:06 -0300] "GET /cormun/servlet/trsolicitudadjuntos?2018,9837, HTTP/1.1" 200 9024
186.67.172.234 - - [02/Mar/2018:09:59:09 -0300] "POST /cormun/servlet/solicitudotadjuntos?gx-no-cache=1519995498562 HTTP/1.1" 200 26
186.103.158.250 - - [02/Mar/2018:09:59:09 -0300] "GET /cormun/servlet/solicitudotadjuntos?INS,2018,9837,,1, HTTP/1.1" 200 6248
186.103.158.250 - - [02/Mar/2018:09:59:09 -0300] "GET /cormun/static/about:blank HTTP/1.1" 404 1011
186.103.158.250 - - [02/Mar/2018:09:59:10 -0300] "GET /cormun/servlet/solicitudotadjuntos?INS,2018,9837,,1, HTTP/1.1" 200 6241
186.103.158.250 - - [02/Mar/2018:09:59:11 -0300] "GET /cormun/servlet/solicitudotadjuntos?c66939129ab1fee5f0ec84a8ad51cfdd778c9de0b43c0f9fb46b3bda5964c501d265e65f438b45729acaf04ce4578d2e,gx-no-cache=1519995502121 HTTP/1.1" 200 30
186.103.158.250 - - [02/Mar/2018:09:59:11 -0300] "POST /cormun/servlet/solicitudotadjuntos?dedeb0d318f7a8d015ec2c999bd02548,INS,2018,9837,,1,,gx-no-cache=1519995502202 HTTP/1.1" 200 4022
186.103.158.250 - - [02/Mar/2018:09:59:15 -0300] "POST /cormun/servlet/solicitudotadjuntos?gx-no-cache=1519995506648 HTTP/1.1" 200 26
186.67.172.234 - - [02/Mar/2018:09:59:16 -0300] "GET /cormun/servlet/solicitudotadjuntos?f669aa70db7593bf0a465a5097774ed35ef84e4c7b05b5d5fe1b7bb3bc7026ca,gx-no-cache=1519995505506 HTTP/1.1" 200 30
186.67.172.234 - - [02/Mar/2018:09:59:16 -0300] "GET /cormun/servlet/solicitudotadjuntos?f669aa70db7593bf0a465a5097774ed35ef84e4c7b05b5d5fe1b7bb3bc7026ca,gx-no-cache=1519995505564 HTTP/1.1" 200 30
191.126.135.18 - - [02/Mar/2018:09:59:16 -0300] "GET /cormun/servlet/prcontratosol?10482009,,,,,MD,,gxPopupLevel%3D0%3B HTTP/1.1" 200 7930
186.67.172.234 - - [02/Mar/2018:09:59:17 -0300] "POST /cormun/servlet/solicitudotadjuntos?067a8dba8ac3ccebf349e7ecccb54684,INS,2018,9834,,1, HTTP/1.1" 200 116
186.67.172.234 - - [02/Mar/2018:09:59:17 -0300] "GET /cormun/servlet/hpexe_return? HTTP/1.1" 200 1026
186.67.172.234 - - [02/Mar/2018:09:59:18 -0300] "GET /cormun/servlet/trsolicitudadjuntos?2018,9834, HTTP/1.1" 200 8924
186.67.172.234 - - [02/Mar/2018:09:59:19 -0300] "GET /cormun/servlet/trsolicitudadjuntos?2018,9834, HTTP/1.1" 200 8921
191.126.135.18 - - [02/Mar/2018:09:59:19 -0300] "POST /cormun/servlet/solicitudot?gx-no-cache=1519995513153 HTTP/1.1" 200 1337
191.126.135.18 - - [02/Mar/2018:09:59:20 -0300] "POST /cormun/servlet/solicitudot?gx-no-cache=1519995513354 HTTP/1.1" 200 38
191.126.135.18 - - [02/Mar/2018:09:59:20 -0300] "GET /cormun/servlet/solicitudot?063658829734704c0c81e8ea672eca6a5055ba91384103111625bba13621da87d9b489baa08f11ca41f4e95aefaf0e6fcebc8ff45801c65e3c07432926676ac1538d36bd5a9f47bd466978a0cc400153e7b4b5b28d2b5fcd174150d20b6fde15d3265dcb52d90d471c201aaf143d751532c2e51402a4a7e57ab8401ffa6ba18fb0b0e5bd76f88ed3a54d75efee9b4339ae17f3af850e65ce7c1e124df610f2db,gx-no-cache=1519995513457 HTTP/1.1" 200 29
191.126.135.18 - - [02/Mar/2018:09:59:20 -0300] "POST /cormun/servlet/solicitudot?gx-no-cache=1519995513558 HTTP/1.1" 200 1319
191.126.135.18 - - [02/Mar/2018:09:59:20 -0300] "POST /cormun/servlet/solicitudot?gx-no-cache=1519995513744 HTTP/1.1" 200 1219
191.126.135.18 - - [02/Mar/2018:09:59:20 -0300] "GET /cormun/servlet/solicitudot?063658829734704c0c81e8ea672eca6a8a67cb5bec94abefb63fb04b304a87ed7206ee7a395067e0342688347cd950b8,gx-no-cache=1519995513957 HTTP/1.1" 200 134
191.126.135.18 - - [02/Mar/2018:09:59:20 -0300] "GET /cormun/static/Shared/jqueryui/images/ui-bg_highlight-soft_100_c6c2c8_1x100.png HTTP/1.1" 404 1117
191.126.135.18 - - [02/Mar/2018:09:59:20 -0300] "GET /cormun/static/Shared/jqueryui/images/ui-icons_ebccce_256x240.png HTTP/1.1" 404 1089
191.126.135.18 - - [02/Mar/2018:09:59:20 -0300] "GET /cormun/static/Shared/jqueryui/images/ui-bg_flat_55_994d53_40x100.png HTTP/1.1" 404 1097
191.126.135.18 - - [02/Mar/2018:09:59:20 -0300] "GET /cormun/static/Shared/jqueryui/images/ui-icons_82798d_256x240.png HTTP/1.1" 404 1089
186.67.172.234 - - [02/Mar/2018:09:59:22 -0300] "GET /cormun/servlet/solicitudotadjuntos?INS,2018,9834,,1, HTTP/1.1" 200 6267
186.67.172.234 - - [02/Mar/2018:09:59:23 -0300] "GET /cormun/static/about:blank HTTP/1.1" 404 1011
186.67.172.234 - - [02/Mar/2018:09:59:23 -0300] "GET /cormun/servlet/solicitudotadjuntos?INS,2018,9834,,1, HTTP/1.1" 200 6261
186.67.172.234 - - [02/Mar/2018:09:59:23 -0300] "GET /cormun/servlet/solicitudotadjuntos?f669aa70db7593bf0a465a5097774ed3b4a96d2945463743f5773bd1af741117200b2daaa7f772d0939dcca1188d9637,gx-no-cache=1519995512872 HTTP/1.1" 200 30
186.67.172.234 - - [02/Mar/2018:09:59:24 -0300] "POST /cormun/servlet/solicitudotadjuntos?067a8dba8ac3ccebf349e7ecccb54684,INS,2018,9834,,1,,gx-no-cache=1519995512960 HTTP/1.1" 200 4022
186.103.158.250 - - [02/Mar/2018:09:59:24 -0300] "GET /cormun/servlet/solicitudotadjuntos?c66939129ab1fee5f0ec84a8ad51cfdd44402b433513951136db8d17e7bf804f,gx-no-cache=1519995515780 HTTP/1.1" 200 30
186.103.158.250 - - [02/Mar/2018:09:59:24 -0300] "GET /cormun/servlet/solicitudotadjuntos?c66939129ab1fee5f0ec84a8ad51cfdd44402b433513951136db8d17e7bf804f,gx-no-cache=1519995515813 HTTP/1.1" 200 30
186.103.158.250 - - [02/Mar/2018:09:59:26 -0300] "POST /cormun/servlet/solicitudotadjuntos?dedeb0d318f7a8d015ec2c999bd02548,INS,2018,9837,,1, HTTP/1.1" 200 116
186.103.158.250 - - [02/Mar/2018:09:59:26 -0300] "GET /cormun/servlet/hpexe_return? HTTP/1.1" 200 1029
186.103.158.250 - - [02/Mar/2018:09:59:28 -0300] "GET /cormun/servlet/trsolicitudadjuntos?2018,9837, HTTP/1.1" 200 9226
186.67.172.234 - - [02/Mar/2018:09:59:28 -0300] "POST /cormun/servlet/solicitudotadjuntos?gx-no-cache=1519995517308 HTTP/1.1" 200 26
191.126.135.18 - - [02/Mar/2018:09:59:29 -0300] "POST /cormun/servlet/solicitudot?gx-no-cache=1519995522535 HTTP/1.1" 200 1321
191.126.135.18 - - [02/Mar/2018:09:59:29 -0300] "POST /cormun/servlet/solicitudot?gx-no-cache=1519995522833 HTTP/1.1" 200 1219
191.126.135.18 - - [02/Mar/2018:09:59:29 -0300] "GET /cormun/static/menuarrow.gif HTTP/1.1" 404 1015
186.103.158.250 - - [02/Mar/2018:09:59:30 -0300] "GET /cormun/servlet/trsolicitudadjuntos?2018,9837, HTTP/1.1" 200 9223
191.126.135.18 - - [02/Mar/2018:09:59:31 -0300] "POST /cormun/servlet/solicitudot?gx-no-cache=1519995525107 HTTP/1.1" 200 1321
191.126.135.18 - - [02/Mar/2018:09:59:32 -0300] "POST /cormun/servlet/solicitudot?gx-no-cache=1519995525316 HTTP/1.1" 200 1219
186.103.158.250 - - [02/Mar/2018:09:59:32 -0300] "GET /cormun/servlet/solicitudotadjuntos?INS,2018,9837,,1, HTTP/1.1" 200 6248
186.103.158.250 - - [02/Mar/2018:09:59:33 -0300] "GET /cormun/static/about:blank HTTP/1.1" 404 1011
186.103.158.250 - - [02/Mar/2018:09:59:34 -0300] "GET /cormun/servlet/solicitudotadjuntos?INS,2018,9837,,1, HTTP/1.1" 200 6241
186.103.158.250 - - [02/Mar/2018:09:59:34 -0300] "GET /cormun/servlet/solicitudotadjuntos?c66939129ab1fee5f0ec84a8ad51cfdd778c9de0b43c0f9fb46b3bda5964c501d265e65f438b45729acaf04ce4578d2e,gx-no-cache=1519995525364 HTTP/1.1" 200 30
186.103.158.250 - - [02/Mar/2018:09:59:35 -0300] "POST /cormun/servlet/solicitudotadjuntos?dedeb0d318f7a8d015ec2c999bd02548,INS,2018,9837,,1,,gx-no-cache=1519995525457 HTTP/1.1" 200 4022
186.67.172.234 - - [02/Mar/2018:09:59:36 -0300] "GET /cormun/servlet/solicitudotadjuntos?f669aa70db7593bf0a465a5097774ed35ef84e4c7b05b5d5fe1b7bb3bc7026ca,gx-no-cache=1519995526060 HTTP/1.1" 200 30
186.67.172.234 - - [02/Mar/2018:09:59:36 -0300] "GET /cormun/servlet/solicitudotadjuntos?f669aa70db7593bf0a465a5097774ed35ef84e4c7b05b5d5fe1b7bb3bc7026ca,gx-no-cache=1519995526085 HTTP/1.1" 200 30
186.67.172.234 - - [02/Mar/2018:09:59:37 -0300] "POST /cormun/servlet/solicitudotadjuntos?067a8dba8ac3ccebf349e7ecccb54684,INS,2018,9834,,1, HTTP/1.1" 200 116
186.67.172.234 - - [02/Mar/2018:09:59:37 -0300] "GET /cormun/servlet/hpexe_return? HTTP/1.1" 200 1026
186.67.172.234 - - [02/Mar/2018:09:59:38 -0300] "GET /cormun/servlet/trsolicitudadjuntos?2018,9834, HTTP/1.1" 200 9095
186.67.172.234 - - [02/Mar/2018:09:59:39 -0300] "GET /cormun/servlet/trsolicitudadjuntos?2018,9834, HTTP/1.1" 200 9092
191.126.135.18 - - [02/Mar/2018:09:59:40 -0300] "GET /cormun/servlet/solicitudot?063658829734704c0c81e8ea672eca6ab656d33e63ae791338d6e5b61fbb67dc7206ee7a395067e0342688347cd950b8,gx-no-cache=1519995533330 HTTP/1.1" 200 30
186.67.172.234 - - [02/Mar/2018:09:59:41 -0300] "GET /cormun/servlet/solicitudotadjuntos?INS,2018,9834,,1, HTTP/1.1" 200 6267
186.67.172.234 - - [02/Mar/2018:09:59:41 -0300] "GET /cormun/static/about:blank HTTP/1.1" 404 1011
186.67.172.234 - - [02/Mar/2018:09:59:42 -0300] "GET /cormun/servlet/solicitudotadjuntos?INS,2018,9834,,1, HTTP/1.1" 200 6261
186.67.172.234 - - [02/Mar/2018:09:59:42 -0300] "GET /cormun/servlet/solicitudotadjuntos?f669aa70db7593bf0a465a5097774ed3b4a96d2945463743f5773bd1af741117200b2daaa7f772d0939dcca1188d9637,gx-no-cache=1519995531734 HTTP/1.1" 200 30
186.67.172.234 - - [02/Mar/2018:09:59:43 -0300] "POST /cormun/servlet/solicitudotadjuntos?067a8dba8ac3ccebf349e7ecccb54684,INS,2018,9834,,1,,gx-no-cache=1519995531838 HTTP/1.1" 200 4022
186.103.158.250 - - [02/Mar/2018:09:59:43 -0300] "POST /cormun/servlet/solicitudotadjuntos?gx-no-cache=1519995534441 HTTP/1.1" 200 26
186.67.172.234 - - [02/Mar/2018:09:59:46 -0300] "POST /cormun/servlet/solicitudotadjuntos?gx-no-cache=1519995535635 HTTP/1.1" 200 26
186.67.172.234 - - [02/Mar/2018:09:59:51 -0300] "GET /cormun/servlet/solicitudotadjuntos?f669aa70db7593bf0a465a5097774ed35ef84e4c7b05b5d5fe1b7bb3bc7026ca,gx-no-cache=1519995541147 HTTP/1.1" 200 30
186.67.172.234 - - [02/Mar/2018:09:59:52 -0300] "GET /cormun/servlet/solicitudotadjuntos?f669aa70db7593bf0a465a5097774ed35ef84e4c7b05b5d5fe1b7bb3bc7026ca,gx-no-cache=1519995541234 HTTP/1.1" 200 30
191.126.135.18 - - [02/Mar/2018:09:59:52 -0300] "POST /cormun/servlet/solicitudot?gx-no-cache=1519995545297 HTTP/1.1" 200 33
186.67.172.234 - - [02/Mar/2018:09:59:53 -0300] "POST /cormun/servlet/solicitudotadjuntos?067a8dba8ac3ccebf349e7ecccb54684,INS,2018,9834,,1, HTTP/1.1" 200 116
186.67.172.234 - - [02/Mar/2018:09:59:53 -0300] "GET /cormun/servlet/hpexe_return? HTTP/1.1" 200 1026
186.67.172.234 - - [02/Mar/2018:09:59:54 -0300] "GET /cormun/servlet/trsolicitudadjuntos?2018,9834, HTTP/1.1" 200 9297
186.103.156.166 - - [02/Mar/2018:09:59:55 -0300] "GET /cormun/servlet/trvisualizadoreventos? HTTP/1.1" 200 6930
186.67.172.234 - - [02/Mar/2018:09:59:55 -0300] "GET /cormun/servlet/trsolicitudadjuntos?2018,9834, HTTP/1.1" 200 9297
186.103.156.166 - - [02/Mar/2018:09:59:56 -0300] "GET /cormun/servlet/trvisualizadoreventos? HTTP/1.1" 200 6930
186.67.172.234 - - [02/Mar/2018:09:59:58 -0300] "GET /cormun/servlet/solicitudotadjuntos?INS,2018,9834,,1, HTTP/1.1" 200 6267
186.67.172.234 - - [02/Mar/2018:09:59:58 -0300] "GET /cormun/static/about:blank HTTP/1.1" 404 1011
186.67.172.234 - - [02/Mar/2018:09:59:58 -0300] "GET /cormun/servlet/solicitudotadjuntos?INS,2018,9834,,1, HTTP/1.1" 200 6261
186.67.172.234 - - [02/Mar/2018:09:59:59 -0300] "GET /cormun/servlet/solicitudotadjuntos?f669aa70db7593bf0a465a5097774ed3b4a96d2945463743f5773bd1af741117200b2daaa7f772d0939dcca1188d9637,gx-no-cache=1519995548393 HTTP/1.1" 200 30
186.67.172.234 - - [02/Mar/2018:09:59:59 -0300] "POST /cormun/servlet/solicitudotadjuntos?067a8dba8ac3ccebf349e7ecccb54684,INS,2018,9834,,1,,gx-no-cache=1519995548446 HTTP/1.1" 200 4022
186.103.156.166 - - [02/Mar/2018:10:00:00 -0300] "GET /cormun/servlet/trautorizarsolicitud? HTTP/1.1" 200 7294
186.103.156.166 - - [02/Mar/2018:10:00:01 -0300] "GET /cormun/servlet/trautorizarsolicitud? HTTP/1.1" 200 7293
186.67.172.234 - - [02/Mar/2018:10:00:03 -0300] "POST /cormun/servlet/solicitudotadjuntos?gx-no-cache=1519995551834 HTTP/1.1" 200 26
186.103.156.166 - - [02/Mar/2018:10:00:04 -0300] "GET /cormun/servlet/trsolicitudot? HTTP/1.1" 200 7442
186.103.157.246 - - [02/Mar/2018:10:00:05 -0300] "GET /cormun/servlet/solicitudot?3ad47763fe393c9a749a6bce1a1c5ddcf824d62f63c9bf0354d1f8858feced88961caf50ff1c11fd866af56f6c94851f8019fed7ed6c73033d6c4884c0fe9531c802182a6705382d8566c388f91bac3718cc3d10fe26bf92c48b5ec85fbd540cd891a6bff9179593939afb35a0b69cf0,gx-no-cache=1519995557676 HTTP/1.1" 200 29
186.103.156.166 - - [02/Mar/2018:10:00:05 -0300] "GET /cormun/servlet/trsolicitudot? HTTP/1.1" 200 7441
191.126.135.18 - - [02/Mar/2018:10:00:05 -0300] "POST /cormun/servlet/solicitudot?90b2941a572f5aed7e0a359eb62898c5,INS,0,0,,gx-no-cache=1519995557693 HTTP/1.1" 200 11963
186.103.157.246 - - [02/Mar/2018:10:00:05 -0300] "POST /cormun/servlet/solicitudot?gx-no-cache=1519995558147 HTTP/1.1" 200 1319
186.103.157.246 - - [02/Mar/2018:10:00:05 -0300] "POST /cormun/servlet/solicitudot?gx-no-cache=1519995558454 HTTP/1.1" 200 1219
186.103.158.250 - - [02/Mar/2018:10:00:06 -0300] "POST /cormun/servlet/solicitudotadjuntos?gx-no-cache=1519995557252 HTTP/1.1" 200 26
191.126.135.18 - - [02/Mar/2018:10:00:10 -0300] "POST /cormun/servlet/solicitudot?90b2941a572f5aed7e0a359eb62898c5,INS,0,0,,gx-no-cache=1519995562638 HTTP/1.1" 200 12020
186.103.158.250 - - [02/Mar/2018:10:00:14 -0300] "GET /cormun/servlet/solicitudotadjuntos?c66939129ab1fee5f0ec84a8ad51cfdd44402b433513951136db8d17e7bf804f,gx-no-cache=1519995565743 HTTP/1.1" 200 30
186.103.158.250 - - [02/Mar/2018:10:00:14 -0300] "GET /cormun/servlet/solicitudotadjuntos?c66939129ab1fee5f0ec84a8ad51cfdd44402b433513951136db8d17e7bf804f,gx-no-cache=1519995565835 HTTP/1.1" 200 30
186.103.158.250 - - [02/Mar/2018:10:00:17 -0300] "POST /cormun/servlet/solicitudotadjuntos?dedeb0d318f7a8d015ec2c999bd02548,INS,2018,9837,,1, HTTP/1.1" 200 116
191.126.135.18 - - [02/Mar/2018:10:00:17 -0300] "GET /cormun/servlet/solicitudot?063658829734704c0c81e8ea672eca6aa9e44395d6234cddc6c061f6c6f07525,gx-no-cache=1519995571222 HTTP/1.1" 200 94
186.103.158.250 - - [02/Mar/2018:10:00:17 -0300] "GET /cormun/servlet/hpexe_return? HTTP/1.1" 200 1029
191.126.135.18 - - [02/Mar/2018:10:00:18 -0300] "POST /cormun/servlet/solicitudot?gx-no-cache=1519995571364 HTTP/1.1" 200 256
191.126.135.18 - - [02/Mar/2018:10:00:18 -0300] "GET /cormun/servlet/solicitudot?063658829734704c0c81e8ea672eca6adc7f3877a62f493650b32e09aa55fa176535de8a4ed752f541826affe63489593ece3ffae9dd9102e52c2a1b0219326f51e1e54ebdd99a87c8406ab7493b8591f472df301b47fcc10f53321e3e4cd8cf16f5321c0e02924a34a0e3feb5b6d1f0dbe954dd702898b144cf86337b98b83545b1b2a0f7930beef1fb8899b2f135aec11af0249f523fa29e5271b74539dd6551de0ab4fe5292f518539a8c95f111a647ec84d1f85487743aaf18df3378b770a46f499531730ff567773277cacd9db91781641d5ee017deba449de64197cf5d7c6cb1d77739decbaf377e0b443218e4c3872c09f686d71f60f637f04d6a6f26b92b9ee9a0762162d48955fc7bce57ca85f4ae070f9c07eb75b9d74bbed832cad905d60569f6c46a284332b8707377160bcf275be927d634afda22b751c5cfc67c1be8727d5d34a308f4f39192b50dd040b2e4b79fddf256e977b1a9b31d2e8978de43af57b5d9b5f3be6a690f6a48a91d40c6a915afeb1cd4d0c52d0e0fe986,gx-no-cache=1519995571512 HTTP/1.1" 200 30
191.126.135.18 - - [02/Mar/2018:10:00:18 -0300] "POST /cormun/servlet/solicitudot?gx-no-cache=1519995571635 HTTP/1.1" 200 30
191.126.135.18 - - [02/Mar/2018:10:00:18 -0300] "POST /cormun/servlet/solicitudot?gx-no-cache=1519995571768 HTTP/1.1" 200 1337
191.126.135.18 - - [02/Mar/2018:10:00:18 -0300] "POST /cormun/servlet/solicitudot?gx-no-cache=1519995571981 HTTP/1.1" 200 41
191.126.135.18 - - [02/Mar/2018:10:00:19 -0300] "POST /cormun/servlet/solicitudot?gx-no-cache=1519995572197 HTTP/1.1" 200 1321
191.126.135.18 - - [02/Mar/2018:10:00:19 -0300] "POST /cormun/servlet/solicitudot?gx-no-cache=1519995572421 HTTP/1.1" 200 1219
186.103.158.250 - - [02/Mar/2018:10:00:19 -0300] "GET /cormun/servlet/trsolicitudadjuntos?2018,9837, HTTP/1.1" 200 9434
191.126.135.18 - - [02/Mar/2018:10:00:19 -0300] "GET /cormun/servlet/solicitudot?063658829734704c0c81e8ea672eca6ab656d33e63ae791338d6e5b61fbb67dc7206ee7a395067e0342688347cd950b8,gx-no-cache=1519995572622 HTTP/1.1" 200 30
191.126.135.18 - - [02/Mar/2018:10:00:19 -0300] "POST /cormun/servlet/solicitudot?gx-no-cache=1519995572802 HTTP/1.1" 200 33
191.126.135.18 - - [02/Mar/2018:10:00:20 -0300] "POST /cormun/servlet/solicitudot?90b2941a572f5aed7e0a359eb62898c5,INS,0,0,,gx-no-cache=1519995572926 HTTP/1.1" 200 12065
186.103.158.250 - - [02/Mar/2018:10:00:21 -0300] "GET /cormun/servlet/trsolicitudadjuntos?2018,9837, HTTP/1.1" 200 9434
186.103.158.250 - - [02/Mar/2018:10:00:24 -0300] "GET /cormun/servlet/solicitudotadjuntos?INS,2018,9837,,1, HTTP/1.1" 200 6247
186.103.158.250 - - [02/Mar/2018:10:00:25 -0300] "GET /cormun/static/about:blank HTTP/1.1" 404 1011
186.103.158.250 - - [02/Mar/2018:10:00:26 -0300] "GET /cormun/servlet/solicitudotadjuntos?INS,2018,9837,,1, HTTP/1.1" 200 6240
186.103.158.250 - - [02/Mar/2018:10:00:26 -0300] "GET /cormun/servlet/solicitudotadjuntos?c66939129ab1fee5f0ec84a8ad51cfdd778c9de0b43c0f9fb46b3bda5964c501d265e65f438b45729acaf04ce4578d2e,gx-no-cache=1519995577399 HTTP/1.1" 200 30
186.103.158.250 - - [02/Mar/2018:10:00:27 -0300] "POST /cormun/servlet/solicitudotadjuntos?dedeb0d318f7a8d015ec2c999bd02548,INS,2018,9837,,1,,gx-no-cache=1519995577464 HTTP/1.1" 200 4021
186.67.172.234 - - [02/Mar/2018:10:00:28 -0300] "GET /cormun/servlet/solicitudotadjuntos?f669aa70db7593bf0a465a5097774ed35ef84e4c7b05b5d5fe1b7bb3bc7026ca,gx-no-cache=1519995577691 HTTP/1.1" 200 30
186.67.172.234 - - [02/Mar/2018:10:00:28 -0300] "GET /cormun/servlet/solicitudotadjuntos?f669aa70db7593bf0a465a5097774ed35ef84e4c7b05b5d5fe1b7bb3bc7026ca,gx-no-cache=1519995577781 HTTP/1.1" 200 30
186.67.172.234 - - [02/Mar/2018:10:00:31 -0300] "POST /cormun/servlet/solicitudotadjuntos?067a8dba8ac3ccebf349e7ecccb54684,INS,2018,9834,,1, HTTP/1.1" 200 116
186.67.172.234 - - [02/Mar/2018:10:00:31 -0300] "GET /cormun/servlet/hpexe_return? HTTP/1.1" 200 1026
186.67.172.234 - - [02/Mar/2018:10:00:32 -0300] "GET /cormun/servlet/trsolicitudadjuntos?2018,9834, HTTP/1.1" 200 9514
186.103.158.250 - - [02/Mar/2018:10:00:32 -0300] "POST /cormun/servlet/solicitudotadjuntos?gx-no-cache=1519995583353 HTTP/1.1" 200 26
186.67.172.234 - - [02/Mar/2018:10:00:33 -0300] "GET /cormun/servlet/trsolicitudadjuntos?2018,9834, HTTP/1.1" 200 9512
186.103.156.166 - - [02/Mar/2018:10:00:34 -0300] "POST /cormun/servlet/acontrolpreferencessavestate?None,EBLANCO,true HTTP/1.1" 200 35
186.67.172.234 - - [02/Mar/2018:10:00:35 -0300] "GET /cormun/servlet/solicitudotadjuntos?INS,2018,9834,,1, HTTP/1.1" 200 6267
186.67.172.234 - - [02/Mar/2018:10:00:35 -0300] "GET /cormun/static/about:blank HTTP/1.1" 404 1011
186.67.172.234 - - [02/Mar/2018:10:00:35 -0300] "GET /cormun/servlet/solicitudotadjuntos?INS,2018,9834,,1, HTTP/1.1" 200 6261
186.67.172.234 - - [02/Mar/2018:10:00:36 -0300] "GET /cormun/servlet/solicitudotadjuntos?f669aa70db7593bf0a465a5097774ed3b4a96d2945463743f5773bd1af741117200b2daaa7f772d0939dcca1188d9637,gx-no-cache=1519995585373 HTTP/1.1" 200 30
186.103.157.246 - - [02/Mar/2018:10:00:36 -0300] "GET /cormun/servlet/prlicenciaspermisos?15105682,L,,MD,,gxPopupLevel%3D0%3B HTTP/1.1" 200 6493
186.67.172.234 - - [02/Mar/2018:10:00:36 -0300] "POST /cormun/servlet/solicitudotadjuntos?067a8dba8ac3ccebf349e7ecccb54684,INS,2018,9834,,1,,gx-no-cache=1519995585432 HTTP/1.1" 200 4022
186.67.172.234 - - [02/Mar/2018:10:00:39 -0300] "POST /cormun/servlet/solicitudotadjuntos?gx-no-cache=1519995588586 HTTP/1.1" 200 26
186.103.158.250 - - [02/Mar/2018:10:00:41 -0300] "GET /cormun/servlet/solicitudotadjuntos?c66939129ab1fee5f0ec84a8ad51cfdd44402b433513951136db8d17e7bf804f,gx-no-cache=1519995592890 HTTP/1.1" 200 30
186.103.158.250 - - [02/Mar/2018:10:00:42 -0300] "GET /cormun/servlet/solicitudotadjuntos?c66939129ab1fee5f0ec84a8ad51cfdd44402b433513951136db8d17e7bf804f,gx-no-cache=1519995592933 HTTP/1.1" 200 30
46.174.191.30 - - [02/Mar/2018:10:00:43 -0300] "GET / HTTP/1.0" 200 11197
186.67.172.234 - - [02/Mar/2018:10:00:43 -0300] "GET /cormun/servlet/solicitudotadjuntos?f669aa70db7593bf0a465a5097774ed35ef84e4c7b05b5d5fe1b7bb3bc7026ca,gx-no-cache=1519995592730 HTTP/1.1" 200 30
186.67.172.234 - - [02/Mar/2018:10:00:43 -0300] "GET /cormun/servlet/solicitudotadjuntos?f669aa70db7593bf0a465a5097774ed35ef84e4c7b05b5d5fe1b7bb3bc7026ca,gx-no-cache=1519995592812 HTTP/1.1" 200 30
186.103.158.250 - - [02/Mar/2018:10:00:44 -0300] "POST /cormun/servlet/solicitudotadjuntos?dedeb0d318f7a8d015ec2c999bd02548,INS,2018,9837,,1, HTTP/1.1" 200 116
186.103.158.250 - - [02/Mar/2018:10:00:44 -0300] "GET /cormun/servlet/hpexe_return? HTTP/1.1" 200 1029
186.67.172.234 - - [02/Mar/2018:10:00:45 -0300] "POST /cormun/servlet/solicitudotadjuntos?067a8dba8ac3ccebf349e7ecccb54684,INS,2018,9834,,1, HTTP/1.1" 200 116
186.67.172.234 - - [02/Mar/2018:10:00:45 -0300] "GET /cormun/servlet/hpexe_return? HTTP/1.1" 200 1026
186.103.158.250 - - [02/Mar/2018:10:00:46 -0300] "GET /cormun/servlet/trsolicitudadjuntos?2018,9837, HTTP/1.1" 200 9679
186.67.172.234 - - [02/Mar/2018:10:00:46 -0300] "GET /cormun/servlet/trsolicitudadjuntos?2018,9834, HTTP/1.1" 200 9760
186.67.172.234 - - [02/Mar/2018:10:00:48 -0300] "GET /cormun/servlet/trsolicitudadjuntos?2018,9834, HTTP/1.1" 200 9758
186.103.158.250 - - [02/Mar/2018:10:00:48 -0300] "GET /cormun/servlet/trsolicitudadjuntos?2018,9837, HTTP/1.1" 200 9681
186.67.172.234 - - [02/Mar/2018:10:00:58 -0300] "GET /cormun/servlet/trsolicitudot? HTTP/1.1" 200 9134
186.67.172.234 - - [02/Mar/2018:10:00:59 -0300] "GET /cormun/servlet/trsolicitudot? HTTP/1.1" 200 9128
186.103.158.250 - - [02/Mar/2018:10:01:04 -0300] "GET /cormun/servlet/trautorizarsolicitud? HTTP/1.1" 200 7319
186.103.158.250 - - [02/Mar/2018:10:01:06 -0300] "GET /cormun/servlet/trautorizarsolicitud? HTTP/1.1" 200 7305
186.103.158.250 - - [02/Mar/2018:10:01:09 -0300] "POST /cormun/servlet/trautorizarsolicitud?dedeb0d318f7a8d015ec2c999bd02548,,gx-no-cache=1519995619371 HTTP/1.1" 200 4412
186.103.157.246 - - [02/Mar/2018:10:01:09 -0300] "GET /cormun/servlet/solicitudot?56ed5fca8b6fdfaf0be480fdd7c6e6dad2594bbe9a617136d20e8209c5015d74,gx-no-cache=1519995622202 HTTP/1.1" 200 20
