186.103.158.250 - - [02/Mar/2018:09:41:19 -0300] "GET /cormun/servlet/trsolicitudadjuntos?2018,9837, HTTP/1.1" 200 6297
186.103.158.250 - - [02/Mar/2018:09:41:21 -0300] "GET /cormun/servlet/trsolicitudadjuntos?2018,9837, HTTP/1.1" 200 6297
186.103.157.246 - - [02/Mar/2018:09:41:22 -0300] "POST /cormun/servlet/solicitudot?gx-no-cache=1519994435285 HTTP/1.1" 200 3293
186.103.157.246 - - [02/Mar/2018:09:41:23 -0300] "POST /cormun/servlet/solicitudot?8717026766da2961fd6c2955fc9b580c,INS,0,0,,gx-no-cache=1519994435915 HTTP/1.1" 200 10246
186.103.158.250 - - [02/Mar/2018:09:41:26 -0300] "GET /cormun/servlet/solicitudotadjuntos?INS,2018,9837,,1, HTTP/1.1" 200 6248
186.103.158.250 - - [02/Mar/2018:09:41:27 -0300] "GET /cormun/static/gxcfg.js?2017761244068 HTTP/1.1" 200 953
186.103.158.250 - - [02/Mar/2018:09:41:27 -0300] "GET /cormun/static/solicitudotadjuntos.js?2017761244086 HTTP/1.1" 200 11771
186.103.158.250 - - [02/Mar/2018:09:41:27 -0300] "GET /cormun/static/about:blank HTTP/1.1" 404 1011
186.103.157.246 - - [02/Mar/2018:09:41:27 -0300] "GET /cormun/servlet/solicitudot?3ad47763fe393c9a749a6bce1a1c5ddc0b46a25a7db860036d3b276429a2f7d7e404a4c4257b6d9625974ef17fc6be3d,gx-no-cache=1519994440321 HTTP/1.1" 200 30
186.103.158.250 - - [02/Mar/2018:09:41:28 -0300] "GET /cormun/servlet/solicitudotadjuntos?INS,2018,9837,,1, HTTP/1.1" 200 6241
186.103.158.250 - - [02/Mar/2018:09:41:28 -0300] "GET /cormun/servlet/solicitudotadjuntos?c66939129ab1fee5f0ec84a8ad51cfdd778c9de0b43c0f9fb46b3bda5964c501d265e65f438b45729acaf04ce4578d2e,gx-no-cache=1519994439530 HTTP/1.1" 200 30
186.103.158.250 - - [02/Mar/2018:09:41:29 -0300] "POST /cormun/servlet/solicitudotadjuntos?dedeb0d318f7a8d015ec2c999bd02548,INS,2018,9837,,1,,gx-no-cache=1519994439638 HTTP/1.1" 200 4021
186.103.158.250 - - [02/Mar/2018:09:41:44 -0300] "POST /cormun/servlet/solicitudotadjuntos?gx-no-cache=1519994454923 HTTP/1.1" 200 26
186.103.156.166 - - [02/Mar/2018:09:41:50 -0300] "GET /cormun/servlet/hlogin HTTP/1.1" 200 1739
186.103.159.183 - - [02/Mar/2018:09:43:17 -0300] "GET /cormun/servlet/solicitudot?601556505839c619d040a052384b770db25ed3ed707fcd4ff5d96aefb019b0b956ee8c2462a4232894b222772fe52fd7a4afefaa8b31bf75ae818e18e20dd3e6,gx-no-cache=1519994551645 HTTP/1.1" 200 30
186.103.159.183 - - [02/Mar/2018:09:43:17 -0300] "GET /cormun/servlet/solicitudot?601556505839c619d040a052384b770da3fcbaf3a5994767316636e1095e859c,gx-no-cache=1519994551891 HTTP/1.1" 200 29
186.103.159.183 - - [02/Mar/2018:09:43:18 -0300] "POST /cormun/servlet/solicitudot?gx-no-cache=1519994552009 HTTP/1.1" 200 297
186.103.159.183 - - [02/Mar/2018:09:43:18 -0300] "GET /cormun/servlet/solicitudot?601556505839c619d040a052384b770d5436e10d7eb6f6eedcd6de8122dcb1f1fec456d96e8206971e6d694523522c382571b024a22585e9d2c51381203bb80eb86bce26c03c00dd8d3d6718fcaa11305d91e2c7ea3b5ff7584e3194b0da4f34575d4e8112e290d15e5b42aa13c1de003aa6f2e80ef19fb1ee5ec1f6f87f5743f54c89a1d121538a648cd0f25a33b1a20e8e1a98b73490a1343545b65b6dba3a102737e47225041047b9571bd802b88c7a05857ec5699b5b519ba4379dd5ba1c74d25defcfec7baca61cf4323e24884bf781ad301ef743f3a51701edefc99b0acdb7dbe082ae18a38983f23f0f159d8eb25006f2974625d3b2ae3821b066ab6d93957ffa43e35dc853837d1af70c3ba6873ba527b639d308f3e848b98c98707390f775f952435040a04787ab5c3af86eef7368a81fd34d1da8b8fb68d7943cec84bf518bd51a6cd765e91a3b83e35f7348b0cadfd6e1745b6d231b2f84b2b06f4570f2369c3603123ebdf4690549ddea8e51249a3ee6e2b05bbf033825c6a1c780bdfbfa83c6489b0e3380fd5b9bbb1a,gx-no-cache=1519994552159 HTTP/1.1" 200 30
186.103.159.183 - - [02/Mar/2018:09:43:19 -0300] "POST /cormun/servlet/solicitudot?gx-no-cache=1519994553714 HTTP/1.1" 200 30
186.103.159.183 - - [02/Mar/2018:09:43:25 -0300] "POST /cormun/servlet/solicitudot?gx-no-cache=1519994559311 HTTP/1.1" 200 256
186.103.159.183 - - [02/Mar/2018:09:43:28 -0300] "GET /cormun/servlet/solicitudot?601556505839c619d040a052384b770d5436e10d7eb6f6eedcd6de8122dcb1f126cfd85ce39340f0a71f501d744bbc172571b024a22585e9d2c51381203bb80eb86bce26c03c00dd8d3d6718fcaa11305d91e2c7ea3b5ff7584e3194b0da4f34575d4e8112e290d15e5b42aa13c1de003aa6f2e80ef19fb1ee5ec1f6f87f5743f54c89a1d121538a648cd0f25a33b1a20e8e1a98b73490a1343545b65b6dba3a102737e47225041047b9571bd802b88c7a05857ec5699b5b519ba4379dd5ba1c74d25defcfec7baca61cf4323e24884bf781ad301ef743f3a51701edefc99b0acdb7dbe082ae18a38983f23f0f159d8e8c9c853c1cdd4b0d010aa4b082d3037393957ffa43e35dc853837d1af70c3ba609d996d8070f59ee34667163bc9f228578d49eed5bea6c85ca6b4bb1ade4fa99f17aedb4edaea74b5cf0126fcd041113b9b607b022c2e4333329716b23cc45a439bbb6c227c53a29433b3be68516d053e04c38a771b76bc302ecafbd4b3f36fc76d4d8b5d58716363b56cc91ab9b62ab,gx-no-cache=1519994561982 HTTP/1.1" 200 30
186.103.159.183 - - [02/Mar/2018:09:43:43 -0300] "POST /cormun/servlet/solicitudot?gx-no-cache=1519994576922 HTTP/1.1" 200 30
186.103.159.183 - - [02/Mar/2018:09:43:43 -0300] "POST /cormun/servlet/solicitudot?gx-no-cache=1519994577314 HTTP/1.1" 200 1333
186.103.159.183 - - [02/Mar/2018:09:43:43 -0300] "POST /cormun/servlet/solicitudot?gx-no-cache=1519994577644 HTTP/1.1" 200 38
186.103.156.166 - - [02/Mar/2018:09:43:47 -0300] "POST /cormun/servlet/hlogin?38760b37f8ba83555c73dc9f7ec43a64,gx-no-cache=1519994583280 HTTP/1.1" 200 90
186.103.156.166 - - [02/Mar/2018:09:43:47 -0300] "GET /cormun/servlet/hpexe_link HTTP/1.1" 200 953
186.103.159.182 - - [02/Mar/2018:09:43:56 -0300] "GET /cormun/servlet/trsolicitudot? HTTP/1.1" 200 7461
186.103.159.182 - - [02/Mar/2018:09:43:58 -0300] "GET /cormun/servlet/trsolicitudot? HTTP/1.1" 200 7461
186.103.159.182 - - [02/Mar/2018:09:44:01 -0300] "GET /cormun/servlet/trvisualizadoreventos? HTTP/1.1" 200 7023
186.103.159.182 - - [02/Mar/2018:09:44:01 -0300] "GET /cormun/static/gxcfg.js?20175251251426 HTTP/1.1" 200 953
186.103.159.182 - - [02/Mar/2018:09:44:01 -0300] "GET /cormun/static/trvisualizadoreventos.js?20175251251768 HTTP/1.1" 200 19318
186.103.159.182 - - [02/Mar/2018:09:44:01 -0300] "GET /cormun/static/Resources/PXToolsActionPrint.png HTTP/1.1" 200 3317
186.103.159.182 - - [02/Mar/2018:09:44:03 -0300] "GET /cormun/servlet/trvisualizadoreventos? HTTP/1.1" 200 7023
186.103.156.166 - - [02/Mar/2018:09:44:23 -0300] "GET /cormun/servlet/hlogin HTTP/1.1" 200 1723
186.103.159.183 - - [02/Mar/2018:09:44:24 -0300] "GET /cormun/servlet/solicitudot?601556505839c619d040a052384b770db57f1766ec7f793d7f16ba256d899ceccc5d9b30d2b4deab72aad8b69771b60f005317aef66356c5e50112e35364a12bfea8dfa381a4e6a8dc9f07681ed82566a4b6092ae9ad0c4cb7899bb8fd62c02f0b38c1be78a17abe90db87dabf364962,gx-no-cache=1519994618699 HTTP/1.1" 200 29
186.103.159.183 - - [02/Mar/2018:09:44:25 -0300] "POST /cormun/servlet/solicitudot?gx-no-cache=1519994618955 HTTP/1.1" 200 1319
186.103.159.183 - - [02/Mar/2018:09:44:25 -0300] "POST /cormun/servlet/solicitudot?gx-no-cache=1519994619297 HTTP/1.1" 200 1215
186.103.156.166 - - [02/Mar/2018:09:44:33 -0300] "POST /cormun/servlet/hlogin?19b99ce43f19abb89e8010d0dc5818fb,gx-no-cache=1519994629099 HTTP/1.1" 200 90
186.103.156.166 - - [02/Mar/2018:09:44:33 -0300] "GET /cormun/servlet/hpexe_link HTTP/1.1" 200 953
186.103.156.166 - - [02/Mar/2018:09:44:33 -0300] "GET /cormun/servlet/hhome HTTP/1.1" 200 4186
186.103.156.166 - - [02/Mar/2018:09:44:34 -0300] "GET /cormun/servlet/hhome HTTP/1.1" 200 4182
186.103.159.182 - - [02/Mar/2018:09:44:37 -0300] "POST /cormun/servlet/trvisualizadoreventos?986c602e7476ffde58fb40ed2922a165,,gx-no-cache=1519994629740 HTTP/1.1" 200 4139
186.103.159.183 - - [02/Mar/2018:09:44:43 -0300] "GET /cormun/static/menuarrow.gif HTTP/1.1" 404 1015
186.103.159.182 - - [02/Mar/2018:09:44:45 -0300] "POST /cormun/servlet/trvisualizadoreventos?986c602e7476ffde58fb40ed2922a165,,gx-no-cache=1519994638553 HTTP/1.1" 200 4142
186.103.159.183 - - [02/Mar/2018:09:44:51 -0300] "GET /cormun/servlet/solicitudot?601556505839c619d040a052384b770d2eaaa0f81609b3135041cb04a962ce025b0ba0d06a1d1736fe7b112ef949d2e7,gx-no-cache=1519994645290 HTTP/1.1" 200 30
186.103.159.183 - - [02/Mar/2018:09:44:56 -0300] "POST /cormun/servlet/solicitudot?gx-no-cache=1519994650427 HTTP/1.1" 200 30
186.103.159.182 - - [02/Mar/2018:09:44:58 -0300] "POST /cormun/servlet/trvisualizadoreventos?986c602e7476ffde58fb40ed2922a165,,gx-no-cache=1519994650720 HTTP/1.1" 200 4141
186.103.156.166 - - [02/Mar/2018:09:44:59 -0300] "GET /cormun/servlet/trfichaempleado? HTTP/1.1" 200 10949
186.103.159.182 - - [02/Mar/2018:09:45:03 -0300] "GET /cormun/static/menuarrow.gif HTTP/1.1" 404 1015
186.103.156.166 - - [02/Mar/2018:09:45:04 -0300] "GET /cormun/servlet/trfichaempleado? HTTP/1.1" 200 11266
186.103.159.182 - - [02/Mar/2018:09:45:09 -0300] "POST /cormun/servlet/trvisualizadoreventos?986c602e7476ffde58fb40ed2922a165,,gx-no-cache=1519994661897 HTTP/1.1" 200 4146
186.103.159.182 - - [02/Mar/2018:09:45:23 -0300] "GET /cormun/servlet/trsolicitudot? HTTP/1.1" 200 7461
186.103.159.182 - - [02/Mar/2018:09:45:26 -0300] "GET /cormun/servlet/trsolicitudot? HTTP/1.1" 200 7461
186.103.159.182 - - [02/Mar/2018:09:45:31 -0300] "GET /cormun/servlet/solicitudot?INS,0,0, HTTP/1.1" 200 13700
186.103.159.182 - - [02/Mar/2018:09:45:33 -0300] "GET /cormun/servlet/solicitudot?INS,0,0, HTTP/1.1" 200 13705
186.103.159.46 - - [02/Mar/2018:09:46:22 -0300] "GET /cormun/servlet/hlogin HTTP/1.1" 200 1724
186.103.159.46 - - [02/Mar/2018:09:46:22 -0300] "GET /cormun/static/gxcfg.js?20175251213516 HTTP/1.1" 304 -
186.103.159.46 - - [02/Mar/2018:09:46:22 -0300] "GET /cormun/servlet/hlogin HTTP/1.1" 200 1732
186.103.159.182 - - [02/Mar/2018:09:46:24 -0300] "POST /cormun/servlet/solicitudot?gx-no-cache=1519994737491 HTTP/1.1" 200 3395
186.103.159.182 - - [02/Mar/2018:09:46:25 -0300] "POST /cormun/servlet/solicitudot?986c602e7476ffde58fb40ed2922a165,INS,0,0,,gx-no-cache=1519994738029 HTTP/1.1" 200 10545
186.103.159.182 - - [02/Mar/2018:09:46:26 -0300] "GET /cormun/servlet/solicitudot?424f6facde3cdc95e4aa39485a1f049e94ee93bf946f74736df725339d52552461f4aad91a52a12bd0c67a75af911b9b,gx-no-cache=1519994739274 HTTP/1.1" 200 30
186.103.159.46 - - [02/Mar/2018:09:46:36 -0300] "POST /cormun/servlet/hlogin?67f1071f87ab5d70cf4c769ef14e619b,gx-no-cache=1519994747805 HTTP/1.1" 200 90
186.103.159.46 - - [02/Mar/2018:09:46:36 -0300] "GET /cormun/servlet/hpexe_link HTTP/1.1" 200 952
186.103.159.46 - - [02/Mar/2018:09:46:36 -0300] "GET /cormun/static/gxcfg.js?20177612121792 HTTP/1.1" 304 -
186.103.159.46 - - [02/Mar/2018:09:46:36 -0300] "GET /cormun/servlet/hhome HTTP/1.1" 200 4197
186.103.159.46 - - [02/Mar/2018:09:46:36 -0300] "GET /cormun/static/gxcfg.js?20175251212442 HTTP/1.1" 304 -
186.103.159.46 - - [02/Mar/2018:09:46:38 -0300] "GET /cormun/servlet/hhome HTTP/1.1" 200 4193
186.103.159.182 - - [02/Mar/2018:09:47:35 -0300] "GET /cormun/servlet/solicitudot?424f6facde3cdc95e4aa39485a1f049ed65363f3c0dcde03ce82f75082a359f7120aaf717d903e3662ccb0967f37e37661f4aad91a52a12bd0c67a75af911b9b,gx-no-cache=1519994808998 HTTP/1.1" 200 30
186.103.159.182 - - [02/Mar/2018:09:47:35 -0300] "GET /cormun/servlet/solicitudot?424f6facde3cdc95e4aa39485a1f049e5ec950e59bf4edef3c68508dee82c352,gx-no-cache=1519994809258 HTTP/1.1" 200 60
186.103.159.182 - - [02/Mar/2018:09:47:36 -0300] "POST /cormun/servlet/solicitudot?gx-no-cache=1519994809332 HTTP/1.1" 200 255
186.103.159.182 - - [02/Mar/2018:09:47:36 -0300] "GET /cormun/servlet/solicitudot?424f6facde3cdc95e4aa39485a1f049e3ff7d50d90020a4c89a3f6da272e3e01f955e04ddde33b078af2c5c593b6d87e3898783bab63795ffa6a124725b7339107719c50e39d6ff7f323ee75fb0063fb9247dd739c29d0cfd5ca3419a39e39985024746913d8de26330d06ba8a5f6ddebeb33e95ec9aa2275430da1120f0ba28ba18249cf247ed890fd1bf3b811a69fcce2efca9a5b10cfcb4f8f65a82592a977b4e7365e9ff24f458db8ab92ced93fe965e180067861daf0c5947c532d527e8f73b00b354cb572b796066d84ea84fa70313fe84043c44905c599c72868e1ce2e3853507350536f5a1ae4191db918a902c5a74e08555dbd01e25797d4e70b880c2bf18fab833b8082678db186e7eeb67ea3565538b4b323101f453917064dad4e7d7fb6bf989cc5c0d499e5fcc12aec581491f342ea8c5a8b35509ab1b185bc8f8647dbddfe4da850f73d8d8c65752d8f8bda67b2416830772662a7a584d24c93d151480b6c31a43c17f027d83e2324e2792a9cd183664c8906d969db8a36701,gx-no-cache=1519994809450 HTTP/1.1" 200 30
186.103.159.182 - - [02/Mar/2018:09:47:38 -0300] "POST /cormun/servlet/solicitudot?gx-no-cache=1519994812245 HTTP/1.1" 200 30
186.103.159.182 - - [02/Mar/2018:09:47:42 -0300] "POST /cormun/servlet/solicitudot?gx-no-cache=1519994815935 HTTP/1.1" 200 1337
186.103.159.182 - - [02/Mar/2018:09:47:42 -0300] "POST /cormun/servlet/solicitudot?gx-no-cache=1519994816152 HTTP/1.1" 200 38
192.168.10.96 - - [02/Mar/2018:09:47:50 -0300] "GET /cormun/servlet/trsolicitudgral? HTTP/1.1" 200 17312
192.168.10.96 - - [02/Mar/2018:09:47:51 -0300] "GET /cormun/servlet/trsolicitudgral? HTTP/1.1" 200 17312
192.168.10.96 - - [02/Mar/2018:09:47:53 -0300] "GET /cormun/servlet/hlogin HTTP/1.1" 200 1735
186.103.159.183 - - [02/Mar/2018:09:48:00 -0300] "GET /cormun/static/Resources/resize.gif HTTP/1.1" 200 77
186.103.159.183 - - [02/Mar/2018:09:48:00 -0300] "GET /cormun/servlet/prbanco?,MD,,gxPopupLevel%3D0%3B HTTP/1.1" 200 6625
186.103.159.183 - - [02/Mar/2018:09:48:00 -0300] "GET /cormun/static/prbanco.js?2018116101633 HTTP/1.1" 200 10693
186.103.159.183 - - [02/Mar/2018:09:48:00 -0300] "GET /cormun/static/menusearch.js?201610171694467 HTTP/1.1" 200 1424
186.103.159.183 - - [02/Mar/2018:09:48:00 -0300] "GET /cormun/static/hmpwkw011.js?20177612121862 HTTP/1.1" 200 1968
186.103.159.183 - - [02/Mar/2018:09:48:01 -0300] "GET /cormun/static/gxcfg.js?20181161016094 HTTP/1.1" 200 953
186.103.159.183 - - [02/Mar/2018:09:48:01 -0300] "GET /cormun/static/Shared/ext/ext-all.js HTTP/1.1" 200 1289687
186.103.159.183 - - [02/Mar/2018:09:48:01 -0300] "GET /cormun/static/Resources/PXToolsMenuSearchCancel.png HTTP/1.1" 200 2972
186.103.159.183 - - [02/Mar/2018:09:48:01 -0300] "GET /cormun/static/Resources/PXToolsMenuSearch.png HTTP/1.1" 200 2914
186.103.159.182 - - [02/Mar/2018:09:48:07 -0300] "GET /cormun/servlet/solicitudot?424f6facde3cdc95e4aa39485a1f049e32cf53e3e962cac5ab660f82b0d803f51012d936f640892c3136ebffaed5a8ed1a21797e7f7c5ac68dbcde5d5fcc8e9a0082acd77e1aa66ea1027e61e331df4a6064459d8c06bc9ea9ac54e2a3bc29411a34a757ec281d03bd682586dd5bb366d87c6bb4245d959f863d7909cf8644f8bc4ea517426f2f1583a78b2a20f616f589ced1fd51e8b138e464c23809e4f477,gx-no-cache=1519994840363 HTTP/1.1" 200 29
186.103.159.182 - - [02/Mar/2018:09:48:07 -0300] "POST /cormun/servlet/solicitudot?gx-no-cache=1519994840448 HTTP/1.1" 200 1319
186.103.159.182 - - [02/Mar/2018:09:48:07 -0300] "POST /cormun/servlet/solicitudot?gx-no-cache=1519994840649 HTTP/1.1" 200 1219
192.168.10.96 - - [02/Mar/2018:09:48:12 -0300] "POST /cormun/servlet/hlogin?1d4ff14942b899bacd8d75544af79f57,gx-no-cache=1519994733889 HTTP/1.1" 200 90
192.168.10.96 - - [02/Mar/2018:09:48:12 -0300] "GET /cormun/servlet/hpexe_link HTTP/1.1" 200 947
186.103.159.44 - - [02/Mar/2018:09:48:13 -0300] "GET /cormun/servlet/hlogin HTTP/1.1" 200 1721
192.168.10.96 - - [02/Mar/2018:09:48:13 -0300] "GET /cormun/servlet/hhome HTTP/1.1" 200 4224
186.103.159.183 - - [02/Mar/2018:09:48:13 -0300] "GET /cormun/servlet/solicitudot?601556505839c619d040a052384b770d61941e63f2ff3f5380a87e619cc691ad,gx-no-cache=1519994847608 HTTP/1.1" 200 53
192.168.10.96 - - [02/Mar/2018:09:48:14 -0300] "GET /cormun/servlet/hhome HTTP/1.1" 200 4220
186.103.159.46 - - [02/Mar/2018:09:48:14 -0300] "GET /cormun/servlet/trautorizarsolicitud? HTTP/1.1" 200 13772
186.103.159.46 - - [02/Mar/2018:09:48:14 -0300] "GET /cormun/static/gxcfg.js?2017111423403364 HTTP/1.1" 200 953
186.103.159.46 - - [02/Mar/2018:09:48:15 -0300] "GET /cormun/static/trautorizarsolicitud.js?201711142340425 HTTP/1.1" 200 53910
192.168.10.96 - - [02/Mar/2018:09:48:15 -0300] "GET /cormun/servlet/trsolicitudot? HTTP/1.1" 200 7437
186.103.159.46 - - [02/Mar/2018:09:48:15 -0300] "GET /cormun//static/Resources/PXToolsRemoveAllAction.png HTTP/1.1" 200 3558
186.103.159.46 - - [02/Mar/2018:09:48:15 -0300] "GET /cormun//static/Resources/PXToolsActionView.png HTTP/1.1" 200 2995
186.103.159.46 - - [02/Mar/2018:09:48:15 -0300] "GET /cormun//static/Resources/PXToolsGridDelete.png HTTP/1.1" 200 357
186.103.159.46 - - [02/Mar/2018:09:48:15 -0300] "GET /cormun//static/Resources/PXToolsGridUpdate.png HTTP/1.1" 200 2984
192.168.10.96 - - [02/Mar/2018:09:48:16 -0300] "GET /cormun/servlet/trsolicitudot? HTTP/1.1" 200 7435
186.103.159.46 - - [02/Mar/2018:09:48:16 -0300] "GET /cormun/servlet/trautorizarsolicitud? HTTP/1.1" 200 13770
192.168.10.96 - - [02/Mar/2018:09:48:18 -0300] "GET /cormun/servlet/trsolicitudot? HTTP/1.1" 200 7435
192.168.10.96 - - [02/Mar/2018:09:48:19 -0300] "GET /cormun/servlet/trsolicitudot? HTTP/1.1" 200 7435
186.103.157.42 - - [02/Mar/2018:09:48:27 -0300] "GET /cormun/servlet/hlogin HTTP/1.1" 200 1724
192.168.10.96 - - [02/Mar/2018:09:48:29 -0300] "POST /cormun/servlet/trsolicitudot?1d4ff14942b899bacd8d75544af79f57,,gx-no-cache=1519994747980 HTTP/1.1" 200 24054
186.103.157.42 - - [02/Mar/2018:09:48:30 -0300] "POST /cormun/servlet/hlogin?61feee565c94808c63623a1103f77900,gx-no-cache=1519994613174 HTTP/1.1" 200 90
186.103.157.42 - - [02/Mar/2018:09:48:30 -0300] "GET /cormun/servlet/hpexe_link HTTP/1.1" 200 948
186.103.157.42 - - [02/Mar/2018:09:48:30 -0300] "GET /cormun/servlet/hhome HTTP/1.1" 200 4255
186.103.157.42 - - [02/Mar/2018:09:48:32 -0300] "GET /cormun/servlet/hhome HTTP/1.1" 200 4251
186.103.156.166 - - [02/Mar/2018:09:48:34 -0300] "GET /cormun/servlet/trfichaempleado HTTP/1.1" 200 13805
186.103.159.44 - - [02/Mar/2018:09:48:35 -0300] "POST /cormun/servlet/hlogin?c2a677b50ac2245a94f2d24128a7be9a,gx-no-cache=1519994868251 HTTP/1.1" 200 90
186.103.159.44 - - [02/Mar/2018:09:48:35 -0300] "GET /cormun/servlet/hpexe_link HTTP/1.1" 200 951
186.103.159.44 - - [02/Mar/2018:09:48:35 -0300] "GET /cormun/servlet/hhome HTTP/1.1" 200 3958
186.103.159.46 - - [02/Mar/2018:09:48:40 -0300] "POST /cormun/servlet/trautorizarsolicitud?67f1071f87ab5d70cf4c769ef14e619b,,gx-no-cache=1519994871325 HTTP/1.1" 200 4397
186.103.159.183 - - [02/Mar/2018:09:48:42 -0300] "GET /cormun/servlet/solicitudot?601556505839c619d040a052384b770d5436e10d7eb6f6eedcd6de8122dcb1f126cfd85ce39340f0a71f501d744bbc172571b024a22585e9d2c51381203bb80eb86bce26c03c00dd8d3d6718fcaa11305d91e2c7ea3b5ff7584e3194b0da4f34575d4e8112e290d15e5b42aa13c1de003aa6f2e80ef19fb1ee5ec1f6f87f5743f54c89a1d121538a648cd0f25a33b1a20e8e1a98b73490a1343545b65b6dba3a102737e47225041047b9571bd802b88c7a05857ec5699b5b519ba4379dd5ba1c74d25defcfec7baca61cf4323e24884bf781ad301ef743f3a51701edefc99b0acdb7dbe082ae18a38983f23f0f159d8e8c9c853c1cdd4b0d010aa4b082d3037393957ffa43e35dc853837d1af70c3ba609d996d8070f59ee34667163bc9f228578d49eed5bea6c85ca6b4bb1ade4fa99f17aedb4edaea74b5cf0126fcd041113b9b607b022c2e4333329716b23cc45a439bbb6c227c53a29433b3be68516d053e04c38a771b76bc302ecafbd4b3f36fc76d4d8b5d58716363b56cc91ab9b62ab,gx-no-cache=1519994876155 HTTP/1.1" 200 30
192.168.10.96 - - [02/Mar/2018:09:48:44 -0300] "POST /cormun/servlet/trsolicitudot?1d4ff14942b899bacd8d75544af79f57,,gx-no-cache=1519994764261 HTTP/1.1" 200 7844
186.103.159.183 - - [02/Mar/2018:09:48:44 -0300] "POST /cormun/servlet/solicitudot?gx-no-cache=1519994876681 HTTP/1.1" 200 30
186.103.159.183 - - [02/Mar/2018:09:48:45 -0300] "POST /cormun/servlet/solicitudot?gx-no-cache=1519994879016 HTTP/1.1" 200 1335
186.103.159.183 - - [02/Mar/2018:09:48:46 -0300] "POST /cormun/servlet/solicitudot?gx-no-cache=1519994879570 HTTP/1.1" 200 41
186.103.159.183 - - [02/Mar/2018:09:48:46 -0300] "POST /cormun/servlet/solicitudot?gx-no-cache=1519994880118 HTTP/1.1" 200 1321
186.103.159.183 - - [02/Mar/2018:09:48:46 -0300] "POST /cormun/servlet/solicitudot?gx-no-cache=1519994880472 HTTP/1.1" 200 1219
186.103.159.183 - - [02/Mar/2018:09:48:46 -0300] "GET /cormun/servlet/solicitudot?601556505839c619d040a052384b770d2eaaa0f81609b3135041cb04a962ce025b0ba0d06a1d1736fe7b112ef949d2e7,gx-no-cache=1519994880684 HTTP/1.1" 200 30
186.103.159.183 - - [02/Mar/2018:09:48:46 -0300] "POST /cormun/servlet/solicitudot?gx-no-cache=1519994880778 HTTP/1.1" 200 30
186.103.159.46 - - [02/Mar/2018:09:48:47 -0300] "POST /cormun/servlet/trautorizarsolicitud?67f1071f87ab5d70cf4c769ef14e619b,,gx-no-cache=1519994878446 HTTP/1.1" 200 10887
186.103.157.42 - - [02/Mar/2018:09:48:48 -0300] "GET /cormun/servlet/trsolicitudot? HTTP/1.1" 200 8862
186.103.159.183 - - [02/Mar/2018:09:48:48 -0300] "POST /cormun/servlet/solicitudot?20ac37d80e3ee8c3e1e7de12fb326d67,INS,0,0,,gx-no-cache=1519994880909 HTTP/1.1" 200 93
186.103.159.183 - - [02/Mar/2018:09:48:48 -0300] "GET /cormun/servlet/hpexe_return? HTTP/1.1" 200 1002
186.103.159.183 - - [02/Mar/2018:09:48:48 -0300] "GET /cormun/static/hpexe_return.js?2016101716175153 HTTP/1.1" 200 1633
186.103.159.183 - - [02/Mar/2018:09:48:48 -0300] "GET /cormun/static/gxcfg.js?2016101716175148 HTTP/1.1" 200 953
186.103.159.183 - - [02/Mar/2018:09:48:48 -0300] "GET /cormun/static/Resources/Spanish/PXTools.css?167811 HTTP/1.1" 200 89042
186.103.159.44 - - [02/Mar/2018:09:48:49 -0300] "GET /cormun/servlet/trlicencias? HTTP/1.1" 200 9447
186.103.157.246 - - [02/Mar/2018:09:48:49 -0300] "GET /cormun/servlet/licenciaspermisos?c446e83ddd1f28a6f312e1aa804d7386f25800c5af0ed4ea2b006d58deba278e05563d481804d81a10292511659b533fdc60e03f87addbf4677ebbb58bd8241210d072182f3aec8ef5d667610f795891c76a39297ce3d7f26ae109dd0fcfd041cf33c07a131bbb535371e5b2ae246e4f729bc8e01ded86560ce52ee48969ea662cec47060be3b8fef60dfad462392ec168a1ace1a2c0b03dd774225714640256a7628918300179a9c9d7506dbefa3c8a,gx-no-cache=1519994882679 HTTP/1.1" 200 30
186.103.159.183 - - [02/Mar/2018:09:48:49 -0300] "GET /cormun/servlet/trsolicitudot HTTP/1.1" 200 8777
186.103.157.42 - - [02/Mar/2018:09:48:49 -0300] "GET /cormun/servlet/trsolicitudot? HTTP/1.1" 200 8864
186.103.157.246 - - [02/Mar/2018:09:48:50 -0300] "POST /cormun/servlet/licenciaspermisos?852a57735dd9623cc4d0c179bafdbf0e,INS,0,,,,gx-no-cache=1519994882942 HTTP/1.1" 200 4714
186.103.159.183 - - [02/Mar/2018:09:48:50 -0300] "GET /cormun/static/Shared/ext/ext-all.js HTTP/1.1" 200 1289687
186.103.159.183 - - [02/Mar/2018:09:48:51 -0300] "GET /cormun//static/Resources/PXToolsGridUpdate.png HTTP/1.1" 200 2984
186.103.159.183 - - [02/Mar/2018:09:48:51 -0300] "GET /cormun//static/Resources/PXToolsGridDelete.png HTTP/1.1" 200 357
186.103.159.183 - - [02/Mar/2018:09:48:51 -0300] "GET /cormun//static/Resources/PXToolsActionView.png HTTP/1.1" 200 2995
186.103.159.183 - - [02/Mar/2018:09:48:51 -0300] "GET /cormun//static/Resources/PXTools/ActionInsert.png HTTP/1.1" 200 1482
186.103.159.183 - - [02/Mar/2018:09:48:51 -0300] "GET /cormun//static/Resources/PXToolsRemoveAllAction.png HTTP/1.1" 200 3558
186.103.159.183 - - [02/Mar/2018:09:48:51 -0300] "GET /cormun/servlet/trsolicitudot HTTP/1.1" 200 8773
186.103.159.44 - - [02/Mar/2018:09:48:57 -0300] "GET /cormun/servlet/licenciaspermisos?INS,0,,, HTTP/1.1" 200 7484
186.103.159.182 - - [02/Mar/2018:09:49:01 -0300] "GET /cormun/static/menuarrow.gif HTTP/1.1" 404 1015
186.103.157.42 - - [02/Mar/2018:09:49:01 -0300] "POST /cormun/servlet/trsolicitudot?61feee565c94808c63623a1103f77900,,gx-no-cache=1519994643315 HTTP/1.1" 200 4688
186.103.157.42 - - [02/Mar/2018:09:49:01 -0300] "GET /cormun/static/Shared/jqueryui/images/ui-bg_highlight-soft_100_c6c2c8_1x100.png HTTP/1.1" 404 1117
186.103.157.42 - - [02/Mar/2018:09:49:01 -0300] "GET /cormun/static/Shared/jqueryui/images/ui-bg_flat_55_fafafa_40x100.png HTTP/1.1" 404 1097
186.103.157.42 - - [02/Mar/2018:09:49:01 -0300] "GET /cormun/static/Shared/jqueryui/images/ui-icons_8d78a5_256x240.png HTTP/1.1" 404 1089
186.103.157.42 - - [02/Mar/2018:09:49:01 -0300] "GET /cormun/static/Shared/jqueryui/images/ui-icons_82798d_256x240.png HTTP/1.1" 404 1089
186.103.157.42 - - [02/Mar/2018:09:49:01 -0300] "POST /cormun/servlet/trsolicitudot?61feee565c94808c63623a1103f77900,,gx-no-cache=1519994644101 HTTP/1.1" 200 4451
186.103.159.182 - - [02/Mar/2018:09:49:05 -0300] "GET /cormun/servlet/solicitudot?424f6facde3cdc95e4aa39485a1f049e19d6f0ecd319654b16c05199b8d7ac47f18096d0b1cf9ca1c12af64261498fed,gx-no-cache=1519994898562 HTTP/1.1" 200 30
186.103.157.42 - - [02/Mar/2018:09:49:06 -0300] "POST /cormun/servlet/trsolicitudot?61feee565c94808c63623a1103f77900,,gx-no-cache=1519994648216 HTTP/1.1" 200 5862
186.103.159.183 - - [02/Mar/2018:09:49:06 -0300] "POST /cormun/servlet/trsolicitudot?20ac37d80e3ee8c3e1e7de12fb326d67,gx-no-cache=1519994900447 HTTP/1.1" 200 106
186.103.159.44 - - [02/Mar/2018:09:49:07 -0300] "GET /cormun/servlet/licenciaspermisos?2e19d47d654f2380f112b5f2fec593cd9fc6048d25e32b818d1ce785dbdea24f4ffa4d2478514fd884b5989e09c55861,gx-no-cache=1519994900105 HTTP/1.1" 200 94
186.103.159.183 - - [02/Mar/2018:09:49:07 -0300] "GET /cormun/servlet/trsolicitudadjuntos?2018,9838, HTTP/1.1" 200 6286
186.103.159.44 - - [02/Mar/2018:09:49:07 -0300] "POST /cormun/servlet/licenciaspermisos?c2a677b50ac2245a94f2d24128a7be9a,INS,0,,,,gx-no-cache=1519994900173 HTTP/1.1" 200 4685
186.103.159.183 - - [02/Mar/2018:09:49:07 -0300] "GET /cormun/static/calendar-system.css?75620 HTTP/1.1" 200 5572
186.103.159.183 - - [02/Mar/2018:09:49:07 -0300] "GET /cormun/static/gxui/gxui-all.css?110300 HTTP/1.1" 200 2179
186.103.159.183 - - [02/Mar/2018:09:49:07 -0300] "GET /cormun/static/gxcfg.js?20177612135366 HTTP/1.1" 200 953
186.103.159.183 - - [02/Mar/2018:09:49:07 -0300] "GET /cormun/static/trsolicitudadjuntos.js?20177612135632 HTTP/1.1" 200 17922
186.103.159.183 - - [02/Mar/2018:09:49:07 -0300] "GET /cormun/static/Shared/ext/resources/css/ext-all.css?205870 HTTP/1.1" 200 416045
186.103.157.42 - - [02/Mar/2018:09:49:08 -0300] "POST /cormun/servlet/trsolicitudot?61feee565c94808c63623a1103f77900,,gx-no-cache=1519994650507 HTTP/1.1" 200 5841
186.103.159.183 - - [02/Mar/2018:09:49:08 -0300] "GET /cormun/static/Shared/ext/ext-all.js HTTP/1.1" 200 1289687
186.103.159.183 - - [02/Mar/2018:09:49:09 -0300] "GET /cormun/servlet/trsolicitudadjuntos?2018,9838, HTTP/1.1" 200 6286
186.103.159.183 - - [02/Mar/2018:09:49:12 -0300] "GET /cormun/servlet/solicitudotadjuntos?INS,2018,9838,,1, HTTP/1.1" 200 6232
186.103.159.183 - - [02/Mar/2018:09:49:13 -0300] "GET /cormun/static/gxcfg.js?2017761244068 HTTP/1.1" 200 953
186.103.159.183 - - [02/Mar/2018:09:49:13 -0300] "GET /cormun/static/solicitudotadjuntos.js?2017761244086 HTTP/1.1" 200 11771
186.103.159.183 - - [02/Mar/2018:09:49:13 -0300] "GET /cormun/static/about:blank HTTP/1.1" 404 1011
186.103.159.183 - - [02/Mar/2018:09:49:14 -0300] "GET /cormun/static/Shared/ext/ext-all.js HTTP/1.1" 200 1289687
186.103.157.42 - - [02/Mar/2018:09:49:14 -0300] "GET /cormun/static/menuarrow.gif HTTP/1.1" 404 1015
186.103.159.183 - - [02/Mar/2018:09:49:14 -0300] "GET /cormun/servlet/solicitudotadjuntos?INS,2018,9838,,1, HTTP/1.1" 200 6226
186.103.159.183 - - [02/Mar/2018:09:49:15 -0300] "GET /cormun/servlet/solicitudotadjuntos?601556505839c619d040a052384b770db8a6de6796fe0e16e74c1ef98297a2009919e7d6857ff07b9f7363ce70833ee2,gx-no-cache=1519994909154 HTTP/1.1" 200 30
186.103.159.182 - - [02/Mar/2018:09:49:15 -0300] "POST /cormun/servlet/solicitudot?gx-no-cache=1519994908858 HTTP/1.1" 200 30
186.103.159.183 - - [02/Mar/2018:09:49:15 -0300] "POST /cormun/servlet/solicitudotadjuntos?20ac37d80e3ee8c3e1e7de12fb326d67,INS,2018,9838,,1,,gx-no-cache=1519994909242 HTTP/1.1" 200 4013
186.103.159.183 - - [02/Mar/2018:09:49:18 -0300] "POST /cormun/servlet/solicitudotadjuntos?gx-no-cache=1519994912231 HTTP/1.1" 200 26
186.103.157.42 - - [02/Mar/2018:09:49:19 -0300] "POST /cormun/servlet/trsolicitudot?61feee565c94808c63623a1103f77900,,gx-no-cache=1519994659942 HTTP/1.1" 200 20681
192.168.10.96 - - [02/Mar/2018:09:49:57 -0300] "POST /cormun/servlet/trsolicitudot?1d4ff14942b899bacd8d75544af79f57,,gx-no-cache=1519994835402 HTTP/1.1" 200 24360
186.103.159.182 - - [02/Mar/2018:09:49:57 -0300] "POST /cormun/servlet/solicitudot?986c602e7476ffde58fb40ed2922a165,INS,0,0,,gx-no-cache=1519994949658 HTTP/1.1" 200 93
186.103.159.182 - - [02/Mar/2018:09:49:57 -0300] "GET /cormun/servlet/hpexe_return? HTTP/1.1" 200 1004
186.103.159.182 - - [02/Mar/2018:09:49:58 -0300] "GET /cormun/servlet/trsolicitudot HTTP/1.1" 200 8831
186.103.159.182 - - [02/Mar/2018:09:50:00 -0300] "GET /cormun/servlet/trsolicitudot HTTP/1.1" 200 8827
186.103.159.183 - - [02/Mar/2018:09:50:05 -0300] "GET /cormun/servlet/solicitudotadjuntos?601556505839c619d040a052384b770df34236e2be3bd632fff6e1230bd7e0de,gx-no-cache=1519994959727 HTTP/1.1" 200 30
186.103.159.183 - - [02/Mar/2018:09:50:05 -0300] "GET /cormun/servlet/solicitudotadjuntos?601556505839c619d040a052384b770df34236e2be3bd632fff6e1230bd7e0de,gx-no-cache=1519994959791 HTTP/1.1" 200 30
186.103.157.42 - - [02/Mar/2018:09:50:09 -0300] "GET /cormun/servlet/trsolicitudot? HTTP/1.1" 200 23292
186.103.159.183 - - [02/Mar/2018:09:50:10 -0300] "POST /cormun/servlet/solicitudotadjuntos?20ac37d80e3ee8c3e1e7de12fb326d67,INS,2018,9838,,1, HTTP/1.1" 200 116
186.103.159.183 - - [02/Mar/2018:09:50:10 -0300] "GET /cormun/servlet/hpexe_return? HTTP/1.1" 200 1022
186.103.159.183 - - [02/Mar/2018:09:50:10 -0300] "GET /cormun/servlet/trsolicitudadjuntos?2018,9838, HTTP/1.1" 200 8652
186.103.159.183 - - [02/Mar/2018:09:50:11 -0300] "GET /cormun/static/Shared/ext/ext-all.js HTTP/1.1" 200 1289687
186.103.157.42 - - [02/Mar/2018:09:50:12 -0300] "GET /cormun/servlet/trsolicitudot? HTTP/1.1" 200 23292
186.103.159.183 - - [02/Mar/2018:09:50:12 -0300] "GET /cormun/servlet/trsolicitudadjuntos?2018,9838, HTTP/1.1" 200 8647
186.103.157.42 - - [02/Mar/2018:09:50:14 -0300] "GET /cormun/servlet/solicitudot?INS,0,0, HTTP/1.1" 200 13710
186.103.159.183 - - [02/Mar/2018:09:50:14 -0300] "GET /cormun/servlet/solicitudotadjuntos?INS,2018,9838,,1, HTTP/1.1" 200 6232
186.103.159.183 - - [02/Mar/2018:09:50:15 -0300] "GET /cormun/static/about:blank HTTP/1.1" 404 1011
186.103.157.42 - - [02/Mar/2018:09:50:15 -0300] "GET /cormun/servlet/solicitudot?INS,0,0, HTTP/1.1" 200 13715
186.103.159.183 - - [02/Mar/2018:09:50:15 -0300] "GET /cormun/static/Shared/ext/ext-all.js HTTP/1.1" 200 1289687
186.103.159.182 - - [02/Mar/2018:09:50:16 -0300] "POST /cormun/servlet/trsolicitudot?986c602e7476ffde58fb40ed2922a165,gx-no-cache=1519994968963 HTTP/1.1" 200 4665
186.103.159.183 - - [02/Mar/2018:09:50:16 -0300] "GET /cormun/servlet/solicitudotadjuntos?INS,2018,9838,,1, HTTP/1.1" 200 6226
186.103.159.182 - - [02/Mar/2018:09:50:16 -0300] "GET /cormun/static/Shared/jqueryui/images/ui-bg_highlight-soft_100_c6c2c8_1x100.png HTTP/1.1" 404 1117
186.103.159.182 - - [02/Mar/2018:09:50:16 -0300] "GET /cormun/static/Shared/jqueryui/images/ui-icons_82798d_256x240.png HTTP/1.1" 404 1089
186.103.159.182 - - [02/Mar/2018:09:50:16 -0300] "GET /cormun/static/Shared/jqueryui/images/ui-bg_flat_55_fafafa_40x100.png HTTP/1.1" 404 1097
186.103.159.183 - - [02/Mar/2018:09:50:16 -0300] "GET /cormun/servlet/solicitudotadjuntos?601556505839c619d040a052384b770db8a6de6796fe0e16e74c1ef98297a2009919e7d6857ff07b9f7363ce70833ee2,gx-no-cache=1519994970650 HTTP/1.1" 200 30
186.103.159.182 - - [02/Mar/2018:09:50:16 -0300] "GET /cormun/static/Shared/jqueryui/images/ui-icons_8d78a5_256x240.png HTTP/1.1" 404 1089
186.103.159.182 - - [02/Mar/2018:09:50:17 -0300] "POST /cormun/servlet/trsolicitudot?986c602e7476ffde58fb40ed2922a165,gx-no-cache=1519994970172 HTTP/1.1" 200 4442
186.103.159.183 - - [02/Mar/2018:09:50:17 -0300] "POST /cormun/servlet/solicitudotadjuntos?20ac37d80e3ee8c3e1e7de12fb326d67,INS,2018,9838,,1,,gx-no-cache=1519994970718 HTTP/1.1" 200 4014
192.168.10.96 - - [02/Mar/2018:09:50:18 -0300] "GET /cormun/servlet/trsolicitudot? HTTP/1.1" 200 27058
186.103.156.166 - - [02/Mar/2018:09:50:19 -0300] "GET /cormun/servlet/trsolicitudot? HTTP/1.1" 200 7397
186.103.156.166 - - [02/Mar/2018:09:50:20 -0300] "GET /cormun/servlet/trsolicitudot? HTTP/1.1" 200 7397
192.168.10.96 - - [02/Mar/2018:09:50:21 -0300] "GET /cormun/servlet/trsolicitudot? HTTP/1.1" 200 27058
186.103.159.182 - - [02/Mar/2018:09:50:21 -0300] "GET /cormun/servlet/trautorizarsolicitud? HTTP/1.1" 200 8727
186.103.159.183 - - [02/Mar/2018:09:50:22 -0300] "POST /cormun/servlet/solicitudotadjuntos?gx-no-cache=1519994976655 HTTP/1.1" 200 26
186.103.156.166 - - [02/Mar/2018:09:50:24 -0300] "GET /cormun/servlet/solicitudot?INS,0,0, HTTP/1.1" 200 13623
186.103.159.182 - - [02/Mar/2018:09:50:24 -0300] "GET /cormun/servlet/trautorizarsolicitud? HTTP/1.1" 200 8727
186.103.156.166 - - [02/Mar/2018:09:50:25 -0300] "GET /cormun/servlet/solicitudot?INS,0,0, HTTP/1.1" 200 13628
186.103.159.182 - - [02/Mar/2018:09:50:27 -0300] "POST /cormun/servlet/trautorizarsolicitud?986c602e7476ffde58fb40ed2922a165,,gx-no-cache=1519994979810 HTTP/1.1" 200 4600
186.103.159.182 - - [02/Mar/2018:09:50:27 -0300] "GET /cormun/static/Shared/jqueryui/images/ui-bg_highlight-soft_100_c6c2c8_1x100.png HTTP/1.1" 404 1117
186.103.159.182 - - [02/Mar/2018:09:50:27 -0300] "GET /cormun/static/Shared/jqueryui/images/ui-icons_82798d_256x240.png HTTP/1.1" 404 1089
186.103.159.182 - - [02/Mar/2018:09:50:27 -0300] "GET /cormun/static/Shared/jqueryui/images/ui-bg_flat_55_fafafa_40x100.png HTTP/1.1" 404 1097
186.103.159.182 - - [02/Mar/2018:09:50:27 -0300] "GET /cormun/static/Shared/jqueryui/images/ui-icons_8d78a5_256x240.png HTTP/1.1" 404 1089
186.103.157.42 - - [02/Mar/2018:09:50:27 -0300] "GET /cormun/servlet/prfichaempleado?,MD,,gxPopupLevel%3D0%3B HTTP/1.1" 200 9423
186.103.159.182 - - [02/Mar/2018:09:50:28 -0300] "POST /cormun/servlet/trautorizarsolicitud?986c602e7476ffde58fb40ed2922a165,,gx-no-cache=1519994980791 HTTP/1.1" 200 4380
186.103.159.183 - - [02/Mar/2018:09:50:31 -0300] "GET /cormun/servlet/solicitudotadjuntos?601556505839c619d040a052384b770df34236e2be3bd632fff6e1230bd7e0de,gx-no-cache=1519994985169 HTTP/1.1" 200 30
186.103.159.183 - - [02/Mar/2018:09:50:31 -0300] "GET /cormun/servlet/solicitudotadjuntos?601556505839c619d040a052384b770df34236e2be3bd632fff6e1230bd7e0de,gx-no-cache=1519994985224 HTTP/1.1" 200 30
186.103.157.42 - - [02/Mar/2018:09:50:34 -0300] "POST /cormun/servlet/prfichaempleado?61feee565c94808c63623a1103f77900,,MD,,gxPopupLevel%3D0%3B,gx-no-cache=1519994736952 HTTP/1.1" 200 4047
186.103.159.183 - - [02/Mar/2018:09:50:35 -0300] "POST /cormun/servlet/solicitudotadjuntos?20ac37d80e3ee8c3e1e7de12fb326d67,INS,2018,9838,,1, HTTP/1.1" 200 116
186.103.159.183 - - [02/Mar/2018:09:50:35 -0300] "GET /cormun/servlet/hpexe_return? HTTP/1.1" 200 1022
186.103.159.183 - - [02/Mar/2018:09:50:36 -0300] "GET /cormun/servlet/trsolicitudadjuntos?2018,9838, HTTP/1.1" 200 8860
186.103.159.183 - - [02/Mar/2018:09:50:37 -0300] "GET /cormun/static/Shared/ext/ext-all.js HTTP/1.1" 200 1289687
192.168.10.96 - - [02/Mar/2018:09:50:38 -0300] "POST /cormun/servlet/trsolicitudot?1d4ff14942b899bacd8d75544af79f57,,gx-no-cache=1519994876713 HTTP/1.1" 200 24054
186.103.159.183 - - [02/Mar/2018:09:50:38 -0300] "GET /cormun/servlet/trsolicitudadjuntos?2018,9838, HTTP/1.1" 200 8859
186.103.157.42 - - [02/Mar/2018:09:50:43 -0300] "POST /cormun/servlet/solicitudot?gx-no-cache=1519994745588 HTTP/1.1" 200 3382
186.103.159.183 - - [02/Mar/2018:09:50:43 -0300] "GET /cormun/servlet/solicitudotadjuntos?INS,2018,9838,,1, HTTP/1.1" 200 6231
186.103.159.183 - - [02/Mar/2018:09:50:44 -0300] "GET /cormun/static/about:blank HTTP/1.1" 404 1011
186.103.157.42 - - [02/Mar/2018:09:50:44 -0300] "POST /cormun/servlet/solicitudot?61feee565c94808c63623a1103f77900,INS,0,0,,gx-no-cache=1519994745983 HTTP/1.1" 200 10548
186.103.157.42 - - [02/Mar/2018:09:50:44 -0300] "GET /cormun/servlet/solicitudot?d30521e39b9541f02c0ee6d09e16fe3bd5cec216eec2d1c6fdfa73904ac78b05f52bcfc886acbd4d607c1ec7398fae61,gx-no-cache=1519994747018 HTTP/1.1" 200 30
186.103.159.183 - - [02/Mar/2018:09:50:44 -0300] "GET /cormun/static/Shared/ext/ext-all.js HTTP/1.1" 200 1289687
186.103.156.166 - - [02/Mar/2018:09:50:44 -0300] "POST /cormun/servlet/solicitudot?gx-no-cache=1519995000523 HTTP/1.1" 200 3293
186.103.159.183 - - [02/Mar/2018:09:50:45 -0300] "GET /cormun/servlet/solicitudotadjuntos?INS,2018,9838,,1, HTTP/1.1" 200 6225
186.103.159.183 - - [02/Mar/2018:09:50:45 -0300] "GET /cormun/servlet/solicitudotadjuntos?601556505839c619d040a052384b770db8a6de6796fe0e16e74c1ef98297a2009919e7d6857ff07b9f7363ce70833ee2,gx-no-cache=1519994999585 HTTP/1.1" 200 30
186.103.157.42 - - [02/Mar/2018:09:50:46 -0300] "GET /cormun/servlet/solicitudot?d30521e39b9541f02c0ee6d09e16fe3b9243d8878642197f4e8fa55749e3793c,gx-no-cache=1519994748688 HTTP/1.1" 200 103
186.103.157.42 - - [02/Mar/2018:09:50:46 -0300] "GET /cormun/static/Shared/jqueryui/images/ui-bg_highlight-soft_100_c6c2c8_1x100.png HTTP/1.1" 404 1117
186.103.157.42 - - [02/Mar/2018:09:50:46 -0300] "GET /cormun/static/Shared/jqueryui/images/ui-bg_flat_55_994d53_40x100.png HTTP/1.1" 404 1097
186.103.157.42 - - [02/Mar/2018:09:50:46 -0300] "GET /cormun/static/Shared/jqueryui/images/ui-icons_ebccce_256x240.png HTTP/1.1" 404 1089
186.103.157.42 - - [02/Mar/2018:09:50:46 -0300] "GET /cormun/static/Shared/jqueryui/images/ui-icons_82798d_256x240.png HTTP/1.1" 404 1089
186.103.157.42 - - [02/Mar/2018:09:50:46 -0300] "GET /cormun/servlet/solicitudot?d30521e39b9541f02c0ee6d09e16fe3b3fc0cb4a39fa377bf789a43191db9db0,gx-no-cache=1519994748817 HTTP/1.1" 200 51
186.103.156.166 - - [02/Mar/2018:09:50:46 -0300] "POST /cormun/servlet/solicitudot?19b99ce43f19abb89e8010d0dc5818fb,INS,0,0,,gx-no-cache=1519995001201 HTTP/1.1" 200 10440
186.103.157.42 - - [02/Mar/2018:09:50:46 -0300] "POST /cormun/servlet/solicitudot?gx-no-cache=1519994748973 HTTP/1.1" 200 255
192.168.10.96 - - [02/Mar/2018:09:50:46 -0300] "POST /cormun/servlet/trsolicitudot?1d4ff14942b899bacd8d75544af79f57,,gx-no-cache=1519994885888 HTTP/1.1" 200 7844
186.103.156.166 - - [02/Mar/2018:09:50:46 -0300] "GET /cormun/servlet/solicitudot?bbfd512426ae46c3c3705dadf2a65b6c104926a89dba25088a3fc7760e0f7d3da5d3e7f7a437e0d8390f3d5337c75e22,gx-no-cache=1519995002630 HTTP/1.1" 200 111
186.103.156.166 - - [02/Mar/2018:09:50:46 -0300] "GET /cormun/static/Shared/jqueryui/images/ui-bg_highlight-soft_100_c6c2c8_1x100.png HTTP/1.1" 404 1117
186.103.157.42 - - [02/Mar/2018:09:50:46 -0300] "GET /cormun/servlet/solicitudot?d30521e39b9541f02c0ee6d09e16fe3b147814e196b28b352d2f3622a2d1abad27f1803d28381fe766e136c4aebad8aab293fba74fc2a78b560211c2288d2ce83c0ce6bc2ce24de8551b222fb3acb95f4c1d42e8eaa99c707cfe47df9e48628b242ee9fe558ebadb4cc73de2cd172a515860d0dd1d3ff133b06e439a7906c22f9bb47c8af7882e4f43450c5d3945ed6150db731199e61251178bef6e5bb93089f6820a6f28ea732b0d403a1dc2023f2770f4b563498b991e4495d851d87b72023ae8365c6daacff20d063c65e9239232e3c45c4126a1151ffeee74c1a3baae75ff96676b59d5319bfc8f6dbbffa506f092840b52ee982e5ce5b6528ee40f54c399faf230ff10200d0a7b4401f2f1567d63159246b9bcf8fbce18d1043588d711fee9f0148d49588d586c15a9b3f0e446b61068544d0826ad5cc4a87107e910b59680d621db6524020473bf4b2aa370d7cdb038c63ad97b5da87cefeeb3891676001187b2af5cc909c49b712342733a63e6fc9ce4efa456dc88c6979bf5099ed0,gx-no-cache=1519994749164 HTTP/1.1" 200 30
186.103.156.166 - - [02/Mar/2018:09:50:46 -0300] "GET /cormun/static/Shared/jqueryui/images/ui-bg_flat_55_994d53_40x100.png HTTP/1.1" 404 1097
186.103.156.166 - - [02/Mar/2018:09:50:46 -0300] "GET /cormun/static/Shared/jqueryui/images/ui-icons_ebccce_256x240.png HTTP/1.1" 404 1089
186.103.159.183 - - [02/Mar/2018:09:50:46 -0300] "POST /cormun/servlet/solicitudotadjuntos?20ac37d80e3ee8c3e1e7de12fb326d67,INS,2018,9838,,1,,gx-no-cache=1519994999687 HTTP/1.1" 200 4012
186.103.156.166 - - [02/Mar/2018:09:50:46 -0300] "GET /cormun/static/Shared/jqueryui/images/ui-icons_82798d_256x240.png HTTP/1.1" 404 1089
186.103.159.182 - - [02/Mar/2018:09:50:47 -0300] "GET /cormun/servlet/trcontratosolicitud? HTTP/1.1" 200 14907
186.103.157.42 - - [02/Mar/2018:09:50:49 -0300] "POST /cormun/servlet/solicitudot?gx-no-cache=1519994751970 HTTP/1.1" 200 30
186.103.159.182 - - [02/Mar/2018:09:50:49 -0300] "GET /cormun/servlet/trcontratosolicitud? HTTP/1.1" 200 14906
186.103.157.42 - - [02/Mar/2018:09:50:51 -0300] "GET /cormun/servlet/prcontratosol?10482009,,,,,MD,,gxPopupLevel%3D0%3B HTTP/1.1" 200 7927
186.103.157.42 - - [02/Mar/2018:09:50:51 -0300] "GET /cormun/static/gxcfg.js?201761413223964 HTTP/1.1" 200 953
186.103.157.42 - - [02/Mar/2018:09:50:51 -0300] "GET /cormun/static/prcontratosol.js?201761413224174 HTTP/1.1" 304 -
186.103.159.183 - - [02/Mar/2018:09:50:52 -0300] "POST /cormun/servlet/solicitudotadjuntos?gx-no-cache=1519995006397 HTTP/1.1" 200 26
186.103.157.42 - - [02/Mar/2018:09:50:57 -0300] "POST /cormun/servlet/solicitudot?gx-no-cache=1519994760272 HTTP/1.1" 200 1337
186.103.157.42 - - [02/Mar/2018:09:50:57 -0300] "POST /cormun/servlet/solicitudot?gx-no-cache=1519994760446 HTTP/1.1" 200 38
186.103.157.42 - - [02/Mar/2018:09:50:57 -0300] "GET /cormun/servlet/solicitudot?d30521e39b9541f02c0ee6d09e16fe3bd35fe959a50342831f7f453b36e4897f016ad50a1c00ddd114c9e34063400e7da33788e74810169a61b275cf998139d01d392c88d0267b705b7a811ba3f587247cb6cb25d2238438c19b7c5ca3a75013321d40574f699c21fc4622be9a289e6824da928f536592e547e713413ea0c7bb46fb3fb6041c5838a31a533701e10763363ddbf29effc09ae34ce2e20aca2ab7,gx-no-cache=1519994760521 HTTP/1.1" 200 29
186.103.157.42 - - [02/Mar/2018:09:50:57 -0300] "POST /cormun/servlet/solicitudot?gx-no-cache=1519994760595 HTTP/1.1" 200 1319
186.103.157.42 - - [02/Mar/2018:09:50:58 -0300] "POST /cormun/servlet/solicitudot?gx-no-cache=1519994760796 HTTP/1.1" 200 1219
186.103.157.42 - - [02/Mar/2018:09:50:58 -0300] "GET /cormun/servlet/solicitudot?d30521e39b9541f02c0ee6d09e16fe3bbc8804d90d46ba5b660b8dbcde922ec309b8654072e7ba811064e335a342aae7,gx-no-cache=1519994760951 HTTP/1.1" 200 134
186.103.156.166 - - [02/Mar/2018:09:50:58 -0300] "GET /cormun/servlet/solicitudot?bbfd512426ae46c3c3705dadf2a65b6caf38e7779c98c26dfdafda52b28546e1a5d3e7f7a437e0d8390f3d5337c75e22,gx-no-cache=1519995014764 HTTP/1.1" 200 30
186.103.159.182 - - [02/Mar/2018:09:51:00 -0300] "POST /cormun/servlet/trcontratosolicitud?986c602e7476ffde58fb40ed2922a165,,gx-no-cache=1519995011425 HTTP/1.1" 200 12581
186.103.159.183 - - [02/Mar/2018:09:51:04 -0300] "GET /cormun/servlet/solicitudotadjuntos?601556505839c619d040a052384b770df34236e2be3bd632fff6e1230bd7e0de,gx-no-cache=1519995018739 HTTP/1.1" 200 30
186.103.159.183 - - [02/Mar/2018:09:51:04 -0300] "GET /cormun/servlet/solicitudotadjuntos?601556505839c619d040a052384b770df34236e2be3bd632fff6e1230bd7e0de,gx-no-cache=1519995018824 HTTP/1.1" 200 30
186.103.159.183 - - [02/Mar/2018:09:51:08 -0300] "POST /cormun/servlet/solicitudotadjuntos?20ac37d80e3ee8c3e1e7de12fb326d67,INS,2018,9838,,1, HTTP/1.1" 200 116
186.103.159.183 - - [02/Mar/2018:09:51:08 -0300] "GET /cormun/servlet/hpexe_return? HTTP/1.1" 200 1022
186.103.157.42 - - [02/Mar/2018:09:51:09 -0300] "POST /cormun/servlet/solicitudot?gx-no-cache=1519994771368 HTTP/1.1" 200 1321
186.103.157.42 - - [02/Mar/2018:09:51:09 -0300] "POST /cormun/servlet/solicitudot?gx-no-cache=1519994772096 HTTP/1.1" 200 1219
186.103.157.42 - - [02/Mar/2018:09:51:09 -0300] "GET /cormun/static/menuarrow.gif HTTP/1.1" 404 1015
186.103.159.183 - - [02/Mar/2018:09:51:10 -0300] "GET /cormun/servlet/trsolicitudadjuntos?2018,9838, HTTP/1.1" 200 9026
186.103.159.183 - - [02/Mar/2018:09:51:10 -0300] "GET /cormun/static/Shared/ext/ext-all.js HTTP/1.1" 200 1289687
186.103.156.166 - - [02/Mar/2018:09:51:11 -0300] "GET /cormun/servlet/prfichaempleado?,MD,,gxPopupLevel%3D0%3B HTTP/1.1" 200 9336
186.103.157.42 - - [02/Mar/2018:09:51:12 -0300] "POST /cormun/servlet/solicitudot?gx-no-cache=1519994774662 HTTP/1.1" 200 1321
186.103.159.183 - - [02/Mar/2018:09:51:12 -0300] "GET /cormun/servlet/trsolicitudadjuntos?2018,9838, HTTP/1.1" 200 9026
186.103.157.42 - - [02/Mar/2018:09:51:12 -0300] "POST /cormun/servlet/solicitudot?gx-no-cache=1519994774894 HTTP/1.1" 200 1219
186.103.159.183 - - [02/Mar/2018:09:51:15 -0300] "GET /cormun/servlet/solicitudotadjuntos?INS,2018,9838,,1, HTTP/1.1" 200 6231
186.103.159.183 - - [02/Mar/2018:09:51:15 -0300] "GET /cormun/static/about:blank HTTP/1.1" 404 1011
186.103.159.183 - - [02/Mar/2018:09:51:16 -0300] "GET /cormun/static/Shared/ext/ext-all.js HTTP/1.1" 200 1289687
186.103.159.183 - - [02/Mar/2018:09:51:17 -0300] "GET /cormun/servlet/solicitudotadjuntos?INS,2018,9838,,1, HTTP/1.1" 200 6225
186.103.159.183 - - [02/Mar/2018:09:51:17 -0300] "GET /cormun/servlet/solicitudotadjuntos?601556505839c619d040a052384b770db8a6de6796fe0e16e74c1ef98297a2009919e7d6857ff07b9f7363ce70833ee2,gx-no-cache=1519995031327 HTTP/1.1" 200 30
186.103.159.183 - - [02/Mar/2018:09:51:18 -0300] "POST /cormun/servlet/solicitudotadjuntos?20ac37d80e3ee8c3e1e7de12fb326d67,INS,2018,9838,,1,,gx-no-cache=1519995031431 HTTP/1.1" 200 4012
186.103.159.183 - - [02/Mar/2018:09:51:21 -0300] "POST /cormun/servlet/solicitudotadjuntos?gx-no-cache=1519995035528 HTTP/1.1" 200 26
186.103.157.42 - - [02/Mar/2018:09:51:23 -0300] "GET /cormun/servlet/solicitudot?d30521e39b9541f02c0ee6d09e16fe3b4952a88c0508a8e957070e45002e9bc809b8654072e7ba811064e335a342aae7,gx-no-cache=1519994786187 HTTP/1.1" 200 30
186.103.156.166 - - [02/Mar/2018:09:51:37 -0300] "POST /cormun/servlet/prfichaempleado?19b99ce43f19abb89e8010d0dc5818fb,,MD,,gxPopupLevel%3D0%3B,gx-no-cache=1519995053028 HTTP/1.1" 200 3420
186.103.156.166 - - [02/Mar/2018:09:51:43 -0300] "POST /cormun/servlet/solicitudot?gx-no-cache=1519995059606 HTTP/1.1" 200 3505
186.103.157.42 - - [02/Mar/2018:09:51:54 -0300] "POST /cormun/servlet/solicitudot?gx-no-cache=1519994816969 HTTP/1.1" 200 33
186.103.157.246 - - [02/Mar/2018:09:52:08 -0300] "POST /cormun/servlet/licenciaspermisos?852a57735dd9623cc4d0c179bafdbf0e,INS,0,,,,gx-no-cache=1519995080308 HTTP/1.1" 200 93
186.103.157.246 - - [02/Mar/2018:09:52:08 -0300] "GET /cormun/servlet/hpexe_return? HTTP/1.1" 200 1005
186.103.157.246 - - [02/Mar/2018:09:52:08 -0300] "GET /cormun/static/gxcfg.js?2016101716175148 HTTP/1.1" 304 -
186.103.157.246 - - [02/Mar/2018:09:52:08 -0300] "GET /cormun/servlet/hhome HTTP/1.1" 200 4097
186.103.157.246 - - [02/Mar/2018:09:52:09 -0300] "GET /cormun/static/gxcfg.js?20175251212442 HTTP/1.1" 304 -
186.103.156.166 - - [02/Mar/2018:09:52:09 -0300] "GET /cormun/servlet/trcontratounov2? HTTP/1.1" 200 17513
186.103.157.246 - - [02/Mar/2018:09:52:10 -0300] "GET /cormun/servlet/hhome HTTP/1.1" 200 4092
186.103.156.166 - - [02/Mar/2018:09:52:11 -0300] "GET /cormun/servlet/trcontratounov2? HTTP/1.1" 200 17519
186.103.157.42 - - [02/Mar/2018:09:52:11 -0300] "POST /cormun/servlet/solicitudot?61feee565c94808c63623a1103f77900,INS,0,0,,gx-no-cache=1519994833246 HTTP/1.1" 200 11962
186.103.156.166 - - [02/Mar/2018:09:52:23 -0300] "POST /cormun/servlet/trcontratounov2?19b99ce43f19abb89e8010d0dc5818fb,,gx-no-cache=1519995098155 HTTP/1.1" 200 15084
186.103.156.166 - - [02/Mar/2018:09:52:30 -0300] "GET /cormun/servlet/trvisualizadoreventos? HTTP/1.1" 200 6934
186.103.156.166 - - [02/Mar/2018:09:52:31 -0300] "GET /cormun/servlet/trvisualizadoreventos? HTTP/1.1" 200 6934
186.103.156.166 - - [02/Mar/2018:09:52:36 -0300] "GET /cormun/servlet/trautorizarsolicitud? HTTP/1.1" 200 7294
186.103.156.166 - - [02/Mar/2018:09:52:37 -0300] "GET /cormun/servlet/trautorizarsolicitud? HTTP/1.1" 200 7293
186.103.156.166 - - [02/Mar/2018:09:52:39 -0300] "GET /cormun/servlet/trsolicitudot? HTTP/1.1" 200 7398
186.103.156.166 - - [02/Mar/2018:09:52:40 -0300] "GET /cormun/servlet/trsolicitudot? HTTP/1.1" 200 7398
186.103.156.166 - - [02/Mar/2018:09:52:48 -0300] "GET /cormun/servlet/solicitudot?INS,0,0, HTTP/1.1" 200 13621
186.103.156.166 - - [02/Mar/2018:09:52:50 -0300] "GET /cormun/servlet/solicitudot?INS,0,0, HTTP/1.1" 200 13626
186.103.132.155 - - [02/Mar/2018:09:52:53 -0300] "GET /cormun/servlet/hlogin HTTP/1.1" 200 1723
186.103.157.42 - - [02/Mar/2018:09:52:54 -0300] "GET /cormun/servlet/solicitudot?d30521e39b9541f02c0ee6d09e16fe3bdf0def46bb334194d3842c9102a32ac1d79a10a4657d0a4c9eae6f737186fc673b33154bea6e1526c83fc9910f05181c,gx-no-cache=1519994877539 HTTP/1.1" 200 30
186.103.159.183 - - [02/Mar/2018:09:53:01 -0300] "GET /cormun/servlet/solicitudotadjuntos?601556505839c619d040a052384b770df34236e2be3bd632fff6e1230bd7e0de,gx-no-cache=1519995135017 HTTP/1.1" 200 30
186.103.159.183 - - [02/Mar/2018:09:53:01 -0300] "GET /cormun/servlet/solicitudotadjuntos?601556505839c619d040a052384b770df34236e2be3bd632fff6e1230bd7e0de,gx-no-cache=1519995135147 HTTP/1.1" 200 30
186.103.156.166 - - [02/Mar/2018:09:53:09 -0300] "POST /cormun/servlet/solicitudot?gx-no-cache=1519995145246 HTTP/1.1" 200 3293
186.103.156.166 - - [02/Mar/2018:09:53:10 -0300] "POST /cormun/servlet/solicitudot?19b99ce43f19abb89e8010d0dc5818fb,INS,0,0,,gx-no-cache=1519995145797 HTTP/1.1" 200 10439
186.103.156.166 - - [02/Mar/2018:09:53:10 -0300] "GET /cormun/servlet/solicitudot?bbfd512426ae46c3c3705dadf2a65b6ca2c2403283aa89445eacd42a402f4bc6a5d3e7f7a437e0d8390f3d5337c75e22,gx-no-cache=1519995146854 HTTP/1.1" 200 111
186.103.156.166 - - [02/Mar/2018:09:53:10 -0300] "GET /cormun/static/Shared/jqueryui/images/ui-bg_highlight-soft_100_c6c2c8_1x100.png HTTP/1.1" 404 1117
186.103.156.166 - - [02/Mar/2018:09:53:10 -0300] "GET /cormun/static/Shared/jqueryui/images/ui-bg_flat_55_994d53_40x100.png HTTP/1.1" 404 1097
186.103.156.166 - - [02/Mar/2018:09:53:10 -0300] "GET /cormun/static/Shared/jqueryui/images/ui-icons_82798d_256x240.png HTTP/1.1" 404 1089
186.103.156.166 - - [02/Mar/2018:09:53:10 -0300] "GET /cormun/static/Shared/jqueryui/images/ui-icons_ebccce_256x240.png HTTP/1.1" 404 1089
186.103.159.183 - - [02/Mar/2018:09:53:12 -0300] "POST /cormun/servlet/solicitudotadjuntos?20ac37d80e3ee8c3e1e7de12fb326d67,INS,2018,9838,,1, HTTP/1.1" 200 116
186.103.159.183 - - [02/Mar/2018:09:53:12 -0300] "GET /cormun/servlet/hpexe_return? HTTP/1.1" 200 1022
186.103.159.183 - - [02/Mar/2018:09:53:13 -0300] "GET /cormun/servlet/trsolicitudadjuntos?2018,9838, HTTP/1.1" 200 9229
186.103.159.183 - - [02/Mar/2018:09:53:14 -0300] "GET /cormun/static/Shared/ext/ext-all.js HTTP/1.1" 200 1289687
186.103.157.42 - - [02/Mar/2018:09:53:15 -0300] "POST /cormun/servlet/solicitudot?gx-no-cache=1519994877709 HTTP/1.1" 500 4102
186.103.159.183 - - [02/Mar/2018:09:53:16 -0300] "GET /cormun/servlet/trsolicitudadjuntos?2018,9838, HTTP/1.1" 200 9226
