186.103.159.187 - - [02/Mar/2018:12:43:35 -0300] "POST /cormun/servlet/solicitudot?202337bafde3686276b809578b7f793d,INS,0,0,,gx-no-cache=1520005466598 HTTP/1.1" 200 10417
186.103.159.230 - - [02/Mar/2018:12:43:35 -0300] "POST /cormun/servlet/solicitudot?gx-no-cache=1520005363687 HTTP/1.1" 200 30
200.112.3.74 - - [02/Mar/2018:12:43:37 -0300] "POST /cormun/servlet/permisosadjuntos?c1e80ee34a237310212969a688f35c23,INS,12292074,P,20180302101521,, HTTP/1.1" 200 116
200.112.3.74 - - [02/Mar/2018:12:43:37 -0300] "GET /cormun/servlet/hpexe_return? HTTP/1.1" 200 1025
200.112.3.74 - - [02/Mar/2018:12:43:38 -0300] "GET /cormun/servlet/trpermisosadjuntos?12292074,20180302101521,P, HTTP/1.1" 200 6871
200.112.3.74 - - [02/Mar/2018:12:43:38 -0300] "GET /cormun/servlet/trpermisosadjuntos?12292074,20180302101521,P, HTTP/1.1" 200 6866
192.168.10.96 - - [02/Mar/2018:12:43:40 -0300] "GET /cormun/servlet/solicitudot?d1d093f09db3fe43b7c5361cb8b8c9e7e1dc3f065dc0e1a63b3c1ad12717715dc0ccc207ec8f59c8f9422f3946c48974e030865eeb1c9a748ef8e51c9d3dfb0b5bac3b76d457fc7ca921837e335408baf091fa3b54234f25aecefee68fbda527c4d97edeae7f7f49e6b1942c00e2617b,gx-no-cache=1520005261464 HTTP/1.1" 200 29
192.168.10.96 - - [02/Mar/2018:12:43:40 -0300] "POST /cormun/servlet/solicitudot?gx-no-cache=1520005261489 HTTP/1.1" 200 1319
192.168.10.96 - - [02/Mar/2018:12:43:40 -0300] "POST /cormun/servlet/solicitudot?gx-no-cache=1520005261537 HTTP/1.1" 200 1220
192.168.10.96 - - [02/Mar/2018:12:43:43 -0300] "GET /cormun/servlet/solicitudot?d1d093f09db3fe43b7c5361cb8b8c9e7280c5d3a991a3695d97dbda7db6e21da56de53cf2f61d16e391198708d165688,gx-no-cache=1520005264519 HTTP/1.1" 200 30
186.103.159.187 - - [02/Mar/2018:12:43:43 -0300] "GET /cormun/servlet/solicitudot?bc10cfea369b9cb1b4bd2f970179937196d21142a75f9c6c665c88c8728066e6f71a9baa315cbb5aaea6bb6e2be6e092,gx-no-cache=1520005475126 HTTP/1.1" 200 30
186.103.159.187 - - [02/Mar/2018:12:43:43 -0300] "GET /cormun/servlet/solicitudot?bc10cfea369b9cb1b4bd2f97017993712e8a1eacfaf86986aa9528c93af3f6de36dd2a09a7da74bd3b21f6fa26e813524772c1699b1bcd7b20442c44501fb452,gx-no-cache=1520005475249 HTTP/1.1" 200 30
186.103.159.187 - - [02/Mar/2018:12:43:44 -0300] "GET /cormun/servlet/solicitudot?bc10cfea369b9cb1b4bd2f97017993717835a07eb1a9e4bdec826f3a4dbac28e,gx-no-cache=1520005475319 HTTP/1.1" 200 61
186.103.159.187 - - [02/Mar/2018:12:43:44 -0300] "POST /cormun/servlet/solicitudot?gx-no-cache=1520005475388 HTTP/1.1" 200 297
186.103.159.187 - - [02/Mar/2018:12:43:44 -0300] "GET /cormun/servlet/solicitudot?bc10cfea369b9cb1b4bd2f9701799371aabe7d641d2b54fb5dae6926c6ce1a1e5183be82cb3fa0707e7952133d784cbad22b8281eb1bd9264c74848e2661799d4d6aa471b38182a0c95be7db71f34885a9672d62fe7844044e6935978f1e6957b904b5877660014626c4e021d4d8adf99feb2b5dd928926e1239cd6327f50fe7e42c71354e053d398dc0fa399ae35bc1f66208a88d57e4aa6893b3e4fa43bb657218af50d7e70a257d3d44fde8cfa23f132b7cc9c17aa5cc75b979c970eeca2edc5727e294ab3ac94de361f9d9f6a02be81b68f67198215410cba3e2aedd05406606bd65ed6f7fd33210b682a395eecca17f307df0a81b81a2522bbbdcde45f3954f33d84b2a9e65f36dd70e2b4bd7659223b0ec86f774aec46818d595d4aff67df62ca56425f3f8880e9de0aa7c3b5e6118527f7eb2723cade1f3f8c253fdf3423b5f3b9cd1216b87ef460b399980cecee7fb9e1d29bfde000796d2750f6303a0b2c9e0073a1923278cfdec2641dce88a2b8d0326a15066f66ed60d9731bd9fd599c1019ef5328141f085aed1fa9755,gx-no-cache=1520005475468 HTTP/1.1" 200 30
192.168.10.96 - - [02/Mar/2018:12:43:46 -0300] "POST /cormun/servlet/solicitudot?gx-no-cache=1520005267535 HTTP/1.1" 200 30
186.103.159.189 - - [02/Mar/2018:12:43:47 -0300] "GET /cormun/servlet/solicitudotadjuntos?INS,2018,9921,,1, HTTP/1.1" 200 6216
186.103.159.189 - - [02/Mar/2018:12:43:47 -0300] "GET /cormun/static/about:blank HTTP/1.1" 404 1011
186.103.159.189 - - [02/Mar/2018:12:43:48 -0300] "GET /cormun/servlet/solicitudotadjuntos?INS,2018,9921,,1, HTTP/1.1" 200 6209
186.103.159.189 - - [02/Mar/2018:12:43:49 -0300] "GET /cormun/servlet/solicitudotadjuntos?06d332c37998316ea497ffb3ff9317be7bbae1b0cf71395007b71c06b87945b3cee100093f7fac0631654aab34ed8549,gx-no-cache=1520008973004 HTTP/1.1" 200 30
186.103.159.189 - - [02/Mar/2018:12:43:49 -0300] "POST /cormun/servlet/solicitudotadjuntos?f86f923eccdfc5fd6bb4fb98151fca98,INS,2018,9921,,1,,gx-no-cache=1520008973142 HTTP/1.1" 200 4017
192.168.10.96 - - [02/Mar/2018:12:43:53 -0300] "POST /cormun/servlet/solicitudot?1d4ff14942b899bacd8d75544af79f57,INS,0,0,,gx-no-cache=1520005273815 HTTP/1.1" 200 93
192.168.10.96 - - [02/Mar/2018:12:43:53 -0300] "GET /cormun/servlet/hpexe_return? HTTP/1.1" 200 1002
192.168.10.96 - - [02/Mar/2018:12:43:53 -0300] "GET /cormun/servlet/trsolicitudot HTTP/1.1" 200 8773
186.103.159.187 - - [02/Mar/2018:12:43:53 -0300] "POST /cormun/servlet/solicitudot?gx-no-cache=1520005485225 HTTP/1.1" 200 30
192.168.10.96 - - [02/Mar/2018:12:43:53 -0300] "GET /cormun/servlet/trsolicitudot HTTP/1.1" 200 8770
186.103.159.189 - - [02/Mar/2018:12:43:54 -0300] "POST /cormun/servlet/solicitudotadjuntos?gx-no-cache=1520008977929 HTTP/1.1" 200 26
186.103.157.235 - - [02/Mar/2018:12:43:55 -0300] "GET /cormun/static/Shared/ext/ext-all.js HTTP/1.1" 200 1289687
186.103.159.187 - - [02/Mar/2018:12:43:57 -0300] "POST /cormun/servlet/solicitudot?gx-no-cache=1520005488978 HTTP/1.1" 200 1336
186.103.159.187 - - [02/Mar/2018:12:43:57 -0300] "POST /cormun/servlet/solicitudot?gx-no-cache=1520005489095 HTTP/1.1" 200 38
186.103.157.235 - - [02/Mar/2018:12:43:58 -0300] "GET /cormun/static/cmcontrolpreferences.js?201752511465670 HTTP/1.1" 200 1375
186.103.157.235 - - [02/Mar/2018:12:43:58 -0300] "GET /cormun/static/SmoothNavMenu/resources/ddsmoothmenu.js HTTP/1.1" 200 12712
186.103.157.235 - - [02/Mar/2018:12:43:58 -0300] "GET /cormun/static/SmoothNavMenu/resources/SmoothNavMenuRender.js HTTP/1.1" 200 5951
186.103.157.235 - - [02/Mar/2018:12:43:58 -0300] "GET /cormun/static/scaMessage/js/jquery.pnotify.min.js HTTP/1.1" 200 13038
186.103.159.189 - - [02/Mar/2018:12:43:59 -0300] "GET /cormun/servlet/solicitudotadjuntos?06d332c37998316ea497ffb3ff9317beb51a0b38a9895ee6fa41d601d9c8cfda,gx-no-cache=1520008983662 HTTP/1.1" 200 30
186.103.159.189 - - [02/Mar/2018:12:43:59 -0300] "GET /cormun/servlet/solicitudotadjuntos?06d332c37998316ea497ffb3ff9317beb51a0b38a9895ee6fa41d601d9c8cfda,gx-no-cache=1520008983739 HTTP/1.1" 200 30
186.103.157.235 - - [02/Mar/2018:12:44:00 -0300] "GET /cormun/static/scaMessage/scaMessageRender.js HTTP/1.1" 200 11977
200.112.3.74 - - [02/Mar/2018:12:44:00 -0300] "GET /cormun/servlet/permisosadjuntos?DLT,12292074,P,20180302101521,20180302123624, HTTP/1.1" 200 5659
200.112.3.74 - - [02/Mar/2018:12:44:01 -0300] "GET /cormun/static/Shared/jqueryui/images/ui-bg_highlight-soft_100_c6c2c8_1x100.png HTTP/1.1" 404 1117
200.112.3.74 - - [02/Mar/2018:12:44:01 -0300] "GET /cormun/static/Shared/jqueryui/images/ui-icons_82798d_256x240.png HTTP/1.1" 404 1089
200.112.3.74 - - [02/Mar/2018:12:44:01 -0300] "GET /cormun/static/Shared/jqueryui/images/ui-bg_flat_55_fafafa_40x100.png HTTP/1.1" 404 1097
200.112.3.74 - - [02/Mar/2018:12:44:01 -0300] "GET /cormun/static/Shared/jqueryui/images/ui-icons_8d78a5_256x240.png HTTP/1.1" 404 1089
186.103.157.235 - - [02/Mar/2018:12:44:01 -0300] "GET /cormun/static/hmpwkw03.js?20177612122668 HTTP/1.1" 200 3965
200.112.3.74 - - [02/Mar/2018:12:44:01 -0300] "GET /cormun/servlet/permisosadjuntos?DLT,12292074,P,20180302101521,20180302123624, HTTP/1.1" 200 5647
200.112.3.74 - - [02/Mar/2018:12:44:01 -0300] "GET /cormun/PublicTempStorage/pa_isabel_soto_savignone_15802942.pdf HTTP/1.1" 200 391454
186.103.157.235 - - [02/Mar/2018:12:44:02 -0300] "GET /cormun/static/Shared/jquery/jquery-1.4.2.min.js HTTP/1.1" 200 72174
186.103.159.230 - - [02/Mar/2018:12:44:03 -0300] "POST /cormun/servlet/solicitudot?0bd3ec4e121bd6397182b0626d360f18,INS,0,0,,gx-no-cache=1520005390722 HTTP/1.1" 200 11971
186.103.159.189 - - [02/Mar/2018:12:44:03 -0300] "POST /cormun/servlet/solicitudotadjuntos?f86f923eccdfc5fd6bb4fb98151fca98,INS,2018,9921,,1, HTTP/1.1" 200 116
186.103.159.189 - - [02/Mar/2018:12:44:04 -0300] "GET /cormun/servlet/hpexe_return? HTTP/1.1" 200 1027
200.112.3.74 - - [02/Mar/2018:12:44:04 -0300] "POST /cormun/servlet/permisosadjuntos?c1e80ee34a237310212969a688f35c23,DLT,12292074,P,20180302101521,20180302123624,,gx-no-cache=1520005396735 HTTP/1.1" 200 93
200.112.3.74 - - [02/Mar/2018:12:44:04 -0300] "GET /cormun/servlet/hpexe_return? HTTP/1.1" 200 1032
200.112.3.74 - - [02/Mar/2018:12:44:04 -0300] "GET /cormun/servlet/trpermisosadjuntos?12292074,20180302101521,P, HTTP/1.1" 200 6775
186.103.159.189 - - [02/Mar/2018:12:44:05 -0300] "GET /cormun/servlet/trsolicitudadjuntos?2018,9921, HTTP/1.1" 200 9467
186.103.157.42 - - [02/Mar/2018:12:44:05 -0300] "GET /cormun/servlet/solicitudot?INS,0,0, HTTP/1.1" 200 13710
200.112.3.74 - - [02/Mar/2018:12:44:05 -0300] "GET /cormun/servlet/trpermisosadjuntos?12292074,20180302101521,P, HTTP/1.1" 200 6771
186.103.157.42 - - [02/Mar/2018:12:44:05 -0300] "GET /cormun/servlet/solicitudot?INS,0,0, HTTP/1.1" 200 13715
186.103.159.189 - - [02/Mar/2018:12:44:07 -0300] "GET /cormun/servlet/trsolicitudadjuntos?2018,9921, HTTP/1.1" 200 9464
186.103.157.42 - - [02/Mar/2018:12:44:08 -0300] "GET /cormun/servlet/prfichaempleado?,MD,,gxPopupLevel%3D0%3B HTTP/1.1" 200 9426
200.112.3.74 - - [02/Mar/2018:12:44:09 -0300] "GET /cormun/servlet/trpermisosgoce? HTTP/1.1" 200 7772
186.103.159.189 - - [02/Mar/2018:12:44:09 -0300] "GET /cormun/servlet/solicitudotadjuntos?INS,2018,9921,,1, HTTP/1.1" 200 6216
200.112.3.74 - - [02/Mar/2018:12:44:10 -0300] "GET /cormun/servlet/trpermisosgoce? HTTP/1.1" 200 7770
186.103.157.235 - - [02/Mar/2018:12:44:10 -0300] "GET /cormun/static/Shared/jquery/jquery-1.10.2.min.js HTTP/1.1" 200 273199
186.103.157.235 - - [02/Mar/2018:12:44:10 -0300] "GET /cormun/static/Shared/jqueryui/jquery-ui.min.js HTTP/1.1" 200 240427
186.103.159.189 - - [02/Mar/2018:12:44:11 -0300] "GET /cormun/static/about:blank HTTP/1.1" 404 1011
186.103.159.189 - - [02/Mar/2018:12:44:11 -0300] "GET /cormun/servlet/solicitudotadjuntos?INS,2018,9921,,1, HTTP/1.1" 200 6209
186.103.159.189 - - [02/Mar/2018:12:44:11 -0300] "GET /cormun/servlet/solicitudotadjuntos?06d332c37998316ea497ffb3ff9317be7bbae1b0cf71395007b71c06b87945b3cee100093f7fac0631654aab34ed8549,gx-no-cache=1520008995594 HTTP/1.1" 200 30
186.103.159.187 - - [02/Mar/2018:12:44:11 -0300] "GET /cormun/servlet/solicitudot?bc10cfea369b9cb1b4bd2f9701799371634b6fda43bfa4b12df155bf6db6bcbe3c127fd1fbd036931786c518c80354fa8477820c728d5314df3cbeb4d34a5822a7eb562fd87cad7e9e215f185b8fdf0f93049107f48202d154cd91acf50bd0e0e733477dfff3b26316a85ab10811ad79,gx-no-cache=1520005503153 HTTP/1.1" 200 29
186.103.159.187 - - [02/Mar/2018:12:44:11 -0300] "POST /cormun/servlet/solicitudot?gx-no-cache=1520005503209 HTTP/1.1" 200 1317
186.103.159.189 - - [02/Mar/2018:12:44:11 -0300] "POST /cormun/servlet/solicitudotadjuntos?f86f923eccdfc5fd6bb4fb98151fca98,INS,2018,9921,,1,,gx-no-cache=1520008995657 HTTP/1.1" 200 4017
186.103.159.187 - - [02/Mar/2018:12:44:12 -0300] "POST /cormun/servlet/solicitudot?gx-no-cache=1520005503286 HTTP/1.1" 200 1218
186.103.159.187 - - [02/Mar/2018:12:44:12 -0300] "GET /cormun/static/menuarrow.gif HTTP/1.1" 404 1015
186.103.157.235 - - [02/Mar/2018:12:44:12 -0300] "GET /cormun/static/SmoothNavMenu/resources/images/down.gif HTTP/1.1" 200 854
186.103.157.235 - - [02/Mar/2018:12:44:12 -0300] "GET /cormun/static/SmoothNavMenu/resources/images/right.gif HTTP/1.1" 200 860
186.103.157.235 - - [02/Mar/2018:12:44:12 -0300] "GET /cormun/servlet/hhome HTTP/1.1" 200 4218
186.103.159.187 - - [02/Mar/2018:12:44:13 -0300] "POST /cormun/servlet/solicitudot?gx-no-cache=1520005504825 HTTP/1.1" 200 1317
186.103.159.187 - - [02/Mar/2018:12:44:13 -0300] "POST /cormun/servlet/solicitudot?gx-no-cache=1520005504919 HTTP/1.1" 200 1218
186.103.157.42 - - [02/Mar/2018:12:44:14 -0300] "POST /cormun/servlet/prfichaempleado?b3837bfe18221220b680a613c25e08fa,,MD,,gxPopupLevel%3D0%3B,gx-no-cache=1520005406521 HTTP/1.1" 200 3489
186.103.159.187 - - [02/Mar/2018:12:44:15 -0300] "GET /cormun/servlet/solicitudot?bc10cfea369b9cb1b4bd2f970179937134834051809b4ae827bdfa62b4ed292ddd6c4b3b7c41466bc346fd0a1ca0c249,gx-no-cache=1520005506467 HTTP/1.1" 200 30
186.103.159.189 - - [02/Mar/2018:12:44:18 -0300] "POST /cormun/servlet/solicitudotadjuntos?gx-no-cache=1520009002111 HTTP/1.1" 200 26
200.73.230.197 - - [02/Mar/2018:12:44:18 -0300] "GET /cormun/servlet/solicitudot?db7aeda7e810df9ed1fa094b65e72f9282d5d686b1c9a27f1b0c6c48a4cf1c14,gx-no-cache=1520005411965 HTTP/1.1" 200 94
200.73.230.197 - - [02/Mar/2018:12:44:18 -0300] "POST /cormun/servlet/solicitudot?gx-no-cache=1520005412229 HTTP/1.1" 200 254
200.73.230.197 - - [02/Mar/2018:12:44:18 -0300] "GET /cormun/servlet/solicitudot?db7aeda7e810df9ed1fa094b65e72f924148842351c392d697642c8ddd6e502614e3b8cae37488d28f73374cd640d10025091c549b42a891d593346e5f86c7a936ddc609939e1c88ad5904f2b028692e9e48eee27fd7a92a28feb021b9f6c141898fcc4e63c0722ccbf70f50ac7c8239945615aa93aaed8f29346b1a6737ef6fde28ad3f4fe42785ecc16e0d65f46205a0b2e4970c4658ee18cabc38755662ad1a289ad08f19e33c4017a740d46a38ee3a7b6311f5855a79a8cc71c798de79c3f93c2fc7acdb8c15e405496c5fb7f7e4a219b51dc6a93f4f453ba7872b58e090b50a181b6af35b037e0d13392f2fcfa169218f7ec0afd46c1271d2296ca0a5fef0ce808e4e817e610ae71335dc8cd7c45f242a6bd37d84219c1dbf3791d9393191292735f7a2a921ad0b6b33a985a99c8f099b5549390b9529ca71556f4144ce2558c934ce7bf9713560ffc4d8752453d94c8b5a184b7bf4f6b847313d6561efc407486d55074496b0ef3dab3b25703c715b20146724eff878502e8ac85103c0,gx-no-cache=1520005412419 HTTP/1.1" 200 30
200.73.230.197 - - [02/Mar/2018:12:44:18 -0300] "POST /cormun/servlet/solicitudot?gx-no-cache=1520005412559 HTTP/1.1" 200 30
200.73.230.197 - - [02/Mar/2018:12:44:19 -0300] "POST /cormun/servlet/solicitudot?gx-no-cache=1520005412727 HTTP/1.1" 200 1337
200.73.230.197 - - [02/Mar/2018:12:44:19 -0300] "POST /cormun/servlet/solicitudot?gx-no-cache=1520005412842 HTTP/1.1" 200 41
186.103.159.230 - - [02/Mar/2018:12:44:19 -0300] "POST /cormun/servlet/solicitudot?0bd3ec4e121bd6397182b0626d360f18,INS,0,0,,gx-no-cache=1520005407282 HTTP/1.1" 200 11849
200.73.230.197 - - [02/Mar/2018:12:44:19 -0300] "POST /cormun/servlet/solicitudot?gx-no-cache=1520005412974 HTTP/1.1" 200 1319
186.103.159.230 - - [02/Mar/2018:12:44:19 -0300] "GET /cormun/static/Shared/jqueryui/images/ui-bg_flat_55_fafafa_40x100.png HTTP/1.1" 404 1097
186.103.159.230 - - [02/Mar/2018:12:44:19 -0300] "GET /cormun/static/Shared/jqueryui/images/ui-icons_8d78a5_256x240.png HTTP/1.1" 404 1089
200.73.230.197 - - [02/Mar/2018:12:44:19 -0300] "POST /cormun/servlet/solicitudot?gx-no-cache=1520005413131 HTTP/1.1" 200 1218
200.73.230.197 - - [02/Mar/2018:12:44:19 -0300] "GET /cormun/servlet/solicitudot?db7aeda7e810df9ed1fa094b65e72f929677551d041a4d49eab8134b3497fdc2248947a6d705f30dcca02df63960904f,gx-no-cache=1520005413281 HTTP/1.1" 200 30
186.103.157.42 - - [02/Mar/2018:12:44:19 -0300] "POST /cormun/servlet/solicitudot?gx-no-cache=1520005411419 HTTP/1.1" 200 3420
200.73.230.197 - - [02/Mar/2018:12:44:19 -0300] "POST /cormun/servlet/solicitudot?gx-no-cache=1520005413408 HTTP/1.1" 200 30
186.103.157.42 - - [02/Mar/2018:12:44:19 -0300] "POST /cormun/servlet/solicitudot?b3837bfe18221220b680a613c25e08fa,INS,0,0,,gx-no-cache=1520005411585 HTTP/1.1" 200 10589
200.73.230.197 - - [02/Mar/2018:12:44:20 -0300] "POST /cormun/servlet/solicitudot?284e7186ecd4fe79264837ac0fde1798,INS,0,0,,gx-no-cache=1520005413497 HTTP/1.1" 200 11819
186.103.157.42 - - [02/Mar/2018:12:44:20 -0300] "GET /cormun/servlet/solicitudot?13cbe55e37dd534beadaaf792681ea37c6c3ffa955a950423e4f0ef486971a79d32605054047df8ad825815f1c845daa,gx-no-cache=1520005411841 HTTP/1.1" 200 30
200.112.3.74 - - [02/Mar/2018:12:44:20 -0300] "POST /cormun/servlet/trpermisosgoce?c1e80ee34a237310212969a688f35c23,,gx-no-cache=1520005413057 HTTP/1.1" 200 5001
200.112.3.74 - - [02/Mar/2018:12:44:20 -0300] "GET /cormun/static/Shared/jqueryui/images/ui-bg_highlight-soft_100_c6c2c8_1x100.png HTTP/1.1" 404 1117
200.112.3.74 - - [02/Mar/2018:12:44:20 -0300] "GET /cormun/static/Shared/jqueryui/images/ui-icons_82798d_256x240.png HTTP/1.1" 404 1089
200.112.3.74 - - [02/Mar/2018:12:44:20 -0300] "GET /cormun/static/Shared/jqueryui/images/ui-bg_flat_55_fafafa_40x100.png HTTP/1.1" 404 1097
200.112.3.74 - - [02/Mar/2018:12:44:20 -0300] "GET /cormun/static/Shared/jqueryui/images/ui-icons_8d78a5_256x240.png HTTP/1.1" 404 1089
186.103.159.187 - - [02/Mar/2018:12:44:24 -0300] "POST /cormun/servlet/solicitudot?gx-no-cache=1520005515601 HTTP/1.1" 200 30
186.103.159.189 - - [02/Mar/2018:12:44:24 -0300] "POST /cormun/servlet/trautorizarsolicitud?0c7e55f8da2a3bfeea22d219f3625c89,,gx-no-cache=1520005417357 HTTP/1.1" 200 4394
186.103.159.230 - - [02/Mar/2018:12:44:25 -0300] "GET /cormun/servlet/trsolicitudot? HTTP/1.1" 200 7368
186.103.159.230 - - [02/Mar/2018:12:44:25 -0300] "GET /cormun/servlet/trsolicitudot? HTTP/1.1" 200 7367
192.168.10.96 - - [02/Mar/2018:12:44:25 -0300] "POST /cormun/servlet/trsolicitudot?1d4ff14942b899bacd8d75544af79f57,gx-no-cache=1520005306549 HTTP/1.1" 200 4684
192.168.10.96 - - [02/Mar/2018:12:44:25 -0300] "GET /cormun/static/Shared/jqueryui/images/ui-bg_highlight-soft_100_c6c2c8_1x100.png HTTP/1.1" 404 1117
192.168.10.96 - - [02/Mar/2018:12:44:25 -0300] "GET /cormun/static/Shared/jqueryui/images/ui-icons_82798d_256x240.png HTTP/1.1" 404 1089
192.168.10.96 - - [02/Mar/2018:12:44:25 -0300] "GET /cormun/static/Shared/jqueryui/images/ui-icons_8d78a5_256x240.png HTTP/1.1" 404 1089
192.168.10.96 - - [02/Mar/2018:12:44:25 -0300] "GET /cormun/static/Shared/jqueryui/images/ui-bg_flat_55_fafafa_40x100.png HTTP/1.1" 404 1097
186.103.159.189 - - [02/Mar/2018:12:44:26 -0300] "GET /cormun/servlet/solicitudotadjuntos?06d332c37998316ea497ffb3ff9317beb51a0b38a9895ee6fa41d601d9c8cfda,gx-no-cache=1520009009758 HTTP/1.1" 200 30
192.168.10.96 - - [02/Mar/2018:12:44:26 -0300] "POST /cormun/servlet/trsolicitudot?1d4ff14942b899bacd8d75544af79f57,gx-no-cache=1520005306734 HTTP/1.1" 200 4444
186.103.159.189 - - [02/Mar/2018:12:44:26 -0300] "GET /cormun/servlet/solicitudotadjuntos?06d332c37998316ea497ffb3ff9317beb51a0b38a9895ee6fa41d601d9c8cfda,gx-no-cache=1520009009835 HTTP/1.1" 200 30
186.103.157.42 - - [02/Mar/2018:12:44:26 -0300] "GET /cormun/servlet/solicitudot?13cbe55e37dd534beadaaf792681ea3711a4210a64c3270f83f15c80f26b2db1baff282a259e54514fe62c44751683a610e2b300dc0da89fbb55809c5492fa77,gx-no-cache=1520005417864 HTTP/1.1" 200 30
186.103.157.42 - - [02/Mar/2018:12:44:26 -0300] "GET /cormun/servlet/solicitudot?13cbe55e37dd534beadaaf792681ea37f5e418eac9e053d9401e5c7334e51bb1,gx-no-cache=1520005417923 HTTP/1.1" 200 53
186.103.157.42 - - [02/Mar/2018:12:44:26 -0300] "POST /cormun/servlet/solicitudot?gx-no-cache=1520005417999 HTTP/1.1" 200 255
186.103.157.42 - - [02/Mar/2018:12:44:26 -0300] "GET /cormun/servlet/solicitudot?13cbe55e37dd534beadaaf792681ea37e65f51691f3d8ec2234ee01d2f48a492602ec9ba6875b2a8eff741b55364a201f35fe64364b950e067f875edac658e13451097461d2bdbfe0d1b7c7c55212614b66b4d40c4e1737e0dd4422fdb0ad9cb69c46aa1ffd66d10cb944cacfc0a8530a41cdde582763595c6b7192c458237894117ce1798252f900bb3e2471c72eae61268f137b34945cd6fa544af6d3110b08d6e77611aa301fd512e3d0f4507bd587f99b15f91f9b933c995dfd67ef9fafa8c23f60b066927c328d15d456a7232d5ddd5d7e64b359ea50169e57da650f5f75572cf4f3446382684bffb39ce6adfe2b46b7d0a035cbb3c5c56f628de2eb6e64725439f4a64cfaeba42a03b1ecd193dee178cce2b7fff4e8478dc4204160a140114844708a070aababd5cb5e383ef48784d6149caf4a259672e5298627e0715044e0189d220d30e7e2e5ede32460e9b107a87befa879946e4ca152b661766dcadee1db815a0d6fd7e2d960c95cd30d5563023229b4f9519f900f5d2a0abb990,gx-no-cache=1520005418048 HTTP/1.1" 200 30
186.103.159.189 - - [02/Mar/2018:12:44:27 -0300] "POST /cormun/servlet/solicitudotadjuntos?f86f923eccdfc5fd6bb4fb98151fca98,INS,2018,9921,,1, HTTP/1.1" 200 116
186.103.159.189 - - [02/Mar/2018:12:44:27 -0300] "GET /cormun/servlet/hpexe_return? HTTP/1.1" 200 1027
186.103.159.189 - - [02/Mar/2018:12:44:28 -0300] "GET /cormun/servlet/trsolicitudadjuntos?2018,9921, HTTP/1.1" 200 9708
186.103.157.235 - - [02/Mar/2018:12:44:29 -0300] "GET /cormun/servlet/trvisualizadoreventos? HTTP/1.1" 200 6977
186.103.157.235 - - [02/Mar/2018:12:44:29 -0300] "GET /cormun/static/gxui/gxui-all.css?110300 HTTP/1.1" 200 2179
186.103.157.235 - - [02/Mar/2018:12:44:29 -0300] "GET /cormun/static/calendar-system.css?75620 HTTP/1.1" 200 5572
186.103.157.235 - - [02/Mar/2018:12:44:29 -0300] "GET /cormun/static/gxcfg.js?20175251251426 HTTP/1.1" 200 953
186.103.157.235 - - [02/Mar/2018:12:44:30 -0300] "GET /cormun/static/calendar-setup.js?85251 HTTP/1.1" 200 2588
186.103.157.235 - - [02/Mar/2018:12:44:30 -0300] "GET /cormun/static/calendar-es.js?85251 HTTP/1.1" 200 1901
186.103.157.42 - - [02/Mar/2018:12:44:30 -0300] "POST /cormun/servlet/solicitudot?gx-no-cache=1520005422144 HTTP/1.1" 200 30
186.103.157.235 - - [02/Mar/2018:12:44:30 -0300] "GET /cormun/static/calendar.js?85251 HTTP/1.1" 200 26246
186.103.159.189 - - [02/Mar/2018:12:44:31 -0300] "POST /cormun/servlet/trautorizarsolicitud?0c7e55f8da2a3bfeea22d219f3625c89,,gx-no-cache=1520005423295 HTTP/1.1" 200 9332
186.103.159.189 - - [02/Mar/2018:12:44:31 -0300] "GET /cormun/servlet/trsolicitudadjuntos?2018,9921, HTTP/1.1" 200 9703
186.103.159.230 - - [02/Mar/2018:12:44:32 -0300] "GET /cormun/servlet/trautorizarsolicitud? HTTP/1.1" 200 7267
186.103.159.230 - - [02/Mar/2018:12:44:32 -0300] "GET /cormun/servlet/trautorizarsolicitud? HTTP/1.1" 200 7267
186.103.157.42 - - [02/Mar/2018:12:44:33 -0300] "POST /cormun/servlet/solicitudot?gx-no-cache=1520005425542 HTTP/1.1" 200 1337
186.103.157.42 - - [02/Mar/2018:12:44:33 -0300] "POST /cormun/servlet/solicitudot?gx-no-cache=1520005425637 HTTP/1.1" 200 38
186.103.159.189 - - [02/Mar/2018:12:44:34 -0300] "GET /cormun/servlet/solicitudotadjuntos?INS,2018,9921,,2, HTTP/1.1" 200 6213
186.103.159.189 - - [02/Mar/2018:12:44:35 -0300] "GET /cormun/static/about:blank HTTP/1.1" 404 1011
186.103.159.189 - - [02/Mar/2018:12:44:35 -0300] "GET /cormun/servlet/solicitudotadjuntos?INS,2018,9921,,2, HTTP/1.1" 200 6206
186.103.159.189 - - [02/Mar/2018:12:44:36 -0300] "GET /cormun/servlet/solicitudotadjuntos?06d332c37998316ea497ffb3ff9317be7bbae1b0cf71395007b71c06b87945b3cee100093f7fac0631654aab34ed8549,gx-no-cache=1520009020188 HTTP/1.1" 200 30
186.103.159.189 - - [02/Mar/2018:12:44:36 -0300] "POST /cormun/servlet/solicitudotadjuntos?f86f923eccdfc5fd6bb4fb98151fca98,INS,2018,9921,,2,,gx-no-cache=1520009020271 HTTP/1.1" 200 4157
186.103.159.230 - - [02/Mar/2018:12:44:38 -0300] "GET /cormun/servlet/trautorizarsolicitud? HTTP/1.1" 200 7268
186.103.159.230 - - [02/Mar/2018:12:44:38 -0300] "GET /cormun/servlet/trautorizarsolicitud? HTTP/1.1" 200 7267
186.103.157.235 - - [02/Mar/2018:12:44:38 -0300] "GET /cormun/static/Shared/ext/resources/css/ext-all.css?205870 HTTP/1.1" 200 416045
186.103.157.235 - - [02/Mar/2018:12:44:39 -0300] "GET /cormun/static/Resources/PXTools/calendar.png HTTP/1.1" 200 1306
186.103.157.235 - - [02/Mar/2018:12:44:39 -0300] "GET /cormun/static/Resources/PXToolsActionPrint.png HTTP/1.1" 200 3317
186.103.157.235 - - [02/Mar/2018:12:44:39 -0300] "GET /cormun/static/trvisualizadoreventos.js?20175251251768 HTTP/1.1" 200 19318
186.103.157.235 - - [02/Mar/2018:12:44:40 -0300] "GET /cormun/static/Resources/PXToolsGridNextDisabled.gif HTTP/1.1" 200 90
186.103.157.235 - - [02/Mar/2018:12:44:40 -0300] "GET /cormun/static/Resources/PXToolsGridLastDisabled.gif HTTP/1.1" 200 98
186.103.157.235 - - [02/Mar/2018:12:44:40 -0300] "GET /cormun/static/gxdec.js?85251 HTTP/1.1" 200 19579
186.103.157.235 - - [02/Mar/2018:12:44:41 -0300] "GET /cormun/static/Resources/PXToolsGridPreviousDisabled.gif HTTP/1.1" 200 90
186.103.157.235 - - [02/Mar/2018:12:44:41 -0300] "GET /cormun/static/Resources/PXToolsGridFirstDisabled.gif HTTP/1.1" 200 100
186.103.157.235 - - [02/Mar/2018:12:44:41 -0300] "GET /cormun/static/Resources/PXToolsGridPage.gif HTTP/1.1" 200 725
186.103.157.235 - - [02/Mar/2018:12:44:41 -0300] "GET /cormun/static/Resources/PXToolsActionExcel.png HTTP/1.1" 200 3187
186.103.157.235 - - [02/Mar/2018:12:44:41 -0300] "GET /cormun/static/Resources/PXToolsDataSearch.png HTTP/1.1" 200 419
186.103.157.235 - - [02/Mar/2018:12:44:41 -0300] "GET /cormun/static/Resources/asc.gif HTTP/1.1" 200 67
186.103.157.235 - - [02/Mar/2018:12:44:41 -0300] "GET /cormun/static/Resources/desc.gif HTTP/1.1" 200 65
186.103.157.235 - - [02/Mar/2018:12:44:41 -0300] "GET /cormun/static/Shared/ext/resources/themes/images/default/panel/bg-headersPanel.png HTTP/1.1" 200 255
186.103.157.235 - - [02/Mar/2018:12:44:41 -0300] "GET /cormun/servlet/trvisualizadoreventos? HTTP/1.1" 200 6976
186.103.157.235 - - [02/Mar/2018:12:44:41 -0300] "GET /cormun/static/Shared/ext/resources/themes/images/default/tools/tool-sprites.gif HTTP/1.1" 200 5434
186.103.159.230 - - [02/Mar/2018:12:44:42 -0300] "GET /cormun/servlet/trsolicitudot HTTP/1.1" 200 7371
186.103.159.230 - - [02/Mar/2018:12:44:42 -0300] "GET /cormun/servlet/trsolicitudot HTTP/1.1" 200 7367
186.103.157.42 - - [02/Mar/2018:12:44:43 -0300] "GET /cormun/servlet/solicitudot?13cbe55e37dd534beadaaf792681ea37c2b1dac5669516f81600e4d914d2a7b94f62edf514f3dc760fb449c4047a7f1e068df623d9dbb7bf570e5769886ca728fbf34eaee3b4ce1f1dd63df53d50397c70fdec8f418341507551822c80f7a74eb53fa1c90f2d12689ffd35558a8c5f84da4964b393537a5e5092a4bae006114218edab6a1e5a9b4a6c1527d7451e7b3647eef89f16dfee350076c305dcd4cca5,gx-no-cache=1520005434927 HTTP/1.1" 200 29
186.103.157.42 - - [02/Mar/2018:12:44:43 -0300] "POST /cormun/servlet/solicitudot?gx-no-cache=1520005434988 HTTP/1.1" 200 1319
186.103.157.42 - - [02/Mar/2018:12:44:43 -0300] "POST /cormun/servlet/solicitudot?gx-no-cache=1520005435124 HTTP/1.1" 200 1219
186.103.157.42 - - [02/Mar/2018:12:44:43 -0300] "GET /cormun/static/menuarrow.gif HTTP/1.1" 404 1015
186.103.159.189 - - [02/Mar/2018:12:44:43 -0300] "POST /cormun/servlet/solicitudotadjuntos?gx-no-cache=1520009027573 HTTP/1.1" 200 26
186.103.157.42 - - [02/Mar/2018:12:44:45 -0300] "POST /cormun/servlet/solicitudot?gx-no-cache=1520005437370 HTTP/1.1" 200 1319
186.103.157.42 - - [02/Mar/2018:12:44:45 -0300] "POST /cormun/servlet/solicitudot?gx-no-cache=1520005437451 HTTP/1.1" 200 1219
186.103.157.42 - - [02/Mar/2018:12:44:46 -0300] "GET /cormun/servlet/solicitudot?13cbe55e37dd534beadaaf792681ea371a28544c32796b4d318710b2962f65a2db8b938ca90b8040143e668d19e23734,gx-no-cache=1520005438466 HTTP/1.1" 200 30
186.103.159.187 - - [02/Mar/2018:12:44:48 -0300] "POST /cormun/servlet/solicitudot?202337bafde3686276b809578b7f793d,INS,0,0,,gx-no-cache=1520005539337 HTTP/1.1" 200 93
186.103.159.187 - - [02/Mar/2018:12:44:48 -0300] "GET /cormun/servlet/hpexe_return? HTTP/1.1" 200 1010
186.103.159.189 - - [02/Mar/2018:12:44:48 -0300] "POST /cormun/servlet/trautorizarsolicitud?0c7e55f8da2a3bfeea22d219f3625c89,,gx-no-cache=1520005441401 HTTP/1.1" 200 6519
186.103.159.187 - - [02/Mar/2018:12:44:49 -0300] "GET /cormun/servlet/trsolicitudot HTTP/1.1" 200 8499
200.112.3.74 - - [02/Mar/2018:12:44:50 -0300] "POST /cormun/servlet/trpermisosgoce?c1e80ee34a237310212969a688f35c23,,gx-no-cache=1520005442406 HTTP/1.1" 200 5001
186.103.159.189 - - [02/Mar/2018:12:44:50 -0300] "GET /cormun/servlet/solicitudotadjuntos?06d332c37998316ea497ffb3ff9317beb51a0b38a9895ee6fa41d601d9c8cfda,gx-no-cache=1520009034152 HTTP/1.1" 200 30
186.103.159.187 - - [02/Mar/2018:12:44:50 -0300] "GET /cormun/servlet/trsolicitudot HTTP/1.1" 200 8495
186.103.159.189 - - [02/Mar/2018:12:44:50 -0300] "GET /cormun/servlet/solicitudotadjuntos?06d332c37998316ea497ffb3ff9317beb51a0b38a9895ee6fa41d601d9c8cfda,gx-no-cache=1520009034206 HTTP/1.1" 200 30
200.112.3.74 - - [02/Mar/2018:12:44:50 -0300] "POST /cormun/servlet/trpermisosgoce?c1e80ee34a237310212969a688f35c23,,gx-no-cache=1520005443078 HTTP/1.1" 200 5001
200.112.3.74 - - [02/Mar/2018:12:44:51 -0300] "POST /cormun/servlet/trpermisosgoce?c1e80ee34a237310212969a688f35c23,,gx-no-cache=1520005443590 HTTP/1.1" 200 5002
186.103.159.189 - - [02/Mar/2018:12:44:51 -0300] "POST /cormun/servlet/solicitudotadjuntos?f86f923eccdfc5fd6bb4fb98151fca98,INS,2018,9921,,2, HTTP/1.1" 200 116
186.103.159.189 - - [02/Mar/2018:12:44:51 -0300] "GET /cormun/servlet/hpexe_return? HTTP/1.1" 200 1027
186.103.157.42 - - [02/Mar/2018:12:44:52 -0300] "POST /cormun/servlet/solicitudot?gx-no-cache=1520005443892 HTTP/1.1" 200 30
186.103.159.189 - - [02/Mar/2018:12:44:52 -0300] "GET /cormun/servlet/trsolicitudadjuntos?2018,9921, HTTP/1.1" 200 9854
186.103.159.187 - - [02/Mar/2018:12:44:52 -0300] "GET /cormun/servlet/solicitudot?INS,0,0, HTTP/1.1" 200 13385
186.103.159.187 - - [02/Mar/2018:12:44:53 -0300] "GET /cormun/servlet/solicitudot?INS,0,0, HTTP/1.1" 200 13390
186.103.157.235 - - [02/Mar/2018:12:44:54 -0300] "GET /cormun/static/menuarrow.gif HTTP/1.1" 404 1015
186.103.159.189 - - [02/Mar/2018:12:44:54 -0300] "GET /cormun/servlet/trsolicitudadjuntos?2018,9921, HTTP/1.1" 200 9852
186.103.157.42 - - [02/Mar/2018:12:44:57 -0300] "POST /cormun/servlet/solicitudot?b3837bfe18221220b680a613c25e08fa,INS,0,0,,gx-no-cache=1520005449155 HTTP/1.1" 200 93
186.103.157.42 - - [02/Mar/2018:12:44:57 -0300] "GET /cormun/servlet/hpexe_return? HTTP/1.1" 200 1006
186.103.157.42 - - [02/Mar/2018:12:44:58 -0300] "GET /cormun/servlet/trsolicitudot HTTP/1.1" 200 25261
186.103.157.42 - - [02/Mar/2018:12:44:59 -0300] "GET /cormun/servlet/trsolicitudot HTTP/1.1" 200 25257
186.103.159.189 - - [02/Mar/2018:12:45:02 -0300] "GET /cormun/servlet/solicitudotadjuntos?INS,2018,9921,,2, HTTP/1.1" 200 6214
186.103.159.189 - - [02/Mar/2018:12:45:02 -0300] "GET /cormun/static/about:blank HTTP/1.1" 404 1011
200.73.230.197 - - [02/Mar/2018:12:45:02 -0300] "GET /cormun/servlet/solicitudot?db7aeda7e810df9ed1fa094b65e72f9290b96bdc04f0ce8f58c645014714293395d742daf4f9b1bc42b55788ee3615a9,gx-no-cache=1520005456392 HTTP/1.1" 200 30
200.73.230.197 - - [02/Mar/2018:12:45:02 -0300] "POST /cormun/servlet/solicitudot?gx-no-cache=1520005456567 HTTP/1.1" 200 254
200.73.230.197 - - [02/Mar/2018:12:45:03 -0300] "GET /cormun/servlet/solicitudot?db7aeda7e810df9ed1fa094b65e72f924148842351c392d697642c8ddd6e502614e3b8cae37488d28f73374cd640d10025091c549b42a891d593346e5f86c7a936ddc609939e1c88ad5904f2b028692e9e48eee27fd7a92a28feb021b9f6c141898fcc4e63c0722ccbf70f50ac7c8239945615aa93aaed8f29346b1a6737ef6fde28ad3f4fe42785ecc16e0d65f46205a0b2e4970c4658ee18cabc38755662ad1a289ad08f19e33c4017a740d46a38ee3a7b6311f5855a79a8cc71c798de79c3f93c2fc7acdb8c15e405496c5fb7f7e4a219b51dc6a93f4f453ba7872b58e090b50a181b6af35b037e0d13392f2fcfa169218f7ec0afd46c1271d2296ca0a5fef0ce808e4e817e610ae71335dc8cd7c45f242a6bd37d84219c1dbf3791d9393191292735f7a2a921ad0b6b33a985a99c8f099b5549390b9529ca71556f4144ce2558c934ce7bf9713560ffc4d8752453d94c8b5a184b7bf4f6b847313d6561efc407486d55074496b0ef3dab3b25703c715b20146724eff878502e8ac85103c0,gx-no-cache=1520005456732 HTTP/1.1" 200 30
200.73.230.197 - - [02/Mar/2018:12:45:03 -0300] "POST /cormun/servlet/solicitudot?gx-no-cache=1520005456845 HTTP/1.1" 200 30
200.73.230.197 - - [02/Mar/2018:12:45:03 -0300] "POST /cormun/servlet/solicitudot?gx-no-cache=1520005457015 HTTP/1.1" 200 1337
200.73.230.197 - - [02/Mar/2018:12:45:03 -0300] "POST /cormun/servlet/solicitudot?gx-no-cache=1520005457165 HTTP/1.1" 200 41
200.73.230.197 - - [02/Mar/2018:12:45:03 -0300] "POST /cormun/servlet/solicitudot?gx-no-cache=1520005457267 HTTP/1.1" 200 1319
200.73.230.197 - - [02/Mar/2018:12:45:03 -0300] "POST /cormun/servlet/solicitudot?gx-no-cache=1520005457437 HTTP/1.1" 200 1218
200.73.230.197 - - [02/Mar/2018:12:45:03 -0300] "GET /cormun/servlet/solicitudot?db7aeda7e810df9ed1fa094b65e72f929677551d041a4d49eab8134b3497fdc2248947a6d705f30dcca02df63960904f,gx-no-cache=1520005457556 HTTP/1.1" 200 30
186.103.159.189 - - [02/Mar/2018:12:45:03 -0300] "GET /cormun/servlet/solicitudotadjuntos?INS,2018,9921,,2, HTTP/1.1" 200 6207
200.73.230.197 - - [02/Mar/2018:12:45:04 -0300] "POST /cormun/servlet/solicitudot?gx-no-cache=1520005457685 HTTP/1.1" 200 30
186.103.159.189 - - [02/Mar/2018:12:45:04 -0300] "GET /cormun/servlet/solicitudotadjuntos?06d332c37998316ea497ffb3ff9317be7bbae1b0cf71395007b71c06b87945b3cee100093f7fac0631654aab34ed8549,gx-no-cache=1520009048176 HTTP/1.1" 200 30
200.73.230.197 - - [02/Mar/2018:12:45:04 -0300] "POST /cormun/servlet/solicitudot?284e7186ecd4fe79264837ac0fde1798,INS,0,0,,gx-no-cache=1520005457818 HTTP/1.1" 200 93
200.73.230.197 - - [02/Mar/2018:12:45:04 -0300] "GET /cormun/servlet/hpexe_return? HTTP/1.1" 200 1006
186.103.159.189 - - [02/Mar/2018:12:45:05 -0300] "POST /cormun/servlet/solicitudotadjuntos?f86f923eccdfc5fd6bb4fb98151fca98,INS,2018,9921,,2,,gx-no-cache=1520009048294 HTTP/1.1" 200 4158
200.73.230.197 - - [02/Mar/2018:12:45:05 -0300] "GET /cormun/servlet/trsolicitudot HTTP/1.1" 200 8518
186.103.159.189 - - [02/Mar/2018:12:45:06 -0300] "POST /cormun/servlet/solicitudotadjuntos?f86f923eccdfc5fd6bb4fb98151fca98,INS,2018,9921,,2,,gx-no-cache=1520009050034 HTTP/1.1" 200 90
186.103.159.189 - - [02/Mar/2018:12:45:06 -0300] "GET /cormun/servlet/hpexe_link HTTP/1.1" 200 981
200.73.230.197 - - [02/Mar/2018:12:45:06 -0300] "GET /cormun/servlet/trsolicitudot HTTP/1.1" 200 8514
186.103.159.189 - - [02/Mar/2018:12:45:07 -0300] "GET /cormun/servlet/trsolicitudadjuntos?2018,9921, HTTP/1.1" 200 9855
186.103.159.230 - - [02/Mar/2018:12:45:08 -0300] "GET /cormun/servlet/trsolicitudot? HTTP/1.1" 200 7367
186.103.159.230 - - [02/Mar/2018:12:45:08 -0300] "GET /cormun/servlet/trsolicitudot? HTTP/1.1" 200 7367
186.103.159.187 - - [02/Mar/2018:12:45:09 -0300] "POST /cormun/servlet/solicitudot?gx-no-cache=1520005560522 HTTP/1.1" 200 3444
186.103.159.189 - - [02/Mar/2018:12:45:09 -0300] "GET /cormun/servlet/trsolicitudadjuntos?2018,9921, HTTP/1.1" 200 9855
186.103.159.187 - - [02/Mar/2018:12:45:09 -0300] "POST /cormun/servlet/solicitudot?202337bafde3686276b809578b7f793d,INS,0,0,,gx-no-cache=1520005560997 HTTP/1.1" 200 10408
186.103.159.230 - - [02/Mar/2018:12:45:11 -0300] "GET /cormun/servlet/solicitudot?INS,0,0, HTTP/1.1" 200 13605
186.103.159.230 - - [02/Mar/2018:12:45:11 -0300] "GET /cormun/servlet/solicitudot?INS,0,0, HTTP/1.1" 200 13610
186.103.159.187 - - [02/Mar/2018:12:45:12 -0300] "GET /cormun/servlet/solicitudot?bc10cfea369b9cb1b4bd2f970179937158a92a63c1b3170bb52e13ec9543a34bf71a9baa315cbb5aaea6bb6e2be6e092,gx-no-cache=1520005563822 HTTP/1.1" 200 30
200.73.230.197 - - [02/Mar/2018:12:45:12 -0300] "GET /cormun/servlet/solicitudot?INS,0,0, HTTP/1.1" 200 13364
186.103.159.187 - - [02/Mar/2018:12:45:12 -0300] "GET /cormun/servlet/solicitudot?bc10cfea369b9cb1b4bd2f9701799371ffb8e1df58d328bad1bed8534155cb930e1ca4647bb586f5fb71bf1b393136b04772c1699b1bcd7b20442c44501fb452,gx-no-cache=1520005563914 HTTP/1.1" 200 30
186.103.159.187 - - [02/Mar/2018:12:45:12 -0300] "GET /cormun/servlet/solicitudot?bc10cfea369b9cb1b4bd2f9701799371995aa19ed902b595ae7af13f32212155,gx-no-cache=1520005563973 HTTP/1.1" 200 53
186.103.159.187 - - [02/Mar/2018:12:45:12 -0300] "POST /cormun/servlet/solicitudot?gx-no-cache=1520005564032 HTTP/1.1" 200 256
186.103.159.187 - - [02/Mar/2018:12:45:13 -0300] "GET /cormun/servlet/solicitudot?bc10cfea369b9cb1b4bd2f9701799371aabe7d641d2b54fb5dae6926c6ce1a1e21793c90927effd09b544b35683ed375d22b8281eb1bd9264c74848e2661799d4d6aa471b38182a0c95be7db71f34885a9672d62fe7844044e6935978f1e6957b904b5877660014626c4e021d4d8adf99feb2b5dd928926e1239cd6327f50fe7e42c71354e053d398dc0fa399ae35bc1f66208a88d57e4aa6893b3e4fa43bb657218af50d7e70a257d3d44fde8cfa23f132b7cc9c17aa5cc75b979c970eeca2edc5727e294ab3ac94de361f9d9f6a02be81b68f67198215410cba3e2aedd05406606bd65ed6f7fd33210b682a395eecca17f307df0a81b81a2522bbbdcde45f3954f33d84b2a9e65f36dd70e2b4bd7659223b0ec86f774aec46818d595d4aff67df62ca56425f3f8880e9de0aa7c3b5e6118527f7eb2723cade1f3f8c253fdf3343a2b75c616c0096bb3055ce87703c434f50b222fe570e07d4b0f123714820db48859a67fd6eb1ef7fef010c548af0e18b63b477a18533674846425bb4eba33,gx-no-cache=1520005564103 HTTP/1.1" 200 30
192.168.10.96 - - [02/Mar/2018:12:45:13 -0300] "POST /cormun/servlet/trsolicitudot?1d4ff14942b899bacd8d75544af79f57,gx-no-cache=1520005354133 HTTP/1.1" 200 11153
200.73.230.197 - - [02/Mar/2018:12:45:14 -0300] "GET /cormun/servlet/solicitudot?INS,0,0, HTTP/1.1" 200 13369
186.103.159.187 - - [02/Mar/2018:12:45:15 -0300] "POST /cormun/servlet/solicitudot?gx-no-cache=1520005566637 HTTP/1.1" 200 30
192.168.10.96 - - [02/Mar/2018:12:45:18 -0300] "POST /cormun/servlet/trsolicitudot?1d4ff14942b899bacd8d75544af79f57,gx-no-cache=1520005358847 HTTP/1.1" 200 5831
186.103.159.187 - - [02/Mar/2018:12:45:18 -0300] "POST /cormun/servlet/solicitudot?gx-no-cache=1520005569966 HTTP/1.1" 200 1336
186.103.159.187 - - [02/Mar/2018:12:45:18 -0300] "POST /cormun/servlet/solicitudot?gx-no-cache=1520005570057 HTTP/1.1" 200 38
192.168.10.96 - - [02/Mar/2018:12:45:19 -0300] "POST /cormun/servlet/trsolicitudot?1d4ff14942b899bacd8d75544af79f57,gx-no-cache=1520005360325 HTTP/1.1" 200 5808
186.103.159.189 - - [02/Mar/2018:12:45:20 -0300] "POST /cormun/servlet/trsolicitudadjuntos?f86f923eccdfc5fd6bb4fb98151fca98,2018,9921,,gx-no-cache=1520009063885 HTTP/1.1" 200 90
186.103.159.189 - - [02/Mar/2018:12:45:20 -0300] "GET /cormun/servlet/hpexe_link HTTP/1.1" 200 978
186.103.159.189 - - [02/Mar/2018:12:45:20 -0300] "GET /cormun/servlet/trautorizarsolicitud? HTTP/1.1" 200 9136
192.168.10.96 - - [02/Mar/2018:12:45:22 -0300] "GET /cormun/servlet/trautorizarsolicitud? HTTP/1.1" 200 7309
192.168.10.96 - - [02/Mar/2018:12:45:22 -0300] "GET /cormun/servlet/trautorizarsolicitud? HTTP/1.1" 200 7309
186.103.159.189 - - [02/Mar/2018:12:45:23 -0300] "GET /cormun/servlet/trautorizarsolicitud? HTTP/1.1" 200 9134
192.168.10.96 - - [02/Mar/2018:12:45:26 -0300] "POST /cormun/servlet/trautorizarsolicitud?1d4ff14942b899bacd8d75544af79f57,,gx-no-cache=1520005367136 HTTP/1.1" 200 5751
186.103.159.230 - - [02/Mar/2018:12:45:26 -0300] "POST /cormun/servlet/solicitudot?gx-no-cache=1520005474778 HTTP/1.1" 200 3376
186.103.159.230 - - [02/Mar/2018:12:45:27 -0300] "POST /cormun/servlet/solicitudot?0bd3ec4e121bd6397182b0626d360f18,INS,0,0,,gx-no-cache=1520005475011 HTTP/1.1" 200 10545
192.168.10.96 - - [02/Mar/2018:12:45:27 -0300] "POST /cormun/servlet/trautorizarsolicitud?1d4ff14942b899bacd8d75544af79f57,,gx-no-cache=1520005368414 HTTP/1.1" 200 4616
192.168.10.96 - - [02/Mar/2018:12:45:27 -0300] "GET /cormun/static/Shared/jqueryui/images/ui-icons_82798d_256x240.png HTTP/1.1" 404 1089
192.168.10.96 - - [02/Mar/2018:12:45:27 -0300] "GET /cormun/static/Shared/jqueryui/images/ui-bg_highlight-soft_100_c6c2c8_1x100.png HTTP/1.1" 404 1117
192.168.10.96 - - [02/Mar/2018:12:45:27 -0300] "GET /cormun/static/Shared/jqueryui/images/ui-bg_flat_55_fafafa_40x100.png HTTP/1.1" 404 1097
192.168.10.96 - - [02/Mar/2018:12:45:27 -0300] "GET /cormun/static/Shared/jqueryui/images/ui-icons_8d78a5_256x240.png HTTP/1.1" 404 1089
192.168.10.96 - - [02/Mar/2018:12:45:27 -0300] "POST /cormun/servlet/trautorizarsolicitud?1d4ff14942b899bacd8d75544af79f57,,gx-no-cache=1520005368592 HTTP/1.1" 200 4377
186.103.159.187 - - [02/Mar/2018:12:45:30 -0300] "GET /cormun/servlet/solicitudot?bc10cfea369b9cb1b4bd2f9701799371634b6fda43bfa4b12df155bf6db6bcbe3c127fd1fbd036931786c518c80354fa8477820c728d5314df3cbeb4d34a5822a7eb562fd87cad7e9e215f185b8fdf0f93049107f48202d154cd91acf50bd0e0e733477dfff3b26316a85ab10811ad79,gx-no-cache=1520005581436 HTTP/1.1" 200 29
186.103.159.187 - - [02/Mar/2018:12:45:30 -0300] "POST /cormun/servlet/solicitudot?gx-no-cache=1520005581481 HTTP/1.1" 200 1318
186.103.159.187 - - [02/Mar/2018:12:45:30 -0300] "POST /cormun/servlet/solicitudot?gx-no-cache=1520005581535 HTTP/1.1" 200 1218
186.103.159.187 - - [02/Mar/2018:12:45:30 -0300] "GET /cormun/static/menuarrow.gif HTTP/1.1" 404 1015
186.103.159.230 - - [02/Mar/2018:12:45:31 -0300] "GET /cormun/servlet/solicitudot?87a1c3b5aeec6bc02bc907a9619ccdac175d2665037c1ab53a0ada9d171aa4405fabe65235b330cdac4d3c111371f5ca,gx-no-cache=1520005479670 HTTP/1.1" 200 30
186.103.159.230 - - [02/Mar/2018:12:45:31 -0300] "GET /cormun/servlet/solicitudot?87a1c3b5aeec6bc02bc907a9619ccdac30decec56b4064d7802f7857892a01b9,gx-no-cache=1520005479716 HTTP/1.1" 200 103
186.103.159.230 - - [02/Mar/2018:12:45:31 -0300] "GET /cormun/static/Shared/jqueryui/images/ui-bg_highlight-soft_100_c6c2c8_1x100.png HTTP/1.1" 404 1117
186.103.159.230 - - [02/Mar/2018:12:45:31 -0300] "GET /cormun/static/Shared/jqueryui/images/ui-icons_82798d_256x240.png HTTP/1.1" 404 1089
186.103.159.230 - - [02/Mar/2018:12:45:31 -0300] "GET /cormun/static/Shared/jqueryui/images/ui-bg_flat_55_994d53_40x100.png HTTP/1.1" 404 1097
186.103.159.230 - - [02/Mar/2018:12:45:31 -0300] "GET /cormun/static/Shared/jqueryui/images/ui-icons_ebccce_256x240.png HTTP/1.1" 404 1089
186.103.159.230 - - [02/Mar/2018:12:45:31 -0300] "GET /cormun/servlet/solicitudot?87a1c3b5aeec6bc02bc907a9619ccdaceaf7a33407f8b8282844a99ce0191eb8,gx-no-cache=1520005479766 HTTP/1.1" 200 51
186.103.159.187 - - [02/Mar/2018:12:45:31 -0300] "POST /cormun/servlet/solicitudot?gx-no-cache=1520005582925 HTTP/1.1" 200 1318
186.103.159.230 - - [02/Mar/2018:12:45:31 -0300] "POST /cormun/servlet/solicitudot?gx-no-cache=1520005479806 HTTP/1.1" 200 255
186.103.159.187 - - [02/Mar/2018:12:45:31 -0300] "POST /cormun/servlet/solicitudot?gx-no-cache=1520005582999 HTTP/1.1" 200 1218
186.103.159.230 - - [02/Mar/2018:12:45:32 -0300] "GET /cormun/servlet/solicitudot?87a1c3b5aeec6bc02bc907a9619ccdac60031db533127cfcd15f28e21c08cd5cea012bc15630a8e9d9e8f987e2cb0dfd5779188be16eb0eb5602180984655ca234bc8b0cced53bf75cbddced822cf6e114f664bce0248c00dd2caf97b975121a1078b986420bd354933a4dbedf8b2a002fd8be6199a0148b2f9198fab94ecd3e6b0a904c549d063c1d0e7578133b374ffcd74f8fff4bea6d9274bc2cc4f78b54ea4ed1b406a2b8d627847817019665625c62bff9bac42f887a620013bb516577307426dae85379ab7cf2f757096291996892cd2f614d4eec7e00e7e71056451293745d85498d89a87dbfbeb7da36c80b7074d9ffb0f871bca902600cff5fe9bbabaa30b71c60985c5afaac1a51d18f10cb668b5e7cc4313e1fd1c437c84be42bab8004b0f4307981e201940c3407166f281f9905b90c11507eb63229f1555d6979242f827bdc49e32a081cdfafa9f0913bf1185cca88775a9a2bb752c178d61f9c2ad504530e43ec4e8356221cfb1235048b9980b51321d456f2602944c90045,gx-no-cache=1520005479850 HTTP/1.1" 200 30
192.168.10.96 - - [02/Mar/2018:12:45:32 -0300] "POST /cormun/servlet/trautorizarsolicitud?1d4ff14942b899bacd8d75544af79f57,,gx-no-cache=1520005373205 HTTP/1.1" 200 9767
186.103.159.230 - - [02/Mar/2018:12:45:33 -0300] "POST /cormun/servlet/solicitudot?gx-no-cache=1520005481836 HTTP/1.1" 200 30
186.103.159.187 - - [02/Mar/2018:12:45:33 -0300] "GET /cormun/servlet/solicitudot?bc10cfea369b9cb1b4bd2f970179937134834051809b4ae827bdfa62b4ed292ddd6c4b3b7c41466bc346fd0a1ca0c249,gx-no-cache=1520005585116 HTTP/1.1" 200 30
186.103.159.43 - - [02/Mar/2018:12:45:37 -0300] "GET /cormun/static/Resources/resize.gif HTTP/1.1" 200 77
186.103.159.43 - - [02/Mar/2018:12:45:37 -0300] "GET /cormun/servlet/prbanco?,MD,,gxPopupLevel%3D0%3B HTTP/1.1" 200 6556
186.103.159.43 - - [02/Mar/2018:12:45:37 -0300] "GET /cormun/static/menusearch.js?201610171694467 HTTP/1.1" 200 1424
186.103.159.43 - - [02/Mar/2018:12:45:37 -0300] "GET /cormun/static/prbanco.js?2018116101633 HTTP/1.1" 200 10693
186.103.159.43 - - [02/Mar/2018:12:45:37 -0300] "GET /cormun/static/gxcfg.js?20181161016094 HTTP/1.1" 200 953
186.103.159.43 - - [02/Mar/2018:12:45:37 -0300] "GET /cormun/static/hmpwkw011.js?20177612121862 HTTP/1.1" 200 1968
186.103.159.43 - - [02/Mar/2018:12:45:37 -0300] "GET /cormun/static/Resources/PXToolsMenuSearch.png HTTP/1.1" 200 2914
186.103.159.43 - - [02/Mar/2018:12:45:37 -0300] "GET /cormun/static/Resources/PXToolsMenuSearchCancel.png HTTP/1.1" 200 2972
186.103.159.43 - - [02/Mar/2018:12:45:39 -0300] "POST /cormun/servlet/acontrolpreferencessavestate?None,CD-12,true HTTP/1.1" 200 35
186.103.159.187 - - [02/Mar/2018:12:45:40 -0300] "POST /cormun/servlet/solicitudot?gx-no-cache=1520005591673 HTTP/1.1" 200 30
186.103.159.43 - - [02/Mar/2018:12:45:44 -0300] "GET /cormun/servlet/solicitudot?8619deaa2a8e18f563f1f17bad8a0ef15ebdbb3466b371aba17a3a3116b67376,gx-no-cache=1520005499305 HTTP/1.1" 200 123
200.73.230.197 - - [02/Mar/2018:12:45:45 -0300] "POST /cormun/servlet/solicitudot?gx-no-cache=1520005498620 HTTP/1.1" 200 3293
200.73.230.197 - - [02/Mar/2018:12:45:45 -0300] "POST /cormun/servlet/solicitudot?284e7186ecd4fe79264837ac0fde1798,INS,0,0,,gx-no-cache=1520005498967 HTTP/1.1" 200 10248
186.103.159.230 - - [02/Mar/2018:12:45:46 -0300] "POST /cormun/servlet/solicitudot?gx-no-cache=1520005494588 HTTP/1.1" 200 1337
186.103.159.230 - - [02/Mar/2018:12:45:46 -0300] "POST /cormun/servlet/solicitudot?gx-no-cache=1520005494669 HTTP/1.1" 200 38
186.103.159.187 - - [02/Mar/2018:12:45:46 -0300] "POST /cormun/servlet/solicitudot?202337bafde3686276b809578b7f793d,INS,0,0,,gx-no-cache=1520005598125 HTTP/1.1" 200 93
186.103.159.187 - - [02/Mar/2018:12:45:47 -0300] "GET /cormun/servlet/hpexe_return? HTTP/1.1" 200 1010
186.103.159.187 - - [02/Mar/2018:12:45:47 -0300] "GET /cormun/servlet/trsolicitudot HTTP/1.1" 200 8921
186.103.159.187 - - [02/Mar/2018:12:45:48 -0300] "GET /cormun/servlet/trsolicitudot HTTP/1.1" 200 8917
200.73.230.197 - - [02/Mar/2018:12:45:49 -0300] "GET /cormun/servlet/solicitudot?db7aeda7e810df9ed1fa094b65e72f92fe480b7a97b20d027da5c317a415f210d3c6fe2ccfae83cccd1be6e001c7f44d,gx-no-cache=1520005502924 HTTP/1.1" 200 30
186.103.157.42 - - [02/Mar/2018:12:45:49 -0300] "GET /cormun/servlet/solicitudot?INS,0,0, HTTP/1.1" 200 13711
186.103.157.42 - - [02/Mar/2018:12:45:50 -0300] "GET /cormun/servlet/solicitudot?INS,0,0, HTTP/1.1" 200 13716
186.103.156.24 - - [02/Mar/2018:12:45:51 -0300] "GET /cormun/servlet/hlogin HTTP/1.1" 200 1719
186.103.157.42 - - [02/Mar/2018:12:45:52 -0300] "GET /cormun/servlet/prfichaempleado?,MD,,gxPopupLevel%3D0%3B HTTP/1.1" 200 9426
186.103.159.230 - - [02/Mar/2018:12:45:55 -0300] "GET /cormun/servlet/solicitudot?87a1c3b5aeec6bc02bc907a9619ccdac9f4e375ced50ac2e5d68ed1193cce8fab03768449024f504c7ac166ba037a0b89c321984c58d526419cb4682711ee0442a16d384caa187ea0ef57b9e8c8040b9ff3ef7394bacf3b816f65de8b0e5ad41c32087f71c54b23ce4097c0f0274733a39cf7f70636882a62c27cfa5d438bbaff708f01c7a73fce9486f11c9d0f6f2358940ba5df1d4e813f11c0698f5e10c4b,gx-no-cache=1520005503712 HTTP/1.1" 200 29
186.103.159.230 - - [02/Mar/2018:12:45:55 -0300] "POST /cormun/servlet/solicitudot?gx-no-cache=1520005503748 HTTP/1.1" 200 1318
186.103.159.230 - - [02/Mar/2018:12:45:55 -0300] "POST /cormun/servlet/solicitudot?gx-no-cache=1520005503801 HTTP/1.1" 200 1219
186.103.159.230 - - [02/Mar/2018:12:45:55 -0300] "GET /cormun/static/menuarrow.gif HTTP/1.1" 404 1015
186.103.159.230 - - [02/Mar/2018:12:45:57 -0300] "POST /cormun/servlet/solicitudot?gx-no-cache=1520005505447 HTTP/1.1" 200 1318
186.103.159.230 - - [02/Mar/2018:12:45:57 -0300] "POST /cormun/servlet/solicitudot?gx-no-cache=1520005505499 HTTP/1.1" 200 1219
186.103.157.42 - - [02/Mar/2018:12:45:58 -0300] "POST /cormun/servlet/prfichaempleado?b3837bfe18221220b680a613c25e08fa,,MD,,gxPopupLevel%3D0%3B,gx-no-cache=1520005510045 HTTP/1.1" 200 3489
186.103.159.189 - - [02/Mar/2018:12:45:58 -0300] "POST /cormun/servlet/trautorizarsolicitud?0c7e55f8da2a3bfeea22d219f3625c89,,gx-no-cache=1520005511286 HTTP/1.1" 200 4394
186.103.159.230 - - [02/Mar/2018:12:45:59 -0300] "GET /cormun/servlet/solicitudot?87a1c3b5aeec6bc02bc907a9619ccdaccdbf964f0b8742b6b8185eaa1c58fcbf598f62445eaa8d98b77012f147429e67,gx-no-cache=1520005507355 HTTP/1.1" 200 30
186.103.157.42 - - [02/Mar/2018:12:46:01 -0300] "POST /cormun/servlet/solicitudot?gx-no-cache=1520005513663 HTTP/1.1" 200 3420
186.103.157.42 - - [02/Mar/2018:12:46:02 -0300] "POST /cormun/servlet/solicitudot?b3837bfe18221220b680a613c25e08fa,INS,0,0,,gx-no-cache=1520005513792 HTTP/1.1" 200 10587
186.103.157.42 - - [02/Mar/2018:12:46:02 -0300] "GET /cormun/servlet/solicitudot?13cbe55e37dd534beadaaf792681ea37c6c3ffa955a950423e4f0ef486971a79d32605054047df8ad825815f1c845daa,gx-no-cache=1520005513997 HTTP/1.1" 200 30
186.103.157.42 - - [02/Mar/2018:12:46:05 -0300] "GET /cormun/servlet/solicitudot?13cbe55e37dd534beadaaf792681ea3711a4210a64c3270f83f15c80f26b2db1baff282a259e54514fe62c44751683a610e2b300dc0da89fbb55809c5492fa77,gx-no-cache=1520005517676 HTTP/1.1" 200 30
186.103.157.42 - - [02/Mar/2018:12:46:05 -0300] "GET /cormun/servlet/solicitudot?13cbe55e37dd534beadaaf792681ea37f5e418eac9e053d9401e5c7334e51bb1,gx-no-cache=1520005517726 HTTP/1.1" 200 53
186.103.157.42 - - [02/Mar/2018:12:46:06 -0300] "POST /cormun/servlet/solicitudot?gx-no-cache=1520005517772 HTTP/1.1" 200 255
186.103.159.189 - - [02/Mar/2018:12:46:06 -0300] "POST /cormun/servlet/trautorizarsolicitud?0c7e55f8da2a3bfeea22d219f3625c89,,gx-no-cache=1520005518554 HTTP/1.1" 200 6242
186.103.157.42 - - [02/Mar/2018:12:46:06 -0300] "GET /cormun/servlet/solicitudot?13cbe55e37dd534beadaaf792681ea37e65f51691f3d8ec2234ee01d2f48a492602ec9ba6875b2a8eff741b55364a201f35fe64364b950e067f875edac658e13451097461d2bdbfe0d1b7c7c55212614b66b4d40c4e1737e0dd4422fdb0ad9cb69c46aa1ffd66d10cb944cacfc0a8530a41cdde582763595c6b7192c458237894117ce1798252f900bb3e2471c72eae61268f137b34945cd6fa544af6d3110b08d6e77611aa301fd512e3d0f4507bd587f99b15f91f9b933c995dfd67ef9fafa8c23f60b066927c328d15d456a7232d5ddd5d7e64b359ea50169e57da650f5f75572cf4f3446382684bffb39ce6adfe2b46b7d0a035cbb3c5c56f628de2eb6e64725439f4a64cfaeba42a03b1ecd193dee178cce2b7fff4e8478dc4204160a140114844708a070aababd5cb5e383ef48784d6149caf4a259672e5298627e0715044e0189d220d30e7e2e5ede32460e9b107a87befa879946e4ca152b661766dcadee1db815a0d6fd7e2d960c95cd30d5563023229b4f9519f900f5d2a0abb990,gx-no-cache=1520005517837 HTTP/1.1" 200 30
186.103.157.42 - - [02/Mar/2018:12:46:08 -0300] "POST /cormun/servlet/solicitudot?gx-no-cache=1520005520002 HTTP/1.1" 200 30
186.103.157.42 - - [02/Mar/2018:12:46:09 -0300] "GET /cormun/servlet/prsolicitudot?7992920,,,,,MD,,gxPopupLevel%3D0%3B HTTP/1.1" 200 6529
186.103.159.230 - - [02/Mar/2018:12:46:09 -0300] "POST /cormun/servlet/solicitudot?gx-no-cache=1520005517510 HTTP/1.1" 200 30
186.103.156.24 - - [02/Mar/2018:12:46:09 -0300] "POST /cormun/servlet/hlogin?7c1e4726347e676e98bfd0890bb4b85e,gx-no-cache=1520005521833 HTTP/1.1" 200 90
