186.103.156.166 - - [02/Mar/2018:09:14:19 -0300] "GET /cormun/servlet/solicitudot?INS,0,0, HTTP/1.1" 200 13614
186.103.156.166 - - [02/Mar/2018:09:14:20 -0300] "GET /cormun/servlet/solicitudot?INS,0,0, HTTP/1.1" 200 13619
186.79.129.57 - - [02/Mar/2018:09:14:22 -0300] "GET /cormun/servlet/trautorizarsolicitud? HTTP/1.1" 200 7305
186.79.129.57 - - [02/Mar/2018:09:14:23 -0300] "GET /cormun/servlet/trautorizarsolicitud? HTTP/1.1" 200 7305
186.79.129.57 - - [02/Mar/2018:09:14:30 -0300] "GET /cormun/static/menuarrow.gif HTTP/1.1" 404 1015
192.168.10.96 - - [02/Mar/2018:09:14:33 -0300] "POST /cormun/servlet/trsolicitudgral?1d4ff14942b899bacd8d75544af79f57,,gx-no-cache=1519992711735 HTTP/1.1" 200 25019
186.103.156.166 - - [02/Mar/2018:09:14:46 -0300] "POST /cormun/servlet/solicitudot?gx-no-cache=1519992836628 HTTP/1.1" 200 3505
186.103.156.166 - - [02/Mar/2018:09:14:46 -0300] "GET /cormun/static/Shared/jqueryui/images/ui-bg_highlight-soft_100_c6c2c8_1x100.png HTTP/1.1" 404 1117
186.103.156.166 - - [02/Mar/2018:09:14:46 -0300] "GET /cormun/static/Shared/jqueryui/images/ui-bg_flat_55_994d53_40x100.png HTTP/1.1" 404 1097
186.103.156.166 - - [02/Mar/2018:09:14:46 -0300] "GET /cormun/static/Shared/jqueryui/images/ui-icons_82798d_256x240.png HTTP/1.1" 404 1089
186.103.156.166 - - [02/Mar/2018:09:14:46 -0300] "GET /cormun/static/Shared/jqueryui/images/ui-icons_ebccce_256x240.png HTTP/1.1" 404 1089
186.103.156.166 - - [02/Mar/2018:09:14:46 -0300] "GET /cormun/servlet/solicitudot?e1f2a04bbe03b972173225e54e07d7828dc24e88fa3fa42185f56a57a24615f3a607661291dd3e6aa43e2dc739b78378,gx-no-cache=1519992842335 HTTP/1.1" 200 30
186.103.156.166 - - [02/Mar/2018:09:14:56 -0300] "GET /cormun/servlet/prfichaempleado?,MD,,gxPopupLevel%3D0%3B HTTP/1.1" 200 9327
192.168.10.96 - - [02/Mar/2018:09:14:58 -0300] "POST /cormun/servlet/trsolicitudgral?1d4ff14942b899bacd8d75544af79f57,,gx-no-cache=1519992736065 HTTP/1.1" 200 23158
186.79.129.57 - - [02/Mar/2018:09:14:58 -0300] "POST /cormun/servlet/trautorizarsolicitud?fc67e2ae6501227e933f9e6fb5f58a05,,gx-no-cache=1519992849228 HTTP/1.1" 200 4402
192.168.10.96 - - [02/Mar/2018:09:15:04 -0300] "POST /cormun/servlet/trsolicitudgral?1d4ff14942b899bacd8d75544af79f57,,gx-no-cache=1519992743595 HTTP/1.1" 200 14171
186.103.156.166 - - [02/Mar/2018:09:15:06 -0300] "POST /cormun/servlet/solicitudot?gx-no-cache=1519992861725 HTTP/1.1" 200 3505
192.168.10.96 - - [02/Mar/2018:09:15:15 -0300] "POST /cormun/servlet/trsolicitudgral?1d4ff14942b899bacd8d75544af79f57,,gx-no-cache=1519992756281 HTTP/1.1" 200 5919
186.79.129.57 - - [02/Mar/2018:09:15:19 -0300] "GET /cormun/servlet/trsolicitudot? HTTP/1.1" 200 7244
192.168.10.96 - - [02/Mar/2018:09:15:19 -0300] "POST /cormun/servlet/trsolicitudgral?1d4ff14942b899bacd8d75544af79f57,,gx-no-cache=1519992759599 HTTP/1.1" 200 9683
186.79.129.57 - - [02/Mar/2018:09:15:21 -0300] "GET /cormun/servlet/trsolicitudot? HTTP/1.1" 200 7243
186.103.157.246 - - [02/Mar/2018:09:15:26 -0300] "GET /cormun/servlet/hlogin HTTP/1.1" 200 1708
192.168.10.96 - - [02/Mar/2018:09:15:26 -0300] "POST /cormun/servlet/trsolicitudgral?1d4ff14942b899bacd8d75544af79f57,,gx-no-cache=1519992765958 HTTP/1.1" 200 9574
186.103.157.246 - - [02/Mar/2018:09:15:26 -0300] "GET /cormun/static/Resources/Spanish/PXTools.css?11423723 HTTP/1.1" 304 -
186.79.129.57 - - [02/Mar/2018:09:15:26 -0300] "GET /cormun/servlet/solicitudot?INS,0,0, HTTP/1.1" 200 13644
186.103.157.246 - - [02/Mar/2018:09:15:26 -0300] "GET /cormun/static/gxtimezone.js?85251 HTTP/1.1" 304 -
186.103.157.246 - - [02/Mar/2018:09:15:26 -0300] "GET /cormun/static/gxcfg.js?20175251213516 HTTP/1.1" 304 -
186.103.157.246 - - [02/Mar/2018:09:15:26 -0300] "GET /cormun/static/messages.spa.js?85251 HTTP/1.1" 304 -
186.103.157.246 - - [02/Mar/2018:09:15:26 -0300] "GET /cormun/static/hlogin.js?20175251213537 HTTP/1.1" 304 -
186.103.157.246 - - [02/Mar/2018:09:15:27 -0300] "GET /cormun/static/gxgral.js?85251 HTTP/1.1" 304 -
186.103.157.246 - - [02/Mar/2018:09:15:27 -0300] "GET /cormun/static/Resources/ComunLogin.png HTTP/1.1" 304 -
186.103.157.246 - - [02/Mar/2018:09:15:27 -0300] "GET /cormun/static/Resources/PXToolsLoginTop.png HTTP/1.1" 304 -
186.103.157.246 - - [02/Mar/2018:09:15:27 -0300] "GET /cormun/static/Resources/PXToolsButtonRight21.png HTTP/1.1" 304 -
186.103.157.246 - - [02/Mar/2018:09:15:27 -0300] "GET /cormun/static/Resources/PXToolsButtonBackground2.png HTTP/1.1" 304 -
186.103.157.246 - - [02/Mar/2018:09:15:27 -0300] "GET /cormun/static/Resources/PXToolsLoginBottom.png HTTP/1.1" 304 -
186.103.157.246 - - [02/Mar/2018:09:15:27 -0300] "GET /cormun/static/Resources/PXToolsButtonLeft21.png HTTP/1.1" 304 -
186.79.129.57 - - [02/Mar/2018:09:15:27 -0300] "GET /cormun/servlet/solicitudot?INS,0,0, HTTP/1.1" 200 13649
186.103.157.246 - - [02/Mar/2018:09:15:28 -0300] "GET /cormun/static/Resources/PXToolsLoginBackground.png HTTP/1.1" 304 -
186.103.157.246 - - [02/Mar/2018:09:15:28 -0300] "GET /cormun/static/Resources/indicator.gif HTTP/1.1" 304 -
192.168.10.96 - - [02/Mar/2018:09:15:32 -0300] "POST /cormun/servlet/trsolicitudgral?1d4ff14942b899bacd8d75544af79f57,,gx-no-cache=1519992772576 HTTP/1.1" 200 5921
192.168.10.96 - - [02/Mar/2018:09:15:37 -0300] "POST /cormun/servlet/trsolicitudgral?1d4ff14942b899bacd8d75544af79f57,,gx-no-cache=1519992776542 HTTP/1.1" 200 23158
186.103.157.246 - - [02/Mar/2018:09:15:39 -0300] "POST /cormun/servlet/hlogin?8717026766da2961fd6c2955fc9b580c,gx-no-cache=1519992891968 HTTP/1.1" 200 90
186.103.157.246 - - [02/Mar/2018:09:15:40 -0300] "GET /cormun/servlet/hpexe_link HTTP/1.1" 200 942
186.103.157.246 - - [02/Mar/2018:09:15:40 -0300] "GET /cormun/static/Resources/Spanish/PXTools.css?1155365 HTTP/1.1" 304 -
186.103.157.246 - - [02/Mar/2018:09:15:40 -0300] "GET /cormun/static/gxcfg.js?20177612121792 HTTP/1.1" 304 -
186.103.157.246 - - [02/Mar/2018:09:15:40 -0300] "GET /cormun/static/hpexe_link.js?20177612121795 HTTP/1.1" 304 -
186.103.157.246 - - [02/Mar/2018:09:15:40 -0300] "GET /cormun/servlet/hhome HTTP/1.1" 200 3873
186.103.157.246 - - [02/Mar/2018:09:15:40 -0300] "GET /cormun/static/Shared/jqueryui/jquery-ui.min.css?1245370 HTTP/1.1" 304 -
186.103.157.246 - - [02/Mar/2018:09:15:40 -0300] "GET /cormun/static/SmoothNavMenu/resources/ddsmoothmenu.css?1012540 HTTP/1.1" 304 -
186.103.157.246 - - [02/Mar/2018:09:15:40 -0300] "GET /cormun/static/SmoothNavMenu/resources/ddsmoothmenu-v.css?1012540 HTTP/1.1" 304 -
186.103.157.246 - - [02/Mar/2018:09:15:40 -0300] "GET /cormun/static/scaMessage/css/jquery.pnotify.default.css?1716380 HTTP/1.1" 304 -
186.103.157.246 - - [02/Mar/2018:09:15:40 -0300] "GET /cormun/static/gxcfg.js?20175251212442 HTTP/1.1" 304 -
186.103.157.246 - - [02/Mar/2018:09:15:40 -0300] "GET /cormun/static/PXToolsJavascripts/pexe_cookies.js HTTP/1.1" 304 -
186.103.157.246 - - [02/Mar/2018:09:15:40 -0300] "GET /cormun/static/PXToolsJavascripts/pexe_autoreload.js HTTP/1.1" 304 -
186.103.157.246 - - [02/Mar/2018:09:15:40 -0300] "GET /cormun/static/PXToolsJavascripts/pexe_windows.js HTTP/1.1" 304 -
186.103.157.246 - - [02/Mar/2018:09:15:40 -0300] "GET /cormun/static/PXToolsJavascripts/pexe_grid.js HTTP/1.1" 304 -
186.103.157.246 - - [02/Mar/2018:09:15:40 -0300] "GET /cormun/static/PXToolsJavascripts/pexe_griddivfix.js HTTP/1.1" 304 -
186.103.157.246 - - [02/Mar/2018:09:15:40 -0300] "GET /cormun/static/PXToolsJavascripts/pexe_link.js HTTP/1.1" 304 -
186.103.157.246 - - [02/Mar/2018:09:15:40 -0300] "GET /cormun/static/PXToolsJavascripts/pexe_menudivfix.js HTTP/1.1" 304 -
186.103.157.246 - - [02/Mar/2018:09:15:40 -0300] "GET /cormun/static/PXToolsJavascripts/pexe_menus.js HTTP/1.1" 304 -
186.103.157.246 - - [02/Mar/2018:09:15:40 -0300] "GET /cormun/static/PXToolsJavascripts/pexe_layers.js HTTP/1.1" 304 -
186.103.157.246 - - [02/Mar/2018:09:15:40 -0300] "GET /cormun/static/PXToolsJavascripts/pexe_oav.js HTTP/1.1" 304 -
186.103.157.246 - - [02/Mar/2018:09:15:40 -0300] "GET /cormun/static/PXToolsJavascripts/pexe_oavdivfix.js HTTP/1.1" 304 -
186.103.157.246 - - [02/Mar/2018:09:15:40 -0300] "GET /cormun/static/PXToolsJavascripts/pexe_picture.js HTTP/1.1" 304 -
186.103.157.246 - - [02/Mar/2018:09:15:40 -0300] "GET /cormun/static/PXToolsJavascripts/pexe_popup.js HTTP/1.1" 304 -
186.103.157.246 - - [02/Mar/2018:09:15:40 -0300] "GET /cormun/static/PXToolsJavascripts/pexe_scrolldiv.js HTTP/1.1" 304 -
186.103.157.246 - - [02/Mar/2018:09:15:40 -0300] "GET /cormun/static/PXToolsJavascripts/pexe_tabdivfix.js HTTP/1.1" 304 -
186.103.157.246 - - [02/Mar/2018:09:15:40 -0300] "GET /cormun/static/PXToolsJavascripts/pexe_tabs.js HTTP/1.1" 304 -
186.103.157.246 - - [02/Mar/2018:09:15:40 -0300] "GET /cormun/static/PXToolsJavascripts/pexe_upload.js HTTP/1.1" 304 -
186.103.157.246 - - [02/Mar/2018:09:15:40 -0300] "GET /cormun/static/PXToolsJavascripts/PXToolsJavascriptsRender.js HTTP/1.1" 304 -
186.103.157.246 - - [02/Mar/2018:09:15:40 -0300] "GET /cormun/static/RunJS/RunJS.js HTTP/1.1" 304 -
186.103.157.246 - - [02/Mar/2018:09:15:41 -0300] "GET /cormun/static/Shared/ext/ext-all.js HTTP/1.1" 304 -
186.103.157.246 - - [02/Mar/2018:09:15:41 -0300] "GET /cormun/static/gxui/gxui-all.js HTTP/1.1" 304 -
186.103.157.246 - - [02/Mar/2018:09:15:41 -0300] "GET /cormun/static/Shared/ext/locale/ext-lang-en.js HTTP/1.1" 304 -
186.103.157.246 - - [02/Mar/2018:09:15:41 -0300] "GET /cormun/static/hhome.js?20175251212450 HTTP/1.1" 304 -
186.103.157.246 - - [02/Mar/2018:09:15:41 -0300] "GET /cormun/static/hwchdr01.js?201752511465785 HTTP/1.1" 304 -
186.103.157.246 - - [02/Mar/2018:09:15:41 -0300] "GET /cormun/static/hpexe_recentlink.js?20177611595044 HTTP/1.1" 304 -
186.103.157.246 - - [02/Mar/2018:09:15:41 -0300] "GET /cormun/static/hpexe_scripts.js?201752511465715 HTTP/1.1" 304 -
186.103.157.246 - - [02/Mar/2018:09:15:41 -0300] "GET /cormun/static/hpexe_messagecontroller.js?20177611595012 HTTP/1.1" 304 -
186.103.157.246 - - [02/Mar/2018:09:15:41 -0300] "GET /cormun/static/hpexe_messagepopupcomponent.js?20161017169425 HTTP/1.1" 304 -
186.103.157.246 - - [02/Mar/2018:09:15:41 -0300] "GET /cormun/static/hpexe_messagegenexuscomponent.js?201752511465344 HTTP/1.1" 304 -
186.103.157.246 - - [02/Mar/2018:09:15:41 -0300] "GET /cormun/static/cmcontrolpreferences.js?201752511465670 HTTP/1.1" 304 -
186.103.157.246 - - [02/Mar/2018:09:15:41 -0300] "GET /cormun/static/Shared/jquery/jquery-1.4.2.min.js HTTP/1.1" 304 -
186.103.157.246 - - [02/Mar/2018:09:15:41 -0300] "GET /cormun/static/Shared/jquery/jquery-1.10.2.min.js HTTP/1.1" 304 -
186.103.157.246 - - [02/Mar/2018:09:15:41 -0300] "GET /cormun/static/Shared/jqueryui/jquery-ui.min.js HTTP/1.1" 304 -
186.103.157.246 - - [02/Mar/2018:09:15:41 -0300] "GET /cormun/static/SmoothNavMenu/resources/ddsmoothmenu.js HTTP/1.1" 304 -
186.103.157.246 - - [02/Mar/2018:09:15:41 -0300] "GET /cormun/static/SmoothNavMenu/resources/SmoothNavMenuRender.js HTTP/1.1" 304 -
186.103.157.246 - - [02/Mar/2018:09:15:41 -0300] "GET /cormun/static/scaMessage/js/jquery.pnotify.min.js HTTP/1.1" 304 -
186.103.157.246 - - [02/Mar/2018:09:15:41 -0300] "GET /cormun/static/scaMessage/scaMessageRender.js HTTP/1.1" 304 -
186.103.157.246 - - [02/Mar/2018:09:15:41 -0300] "GET /cormun/static/hmpwkw03.js?20177612122668 HTTP/1.1" 304 -
186.103.157.246 - - [02/Mar/2018:09:15:41 -0300] "GET /cormun/static/Resources/logo4.png HTTP/1.1" 304 -
186.103.157.246 - - [02/Mar/2018:09:15:41 -0300] "GET /cormun/static/Resources/PXToolsHeaderActionsLeft.png HTTP/1.1" 304 -
186.103.157.246 - - [02/Mar/2018:09:15:41 -0300] "GET /cormun/static/Resources/PXToolsHeaderHome.png HTTP/1.1" 304 -
186.103.157.246 - - [02/Mar/2018:09:15:41 -0300] "GET /cormun/static/Resources/PXToolsHeaderLogin.png HTTP/1.1" 304 -
186.103.157.246 - - [02/Mar/2018:09:15:41 -0300] "GET /cormun/static/Resources/PXToolsFooterBackground2.png HTTP/1.1" 304 -
186.103.157.246 - - [02/Mar/2018:09:15:41 -0300] "GET /cormun/static/Resources/PXToolsHeaderPreferences.png HTTP/1.1" 304 -
186.103.157.246 - - [02/Mar/2018:09:15:41 -0300] "GET /cormun/static/Resources/PXToolsHeaderBackground2.png HTTP/1.1" 304 -
186.103.157.246 - - [02/Mar/2018:09:15:41 -0300] "GET /cormun/static/Resources/PXToolsHeaderSecurity.png HTTP/1.1" 304 -
186.103.157.246 - - [02/Mar/2018:09:15:41 -0300] "GET /cormun/static/Resources/PXToolsHeaderActionsRight.png HTTP/1.1" 304 -
186.103.157.246 - - [02/Mar/2018:09:15:41 -0300] "GET /cormun/static/Resources/PXToolsHeaderActionsBackground.png HTTP/1.1" 304 -
186.103.157.246 - - [02/Mar/2018:09:15:41 -0300] "GET /cormun/static/Resources/PXToolsDataTitle.png HTTP/1.1" 304 -
186.103.157.246 - - [02/Mar/2018:09:15:42 -0300] "GET /cormun/static/SmoothNavMenu/resources/images/down.gif HTTP/1.1" 304 -
186.79.129.57 - - [02/Mar/2018:09:15:45 -0300] "POST /cormun/servlet/solicitudot?gx-no-cache=1519992897238 HTTP/1.1" 200 3293
186.79.129.57 - - [02/Mar/2018:09:15:46 -0300] "POST /cormun/servlet/solicitudot?fc67e2ae6501227e933f9e6fb5f58a05,INS,0,0,,gx-no-cache=1519992898539 HTTP/1.1" 200 10444
192.168.10.96 - - [02/Mar/2018:09:15:49 -0300] "POST /cormun/servlet/trsolicitudgral?1d4ff14942b899bacd8d75544af79f57,,gx-no-cache=1519992788770 HTTP/1.1" 200 14169
186.79.129.57 - - [02/Mar/2018:09:15:49 -0300] "GET /cormun/servlet/solicitudot?2e5cdd4c2384db40e514b837ef1794f4f292a41b55a42684f8a64a512e89da657374fae9c5767ffc9e8d5e0d1b65a15c,gx-no-cache=1519992902586 HTTP/1.1" 200 30
186.103.157.246 - - [02/Mar/2018:09:15:52 -0300] "GET /cormun/servlet/trsolicitudot? HTTP/1.1" 200 8897
186.103.157.246 - - [02/Mar/2018:09:15:52 -0300] "GET /cormun/static/gxui/gxui-all.css?120300 HTTP/1.1" 304 -
186.103.157.246 - - [02/Mar/2018:09:15:52 -0300] "GET /cormun/static/Resources/Spanish/PXTools.css?1255365 HTTP/1.1" 304 -
186.103.157.246 - - [02/Mar/2018:09:15:52 -0300] "GET /cormun/static/calendar-system.css?85620 HTTP/1.1" 304 -
186.103.157.246 - - [02/Mar/2018:09:15:52 -0300] "GET /cormun/static/gxcfg.js?2017111422585916 HTTP/1.1" 304 -
186.103.157.246 - - [02/Mar/2018:09:15:52 -0300] "GET /cormun/static/calendar.js?85251 HTTP/1.1" 304 -
186.103.157.246 - - [02/Mar/2018:09:15:52 -0300] "GET /cormun/static/calendar-setup.js?85251 HTTP/1.1" 304 -
186.103.157.246 - - [02/Mar/2018:09:15:52 -0300] "GET /cormun/static/calendar-es.js?85251 HTTP/1.1" 304 -
186.103.157.246 - - [02/Mar/2018:09:15:52 -0300] "GET /cormun/static/Shared/ext/resources/css/ext-all.css?215870 HTTP/1.1" 304 -
186.103.157.246 - - [02/Mar/2018:09:15:53 -0300] "GET /cormun/static/Resources/PXToolsDataSearch.png HTTP/1.1" 304 -
186.103.157.246 - - [02/Mar/2018:09:15:53 -0300] "GET /cormun/static/Resources/PXTools/calendar.png HTTP/1.1" 304 -
186.103.157.246 - - [02/Mar/2018:09:15:53 -0300] "GET /cormun/static/Resources/PXToolsGridFirstDisabled.gif HTTP/1.1" 304 -
186.103.157.246 - - [02/Mar/2018:09:15:53 -0300] "GET /cormun/static/Resources/PXToolsGridNextDisabled.gif HTTP/1.1" 304 -
186.103.157.246 - - [02/Mar/2018:09:15:53 -0300] "GET /cormun/static/Resources/PXToolsGridLastDisabled.gif HTTP/1.1" 304 -
186.103.157.246 - - [02/Mar/2018:09:15:53 -0300] "GET /cormun/static/Resources/PXToolsGridPreviousDisabled.gif HTTP/1.1" 304 -
186.103.157.246 - - [02/Mar/2018:09:15:53 -0300] "GET /cormun/static/Resources/PXToolsGridPage.gif HTTP/1.1" 304 -
186.103.157.246 - - [02/Mar/2018:09:15:53 -0300] "GET /cormun/static/Resources/PXToolsActionExcel.png HTTP/1.1" 304 -
186.103.157.246 - - [02/Mar/2018:09:15:53 -0300] "GET /cormun/static/gxdec.js?85251 HTTP/1.1" 304 -
186.103.157.246 - - [02/Mar/2018:09:15:53 -0300] "GET /cormun/static/trsolicitudot.js?201711142259839 HTTP/1.1" 304 -
186.103.157.246 - - [02/Mar/2018:09:15:53 -0300] "GET /cormun/static/Resources/PXToolsGridNew.png HTTP/1.1" 304 -
186.103.157.246 - - [02/Mar/2018:09:15:53 -0300] "GET /cormun/static/Resources/asc.gif HTTP/1.1" 304 -
186.103.157.246 - - [02/Mar/2018:09:15:53 -0300] "GET /cormun/static/Resources/desc.gif HTTP/1.1" 304 -
186.103.157.246 - - [02/Mar/2018:09:15:53 -0300] "GET /cormun//static/Resources/PXToolsGridUpdate.png HTTP/1.1" 304 -
186.103.157.246 - - [02/Mar/2018:09:15:53 -0300] "GET /cormun//static/Resources/PXToolsGridDelete.png HTTP/1.1" 304 -
186.103.157.246 - - [02/Mar/2018:09:15:53 -0300] "GET /cormun//static/Resources/PXToolsRemoveAllAction.png HTTP/1.1" 304 -
186.103.157.246 - - [02/Mar/2018:09:15:53 -0300] "GET /cormun//static/Resources/PXToolsActionView.png HTTP/1.1" 304 -
186.103.157.246 - - [02/Mar/2018:09:15:54 -0300] "GET /cormun//static/Resources/PXTools/ActionInsert.png HTTP/1.1" 304 -
186.103.157.246 - - [02/Mar/2018:09:15:54 -0300] "GET /cormun/static/Shared/ext/resources/themes/images/default/tools/tool-sprites.gif HTTP/1.1" 304 -
186.103.157.246 - - [02/Mar/2018:09:15:54 -0300] "GET /cormun/static/Shared/ext/resources/themes/images/default/tip/tip-corners.gif HTTP/1.1" 304 -
186.103.157.246 - - [02/Mar/2018:09:15:54 -0300] "GET /cormun/static/Shared/ext/resources/themes/images/default/tip/tip-sides.gif HTTP/1.1" 304 -
186.103.157.246 - - [02/Mar/2018:09:15:54 -0300] "GET /cormun/static/Shared/ext/resources/themes/images/default/panel/bg-headersPanel.png HTTP/1.1" 304 -
192.168.10.96 - - [02/Mar/2018:09:15:59 -0300] "POST /cormun/servlet/trsolicitudgral?1d4ff14942b899bacd8d75544af79f57,,gx-no-cache=1519992799631 HTTP/1.1" 200 5918
186.103.157.246 - - [02/Mar/2018:09:16:02 -0300] "POST /cormun/servlet/trsolicitudot?8717026766da2961fd6c2955fc9b580c,,gx-no-cache=1519992912626 HTTP/1.1" 200 5669
186.103.157.246 - - [02/Mar/2018:09:16:02 -0300] "GET /cormun/static/Shared/jqueryui/images/ui-icons_82798d_256x240.png HTTP/1.1" 404 1089
186.103.157.246 - - [02/Mar/2018:09:16:02 -0300] "GET /cormun/static/Shared/jqueryui/images/ui-bg_highlight-soft_100_c6c2c8_1x100.png HTTP/1.1" 404 1117
186.103.157.246 - - [02/Mar/2018:09:16:02 -0300] "GET /cormun/static/Shared/jqueryui/images/ui-bg_flat_55_fafafa_40x100.png HTTP/1.1" 404 1097
186.103.157.246 - - [02/Mar/2018:09:16:02 -0300] "GET /cormun/static/Shared/jqueryui/images/ui-icons_8d78a5_256x240.png HTTP/1.1" 404 1089
192.168.10.96 - - [02/Mar/2018:09:16:03 -0300] "POST /cormun/servlet/trsolicitudgral?1d4ff14942b899bacd8d75544af79f57,,gx-no-cache=1519992803246 HTTP/1.1" 200 9684
186.103.157.246 - - [02/Mar/2018:09:16:03 -0300] "POST /cormun/servlet/trsolicitudot?8717026766da2961fd6c2955fc9b580c,,gx-no-cache=1519992915345 HTTP/1.1" 200 5614
186.103.157.246 - - [02/Mar/2018:09:16:06 -0300] "POST /cormun/servlet/trsolicitudot?8717026766da2961fd6c2955fc9b580c,,gx-no-cache=1519992918679 HTTP/1.1" 200 4462
186.103.157.246 - - [02/Mar/2018:09:16:07 -0300] "POST /cormun/servlet/trsolicitudot?8717026766da2961fd6c2955fc9b580c,,gx-no-cache=1519992919683 HTTP/1.1" 200 4245
192.168.10.96 - - [02/Mar/2018:09:16:10 -0300] "POST /cormun/servlet/trsolicitudgral?1d4ff14942b899bacd8d75544af79f57,,gx-no-cache=1519992810735 HTTP/1.1" 200 5918
186.103.156.166 - - [02/Mar/2018:09:16:10 -0300] "GET /cormun/servlet/solicitudot?e1f2a04bbe03b972173225e54e07d782f696aeba0d6ec2e1e88821e8ea1195e0a2947c30c877087d238293b7d1bf868be5fca9588a77ce18f1625f2d3cf4f0ed,gx-no-cache=1519992926819 HTTP/1.1" 200 30
186.103.157.246 - - [02/Mar/2018:09:16:11 -0300] "GET /cormun/servlet/solicitudot?INS,0,0, HTTP/1.1" 200 13331
186.103.157.246 - - [02/Mar/2018:09:16:12 -0300] "GET /cormun/static/gxcfg.js?201812313224582 HTTP/1.1" 304 -
186.103.157.246 - - [02/Mar/2018:09:16:12 -0300] "GET /cormun/static/Resources/prompt.gif HTTP/1.1" 304 -
186.103.157.246 - - [02/Mar/2018:09:16:12 -0300] "GET /cormun/static/solicitudot.js?201812313224831 HTTP/1.1" 304 -
186.103.156.166 - - [02/Mar/2018:09:16:13 -0300] "GET /cormun/servlet/prbanco?,MD,,gxPopupLevel%3D0%3B HTTP/1.1" 200 6604
186.103.159.43 - - [02/Mar/2018:09:16:25 -0300] "GET /cormun/servlet/hlogin HTTP/1.1" 200 1718
186.103.156.166 - - [02/Mar/2018:09:16:26 -0300] "GET /cormun/servlet/solicitudot?e1f2a04bbe03b972173225e54e07d782198787c322b6425c5bb29fe369c915c7,gx-no-cache=1519992942001 HTTP/1.1" 200 53
192.168.10.96 - - [02/Mar/2018:09:16:27 -0300] "POST /cormun/servlet/trsolicitudgral?1d4ff14942b899bacd8d75544af79f57,,gx-no-cache=1519992828077 HTTP/1.1" 200 9202
186.103.159.43 - - [02/Mar/2018:09:16:28 -0300] "GET /cormun/servlet/hlogin HTTP/1.1" 200 1718
186.103.159.43 - - [02/Mar/2018:09:16:29 -0300] "GET /cormun/servlet/hlogin HTTP/1.1" 200 1728
186.103.159.43 - - [02/Mar/2018:09:16:31 -0300] "POST /cormun/servlet/hlogin?b26ebc51873f15b00ccc8c1bb36a92e8,gx-no-cache=1519992945570 HTTP/1.1" 200 90
186.103.159.43 - - [02/Mar/2018:09:16:31 -0300] "GET /cormun/servlet/hpexe_link HTTP/1.1" 200 949
192.168.10.96 - - [02/Mar/2018:09:16:32 -0300] "GET /cormun/servlet/vesolicitudgral?2018,9549,, HTTP/1.1" 200 9272
192.168.10.96 - - [02/Mar/2018:09:16:32 -0300] "GET /cormun/pexe_scrolldiv.js HTTP/1.1" 404 1009
192.168.10.96 - - [02/Mar/2018:09:16:32 -0300] "GET /cormun/pexe_scrolldiv.js HTTP/1.1" 404 1009
186.103.159.43 - - [02/Mar/2018:09:16:33 -0300] "GET /cormun/servlet/hhome HTTP/1.1" 200 3924
192.168.10.96 - - [02/Mar/2018:09:16:33 -0300] "GET /cormun/servlet/vesolicitudgral?2018,9549,, HTTP/1.1" 200 9272
186.103.159.43 - - [02/Mar/2018:09:16:34 -0300] "GET /cormun/servlet/hhome HTTP/1.1" 200 3922
186.103.159.43 - - [02/Mar/2018:09:16:42 -0300] "GET /cormun/servlet/trvisualizadoreventos? HTTP/1.1" 200 6647
186.103.159.43 - - [02/Mar/2018:09:16:43 -0300] "GET /cormun/servlet/trvisualizadoreventos? HTTP/1.1" 200 6648
186.103.156.166 - - [02/Mar/2018:09:16:47 -0300] "GET /cormun/servlet/solicitudot?e1f2a04bbe03b972173225e54e07d78223e2723be83d7fd527825def5d02b93a5a0b3439d2a9dd48ffc461ec7ecfb21935c7c4c7491e65cb62c6a6479990b57c9cd64bc1df77a9630506294daa6a50c8eedeb2692a6ff594d593aab768a9079723a2c5bf240e770dfd8da736001e077ced284cca6800ab608988f086d4925b18a278183876739895c1d7c3957624358c14790ce6baf30b697b518e9a02a50e07ccdf285419fb94e3c0db895f83c50d0431f0567928ef33dcffe3bd2905285ffc9ecfd37ec805e8f58b422503c5e35e4e85cb3ef537f40fafdf90e2e2616474c2535b210f399a658979b7e928ebc623ad60c7ea99a8589d48ce53c96b0110894d4258a7a2d483e1b07bcf0f03544f5ce79614a64c3802852b70d8c692c3a228aabd94a1d88cc6dc903ce4b56b99fc260352717147947e86476ec7b509ddf66bcbc840a45098fa59d5f54f21387a59e56a,gx-no-cache=1519992963396 HTTP/1.1" 200 240
192.168.10.96 - - [02/Mar/2018:09:16:51 -0300] "GET /cormun/servlet/vesolicitudgral?2018,9549,,SolicitudOTAdjuntos HTTP/1.1" 200 11269
192.168.10.96 - - [02/Mar/2018:09:16:51 -0300] "GET /cormun/pexe_scrolldiv.js HTTP/1.1" 404 1009
192.168.10.96 - - [02/Mar/2018:09:16:51 -0300] "GET /cormun/pexe_scrolldiv.js HTTP/1.1" 404 1009
186.103.157.246 - - [02/Mar/2018:09:16:51 -0300] "POST /cormun/servlet/solicitudot?gx-no-cache=1519992961895 HTTP/1.1" 200 3414
192.168.10.96 - - [02/Mar/2018:09:16:53 -0300] "GET /cormun/PublicTempStorage/c.i._n._bobadilla39368.jpg HTTP/1.1" 200 3068569
192.168.10.96 - - [02/Mar/2018:09:16:54 -0300] "POST /cormun/servlet/acontrolpreferencessavestate?None,DZAMUDIO,true HTTP/1.1" 200 35
186.103.156.166 - - [02/Mar/2018:09:16:57 -0300] "GET /cormun/servlet/solicitudot?e1f2a04bbe03b972173225e54e07d7820d6ae9d58b9ff51bf8faace2f05c8f84d718faeccf63d35ee9f1e2e92bc782cf8b09401e4703702a70792400c00b9175b1ca7d064cdf8492c5f46f9ff744698619ffdb006626fe0a8afb2c4fef6089b67aca55e332e3b0694a98ce6ed60650579aecacddb4fddfb39c668808249f69df283d12d2caebda30c20b0c932ebf1a2e3902709924cc0b6bed0ce8fd603fe9c61733e0d6a752285105f6611163d359ed911fecb951358e854ba619f6b22b1262aac6760f8bd6f384d2c9479351d89d87e68c94d67f8c71f7e5ed65ba6dbca3b2a49919e66bfcbad1d1ed3e30e17f98055813a5ec1417cdd3f63995494f4ed565ba30555136bf1b4841c199f0129bfea30b97291e3fddc4b0c7a56c4dea5729a24ca8d8a9140093500c78169165072cf12fb78387c0478ab2146101d12d267decdcb6146445359fdb4938b71cc73c7a13e37195e8b605c18d56dcf34539773818bba78d78cb005da0efd5fa59f6fcc72b880be61e6e2b54a7defb83454e379b51,gx-no-cache=1519992967765 HTTP/1.1" 200 30
186.103.159.43 - - [02/Mar/2018:09:16:57 -0300] "GET /cormun/servlet/trsolicitudot? HTTP/1.1" 200 7131
186.103.156.166 - - [02/Mar/2018:09:16:57 -0300] "POST /cormun/servlet/solicitudot?gx-no-cache=1519992973432 HTTP/1.1" 200 30
186.103.159.43 - - [02/Mar/2018:09:16:58 -0300] "GET /cormun/servlet/trvisualizadoreventos? HTTP/1.1" 200 6648
186.103.156.166 - - [02/Mar/2018:09:16:58 -0300] "POST /cormun/servlet/solicitudot?gx-no-cache=1519992973978 HTTP/1.1" 200 1331
186.103.157.246 - - [02/Mar/2018:09:16:58 -0300] "POST /cormun/servlet/solicitudot?8717026766da2961fd6c2955fc9b580c,INS,0,0,,gx-no-cache=1519992964825 HTTP/1.1" 200 10357
186.103.156.166 - - [02/Mar/2018:09:16:58 -0300] "POST /cormun/servlet/solicitudot?gx-no-cache=1519992974297 HTTP/1.1" 200 38
192.168.10.96 - - [02/Mar/2018:09:16:58 -0300] "GET /cormun/servlet/vesolicitudgral?2018,9549,,SolicitudOTAdjuntos HTTP/1.1" 200 11274
186.103.159.43 - - [02/Mar/2018:09:16:59 -0300] "GET /cormun/servlet/trvisualizadoreventos? HTTP/1.1" 200 6648
186.79.129.57 - - [02/Mar/2018:09:16:59 -0300] "GET /cormun/servlet/solicitudot?2e5cdd4c2384db40e514b837ef1794f4864009fbe1478f2afc7db9744159f2ec0b6303810d71fb3b14065fd55e38dff0,gx-no-cache=1519992972217 HTTP/1.1" 200 30
186.79.129.57 - - [02/Mar/2018:09:16:59 -0300] "GET /cormun/servlet/solicitudot?2e5cdd4c2384db40e514b837ef1794f4b90bd301bf592f12daa0848660dc2e63,gx-no-cache=1519992972490 HTTP/1.1" 200 29
186.103.157.246 - - [02/Mar/2018:09:17:03 -0300] "GET /cormun/servlet/solicitudot?3ad47763fe393c9a749a6bce1a1c5ddc5d6fae8d0542c855b92d375ae79b68c4e404a4c4257b6d9625974ef17fc6be3d,gx-no-cache=1519992975478 HTTP/1.1" 200 30
186.79.129.57 - - [02/Mar/2018:09:17:04 -0300] "POST /cormun/servlet/solicitudot?gx-no-cache=1519992977013 HTTP/1.1" 200 255
186.79.129.57 - - [02/Mar/2018:09:17:06 -0300] "GET /cormun/servlet/solicitudot?2e5cdd4c2384db40e514b837ef1794f4cd818351ef5dfcb61aa4e0689a103061be411436c84d02ff181913671c51df56b9d3a5ef99ddea31f3d4ca148df11cc74954cde73b460da86d6944792fd00e428b60e0583bc937f28516217b790099e14ddead8ccbde060d177bbb6f365a3306540d750b6a591eb5db389eabdcfe696f71d2ac50a52c56f10d06590cf75ad858c157fcadd925e4d33302caa2bcfacae4dccb798ff8fcc773e568510a217bbcf79295f1a08d9ec636535717373ce4f6efe6f3eb8cd7376e12f6b16cf22af45e857d49465f6859da7f81bb06a60d9b6ae99c0ced18e036f046165c1598ea8e3c1fc5e66273b2de057b2cf6c58d035c9d5f4ee7853e3e66f33e38dd505bbdddd8cff937669470633140c032da27f116bbfdff63162da6e4d8f326863670dded08f1a23b85c25d97d3b5933b1bf61d78b62dd44814e422d8b5cfacbd54fb3a7db35c9b49ef19e30a234d3bffb5db51b80de16dcd49d045d7708ad46e4f078b749cb3410b543cbfc580daa22a7888a790b1a6,gx-no-cache=1519992979378 HTTP/1.1" 200 30
186.103.157.246 - - [02/Mar/2018:09:17:06 -0300] "GET /cormun/servlet/solicitudot?3ad47763fe393c9a749a6bce1a1c5ddcc2321c523f9fa42da5c3fba9b0409f6f2c915d0fa435af3cbde33bb054260c05b63c90b5e009688b763326eaf523ad73,gx-no-cache=1519992976597 HTTP/1.1" 200 30
186.103.157.246 - - [02/Mar/2018:09:17:06 -0300] "GET /cormun/servlet/solicitudot?3ad47763fe393c9a749a6bce1a1c5ddc37cc350fe7737c087c7a34b783a16bb9,gx-no-cache=1519992979628 HTTP/1.1" 200 53
186.79.129.57 - - [02/Mar/2018:09:17:09 -0300] "POST /cormun/servlet/solicitudot?gx-no-cache=1519992982789 HTTP/1.1" 200 30
186.79.129.57 - - [02/Mar/2018:09:17:11 -0300] "POST /cormun/servlet/solicitudot?gx-no-cache=1519992984617 HTTP/1.1" 200 1333
186.79.129.57 - - [02/Mar/2018:09:17:11 -0300] "POST /cormun/servlet/solicitudot?gx-no-cache=1519992984857 HTTP/1.1" 200 38
186.103.159.182 - - [02/Mar/2018:09:17:12 -0300] "GET /cormun/servlet/hlogin HTTP/1.1" 200 1715
186.103.159.182 - - [02/Mar/2018:09:17:13 -0300] "GET /cormun/static/gxtimezone.js?85251 HTTP/1.1" 200 5781
186.103.159.182 - - [02/Mar/2018:09:17:13 -0300] "GET /cormun/static/gxcfg.js?20175251213516 HTTP/1.1" 200 953
186.103.159.182 - - [02/Mar/2018:09:17:14 -0300] "GET /cormun/static/Resources/Spanish/PXTools.css?11423723 HTTP/1.1" 200 89042
186.103.159.182 - - [02/Mar/2018:09:17:14 -0300] "GET /cormun/static/messages.spa.js?85251 HTTP/1.1" 200 30736
186.103.159.182 - - [02/Mar/2018:09:17:14 -0300] "GET /cormun/static/hlogin.js?20175251213537 HTTP/1.1" 200 2136
186.103.159.182 - - [02/Mar/2018:09:17:14 -0300] "GET /cormun/static/gxgral.js?85251 HTTP/1.1" 200 384558
186.103.159.182 - - [02/Mar/2018:09:17:14 -0300] "GET /cormun/static/Resources/ComunLogin.png HTTP/1.1" 200 17326
186.103.159.182 - - [02/Mar/2018:09:17:14 -0300] "GET /cormun/static/Resources/PXToolsLoginTop.png HTTP/1.1" 200 1337
186.103.159.182 - - [02/Mar/2018:09:17:14 -0300] "GET /cormun/static/Resources/PXToolsButtonLeft21.png HTTP/1.1" 200 1287
186.103.159.182 - - [02/Mar/2018:09:17:14 -0300] "GET /cormun/static/Resources/PXToolsButtonRight21.png HTTP/1.1" 200 1283
186.103.159.182 - - [02/Mar/2018:09:17:14 -0300] "GET /cormun/static/Resources/PXToolsButtonBackground2.png HTTP/1.1" 200 1181
186.103.159.182 - - [02/Mar/2018:09:17:14 -0300] "GET /cormun/static/Resources/PXToolsLoginBottom.png HTTP/1.1" 200 1389
186.103.159.182 - - [02/Mar/2018:09:17:14 -0300] "GET /cormun/static/Resources/indicator.gif HTTP/1.1" 200 1553
186.103.159.182 - - [02/Mar/2018:09:17:15 -0300] "GET /cormun/servlet/hlogin HTTP/1.1" 200 1725
186.103.159.182 - - [02/Mar/2018:09:17:15 -0300] "GET /cormun/static/Resources/PXToolsLoginBackground.png HTTP/1.1" 200 1164
186.103.159.182 - - [02/Mar/2018:09:17:15 -0300] "GET /favicon.ico HTTP/1.1" 200 21630
186.103.159.182 - - [02/Mar/2018:09:17:18 -0300] "POST /cormun/servlet/hlogin?986c602e7476ffde58fb40ed2922a165,gx-no-cache=1519992991371 HTTP/1.1" 200 90
186.103.159.182 - - [02/Mar/2018:09:17:18 -0300] "GET /cormun/servlet/hpexe_link HTTP/1.1" 200 947
186.103.159.182 - - [02/Mar/2018:09:17:18 -0300] "GET /cormun/static/gxcfg.js?20177612121792 HTTP/1.1" 200 953
186.103.159.182 - - [02/Mar/2018:09:17:18 -0300] "GET /cormun/static/hpexe_link.js?20177612121795 HTTP/1.1" 200 625
186.103.159.182 - - [02/Mar/2018:09:17:18 -0300] "GET /cormun/static/Resources/Spanish/PXTools.css?1155365 HTTP/1.1" 200 89042
186.103.159.182 - - [02/Mar/2018:09:17:18 -0300] "GET /cormun/servlet/hhome HTTP/1.1" 200 4252
186.103.159.182 - - [02/Mar/2018:09:17:19 -0300] "GET /cormun/static/Shared/jqueryui/jquery-ui.min.css?1245370 HTTP/1.1" 200 30288
186.103.159.182 - - [02/Mar/2018:09:17:19 -0300] "GET /cormun/static/SmoothNavMenu/resources/ddsmoothmenu.css?1012540 HTTP/1.1" 200 2223
186.103.159.182 - - [02/Mar/2018:09:17:19 -0300] "GET /cormun/static/SmoothNavMenu/resources/ddsmoothmenu-v.css?1012540 HTTP/1.1" 200 1188
186.103.159.182 - - [02/Mar/2018:09:17:19 -0300] "GET /cormun/static/scaMessage/css/jquery.pnotify.default.css?1716380 HTTP/1.1" 200 1707
186.103.159.182 - - [02/Mar/2018:09:17:19 -0300] "GET /cormun/static/gxcfg.js?20175251212442 HTTP/1.1" 200 953
186.103.159.182 - - [02/Mar/2018:09:17:19 -0300] "GET /cormun/static/PXToolsJavascripts/pexe_autoreload.js HTTP/1.1" 200 1762
186.103.159.182 - - [02/Mar/2018:09:17:19 -0300] "GET /cormun/static/PXToolsJavascripts/pexe_cookies.js HTTP/1.1" 200 792
186.103.159.182 - - [02/Mar/2018:09:17:19 -0300] "GET /cormun/static/PXToolsJavascripts/pexe_grid.js HTTP/1.1" 200 7559
186.103.159.182 - - [02/Mar/2018:09:17:19 -0300] "GET /cormun/static/PXToolsJavascripts/pexe_griddivfix.js HTTP/1.1" 200 6644
186.103.159.182 - - [02/Mar/2018:09:17:19 -0300] "GET /cormun/static/PXToolsJavascripts/pexe_windows.js HTTP/1.1" 200 15207
186.103.159.182 - - [02/Mar/2018:09:17:19 -0300] "GET /cormun/static/PXToolsJavascripts/pexe_link.js HTTP/1.1" 200 5671
186.103.159.182 - - [02/Mar/2018:09:17:19 -0300] "GET /cormun/static/PXToolsJavascripts/pexe_menudivfix.js HTTP/1.1" 200 333
186.103.159.182 - - [02/Mar/2018:09:17:19 -0300] "GET /cormun/static/PXToolsJavascripts/pexe_menus.js HTTP/1.1" 200 1286
186.103.159.182 - - [02/Mar/2018:09:17:19 -0300] "GET /cormun/static/PXToolsJavascripts/pexe_layers.js HTTP/1.1" 200 4114
186.103.159.182 - - [02/Mar/2018:09:17:19 -0300] "GET /cormun/static/PXToolsJavascripts/pexe_oavdivfix.js HTTP/1.1" 200 639
186.103.159.182 - - [02/Mar/2018:09:17:19 -0300] "GET /cormun/static/PXToolsJavascripts/pexe_picture.js HTTP/1.1" 200 689
186.103.159.182 - - [02/Mar/2018:09:17:19 -0300] "GET /cormun/static/PXToolsJavascripts/pexe_scrolldiv.js HTTP/1.1" 200 4138
186.103.159.182 - - [02/Mar/2018:09:17:19 -0300] "GET /cormun/static/PXToolsJavascripts/pexe_popup.js HTTP/1.1" 200 13458
186.103.159.182 - - [02/Mar/2018:09:17:19 -0300] "GET /cormun/static/PXToolsJavascripts/pexe_tabs.js HTTP/1.1" 200 3748
186.103.159.182 - - [02/Mar/2018:09:17:19 -0300] "GET /cormun/static/PXToolsJavascripts/pexe_upload.js HTTP/1.1" 200 1423
186.103.159.182 - - [02/Mar/2018:09:17:19 -0300] "GET /cormun/static/PXToolsJavascripts/PXToolsJavascriptsRender.js HTTP/1.1" 200 367
186.103.159.182 - - [02/Mar/2018:09:17:19 -0300] "GET /cormun/static/PXToolsJavascripts/pexe_oav.js HTTP/1.1" 200 645
186.103.159.182 - - [02/Mar/2018:09:17:19 -0300] "GET /cormun/static/RunJS/RunJS.js HTTP/1.1" 200 288
186.103.159.182 - - [02/Mar/2018:09:17:19 -0300] "GET /cormun/static/PXToolsJavascripts/pexe_tabdivfix.js HTTP/1.1" 200 876
186.103.159.182 - - [02/Mar/2018:09:17:19 -0300] "GET /cormun/static/Shared/ext/locale/ext-lang-en.js HTTP/1.1" 200 10940
186.103.159.182 - - [02/Mar/2018:09:17:19 -0300] "GET /cormun/static/hwchdr01.js?201752511465785 HTTP/1.1" 200 1183
186.103.159.182 - - [02/Mar/2018:09:17:19 -0300] "GET /cormun/static/hpexe_recentlink.js?20177611595044 HTTP/1.1" 200 2144
186.103.159.182 - - [02/Mar/2018:09:17:19 -0300] "GET /cormun/static/hhome.js?20175251212450 HTTP/1.1" 200 777
186.103.159.182 - - [02/Mar/2018:09:17:19 -0300] "GET /cormun/static/Resources/PXToolsHeaderActionsLeft.png HTTP/1.1" 200 1118
186.103.159.182 - - [02/Mar/2018:09:17:19 -0300] "GET /cormun/static/Resources/PXToolsHeaderActionsRight.png HTTP/1.1" 200 1201
186.103.159.182 - - [02/Mar/2018:09:17:20 -0300] "GET /cormun/static/Resources/PXToolsHeaderSecurity.png HTTP/1.1" 200 4166
186.103.159.182 - - [02/Mar/2018:09:17:20 -0300] "GET /cormun/static/Resources/logo4.png HTTP/1.1" 200 6582
186.103.159.182 - - [02/Mar/2018:09:17:20 -0300] "GET /cormun/static/Resources/PXToolsHeaderPreferences.png HTTP/1.1" 200 4189
186.103.159.182 - - [02/Mar/2018:09:17:20 -0300] "GET /cormun/static/Resources/PXToolsHeaderLogin.png HTTP/1.1" 200 4279
186.103.159.182 - - [02/Mar/2018:09:17:20 -0300] "GET /cormun/static/gxui/gxui-all.js HTTP/1.1" 200 107772
186.103.159.182 - - [02/Mar/2018:09:17:20 -0300] "GET /cormun/static/Resources/PXToolsHeaderHome.png HTTP/1.1" 200 4147
186.103.159.182 - - [02/Mar/2018:09:17:20 -0300] "GET /cormun/static/Resources/PXToolsHeaderBackground2.png HTTP/1.1" 200 1174
186.103.159.182 - - [02/Mar/2018:09:17:20 -0300] "GET /cormun/static/hpexe_scripts.js?201752511465715 HTTP/1.1" 200 1544
186.103.159.182 - - [02/Mar/2018:09:17:20 -0300] "GET /cormun/static/hpexe_messagecontroller.js?20177611595012 HTTP/1.1" 200 870
186.103.159.182 - - [02/Mar/2018:09:17:20 -0300] "GET /cormun/static/hpexe_messagepopupcomponent.js?20161017169425 HTTP/1.1" 200 605
186.103.159.182 - - [02/Mar/2018:09:17:20 -0300] "GET /cormun/static/hpexe_messagegenexuscomponent.js?201752511465344 HTTP/1.1" 200 587
186.103.159.182 - - [02/Mar/2018:09:17:20 -0300] "GET /cormun/static/cmcontrolpreferences.js?201752511465670 HTTP/1.1" 200 1375
186.103.159.182 - - [02/Mar/2018:09:17:20 -0300] "GET /cormun/static/Resources/PXToolsHeaderActionsBackground.png HTTP/1.1" 200 484
186.103.159.182 - - [02/Mar/2018:09:17:20 -0300] "GET /cormun/static/Resources/PXToolsDataTitle.png HTTP/1.1" 200 1173
186.103.159.182 - - [02/Mar/2018:09:17:20 -0300] "GET /cormun/static/Resources/PXToolsFooterBackground2.png HTTP/1.1" 200 1172
186.103.159.182 - - [02/Mar/2018:09:17:20 -0300] "GET /cormun/static/Shared/jquery/jquery-1.4.2.min.js HTTP/1.1" 200 72174
186.103.159.182 - - [02/Mar/2018:09:17:20 -0300] "GET /cormun/static/SmoothNavMenu/resources/ddsmoothmenu.js HTTP/1.1" 200 12712
186.103.159.182 - - [02/Mar/2018:09:17:20 -0300] "GET /cormun/static/SmoothNavMenu/resources/SmoothNavMenuRender.js HTTP/1.1" 200 5951
186.103.159.182 - - [02/Mar/2018:09:17:20 -0300] "GET /cormun/static/scaMessage/js/jquery.pnotify.min.js HTTP/1.1" 200 13038
186.103.159.182 - - [02/Mar/2018:09:17:20 -0300] "GET /cormun/static/scaMessage/scaMessageRender.js HTTP/1.1" 200 11977
186.103.159.182 - - [02/Mar/2018:09:17:20 -0300] "GET /cormun/static/Shared/ext/ext-all.js HTTP/1.1" 200 1289687
186.103.159.182 - - [02/Mar/2018:09:17:20 -0300] "GET /cormun/static/hmpwkw03.js?20177612122668 HTTP/1.1" 200 3965
186.103.159.182 - - [02/Mar/2018:09:17:20 -0300] "GET /cormun/static/Shared/jqueryui/jquery-ui.min.js HTTP/1.1" 200 240427
186.103.159.182 - - [02/Mar/2018:09:17:20 -0300] "GET /cormun/static/Shared/jquery/jquery-1.10.2.min.js HTTP/1.1" 200 273199
186.103.159.182 - - [02/Mar/2018:09:17:23 -0300] "GET /cormun/servlet/hhome HTTP/1.1" 200 4248
186.103.159.182 - - [02/Mar/2018:09:17:23 -0300] "GET /cormun/static/SmoothNavMenu/resources/images/down.gif HTTP/1.1" 200 854
186.103.159.182 - - [02/Mar/2018:09:17:23 -0300] "GET /cormun/static/SmoothNavMenu/resources/images/right.gif HTTP/1.1" 200 860
186.103.156.166 - - [02/Mar/2018:09:17:25 -0300] "GET /cormun/servlet/trautorizarsolicitud? HTTP/1.1" 200 7298
186.103.157.246 - - [02/Mar/2018:09:17:26 -0300] "POST /cormun/servlet/solicitudot?gx-no-cache=1519992999439 HTTP/1.1" 200 240
186.103.156.166 - - [02/Mar/2018:09:17:26 -0300] "GET /cormun/servlet/trautorizarsolicitud? HTTP/1.1" 200 7292
186.103.157.246 - - [02/Mar/2018:09:17:27 -0300] "GET /cormun/servlet/solicitudot?3ad47763fe393c9a749a6bce1a1c5ddcb139241664e83d8e7170716f66252c21def138efe88de247d1621cec7fbb95bb2d7b2e06b0a58add9798d620d8ef203d7708916e8eb89e0666628187fc2ff36f7dec60e1f6f931d0a9c096fae65b96b77858eac0883ac15512aa0a80fc0df75359a35fa028d599dd99a500bfc40dd0948bfae68b6c2e6aa12734465705df06221d0c4783035da726b8078f6f5c277f19a0347783c3e7f39abf318ca4d9403c4214e5441ab0f0274b6ffb3dd3f6f7fc4cdfc2013e7ab9e3bf18067728e793cfd8e9ff8db66111e39574503f9830c34c6091a99e7d31388da119d254e0dba822a1f97b0925cde53192b949a4cc7845bbaa7df082b93a76b4f97e8aaef0dab4d409c14fbc7bdde4094c98811916256af3ae2c6d8b71b2c0e3655092bb99c82a63c7ad1a96bc75227242e8ebb98d41fbc46d3d4e345a2c284f7fa1f375e1ebfbfe079ad9a516a0425a1cc3e6a7aee29bbb317109a509efc740c91dc3356d9982ee9e8a19955da1ca1f13770612d30f7d9c1a,gx-no-cache=1519992999649 HTTP/1.1" 200 30
186.103.157.246 - - [02/Mar/2018:09:17:32 -0300] "POST /cormun/servlet/solicitudot?gx-no-cache=1519993004782 HTTP/1.1" 200 30
186.103.157.246 - - [02/Mar/2018:09:17:35 -0300] "GET /cormun/static/Resources/resize.gif HTTP/1.1" 304 -
186.103.156.166 - - [02/Mar/2018:09:17:37 -0300] "GET /cormun/static/menuarrow.gif HTTP/1.1" 404 1015
186.103.157.246 - - [02/Mar/2018:09:17:44 -0300] "GET /cormun/servlet/prfichaempleado?,MD,,gxPopupLevel%3D0%3B HTTP/1.1" 200 9197
186.103.157.246 - - [02/Mar/2018:09:17:44 -0300] "GET /cormun/static/gxui/gxui-all.css?110300 HTTP/1.1" 304 -
186.103.157.246 - - [02/Mar/2018:09:17:44 -0300] "GET /cormun/static/gxcfg.js?20177612134814 HTTP/1.1" 200 953
186.103.157.246 - - [02/Mar/2018:09:17:45 -0300] "GET /cormun/static/Shared/ext/resources/css/ext-all.css?205870 HTTP/1.1" 304 -
186.103.157.246 - - [02/Mar/2018:09:17:45 -0300] "GET /cormun/static/Resources/PXToolsMenuSearch.png HTTP/1.1" 304 -
186.103.157.246 - - [02/Mar/2018:09:17:45 -0300] "GET /cormun/static/Resources/PXToolsMenuSearchCancel.png HTTP/1.1" 304 -
186.103.157.246 - - [02/Mar/2018:09:17:45 -0300] "GET /cormun/static/hmpwkw011.js?20177612121862 HTTP/1.1" 304 -
186.103.157.246 - - [02/Mar/2018:09:17:45 -0300] "GET /cormun/static/menusearch.js?201610171694467 HTTP/1.1" 304 -
186.103.157.246 - - [02/Mar/2018:09:17:45 -0300] "GET /cormun/static/prfichaempleado.js?20177612134999 HTTP/1.1" 200 16006
186.67.172.234 - - [02/Mar/2018:09:17:50 -0300] "GET /cormun/servlet/hlogin HTTP/1.1" 200 1720
186.67.172.234 - - [02/Mar/2018:09:17:50 -0300] "GET /cormun/static/gxcfg.js?20175251213516 HTTP/1.1" 304 -
186.67.172.234 - - [02/Mar/2018:09:17:50 -0300] "GET /cormun/static/messages.spa.js?85251 HTTP/1.1" 304 -
186.103.156.166 - - [02/Mar/2018:09:17:51 -0300] "POST /cormun/servlet/trautorizarsolicitud?9f3a53ca8f26a216f47fa78f12f5c72a,,gx-no-cache=1519993026349 HTTP/1.1" 200 4406
186.103.157.246 - - [02/Mar/2018:09:18:00 -0300] "POST /cormun/servlet/prfichaempleado?8717026766da2961fd6c2955fc9b580c,,MD,,gxPopupLevel%3D0%3B,gx-no-cache=1519993031780 HTTP/1.1" 200 3385
186.103.156.166 - - [02/Mar/2018:09:18:01 -0300] "GET /cormun/servlet/trcontratounov2? HTTP/1.1" 200 17509
192.168.10.56 - - [02/Mar/2018:09:18:01 -0300] "POST /cormun/servlet/hlogin?dd03bc4eaa9e68062ec3fa8e0ce785a2,gx-no-cache=1519992922734 HTTP/1.1" 200 90
192.168.10.56 - - [02/Mar/2018:09:18:01 -0300] "GET /cormun/servlet/hpexe_link HTTP/1.1" 200 950
192.168.10.56 - - [02/Mar/2018:09:18:02 -0300] "GET /cormun/servlet/hhome HTTP/1.1" 200 4466
192.168.10.56 - - [02/Mar/2018:09:18:02 -0300] "GET /cormun/servlet/hhome HTTP/1.1" 200 4464
186.103.157.246 - - [02/Mar/2018:09:18:03 -0300] "GET /cormun/servlet/solicitudot?56ed5fca8b6fdfaf0be480fdd7c6e6dad2594bbe9a617136d20e8209c5015d74,gx-no-cache=1519993035760 HTTP/1.1" 200 20
186.103.156.166 - - [02/Mar/2018:09:18:03 -0300] "GET /cormun/servlet/trcontratounov2? HTTP/1.1" 200 17528
186.67.172.234 - - [02/Mar/2018:09:18:03 -0300] "POST /cormun/servlet/hlogin?067a8dba8ac3ccebf349e7ecccb54684,gx-no-cache=1519993032631 HTTP/1.1" 200 90
186.67.172.234 - - [02/Mar/2018:09:18:03 -0300] "GET /cormun/servlet/hpexe_link HTTP/1.1" 200 951
186.67.172.234 - - [02/Mar/2018:09:18:03 -0300] "GET /cormun/static/gxcfg.js?20177612121792 HTTP/1.1" 304 -
186.67.172.234 - - [02/Mar/2018:09:18:04 -0300] "GET /cormun/servlet/hhome HTTP/1.1" 200 4228
186.67.172.234 - - [02/Mar/2018:09:18:04 -0300] "GET /cormun/static/gxcfg.js?20175251212442 HTTP/1.1" 304 -
186.67.172.234 - - [02/Mar/2018:09:18:04 -0300] "GET /cormun/servlet/hhome HTTP/1.1" 200 4224
186.103.157.246 - - [02/Mar/2018:09:18:07 -0300] "POST /cormun/servlet/solicitudot?gx-no-cache=1519993039580 HTTP/1.1" 200 1337
192.168.10.56 - - [02/Mar/2018:09:18:08 -0300] "GET /cormun/servlet/trsolicitudgral? HTTP/1.1" 200 22177
186.103.159.182 - - [02/Mar/2018:09:18:08 -0300] "GET /cormun/servlet/trcontratosolicitud? HTTP/1.1" 200 14897
186.103.159.182 - - [02/Mar/2018:09:18:08 -0300] "GET /cormun/static/gxui/gxui-all.css?110300 HTTP/1.1" 200 2179
186.103.159.182 - - [02/Mar/2018:09:18:08 -0300] "GET /cormun/static/calendar-system.css?75620 HTTP/1.1" 200 5572
186.103.156.166 - - [02/Mar/2018:09:18:08 -0300] "GET /cormun/servlet/trvisualizadoreventos? HTTP/1.1" 200 6927
186.103.159.182 - - [02/Mar/2018:09:18:08 -0300] "GET /cormun/static/gxcfg.js?20177612214014 HTTP/1.1" 200 953
186.103.159.182 - - [02/Mar/2018:09:18:08 -0300] "GET /cormun/static/calendar-setup.js?85251 HTTP/1.1" 200 2588
186.103.159.182 - - [02/Mar/2018:09:18:08 -0300] "GET /cormun/static/calendar-es.js?85251 HTTP/1.1" 200 1901
186.103.159.182 - - [02/Mar/2018:09:18:08 -0300] "GET /cormun/static/calendar.js?85251 HTTP/1.1" 200 26246
186.103.159.182 - - [02/Mar/2018:09:18:08 -0300] "GET /cormun/static/gxdec.js?85251 HTTP/1.1" 200 19579
186.103.159.182 - - [02/Mar/2018:09:18:09 -0300] "GET /cormun/static/Shared/ext/resources/css/ext-all.css?205870 HTTP/1.1" 200 416045
186.103.159.182 - - [02/Mar/2018:09:18:09 -0300] "GET /cormun/static/trcontratosolicitud.js?20177612214349 HTTP/1.1" 200 28237
186.103.159.182 - - [02/Mar/2018:09:18:09 -0300] "GET /cormun/static/Resources/PXToolsDataSearch.png HTTP/1.1" 200 419
186.103.159.182 - - [02/Mar/2018:09:18:09 -0300] "GET /cormun/static/Resources/PXToolsGridFirstDisabled.gif HTTP/1.1" 200 100
186.103.159.182 - - [02/Mar/2018:09:18:09 -0300] "GET /cormun/static/Resources/PXToolsGridPreviousDisabled.gif HTTP/1.1" 200 90
186.103.159.182 - - [02/Mar/2018:09:18:09 -0300] "GET /cormun/static/Resources/PXToolsGridNextDisabled.gif HTTP/1.1" 200 90
186.103.156.166 - - [02/Mar/2018:09:18:09 -0300] "GET /cormun/servlet/trvisualizadoreventos? HTTP/1.1" 200 6926
186.103.159.182 - - [02/Mar/2018:09:18:09 -0300] "GET /cormun/static/Resources/PXToolsGridLastDisabled.gif HTTP/1.1" 200 98
186.103.159.182 - - [02/Mar/2018:09:18:09 -0300] "GET /cormun/static/Resources/PXToolsGridPage.gif HTTP/1.1" 200 725
192.168.10.56 - - [02/Mar/2018:09:18:10 -0300] "GET /cormun/servlet/trsolicitudgral? HTTP/1.1" 200 22176
186.103.157.246 - - [02/Mar/2018:09:18:11 -0300] "GET /cormun/static/menuarrow.gif HTTP/1.1" 404 1015
186.103.159.182 - - [02/Mar/2018:09:18:13 -0300] "GET /cormun/static/Resources/desc.gif HTTP/1.1" 200 65
186.103.159.182 - - [02/Mar/2018:09:18:13 -0300] "GET /cormun//static/Resources/PXToolsActionDisabled.gif HTTP/1.1" 200 53
186.103.159.182 - - [02/Mar/2018:09:18:14 -0300] "GET /cormun//static/Resources/PXToolsGridNew.png HTTP/1.1" 200 2949
186.103.159.182 - - [02/Mar/2018:09:18:14 -0300] "GET /cormun/static/Resources/asc.gif HTTP/1.1" 200 67
186.103.159.182 - - [02/Mar/2018:09:18:14 -0300] "GET /cormun/servlet/trcontratosolicitud? HTTP/1.1" 200 14916
186.103.159.182 - - [02/Mar/2018:09:18:15 -0300] "GET /cormun/static/Shared/ext/resources/themes/images/default/panel/bg-headersPanel.png HTTP/1.1" 200 255
186.103.159.182 - - [02/Mar/2018:09:18:15 -0300] "GET /cormun/static/Shared/ext/resources/themes/images/default/tools/tool-sprites.gif HTTP/1.1" 200 5434
186.103.156.166 - - [02/Mar/2018:09:18:17 -0300] "POST /cormun/servlet/trvisualizadoreventos?9f3a53ca8f26a216f47fa78f12f5c72a,,gx-no-cache=1519993052087 HTTP/1.1" 200 4130
186.103.156.166 - - [02/Mar/2018:09:18:17 -0300] "GET /cormun/servlet/trfichaempleado? HTTP/1.1" 200 13815
186.103.156.166 - - [02/Mar/2018:09:18:26 -0300] "POST /cormun/servlet/acontrolpreferencessavestate?None,EBLANCO,true HTTP/1.1" 200 35
186.103.156.166 - - [02/Mar/2018:09:18:27 -0300] "POST /cormun/servlet/trvisualizadoreventos?9f3a53ca8f26a216f47fa78f12f5c72a,,gx-no-cache=1519993063506 HTTP/1.1" 200 90
186.103.156.166 - - [02/Mar/2018:09:18:28 -0300] "GET /cormun/servlet/hpexe_link HTTP/1.1" 200 967
186.103.156.166 - - [02/Mar/2018:09:18:29 -0300] "GET /cormun/servlet/trfichaempleado? HTTP/1.1" 200 13815
186.103.156.166 - - [02/Mar/2018:09:18:29 -0300] "GET /cormun/servlet/trcontratounov2 HTTP/1.1" 200 17538
186.103.156.166 - - [02/Mar/2018:09:18:31 -0300] "GET /cormun/servlet/trcontratounov2 HTTP/1.1" 200 17520
192.168.10.56 - - [02/Mar/2018:09:18:33 -0300] "POST /cormun/servlet/trsolicitudgral?dd03bc4eaa9e68062ec3fa8e0ce785a2,,gx-no-cache=1519992954085 HTTP/1.1" 200 7822
186.103.159.182 - - [02/Mar/2018:09:18:38 -0300] "POST /cormun/servlet/trcontratosolicitud?986c602e7476ffde58fb40ed2922a165,,gx-no-cache=1519993069581 HTTP/1.1" 200 12570
186.103.159.182 - - [02/Mar/2018:09:18:40 -0300] "GET /cormun/static/Resources/PXToolsGridNext.gif HTTP/1.1" 200 369
186.103.159.182 - - [02/Mar/2018:09:18:40 -0300] "GET /cormun/static/Resources/PXToolsGridLast.gif HTTP/1.1" 200 370
186.103.159.182 - - [02/Mar/2018:09:18:55 -0300] "POST /cormun/servlet/trcontratosolicitud?986c602e7476ffde58fb40ed2922a165,,gx-no-cache=1519993088074 HTTP/1.1" 200 7470
186.103.159.182 - - [02/Mar/2018:09:18:56 -0300] "GET /cormun/static/Resources/PXToolsGridFirst.gif HTTP/1.1" 200 379
186.103.159.182 - - [02/Mar/2018:09:18:56 -0300] "GET /cormun/static/Resources/PXToolsGridPrevious.gif HTTP/1.1" 200 369
192.168.10.56 - - [02/Mar/2018:09:19:03 -0300] "POST /cormun/servlet/trsolicitudgral?dd03bc4eaa9e68062ec3fa8e0ce785a2,,gx-no-cache=1519992984132 HTTP/1.1" 200 6125
192.168.10.56 - - [02/Mar/2018:09:19:03 -0300] "GET /cormun/static/Shared/jqueryui/images/ui-bg_highlight-soft_100_c6c2c8_1x100.png HTTP/1.1" 404 1117
192.168.10.56 - - [02/Mar/2018:09:19:03 -0300] "GET /cormun/static/Shared/jqueryui/images/ui-icons_82798d_256x240.png HTTP/1.1" 404 1089
192.168.10.56 - - [02/Mar/2018:09:19:03 -0300] "GET /cormun/static/Shared/jqueryui/images/ui-bg_flat_55_fafafa_40x100.png HTTP/1.1" 404 1097
192.168.10.56 - - [02/Mar/2018:09:19:03 -0300] "GET /cormun/static/Shared/jqueryui/images/ui-icons_8d78a5_256x240.png HTTP/1.1" 404 1089
186.103.156.166 - - [02/Mar/2018:09:19:07 -0300] "GET /cormun/servlet/trsolicitudot? HTTP/1.1" 200 7398
186.103.156.166 - - [02/Mar/2018:09:19:08 -0300] "GET /cormun/servlet/trsolicitudot? HTTP/1.1" 200 7397
186.103.157.246 - - [02/Mar/2018:09:19:14 -0300] "POST /cormun/servlet/solicitudot?gx-no-cache=1519993107383 HTTP/1.1" 200 118
186.103.157.246 - - [02/Mar/2018:09:19:14 -0300] "GET /cormun/static/Shared/jqueryui/images/ui-bg_highlight-soft_100_c6c2c8_1x100.png HTTP/1.1" 404 1117
186.103.157.246 - - [02/Mar/2018:09:19:14 -0300] "GET /cormun/static/Shared/jqueryui/images/ui-icons_82798d_256x240.png HTTP/1.1" 404 1089
186.103.157.246 - - [02/Mar/2018:09:19:14 -0300] "GET /cormun/static/Shared/jqueryui/images/ui-bg_flat_55_994d53_40x100.png HTTP/1.1" 404 1097
186.103.157.246 - - [02/Mar/2018:09:19:14 -0300] "GET /cormun/static/Shared/jqueryui/images/ui-icons_ebccce_256x240.png HTTP/1.1" 404 1089
186.79.129.57 - - [02/Mar/2018:09:19:16 -0300] "GET /cormun/servlet/solicitudot?2e5cdd4c2384db40e514b837ef1794f46c7412c3514cb40f08e896f92cd6c2010c78dba84ac54bf035fd33c87cc04f149abd198c146a271116ad95978b243e88ea79348bd473c6995150138b69d8e80984e2878cf7ffe83dcba3c4b7e649982f92bc875c9e7798e3676e4ff7db2ab60a,gx-no-cache=1519993109155 HTTP/1.1" 200 29
186.79.129.57 - - [02/Mar/2018:09:19:16 -0300] "POST /cormun/servlet/solicitudot?gx-no-cache=1519993109508 HTTP/1.1" 200 1318
186.79.129.57 - - [02/Mar/2018:09:19:17 -0300] "POST /cormun/servlet/solicitudot?gx-no-cache=1519993109875 HTTP/1.1" 200 1215
186.103.156.166 - - [02/Mar/2018:09:19:20 -0300] "GET /cormun/servlet/solicitudot?INS,0,0, HTTP/1.1" 200 13626
192.168.10.56 - - [02/Mar/2018:09:19:21 -0300] "GET /cormun/servlet/hlogin HTTP/1.1" 200 1738
186.103.156.166 - - [02/Mar/2018:09:19:21 -0300] "GET /cormun/servlet/solicitudot?INS,0,0, HTTP/1.1" 200 13631
192.168.10.56 - - [02/Mar/2018:09:19:25 -0300] "POST /cormun/servlet/hlogin?dd03bc4eaa9e68062ec3fa8e0ce785a2,gx-no-cache=1519993006231 HTTP/1.1" 200 90
192.168.10.56 - - [02/Mar/2018:09:19:25 -0300] "GET /cormun/servlet/hpexe_link HTTP/1.1" 200 950
192.168.10.56 - - [02/Mar/2018:09:19:25 -0300] "GET /cormun/servlet/hhome HTTP/1.1" 200 3822
