200.112.3.74 - - [02/Mar/2018:11:29:38 -0300] "GET /cormun/servlet/solicitudot?944e7f293973231495e81d586165cb4f9c234781646c625ad6b3f08d532eae240e44fc134b8d4ca45f91a39e3a8b7cb6,gx-no-cache=1520000931376 HTTP/1.1" 200 30
200.112.3.74 - - [02/Mar/2018:11:29:38 -0300] "POST /cormun/servlet/solicitudot?gx-no-cache=1520000931492 HTTP/1.1" 200 30
186.103.159.46 - - [02/Mar/2018:11:29:39 -0300] "GET /cormun/servlet/trsolicitudot? HTTP/1.1" 200 7161
186.103.159.46 - - [02/Mar/2018:11:29:42 -0300] "GET /cormun/servlet/trsolicitudot? HTTP/1.1" 200 7160
191.126.135.18 - - [02/Mar/2018:11:29:44 -0300] "POST /cormun/servlet/trautorizarsolicitud?b3837bfe18221220b680a613c25e08fa,,gx-no-cache=1520000933380 HTTP/1.1" 200 110
186.103.161.206 - - [02/Mar/2018:11:29:44 -0300] "GET /cormun/servlet/trsolicitudot? HTTP/1.1" 200 9097
186.103.161.206 - - [02/Mar/2018:11:29:45 -0300] "GET /cormun/servlet/trsolicitudot? HTTP/1.1" 200 9096
186.67.172.234 - - [02/Mar/2018:11:29:45 -0300] "POST /cormun/servlet/solicitudotadjuntos?8db89f84cb72e9d4d0c5d05e34b2681b,INS,2018,9853,,1,,gx-no-cache=1520000889763 HTTP/1.1" 200 93
191.126.135.18 - - [02/Mar/2018:11:29:45 -0300] "GET /cormun/AutorizarSolicitud-7724.xls HTTP/1.1" 200 26624
186.67.172.234 - - [02/Mar/2018:11:29:45 -0300] "GET /cormun/servlet/hpexe_return? HTTP/1.1" 200 1023
186.67.172.234 - - [02/Mar/2018:11:29:45 -0300] "GET /cormun/servlet/trsolicitudadjuntos?2018,9853, HTTP/1.1" 200 8909
186.103.159.46 - - [02/Mar/2018:11:29:46 -0300] "GET /cormun/servlet/solicitudot?INS,0,0, HTTP/1.1" 200 13416
186.67.172.234 - - [02/Mar/2018:11:29:46 -0300] "GET /cormun/servlet/trsolicitudadjuntos?2018,9853, HTTP/1.1" 200 8909
191.126.135.18 - - [02/Mar/2018:11:29:46 -0300] "GET /cormun/servlet/trsolicitudot? HTTP/1.1" 200 8865
191.126.135.18 - - [02/Mar/2018:11:29:47 -0300] "GET /cormun/servlet/trsolicitudot? HTTP/1.1" 200 8864
186.103.159.46 - - [02/Mar/2018:11:29:49 -0300] "GET /cormun/servlet/solicitudot?INS,0,0, HTTP/1.1" 200 13421
191.126.135.18 - - [02/Mar/2018:11:29:49 -0300] "GET /cormun/servlet/solicitudot?INS,0,0, HTTP/1.1" 200 13711
191.126.135.18 - - [02/Mar/2018:11:29:49 -0300] "GET /cormun/servlet/solicitudot?INS,0,0, HTTP/1.1" 200 13716
200.112.3.74 - - [02/Mar/2018:11:29:51 -0300] "GET /cormun/servlet/solicitudot?944e7f293973231495e81d586165cb4f3812974d0a208b4a5097e3eae4e3422eec024e45641bc031fdf73e0a07d1c11b161953c5effe6f11289285f1a4ac8892,gx-no-cache=1520000944309 HTTP/1.1" 200 30
200.112.3.74 - - [02/Mar/2018:11:29:51 -0300] "POST /cormun/servlet/solicitudot?gx-no-cache=1520000944391 HTTP/1.1" 200 255
200.112.3.74 - - [02/Mar/2018:11:29:51 -0300] "GET /cormun/servlet/solicitudot?944e7f293973231495e81d586165cb4f4af9b7fe8d1c530a0a4b19a31efbcf14fc65daa8cb1f00d5b4b4482dc19208a945fe099f8328637570cc6977206ade6480c35e2ffaec55ea00b1ecafb0f0cce24ca9ca6539c7ce7a8a53474053be63448c179182b13a8e1dbb272f3533f6e83b690cd308f9b8bb0b95c53623e83242002a17a0f6dcbad9030e8b34b9a0a711dca263d20989adeb9a31620e10cad967fee1b372a70645b2a3657b40e4c76dcdc06a9e2368ef484528dbc1040893760e519bb7518f0e52d02def90919f6899beda3a60052c32532ac3dcfbfaea3f154a7b9e5eae6689128f9e51b294d7a121fb09cc0168b6df098965f81d8b02f2c944d47bd90e2055c5bc356e9e022cc86824bfb279e11ce8402faa260200ff91e93ad8e030c02f89e016536970de8e68ca45dd346e7ef0a25f7b8a235a5c82a80759ca98e840ca98e5977b7e7624f228b80aaa98c08997082d4d63ef52e468a25046fc82d9c8f4039a52e259849866af566285b8789018b26f3c2129e9fa66698a7b70,gx-no-cache=1520000944515 HTTP/1.1" 200 30
200.112.3.74 - - [02/Mar/2018:11:29:51 -0300] "POST /cormun/servlet/solicitudot?gx-no-cache=1520000944633 HTTP/1.1" 200 30
200.112.3.74 - - [02/Mar/2018:11:29:52 -0300] "POST /cormun/servlet/solicitudot?gx-no-cache=1520000944762 HTTP/1.1" 200 1336
191.126.135.18 - - [02/Mar/2018:11:29:52 -0300] "GET /cormun/servlet/prfichaempleado?,MD,,gxPopupLevel%3D0%3B HTTP/1.1" 200 9426
200.112.3.74 - - [02/Mar/2018:11:29:52 -0300] "POST /cormun/servlet/solicitudot?gx-no-cache=1520000945009 HTTP/1.1" 200 41
200.112.3.74 - - [02/Mar/2018:11:29:52 -0300] "POST /cormun/servlet/solicitudot?gx-no-cache=1520000945133 HTTP/1.1" 200 1318
200.112.3.74 - - [02/Mar/2018:11:29:52 -0300] "POST /cormun/servlet/solicitudot?gx-no-cache=1520000945350 HTTP/1.1" 200 1218
200.112.3.74 - - [02/Mar/2018:11:29:52 -0300] "GET /cormun/servlet/solicitudot?944e7f293973231495e81d586165cb4f9c234781646c625ad6b3f08d532eae240e44fc134b8d4ca45f91a39e3a8b7cb6,gx-no-cache=1520000945570 HTTP/1.1" 200 30
200.112.3.74 - - [02/Mar/2018:11:29:52 -0300] "POST /cormun/servlet/solicitudot?gx-no-cache=1520000945686 HTTP/1.1" 200 30
200.112.3.74 - - [02/Mar/2018:11:29:53 -0300] "POST /cormun/servlet/solicitudot?c1e80ee34a237310212969a688f35c23,INS,0,0,,gx-no-cache=1520000945827 HTTP/1.1" 200 93
200.112.3.74 - - [02/Mar/2018:11:29:53 -0300] "GET /cormun/servlet/hpexe_return? HTTP/1.1" 200 994
200.112.3.74 - - [02/Mar/2018:11:29:54 -0300] "GET /cormun/servlet/trsolicitudot HTTP/1.1" 200 8536
200.112.3.74 - - [02/Mar/2018:11:29:54 -0300] "GET /cormun/servlet/trsolicitudot HTTP/1.1" 200 8533
186.67.172.234 - - [02/Mar/2018:11:29:55 -0300] "GET /cormun/servlet/solicitudotadjuntos?INS,2018,9853,,1, HTTP/1.1" 200 6264
186.67.172.234 - - [02/Mar/2018:11:29:56 -0300] "GET /cormun/static/about:blank HTTP/1.1" 404 1011
186.67.172.234 - - [02/Mar/2018:11:29:57 -0300] "GET /cormun/servlet/solicitudotadjuntos?INS,2018,9853,,1, HTTP/1.1" 200 6258
186.67.172.234 - - [02/Mar/2018:11:29:57 -0300] "GET /cormun/servlet/solicitudotadjuntos?eddcb122a7263aec1b155afe36dd595e2e6e07214c7c3b1ac204c2c0ecb345262d93d145a1f6fcb8c343c9a77fbf18f6,gx-no-cache=1520000902311 HTTP/1.1" 200 30
186.67.172.234 - - [02/Mar/2018:11:29:57 -0300] "POST /cormun/servlet/solicitudotadjuntos?8db89f84cb72e9d4d0c5d05e34b2681b,INS,2018,9853,,1,,gx-no-cache=1520000902393 HTTP/1.1" 200 3981
191.126.135.18 - - [02/Mar/2018:11:30:00 -0300] "POST /cormun/servlet/prfichaempleado?b3837bfe18221220b680a613c25e08fa,,MD,,gxPopupLevel%3D0%3B,gx-no-cache=1520000951822 HTTP/1.1" 200 4046
186.103.159.189 - - [02/Mar/2018:11:30:01 -0300] "POST /cormun/servlet/hlogin?0c7e55f8da2a3bfeea22d219f3625c89,gx-no-cache=1520000953615 HTTP/1.1" 200 90
186.103.159.189 - - [02/Mar/2018:11:30:01 -0300] "GET /cormun/servlet/hpexe_link HTTP/1.1" 200 949
186.103.159.189 - - [02/Mar/2018:11:30:01 -0300] "GET /cormun/servlet/hhome HTTP/1.1" 200 3961
186.67.172.234 - - [02/Mar/2018:11:30:01 -0300] "POST /cormun/servlet/solicitudotadjuntos?gx-no-cache=1520000906465 HTTP/1.1" 200 26
186.103.159.189 - - [02/Mar/2018:11:30:03 -0300] "GET /cormun/servlet/hhome HTTP/1.1" 200 3958
200.112.3.74 - - [02/Mar/2018:11:30:06 -0300] "GET /cormun/servlet/solicitudot?INS,0,0, HTTP/1.1" 200 13440
186.103.159.189 - - [02/Mar/2018:11:30:07 -0300] "GET /cormun/servlet/trsolicitudot? HTTP/1.1" 200 7172
200.112.3.74 - - [02/Mar/2018:11:30:07 -0300] "GET /cormun/servlet/solicitudot?INS,0,0, HTTP/1.1" 200 13444
186.103.159.189 - - [02/Mar/2018:11:30:07 -0300] "GET /cormun/static/gxcfg.js?2017111422585916 HTTP/1.1" 304 -
186.103.159.189 - - [02/Mar/2018:11:30:08 -0300] "GET /cormun/servlet/trsolicitudot? HTTP/1.1" 200 7171
186.103.159.46 - - [02/Mar/2018:11:30:08 -0300] "POST /cormun/servlet/solicitudot?gx-no-cache=1520000960441 HTTP/1.1" 200 3435
186.103.159.46 - - [02/Mar/2018:11:30:08 -0300] "GET /cormun/static/Shared/jqueryui/images/ui-bg_highlight-soft_100_c6c2c8_1x100.png HTTP/1.1" 404 1117
186.103.159.46 - - [02/Mar/2018:11:30:08 -0300] "GET /cormun/static/Shared/jqueryui/images/ui-icons_82798d_256x240.png HTTP/1.1" 404 1089
186.103.159.46 - - [02/Mar/2018:11:30:08 -0300] "GET /cormun/static/Shared/jqueryui/images/ui-bg_flat_55_994d53_40x100.png HTTP/1.1" 404 1097
186.103.159.46 - - [02/Mar/2018:11:30:08 -0300] "GET /cormun/static/Shared/jqueryui/images/ui-icons_ebccce_256x240.png HTTP/1.1" 404 1089
191.126.135.18 - - [02/Mar/2018:11:30:10 -0300] "POST /cormun/servlet/solicitudot?gx-no-cache=1520000962020 HTTP/1.1" 200 3415
191.126.135.18 - - [02/Mar/2018:11:30:11 -0300] "POST /cormun/servlet/solicitudot?b3837bfe18221220b680a613c25e08fa,INS,0,0,,gx-no-cache=1520000962257 HTTP/1.1" 200 10583
191.126.135.18 - - [02/Mar/2018:11:30:11 -0300] "GET /cormun/servlet/solicitudot?13cbe55e37dd534beadaaf792681ea372c4a6b2e8a7dfc93f87870d1344bb766a0f179c8677af46ebe5d248558a57181,gx-no-cache=1520000962573 HTTP/1.1" 200 30
200.112.3.74 - - [02/Mar/2018:11:30:11 -0300] "GET /cormun/servlet/prfichaempleado?,MD,,gxPopupLevel%3D0%3B HTTP/1.1" 200 9329
186.103.159.46 - - [02/Mar/2018:11:30:13 -0300] "GET /cormun/servlet/solicitudot?7f039c20466c91efbcbc463eee7aafc0394c4622c27fe5ddddc914cbe60d5145f4b15ab0acdb1225660eb26087da6495,gx-no-cache=1520000964786 HTTP/1.1" 200 111
191.126.135.18 - - [02/Mar/2018:11:30:13 -0300] "GET /cormun/servlet/solicitudot?13cbe55e37dd534beadaaf792681ea37ab7e029ac49de34a8e70ece3d436572272be80180b9b51849b0cf2b0dc2f56b9051ed1db64e31bb516bc4b5893802a5a,gx-no-cache=1520000964920 HTTP/1.1" 200 30
191.126.135.18 - - [02/Mar/2018:11:30:13 -0300] "GET /cormun/servlet/solicitudot?13cbe55e37dd534beadaaf792681ea37b60c3d6a74dba39f74461ec93ffc53fd,gx-no-cache=1520000965032 HTTP/1.1" 200 51
191.126.135.18 - - [02/Mar/2018:11:30:13 -0300] "POST /cormun/servlet/solicitudot?gx-no-cache=1520000965136 HTTP/1.1" 200 255
191.126.135.18 - - [02/Mar/2018:11:30:13 -0300] "GET /cormun/servlet/solicitudot?13cbe55e37dd534beadaaf792681ea37e65f51691f3d8ec2234ee01d2f48a492602ec9ba6875b2a8eff741b55364a201f35fe64364b950e067f875edac658e13451097461d2bdbfe0d1b7c7c55212614b66b4d40c4e1737e0dd4422fdb0ad9cb69c46aa1ffd66d10cb944cacfc0a8530a41cdde582763595c6b7192c458237894117ce1798252f900bb3e2471c72eae61268f137b34945cd6fa544af6d3110b08d6e77611aa301fd512e3d0f4507bd587f99b15f91f9b933c995dfd67ef9fafa8c23f60b066927c328d15d456a7232d5ddd5d7e64b359ea50169e57da650f5f75572cf4f3446382684bffb39ce6adfe2b46b7d0a035cbb3c5c56f628de2eb6e64725439f4a64cfaeba42a03b1ecd193dee178cce2b7fff4e8478dc4204160a140114844708a070aababd5cb5e383ef48784d6149caf4a259672e5298627e0715044e0189d220d30e7e2e5ede32460e9b107a87befa879946e4ca152b661766dcadee1db815a0d6fd7e2d960c95cd30d5563023229b4f9519f900f5d2a0abb990,gx-no-cache=1520000965218 HTTP/1.1" 200 30
186.103.159.46 - - [02/Mar/2018:11:30:17 -0300] "GET /cormun/servlet/solicitudot?7f039c20466c91efbcbc463eee7aafc09d0f47be718adf7ae21ac1bb4a7b20c34169d394d6ad6dcc731875c0a87dc112,gx-no-cache=1520000968774 HTTP/1.1" 200 30
191.126.135.18 - - [02/Mar/2018:11:30:18 -0300] "POST /cormun/servlet/solicitudot?gx-no-cache=1520000969461 HTTP/1.1" 200 30
200.112.3.74 - - [02/Mar/2018:11:30:19 -0300] "POST /cormun/servlet/prfichaempleado?c1e80ee34a237310212969a688f35c23,,MD,,gxPopupLevel%3D0%3B,gx-no-cache=1520000971772 HTTP/1.1" 200 3416
191.126.135.18 - - [02/Mar/2018:11:30:19 -0300] "GET /cormun/servlet/prcontratosol?10482009,,,,,MD,,gxPopupLevel%3D0%3B HTTP/1.1" 200 7929
186.103.159.189 - - [02/Mar/2018:11:30:23 -0300] "GET /cormun/servlet/solicitudot?INS,0,0, HTTP/1.1" 200 13416
186.103.159.189 - - [02/Mar/2018:11:30:23 -0300] "GET /cormun/static/gxcfg.js?201812313224582 HTTP/1.1" 200 953
186.103.159.189 - - [02/Mar/2018:11:30:23 -0300] "GET /cormun/static/solicitudot.js?201812313224831 HTTP/1.1" 304 -
186.103.161.206 - - [02/Mar/2018:11:30:24 -0300] "POST /cormun/servlet/trsolicitudot?44e678cb187b443e56297eee994b6019,,gx-no-cache=1520000975983 HTTP/1.1" 200 5855
186.103.161.206 - - [02/Mar/2018:11:30:24 -0300] "GET /cormun/static/Shared/jqueryui/images/ui-bg_highlight-soft_100_c6c2c8_1x100.png HTTP/1.1" 404 1117
186.67.203.186 - - [02/Mar/2018:11:30:24 -0300] "GET /cormun/static/Shared/jqueryui/images/ui-icons_82798d_256x240.png HTTP/1.1" 404 1089
186.103.161.206 - - [02/Mar/2018:11:30:24 -0300] "GET /cormun/static/Shared/jqueryui/images/ui-bg_flat_55_fafafa_40x100.png HTTP/1.1" 404 1097
186.103.161.206 - - [02/Mar/2018:11:30:24 -0300] "GET /cormun/static/Shared/jqueryui/images/ui-icons_8d78a5_256x240.png HTTP/1.1" 404 1089
186.103.159.189 - - [02/Mar/2018:11:30:25 -0300] "GET /cormun/servlet/solicitudot?INS,0,0, HTTP/1.1" 200 13421
200.72.197.82 - - [02/Mar/2018:11:30:25 -0300] "POST /cormun/servlet/trsolicitudot?44e678cb187b443e56297eee994b6019,,gx-no-cache=1520000976684 HTTP/1.1" 200 5801
200.112.3.74 - - [02/Mar/2018:11:30:25 -0300] "POST /cormun/servlet/solicitudot?gx-no-cache=1520000977869 HTTP/1.1" 200 3417
191.126.135.18 - - [02/Mar/2018:11:30:25 -0300] "POST /cormun/servlet/solicitudot?gx-no-cache=1520000977010 HTTP/1.1" 200 1337
191.126.135.18 - - [02/Mar/2018:11:30:25 -0300] "POST /cormun/servlet/solicitudot?gx-no-cache=1520000977144 HTTP/1.1" 200 38
191.126.135.18 - - [02/Mar/2018:11:30:25 -0300] "GET /cormun/servlet/solicitudot?13cbe55e37dd534beadaaf792681ea37c2b1dac5669516f81600e4d914d2a7b94f62edf514f3dc760fb449c4047a7f1e068df623d9dbb7bf570e5769886ca728fbf34eaee3b4ce1f1dd63df53d50397c70fdec8f418341507551822c80f7a74eb53fa1c90f2d12689ffd35558a8c5f84da4964b393537a5e5092a4bae006114218edab6a1e5a9b4a6c1527d7451e7b3647eef89f16dfee350076c305dcd4cca5,gx-no-cache=1520000977240 HTTP/1.1" 200 29
200.112.3.74 - - [02/Mar/2018:11:30:25 -0300] "POST /cormun/servlet/solicitudot?c1e80ee34a237310212969a688f35c23,INS,0,0,,gx-no-cache=1520000978377 HTTP/1.1" 200 10393
191.126.135.18 - - [02/Mar/2018:11:30:26 -0300] "POST /cormun/servlet/solicitudot?gx-no-cache=1520000977331 HTTP/1.1" 200 1319
200.112.3.74 - - [02/Mar/2018:11:30:26 -0300] "GET /cormun/servlet/solicitudot?944e7f293973231495e81d586165cb4f1d8f60c07976d8133a735ba7f7a279e053e61be2bfe58edb3e6f298442afbdd6,gx-no-cache=1520000978996 HTTP/1.1" 200 30
191.126.135.18 - - [02/Mar/2018:11:30:26 -0300] "POST /cormun/servlet/solicitudot?gx-no-cache=1520000977478 HTTP/1.1" 200 1219
191.126.135.18 - - [02/Mar/2018:11:30:26 -0300] "GET /cormun/servlet/solicitudot?13cbe55e37dd534beadaaf792681ea372277b07a808b6fd1a7e0f72802af6187db8b938ca90b8040143e668d19e23734,gx-no-cache=1520000977631 HTTP/1.1" 200 134
191.126.135.18 - - [02/Mar/2018:11:30:26 -0300] "GET /cormun/static/Shared/jqueryui/images/ui-bg_highlight-soft_100_c6c2c8_1x100.png HTTP/1.1" 404 1117
191.126.135.18 - - [02/Mar/2018:11:30:26 -0300] "GET /cormun/static/Shared/jqueryui/images/ui-icons_ebccce_256x240.png HTTP/1.1" 404 1089
191.126.135.18 - - [02/Mar/2018:11:30:26 -0300] "GET /cormun/static/Shared/jqueryui/images/ui-bg_flat_55_994d53_40x100.png HTTP/1.1" 404 1097
191.126.135.18 - - [02/Mar/2018:11:30:26 -0300] "GET /cormun/static/Shared/jqueryui/images/ui-icons_82798d_256x240.png HTTP/1.1" 404 1089
186.103.159.189 - - [02/Mar/2018:11:30:28 -0300] "GET /cormun/servlet/prfichaempleado?,MD,,gxPopupLevel%3D0%3B HTTP/1.1" 200 9307
186.67.172.234 - - [02/Mar/2018:11:30:28 -0300] "GET /cormun/servlet/solicitudotadjuntos?eddcb122a7263aec1b155afe36dd595e82cc6943b44b446ffaefc0f045970dfb,gx-no-cache=1520000933369 HTTP/1.1" 200 30
186.67.172.234 - - [02/Mar/2018:11:30:28 -0300] "GET /cormun/servlet/solicitudotadjuntos?eddcb122a7263aec1b155afe36dd595e82cc6943b44b446ffaefc0f045970dfb,gx-no-cache=1520000933460 HTTP/1.1" 200 30
200.112.3.74 - - [02/Mar/2018:11:30:29 -0300] "GET /cormun/servlet/solicitudot?944e7f293973231495e81d586165cb4f717281744a9631eadbb450e3276d81e08c9ca50a1fee28eec3b101a09aebf232c94473790eaae728af09ebb9b15259e8,gx-no-cache=1520000982143 HTTP/1.1" 200 30
200.112.3.74 - - [02/Mar/2018:11:30:29 -0300] "GET /cormun/servlet/solicitudot?944e7f293973231495e81d586165cb4f458b7a0a0b8799b06de7859f3d4472b4,gx-no-cache=1520000982233 HTTP/1.1" 200 59
200.112.3.74 - - [02/Mar/2018:11:30:29 -0300] "POST /cormun/servlet/solicitudot?gx-no-cache=1520000982344 HTTP/1.1" 200 255
186.67.172.234 - - [02/Mar/2018:11:30:29 -0300] "POST /cormun/servlet/solicitudotadjuntos?8db89f84cb72e9d4d0c5d05e34b2681b,INS,2018,9853,,1, HTTP/1.1" 200 116
200.112.3.74 - - [02/Mar/2018:11:30:29 -0300] "GET /cormun/servlet/solicitudot?944e7f293973231495e81d586165cb4f4af9b7fe8d1c530a0a4b19a31efbcf14fc65daa8cb1f00d5b4b4482dc19208a945fe099f8328637570cc6977206ade6480c35e2ffaec55ea00b1ecafb0f0cce24ca9ca6539c7ce7a8a53474053be63448c179182b13a8e1dbb272f3533f6e83b690cd308f9b8bb0b95c53623e83242002a17a0f6dcbad9030e8b34b9a0a711dca263d20989adeb9a31620e10cad967fee1b372a70645b2a3657b40e4c76dcdc06a9e2368ef484528dbc1040893760e519bb7518f0e52d02def90919f6899beda3a60052c32532ac3dcfbfaea3f154a7b9e5eae6689128f9e51b294d7a121fb09cc0168b6df098965f81d8b02f2c944d47bd90e2055c5bc356e9e022cc86824bfb279e11ce8402faa260200ff91e93ad8e030c02f89e016536970de8e68ca45dd346e7ef0a25f7b8a235a5c82a80759ca98e840ca98e5977b7e7624f228b80aaa98c08997082d4d63ef52e468a25046fc82d9c8f4039a52e259849866af566285060b8d3b1e7368c58c167b503f2825b0,gx-no-cache=1520000982488 HTTP/1.1" 200 30
186.67.172.234 - - [02/Mar/2018:11:30:29 -0300] "GET /cormun/servlet/hpexe_return? HTTP/1.1" 200 1023
200.112.3.74 - - [02/Mar/2018:11:30:29 -0300] "POST /cormun/servlet/solicitudot?gx-no-cache=1520000982614 HTTP/1.1" 200 30
200.112.3.74 - - [02/Mar/2018:11:30:30 -0300] "POST /cormun/servlet/solicitudot?gx-no-cache=1520000982747 HTTP/1.1" 200 1337
186.67.172.234 - - [02/Mar/2018:11:30:30 -0300] "GET /cormun/servlet/trsolicitudadjuntos?2018,9853, HTTP/1.1" 200 9081
200.112.3.74 - - [02/Mar/2018:11:30:30 -0300] "POST /cormun/servlet/solicitudot?gx-no-cache=1520000982930 HTTP/1.1" 200 38
186.67.172.234 - - [02/Mar/2018:11:30:30 -0300] "GET /cormun/servlet/trsolicitudadjuntos?2018,9853, HTTP/1.1" 200 9081
186.67.172.234 - - [02/Mar/2018:11:30:33 -0300] "GET /cormun/servlet/solicitudotadjuntos?INS,2018,9853,,1, HTTP/1.1" 200 6264
186.67.172.234 - - [02/Mar/2018:11:30:33 -0300] "GET /cormun/static/about:blank HTTP/1.1" 404 1011
186.67.172.234 - - [02/Mar/2018:11:30:33 -0300] "GET /cormun/servlet/solicitudotadjuntos?INS,2018,9853,,1, HTTP/1.1" 200 6258
186.67.172.234 - - [02/Mar/2018:11:30:34 -0300] "GET /cormun/servlet/solicitudotadjuntos?eddcb122a7263aec1b155afe36dd595e2e6e07214c7c3b1ac204c2c0ecb345262d93d145a1f6fcb8c343c9a77fbf18f6,gx-no-cache=1520000938891 HTTP/1.1" 200 30
186.67.172.234 - - [02/Mar/2018:11:30:34 -0300] "POST /cormun/servlet/solicitudotadjuntos?8db89f84cb72e9d4d0c5d05e34b2681b,INS,2018,9853,,1,,gx-no-cache=1520000938939 HTTP/1.1" 200 3981
200.112.3.74 - - [02/Mar/2018:11:30:35 -0300] "GET /cormun/servlet/solicitudot?944e7f293973231495e81d586165cb4f43b79bac41e45e3e9037d52832ea9d6fb71a08379e2f8de0a832f07f993ff4ca16bf842a222d9c0cde460604587e6f7f87273e28b84920892341d9fe35cc889abb0c3028824f4bfac946394d16b507173c105646b4745e8c0f05c590a6f0b9d2c7f6cf28ae3c5abab3aa2280e4dd4782ae8a1ea62c0394bb4d003b131af29e9f15ab1257f7d93ee4505b77472ac052a1,gx-no-cache=1520000988345 HTTP/1.1" 200 29
200.112.3.74 - - [02/Mar/2018:11:30:35 -0300] "POST /cormun/servlet/solicitudot?gx-no-cache=1520000988460 HTTP/1.1" 200 1318
200.112.3.74 - - [02/Mar/2018:11:30:36 -0300] "POST /cormun/servlet/solicitudot?gx-no-cache=1520000988709 HTTP/1.1" 200 1219
200.112.3.74 - - [02/Mar/2018:11:30:36 -0300] "GET /cormun/static/menuarrow.gif HTTP/1.1" 404 1015
200.112.3.74 - - [02/Mar/2018:11:30:38 -0300] "POST /cormun/servlet/solicitudot?gx-no-cache=1520000991395 HTTP/1.1" 200 1318
200.112.3.74 - - [02/Mar/2018:11:30:38 -0300] "POST /cormun/servlet/solicitudot?gx-no-cache=1520000991609 HTTP/1.1" 200 1219
200.112.3.74 - - [02/Mar/2018:11:30:40 -0300] "GET /cormun/servlet/solicitudot?944e7f293973231495e81d586165cb4f9c234781646c625ad6b3f08d532eae240e44fc134b8d4ca45f91a39e3a8b7cb6,gx-no-cache=1520000993082 HTTP/1.1" 200 30
200.72.197.82 - - [02/Mar/2018:11:30:42 -0300] "GET /cormun/servlet/trvisualizadoreventos? HTTP/1.1" 200 6967
200.72.197.82 - - [02/Mar/2018:11:30:42 -0300] "GET /cormun/static/gxcfg.js?20175251251426 HTTP/1.1" 304 -
200.72.197.82 - - [02/Mar/2018:11:30:43 -0300] "GET /cormun/servlet/trvisualizadoreventos? HTTP/1.1" 200 6967
200.112.3.74 - - [02/Mar/2018:11:30:45 -0300] "POST /cormun/servlet/solicitudot?gx-no-cache=1520000998144 HTTP/1.1" 200 30
186.67.172.234 - - [02/Mar/2018:11:30:46 -0300] "POST /cormun/servlet/solicitudotadjuntos?gx-no-cache=1520000950614 HTTP/1.1" 200 26
191.126.135.18 - - [02/Mar/2018:11:30:51 -0300] "POST /cormun/servlet/solicitudot?gx-no-cache=1520001002455 HTTP/1.1" 200 1321
191.126.135.18 - - [02/Mar/2018:11:30:51 -0300] "POST /cormun/servlet/solicitudot?gx-no-cache=1520001002925 HTTP/1.1" 200 1219
191.126.135.18 - - [02/Mar/2018:11:30:51 -0300] "GET /cormun/static/menuarrow.gif HTTP/1.1" 404 1015
191.126.135.18 - - [02/Mar/2018:11:30:53 -0300] "POST /cormun/servlet/solicitudot?gx-no-cache=1520001005037 HTTP/1.1" 200 1321
191.126.135.18 - - [02/Mar/2018:11:30:53 -0300] "POST /cormun/servlet/solicitudot?gx-no-cache=1520001005166 HTTP/1.1" 200 1219
190.151.100.218 - - [02/Mar/2018:11:30:56 -0300] "GET /cormun/servlet/trautorizarsolicitud? HTTP/1.1" 200 8667
190.151.100.218 - - [02/Mar/2018:11:30:57 -0300] "GET /cormun/static/gxcfg.js?2017111423403364 HTTP/1.1" 304 -
200.112.3.74 - - [02/Mar/2018:11:30:57 -0300] "POST /cormun/servlet/solicitudot?c1e80ee34a237310212969a688f35c23,INS,0,0,,gx-no-cache=1520001009520 HTTP/1.1" 200 11784
200.112.3.74 - - [02/Mar/2018:11:30:57 -0300] "GET /cormun/static/Shared/jqueryui/images/ui-bg_highlight-soft_100_c6c2c8_1x100.png HTTP/1.1" 404 1117
190.151.100.218 - - [02/Mar/2018:11:30:57 -0300] "GET /cormun/servlet/trautorizarsolicitud? HTTP/1.1" 200 8666
200.112.3.74 - - [02/Mar/2018:11:30:57 -0300] "GET /cormun/static/Shared/jqueryui/images/ui-bg_flat_55_994d53_40x100.png HTTP/1.1" 404 1097
200.112.3.74 - - [02/Mar/2018:11:30:57 -0300] "GET /cormun/static/Shared/jqueryui/images/ui-icons_ebccce_256x240.png HTTP/1.1" 404 1089
200.112.3.74 - - [02/Mar/2018:11:30:57 -0300] "GET /cormun/static/Shared/jqueryui/images/ui-icons_82798d_256x240.png HTTP/1.1" 404 1089
191.126.135.18 - - [02/Mar/2018:11:31:01 -0300] "GET /cormun/servlet/solicitudot?13cbe55e37dd534beadaaf792681ea371a28544c32796b4d318710b2962f65a2db8b938ca90b8040143e668d19e23734,gx-no-cache=1520001012391 HTTP/1.1" 200 30
200.112.3.74 - - [02/Mar/2018:11:31:02 -0300] "POST /cormun/servlet/solicitudot?gx-no-cache=1520001015210 HTTP/1.1" 200 30
186.67.172.234 - - [02/Mar/2018:11:31:02 -0300] "GET /cormun/servlet/solicitudotadjuntos?eddcb122a7263aec1b155afe36dd595e82cc6943b44b446ffaefc0f045970dfb,gx-no-cache=1520000967366 HTTP/1.1" 200 30
186.67.172.234 - - [02/Mar/2018:11:31:02 -0300] "GET /cormun/servlet/solicitudotadjuntos?eddcb122a7263aec1b155afe36dd595e82cc6943b44b446ffaefc0f045970dfb,gx-no-cache=1520000967406 HTTP/1.1" 200 30
186.67.172.234 - - [02/Mar/2018:11:31:03 -0300] "POST /cormun/servlet/solicitudotadjuntos?8db89f84cb72e9d4d0c5d05e34b2681b,INS,2018,9853,,1, HTTP/1.1" 200 116
186.67.172.234 - - [02/Mar/2018:11:31:03 -0300] "GET /cormun/servlet/hpexe_return? HTTP/1.1" 200 1023
186.67.172.234 - - [02/Mar/2018:11:31:03 -0300] "GET /cormun/servlet/trsolicitudadjuntos?2018,9853, HTTP/1.1" 200 9284
186.67.172.234 - - [02/Mar/2018:11:31:04 -0300] "GET /cormun/servlet/trsolicitudadjuntos?2018,9853, HTTP/1.1" 200 9282
190.151.100.218 - - [02/Mar/2018:11:31:06 -0300] "GET /cormun/servlet/trsolicitudot? HTTP/1.1" 200 8770
190.151.100.218 - - [02/Mar/2018:11:31:06 -0300] "GET /cormun/servlet/trsolicitudot? HTTP/1.1" 200 8770
186.67.172.234 - - [02/Mar/2018:11:31:08 -0300] "GET /cormun/servlet/solicitudotadjuntos?INS,2018,9853,,1, HTTP/1.1" 200 6264
186.67.172.234 - - [02/Mar/2018:11:31:08 -0300] "GET /cormun/static/about:blank HTTP/1.1" 404 1011
186.67.172.234 - - [02/Mar/2018:11:31:08 -0300] "GET /cormun/servlet/solicitudotadjuntos?INS,2018,9853,,1, HTTP/1.1" 200 6258
200.72.197.82 - - [02/Mar/2018:11:31:10 -0300] "GET /cormun/servlet/solicitudot?INS,0,0, HTTP/1.1" 200 13649
200.72.197.82 - - [02/Mar/2018:11:31:11 -0300] "GET /cormun/servlet/solicitudot?INS,0,0, HTTP/1.1" 200 13654
200.112.3.74 - - [02/Mar/2018:11:31:11 -0300] "POST /cormun/servlet/solicitudot?gx-no-cache=1520001024356 HTTP/1.1" 200 30
186.67.172.234 - - [02/Mar/2018:11:31:11 -0300] "GET /cormun/servlet/solicitudotadjuntos?eddcb122a7263aec1b155afe36dd595e2e6e07214c7c3b1ac204c2c0ecb345262d93d145a1f6fcb8c343c9a77fbf18f6,gx-no-cache=1520000973619 HTTP/1.1" 200 30
186.67.172.234 - - [02/Mar/2018:11:31:11 -0300] "POST /cormun/servlet/solicitudotadjuntos?8db89f84cb72e9d4d0c5d05e34b2681b,INS,2018,9853,,1,,gx-no-cache=1520000976241 HTTP/1.1" 200 3980
186.103.159.46 - - [02/Mar/2018:11:31:12 -0300] "GET /cormun/servlet/prbanco?,MD,,gxPopupLevel%3D0%3B HTTP/1.1" 200 6586
190.161.236.41 - - [02/Mar/2018:11:31:13 -0300] "GET /cormun/servlet/trsolicitudot? HTTP/1.1" 200 7341
190.161.236.41 - - [02/Mar/2018:11:31:13 -0300] "GET /cormun/servlet/trsolicitudot? HTTP/1.1" 200 7340
186.67.164.142 - - [02/Mar/2018:11:31:14 -0300] "POST /cormun/servlet/trlicencias?40f211f537bd6826a740b15611019b35,,gx-no-cache=1520001025634 HTTP/1.1" 200 8628
200.112.3.74 - - [02/Mar/2018:11:31:17 -0300] "POST /cormun/servlet/solicitudot?gx-no-cache=1520001030562 HTTP/1.1" 200 1336
200.112.3.74 - - [02/Mar/2018:11:31:18 -0300] "POST /cormun/servlet/solicitudot?gx-no-cache=1520001030795 HTTP/1.1" 200 41
186.67.172.234 - - [02/Mar/2018:11:31:18 -0300] "POST /cormun/servlet/solicitudotadjuntos?gx-no-cache=1520000982711 HTTP/1.1" 200 26
200.112.3.74 - - [02/Mar/2018:11:31:18 -0300] "POST /cormun/servlet/solicitudot?gx-no-cache=1520001030908 HTTP/1.1" 200 1318
200.112.3.74 - - [02/Mar/2018:11:31:18 -0300] "POST /cormun/servlet/solicitudot?gx-no-cache=1520001031131 HTTP/1.1" 200 1219
200.112.3.74 - - [02/Mar/2018:11:31:18 -0300] "GET /cormun/servlet/solicitudot?944e7f293973231495e81d586165cb4f9c234781646c625ad6b3f08d532eae240e44fc134b8d4ca45f91a39e3a8b7cb6,gx-no-cache=1520001031339 HTTP/1.1" 200 30
200.112.3.74 - - [02/Mar/2018:11:31:18 -0300] "POST /cormun/servlet/solicitudot?gx-no-cache=1520001031462 HTTP/1.1" 200 30
191.126.135.18 - - [02/Mar/2018:11:31:18 -0300] "POST /cormun/servlet/solicitudot?gx-no-cache=1520001030000 HTTP/1.1" 200 33
200.112.3.74 - - [02/Mar/2018:11:31:19 -0300] "POST /cormun/servlet/solicitudot?c1e80ee34a237310212969a688f35c23,INS,0,0,,gx-no-cache=1520001031619 HTTP/1.1" 200 93
200.112.3.74 - - [02/Mar/2018:11:31:19 -0300] "GET /cormun/servlet/hpexe_return? HTTP/1.1" 200 994
200.112.3.74 - - [02/Mar/2018:11:31:19 -0300] "GET /cormun/servlet/trsolicitudot HTTP/1.1" 200 8985
200.112.3.74 - - [02/Mar/2018:11:31:20 -0300] "GET /cormun/servlet/trsolicitudot HTTP/1.1" 200 8982
200.112.3.74 - - [02/Mar/2018:11:31:22 -0300] "GET /cormun/servlet/solicitudot?INS,0,0, HTTP/1.1" 200 13438
200.112.3.74 - - [02/Mar/2018:11:31:22 -0300] "GET /cormun/servlet/solicitudot?INS,0,0, HTTP/1.1" 200 13443
186.103.159.46 - - [02/Mar/2018:11:31:24 -0300] "GET /cormun/servlet/solicitudot?7f039c20466c91efbcbc463eee7aafc01c86377b1b6b239412b84592b9b8f5f2dc7b3d855c1e0f96e7b87a797915c8a7,gx-no-cache=1520001035887 HTTP/1.1" 200 30
186.103.159.46 - - [02/Mar/2018:11:31:25 -0300] "GET /cormun/servlet/solicitudot?7f039c20466c91efbcbc463eee7aafc0d67c49dbdfead9103b17db241adb4bd0,gx-no-cache=1520001037557 HTTP/1.1" 200 53
200.112.3.74 - - [02/Mar/2018:11:31:26 -0300] "GET /cormun/servlet/prfichaempleado?,MD,,gxPopupLevel%3D0%3B HTTP/1.1" 200 9329
186.67.172.234 - - [02/Mar/2018:11:31:26 -0300] "GET /cormun/servlet/solicitudotadjuntos?eddcb122a7263aec1b155afe36dd595e82cc6943b44b446ffaefc0f045970dfb,gx-no-cache=1520000991262 HTTP/1.1" 200 30
186.67.172.234 - - [02/Mar/2018:11:31:26 -0300] "GET /cormun/servlet/solicitudotadjuntos?eddcb122a7263aec1b155afe36dd595e82cc6943b44b446ffaefc0f045970dfb,gx-no-cache=1520000991322 HTTP/1.1" 200 30
186.67.172.234 - - [02/Mar/2018:11:31:27 -0300] "POST /cormun/servlet/solicitudotadjuntos?8db89f84cb72e9d4d0c5d05e34b2681b,INS,2018,9853,,1, HTTP/1.1" 200 116
186.67.172.234 - - [02/Mar/2018:11:31:27 -0300] "GET /cormun/servlet/hpexe_return? HTTP/1.1" 200 1023
186.67.172.234 - - [02/Mar/2018:11:31:28 -0300] "GET /cormun/servlet/trsolicitudadjuntos?2018,9853, HTTP/1.1" 200 9510
186.67.172.234 - - [02/Mar/2018:11:31:28 -0300] "GET /cormun/servlet/trsolicitudadjuntos?2018,9853, HTTP/1.1" 200 9509
191.126.135.18 - - [02/Mar/2018:11:31:29 -0300] "POST /cormun/servlet/solicitudot?b3837bfe18221220b680a613c25e08fa,INS,0,0,,gx-no-cache=1520001040156 HTTP/1.1" 200 93
191.126.135.18 - - [02/Mar/2018:11:31:29 -0300] "GET /cormun/servlet/hpexe_return? HTTP/1.1" 200 1006
191.126.135.18 - - [02/Mar/2018:11:31:30 -0300] "GET /cormun/servlet/trsolicitudot HTTP/1.1" 200 9162
191.126.135.18 - - [02/Mar/2018:11:31:30 -0300] "GET /cormun/servlet/trsolicitudot HTTP/1.1" 200 9158
186.67.172.234 - - [02/Mar/2018:11:31:32 -0300] "GET /cormun/servlet/solicitudotadjuntos?INS,2018,9853,,1, HTTP/1.1" 200 6264
186.67.172.234 - - [02/Mar/2018:11:31:32 -0300] "GET /cormun/static/about:blank HTTP/1.1" 404 1011
186.67.172.234 - - [02/Mar/2018:11:31:33 -0300] "GET /cormun/servlet/solicitudotadjuntos?INS,2018,9853,,1, HTTP/1.1" 200 6258
186.67.172.234 - - [02/Mar/2018:11:31:33 -0300] "GET /cormun/servlet/solicitudotadjuntos?eddcb122a7263aec1b155afe36dd595e2e6e07214c7c3b1ac204c2c0ecb345262d93d145a1f6fcb8c343c9a77fbf18f6,gx-no-cache=1520000997838 HTTP/1.1" 200 30
186.67.172.234 - - [02/Mar/2018:11:31:33 -0300] "POST /cormun/servlet/solicitudotadjuntos?8db89f84cb72e9d4d0c5d05e34b2681b,INS,2018,9853,,1,,gx-no-cache=1520000997926 HTTP/1.1" 200 3980
191.126.135.18 - - [02/Mar/2018:11:31:34 -0300] "POST /cormun/servlet/trsolicitudot?b3837bfe18221220b680a613c25e08fa,gx-no-cache=1520001045961 HTTP/1.1" 200 5906
191.126.135.18 - - [02/Mar/2018:11:31:34 -0300] "GET /cormun/static/Shared/jqueryui/images/ui-bg_highlight-soft_100_c6c2c8_1x100.png HTTP/1.1" 404 1117
191.126.135.18 - - [02/Mar/2018:11:31:35 -0300] "GET /cormun/static/Shared/jqueryui/images/ui-icons_82798d_256x240.png HTTP/1.1" 404 1089
191.126.135.18 - - [02/Mar/2018:11:31:35 -0300] "GET /cormun/static/Shared/jqueryui/images/ui-bg_flat_55_fafafa_40x100.png HTTP/1.1" 404 1097
191.126.135.18 - - [02/Mar/2018:11:31:35 -0300] "GET /cormun/static/Shared/jqueryui/images/ui-icons_8d78a5_256x240.png HTTP/1.1" 404 1089
191.126.135.18 - - [02/Mar/2018:11:31:35 -0300] "POST /cormun/servlet/trsolicitudot?b3837bfe18221220b680a613c25e08fa,gx-no-cache=1520001046268 HTTP/1.1" 200 5849
200.112.3.74 - - [02/Mar/2018:11:31:35 -0300] "POST /cormun/servlet/prfichaempleado?c1e80ee34a237310212969a688f35c23,,MD,,gxPopupLevel%3D0%3B,gx-no-cache=1520001048113 HTTP/1.1" 200 3391
186.67.172.234 - - [02/Mar/2018:11:31:37 -0300] "POST /cormun/servlet/solicitudotadjuntos?gx-no-cache=1520001001790 HTTP/1.1" 200 26
200.112.3.74 - - [02/Mar/2018:11:31:38 -0300] "POST /cormun/servlet/solicitudot?gx-no-cache=1520001051210 HTTP/1.1" 200 3416
200.112.3.74 - - [02/Mar/2018:11:31:39 -0300] "POST /cormun/servlet/solicitudot?c1e80ee34a237310212969a688f35c23,INS,0,0,,gx-no-cache=1520001051711 HTTP/1.1" 200 10383
200.112.3.74 - - [02/Mar/2018:11:31:39 -0300] "GET /cormun/servlet/solicitudot?944e7f293973231495e81d586165cb4f7f886c86b387608a5a7dd357f9d7341653e61be2bfe58edb3e6f298442afbdd6,gx-no-cache=1520001052357 HTTP/1.1" 200 30
200.112.3.74 - - [02/Mar/2018:11:31:41 -0300] "GET /cormun/servlet/solicitudot?944e7f293973231495e81d586165cb4fd1cd6c2ad95f1b6f779c820bfde8813c96ec064bf6d889954bf4c2ffdd1d4f1267713e7ad86dcfbf34cf98e91cdd77ef,gx-no-cache=1520001054452 HTTP/1.1" 200 30
200.112.3.74 - - [02/Mar/2018:11:31:41 -0300] "GET /cormun/servlet/solicitudot?944e7f293973231495e81d586165cb4fb4ea32e693b8bd2c4212b427e0f6894e,gx-no-cache=1520001054579 HTTP/1.1" 200 51
200.112.3.74 - - [02/Mar/2018:11:31:41 -0300] "POST /cormun/servlet/solicitudot?gx-no-cache=1520001054709 HTTP/1.1" 200 255
200.112.3.74 - - [02/Mar/2018:11:31:42 -0300] "GET /cormun/servlet/solicitudot?944e7f293973231495e81d586165cb4f4af9b7fe8d1c530a0a4b19a31efbcf14fc65daa8cb1f00d5b4b4482dc19208a945fe099f8328637570cc6977206ade6480c35e2ffaec55ea00b1ecafb0f0cce24ca9ca6539c7ce7a8a53474053be63448c179182b13a8e1dbb272f3533f6e83b690cd308f9b8bb0b95c53623e83242002a17a0f6dcbad9030e8b34b9a0a711dca263d20989adeb9a31620e10cad967fee1b372a70645b2a3657b40e4c76dcdc06a9e2368ef484528dbc1040893760e519bb7518f0e52d02def90919f6899beda3a60052c32532ac3dcfbfaea3f154a7b9e5eae6689128f9e51b294d7a121fb09cc0168b6df098965f81d8b02f2c944d47bd90e2055c5bc356e9e022cc86824bfb279e11ce8402faa260200ff91e93ad8e030c02f89e016536970de8e68ca45dd346e7ef0a25f7b8a235a5c82a80759ca98e840ca98e5977b7e7624f228b80aaa98c08997082d4d63ef52e468a25046fc82d9c8f4039a52e259849866af566285060b8d3b1e7368c58c167b503f2825b0,gx-no-cache=1520001054861 HTTP/1.1" 200 30
200.112.3.74 - - [02/Mar/2018:11:31:44 -0300] "POST /cormun/servlet/solicitudot?gx-no-cache=1520001056886 HTTP/1.1" 200 30
200.112.3.74 - - [02/Mar/2018:11:31:46 -0300] "POST /cormun/servlet/solicitudot?gx-no-cache=1520001059207 HTTP/1.1" 200 1337
200.112.3.74 - - [02/Mar/2018:11:31:46 -0300] "POST /cormun/servlet/solicitudot?gx-no-cache=1520001059366 HTTP/1.1" 200 38
186.103.159.46 - - [02/Mar/2018:11:31:51 -0300] "GET /cormun/servlet/solicitudot?7f039c20466c91efbcbc463eee7aafc0bb2f835938261e05b8db3b06f79a20b2ef302a12aa8e2d4f486c9b13c4c75a571fbd3bf7cd35170c18aa72ccc3ed2bd79e0ea7931df8a2d6806963248dfa726094862e2d87fddf7c70fca7ecf67c253fe8a43e310539fb6954ce01044e9f449bcb76d8bfa2431bd7b4da8331c090c569957d6bb032fb1b764b41a010b37da0a518c061ad86e5cf01ac341c7bb045efa372035e926b9e7fe0168a6b6c82a9c7237a46c5f8b7e60c44a29ba4f8ba71b5b5c95472e7bb350d64ef301bba366126b9f2e4a9434a04977e73b34aec85f6641204f6a94f7b0d0a63c6b533be37447e19f1593d6aba273522d4f9d198d6ad2b1821dbdaa64628c8321b7ce5da6530cf7b1f399fc10a7e1f908df59d834f07cdf121f3f517f6d9da04a9633c3257acbeca278ab29fca2e30ce728634229aba0288973aa3a3277d41c453e98b116083aa27,gx-no-cache=1520001062983 HTTP/1.1" 200 297
200.112.3.74 - - [02/Mar/2018:11:31:52 -0300] "GET /cormun/servlet/solicitudot?944e7f293973231495e81d586165cb4f43b79bac41e45e3e9037d52832ea9d6fb71a08379e2f8de0a832f07f993ff4ca16bf842a222d9c0cde460604587e6f7f87273e28b84920892341d9fe35cc889abb0c3028824f4bfac946394d16b507173c105646b4745e8c0f05c590a6f0b9d2c7f6cf28ae3c5abab3aa2280e4dd4782ae8a1ea62c0394bb4d003b131af29e9f15ab1257f7d93ee4505b77472ac052a1,gx-no-cache=1520001065056 HTTP/1.1" 200 29
200.112.3.74 - - [02/Mar/2018:11:31:52 -0300] "POST /cormun/servlet/solicitudot?gx-no-cache=1520001065157 HTTP/1.1" 200 1318
200.112.3.74 - - [02/Mar/2018:11:31:52 -0300] "POST /cormun/servlet/solicitudot?gx-no-cache=1520001065394 HTTP/1.1" 200 1219
200.112.3.74 - - [02/Mar/2018:11:31:52 -0300] "GET /cormun/static/menuarrow.gif HTTP/1.1" 404 1015
186.103.159.46 - - [02/Mar/2018:11:31:53 -0300] "GET /cormun/servlet/solicitudot?7f039c20466c91efbcbc463eee7aafc07dd747bd6c68d65e030abfa7347f45d65939473e44e97293147f7711f889328c75b847df9cbba53dbd174cd8fffe62dcfde404f82537ad92aa73b4b12cc3910b57c6d9daa35931ced71b0de7a7361bdf9f83a340d3b95050333536d704f94b1b853e49a3a4f7ca83d83a3a4cf4aeba51458f7295233b7aebc4910230ad5393630bf5185425721475c2b9f93d7aa29b933e24d487bf88f0e701c564cd5640e9e861a0c4b243a0a3e1e5d5a74f42eaea5b1e4d7928f670a8b24eb11a19a7c40dfa861cb1760fe200d27021a97d2fc9090b66302f680d4860d5245c5214ac9fe7aa276d75505b9c695d8be6098b9394d894a4dd457ab9ba69b89add736d129a1f4e8644e5dff76ff501751cb9327357def05c41a57996408462af50f295b36e11ecc8f5e21d061b53084418d206cebbad83e86605d1166d41f31e9229986c265c72bc2bccfd17987ddaa764d1de0dc3048570f36828bc40e4bfb19253d4c089cd434f3a23437fb5441997bd86768d5024b81a8ced0fdf5d656d775befa14353d090,gx-no-cache=1520001064862 HTTP/1.1" 200 30
200.112.3.74 - - [02/Mar/2018:11:31:53 -0300] "POST /cormun/servlet/solicitudot?gx-no-cache=1520001066574 HTTP/1.1" 200 1318
200.112.3.74 - - [02/Mar/2018:11:31:54 -0300] "POST /cormun/servlet/solicitudot?gx-no-cache=1520001066769 HTTP/1.1" 200 1219
200.112.3.74 - - [02/Mar/2018:11:31:54 -0300] "GET /cormun/servlet/solicitudot?944e7f293973231495e81d586165cb4f9c234781646c625ad6b3f08d532eae240e44fc134b8d4ca45f91a39e3a8b7cb6,gx-no-cache=1520001067382 HTTP/1.1" 200 30
186.103.159.46 - - [02/Mar/2018:11:31:55 -0300] "POST /cormun/servlet/solicitudot?gx-no-cache=1520001067670 HTTP/1.1" 200 30
186.67.172.234 - - [02/Mar/2018:11:31:57 -0300] "GET /cormun/servlet/solicitudotadjuntos?eddcb122a7263aec1b155afe36dd595e82cc6943b44b446ffaefc0f045970dfb,gx-no-cache=1520001022153 HTTP/1.1" 200 30
186.67.172.234 - - [02/Mar/2018:11:31:57 -0300] "GET /cormun/servlet/solicitudotadjuntos?eddcb122a7263aec1b155afe36dd595e82cc6943b44b446ffaefc0f045970dfb,gx-no-cache=1520001022286 HTTP/1.1" 200 30
186.67.172.234 - - [02/Mar/2018:11:31:58 -0300] "POST /cormun/servlet/solicitudotadjuntos?8db89f84cb72e9d4d0c5d05e34b2681b,INS,2018,9853,,1, HTTP/1.1" 200 116
186.67.172.234 - - [02/Mar/2018:11:31:58 -0300] "GET /cormun/servlet/hpexe_return? HTTP/1.1" 200 1023
186.67.172.234 - - [02/Mar/2018:11:31:58 -0300] "GET /cormun/servlet/trsolicitudadjuntos?2018,9853, HTTP/1.1" 200 9754
186.67.172.234 - - [02/Mar/2018:11:31:59 -0300] "GET /cormun/servlet/trsolicitudadjuntos?2018,9853, HTTP/1.1" 200 9749
200.112.3.74 - - [02/Mar/2018:11:31:59 -0300] "POST /cormun/servlet/solicitudot?gx-no-cache=1520001072660 HTTP/1.1" 200 30
186.103.159.46 - - [02/Mar/2018:11:32:02 -0300] "GET /cormun/servlet/solicitudot?7f039c20466c91efbcbc463eee7aafc07dd747bd6c68d65e030abfa7347f45d65939473e44e97293147f7711f889328c75b847df9cbba53dbd174cd8fffe62dcfde404f82537ad92aa73b4b12cc3910b57c6d9daa35931ced71b0de7a7361bdf9f83a340d3b95050333536d704f94b1b853e49a3a4f7ca83d83a3a4cf4aeba51458f7295233b7aebc4910230ad5393630bf5185425721475c2b9f93d7aa29b933e24d487bf88f0e701c564cd5640e9e861a0c4b243a0a3e1e5d5a74f42eaea5b1e4d7928f670a8b24eb11a19a7c40dfa861cb1760fe200d27021a97d2fc9090b66302f680d4860d5245c5214ac9fe7aa54ab87c28a5eef5c95e3aad911f246bfa4dd457ab9ba69b89add736d129a1f4e8644e5dff76ff501751cb9327357def05c41a57996408462af50f295b36e11ecc8f5e21d061b53084418d206cebbad83e86605d1166d41f31e9229986c265c72bc2bccfd17987ddaa764d1de0dc3048570f36828bc40e4bfb19253d4c089cd43401dde2f7d403b85f9c4b460a2ba72711a8ced0fdf5d656d775befa14353d090,gx-no-cache=1520001074098 HTTP/1.1" 200 30
200.112.3.74 - - [02/Mar/2018:11:32:03 -0300] "POST /cormun/servlet/solicitudot?c1e80ee34a237310212969a688f35c23,INS,0,0,,gx-no-cache=1520001075270 HTTP/1.1" 200 93
200.112.3.74 - - [02/Mar/2018:11:32:03 -0300] "GET /cormun/servlet/hpexe_return? HTTP/1.1" 200 994
200.112.3.74 - - [02/Mar/2018:11:32:03 -0300] "GET /cormun/servlet/trsolicitudot HTTP/1.1" 200 9302
200.112.3.74 - - [02/Mar/2018:11:32:04 -0300] "GET /cormun/servlet/trsolicitudot HTTP/1.1" 200 9298
200.112.3.74 - - [02/Mar/2018:11:32:06 -0300] "GET /cormun/servlet/solicitudot?INS,0,0, HTTP/1.1" 200 13439
200.112.3.74 - - [02/Mar/2018:11:32:06 -0300] "GET /cormun/servlet/solicitudot?INS,0,0, HTTP/1.1" 200 13444
186.67.172.234 - - [02/Mar/2018:11:32:07 -0300] "POST /cormun/servlet/trsolicitudadjuntos?8db89f84cb72e9d4d0c5d05e34b2681b,2018,9853,,gx-no-cache=1520001031614 HTTP/1.1" 200 90
186.67.172.234 - - [02/Mar/2018:11:32:07 -0300] "GET /cormun/servlet/hpexe_link HTTP/1.1" 200 984
186.67.172.234 - - [02/Mar/2018:11:32:07 -0300] "GET /cormun/servlet/trsolicitudot?gx-no-cache=1520000398896 HTTP/1.1" 200 9200
186.67.172.234 - - [02/Mar/2018:11:32:07 -0300] "GET /cormun/servlet/trsolicitudot?gx-no-cache=1520000398896 HTTP/1.1" 200 9219
200.112.3.74 - - [02/Mar/2018:11:32:08 -0300] "GET /cormun/servlet/prfichaempleado?,MD,,gxPopupLevel%3D0%3B HTTP/1.1" 200 9329
186.103.159.46 - - [02/Mar/2018:11:32:09 -0300] "POST /cormun/servlet/solicitudot?gx-no-cache=1520001081376 HTTP/1.1" 200 1331
186.103.159.46 - - [02/Mar/2018:11:32:09 -0300] "POST /cormun/servlet/solicitudot?gx-no-cache=1520001081569 HTTP/1.1" 200 38
192.168.10.108 - - [02/Mar/2018:11:32:10 -0300] "GET /cormun/servlet/hlogin HTTP/1.1" 200 1723
192.168.10.108 - - [02/Mar/2018:11:32:10 -0300] "GET /cormun/static/messages.spa.js?85251 HTTP/1.1" 304 -
192.168.10.108 - - [02/Mar/2018:11:32:10 -0300] "GET /cormun/static/Resources/PXToolsLoginBottom.png HTTP/1.1" 200 1389
192.168.10.108 - - [02/Mar/2018:11:32:10 -0300] "GET /cormun/static/Resources/PXToolsButtonBackground2.png HTTP/1.1" 200 1181
192.168.10.108 - - [02/Mar/2018:11:32:10 -0300] "GET /cormun/static/Resources/indicator.gif HTTP/1.1" 200 1553
192.168.10.108 - - [02/Mar/2018:11:32:10 -0300] "GET /favicon.ico HTTP/1.1" 200 21630
186.103.159.189 - - [02/Mar/2018:11:32:12 -0300] "POST /cormun/servlet/prfichaempleado?0c7e55f8da2a3bfeea22d219f3625c89,,MD,,gxPopupLevel%3D0%3B,gx-no-cache=1520001084509 HTTP/1.1" 200 3417
186.67.172.234 - - [02/Mar/2018:11:32:16 -0300] "POST /cormun/servlet/trsolicitudot?8db89f84cb72e9d4d0c5d05e34b2681b,gx-no-cache=1520000398896,gx-no-cache=1520001040455 HTTP/1.1" 200 5875
186.67.172.234 - - [02/Mar/2018:11:32:16 -0300] "GET /cormun/static/Shared/jqueryui/images/ui-bg_highlight-soft_100_c6c2c8_1x100.png HTTP/1.1" 404 1117
186.67.172.234 - - [02/Mar/2018:11:32:16 -0300] "GET /cormun/static/Shared/jqueryui/images/ui-icons_82798d_256x240.png HTTP/1.1" 404 1089
186.67.172.234 - - [02/Mar/2018:11:32:16 -0300] "GET /cormun/static/Shared/jqueryui/images/ui-bg_flat_55_fafafa_40x100.png HTTP/1.1" 404 1097
186.67.172.234 - - [02/Mar/2018:11:32:16 -0300] "GET /cormun/static/Shared/jqueryui/images/ui-icons_8d78a5_256x240.png HTTP/1.1" 404 1089
186.67.172.234 - - [02/Mar/2018:11:32:16 -0300] "POST /cormun/servlet/trsolicitudot?8db89f84cb72e9d4d0c5d05e34b2681b,gx-no-cache=1520000398896,gx-no-cache=1520001040849 HTTP/1.1" 200 5818
192.168.10.108 - - [02/Mar/2018:11:32:20 -0300] "GET /cormun/servlet/hlogin HTTP/1.1" 200 1719
192.168.10.108 - - [02/Mar/2018:11:32:20 -0300] "GET /cormun/static/gxtimezone.js?85251 HTTP/1.1" 200 5781
192.168.10.108 - - [02/Mar/2018:11:32:20 -0300] "GET /cormun/static/gxcfg.js?20175251213516 HTTP/1.1" 200 953
192.168.10.108 - - [02/Mar/2018:11:32:20 -0300] "GET /cormun/static/Resources/Spanish/PXTools.css?11423723 HTTP/1.1" 200 89042
192.168.10.108 - - [02/Mar/2018:11:32:20 -0300] "GET /cormun/static/hlogin.js?20175251213537 HTTP/1.1" 200 2136
192.168.10.108 - - [02/Mar/2018:11:32:20 -0300] "GET /cormun/static/Resources/ComunLogin.png HTTP/1.1" 200 17326
192.168.10.108 - - [02/Mar/2018:11:32:21 -0300] "GET /cormun/static/messages.spa.js?85251 HTTP/1.1" 200 30736
192.168.10.108 - - [02/Mar/2018:11:32:21 -0300] "GET /cormun/static/gxgral.js?85251 HTTP/1.1" 200 384558
192.168.10.108 - - [02/Mar/2018:11:32:21 -0300] "GET /cormun/static/Resources/indicator.gif HTTP/1.1" 200 1553
192.168.10.108 - - [02/Mar/2018:11:32:21 -0300] "GET /cormun/servlet/hlogin HTTP/1.1" 200 1730
192.168.10.108 - - [02/Mar/2018:11:32:21 -0300] "GET /cormun/static/Resources/PXToolsLoginBackground.png HTTP/1.1" 200 1164
192.168.10.108 - - [02/Mar/2018:11:32:21 -0300] "GET /cormun/static/Resources/PXToolsLoginBottom.png HTTP/1.1" 200 1389
192.168.10.108 - - [02/Mar/2018:11:32:21 -0300] "GET /cormun/static/Resources/PXToolsLoginTop.png HTTP/1.1" 200 1337
192.168.10.108 - - [02/Mar/2018:11:32:21 -0300] "GET /cormun/static/Resources/PXToolsButtonLeft21.png HTTP/1.1" 200 1287
192.168.10.108 - - [02/Mar/2018:11:32:21 -0300] "GET /cormun/static/Resources/PXToolsButtonBackground2.png HTTP/1.1" 200 1181
192.168.10.108 - - [02/Mar/2018:11:32:21 -0300] "GET /cormun/static/Resources/PXToolsButtonRight21.png HTTP/1.1" 200 1283
192.168.10.108 - - [02/Mar/2018:11:32:21 -0300] "GET /cormun/static/Resources/PXToolsLoginBottom.png HTTP/1.1" 200 1389
192.168.10.108 - - [02/Mar/2018:11:32:21 -0300] "GET /cormun/static/Resources/PXToolsButtonLeft21.png HTTP/1.1" 200 1287
192.168.10.108 - - [02/Mar/2018:11:32:21 -0300] "GET /cormun/static/Resources/PXToolsButtonRight21.png HTTP/1.1" 200 1283
192.168.10.108 - - [02/Mar/2018:11:32:21 -0300] "GET /cormun/static/Resources/PXToolsLoginTop.png HTTP/1.1" 200 1337
192.168.10.108 - - [02/Mar/2018:11:32:21 -0300] "GET /cormun/static/Resources/PXToolsButtonBackground2.png HTTP/1.1" 200 1181
192.168.10.108 - - [02/Mar/2018:11:32:21 -0300] "GET /favicon.ico HTTP/1.1" 200 21630
190.151.100.218 - - [02/Mar/2018:11:32:27 -0300] "GET /cormun/servlet/trvisualizadoreventos? HTTP/1.1" 200 6970
190.151.100.218 - - [02/Mar/2018:11:32:27 -0300] "GET /cormun/servlet/trvisualizadoreventos? HTTP/1.1" 200 6967
186.103.159.46 - - [02/Mar/2018:11:32:28 -0300] "GET /cormun/servlet/solicitudot?7f039c20466c91efbcbc463eee7aafc096cd523d5a03e4dc3056119a05743f85f1593d6aba273522d4f9d198d6ad2b1821dbdaa64628c8321b7ce5da6530cf7b11fce315c52eec754863eadf242e5f83,gx-no-cache=1520001100367 HTTP/1.1" 200 29
186.103.159.46 - - [02/Mar/2018:11:32:28 -0300] "POST /cormun/servlet/solicitudot?gx-no-cache=1520001100454 HTTP/1.1" 200 1318
186.103.159.46 - - [02/Mar/2018:11:32:28 -0300] "POST /cormun/servlet/solicitudot?gx-no-cache=1520001100590 HTTP/1.1" 200 1215
200.112.3.74 - - [02/Mar/2018:11:32:30 -0300] "POST /cormun/servlet/prfichaempleado?c1e80ee34a237310212969a688f35c23,,MD,,gxPopupLevel%3D0%3B,gx-no-cache=1520001102435 HTTP/1.1" 200 3406
186.103.159.189 - - [02/Mar/2018:11:32:30 -0300] "POST /cormun/servlet/solicitudot?gx-no-cache=1520001102825 HTTP/1.1" 200 3418
186.103.159.189 - - [02/Mar/2018:11:32:30 -0300] "POST /cormun/servlet/solicitudot?0c7e55f8da2a3bfeea22d219f3625c89,INS,0,0,,gx-no-cache=1520001103126 HTTP/1.1" 200 10391
186.103.159.189 - - [02/Mar/2018:11:32:31 -0300] "GET /cormun/servlet/solicitudot?363b9809dfbc80e02e664e41df26ad3a4f352965ce4db932b74fdd450f17ddd19794b8e4d4d1dee1cf5d48bee3bf32fe,gx-no-cache=1520001103517 HTTP/1.1" 200 30
190.151.100.218 - - [02/Mar/2018:11:32:32 -0300] "GET /cormun/static/menuarrow.gif HTTP/1.1" 404 1015
186.103.159.189 - - [02/Mar/2018:11:32:39 -0300] "GET /cormun/servlet/solicitudot?363b9809dfbc80e02e664e41df26ad3a9c9f38fe441542f0ae0881202c30c3cc4b43d2b4e860e03b0669fd9a89eb98588f9c850779df18e0e19a3a1e3b5403e7,gx-no-cache=1520001111448 HTTP/1.1" 200 30
186.103.159.189 - - [02/Mar/2018:11:32:39 -0300] "GET /cormun/servlet/solicitudot?363b9809dfbc80e02e664e41df26ad3aa667a8d410e73cc4dcc597310f383907,gx-no-cache=1520001111514 HTTP/1.1" 200 51
186.103.159.189 - - [02/Mar/2018:11:32:39 -0300] "POST /cormun/servlet/solicitudot?gx-no-cache=1520001111567 HTTP/1.1" 200 255
186.103.159.189 - - [02/Mar/2018:11:32:39 -0300] "GET /cormun/servlet/solicitudot?363b9809dfbc80e02e664e41df26ad3a43442210c4f2f987223af1ac6dd40607fb7175ef0271559a0fcb111be203db0ab82440eb7f0432116aec4a2be242df70fc0d5276fc0622512788a4ed80443d4bf53fbae870cfeb0fb16f633d49500bdc31cca5595bba1bd87271fd2bc5e6cc4c8894fe61bd5da1186e29ab91a96e5bd12252f48550c7762c1d5fdbc11843a06ba2df98a18d72f7c7a2cf6005e6c0c8d7d9e759cf3f9749054946a7343f83ba41081ba5e257974a865d156cfc05ea7100d0b4461534047688b827a9b72b201cd0dec6911cbacbcfc95f93869308c6914719601ded0dd571d51cdb12ff838036af5d6c1b831534a2c8181f042ff0a5e7ab279f62eda22fafa68a54f63184701cba5b6c14c39c14c2c87e39415b714ed11c3b7641c3e215fd24d648b3e7cbafe4707861b60aab7ae4932c5c9224a3e01c124cb02ad0ccbd65a5ae3e11735b11a4fa558b667598a1d6bb800f1ef8f423266d8e34e231a67d2127ca0043eaaa36a880ea233d49ebc8f7e69f7c1e4e77b2f494,gx-no-cache=1520001111632 HTTP/1.1" 200 30
200.112.3.74 - - [02/Mar/2018:11:32:40 -0300] "POST /cormun/servlet/solicitudot?gx-no-cache=1520001112600 HTTP/1.1" 200 3428
200.112.3.74 - - [02/Mar/2018:11:32:40 -0300] "POST /cormun/servlet/solicitudot?c1e80ee34a237310212969a688f35c23,INS,0,0,,gx-no-cache=1520001113088 HTTP/1.1" 200 10400
200.112.3.74 - - [02/Mar/2018:11:32:40 -0300] "GET /cormun/servlet/solicitudot?944e7f293973231495e81d586165cb4f4c2a2586e228ee52966c6d4da40e6de953e61be2bfe58edb3e6f298442afbdd6,gx-no-cache=1520001113692 HTTP/1.1" 200 30
186.103.159.189 - - [02/Mar/2018:11:32:42 -0300] "POST /cormun/servlet/solicitudot?gx-no-cache=1520001115130 HTTP/1.1" 200 30
190.151.100.218 - - [02/Mar/2018:11:32:43 -0300] "POST /cormun/servlet/trvisualizadoreventos?44e678cb187b443e56297eee994b6019,,gx-no-cache=1520001115322 HTTP/1.1" 200 4141
200.112.3.74 - - [02/Mar/2018:11:32:46 -0300] "GET /cormun/servlet/solicitudot?944e7f293973231495e81d586165cb4f06ad9b1e86c0de6113f47412e903ff078aa91bae7fa4cdc3a859250d6db1ac51cd457df2a9f152000a204d01e55ca9f6,gx-no-cache=1520001119472 HTTP/1.1" 200 30
200.112.3.74 - - [02/Mar/2018:11:32:46 -0300] "GET /cormun/servlet/solicitudot?944e7f293973231495e81d586165cb4f6b5f0f92b4a38cd55692693553c197cf,gx-no-cache=1520001119574 HTTP/1.1" 200 45
200.112.3.74 - - [02/Mar/2018:11:32:46 -0300] "POST /cormun/servlet/solicitudot?gx-no-cache=1520001119663 HTTP/1.1" 200 256
200.112.3.74 - - [02/Mar/2018:11:32:47 -0300] "GET /cormun/servlet/solicitudot?944e7f293973231495e81d586165cb4f4af9b7fe8d1c530a0a4b19a31efbcf144390f199096a102199e1e8632cf4a05c45fe099f8328637570cc6977206ade6480c35e2ffaec55ea00b1ecafb0f0cce24ca9ca6539c7ce7a8a53474053be63448c179182b13a8e1dbb272f3533f6e83b690cd308f9b8bb0b95c53623e83242002a17a0f6dcbad9030e8b34b9a0a711dca263d20989adeb9a31620e10cad967fee1b372a70645b2a3657b40e4c76dcdc06a9e2368ef484528dbc1040893760e519bb7518f0e52d02def90919f6899beda3a60052c32532ac3dcfbfaea3f154a7b9e5eae6689128f9e51b294d7a121fb09cc0168b6df098965f81d8b02f2c944d47bd90e2055c5bc356e9e022cc86824bf09f8cf5857b84819f551d4011e0003260f119834393d8ad8f18c0f88f6c2da597fecfced0d49ad4ccb19197b9c3efc697b5e6bb889df7d9ae254e47191fad4f0faa217c4d7e224ead06fdf0a3fbdfebdb70482e37678eea6929b202d4ae7d194afe6acb99a9d9d8a836595e4487be1d7,gx-no-cache=1520001119810 HTTP/1.1" 200 30
200.112.3.74 - - [02/Mar/2018:11:32:49 -0300] "POST /cormun/servlet/solicitudot?gx-no-cache=1520001121847 HTTP/1.1" 200 30
186.103.159.189 - - [02/Mar/2018:11:32:51 -0300] "POST /cormun/servlet/solicitudot?gx-no-cache=1520001124013 HTTP/1.1" 200 1337
186.103.159.189 - - [02/Mar/2018:11:32:51 -0300] "POST /cormun/servlet/solicitudot?gx-no-cache=1520001124157 HTTP/1.1" 200 38
200.112.3.74 - - [02/Mar/2018:11:32:52 -0300] "POST /cormun/servlet/solicitudot?gx-no-cache=1520001124939 HTTP/1.1" 200 1337
200.112.3.74 - - [02/Mar/2018:11:32:52 -0300] "POST /cormun/servlet/solicitudot?gx-no-cache=1520001125123 HTTP/1.1" 200 38
186.103.159.46 - - [02/Mar/2018:11:32:55 -0300] "GET /cormun/static/menuarrow.gif HTTP/1.1" 404 1015
186.103.159.188 - - [02/Mar/2018:11:32:57 -0300] "POST /cormun/servlet/trsolicitudot?1051c3480aa5bc6af9623672af76b67c,,gx-no-cache=1520001130597 HTTP/1.1" 200 4500
190.151.100.218 - - [02/Mar/2018:11:32:57 -0300] "POST /cormun/servlet/trvisualizadoreventos?44e678cb187b443e56297eee994b6019,,gx-no-cache=1520001129394 HTTP/1.1" 200 4141
