186.103.159.230 - - [02/Mar/2018:12:34:09 -0300] "POST /cormun/servlet/trsolicitudot?0bd3ec4e121bd6397182b0626d360f18,gx-no-cache=1520004797209 HTTP/1.1" 200 4686
186.103.159.230 - - [02/Mar/2018:12:34:09 -0300] "GET /cormun/static/Shared/jqueryui/images/ui-bg_highlight-soft_100_c6c2c8_1x100.png HTTP/1.1" 404 1117
186.103.159.230 - - [02/Mar/2018:12:34:09 -0300] "GET /cormun/static/Shared/jqueryui/images/ui-icons_82798d_256x240.png HTTP/1.1" 404 1089
186.103.159.230 - - [02/Mar/2018:12:34:09 -0300] "GET /cormun/static/Shared/jqueryui/images/ui-bg_flat_55_fafafa_40x100.png HTTP/1.1" 404 1097
186.103.159.230 - - [02/Mar/2018:12:34:09 -0300] "GET /cormun/static/Shared/jqueryui/images/ui-icons_8d78a5_256x240.png HTTP/1.1" 404 1089
186.103.159.230 - - [02/Mar/2018:12:34:09 -0300] "POST /cormun/servlet/trsolicitudot?0bd3ec4e121bd6397182b0626d360f18,gx-no-cache=1520004797524 HTTP/1.1" 200 4451
200.111.191.210 - - [02/Mar/2018:12:34:14 -0300] "GET /cormun/servlet/prbanco?,MD,,gxPopupLevel%3D0%3B HTTP/1.1" 200 6625
186.103.159.230 - - [02/Mar/2018:12:34:22 -0300] "GET /cormun/servlet/trautorizarsolicitud? HTTP/1.1" 200 8642
186.103.159.230 - - [02/Mar/2018:12:34:23 -0300] "GET /cormun/servlet/trautorizarsolicitud? HTTP/1.1" 200 8642
200.111.191.210 - - [02/Mar/2018:12:34:31 -0300] "GET /cormun/servlet/solicitudot?b49073856c7fd104f0ca1bf630d13cc64ef298b8632778e4b35d846fa77e79bb31d67897d7719d1fa04fb4c79f88a4659496eae335f32d9260d2a8bc0395d9ab,gx-no-cache=1520004823354 HTTP/1.1" 200 70
186.103.159.230 - - [02/Mar/2018:12:34:31 -0300] "POST /cormun/servlet/trautorizarsolicitud?0bd3ec4e121bd6397182b0626d360f18,,gx-no-cache=1520004819506 HTTP/1.1" 200 4617
186.103.159.230 - - [02/Mar/2018:12:34:31 -0300] "GET /cormun/static/Shared/jqueryui/images/ui-bg_highlight-soft_100_c6c2c8_1x100.png HTTP/1.1" 404 1117
186.103.159.230 - - [02/Mar/2018:12:34:31 -0300] "GET /cormun/static/Shared/jqueryui/images/ui-icons_8d78a5_256x240.png HTTP/1.1" 404 1089
186.103.159.230 - - [02/Mar/2018:12:34:31 -0300] "GET /cormun/static/Shared/jqueryui/images/ui-icons_82798d_256x240.png HTTP/1.1" 404 1089
186.103.159.230 - - [02/Mar/2018:12:34:31 -0300] "GET /cormun/static/Shared/jqueryui/images/ui-bg_flat_55_fafafa_40x100.png HTTP/1.1" 404 1097
186.103.159.230 - - [02/Mar/2018:12:34:32 -0300] "POST /cormun/servlet/trautorizarsolicitud?0bd3ec4e121bd6397182b0626d360f18,,gx-no-cache=1520004819753 HTTP/1.1" 200 4385
192.168.10.96 - - [02/Mar/2018:12:34:45 -0300] "POST /cormun/servlet/solicitudot?gx-no-cache=1520004726445 HTTP/1.1" 200 1319
192.168.10.96 - - [02/Mar/2018:12:34:45 -0300] "POST /cormun/servlet/solicitudot?gx-no-cache=1520004726495 HTTP/1.1" 200 1218
192.168.10.96 - - [02/Mar/2018:12:34:53 -0300] "POST /cormun/servlet/solicitudot?gx-no-cache=1520004734471 HTTP/1.1" 200 33
186.103.157.42 - - [02/Mar/2018:12:34:55 -0300] "GET /cormun/servlet/trsolicitudot? HTTP/1.1" 200 7472
186.103.157.42 - - [02/Mar/2018:12:34:56 -0300] "GET /cormun/servlet/trsolicitudot? HTTP/1.1" 200 7472
186.103.157.42 - - [02/Mar/2018:12:34:59 -0300] "GET /cormun/servlet/solicitudot?INS,0,0, HTTP/1.1" 200 13709
186.103.157.42 - - [02/Mar/2018:12:34:59 -0300] "GET /cormun/static/gxcfg.js?201812313224582 HTTP/1.1" 200 953
186.103.157.42 - - [02/Mar/2018:12:34:59 -0300] "GET /cormun/static/Resources/prompt.gif HTTP/1.1" 200 902
186.103.157.42 - - [02/Mar/2018:12:34:59 -0300] "GET /cormun/static/solicitudot.js?201812313224831 HTTP/1.1" 200 72336
186.103.157.42 - - [02/Mar/2018:12:35:00 -0300] "GET /cormun/servlet/solicitudot?INS,0,0, HTTP/1.1" 200 13714
192.168.10.96 - - [02/Mar/2018:12:35:00 -0300] "POST /cormun/servlet/solicitudot?1d4ff14942b899bacd8d75544af79f57,INS,0,0,,gx-no-cache=1520004741375 HTTP/1.1" 200 93
192.168.10.96 - - [02/Mar/2018:12:35:00 -0300] "GET /cormun/servlet/hpexe_return? HTTP/1.1" 200 1002
192.168.10.96 - - [02/Mar/2018:12:35:01 -0300] "GET /cormun/servlet/trsolicitudot HTTP/1.1" 200 9117
192.168.10.96 - - [02/Mar/2018:12:35:01 -0300] "GET /cormun/servlet/trsolicitudot HTTP/1.1" 200 9113
192.168.10.96 - - [02/Mar/2018:12:35:03 -0300] "POST /cormun/servlet/trsolicitudot?1d4ff14942b899bacd8d75544af79f57,gx-no-cache=1520004743869 HTTP/1.1" 200 5893
192.168.10.96 - - [02/Mar/2018:12:35:03 -0300] "GET /cormun/static/Shared/jqueryui/images/ui-bg_highlight-soft_100_c6c2c8_1x100.png HTTP/1.1" 404 1117
192.168.10.96 - - [02/Mar/2018:12:35:03 -0300] "GET /cormun/static/Shared/jqueryui/images/ui-icons_82798d_256x240.png HTTP/1.1" 404 1089
192.168.10.96 - - [02/Mar/2018:12:35:03 -0300] "GET /cormun/static/Shared/jqueryui/images/ui-icons_8d78a5_256x240.png HTTP/1.1" 404 1089
192.168.10.96 - - [02/Mar/2018:12:35:03 -0300] "GET /cormun/static/Shared/jqueryui/images/ui-bg_flat_55_fafafa_40x100.png HTTP/1.1" 404 1097
192.168.10.96 - - [02/Mar/2018:12:35:03 -0300] "POST /cormun/servlet/trsolicitudot?1d4ff14942b899bacd8d75544af79f57,gx-no-cache=1520004744068 HTTP/1.1" 200 5836
192.168.10.96 - - [02/Mar/2018:12:35:04 -0300] "POST /cormun/servlet/trsolicitudot?1d4ff14942b899bacd8d75544af79f57,gx-no-cache=1520004745013 HTTP/1.1" 200 4677
192.168.10.96 - - [02/Mar/2018:12:35:04 -0300] "POST /cormun/servlet/trsolicitudot?1d4ff14942b899bacd8d75544af79f57,gx-no-cache=1520004745175 HTTP/1.1" 200 4445
192.168.10.96 - - [02/Mar/2018:12:35:07 -0300] "GET /cormun/servlet/trautorizarsolicitud? HTTP/1.1" 200 9007
192.168.10.96 - - [02/Mar/2018:12:35:08 -0300] "GET /cormun/servlet/trautorizarsolicitud? HTTP/1.1" 200 9007
186.103.159.230 - - [02/Mar/2018:12:35:08 -0300] "GET /cormun/servlet/trsolicitudot? HTTP/1.1" 200 7368
186.103.157.42 - - [02/Mar/2018:12:35:08 -0300] "POST /cormun/servlet/solicitudot?gx-no-cache=1520004866888 HTTP/1.1" 200 3401
186.103.157.42 - - [02/Mar/2018:12:35:08 -0300] "POST /cormun/servlet/solicitudot?0d30c874e742e07daef597af16ed79c3,INS,0,0,,gx-no-cache=1520004867130 HTTP/1.1" 200 10575
186.103.157.42 - - [02/Mar/2018:12:35:09 -0300] "GET /cormun/servlet/solicitudot?5e5d00ae452f9f11affedfe483e22528eb9df3c4c9c3ffc168a2a330247516886ac00d9c6e2cb0b88203543b6c7a19ef,gx-no-cache=1520004867424 HTTP/1.1" 200 30
186.103.159.230 - - [02/Mar/2018:12:35:09 -0300] "GET /cormun/servlet/trsolicitudot? HTTP/1.1" 200 7367
186.103.159.230 - - [02/Mar/2018:12:35:12 -0300] "GET /cormun/servlet/solicitudot?INS,0,0, HTTP/1.1" 200 13606
186.103.159.230 - - [02/Mar/2018:12:35:12 -0300] "GET /cormun/servlet/solicitudot?INS,0,0, HTTP/1.1" 200 13611
192.168.10.96 - - [02/Mar/2018:12:35:19 -0300] "POST /cormun/servlet/trautorizarsolicitud?1d4ff14942b899bacd8d75544af79f57,,gx-no-cache=1520004759681 HTTP/1.1" 200 5816
192.168.10.96 - - [02/Mar/2018:12:35:19 -0300] "GET /cormun/static/Shared/jqueryui/images/ui-icons_82798d_256x240.png HTTP/1.1" 404 1089
192.168.10.96 - - [02/Mar/2018:12:35:19 -0300] "GET /cormun/static/Shared/jqueryui/images/ui-bg_highlight-soft_100_c6c2c8_1x100.png HTTP/1.1" 404 1117
192.168.10.96 - - [02/Mar/2018:12:35:19 -0300] "GET /cormun/static/Shared/jqueryui/images/ui-icons_8d78a5_256x240.png HTTP/1.1" 404 1089
192.168.10.96 - - [02/Mar/2018:12:35:19 -0300] "GET /cormun/static/Shared/jqueryui/images/ui-bg_flat_55_fafafa_40x100.png HTTP/1.1" 404 1097
192.168.10.96 - - [02/Mar/2018:12:35:19 -0300] "POST /cormun/servlet/trautorizarsolicitud?1d4ff14942b899bacd8d75544af79f57,,gx-no-cache=1520004759861 HTTP/1.1" 200 5762
192.168.10.96 - - [02/Mar/2018:12:35:20 -0300] "POST /cormun/servlet/trautorizarsolicitud?1d4ff14942b899bacd8d75544af79f57,,gx-no-cache=1520004760701 HTTP/1.1" 200 4610
192.168.10.96 - - [02/Mar/2018:12:35:20 -0300] "POST /cormun/servlet/trautorizarsolicitud?1d4ff14942b899bacd8d75544af79f57,,gx-no-cache=1520004760853 HTTP/1.1" 200 4378
186.103.159.230 - - [02/Mar/2018:12:35:27 -0300] "POST /cormun/servlet/solicitudot?gx-no-cache=1520004875764 HTTP/1.1" 200 3293
186.103.159.230 - - [02/Mar/2018:12:35:28 -0300] "POST /cormun/servlet/solicitudot?0bd3ec4e121bd6397182b0626d360f18,INS,0,0,,gx-no-cache=1520004876014 HTTP/1.1" 200 10451
192.168.10.96 - - [02/Mar/2018:12:35:29 -0300] "GET /cormun/servlet/hlogin HTTP/1.1" 200 1738
192.168.10.96 - - [02/Mar/2018:12:35:38 -0300] "POST /cormun/servlet/hlogin?1d4ff14942b899bacd8d75544af79f57,gx-no-cache=1520004778797 HTTP/1.1" 200 90
192.168.10.96 - - [02/Mar/2018:12:35:38 -0300] "GET /cormun/servlet/hpexe_link HTTP/1.1" 200 947
192.168.10.96 - - [02/Mar/2018:12:35:38 -0300] "GET /cormun/servlet/hhome HTTP/1.1" 200 4699
192.168.10.96 - - [02/Mar/2018:12:35:38 -0300] "GET /cormun/servlet/hhome HTTP/1.1" 200 4698
192.168.10.96 - - [02/Mar/2018:12:35:42 -0300] "GET /cormun/servlet/trfuncionariobloqueados? HTTP/1.1" 200 10407
192.168.10.96 - - [02/Mar/2018:12:35:43 -0300] "GET /cormun/servlet/trfuncionariobloqueados? HTTP/1.1" 200 10405
186.103.159.43 - - [02/Mar/2018:12:35:44 -0300] "GET /cormun/servlet/hlogin HTTP/1.1" 200 1722
186.103.159.43 - - [02/Mar/2018:12:35:44 -0300] "GET /cormun/servlet/hlogin HTTP/1.1" 200 1722
186.103.159.230 - - [02/Mar/2018:12:35:47 -0300] "POST /cormun/servlet/solicitudot?gx-no-cache=1520004895440 HTTP/1.1" 200 3293
186.103.159.43 - - [02/Mar/2018:12:35:47 -0300] "POST /cormun/servlet/hlogin?c95a51cdcee182376c576ff334729bea,gx-no-cache=1520004901782 HTTP/1.1" 200 90
186.103.159.43 - - [02/Mar/2018:12:35:47 -0300] "GET /cormun/servlet/hpexe_link HTTP/1.1" 200 953
186.103.159.230 - - [02/Mar/2018:12:35:47 -0300] "POST /cormun/servlet/solicitudot?0bd3ec4e121bd6397182b0626d360f18,INS,0,0,,gx-no-cache=1520004895593 HTTP/1.1" 200 10506
186.103.159.43 - - [02/Mar/2018:12:35:47 -0300] "GET /cormun/servlet/hhome HTTP/1.1" 200 3925
186.103.159.43 - - [02/Mar/2018:12:35:48 -0300] "GET /cormun/servlet/hhome HTTP/1.1" 200 3921
186.103.159.43 - - [02/Mar/2018:12:35:51 -0300] "GET /cormun/servlet/trsolicitudot? HTTP/1.1" 200 7137
186.103.159.43 - - [02/Mar/2018:12:35:51 -0300] "GET /cormun/servlet/trsolicitudot? HTTP/1.1" 200 7137
192.168.10.96 - - [02/Mar/2018:12:35:52 -0300] "GET /cormun/servlet/hlogin HTTP/1.1" 200 1738
186.103.159.43 - - [02/Mar/2018:12:35:54 -0300] "GET /cormun/servlet/solicitudot?INS,0,0, HTTP/1.1" 200 13385
186.103.159.43 - - [02/Mar/2018:12:35:55 -0300] "GET /cormun/servlet/solicitudot?INS,0,0, HTTP/1.1" 200 13390
200.111.191.210 - - [02/Mar/2018:12:35:55 -0300] "POST /cormun/servlet/solicitudot?gx-no-cache=1520004907294 HTTP/1.1" 200 255
200.111.191.210 - - [02/Mar/2018:12:35:55 -0300] "GET /cormun/servlet/solicitudot?b49073856c7fd104f0ca1bf630d13cc6a1fffe0c009f64c1af22ceb443bf60e8e50893d54536406de8f9228072c2f285cc8fcd2e878752afc7fb73de89ba13d0e3433aac6d0b275f5569502bda58f8d59945608b54588dc9bd6430bf1ab8f0a8e1216494087a8116556dfa3af7c6119df1f674204566f868161d4ad1849345307aa206ae668e9b245fe72d5854461eca05beb5fb89094ed670ca20c95f41f14aa865ab8c6bad9cb3af24b24edc2de9d32ab8442d4b29a8863b46d8d7761db7d995eac1eeed67387ac25dccfe854cd19cffbea7601c392b366b7939fd9cee7e936621e4f27719589ca4452de3d77a93a6f78ebde32decaad5886e70a54e5166cbf93a2145d65aa3ac981836fa515b33ad1b3d0ea950ae8e471cb28e38f4d2f60a9f6de66a64b994eb46f81cab61f0aed3e0bb59ca138f0fdeee90e4e9190af6ac142c783cadb6ed49ff4e59d1b0ce9d4cf4d4130e2e88e0772dfa3f6e75f207e7b7659fee9044271f40f526fb77b4d05c42d204021b094fc6c1b8fd59ed785316,gx-no-cache=1520004907389 HTTP/1.1" 200 30
200.111.191.210 - - [02/Mar/2018:12:35:57 -0300] "POST /cormun/servlet/solicitudot?gx-no-cache=1520004909764 HTTP/1.1" 200 30
200.111.191.210 - - [02/Mar/2018:12:35:59 -0300] "POST /cormun/servlet/solicitudot?gx-no-cache=1520004911627 HTTP/1.1" 200 1336
200.111.191.210 - - [02/Mar/2018:12:35:59 -0300] "POST /cormun/servlet/solicitudot?gx-no-cache=1520004911707 HTTP/1.1" 200 38
200.111.191.210 - - [02/Mar/2018:12:36:05 -0300] "GET /cormun/servlet/solicitudot?b49073856c7fd104f0ca1bf630d13cc6683a69ac6e75c18c971ceec508e92a0e69202ed00b846cd86b252560c2887cafbf379e2f23a2695e7cedae6ba95dabd01070d9ae3ba338fad18a6fe93764bbe7dfe596db0231acbb879dcf008f38dc5a0dd267c100202e156c262758aedef9a1071c386b646616fa0c82f1d8032724b1ae243e8b7121b88e43bff755714c036f1ea41aaada93f9ca9d99d387bb678d89,gx-no-cache=1520004917620 HTTP/1.1" 200 29
200.111.191.210 - - [02/Mar/2018:12:36:05 -0300] "POST /cormun/servlet/solicitudot?gx-no-cache=1520004917688 HTTP/1.1" 200 1318
200.111.191.210 - - [02/Mar/2018:12:36:05 -0300] "POST /cormun/servlet/solicitudot?gx-no-cache=1520004917768 HTTP/1.1" 200 1218
192.168.10.96 - - [02/Mar/2018:12:36:08 -0300] "POST /cormun/servlet/hlogin?1d4ff14942b899bacd8d75544af79f57,gx-no-cache=1520004808349 HTTP/1.1" 200 90
192.168.10.96 - - [02/Mar/2018:12:36:08 -0300] "GET /cormun/servlet/hpexe_link HTTP/1.1" 200 947
192.168.10.96 - - [02/Mar/2018:12:36:08 -0300] "GET /cormun/servlet/hhome HTTP/1.1" 200 4191
192.168.10.96 - - [02/Mar/2018:12:36:09 -0300] "GET /cormun/servlet/hhome HTTP/1.1" 200 4188
200.111.191.210 - - [02/Mar/2018:12:36:09 -0300] "GET /cormun/servlet/solicitudot?b49073856c7fd104f0ca1bf630d13cc6e8d14142e47baf92903c4e1426120beb20b193c099af2c45a6a4dc3a4a833220,gx-no-cache=1520004921490 HTTP/1.1" 200 30
186.103.159.230 - - [02/Mar/2018:12:36:10 -0300] "POST /cormun/servlet/solicitudot?gx-no-cache=1520004918586 HTTP/1.1" 200 3353
186.103.159.230 - - [02/Mar/2018:12:36:10 -0300] "GET /cormun/static/Shared/jqueryui/images/ui-bg_highlight-soft_100_c6c2c8_1x100.png HTTP/1.1" 404 1117
186.103.159.230 - - [02/Mar/2018:12:36:10 -0300] "GET /cormun/static/Shared/jqueryui/images/ui-icons_82798d_256x240.png HTTP/1.1" 404 1089
186.103.159.230 - - [02/Mar/2018:12:36:10 -0300] "GET /cormun/static/Shared/jqueryui/images/ui-icons_ebccce_256x240.png HTTP/1.1" 404 1089
186.103.159.230 - - [02/Mar/2018:12:36:10 -0300] "GET /cormun/static/Shared/jqueryui/images/ui-bg_flat_55_994d53_40x100.png HTTP/1.1" 404 1097
192.168.10.96 - - [02/Mar/2018:12:36:12 -0300] "GET /cormun/servlet/trsolicitudot? HTTP/1.1" 200 7408
192.168.10.96 - - [02/Mar/2018:12:36:12 -0300] "GET /cormun/servlet/trsolicitudot? HTTP/1.1" 200 7407
200.111.191.210 - - [02/Mar/2018:12:36:13 -0300] "POST /cormun/servlet/solicitudot?gx-no-cache=1520004925202 HTTP/1.1" 200 30
192.168.10.96 - - [02/Mar/2018:12:36:15 -0300] "GET /cormun/servlet/solicitudot?INS,0,0, HTTP/1.1" 200 13641
192.168.10.96 - - [02/Mar/2018:12:36:15 -0300] "GET /cormun/servlet/solicitudot?INS,0,0, HTTP/1.1" 200 13646
192.168.10.96 - - [02/Mar/2018:12:36:17 -0300] "GET /cormun/servlet/prfichaempleado?,MD,,gxPopupLevel%3D0%3B HTTP/1.1" 200 9348
200.111.191.210 - - [02/Mar/2018:12:36:24 -0300] "POST /cormun/servlet/solicitudot?e41200a01ee936fb7505c1e31e4b3a9c,INS,0,0,,gx-no-cache=1520004935916 HTTP/1.1" 200 93
200.111.191.210 - - [02/Mar/2018:12:36:24 -0300] "GET /cormun/servlet/hpexe_return? HTTP/1.1" 200 1008
200.111.191.210 - - [02/Mar/2018:12:36:24 -0300] "GET /cormun/servlet/trsolicitudot HTTP/1.1" 200 8765
200.111.191.210 - - [02/Mar/2018:12:36:25 -0300] "GET /cormun/servlet/trsolicitudot HTTP/1.1" 200 8761
186.103.157.42 - - [02/Mar/2018:12:36:28 -0300] "GET /cormun/servlet/solicitudot?5e5d00ae452f9f11affedfe483e2252819dc04ac7eeafdafee7207171cc89f862fe9dfff1c2bb78359f378adbed44ab8fdbe2857e70b750503afe3101b40a21f,gx-no-cache=1520004946886 HTTP/1.1" 200 30
200.111.191.210 - - [02/Mar/2018:12:36:28 -0300] "POST /cormun/servlet/trsolicitudot?e41200a01ee936fb7505c1e31e4b3a9c,gx-no-cache=1520004940503 HTTP/1.1" 200 4666
186.103.157.42 - - [02/Mar/2018:12:36:28 -0300] "GET /cormun/servlet/solicitudot?5e5d00ae452f9f11affedfe483e2252840358e6dbe682d0925459c173afefb1d,gx-no-cache=1520004946974 HTTP/1.1" 200 123
200.111.191.210 - - [02/Mar/2018:12:36:28 -0300] "GET /cormun/static/Shared/jqueryui/images/ui-bg_highlight-soft_100_c6c2c8_1x100.png HTTP/1.1" 404 1117
200.111.191.210 - - [02/Mar/2018:12:36:28 -0300] "GET /cormun/static/Shared/jqueryui/images/ui-icons_8d78a5_256x240.png HTTP/1.1" 404 1089
200.111.191.210 - - [02/Mar/2018:12:36:28 -0300] "GET /cormun/static/Shared/jqueryui/images/ui-icons_82798d_256x240.png HTTP/1.1" 404 1089
200.111.191.210 - - [02/Mar/2018:12:36:28 -0300] "GET /cormun/static/Shared/jqueryui/images/ui-bg_flat_55_fafafa_40x100.png HTTP/1.1" 404 1097
186.103.157.42 - - [02/Mar/2018:12:36:28 -0300] "GET /cormun/static/Shared/jqueryui/images/ui-bg_flat_55_994d53_40x100.png HTTP/1.1" 404 1097
186.103.157.42 - - [02/Mar/2018:12:36:28 -0300] "GET /cormun/static/Shared/jqueryui/images/ui-icons_ebccce_256x240.png HTTP/1.1" 404 1089
186.103.157.42 - - [02/Mar/2018:12:36:28 -0300] "POST /cormun/servlet/solicitudot?gx-no-cache=1520004947064 HTTP/1.1" 200 297
200.111.191.210 - - [02/Mar/2018:12:36:28 -0300] "POST /cormun/servlet/trsolicitudot?e41200a01ee936fb7505c1e31e4b3a9c,gx-no-cache=1520004940812 HTTP/1.1" 200 4447
186.103.159.43 - - [02/Mar/2018:12:36:29 -0300] "POST /cormun/servlet/solicitudot?gx-no-cache=1520004943248 HTTP/1.1" 200 3418
186.103.159.230 - - [02/Mar/2018:12:36:29 -0300] "POST /cormun/servlet/solicitudot?gx-no-cache=1520004936995 HTTP/1.1" 200 3411
186.103.157.42 - - [02/Mar/2018:12:36:29 -0300] "GET /cormun/servlet/solicitudot?5e5d00ae452f9f11affedfe483e2252856ee3c6fef01ba7883535fc9fabae3e15ce796d40ad38853902b32f34eaed3d2f6acc3139e9295060627c4705dd59917d3375b03dae1bbb65f96cb3cf5bf25314bcc43cd52b44d2adecdee627715c47cc1a5406041b2c7fa68594fc9f0851bb84e903dc39cd0470f39c58dcb4faa24a9b197822b0eaf6d7bd085ddb7c4a0926d3dbc5813e7dc3f00e69c6d34e7aa358a0b94ad8cf675c14abf6d860e3aa1cedc3311e76e7ee14ac6ac368055de1b72614d68aa200ba9fe3076ecbfe41e2280e9256dc99d89db2fea2ea82aabb974320dcadffea57e8b4c02f3163ecb837ff99cb413fee1fd4d462cbfec855a75a6fe33ed0399440c78a0eb856ae983e01ac114fe41a22487c6013cd8c9384f9a2761187a8967bf2abffea4f9fe4137f47341afe907107e93cca3582e38df328467261e65fd52ab24c302000f2522a43a3f480723f35d4b7763acd54f7c794645b4409bd7b7b70b9a3c66a848da642591ea477d80b4974fcee988c6d465b4fbb0480b09426610b57ca45fadffd11c888b1f784d,gx-no-cache=1520004947157 HTTP/1.1" 200 30
186.103.159.230 - - [02/Mar/2018:12:36:29 -0300] "POST /cormun/servlet/solicitudot?0bd3ec4e121bd6397182b0626d360f18,INS,0,0,,gx-no-cache=1520004937250 HTTP/1.1" 200 10697
186.103.159.43 - - [02/Mar/2018:12:36:29 -0300] "POST /cormun/servlet/solicitudot?c95a51cdcee182376c576ff334729bea,INS,0,0,,gx-no-cache=1520004943617 HTTP/1.1" 200 10414
186.103.159.189 - - [02/Mar/2018:12:36:31 -0300] "POST /cormun/servlet/trsolicitudot?0c7e55f8da2a3bfeea22d219f3625c89,gx-no-cache=1520004943557 HTTP/1.1" 200 9604
186.103.157.42 - - [02/Mar/2018:12:36:31 -0300] "POST /cormun/servlet/solicitudot?gx-no-cache=1520004949692 HTTP/1.1" 200 30
186.103.159.189 - - [02/Mar/2018:12:36:31 -0300] "GET /cormun/static/Shared/jqueryui/images/ui-bg_highlight-soft_100_c6c2c8_1x100.png HTTP/1.1" 404 1117
186.103.159.189 - - [02/Mar/2018:12:36:31 -0300] "GET /cormun/static/Shared/jqueryui/images/ui-icons_82798d_256x240.png HTTP/1.1" 404 1089
186.103.159.189 - - [02/Mar/2018:12:36:31 -0300] "GET /cormun/static/Shared/jqueryui/images/ui-bg_flat_55_fafafa_40x100.png HTTP/1.1" 404 1097
186.103.159.189 - - [02/Mar/2018:12:36:31 -0300] "GET /cormun/static/Shared/jqueryui/images/ui-icons_8d78a5_256x240.png HTTP/1.1" 404 1089
186.103.159.189 - - [02/Mar/2018:12:36:32 -0300] "POST /cormun/servlet/trsolicitudot?0c7e55f8da2a3bfeea22d219f3625c89,gx-no-cache=1520004944539 HTTP/1.1" 200 9547
186.103.157.42 - - [02/Mar/2018:12:36:34 -0300] "GET /cormun/static/Resources/resize.gif HTTP/1.1" 200 77
186.103.157.42 - - [02/Mar/2018:12:36:34 -0300] "GET /cormun/servlet/prbanco?,MD,,gxPopupLevel%3D0%3B HTTP/1.1" 200 6711
186.103.157.42 - - [02/Mar/2018:12:36:34 -0300] "GET /cormun/static/Resources/PXToolsMenuSearch.png HTTP/1.1" 200 2914
186.103.157.42 - - [02/Mar/2018:12:36:34 -0300] "GET /cormun/static/Resources/PXToolsMenuSearchCancel.png HTTP/1.1" 200 2972
186.103.157.42 - - [02/Mar/2018:12:36:34 -0300] "GET /cormun/static/gxcfg.js?20181161016094 HTTP/1.1" 200 953
186.103.157.42 - - [02/Mar/2018:12:36:34 -0300] "GET /cormun/static/hmpwkw011.js?20177612121862 HTTP/1.1" 200 1968
186.103.157.42 - - [02/Mar/2018:12:36:34 -0300] "GET /cormun/static/prbanco.js?2018116101633 HTTP/1.1" 200 10693
186.103.157.42 - - [02/Mar/2018:12:36:34 -0300] "GET /cormun/static/menusearch.js?201610171694467 HTTP/1.1" 200 1424
186.103.159.230 - - [02/Mar/2018:12:36:34 -0300] "GET /cormun/servlet/solicitudot?87a1c3b5aeec6bc02bc907a9619ccdac99ee1a46f221f397c79c179af357fa435fabe65235b330cdac4d3c111371f5ca,gx-no-cache=1520004942648 HTTP/1.1" 200 30
186.103.159.230 - - [02/Mar/2018:12:36:34 -0300] "GET /cormun/servlet/solicitudot?87a1c3b5aeec6bc02bc907a9619ccdac3d219b4619a2c61e44c02d018825ce4722f3465d9b363f82594384d9448ea1218ff8462270443eec4bcf659ab901f145,gx-no-cache=1520004942730 HTTP/1.1" 200 30
186.103.159.230 - - [02/Mar/2018:12:36:34 -0300] "GET /cormun/servlet/solicitudot?87a1c3b5aeec6bc02bc907a9619ccdaceaf7a33407f8b8282844a99ce0191eb8,gx-no-cache=1520004942785 HTTP/1.1" 200 51
186.103.159.230 - - [02/Mar/2018:12:36:34 -0300] "POST /cormun/servlet/solicitudot?gx-no-cache=1520004942843 HTTP/1.1" 200 255
200.111.191.210 - - [02/Mar/2018:12:36:35 -0300] "GET /cormun/servlet/trsolicitudot? HTTP/1.1" 200 7401
186.103.159.230 - - [02/Mar/2018:12:36:35 -0300] "GET /cormun/servlet/solicitudot?87a1c3b5aeec6bc02bc907a9619ccdac60031db533127cfcd15f28e21c08cd5cea012bc15630a8e9d9e8f987e2cb0dfd5779188be16eb0eb5602180984655ca234bc8b0cced53bf75cbddced822cf6e114f664bce0248c00dd2caf97b975121a1078b986420bd354933a4dbedf8b2a002fd8be6199a0148b2f9198fab94ecd3e6b0a904c549d063c1d0e7578133b374ffcd74f8fff4bea6d9274bc2cc4f78b54ea4ed1b406a2b8d627847817019665625c62bff9bac42f887a620013bb516577307426dae85379ab7cf2f757096291996892cd2f614d4eec7e00e7e71056451293745d85498d89a87dbfbeb7da36c80b7074d9ffb0f871bca902600cff5fe9bbabaa30b71c60985c5afaac1a51d18f10cb668b5e7cc4313e1fd1c437c84be42bab8004b0f4307981e201940c3407166f281f9905b90c11507eb63229f1555d6979242f827bdc49e32a081cdfafa9f0913bf1185cca88775a9a2bb752c178d61f9c2ad504530e43ec4e8356221cfb1235048b9980b51321d456f2602944c90045,gx-no-cache=1520004942912 HTTP/1.1" 200 30
200.111.191.210 - - [02/Mar/2018:12:36:35 -0300] "GET /cormun/servlet/trsolicitudot? HTTP/1.1" 200 7401
186.103.159.189 - - [02/Mar/2018:12:36:36 -0300] "POST /cormun/servlet/trsolicitudot?0c7e55f8da2a3bfeea22d219f3625c89,gx-no-cache=1520004948581 HTTP/1.1" 200 9197
200.111.191.210 - - [02/Mar/2018:12:36:36 -0300] "GET /cormun/servlet/hlogin HTTP/1.1" 200 1737
186.103.159.43 - - [02/Mar/2018:12:36:37 -0300] "GET /cormun/servlet/solicitudot?8619deaa2a8e18f563f1f17bad8a0ef1457e2256ec203c35a854b1c61c6ed7a729aa4646e88c8b790c505295f04172b6,gx-no-cache=1520004951509 HTTP/1.1" 200 30
186.103.159.189 - - [02/Mar/2018:12:36:37 -0300] "POST /cormun/servlet/trsolicitudot?0c7e55f8da2a3bfeea22d219f3625c89,gx-no-cache=1520004949467 HTTP/1.1" 200 9138
192.168.10.96 - - [02/Mar/2018:12:36:37 -0300] "POST /cormun/servlet/prfichaempleado?1d4ff14942b899bacd8d75544af79f57,,MD,,gxPopupLevel%3D0%3B,gx-no-cache=1520004837792 HTTP/1.1" 200 3621
186.103.159.43 - - [02/Mar/2018:12:36:37 -0300] "GET /cormun/servlet/solicitudot?8619deaa2a8e18f563f1f17bad8a0ef17d5768eb6348b0976c8f7450aefe570c015f20069c9a00ec38b6b15bae385c7b30160a42dcc337e9eb05c6503dc98172,gx-no-cache=1520004951608 HTTP/1.1" 200 30
186.103.159.43 - - [02/Mar/2018:12:36:37 -0300] "GET /cormun/servlet/solicitudot?8619deaa2a8e18f563f1f17bad8a0ef16ba56a3f798eb85335250c2550bdc7a5,gx-no-cache=1520004951677 HTTP/1.1" 200 51
186.103.159.230 - - [02/Mar/2018:12:36:37 -0300] "POST /cormun/servlet/solicitudot?gx-no-cache=1520004945438 HTTP/1.1" 200 30
186.103.159.43 - - [02/Mar/2018:12:36:37 -0300] "POST /cormun/servlet/solicitudot?gx-no-cache=1520004951769 HTTP/1.1" 200 297
186.103.159.43 - - [02/Mar/2018:12:36:37 -0300] "GET /cormun/servlet/solicitudot?8619deaa2a8e18f563f1f17bad8a0ef17646b210ec328a59a8a22dcdc0b41241c2825026d994505894df1bca9d3dcdd8f9908cea1ea7632f288ef1cee18456d809d7aaa33ffbb7f4c73b92931dcabff7ab36c5d7cf17e1fa30e61ed36fe6c4b44fb7a9efc1e51df585cc291b40574c188bc7ac66e8d0b4aa44b838f05b14ff28acd84ac372bd4cebed80eccaeca7ec29c44cea689971433c35d6a4aa5cca5a3d58ff6f986da2718433019f8bcee7270a27eb6fefe49720d65ef40afd99151db787254976481547f4b0aa56842119554bca2d42cf372ead72209b9da6d2da07ef3916633d3210358baa3b713775ea026fa0454a7ed7844307808a8a87f6f7da14fb85d874c82733958a6311773d85f23f36d3b6b42498806fd4d3f755664399a9f53cf3fd11a694d62c44fb507e576635e346289f3c803ee31fe290564e2095a526f2129f7a1ea64d62056207cf01894740df03c948f62aa027c66619c717a74be523bec46cefade281e0c79a3ae7766e30c16fa62c9d1d3322d7c1c039daee48f382dcee15819b53064d877d8bb48773,gx-no-cache=1520004951872 HTTP/1.1" 200 30
186.103.159.189 - - [02/Mar/2018:12:36:39 -0300] "POST /cormun/servlet/trsolicitudot?0c7e55f8da2a3bfeea22d219f3625c89,gx-no-cache=1520004951177 HTTP/1.1" 200 8793
186.103.159.230 - - [02/Mar/2018:12:36:40 -0300] "POST /cormun/servlet/solicitudot?gx-no-cache=1520004948366 HTTP/1.1" 200 1337
186.103.159.230 - - [02/Mar/2018:12:36:40 -0300] "POST /cormun/servlet/solicitudot?gx-no-cache=1520004948470 HTTP/1.1" 200 38
192.168.10.96 - - [02/Mar/2018:12:36:40 -0300] "POST /cormun/servlet/solicitudot?gx-no-cache=1520004841086 HTTP/1.1" 200 3415
186.103.159.189 - - [02/Mar/2018:12:36:40 -0300] "POST /cormun/servlet/trsolicitudot?0c7e55f8da2a3bfeea22d219f3625c89,gx-no-cache=1520004952705 HTTP/1.1" 200 8728
192.168.10.96 - - [02/Mar/2018:12:36:40 -0300] "POST /cormun/servlet/solicitudot?1d4ff14942b899bacd8d75544af79f57,INS,0,0,,gx-no-cache=1520004841264 HTTP/1.1" 200 10585
192.168.10.96 - - [02/Mar/2018:12:36:42 -0300] "GET /cormun/servlet/solicitudot?d1d093f09db3fe43b7c5361cb8b8c9e7e4502a50deaa7e97860f6323c26eb868a78dc1392d922c581b5bbe66a6e27e0e,gx-no-cache=1520004843372 HTTP/1.1" 200 30
186.103.157.42 - - [02/Mar/2018:12:36:42 -0300] "GET /cormun/servlet/solicitudot?5e5d00ae452f9f11affedfe483e22528e820eedf175ac65ef201b49a049be587,gx-no-cache=1520004960883 HTTP/1.1" 200 53
192.168.10.96 - - [02/Mar/2018:12:36:42 -0300] "GET /cormun/servlet/solicitudot?d1d093f09db3fe43b7c5361cb8b8c9e7526233f314c9bf9b4468ec259a3be8f33297374a3c0da3031f664876bdb6558c0ffd4511f29775169b7c79230c391253,gx-no-cache=1520004843422 HTTP/1.1" 200 30
192.168.10.96 - - [02/Mar/2018:12:36:42 -0300] "GET /cormun/servlet/solicitudot?d1d093f09db3fe43b7c5361cb8b8c9e71bb1a580d294d3d46bacb9d2d095d4c4,gx-no-cache=1520004843451 HTTP/1.1" 200 51
186.103.159.189 - - [02/Mar/2018:12:36:42 -0300] "POST /cormun/servlet/trsolicitudot?0c7e55f8da2a3bfeea22d219f3625c89,gx-no-cache=1520004954481 HTTP/1.1" 200 8395
192.168.10.96 - - [02/Mar/2018:12:36:42 -0300] "POST /cormun/servlet/solicitudot?gx-no-cache=1520004843483 HTTP/1.1" 200 255
192.168.10.96 - - [02/Mar/2018:12:36:42 -0300] "GET /cormun/servlet/solicitudot?d1d093f09db3fe43b7c5361cb8b8c9e762299d4e2439d5cad90e2f4695a2cd8888651583875050e1949d696cd469d3a649b2388435616fce2bec735fa7d4fdaf9ff11de68f130a6105fe4c978ab0c4a56ae7e40c6ca19f4571122d49db74e0cbed63014db3dd6442fbef31128d2052019238649c5f08ffbc5652d1e09a0979f816a01cdfc946459053a2132a4db2dab4fafbccf0f15ff9f48d4480078f7a3378dfb3d9c6db919d7b2e0fc4d27d05c9c09352b5f748d31a9af41e4325aa2dd3f9fb516e619f27680af2b3cefd2f7145f17282e44e95f04f82c1f4feba4a1519127e2fb6181b510afe87bacc1642b5427fd1239d213d5cc252453bd2f8e60a55e74ca50176bab5b95dff25ae11842b00a2aa00f05bd3b8f0d1d47f8c49c008f972cd23dbce6de71df94dd4889697decab9da7b70bb6b10b9bb48f77815df061ff1369e3c5bee1f50f4b3f53c19f1900a435bd424c90ec93c732e6ce63e7a839f48715fcce169da6237e93d1174b71dcc1d8fe8ea1ecda3c6b00813448004c237ee,gx-no-cache=1520004843513 HTTP/1.1" 200 30
200.111.191.210 - - [02/Mar/2018:12:36:42 -0300] "POST /cormun/servlet/hlogin?e41200a01ee936fb7505c1e31e4b3a9c,gx-no-cache=1520004954878 HTTP/1.1" 200 90
200.111.191.210 - - [02/Mar/2018:12:36:43 -0300] "GET /cormun/servlet/hpexe_link HTTP/1.1" 200 957
200.111.191.210 - - [02/Mar/2018:12:36:43 -0300] "GET /cormun/servlet/trsolicitudot HTTP/1.1" 200 7402
200.111.191.210 - - [02/Mar/2018:12:36:43 -0300] "GET /cormun/servlet/trsolicitudot HTTP/1.1" 200 7401
186.103.159.189 - - [02/Mar/2018:12:36:43 -0300] "POST /cormun/servlet/trsolicitudot?0c7e55f8da2a3bfeea22d219f3625c89,gx-no-cache=1520004956128 HTTP/1.1" 200 8335
192.168.10.96 - - [02/Mar/2018:12:36:43 -0300] "POST /cormun/servlet/solicitudot?gx-no-cache=1520004844643 HTTP/1.1" 200 30
186.103.159.43 - - [02/Mar/2018:12:36:44 -0300] "POST /cormun/servlet/solicitudot?gx-no-cache=1520004958622 HTTP/1.1" 200 30
192.168.10.96 - - [02/Mar/2018:12:36:46 -0300] "POST /cormun/servlet/solicitudot?gx-no-cache=1520004846799 HTTP/1.1" 200 1337
192.168.10.96 - - [02/Mar/2018:12:36:46 -0300] "POST /cormun/servlet/solicitudot?gx-no-cache=1520004846869 HTTP/1.1" 200 38
186.103.156.166 - - [02/Mar/2018:12:36:46 -0300] "POST /cormun/servlet/solicitudot?gx-no-cache=1520004963297 HTTP/1.1" 200 30
186.103.156.166 - - [02/Mar/2018:12:36:46 -0300] "POST /cormun/servlet/solicitudot?gx-no-cache=1520004963391 HTTP/1.1" 200 1331
186.103.159.189 - - [02/Mar/2018:12:36:46 -0300] "POST /cormun/servlet/trsolicitudot?0c7e55f8da2a3bfeea22d219f3625c89,gx-no-cache=1520004958741 HTTP/1.1" 200 8028
186.103.156.166 - - [02/Mar/2018:12:36:46 -0300] "POST /cormun/servlet/solicitudot?gx-no-cache=1520004963494 HTTP/1.1" 200 38
186.103.159.189 - - [02/Mar/2018:12:36:48 -0300] "POST /cormun/servlet/trsolicitudot?0c7e55f8da2a3bfeea22d219f3625c89,gx-no-cache=1520004959871 HTTP/1.1" 200 7970
186.103.159.230 - - [02/Mar/2018:12:36:48 -0300] "GET /cormun/servlet/solicitudot?87a1c3b5aeec6bc02bc907a9619ccdac9f4e375ced50ac2e5d68ed1193cce8fab03768449024f504c7ac166ba037a0b809d61c255be35e75e3d12974c9b931542a16d384caa187ea0ef57b9e8c8040b9ff3ef7394bacf3b816f65de8b0e5ad41c32087f71c54b23ce4097c0f0274733a39cf7f70636882a62c27cfa5d438bbaff708f01c7a73fce9486f11c9d0f6f2358940ba5df1d4e813f11c0698f5e10c4b,gx-no-cache=1520004956563 HTTP/1.1" 200 29
186.103.159.230 - - [02/Mar/2018:12:36:48 -0300] "POST /cormun/servlet/solicitudot?gx-no-cache=1520004956623 HTTP/1.1" 200 1318
186.103.159.230 - - [02/Mar/2018:12:36:48 -0300] "POST /cormun/servlet/solicitudot?gx-no-cache=1520004956698 HTTP/1.1" 200 1219
186.103.159.230 - - [02/Mar/2018:12:36:48 -0300] "GET /cormun/static/menuarrow.gif HTTP/1.1" 404 1015
186.103.159.189 - - [02/Mar/2018:12:36:49 -0300] "POST /cormun/servlet/trsolicitudot?0c7e55f8da2a3bfeea22d219f3625c89,gx-no-cache=1520004961901 HTTP/1.1" 200 7614
186.103.159.189 - - [02/Mar/2018:12:36:50 -0300] "POST /cormun/servlet/trsolicitudot?0c7e55f8da2a3bfeea22d219f3625c89,gx-no-cache=1520004962903 HTTP/1.1" 200 7557
186.103.157.42 - - [02/Mar/2018:12:36:50 -0300] "POST /cormun/servlet/solicitudot?gx-no-cache=1520004968948 HTTP/1.1" 200 297
186.103.159.230 - - [02/Mar/2018:12:36:50 -0300] "POST /cormun/servlet/solicitudot?gx-no-cache=1520004959091 HTTP/1.1" 200 1318
186.103.159.230 - - [02/Mar/2018:12:36:51 -0300] "POST /cormun/servlet/solicitudot?gx-no-cache=1520004959179 HTTP/1.1" 200 1219
186.103.157.42 - - [02/Mar/2018:12:36:51 -0300] "GET /cormun/servlet/solicitudot?5e5d00ae452f9f11affedfe483e2252856ee3c6fef01ba7883535fc9fabae3e15ce796d40ad38853902b32f34eaed3d2f6acc3139e9295060627c4705dd59917d3375b03dae1bbb65f96cb3cf5bf25314bcc43cd52b44d2adecdee627715c47cc1a5406041b2c7fa68594fc9f0851bb84e903dc39cd0470f39c58dcb4faa24a9b197822b0eaf6d7bd085ddb7c4a0926d3dbc5813e7dc3f00e69c6d34e7aa358a0b94ad8cf675c14abf6d860e3aa1cedc3311e76e7ee14ac6ac368055de1b72614d68aa200ba9fe3076ecbfe41e2280e9256dc99d89db2fea2ea82aabb974320dcadffea57e8b4c02f3163ecb837ff99cb413fee1fd4d462cbfec855a75a6fe33ed0399440c78a0eb856ae983e01ac114fe41a22487c6013cd8c9384f9a2761187a8967bf2abffea4f9fe4137f47341afe907107e93cca3582e38df328467261e65fd52ab24c302000f2522a43a3f480723f35d4b7763acd54f7c794645b4409bd7b7b70b9a3c66a848da642591ea477d19dcc634a4384e90fa2450e4d10e7422426610b57ca45fadffd11c888b1f784d,gx-no-cache=1520004969038 HTTP/1.1" 200 30
186.103.157.42 - - [02/Mar/2018:12:36:51 -0300] "POST /cormun/servlet/solicitudot?gx-no-cache=1520004969413 HTTP/1.1" 200 30
186.103.157.42 - - [02/Mar/2018:12:36:51 -0300] "POST /cormun/servlet/solicitudot?gx-no-cache=1520004969507 HTTP/1.1" 200 1337
186.103.157.42 - - [02/Mar/2018:12:36:51 -0300] "POST /cormun/servlet/solicitudot?gx-no-cache=1520004969617 HTTP/1.1" 200 38
186.103.159.189 - - [02/Mar/2018:12:36:52 -0300] "POST /cormun/servlet/trsolicitudot?0c7e55f8da2a3bfeea22d219f3625c89,gx-no-cache=1520004965182 HTTP/1.1" 200 7269
186.103.159.230 - - [02/Mar/2018:12:36:53 -0300] "GET /cormun/servlet/solicitudot?87a1c3b5aeec6bc02bc907a9619ccdaccdbf964f0b8742b6b8185eaa1c58fcbf598f62445eaa8d98b77012f147429e67,gx-no-cache=1520004961223 HTTP/1.1" 200 30
186.103.159.189 - - [02/Mar/2018:12:36:53 -0300] "POST /cormun/servlet/trsolicitudot?0c7e55f8da2a3bfeea22d219f3625c89,gx-no-cache=1520004966173 HTTP/1.1" 200 7212
200.111.191.210 - - [02/Mar/2018:12:36:55 -0300] "GET /cormun/servlet/trautorizarsolicitud? HTTP/1.1" 200 8645
186.103.159.189 - - [02/Mar/2018:12:36:55 -0300] "POST /cormun/servlet/trsolicitudot?0c7e55f8da2a3bfeea22d219f3625c89,gx-no-cache=1520004967721 HTTP/1.1" 200 6891
200.111.191.210 - - [02/Mar/2018:12:36:55 -0300] "GET /cormun/servlet/trautorizarsolicitud? HTTP/1.1" 200 8644
186.103.159.189 - - [02/Mar/2018:12:36:56 -0300] "POST /cormun/servlet/trsolicitudot?0c7e55f8da2a3bfeea22d219f3625c89,gx-no-cache=1520004968656 HTTP/1.1" 200 6834
186.103.159.189 - - [02/Mar/2018:12:36:57 -0300] "POST /cormun/servlet/trsolicitudot?0c7e55f8da2a3bfeea22d219f3625c89,gx-no-cache=1520004970295 HTTP/1.1" 200 6530
186.103.159.189 - - [02/Mar/2018:12:36:59 -0300] "POST /cormun/servlet/trsolicitudot?0c7e55f8da2a3bfeea22d219f3625c89,gx-no-cache=1520004971221 HTTP/1.1" 200 6472
192.168.10.96 - - [02/Mar/2018:12:37:00 -0300] "GET /cormun/servlet/solicitudot?d1d093f09db3fe43b7c5361cb8b8c9e7e1dc3f065dc0e1a63b3c1ad12717715dc0ccc207ec8f59c8f9422f3946c48974d192c1d30efc89be92dee7a7ca132cde91c8400c3cba07a1572c00eaf0c46422558771a82d753f125d4371892d9fa90b0092aab046181b328f2a01bdcfea77fe694a68fe4b953029118eba2f70eff0d54b9a2f30937c473250462e8d7b6df0da296391bd73f8907ec17b6d0f6c4d1afe,gx-no-cache=1520004860779 HTTP/1.1" 200 29
192.168.10.96 - - [02/Mar/2018:12:37:00 -0300] "POST /cormun/servlet/solicitudot?gx-no-cache=1520004860810 HTTP/1.1" 200 1319
192.168.10.96 - - [02/Mar/2018:12:37:00 -0300] "POST /cormun/servlet/solicitudot?gx-no-cache=1520004860859 HTTP/1.1" 200 1219
186.103.159.189 - - [02/Mar/2018:12:37:00 -0300] "POST /cormun/servlet/trsolicitudot?0c7e55f8da2a3bfeea22d219f3625c89,gx-no-cache=1520004973008 HTTP/1.1" 200 6159
186.103.159.189 - - [02/Mar/2018:12:37:01 -0300] "POST /cormun/servlet/trsolicitudot?0c7e55f8da2a3bfeea22d219f3625c89,gx-no-cache=1520004973817 HTTP/1.1" 200 6102
186.103.157.42 - - [02/Mar/2018:12:37:02 -0300] "GET /cormun/servlet/solicitudot?5e5d00ae452f9f11affedfe483e225281c928c592c6b04ab5ad0451059d7e191e0d575888bc0e290ede0f267e3be72d5d4a2ba7bec230e73f54bf85df6acb83cae53d80cfa5c342c00adae9922cadda48ebec032769ab8e0d4de7bf0e9b87106be19e7eb6a24d33f143004c41936745f,gx-no-cache=1520004980784 HTTP/1.1" 200 29
186.103.157.42 - - [02/Mar/2018:12:37:02 -0300] "POST /cormun/servlet/solicitudot?gx-no-cache=1520004980864 HTTP/1.1" 200 1318
200.111.191.210 - - [02/Mar/2018:12:37:02 -0300] "POST /cormun/servlet/trautorizarsolicitud?e41200a01ee936fb7505c1e31e4b3a9c,,gx-no-cache=1520004974633 HTTP/1.1" 200 4584
200.111.191.210 - - [02/Mar/2018:12:37:02 -0300] "GET /cormun/static/Shared/jqueryui/images/ui-bg_highlight-soft_100_c6c2c8_1x100.png HTTP/1.1" 404 1117
200.111.191.210 - - [02/Mar/2018:12:37:02 -0300] "GET /cormun/static/Shared/jqueryui/images/ui-icons_82798d_256x240.png HTTP/1.1" 404 1089
200.111.191.210 - - [02/Mar/2018:12:37:02 -0300] "GET /cormun/static/Shared/jqueryui/images/ui-bg_flat_55_fafafa_40x100.png HTTP/1.1" 404 1097
200.111.191.210 - - [02/Mar/2018:12:37:02 -0300] "GET /cormun/static/Shared/jqueryui/images/ui-icons_8d78a5_256x240.png HTTP/1.1" 404 1089
186.103.157.42 - - [02/Mar/2018:12:37:02 -0300] "POST /cormun/servlet/solicitudot?gx-no-cache=1520004981074 HTTP/1.1" 200 1218
186.103.157.42 - - [02/Mar/2018:12:37:03 -0300] "GET /cormun/static/menuarrow.gif HTTP/1.1" 404 1015
186.103.159.189 - - [02/Mar/2018:12:37:03 -0300] "POST /cormun/servlet/trsolicitudot?0c7e55f8da2a3bfeea22d219f3625c89,gx-no-cache=1520004975591 HTTP/1.1" 200 6342
200.111.191.210 - - [02/Mar/2018:12:37:03 -0300] "POST /cormun/servlet/trautorizarsolicitud?e41200a01ee936fb7505c1e31e4b3a9c,,gx-no-cache=1520004974871 HTTP/1.1" 200 4366
186.103.159.230 - - [02/Mar/2018:12:37:04 -0300] "POST /cormun/servlet/solicitudot?gx-no-cache=1520004972539 HTTP/1.1" 200 30
186.103.157.42 - - [02/Mar/2018:12:37:05 -0300] "POST /cormun/servlet/solicitudot?gx-no-cache=1520004983748 HTTP/1.1" 200 1318
186.103.157.42 - - [02/Mar/2018:12:37:05 -0300] "POST /cormun/servlet/solicitudot?gx-no-cache=1520004983873 HTTP/1.1" 200 1218
186.103.157.42 - - [02/Mar/2018:12:37:06 -0300] "GET /cormun/servlet/solicitudot?5e5d00ae452f9f11affedfe483e22528409f4f997d42b23dc52d052d175863d2fd0fb13aa65d7cb7368f7256de5558ab,gx-no-cache=1520004985132 HTTP/1.1" 200 30
200.111.191.210 - - [02/Mar/2018:12:37:07 -0300] "GET /cormun/servlet/trlicencias? HTTP/1.1" 200 9106
200.111.191.210 - - [02/Mar/2018:12:37:07 -0300] "GET /cormun/servlet/trlicencias? HTTP/1.1" 200 9105
192.168.10.96 - - [02/Mar/2018:12:37:08 -0300] "GET /cormun/servlet/solicitudot?d1d093f09db3fe43b7c5361cb8b8c9e7280c5d3a991a3695d97dbda7db6e21da56de53cf2f61d16e391198708d165688,gx-no-cache=1520004868780 HTTP/1.1" 200 30
186.103.159.43 - - [02/Mar/2018:12:37:10 -0300] "POST /cormun/servlet/solicitudot?gx-no-cache=1520004984905 HTTP/1.1" 200 1337
186.103.159.43 - - [02/Mar/2018:12:37:10 -0300] "POST /cormun/servlet/solicitudot?gx-no-cache=1520004985097 HTTP/1.1" 200 38
192.168.10.96 - - [02/Mar/2018:12:37:11 -0300] "POST /cormun/servlet/solicitudot?gx-no-cache=1520004872564 HTTP/1.1" 200 30
186.103.157.42 - - [02/Mar/2018:12:37:12 -0300] "POST /cormun/servlet/solicitudot?gx-no-cache=1520004990421 HTTP/1.1" 200 30
200.111.191.210 - - [02/Mar/2018:12:37:12 -0300] "GET /cormun/servlet/trsolicitudot? HTTP/1.1" 200 7401
200.111.191.210 - - [02/Mar/2018:12:37:13 -0300] "GET /cormun/servlet/trsolicitudot? HTTP/1.1" 200 7401
186.103.157.42 - - [02/Mar/2018:12:37:17 -0300] "POST /cormun/servlet/solicitudot?0d30c874e742e07daef597af16ed79c3,INS,0,0,,gx-no-cache=1520004995007 HTTP/1.1" 200 93
186.103.157.42 - - [02/Mar/2018:12:37:17 -0300] "GET /cormun/servlet/hpexe_return? HTTP/1.1" 200 1006
186.103.157.42 - - [02/Mar/2018:12:37:17 -0300] "GET /cormun/servlet/trsolicitudot HTTP/1.1" 200 8840
186.103.157.42 - - [02/Mar/2018:12:37:18 -0300] "GET /cormun/servlet/trsolicitudot HTTP/1.1" 200 8837
186.103.159.43 - - [02/Mar/2018:12:37:20 -0300] "GET /cormun/servlet/solicitudot?8619deaa2a8e18f563f1f17bad8a0ef19bf1cab65ac0355959f0d78e06942e4674451a45095f57f3c8df6011f80121d4db21728c6dace4ae5991d1a78be22a60d1b7e17d1a5be4d817d35159880f0fb5b124911a2de286b41bf64797e8c2c6cf3135a458a8c88b893d3adf61a396ec19,gx-no-cache=1520004994945 HTTP/1.1" 200 29
192.168.10.96 - - [02/Mar/2018:12:37:20 -0300] "POST /cormun/servlet/solicitudot?1d4ff14942b899bacd8d75544af79f57,INS,0,0,,gx-no-cache=1520004881169 HTTP/1.1" 200 93
192.168.10.96 - - [02/Mar/2018:12:37:20 -0300] "GET /cormun/servlet/hpexe_return? HTTP/1.1" 200 1002
186.103.159.43 - - [02/Mar/2018:12:37:20 -0300] "POST /cormun/servlet/solicitudot?gx-no-cache=1520004995035 HTTP/1.1" 200 1318
186.103.161.206 - - [02/Mar/2018:12:37:20 -0300] "POST /cormun/servlet/solicitudot?gx-no-cache=1520004992621 HTTP/1.1" 200 3350
186.103.159.43 - - [02/Mar/2018:12:37:20 -0300] "POST /cormun/servlet/solicitudot?gx-no-cache=1520004995187 HTTP/1.1" 200 1217
186.103.161.206 - - [02/Mar/2018:12:37:20 -0300] "GET /cormun/static/Shared/jqueryui/images/ui-bg_highlight-soft_100_c6c2c8_1x100.png HTTP/1.1" 404 1117
192.168.10.96 - - [02/Mar/2018:12:37:20 -0300] "GET /cormun/servlet/trsolicitudot HTTP/1.1" 200 8777
200.72.197.82 - - [02/Mar/2018:12:37:20 -0300] "GET /cormun/static/Shared/jqueryui/images/ui-icons_82798d_256x240.png HTTP/1.1" 404 1089
200.72.197.82 - - [02/Mar/2018:12:37:20 -0300] "GET /cormun/servlet/solicitudot?d0fc81054ae1bcd3fc4e8ec0f4f946b04cb2d31688394a66ba22dfe4a9e1d581,gx-no-cache=1520004993115 HTTP/1.1" 200 111
186.103.132.155 - - [02/Mar/2018:12:37:21 -0300] "GET /cormun/static/Shared/jqueryui/images/ui-icons_ebccce_256x240.png HTTP/1.1" 404 1089
192.168.10.96 - - [02/Mar/2018:12:37:21 -0300] "GET /cormun/servlet/trsolicitudot HTTP/1.1" 200 8773
200.111.122.170 - - [02/Mar/2018:12:37:21 -0300] "GET /cormun/static/Shared/jqueryui/images/ui-bg_flat_55_994d53_40x100.png HTTP/1.1" 404 1097
186.103.157.42 - - [02/Mar/2018:12:37:22 -0300] "POST /cormun/servlet/trsolicitudot?0d30c874e742e07daef597af16ed79c3,gx-no-cache=1520005000267 HTTP/1.1" 200 106
186.103.157.42 - - [02/Mar/2018:12:37:22 -0300] "GET /cormun/servlet/trsolicitudadjuntos?2018,9924, HTTP/1.1" 200 6351
186.103.157.42 - - [02/Mar/2018:12:37:23 -0300] "GET /cormun/servlet/trsolicitudadjuntos?2018,9924, HTTP/1.1" 200 6351
192.168.10.96 - - [02/Mar/2018:12:37:23 -0300] "GET /cormun/servlet/solicitudot?INS,0,0, HTTP/1.1" 200 13641
192.168.10.96 - - [02/Mar/2018:12:37:24 -0300] "GET /cormun/servlet/solicitudot?INS,0,0, HTTP/1.1" 200 13646
186.103.157.42 - - [02/Mar/2018:12:37:29 -0300] "GET /cormun/servlet/solicitudotadjuntos?INS,2018,9924,,1, HTTP/1.1" 200 6297
186.103.159.43 - - [02/Mar/2018:12:37:29 -0300] "GET /cormun/servlet/solicitudot?8619deaa2a8e18f563f1f17bad8a0ef1df368483633050dea9abd1269d3d06e1a1f0d7a86e007a64a2c56831cd485fd5,gx-no-cache=1520005003732 HTTP/1.1" 200 30
186.103.157.42 - - [02/Mar/2018:12:37:29 -0300] "GET /cormun/static/about:blank HTTP/1.1" 404 1011
186.103.157.42 - - [02/Mar/2018:12:37:29 -0300] "GET /cormun/servlet/solicitudotadjuntos?INS,2018,9924,,1, HTTP/1.1" 200 6290
186.103.157.42 - - [02/Mar/2018:12:37:30 -0300] "GET /cormun/servlet/solicitudotadjuntos?5e5d00ae452f9f11affedfe483e22528e4d0881cde864a0d77e433aca2c39a46c4181cdbeee836dffbc5b392b05f3453,gx-no-cache=1520005008618 HTTP/1.1" 200 30
186.103.157.42 - - [02/Mar/2018:12:37:30 -0300] "POST /cormun/servlet/solicitudotadjuntos?0d30c874e742e07daef597af16ed79c3,INS,2018,9924,,1,,gx-no-cache=1520005008719 HTTP/1.1" 200 3984
186.103.159.189 - - [02/Mar/2018:12:37:30 -0300] "GET /cormun/servlet/hlogin HTTP/1.1" 200 1718
186.103.159.189 - - [02/Mar/2018:12:37:30 -0300] "GET /cormun/servlet/hlogin HTTP/1.1" 200 1718
186.103.159.189 - - [02/Mar/2018:12:37:32 -0300] "GET /cormun/servlet/hlogin HTTP/1.1" 200 1723
186.103.157.42 - - [02/Mar/2018:12:37:33 -0300] "POST /cormun/servlet/solicitudotadjuntos?gx-no-cache=1520005011461 HTTP/1.1" 200 26
186.103.159.189 - - [02/Mar/2018:12:37:34 -0300] "GET /cormun/servlet/hlogin HTTP/1.1" 200 1733
186.103.156.166 - - [02/Mar/2018:12:37:36 -0300] "GET /cormun/servlet/solicitudot?a7e2aed129909d16567e784d7d295fba7e7e9183957e07a282804e6e7a97a0356ad1babc0d99d584f054a8cc6be8555de5f32f3be2ec6f1a4bccb98b02041b796d1f3fba07feb96e5c67da9d4f1893a6,gx-no-cache=1520005013199 HTTP/1.1" 200 29
186.103.156.166 - - [02/Mar/2018:12:37:36 -0300] "POST /cormun/servlet/solicitudot?gx-no-cache=1520005013666 HTTP/1.1" 200 1318
186.103.156.166 - - [02/Mar/2018:12:37:36 -0300] "POST /cormun/servlet/solicitudot?gx-no-cache=1520005013790 HTTP/1.1" 200 1215
186.103.159.230 - - [02/Mar/2018:12:37:39 -0300] "POST /cormun/servlet/solicitudot?0bd3ec4e121bd6397182b0626d360f18,INS,0,0,,gx-no-cache=1520005007158 HTTP/1.1" 200 93
186.103.159.230 - - [02/Mar/2018:12:37:39 -0300] "GET /cormun/servlet/hpexe_return? HTTP/1.1" 200 1007
186.103.159.230 - - [02/Mar/2018:12:37:39 -0300] "GET /cormun/servlet/trsolicitudot HTTP/1.1" 200 8737
186.103.159.230 - - [02/Mar/2018:12:37:40 -0300] "GET /cormun/servlet/trsolicitudot HTTP/1.1" 200 8733
186.103.157.42 - - [02/Mar/2018:12:37:41 -0300] "GET /cormun/servlet/solicitudotadjuntos?5e5d00ae452f9f11affedfe483e22528a06418efcd0c50f7a08dbc24050b8ecc,gx-no-cache=1520005019687 HTTP/1.1" 200 30
186.103.157.42 - - [02/Mar/2018:12:37:41 -0300] "GET /cormun/servlet/solicitudotadjuntos?5e5d00ae452f9f11affedfe483e22528a06418efcd0c50f7a08dbc24050b8ecc,gx-no-cache=1520005019757 HTTP/1.1" 200 30
186.103.159.43 - - [02/Mar/2018:12:37:41 -0300] "POST /cormun/servlet/solicitudot?gx-no-cache=1520005016349 HTTP/1.1" 200 30
186.103.157.42 - - [02/Mar/2018:12:37:43 -0300] "POST /cormun/servlet/solicitudotadjuntos?0d30c874e742e07daef597af16ed79c3,INS,2018,9924,,1, HTTP/1.1" 200 116
186.103.157.42 - - [02/Mar/2018:12:37:43 -0300] "GET /cormun/servlet/hpexe_return? HTTP/1.1" 200 1025
186.103.157.42 - - [02/Mar/2018:12:37:43 -0300] "GET /cormun/servlet/trsolicitudadjuntos?2018,9924, HTTP/1.1" 200 8722
186.103.157.42 - - [02/Mar/2018:12:37:44 -0300] "GET /cormun/servlet/trsolicitudadjuntos?2018,9924, HTTP/1.1" 200 8720
186.103.159.189 - - [02/Mar/2018:12:37:45 -0300] "POST /cormun/servlet/hlogin?0c7e55f8da2a3bfeea22d219f3625c89,gx-no-cache=1520005018318 HTTP/1.1" 200 90
186.103.159.189 - - [02/Mar/2018:12:37:45 -0300] "GET /cormun/servlet/hpexe_link HTTP/1.1" 200 949
186.103.159.189 - - [02/Mar/2018:12:37:46 -0300] "GET /cormun/servlet/hhome HTTP/1.1" 200 4168
186.103.157.42 - - [02/Mar/2018:12:37:47 -0300] "GET /cormun/servlet/solicitudotadjuntos?INS,2018,9924,,1, HTTP/1.1" 200 6297
186.103.159.189 - - [02/Mar/2018:12:37:47 -0300] "GET /cormun/servlet/hhome HTTP/1.1" 200 4164
186.103.157.42 - - [02/Mar/2018:12:37:47 -0300] "GET /cormun/static/about:blank HTTP/1.1" 404 1011
186.103.157.42 - - [02/Mar/2018:12:37:47 -0300] "GET /cormun/servlet/solicitudotadjuntos?INS,2018,9924,,1, HTTP/1.1" 200 6290
186.103.159.230 - - [02/Mar/2018:12:37:48 -0300] "POST /cormun/servlet/trsolicitudot?0bd3ec4e121bd6397182b0626d360f18,gx-no-cache=1520005016154 HTTP/1.1" 200 4673
186.103.159.230 - - [02/Mar/2018:12:37:48 -0300] "GET /cormun/static/Shared/jqueryui/images/ui-bg_highlight-soft_100_c6c2c8_1x100.png HTTP/1.1" 404 1117
186.103.159.230 - - [02/Mar/2018:12:37:48 -0300] "GET /cormun/static/Shared/jqueryui/images/ui-icons_8d78a5_256x240.png HTTP/1.1" 404 1089
186.103.159.230 - - [02/Mar/2018:12:37:48 -0300] "GET /cormun/static/Shared/jqueryui/images/ui-icons_82798d_256x240.png HTTP/1.1" 404 1089
186.103.159.230 - - [02/Mar/2018:12:37:48 -0300] "GET /cormun/static/Shared/jqueryui/images/ui-bg_flat_55_fafafa_40x100.png HTTP/1.1" 404 1097
186.103.159.230 - - [02/Mar/2018:12:37:48 -0300] "POST /cormun/servlet/trsolicitudot?0bd3ec4e121bd6397182b0626d360f18,gx-no-cache=1520005016365 HTTP/1.1" 200 4451
186.103.157.42 - - [02/Mar/2018:12:37:48 -0300] "GET /cormun/servlet/solicitudotadjuntos?5e5d00ae452f9f11affedfe483e22528e4d0881cde864a0d77e433aca2c39a46c4181cdbeee836dffbc5b392b05f3453,gx-no-cache=1520005026693 HTTP/1.1" 200 30
186.103.157.42 - - [02/Mar/2018:12:37:48 -0300] "POST /cormun/servlet/solicitudotadjuntos?0d30c874e742e07daef597af16ed79c3,INS,2018,9924,,1,,gx-no-cache=1520005026772 HTTP/1.1" 200 3985
186.103.157.42 - - [02/Mar/2018:12:37:50 -0300] "POST /cormun/servlet/solicitudotadjuntos?gx-no-cache=1520005028317 HTTP/1.1" 200 26
186.103.159.189 - - [02/Mar/2018:12:37:51 -0300] "POST /cormun/servlet/hlogin?f86f923eccdfc5fd6bb4fb98151fca98,gx-no-cache=1520008615452 HTTP/1.1" 200 90
186.103.159.189 - - [02/Mar/2018:12:37:51 -0300] "GET /cormun/servlet/hpexe_link HTTP/1.1" 200 953
186.103.159.189 - - [02/Mar/2018:12:37:52 -0300] "GET /cormun/static/gxcfg.js?20177612121792 HTTP/1.1" 304 -
186.103.159.189 - - [02/Mar/2018:12:37:52 -0300] "GET /cormun/servlet/hhome HTTP/1.1" 200 3970
186.103.157.42 - - [02/Mar/2018:12:37:55 -0300] "GET /cormun/servlet/solicitudotadjuntos?5e5d00ae452f9f11affedfe483e22528a06418efcd0c50f7a08dbc24050b8ecc,gx-no-cache=1520005033580 HTTP/1.1" 200 30
186.103.159.189 - - [02/Mar/2018:12:37:55 -0300] "GET /cormun/servlet/hhome HTTP/1.1" 200 3967
186.103.157.42 - - [02/Mar/2018:12:37:55 -0300] "GET /cormun/servlet/solicitudotadjuntos?5e5d00ae452f9f11affedfe483e22528a06418efcd0c50f7a08dbc24050b8ecc,gx-no-cache=1520005033634 HTTP/1.1" 200 30
186.103.157.42 - - [02/Mar/2018:12:37:55 -0300] "POST /cormun/servlet/solicitudotadjuntos?0d30c874e742e07daef597af16ed79c3,INS,2018,9924,,1, HTTP/1.1" 200 116
186.103.157.42 - - [02/Mar/2018:12:37:56 -0300] "GET /cormun/servlet/hpexe_return? HTTP/1.1" 200 1025
186.103.157.42 - - [02/Mar/2018:12:37:56 -0300] "GET /cormun/servlet/trsolicitudadjuntos?2018,9924, HTTP/1.1" 200 8944
186.103.157.42 - - [02/Mar/2018:12:37:57 -0300] "GET /cormun/servlet/trsolicitudadjuntos?2018,9924, HTTP/1.1" 200 8943
186.103.159.230 - - [02/Mar/2018:12:37:58 -0300] "GET /cormun/servlet/trautorizarsolicitud? HTTP/1.1" 200 8626
186.103.157.42 - - [02/Mar/2018:12:37:58 -0300] "GET /cormun/servlet/solicitudotadjuntos?INS,2018,9924,,1, HTTP/1.1" 200 6297
186.103.157.42 - - [02/Mar/2018:12:37:59 -0300] "GET /cormun/static/about:blank HTTP/1.1" 404 1011
186.103.159.230 - - [02/Mar/2018:12:37:59 -0300] "GET /cormun/servlet/trautorizarsolicitud? HTTP/1.1" 200 8625
186.103.157.42 - - [02/Mar/2018:12:37:59 -0300] "GET /cormun/servlet/solicitudotadjuntos?INS,2018,9924,,1, HTTP/1.1" 200 6290
186.103.157.42 - - [02/Mar/2018:12:38:00 -0300] "GET /cormun/servlet/solicitudotadjuntos?5e5d00ae452f9f11affedfe483e22528e4d0881cde864a0d77e433aca2c39a46c4181cdbeee836dffbc5b392b05f3453,gx-no-cache=1520005038317 HTTP/1.1" 200 30
192.168.10.96 - - [02/Mar/2018:12:38:00 -0300] "GET /cormun/servlet/prfichaempleado?,MD,,gxPopupLevel%3D0%3B HTTP/1.1" 200 9348
186.103.157.42 - - [02/Mar/2018:12:38:00 -0300] "POST /cormun/servlet/solicitudotadjuntos?0d30c874e742e07daef597af16ed79c3,INS,2018,9924,,1,,gx-no-cache=1520005038385 HTTP/1.1" 200 3985
186.103.157.42 - - [02/Mar/2018:12:38:01 -0300] "POST /cormun/servlet/solicitudotadjuntos?gx-no-cache=1520005039783 HTTP/1.1" 200 26
192.168.10.96 - - [02/Mar/2018:12:38:08 -0300] "POST /cormun/servlet/prfichaempleado?1d4ff14942b899bacd8d75544af79f57,,MD,,gxPopupLevel%3D0%3B,gx-no-cache=1520004929113 HTTP/1.1" 200 3621
186.103.157.42 - - [02/Mar/2018:12:38:08 -0300] "GET /cormun/servlet/solicitudotadjuntos?5e5d00ae452f9f11affedfe483e22528a06418efcd0c50f7a08dbc24050b8ecc,gx-no-cache=1520005046802 HTTP/1.1" 200 30
186.103.157.42 - - [02/Mar/2018:12:38:08 -0300] "GET /cormun/servlet/solicitudotadjuntos?5e5d00ae452f9f11affedfe483e22528a06418efcd0c50f7a08dbc24050b8ecc,gx-no-cache=1520005046882 HTTP/1.1" 200 30
