186.103.159.183 - - [02/Mar/2018:11:46:14 -0300] "GET /cormun/static/PXToolsJavascripts/pexe_menudivfix.js HTTP/1.1" 200 333
186.103.159.183 - - [02/Mar/2018:11:46:15 -0300] "GET /cormun/static/PXToolsJavascripts/pexe_layers.js HTTP/1.1" 200 4114
186.103.159.183 - - [02/Mar/2018:11:46:15 -0300] "GET /cormun/static/PXToolsJavascripts/pexe_oav.js HTTP/1.1" 200 645
186.103.159.183 - - [02/Mar/2018:11:46:15 -0300] "GET /cormun/static/PXToolsJavascripts/pexe_oavdivfix.js HTTP/1.1" 200 639
186.103.159.183 - - [02/Mar/2018:11:46:15 -0300] "GET /cormun/static/PXToolsJavascripts/pexe_picture.js HTTP/1.1" 200 689
186.103.159.183 - - [02/Mar/2018:11:46:15 -0300] "GET /cormun/static/PXToolsJavascripts/pexe_popup.js HTTP/1.1" 200 13458
186.103.159.183 - - [02/Mar/2018:11:46:15 -0300] "GET /cormun/static/PXToolsJavascripts/pexe_scrolldiv.js HTTP/1.1" 200 4138
186.103.159.183 - - [02/Mar/2018:11:46:15 -0300] "GET /cormun/static/PXToolsJavascripts/pexe_tabdivfix.js HTTP/1.1" 200 876
186.103.159.183 - - [02/Mar/2018:11:46:15 -0300] "GET /cormun/static/PXToolsJavascripts/pexe_tabs.js HTTP/1.1" 200 3748
186.103.159.183 - - [02/Mar/2018:11:46:15 -0300] "GET /cormun/static/Shared/jqueryui/jquery-ui.min.css?1245370 HTTP/1.1" 200 30288
186.103.159.183 - - [02/Mar/2018:11:46:15 -0300] "GET /cormun/static/PXToolsJavascripts/pexe_upload.js HTTP/1.1" 200 1423
186.103.159.183 - - [02/Mar/2018:11:46:15 -0300] "GET /cormun/static/PXToolsJavascripts/PXToolsJavascriptsRender.js HTTP/1.1" 200 367
186.103.159.183 - - [02/Mar/2018:11:46:15 -0300] "GET /cormun/static/RunJS/RunJS.js HTTP/1.1" 200 288
186.103.159.183 - - [02/Mar/2018:11:46:15 -0300] "GET /cormun/static/PXToolsJavascripts/pexe_griddivfix.js HTTP/1.1" 200 6644
186.103.159.183 - - [02/Mar/2018:11:46:15 -0300] "GET /cormun/static/Shared/ext/locale/ext-lang-en.js HTTP/1.1" 200 10940
186.103.159.183 - - [02/Mar/2018:11:46:15 -0300] "GET /cormun/static/hhome.js?20175251212450 HTTP/1.1" 200 777
186.103.159.183 - - [02/Mar/2018:11:46:15 -0300] "GET /cormun/static/PXToolsJavascripts/pexe_menus.js HTTP/1.1" 200 1286
186.103.159.183 - - [02/Mar/2018:11:46:15 -0300] "GET /cormun/static/hwchdr01.js?201752511465785 HTTP/1.1" 200 1183
186.103.159.183 - - [02/Mar/2018:11:46:15 -0300] "GET /cormun/static/hpexe_recentlink.js?20177611595044 HTTP/1.1" 200 2144
186.103.159.183 - - [02/Mar/2018:11:46:15 -0300] "GET /cormun/static/hpexe_scripts.js?201752511465715 HTTP/1.1" 200 1544
186.103.159.183 - - [02/Mar/2018:11:46:15 -0300] "GET /cormun/static/hpexe_messagecontroller.js?20177611595012 HTTP/1.1" 200 870
186.103.159.183 - - [02/Mar/2018:11:46:15 -0300] "GET /cormun/static/hpexe_messagepopupcomponent.js?20161017169425 HTTP/1.1" 200 605
186.103.159.183 - - [02/Mar/2018:11:46:15 -0300] "GET /cormun/static/gxui/gxui-all.js HTTP/1.1" 200 107772
186.103.159.183 - - [02/Mar/2018:11:46:15 -0300] "GET /cormun/static/hpexe_messagegenexuscomponent.js?201752511465344 HTTP/1.1" 200 587
186.103.159.183 - - [02/Mar/2018:11:46:15 -0300] "GET /cormun/static/cmcontrolpreferences.js?201752511465670 HTTP/1.1" 200 1375
186.103.159.183 - - [02/Mar/2018:11:46:15 -0300] "GET /cormun/static/SmoothNavMenu/resources/ddsmoothmenu.js HTTP/1.1" 200 12712
186.103.159.183 - - [02/Mar/2018:11:46:15 -0300] "GET /cormun/static/SmoothNavMenu/resources/SmoothNavMenuRender.js HTTP/1.1" 200 5951
186.103.159.183 - - [02/Mar/2018:11:46:15 -0300] "GET /cormun/static/Shared/jquery/jquery-1.4.2.min.js HTTP/1.1" 200 72174
186.103.159.183 - - [02/Mar/2018:11:46:15 -0300] "GET /cormun/static/scaMessage/js/jquery.pnotify.min.js HTTP/1.1" 200 13038
186.103.159.183 - - [02/Mar/2018:11:46:15 -0300] "GET /cormun/static/scaMessage/scaMessageRender.js HTTP/1.1" 200 11977
186.103.159.183 - - [02/Mar/2018:11:46:15 -0300] "GET /cormun/static/hmpwkw03.js?20177612122668 HTTP/1.1" 200 3965
186.103.159.183 - - [02/Mar/2018:11:46:15 -0300] "GET /cormun/static/Resources/logo4.png HTTP/1.1" 200 6582
186.103.159.183 - - [02/Mar/2018:11:46:15 -0300] "GET /cormun/static/Resources/PXToolsHeaderActionsLeft.png HTTP/1.1" 200 1118
186.103.159.183 - - [02/Mar/2018:11:46:15 -0300] "GET /cormun/static/Resources/PXToolsHeaderHome.png HTTP/1.1" 200 4147
186.103.159.183 - - [02/Mar/2018:11:46:15 -0300] "GET /cormun/static/Resources/PXToolsHeaderLogin.png HTTP/1.1" 200 4279
186.103.159.183 - - [02/Mar/2018:11:46:15 -0300] "GET /cormun/static/Resources/PXToolsHeaderPreferences.png HTTP/1.1" 200 4189
186.103.159.183 - - [02/Mar/2018:11:46:15 -0300] "GET /cormun/static/Resources/PXToolsHeaderSecurity.png HTTP/1.1" 200 4166
186.103.159.183 - - [02/Mar/2018:11:46:15 -0300] "GET /cormun/static/Resources/PXToolsHeaderActionsRight.png HTTP/1.1" 200 1201
186.103.159.183 - - [02/Mar/2018:11:46:15 -0300] "GET /cormun/static/Shared/jquery/jquery-1.10.2.min.js HTTP/1.1" 200 273199
186.103.159.183 - - [02/Mar/2018:11:46:15 -0300] "GET /cormun/static/Resources/PXToolsFooterBackground2.png HTTP/1.1" 200 1172
186.103.159.183 - - [02/Mar/2018:11:46:15 -0300] "GET /cormun/static/Resources/PXToolsHeaderBackground2.png HTTP/1.1" 200 1174
186.103.159.183 - - [02/Mar/2018:11:46:15 -0300] "GET /cormun/static/Resources/PXToolsHeaderActionsBackground.png HTTP/1.1" 200 484
186.103.159.183 - - [02/Mar/2018:11:46:15 -0300] "GET /cormun/static/Resources/PXToolsDataTitle.png HTTP/1.1" 200 1173
186.103.159.183 - - [02/Mar/2018:11:46:15 -0300] "GET /cormun/static/Shared/jqueryui/jquery-ui.min.js HTTP/1.1" 200 240427
186.103.159.183 - - [02/Mar/2018:11:46:16 -0300] "GET /cormun/static/Shared/ext/ext-all.js HTTP/1.1" 200 1289687
186.103.159.183 - - [02/Mar/2018:11:46:17 -0300] "GET /cormun/static/SmoothNavMenu/resources/images/down.gif HTTP/1.1" 200 854
186.103.159.183 - - [02/Mar/2018:11:46:17 -0300] "GET /cormun/servlet/hhome HTTP/1.1" 200 4187
186.103.159.183 - - [02/Mar/2018:11:46:18 -0300] "GET /cormun/static/SmoothNavMenu/resources/images/right.gif HTTP/1.1" 200 860
200.86.95.220 - - [02/Mar/2018:11:46:28 -0300] "POST /cormun/servlet/solicitudotcontratos?d9346b9f04490edddab60480e8c91b6b,INS,2018,0,15126684,3,6,2017,2695,INTEGRACION,201801,30,*,,gx-no-cache=1520001936998 HTTP/1.1" 200 10815
200.112.3.74 - - [02/Mar/2018:11:46:30 -0300] "POST /cormun/servlet/solicitudot?c1e80ee34a237310212969a688f35c23,INS,0,0,,gx-no-cache=1520001941227 HTTP/1.1" 200 93
200.112.3.74 - - [02/Mar/2018:11:46:30 -0300] "GET /cormun/servlet/hpexe_return? HTTP/1.1" 200 1015
200.112.3.74 - - [02/Mar/2018:11:46:30 -0300] "GET /cormun/servlet/trsolicitudot?gx-no-cache=1520001812269 HTTP/1.1" 200 11181
192.168.10.96 - - [02/Mar/2018:11:46:30 -0300] "POST /cormun/servlet/trsolicitudgral?1d4ff14942b899bacd8d75544af79f57,,gx-no-cache=1520001831591 HTTP/1.1" 200 5928
200.112.3.74 - - [02/Mar/2018:11:46:31 -0300] "GET /cormun/servlet/trsolicitudot?gx-no-cache=1520001812269 HTTP/1.1" 200 11197
200.112.3.74 - - [02/Mar/2018:11:46:35 -0300] "GET /cormun/servlet/solicitudot?INS,0,0, HTTP/1.1" 200 13459
192.168.10.96 - - [02/Mar/2018:11:46:35 -0300] "POST /cormun/servlet/trsolicitudgral?1d4ff14942b899bacd8d75544af79f57,,gx-no-cache=1520001835421 HTTP/1.1" 200 13289
200.112.3.74 - - [02/Mar/2018:11:46:35 -0300] "GET /cormun/servlet/solicitudot?INS,0,0, HTTP/1.1" 200 13444
186.103.159.188 - - [02/Mar/2018:11:46:35 -0300] "GET /cormun/servlet/solicitudot?INS,0,0, HTTP/1.1" 200 13584
190.46.88.54 - - [02/Mar/2018:11:46:36 -0300] "GET /cormun/servlet/trfichaempleado? HTTP/1.1" 200 14363
186.103.159.188 - - [02/Mar/2018:11:46:36 -0300] "GET /cormun/servlet/solicitudot?INS,0,0, HTTP/1.1" 200 13588
200.86.95.220 - - [02/Mar/2018:11:46:39 -0300] "POST /cormun/servlet/solicitudotcontratos?gx-no-cache=1520001948770 HTTP/1.1" 200 1320
200.86.95.220 - - [02/Mar/2018:11:46:40 -0300] "POST /cormun/servlet/solicitudotcontratos?gx-no-cache=1520001949505 HTTP/1.1" 200 1218
200.86.95.220 - - [02/Mar/2018:11:46:40 -0300] "GET /cormun/servlet/solicitudotcontratos?5896b191784af4a9afd195fdaa204112dc86e71e659532dc7bb74494c32bba8c74a68a0597d6e05e6801dc2a705798c2261dcd15ae1e0264af68dff9a1f8e3b7ba56b6a104dab638c653b230eca0d41b8880dc02286f42b7e40ddb572d93becc8395bfb28c0c90ec2ad6c5e8396ee292fe336eb48d947b86fe6e1a6f0840989c,gx-no-cache=1520001950364 HTTP/1.1" 200 30
200.86.95.220 - - [02/Mar/2018:11:46:41 -0300] "POST /cormun/servlet/solicitudotcontratos?d9346b9f04490edddab60480e8c91b6b,INS,2018,0,15126684,3,6,2017,2695,INTEGRACION,201801,30,*,,gx-no-cache=1520001950471 HTTP/1.1" 200 93
200.86.95.220 - - [02/Mar/2018:11:46:41 -0300] "GET /cormun/servlet/hpexe_return? HTTP/1.1" 200 1054
186.103.159.189 - - [02/Mar/2018:11:46:42 -0300] "POST /cormun/servlet/prfichaempleado?0c7e55f8da2a3bfeea22d219f3625c89,,MD,,gxPopupLevel%3D0%3B,gx-no-cache=1520001953366 HTTP/1.1" 200 3470
200.86.95.220 - - [02/Mar/2018:11:46:42 -0300] "GET /cormun/servlet/trcontratosolicitud? HTTP/1.1" 200 14663
186.103.159.46 - - [02/Mar/2018:11:46:42 -0300] "POST /cormun/servlet/solicitudot?gx-no-cache=1520001952730 HTTP/1.1" 200 3293
190.46.88.54 - - [02/Mar/2018:11:46:42 -0300] "GET /cormun/servlet/trfichaempleado? HTTP/1.1" 200 14363
200.86.95.220 - - [02/Mar/2018:11:46:44 -0300] "GET /cormun/servlet/trcontratosolicitud? HTTP/1.1" 200 14666
200.112.3.74 - - [02/Mar/2018:11:46:45 -0300] "GET /cormun/servlet/prfichaempleado?,MD,,gxPopupLevel%3D0%3B HTTP/1.1" 200 9329
186.103.159.46 - - [02/Mar/2018:11:46:49 -0300] "POST /cormun/servlet/solicitudot?ff1b1cec0ffe5840278c699cc73101b8,INS,0,0,,gx-no-cache=1520001954674 HTTP/1.1" 200 10247
186.103.159.46 - - [02/Mar/2018:11:46:49 -0300] "GET /cormun/servlet/solicitudot?af42b805aa3987a4800dab8c0adc5a8f09a2d97a25d228ba7f69c63c3e8f45d0824b7146e510fcc9f245bab130d9c3f0,gx-no-cache=1520001961492 HTTP/1.1" 200 111
186.103.159.46 - - [02/Mar/2018:11:46:49 -0300] "GET /cormun/static/Shared/jqueryui/images/ui-bg_highlight-soft_100_c6c2c8_1x100.png HTTP/1.1" 404 1117
186.103.159.46 - - [02/Mar/2018:11:46:49 -0300] "GET /cormun/static/Shared/jqueryui/images/ui-icons_82798d_256x240.png HTTP/1.1" 404 1089
186.103.159.46 - - [02/Mar/2018:11:46:49 -0300] "GET /cormun/static/Shared/jqueryui/images/ui-bg_flat_55_994d53_40x100.png HTTP/1.1" 404 1097
186.103.159.46 - - [02/Mar/2018:11:46:50 -0300] "GET /cormun/static/Shared/jqueryui/images/ui-icons_ebccce_256x240.png HTTP/1.1" 404 1089
186.103.159.188 - - [02/Mar/2018:11:46:54 -0300] "POST /cormun/servlet/solicitudot?gx-no-cache=1520001967679 HTTP/1.1" 200 3406
200.112.3.74 - - [02/Mar/2018:11:46:54 -0300] "POST /cormun/servlet/prfichaempleado?c1e80ee34a237310212969a688f35c23,,MD,,gxPopupLevel%3D0%3B,gx-no-cache=1520001967213 HTTP/1.1" 200 3407
186.103.159.188 - - [02/Mar/2018:11:46:55 -0300] "POST /cormun/servlet/solicitudot?1051c3480aa5bc6af9623672af76b67c,INS,0,0,,gx-no-cache=1520001968562 HTTP/1.1" 200 10579
186.103.159.189 - - [02/Mar/2018:11:46:55 -0300] "POST /cormun/servlet/solicitudot?gx-no-cache=1520001967716 HTTP/1.1" 200 3428
186.103.159.189 - - [02/Mar/2018:11:46:56 -0300] "POST /cormun/servlet/solicitudot?0c7e55f8da2a3bfeea22d219f3625c89,INS,0,0,,gx-no-cache=1520001968621 HTTP/1.1" 200 10381
186.103.159.189 - - [02/Mar/2018:11:46:57 -0300] "GET /cormun/servlet/solicitudot?363b9809dfbc80e02e664e41df26ad3a77d31354d7c6c078db164deabc05935f9794b8e4d4d1dee1cf5d48bee3bf32fe,gx-no-cache=1520001969637 HTTP/1.1" 200 30
186.103.159.46 - - [02/Mar/2018:11:46:57 -0300] "GET /cormun/servlet/solicitudot?af42b805aa3987a4800dab8c0adc5a8f75a8b6b5320b1ad89fcd4b720fe460099079c66aa753eea24fbdbd29977f0782,gx-no-cache=1520001969560 HTTP/1.1" 200 30
200.86.95.220 - - [02/Mar/2018:11:46:58 -0300] "GET /cormun/servlet/solicitudotcontratos?INS,2018,0,16130334,8,6,2017,4563,INTEGRACION,201801,4,B, HTTP/1.1" 200 9842
200.112.3.74 - - [02/Mar/2018:11:46:59 -0300] "POST /cormun/servlet/solicitudot?gx-no-cache=1520001970931 HTTP/1.1" 200 3403
200.112.3.74 - - [02/Mar/2018:11:47:00 -0300] "POST /cormun/servlet/solicitudot?c1e80ee34a237310212969a688f35c23,INS,0,0,,gx-no-cache=1520001972151 HTTP/1.1" 200 10393
200.86.95.220 - - [02/Mar/2018:11:47:00 -0300] "GET /cormun/servlet/solicitudotcontratos?INS,2018,0,16130334,8,6,2017,4563,INTEGRACION,201801,4,B, HTTP/1.1" 200 9874
200.86.95.220 - - [02/Mar/2018:11:47:00 -0300] "GET /cormun/servlet/solicitudotcontratos?5896b191784af4a9afd195fdaa2041125a97fff0f92f4a87df3dfbacb87086101017a1fb6d42743649eaf1cc44d554a3,gx-no-cache=1520001970768 HTTP/1.1" 200 30
200.86.95.220 - - [02/Mar/2018:11:47:00 -0300] "GET /cormun/servlet/solicitudotcontratos?5896b191784af4a9afd195fdaa2041126b0d58cfd14825329ff9abeb7e9e9cf3c77aad3e51cce7f6cdaab2b202d41fa7,gx-no-cache=1520001970862 HTTP/1.1" 200 30
200.86.95.220 - - [02/Mar/2018:11:47:00 -0300] "GET /cormun/servlet/solicitudotcontratos?5896b191784af4a9afd195fdaa204112e28955ab14f608cd06c7407ccd3d8abf0cfd6623c141efeaa2dbeeec16d246941a95f76d3290259974ba7929a1ac22152498a03c8d657e3580113e0603cbe26edf554e23d29059332fde0a3c9ecdf2ed3ddfbb5c529d35540245193b8322b6e617243f4a7fda0d828f7af143a6b30c5d,gx-no-cache=1520001970955 HTTP/1.1" 200 50
200.86.95.220 - - [02/Mar/2018:11:47:01 -0300] "GET /cormun/servlet/solicitudotcontratos?5896b191784af4a9afd195fdaa2041121ede2bf037739b5414ad3aab80d38ab4631f9c52e3f84c3ec7414963de7f60c1,gx-no-cache=1520001971057 HTTP/1.1" 200 30
200.86.95.220 - - [02/Mar/2018:11:47:01 -0300] "GET /cormun/servlet/solicitudotcontratos?5896b191784af4a9afd195fdaa204112b76c3c7b18668c936319ec7cf940b5d2a6eb9dfaddded4d029f3246ed16c2a08dab5ac428aaaa9cd0ec896d789bdb98b0b67ec5b7655e5365f08d1a662eb6e8c53f4d87015b573b56a1e519f257b32acd695c2d74e63b895908b070d7a16f8e1,gx-no-cache=1520001971153 HTTP/1.1" 200 30
200.112.3.74 - - [02/Mar/2018:11:47:01 -0300] "GET /cormun/servlet/solicitudot?944e7f293973231495e81d586165cb4f6ac9e191c399fa43275b6bd797c3baa253e61be2bfe58edb3e6f298442afbdd6,gx-no-cache=1520001973286 HTTP/1.1" 200 30
186.103.159.189 - - [02/Mar/2018:11:47:01 -0300] "GET /cormun/servlet/solicitudot?363b9809dfbc80e02e664e41df26ad3ad137315f2eb87077cd69ef7085cc1ed19cfaafca456d4cc30e1c0f928ffff08ad240e75cba16eca16dc7655b9819fd8e,gx-no-cache=1520001974370 HTTP/1.1" 200 30
200.86.95.220 - - [02/Mar/2018:11:47:01 -0300] "GET /cormun/servlet/solicitudotcontratos?5896b191784af4a9afd195fdaa204112727a3aac3b3a802ed17a949c5713e92e72d1a432525d9d4ecc798f7ae25df2b9933866e00508660ccf3451322c432d3bc52f15117262c901c6ad50bd4c202776b43217571f214dbcef2a80e83e85bf25669bba7e13f95d32901175a0691363a45b47063761007dbc5e7db7aca15582b70aa2f1454121b5b450cbc0615a642621e4288ad795e6f9ad13acf43943b9c8ee908223e8e24406aeb8d40c83183b6e6cebe35ff73eed5a1c460eae570906c4d96971ba9bf2452b57eb826fd5ec701062e3ea9585ee34134a9fd4d150afe7955642848eb1e39524b791df38abac635099a1f16e83000e56bcd8912c64b6ca4f2e09322f10354597f1cd63beb091d17ba14a8391f01e1a0ac6d4464eb106a3242bd86e12ab2d15800f87bce363f4d9eabf786d0208bd8173cdb0c4e5c5f1bc2c62d5bdb87020174bf508d97f5dc81a72b7ee1aa47a5c40d2e42800b50ae7dc99467a9a302f0f9b1792a346b5942788a0a24a8391f01e1a0ac6d4464eb106a3242b3b0399b3cbf44e09d94408f4131e89521bf8bf834e5fcbb16386fd1866f5aebfa86cd7f58779e65048b89ea5fcb69128a19064ae9b54ad21f59137e58e2b1128,gx-no-cache=1520001971549 HTTP/1.1" 200 83
186.103.159.189 - - [02/Mar/2018:11:47:02 -0300] "GET /cormun/servlet/solicitudot?363b9809dfbc80e02e664e41df26ad3aa667a8d410e73cc4dcc597310f383907,gx-no-cache=1520001974482 HTTP/1.1" 200 51
186.103.159.189 - - [02/Mar/2018:11:47:02 -0300] "POST /cormun/servlet/solicitudot?gx-no-cache=1520001974615 HTTP/1.1" 200 256
186.103.159.189 - - [02/Mar/2018:11:47:02 -0300] "GET /cormun/servlet/solicitudot?363b9809dfbc80e02e664e41df26ad3a43442210c4f2f987223af1ac6dd40607835b169ca5cdf95dcdd52e52275d3731b82440eb7f0432116aec4a2be242df70fc0d5276fc0622512788a4ed80443d4bf53fbae870cfeb0fb16f633d49500bdc31cca5595bba1bd87271fd2bc5e6cc4c8894fe61bd5da1186e29ab91a96e5bd12252f48550c7762c1d5fdbc11843a06ba2df98a18d72f7c7a2cf6005e6c0c8d7d9e759cf3f9749054946a7343f83ba41081ba5e257974a865d156cfc05ea7100d0b4461534047688b827a9b72b201cd0dec6911cbacbcfc95f93869308c6914719601ded0dd571d51cdb12ff838036af74b5b3ad514337a2bf86a74d99fb2ff5279f62eda22fafa68a54f63184701cbad4815f109678c943257a6abf6e7cb0ea23ebadf76e77d8cf39f316e979d40ae10da8952bea60c670e7eabe90f72c2570438ce4579d1dd2effb56c0fab4fed5ca82e690ac6541b4637784d1d22b7668c7a15a900e097269dd382e7f65664f0938dc67cd03fc0f0e9af0d7cc62bd5ada52,gx-no-cache=1520001974752 HTTP/1.1" 200 30
200.112.3.74 - - [02/Mar/2018:11:47:04 -0300] "GET /cormun/servlet/solicitudot?944e7f293973231495e81d586165cb4f444ba1ab644b2aaf46a2c434029f235ff9afc5e082814286cf2725b547792cfa67713e7ad86dcfbf34cf98e91cdd77ef,gx-no-cache=1520001977236 HTTP/1.1" 200 30
200.112.3.74 - - [02/Mar/2018:11:47:04 -0300] "GET /cormun/servlet/solicitudot?944e7f293973231495e81d586165cb4fb4ea32e693b8bd2c4212b427e0f6894e,gx-no-cache=1520001977366 HTTP/1.1" 200 51
200.112.3.74 - - [02/Mar/2018:11:47:04 -0300] "POST /cormun/servlet/solicitudot?gx-no-cache=1520001977505 HTTP/1.1" 200 297
186.103.159.189 - - [02/Mar/2018:11:47:05 -0300] "POST /cormun/servlet/solicitudot?gx-no-cache=1520001977485 HTTP/1.1" 200 30
200.112.3.74 - - [02/Mar/2018:11:47:05 -0300] "GET /cormun/servlet/solicitudot?944e7f293973231495e81d586165cb4f4af9b7fe8d1c530a0a4b19a31efbcf143eab66e0fe503696089f3e7ed30e822e45fe099f8328637570cc6977206ade6480c35e2ffaec55ea00b1ecafb0f0cce24ca9ca6539c7ce7a8a53474053be63448c179182b13a8e1dbb272f3533f6e83b690cd308f9b8bb0b95c53623e83242002a17a0f6dcbad9030e8b34b9a0a711dca263d20989adeb9a31620e10cad967fee1b372a70645b2a3657b40e4c76dcdc06a9e2368ef484528dbc1040893760e519bb7518f0e52d02def90919f6899beda3a60052c32532ac3dcfbfaea3f154a7b9e5eae6689128f9e51b294d7a121fb09b36df99034664afc44af0de23a1b20027bd90e2055c5bc356e9e022cc86824bf09f8cf5857b84819f551d4011e0003260f119834393d8ad8f18c0f88f6c2da597fecfced0d49ad4ccb19197b9c3efc691cb695c38133e2533b4395aef2f7958ffbd16827f352e4d4b25b126da2c2cec2e27cc4673d19bb0ca85a4c7f3d1c4c04a2e921f36986fcd2bf82bdb55bc424d3dc93635299dd43de4ba6c6018a0932f2,gx-no-cache=1520001977681 HTTP/1.1" 200 30
192.168.10.96 - - [02/Mar/2018:11:47:07 -0300] "POST /cormun/servlet/trsolicitudgral?1d4ff14942b899bacd8d75544af79f57,,gx-no-cache=1520001867639 HTTP/1.1" 200 15292
186.103.159.189 - - [02/Mar/2018:11:47:08 -0300] "POST /cormun/servlet/solicitudot?gx-no-cache=1520001980314 HTTP/1.1" 200 1337
186.103.159.189 - - [02/Mar/2018:11:47:08 -0300] "POST /cormun/servlet/solicitudot?gx-no-cache=1520001980957 HTTP/1.1" 200 38
186.103.159.188 - - [02/Mar/2018:11:47:08 -0300] "GET /cormun/servlet/solicitudot?eaedaf59c56fee6494df74aaf17263c0b2eb9b07f6b12bd94b6e36a19e2b33191862e6460b5bd0eac98d85e91d42ad88,gx-no-cache=1520001983058 HTTP/1.1" 200 30
186.103.159.188 - - [02/Mar/2018:11:47:09 -0300] "GET /cormun/servlet/solicitudot?eaedaf59c56fee6494df74aaf17263c09d143dfce68de506b1500c6e4a1080599e78ef1ea375709ccaec543180e9d2eea04b359a7fa5302d98d987ee866f3652,gx-no-cache=1520001983131 HTTP/1.1" 200 30
186.103.159.188 - - [02/Mar/2018:11:47:09 -0300] "GET /cormun/servlet/solicitudot?eaedaf59c56fee6494df74aaf17263c0c11efef6fc5d824de61db00159735ac7,gx-no-cache=1520001983208 HTTP/1.1" 200 51
186.103.159.188 - - [02/Mar/2018:11:47:09 -0300] "POST /cormun/servlet/solicitudot?gx-no-cache=1520001983295 HTTP/1.1" 200 255
186.103.159.188 - - [02/Mar/2018:11:47:09 -0300] "GET /cormun/servlet/solicitudot?eaedaf59c56fee6494df74aaf17263c0b2c4f04bdd2a6cd65b6db853f31c5cd890dae939f9d21bfe1791dd4f57d223f9adf024496b3039a6c634dc165545e8db3438a7463d84871ee31e5d3df1655427a3a1c5124e8ed50a4b824187fbc4b788cf5021a092d7ab2763ce44556a62a30d1d805de3e22f5415f7137bd19bb5e2a4f1f0b4e77217e711f472ceca5de1c7d14eb22a304364385fd9b98d072273e6e4c1d77e59143942223602f44bd38a7698e51a2faef8ea1fbea0f413e291304eefe8f2e043ddb8a636d92542de9672813ec9f874af0512eda77177b52e3c7fa8bbf82c488728a135531f95147aa53f9ef7131e7a73a3472869822f9073eaeec8ddb67acd7612bb5094056f44325c47be3bc12bd5ab6bc823f4fc6023568cae1daeed70f1ce1a1e53fd664911d0eed01add8cad0d4ffab16221aa9ed3139eacfbb1c19cf2bfc4318a23c47b4d3a469bf65ecfb28545730dbe5a707e4fa96e05f2e9fc2771b5777463133ac3e410d4d97600a92a960b51e758eca3cdc39f913a3753,gx-no-cache=1520001983381 HTTP/1.1" 200 30
200.112.3.74 - - [02/Mar/2018:11:47:10 -0300] "POST /cormun/servlet/solicitudot?gx-no-cache=1520001983302 HTTP/1.1" 200 30
186.103.159.188 - - [02/Mar/2018:11:47:10 -0300] "POST /cormun/servlet/solicitudot?gx-no-cache=1520001983762 HTTP/1.1" 200 30
186.103.159.188 - - [02/Mar/2018:11:47:12 -0300] "POST /cormun/servlet/solicitudot?gx-no-cache=1520001984866 HTTP/1.1" 200 1337
186.103.159.188 - - [02/Mar/2018:11:47:13 -0300] "POST /cormun/servlet/solicitudot?gx-no-cache=1520001987177 HTTP/1.1" 200 38
200.112.3.74 - - [02/Mar/2018:11:47:13 -0300] "POST /cormun/servlet/solicitudot?gx-no-cache=1520001985671 HTTP/1.1" 200 1336
200.112.3.74 - - [02/Mar/2018:11:47:13 -0300] "POST /cormun/servlet/solicitudot?gx-no-cache=1520001986299 HTTP/1.1" 200 38
186.103.159.189 - - [02/Mar/2018:11:47:18 -0300] "GET /cormun/servlet/solicitudot?363b9809dfbc80e02e664e41df26ad3a812b65006d3186aac0e5177ae100856a1ed4f6bca0769ef2d905e19d3cc3071341dc36cfa6c5934bcefab3f715bcbc46bb539dec2432ce5b521e45b0d06dce0da775adf07c8d8f4db091eee5183959dabeb8e0e14499dc7f364b466be6e4a3f3,gx-no-cache=1520001990152 HTTP/1.1" 200 29
186.103.159.189 - - [02/Mar/2018:11:47:18 -0300] "POST /cormun/servlet/solicitudot?gx-no-cache=1520001990681 HTTP/1.1" 200 1319
186.103.159.189 - - [02/Mar/2018:11:47:19 -0300] "POST /cormun/servlet/solicitudot?gx-no-cache=1520001991028 HTTP/1.1" 200 1218
186.103.159.189 - - [02/Mar/2018:11:47:19 -0300] "GET /cormun/static/menuarrow.gif HTTP/1.1" 404 1015
186.103.159.189 - - [02/Mar/2018:11:47:21 -0300] "POST /cormun/servlet/solicitudot?gx-no-cache=1520001993360 HTTP/1.1" 200 1319
186.103.159.189 - - [02/Mar/2018:11:47:22 -0300] "POST /cormun/servlet/solicitudot?gx-no-cache=1520001994283 HTTP/1.1" 200 1218
186.103.159.188 - - [02/Mar/2018:11:47:22 -0300] "POST /cormun/servlet/solicitudot?gx-no-cache=1520001994884 HTTP/1.1" 200 30
186.103.159.189 - - [02/Mar/2018:11:47:24 -0300] "GET /cormun/servlet/solicitudot?363b9809dfbc80e02e664e41df26ad3a1c2a4075ad42e5533dbc4ff72dde229f1411659b933e7a555fbcdd3256b208cb,gx-no-cache=1520001995984 HTTP/1.1" 200 30
200.112.3.74 - - [02/Mar/2018:11:47:25 -0300] "GET /cormun/servlet/solicitudot?944e7f293973231495e81d586165cb4f43b79bac41e45e3e9037d52832ea9d6fb71a08379e2f8de0a832f07f993ff4ca60dfad36b8c77878baa58b7746b50d8ed03543f9b7642ae8da5a35c68b5af882392bc4a1af6faddeab17d52c0486967220df468a16b9bc3af3169ccd588b2fa3,gx-no-cache=1520001997911 HTTP/1.1" 200 29
200.112.3.74 - - [02/Mar/2018:11:47:25 -0300] "POST /cormun/servlet/solicitudot?gx-no-cache=1520001998042 HTTP/1.1" 200 1317
200.112.3.74 - - [02/Mar/2018:11:47:26 -0300] "POST /cormun/servlet/solicitudot?gx-no-cache=1520001998870 HTTP/1.1" 200 1218
200.112.3.74 - - [02/Mar/2018:11:47:26 -0300] "GET /cormun/static/menuarrow.gif HTTP/1.1" 404 1015
186.103.159.188 - - [02/Mar/2018:11:47:27 -0300] "POST /cormun/servlet/solicitudot?gx-no-cache=1520002000842 HTTP/1.1" 200 1337
186.103.159.188 - - [02/Mar/2018:11:47:27 -0300] "POST /cormun/servlet/solicitudot?gx-no-cache=1520002001281 HTTP/1.1" 200 38
200.112.3.74 - - [02/Mar/2018:11:47:28 -0300] "POST /cormun/servlet/solicitudot?gx-no-cache=1520002001013 HTTP/1.1" 200 1317
200.112.3.74 - - [02/Mar/2018:11:47:28 -0300] "POST /cormun/servlet/solicitudot?gx-no-cache=1520002001265 HTTP/1.1" 200 1218
200.112.3.74 - - [02/Mar/2018:11:47:30 -0300] "GET /cormun/servlet/solicitudot?944e7f293973231495e81d586165cb4f9c234781646c625ad6b3f08d532eae240e44fc134b8d4ca45f91a39e3a8b7cb6,gx-no-cache=1520002002958 HTTP/1.1" 200 30
200.86.95.220 - - [02/Mar/2018:11:47:32 -0300] "POST /cormun/servlet/solicitudotcontratos?d9346b9f04490edddab60480e8c91b6b,INS,2018,0,16130334,8,6,2017,4563,INTEGRACION,201801,4,B,,gx-no-cache=1520002001483 HTTP/1.1" 200 10801
200.86.95.220 - - [02/Mar/2018:11:47:32 -0300] "POST /cormun/servlet/solicitudotcontratos?gx-no-cache=1520002002572 HTTP/1.1" 200 1320
200.86.95.220 - - [02/Mar/2018:11:47:32 -0300] "POST /cormun/servlet/solicitudotcontratos?gx-no-cache=1520002002749 HTTP/1.1" 200 1218
200.86.95.220 - - [02/Mar/2018:11:47:32 -0300] "GET /cormun/servlet/solicitudotcontratos?5896b191784af4a9afd195fdaa204112dc86e71e659532dc7bb74494c32bba8c74a68a0597d6e05e6801dc2a705798c2261dcd15ae1e0264af68dff9a1f8e3b7ba56b6a104dab638c653b230eca0d41b8880dc02286f42b7e40ddb572d93becc8395bfb28c0c90ec2ad6c5e8396ee292fe336eb48d947b86fe6e1a6f0840989c,gx-no-cache=1520002002858 HTTP/1.1" 200 30
200.86.95.220 - - [02/Mar/2018:11:47:33 -0300] "POST /cormun/servlet/solicitudotcontratos?d9346b9f04490edddab60480e8c91b6b,INS,2018,0,16130334,8,6,2017,4563,INTEGRACION,201801,4,B,,gx-no-cache=1520002002958 HTTP/1.1" 200 93
200.86.95.220 - - [02/Mar/2018:11:47:33 -0300] "GET /cormun/servlet/hpexe_return? HTTP/1.1" 200 1051
200.86.95.220 - - [02/Mar/2018:11:47:33 -0300] "GET /cormun/servlet/trcontratosolicitud HTTP/1.1" 200 14625
186.103.159.189 - - [02/Mar/2018:11:47:34 -0300] "POST /cormun/servlet/solicitudot?gx-no-cache=1520002006524 HTTP/1.1" 200 30
200.86.95.220 - - [02/Mar/2018:11:47:35 -0300] "GET /cormun/servlet/trcontratosolicitud HTTP/1.1" 200 14610
200.112.3.74 - - [02/Mar/2018:11:47:37 -0300] "POST /cormun/servlet/solicitudot?gx-no-cache=1520002009880 HTTP/1.1" 200 30
186.103.159.188 - - [02/Mar/2018:11:47:38 -0300] "POST /cormun/servlet/solicitudot?1051c3480aa5bc6af9623672af76b67c,INS,0,0,,gx-no-cache=1520002010441 HTTP/1.1" 200 11922
186.103.159.188 - - [02/Mar/2018:11:47:38 -0300] "GET /cormun/static/Shared/jqueryui/images/ui-bg_highlight-soft_100_c6c2c8_1x100.png HTTP/1.1" 404 1117
186.103.159.188 - - [02/Mar/2018:11:47:38 -0300] "GET /cormun/static/Shared/jqueryui/images/ui-icons_ebccce_256x240.png HTTP/1.1" 404 1089
186.103.159.188 - - [02/Mar/2018:11:47:38 -0300] "GET /cormun/static/Shared/jqueryui/images/ui-bg_flat_55_994d53_40x100.png HTTP/1.1" 404 1097
186.103.159.188 - - [02/Mar/2018:11:47:38 -0300] "GET /cormun/static/Shared/jqueryui/images/ui-icons_82798d_256x240.png HTTP/1.1" 404 1089
200.112.3.74 - - [02/Mar/2018:11:47:40 -0300] "POST /cormun/servlet/solicitudot?c1e80ee34a237310212969a688f35c23,INS,0,0,,gx-no-cache=1520002013098 HTTP/1.1" 200 93
200.112.3.74 - - [02/Mar/2018:11:47:41 -0300] "GET /cormun/servlet/hpexe_return? HTTP/1.1" 200 1015
200.112.3.74 - - [02/Mar/2018:11:47:41 -0300] "GET /cormun/servlet/trsolicitudot?gx-no-cache=1520001812269 HTTP/1.1" 200 11605
200.112.3.74 - - [02/Mar/2018:11:47:42 -0300] "GET /cormun/servlet/trsolicitudot?gx-no-cache=1520001812269 HTTP/1.1" 200 11620
200.112.3.74 - - [02/Mar/2018:11:47:48 -0300] "GET /cormun/servlet/solicitudot?INS,0,0, HTTP/1.1" 200 13459
200.112.3.74 - - [02/Mar/2018:11:47:48 -0300] "GET /cormun/servlet/solicitudot?INS,0,0, HTTP/1.1" 200 13444
200.112.3.74 - - [02/Mar/2018:11:47:51 -0300] "GET /cormun/servlet/prfichaempleado?,MD,,gxPopupLevel%3D0%3B HTTP/1.1" 200 9329
200.86.95.220 - - [02/Mar/2018:11:47:54 -0300] "GET /cormun/servlet/solicitudotcontratos?INS,2018,0,10990224,1,2,2017,3259,INTEGRACION,201801,30,B, HTTP/1.1" 200 9850
200.86.95.220 - - [02/Mar/2018:11:47:55 -0300] "GET /cormun/servlet/solicitudotcontratos?INS,2018,0,10990224,1,2,2017,3259,INTEGRACION,201801,30,B, HTTP/1.1" 200 9883
200.86.95.220 - - [02/Mar/2018:11:47:55 -0300] "GET /cormun/servlet/solicitudotcontratos?5896b191784af4a9afd195fdaa204112f60536428c9422aa2e7da51e960e28951017a1fb6d42743649eaf1cc44d554a3,gx-no-cache=1520002025760 HTTP/1.1" 200 30
200.86.95.220 - - [02/Mar/2018:11:47:55 -0300] "GET /cormun/servlet/solicitudotcontratos?5896b191784af4a9afd195fdaa204112fcc4b89e5d57717927eabeac8d476a0bc77aad3e51cce7f6cdaab2b202d41fa7,gx-no-cache=1520002025845 HTTP/1.1" 200 30
200.86.95.220 - - [02/Mar/2018:11:47:55 -0300] "GET /cormun/servlet/solicitudotcontratos?5896b191784af4a9afd195fdaa204112e28955ab14f608cd06c7407ccd3d8abf0cfd6623c141efeaa2dbeeec16d246941a95f76d3290259974ba7929a1ac22152498a03c8d657e3580113e0603cbe26e91ff0830a888aeff1ec924495f649c11c4de3847bde28dcb16c5498e7f017386b72888508c79148e901aee9d516a6dc3,gx-no-cache=1520002025929 HTTP/1.1" 200 48
200.86.95.220 - - [02/Mar/2018:11:47:56 -0300] "GET /cormun/servlet/solicitudotcontratos?5896b191784af4a9afd195fdaa2041126f06b1014d3258628f8d53a1802220f167ef6c16e6222aaa5c029fa713fb0470,gx-no-cache=1520002026024 HTTP/1.1" 200 30
200.86.95.220 - - [02/Mar/2018:11:47:56 -0300] "GET /cormun/servlet/solicitudotcontratos?5896b191784af4a9afd195fdaa204112b76c3c7b18668c936319ec7cf940b5d2a6eb9dfaddded4d029f3246ed16c2a08dab5ac428aaaa9cd0ec896d789bdb98b0b67ec5b7655e5365f08d1a662eb6e8c7a70e9a4b20f1cc991e2361f402dad61d695c2d74e63b895908b070d7a16f8e1,gx-no-cache=1520002026379 HTTP/1.1" 200 30
200.86.95.220 - - [02/Mar/2018:11:47:56 -0300] "GET /cormun/servlet/solicitudotcontratos?5896b191784af4a9afd195fdaa204112727a3aac3b3a802ed17a949c5713e92e72d1a432525d9d4ecc798f7ae25df2b9933866e00508660ccf3451322c432d3bc52f15117262c901c6ad50bd4c202776b43217571f214dbcef2a80e83e85bf25669bba7e13f95d32901175a0691363a45b47063761007dbc5e7db7aca15582b70aa2f1454121b5b450cbc0615a642621e4288ad795e6f9ad13acf43943b9c8ee908223e8e24406aeb8d40c83183b6e6cebe35ff73eed5a1c460eae570906c4d96971ba9bf2452b57eb826fd5ec701062e3ea9585ee34134a9fd4d150afe7955642848eb1e39524b791df38abac635099a1f16e83000e56bcd8912c64b6ca4f2e09322f10354597f1cd63beb091d17ba14a8391f01e1a0ac6d4464eb106a3242bd86e12ab2d15800f87bce363f4d9eabf786d0208bd8173cdb0c4e5c5f1bc2c62d5bdb87020174bf508d97f5dc81a72b7ee1aa47a5c40d2e42800b50ae7dc99467a9a302f0f9b1792a346b5942788a0a24a8391f01e1a0ac6d4464eb106a3242b3b0399b3cbf44e09d94408f4131e89521bf8bf834e5fcbb16386fd1866f5aebfa86cd7f58779e65048b89ea5fcb69128a19064ae9b54ad21f59137e58e2b1128,gx-no-cache=1520002026448 HTTP/1.1" 200 83
200.86.95.220 - - [02/Mar/2018:11:47:59 -0300] "POST /cormun/servlet/solicitudotcontratos?d9346b9f04490edddab60480e8c91b6b,INS,2018,0,10990224,1,2,2017,3259,INTEGRACION,201801,30,B,,gx-no-cache=1520002028924 HTTP/1.1" 200 10808
200.112.3.74 - - [02/Mar/2018:11:47:59 -0300] "POST /cormun/servlet/prfichaempleado?c1e80ee34a237310212969a688f35c23,,MD,,gxPopupLevel%3D0%3B,gx-no-cache=1520002032227 HTTP/1.1" 200 3416
200.86.95.220 - - [02/Mar/2018:11:48:00 -0300] "POST /cormun/servlet/solicitudotcontratos?gx-no-cache=1520002030066 HTTP/1.1" 200 1320
200.86.95.220 - - [02/Mar/2018:11:48:00 -0300] "POST /cormun/servlet/solicitudotcontratos?gx-no-cache=1520002030207 HTTP/1.1" 200 1218
200.86.95.220 - - [02/Mar/2018:11:48:00 -0300] "GET /cormun/servlet/solicitudotcontratos?5896b191784af4a9afd195fdaa204112dc86e71e659532dc7bb74494c32bba8c74a68a0597d6e05e6801dc2a705798c2261dcd15ae1e0264af68dff9a1f8e3b7ba56b6a104dab638c653b230eca0d41b8880dc02286f42b7e40ddb572d93becc8395bfb28c0c90ec2ad6c5e8396ee292fe336eb48d947b86fe6e1a6f0840989c,gx-no-cache=1520002030822 HTTP/1.1" 200 30
200.86.95.220 - - [02/Mar/2018:11:48:01 -0300] "POST /cormun/servlet/solicitudotcontratos?d9346b9f04490edddab60480e8c91b6b,INS,2018,0,10990224,1,2,2017,3259,INTEGRACION,201801,30,B,,gx-no-cache=1520002030921 HTTP/1.1" 200 93
200.86.95.220 - - [02/Mar/2018:11:48:01 -0300] "GET /cormun/servlet/hpexe_return? HTTP/1.1" 200 1052
200.86.95.220 - - [02/Mar/2018:11:48:01 -0300] "GET /cormun/servlet/trcontratosolicitud HTTP/1.1" 200 14672
200.86.95.220 - - [02/Mar/2018:11:48:03 -0300] "GET /cormun/servlet/trcontratosolicitud HTTP/1.1" 200 14681
186.103.159.183 - - [02/Mar/2018:11:48:04 -0300] "GET /cormun/servlet/trcontratosolicitud? HTTP/1.1" 200 13419
186.103.159.183 - - [02/Mar/2018:11:48:04 -0300] "GET /cormun/static/gxui/gxui-all.css?110300 HTTP/1.1" 200 2179
186.103.159.183 - - [02/Mar/2018:11:48:04 -0300] "GET /cormun/static/calendar-system.css?75620 HTTP/1.1" 200 5572
186.103.159.183 - - [02/Mar/2018:11:48:04 -0300] "GET /cormun/static/gxcfg.js?20177612214014 HTTP/1.1" 200 953
186.103.159.183 - - [02/Mar/2018:11:48:05 -0300] "GET /cormun/static/calendar.js?85251 HTTP/1.1" 200 26246
186.103.159.183 - - [02/Mar/2018:11:48:05 -0300] "GET /cormun/static/gxdec.js?85251 HTTP/1.1" 200 19579
186.103.159.183 - - [02/Mar/2018:11:48:05 -0300] "GET /cormun/static/Shared/ext/resources/css/ext-all.css?205870 HTTP/1.1" 200 416045
186.103.159.183 - - [02/Mar/2018:11:48:05 -0300] "GET /cormun/static/trcontratosolicitud.js?20177612214349 HTTP/1.1" 200 28237
186.103.159.183 - - [02/Mar/2018:11:48:05 -0300] "GET /cormun/static/calendar-setup.js?85251 HTTP/1.1" 200 2588
186.103.159.183 - - [02/Mar/2018:11:48:05 -0300] "GET /cormun/static/calendar-es.js?85251 HTTP/1.1" 200 1901
200.112.3.74 - - [02/Mar/2018:11:48:05 -0300] "POST /cormun/servlet/solicitudot?gx-no-cache=1520002036878 HTTP/1.1" 200 3426
186.103.159.183 - - [02/Mar/2018:11:48:05 -0300] "GET /cormun/static/Resources/PXToolsDataSearch.png HTTP/1.1" 200 419
186.103.159.183 - - [02/Mar/2018:11:48:05 -0300] "GET /cormun/static/Resources/PXToolsGridFirstDisabled.gif HTTP/1.1" 200 100
186.103.159.183 - - [02/Mar/2018:11:48:05 -0300] "GET /cormun/static/Resources/PXToolsGridLastDisabled.gif HTTP/1.1" 200 98
186.103.159.183 - - [02/Mar/2018:11:48:05 -0300] "GET /cormun/static/Resources/PXToolsGridPage.gif HTTP/1.1" 200 725
186.103.159.183 - - [02/Mar/2018:11:48:05 -0300] "GET /cormun/static/Resources/PXToolsGridNextDisabled.gif HTTP/1.1" 200 90
186.103.159.183 - - [02/Mar/2018:11:48:06 -0300] "GET /cormun/static/Resources/asc.gif HTTP/1.1" 200 67
186.103.159.183 - - [02/Mar/2018:11:48:06 -0300] "GET /cormun/static/Resources/asc.gif HTTP/1.1" 200 67
186.103.159.183 - - [02/Mar/2018:11:48:06 -0300] "GET /cormun/static/Resources/desc.gif HTTP/1.1" 200 65
186.103.159.183 - - [02/Mar/2018:11:48:06 -0300] "GET /cormun/static/Resources/desc.gif HTTP/1.1" 200 65
186.103.159.183 - - [02/Mar/2018:11:48:06 -0300] "GET /cormun/static/Resources/desc.gif HTTP/1.1" 200 65
186.103.159.183 - - [02/Mar/2018:11:48:06 -0300] "GET /cormun/static/Resources/PXToolsGridPreviousDisabled.gif HTTP/1.1" 200 90
186.103.159.183 - - [02/Mar/2018:11:48:06 -0300] "GET /cormun//static/Resources/PXToolsGridNew.png HTTP/1.1" 200 2949
186.103.159.183 - - [02/Mar/2018:11:48:06 -0300] "GET /cormun//static/Resources/PXToolsActionDisabled.gif HTTP/1.1" 200 53
186.103.159.183 - - [02/Mar/2018:11:48:06 -0300] "GET /cormun/servlet/trcontratosolicitud? HTTP/1.1" 200 13415
200.112.3.74 - - [02/Mar/2018:11:48:06 -0300] "POST /cormun/servlet/solicitudot?c1e80ee34a237310212969a688f35c23,INS,0,0,,gx-no-cache=1520002038525 HTTP/1.1" 200 10415
186.103.159.183 - - [02/Mar/2018:11:48:06 -0300] "GET /cormun/static/Shared/ext/resources/themes/images/default/panel/bg-headersPanel.png HTTP/1.1" 200 255
186.103.159.183 - - [02/Mar/2018:11:48:06 -0300] "GET /cormun/static/Shared/ext/resources/themes/images/default/tools/tool-sprites.gif HTTP/1.1" 200 5434
200.112.3.74 - - [02/Mar/2018:11:48:06 -0300] "GET /cormun/servlet/solicitudot?944e7f293973231495e81d586165cb4fe86718e7f6291dda8da34d13e552b7cb53e61be2bfe58edb3e6f298442afbdd6,gx-no-cache=1520002039394 HTTP/1.1" 200 30
200.112.3.74 - - [02/Mar/2018:11:48:09 -0300] "GET /cormun/servlet/solicitudot?944e7f293973231495e81d586165cb4f0a724ae888e35ca2db5779b973e9bc4e0e7a72e301290fb3378679102836ee1a53e61be2bfe58edb3e6f298442afbdd6,gx-no-cache=1520002042270 HTTP/1.1" 200 30
200.112.3.74 - - [02/Mar/2018:11:48:09 -0300] "GET /cormun/servlet/solicitudot?944e7f293973231495e81d586165cb4f00ce9ab3899905b185020abf910803df,gx-no-cache=1520002042402 HTTP/1.1" 200 53
200.112.3.74 - - [02/Mar/2018:11:48:09 -0300] "POST /cormun/servlet/solicitudot?gx-no-cache=1520002042528 HTTP/1.1" 200 297
200.112.3.74 - - [02/Mar/2018:11:48:09 -0300] "GET /cormun/servlet/solicitudot?944e7f293973231495e81d586165cb4f4af9b7fe8d1c530a0a4b19a31efbcf143eab66e0fe503696089f3e7ed30e822e45fe099f8328637570cc6977206ade6480c35e2ffaec55ea00b1ecafb0f0cce24ca9ca6539c7ce7a8a53474053be63448c179182b13a8e1dbb272f3533f6e83b690cd308f9b8bb0b95c53623e83242002a17a0f6dcbad9030e8b34b9a0a711dca263d20989adeb9a31620e10cad967fee1b372a70645b2a3657b40e4c76dcdc06a9e2368ef484528dbc1040893760e519bb7518f0e52d02def90919f6899beda3a60052c32532ac3dcfbfaea3f154a7b9e5eae6689128f9e51b294d7a121fb09b36df99034664afc44af0de23a1b20027bd90e2055c5bc356e9e022cc86824bf09f8cf5857b84819f551d4011e0003260f119834393d8ad8f18c0f88f6c2da597fecfced0d49ad4ccb19197b9c3efc691cb695c38133e2533b4395aef2f7958ffbd16827f352e4d4b25b126da2c2cec2e27cc4673d19bb0ca85a4c7f3d1c4c04a2e921f36986fcd2bf82bdb55bc424d3dc93635299dd43de4ba6c6018a0932f2,gx-no-cache=1520002042704 HTTP/1.1" 200 30
186.103.159.188 - - [02/Mar/2018:11:48:10 -0300] "GET /cormun/servlet/solicitudot?eaedaf59c56fee6494df74aaf17263c07d7db8ede830e5ab2227906fe5a7daff68dadd5750cffe0a2224c165084195c218469128b11f42f61e960c245baafa8a644c0195946addbfd1db400063c667ebc790b0a3c11d120592f443f2a48f800f5ff92b7e4d2db7bc7a3f500438a5dc3cc497b104b04e76f0860be44f0e06d62567dce50ac57a06eb5fd0016b5abc53559d31f844fdc888ed6b7e590b1e3918bb,gx-no-cache=1520002044558 HTTP/1.1" 200 29
186.103.159.188 - - [02/Mar/2018:11:48:10 -0300] "POST /cormun/servlet/solicitudot?gx-no-cache=1520002044906 HTTP/1.1" 200 1318
186.103.159.188 - - [02/Mar/2018:11:48:10 -0300] "POST /cormun/servlet/solicitudot?gx-no-cache=1520002044970 HTTP/1.1" 200 1218
186.103.159.188 - - [02/Mar/2018:11:48:10 -0300] "GET /cormun/static/menuarrow.gif HTTP/1.1" 404 1015
200.86.95.220 - - [02/Mar/2018:11:48:11 -0300] "GET /cormun/servlet/solicitudotcontratos?INS,2018,0,10990224,1,6,2017,4564,INTEGRACION,201801,10,B, HTTP/1.1" 200 9859
200.112.3.74 - - [02/Mar/2018:11:48:11 -0300] "POST /cormun/servlet/solicitudot?gx-no-cache=1520002044711 HTTP/1.1" 200 30
200.112.3.74 - - [02/Mar/2018:11:48:13 -0300] "POST /cormun/servlet/solicitudot?gx-no-cache=1520002045777 HTTP/1.1" 200 1337
200.86.95.220 - - [02/Mar/2018:11:48:13 -0300] "GET /cormun/servlet/solicitudotcontratos?INS,2018,0,10990224,1,6,2017,4564,INTEGRACION,201801,10,B, HTTP/1.1" 200 9891
200.112.3.74 - - [02/Mar/2018:11:48:13 -0300] "POST /cormun/servlet/solicitudot?gx-no-cache=1520002045960 HTTP/1.1" 200 38
200.86.95.220 - - [02/Mar/2018:11:48:13 -0300] "GET /cormun/servlet/solicitudotcontratos?5896b191784af4a9afd195fdaa204112f60536428c9422aa2e7da51e960e28951017a1fb6d42743649eaf1cc44d554a3,gx-no-cache=1520002043218 HTTP/1.1" 200 30
200.86.95.220 - - [02/Mar/2018:11:48:13 -0300] "GET /cormun/servlet/solicitudotcontratos?5896b191784af4a9afd195fdaa204112fcc4b89e5d57717927eabeac8d476a0bc77aad3e51cce7f6cdaab2b202d41fa7,gx-no-cache=1520002043289 HTTP/1.1" 200 30
200.86.95.220 - - [02/Mar/2018:11:48:13 -0300] "GET /cormun/servlet/solicitudotcontratos?5896b191784af4a9afd195fdaa204112e28955ab14f608cd06c7407ccd3d8abf0cfd6623c141efeaa2dbeeec16d246941a95f76d3290259974ba7929a1ac22152498a03c8d657e3580113e0603cbe26edf554e23d29059332fde0a3c9ecdf2ed3ddfbb5c529d35540245193b8322b6e617243f4a7fda0d828f7af143a6b30c5d,gx-no-cache=1520002043355 HTTP/1.1" 200 50
200.86.95.220 - - [02/Mar/2018:11:48:13 -0300] "GET /cormun/servlet/solicitudotcontratos?5896b191784af4a9afd195fdaa2041126f06b1014d3258628f8d53a1802220f1cda361b5e08b4777b789f2d94f078d7e,gx-no-cache=1520002043442 HTTP/1.1" 200 30
200.86.95.220 - - [02/Mar/2018:11:48:13 -0300] "GET /cormun/servlet/solicitudotcontratos?5896b191784af4a9afd195fdaa204112b76c3c7b18668c936319ec7cf940b5d2a6eb9dfaddded4d029f3246ed16c2a08dab5ac428aaaa9cd0ec896d789bdb98b0b67ec5b7655e5365f08d1a662eb6e8c53f4d87015b573b56a1e519f257b32acd695c2d74e63b895908b070d7a16f8e1,gx-no-cache=1520002043532 HTTP/1.1" 200 30
200.86.95.220 - - [02/Mar/2018:11:48:13 -0300] "GET /cormun/servlet/solicitudotcontratos?5896b191784af4a9afd195fdaa204112727a3aac3b3a802ed17a949c5713e92e72d1a432525d9d4ecc798f7ae25df2b9933866e00508660ccf3451322c432d3bc52f15117262c901c6ad50bd4c202776b43217571f214dbcef2a80e83e85bf25669bba7e13f95d32901175a0691363a45b47063761007dbc5e7db7aca15582b70aa2f1454121b5b450cbc0615a642621e4288ad795e6f9ad13acf43943b9c8ee908223e8e24406aeb8d40c83183b6e6cebe35ff73eed5a1c460eae570906c4d96971ba9bf2452b57eb826fd5ec701062e3ea9585ee34134a9fd4d150afe7955642848eb1e39524b791df38abac635099a1f16e83000e56bcd8912c64b6ca4f2e09322f10354597f1cd63beb091d17ba14a8391f01e1a0ac6d4464eb106a3242bd86e12ab2d15800f87bce363f4d9eabf786d0208bd8173cdb0c4e5c5f1bc2c62d5bdb87020174bf508d97f5dc81a72b7ee1aa47a5c40d2e42800b50ae7dc99467a9a302f0f9b1792a346b5942788a0a24a8391f01e1a0ac6d4464eb106a3242b3b0399b3cbf44e09d94408f4131e89521bf8bf834e5fcbb16386fd1866f5aebfa86cd7f58779e65048b89ea5fcb69128a19064ae9b54ad21f59137e58e2b1128,gx-no-cache=1520002043939 HTTP/1.1" 200 83
200.86.95.220 - - [02/Mar/2018:11:48:17 -0300] "POST /cormun/servlet/solicitudotcontratos?d9346b9f04490edddab60480e8c91b6b,INS,2018,0,10990224,1,6,2017,4564,INTEGRACION,201801,10,B,,gx-no-cache=1520002047462 HTTP/1.1" 200 10817
186.103.159.188 - - [02/Mar/2018:11:48:17 -0300] "POST /cormun/servlet/solicitudot?gx-no-cache=1520002051869 HTTP/1.1" 200 1318
200.86.95.220 - - [02/Mar/2018:11:48:17 -0300] "POST /cormun/servlet/solicitudotcontratos?gx-no-cache=1520002047857 HTTP/1.1" 200 1320
186.103.159.188 - - [02/Mar/2018:11:48:17 -0300] "POST /cormun/servlet/solicitudot?gx-no-cache=1520002051999 HTTP/1.1" 200 1218
200.86.95.220 - - [02/Mar/2018:11:48:18 -0300] "POST /cormun/servlet/solicitudotcontratos?gx-no-cache=1520002047967 HTTP/1.1" 200 1218
186.103.159.188 - - [02/Mar/2018:11:48:20 -0300] "GET /cormun/servlet/solicitudot?eaedaf59c56fee6494df74aaf17263c0ff8b44d53af7e2ccaecf36a71efa7487a4b221962c7f9c3c04a81b91120abb00,gx-no-cache=1520002054739 HTTP/1.1" 200 30
200.112.3.74 - - [02/Mar/2018:11:48:23 -0300] "GET /cormun/servlet/solicitudot?944e7f293973231495e81d586165cb4f43b79bac41e45e3e9037d52832ea9d6fb71a08379e2f8de0a832f07f993ff4ca60dfad36b8c77878baa58b7746b50d8ed03543f9b7642ae8da5a35c68b5af882392bc4a1af6faddeab17d52c0486967220df468a16b9bc3af3169ccd588b2fa3,gx-no-cache=1520002056329 HTTP/1.1" 200 29
200.112.3.74 - - [02/Mar/2018:11:48:23 -0300] "POST /cormun/servlet/solicitudot?gx-no-cache=1520002056462 HTTP/1.1" 200 1317
200.112.3.74 - - [02/Mar/2018:11:48:24 -0300] "POST /cormun/servlet/solicitudot?gx-no-cache=1520002056696 HTTP/1.1" 200 1217
200.112.3.74 - - [02/Mar/2018:11:48:24 -0300] "GET /cormun/static/menuarrow.gif HTTP/1.1" 404 1015
186.103.159.46 - - [02/Mar/2018:11:48:25 -0300] "GET /cormun/servlet/prbanco?,MD,,gxPopupLevel%3D0%3B HTTP/1.1" 200 6588
200.112.3.74 - - [02/Mar/2018:11:48:25 -0300] "POST /cormun/servlet/solicitudot?gx-no-cache=1520002058615 HTTP/1.1" 200 1317
200.112.3.74 - - [02/Mar/2018:11:48:26 -0300] "POST /cormun/servlet/solicitudot?gx-no-cache=1520002058869 HTTP/1.1" 200 1217
200.112.3.74 - - [02/Mar/2018:11:48:27 -0300] "GET /cormun/servlet/solicitudot?944e7f293973231495e81d586165cb4f9c234781646c625ad6b3f08d532eae240e44fc134b8d4ca45f91a39e3a8b7cb6,gx-no-cache=1520002060407 HTTP/1.1" 200 30
200.86.95.220 - - [02/Mar/2018:11:48:28 -0300] "GET /cormun/servlet/solicitudotcontratos?5896b191784af4a9afd195fdaa204112dc86e71e659532dc7bb74494c32bba8c74a68a0597d6e05e6801dc2a705798c2261dcd15ae1e0264af68dff9a1f8e3b7ba56b6a104dab638c653b230eca0d41b8880dc02286f42b7e40ddb572d93becc8395bfb28c0c90ec2ad6c5e8396ee292fe336eb48d947b86fe6e1a6f0840989c,gx-no-cache=1520002058434 HTTP/1.1" 200 30
200.86.95.220 - - [02/Mar/2018:11:48:28 -0300] "POST /cormun/servlet/solicitudotcontratos?d9346b9f04490edddab60480e8c91b6b,INS,2018,0,10990224,1,6,2017,4564,INTEGRACION,201801,10,B,,gx-no-cache=1520002058532 HTTP/1.1" 200 93
200.86.95.220 - - [02/Mar/2018:11:48:29 -0300] "GET /cormun/servlet/hpexe_return? HTTP/1.1" 200 1050
200.86.95.220 - - [02/Mar/2018:11:48:29 -0300] "GET /cormun/servlet/trcontratosolicitud HTTP/1.1" 200 14509
200.86.95.220 - - [02/Mar/2018:11:48:31 -0300] "GET /cormun/servlet/trcontratosolicitud HTTP/1.1" 200 14496
200.112.3.74 - - [02/Mar/2018:11:48:31 -0300] "POST /cormun/servlet/solicitudot?gx-no-cache=1520002064506 HTTP/1.1" 200 30
186.103.159.183 - - [02/Mar/2018:11:48:34 -0300] "GET /cormun/servlet/trsolicitudot? HTTP/1.1" 200 7400
186.103.159.183 - - [02/Mar/2018:11:48:34 -0300] "GET /cormun/static/gxui/gxui-all.css?120300 HTTP/1.1" 200 2179
186.103.159.183 - - [02/Mar/2018:11:48:34 -0300] "GET /cormun/static/calendar-system.css?85620 HTTP/1.1" 200 5572
186.103.159.183 - - [02/Mar/2018:11:48:34 -0300] "GET /cormun/static/gxcfg.js?2017111422585916 HTTP/1.1" 200 953
186.103.159.183 - - [02/Mar/2018:11:48:34 -0300] "GET /cormun/static/trsolicitudot.js?201711142259839 HTTP/1.1" 200 54041
186.103.159.183 - - [02/Mar/2018:11:48:34 -0300] "GET /cormun/static/Resources/Spanish/PXTools.css?1255365 HTTP/1.1" 200 89042
186.103.159.183 - - [02/Mar/2018:11:48:34 -0300] "GET /cormun/static/Shared/ext/resources/css/ext-all.css?215870 HTTP/1.1" 200 416045
186.103.159.183 - - [02/Mar/2018:11:48:35 -0300] "GET /cormun/static/Resources/PXTools/calendar.png HTTP/1.1" 200 1306
186.103.159.183 - - [02/Mar/2018:11:48:35 -0300] "GET /cormun/static/Resources/PXToolsGridNew.png HTTP/1.1" 200 2949
186.103.159.183 - - [02/Mar/2018:11:48:35 -0300] "GET /cormun/static/Resources/PXToolsActionExcel.png HTTP/1.1" 200 3187
186.103.159.183 - - [02/Mar/2018:11:48:35 -0300] "GET /cormun/servlet/trsolicitudot? HTTP/1.1" 200 7399
186.103.159.46 - - [02/Mar/2018:11:48:35 -0300] "GET /cormun/servlet/solicitudot?af42b805aa3987a4800dab8c0adc5a8f38b91ecf6bdc1e1c9029523e622a8c0b456a231f795c54145bbaa6287c79aa73d071f1ab553d4fe06ce050199f503c55,gx-no-cache=1520002067153 HTTP/1.1" 200 30
186.103.159.46 - - [02/Mar/2018:11:48:37 -0300] "GET /cormun/servlet/solicitudot?af42b805aa3987a4800dab8c0adc5a8f3dae7028e06581c44fbff72f869c2af9,gx-no-cache=1520002069309 HTTP/1.1" 200 53
200.112.3.74 - - [02/Mar/2018:11:48:39 -0300] "POST /cormun/servlet/solicitudot?c1e80ee34a237310212969a688f35c23,INS,0,0,,gx-no-cache=1520002071147 HTTP/1.1" 200 93
200.112.3.74 - - [02/Mar/2018:11:48:39 -0300] "GET /cormun/servlet/hpexe_return? HTTP/1.1" 200 1015
200.112.3.74 - - [02/Mar/2018:11:48:39 -0300] "GET /cormun/servlet/trsolicitudot?gx-no-cache=1520001812269 HTTP/1.1" 200 12042
200.112.3.74 - - [02/Mar/2018:11:48:40 -0300] "GET /cormun/servlet/trsolicitudot?gx-no-cache=1520001812269 HTTP/1.1" 200 12057
186.103.159.183 - - [02/Mar/2018:11:48:41 -0300] "GET /cormun/servlet/solicitudot?INS,0,0, HTTP/1.1" 200 13644
186.103.159.183 - - [02/Mar/2018:11:48:41 -0300] "GET /cormun/static/gxcfg.js?201812313224582 HTTP/1.1" 200 953
186.103.159.183 - - [02/Mar/2018:11:48:41 -0300] "GET /cormun/static/solicitudot.js?201812313224831 HTTP/1.1" 200 72336
186.103.159.183 - - [02/Mar/2018:11:48:42 -0300] "GET /cormun/static/Resources/prompt.gif HTTP/1.1" 200 902
186.103.159.183 - - [02/Mar/2018:11:48:42 -0300] "GET /cormun/servlet/solicitudot?INS,0,0, HTTP/1.1" 200 13649
200.112.3.74 - - [02/Mar/2018:11:48:46 -0300] "GET /cormun/servlet/solicitudot?INS,0,0, HTTP/1.1" 200 13459
200.112.3.74 - - [02/Mar/2018:11:48:46 -0300] "GET /cormun/servlet/solicitudot?INS,0,0, HTTP/1.1" 200 13444
200.112.3.74 - - [02/Mar/2018:11:48:49 -0300] "GET /cormun/servlet/prfichaempleado?,MD,,gxPopupLevel%3D0%3B HTTP/1.1" 200 9329
190.161.236.41 - - [02/Mar/2018:11:48:55 -0300] "POST /cormun/servlet/solicitudot?gx-no-cache=1520002089485 HTTP/1.1" 200 30
190.161.236.41 - - [02/Mar/2018:11:48:55 -0300] "POST /cormun/servlet/solicitudot?1051c3480aa5bc6af9623672af76b67c,INS,0,0,,gx-no-cache=1520002089709 HTTP/1.1" 200 93
190.161.236.41 - - [02/Mar/2018:11:48:56 -0300] "GET /cormun/servlet/hpexe_return? HTTP/1.1" 200 999
190.161.236.41 - - [02/Mar/2018:11:48:56 -0300] "GET /cormun/servlet/trsolicitudot HTTP/1.1" 200 7389
190.161.236.41 - - [02/Mar/2018:11:48:56 -0300] "GET /cormun/servlet/trsolicitudot HTTP/1.1" 200 7386
186.103.159.183 - - [02/Mar/2018:11:48:58 -0300] "POST /cormun/servlet/solicitudot?gx-no-cache=1520002092016 HTTP/1.1" 200 3409
186.103.159.183 - - [02/Mar/2018:11:48:59 -0300] "POST /cormun/servlet/solicitudot?8c6e2563a35a600aeb6ed521db746790,INS,0,0,,gx-no-cache=1520002092426 HTTP/1.1" 200 10587
200.86.95.220 - - [02/Mar/2018:11:49:00 -0300] "GET /cormun/servlet/solicitudotcontratos?INS,2018,0,15523266,8,6,2017,3419,INTEGRACION,201801,3,*, HTTP/1.1" 200 9859
200.86.95.220 - - [02/Mar/2018:11:49:02 -0300] "GET /cormun/servlet/solicitudotcontratos?INS,2018,0,15523266,8,6,2017,3419,INTEGRACION,201801,3,*, HTTP/1.1" 200 9893
200.86.95.220 - - [02/Mar/2018:11:49:02 -0300] "GET /cormun/servlet/solicitudotcontratos?5896b191784af4a9afd195fdaa2041125066d79467436d3ea95d73634fb0baab1017a1fb6d42743649eaf1cc44d554a3,gx-no-cache=1520002092654 HTTP/1.1" 200 30
200.86.95.220 - - [02/Mar/2018:11:49:02 -0300] "GET /cormun/servlet/solicitudotcontratos?5896b191784af4a9afd195fdaa204112498b875d81ecc183e6998a52b15b57c8c77aad3e51cce7f6cdaab2b202d41fa7,gx-no-cache=1520002092737 HTTP/1.1" 200 30
200.86.95.220 - - [02/Mar/2018:11:49:02 -0300] "GET /cormun/servlet/solicitudotcontratos?5896b191784af4a9afd195fdaa204112e28955ab14f608cd06c7407ccd3d8abf5f0d7bcc3a5a357bb8fdf0a9d07ac3f81a95f76d3290259974ba7929a1ac221524bfc607d2b9e36ea016d87d451b0a90df554e23d29059332fde0a3c9ecdf2ed3ddfbb5c529d35540245193b8322b6e617243f4a7fda0d828f7af143a6b30c5d,gx-no-cache=1520002092822 HTTP/1.1" 200 50
200.86.95.220 - - [02/Mar/2018:11:49:02 -0300] "GET /cormun/servlet/solicitudotcontratos?5896b191784af4a9afd195fdaa204112438028ba9e3bc4583d485604e054341451c93a7f68fafe6670fddd8b0c1f916f,gx-no-cache=1520002092922 HTTP/1.1" 200 30
186.103.159.183 - - [02/Mar/2018:11:49:03 -0300] "GET /cormun/servlet/solicitudot?7a0796863446eda4467284c3f02f37496091c6c466c4afb07af8b6449e8e71593ae78ad829f36409b2b5ba3caa501da2,gx-no-cache=1520002096598 HTTP/1.1" 200 30
200.86.95.220 - - [02/Mar/2018:11:49:03 -0300] "GET /cormun/servlet/solicitudotcontratos?5896b191784af4a9afd195fdaa204112b76c3c7b18668c936319ec7cf940b5d2a6eb9dfaddded4d029f3246ed16c2a08dab5ac428aaaa9cd0ec896d789bdb98b0b67ec5b7655e5365f08d1a662eb6e8c53f4d87015b573b56a1e519f257b32acd695c2d74e63b895908b070d7a16f8e1,gx-no-cache=1520002093024 HTTP/1.1" 200 30
