186.103.159.189 - - [02/Mar/2018:13:06:08 -0300] "GET /cormun/static/Shared/jqueryui/images/ui-icons_8d78a5_256x240.png HTTP/1.1" 404 1089
186.103.157.235 - - [02/Mar/2018:13:06:25 -0300] "POST /cormun/servlet/trvisualizadoreventos?a75c5cad3075035b639707694b92e637,,gx-no-cache=1520006734303 HTTP/1.1" 200 5669
186.103.159.189 - - [02/Mar/2018:13:06:31 -0300] "GET /cormun/servlet/hlogin HTTP/1.1" 200 1718
186.103.157.235 - - [02/Mar/2018:13:06:44 -0300] "POST /cormun/servlet/trvisualizadoreventos?a75c5cad3075035b639707694b92e637,,gx-no-cache=1520006756099 HTTP/1.1" 200 4651
186.103.157.235 - - [02/Mar/2018:13:06:48 -0300] "POST /cormun/servlet/trvisualizadoreventos?a75c5cad3075035b639707694b92e637,,gx-no-cache=1520006759959 HTTP/1.1" 200 111
186.103.157.235 - - [02/Mar/2018:13:06:48 -0300] "GET /cormun/VisualizadorEventos-8508.xls HTTP/1.1" 200 4608
186.103.157.235 - - [02/Mar/2018:13:06:49 -0300] "POST /cormun/servlet/trvisualizadoreventos?a75c5cad3075035b639707694b92e637,,gx-no-cache=1520006761943 HTTP/1.1" 200 4651
186.103.159.187 - - [02/Mar/2018:13:06:50 -0300] "POST /cormun/servlet/solicitudot?42451447765c4b360ed02454d529be18,INS,0,0,,gx-no-cache=1520006861723 HTTP/1.1" 200 93
186.103.159.187 - - [02/Mar/2018:13:06:50 -0300] "GET /cormun/servlet/hpexe_return? HTTP/1.1" 200 1004
186.103.159.187 - - [02/Mar/2018:13:06:51 -0300] "GET /cormun/servlet/trsolicitudot HTTP/1.1" 200 8916
186.103.159.187 - - [02/Mar/2018:13:06:52 -0300] "GET /cormun/servlet/trsolicitudot HTTP/1.1" 200 8912
186.103.157.235 - - [02/Mar/2018:13:06:54 -0300] "POST /cormun/servlet/trvisualizadoreventos?a75c5cad3075035b639707694b92e637,,gx-no-cache=1520006766334 HTTP/1.1" 200 4684
186.103.159.189 - - [02/Mar/2018:13:06:56 -0300] "POST /cormun/servlet/hlogin?0c7e55f8da2a3bfeea22d219f3625c89,gx-no-cache=1520006769217 HTTP/1.1" 200 90
186.103.159.189 - - [02/Mar/2018:13:06:56 -0300] "GET /cormun/servlet/hpexe_link HTTP/1.1" 200 949
186.103.159.189 - - [02/Mar/2018:13:06:56 -0300] "GET /cormun/servlet/hhome HTTP/1.1" 200 4168
190.151.100.218 - - [02/Mar/2018:13:06:58 -0300] "POST /cormun/servlet/solicitudot?gx-no-cache=1520006769723 HTTP/1.1" 200 3417
186.103.159.189 - - [02/Mar/2018:13:06:58 -0300] "GET /cormun/servlet/hhome HTTP/1.1" 200 4164
190.151.100.218 - - [02/Mar/2018:13:07:00 -0300] "POST /cormun/servlet/solicitudot?4ef8dc9fd61cc796407813806e602951,INS,0,0,,gx-no-cache=1520006770941 HTTP/1.1" 200 10592
186.103.157.235 - - [02/Mar/2018:13:07:01 -0300] "GET /cormun/servlet/trsolicitudot? HTTP/1.1" 200 7438
190.151.100.218 - - [02/Mar/2018:13:07:11 -0300] "GET /cormun/servlet/solicitudot?d0fc81054ae1bcd3fc4e8ec0f4f946b0cfd4dd39572c4e8d98092118fbfde1f9bf1f9e392fabe13b48fb46697bd63777,gx-no-cache=1520006783600 HTTP/1.1" 200 30
186.103.157.235 - - [02/Mar/2018:13:07:11 -0300] "GET /cormun/static/gxui/gxui-all.css?120300 HTTP/1.1" 200 2179
190.151.100.218 - - [02/Mar/2018:13:07:11 -0300] "GET /cormun/servlet/solicitudot?d0fc81054ae1bcd3fc4e8ec0f4f946b06092e7c3defcf6b8e797db5333f303e6f5673f8f0bb4264a0c99c1edc080e2a87a13c12162a5951341c324dc3d29761c,gx-no-cache=1520006783765 HTTP/1.1" 200 30
190.151.100.218 - - [02/Mar/2018:13:07:11 -0300] "GET /cormun/servlet/solicitudot?d0fc81054ae1bcd3fc4e8ec0f4f946b055290347d9892b254474c3b1eaa7d293,gx-no-cache=1520006783864 HTTP/1.1" 200 53
190.151.100.218 - - [02/Mar/2018:13:07:11 -0300] "POST /cormun/servlet/solicitudot?gx-no-cache=1520006783964 HTTP/1.1" 200 297
186.103.157.235 - - [02/Mar/2018:13:07:11 -0300] "GET /cormun/static/Resources/Spanish/PXTools.css?1255365 HTTP/1.1" 200 89042
190.151.100.218 - - [02/Mar/2018:13:07:11 -0300] "GET /cormun/servlet/solicitudot?d0fc81054ae1bcd3fc4e8ec0f4f946b071677c031f1bb0e36779c6b53a331672bcc45551c11b134971190ec992ceaa4465738609178519057f04a9d896db882a163f13bd64654bb7fa652a0e759d7ab5bdf17d6ef7eeff9c70d03903c37ff41a99ea2af2c60f1324ed453276e0bfd01817c3c52b432faf675ab71c244939eb4455167783762c804504897c56de80ebf756ea0c9f200a56fb429f4ec2409adfd50010ff961faa95fa0bac253b39dfe1af7fdd8ad78f36d36c360afe3830ee6f8ad44afa6132d47f3f5f479c206b3ba44f87e752b36c42318221c5ccf31947c790f2699d6264f95043431184839377ac7c5c2d6e5223d88604627645364da8456816888daa3fea04e73db3b8f40844c494bccc4f31af6682bbe356bcf99b5a79208a298d2bb61e079edb26837d8bd7c19f5f883e7c86023329c2bfc4dc74a3a6ff9cfd5dff3c859141d0c3f44b40656a59e5f67e95e52e1bbbb061fe651e5b37ca83480cebc127faf348a7579a5bc61252d1738f04b6c209a084384803cbf8452f2bb598b9c8c9f2979f7f131b47fd46fa,gx-no-cache=1520006784107 HTTP/1.1" 200 30
190.151.100.218 - - [02/Mar/2018:13:07:14 -0300] "POST /cormun/servlet/solicitudot?gx-no-cache=1520006786842 HTTP/1.1" 200 30
186.103.157.235 - - [02/Mar/2018:13:07:19 -0300] "GET /cormun/static/calendar-system.css?85620 HTTP/1.1" 200 5572
190.151.100.218 - - [02/Mar/2018:13:07:19 -0300] "POST /cormun/servlet/solicitudot?gx-no-cache=1520006791227 HTTP/1.1" 200 1336
190.151.100.218 - - [02/Mar/2018:13:07:19 -0300] "POST /cormun/servlet/solicitudot?gx-no-cache=1520006792012 HTTP/1.1" 200 38
186.103.157.235 - - [02/Mar/2018:13:07:21 -0300] "GET /cormun/static/Shared/ext/resources/css/ext-all.css?215870 HTTP/1.1" 200 416045
186.103.157.235 - - [02/Mar/2018:13:07:22 -0300] "GET /cormun/static/gxcfg.js?2017111422585916 HTTP/1.1" 200 953
186.103.156.24 - - [02/Mar/2018:13:07:24 -0300] "GET /cormun/servlet/solicitudot?69f86cc1d70bf6d1c4e02f08f472ddc76197804aed29aca8cb8f3c06a51e072a,gx-no-cache=1520006796941 HTTP/1.1" 200 94
186.103.156.24 - - [02/Mar/2018:13:07:24 -0300] "GET /cormun/static/Shared/jqueryui/images/ui-bg_highlight-soft_100_c6c2c8_1x100.png HTTP/1.1" 404 1117
186.103.156.24 - - [02/Mar/2018:13:07:24 -0300] "GET /cormun/static/Shared/jqueryui/images/ui-icons_82798d_256x240.png HTTP/1.1" 404 1089
186.103.156.24 - - [02/Mar/2018:13:07:24 -0300] "GET /cormun/static/Shared/jqueryui/images/ui-bg_flat_55_994d53_40x100.png HTTP/1.1" 404 1097
186.103.156.24 - - [02/Mar/2018:13:07:24 -0300] "GET /cormun/static/Shared/jqueryui/images/ui-icons_ebccce_256x240.png HTTP/1.1" 404 1089
186.103.156.24 - - [02/Mar/2018:13:07:24 -0300] "GET /cormun/servlet/solicitudot?69f86cc1d70bf6d1c4e02f08f472ddc7c22eee4f31b3042b34da23904b435fed,gx-no-cache=1520006797530 HTTP/1.1" 200 29
186.103.157.235 - - [02/Mar/2018:13:07:26 -0300] "GET /cormun/static/Resources/PXToolsGridNew.png HTTP/1.1" 200 2949
186.103.157.235 - - [02/Mar/2018:13:07:27 -0300] "GET /cormun/static/trsolicitudot.js?201711142259839 HTTP/1.1" 200 54041
186.103.157.235 - - [02/Mar/2018:13:07:28 -0300] "GET /cormun/servlet/trsolicitudot? HTTP/1.1" 200 7438
190.151.100.218 - - [02/Mar/2018:13:07:29 -0300] "GET /cormun/servlet/solicitudot?d0fc81054ae1bcd3fc4e8ec0f4f946b05ad9186bf036c0881ce3705b0f56c8671ff17ca46fecf3af0b281e6c7ac65d385120996850bd19de331c1b851a1693e2fde2ff2ce55d4fe2cb3842f0ba824c74d1432d96e9aa91d593de3dfdba2a48e93d846cd05a4c4bca83f4119be64df82a,gx-no-cache=1520006802049 HTTP/1.1" 200 29
190.151.100.218 - - [02/Mar/2018:13:07:30 -0300] "POST /cormun/servlet/solicitudot?gx-no-cache=1520006802580 HTTP/1.1" 200 1319
190.151.100.218 - - [02/Mar/2018:13:07:30 -0300] "POST /cormun/servlet/solicitudot?gx-no-cache=1520006802808 HTTP/1.1" 200 1218
186.103.156.24 - - [02/Mar/2018:13:07:35 -0300] "POST /cormun/servlet/solicitudot?gx-no-cache=1520006807556 HTTP/1.1" 200 297
190.151.100.218 - - [02/Mar/2018:13:07:35 -0300] "GET /cormun/static/menuarrow.gif HTTP/1.1" 404 1015
186.103.156.24 - - [02/Mar/2018:13:07:36 -0300] "GET /cormun/servlet/solicitudot?69f86cc1d70bf6d1c4e02f08f472ddc7505f733131c04c9c5fb9542505b43dc1a516b5dfba06d17a9a84b85f8a5cb8837eddab081878cd01ef77d5b1f32698e61ec1c2213620773d3710f99864bb16164e1ba73fdc175154decb21c740577fdcde17cdaace9bab84ffa7054d7de7d6e070e53543c67c1a2d3b62da123ac4c7449bdb394fe54f232511a456890e4a54c5f7aa667adfd15ded0750e68df6c5f1d0aca2c8323df125ecbf4308dbca5f49018c52868ba02d27e1247881bdaecbf98948390640b20c40e733ca5c1ec137a4f7ae6506c8d4be936c2acdf18572003bcaadfe2c60041db5dcca7951e4ae64b128607b1a07ea1dbd0da5980a166d7ee99d826a9f9f5caddcbb96d94b61465d293b90ef4632cd4daca1c1d15611f07a13c2f113979daed07bc8e9f7ed8fcd6ab13643e23095332ed8ec1bfd31a633609297dd64d86b340c5e261e237ed521b004f05997935c48c2bf3b52ff34be0e05afcaa08f3f5165f5f42e3d3b705350dbe31b25eb4e81cad778a0d7305630d292d5d38d4107b77fd7430b4d1a43eb4a0ebe8e,gx-no-cache=1520006808127 HTTP/1.1" 200 30
190.151.100.218 - - [02/Mar/2018:13:07:38 -0300] "GET /cormun/servlet/solicitudot?d0fc81054ae1bcd3fc4e8ec0f4f946b0d3f5c5c56c4ea9d23511e9139d1cf3b41b10d88a1f14b49accaa6e096854c2a3,gx-no-cache=1520006810779 HTTP/1.1" 200 30
190.151.100.218 - - [02/Mar/2018:13:07:45 -0300] "POST /cormun/servlet/solicitudot?gx-no-cache=1520006817777 HTTP/1.1" 200 30
186.103.156.24 - - [02/Mar/2018:13:07:52 -0300] "POST /cormun/servlet/solicitudot?gx-no-cache=1520006824943 HTTP/1.1" 200 256
186.103.159.187 - - [02/Mar/2018:13:07:55 -0300] "POST /cormun/servlet/trsolicitudot?42451447765c4b360ed02454d529be18,gx-no-cache=1520006926107 HTTP/1.1" 200 5657
186.103.159.187 - - [02/Mar/2018:13:07:55 -0300] "GET /cormun/static/Shared/jqueryui/images/ui-bg_highlight-soft_100_c6c2c8_1x100.png HTTP/1.1" 404 1117
186.103.159.187 - - [02/Mar/2018:13:07:55 -0300] "GET /cormun/static/Shared/jqueryui/images/ui-icons_82798d_256x240.png HTTP/1.1" 404 1089
186.103.159.187 - - [02/Mar/2018:13:07:55 -0300] "GET /cormun/static/Shared/jqueryui/images/ui-bg_flat_55_fafafa_40x100.png HTTP/1.1" 404 1097
186.103.159.187 - - [02/Mar/2018:13:07:55 -0300] "GET /cormun/static/Shared/jqueryui/images/ui-icons_8d78a5_256x240.png HTTP/1.1" 404 1089
186.103.156.24 - - [02/Mar/2018:13:07:55 -0300] "GET /cormun/servlet/solicitudot?69f86cc1d70bf6d1c4e02f08f472ddc7505f733131c04c9c5fb9542505b43dc1d3fa64ba8828832d572345bed1c27bf07eddab081878cd01ef77d5b1f32698e61ec1c2213620773d3710f99864bb16164e1ba73fdc175154decb21c740577fdcde17cdaace9bab84ffa7054d7de7d6e070e53543c67c1a2d3b62da123ac4c7449bdb394fe54f232511a456890e4a54c5f7aa667adfd15ded0750e68df6c5f1d0aca2c8323df125ecbf4308dbca5f49018c52868ba02d27e1247881bdaecbf98948390640b20c40e733ca5c1ec137a4f7ae6506c8d4be936c2acdf18572003bcaadfe2c60041db5dcca7951e4ae64b128607b1a07ea1dbd0da5980a166d7ee99d826a9f9f5caddcbb96d94b61465d293b90ef4632cd4daca1c1d15611f07a13c2f113979daed07bc8e9f7ed8fcd6ab13643e23095332ed8ec1bfd31a6336092976d802415a4984543375c2c5a179f01f1e1e1ce5495fc25ad8bf99b7da5a0bfc9b31de4add3c5cb4dd247fde678ae4469e04b1ab6322206182f4ddd3f5a7ecffe,gx-no-cache=1520006828428 HTTP/1.1" 200 30
186.103.159.187 - - [02/Mar/2018:13:07:55 -0300] "POST /cormun/servlet/trsolicitudot?42451447765c4b360ed02454d529be18,gx-no-cache=1520006926645 HTTP/1.1" 200 5599
186.103.156.24 - - [02/Mar/2018:13:07:58 -0300] "POST /cormun/servlet/solicitudot?gx-no-cache=1520006830742 HTTP/1.1" 200 30
186.103.159.187 - - [02/Mar/2018:13:07:58 -0300] "POST /cormun/servlet/trsolicitudot?42451447765c4b360ed02454d529be18,gx-no-cache=1520006929722 HTTP/1.1" 200 4477
186.103.159.187 - - [02/Mar/2018:13:07:59 -0300] "POST /cormun/servlet/trsolicitudot?42451447765c4b360ed02454d529be18,gx-no-cache=1520006930232 HTTP/1.1" 200 4256
190.151.100.218 - - [02/Mar/2018:13:07:59 -0300] "POST /cormun/servlet/solicitudot?4ef8dc9fd61cc796407813806e602951,INS,0,0,,gx-no-cache=1520006831556 HTTP/1.1" 200 93
190.151.100.218 - - [02/Mar/2018:13:07:59 -0300] "GET /cormun/servlet/hpexe_return? HTTP/1.1" 200 1008
186.103.156.24 - - [02/Mar/2018:13:07:59 -0300] "POST /cormun/servlet/solicitudot?gx-no-cache=1520006832591 HTTP/1.1" 200 1333
186.103.157.235 - - [02/Mar/2018:13:07:59 -0300] "GET /cormun/static/menuarrow.gif HTTP/1.1" 404 1015
186.103.156.24 - - [02/Mar/2018:13:07:59 -0300] "POST /cormun/servlet/solicitudot?gx-no-cache=1520006832680 HTTP/1.1" 200 38
186.67.203.186 - - [02/Mar/2018:13:08:00 -0300] "GET /cormun/static/gxcfg.js?2016101716175148 HTTP/1.1" 200 953
200.72.197.82 - - [02/Mar/2018:13:08:00 -0300] "GET /cormun/static/hpexe_return.js?2016101716175153 HTTP/1.1" 200 1633
186.103.159.187 - - [02/Mar/2018:13:08:06 -0300] "GET /cormun/servlet/trsolicitudot? HTTP/1.1" 200 7130
186.103.159.187 - - [02/Mar/2018:13:08:07 -0300] "GET /cormun/servlet/trsolicitudot? HTTP/1.1" 200 7129
186.103.157.235 - - [02/Mar/2018:13:08:17 -0300] "POST /cormun/servlet/trsolicitudot?a75c5cad3075035b639707694b92e637,,gx-no-cache=1520006849016 HTTP/1.1" 200 14356
186.103.157.235 - - [02/Mar/2018:13:08:17 -0300] "GET /cormun//static/Resources/PXToolsActionView.png HTTP/1.1" 200 2995
186.103.157.235 - - [02/Mar/2018:13:08:17 -0300] "GET /cormun//static/Resources/PXToolsGridUpdate.png HTTP/1.1" 200 2984
186.103.157.235 - - [02/Mar/2018:13:08:17 -0300] "GET /cormun//static/Resources/PXTools/ActionInsert.png HTTP/1.1" 200 1482
186.103.157.235 - - [02/Mar/2018:13:08:17 -0300] "GET /cormun//static/Resources/PXToolsGridDelete.png HTTP/1.1" 200 357
186.103.157.235 - - [02/Mar/2018:13:08:17 -0300] "GET /cormun//static/Resources/PXToolsRemoveAllAction.png HTTP/1.1" 200 3558
190.151.100.218 - - [02/Mar/2018:13:08:21 -0300] "GET /cormun/static/Resources/Spanish/PXTools.css?167811 HTTP/1.1" 200 89042
186.103.156.24 - - [02/Mar/2018:13:08:23 -0300] "GET /cormun/servlet/solicitudot?69f86cc1d70bf6d1c4e02f08f472ddc7eb8e68d8034c7a83b33f641d8b677740f2b9a2f582b925dc0a98eb7a582dffc3b128e75de499264ef6693a6817ba5b8adf3b0112cb31a7589da53dc813acb84bf0c532b6b7cc0645e07eb1f0b3405a743d513a5f73de65d9cf30941fa685e256,gx-no-cache=1520006856623 HTTP/1.1" 200 29
186.103.156.24 - - [02/Mar/2018:13:08:23 -0300] "POST /cormun/servlet/solicitudot?gx-no-cache=1520006856721 HTTP/1.1" 200 1319
186.103.156.24 - - [02/Mar/2018:13:08:23 -0300] "POST /cormun/servlet/solicitudot?gx-no-cache=1520006856836 HTTP/1.1" 200 1215
186.103.159.189 - - [02/Mar/2018:13:08:25 -0300] "GET /cormun/servlet/trautorizarsolicitud? HTTP/1.1" 200 9048
186.103.159.189 - - [02/Mar/2018:13:08:27 -0300] "GET /cormun/servlet/trautorizarsolicitud? HTTP/1.1" 200 9046
190.151.100.218 - - [02/Mar/2018:13:08:27 -0300] "GET /cormun/servlet/trsolicitudot HTTP/1.1" 200 8598
186.67.203.186 - - [02/Mar/2018:13:08:28 -0300] "GET /cormun//static/Resources/PXToolsGridUpdate.png HTTP/1.1" 200 2984
186.67.203.186 - - [02/Mar/2018:13:08:28 -0300] "GET /cormun//static/Resources/PXToolsActionView.png HTTP/1.1" 200 2995
186.103.132.155 - - [02/Mar/2018:13:08:28 -0300] "GET /cormun//static/Resources/PXToolsGridDelete.png HTTP/1.1" 200 357
190.151.100.218 - - [02/Mar/2018:13:08:28 -0300] "GET /cormun/servlet/trsolicitudot HTTP/1.1" 200 8594
186.103.132.155 - - [02/Mar/2018:13:08:28 -0300] "GET /cormun//static/Resources/PXToolsRemoveAllAction.png HTTP/1.1" 200 3558
186.103.132.155 - - [02/Mar/2018:13:08:29 -0300] "GET /cormun//static/Resources/PXTools/ActionInsert.png HTTP/1.1" 200 1482
186.103.156.24 - - [02/Mar/2018:13:08:32 -0300] "GET /cormun/static/menuarrow.gif HTTP/1.1" 404 1015
186.103.156.24 - - [02/Mar/2018:13:08:37 -0300] "GET /cormun/servlet/solicitudot?69f86cc1d70bf6d1c4e02f08f472ddc738d469ada4113117c76adc90a02fd5a96401cf4eb6a7f708cc7ca5f3ccb62c9b,gx-no-cache=1520006870590 HTTP/1.1" 200 30
186.103.159.187 - - [02/Mar/2018:13:08:50 -0300] "GET /cormun/servlet/solicitudot?INS,0,0, HTTP/1.1" 200 13380
186.103.159.187 - - [02/Mar/2018:13:08:51 -0300] "GET /cormun/servlet/solicitudot?INS,0,0, HTTP/1.1" 200 13385
186.103.157.235 - - [02/Mar/2018:13:09:13 -0300] "POST /cormun/servlet/trsolicitudot?a75c5cad3075035b639707694b92e637,,gx-no-cache=1520006892239 HTTP/1.1" 200 13121
190.151.100.218 - - [02/Mar/2018:13:09:18 -0300] "GET /cormun/servlet/trsolicitudot? HTTP/1.1" 200 8594
190.151.100.218 - - [02/Mar/2018:13:09:19 -0300] "GET /cormun/servlet/trsolicitudot? HTTP/1.1" 200 8594
186.103.156.24 - - [02/Mar/2018:13:09:27 -0300] "POST /cormun/servlet/solicitudot?gx-no-cache=1520006920603 HTTP/1.1" 200 30
190.151.100.218 - - [02/Mar/2018:13:09:30 -0300] "POST /cormun/servlet/trsolicitudot?4ef8dc9fd61cc796407813806e602951,,gx-no-cache=1520006922799 HTTP/1.1" 200 105
190.151.100.218 - - [02/Mar/2018:13:09:30 -0300] "GET /cormun/servlet/solicitudot?UPD,2018,9939, HTTP/1.1" 200 15287
190.151.100.218 - - [02/Mar/2018:13:09:32 -0300] "GET /cormun/servlet/solicitudot?UPD,2018,9939, HTTP/1.1" 200 15297
186.67.203.186 - - [02/Mar/2018:13:09:38 -0300] "POST /cormun/servlet/solicitudot?gx-no-cache=1520006925229 HTTP/1.1" 200 3431
186.67.203.186 - - [02/Mar/2018:13:09:43 -0300] "POST /cormun/servlet/solicitudot?4ef8dc9fd61cc796407813806e602951,UPD,2018,9939,,gx-no-cache=1520006933870 HTTP/1.1" 200 11748
186.103.157.235 - - [02/Mar/2018:13:09:46 -0300] "POST /cormun/servlet/trsolicitudot?a75c5cad3075035b639707694b92e637,,gx-no-cache=1520006935313 HTTP/1.1" 200 103
186.103.157.235 - - [02/Mar/2018:13:09:47 -0300] "GET /cormun/SolicitudOT-3797.xls HTTP/1.1" 200 13312
186.67.203.186 - - [02/Mar/2018:13:09:49 -0300] "GET /cormun/servlet/solicitudot?d0fc81054ae1bcd3fc4e8ec0f4f946b0cfd4dd39572c4e8d98092118fbfde1f97e15c3be614a47706a4a56d737d308cc,gx-no-cache=1520006941999 HTTP/1.1" 200 30
186.67.203.186 - - [02/Mar/2018:13:09:49 -0300] "GET /cormun/servlet/solicitudot?d0fc81054ae1bcd3fc4e8ec0f4f946b06092e7c3defcf6b8e797db5333f303e6f5673f8f0bb4264a0c99c1edc080e2a83471a7c411d1e17bf3823486d5cec9ce,gx-no-cache=1520006942127 HTTP/1.1" 200 30
186.67.203.186 - - [02/Mar/2018:13:09:49 -0300] "GET /cormun/servlet/solicitudot?d0fc81054ae1bcd3fc4e8ec0f4f946b0aa62b356e86622db744ec285407bc6c5924b9928b5a652bc2fecaa0d2011d95915b33679905e24c480323b6cc5145a97,gx-no-cache=1520006942217 HTTP/1.1" 200 53
186.103.156.24 - - [02/Mar/2018:13:09:50 -0300] "POST /cormun/servlet/solicitudot?7c1e4726347e676e98bfd0890bb4b85e,INS,0,0,,gx-no-cache=1520006942751 HTTP/1.1" 200 93
186.103.156.24 - - [02/Mar/2018:13:09:50 -0300] "GET /cormun/servlet/hpexe_return? HTTP/1.1" 200 1006
186.103.156.24 - - [02/Mar/2018:13:09:50 -0300] "GET /cormun/servlet/trsolicitudot HTTP/1.1" 200 7431
186.103.156.24 - - [02/Mar/2018:13:09:51 -0300] "GET /cormun/servlet/trsolicitudot HTTP/1.1" 200 7428
186.67.203.186 - - [02/Mar/2018:13:09:53 -0300] "POST /cormun/servlet/solicitudot?gx-no-cache=1520006942308 HTTP/1.1" 200 297
186.67.203.186 - - [02/Mar/2018:13:09:54 -0300] "GET /cormun/servlet/solicitudot?d0fc81054ae1bcd3fc4e8ec0f4f946b071677c031f1bb0e36779c6b53a331672bcc45551c11b134971190ec992ceaa4465738609178519057f04a9d896db882a163f13bd64654bb7fa652a0e759d7ab5bdf17d6ef7eeff9c70d03903c37ff41a99ea2af2c60f1324ed453276e0bfd01817c3c52b432faf675ab71c244939eb4455167783762c804504897c56de80ebf756ea0c9f200a56fb429f4ec2409adfd50010ff961faa95fa0bac253b39dfe1af7fdd8ad78f36d36c360afe3830ee6f8ad44afa6132d47f3f5f479c206b3ba44f87e752b36c42318221c5ccf31947c790f2699d6264f95043431184839377ac7c5c2d6e5223d88604627645364da8456816888daa3fea04e73db3b8f40844c494bccc4f31af6682bbe356bcf99b5a79208a298d2bb61e079edb26837d8bd7c19f5f883e7c86023329c2bfc4dc74a3a6ff9cfd5dff3c859141d0c3f44b40656a59e5f67e95e52e1bbbb061fe651e5b37ca83480cebc127faf348a7579a5bc61252f73409f6ca048e9b23664623fd2813012bb598b9c8c9f2979f7f131b47fd46fa,gx-no-cache=1520006946292 HTTP/1.1" 200 30
186.67.203.186 - - [02/Mar/2018:13:09:54 -0300] "POST /cormun/servlet/solicitudot?gx-no-cache=1520006946386 HTTP/1.1" 200 30
186.67.203.186 - - [02/Mar/2018:13:09:54 -0300] "POST /cormun/servlet/solicitudot?gx-no-cache=1520006946508 HTTP/1.1" 200 1337
186.67.203.186 - - [02/Mar/2018:13:09:54 -0300] "POST /cormun/servlet/solicitudot?gx-no-cache=1520006946721 HTTP/1.1" 200 41
186.103.156.24 - - [02/Mar/2018:13:09:56 -0300] "GET /cormun/servlet/trautorizarsolicitud? HTTP/1.1" 200 7331
186.103.156.24 - - [02/Mar/2018:13:09:57 -0300] "GET /cormun/static/gxcfg.js?2017111423403364 HTTP/1.1" 200 953
186.103.156.24 - - [02/Mar/2018:13:09:57 -0300] "GET /cormun/static/trautorizarsolicitud.js?201711142340425 HTTP/1.1" 200 53910
186.103.156.24 - - [02/Mar/2018:13:09:57 -0300] "GET /cormun/servlet/trautorizarsolicitud? HTTP/1.1" 200 7330
186.103.156.24 - - [02/Mar/2018:13:10:07 -0300] "GET /cormun/servlet/trautorizarsolicitud? HTTP/1.1" 200 7330
186.103.156.24 - - [02/Mar/2018:13:10:08 -0300] "GET /cormun/servlet/trautorizarsolicitud? HTTP/1.1" 200 7330
186.103.156.24 - - [02/Mar/2018:13:10:15 -0300] "GET /cormun/servlet/trsolicitudot? HTTP/1.1" 200 7428
186.103.156.24 - - [02/Mar/2018:13:10:15 -0300] "GET /cormun/servlet/trsolicitudot? HTTP/1.1" 200 7428
186.103.156.24 - - [02/Mar/2018:13:10:21 -0300] "GET /cormun/servlet/trsolicitudot? HTTP/1.1" 200 7428
186.103.156.24 - - [02/Mar/2018:13:10:22 -0300] "GET /cormun/servlet/trsolicitudot? HTTP/1.1" 200 7428
186.103.156.24 - - [02/Mar/2018:13:10:29 -0300] "GET /cormun/servlet/solicitudot?INS,0,0, HTTP/1.1" 200 13666
186.103.156.24 - - [02/Mar/2018:13:10:29 -0300] "GET /cormun/servlet/solicitudot?INS,0,0, HTTP/1.1" 200 13671
192.168.10.96 - - [02/Mar/2018:13:10:33 -0300] "GET /cormun/servlet/trsolicitudgral? HTTP/1.1" 200 17540
192.168.10.96 - - [02/Mar/2018:13:10:33 -0300] "GET /cormun/servlet/trsolicitudgral? HTTP/1.1" 200 17540
186.103.156.24 - - [02/Mar/2018:13:10:37 -0300] "GET /cormun/servlet/prfichaempleado?,MD,,gxPopupLevel%3D0%3B HTTP/1.1" 200 9371
192.168.10.96 - - [02/Mar/2018:13:10:45 -0300] "POST /cormun/servlet/trsolicitudgral?1d4ff14942b899bacd8d75544af79f57,,gx-no-cache=1520006886450 HTTP/1.1" 200 5927
192.168.10.96 - - [02/Mar/2018:13:10:48 -0300] "POST /cormun/servlet/trsolicitudgral?1d4ff14942b899bacd8d75544af79f57,,gx-no-cache=1520006889111 HTTP/1.1" 200 5927
192.168.10.96 - - [02/Mar/2018:13:10:48 -0300] "POST /cormun/servlet/trsolicitudgral?1d4ff14942b899bacd8d75544af79f57,,gx-no-cache=1520006889478 HTTP/1.1" 200 5929
192.168.10.96 - - [02/Mar/2018:13:10:48 -0300] "POST /cormun/servlet/trsolicitudgral?1d4ff14942b899bacd8d75544af79f57,,gx-no-cache=1520006889648 HTTP/1.1" 200 5928
192.168.10.96 - - [02/Mar/2018:13:10:53 -0300] "POST /cormun/servlet/trsolicitudgral?1d4ff14942b899bacd8d75544af79f57,,gx-no-cache=1520006893991 HTTP/1.1" 200 5929
192.168.10.96 - - [02/Mar/2018:13:10:56 -0300] "POST /cormun/servlet/trsolicitudgral?1d4ff14942b899bacd8d75544af79f57,,gx-no-cache=1520006897638 HTTP/1.1" 200 5930
192.168.10.96 - - [02/Mar/2018:13:10:59 -0300] "POST /cormun/servlet/trsolicitudgral?1d4ff14942b899bacd8d75544af79f57,,gx-no-cache=1520006900040 HTTP/1.1" 200 5925
192.168.10.96 - - [02/Mar/2018:13:11:01 -0300] "POST /cormun/servlet/trsolicitudgral?1d4ff14942b899bacd8d75544af79f57,,gx-no-cache=1520006902478 HTTP/1.1" 200 5927
192.168.10.96 - - [02/Mar/2018:13:11:07 -0300] "POST /cormun/servlet/trsolicitudgral?1d4ff14942b899bacd8d75544af79f57,,gx-no-cache=1520006907830 HTTP/1.1" 200 5930
192.168.10.96 - - [02/Mar/2018:13:11:09 -0300] "POST /cormun/servlet/trsolicitudgral?1d4ff14942b899bacd8d75544af79f57,,gx-no-cache=1520006910568 HTTP/1.1" 200 5928
192.168.10.96 - - [02/Mar/2018:13:11:14 -0300] "POST /cormun/servlet/trsolicitudgral?1d4ff14942b899bacd8d75544af79f57,,gx-no-cache=1520006915478 HTTP/1.1" 200 5930
186.103.159.187 - - [02/Mar/2018:13:11:47 -0300] "POST /cormun/servlet/solicitudot?gx-no-cache=1520007158781 HTTP/1.1" 200 3293
186.103.159.187 - - [02/Mar/2018:13:11:47 -0300] "POST /cormun/servlet/solicitudot?42451447765c4b360ed02454d529be18,INS,0,0,,gx-no-cache=1520007159142 HTTP/1.1" 200 10253
192.168.10.56 - - [02/Mar/2018:13:11:54 -0300] "POST /cormun/servlet/hlogin?9d30667da04dbb4c15cc9e34eaef1399,gx-no-cache=1520006955238 HTTP/1.1" 200 90
192.168.10.56 - - [02/Mar/2018:13:11:54 -0300] "GET /cormun/servlet/hpexe_link HTTP/1.1" 200 949
192.168.10.56 - - [02/Mar/2018:13:11:54 -0300] "GET /cormun/servlet/hhome HTTP/1.1" 200 4464
192.168.10.56 - - [02/Mar/2018:13:11:55 -0300] "GET /cormun/servlet/hhome HTTP/1.1" 200 4461
186.103.159.230 - - [02/Mar/2018:13:11:56 -0300] "GET /cormun/servlet/hlogin HTTP/1.1" 200 1717
186.103.159.187 - - [02/Mar/2018:13:11:57 -0300] "GET /cormun/servlet/solicitudot?8e556e46dfc2a2059b3801e91a4a152bd8912fab9c14667c6996a32d2333f922f9c55483c2ae895e8eb688a4353ff744,gx-no-cache=1520007168981 HTTP/1.1" 200 30
192.168.10.56 - - [02/Mar/2018:13:11:58 -0300] "GET /cormun/servlet/trsolicitudgral? HTTP/1.1" 200 8981
192.168.10.56 - - [02/Mar/2018:13:11:58 -0300] "GET /cormun/servlet/trsolicitudgral? HTTP/1.1" 200 8980
192.168.10.56 - - [02/Mar/2018:13:12:09 -0300] "POST /cormun/servlet/trsolicitudgral?9d30667da04dbb4c15cc9e34eaef1399,,gx-no-cache=1520006969976 HTTP/1.1" 200 8742
186.103.159.230 - - [02/Mar/2018:13:12:14 -0300] "POST /cormun/servlet/hlogin?de6224e5892583f5a5685a76b482f9f7,gx-no-cache=1520007082135 HTTP/1.1" 200 427
192.168.10.96 - - [02/Mar/2018:13:12:14 -0300] "POST /cormun/servlet/trsolicitudgral?1d4ff14942b899bacd8d75544af79f57,,gx-no-cache=1520006974508 HTTP/1.1" 200 23181
192.168.10.96 - - [02/Mar/2018:13:12:23 -0300] "POST /cormun/servlet/trsolicitudgral?1d4ff14942b899bacd8d75544af79f57,,gx-no-cache=1520006984016 HTTP/1.1" 200 12461
192.168.10.96 - - [02/Mar/2018:13:12:36 -0300] "POST /cormun/servlet/trsolicitudgral?1d4ff14942b899bacd8d75544af79f57,,gx-no-cache=1520006997453 HTTP/1.1" 200 12428
186.103.159.230 - - [02/Mar/2018:13:12:40 -0300] "POST /cormun/servlet/hlogin?de6224e5892583f5a5685a76b482f9f7,gx-no-cache=1520007108649 HTTP/1.1" 200 427
186.103.159.230 - - [02/Mar/2018:13:12:42 -0300] "POST /cormun/servlet/hlogin?de6224e5892583f5a5685a76b482f9f7,gx-no-cache=1520007110615 HTTP/1.1" 200 425
186.103.159.230 - - [02/Mar/2018:13:12:42 -0300] "POST /cormun/servlet/hlogin?de6224e5892583f5a5685a76b482f9f7,gx-no-cache=1520007110835 HTTP/1.1" 200 425
186.103.159.230 - - [02/Mar/2018:13:12:43 -0300] "POST /cormun/servlet/hlogin?de6224e5892583f5a5685a76b482f9f7,gx-no-cache=1520007111814 HTTP/1.1" 200 425
186.103.159.230 - - [02/Mar/2018:13:12:43 -0300] "POST /cormun/servlet/hlogin?de6224e5892583f5a5685a76b482f9f7,gx-no-cache=1520007112014 HTTP/1.1" 200 425
186.103.159.230 - - [02/Mar/2018:13:12:54 -0300] "POST /cormun/servlet/hlogin?de6224e5892583f5a5685a76b482f9f7,gx-no-cache=1520007122583 HTTP/1.1" 200 427
186.103.159.230 - - [02/Mar/2018:13:12:55 -0300] "POST /cormun/servlet/hlogin?de6224e5892583f5a5685a76b482f9f7,gx-no-cache=1520007123486 HTTP/1.1" 200 425
186.103.159.230 - - [02/Mar/2018:13:12:55 -0300] "POST /cormun/servlet/hlogin?de6224e5892583f5a5685a76b482f9f7,gx-no-cache=1520007123702 HTTP/1.1" 200 425
186.103.159.230 - - [02/Mar/2018:13:12:56 -0300] "POST /cormun/servlet/hlogin?de6224e5892583f5a5685a76b482f9f7,gx-no-cache=1520007124350 HTTP/1.1" 200 425
192.168.10.96 - - [02/Mar/2018:13:12:57 -0300] "POST /cormun/servlet/trsolicitudgral?1d4ff14942b899bacd8d75544af79f57,,gx-no-cache=1520007017623 HTTP/1.1" 200 15109
190.151.100.218 - - [02/Mar/2018:13:14:19 -0300] "GET /cormun/servlet/solicitudot?d0fc81054ae1bcd3fc4e8ec0f4f946b0c250bbc36acac45af83b6e61f5120b911e7daf456dda97f82b46f10a611df379e2086804aa800b96aa3dc767009c9a9a73da9125dc23ab1c995a57794f3c37a621b9e775427bbb6522c0389402d3f4cc8f1daf240a85c95730c155cd7ba338f5,gx-no-cache=1520007211828 HTTP/1.1" 200 29
190.151.100.218 - - [02/Mar/2018:13:14:20 -0300] "POST /cormun/servlet/solicitudot?gx-no-cache=1520007212429 HTTP/1.1" 200 1319
190.151.100.218 - - [02/Mar/2018:13:14:21 -0300] "POST /cormun/servlet/solicitudot?gx-no-cache=1520007213185 HTTP/1.1" 200 1218
190.151.100.218 - - [02/Mar/2018:13:14:21 -0300] "GET /cormun/servlet/solicitudot?d0fc81054ae1bcd3fc4e8ec0f4f946b0d3f5c5c56c4ea9d23511e9139d1cf3b41b10d88a1f14b49accaa6e096854c2a3,gx-no-cache=1520007213439 HTTP/1.1" 200 30
190.151.100.218 - - [02/Mar/2018:13:14:21 -0300] "POST /cormun/servlet/solicitudot?gx-no-cache=1520007213499 HTTP/1.1" 200 30
190.151.100.218 - - [02/Mar/2018:13:14:21 -0300] "POST /cormun/servlet/solicitudot?4ef8dc9fd61cc796407813806e602951,UPD,2018,9939,,gx-no-cache=1520007213630 HTTP/1.1" 200 93
190.151.100.218 - - [02/Mar/2018:13:14:22 -0300] "GET /cormun/servlet/hpexe_return? HTTP/1.1" 200 1014
190.151.100.218 - - [02/Mar/2018:13:14:22 -0300] "GET /cormun/servlet/trsolicitudot HTTP/1.1" 200 8598
190.151.100.218 - - [02/Mar/2018:13:14:22 -0300] "GET /cormun/servlet/trsolicitudot HTTP/1.1" 200 8594
186.103.159.187 - - [02/Mar/2018:13:14:26 -0300] "GET /cormun/servlet/solicitudot?8e556e46dfc2a2059b3801e91a4a152b330a11ae8916ee397bd5afbefafca1e8b0f504a81891b9984373514fc9ae749a,gx-no-cache=1520007318204 HTTP/1.1" 200 103
186.103.159.187 - - [02/Mar/2018:13:14:26 -0300] "GET /cormun/static/Shared/jqueryui/images/ui-bg_highlight-soft_100_c6c2c8_1x100.png HTTP/1.1" 404 1117
186.103.159.187 - - [02/Mar/2018:13:14:26 -0300] "GET /cormun/static/Shared/jqueryui/images/ui-icons_82798d_256x240.png HTTP/1.1" 404 1089
186.103.159.187 - - [02/Mar/2018:13:14:26 -0300] "GET /cormun/static/Shared/jqueryui/images/ui-bg_flat_55_994d53_40x100.png HTTP/1.1" 404 1097
186.103.159.187 - - [02/Mar/2018:13:14:26 -0300] "GET /cormun/static/Shared/jqueryui/images/ui-icons_ebccce_256x240.png HTTP/1.1" 404 1089
186.103.159.187 - - [02/Mar/2018:13:14:26 -0300] "GET /cormun/servlet/solicitudot?8e556e46dfc2a2059b3801e91a4a152ba111f204561495be9df778e61dc8d021,gx-no-cache=1520007318287 HTTP/1.1" 200 29
186.103.132.155 - - [02/Mar/2018:13:14:28 -0300] "GET /cormun/servlet/solicitudot?INS,0,0, HTTP/1.1" 200 13488
186.103.132.155 - - [02/Mar/2018:13:14:30 -0300] "GET /cormun/servlet/solicitudot?INS,0,0, HTTP/1.1" 200 13493
186.103.159.187 - - [02/Mar/2018:13:14:33 -0300] "POST /cormun/servlet/solicitudot?gx-no-cache=1520007325181 HTTP/1.1" 200 297
186.103.159.187 - - [02/Mar/2018:13:14:39 -0300] "GET /cormun/servlet/solicitudot?8e556e46dfc2a2059b3801e91a4a152bc4282fe1ef65e8b86ccd4a6efb652966de24aa610eb929d603583e6e908739b042c3d1e03ab57d06f4f46fb5e3b44ede3c1812b8036275525a3b1a30247a077c1a60d4460e3f0bf0c05fc55c8a788bf4f29771b62ea7ff26cd0f10935109953a6c8c5eb9fc330d5baa46d333b5c336cddc552ffddda20b30df6d98529aacfbba5aec402a910f4f6ae119911278f5771428a70f5a9c900f01001545aef5da7c19eb1c34c0490de6fbf6f4c6857d111c445820d8e5ddd42a92b0d988418d1ba51e28e5314060e5b8a9fbca68665f56ecffa47766ae98357efcd980a6a7f12b61584366f95214ae37aff68a1b281a541ef16667868258f23fb48ae308c648cecf17bf4e231a575c83bbaf5ccbacad4ef17c472ce2caf22fc4aa41ae6a092a763a706cc7e44d67137adb9056ed5bd80507583bb91856601e06d74e43655a24d4956cff0fff0e27c20aa2e0244d490a55236d7bd7e9c3bd38c242feb13f5f8c7a061132720132869508a5f2cc73ba7a960da7ea88636b937d9ee23fa7847d44942dc9,gx-no-cache=1520007330222 HTTP/1.1" 200 30
190.46.73.17 - - [02/Mar/2018:13:14:42 -0300] "GET /cormun/servlet/hlogin HTTP/1.1" 200 1718
190.46.73.17 - - [02/Mar/2018:13:14:42 -0300] "GET /cormun/static/gxtimezone.js?85251 HTTP/1.1" 200 5781
190.46.73.17 - - [02/Mar/2018:13:14:42 -0300] "GET /cormun/static/gxcfg.js?20175251213516 HTTP/1.1" 200 953
190.46.73.17 - - [02/Mar/2018:13:14:42 -0300] "GET /cormun/static/Resources/Spanish/PXTools.css?11423723 HTTP/1.1" 200 89042
190.46.73.17 - - [02/Mar/2018:13:14:42 -0300] "GET /cormun/static/messages.spa.js?85251 HTTP/1.1" 200 30736
190.46.73.17 - - [02/Mar/2018:13:14:42 -0300] "GET /cormun/static/gxgral.js?85251 HTTP/1.1" 200 384558
190.46.73.17 - - [02/Mar/2018:13:14:42 -0300] "GET /cormun/static/hlogin.js?20175251213537 HTTP/1.1" 200 2136
190.46.73.17 - - [02/Mar/2018:13:14:42 -0300] "GET /cormun/static/Resources/ComunLogin.png HTTP/1.1" 200 17326
190.46.73.17 - - [02/Mar/2018:13:14:43 -0300] "GET /cormun/static/Resources/PXToolsLoginBackground.png HTTP/1.1" 200 1164
190.46.73.17 - - [02/Mar/2018:13:14:43 -0300] "GET /cormun/static/Resources/PXToolsButtonRight21.png HTTP/1.1" 200 1283
190.46.73.17 - - [02/Mar/2018:13:14:43 -0300] "GET /cormun/static/Resources/PXToolsButtonLeft21.png HTTP/1.1" 200 1287
190.46.73.17 - - [02/Mar/2018:13:14:43 -0300] "GET /cormun/static/Resources/PXToolsLoginTop.png HTTP/1.1" 200 1337
190.46.73.17 - - [02/Mar/2018:13:14:43 -0300] "GET /cormun/static/Resources/PXToolsLoginBottom.png HTTP/1.1" 200 1389
190.46.73.17 - - [02/Mar/2018:13:14:43 -0300] "GET /cormun/static/Resources/PXToolsButtonBackground2.png HTTP/1.1" 200 1181
190.46.73.17 - - [02/Mar/2018:13:14:43 -0300] "GET /cormun/static/Resources/indicator.gif HTTP/1.1" 200 1553
190.46.73.17 - - [02/Mar/2018:13:14:43 -0300] "GET /cormun/servlet/hlogin HTTP/1.1" 200 1722
190.46.73.17 - - [02/Mar/2018:13:14:44 -0300] "GET /favicon.ico HTTP/1.1" 200 21630
186.103.159.187 - - [02/Mar/2018:13:14:45 -0300] "POST /cormun/servlet/solicitudot?gx-no-cache=1520007336951 HTTP/1.1" 200 30
186.103.159.187 - - [02/Mar/2018:13:14:48 -0300] "POST /cormun/servlet/solicitudot?gx-no-cache=1520007340237 HTTP/1.1" 200 1333
186.103.159.187 - - [02/Mar/2018:13:14:48 -0300] "POST /cormun/servlet/solicitudot?gx-no-cache=1520007340321 HTTP/1.1" 200 38
186.103.157.235 - - [02/Mar/2018:13:15:13 -0300] "POST /cormun/servlet/trsolicitudot?a75c5cad3075035b639707694b92e637,,gx-no-cache=1520007264345 HTTP/1.1" 200 14356
190.46.73.17 - - [02/Mar/2018:13:15:27 -0300] "POST /cormun/servlet/hlogin?7c618ec8f6c54f628382599bd4b472e6,gx-no-cache=1520007358330 HTTP/1.1" 200 90
190.46.73.17 - - [02/Mar/2018:13:15:27 -0300] "GET /cormun/servlet/hpexe_link HTTP/1.1" 200 944
190.46.73.17 - - [02/Mar/2018:13:15:28 -0300] "GET /cormun/static/gxcfg.js?20177612121792 HTTP/1.1" 200 953
190.46.73.17 - - [02/Mar/2018:13:15:28 -0300] "GET /cormun/static/hpexe_link.js?20177612121795 HTTP/1.1" 200 625
190.46.73.17 - - [02/Mar/2018:13:15:28 -0300] "GET /cormun/static/Resources/Spanish/PXTools.css?1155365 HTTP/1.1" 200 89042
190.46.73.17 - - [02/Mar/2018:13:15:29 -0300] "GET /cormun/servlet/hhome HTTP/1.1" 200 4173
190.46.73.17 - - [02/Mar/2018:13:15:29 -0300] "GET /cormun/static/Shared/jqueryui/jquery-ui.min.css?1245370 HTTP/1.1" 200 30288
190.46.73.17 - - [02/Mar/2018:13:15:29 -0300] "GET /cormun/static/SmoothNavMenu/resources/ddsmoothmenu.css?1012540 HTTP/1.1" 200 2223
190.46.73.17 - - [02/Mar/2018:13:15:29 -0300] "GET /cormun/static/SmoothNavMenu/resources/ddsmoothmenu-v.css?1012540 HTTP/1.1" 200 1188
190.46.73.17 - - [02/Mar/2018:13:15:29 -0300] "GET /cormun/static/scaMessage/css/jquery.pnotify.default.css?1716380 HTTP/1.1" 200 1707
190.46.73.17 - - [02/Mar/2018:13:15:29 -0300] "GET /cormun/static/gxcfg.js?20175251212442 HTTP/1.1" 200 953
190.46.73.17 - - [02/Mar/2018:13:15:29 -0300] "GET /cormun/static/PXToolsJavascripts/pexe_autoreload.js HTTP/1.1" 200 1762
190.46.73.17 - - [02/Mar/2018:13:15:29 -0300] "GET /cormun/static/PXToolsJavascripts/pexe_cookies.js HTTP/1.1" 200 792
190.46.73.17 - - [02/Mar/2018:13:15:29 -0300] "GET /cormun/static/PXToolsJavascripts/pexe_windows.js HTTP/1.1" 200 15207
190.46.73.17 - - [02/Mar/2018:13:15:29 -0300] "GET /cormun/static/PXToolsJavascripts/pexe_grid.js HTTP/1.1" 200 7559
190.46.73.17 - - [02/Mar/2018:13:15:29 -0300] "GET /cormun/static/PXToolsJavascripts/pexe_griddivfix.js HTTP/1.1" 200 6644
190.46.73.17 - - [02/Mar/2018:13:15:29 -0300] "GET /cormun/static/PXToolsJavascripts/pexe_link.js HTTP/1.1" 200 5671
190.46.73.17 - - [02/Mar/2018:13:15:29 -0300] "GET /cormun/static/PXToolsJavascripts/pexe_layers.js HTTP/1.1" 200 4114
190.46.73.17 - - [02/Mar/2018:13:15:29 -0300] "GET /cormun/static/PXToolsJavascripts/pexe_menudivfix.js HTTP/1.1" 200 333
190.46.73.17 - - [02/Mar/2018:13:15:29 -0300] "GET /cormun/static/PXToolsJavascripts/pexe_menus.js HTTP/1.1" 200 1286
190.46.73.17 - - [02/Mar/2018:13:15:29 -0300] "GET /cormun/static/PXToolsJavascripts/pexe_oavdivfix.js HTTP/1.1" 200 639
190.46.73.17 - - [02/Mar/2018:13:15:29 -0300] "GET /cormun/static/PXToolsJavascripts/pexe_oav.js HTTP/1.1" 200 645
190.46.73.17 - - [02/Mar/2018:13:15:29 -0300] "GET /cormun/static/PXToolsJavascripts/pexe_picture.js HTTP/1.1" 200 689
190.46.73.17 - - [02/Mar/2018:13:15:29 -0300] "GET /cormun/static/PXToolsJavascripts/pexe_scrolldiv.js HTTP/1.1" 200 4138
190.46.73.17 - - [02/Mar/2018:13:15:29 -0300] "GET /cormun/static/PXToolsJavascripts/pexe_tabdivfix.js HTTP/1.1" 200 876
190.46.73.17 - - [02/Mar/2018:13:15:29 -0300] "GET /cormun/static/PXToolsJavascripts/pexe_tabs.js HTTP/1.1" 200 3748
190.46.73.17 - - [02/Mar/2018:13:15:29 -0300] "GET /cormun/static/PXToolsJavascripts/PXToolsJavascriptsRender.js HTTP/1.1" 200 367
190.46.73.17 - - [02/Mar/2018:13:15:29 -0300] "GET /cormun/static/PXToolsJavascripts/pexe_upload.js HTTP/1.1" 200 1423
190.46.73.17 - - [02/Mar/2018:13:15:29 -0300] "GET /cormun/static/PXToolsJavascripts/pexe_popup.js HTTP/1.1" 200 13458
190.46.73.17 - - [02/Mar/2018:13:15:29 -0300] "GET /cormun/static/RunJS/RunJS.js HTTP/1.1" 200 288
190.46.73.17 - - [02/Mar/2018:13:15:29 -0300] "GET /cormun/static/Shared/ext/locale/ext-lang-en.js HTTP/1.1" 200 10940
190.46.73.17 - - [02/Mar/2018:13:15:29 -0300] "GET /cormun/static/hhome.js?20175251212450 HTTP/1.1" 200 777
190.46.73.17 - - [02/Mar/2018:13:15:29 -0300] "GET /cormun/static/hwchdr01.js?201752511465785 HTTP/1.1" 200 1183
190.46.73.17 - - [02/Mar/2018:13:15:29 -0300] "GET /cormun/static/hpexe_recentlink.js?20177611595044 HTTP/1.1" 200 2144
190.46.73.17 - - [02/Mar/2018:13:15:30 -0300] "GET /cormun/static/gxui/gxui-all.js HTTP/1.1" 200 107772
190.46.73.17 - - [02/Mar/2018:13:15:30 -0300] "GET /cormun/static/hpexe_scripts.js?201752511465715 HTTP/1.1" 200 1544
190.46.73.17 - - [02/Mar/2018:13:15:30 -0300] "GET /cormun/static/hpexe_messagepopupcomponent.js?20161017169425 HTTP/1.1" 200 605
190.46.73.17 - - [02/Mar/2018:13:15:30 -0300] "GET /cormun/static/hpexe_messagecontroller.js?20177611595012 HTTP/1.1" 200 870
190.46.73.17 - - [02/Mar/2018:13:15:30 -0300] "GET /cormun/static/hpexe_messagegenexuscomponent.js?201752511465344 HTTP/1.1" 200 587
190.46.73.17 - - [02/Mar/2018:13:15:30 -0300] "GET /cormun/static/cmcontrolpreferences.js?201752511465670 HTTP/1.1" 200 1375
190.46.73.17 - - [02/Mar/2018:13:15:30 -0300] "GET /cormun/static/Resources/PXToolsFooterBackground2.png HTTP/1.1" 200 1172
190.46.73.17 - - [02/Mar/2018:13:15:30 -0300] "GET /cormun/static/Resources/PXToolsHeaderBackground2.png HTTP/1.1" 200 1174
190.46.73.17 - - [02/Mar/2018:13:15:30 -0300] "GET /cormun/static/Resources/PXToolsDataTitle.png HTTP/1.1" 200 1173
190.46.73.17 - - [02/Mar/2018:13:15:30 -0300] "GET /cormun/static/Resources/PXToolsHeaderActionsBackground.png HTTP/1.1" 200 484
190.46.73.17 - - [02/Mar/2018:13:15:30 -0300] "GET /cormun/static/Resources/PXToolsHeaderSecurity.png HTTP/1.1" 200 4166
190.46.73.17 - - [02/Mar/2018:13:15:30 -0300] "GET /cormun/static/Resources/logo4.png HTTP/1.1" 200 6582
186.103.156.24 - - [02/Mar/2018:13:15:30 -0300] "POST /cormun/servlet/solicitudot?gx-no-cache=1520007283184 HTTP/1.1" 200 3418
190.46.73.17 - - [02/Mar/2018:13:15:30 -0300] "GET /cormun/static/Resources/PXToolsHeaderActionsRight.png HTTP/1.1" 200 1201
190.46.73.17 - - [02/Mar/2018:13:15:30 -0300] "GET /cormun/static/Resources/PXToolsHeaderHome.png HTTP/1.1" 200 4147
190.46.73.17 - - [02/Mar/2018:13:15:30 -0300] "GET /cormun/static/Shared/jquery/jquery-1.4.2.min.js HTTP/1.1" 200 72174
190.46.73.17 - - [02/Mar/2018:13:15:30 -0300] "GET /cormun/static/Shared/ext/ext-all.js HTTP/1.1" 200 1289687
190.46.73.17 - - [02/Mar/2018:13:15:30 -0300] "GET /cormun/static/Resources/PXToolsHeaderPreferences.png HTTP/1.1" 200 4189
190.46.73.17 - - [02/Mar/2018:13:15:30 -0300] "GET /cormun/static/Resources/PXToolsHeaderActionsLeft.png HTTP/1.1" 200 1118
190.46.73.17 - - [02/Mar/2018:13:15:30 -0300] "GET /cormun/static/Resources/PXToolsHeaderLogin.png HTTP/1.1" 200 4279
190.46.73.17 - - [02/Mar/2018:13:15:31 -0300] "GET /cormun/static/Shared/jquery/jquery-1.10.2.min.js HTTP/1.1" 200 273199
186.103.156.24 - - [02/Mar/2018:13:15:31 -0300] "POST /cormun/servlet/solicitudot?7c1e4726347e676e98bfd0890bb4b85e,INS,0,0,,gx-no-cache=1520007283660 HTTP/1.1" 200 10584
190.46.73.17 - - [02/Mar/2018:13:15:31 -0300] "GET /cormun/static/SmoothNavMenu/resources/ddsmoothmenu.js HTTP/1.1" 200 12712
190.46.73.17 - - [02/Mar/2018:13:15:31 -0300] "GET /cormun/static/SmoothNavMenu/resources/SmoothNavMenuRender.js HTTP/1.1" 200 5951
190.46.73.17 - - [02/Mar/2018:13:15:31 -0300] "GET /cormun/static/Shared/jqueryui/jquery-ui.min.js HTTP/1.1" 200 240427
190.46.73.17 - - [02/Mar/2018:13:15:31 -0300] "GET /cormun/static/scaMessage/js/jquery.pnotify.min.js HTTP/1.1" 200 13038
186.103.157.235 - - [02/Mar/2018:13:15:31 -0300] "POST /cormun/servlet/trsolicitudot?a75c5cad3075035b639707694b92e637,,gx-no-cache=1520007282223 HTTP/1.1" 200 103
186.103.157.235 - - [02/Mar/2018:13:15:31 -0300] "GET /cormun/SolicitudOT-6256.xls HTTP/1.1" 200 14848
190.46.73.17 - - [02/Mar/2018:13:15:31 -0300] "GET /cormun/static/scaMessage/scaMessageRender.js HTTP/1.1" 200 11977
190.46.73.17 - - [02/Mar/2018:13:15:31 -0300] "GET /cormun/static/hmpwkw03.js?20177612122668 HTTP/1.1" 200 3965
190.46.73.17 - - [02/Mar/2018:13:15:34 -0300] "GET /cormun/servlet/hhome HTTP/1.1" 200 4169
190.46.73.17 - - [02/Mar/2018:13:15:34 -0300] "GET /cormun/static/SmoothNavMenu/resources/images/down.gif HTTP/1.1" 200 854
190.46.73.17 - - [02/Mar/2018:13:15:34 -0300] "GET /cormun/static/SmoothNavMenu/resources/images/right.gif HTTP/1.1" 200 860
186.103.156.24 - - [02/Mar/2018:13:15:37 -0300] "GET /cormun/servlet/solicitudot?69f86cc1d70bf6d1c4e02f08f472ddc73c9a92f5f7e575a8a5fe0f7e7e56b7183b2b67a3c9f846454505230b8b0c10ff,gx-no-cache=1520007290153 HTTP/1.1" 200 30
186.103.156.24 - - [02/Mar/2018:13:15:37 -0300] "GET /cormun/servlet/solicitudot?69f86cc1d70bf6d1c4e02f08f472ddc7bad3cf9018260bf6a8549cc79c4fc9f1024035648dce2d354345ae6c84ca8a5613ae21d9a4b5222fee1f40b5e360ccbc,gx-no-cache=1520007290186 HTTP/1.1" 200 30
186.103.156.24 - - [02/Mar/2018:13:15:37 -0300] "GET /cormun/servlet/solicitudot?69f86cc1d70bf6d1c4e02f08f472ddc78056adfb21b1fea8d9ad4a283f0289a0,gx-no-cache=1520007290216 HTTP/1.1" 200 53
186.103.156.24 - - [02/Mar/2018:13:15:37 -0300] "POST /cormun/servlet/solicitudot?gx-no-cache=1520007290246 HTTP/1.1" 200 240
186.103.156.24 - - [02/Mar/2018:13:15:37 -0300] "GET /cormun/servlet/solicitudot?69f86cc1d70bf6d1c4e02f08f472ddc7505f733131c04c9c5fb9542505b43dc15edbe507dc3fb6ec2a51e046aa9868da7eddab081878cd01ef77d5b1f32698e61ec1c2213620773d3710f99864bb16164e1ba73fdc175154decb21c740577fdcde17cdaace9bab84ffa7054d7de7d6e070e53543c67c1a2d3b62da123ac4c7449bdb394fe54f232511a456890e4a54c5f7aa667adfd15ded0750e68df6c5f1d0aca2c8323df125ecbf4308dbca5f49018c52868ba02d27e1247881bdaecbf98948390640b20c40e733ca5c1ec137a4f7ae6506c8d4be936c2acdf18572003bcaadfe2c60041db5dcca7951e4ae64b128ca819f34b91587300f5e9e37e1be4267826a9f9f5caddcbb96d94b61465d293b90ef4632cd4daca1c1d15611f07a13c2f113979daed07bc8e9f7ed8fcd6ab13643e23095332ed8ec1bfd31a6336092976d802415a4984543375c2c5a179f01f1e1e1ce5495fc25ad8bf99b7da5a0bfc9b31de4add3c5cb4dd247fde678ae4469e684c67835ec125056824515969cd62c,gx-no-cache=1520007290285 HTTP/1.1" 200 30
192.168.10.96 - - [02/Mar/2018:13:15:39 -0300] "POST /cormun/servlet/trsolicitudgral?1d4ff14942b899bacd8d75544af79f57,,gx-no-cache=1520007179762 HTTP/1.1" 200 24592
186.103.156.24 - - [02/Mar/2018:13:15:40 -0300] "POST /cormun/servlet/solicitudot?gx-no-cache=1520007293917 HTTP/1.1" 200 30
186.103.156.24 - - [02/Mar/2018:13:15:44 -0300] "POST /cormun/servlet/solicitudot?gx-no-cache=1520007297550 HTTP/1.1" 200 1337
186.103.156.24 - - [02/Mar/2018:13:15:44 -0300] "POST /cormun/servlet/solicitudot?gx-no-cache=1520007297620 HTTP/1.1" 200 38
190.46.73.17 - - [02/Mar/2018:13:15:44 -0300] "GET /cormun/servlet/trsolicitudot? HTTP/1.1" 200 7390
190.46.73.17 - - [02/Mar/2018:13:15:44 -0300] "GET /cormun/static/gxui/gxui-all.css?120300 HTTP/1.1" 200 2179
190.46.73.17 - - [02/Mar/2018:13:15:44 -0300] "GET /cormun/static/calendar-system.css?85620 HTTP/1.1" 200 5572
190.46.73.17 - - [02/Mar/2018:13:15:44 -0300] "GET /cormun/static/Resources/Spanish/PXTools.css?1255365 HTTP/1.1" 200 89042
190.46.73.17 - - [02/Mar/2018:13:15:45 -0300] "GET /cormun/static/calendar-setup.js?85251 HTTP/1.1" 200 2588
190.46.73.17 - - [02/Mar/2018:13:15:45 -0300] "GET /cormun/static/gxcfg.js?2017111422585916 HTTP/1.1" 200 953
190.46.73.17 - - [02/Mar/2018:13:15:45 -0300] "GET /cormun/static/calendar-es.js?85251 HTTP/1.1" 200 1901
190.46.73.17 - - [02/Mar/2018:13:15:45 -0300] "GET /cormun/static/calendar.js?85251 HTTP/1.1" 200 26246
190.46.73.17 - - [02/Mar/2018:13:15:45 -0300] "GET /cormun/static/Shared/ext/resources/css/ext-all.css?215870 HTTP/1.1" 200 416045
190.46.73.17 - - [02/Mar/2018:13:15:45 -0300] "GET /cormun/static/gxdec.js?85251 HTTP/1.1" 200 19579
190.46.73.17 - - [02/Mar/2018:13:15:45 -0300] "GET /cormun/static/trsolicitudot.js?201711142259839 HTTP/1.1" 200 54041
190.46.73.17 - - [02/Mar/2018:13:15:45 -0300] "GET /cormun/static/Resources/PXTools/calendar.png HTTP/1.1" 200 1306
190.46.73.17 - - [02/Mar/2018:13:15:45 -0300] "GET /cormun/static/Resources/PXToolsDataSearch.png HTTP/1.1" 200 419
190.46.73.17 - - [02/Mar/2018:13:15:45 -0300] "GET /cormun/static/Resources/PXToolsGridFirstDisabled.gif HTTP/1.1" 200 100
190.46.73.17 - - [02/Mar/2018:13:15:45 -0300] "GET /cormun/static/Resources/PXToolsGridPreviousDisabled.gif HTTP/1.1" 200 90
190.46.73.17 - - [02/Mar/2018:13:15:45 -0300] "GET /cormun/static/Resources/PXToolsGridNextDisabled.gif HTTP/1.1" 200 90
190.46.73.17 - - [02/Mar/2018:13:15:45 -0300] "GET /cormun/static/Resources/PXToolsGridLastDisabled.gif HTTP/1.1" 200 98
190.46.73.17 - - [02/Mar/2018:13:15:45 -0300] "GET /cormun/static/Resources/PXToolsGridPage.gif HTTP/1.1" 200 725
190.46.73.17 - - [02/Mar/2018:13:15:45 -0300] "GET /cormun/static/Resources/PXToolsActionExcel.png HTTP/1.1" 200 3187
190.46.73.17 - - [02/Mar/2018:13:15:46 -0300] "GET /cormun/static/Resources/PXToolsGridNew.png HTTP/1.1" 200 2949
190.46.73.17 - - [02/Mar/2018:13:15:48 -0300] "GET /cormun/servlet/trsolicitudot? HTTP/1.1" 200 7389
190.46.73.17 - - [02/Mar/2018:13:15:48 -0300] "GET /cormun/static/Resources/asc.gif HTTP/1.1" 200 67
190.46.73.17 - - [02/Mar/2018:13:15:48 -0300] "GET /cormun/static/Resources/desc.gif HTTP/1.1" 200 65
190.46.73.17 - - [02/Mar/2018:13:15:48 -0300] "GET /cormun/static/Shared/ext/resources/themes/images/default/panel/bg-headersPanel.png HTTP/1.1" 200 255
190.46.73.17 - - [02/Mar/2018:13:15:48 -0300] "GET /cormun/static/Shared/ext/resources/themes/images/default/tools/tool-sprites.gif HTTP/1.1" 200 5434
190.46.73.17 - - [02/Mar/2018:13:15:56 -0300] "GET /cormun/servlet/solicitudot?INS,0,0, HTTP/1.1" 200 13613
190.46.73.17 - - [02/Mar/2018:13:15:57 -0300] "GET /cormun/static/Resources/prompt.gif HTTP/1.1" 200 902
190.46.73.17 - - [02/Mar/2018:13:15:57 -0300] "GET /cormun/static/gxcfg.js?201812313224582 HTTP/1.1" 200 953
190.46.73.17 - - [02/Mar/2018:13:15:57 -0300] "GET /cormun/static/solicitudot.js?201812313224831 HTTP/1.1" 200 72336
190.46.73.17 - - [02/Mar/2018:13:15:59 -0300] "GET /cormun/servlet/solicitudot?INS,0,0, HTTP/1.1" 200 13618
190.46.73.17 - - [02/Mar/2018:13:16:18 -0300] "POST /cormun/servlet/solicitudot?gx-no-cache=1520007409670 HTTP/1.1" 200 3505
190.46.73.17 - - [02/Mar/2018:13:16:18 -0300] "GET /cormun/static/Shared/jqueryui/images/ui-bg_highlight-soft_100_c6c2c8_1x100.png HTTP/1.1" 404 1117
190.46.73.17 - - [02/Mar/2018:13:16:18 -0300] "GET /cormun/static/Shared/jqueryui/images/ui-icons_82798d_256x240.png HTTP/1.1" 404 1089
190.46.73.17 - - [02/Mar/2018:13:16:18 -0300] "GET /cormun/static/Shared/jqueryui/images/ui-bg_flat_55_994d53_40x100.png HTTP/1.1" 404 1097
190.46.73.17 - - [02/Mar/2018:13:16:18 -0300] "GET /cormun/static/Shared/jqueryui/images/ui-icons_ebccce_256x240.png HTTP/1.1" 404 1089
190.46.73.17 - - [02/Mar/2018:13:16:19 -0300] "GET /cormun/servlet/solicitudot?6920c007bd915b054730e68f3a8a7d32a2bcd7e46d291d54b52559a708abaea6533de2b59e27278e9ded9581de629199,gx-no-cache=1520007410308 HTTP/1.1" 200 30
186.103.156.24 - - [02/Mar/2018:13:16:30 -0300] "GET /cormun/servlet/solicitudot?69f86cc1d70bf6d1c4e02f08f472ddc7eb8e68d8034c7a83b33f641d8b677740f2b9a2f582b925dc0a98eb7a582dffc382cfd08242168d56ee5cfc4801b6cdfdb5f4739af24ae430f527a7b2b3d18662e184e92753029741c13c598d62b0c912cb85dcfdcc97cc75e137eed8c52b7f9674c4015c33dd0f1ea0880b721e9b4fd4f26acf77710044eca78e354e3b86b3fb15a82d55ca37b7848c02c666a722a12259c5c4345560f34049167dcbffa12b92a52dfb405dfe7e62e3381fa57a1773b61414c7deab2cdfe6c72bf7e6f304f6e2,gx-no-cache=1520007343358 HTTP/1.1" 200 29
186.103.156.24 - - [02/Mar/2018:13:16:30 -0300] "POST /cormun/servlet/solicitudot?gx-no-cache=1520007343413 HTTP/1.1" 200 1321
186.103.156.24 - - [02/Mar/2018:13:16:30 -0300] "POST /cormun/servlet/solicitudot?gx-no-cache=1520007343463 HTTP/1.1" 200 1219
186.103.156.24 - - [02/Mar/2018:13:16:56 -0300] "GET /cormun/static/menuarrow.gif HTTP/1.1" 404 1015
186.103.156.24 - - [02/Mar/2018:13:17:01 -0300] "GET /cormun/servlet/solicitudot?69f86cc1d70bf6d1c4e02f08f472ddc738d469ada4113117c76adc90a02fd5a94e34e12313c6d590403ce8b1e26c5ddd,gx-no-cache=1520007374158 HTTP/1.1" 200 30
186.103.156.24 - - [02/Mar/2018:13:17:11 -0300] "POST /cormun/servlet/solicitudot?gx-no-cache=1520007384761 HTTP/1.1" 200 30
186.103.156.24 - - [02/Mar/2018:13:17:31 -0300] "POST /cormun/servlet/solicitudot?7c1e4726347e676e98bfd0890bb4b85e,INS,0,0,,gx-no-cache=1520007404204 HTTP/1.1" 200 93
186.103.156.24 - - [02/Mar/2018:13:17:31 -0300] "GET /cormun/servlet/hpexe_return? HTTP/1.1" 200 1006
186.103.156.24 - - [02/Mar/2018:13:17:31 -0300] "GET /cormun/servlet/trsolicitudot HTTP/1.1" 200 8822
186.103.156.24 - - [02/Mar/2018:13:17:32 -0300] "GET /cormun//static/Resources/PXToolsActionView.png HTTP/1.1" 200 2995
186.103.156.24 - - [02/Mar/2018:13:17:32 -0300] "GET /cormun//static/Resources/PXToolsGridDelete.png HTTP/1.1" 200 357
186.103.156.24 - - [02/Mar/2018:13:17:32 -0300] "GET /cormun//static/Resources/PXToolsRemoveAllAction.png HTTP/1.1" 200 3558
186.103.156.24 - - [02/Mar/2018:13:17:32 -0300] "GET /cormun//static/Resources/PXTools/ActionInsert.png HTTP/1.1" 200 1482
186.103.156.24 - - [02/Mar/2018:13:17:32 -0300] "GET /cormun//static/Resources/PXToolsGridUpdate.png HTTP/1.1" 200 2984
186.103.156.24 - - [02/Mar/2018:13:17:32 -0300] "GET /cormun/servlet/trsolicitudot HTTP/1.1" 200 8818
186.103.156.24 - - [02/Mar/2018:13:17:37 -0300] "POST /cormun/servlet/trsolicitudot?7c1e4726347e676e98bfd0890bb4b85e,gx-no-cache=1520007409973 HTTP/1.1" 200 4684
186.103.156.24 - - [02/Mar/2018:13:17:37 -0300] "GET /cormun/static/Shared/jqueryui/images/ui-bg_highlight-soft_100_c6c2c8_1x100.png HTTP/1.1" 404 1117
186.103.156.24 - - [02/Mar/2018:13:17:37 -0300] "GET /cormun/static/Shared/jqueryui/images/ui-icons_82798d_256x240.png HTTP/1.1" 404 1089
