186.103.159.46 - - [02/Mar/2018:13:27:19 -0300] "GET /cormun/servlet/solicitudotadjuntos?4b9fc75c978ef611b47c3f721a45614953c60cf711bd9f19d4440e4d754adbf957a51820afab0cecb6a59dbdb57551ef,gx-no-cache=1520007990919 HTTP/1.1" 200 30
186.103.159.46 - - [02/Mar/2018:13:27:19 -0300] "POST /cormun/servlet/solicitudotadjuntos?9b7262c4f23af72389d30c78bce0489d,INS,2018,9943,,1,,gx-no-cache=1520007990981 HTTP/1.1" 200 3822
186.103.159.46 - - [02/Mar/2018:13:27:23 -0300] "POST /cormun/servlet/solicitudotadjuntos?gx-no-cache=1520007994735 HTTP/1.1" 200 26
186.103.156.24 - - [02/Mar/2018:13:27:31 -0300] "GET /cormun/servlet/solicitudot?69f86cc1d70bf6d1c4e02f08f472ddc7505f733131c04c9c5fb9542505b43dc1d3fa64ba8828832d572345bed1c27bf07eddab081878cd01ef77d5b1f32698e61ec1c2213620773d3710f99864bb16164e1ba73fdc175154decb21c740577fdcde17cdaace9bab84ffa7054d7de7d6e070e53543c67c1a2d3b62da123ac4c7449bdb394fe54f232511a456890e4a54c5f7aa667adfd15ded0750e68df6c5f1d0aca2c8323df125ecbf4308dbca5f49018c52868ba02d27e1247881bdaecbf98948390640b20c40e733ca5c1ec137a4f7ae6506c8d4be936c2acdf18572003bcaadfe2c60041db5dcca7951e4ae64b128607b1a07ea1dbd0da5980a166d7ee99d826a9f9f5caddcbb96d94b61465d293b90ef4632cd4daca1c1d15611f07a13c2f113979daed07bc8e9f7ed8fcd6ab13643e23095332ed8ec1bfd31a6336092976d802415a4984543375c2c5a179f01f1e1e1ce5495fc25ad8bf99b7da5a0bfc9b31de4add3c5cb4dd247fde678ae4469e684c67835ec125056824515969cd62c,gx-no-cache=1520008003724 HTTP/1.1" 200 30
186.103.156.24 - - [02/Mar/2018:13:27:33 -0300] "POST /cormun/servlet/solicitudot?gx-no-cache=1520008006635 HTTP/1.1" 200 30
186.103.156.24 - - [02/Mar/2018:13:27:37 -0300] "POST /cormun/servlet/solicitudot?gx-no-cache=1520008010836 HTTP/1.1" 200 1331
186.103.156.24 - - [02/Mar/2018:13:27:37 -0300] "POST /cormun/servlet/solicitudot?gx-no-cache=1520008010906 HTTP/1.1" 200 38
186.103.156.24 - - [02/Mar/2018:13:28:06 -0300] "GET /cormun/servlet/solicitudot?69f86cc1d70bf6d1c4e02f08f472ddc7eb8e68d8034c7a83b33f641d8b677740f2b9a2f582b925dc0a98eb7a582dffc349086f7233bdd5fa4fb668904199d7e00df22f3ed114247d806a4d0857b210c3,gx-no-cache=1520008039336 HTTP/1.1" 200 29
186.103.156.24 - - [02/Mar/2018:13:28:06 -0300] "POST /cormun/servlet/solicitudot?gx-no-cache=1520008039471 HTTP/1.1" 200 1319
186.103.156.24 - - [02/Mar/2018:13:28:06 -0300] "POST /cormun/servlet/solicitudot?gx-no-cache=1520008039581 HTTP/1.1" 200 1215
186.103.159.46 - - [02/Mar/2018:13:28:08 -0300] "GET /cormun/servlet/solicitudotadjuntos?4b9fc75c978ef611b47c3f721a45614954fc4652920364701a4f85c1ff7dd9c7,gx-no-cache=1520008040045 HTTP/1.1" 200 30
186.103.159.46 - - [02/Mar/2018:13:28:08 -0300] "GET /cormun/servlet/solicitudotadjuntos?4b9fc75c978ef611b47c3f721a45614954fc4652920364701a4f85c1ff7dd9c7,gx-no-cache=1520008040184 HTTP/1.1" 200 30
186.103.159.46 - - [02/Mar/2018:13:28:08 -0300] "POST /cormun/servlet/solicitudotadjuntos?9b7262c4f23af72389d30c78bce0489d,INS,2018,9943,,1, HTTP/1.1" 200 116
186.103.159.46 - - [02/Mar/2018:13:28:08 -0300] "GET /cormun/servlet/hpexe_return? HTTP/1.1" 200 1027
186.103.159.46 - - [02/Mar/2018:13:28:09 -0300] "GET /cormun/servlet/trsolicitudadjuntos?2018,9943, HTTP/1.1" 200 8417
186.103.159.46 - - [02/Mar/2018:13:28:10 -0300] "GET /cormun/servlet/trsolicitudadjuntos?2018,9943, HTTP/1.1" 200 8415
186.103.156.24 - - [02/Mar/2018:13:28:17 -0300] "GET /cormun/static/menuarrow.gif HTTP/1.1" 404 1015
186.103.159.46 - - [02/Mar/2018:13:28:20 -0300] "GET /cormun/servlet/solicitudotadjuntos?INS,2018,9943,,1, HTTP/1.1" 200 5997
186.103.159.46 - - [02/Mar/2018:13:28:20 -0300] "GET /cormun/static/about:blank HTTP/1.1" 404 1011
186.103.159.46 - - [02/Mar/2018:13:28:21 -0300] "GET /cormun/servlet/solicitudotadjuntos?INS,2018,9943,,1, HTTP/1.1" 200 5990
186.103.159.46 - - [02/Mar/2018:13:28:22 -0300] "GET /cormun/servlet/solicitudotadjuntos?4b9fc75c978ef611b47c3f721a45614953c60cf711bd9f19d4440e4d754adbf957a51820afab0cecb6a59dbdb57551ef,gx-no-cache=1520008054141 HTTP/1.1" 200 30
186.103.159.46 - - [02/Mar/2018:13:28:22 -0300] "POST /cormun/servlet/solicitudotadjuntos?9b7262c4f23af72389d30c78bce0489d,INS,2018,9943,,1,,gx-no-cache=1520008054203 HTTP/1.1" 200 3822
186.103.159.46 - - [02/Mar/2018:13:28:25 -0300] "POST /cormun/servlet/solicitudotadjuntos?gx-no-cache=1520008057320 HTTP/1.1" 200 26
186.103.156.24 - - [02/Mar/2018:13:28:28 -0300] "GET /cormun/servlet/solicitudot?69f86cc1d70bf6d1c4e02f08f472ddc738d469ada4113117c76adc90a02fd5a96401cf4eb6a7f708cc7ca5f3ccb62c9b,gx-no-cache=1520008061849 HTTP/1.1" 200 30
186.103.156.24 - - [02/Mar/2018:13:28:37 -0300] "POST /cormun/servlet/solicitudot?gx-no-cache=1520008070275 HTTP/1.1" 200 30
186.103.159.46 - - [02/Mar/2018:13:28:43 -0300] "GET /cormun/servlet/solicitudotadjuntos?4b9fc75c978ef611b47c3f721a45614954fc4652920364701a4f85c1ff7dd9c7,gx-no-cache=1520008075187 HTTP/1.1" 200 30
186.103.159.46 - - [02/Mar/2018:13:28:43 -0300] "GET /cormun/servlet/solicitudotadjuntos?4b9fc75c978ef611b47c3f721a45614954fc4652920364701a4f85c1ff7dd9c7,gx-no-cache=1520008075239 HTTP/1.1" 200 30
186.103.159.46 - - [02/Mar/2018:13:28:43 -0300] "POST /cormun/servlet/solicitudotadjuntos?9b7262c4f23af72389d30c78bce0489d,INS,2018,9943,,1, HTTP/1.1" 200 116
186.103.159.46 - - [02/Mar/2018:13:28:43 -0300] "GET /cormun/servlet/hpexe_return? HTTP/1.1" 200 1027
186.103.159.46 - - [02/Mar/2018:13:28:44 -0300] "GET /cormun/servlet/trsolicitudadjuntos?2018,9943, HTTP/1.1" 200 8653
46.174.191.28 - - [02/Mar/2018:13:28:45 -0300] "GET / HTTP/1.0" 200 11197
186.103.159.46 - - [02/Mar/2018:13:28:45 -0300] "GET /cormun/servlet/trsolicitudadjuntos?2018,9943, HTTP/1.1" 200 8655
186.103.156.24 - - [02/Mar/2018:13:28:52 -0300] "POST /cormun/servlet/solicitudot?7c1e4726347e676e98bfd0890bb4b85e,INS,0,0,,gx-no-cache=1520008085758 HTTP/1.1" 200 11874
186.103.159.187 - - [02/Mar/2018:13:29:03 -0300] "POST /cormun/servlet/trsolicitudot?42451447765c4b360ed02454d529be18,gx-no-cache=1520008195216 HTTP/1.1" 200 106
186.103.159.187 - - [02/Mar/2018:13:29:04 -0300] "GET /cormun/servlet/trsolicitudadjuntos?2018,9942, HTTP/1.1" 200 6020
186.103.159.187 - - [02/Mar/2018:13:29:04 -0300] "GET /cormun/static/gxcfg.js?20177612135366 HTTP/1.1" 200 953
186.103.159.187 - - [02/Mar/2018:13:29:04 -0300] "GET /cormun/static/trsolicitudadjuntos.js?20177612135632 HTTP/1.1" 200 17922
186.103.159.187 - - [02/Mar/2018:13:29:05 -0300] "GET /cormun/servlet/trsolicitudadjuntos?2018,9942, HTTP/1.1" 200 6020
186.103.159.187 - - [02/Mar/2018:13:29:07 -0300] "GET /cormun/servlet/solicitudotadjuntos?INS,2018,9942,,1, HTTP/1.1" 200 5966
186.103.159.187 - - [02/Mar/2018:13:29:07 -0300] "GET /cormun/static/gxcfg.js?2017761244068 HTTP/1.1" 200 953
186.103.159.187 - - [02/Mar/2018:13:29:07 -0300] "GET /cormun/static/solicitudotadjuntos.js?2017761244086 HTTP/1.1" 200 11771
186.103.159.187 - - [02/Mar/2018:13:29:08 -0300] "GET /cormun/static/about:blank HTTP/1.1" 404 1011
186.103.159.187 - - [02/Mar/2018:13:29:08 -0300] "GET /cormun/servlet/solicitudotadjuntos?INS,2018,9942,,1, HTTP/1.1" 200 5958
186.103.159.187 - - [02/Mar/2018:13:29:09 -0300] "GET /cormun/servlet/solicitudotadjuntos?8e556e46dfc2a2059b3801e91a4a152b360158e05cffeec6cc665e11555a86aa601b089d5838ef92e1205d9311c88e0a,gx-no-cache=1520008200627 HTTP/1.1" 200 30
186.103.159.187 - - [02/Mar/2018:13:29:09 -0300] "POST /cormun/servlet/solicitudotadjuntos?42451447765c4b360ed02454d529be18,INS,2018,9942,,1,,gx-no-cache=1520008200662 HTTP/1.1" 200 3791
186.103.159.187 - - [02/Mar/2018:13:29:13 -0300] "POST /cormun/servlet/solicitudotadjuntos?gx-no-cache=1520008204575 HTTP/1.1" 200 26
186.103.159.46 - - [02/Mar/2018:13:29:19 -0300] "GET /cormun/servlet/solicitudotadjuntos?INS,2018,9943,,1, HTTP/1.1" 200 5997
186.103.159.46 - - [02/Mar/2018:13:29:19 -0300] "GET /cormun/static/about:blank HTTP/1.1" 404 1011
186.103.159.46 - - [02/Mar/2018:13:29:21 -0300] "GET /cormun/servlet/solicitudotadjuntos?INS,2018,9943,,1, HTTP/1.1" 200 5990
186.103.159.46 - - [02/Mar/2018:13:29:21 -0300] "GET /cormun/servlet/solicitudotadjuntos?4b9fc75c978ef611b47c3f721a45614953c60cf711bd9f19d4440e4d754adbf957a51820afab0cecb6a59dbdb57551ef,gx-no-cache=1520008113416 HTTP/1.1" 200 30
186.103.159.46 - - [02/Mar/2018:13:29:21 -0300] "POST /cormun/servlet/solicitudotadjuntos?9b7262c4f23af72389d30c78bce0489d,INS,2018,9943,,1,,gx-no-cache=1520008113491 HTTP/1.1" 200 3822
186.103.159.187 - - [02/Mar/2018:13:29:22 -0300] "GET /cormun/servlet/solicitudotadjuntos?8e556e46dfc2a2059b3801e91a4a152b154c15cf3740fea998e598181f6fd629,gx-no-cache=1520008214118 HTTP/1.1" 200 30
186.103.159.187 - - [02/Mar/2018:13:29:22 -0300] "GET /cormun/servlet/solicitudotadjuntos?8e556e46dfc2a2059b3801e91a4a152b154c15cf3740fea998e598181f6fd629,gx-no-cache=1520008214152 HTTP/1.1" 200 30
190.46.73.17 - - [02/Mar/2018:13:29:23 -0300] "POST /cormun/servlet/solicitudot?gx-no-cache=1520008194042 HTTP/1.1" 200 204
186.103.159.187 - - [02/Mar/2018:13:29:23 -0300] "POST /cormun/servlet/solicitudotadjuntos?42451447765c4b360ed02454d529be18,INS,2018,9942,,1, HTTP/1.1" 200 116
186.103.159.187 - - [02/Mar/2018:13:29:23 -0300] "GET /cormun/servlet/hpexe_return? HTTP/1.1" 200 1024
186.103.159.187 - - [02/Mar/2018:13:29:24 -0300] "GET /cormun/servlet/trsolicitudadjuntos?2018,9942, HTTP/1.1" 200 8366
186.103.159.187 - - [02/Mar/2018:13:29:25 -0300] "GET /cormun/servlet/trsolicitudadjuntos?2018,9942, HTTP/1.1" 200 8362
186.103.159.46 - - [02/Mar/2018:13:29:25 -0300] "POST /cormun/servlet/solicitudotadjuntos?gx-no-cache=1520008117369 HTTP/1.1" 200 26
186.103.159.187 - - [02/Mar/2018:13:29:27 -0300] "GET /cormun/servlet/solicitudotadjuntos?INS,2018,9942,,2, HTTP/1.1" 200 5965
186.103.159.187 - - [02/Mar/2018:13:29:28 -0300] "GET /cormun/static/about:blank HTTP/1.1" 404 1011
186.103.159.187 - - [02/Mar/2018:13:29:28 -0300] "GET /cormun/servlet/solicitudotadjuntos?INS,2018,9942,,2, HTTP/1.1" 200 5958
186.103.159.187 - - [02/Mar/2018:13:29:29 -0300] "GET /cormun/servlet/solicitudotadjuntos?8e556e46dfc2a2059b3801e91a4a152b360158e05cffeec6cc665e11555a86aa601b089d5838ef92e1205d9311c88e0a,gx-no-cache=1520008220707 HTTP/1.1" 200 30
186.103.159.187 - - [02/Mar/2018:13:29:29 -0300] "POST /cormun/servlet/solicitudotadjuntos?42451447765c4b360ed02454d529be18,INS,2018,9942,,2,,gx-no-cache=1520008220750 HTTP/1.1" 200 4001
190.46.73.17 - - [02/Mar/2018:13:29:32 -0300] "POST /cormun/servlet/solicitudot?gx-no-cache=1520008203080 HTTP/1.1" 200 1334
186.103.159.187 - - [02/Mar/2018:13:29:35 -0300] "POST /cormun/servlet/solicitudotadjuntos?gx-no-cache=1520008226427 HTTP/1.1" 200 26
190.46.73.17 - - [02/Mar/2018:13:29:35 -0300] "GET /cormun/static/menuarrow.gif HTTP/1.1" 404 1015
186.103.159.46 - - [02/Mar/2018:13:29:36 -0300] "GET /cormun/servlet/solicitudotadjuntos?4b9fc75c978ef611b47c3f721a45614954fc4652920364701a4f85c1ff7dd9c7,gx-no-cache=1520008127847 HTTP/1.1" 200 30
186.103.159.46 - - [02/Mar/2018:13:29:36 -0300] "GET /cormun/servlet/solicitudotadjuntos?4b9fc75c978ef611b47c3f721a45614954fc4652920364701a4f85c1ff7dd9c7,gx-no-cache=1520008127902 HTTP/1.1" 200 30
186.103.159.46 - - [02/Mar/2018:13:29:37 -0300] "POST /cormun/servlet/solicitudotadjuntos?9b7262c4f23af72389d30c78bce0489d,INS,2018,9943,,1, HTTP/1.1" 200 116
186.103.159.46 - - [02/Mar/2018:13:29:37 -0300] "GET /cormun/servlet/hpexe_return? HTTP/1.1" 200 1027
186.103.159.46 - - [02/Mar/2018:13:29:37 -0300] "GET /cormun/servlet/trsolicitudadjuntos?2018,9943, HTTP/1.1" 200 8845
186.103.159.46 - - [02/Mar/2018:13:29:39 -0300] "GET /cormun/servlet/trsolicitudadjuntos?2018,9943, HTTP/1.1" 200 8847
186.103.159.187 - - [02/Mar/2018:13:29:42 -0300] "GET /cormun/servlet/solicitudotadjuntos?8e556e46dfc2a2059b3801e91a4a152b154c15cf3740fea998e598181f6fd629,gx-no-cache=1520008234366 HTTP/1.1" 200 30
186.103.159.187 - - [02/Mar/2018:13:29:43 -0300] "GET /cormun/servlet/solicitudotadjuntos?8e556e46dfc2a2059b3801e91a4a152b154c15cf3740fea998e598181f6fd629,gx-no-cache=1520008234392 HTTP/1.1" 200 30
186.103.159.187 - - [02/Mar/2018:13:29:44 -0300] "POST /cormun/servlet/solicitudotadjuntos?42451447765c4b360ed02454d529be18,INS,2018,9942,,2, HTTP/1.1" 200 116
186.103.159.187 - - [02/Mar/2018:13:29:44 -0300] "GET /cormun/servlet/hpexe_return? HTTP/1.1" 200 1024
186.103.159.187 - - [02/Mar/2018:13:29:45 -0300] "GET /cormun/servlet/trsolicitudadjuntos?2018,9942, HTTP/1.1" 200 8604
186.103.159.187 - - [02/Mar/2018:13:29:46 -0300] "GET /cormun/servlet/trsolicitudadjuntos?2018,9942, HTTP/1.1" 200 8601
186.103.159.187 - - [02/Mar/2018:13:29:48 -0300] "GET /cormun/servlet/solicitudotadjuntos?INS,2018,9942,,1, HTTP/1.1" 200 5964
186.103.159.46 - - [02/Mar/2018:13:29:48 -0300] "GET /cormun/servlet/solicitudotadjuntos?INS,2018,9943,,1, HTTP/1.1" 200 5996
186.103.159.46 - - [02/Mar/2018:13:29:48 -0300] "GET /cormun/static/about:blank HTTP/1.1" 404 1011
186.103.159.187 - - [02/Mar/2018:13:29:48 -0300] "GET /cormun/static/about:blank HTTP/1.1" 404 1011
186.103.159.187 - - [02/Mar/2018:13:29:49 -0300] "GET /cormun/servlet/solicitudotadjuntos?INS,2018,9942,,1, HTTP/1.1" 200 5957
186.103.159.187 - - [02/Mar/2018:13:29:49 -0300] "GET /cormun/servlet/solicitudotadjuntos?8e556e46dfc2a2059b3801e91a4a152b360158e05cffeec6cc665e11555a86aa601b089d5838ef92e1205d9311c88e0a,gx-no-cache=1520008241306 HTTP/1.1" 200 30
186.103.159.187 - - [02/Mar/2018:13:29:50 -0300] "POST /cormun/servlet/solicitudotadjuntos?42451447765c4b360ed02454d529be18,INS,2018,9942,,1,,gx-no-cache=1520008241335 HTTP/1.1" 200 3790
186.103.159.46 - - [02/Mar/2018:13:29:50 -0300] "GET /cormun/servlet/solicitudotadjuntos?INS,2018,9943,,1, HTTP/1.1" 200 5989
186.103.159.46 - - [02/Mar/2018:13:29:50 -0300] "GET /cormun/servlet/solicitudotadjuntos?4b9fc75c978ef611b47c3f721a45614953c60cf711bd9f19d4440e4d754adbf957a51820afab0cecb6a59dbdb57551ef,gx-no-cache=1520008142331 HTTP/1.1" 200 30
186.103.159.46 - - [02/Mar/2018:13:29:50 -0300] "POST /cormun/servlet/solicitudotadjuntos?9b7262c4f23af72389d30c78bce0489d,INS,2018,9943,,1,,gx-no-cache=1520008142397 HTTP/1.1" 200 3821
186.103.159.46 - - [02/Mar/2018:13:29:54 -0300] "POST /cormun/servlet/solicitudotadjuntos?gx-no-cache=1520008145999 HTTP/1.1" 200 26
186.103.159.187 - - [02/Mar/2018:13:29:59 -0300] "POST /cormun/servlet/solicitudotadjuntos?gx-no-cache=1520008251347 HTTP/1.1" 200 26
186.103.159.46 - - [02/Mar/2018:13:30:03 -0300] "GET /cormun/servlet/solicitudotadjuntos?4b9fc75c978ef611b47c3f721a45614954fc4652920364701a4f85c1ff7dd9c7,gx-no-cache=1520008155683 HTTP/1.1" 200 30
186.103.159.46 - - [02/Mar/2018:13:30:04 -0300] "GET /cormun/servlet/solicitudotadjuntos?4b9fc75c978ef611b47c3f721a45614954fc4652920364701a4f85c1ff7dd9c7,gx-no-cache=1520008155730 HTTP/1.1" 200 30
186.103.159.46 - - [02/Mar/2018:13:30:05 -0300] "POST /cormun/servlet/solicitudotadjuntos?9b7262c4f23af72389d30c78bce0489d,INS,2018,9943,,1, HTTP/1.1" 200 116
186.103.159.46 - - [02/Mar/2018:13:30:05 -0300] "GET /cormun/servlet/hpexe_return? HTTP/1.1" 200 1027
186.103.159.46 - - [02/Mar/2018:13:30:05 -0300] "GET /cormun/servlet/trsolicitudadjuntos?2018,9943, HTTP/1.1" 200 9027
186.103.159.46 - - [02/Mar/2018:13:30:07 -0300] "GET /cormun/servlet/trsolicitudadjuntos?2018,9943, HTTP/1.1" 200 9025
186.103.159.46 - - [02/Mar/2018:13:30:10 -0300] "GET /cormun/servlet/solicitudotadjuntos?INS,2018,9943,,1, HTTP/1.1" 200 5996
186.103.159.46 - - [02/Mar/2018:13:30:10 -0300] "GET /cormun/static/about:blank HTTP/1.1" 404 1011
186.103.159.46 - - [02/Mar/2018:13:30:11 -0300] "GET /cormun/servlet/solicitudotadjuntos?INS,2018,9943,,1, HTTP/1.1" 200 5989
186.103.159.46 - - [02/Mar/2018:13:30:12 -0300] "GET /cormun/servlet/solicitudotadjuntos?4b9fc75c978ef611b47c3f721a45614953c60cf711bd9f19d4440e4d754adbf957a51820afab0cecb6a59dbdb57551ef,gx-no-cache=1520008163896 HTTP/1.1" 200 30
186.103.159.46 - - [02/Mar/2018:13:30:12 -0300] "POST /cormun/servlet/solicitudotadjuntos?9b7262c4f23af72389d30c78bce0489d,INS,2018,9943,,1,,gx-no-cache=1520008163951 HTTP/1.1" 200 3821
186.103.159.187 - - [02/Mar/2018:13:30:16 -0300] "GET /cormun/servlet/solicitudotadjuntos?8e556e46dfc2a2059b3801e91a4a152b154c15cf3740fea998e598181f6fd629,gx-no-cache=1520008267965 HTTP/1.1" 200 30
186.103.159.187 - - [02/Mar/2018:13:30:16 -0300] "GET /cormun/servlet/solicitudotadjuntos?8e556e46dfc2a2059b3801e91a4a152b154c15cf3740fea998e598181f6fd629,gx-no-cache=1520008268001 HTTP/1.1" 200 30
186.103.159.187 - - [02/Mar/2018:13:30:17 -0300] "POST /cormun/servlet/solicitudotadjuntos?42451447765c4b360ed02454d529be18,INS,2018,9942,,1, HTTP/1.1" 200 116
186.103.159.187 - - [02/Mar/2018:13:30:17 -0300] "GET /cormun/servlet/hpexe_return? HTTP/1.1" 200 1024
186.103.159.187 - - [02/Mar/2018:13:30:18 -0300] "GET /cormun/servlet/trsolicitudadjuntos?2018,9942, HTTP/1.1" 200 8787
186.103.159.46 - - [02/Mar/2018:13:30:19 -0300] "POST /cormun/servlet/solicitudotadjuntos?gx-no-cache=1520008170747 HTTP/1.1" 200 26
186.103.159.187 - - [02/Mar/2018:13:30:19 -0300] "GET /cormun/servlet/trsolicitudadjuntos?2018,9942, HTTP/1.1" 200 8786
186.103.159.187 - - [02/Mar/2018:13:30:21 -0300] "GET /cormun/servlet/solicitudotadjuntos?INS,2018,9942,,1, HTTP/1.1" 200 5964
186.103.159.187 - - [02/Mar/2018:13:30:22 -0300] "GET /cormun/static/about:blank HTTP/1.1" 404 1011
186.103.159.187 - - [02/Mar/2018:13:30:22 -0300] "GET /cormun/servlet/solicitudotadjuntos?INS,2018,9942,,1, HTTP/1.1" 200 5957
186.103.159.187 - - [02/Mar/2018:13:30:23 -0300] "GET /cormun/servlet/solicitudotadjuntos?8e556e46dfc2a2059b3801e91a4a152b360158e05cffeec6cc665e11555a86aa601b089d5838ef92e1205d9311c88e0a,gx-no-cache=1520008274404 HTTP/1.1" 200 30
186.103.159.187 - - [02/Mar/2018:13:30:23 -0300] "POST /cormun/servlet/solicitudotadjuntos?42451447765c4b360ed02454d529be18,INS,2018,9942,,1,,gx-no-cache=1520008274435 HTTP/1.1" 200 3790
186.103.159.187 - - [02/Mar/2018:13:30:31 -0300] "POST /cormun/servlet/solicitudotadjuntos?gx-no-cache=1520008282872 HTTP/1.1" 200 26
186.103.159.46 - - [02/Mar/2018:13:30:32 -0300] "GET /cormun/servlet/solicitudotadjuntos?4b9fc75c978ef611b47c3f721a45614954fc4652920364701a4f85c1ff7dd9c7,gx-no-cache=1520008183950 HTTP/1.1" 200 30
186.103.159.46 - - [02/Mar/2018:13:30:32 -0300] "GET /cormun/servlet/solicitudotadjuntos?4b9fc75c978ef611b47c3f721a45614954fc4652920364701a4f85c1ff7dd9c7,gx-no-cache=1520008183989 HTTP/1.1" 200 30
186.103.159.46 - - [02/Mar/2018:13:30:33 -0300] "POST /cormun/servlet/solicitudotadjuntos?9b7262c4f23af72389d30c78bce0489d,INS,2018,9943,,1, HTTP/1.1" 200 116
186.103.159.46 - - [02/Mar/2018:13:30:33 -0300] "GET /cormun/servlet/hpexe_return? HTTP/1.1" 200 1027
186.103.159.46 - - [02/Mar/2018:13:30:33 -0300] "GET /cormun/servlet/trsolicitudadjuntos?2018,9943, HTTP/1.1" 200 9278
186.103.159.46 - - [02/Mar/2018:13:30:35 -0300] "GET /cormun/servlet/trsolicitudadjuntos?2018,9943, HTTP/1.1" 200 9274
186.103.159.187 - - [02/Mar/2018:13:30:43 -0300] "GET /cormun/servlet/solicitudotadjuntos?8e556e46dfc2a2059b3801e91a4a152b154c15cf3740fea998e598181f6fd629,gx-no-cache=1520008294897 HTTP/1.1" 200 30
186.103.159.187 - - [02/Mar/2018:13:30:43 -0300] "GET /cormun/servlet/solicitudotadjuntos?8e556e46dfc2a2059b3801e91a4a152b154c15cf3740fea998e598181f6fd629,gx-no-cache=1520008294920 HTTP/1.1" 200 30
186.103.159.187 - - [02/Mar/2018:13:30:44 -0300] "POST /cormun/servlet/solicitudotadjuntos?42451447765c4b360ed02454d529be18,INS,2018,9942,,1, HTTP/1.1" 200 116
186.103.159.187 - - [02/Mar/2018:13:30:44 -0300] "GET /cormun/servlet/hpexe_return? HTTP/1.1" 200 1024
186.103.159.187 - - [02/Mar/2018:13:30:45 -0300] "GET /cormun/servlet/trsolicitudadjuntos?2018,9942, HTTP/1.1" 200 8939
186.103.159.46 - - [02/Mar/2018:13:30:46 -0300] "GET /cormun/servlet/trsolicitudot? HTTP/1.1" 200 8420
186.103.159.187 - - [02/Mar/2018:13:30:46 -0300] "GET /cormun/servlet/trsolicitudadjuntos?2018,9942, HTTP/1.1" 200 8938
186.103.159.46 - - [02/Mar/2018:13:30:48 -0300] "GET /cormun/servlet/trsolicitudot? HTTP/1.1" 200 8413
186.103.159.187 - - [02/Mar/2018:13:30:48 -0300] "GET /cormun/servlet/solicitudotadjuntos?INS,2018,9942,,1, HTTP/1.1" 200 5965
186.103.159.187 - - [02/Mar/2018:13:30:49 -0300] "GET /cormun/static/about:blank HTTP/1.1" 404 1011
186.103.159.187 - - [02/Mar/2018:13:30:49 -0300] "GET /cormun/servlet/solicitudotadjuntos?INS,2018,9942,,1, HTTP/1.1" 200 5958
186.103.159.187 - - [02/Mar/2018:13:30:50 -0300] "GET /cormun/servlet/solicitudotadjuntos?8e556e46dfc2a2059b3801e91a4a152b360158e05cffeec6cc665e11555a86aa601b089d5838ef92e1205d9311c88e0a,gx-no-cache=1520008301499 HTTP/1.1" 200 30
186.103.159.187 - - [02/Mar/2018:13:30:50 -0300] "POST /cormun/servlet/solicitudotadjuntos?42451447765c4b360ed02454d529be18,INS,2018,9942,,1,,gx-no-cache=1520008301540 HTTP/1.1" 200 3790
186.103.159.187 - - [02/Mar/2018:13:30:53 -0300] "POST /cormun/servlet/solicitudotadjuntos?gx-no-cache=1520008304863 HTTP/1.1" 200 26
186.103.159.46 - - [02/Mar/2018:13:31:03 -0300] "POST /cormun/servlet/trsolicitudot?9b7262c4f23af72389d30c78bce0489d,,gx-no-cache=1520008214777 HTTP/1.1" 200 5478
186.103.159.46 - - [02/Mar/2018:13:31:03 -0300] "GET /cormun/static/Shared/jqueryui/images/ui-bg_highlight-soft_100_c6c2c8_1x100.png HTTP/1.1" 404 1117
186.103.159.46 - - [02/Mar/2018:13:31:03 -0300] "GET /cormun/static/Shared/jqueryui/images/ui-icons_82798d_256x240.png HTTP/1.1" 404 1089
186.103.159.46 - - [02/Mar/2018:13:31:03 -0300] "GET /cormun/static/Shared/jqueryui/images/ui-bg_flat_55_fafafa_40x100.png HTTP/1.1" 404 1097
186.103.159.46 - - [02/Mar/2018:13:31:03 -0300] "GET /cormun/static/Shared/jqueryui/images/ui-icons_8d78a5_256x240.png HTTP/1.1" 404 1089
186.103.159.187 - - [02/Mar/2018:13:31:07 -0300] "GET /cormun/servlet/solicitudotadjuntos?8e556e46dfc2a2059b3801e91a4a152b154c15cf3740fea998e598181f6fd629,gx-no-cache=1520008319073 HTTP/1.1" 200 30
186.103.159.187 - - [02/Mar/2018:13:31:07 -0300] "GET /cormun/servlet/solicitudotadjuntos?8e556e46dfc2a2059b3801e91a4a152b154c15cf3740fea998e598181f6fd629,gx-no-cache=1520008319095 HTTP/1.1" 200 30
186.103.159.187 - - [02/Mar/2018:13:31:08 -0300] "POST /cormun/servlet/solicitudotadjuntos?42451447765c4b360ed02454d529be18,INS,2018,9942,,1, HTTP/1.1" 200 116
186.103.159.187 - - [02/Mar/2018:13:31:09 -0300] "GET /cormun/servlet/hpexe_return? HTTP/1.1" 200 1024
186.103.159.187 - - [02/Mar/2018:13:31:09 -0300] "GET /cormun/servlet/trsolicitudadjuntos?2018,9942, HTTP/1.1" 200 9193
186.103.159.187 - - [02/Mar/2018:13:31:11 -0300] "GET /cormun/servlet/trsolicitudadjuntos?2018,9942, HTTP/1.1" 200 9191
186.103.159.46 - - [02/Mar/2018:13:31:13 -0300] "POST /cormun/servlet/trsolicitudot?9b7262c4f23af72389d30c78bce0489d,,gx-no-cache=1520008224704 HTTP/1.1" 200 107
186.103.159.187 - - [02/Mar/2018:13:31:13 -0300] "GET /cormun/servlet/solicitudotadjuntos?INS,2018,9942,,1, HTTP/1.1" 200 5965
186.103.159.46 - - [02/Mar/2018:13:31:13 -0300] "GET /cormun/servlet/trsolicitudadjuntos?2018,9943, HTTP/1.1" 200 9274
186.103.159.187 - - [02/Mar/2018:13:31:14 -0300] "GET /cormun/static/about:blank HTTP/1.1" 404 1011
186.103.159.187 - - [02/Mar/2018:13:31:14 -0300] "GET /cormun/servlet/solicitudotadjuntos?INS,2018,9942,,1, HTTP/1.1" 200 5958
186.103.159.187 - - [02/Mar/2018:13:31:14 -0300] "GET /cormun/servlet/solicitudotadjuntos?8e556e46dfc2a2059b3801e91a4a152b360158e05cffeec6cc665e11555a86aa601b089d5838ef92e1205d9311c88e0a,gx-no-cache=1520008326200 HTTP/1.1" 200 30
186.103.159.187 - - [02/Mar/2018:13:31:14 -0300] "POST /cormun/servlet/solicitudotadjuntos?42451447765c4b360ed02454d529be18,INS,2018,9942,,1,,gx-no-cache=1520008326236 HTTP/1.1" 200 3790
186.103.159.46 - - [02/Mar/2018:13:31:15 -0300] "GET /cormun/servlet/trsolicitudadjuntos?2018,9943, HTTP/1.1" 200 9280
186.103.159.46 - - [02/Mar/2018:13:31:17 -0300] "GET /cormun/servlet/solicitudotadjuntos?INS,2018,9943,,1, HTTP/1.1" 200 5997
186.103.159.46 - - [02/Mar/2018:13:31:18 -0300] "GET /cormun/static/about:blank HTTP/1.1" 404 1011
186.103.159.46 - - [02/Mar/2018:13:31:18 -0300] "GET /cormun/servlet/trautorizarsolicitud? HTTP/1.1" 200 6277
186.103.159.187 - - [02/Mar/2018:13:31:18 -0300] "POST /cormun/servlet/solicitudotadjuntos?gx-no-cache=1520008329862 HTTP/1.1" 200 26
186.103.159.46 - - [02/Mar/2018:13:31:19 -0300] "GET /cormun/servlet/solicitudotadjuntos?INS,2018,9943,,1, HTTP/1.1" 200 5990
186.103.159.46 - - [02/Mar/2018:13:31:19 -0300] "GET /cormun/servlet/trautorizarsolicitud? HTTP/1.1" 200 6277
186.103.159.46 - - [02/Mar/2018:13:31:19 -0300] "GET /cormun/servlet/hlogin HTTP/1.1" 200 1742
186.103.159.46 - - [02/Mar/2018:13:31:19 -0300] "GET /cormun/servlet/solicitudotadjuntos?4b9fc75c978ef611b47c3f721a45614953c60cf711bd9f19d4440e4d754adbf957a51820afab0cecb6a59dbdb57551ef,gx-no-cache=1520008231391 HTTP/1.1" 200 30
186.103.159.46 - - [02/Mar/2018:13:31:19 -0300] "POST /cormun/servlet/solicitudotadjuntos?9b7262c4f23af72389d30c78bce0489d,INS,2018,9943,,1,,gx-no-cache=1520008231447 HTTP/1.1" 200 3821
186.103.159.46 - - [02/Mar/2018:13:31:24 -0300] "POST /cormun/servlet/solicitudotadjuntos?gx-no-cache=1520008235869 HTTP/1.1" 200 26
186.103.159.187 - - [02/Mar/2018:13:31:26 -0300] "GET /cormun/servlet/solicitudotadjuntos?8e556e46dfc2a2059b3801e91a4a152b154c15cf3740fea998e598181f6fd629,gx-no-cache=1520008337946 HTTP/1.1" 200 30
186.103.159.187 - - [02/Mar/2018:13:31:26 -0300] "GET /cormun/servlet/solicitudotadjuntos?8e556e46dfc2a2059b3801e91a4a152b154c15cf3740fea998e598181f6fd629,gx-no-cache=1520008338002 HTTP/1.1" 200 30
186.103.159.187 - - [02/Mar/2018:13:31:28 -0300] "POST /cormun/servlet/solicitudotadjuntos?42451447765c4b360ed02454d529be18,INS,2018,9942,,1, HTTP/1.1" 200 116
186.103.159.187 - - [02/Mar/2018:13:31:28 -0300] "GET /cormun/servlet/hpexe_return? HTTP/1.1" 200 1024
186.103.159.187 - - [02/Mar/2018:13:31:29 -0300] "GET /cormun/servlet/trsolicitudadjuntos?2018,9942, HTTP/1.1" 200 9458
186.103.156.24 - - [02/Mar/2018:13:31:30 -0300] "POST /cormun/servlet/solicitudot?gx-no-cache=1520008243096 HTTP/1.1" 200 1319
186.103.156.24 - - [02/Mar/2018:13:31:30 -0300] "POST /cormun/servlet/solicitudot?gx-no-cache=1520008243153 HTTP/1.1" 200 1218
186.103.156.24 - - [02/Mar/2018:13:31:30 -0300] "GET /cormun/servlet/solicitudot?69f86cc1d70bf6d1c4e02f08f472ddc738d469ada4113117c76adc90a02fd5a96401cf4eb6a7f708cc7ca5f3ccb62c9b,gx-no-cache=1520008243206 HTTP/1.1" 200 30
186.103.156.24 - - [02/Mar/2018:13:31:30 -0300] "POST /cormun/servlet/solicitudot?gx-no-cache=1520008243235 HTTP/1.1" 200 30
186.103.156.24 - - [02/Mar/2018:13:31:30 -0300] "POST /cormun/servlet/solicitudot?7c1e4726347e676e98bfd0890bb4b85e,INS,0,0,,gx-no-cache=1520008243271 HTTP/1.1" 200 11937
186.103.159.187 - - [02/Mar/2018:13:31:30 -0300] "GET /cormun/servlet/trsolicitudadjuntos?2018,9942, HTTP/1.1" 200 9455
186.103.159.46 - - [02/Mar/2018:13:31:35 -0300] "GET /cormun/servlet/solicitudotadjuntos?4b9fc75c978ef611b47c3f721a45614954fc4652920364701a4f85c1ff7dd9c7,gx-no-cache=1520008246894 HTTP/1.1" 200 30
186.103.159.46 - - [02/Mar/2018:13:31:35 -0300] "GET /cormun/servlet/solicitudotadjuntos?4b9fc75c978ef611b47c3f721a45614954fc4652920364701a4f85c1ff7dd9c7,gx-no-cache=1520008246958 HTTP/1.1" 200 30
186.103.159.46 - - [02/Mar/2018:13:31:35 -0300] "POST /cormun/servlet/solicitudotadjuntos?9b7262c4f23af72389d30c78bce0489d,INS,2018,9943,,1, HTTP/1.1" 200 116
186.103.159.46 - - [02/Mar/2018:13:31:35 -0300] "GET /cormun/servlet/hpexe_return? HTTP/1.1" 200 1027
186.103.159.46 - - [02/Mar/2018:13:31:36 -0300] "GET /cormun/servlet/trsolicitudadjuntos?2018,9943, HTTP/1.1" 200 9529
186.103.159.46 - - [02/Mar/2018:13:31:38 -0300] "GET /cormun/servlet/trsolicitudadjuntos?2018,9943, HTTP/1.1" 200 9529
186.103.156.24 - - [02/Mar/2018:13:31:41 -0300] "GET /cormun/servlet/trsolicitudot? HTTP/1.1" 200 7429
186.103.156.24 - - [02/Mar/2018:13:31:41 -0300] "GET /cormun/servlet/trsolicitudot? HTTP/1.1" 200 7428
186.103.159.187 - - [02/Mar/2018:13:31:42 -0300] "POST /cormun/servlet/trsolicitudadjuntos?42451447765c4b360ed02454d529be18,2018,9942,,gx-no-cache=1520008353487 HTTP/1.1" 200 90
186.103.159.187 - - [02/Mar/2018:13:31:42 -0300] "GET /cormun/servlet/hpexe_link HTTP/1.1" 200 967
186.103.159.187 - - [02/Mar/2018:13:31:42 -0300] "GET /cormun/servlet/trsolicitudot HTTP/1.1" 200 8519
186.103.159.46 - - [02/Mar/2018:13:31:43 -0300] "GET /cormun/servlet/trsolicitudot? HTTP/1.1" 200 8420
186.103.159.187 - - [02/Mar/2018:13:31:43 -0300] "GET /cormun/servlet/trsolicitudot HTTP/1.1" 200 8518
186.103.159.46 - - [02/Mar/2018:13:31:45 -0300] "GET /cormun/servlet/trsolicitudot? HTTP/1.1" 200 8413
186.103.156.24 - - [02/Mar/2018:13:31:47 -0300] "GET /cormun/servlet/solicitudot?INS,0,0, HTTP/1.1" 200 13666
186.103.156.24 - - [02/Mar/2018:13:31:47 -0300] "GET /cormun/servlet/solicitudot?INS,0,0, HTTP/1.1" 200 13671
186.103.159.46 - - [02/Mar/2018:13:31:47 -0300] "POST /cormun/servlet/hlogin?8eadc76f04886fd113e42261482cf0d6,gx-no-cache=1520008259160 HTTP/1.1" 200 90
186.103.159.46 - - [02/Mar/2018:13:31:47 -0300] "GET /cormun/servlet/hpexe_link HTTP/1.1" 200 961
186.103.159.46 - - [02/Mar/2018:13:31:48 -0300] "GET /cormun/servlet/trautorizarsolicitud HTTP/1.1" 200 7135
186.103.159.46 - - [02/Mar/2018:13:31:48 -0300] "GET /cormun/servlet/trautorizarsolicitud HTTP/1.1" 200 7134
186.103.159.46 - - [02/Mar/2018:13:31:50 -0300] "POST /cormun/servlet/trsolicitudot?9b7262c4f23af72389d30c78bce0489d,,gx-no-cache=1520008262303 HTTP/1.1" 200 4216
186.103.159.46 - - [02/Mar/2018:13:31:50 -0300] "GET /cormun/static/Shared/jqueryui/images/ui-bg_highlight-soft_100_c6c2c8_1x100.png HTTP/1.1" 404 1117
186.103.159.46 - - [02/Mar/2018:13:31:50 -0300] "GET /cormun/static/Shared/jqueryui/images/ui-icons_82798d_256x240.png HTTP/1.1" 404 1089
186.103.159.46 - - [02/Mar/2018:13:31:50 -0300] "GET /cormun/static/Shared/jqueryui/images/ui-bg_flat_55_fafafa_40x100.png HTTP/1.1" 404 1097
186.103.159.46 - - [02/Mar/2018:13:31:50 -0300] "GET /cormun/static/Shared/jqueryui/images/ui-icons_8d78a5_256x240.png HTTP/1.1" 404 1089
186.103.159.46 - - [02/Mar/2018:13:31:51 -0300] "POST /cormun/servlet/trsolicitudot?9b7262c4f23af72389d30c78bce0489d,,gx-no-cache=1520008262765 HTTP/1.1" 200 4004
186.103.159.187 - - [02/Mar/2018:13:31:52 -0300] "POST /cormun/servlet/trsolicitudot?42451447765c4b360ed02454d529be18,gx-no-cache=1520008364071 HTTP/1.1" 200 5721
186.103.159.187 - - [02/Mar/2018:13:31:52 -0300] "GET /cormun/static/Shared/jqueryui/images/ui-bg_highlight-soft_100_c6c2c8_1x100.png HTTP/1.1" 404 1117
186.103.159.187 - - [02/Mar/2018:13:31:52 -0300] "GET /cormun/static/Shared/jqueryui/images/ui-icons_82798d_256x240.png HTTP/1.1" 404 1089
186.103.159.187 - - [02/Mar/2018:13:31:52 -0300] "GET /cormun/static/Shared/jqueryui/images/ui-bg_flat_55_fafafa_40x100.png HTTP/1.1" 404 1097
186.103.159.187 - - [02/Mar/2018:13:31:52 -0300] "GET /cormun/static/Shared/jqueryui/images/ui-icons_8d78a5_256x240.png HTTP/1.1" 404 1089
186.103.156.24 - - [02/Mar/2018:13:31:54 -0300] "GET /cormun/servlet/trsolicitudot? HTTP/1.1" 200 7429
186.103.156.24 - - [02/Mar/2018:13:31:55 -0300] "GET /cormun/servlet/trsolicitudot? HTTP/1.1" 200 7428
186.103.159.187 - - [02/Mar/2018:13:32:02 -0300] "POST /cormun/servlet/trsolicitudot?42451447765c4b360ed02454d529be18,gx-no-cache=1520008373530 HTTP/1.1" 200 106
186.103.159.187 - - [02/Mar/2018:13:32:02 -0300] "GET /cormun/servlet/trsolicitudadjuntos?2018,9942, HTTP/1.1" 200 9450
186.103.159.187 - - [02/Mar/2018:13:32:04 -0300] "GET /cormun/servlet/trsolicitudadjuntos?2018,9942, HTTP/1.1" 200 9454
186.103.159.46 - - [02/Mar/2018:13:32:07 -0300] "POST /cormun/servlet/trautorizarsolicitud?8eadc76f04886fd113e42261482cf0d6,gx-no-cache=1520008279233 HTTP/1.1" 200 4126
186.103.159.187 - - [02/Mar/2018:13:32:08 -0300] "GET /cormun/servlet/solicitudotadjuntos?INS,2018,9942,,1, HTTP/1.1" 200 5965
186.103.159.46 - - [02/Mar/2018:13:32:08 -0300] "POST /cormun/servlet/trautorizarsolicitud?8eadc76f04886fd113e42261482cf0d6,gx-no-cache=1520008280030 HTTP/1.1" 200 4125
186.103.159.187 - - [02/Mar/2018:13:32:08 -0300] "GET /cormun/static/about:blank HTTP/1.1" 404 1011
186.103.159.187 - - [02/Mar/2018:13:32:09 -0300] "GET /cormun/servlet/solicitudotadjuntos?INS,2018,9942,,1, HTTP/1.1" 200 5958
186.103.159.187 - - [02/Mar/2018:13:32:09 -0300] "GET /cormun/servlet/solicitudotadjuntos?8e556e46dfc2a2059b3801e91a4a152b360158e05cffeec6cc665e11555a86aa601b089d5838ef92e1205d9311c88e0a,gx-no-cache=1520008381098 HTTP/1.1" 200 30
186.103.159.187 - - [02/Mar/2018:13:32:09 -0300] "POST /cormun/servlet/solicitudotadjuntos?42451447765c4b360ed02454d529be18,INS,2018,9942,,1,,gx-no-cache=1520008381183 HTTP/1.1" 200 3791
186.103.156.24 - - [02/Mar/2018:13:32:12 -0300] "GET /cormun/servlet/solicitudot?INS,0,0, HTTP/1.1" 200 13666
186.103.159.46 - - [02/Mar/2018:13:32:12 -0300] "POST /cormun/servlet/trautorizarsolicitud?8eadc76f04886fd113e42261482cf0d6,gx-no-cache=1520008283823 HTTP/1.1" 200 5534
186.103.156.24 - - [02/Mar/2018:13:32:12 -0300] "GET /cormun/servlet/solicitudot?INS,0,0, HTTP/1.1" 200 13671
186.103.159.187 - - [02/Mar/2018:13:32:13 -0300] "POST /cormun/servlet/solicitudotadjuntos?gx-no-cache=1520008385193 HTTP/1.1" 200 26
186.103.159.187 - - [02/Mar/2018:13:32:24 -0300] "GET /cormun/servlet/solicitudotadjuntos?8e556e46dfc2a2059b3801e91a4a152b154c15cf3740fea998e598181f6fd629,gx-no-cache=1520008395529 HTTP/1.1" 200 30
186.103.159.187 - - [02/Mar/2018:13:32:24 -0300] "GET /cormun/servlet/solicitudotadjuntos?8e556e46dfc2a2059b3801e91a4a152b154c15cf3740fea998e598181f6fd629,gx-no-cache=1520008395552 HTTP/1.1" 200 30
186.103.159.187 - - [02/Mar/2018:13:32:25 -0300] "POST /cormun/servlet/solicitudotadjuntos?42451447765c4b360ed02454d529be18,INS,2018,9942,,1, HTTP/1.1" 200 116
186.103.159.187 - - [02/Mar/2018:13:32:25 -0300] "GET /cormun/servlet/hpexe_return? HTTP/1.1" 200 1024
186.103.159.187 - - [02/Mar/2018:13:32:26 -0300] "GET /cormun/servlet/trsolicitudadjuntos?2018,9942, HTTP/1.1" 200 9604
186.103.159.187 - - [02/Mar/2018:13:32:28 -0300] "GET /cormun/servlet/trsolicitudadjuntos?2018,9942, HTTP/1.1" 200 9604
186.103.159.187 - - [02/Mar/2018:13:32:32 -0300] "POST /cormun/servlet/trsolicitudadjuntos?42451447765c4b360ed02454d529be18,2018,9942,,gx-no-cache=1520008402887 HTTP/1.1" 200 90
186.103.159.187 - - [02/Mar/2018:13:32:32 -0300] "GET /cormun/servlet/hpexe_link HTTP/1.1" 200 988
186.103.159.187 - - [02/Mar/2018:13:32:32 -0300] "GET /cormun/servlet/trsolicitudot?gx-no-cache=1520008364071 HTTP/1.1" 200 8519
186.103.159.187 - - [02/Mar/2018:13:32:34 -0300] "GET /cormun/servlet/trsolicitudot?gx-no-cache=1520008364071 HTTP/1.1" 200 8538
186.103.159.187 - - [02/Mar/2018:13:32:38 -0300] "POST /cormun/servlet/trsolicitudot?42451447765c4b360ed02454d529be18,gx-no-cache=1520008364071,gx-no-cache=1520008409285 HTTP/1.1" 200 4489
186.103.159.187 - - [02/Mar/2018:13:32:38 -0300] "GET /cormun/static/Shared/jqueryui/images/ui-bg_highlight-soft_100_c6c2c8_1x100.png HTTP/1.1" 404 1117
186.103.159.187 - - [02/Mar/2018:13:32:38 -0300] "GET /cormun/static/Shared/jqueryui/images/ui-icons_82798d_256x240.png HTTP/1.1" 404 1089
186.103.159.187 - - [02/Mar/2018:13:32:38 -0300] "GET /cormun/static/Shared/jqueryui/images/ui-bg_flat_55_fafafa_40x100.png HTTP/1.1" 404 1097
186.103.159.187 - - [02/Mar/2018:13:32:38 -0300] "GET /cormun/static/Shared/jqueryui/images/ui-icons_8d78a5_256x240.png HTTP/1.1" 404 1089
186.103.159.187 - - [02/Mar/2018:13:32:38 -0300] "POST /cormun/servlet/trsolicitudot?42451447765c4b360ed02454d529be18,gx-no-cache=1520008364071,gx-no-cache=1520008409595 HTTP/1.1" 200 4252
186.103.156.24 - - [02/Mar/2018:13:32:38 -0300] "POST /cormun/servlet/solicitudot?gx-no-cache=1520008311316 HTTP/1.1" 200 3293
186.103.156.24 - - [02/Mar/2018:13:32:38 -0300] "POST /cormun/servlet/solicitudot?7c1e4726347e676e98bfd0890bb4b85e,INS,0,0,,gx-no-cache=1520008311467 HTTP/1.1" 200 10444
186.103.156.24 - - [02/Mar/2018:13:32:42 -0300] "GET /cormun/servlet/solicitudot?69f86cc1d70bf6d1c4e02f08f472ddc7443757b48b8c14a245231a9cfbf3adce3b2b67a3c9f846454505230b8b0c10ff,gx-no-cache=1520008315524 HTTP/1.1" 200 30
186.103.159.187 - - [02/Mar/2018:13:32:45 -0300] "POST /cormun/servlet/trsolicitudot?42451447765c4b360ed02454d529be18,gx-no-cache=1520008364071,gx-no-cache=1520008416754 HTTP/1.1" 200 90
186.103.159.187 - - [02/Mar/2018:13:32:45 -0300] "GET /cormun/servlet/hpexe_link HTTP/1.1" 200 974
186.103.159.187 - - [02/Mar/2018:13:32:45 -0300] "GET /cormun/servlet/hhome HTTP/1.1" 200 3921
190.46.73.17 - - [02/Mar/2018:13:32:46 -0300] "GET /cormun/static/Resources/resize.gif HTTP/1.1" 200 77
190.46.73.17 - - [02/Mar/2018:13:32:46 -0300] "GET /cormun/servlet/prlicenciaspermisos?17080289,L,,MD,,gxPopupLevel%3D0%3B HTTP/1.1" 200 5611
190.46.73.17 - - [02/Mar/2018:13:32:46 -0300] "GET /cormun/static/gxui/gxui-all.css?110300 HTTP/1.1" 200 2179
190.46.73.17 - - [02/Mar/2018:13:32:46 -0300] "GET /cormun/static/calendar-system.css?75620 HTTP/1.1" 200 5572
186.103.159.187 - - [02/Mar/2018:13:32:46 -0300] "GET /cormun/servlet/hhome HTTP/1.1" 200 3918
190.46.73.17 - - [02/Mar/2018:13:32:46 -0300] "GET /cormun/static/gxcfg.js?20176272053834 HTTP/1.1" 200 953
190.46.73.17 - - [02/Mar/2018:13:32:46 -0300] "GET /cormun/static/prlicenciaspermisos.js?20176272054050 HTTP/1.1" 200 13379
190.46.73.17 - - [02/Mar/2018:13:32:46 -0300] "GET /cormun/static/menusearch.js?201610171694467 HTTP/1.1" 200 1424
190.46.73.17 - - [02/Mar/2018:13:32:46 -0300] "GET /cormun/static/Resources/PXToolsMenuSearch.png HTTP/1.1" 200 2914
190.46.73.17 - - [02/Mar/2018:13:32:46 -0300] "GET /cormun/static/hmpwkw011.js?20177612121862 HTTP/1.1" 200 1968
190.46.73.17 - - [02/Mar/2018:13:32:46 -0300] "GET /cormun/static/Resources/Spanish/PXTools.css?17315867 HTTP/1.1" 200 89042
190.46.73.17 - - [02/Mar/2018:13:32:46 -0300] "GET /cormun/static/Resources/PXToolsMenuSearchCancel.png HTTP/1.1" 200 2972
190.46.73.17 - - [02/Mar/2018:13:32:47 -0300] "GET /cormun/static/Shared/ext/resources/css/ext-all.css?205870 HTTP/1.1" 200 416045
186.103.159.187 - - [02/Mar/2018:13:32:48 -0300] "GET /cormun/servlet/hlogin HTTP/1.1" 200 1732
186.103.159.46 - - [02/Mar/2018:13:32:49 -0300] "POST /cormun/servlet/trautorizarsolicitud?8eadc76f04886fd113e42261482cf0d6,gx-no-cache=1520008320779 HTTP/1.1" 200 4327
186.103.159.46 - - [02/Mar/2018:13:32:49 -0300] "GET /cormun/static/Shared/jqueryui/images/ui-bg_highlight-soft_100_c6c2c8_1x100.png HTTP/1.1" 404 1117
186.103.159.46 - - [02/Mar/2018:13:32:49 -0300] "GET /cormun/static/Shared/jqueryui/images/ui-icons_82798d_256x240.png HTTP/1.1" 404 1089
186.103.159.46 - - [02/Mar/2018:13:32:49 -0300] "GET /cormun/static/Shared/jqueryui/images/ui-bg_flat_55_fafafa_40x100.png HTTP/1.1" 404 1097
186.103.159.46 - - [02/Mar/2018:13:32:49 -0300] "GET /cormun/static/Shared/jqueryui/images/ui-icons_8d78a5_256x240.png HTTP/1.1" 404 1089
186.103.159.46 - - [02/Mar/2018:13:32:49 -0300] "POST /cormun/servlet/trautorizarsolicitud?8eadc76f04886fd113e42261482cf0d6,gx-no-cache=1520008321065 HTTP/1.1" 200 4111
186.103.159.187 - - [02/Mar/2018:13:32:57 -0300] "POST /cormun/servlet/hlogin?42451447765c4b360ed02454d529be18,gx-no-cache=1520008429092 HTTP/1.1" 200 90
186.103.159.187 - - [02/Mar/2018:13:32:57 -0300] "GET /cormun/servlet/hpexe_link HTTP/1.1" 200 950
186.103.159.187 - - [02/Mar/2018:13:32:58 -0300] "GET /cormun/servlet/hhome HTTP/1.1" 200 4134
186.103.159.187 - - [02/Mar/2018:13:32:59 -0300] "GET /cormun/servlet/hhome HTTP/1.1" 200 4130
186.103.159.187 - - [02/Mar/2018:13:33:07 -0300] "GET /cormun/servlet/trautorizarsolicitud? HTTP/1.1" 200 9411
190.46.73.17 - - [02/Mar/2018:13:33:08 -0300] "POST /cormun/servlet/solicitudot?gx-no-cache=1520008419187 HTTP/1.1" 200 41
186.103.159.187 - - [02/Mar/2018:13:33:08 -0300] "GET /cormun/servlet/trautorizarsolicitud? HTTP/1.1" 200 9408
186.103.159.187 - - [02/Mar/2018:13:33:13 -0300] "POST /cormun/servlet/trautorizarsolicitud?42451447765c4b360ed02454d529be18,,gx-no-cache=1520008445121 HTTP/1.1" 200 6198
186.103.159.187 - - [02/Mar/2018:13:33:14 -0300] "GET /cormun/static/Shared/jqueryui/images/ui-bg_highlight-soft_100_c6c2c8_1x100.png HTTP/1.1" 404 1117
186.103.159.187 - - [02/Mar/2018:13:33:14 -0300] "GET /cormun/static/Shared/jqueryui/images/ui-icons_8d78a5_256x240.png HTTP/1.1" 404 1089
186.103.159.187 - - [02/Mar/2018:13:33:14 -0300] "GET /cormun/static/Shared/jqueryui/images/ui-icons_82798d_256x240.png HTTP/1.1" 404 1089
186.103.159.187 - - [02/Mar/2018:13:33:14 -0300] "GET /cormun/static/Shared/jqueryui/images/ui-bg_flat_55_fafafa_40x100.png HTTP/1.1" 404 1097
186.103.159.187 - - [02/Mar/2018:13:33:14 -0300] "POST /cormun/servlet/trautorizarsolicitud?42451447765c4b360ed02454d529be18,,gx-no-cache=1520008445473 HTTP/1.1" 200 6141
186.103.159.187 - - [02/Mar/2018:13:33:16 -0300] "POST /cormun/servlet/trautorizarsolicitud?42451447765c4b360ed02454d529be18,,gx-no-cache=1520008447681 HTTP/1.1" 200 5766
186.103.159.187 - - [02/Mar/2018:13:33:16 -0300] "POST /cormun/servlet/trautorizarsolicitud?42451447765c4b360ed02454d529be18,,gx-no-cache=1520008447966 HTTP/1.1" 200 5710
186.103.159.187 - - [02/Mar/2018:13:33:17 -0300] "POST /cormun/servlet/trautorizarsolicitud?42451447765c4b360ed02454d529be18,,gx-no-cache=1520008449136 HTTP/1.1" 200 4601
186.103.159.187 - - [02/Mar/2018:13:33:18 -0300] "POST /cormun/servlet/trautorizarsolicitud?42451447765c4b360ed02454d529be18,,gx-no-cache=1520008449446 HTTP/1.1" 200 4372
186.103.156.24 - - [02/Mar/2018:13:34:17 -0300] "GET /cormun/servlet/solicitudot?69f86cc1d70bf6d1c4e02f08f472ddc7b57c065bb83274914bc2639b35ee47d53bdc450ac1f54ae522132a5255ad7a6807300b24bef8582e65af4bbbf7545235,gx-no-cache=1520008410613 HTTP/1.1" 200 30
186.103.156.24 - - [02/Mar/2018:13:34:17 -0300] "GET /cormun/servlet/solicitudot?69f86cc1d70bf6d1c4e02f08f472ddc7c22eee4f31b3042b34da23904b435fed,gx-no-cache=1520008410748 HTTP/1.1" 200 29
186.103.156.24 - - [02/Mar/2018:13:34:24 -0300] "POST /cormun/servlet/solicitudot?gx-no-cache=1520008417742 HTTP/1.1" 200 256
186.103.156.24 - - [02/Mar/2018:13:34:28 -0300] "GET /cormun/servlet/solicitudot?69f86cc1d70bf6d1c4e02f08f472ddc7505f733131c04c9c5fb9542505b43dc1d3fa64ba8828832d572345bed1c27bf07eddab081878cd01ef77d5b1f32698e61ec1c2213620773d3710f99864bb16164e1ba73fdc175154decb21c740577fdcde17cdaace9bab84ffa7054d7de7d6e070e53543c67c1a2d3b62da123ac4c7449bdb394fe54f232511a456890e4a54c5f7aa667adfd15ded0750e68df6c5f1d0aca2c8323df125ecbf4308dbca5f49018c52868ba02d27e1247881bdaecbf98948390640b20c40e733ca5c1ec137a4f7ae6506c8d4be936c2acdf18572003bcaadfe2c60041db5dcca7951e4ae64b128607b1a07ea1dbd0da5980a166d7ee99d826a9f9f5caddcbb96d94b61465d293b90ef4632cd4daca1c1d15611f07a13c2f113979daed07bc8e9f7ed8fcd6ab13643e23095332ed8ec1bfd31a6336092976d802415a4984543375c2c5a179f01f1e1e1ce5495fc25ad8bf99b7da5a0bfc9b31de4add3c5cb4dd247fde678ae4469e684c67835ec125056824515969cd62c,gx-no-cache=1520008421543 HTTP/1.1" 200 30
186.103.156.24 - - [02/Mar/2018:13:34:30 -0300] "POST /cormun/servlet/solicitudot?gx-no-cache=1520008423262 HTTP/1.1" 200 30
186.103.156.24 - - [02/Mar/2018:13:34:31 -0300] "POST /cormun/servlet/solicitudot?gx-no-cache=1520008424741 HTTP/1.1" 200 1333
186.103.156.24 - - [02/Mar/2018:13:34:31 -0300] "POST /cormun/servlet/solicitudot?gx-no-cache=1520008424796 HTTP/1.1" 200 38
190.46.73.17 - - [02/Mar/2018:13:34:37 -0300] "POST /cormun/servlet/solicitudot?7c618ec8f6c54f628382599bd4b472e6,INS,0,0,,gx-no-cache=1520008508110 HTTP/1.1" 200 93
190.46.73.17 - - [02/Mar/2018:13:34:37 -0300] "GET /cormun/servlet/hpexe_return? HTTP/1.1" 200 999
190.46.73.17 - - [02/Mar/2018:13:34:37 -0300] "GET /cormun/static/gxcfg.js?2016101716175148 HTTP/1.1" 200 953
190.46.73.17 - - [02/Mar/2018:13:34:37 -0300] "GET /cormun/static/hpexe_return.js?2016101716175153 HTTP/1.1" 200 1633
190.46.73.17 - - [02/Mar/2018:13:34:37 -0300] "GET /cormun/static/Resources/Spanish/PXTools.css?167811 HTTP/1.1" 200 89042
190.46.73.17 - - [02/Mar/2018:13:34:38 -0300] "GET /cormun/servlet/trsolicitudot HTTP/1.1" 200 7393
190.46.73.17 - - [02/Mar/2018:13:34:40 -0300] "GET /cormun/servlet/trsolicitudot HTTP/1.1" 200 7389
190.46.73.17 - - [02/Mar/2018:13:34:44 -0300] "GET /cormun/servlet/solicitudot?INS,0,0, HTTP/1.1" 200 13613
190.46.73.17 - - [02/Mar/2018:13:34:46 -0300] "GET /cormun/servlet/solicitudot?INS,0,0, HTTP/1.1" 200 13618
186.103.156.24 - - [02/Mar/2018:13:34:47 -0300] "GET /cormun/servlet/solicitudot?69f86cc1d70bf6d1c4e02f08f472ddc7eb8e68d8034c7a83b33f641d8b677740f2b9a2f582b925dc0a98eb7a582dffc3b128e75de499264ef6693a6817ba5b8adf3b0112cb31a7589da53dc813acb84bf0c532b6b7cc0645e07eb1f0b3405a743d513a5f73de65d9cf30941fa685e256,gx-no-cache=1520008440379 HTTP/1.1" 200 29
186.103.156.24 - - [02/Mar/2018:13:34:47 -0300] "POST /cormun/servlet/solicitudot?gx-no-cache=1520008440440 HTTP/1.1" 200 1319
186.103.156.24 - - [02/Mar/2018:13:34:47 -0300] "POST /cormun/servlet/solicitudot?gx-no-cache=1520008440510 HTTP/1.1" 200 1215
186.103.156.24 - - [02/Mar/2018:13:35:06 -0300] "GET /cormun/servlet/solicitudot?69f86cc1d70bf6d1c4e02f08f472ddc738d469ada4113117c76adc90a02fd5a96401cf4eb6a7f708cc7ca5f3ccb62c9b,gx-no-cache=1520008459493 HTTP/1.1" 200 30
186.103.156.24 - - [02/Mar/2018:13:35:13 -0300] "POST /cormun/servlet/solicitudot?gx-no-cache=1520008466723 HTTP/1.1" 200 30
190.46.73.17 - - [02/Mar/2018:13:35:23 -0300] "POST /cormun/servlet/solicitudot?gx-no-cache=1520008554714 HTTP/1.1" 200 3293
190.46.73.17 - - [02/Mar/2018:13:35:24 -0300] "POST /cormun/servlet/solicitudot?7c618ec8f6c54f628382599bd4b472e6,INS,0,0,,gx-no-cache=1520008555058 HTTP/1.1" 200 10429
186.103.156.24 - - [02/Mar/2018:13:35:24 -0300] "POST /cormun/servlet/solicitudot?7c1e4726347e676e98bfd0890bb4b85e,INS,0,0,,gx-no-cache=1520008476528 HTTP/1.1" 200 93
186.103.156.24 - - [02/Mar/2018:13:35:24 -0300] "GET /cormun/servlet/hpexe_return? HTTP/1.1" 200 1006
186.103.156.24 - - [02/Mar/2018:13:35:24 -0300] "GET /cormun/servlet/trsolicitudot HTTP/1.1" 200 8798
186.103.156.24 - - [02/Mar/2018:13:35:25 -0300] "GET /cormun/servlet/trsolicitudot HTTP/1.1" 200 8791
190.46.73.17 - - [02/Mar/2018:13:35:26 -0300] "GET /cormun/servlet/solicitudot?6920c007bd915b054730e68f3a8a7d32d8ae621ac54423db9e111292c062c430533de2b59e27278e9ded9581de629199,gx-no-cache=1520008557301 HTTP/1.1" 200 30
186.103.156.24 - - [02/Mar/2018:13:35:34 -0300] "POST /cormun/servlet/trsolicitudot?7c1e4726347e676e98bfd0890bb4b85e,gx-no-cache=1520008487085 HTTP/1.1" 200 106
186.103.156.24 - - [02/Mar/2018:13:35:34 -0300] "GET /cormun/servlet/trsolicitudadjuntos?2018,9944, HTTP/1.1" 200 6309
186.103.156.24 - - [02/Mar/2018:13:35:34 -0300] "GET /cormun/servlet/trsolicitudadjuntos?2018,9944, HTTP/1.1" 200 6309
186.103.156.24 - - [02/Mar/2018:13:35:40 -0300] "GET /cormun/servlet/solicitudotadjuntos?INS,2018,9944,,1, HTTP/1.1" 200 6255
186.103.156.24 - - [02/Mar/2018:13:35:40 -0300] "GET /cormun/static/gxcfg.js?2017761244068 HTTP/1.1" 200 953
186.103.156.24 - - [02/Mar/2018:13:35:40 -0300] "GET /cormun/static/solicitudotadjuntos.js?2017761244086 HTTP/1.1" 200 11771
186.103.156.24 - - [02/Mar/2018:13:35:40 -0300] "GET /cormun/static/about:blank HTTP/1.1" 404 1011
186.103.156.24 - - [02/Mar/2018:13:35:40 -0300] "GET /cormun/servlet/solicitudotadjuntos?INS,2018,9944,,1, HTTP/1.1" 200 6249
186.103.156.24 - - [02/Mar/2018:13:35:41 -0300] "GET /cormun/servlet/solicitudotadjuntos?69f86cc1d70bf6d1c4e02f08f472ddc7b6b7c98d66d7ed38b83e325a7d941909de9f6faa567bbd61c37c583a7396ab78,gx-no-cache=1520008494270 HTTP/1.1" 200 30
186.103.156.24 - - [02/Mar/2018:13:35:41 -0300] "POST /cormun/servlet/solicitudotadjuntos?7c1e4726347e676e98bfd0890bb4b85e,INS,2018,9944,,1,,gx-no-cache=1520008494290 HTTP/1.1" 200 3983
186.103.156.24 - - [02/Mar/2018:13:35:47 -0300] "POST /cormun/servlet/solicitudotadjuntos?gx-no-cache=1520008500258 HTTP/1.1" 200 26
190.151.100.218 - - [02/Mar/2018:13:36:13 -0300] "GET /cormun/servlet/trsolicitudot? HTTP/1.1" 200 8620
190.151.100.218 - - [02/Mar/2018:13:36:13 -0300] "GET /cormun/servlet/trsolicitudot? HTTP/1.1" 200 8608
200.72.197.82 - - [02/Mar/2018:13:36:16 -0300] "GET /cormun/servlet/solicitudot?INS,0,0, HTTP/1.1" 200 13496
200.72.197.82 - - [02/Mar/2018:13:36:17 -0300] "GET /cormun/servlet/solicitudot?INS,0,0, HTTP/1.1" 200 13501
186.103.157.235 - - [02/Mar/2018:13:36:40 -0300] "GET /cormun/servlet/trsolicitudot? HTTP/1.1" 200 17210
186.103.157.235 - - [02/Mar/2018:13:36:40 -0300] "GET /cormun/servlet/trsolicitudot? HTTP/1.1" 200 17210
186.103.161.206 - - [02/Mar/2018:13:36:42 -0300] "POST /cormun/servlet/solicitudot?gx-no-cache=1520008554919 HTTP/1.1" 200 3396
186.103.161.206 - - [02/Mar/2018:13:36:43 -0300] "POST /cormun/servlet/solicitudot?4ef8dc9fd61cc796407813806e602951,INS,0,0,,gx-no-cache=1520008555242 HTTP/1.1" 200 10539
186.103.156.24 - - [02/Mar/2018:13:37:02 -0300] "GET /cormun/servlet/solicitudotadjuntos?69f86cc1d70bf6d1c4e02f08f472ddc7d2f51511a4af0559ff661ec9d2d9af6e,gx-no-cache=1520008575390 HTTP/1.1" 200 30
186.103.156.24 - - [02/Mar/2018:13:37:02 -0300] "GET /cormun/servlet/solicitudotadjuntos?69f86cc1d70bf6d1c4e02f08f472ddc7d2f51511a4af0559ff661ec9d2d9af6e,gx-no-cache=1520008575415 HTTP/1.1" 200 30
186.103.161.206 - - [02/Mar/2018:13:37:04 -0300] "GET /cormun/servlet/solicitudot?d0fc81054ae1bcd3fc4e8ec0f4f946b0062905bc020c94d1c61f18021de74ec0bf1f9e392fabe13b48fb46697bd63777,gx-no-cache=1520008576495 HTTP/1.1" 200 30
186.103.156.24 - - [02/Mar/2018:13:37:04 -0300] "POST /cormun/servlet/solicitudotadjuntos?7c1e4726347e676e98bfd0890bb4b85e,INS,2018,9944,,1, HTTP/1.1" 200 116
186.103.161.206 - - [02/Mar/2018:13:37:04 -0300] "GET /cormun/servlet/solicitudot?d0fc81054ae1bcd3fc4e8ec0f4f946b074aca478c3af2ccdf17736040ad09c83a0cd567c129e423be79bd0ab191088c07a13c12162a5951341c324dc3d29761c,gx-no-cache=1520008576812 HTTP/1.1" 200 30
186.103.156.24 - - [02/Mar/2018:13:37:04 -0300] "GET /cormun/servlet/hpexe_return? HTTP/1.1" 200 1025
186.103.161.206 - - [02/Mar/2018:13:37:04 -0300] "GET /cormun/servlet/solicitudot?d0fc81054ae1bcd3fc4e8ec0f4f946b0bc9584acff132ca566ac09288343f28a,gx-no-cache=1520008576911 HTTP/1.1" 200 45
186.103.156.24 - - [02/Mar/2018:13:37:04 -0300] "GET /cormun/servlet/trsolicitudadjuntos?2018,9944, HTTP/1.1" 200 8682
186.103.161.206 - - [02/Mar/2018:13:37:04 -0300] "POST /cormun/servlet/solicitudot?gx-no-cache=1520008577019 HTTP/1.1" 200 256
186.103.159.187 - - [02/Mar/2018:13:37:04 -0300] "GET /cormun/servlet/trsolicitudot? HTTP/1.1" 200 7347
