192.168.10.56 - - [02/Mar/2018:09:19:26 -0300] "GET /cormun/servlet/hhome HTTP/1.1" 200 3819
186.103.156.166 - - [02/Mar/2018:09:19:28 -0300] "POST /cormun/servlet/solicitudot?9f3a53ca8f26a216f47fa78f12f5c72a,INS,0,0,,gx-no-cache=1519993122718 HTTP/1.1" 200 93
186.103.156.166 - - [02/Mar/2018:09:19:28 -0300] "GET /cormun/servlet/hpexe_return? HTTP/1.1" 200 1016
192.168.10.56 - - [02/Mar/2018:09:19:31 -0300] "GET /cormun/servlet/trautorizarot? HTTP/1.1" 200 10042
186.79.129.57 - - [02/Mar/2018:09:19:32 -0300] "GET /cormun/static/menuarrow.gif HTTP/1.1" 404 1015
192.168.10.56 - - [02/Mar/2018:09:19:32 -0300] "GET /cormun/servlet/trautorizarot? HTTP/1.1" 200 10040
186.79.129.57 - - [02/Mar/2018:09:19:35 -0300] "GET /cormun/servlet/solicitudot?2e5cdd4c2384db40e514b837ef1794f42a279465aad0b039e4e1cfc18c4786daf792f91ac053c553c1a179041d3b6a48,gx-no-cache=1519993128849 HTTP/1.1" 200 30
192.168.10.56 - - [02/Mar/2018:09:19:41 -0300] "POST /cormun/servlet/trautorizarot?dd03bc4eaa9e68062ec3fa8e0ce785a2,,gx-no-cache=1519993021503 HTTP/1.1" 200 5319
192.168.10.96 - - [02/Mar/2018:09:19:41 -0300] "GET /cormun/servlet/vesolicitudgral?2018,9549,,SolicitudOTAdjuntos HTTP/1.1" 200 11271
192.168.10.96 - - [02/Mar/2018:09:19:41 -0300] "GET /cormun/pexe_scrolldiv.js HTTP/1.1" 404 1009
192.168.10.56 - - [02/Mar/2018:09:19:43 -0300] "GET /cormun/servlet/hlogin HTTP/1.1" 200 1736
192.168.10.96 - - [02/Mar/2018:09:19:43 -0300] "POST /cormun/servlet/acontrolpreferencessavestate?None,DZAMUDIO,true HTTP/1.1" 200 35
192.168.10.96 - - [02/Mar/2018:09:19:44 -0300] "GET /cormun/servlet/vesolicitudgral?2018,9549,,SolicitudOTAdjuntos HTTP/1.1" 200 11274
192.168.10.96 - - [02/Mar/2018:09:19:45 -0300] "GET /cormun/servlet/trsolicitudgral? HTTP/1.1" 200 12449
192.168.10.96 - - [02/Mar/2018:09:19:46 -0300] "GET /cormun/servlet/trsolicitudgral? HTTP/1.1" 200 12442
186.79.129.57 - - [02/Mar/2018:09:19:47 -0300] "POST /cormun/servlet/solicitudot?gx-no-cache=1519993139902 HTTP/1.1" 200 30
192.168.10.96 - - [02/Mar/2018:09:19:56 -0300] "POST /cormun/servlet/trsolicitudgral?1d4ff14942b899bacd8d75544af79f57,,gx-no-cache=1519993035873 HTTP/1.1" 200 14447
186.103.157.246 - - [02/Mar/2018:09:19:59 -0300] "GET /cormun/servlet/solicitudot?3ad47763fe393c9a749a6bce1a1c5ddcf824d62f63c9bf0354d1f8858feced88961caf50ff1c11fd866af56f6c94851f685241f0306786de0eac8571a25014a203222772ffc508bf56692574da53e1579871f78a861c5be81c5886b976919fb6efa7d9ede5748767c342a8ef70200e0d267bd6b02a28914fd4d4e1cfcd9db6dc0f35bc2e25839448cffcaac12fa3d61d75ced8feff28bab9ba274f9c8a83e40d,gx-no-cache=1519993140033 HTTP/1.1" 200 29
186.103.157.246 - - [02/Mar/2018:09:19:59 -0300] "POST /cormun/servlet/solicitudot?gx-no-cache=1519993152253 HTTP/1.1" 200 1319
186.103.157.246 - - [02/Mar/2018:09:20:00 -0300] "POST /cormun/servlet/solicitudot?gx-no-cache=1519993152680 HTTP/1.1" 200 1219
186.103.157.246 - - [02/Mar/2018:09:20:00 -0300] "POST /cormun/servlet/solicitudot?gx-no-cache=1519993153083 HTTP/1.1" 200 1319
186.103.157.246 - - [02/Mar/2018:09:20:01 -0300] "POST /cormun/servlet/solicitudot?gx-no-cache=1519993153720 HTTP/1.1" 200 1219
186.103.157.246 - - [02/Mar/2018:09:20:07 -0300] "GET /cormun/servlet/solicitudot?3ad47763fe393c9a749a6bce1a1c5ddcf0495c327bc4fc0a369b4af50a8eae6f4a63976faaaaa94f101622a42ca08251,gx-no-cache=1519993160326 HTTP/1.1" 200 30
186.103.156.166 - - [02/Mar/2018:09:20:09 -0300] "GET /cormun/servlet/hlogin HTTP/1.1" 200 1717
192.168.10.96 - - [02/Mar/2018:09:20:17 -0300] "POST /cormun/servlet/trsolicitudgral?1d4ff14942b899bacd8d75544af79f57,,gx-no-cache=1519993057554 HTTP/1.1" 200 5937
192.168.10.96 - - [02/Mar/2018:09:20:23 -0300] "POST /cormun/servlet/trsolicitudgral?1d4ff14942b899bacd8d75544af79f57,,gx-no-cache=1519993062342 HTTP/1.1" 200 22098
186.103.159.182 - - [02/Mar/2018:09:20:23 -0300] "GET /cormun/servlet/trcontratoobservaciondir? HTTP/1.1" 200 6447
186.103.159.182 - - [02/Mar/2018:09:20:23 -0300] "GET /cormun/static/gxcfg.js?20175251262281 HTTP/1.1" 200 953
186.103.159.182 - - [02/Mar/2018:09:20:24 -0300] "GET /cormun/static/Resources/PXToolsActionExcel.png HTTP/1.1" 200 3187
186.103.159.182 - - [02/Mar/2018:09:20:24 -0300] "GET /cormun/static/trcontratoobservaciondir.js?20175251262715 HTTP/1.1" 200 27185
186.103.159.182 - - [02/Mar/2018:09:20:26 -0300] "GET /cormun/servlet/trcontratoobservaciondir? HTTP/1.1" 200 6446
186.103.156.166 - - [02/Mar/2018:09:20:27 -0300] "POST /cormun/servlet/hlogin?38760b37f8ba83555c73dc9f7ec43a64,gx-no-cache=1519993183122 HTTP/1.1" 200 90
186.103.156.166 - - [02/Mar/2018:09:20:27 -0300] "GET /cormun/servlet/hpexe_link HTTP/1.1" 200 946
186.103.156.166 - - [02/Mar/2018:09:20:28 -0300] "GET /cormun/servlet/hhome HTTP/1.1" 200 4173
186.103.156.166 - - [02/Mar/2018:09:20:28 -0300] "GET /cormun/servlet/hhome HTTP/1.1" 200 4169
186.103.156.166 - - [02/Mar/2018:09:20:37 -0300] "GET /cormun/servlet/trautorizarsolicitud? HTTP/1.1" 200 7284
192.168.10.96 - - [02/Mar/2018:09:20:38 -0300] "POST /cormun/servlet/trsolicitudgral?1d4ff14942b899bacd8d75544af79f57,,gx-no-cache=1519993078796 HTTP/1.1" 200 5936
186.103.156.166 - - [02/Mar/2018:09:20:38 -0300] "GET /cormun/servlet/trautorizarsolicitud? HTTP/1.1" 200 7283
192.168.10.96 - - [02/Mar/2018:09:20:42 -0300] "POST /cormun/servlet/trsolicitudgral?1d4ff14942b899bacd8d75544af79f57,,gx-no-cache=1519993082854 HTTP/1.1" 200 7285
186.79.129.57 - - [02/Mar/2018:09:20:44 -0300] "POST /cormun/servlet/solicitudot?fc67e2ae6501227e933f9e6fb5f58a05,INS,0,0,,gx-no-cache=1519993196041 HTTP/1.1" 200 93
186.79.129.57 - - [02/Mar/2018:09:20:44 -0300] "GET /cormun/servlet/hpexe_return? HTTP/1.1" 200 1005
186.79.129.57 - - [02/Mar/2018:09:20:45 -0300] "GET /cormun/static/gxcfg.js?2016101716175148 HTTP/1.1" 304 -
186.79.129.57 - - [02/Mar/2018:09:20:45 -0300] "GET /cormun/servlet/trsolicitudot HTTP/1.1" 200 7247
186.79.129.57 - - [02/Mar/2018:09:20:46 -0300] "GET /cormun/servlet/trsolicitudot HTTP/1.1" 200 7243
192.168.10.96 - - [02/Mar/2018:09:20:48 -0300] "POST /cormun/servlet/trsolicitudgral?1d4ff14942b899bacd8d75544af79f57,,gx-no-cache=1519993088089 HTTP/1.1" 200 14447
186.79.129.57 - - [02/Mar/2018:09:20:53 -0300] "GET /cormun/servlet/solicitudot?INS,0,0, HTTP/1.1" 200 13642
186.79.129.57 - - [02/Mar/2018:09:20:54 -0300] "GET /cormun/servlet/solicitudot?INS,0,0, HTTP/1.1" 200 13647
186.103.159.182 - - [02/Mar/2018:09:20:55 -0300] "GET /cormun/servlet/trsolicitudot? HTTP/1.1" 200 7461
186.103.159.182 - - [02/Mar/2018:09:20:55 -0300] "GET /cormun/static/gxui/gxui-all.css?120300 HTTP/1.1" 200 2179
186.103.159.182 - - [02/Mar/2018:09:20:55 -0300] "GET /cormun/static/calendar-system.css?85620 HTTP/1.1" 200 5572
186.103.159.182 - - [02/Mar/2018:09:20:55 -0300] "GET /cormun/static/gxcfg.js?2017111422585916 HTTP/1.1" 200 953
186.103.159.182 - - [02/Mar/2018:09:20:56 -0300] "GET /cormun/static/Resources/Spanish/PXTools.css?1255365 HTTP/1.1" 200 89042
186.103.159.182 - - [02/Mar/2018:09:20:56 -0300] "GET /cormun/static/trsolicitudot.js?201711142259839 HTTP/1.1" 200 54041
186.103.159.182 - - [02/Mar/2018:09:20:56 -0300] "GET /cormun/static/Shared/ext/resources/css/ext-all.css?215870 HTTP/1.1" 200 416045
186.103.159.182 - - [02/Mar/2018:09:20:56 -0300] "GET /cormun/static/Resources/PXTools/calendar.png HTTP/1.1" 200 1306
186.103.159.182 - - [02/Mar/2018:09:20:56 -0300] "GET /cormun/static/Resources/PXToolsGridNew.png HTTP/1.1" 200 2949
186.79.129.57 - - [02/Mar/2018:09:20:57 -0300] "GET /cormun/servlet/trsolicitudot HTTP/1.1" 200 7247
186.79.129.57 - - [02/Mar/2018:09:20:58 -0300] "GET /cormun/servlet/trsolicitudot HTTP/1.1" 200 7243
186.103.159.182 - - [02/Mar/2018:09:20:59 -0300] "GET /cormun/servlet/trsolicitudot? HTTP/1.1" 200 7460
186.103.156.166 - - [02/Mar/2018:09:21:04 -0300] "GET /cormun/servlet/trautorizarsolicitud? HTTP/1.1" 200 7283
186.103.156.166 - - [02/Mar/2018:09:21:05 -0300] "GET /cormun/servlet/trautorizarsolicitud? HTTP/1.1" 200 7283
186.79.129.57 - - [02/Mar/2018:09:21:06 -0300] "GET /cormun/servlet/trautorizarsolicitud? HTTP/1.1" 200 7319
186.79.129.57 - - [02/Mar/2018:09:21:07 -0300] "GET /cormun/servlet/trautorizarsolicitud? HTTP/1.1" 200 7319
186.79.129.57 - - [02/Mar/2018:09:21:10 -0300] "GET /cormun/servlet/trvisualizadoreventos? HTTP/1.1" 200 6959
186.79.129.57 - - [02/Mar/2018:09:21:11 -0300] "GET /cormun/servlet/trvisualizadoreventos? HTTP/1.1" 200 6958
186.79.129.57 - - [02/Mar/2018:09:21:14 -0300] "GET /cormun/servlet/trautorizarsolicitud? HTTP/1.1" 200 7319
186.79.129.57 - - [02/Mar/2018:09:21:15 -0300] "GET /cormun/servlet/trautorizarsolicitud? HTTP/1.1" 200 7319
186.103.156.166 - - [02/Mar/2018:09:21:16 -0300] "GET /cormun/servlet/trcontratosolicitud? HTTP/1.1" 200 10518
186.103.156.166 - - [02/Mar/2018:09:21:17 -0300] "GET /cormun/servlet/trcontratosolicitud? HTTP/1.1" 200 10517
186.79.129.57 - - [02/Mar/2018:09:21:18 -0300] "GET /cormun/servlet/trsolicitudot HTTP/1.1" 200 7247
186.67.172.234 - - [02/Mar/2018:09:21:18 -0300] "GET /cormun/servlet/trsolicitudot? HTTP/1.1" 200 7441
186.67.172.234 - - [02/Mar/2018:09:21:18 -0300] "GET /cormun/static/gxcfg.js?2017111422585916 HTTP/1.1" 304 -
186.79.129.57 - - [02/Mar/2018:09:21:19 -0300] "GET /cormun/servlet/trsolicitudot HTTP/1.1" 200 7243
186.67.172.234 - - [02/Mar/2018:09:21:19 -0300] "GET /cormun/servlet/trsolicitudot? HTTP/1.1" 200 7440
186.79.129.57 - - [02/Mar/2018:09:21:21 -0300] "GET /cormun/servlet/trsolicitudot HTTP/1.1" 200 7247
186.79.129.57 - - [02/Mar/2018:09:21:22 -0300] "GET /cormun/servlet/trsolicitudot HTTP/1.1" 200 7243
186.79.129.57 - - [02/Mar/2018:09:21:23 -0300] "GET /favicon.ico HTTP/1.1" 200 21630
186.79.129.57 - - [02/Mar/2018:09:21:26 -0300] "GET /cormun/servlet/trsolicitudot? HTTP/1.1" 200 7243
186.79.129.57 - - [02/Mar/2018:09:21:27 -0300] "GET /cormun/servlet/trsolicitudot? HTTP/1.1" 200 7243
186.103.159.182 - - [02/Mar/2018:09:21:30 -0300] "GET /cormun/servlet/trcontratounov2? HTTP/1.1" 200 17240
186.103.159.182 - - [02/Mar/2018:09:21:31 -0300] "GET /cormun/static/gxcfg.js?201752512124396 HTTP/1.1" 200 953
186.103.159.182 - - [02/Mar/2018:09:21:31 -0300] "GET /cormun/static/Resources/PXToolsAddSelectedAction.png HTTP/1.1" 200 3660
186.103.159.182 - - [02/Mar/2018:09:21:31 -0300] "GET /cormun/static/trcontratounov2.js?201752512125146 HTTP/1.1" 200 38486
186.79.129.57 - - [02/Mar/2018:09:21:32 -0300] "GET /cormun/servlet/trautorizarsolicitud? HTTP/1.1" 200 7319
186.79.129.57 - - [02/Mar/2018:09:21:33 -0300] "GET /cormun/servlet/trautorizarsolicitud? HTTP/1.1" 200 7319
186.103.159.182 - - [02/Mar/2018:09:21:35 -0300] "GET /cormun/servlet/trcontratounov2? HTTP/1.1" 200 17252
186.67.172.234 - - [02/Mar/2018:09:21:40 -0300] "GET /cormun/servlet/solicitudot?INS,0,0, HTTP/1.1" 200 13673
186.79.129.57 - - [02/Mar/2018:09:21:40 -0300] "GET /cormun/servlet/trsolicitudot? HTTP/1.1" 200 7243
186.79.129.57 - - [02/Mar/2018:09:21:41 -0300] "GET /cormun/servlet/trsolicitudot? HTTP/1.1" 200 7243
186.67.172.234 - - [02/Mar/2018:09:21:54 -0300] "POST /cormun/servlet/solicitudot?gx-no-cache=1519993263723 HTTP/1.1" 200 3376
186.103.156.166 - - [02/Mar/2018:09:21:55 -0300] "GET /cormun/servlet/trsolicitudot? HTTP/1.1" 200 7384
186.67.172.234 - - [02/Mar/2018:09:21:56 -0300] "POST /cormun/servlet/solicitudot?067a8dba8ac3ccebf349e7ecccb54684,INS,0,0,,gx-no-cache=1519993264308 HTTP/1.1" 200 10547
186.103.156.166 - - [02/Mar/2018:09:21:56 -0300] "GET /cormun/servlet/trsolicitudot? HTTP/1.1" 200 7383
186.79.129.57 - - [02/Mar/2018:09:21:58 -0300] "GET /cormun/servlet/trvisualizadoreventos? HTTP/1.1" 200 6967
186.79.129.57 - - [02/Mar/2018:09:21:59 -0300] "GET /cormun/servlet/trvisualizadoreventos? HTTP/1.1" 200 6967
186.67.172.234 - - [02/Mar/2018:09:22:00 -0300] "GET /cormun/servlet/solicitudot?INS,0,0, HTTP/1.1" 200 13678
186.79.129.57 - - [02/Mar/2018:09:22:02 -0300] "GET /cormun/static/menuarrow.gif HTTP/1.1" 404 1015
186.67.172.234 - - [02/Mar/2018:09:22:04 -0300] "GET /cormun/servlet/solicitudot?f669aa70db7593bf0a465a5097774ed31f543c9196ecb25d80c12aada18c3537b6dfc1ea701a8c34bcc621d3295d285a,gx-no-cache=1519993273307 HTTP/1.1" 200 30
186.67.172.234 - - [02/Mar/2018:09:22:04 -0300] "GET /cormun/servlet/solicitudot?f669aa70db7593bf0a465a5097774ed3f03e2a680e5b15565c48650116e122c1295def7d00d49ef77e4ac89b177059a5,gx-no-cache=1519993273491 HTTP/1.1" 200 30
186.67.172.234 - - [02/Mar/2018:09:22:04 -0300] "GET /cormun/servlet/solicitudot?f669aa70db7593bf0a465a5097774ed3918c222b36401ee78db13c1450ae1e3e,gx-no-cache=1519993273611 HTTP/1.1" 200 123
186.67.172.234 - - [02/Mar/2018:09:22:04 -0300] "GET /cormun/static/Shared/jqueryui/images/ui-bg_highlight-soft_100_c6c2c8_1x100.png HTTP/1.1" 404 1117
186.67.172.234 - - [02/Mar/2018:09:22:04 -0300] "GET /cormun/static/Shared/jqueryui/images/ui-bg_flat_55_994d53_40x100.png HTTP/1.1" 404 1097
186.67.172.234 - - [02/Mar/2018:09:22:04 -0300] "GET /cormun/static/Shared/jqueryui/images/ui-icons_ebccce_256x240.png HTTP/1.1" 404 1089
186.67.172.234 - - [02/Mar/2018:09:22:04 -0300] "POST /cormun/servlet/solicitudot?gx-no-cache=1519993273832 HTTP/1.1" 200 255
186.67.172.234 - - [02/Mar/2018:09:22:04 -0300] "GET /cormun/servlet/solicitudot?f669aa70db7593bf0a465a5097774ed35314920bfce1c3d4d36d87a2d0bff604da10fc4056b7c6f446a1d59bc2ca97a4753671da002ca78eaa781dff73f0206f656741843607ad3acf91665bc081169405da0ea89b07fb1d15547182f4eaacdbcbdc2682e0c6b8215b670e29e914e0d58a725047d65a1be21eaef3dbb77994d3a0b013bc40ef202ca5a5fab876dd58ec1c4c427b8fab25a9dd53b4522e74ed4a3e78fd18f4e29fd8b6cc090a5520f4d3d8b6db333f6e34658cc23ce49baf0741ca7a145fd968b3bb203bcd161405c536382c391d01513273f199b8fa46cb2fb399687f967a6468e4b834d7c6f533a0ca03db749f440f17fa183228c81b4764af0b3b5788b2e4b4a57411f8a3d6aefb9fd80ec15346ebe20d2cf6f65149283fbfe67b70183a6ef0d3d59b667df4625dda8144689e1d7bff931203d9b1fba707756de15b3ee658fdc1ff6ff510e792ecc72732dc2c8df171a00e4fe8607f86fb5a787bb506f382c519cd254a665a841d322addce134f0dffca9c145a5b694b23e6,gx-no-cache=1519993274056 HTTP/1.1" 200 30
186.67.172.234 - - [02/Mar/2018:09:22:12 -0300] "POST /cormun/servlet/solicitudot?gx-no-cache=1519993281770 HTTP/1.1" 200 30
186.79.129.57 - - [02/Mar/2018:09:22:18 -0300] "POST /cormun/servlet/trvisualizadoreventos?fc67e2ae6501227e933f9e6fb5f58a05,,gx-no-cache=1519993289919 HTTP/1.1" 200 4149
186.67.172.234 - - [02/Mar/2018:09:22:21 -0300] "GET /cormun/static/Resources/resize.gif HTTP/1.1" 200 77
186.67.172.234 - - [02/Mar/2018:09:22:22 -0300] "GET /cormun/servlet/prbanco?,MD,,gxPopupLevel%3D0%3B HTTP/1.1" 200 6664
186.67.172.234 - - [02/Mar/2018:09:22:22 -0300] "GET /cormun/static/gxcfg.js?20181161016094 HTTP/1.1" 200 953
186.67.172.234 - - [02/Mar/2018:09:22:22 -0300] "GET /cormun/static/prbanco.js?2018116101633 HTTP/1.1" 200 10693
186.67.172.234 - - [02/Mar/2018:09:22:22 -0300] "GET /cormun/static/Resources/PXToolsMenuSearch.png HTTP/1.1" 200 2914
186.67.172.234 - - [02/Mar/2018:09:22:22 -0300] "GET /cormun/static/Resources/PXToolsMenuSearchCancel.png HTTP/1.1" 200 2972
186.79.129.57 - - [02/Mar/2018:09:22:23 -0300] "GET /cormun/servlet/trautorizarsolicitud? HTTP/1.1" 200 7311
186.79.129.57 - - [02/Mar/2018:09:22:24 -0300] "GET /cormun/servlet/trautorizarsolicitud? HTTP/1.1" 200 7311
186.67.172.234 - - [02/Mar/2018:09:22:24 -0300] "GET /cormun/static/Shared/jqueryui/images/ui-icons_82798d_256x240.png HTTP/1.1" 404 1089
186.79.129.57 - - [02/Mar/2018:09:22:34 -0300] "GET /cormun/static/menuarrow.gif HTTP/1.1" 404 1015
186.103.159.182 - - [02/Mar/2018:09:22:37 -0300] "POST /cormun/servlet/trcontratounov2?986c602e7476ffde58fb40ed2922a165,,gx-no-cache=1519993306830 HTTP/1.1" 200 16547
186.103.156.166 - - [02/Mar/2018:09:22:47 -0300] "GET /cormun/servlet/trvisualizadoreventos? HTTP/1.1" 200 6929
186.103.156.166 - - [02/Mar/2018:09:22:48 -0300] "GET /cormun/servlet/trvisualizadoreventos? HTTP/1.1" 200 6928
186.103.156.166 - - [02/Mar/2018:09:22:53 -0300] "POST /cormun/servlet/trvisualizadoreventos?38760b37f8ba83555c73dc9f7ec43a64,,gx-no-cache=1519993328063 HTTP/1.1" 200 110
186.103.156.166 - - [02/Mar/2018:09:22:54 -0300] "GET /cormun/VisualizadorEventos-266.xls HTTP/1.1" 200 4096
186.79.129.57 - - [02/Mar/2018:09:22:55 -0300] "POST /cormun/servlet/trautorizarsolicitud?fc67e2ae6501227e933f9e6fb5f58a05,,gx-no-cache=1519993327303 HTTP/1.1" 200 5747
186.67.172.234 - - [02/Mar/2018:09:23:03 -0300] "GET /cormun/servlet/solicitudot?f669aa70db7593bf0a465a5097774ed3f4ecc6f7e9147706918e6bbc49bd4267,gx-no-cache=1519993332293 HTTP/1.1" 200 51
186.103.159.182 - - [02/Mar/2018:09:23:10 -0300] "POST /cormun/servlet/trcontratounov2?986c602e7476ffde58fb40ed2922a165,,gx-no-cache=1519993337618 HTTP/1.1" 200 16544
186.79.129.57 - - [02/Mar/2018:09:23:11 -0300] "POST /cormun/servlet/trautorizarsolicitud?fc67e2ae6501227e933f9e6fb5f58a05,,gx-no-cache=1519993340776 HTTP/1.1" 200 5758
186.79.129.57 - - [02/Mar/2018:09:23:11 -0300] "GET /cormun/static/Shared/jqueryui/images/ui-bg_highlight-soft_100_c6c2c8_1x100.png HTTP/1.1" 404 1117
186.79.129.57 - - [02/Mar/2018:09:23:11 -0300] "GET /cormun/static/Shared/jqueryui/images/ui-icons_82798d_256x240.png HTTP/1.1" 404 1089
186.79.129.57 - - [02/Mar/2018:09:23:11 -0300] "GET /cormun/static/Shared/jqueryui/images/ui-icons_8d78a5_256x240.png HTTP/1.1" 404 1089
186.79.129.57 - - [02/Mar/2018:09:23:11 -0300] "GET /cormun/static/Shared/jqueryui/images/ui-bg_flat_55_fafafa_40x100.png HTTP/1.1" 404 1097
186.103.156.166 - - [02/Mar/2018:09:23:17 -0300] "GET /cormun/servlet/trsolicitudot? HTTP/1.1" 200 7384
186.103.156.166 - - [02/Mar/2018:09:23:19 -0300] "GET /cormun/servlet/trsolicitudot? HTTP/1.1" 200 7383
186.103.157.246 - - [02/Mar/2018:09:23:20 -0300] "POST /cormun/servlet/solicitudot?gx-no-cache=1519993353027 HTTP/1.1" 200 120
186.79.129.57 - - [02/Mar/2018:09:23:21 -0300] "GET /cormun/servlet/trvisualizadoreventos? HTTP/1.1" 200 6974
186.79.129.57 - - [02/Mar/2018:09:23:22 -0300] "GET /cormun/servlet/trvisualizadoreventos? HTTP/1.1" 200 6973
186.103.156.166 - - [02/Mar/2018:09:23:22 -0300] "GET /cormun/servlet/solicitudot?INS,0,0, HTTP/1.1" 200 13610
186.103.156.166 - - [02/Mar/2018:09:23:23 -0300] "GET /cormun/servlet/solicitudot?INS,0,0, HTTP/1.1" 200 13615
186.67.172.234 - - [02/Mar/2018:09:23:24 -0300] "POST /cormun/servlet/solicitudot?gx-no-cache=1519993353381 HTTP/1.1" 200 254
186.67.172.234 - - [02/Mar/2018:09:23:24 -0300] "GET /cormun/servlet/solicitudot?f669aa70db7593bf0a465a5097774ed35314920bfce1c3d4d36d87a2d0bff604da10fc4056b7c6f446a1d59bc2ca97a4753671da002ca78eaa781dff73f0206f656741843607ad3acf91665bc081169405da0ea89b07fb1d15547182f4eaacdbcbdc2682e0c6b8215b670e29e914e0d58a725047d65a1be21eaef3dbb77994d3a0b013bc40ef202ca5a5fab876dd58ec1c4c427b8fab25a9dd53b4522e74ed4a3e78fd18f4e29fd8b6cc090a5520f4d3d8b6db333f6e34658cc23ce49baf0741ca7a145fd968b3bb203bcd161405c536382c391d01513273f199b8fa46cb2fb399687f967a6468e4b834d7c6f533a0ca03db749f440f17fa183228c81b4764af0b3b5788b2e4b4a57411f8a3d6aefb9fd80ec15346ebe20d2cf6f65149283fbfe67b70183a6ef0d3d59b667df4625dda8144689e1d7bff931203d9b1fba707756de15b3ee658fdc1ff6ff510e792ecc72732dc2c8df171a00e4fe8607f86fb5a787bb506f382c519cd254a665a841d32f168c2fb28a29429b89e29aa9f95b85e,gx-no-cache=1519993353656 HTTP/1.1" 200 30
186.67.172.234 - - [02/Mar/2018:09:23:24 -0300] "POST /cormun/servlet/solicitudot?gx-no-cache=1519993353784 HTTP/1.1" 200 30
186.67.172.234 - - [02/Mar/2018:09:23:25 -0300] "POST /cormun/servlet/solicitudot?gx-no-cache=1519993354261 HTTP/1.1" 200 1337
186.67.172.234 - - [02/Mar/2018:09:23:25 -0300] "POST /cormun/servlet/solicitudot?gx-no-cache=1519993354526 HTTP/1.1" 200 38
186.103.159.182 - - [02/Mar/2018:09:23:29 -0300] "POST /cormun/servlet/trcontratounov2?986c602e7476ffde58fb40ed2922a165,,gx-no-cache=1519993350731 HTTP/1.1" 200 16548
186.79.129.57 - - [02/Mar/2018:09:23:32 -0300] "POST /cormun/servlet/trvisualizadoreventos?fc67e2ae6501227e933f9e6fb5f58a05,,gx-no-cache=1519993363357 HTTP/1.1" 200 4151
186.103.157.246 - - [02/Mar/2018:09:23:34 -0300] "GET /cormun/servlet/solicitudot?3ad47763fe393c9a749a6bce1a1c5ddcf0495c327bc4fc0a369b4af50a8eae6f28c6c921678e9c117d564efddee87c11,gx-no-cache=1519993367347 HTTP/1.1" 200 30
186.103.157.246 - - [02/Mar/2018:09:23:35 -0300] "POST /cormun/servlet/solicitudot?gx-no-cache=1519993367814 HTTP/1.1" 200 120
186.79.129.57 - - [02/Mar/2018:09:23:36 -0300] "GET /cormun/servlet/trautorizarsolicitud? HTTP/1.1" 200 8659
186.79.129.57 - - [02/Mar/2018:09:23:37 -0300] "GET /cormun/servlet/trautorizarsolicitud? HTTP/1.1" 200 8658
186.79.129.57 - - [02/Mar/2018:09:23:42 -0300] "POST /cormun/servlet/trautorizarsolicitud?fc67e2ae6501227e933f9e6fb5f58a05,,gx-no-cache=1519993373682 HTTP/1.1" 200 5759
186.79.129.57 - - [02/Mar/2018:09:23:42 -0300] "GET /cormun/static/Shared/jqueryui/images/ui-bg_highlight-soft_100_c6c2c8_1x100.png HTTP/1.1" 404 1117
186.79.129.57 - - [02/Mar/2018:09:23:42 -0300] "GET /cormun/static/Shared/jqueryui/images/ui-bg_flat_55_fafafa_40x100.png HTTP/1.1" 404 1097
186.79.129.57 - - [02/Mar/2018:09:23:42 -0300] "GET /cormun/static/Shared/jqueryui/images/ui-icons_8d78a5_256x240.png HTTP/1.1" 404 1089
186.79.129.57 - - [02/Mar/2018:09:23:42 -0300] "GET /cormun/static/Shared/jqueryui/images/ui-icons_82798d_256x240.png HTTP/1.1" 404 1089
186.103.159.182 - - [02/Mar/2018:09:23:50 -0300] "POST /cormun/servlet/trcontratounov2?986c602e7476ffde58fb40ed2922a165,,gx-no-cache=1519993371723 HTTP/1.1" 200 16523
186.79.129.57 - - [02/Mar/2018:09:23:54 -0300] "GET /cormun/servlet/treventos?2018,9833, HTTP/1.1" 200 6252
186.79.129.57 - - [02/Mar/2018:09:23:54 -0300] "GET /cormun/static/gxcfg.js?2016101716195975 HTTP/1.1" 200 953
186.79.129.57 - - [02/Mar/2018:09:23:55 -0300] "GET /cormun/servlet/treventos?2018,9833, HTTP/1.1" 200 6252
186.103.156.166 - - [02/Mar/2018:09:23:58 -0300] "POST /cormun/servlet/solicitudot?gx-no-cache=1519993393808 HTTP/1.1" 200 3505
186.103.156.166 - - [02/Mar/2018:09:23:58 -0300] "GET /cormun/static/Shared/jqueryui/images/ui-bg_highlight-soft_100_c6c2c8_1x100.png HTTP/1.1" 404 1117
186.103.156.166 - - [02/Mar/2018:09:23:58 -0300] "GET /cormun/static/Shared/jqueryui/images/ui-icons_82798d_256x240.png HTTP/1.1" 404 1089
186.103.156.166 - - [02/Mar/2018:09:23:58 -0300] "GET /cormun/static/Shared/jqueryui/images/ui-bg_flat_55_994d53_40x100.png HTTP/1.1" 404 1097
186.103.156.166 - - [02/Mar/2018:09:23:58 -0300] "GET /cormun/static/Shared/jqueryui/images/ui-icons_ebccce_256x240.png HTTP/1.1" 404 1089
186.79.129.57 - - [02/Mar/2018:09:23:58 -0300] "GET /cormun/servlet/trautorizarsolicitud? HTTP/1.1" 200 8659
186.79.129.57 - - [02/Mar/2018:09:23:59 -0300] "GET /cormun/servlet/trautorizarsolicitud? HTTP/1.1" 200 8658
186.103.156.166 - - [02/Mar/2018:09:24:02 -0300] "GET /cormun/servlet/solicitudot?797f2ffa27d76aac896cc44a47944fc5f47933aa6fdf29e1cbce3451c639688f96687d6980b97f45a1445d3b57970844,gx-no-cache=1519993398690 HTTP/1.1" 200 30
186.67.172.234 - - [02/Mar/2018:09:24:03 -0300] "GET /cormun/servlet/solicitudot?f669aa70db7593bf0a465a5097774ed3b88fc058ad3acabb0b3fbdd7c864de002f69e27ce154c8cbb02b42bac4e01f1aa86105dcab28013a5d55a6b2c0f6a76c10ad725997acb033f7ff32d8f1d57ffb88aa56e7d285cec1424c7077e89388e200173211ba749b8539e64fe864df6a3c1844b66daff96239178a05b700f42c4a913fc9069fb2dd622d948cc60d752b2a76cb5326c226e2422f41e612b7b22a7d53b55ced0d2b9ad442f5456b86771cd5cb0a92ba8967ec890b6a19200f56442394c2eeec88d3685c5b4437644cf29d87,gx-no-cache=1519993392267 HTTP/1.1" 200 29
186.67.172.234 - - [02/Mar/2018:09:24:06 -0300] "POST /cormun/servlet/solicitudot?gx-no-cache=1519993395458 HTTP/1.1" 200 1319
186.67.172.234 - - [02/Mar/2018:09:24:06 -0300] "POST /cormun/servlet/solicitudot?gx-no-cache=1519993395716 HTTP/1.1" 200 1219
186.79.129.57 - - [02/Mar/2018:09:24:10 -0300] "POST /cormun/servlet/trautorizarsolicitud?fc67e2ae6501227e933f9e6fb5f58a05,,gx-no-cache=1519993402153 HTTP/1.1" 200 5758
186.79.129.57 - - [02/Mar/2018:09:24:10 -0300] "GET /cormun/static/Shared/jqueryui/images/ui-bg_highlight-soft_100_c6c2c8_1x100.png HTTP/1.1" 404 1117
186.79.129.57 - - [02/Mar/2018:09:24:10 -0300] "GET /cormun/static/Shared/jqueryui/images/ui-bg_flat_55_fafafa_40x100.png HTTP/1.1" 404 1097
186.79.129.57 - - [02/Mar/2018:09:24:10 -0300] "GET /cormun/static/Shared/jqueryui/images/ui-icons_82798d_256x240.png HTTP/1.1" 404 1089
186.79.129.57 - - [02/Mar/2018:09:24:10 -0300] "GET /cormun/static/Shared/jqueryui/images/ui-icons_8d78a5_256x240.png HTTP/1.1" 404 1089
186.67.172.234 - - [02/Mar/2018:09:24:11 -0300] "GET /cormun/static/menuarrow.gif HTTP/1.1" 404 1015
186.67.172.234 - - [02/Mar/2018:09:24:15 -0300] "GET /cormun/servlet/solicitudot?f669aa70db7593bf0a465a5097774ed343e435f524b06377014a2d5996970f6d693870cc104b5ab6e86630d214770e0f,gx-no-cache=1519993404738 HTTP/1.1" 200 30
186.103.159.182 - - [02/Mar/2018:09:24:17 -0300] "POST /cormun/servlet/trcontratounov2?986c602e7476ffde58fb40ed2922a165,,gx-no-cache=1519993408353 HTTP/1.1" 200 16546
186.79.129.57 - - [02/Mar/2018:09:24:26 -0300] "POST /cormun/servlet/trautorizarsolicitud?fc67e2ae6501227e933f9e6fb5f58a05,,gx-no-cache=1519993418508 HTTP/1.1" 200 4402
186.67.172.234 - - [02/Mar/2018:09:24:31 -0300] "POST /cormun/servlet/solicitudot?gx-no-cache=1519993420246 HTTP/1.1" 200 30
186.67.172.234 - - [02/Mar/2018:09:24:32 -0300] "POST /cormun/servlet/solicitudot?067a8dba8ac3ccebf349e7ecccb54684,INS,0,0,,gx-no-cache=1519993420348 HTTP/1.1" 200 93
186.67.172.234 - - [02/Mar/2018:09:24:32 -0300] "GET /cormun/servlet/hpexe_return? HTTP/1.1" 200 1007
186.67.172.234 - - [02/Mar/2018:09:24:32 -0300] "GET /cormun/static/gxcfg.js?2016101716175148 HTTP/1.1" 200 953
186.67.172.234 - - [02/Mar/2018:09:24:32 -0300] "GET /cormun/static/hpexe_return.js?2016101716175153 HTTP/1.1" 200 1633
186.67.172.234 - - [02/Mar/2018:09:24:32 -0300] "GET /cormun/static/Resources/Spanish/PXTools.css?167811 HTTP/1.1" 200 89042
186.67.172.234 - - [02/Mar/2018:09:24:33 -0300] "GET /cormun/servlet/trsolicitudot HTTP/1.1" 200 8816
186.67.172.234 - - [02/Mar/2018:09:24:33 -0300] "GET /cormun//static/Resources/PXToolsActionView.png HTTP/1.1" 200 2995
186.67.172.234 - - [02/Mar/2018:09:24:33 -0300] "GET /cormun//static/Resources/PXToolsGridUpdate.png HTTP/1.1" 200 2984
186.67.172.234 - - [02/Mar/2018:09:24:33 -0300] "GET /cormun//static/Resources/PXToolsGridDelete.png HTTP/1.1" 200 357
186.67.172.234 - - [02/Mar/2018:09:24:33 -0300] "GET /cormun//static/Resources/PXTools/ActionInsert.png HTTP/1.1" 200 1482
186.67.172.234 - - [02/Mar/2018:09:24:33 -0300] "GET /cormun//static/Resources/PXToolsRemoveAllAction.png HTTP/1.1" 200 3558
186.67.172.234 - - [02/Mar/2018:09:24:33 -0300] "GET /cormun/servlet/trsolicitudot HTTP/1.1" 200 8812
186.79.129.57 - - [02/Mar/2018:09:24:40 -0300] "POST /cormun/servlet/trautorizarsolicitud?fc67e2ae6501227e933f9e6fb5f58a05,,gx-no-cache=1519993431650 HTTP/1.1" 200 6094
186.103.157.246 - - [02/Mar/2018:09:24:40 -0300] "POST /cormun/servlet/solicitudot?gx-no-cache=1519993432754 HTTP/1.1" 200 122
186.103.157.246 - - [02/Mar/2018:09:24:40 -0300] "POST /cormun/servlet/solicitudot?gx-no-cache=1519993433155 HTTP/1.1" 200 1319
186.103.157.246 - - [02/Mar/2018:09:24:41 -0300] "POST /cormun/servlet/solicitudot?gx-no-cache=1519993433561 HTTP/1.1" 200 1219
186.103.157.246 - - [02/Mar/2018:09:24:41 -0300] "POST /cormun/servlet/solicitudot?gx-no-cache=1519993433899 HTTP/1.1" 200 120
186.103.157.246 - - [02/Mar/2018:09:24:42 -0300] "POST /cormun/servlet/solicitudot?8717026766da2961fd6c2955fc9b580c,INS,0,0,,gx-no-cache=1519993434104 HTTP/1.1" 200 11793
186.79.129.57 - - [02/Mar/2018:09:24:50 -0300] "POST /cormun/servlet/trautorizarsolicitud?fc67e2ae6501227e933f9e6fb5f58a05,,gx-no-cache=1519993442141 HTTP/1.1" 200 6107
186.103.159.182 - - [02/Mar/2018:09:24:51 -0300] "POST /cormun/servlet/trcontratounov2?986c602e7476ffde58fb40ed2922a165,,gx-no-cache=1519993441822 HTTP/1.1" 200 16535
186.67.172.234 - - [02/Mar/2018:09:24:54 -0300] "GET /cormun/servlet/solicitudot?INS,0,0, HTTP/1.1" 200 13673
186.67.172.234 - - [02/Mar/2018:09:24:55 -0300] "GET /cormun/servlet/solicitudot?INS,0,0, HTTP/1.1" 200 13678
186.103.159.182 - - [02/Mar/2018:09:25:02 -0300] "POST /cormun/servlet/trcontratounov2?986c602e7476ffde58fb40ed2922a165,,gx-no-cache=1519993451625 HTTP/1.1" 200 16532
186.67.172.234 - - [02/Mar/2018:09:25:08 -0300] "POST /cormun/servlet/solicitudot?gx-no-cache=1519993457740 HTTP/1.1" 200 3376
186.67.172.234 - - [02/Mar/2018:09:25:10 -0300] "POST /cormun/servlet/solicitudot?067a8dba8ac3ccebf349e7ecccb54684,INS,0,0,,gx-no-cache=1519993458318 HTTP/1.1" 200 10545
186.67.172.234 - - [02/Mar/2018:09:25:16 -0300] "GET /cormun/servlet/prbanco?,MD,,gxPopupLevel%3D0%3B HTTP/1.1" 200 6664
186.103.157.246 - - [02/Mar/2018:09:25:22 -0300] "POST /cormun/servlet/solicitudot?gx-no-cache=1519993474687 HTTP/1.1" 200 122
186.103.157.246 - - [02/Mar/2018:09:25:22 -0300] "POST /cormun/servlet/solicitudot?gx-no-cache=1519993475245 HTTP/1.1" 200 1319
186.103.157.246 - - [02/Mar/2018:09:25:23 -0300] "POST /cormun/servlet/solicitudot?gx-no-cache=1519993475698 HTTP/1.1" 200 1219
186.103.157.246 - - [02/Mar/2018:09:25:23 -0300] "POST /cormun/servlet/solicitudot?gx-no-cache=1519993475997 HTTP/1.1" 200 120
186.103.159.182 - - [02/Mar/2018:09:25:24 -0300] "GET /cormun/servlet/trcontratosolicitud? HTTP/1.1" 200 10066
186.103.157.246 - - [02/Mar/2018:09:25:24 -0300] "POST /cormun/servlet/solicitudot?8717026766da2961fd6c2955fc9b580c,INS,0,0,,gx-no-cache=1519993476203 HTTP/1.1" 200 11849
186.79.129.57 - - [02/Mar/2018:09:25:26 -0300] "POST /cormun/servlet/trautorizarsolicitud?fc67e2ae6501227e933f9e6fb5f58a05,,gx-no-cache=1519993478652 HTTP/1.1" 200 6108
186.103.159.182 - - [02/Mar/2018:09:25:27 -0300] "GET /cormun/servlet/trcontratosolicitud? HTTP/1.1" 200 10068
186.67.172.234 - - [02/Mar/2018:09:25:32 -0300] "GET /cormun/servlet/solicitudot?f669aa70db7593bf0a465a5097774ed31f543c9196ecb25d80c12aada18c3537b6dfc1ea701a8c34bcc621d3295d285a,gx-no-cache=1519993481266 HTTP/1.1" 200 30
186.67.172.234 - - [02/Mar/2018:09:25:32 -0300] "GET /cormun/servlet/solicitudot?f669aa70db7593bf0a465a5097774ed3f03e2a680e5b15565c48650116e122c1295def7d00d49ef77e4ac89b177059a5,gx-no-cache=1519993481416 HTTP/1.1" 200 30
186.79.129.57 - - [02/Mar/2018:09:25:32 -0300] "POST /cormun/servlet/trautorizarsolicitud?fc67e2ae6501227e933f9e6fb5f58a05,,gx-no-cache=1519993484531 HTTP/1.1" 200 6107
186.67.172.234 - - [02/Mar/2018:09:25:33 -0300] "GET /cormun/servlet/solicitudot?f669aa70db7593bf0a465a5097774ed3f4ecc6f7e9147706918e6bbc49bd4267,gx-no-cache=1519993482981 HTTP/1.1" 200 51
186.103.159.182 - - [02/Mar/2018:09:25:37 -0300] "POST /cormun/servlet/trcontratosolicitud?986c602e7476ffde58fb40ed2922a165,,gx-no-cache=1519993489812 HTTP/1.1" 200 12582
186.79.129.57 - - [02/Mar/2018:09:25:45 -0300] "GET /cormun/servlet/trvisualizadoreventos? HTTP/1.1" 200 6974
186.79.129.57 - - [02/Mar/2018:09:25:46 -0300] "GET /cormun/servlet/trvisualizadoreventos? HTTP/1.1" 200 6973
186.67.172.234 - - [02/Mar/2018:09:25:49 -0300] "POST /cormun/servlet/solicitudot?gx-no-cache=1519993498912 HTTP/1.1" 200 255
186.67.172.234 - - [02/Mar/2018:09:25:50 -0300] "GET /cormun/servlet/solicitudot?f669aa70db7593bf0a465a5097774ed35314920bfce1c3d4d36d87a2d0bff604da10fc4056b7c6f446a1d59bc2ca97a4753671da002ca78eaa781dff73f0206f656741843607ad3acf91665bc081169405da0ea89b07fb1d15547182f4eaacdbcbdc2682e0c6b8215b670e29e914e0d58a725047d65a1be21eaef3dbb77994d3a0b013bc40ef202ca5a5fab876dd58ec1c4c427b8fab25a9dd53b4522e74ed4a3e78fd18f4e29fd8b6cc090a5520f4d3d8b6db333f6e34658cc23ce49baf0741ca7a145fd968b3bb203bcd161405c536382c391d01513273f199b8fa46cb2fb399687f967a6468e4b834d7c6f533a0ca03db749f440f17fa183228c81b4764af0b3b5788b2e4b4a57411f8a3d6aefb9fd80ec15346ebe20d2cf6f65149283fbfe67b70183a6ef0d3d59b667df4625dda8144689e1d7bff931203d9b1fba707756de15b3ee658fdc1ff6ff510e792ecc72732dc2c8df171a00e4fe8607f86fb5a787bb506f382c519cd254a665a841d322addce134f0dffca9c145a5b694b23e6,gx-no-cache=1519993499035 HTTP/1.1" 200 30
186.79.129.57 - - [02/Mar/2018:09:25:50 -0300] "GET /cormun/servlet/trautorizarsolicitud? HTTP/1.1" 200 9002
186.79.129.57 - - [02/Mar/2018:09:25:51 -0300] "GET /cormun/servlet/trautorizarsolicitud? HTTP/1.1" 200 9002
186.67.172.234 - - [02/Mar/2018:09:25:56 -0300] "POST /cormun/servlet/solicitudot?gx-no-cache=1519993505785 HTTP/1.1" 200 30
186.103.156.166 - - [02/Mar/2018:09:26:02 -0300] "GET /cormun/servlet/trfichaempleado? HTTP/1.1" 200 13812
186.103.156.166 - - [02/Mar/2018:09:26:03 -0300] "GET /cormun/servlet/solicitudot?797f2ffa27d76aac896cc44a47944fc51d0037ac73ccc32767c342a528e6c6cfddced03307319877b6a187359efc9c0497163adbbaf9880556498027df0d12eb,gx-no-cache=1519993519889 HTTP/1.1" 200 30
186.103.156.166 - - [02/Mar/2018:09:26:08 -0300] "GET /cormun/servlet/solicitudot?797f2ffa27d76aac896cc44a47944fc55edcdac2f016d759b4e5985777a068cb,gx-no-cache=1519993524702 HTTP/1.1" 200 53
186.79.129.57 - - [02/Mar/2018:09:26:12 -0300] "GET /cormun/servlet/trvisualizadoreventos? HTTP/1.1" 200 6974
186.79.129.57 - - [02/Mar/2018:09:26:13 -0300] "GET /cormun/servlet/trvisualizadoreventos? HTTP/1.1" 200 6973
186.67.172.234 - - [02/Mar/2018:09:26:15 -0300] "POST /cormun/servlet/solicitudot?gx-no-cache=1519993524312 HTTP/1.1" 200 30
186.103.156.166 - - [02/Mar/2018:09:26:17 -0300] "GET /cormun/servlet/trfichaempleado HTTP/1.1" 200 13816
186.67.172.234 - - [02/Mar/2018:09:26:19 -0300] "POST /cormun/servlet/solicitudot?gx-no-cache=1519993528836 HTTP/1.1" 200 1337
186.67.172.234 - - [02/Mar/2018:09:26:19 -0300] "POST /cormun/servlet/solicitudot?gx-no-cache=1519993529021 HTTP/1.1" 200 38
186.103.156.166 - - [02/Mar/2018:09:26:24 -0300] "GET /cormun/servlet/solicitudot?797f2ffa27d76aac896cc44a47944fc59732d85bfd1527dd6737c4a3614691ac0383ae514771bbfcf658cc9cf342de76a168c8898295ae4cecdb2f336a34dc89365fa79fe0fa7c3328cb86802260ed18ac6e3e1f935db897af89b13f4736c15a75b2d59bb389170e43fa40f1fe8d3b69a474a4a57bd83080549e65a251501c101515381de84e627b0b59367bee9a5dc3ab2c3d32935671007f6699c34c84b40b6e61521bad3528310956ffdf13dfe3077bb3a82d0550ff5e46f00a84bfa53e9611f5e567c0d3ac309141aed9c4fa606826598303ffd26f9926dd7b1cbb4ffb753ffb42c51796002f143e7bffc575b86217e69989458607b52b6aaf5052bebfaca8a0d1d95df5472e53baf580bc2e1cd28dbaabccbc664eabb4e0fb0c4cbcba7132c8077e340ab251fa948555717a7d0e2bef4fdd24775f9e414730899ed024c60d6141247574606d846c8c2fbbdaeb59,gx-no-cache=1519993539862 HTTP/1.1" 200 240
186.103.156.166 - - [02/Mar/2018:09:26:27 -0300] "GET /cormun/servlet/solicitudot?797f2ffa27d76aac896cc44a47944fc59b80319c7f8ab50f94926e9eb11cfcf1d0bc4601ed320ff3c546baae731f58d60389d778ba4cd92c12a3afdc4d154140f0e91fb8a8224995f0fd51f809128025ff8b89c1ba8f9a11ba3e39e970699a0236e8020d4e845e65d3038ddacf596ab43fc5c437337fad56caea770734232b2f9354af46867899f4a659cc6cee67e5387ba2b03d4a24d7f2a70f171caa9f23e5fea52d97276d3357c772b0a398acacaa661bb04858747ea78a3c3780ef95e06710b4faafe0c0b378272c788d9ffb2dea700244c5415993711ed8bfca155f25cc681279b8c17fc71da706ac43aebae6f5e0603aa03d78a7d187a15cf25b6e6884f0e3e625f849066808010a8bae51c1b8a76552db3e01421051bb000d2ebdb09db48d84a86c8453027e10907e64ebcae13f730a92e1c371be811bdcfe5093c7ea834bfe81131f83cca37287a9bcfde396d38335cb0e712b13b68bff75c76533ea1038d7f2b996d0716337c91956338d64a53aa7da77b0e7b799516c812f07698a,gx-no-cache=1519993543138 HTTP/1.1" 200 30
186.103.156.166 - - [02/Mar/2018:09:26:27 -0300] "POST /cormun/servlet/solicitudot?gx-no-cache=1519993543583 HTTP/1.1" 200 30
186.103.156.166 - - [02/Mar/2018:09:26:27 -0300] "POST /cormun/servlet/solicitudot?gx-no-cache=1519993543705 HTTP/1.1" 200 1331
186.103.156.166 - - [02/Mar/2018:09:26:27 -0300] "POST /cormun/servlet/solicitudot?gx-no-cache=1519993543908 HTTP/1.1" 200 38
186.103.157.246 - - [02/Mar/2018:09:26:32 -0300] "GET /cormun/servlet/prlicenciaspermisos?15105682,L,,MD,,gxPopupLevel%3D0%3B HTTP/1.1" 200 6440
186.103.157.246 - - [02/Mar/2018:09:26:33 -0300] "GET /cormun/static/calendar-system.css?75620 HTTP/1.1" 304 -
186.103.157.246 - - [02/Mar/2018:09:26:33 -0300] "GET /cormun/static/gxcfg.js?20176272053834 HTTP/1.1" 200 953
186.103.157.246 - - [02/Mar/2018:09:26:33 -0300] "GET /cormun/static/Resources/Spanish/PXTools.css?17315867 HTTP/1.1" 200 89042
186.103.157.246 - - [02/Mar/2018:09:26:33 -0300] "GET /cormun/static/prlicenciaspermisos.js?20176272054050 HTTP/1.1" 200 13379
186.67.172.234 - - [02/Mar/2018:09:26:34 -0300] "GET /cormun/servlet/solicitudot?f669aa70db7593bf0a465a5097774ed3b88fc058ad3acabb0b3fbdd7c864de002f69e27ce154c8cbb02b42bac4e01f1aa86105dcab28013a5d55a6b2c0f6a76c10ad725997acb033f7ff32d8f1d57ffb88aa56e7d285cec1424c7077e89388e200173211ba749b8539e64fe864df6a3c1844b66daff96239178a05b700f42c4a913fc9069fb2dd622d948cc60d752b2a76cb5326c226e2422f41e612b7b22a7d53b55ced0d2b9ad442f5456b86771cd5cb0a92ba8967ec890b6a19200f56442394c2eeec88d3685c5b4437644cf29d87,gx-no-cache=1519993543698 HTTP/1.1" 200 29
186.67.172.234 - - [02/Mar/2018:09:26:37 -0300] "POST /cormun/servlet/solicitudot?gx-no-cache=1519993546610 HTTP/1.1" 200 1321
186.67.172.234 - - [02/Mar/2018:09:26:38 -0300] "POST /cormun/servlet/solicitudot?gx-no-cache=1519993546858 HTTP/1.1" 200 1219
186.67.172.234 - - [02/Mar/2018:09:26:44 -0300] "GET /cormun/static/menuarrow.gif HTTP/1.1" 404 1015
186.67.172.234 - - [02/Mar/2018:09:26:47 -0300] "GET /cormun/servlet/solicitudot?f669aa70db7593bf0a465a5097774ed343e435f524b06377014a2d5996970f6d693870cc104b5ab6e86630d214770e0f,gx-no-cache=1519993556959 HTTP/1.1" 200 30
186.67.172.234 - - [02/Mar/2018:09:26:54 -0300] "POST /cormun/servlet/solicitudot?gx-no-cache=1519993563981 HTTP/1.1" 200 30
186.103.159.182 - - [02/Mar/2018:09:27:02 -0300] "GET /cormun/servlet/trfichaempleado? HTTP/1.1" 200 14949
186.67.172.234 - - [02/Mar/2018:09:27:11 -0300] "POST /cormun/servlet/solicitudot?067a8dba8ac3ccebf349e7ecccb54684,INS,0,0,,gx-no-cache=1519993580237 HTTP/1.1" 200 93
186.67.172.234 - - [02/Mar/2018:09:27:11 -0300] "GET /cormun/servlet/hpexe_return? HTTP/1.1" 200 1007
186.67.172.234 - - [02/Mar/2018:09:27:12 -0300] "GET /cormun/servlet/trsolicitudot HTTP/1.1" 200 9118
186.67.172.234 - - [02/Mar/2018:09:27:13 -0300] "GET /cormun/servlet/trsolicitudot HTTP/1.1" 200 9114
186.103.156.166 - - [02/Mar/2018:09:27:22 -0300] "POST /cormun/servlet/solicitudot?gx-no-cache=1519993598025 HTTP/1.1" 200 1330
186.103.156.166 - - [02/Mar/2018:09:27:22 -0300] "POST /cormun/servlet/solicitudot?gx-no-cache=1519993598344 HTTP/1.1" 200 38
186.103.156.166 - - [02/Mar/2018:09:27:34 -0300] "GET /cormun/servlet/solicitudot?797f2ffa27d76aac896cc44a47944fc5223590af374e5a8c6c123ee0a5d321a317e69989458607b52b6aaf5052bebfaca8a0d1d95df5472e53baf580bc2e1cd240e4e7c88682215b47a02296b36476bc,gx-no-cache=1519993610418 HTTP/1.1" 200 29
186.103.156.166 - - [02/Mar/2018:09:27:34 -0300] "POST /cormun/servlet/solicitudot?gx-no-cache=1519993610496 HTTP/1.1" 200 1317
186.103.156.166 - - [02/Mar/2018:09:27:34 -0300] "POST /cormun/servlet/solicitudot?gx-no-cache=1519993610682 HTTP/1.1" 200 1215
186.67.172.234 - - [02/Mar/2018:09:27:38 -0300] "POST /cormun/servlet/trsolicitudot?067a8dba8ac3ccebf349e7ecccb54684,gx-no-cache=1519993606845 HTTP/1.1" 200 106
186.67.172.234 - - [02/Mar/2018:09:27:39 -0300] "GET /cormun/servlet/solicitudot?UPD,2018,9834, HTTP/1.1" 200 15410
186.67.172.234 - - [02/Mar/2018:09:27:40 -0300] "GET /cormun/servlet/solicitudot?UPD,2018,9834, HTTP/1.1" 200 15419
186.67.172.234 - - [02/Mar/2018:09:27:40 -0300] "POST /cormun/servlet/solicitudot?gx-no-cache=1519993609207 HTTP/1.1" 200 3384
186.67.172.234 - - [02/Mar/2018:09:27:41 -0300] "POST /cormun/servlet/solicitudot?067a8dba8ac3ccebf349e7ecccb54684,UPD,2018,9834,,gx-no-cache=1519993609612 HTTP/1.1" 200 11680
186.67.172.234 - - [02/Mar/2018:09:27:41 -0300] "GET /cormun/servlet/solicitudot?f669aa70db7593bf0a465a5097774ed31f543c9196ecb25d80c12aada18c35376a0fbb693b09e247fd119a655d82b934,gx-no-cache=1519993610570 HTTP/1.1" 200 30
186.67.172.234 - - [02/Mar/2018:09:27:41 -0300] "GET /cormun/servlet/solicitudot?f669aa70db7593bf0a465a5097774ed3f03e2a680e5b15565c48650116e122c1764db069e5858efe6efd513c341ad276,gx-no-cache=1519993610697 HTTP/1.1" 200 30
186.67.172.234 - - [02/Mar/2018:09:27:41 -0300] "GET /cormun/servlet/solicitudot?f669aa70db7593bf0a465a5097774ed3c4123d8948e5f2bef76f064a7d91cfc5306fc8476810d02d8d97cabdd5fce4cfc9cfb23fb8bf0dc16ea692cd54c3d20d,gx-no-cache=1519993610792 HTTP/1.1" 200 51
186.103.156.166 - - [02/Mar/2018:09:27:41 -0300] "GET /cormun/static/menuarrow.gif HTTP/1.1" 404 1015
186.67.172.234 - - [02/Mar/2018:09:27:41 -0300] "POST /cormun/servlet/solicitudot?gx-no-cache=1519993610919 HTTP/1.1" 200 254
186.67.172.234 - - [02/Mar/2018:09:27:41 -0300] "GET /cormun/servlet/solicitudot?f669aa70db7593bf0a465a5097774ed35314920bfce1c3d4d36d87a2d0bff604da10fc4056b7c6f446a1d59bc2ca97a4753671da002ca78eaa781dff73f0206f656741843607ad3acf91665bc081169405da0ea89b07fb1d15547182f4eaacdbcbdc2682e0c6b8215b670e29e914e0d58a725047d65a1be21eaef3dbb77994d3a0b013bc40ef202ca5a5fab876dd58ec1c4c427b8fab25a9dd53b4522e74ed4a3e78fd18f4e29fd8b6cc090a5520f4d3d8b6db333f6e34658cc23ce49baf0741ca7a145fd968b3bb203bcd161405c536382c391d01513273f199b8fa46cb2fb399687f967a6468e4b834d7c6f533a0ca03db749f440f17fa183228c81b4764af0b3b5788b2e4b4a57411f8a3d6aefb9fd80ec15346ebe20d2cf6f65149283fbfe67b70183a6ef0d3d59b667df4625dda8144689e1d7bff931203d9b1fba707756de15b3ee658fdc1ff6ff510e792ecc72732dc2c8df171a00e4fe8607f86fb5a787bb506f382c519cd254a665a841d32f168c2fb28a29429b89e29aa9f95b85e,gx-no-cache=1519993611052 HTTP/1.1" 200 30
186.67.172.234 - - [02/Mar/2018:09:27:41 -0300] "POST /cormun/servlet/solicitudot?gx-no-cache=1519993611152 HTTP/1.1" 200 30
186.67.172.234 - - [02/Mar/2018:09:27:42 -0300] "POST /cormun/servlet/solicitudot?gx-no-cache=1519993611261 HTTP/1.1" 200 1337
186.67.172.234 - - [02/Mar/2018:09:27:42 -0300] "POST /cormun/servlet/solicitudot?gx-no-cache=1519993611443 HTTP/1.1" 200 41
186.103.156.166 - - [02/Mar/2018:09:27:44 -0300] "GET /cormun/servlet/solicitudot?797f2ffa27d76aac896cc44a47944fc508cedc501e0ba0f6fddc5266e84c2f8be6e72fe25c3381a46d1ac04e01579021,gx-no-cache=1519993620934 HTTP/1.1" 200 30
186.67.172.234 - - [02/Mar/2018:09:27:56 -0300] "GET /cormun/servlet/solicitudot?f669aa70db7593bf0a465a5097774ed3fddaec4cff8a0f9796c5f20f875d0945046b9371b2bed5c5f25cfb128dba3a943d957373a76526fa1e5f06e85995f4b189efa9df80ce59f7d7f7b9588c525cf481d8a79c9743884e32c7ff08d18ba0cc99230358a4519dd181e7cc7775c6d664e42862ec1e59e9a7749763d2b509971f2fef2ad5db3b6b765e310f0c5774add1f92c7ccb6a31f29e058fb0dce7dd4468497d007fa1f7faa49f31fa90a1872f19355856e27affac60a131e6f4fb745fc1cab7373984bbe62d2ce187d84831e19d,gx-no-cache=1519993625446 HTTP/1.1" 200 29
186.67.172.234 - - [02/Mar/2018:09:27:56 -0300] "POST /cormun/servlet/solicitudot?gx-no-cache=1519993625514 HTTP/1.1" 200 1319
186.67.172.234 - - [02/Mar/2018:09:27:56 -0300] "POST /cormun/servlet/solicitudot?gx-no-cache=1519993625691 HTTP/1.1" 200 1219
186.103.156.166 - - [02/Mar/2018:09:27:57 -0300] "POST /cormun/servlet/solicitudot?gx-no-cache=1519993633245 HTTP/1.1" 200 30
186.67.172.234 - - [02/Mar/2018:09:28:07 -0300] "GET /cormun/servlet/solicitudot?f669aa70db7593bf0a465a5097774ed343e435f524b06377014a2d5996970f6d693870cc104b5ab6e86630d214770e0f,gx-no-cache=1519993636410 HTTP/1.1" 200 30
186.67.172.234 - - [02/Mar/2018:09:28:07 -0300] "POST /cormun/servlet/solicitudot?gx-no-cache=1519993636524 HTTP/1.1" 200 30
186.67.172.234 - - [02/Mar/2018:09:28:08 -0300] "POST /cormun/servlet/solicitudot?067a8dba8ac3ccebf349e7ecccb54684,UPD,2018,9834,,gx-no-cache=1519993636802 HTTP/1.1" 200 93
186.67.172.234 - - [02/Mar/2018:09:28:08 -0300] "GET /cormun/servlet/hpexe_return? HTTP/1.1" 200 1013
186.67.172.234 - - [02/Mar/2018:09:28:08 -0300] "GET /cormun/servlet/trsolicitudot HTTP/1.1" 200 9172
186.67.172.234 - - [02/Mar/2018:09:28:09 -0300] "GET /cormun/servlet/trsolicitudot HTTP/1.1" 200 9166
192.168.10.56 - - [02/Mar/2018:09:28:19 -0300] "POST /cormun/servlet/hlogin?dd03bc4eaa9e68062ec3fa8e0ce785a2,gx-no-cache=1519993540610 HTTP/1.1" 200 90
192.168.10.56 - - [02/Mar/2018:09:28:19 -0300] "GET /cormun/servlet/hpexe_link HTTP/1.1" 200 950
192.168.10.56 - - [02/Mar/2018:09:28:19 -0300] "GET /cormun/servlet/hhome HTTP/1.1" 200 4466
192.168.10.56 - - [02/Mar/2018:09:28:20 -0300] "GET /cormun/servlet/hhome HTTP/1.1" 200 4464
192.168.10.56 - - [02/Mar/2018:09:28:40 -0300] "GET /cormun/servlet/trsolicitudgral? HTTP/1.1" 200 8985
192.168.10.56 - - [02/Mar/2018:09:28:41 -0300] "GET /cormun/servlet/trsolicitudgral? HTTP/1.1" 200 8984
186.103.156.166 - - [02/Mar/2018:09:28:52 -0300] "POST /cormun/servlet/solicitudot?38760b37f8ba83555c73dc9f7ec43a64,INS,0,0,,gx-no-cache=1519993687779 HTTP/1.1" 200 11963
192.168.10.56 - - [02/Mar/2018:09:28:53 -0300] "POST /cormun/servlet/trsolicitudgral?dd03bc4eaa9e68062ec3fa8e0ce785a2,,gx-no-cache=1519993574046 HTTP/1.1" 200 9505
192.168.10.96 - - [02/Mar/2018:09:29:19 -0300] "GET /cormun/servlet/trsolicitudgral? HTTP/1.1" 200 17614
192.168.10.96 - - [02/Mar/2018:09:29:20 -0300] "GET /cormun/servlet/trsolicitudgral? HTTP/1.1" 200 17614
186.103.156.166 - - [02/Mar/2018:09:29:22 -0300] "GET /cormun/servlet/trautorizarsolicitud? HTTP/1.1" 200 7289
186.103.156.166 - - [02/Mar/2018:09:29:23 -0300] "GET /cormun/servlet/trautorizarsolicitud? HTTP/1.1" 200 7283
186.103.156.166 - - [02/Mar/2018:09:29:28 -0300] "POST /cormun/servlet/acontrolpreferencessavestate?None,EBLANCO,true HTTP/1.1" 200 35
186.103.156.166 - - [02/Mar/2018:09:29:29 -0300] "POST /cormun/servlet/acontrolpreferencessavestate?None,EBLANCO,true HTTP/1.1" 200 35
186.103.156.166 - - [02/Mar/2018:09:29:35 -0300] "GET /cormun/servlet/trvisualizadoreventos? HTTP/1.1" 200 6919
186.103.156.166 - - [02/Mar/2018:09:29:37 -0300] "GET /cormun/servlet/trvisualizadoreventos? HTTP/1.1" 200 6919
192.168.10.96 - - [02/Mar/2018:09:29:37 -0300] "POST /cormun/servlet/trsolicitudgral?1d4ff14942b899bacd8d75544af79f57,,gx-no-cache=1519993617843 HTTP/1.1" 200 12705
186.103.156.166 - - [02/Mar/2018:09:29:45 -0300] "GET /cormun/servlet/hhome HTTP/1.1" 200 4172
186.103.156.166 - - [02/Mar/2018:09:29:46 -0300] "GET /cormun/servlet/hhome HTTP/1.1" 200 4169
192.168.10.96 - - [02/Mar/2018:09:29:49 -0300] "POST /cormun/servlet/trsolicitudgral?1d4ff14942b899bacd8d75544af79f57,,gx-no-cache=1519993629675 HTTP/1.1" 200 5922
192.168.10.96 - - [02/Mar/2018:09:29:52 -0300] "POST /cormun/servlet/trsolicitudgral?1d4ff14942b899bacd8d75544af79f57,,gx-no-cache=1519993632766 HTTP/1.1" 200 9550
192.168.10.96 - - [02/Mar/2018:09:30:00 -0300] "POST /cormun/servlet/trsolicitudgral?1d4ff14942b899bacd8d75544af79f57,,gx-no-cache=1519993640399 HTTP/1.1" 200 9963
192.168.10.96 - - [02/Mar/2018:09:30:09 -0300] "POST /cormun/servlet/trsolicitudgral?1d4ff14942b899bacd8d75544af79f57,,gx-no-cache=1519993649591 HTTP/1.1" 200 7308
192.168.10.96 - - [02/Mar/2018:09:30:13 -0300] "POST /cormun/servlet/trsolicitudgral?1d4ff14942b899bacd8d75544af79f57,,gx-no-cache=1519993653560 HTTP/1.1" 200 5918
186.103.159.182 - - [02/Mar/2018:09:30:14 -0300] "GET /cormun/servlet/trsolicitudot? HTTP/1.1" 200 7461
186.103.159.182 - - [02/Mar/2018:09:30:17 -0300] "GET /cormun/servlet/trsolicitudot? HTTP/1.1" 200 7461
192.168.10.96 - - [02/Mar/2018:09:30:18 -0300] "POST /cormun/servlet/trsolicitudgral?1d4ff14942b899bacd8d75544af79f57,,gx-no-cache=1519993658127 HTTP/1.1" 200 12705
186.103.157.246 - - [02/Mar/2018:09:30:28 -0300] "GET /cormun/servlet/solicitudot?56ed5fca8b6fdfaf0be480fdd7c6e6dad2594bbe9a617136d20e8209c5015d74,gx-no-cache=1519993781215 HTTP/1.1" 200 20
186.103.156.166 - - [02/Mar/2018:09:30:29 -0300] "GET /cormun/servlet/trautorizarsolicitud? HTTP/1.1" 200 7284
186.103.156.166 - - [02/Mar/2018:09:30:30 -0300] "GET /cormun/servlet/trautorizarsolicitud? HTTP/1.1" 200 7283
192.168.10.96 - - [02/Mar/2018:09:30:30 -0300] "POST /cormun/servlet/trsolicitudgral?1d4ff14942b899bacd8d75544af79f57,,gx-no-cache=1519993671057 HTTP/1.1" 200 5921
192.168.10.96 - - [02/Mar/2018:09:30:34 -0300] "POST /cormun/servlet/trsolicitudgral?1d4ff14942b899bacd8d75544af79f57,,gx-no-cache=1519993674736 HTTP/1.1" 200 9549
186.103.156.166 - - [02/Mar/2018:09:30:34 -0300] "POST /cormun/servlet/trautorizarsolicitud?38760b37f8ba83555c73dc9f7ec43a64,,gx-no-cache=1519993790115 HTTP/1.1" 200 4384
186.103.156.166 - - [02/Mar/2018:09:30:39 -0300] "POST /cormun/servlet/acontrolpreferencessavestate?None,EBLANCO,true HTTP/1.1" 200 35
186.67.172.234 - - [02/Mar/2018:09:30:40 -0300] "POST /cormun/servlet/trsolicitudot?067a8dba8ac3ccebf349e7ecccb54684,gx-no-cache=1519993789717 HTTP/1.1" 200 106
186.67.172.234 - - [02/Mar/2018:09:30:41 -0300] "GET /cormun/servlet/solicitudot?UPD,2018,9835, HTTP/1.1" 200 15438
186.67.172.234 - - [02/Mar/2018:09:30:43 -0300] "GET /cormun/servlet/solicitudot?UPD,2018,9835, HTTP/1.1" 200 15447
186.67.172.234 - - [02/Mar/2018:09:30:43 -0300] "POST /cormun/servlet/solicitudot?gx-no-cache=1519993792021 HTTP/1.1" 200 3384
186.67.172.234 - - [02/Mar/2018:09:30:44 -0300] "POST /cormun/servlet/solicitudot?067a8dba8ac3ccebf349e7ecccb54684,UPD,2018,9835,,gx-no-cache=1519993792491 HTTP/1.1" 200 11710
186.67.172.234 - - [02/Mar/2018:09:30:44 -0300] "GET /cormun/servlet/solicitudot?f669aa70db7593bf0a465a5097774ed31f543c9196ecb25d80c12aada18c35376a0fbb693b09e247fd119a655d82b934,gx-no-cache=1519993793628 HTTP/1.1" 200 30
186.67.172.234 - - [02/Mar/2018:09:30:44 -0300] "GET /cormun/servlet/solicitudot?f669aa70db7593bf0a465a5097774ed3f03e2a680e5b15565c48650116e122c1764db069e5858efe6efd513c341ad276,gx-no-cache=1519993793695 HTTP/1.1" 200 30
192.168.10.96 - - [02/Mar/2018:09:30:44 -0300] "POST /cormun/servlet/trsolicitudgral?1d4ff14942b899bacd8d75544af79f57,,gx-no-cache=1519993684503 HTTP/1.1" 200 9965
186.67.172.234 - - [02/Mar/2018:09:30:44 -0300] "GET /cormun/servlet/solicitudot?f669aa70db7593bf0a465a5097774ed3c4123d8948e5f2bef76f064a7d91cfc5306fc8476810d02d8d97cabdd5fce4cfc9cfb23fb8bf0dc16ea692cd54c3d20d,gx-no-cache=1519993793782 HTTP/1.1" 200 51
186.67.172.234 - - [02/Mar/2018:09:30:44 -0300] "POST /cormun/servlet/solicitudot?gx-no-cache=1519993793892 HTTP/1.1" 200 254
