191.125.59.191 - - [01/Mar/2018:17:18:19 -0300] "GET /cormun/servlet/trautorizarsolicitud? HTTP/1.1" 200 22657
200.86.171.207 - - [01/Mar/2018:17:18:20 -0300] "POST /cormun/servlet/solicitudotadjuntos?a6a69be86de86ebec57c01078d85ecd6,INS,2018,9817,,1,,gx-no-cache=1519935494053 HTTP/1.1" 200 3988
200.86.171.207 - - [01/Mar/2018:17:18:22 -0300] "POST /cormun/servlet/solicitudotadjuntos?gx-no-cache=1519935497190 HTTP/1.1" 200 26
200.86.171.207 - - [01/Mar/2018:17:18:28 -0300] "GET /cormun/servlet/solicitudotadjuntos?bda972e4e0258e37f4f0738a04eb7d84c207569bb0b953f4a61066d1420a1f9e,gx-no-cache=1519935502519 HTTP/1.1" 200 30
200.86.171.207 - - [01/Mar/2018:17:18:28 -0300] "GET /cormun/servlet/solicitudotadjuntos?bda972e4e0258e37f4f0738a04eb7d84c207569bb0b953f4a61066d1420a1f9e,gx-no-cache=1519935502601 HTTP/1.1" 200 30
200.86.171.207 - - [01/Mar/2018:17:18:31 -0300] "POST /cormun/servlet/solicitudotadjuntos?a6a69be86de86ebec57c01078d85ecd6,INS,2018,9817,,1, HTTP/1.1" 200 116
200.86.171.207 - - [01/Mar/2018:17:18:32 -0300] "GET /cormun/servlet/hpexe_return? HTTP/1.1" 200 1024
200.86.171.207 - - [01/Mar/2018:17:18:33 -0300] "GET /cormun/servlet/trsolicitudadjuntos?2018,9817, HTTP/1.1" 200 9862
200.86.171.207 - - [01/Mar/2018:17:18:34 -0300] "GET /cormun/servlet/trsolicitudadjuntos?2018,9817, HTTP/1.1" 200 9859
200.86.171.207 - - [01/Mar/2018:17:18:37 -0300] "GET /cormun/servlet/trsolicitudot? HTTP/1.1" 200 9806
200.86.171.207 - - [01/Mar/2018:17:18:38 -0300] "GET /cormun/servlet/trsolicitudot? HTTP/1.1" 200 9799
191.125.59.191 - - [01/Mar/2018:17:18:47 -0300] "POST /cormun/servlet/trautorizarsolicitud?03dc1b970561dc2b39cd0cdba71bb2d2,,gx-no-cache=1519935473365 HTTP/1.1" 200 20018
191.125.59.191 - - [01/Mar/2018:17:18:47 -0300] "GET /cormun/static/Shared/jqueryui/images/ui-bg_highlight-soft_100_c6c2c8_1x100.png HTTP/1.1" 404 1117
191.125.59.191 - - [01/Mar/2018:17:18:47 -0300] "GET /cormun/static/Shared/jqueryui/images/ui-icons_82798d_256x240.png HTTP/1.1" 404 1089
191.125.59.191 - - [01/Mar/2018:17:18:47 -0300] "GET /cormun/static/Shared/jqueryui/images/ui-icons_8d78a5_256x240.png HTTP/1.1" 404 1089
191.125.59.191 - - [01/Mar/2018:17:18:47 -0300] "GET /cormun/static/Shared/jqueryui/images/ui-bg_flat_55_fafafa_40x100.png HTTP/1.1" 404 1097
191.125.59.191 - - [01/Mar/2018:17:18:53 -0300] "POST /cormun/servlet/trautorizarsolicitud?03dc1b970561dc2b39cd0cdba71bb2d2,,gx-no-cache=1519935482241 HTTP/1.1" 200 110
191.125.59.191 - - [01/Mar/2018:17:18:53 -0300] "GET /cormun/AutorizarSolicitud-1059.xls HTTP/1.1" 200 23040
200.86.171.207 - - [01/Mar/2018:17:18:58 -0300] "POST /cormun/servlet/trsolicitudot?a6a69be86de86ebec57c01078d85ecd6,,gx-no-cache=1519935532486 HTTP/1.1" 200 105
200.86.171.207 - - [01/Mar/2018:17:18:59 -0300] "GET /cormun/servlet/solicitudot?UPD,2018,9817, HTTP/1.1" 200 15617
200.86.171.207 - - [01/Mar/2018:17:19:00 -0300] "GET /cormun/servlet/solicitudot?UPD,2018,9817, HTTP/1.1" 200 15626
200.86.171.207 - - [01/Mar/2018:17:19:00 -0300] "POST /cormun/servlet/solicitudot?gx-no-cache=1519935534699 HTTP/1.1" 200 3414
200.86.171.207 - - [01/Mar/2018:17:19:01 -0300] "POST /cormun/servlet/solicitudot?a6a69be86de86ebec57c01078d85ecd6,UPD,2018,9817,,gx-no-cache=1519935535321 HTTP/1.1" 200 11742
200.86.171.207 - - [01/Mar/2018:17:19:01 -0300] "GET /cormun/servlet/solicitudot?bda972e4e0258e37f4f0738a04eb7d8472505f6b7793a1943d01a03f14f5440650824bc68673b060d45f9c4f7dbbd847,gx-no-cache=1519935536275 HTTP/1.1" 200 30
200.86.171.207 - - [01/Mar/2018:17:19:01 -0300] "GET /cormun/servlet/solicitudot?bda972e4e0258e37f4f0738a04eb7d84e3e3fa42fc673c31ca69bca9b296c3f1f66b1698809e28663f6bd24dae43cd32997d6b3ef185f03ad1b8ab98caa25832,gx-no-cache=1519935536397 HTTP/1.1" 200 30
200.86.171.207 - - [01/Mar/2018:17:19:01 -0300] "GET /cormun/servlet/solicitudot?bda972e4e0258e37f4f0738a04eb7d84b06c20695b6b6e6b1b998db998f8913269994e1e05aae5f44fca9a00aeb706cdced93b85842936ecaa73ff65e36ff724,gx-no-cache=1519935536492 HTTP/1.1" 200 53
200.86.171.207 - - [01/Mar/2018:17:19:02 -0300] "POST /cormun/servlet/solicitudot?gx-no-cache=1519935536567 HTTP/1.1" 200 297
200.86.171.207 - - [01/Mar/2018:17:19:02 -0300] "GET /cormun/servlet/solicitudot?bda972e4e0258e37f4f0738a04eb7d844ff7016cb787dba6a4a3e4c4cb344ce246b6cd3da7bbb5b0be3ac1ff6a6b425b57720872b75593a12fddafe23406c92bb2d24a0c32f269f41d138a45d3d1b8f6599ced449e5788c20ff7e73730ee0d71ccb9d62354b0a2674a6b1a5aa39d0af04bd18f5bb9c19d95bfaba84ab9022d76aae14987f337a74601b2786b1c041ba426e8da6668595526e72a9496737b075634575afc79684a53fc1340b13420b00864583fa6bdd058480a5b04907dc30c69f8ac3c1cc89655aab6fe87a59b6be2d4afadba4a9d69119ca56ce7926fdfe37bb65256056acc087848bc6cd3afc89a32e028a755de58eed13733311e27d6dc8b433ce30eec3284d4d60bd2470db2058d693f293306315562260a8a807f47b9579db73527babc49ded92e4e6ad611af608d2fc558def95d75e0ea5a8e87a82bee9442f45d7d0a744c09502bd7fa4e3806251edc79607b39f77cf24c31d629db169ed49aa7118c701efda532319834a828c59eaa35ab2dd6155efd4fd932202ef238e9871dd9dbe4a79c89dada8a49cea8,gx-no-cache=1519935536702 HTTP/1.1" 200 30
200.86.171.207 - - [01/Mar/2018:17:19:02 -0300] "POST /cormun/servlet/solicitudot?gx-no-cache=1519935536806 HTTP/1.1" 200 30
200.86.171.207 - - [01/Mar/2018:17:19:02 -0300] "POST /cormun/servlet/solicitudot?gx-no-cache=1519935536925 HTTP/1.1" 200 1336
200.86.171.207 - - [01/Mar/2018:17:19:02 -0300] "POST /cormun/servlet/solicitudot?gx-no-cache=1519935537142 HTTP/1.1" 200 41
200.86.171.207 - - [01/Mar/2018:17:19:06 -0300] "GET /cormun/servlet/solicitudot?bda972e4e0258e37f4f0738a04eb7d845db70f9f246a386db7d76d6df72d4bd033635a42b9ebe6bcb1ff59f4843437c3d2120350de278e0912c396abdfeeb0ebb92c0a2a3f0124cad544b7b02fdabe4d2f592c874f69db44049078ffd7ba428f84ac45ecd98ef8751369b9f1b083597c,gx-no-cache=1519935541023 HTTP/1.1" 200 29
200.86.171.207 - - [01/Mar/2018:17:19:06 -0300] "POST /cormun/servlet/solicitudot?gx-no-cache=1519935541147 HTTP/1.1" 200 1319
200.86.171.207 - - [01/Mar/2018:17:19:06 -0300] "POST /cormun/servlet/solicitudot?gx-no-cache=1519935541375 HTTP/1.1" 200 1218
200.86.171.207 - - [01/Mar/2018:17:19:12 -0300] "GET /cormun/servlet/solicitudot?bda972e4e0258e37f4f0738a04eb7d84fd0b14011ac42057944e1b77c4f999fc2d3ba4392cbf4803aa516b2bac86e9c8,gx-no-cache=1519935547205 HTTP/1.1" 200 30
200.86.171.207 - - [01/Mar/2018:17:19:12 -0300] "POST /cormun/servlet/solicitudot?gx-no-cache=1519935547307 HTTP/1.1" 200 30
200.86.171.207 - - [01/Mar/2018:17:19:13 -0300] "POST /cormun/servlet/solicitudot?a6a69be86de86ebec57c01078d85ecd6,UPD,2018,9817,,gx-no-cache=1519935547419 HTTP/1.1" 200 93
200.86.171.207 - - [01/Mar/2018:17:19:13 -0300] "GET /cormun/servlet/hpexe_return? HTTP/1.1" 200 1011
191.125.59.191 - - [01/Mar/2018:17:19:14 -0300] "GET /cormun/servlet/solicitudot?INS,0,0, HTTP/1.1" 200 13712
200.86.171.207 - - [01/Mar/2018:17:19:14 -0300] "GET /cormun/servlet/trsolicitudot HTTP/1.1" 200 9798
200.86.171.207 - - [01/Mar/2018:17:19:15 -0300] "GET /cormun/servlet/trsolicitudot HTTP/1.1" 200 9794
191.125.59.191 - - [01/Mar/2018:17:19:15 -0300] "GET /cormun/servlet/solicitudot?INS,0,0, HTTP/1.1" 200 13728
191.125.59.191 - - [01/Mar/2018:17:19:22 -0300] "GET /cormun/servlet/trsolicitudot? HTTP/1.1" 200 22780
191.125.59.191 - - [01/Mar/2018:17:19:24 -0300] "GET /cormun/servlet/trsolicitudot? HTTP/1.1" 200 22774
191.125.59.191 - - [01/Mar/2018:17:19:31 -0300] "GET /cormun/servlet/trsolicitudot? HTTP/1.1" 200 22774
191.125.59.191 - - [01/Mar/2018:17:19:33 -0300] "GET /cormun/servlet/trsolicitudot? HTTP/1.1" 200 22774
200.86.171.207 - - [01/Mar/2018:17:19:39 -0300] "POST /cormun/servlet/trsolicitudot?a6a69be86de86ebec57c01078d85ecd6,gx-no-cache=1519935572953 HTTP/1.1" 200 6313
200.86.171.207 - - [01/Mar/2018:17:19:39 -0300] "GET /cormun/static/Shared/jqueryui/images/ui-bg_highlight-soft_100_c6c2c8_1x100.png HTTP/1.1" 404 1117
200.86.171.207 - - [01/Mar/2018:17:19:39 -0300] "GET /cormun/static/Shared/jqueryui/images/ui-icons_8d78a5_256x240.png HTTP/1.1" 404 1089
200.86.171.207 - - [01/Mar/2018:17:19:39 -0300] "GET /cormun/static/Shared/jqueryui/images/ui-icons_82798d_256x240.png HTTP/1.1" 404 1089
200.86.171.207 - - [01/Mar/2018:17:19:39 -0300] "GET /cormun/static/Shared/jqueryui/images/ui-bg_flat_55_fafafa_40x100.png HTTP/1.1" 404 1097
200.86.171.207 - - [01/Mar/2018:17:19:40 -0300] "POST /cormun/servlet/trsolicitudot?a6a69be86de86ebec57c01078d85ecd6,gx-no-cache=1519935574382 HTTP/1.1" 200 6255
200.86.171.207 - - [01/Mar/2018:17:19:42 -0300] "POST /cormun/servlet/trsolicitudot?a6a69be86de86ebec57c01078d85ecd6,gx-no-cache=1519935576087 HTTP/1.1" 200 5901
191.125.59.191 - - [01/Mar/2018:17:19:42 -0300] "GET /cormun/servlet/solicitudot?INS,0,0, HTTP/1.1" 200 13711
200.86.171.207 - - [01/Mar/2018:17:19:43 -0300] "POST /cormun/servlet/trsolicitudot?a6a69be86de86ebec57c01078d85ecd6,gx-no-cache=1519935577017 HTTP/1.1" 200 5846
191.125.59.191 - - [01/Mar/2018:17:19:43 -0300] "GET /cormun/servlet/solicitudot?INS,0,0, HTTP/1.1" 200 13716
200.86.171.207 - - [01/Mar/2018:17:19:45 -0300] "POST /cormun/servlet/trsolicitudot?a6a69be86de86ebec57c01078d85ecd6,gx-no-cache=1519935578542 HTTP/1.1" 200 4684
200.86.171.207 - - [01/Mar/2018:17:19:46 -0300] "POST /cormun/servlet/trsolicitudot?a6a69be86de86ebec57c01078d85ecd6,gx-no-cache=1519935579810 HTTP/1.1" 200 4457
200.86.171.207 - - [01/Mar/2018:17:19:48 -0300] "GET /cormun/servlet/trautorizarsolicitud? HTTP/1.1" 200 9689
200.86.171.207 - - [01/Mar/2018:17:19:48 -0300] "GET /cormun/static/gxtimezone.js?85251 HTTP/1.1" 304 -
200.86.171.207 - - [01/Mar/2018:17:19:49 -0300] "GET /cormun/servlet/trautorizarsolicitud? HTTP/1.1" 200 9689
200.86.171.207 - - [01/Mar/2018:17:19:57 -0300] "POST /cormun/servlet/trautorizarsolicitud?a6a69be86de86ebec57c01078d85ecd6,,gx-no-cache=1519935586740 HTTP/1.1" 200 6239
200.86.171.207 - - [01/Mar/2018:17:19:57 -0300] "GET /cormun/static/Shared/jqueryui/images/ui-bg_highlight-soft_100_c6c2c8_1x100.png HTTP/1.1" 404 1117
200.86.171.207 - - [01/Mar/2018:17:19:57 -0300] "GET /cormun/static/Shared/jqueryui/images/ui-icons_82798d_256x240.png HTTP/1.1" 404 1089
200.86.171.207 - - [01/Mar/2018:17:19:57 -0300] "GET /cormun/static/Shared/jqueryui/images/ui-icons_8d78a5_256x240.png HTTP/1.1" 404 1089
200.86.171.207 - - [01/Mar/2018:17:19:57 -0300] "GET /cormun/static/Shared/jqueryui/images/ui-bg_flat_55_fafafa_40x100.png HTTP/1.1" 404 1097
200.86.171.207 - - [01/Mar/2018:17:19:58 -0300] "POST /cormun/servlet/trautorizarsolicitud?a6a69be86de86ebec57c01078d85ecd6,,gx-no-cache=1519935592390 HTTP/1.1" 200 6183
200.86.171.207 - - [01/Mar/2018:17:20:02 -0300] "POST /cormun/servlet/trautorizarsolicitud?a6a69be86de86ebec57c01078d85ecd6,,gx-no-cache=1519935596495 HTTP/1.1" 200 5825
200.86.171.207 - - [01/Mar/2018:17:20:03 -0300] "POST /cormun/servlet/trautorizarsolicitud?a6a69be86de86ebec57c01078d85ecd6,,gx-no-cache=1519935597431 HTTP/1.1" 200 5768
191.125.59.191 - - [01/Mar/2018:17:20:04 -0300] "GET /cormun/servlet/prfichaempleado?,MD,,gxPopupLevel%3D0%3B HTTP/1.1" 200 9429
200.86.171.207 - - [01/Mar/2018:17:20:06 -0300] "POST /cormun/servlet/trautorizarsolicitud?a6a69be86de86ebec57c01078d85ecd6,,gx-no-cache=1519935600615 HTTP/1.1" 200 4615
200.86.171.207 - - [01/Mar/2018:17:20:07 -0300] "POST /cormun/servlet/trautorizarsolicitud?a6a69be86de86ebec57c01078d85ecd6,,gx-no-cache=1519935601381 HTTP/1.1" 200 4390
191.125.59.191 - - [01/Mar/2018:17:20:12 -0300] "POST /cormun/servlet/prfichaempleado?03dc1b970561dc2b39cd0cdba71bb2d2,,MD,,gxPopupLevel%3D0%3B,gx-no-cache=1519935562755 HTTP/1.1" 200 3493
192.168.10.89 - - [01/Mar/2018:17:20:15 -0300] "POST /cormun/servlet/vesolicitudgral?2fdf7849505b8ca164c076caac8ae72b,2018,9622,,SolicitudOTAdjuntos,gx-no-cache=1519935456178 HTTP/1.1" 200 90
192.168.10.89 - - [01/Mar/2018:17:20:15 -0300] "GET /cormun/servlet/hpexe_link HTTP/1.1" 200 969
192.168.10.89 - - [01/Mar/2018:17:20:16 -0300] "GET /cormun/servlet/trsolicitudgral? HTTP/1.1" 200 11119
191.125.59.191 - - [01/Mar/2018:17:20:17 -0300] "POST /cormun/servlet/solicitudot?gx-no-cache=1519935567926 HTTP/1.1" 200 3433
191.125.59.191 - - [01/Mar/2018:17:20:18 -0300] "POST /cormun/servlet/solicitudot?03dc1b970561dc2b39cd0cdba71bb2d2,INS,0,0,,gx-no-cache=1519935568946 HTTP/1.1" 200 10594
186.103.159.46 - - [01/Mar/2018:17:20:19 -0300] "POST /cormun/servlet/solicitudot?gx-no-cache=1519935571042 HTTP/1.1" 200 30
191.125.59.191 - - [01/Mar/2018:17:20:19 -0300] "GET /cormun/servlet/solicitudot?bbd9b50e36c7a0a10caa5ebf312cd8fb2e20d2f41f559eeb44cc6c2cc6fd1c6eabeb7aa5b5c1cf11b8b5de99179a80b9,gx-no-cache=1519935570487 HTTP/1.1" 200 30
191.125.59.191 - - [01/Mar/2018:17:20:21 -0300] "GET /cormun/servlet/solicitudot?bbd9b50e36c7a0a10caa5ebf312cd8fbefd4fa455992ed01d470804a8c277a98d2ef1c4d29607f832952f9a646aa3d919c81a39049585d46755ebf469378585d,gx-no-cache=1519935572879 HTTP/1.1" 200 30
191.125.59.191 - - [01/Mar/2018:17:20:21 -0300] "GET /cormun/servlet/solicitudot?bbd9b50e36c7a0a10caa5ebf312cd8fbffb16c660f139d701aa14c401150d428,gx-no-cache=1519935573053 HTTP/1.1" 200 53
191.125.59.191 - - [01/Mar/2018:17:20:22 -0300] "POST /cormun/servlet/solicitudot?gx-no-cache=1519935573188 HTTP/1.1" 200 255
191.125.59.191 - - [01/Mar/2018:17:20:22 -0300] "GET /cormun/servlet/solicitudot?bbd9b50e36c7a0a10caa5ebf312cd8fb58f4a86795ead7cae4ebdcab22b71288fcbf72eb54bc9da19c52965d589a475c204aa342e6700ab42dcad0a88e78252cc8e64cc4adf4f7f68653e8f666be2a4739063c7724aae2db7638990288d186dd9127f063a2d4cee59828e819e370de51fcfbf27a467a052c30bfab440322c523a55be742c476a059d12b88f37b863436d9486a11ba557f0ac9af46e406dbc973a5dd6ce8ad78990d38910ebc7fdf779fc556f2782787a179b5faea1ebc7544c65012d78fa4035e7d21f60c8942b6da49f336f54d678e81c89240b33e91852c3797e32c794ac15a49d15edeb5807977b99646ce21095bfffbff18cee9a27a3d1b317d973ba2cfb3646eb011b6b5697c8560699cb344a84a0b8a28ef6ab8e243b061e8ded786ab56630b0c806a091cb5fc3d7a7e2b590365af11dadb264fa0e03d5e87b7034794bfcb5d97f95fb66621d7e99f91319a6df6aeee9a4c112e48d8a4f1b7b971a364041cb72ab2e5e5cd24b7356e2a983e504208ba6968bd76bcd058,gx-no-cache=1519935573354 HTTP/1.1" 200 30
192.168.10.89 - - [01/Mar/2018:17:20:25 -0300] "POST /cormun/servlet/trsolicitudgral?2fdf7849505b8ca164c076caac8ae72b,,gx-no-cache=1519935463570 HTTP/1.1" 200 23392
191.125.59.191 - - [01/Mar/2018:17:20:25 -0300] "POST /cormun/servlet/solicitudot?gx-no-cache=1519935576641 HTTP/1.1" 200 30
191.125.59.191 - - [01/Mar/2018:17:20:28 -0300] "GET /cormun/servlet/prcontratosol?16792637,,,,,MD,,gxPopupLevel%3D0%3B HTTP/1.1" 200 8077
186.103.159.46 - - [01/Mar/2018:17:20:31 -0300] "GET /cormun/servlet/prcontratosol?9999971,,,,,MD,,gxPopupLevel%3D0%3B HTTP/1.1" 200 7951
186.103.159.46 - - [01/Mar/2018:17:20:31 -0300] "GET /cormun/static/gxcfg.js?201761413223964 HTTP/1.1" 200 953
186.103.159.46 - - [01/Mar/2018:17:20:31 -0300] "GET /cormun/static/prcontratosol.js?201761413224174 HTTP/1.1" 200 15806
191.125.59.191 - - [01/Mar/2018:17:20:32 -0300] "POST /cormun/servlet/solicitudot?gx-no-cache=1519935583846 HTTP/1.1" 200 1337
191.125.59.191 - - [01/Mar/2018:17:20:33 -0300] "POST /cormun/servlet/solicitudot?gx-no-cache=1519935584289 HTTP/1.1" 200 38
191.125.59.191 - - [01/Mar/2018:17:20:33 -0300] "GET /cormun/servlet/solicitudot?bbd9b50e36c7a0a10caa5ebf312cd8fb50ac8633d8b797444965ce1650e19f0f7452aaa1826e84a356620198030c8ccad43973f52bc2d1d8c77dc283c5549cbe848ae1efa047bfa23fe8ca47a36ff9e393c7c334073de9488deaa0be356be960c0496cec6c23ffa20bed7085bff2e1cb2bf14f9a300c4c81a2575a2c5e4588dd915b1af15e05ad9e7957d7a3b2fef4369d262aba79665a1ea7697b2e9796bea6,gx-no-cache=1519935584517 HTTP/1.1" 200 29
191.125.59.191 - - [01/Mar/2018:17:20:33 -0300] "POST /cormun/servlet/solicitudot?gx-no-cache=1519935584892 HTTP/1.1" 200 1321
191.125.59.191 - - [01/Mar/2018:17:20:34 -0300] "POST /cormun/servlet/solicitudot?gx-no-cache=1519935585214 HTTP/1.1" 200 1218
191.125.59.191 - - [01/Mar/2018:17:20:35 -0300] "GET /cormun/servlet/solicitudot?bbd9b50e36c7a0a10caa5ebf312cd8fbaeac217a963a4ca65b297da8a8740e9bfe6d8b6a6c1e2495d350c9854854472c,gx-no-cache=1519935586332 HTTP/1.1" 200 30
192.168.10.89 - - [01/Mar/2018:17:20:44 -0300] "POST /cormun/servlet/trsolicitudgral?2fdf7849505b8ca164c076caac8ae72b,,gx-no-cache=1519935485073 HTTP/1.1" 200 7636
191.125.59.191 - - [01/Mar/2018:17:20:49 -0300] "POST /cormun/servlet/solicitudot?gx-no-cache=1519935599571 HTTP/1.1" 200 1321
191.125.59.191 - - [01/Mar/2018:17:20:49 -0300] "POST /cormun/servlet/solicitudot?gx-no-cache=1519935600412 HTTP/1.1" 200 1218
186.103.159.46 - - [01/Mar/2018:17:20:49 -0300] "POST /cormun/servlet/solicitudot?gx-no-cache=1519935601483 HTTP/1.1" 200 1335
191.125.59.191 - - [01/Mar/2018:17:20:49 -0300] "POST /cormun/servlet/solicitudot?gx-no-cache=1519935600871 HTTP/1.1" 200 33
186.103.159.46 - - [01/Mar/2018:17:20:49 -0300] "POST /cormun/servlet/solicitudot?gx-no-cache=1519935601837 HTTP/1.1" 200 38
186.103.159.46 - - [01/Mar/2018:17:20:49 -0300] "GET /cormun/servlet/solicitudot?1f98912d190e3d180d134005738c7fb7c285f028cf526b6af1aefb26201584959e276cd5b08e2cc3282ab615353521a8713725c5cb667546cb02d00f7dabca56b46c71fc95faddcb3a4fe95d036680a82ad19a524b8a052733cd20af2790ba9b89065d57efa70f1e53b6654eed9f9dd52dbb2473ff59ee2299046354f3774d98da0a1522ed4bbabae40de694bcc939b8d59148028cb19d38c8d6553d3d7728d0,gx-no-cache=1519935601961 HTTP/1.1" 200 29
186.103.159.46 - - [01/Mar/2018:17:20:50 -0300] "POST /cormun/servlet/solicitudot?gx-no-cache=1519935602078 HTTP/1.1" 200 1317
186.103.159.46 - - [01/Mar/2018:17:20:50 -0300] "POST /cormun/servlet/solicitudot?gx-no-cache=1519935602528 HTTP/1.1" 200 1218
186.103.159.46 - - [01/Mar/2018:17:20:50 -0300] "GET /cormun/servlet/solicitudot?1f98912d190e3d180d134005738c7fb71a758c7941f287c9f861ae3de600a09f,gx-no-cache=1519935602854 HTTP/1.1" 200 30
191.125.59.191 - - [01/Mar/2018:17:20:50 -0300] "POST /cormun/servlet/solicitudot?03dc1b970561dc2b39cd0cdba71bb2d2,INS,0,0,,gx-no-cache=1519935601101 HTTP/1.1" 200 93
192.168.10.89 - - [01/Mar/2018:17:20:51 -0300] "GET /cormun/servlet/vesolicitudgral?2018,9620,, HTTP/1.1" 200 9505
192.168.10.89 - - [01/Mar/2018:17:20:51 -0300] "GET /cormun/pexe_scrolldiv.js HTTP/1.1" 404 1009
191.125.59.191 - - [01/Mar/2018:17:20:52 -0300] "GET /cormun/servlet/hpexe_return? HTTP/1.1" 200 1008
191.125.59.191 - - [01/Mar/2018:17:20:54 -0300] "GET /cormun/servlet/trsolicitudot HTTP/1.1" 200 23037
192.168.10.89 - - [01/Mar/2018:17:20:54 -0300] "GET /cormun/servlet/vesolicitudgral?2018,9620,,SolicitudOTAdjuntos HTTP/1.1" 200 11405
192.168.10.89 - - [01/Mar/2018:17:20:54 -0300] "GET /cormun/pexe_scrolldiv.js HTTP/1.1" 404 1009
192.168.10.89 - - [01/Mar/2018:17:20:56 -0300] "POST /cormun/servlet/acontrolpreferencessavestate?None,CDROGUETT,true HTTP/1.1" 200 35
191.125.59.191 - - [01/Mar/2018:17:20:57 -0300] "GET /cormun/servlet/trsolicitudot HTTP/1.1" 200 23033
192.168.10.89 - - [01/Mar/2018:17:20:57 -0300] "GET /cormun/PublicTempStorage/cedula_identidad5863163.pdf HTTP/1.1" 200 187363
191.125.59.191 - - [01/Mar/2018:17:20:58 -0300] "GET /cormun/servlet/solicitudot?INS,0,0, HTTP/1.1" 200 13708
191.125.59.191 - - [01/Mar/2018:17:21:00 -0300] "GET /cormun/servlet/solicitudot?INS,0,0, HTTP/1.1" 200 13713
192.168.10.89 - - [01/Mar/2018:17:21:06 -0300] "GET /cormun/servlet/vesolicitudgral?2018,9620,,SolicitudOTAdjuntos HTTP/1.1" 200 11406
192.168.10.89 - - [01/Mar/2018:17:21:06 -0300] "GET /cormun/pexe_scrolldiv.js HTTP/1.1" 404 1009
192.168.10.89 - - [01/Mar/2018:17:21:08 -0300] "POST /cormun/servlet/acontrolpreferencessavestate?None,CDROGUETT,true HTTP/1.1" 200 35
186.103.159.46 - - [01/Mar/2018:17:21:08 -0300] "POST /cormun/servlet/solicitudot?gx-no-cache=1519935620723 HTTP/1.1" 200 1335
186.103.159.46 - - [01/Mar/2018:17:21:08 -0300] "POST /cormun/servlet/solicitudot?gx-no-cache=1519935621029 HTTP/1.1" 200 38
192.168.10.89 - - [01/Mar/2018:17:21:09 -0300] "GET /cormun/PublicTempStorage/afp9425866.pdf HTTP/1.1" 200 183208
191.125.59.191 - - [01/Mar/2018:17:21:11 -0300] "GET /cormun/servlet/prfichaempleado?,MD,,gxPopupLevel%3D0%3B HTTP/1.1" 200 9429
186.103.159.43 - - [01/Mar/2018:17:21:11 -0300] "GET /cormun/servlet/hlogin HTTP/1.1" 200 1720
192.168.10.89 - - [01/Mar/2018:17:21:17 -0300] "GET /cormun/servlet/vesolicitudgral?2018,9620,,SolicitudOTAdjuntos HTTP/1.1" 200 11403
192.168.10.89 - - [01/Mar/2018:17:21:17 -0300] "GET /cormun/pexe_scrolldiv.js HTTP/1.1" 404 1009
186.103.159.43 - - [01/Mar/2018:17:21:18 -0300] "POST /cormun/servlet/hlogin?8da7396680fe5a8c2da3a86740fcdf88,gx-no-cache=1519935629616 HTTP/1.1" 200 90
186.103.159.43 - - [01/Mar/2018:17:21:18 -0300] "GET /cormun/servlet/hpexe_link HTTP/1.1" 200 946
186.103.159.43 - - [01/Mar/2018:17:21:18 -0300] "GET /cormun/servlet/hhome HTTP/1.1" 200 3919
191.125.59.191 - - [01/Mar/2018:17:21:19 -0300] "POST /cormun/servlet/prfichaempleado?03dc1b970561dc2b39cd0cdba71bb2d2,,MD,,gxPopupLevel%3D0%3B,gx-no-cache=1519935630324 HTTP/1.1" 200 3493
192.168.10.89 - - [01/Mar/2018:17:21:19 -0300] "POST /cormun/servlet/acontrolpreferencessavestate?None,CDROGUETT,true HTTP/1.1" 200 35
186.103.159.43 - - [01/Mar/2018:17:21:20 -0300] "GET /cormun/servlet/hhome HTTP/1.1" 200 3916
192.168.10.89 - - [01/Mar/2018:17:21:20 -0300] "GET /cormun/PublicTempStorage/isapre431233.pdf HTTP/1.1" 200 183913
191.125.59.191 - - [01/Mar/2018:17:21:27 -0300] "POST /cormun/servlet/solicitudot?gx-no-cache=1519935637532 HTTP/1.1" 200 3433
192.168.10.89 - - [01/Mar/2018:17:21:28 -0300] "GET /cormun/servlet/vesolicitudgral?2018,9620,,SolicitudOTAdjuntos HTTP/1.1" 200 11408
192.168.10.89 - - [01/Mar/2018:17:21:28 -0300] "GET /cormun/pexe_scrolldiv.js HTTP/1.1" 404 1009
191.125.59.191 - - [01/Mar/2018:17:21:28 -0300] "POST /cormun/servlet/solicitudot?03dc1b970561dc2b39cd0cdba71bb2d2,INS,0,0,,gx-no-cache=1519935638597 HTTP/1.1" 200 10591
191.125.59.191 - - [01/Mar/2018:17:21:28 -0300] "GET /cormun/servlet/solicitudot?bbd9b50e36c7a0a10caa5ebf312cd8fb2e20d2f41f559eeb44cc6c2cc6fd1c6eabeb7aa5b5c1cf11b8b5de99179a80b9,gx-no-cache=1519935639820 HTTP/1.1" 200 30
191.125.59.191 - - [01/Mar/2018:17:21:28 -0300] "GET /cormun/servlet/solicitudot?bbd9b50e36c7a0a10caa5ebf312cd8fbefd4fa455992ed01d470804a8c277a98d2ef1c4d29607f832952f9a646aa3d919c81a39049585d46755ebf469378585d,gx-no-cache=1519935640026 HTTP/1.1" 200 30
191.125.59.191 - - [01/Mar/2018:17:21:29 -0300] "GET /cormun/servlet/solicitudot?bbd9b50e36c7a0a10caa5ebf312cd8fbffb16c660f139d701aa14c401150d428,gx-no-cache=1519935640418 HTTP/1.1" 200 53
192.168.10.89 - - [01/Mar/2018:17:21:30 -0300] "POST /cormun/servlet/acontrolpreferencessavestate?None,CDROGUETT,true HTTP/1.1" 200 35
192.168.10.89 - - [01/Mar/2018:17:21:31 -0300] "GET /cormun/PublicTempStorage/antecedentes9097206.pdf HTTP/1.1" 200 222050
186.103.159.43 - - [01/Mar/2018:17:21:32 -0300] "GET /cormun/servlet/trsolicitudot? HTTP/1.1" 200 7130
191.125.59.191 - - [01/Mar/2018:17:21:33 -0300] "POST /cormun/servlet/solicitudot?gx-no-cache=1519935644151 HTTP/1.1" 200 255
191.125.59.191 - - [01/Mar/2018:17:21:33 -0300] "GET /cormun/servlet/solicitudot?bbd9b50e36c7a0a10caa5ebf312cd8fb58f4a86795ead7cae4ebdcab22b71288fcbf72eb54bc9da19c52965d589a475c204aa342e6700ab42dcad0a88e78252cc8e64cc4adf4f7f68653e8f666be2a4739063c7724aae2db7638990288d186dd9127f063a2d4cee59828e819e370de51fcfbf27a467a052c30bfab440322c523a55be742c476a059d12b88f37b863436d9486a11ba557f0ac9af46e406dbc973a5dd6ce8ad78990d38910ebc7fdf779fc556f2782787a179b5faea1ebc7544c65012d78fa4035e7d21f60c8942b6da49f336f54d678e81c89240b33e91852c3797e32c794ac15a49d15edeb5807977b99646ce21095bfffbff18cee9a27a3d1b317d973ba2cfb3646eb011b6b5697c8560699cb344a84a0b8a28ef6ab8e243b061e8ded786ab56630b0c806a091cb5fc3d7a7e2b590365af11dadb264fa0e03d5e87b7034794bfcb5d97f95fb66621d7e99f91319a6df6aeee9a4c112e48d8a4f1b7b971a364041cb72ab2e5e5cd24b7356e2a983e504208ba6968bd76bcd058,gx-no-cache=1519935644383 HTTP/1.1" 200 30
186.103.159.43 - - [01/Mar/2018:17:21:35 -0300] "GET /cormun/servlet/trsolicitudot? HTTP/1.1" 200 7129
191.125.59.191 - - [01/Mar/2018:17:21:37 -0300] "POST /cormun/servlet/solicitudot?gx-no-cache=1519935648335 HTTP/1.1" 200 30
192.168.10.89 - - [01/Mar/2018:17:21:39 -0300] "GET /cormun/servlet/vesolicitudgral?2018,9620,,SolicitudOTAdjuntos HTTP/1.1" 200 11404
192.168.10.89 - - [01/Mar/2018:17:21:39 -0300] "GET /cormun/pexe_scrolldiv.js HTTP/1.1" 404 1009
191.125.59.191 - - [01/Mar/2018:17:21:39 -0300] "GET /cormun/servlet/prcontratosol?16792637,,,,,MD,,gxPopupLevel%3D0%3B HTTP/1.1" 200 8077
192.168.10.89 - - [01/Mar/2018:17:21:40 -0300] "POST /cormun/servlet/acontrolpreferencessavestate?None,CDROGUETT,true HTTP/1.1" 200 35
192.168.10.89 - - [01/Mar/2018:17:21:41 -0300] "GET /cormun/PublicTempStorage/curriculum4092061.pdf HTTP/1.1" 200 338237
191.125.59.191 - - [01/Mar/2018:17:21:41 -0300] "POST /cormun/servlet/solicitudot?gx-no-cache=1519935652878 HTTP/1.1" 200 1337
191.125.59.191 - - [01/Mar/2018:17:21:42 -0300] "POST /cormun/servlet/solicitudot?gx-no-cache=1519935653810 HTTP/1.1" 200 38
191.125.59.191 - - [01/Mar/2018:17:21:42 -0300] "GET /cormun/servlet/solicitudot?bbd9b50e36c7a0a10caa5ebf312cd8fb50ac8633d8b797444965ce1650e19f0f7452aaa1826e84a356620198030c8ccad43973f52bc2d1d8c77dc283c5549cbe848ae1efa047bfa23fe8ca47a36ff9e393c7c334073de9488deaa0be356be960c0496cec6c23ffa20bed7085bff2e1cb2bf14f9a300c4c81a2575a2c5e4588dd915b1af15e05ad9e7957d7a3b2fef4369d262aba79665a1ea7697b2e9796bea6,gx-no-cache=1519935654045 HTTP/1.1" 200 29
186.103.159.46 - - [01/Mar/2018:17:21:47 -0300] "POST /cormun/servlet/solicitudot?gx-no-cache=1519935659107 HTTP/1.1" 200 1317
186.103.159.46 - - [01/Mar/2018:17:21:47 -0300] "POST /cormun/servlet/solicitudot?gx-no-cache=1519935659490 HTTP/1.1" 200 1218
186.103.159.46 - - [01/Mar/2018:17:21:48 -0300] "GET /cormun/static/menuarrow.gif HTTP/1.1" 404 1015
186.103.159.46 - - [01/Mar/2018:17:21:50 -0300] "POST /cormun/servlet/solicitudot?gx-no-cache=1519935662055 HTTP/1.1" 200 1317
186.103.159.46 - - [01/Mar/2018:17:21:51 -0300] "POST /cormun/servlet/solicitudot?gx-no-cache=1519935662837 HTTP/1.1" 200 1218
186.103.159.46 - - [01/Mar/2018:17:21:53 -0300] "GET /cormun/servlet/solicitudot?1f98912d190e3d180d134005738c7fb786479b3ffdfc5af488d77212468ea276f6b99e6b4f53a7ec47853505710010c9,gx-no-cache=1519935666007 HTTP/1.1" 200 30
192.168.10.89 - - [01/Mar/2018:17:21:55 -0300] "GET /cormun/servlet/vesolicitudgral?2018,9620,,SolicitudOTAdjuntos HTTP/1.1" 200 11405
192.168.10.89 - - [01/Mar/2018:17:21:55 -0300] "GET /cormun/pexe_scrolldiv.js HTTP/1.1" 404 1009
191.125.59.191 - - [01/Mar/2018:17:21:56 -0300] "POST /cormun/servlet/solicitudot?gx-no-cache=1519935667075 HTTP/1.1" 200 1218
191.125.59.191 - - [01/Mar/2018:17:21:56 -0300] "GET /cormun/servlet/solicitudot?bbd9b50e36c7a0a10caa5ebf312cd8fbaeac217a963a4ca65b297da8a8740e9bfe6d8b6a6c1e2495d350c9854854472c,gx-no-cache=1519935667841 HTTP/1.1" 200 30
192.168.10.89 - - [01/Mar/2018:17:21:56 -0300] "POST /cormun/servlet/acontrolpreferencessavestate?None,CDROGUETT,true HTTP/1.1" 200 35
192.168.10.89 - - [01/Mar/2018:17:21:57 -0300] "GET /cormun/PublicTempStorage/titulos321987.pdf HTTP/1.1" 200 298138
191.125.59.191 - - [01/Mar/2018:17:21:57 -0300] "GET /cormun/servlet/solicitudot?INS,0,0, HTTP/1.1" 200 13715
191.125.59.191 - - [01/Mar/2018:17:21:57 -0300] "POST /cormun/servlet/solicitudot?gx-no-cache=1519935668228 HTTP/1.1" 200 30
191.125.59.191 - - [01/Mar/2018:17:21:58 -0300] "POST /cormun/servlet/solicitudot?gx-no-cache=1519935669137 HTTP/1.1" 200 1337
191.125.59.191 - - [01/Mar/2018:17:21:58 -0300] "POST /cormun/servlet/solicitudot?gx-no-cache=1519935670078 HTTP/1.1" 200 41
191.125.59.191 - - [01/Mar/2018:17:21:59 -0300] "POST /cormun/servlet/solicitudot?gx-no-cache=1519935670311 HTTP/1.1" 200 1321
191.125.59.191 - - [01/Mar/2018:17:22:00 -0300] "POST /cormun/servlet/solicitudot?gx-no-cache=1519935671329 HTTP/1.1" 200 1218
191.125.59.191 - - [01/Mar/2018:17:22:01 -0300] "GET /cormun/servlet/solicitudot?INS,0,0, HTTP/1.1" 200 13699
191.125.59.191 - - [01/Mar/2018:17:22:03 -0300] "GET /cormun/servlet/solicitudot?INS,0,0, HTTP/1.1" 200 13715
191.125.59.191 - - [01/Mar/2018:17:22:03 -0300] "POST /cormun/servlet/solicitudot?gx-no-cache=1519935654935 HTTP/1.1" 500 4102
186.103.159.46 - - [01/Mar/2018:17:22:15 -0300] "POST /cormun/servlet/solicitudot?gx-no-cache=1519935687113 HTTP/1.1" 200 123
186.103.159.46 - - [01/Mar/2018:17:22:15 -0300] "GET /cormun/static/Shared/jqueryui/images/ui-bg_highlight-soft_100_c6c2c8_1x100.png HTTP/1.1" 404 1117
186.103.159.46 - - [01/Mar/2018:17:22:15 -0300] "GET /cormun/static/Shared/jqueryui/images/ui-icons_82798d_256x240.png HTTP/1.1" 404 1089
186.103.159.46 - - [01/Mar/2018:17:22:15 -0300] "GET /cormun/static/Shared/jqueryui/images/ui-bg_flat_55_994d53_40x100.png HTTP/1.1" 404 1097
186.103.159.46 - - [01/Mar/2018:17:22:15 -0300] "GET /cormun/static/Shared/jqueryui/images/ui-icons_ebccce_256x240.png HTTP/1.1" 404 1089
191.125.59.191 - - [01/Mar/2018:17:22:17 -0300] "GET / HTTP/1.1" 200 11217
191.125.59.191 - - [01/Mar/2018:17:22:19 -0300] "GET /cormun/servlet/solicitudot?INS,0,0, HTTP/1.1" 200 13699
191.125.59.191 - - [01/Mar/2018:17:22:20 -0300] "GET /cormun/static/calendar-system.css?85620 HTTP/1.1" 304 -
191.125.59.191 - - [01/Mar/2018:17:22:20 -0300] "GET /cormun/static/SmoothNavMenu/resources/ddsmoothmenu-v.css?1012540 HTTP/1.1" 304 -
191.125.59.191 - - [01/Mar/2018:17:22:20 -0300] "GET /cormun/static/scaMessage/css/jquery.pnotify.default.css?1716380 HTTP/1.1" 304 -
191.125.59.191 - - [01/Mar/2018:17:22:20 -0300] "GET /cormun/static/SmoothNavMenu/resources/ddsmoothmenu.css?1012540 HTTP/1.1" 304 -
191.125.59.191 - - [01/Mar/2018:17:22:20 -0300] "GET /cormun/static/Shared/jqueryui/jquery-ui.min.css?1245370 HTTP/1.1" 304 -
191.125.59.191 - - [01/Mar/2018:17:22:20 -0300] "GET /cormun/static/Resources/Spanish/PXTools.css?1255365 HTTP/1.1" 304 -
191.125.59.191 - - [01/Mar/2018:17:22:20 -0300] "GET /cormun/static/gxtimezone.js?85251 HTTP/1.1" 304 -
191.125.59.191 - - [01/Mar/2018:17:22:20 -0300] "GET /cormun/static/gxcfg.js?201812313224582 HTTP/1.1" 304 -
191.125.59.191 - - [01/Mar/2018:17:22:20 -0300] "GET /cormun/static/gxgral.js?85251 HTTP/1.1" 304 -
191.125.59.191 - - [01/Mar/2018:17:22:20 -0300] "GET /cormun/static/calendar.js?85251 HTTP/1.1" 304 -
191.125.59.191 - - [01/Mar/2018:17:22:20 -0300] "GET /cormun/static/calendar-setup.js?85251 HTTP/1.1" 304 -
191.125.59.191 - - [01/Mar/2018:17:22:20 -0300] "GET /cormun/static/RunJS/RunJS.js HTTP/1.1" 304 -
191.125.59.191 - - [01/Mar/2018:17:22:20 -0300] "GET /cormun/static/PXToolsJavascripts/pexe_autoreload.js HTTP/1.1" 304 -
191.125.59.191 - - [01/Mar/2018:17:22:20 -0300] "GET /cormun/static/PXToolsJavascripts/pexe_cookies.js HTTP/1.1" 304 -
191.125.59.191 - - [01/Mar/2018:17:22:20 -0300] "GET /cormun/static/PXToolsJavascripts/pexe_grid.js HTTP/1.1" 304 -
191.125.59.191 - - [01/Mar/2018:17:22:20 -0300] "GET /cormun/static/PXToolsJavascripts/pexe_griddivfix.js HTTP/1.1" 304 -
191.125.59.191 - - [01/Mar/2018:17:22:20 -0300] "GET /cormun/static/PXToolsJavascripts/pexe_link.js HTTP/1.1" 304 -
191.125.59.191 - - [01/Mar/2018:17:22:20 -0300] "GET /cormun/static/PXToolsJavascripts/pexe_windows.js HTTP/1.1" 304 -
191.125.59.191 - - [01/Mar/2018:17:22:20 -0300] "GET /cormun/static/PXToolsJavascripts/pexe_menus.js HTTP/1.1" 304 -
191.125.59.191 - - [01/Mar/2018:17:22:20 -0300] "GET /cormun/static/PXToolsJavascripts/pexe_layers.js HTTP/1.1" 304 -
191.125.59.191 - - [01/Mar/2018:17:22:20 -0300] "GET /cormun/static/PXToolsJavascripts/pexe_oav.js HTTP/1.1" 304 -
191.125.59.191 - - [01/Mar/2018:17:22:20 -0300] "GET /cormun/static/PXToolsJavascripts/pexe_picture.js HTTP/1.1" 304 -
191.125.59.191 - - [01/Mar/2018:17:22:20 -0300] "GET /cormun/static/PXToolsJavascripts/pexe_oavdivfix.js HTTP/1.1" 304 -
191.125.59.191 - - [01/Mar/2018:17:22:20 -0300] "GET /cormun/static/PXToolsJavascripts/pexe_tabdivfix.js HTTP/1.1" 304 -
191.125.59.191 - - [01/Mar/2018:17:22:20 -0300] "GET /cormun/static/PXToolsJavascripts/pexe_scrolldiv.js HTTP/1.1" 304 -
191.125.59.191 - - [01/Mar/2018:17:22:21 -0300] "GET /cormun/static/PXToolsJavascripts/PXToolsJavascriptsRender.js HTTP/1.1" 304 -
191.125.59.191 - - [01/Mar/2018:17:22:21 -0300] "GET /cormun/static/PXToolsJavascripts/pexe_upload.js HTTP/1.1" 304 -
191.125.59.191 - - [01/Mar/2018:17:22:21 -0300] "GET /cormun/static/PXToolsJavascripts/pexe_popup.js HTTP/1.1" 304 -
191.125.59.191 - - [01/Mar/2018:17:22:21 -0300] "GET /cormun/static/PXToolsJavascripts/pexe_tabs.js HTTP/1.1" 304 -
191.125.59.191 - - [01/Mar/2018:17:22:21 -0300] "GET /cormun/static/gxdec.js?85251 HTTP/1.1" 304 -
191.125.59.191 - - [01/Mar/2018:17:22:21 -0300] "GET /cormun/static/Shared/ext/ext-all.js HTTP/1.1" 304 -
191.125.59.191 - - [01/Mar/2018:17:22:21 -0300] "GET /cormun/static/gxui/gxui-all.js HTTP/1.1" 304 -
191.125.59.191 - - [01/Mar/2018:17:22:21 -0300] "GET /cormun/static/Shared/ext/locale/ext-lang-en.js HTTP/1.1" 304 -
191.125.59.191 - - [01/Mar/2018:17:22:21 -0300] "GET /cormun/static/hwchdr01.js?201752511465785 HTTP/1.1" 304 -
191.125.59.191 - - [01/Mar/2018:17:22:21 -0300] "GET /cormun/static/solicitudot.js?201812313224831 HTTP/1.1" 304 -
191.125.59.191 - - [01/Mar/2018:17:22:21 -0300] "GET /cormun/static/messages.spa.js?85251 HTTP/1.1" 304 -
191.125.59.191 - - [01/Mar/2018:17:22:21 -0300] "GET /cormun/static/hpexe_recentlink.js?20177611595044 HTTP/1.1" 304 -
191.125.59.191 - - [01/Mar/2018:17:22:21 -0300] "GET /cormun/static/hpexe_scripts.js?201752511465715 HTTP/1.1" 304 -
191.125.59.191 - - [01/Mar/2018:17:22:21 -0300] "GET /cormun/static/hpexe_messagegenexuscomponent.js?201752511465344 HTTP/1.1" 304 -
191.125.59.191 - - [01/Mar/2018:17:22:21 -0300] "GET /cormun/static/hpexe_messagepopupcomponent.js?20161017169425 HTTP/1.1" 304 -
191.125.59.191 - - [01/Mar/2018:17:22:21 -0300] "GET /cormun/static/hpexe_messagecontroller.js?20177611595012 HTTP/1.1" 304 -
191.125.59.191 - - [01/Mar/2018:17:22:21 -0300] "GET /cormun/static/Shared/jquery/jquery-1.10.2.min.js HTTP/1.1" 304 -
191.125.59.191 - - [01/Mar/2018:17:22:21 -0300] "GET /cormun/static/Shared/jquery/jquery-1.4.2.min.js HTTP/1.1" 304 -
191.125.59.191 - - [01/Mar/2018:17:22:21 -0300] "GET /cormun/static/cmcontrolpreferences.js?201752511465670 HTTP/1.1" 304 -
191.125.59.191 - - [01/Mar/2018:17:22:21 -0300] "GET /cormun/static/SmoothNavMenu/resources/SmoothNavMenuRender.js HTTP/1.1" 304 -
191.125.59.191 - - [01/Mar/2018:17:22:21 -0300] "GET /cormun/static/calendar-es.js?85251 HTTP/1.1" 304 -
191.125.59.191 - - [01/Mar/2018:17:22:21 -0300] "GET /cormun/static/scaMessage/scaMessageRender.js HTTP/1.1" 304 -
191.125.59.191 - - [01/Mar/2018:17:22:21 -0300] "GET /cormun/static/SmoothNavMenu/resources/ddsmoothmenu.js HTTP/1.1" 304 -
191.125.59.191 - - [01/Mar/2018:17:22:21 -0300] "GET /cormun/static/Shared/jqueryui/jquery-ui.min.js HTTP/1.1" 304 -
191.125.59.191 - - [01/Mar/2018:17:22:21 -0300] "GET /cormun/static/scaMessage/js/jquery.pnotify.min.js HTTP/1.1" 304 -
191.125.59.191 - - [01/Mar/2018:17:22:21 -0300] "GET /cormun/static/hmpwkw03.js?20177612122668 HTTP/1.1" 304 -
191.125.59.191 - - [01/Mar/2018:17:22:21 -0300] "GET /cormun/static/Resources/PXToolsHeaderActionsLeft.png HTTP/1.1" 304 -
191.125.59.191 - - [01/Mar/2018:17:22:21 -0300] "GET /cormun/static/Resources/PXToolsHeaderHome.png HTTP/1.1" 304 -
191.125.59.191 - - [01/Mar/2018:17:22:21 -0300] "GET /cormun/static/Resources/logo4.png HTTP/1.1" 304 -
191.125.59.191 - - [01/Mar/2018:17:22:21 -0300] "GET /cormun/static/PXToolsJavascripts/pexe_menudivfix.js HTTP/1.1" 304 -
191.125.59.191 - - [01/Mar/2018:17:22:21 -0300] "GET /cormun/static/Resources/PXToolsHeaderPreferences.png HTTP/1.1" 304 -
191.125.59.191 - - [01/Mar/2018:17:22:21 -0300] "GET /cormun/static/Resources/PXToolsHeaderLogin.png HTTP/1.1" 304 -
191.125.59.191 - - [01/Mar/2018:17:22:21 -0300] "GET /cormun/static/Resources/PXToolsHeaderSecurity.png HTTP/1.1" 304 -
191.125.59.191 - - [01/Mar/2018:17:22:21 -0300] "GET /cormun/static/Resources/PXToolsHeaderActionsRight.png HTTP/1.1" 304 -
191.125.59.191 - - [01/Mar/2018:17:22:21 -0300] "GET /cormun/static/Resources/prompt.gif HTTP/1.1" 304 -
191.125.59.191 - - [01/Mar/2018:17:22:21 -0300] "GET /cormun/static/Resources/PXTools/calendar.png HTTP/1.1" 304 -
191.125.59.191 - - [01/Mar/2018:17:22:21 -0300] "GET /cormun/static/Resources/PXToolsFooterBackground2.png HTTP/1.1" 304 -
191.125.59.191 - - [01/Mar/2018:17:22:21 -0300] "GET /cormun/static/Resources/PXToolsHeaderBackground2.png HTTP/1.1" 304 -
191.125.59.191 - - [01/Mar/2018:17:22:21 -0300] "GET /cormun/static/Resources/PXToolsHeaderActionsBackground.png HTTP/1.1" 304 -
191.125.59.191 - - [01/Mar/2018:17:22:21 -0300] "GET /cormun/static/Resources/PXToolsDataTitle.png HTTP/1.1" 304 -
191.125.59.191 - - [01/Mar/2018:17:22:21 -0300] "GET /cormun/static/Resources/PXToolsButtonRight21.png HTTP/1.1" 304 -
191.125.59.191 - - [01/Mar/2018:17:22:21 -0300] "GET /cormun/static/Resources/PXToolsButtonBackground2.png HTTP/1.1" 304 -
191.125.59.191 - - [01/Mar/2018:17:22:21 -0300] "GET /cormun/static/Resources/indicator.gif HTTP/1.1" 304 -
191.125.59.191 - - [01/Mar/2018:17:22:21 -0300] "GET /cormun/static/Resources/PXToolsButtonLeft21.png HTTP/1.1" 304 -
191.125.59.191 - - [01/Mar/2018:17:22:21 -0300] "GET /cormun/static/SmoothNavMenu/resources/images/down.gif HTTP/1.1" 304 -
191.125.59.191 - - [01/Mar/2018:17:22:21 -0300] "GET /cormun/static/SmoothNavMenu/resources/images/right.gif HTTP/1.1" 304 -
191.125.59.191 - - [01/Mar/2018:17:22:22 -0300] "GET /cormun/servlet/solicitudot?INS,0,0, HTTP/1.1" 200 13715
191.125.59.191 - - [01/Mar/2018:17:22:33 -0300] "GET /cormun/servlet/prfichaempleado?,MD,,gxPopupLevel%3D0%3B HTTP/1.1" 200 9429
186.103.159.46 - - [01/Mar/2018:17:22:37 -0300] "POST /cormun/servlet/solicitudot?gx-no-cache=1519935709370 HTTP/1.1" 200 30
191.125.59.191 - - [01/Mar/2018:17:22:42 -0300] "POST /cormun/servlet/prfichaempleado?03dc1b970561dc2b39cd0cdba71bb2d2,,MD,,gxPopupLevel%3D0%3B,gx-no-cache=1519935713646 HTTP/1.1" 200 3493
191.125.59.191 - - [01/Mar/2018:17:22:49 -0300] "POST /cormun/servlet/solicitudot?gx-no-cache=1519935720035 HTTP/1.1" 200 3433
186.103.159.46 - - [01/Mar/2018:17:22:50 -0300] "GET /cormun/servlet/prcontratosol?9999971,,,,,MD,,gxPopupLevel%3D0%3B HTTP/1.1" 200 7951
191.125.59.191 - - [01/Mar/2018:17:22:51 -0300] "POST /cormun/servlet/solicitudot?03dc1b970561dc2b39cd0cdba71bb2d2,INS,0,0,,gx-no-cache=1519935721317 HTTP/1.1" 200 10578
191.125.59.191 - - [01/Mar/2018:17:22:51 -0300] "GET /cormun/servlet/solicitudot?bbd9b50e36c7a0a10caa5ebf312cd8fb2e20d2f41f559eeb44cc6c2cc6fd1c6eabeb7aa5b5c1cf11b8b5de99179a80b9,gx-no-cache=1519935723057 HTTP/1.1" 200 30
191.125.59.191 - - [01/Mar/2018:17:22:56 -0300] "GET /cormun/servlet/solicitudot?bbd9b50e36c7a0a10caa5ebf312cd8fbefd4fa455992ed01d470804a8c277a98d2ef1c4d29607f832952f9a646aa3d919c81a39049585d46755ebf469378585d,gx-no-cache=1519935727372 HTTP/1.1" 200 30
191.125.59.191 - - [01/Mar/2018:17:22:56 -0300] "GET /cormun/servlet/solicitudot?bbd9b50e36c7a0a10caa5ebf312cd8fbffb16c660f139d701aa14c401150d428,gx-no-cache=1519935727582 HTTP/1.1" 200 53
191.125.59.191 - - [01/Mar/2018:17:22:56 -0300] "POST /cormun/servlet/solicitudot?gx-no-cache=1519935727785 HTTP/1.1" 200 255
191.125.59.191 - - [01/Mar/2018:17:22:56 -0300] "GET /cormun/servlet/solicitudot?bbd9b50e36c7a0a10caa5ebf312cd8fb58f4a86795ead7cae4ebdcab22b71288fcbf72eb54bc9da19c52965d589a475c204aa342e6700ab42dcad0a88e78252cc8e64cc4adf4f7f68653e8f666be2a4739063c7724aae2db7638990288d186dd9127f063a2d4cee59828e819e370de51fcfbf27a467a052c30bfab440322c523a55be742c476a059d12b88f37b863436d9486a11ba557f0ac9af46e406dbc973a5dd6ce8ad78990d38910ebc7fdf779fc556f2782787a179b5faea1ebc7544c65012d78fa4035e7d21f60c8942b6da49f336f54d678e81c89240b33e91852c3797e32c794ac15a49d15edeb5807977b99646ce21095bfffbff18cee9a27a3d1b317d973ba2cfb3646eb011b6b5697c8560699cb344a84a0b8a28ef6ab8e243b061e8ded786ab56630b0c806a091cb5fc3d7a7e2b590365af11dadb264fa0e03d5e87b7034794bfcb5d97f95fb66621d7e99f91319a6df6aeee9a4c112e48d8a4f1b7b971a364041cb72ab2e5e5cd24b7356e2a983e504208ba6968bd76bcd058,gx-no-cache=1519935728027 HTTP/1.1" 200 30
191.125.59.191 - - [01/Mar/2018:17:22:59 -0300] "POST /cormun/servlet/solicitudot?gx-no-cache=1519935730118 HTTP/1.1" 200 30
191.125.59.191 - - [01/Mar/2018:17:23:01 -0300] "GET /cormun/servlet/prcontratosol?16792637,,,,,MD,,gxPopupLevel%3D0%3B HTTP/1.1" 200 8077
191.125.59.191 - - [01/Mar/2018:17:23:06 -0300] "POST /cormun/servlet/solicitudot?gx-no-cache=1519935737137 HTTP/1.1" 200 1337
192.168.10.56 - - [01/Mar/2018:17:23:07 -0300] "POST /cormun/servlet/hlogin?a9ede457f783917204180c9275425238,gx-no-cache=1519935628967 HTTP/1.1" 440 972
191.125.59.191 - - [01/Mar/2018:17:23:07 -0300] "POST /cormun/servlet/solicitudot?gx-no-cache=1519935737447 HTTP/1.1" 200 38
191.125.59.191 - - [01/Mar/2018:17:23:08 -0300] "GET /cormun/servlet/solicitudot?bbd9b50e36c7a0a10caa5ebf312cd8fb50ac8633d8b797444965ce1650e19f0f7452aaa1826e84a356620198030c8ccad43973f52bc2d1d8c77dc283c5549cbe848ae1efa047bfa23fe8ca47a36ff9e393c7c334073de9488deaa0be356be960c0496cec6c23ffa20bed7085bff2e1cb2bf14f9a300c4c81a2575a2c5e4588dd915b1af15e05ad9e7957d7a3b2fef4369d262aba79665a1ea7697b2e9796bea6,gx-no-cache=1519935739241 HTTP/1.1" 200 29
191.125.59.191 - - [01/Mar/2018:17:23:08 -0300] "POST /cormun/servlet/solicitudot?gx-no-cache=1519935739450 HTTP/1.1" 200 1321
191.125.59.191 - - [01/Mar/2018:17:23:09 -0300] "POST /cormun/servlet/solicitudot?gx-no-cache=1519935740035 HTTP/1.1" 200 1218
192.168.10.56 - - [01/Mar/2018:17:23:09 -0300] "GET /cormun/servlet/hlogin HTTP/1.1" 200 1725
191.125.59.191 - - [01/Mar/2018:17:23:09 -0300] "GET /cormun/servlet/solicitudot?bbd9b50e36c7a0a10caa5ebf312cd8fbaeac217a963a4ca65b297da8a8740e9bfe6d8b6a6c1e2495d350c9854854472c,gx-no-cache=1519935740359 HTTP/1.1" 200 30
192.168.10.56 - - [01/Mar/2018:17:23:12 -0300] "POST /cormun/servlet/hlogin?2d00026f5cb879209dfbb9d5b5d3cadd,gx-no-cache=1519935633544 HTTP/1.1" 200 90
192.168.10.56 - - [01/Mar/2018:17:23:12 -0300] "GET /cormun/servlet/hpexe_link HTTP/1.1" 200 947
192.168.10.56 - - [01/Mar/2018:17:23:12 -0300] "GET /cormun/servlet/hhome HTTP/1.1" 200 4462
192.168.10.56 - - [01/Mar/2018:17:23:13 -0300] "GET /cormun/servlet/hhome HTTP/1.1" 200 4458
192.168.10.56 - - [01/Mar/2018:17:23:18 -0300] "GET /cormun/servlet/trsolicitudgral? HTTP/1.1" 200 28350
192.168.10.56 - - [01/Mar/2018:17:23:22 -0300] "GET /cormun/servlet/trsolicitudgral? HTTP/1.1" 200 28347
186.103.159.46 - - [01/Mar/2018:17:23:28 -0300] "POST /cormun/servlet/solicitudot?ffe4e6422b04176d445a83989ad10005,INS,0,0,,gx-no-cache=1519935759108 HTTP/1.1" 200 93
186.103.159.46 - - [01/Mar/2018:17:23:28 -0300] "GET /cormun/servlet/hpexe_return? HTTP/1.1" 200 1008
191.125.59.191 - - [01/Mar/2018:17:23:28 -0300] "POST /cormun/servlet/solicitudot?gx-no-cache=1519935757668 HTTP/1.1" 200 1321
191.125.59.191 - - [01/Mar/2018:17:23:28 -0300] "POST /cormun/servlet/solicitudot?gx-no-cache=1519935759881 HTTP/1.1" 200 1218
186.103.159.46 - - [01/Mar/2018:17:23:29 -0300] "GET /cormun/servlet/trsolicitudot HTTP/1.1" 200 11093
200.86.171.207 - - [01/Mar/2018:17:23:31 -0300] "GET /cormun/servlet/trsolicitudot? HTTP/1.1" 200 7537
200.86.171.207 - - [01/Mar/2018:17:23:31 -0300] "GET /cormun/static/calendar.js?85251 HTTP/1.1" 304 -
200.86.171.207 - - [01/Mar/2018:17:23:31 -0300] "GET /cormun/static/calendar-setup.js?85251 HTTP/1.1" 304 -
186.103.159.46 - - [01/Mar/2018:17:23:31 -0300] "GET /cormun/servlet/trsolicitudot HTTP/1.1" 200 11089
200.86.171.207 - - [01/Mar/2018:17:23:31 -0300] "GET /cormun/static/calendar-es.js?85251 HTTP/1.1" 304 -
200.86.171.207 - - [01/Mar/2018:17:23:31 -0300] "GET /cormun/static/gxdec.js?85251 HTTP/1.1" 304 -
200.86.171.207 - - [01/Mar/2018:17:23:32 -0300] "GET /cormun/servlet/trsolicitudot? HTTP/1.1" 200 7537
200.86.171.207 - - [01/Mar/2018:17:23:35 -0300] "GET /cormun/servlet/solicitudot?INS,0,0, HTTP/1.1" 200 13784
200.86.171.207 - - [01/Mar/2018:17:23:36 -0300] "GET /cormun/servlet/solicitudot?INS,0,0, HTTP/1.1" 200 13789
186.103.159.46 - - [01/Mar/2018:17:23:43 -0300] "GET /cormun/servlet/solicitudot?INS,0,0, HTTP/1.1" 200 13408
186.103.159.46 - - [01/Mar/2018:17:23:46 -0300] "GET /cormun/servlet/solicitudot?INS,0,0, HTTP/1.1" 200 13413
200.86.171.207 - - [01/Mar/2018:17:23:49 -0300] "POST /cormun/servlet/solicitudot?gx-no-cache=1519935823926 HTTP/1.1" 200 3293
200.86.171.207 - - [01/Mar/2018:17:23:50 -0300] "POST /cormun/servlet/solicitudot?a6a69be86de86ebec57c01078d85ecd6,INS,0,0,,gx-no-cache=1519935824343 HTTP/1.1" 200 10447
200.86.171.207 - - [01/Mar/2018:17:23:54 -0300] "GET /cormun/servlet/solicitudot?bda972e4e0258e37f4f0738a04eb7d8467ad3b35e55b352716994d33acee384b2b2055fa35a63169b9587d2982835f5b,gx-no-cache=1519935828505 HTTP/1.1" 200 30
186.103.159.46 - - [01/Mar/2018:17:24:03 -0300] "POST /cormun/servlet/solicitudot?gx-no-cache=1519935794978 HTTP/1.1" 200 3397
186.103.159.46 - - [01/Mar/2018:17:24:04 -0300] "POST /cormun/servlet/solicitudot?ffe4e6422b04176d445a83989ad10005,INS,0,0,,gx-no-cache=1519935795508 HTTP/1.1" 200 10371
186.103.159.46 - - [01/Mar/2018:17:24:12 -0300] "GET /cormun/servlet/solicitudot?1f98912d190e3d180d134005738c7fb76d48e44de6aeabd31dad544186a77cbd0ebbccf41ad76d064dc2bb339beab81f,gx-no-cache=1519935804256 HTTP/1.1" 200 30
191.125.59.191 - - [01/Mar/2018:17:24:20 -0300] "POST /cormun/servlet/solicitudot?gx-no-cache=1519935811229 HTTP/1.1" 200 33
191.125.59.191 - - [01/Mar/2018:17:24:31 -0300] "POST /cormun/servlet/solicitudot?03dc1b970561dc2b39cd0cdba71bb2d2,INS,0,0,,gx-no-cache=1519935821341 HTTP/1.1" 200 93
191.125.59.191 - - [01/Mar/2018:17:24:31 -0300] "GET /cormun/servlet/hpexe_return? HTTP/1.1" 200 1008
191.125.59.191 - - [01/Mar/2018:17:24:34 -0300] "GET /cormun/servlet/trsolicitudot HTTP/1.1" 200 23287
191.125.59.191 - - [01/Mar/2018:17:24:36 -0300] "GET /cormun/servlet/trsolicitudot HTTP/1.1" 200 23282
191.125.59.191 - - [01/Mar/2018:17:24:40 -0300] "POST /cormun/servlet/trsolicitudot?03dc1b970561dc2b39cd0cdba71bb2d2,gx-no-cache=1519935829118 HTTP/1.1" 200 20720
191.125.59.191 - - [01/Mar/2018:17:24:42 -0300] "GET /cormun/static/Shared/jqueryui/images/ui-bg_highlight-soft_100_c6c2c8_1x100.png HTTP/1.1" 404 1117
191.125.59.191 - - [01/Mar/2018:17:24:42 -0300] "GET /cormun/static/Shared/jqueryui/images/ui-icons_8d78a5_256x240.png HTTP/1.1" 404 1089
191.125.59.191 - - [01/Mar/2018:17:24:43 -0300] "GET /cormun/static/Shared/jqueryui/images/ui-bg_flat_55_fafafa_40x100.png HTTP/1.1" 404 1097
191.125.59.191 - - [01/Mar/2018:17:24:43 -0300] "GET /cormun/static/Shared/jqueryui/images/ui-icons_82798d_256x240.png HTTP/1.1" 404 1089
186.103.159.46 - - [01/Mar/2018:17:24:45 -0300] "GET /cormun/servlet/solicitudot?1f98912d190e3d180d134005738c7fb7e5b2ee8193353bea6b4e1265aea2452cd17610250398f039853d29e81d0e6733e1694cca9991726cba4a8929fea5c729,gx-no-cache=1519935837396 HTTP/1.1" 200 30
186.103.159.46 - - [01/Mar/2018:17:24:45 -0300] "GET /cormun/servlet/solicitudot?1f98912d190e3d180d134005738c7fb788943c5701b083201d88221d414d847e,gx-no-cache=1519935837534 HTTP/1.1" 200 57
186.103.159.46 - - [01/Mar/2018:17:24:45 -0300] "POST /cormun/servlet/solicitudot?gx-no-cache=1519935837657 HTTP/1.1" 200 255
186.103.159.46 - - [01/Mar/2018:17:24:45 -0300] "GET /cormun/servlet/solicitudot?1f98912d190e3d180d134005738c7fb74ab3878c9861981c62e012d76639d895641f33883ff731de652ff361418edc7948a295acddbfe53ab940f75c0f993c2bb468100b997911ac48feb04de3d410bc3197ecd58e785bb055c00ecdbb4fe8e03fb3cb57cc1a871b914bdeb9f07f06bbb8857acc344a40fcf925cd86a80d1a2f17d8575c3a56ff74cb8a423e0052bf8b7d98639aef4815c3b8fedd61ab05ff22eec142977697ca08e85bdf0baa14c47ff7478b82a1d972a02aa31e2377a33e75b3226d63b67ea19643cb4d75b4899468727c344602160bfd1dd5059e123e5c9aaccc1ad08d512e12e9172d01c8566c059c7e17877a65416bc1098361183f91614deb6a25c74dbfa6e3074320bd9126aad53e14b5b26dbb31036d6cb5b908a9f8db594ac73275a5a20e3e4d5cc34b8a8fe325724c38af7e01d7e943550a85288b2a2647c5ffbff1a8111f5d191935f3ddd44ea219b2f7d848ce0e055405e9ec9ae44cc2b21a41984d06d8e5b9c6f844eee574a7f8ef1fdc61f06719f1f90ce633,gx-no-cache=1519935837821 HTTP/1.1" 200 30
191.125.59.191 - - [01/Mar/2018:17:24:47 -0300] "POST /cormun/servlet/trsolicitudot?03dc1b970561dc2b39cd0cdba71bb2d2,gx-no-cache=1519935833974 HTTP/1.1" 200 20659
186.103.159.46 - - [01/Mar/2018:17:24:51 -0300] "POST /cormun/servlet/solicitudot?gx-no-cache=1519935843592 HTTP/1.1" 200 30
186.103.159.46 - - [01/Mar/2018:17:24:54 -0300] "GET /cormun/servlet/prcontratosol?7798370,,,,,MD,,gxPopupLevel%3D0%3B HTTP/1.1" 200 8555
191.125.59.191 - - [01/Mar/2018:17:24:57 -0300] "POST /cormun/servlet/trsolicitudot?03dc1b970561dc2b39cd0cdba71bb2d2,gx-no-cache=1519935845765 HTTP/1.1" 200 20718
191.125.59.191 - - [01/Mar/2018:17:25:01 -0300] "POST /cormun/servlet/trsolicitudot?03dc1b970561dc2b39cd0cdba71bb2d2,gx-no-cache=1519935849266 HTTP/1.1" 200 20658
192.168.10.56 - - [01/Mar/2018:17:25:07 -0300] "POST /cormun/servlet/trsolicitudgral?2d00026f5cb879209dfbb9d5b5d3cadd,,gx-no-cache=1519935747573 HTTP/1.1" 200 14911
186.103.159.46 - - [01/Mar/2018:17:25:07 -0300] "POST /cormun/servlet/solicitudot?gx-no-cache=1519935859771 HTTP/1.1" 200 1336
186.103.159.46 - - [01/Mar/2018:17:25:07 -0300] "POST /cormun/servlet/solicitudot?gx-no-cache=1519935860009 HTTP/1.1" 200 38
186.103.159.46 - - [01/Mar/2018:17:25:08 -0300] "GET /cormun/servlet/solicitudot?1f98912d190e3d180d134005738c7fb7c285f028cf526b6af1aefb26201584959e276cd5b08e2cc3282ab615353521a8713725c5cb667546cb02d00f7dabca56b46c71fc95faddcb3a4fe95d036680a82ad19a524b8a052733cd20af2790ba9b89065d57efa70f1e53b6654eed9f9dd52dbb2473ff59ee2299046354f3774d98da0a1522ed4bbabae40de694bcc939b8d59148028cb19d38c8d6553d3d7728d0,gx-no-cache=1519935860148 HTTP/1.1" 200 29
192.168.10.56 - - [01/Mar/2018:17:25:08 -0300] "GET /cormun/static/menuarrow.gif HTTP/1.1" 404 1015
186.103.159.46 - - [01/Mar/2018:17:25:09 -0300] "POST /cormun/servlet/solicitudot?gx-no-cache=1519935860280 HTTP/1.1" 200 1318
186.103.159.46 - - [01/Mar/2018:17:25:11 -0300] "POST /cormun/servlet/solicitudot?gx-no-cache=1519935861898 HTTP/1.1" 200 1218
186.103.159.46 - - [01/Mar/2018:17:25:11 -0300] "GET /cormun/servlet/solicitudot?1f98912d190e3d180d134005738c7fb71a758c7941f287c9f861ae3de600a09f,gx-no-cache=1519935863443 HTTP/1.1" 200 30
