186.103.156.166 - - [01/Mar/2018:13:29:56 -0300] "GET /cormun/servlet/solicitudot?ef1794e6f8e860615c2d59539b5f97a455451a2f48b2e06ad1915f9de9d9b4978f603358c4549b8a52b4459615edb0f59e2fc1f9cd43417e415058647ee8b1f51f5bb9e763fc5ac38e9cd751124d509d3611bd50fb1ea639c444af094f9e6a9ced1de41b3a1743fd8902cdde36279f9827e2a3ae7670cec5a181b14c2c64f29df84ce5200ab4f251e2f1685f5d3d2c0b12dc3a60df994f57b9d705bfbebe65775583de0159cc36a557588dcaed02beb88f6eada9f40c9804b8b74621ed90b705583a05f549abe27f5eb5b3775f8cf62bf1f6b6ce150e78cc433902d8d67838ece503dd60525643f492bbdbf8ffc99fad1b96118ea2a6b0baefeab999742d0fa48ef5f1c5af76f64f5e3879d91f125e885bf4cfcfcb872ca93ef0872aea23d20cf72c2ee4d2654091a820be606019d54c5e939c11042bd6521749b6be14f9a999f3d38c7e4371f74b6b92c4fc9e3f8a7d4575f8c6968ed643f4538b0693338920341ed603975a80b2edd0d8819997381c3be610fb5d17eca973b94b7ccf4bcbe5,gx-no-cache=1519921753098 HTTP/1.1" 200 30
186.103.156.166 - - [01/Mar/2018:13:30:02 -0300] "POST /cormun/servlet/solicitudot?gx-no-cache=1519921759554 HTTP/1.1" 200 30
186.103.159.43 - - [01/Mar/2018:13:30:14 -0300] "POST /cormun/servlet/trautorizarsolicitud?e5609458cb156a042b18aef043f7fb2d,gx-no-cache=1519921765389 HTTP/1.1" 200 5571
186.103.159.43 - - [01/Mar/2018:13:30:15 -0300] "GET /cormun/static/Shared/jqueryui/images/ui-icons_8d78a5_256x240.png HTTP/1.1" 404 1089
186.103.159.43 - - [01/Mar/2018:13:30:15 -0300] "GET /cormun/static/Shared/jqueryui/images/ui-icons_82798d_256x240.png HTTP/1.1" 404 1089
186.103.159.43 - - [01/Mar/2018:13:30:15 -0300] "GET /cormun/static/Shared/jqueryui/images/ui-bg_highlight-soft_100_c6c2c8_1x100.png HTTP/1.1" 404 1117
186.103.159.43 - - [01/Mar/2018:13:30:15 -0300] "GET /cormun/static/Shared/jqueryui/images/ui-bg_flat_55_fafafa_40x100.png HTTP/1.1" 404 1097
186.103.159.43 - - [01/Mar/2018:13:30:16 -0300] "POST /cormun/servlet/trautorizarsolicitud?e5609458cb156a042b18aef043f7fb2d,gx-no-cache=1519921767834 HTTP/1.1" 200 5513
186.103.159.43 - - [01/Mar/2018:13:30:34 -0300] "GET /cormun/servlet/treventos?2018,9768, HTTP/1.1" 200 8378
186.103.159.43 - - [01/Mar/2018:13:30:35 -0300] "GET /cormun/static/gxcfg.js?2016101716195975 HTTP/1.1" 200 953
186.67.203.186 - - [01/Mar/2018:13:30:42 -0300] "GET /cormun/servlet/hlogin HTTP/1.1" 200 1720
186.67.203.186 - - [01/Mar/2018:13:30:43 -0300] "GET /cormun/static/gxcfg.js?20175251213516 HTTP/1.1" 304 -
186.67.203.186 - - [01/Mar/2018:13:30:43 -0300] "GET /cormun/static/messages.spa.js?85251 HTTP/1.1" 304 -
186.67.203.186 - - [01/Mar/2018:13:30:59 -0300] "POST /cormun/servlet/hlogin?1aabaf06e9b98d5cc4acf6b3141fc69f,gx-no-cache=1519921811948 HTTP/1.1" 200 425
186.67.203.186 - - [01/Mar/2018:13:31:10 -0300] "POST /cormun/servlet/hlogin?1aabaf06e9b98d5cc4acf6b3141fc69f,gx-no-cache=1519921823214 HTTP/1.1" 200 90
186.67.203.186 - - [01/Mar/2018:13:31:10 -0300] "GET /cormun/servlet/hpexe_link HTTP/1.1" 200 948
186.67.203.186 - - [01/Mar/2018:13:31:10 -0300] "GET /cormun/static/gxcfg.js?20177612121792 HTTP/1.1" 304 -
186.67.203.186 - - [01/Mar/2018:13:31:11 -0300] "GET /cormun/servlet/hhome HTTP/1.1" 200 4194
200.111.122.170 - - [01/Mar/2018:13:31:11 -0300] "GET /cormun/static/gxcfg.js?20175251212442 HTTP/1.1" 200 953
200.111.122.170 - - [01/Mar/2018:13:31:12 -0300] "GET /cormun/static/hhome.js?20175251212450 HTTP/1.1" 200 777
200.111.122.170 - - [01/Mar/2018:13:31:13 -0300] "GET /cormun/servlet/hhome HTTP/1.1" 200 4190
186.103.159.43 - - [01/Mar/2018:13:31:17 -0300] "GET /cormun/servlet/hlogin HTTP/1.1" 200 1727
186.103.159.43 - - [01/Mar/2018:13:31:19 -0300] "GET /cormun/servlet/hlogin HTTP/1.1" 200 1727
93.158.161.6 - - [01/Mar/2018:13:31:23 -0300] "GET /robots.txt HTTP/1.1" 404 981
186.103.159.43 - - [01/Mar/2018:13:31:24 -0300] "POST /cormun/servlet/hlogin?e5609458cb156a042b18aef043f7fb2d,gx-no-cache=1519921836042 HTTP/1.1" 200 90
186.103.159.43 - - [01/Mar/2018:13:31:24 -0300] "GET /cormun/servlet/hpexe_link HTTP/1.1" 200 959
186.103.159.43 - - [01/Mar/2018:13:31:25 -0300] "GET /cormun/servlet/treventos?2018,9768, HTTP/1.1" 200 8379
200.111.122.170 - - [01/Mar/2018:13:31:25 -0300] "GET /cormun/servlet/trvisualizadoreventos? HTTP/1.1" 200 6947
186.67.203.186 - - [01/Mar/2018:13:31:25 -0300] "GET /cormun/static/gxcfg.js?20175251251426 HTTP/1.1" 304 -
186.103.159.43 - - [01/Mar/2018:13:31:26 -0300] "GET /cormun/static/treventos.js?201610171620222 HTTP/1.1" 200 16064
186.67.203.186 - - [01/Mar/2018:13:31:26 -0300] "GET /cormun/servlet/trvisualizadoreventos? HTTP/1.1" 200 6949
93.158.161.6 - - [01/Mar/2018:13:31:27 -0300] "GET /docs/funcspecs/mbean-names.html HTTP/1.1" 200 31698
186.103.159.43 - - [01/Mar/2018:13:31:27 -0300] "GET /cormun/servlet/treventos?2018,9768, HTTP/1.1" 200 8384
186.67.203.186 - - [01/Mar/2018:13:31:30 -0300] "GET /cormun/servlet/trautorizarsolicitud? HTTP/1.1" 200 7303
186.67.203.186 - - [01/Mar/2018:13:31:31 -0300] "GET /cormun/static/gxcfg.js?2017111423403364 HTTP/1.1" 304 -
186.67.203.186 - - [01/Mar/2018:13:31:32 -0300] "GET /cormun/servlet/trautorizarsolicitud? HTTP/1.1" 200 7302
200.111.122.170 - - [01/Mar/2018:13:31:37 -0300] "GET /cormun/servlet/trsolicitudot? HTTP/1.1" 200 7405
200.111.122.170 - - [01/Mar/2018:13:31:37 -0300] "GET /cormun/static/gxcfg.js?2017111422585916 HTTP/1.1" 304 -
200.111.122.170 - - [01/Mar/2018:13:31:38 -0300] "GET /cormun/servlet/trsolicitudot? HTTP/1.1" 200 7405
186.103.159.43 - - [01/Mar/2018:13:31:39 -0300] "GET /cormun/servlet/trautorizarsolicitud? HTTP/1.1" 200 8496
186.103.159.43 - - [01/Mar/2018:13:31:40 -0300] "GET /cormun/servlet/trautorizarsolicitud? HTTP/1.1" 200 8496
190.151.100.218 - - [01/Mar/2018:13:31:43 -0300] "GET /cormun/servlet/trsolicitudot? HTTP/1.1" 200 7405
190.151.100.218 - - [01/Mar/2018:13:31:44 -0300] "GET /cormun/servlet/trsolicitudot? HTTP/1.1" 200 7405
186.103.159.43 - - [01/Mar/2018:13:31:45 -0300] "GET /cormun/servlet/treventos?2018,9768, HTTP/1.1" 200 8378
186.103.159.43 - - [01/Mar/2018:13:31:48 -0300] "GET /cormun/servlet/treventos?2018,9768, HTTP/1.1" 200 8384
190.151.100.218 - - [01/Mar/2018:13:31:49 -0300] "GET /cormun/servlet/solicitudot?INS,0,0, HTTP/1.1" 200 13641
186.103.132.155 - - [01/Mar/2018:13:31:49 -0300] "GET /cormun/static/gxcfg.js?201812313224582 HTTP/1.1" 304 -
186.103.132.155 - - [01/Mar/2018:13:31:50 -0300] "GET /cormun/servlet/solicitudot?INS,0,0, HTTP/1.1" 200 13646
186.103.159.43 - - [01/Mar/2018:13:31:50 -0300] "GET /cormun/servlet/trautorizarsolicitud? HTTP/1.1" 200 8496
186.103.159.43 - - [01/Mar/2018:13:31:51 -0300] "GET /cormun/servlet/trautorizarsolicitud? HTTP/1.1" 200 8496
192.168.10.96 - - [01/Mar/2018:13:32:59 -0300] "GET /cormun/servlet/trsolicitudgral? HTTP/1.1" 200 28024
192.168.10.96 - - [01/Mar/2018:13:33:02 -0300] "GET /cormun/servlet/trsolicitudgral? HTTP/1.1" 200 28023
192.168.10.96 - - [01/Mar/2018:13:33:08 -0300] "POST /cormun/servlet/trsolicitudgral?b03ab36c19dee4b84c1d7a3ecc991914,,gx-no-cache=1519921827540 HTTP/1.1" 200 21708
186.103.156.166 - - [01/Mar/2018:13:33:08 -0300] "POST /cormun/servlet/solicitudot?gx-no-cache=1519921946045 HTTP/1.1" 200 1472
186.103.156.166 - - [01/Mar/2018:13:33:21 -0300] "POST /cormun/servlet/solicitudot?gx-no-cache=1519921958264 HTTP/1.1" 200 1336
186.103.156.166 - - [01/Mar/2018:13:33:21 -0300] "GET /cormun/static/menuarrow.gif HTTP/1.1" 404 1015
186.103.156.166 - - [01/Mar/2018:13:34:02 -0300] "POST /cormun/servlet/solicitudot?gx-no-cache=1519921999322 HTTP/1.1" 200 118
192.168.10.96 - - [01/Mar/2018:13:34:38 -0300] "POST /cormun/servlet/trsolicitudgral?b03ab36c19dee4b84c1d7a3ecc991914,,gx-no-cache=1519921919297 HTTP/1.1" 200 8118
186.103.156.166 - - [01/Mar/2018:13:34:42 -0300] "POST /cormun/servlet/solicitudot?gx-no-cache=1519922040024 HTTP/1.1" 200 118
192.168.10.96 - - [01/Mar/2018:13:34:56 -0300] "POST /cormun/servlet/trsolicitudgral?b03ab36c19dee4b84c1d7a3ecc991914,,gx-no-cache=1519921937189 HTTP/1.1" 200 5915
192.168.10.96 - - [01/Mar/2018:13:34:59 -0300] "POST /cormun/servlet/trsolicitudgral?b03ab36c19dee4b84c1d7a3ecc991914,,gx-no-cache=1519921940006 HTTP/1.1" 200 5915
192.168.10.96 - - [01/Mar/2018:13:35:03 -0300] "POST /cormun/servlet/trsolicitudgral?b03ab36c19dee4b84c1d7a3ecc991914,,gx-no-cache=1519921943718 HTTP/1.1" 200 7741
192.168.10.96 - - [01/Mar/2018:13:35:11 -0300] "POST /cormun/servlet/trsolicitudgral?b03ab36c19dee4b84c1d7a3ecc991914,,gx-no-cache=1519921951820 HTTP/1.1" 200 7743
192.168.10.96 - - [01/Mar/2018:13:35:20 -0300] "POST /cormun/servlet/trsolicitudgral?b03ab36c19dee4b84c1d7a3ecc991914,,gx-no-cache=1519921960629 HTTP/1.1" 200 13491
186.103.156.166 - - [01/Mar/2018:13:35:40 -0300] "POST /cormun/servlet/solicitudot?gx-no-cache=1519922098188 HTTP/1.1" 200 118
200.111.122.170 - - [01/Mar/2018:13:35:46 -0300] "POST /cormun/servlet/solicitudot?gx-no-cache=1519922099549 HTTP/1.1" 200 3367
200.111.122.170 - - [01/Mar/2018:13:35:47 -0300] "GET /cormun/static/Shared/jqueryui/images/ui-bg_highlight-soft_100_c6c2c8_1x100.png HTTP/1.1" 404 1117
186.67.203.186 - - [01/Mar/2018:13:35:47 -0300] "GET /cormun/static/Shared/jqueryui/images/ui-icons_82798d_256x240.png HTTP/1.1" 404 1089
190.151.100.218 - - [01/Mar/2018:13:35:47 -0300] "GET /cormun/static/Shared/jqueryui/images/ui-icons_ebccce_256x240.png HTTP/1.1" 404 1089
186.103.132.155 - - [01/Mar/2018:13:35:47 -0300] "GET /cormun/static/Shared/jqueryui/images/ui-bg_flat_55_994d53_40x100.png HTTP/1.1" 404 1097
186.103.156.166 - - [01/Mar/2018:13:36:25 -0300] "GET /cormun/servlet/solicitudot?ef1794e6f8e860615c2d59539b5f97a4340176d2b82749dc52a9f2097db0c2b58b9d41984f3ee1c9f5ec0116651f721fb1102abdcde60f6a16661e4972e5671be80b4d6201e7713181fd2ae306daed59ef90442e2ca5fe4be3f9b145e8b3fa56b926e267c28d5e5be6e35e417e3f114c,gx-no-cache=1519922142383 HTTP/1.1" 200 29
186.103.156.166 - - [01/Mar/2018:13:36:25 -0300] "POST /cormun/servlet/solicitudot?gx-no-cache=1519922142520 HTTP/1.1" 200 1318
186.103.156.166 - - [01/Mar/2018:13:36:25 -0300] "POST /cormun/servlet/solicitudot?gx-no-cache=1519922142727 HTTP/1.1" 200 1218
186.103.156.166 - - [01/Mar/2018:13:36:31 -0300] "POST /cormun/servlet/solicitudot?gx-no-cache=1519922149251 HTTP/1.1" 200 1318
186.103.156.166 - - [01/Mar/2018:13:36:32 -0300] "POST /cormun/servlet/solicitudot?gx-no-cache=1519922149423 HTTP/1.1" 200 1218
186.103.156.166 - - [01/Mar/2018:13:36:56 -0300] "GET /cormun/servlet/solicitudot?ef1794e6f8e860615c2d59539b5f97a4598d26604d4a0a8d8f2b49893164ce8bd463c1d100f0a3b4028757476633830a,gx-no-cache=1519922173674 HTTP/1.1" 200 134
192.168.10.96 - - [01/Mar/2018:13:36:58 -0300] "POST /cormun/servlet/trsolicitudgral?b03ab36c19dee4b84c1d7a3ecc991914,,gx-no-cache=1519922058861 HTTP/1.1" 200 12834
192.168.10.96 - - [01/Mar/2018:13:36:58 -0300] "GET /cormun/static/Shared/jqueryui/images/ui-icons_82798d_256x240.png HTTP/1.1" 404 1089
192.168.10.96 - - [01/Mar/2018:13:36:58 -0300] "GET /cormun/static/Shared/jqueryui/images/ui-bg_highlight-soft_100_c6c2c8_1x100.png HTTP/1.1" 404 1117
192.168.10.96 - - [01/Mar/2018:13:36:58 -0300] "GET /cormun/static/Shared/jqueryui/images/ui-bg_flat_55_fafafa_40x100.png HTTP/1.1" 404 1097
192.168.10.96 - - [01/Mar/2018:13:36:58 -0300] "GET /cormun/static/Shared/jqueryui/images/ui-icons_8d78a5_256x240.png HTTP/1.1" 404 1089
192.168.10.96 - - [01/Mar/2018:13:37:10 -0300] "POST /cormun/servlet/trsolicitudgral?b03ab36c19dee4b84c1d7a3ecc991914,,gx-no-cache=1519922070837 HTTP/1.1" 200 12462
186.103.156.166 - - [01/Mar/2018:13:37:14 -0300] "GET /cormun/servlet/solicitudot?ef1794e6f8e860615c2d59539b5f97a4550f3e311aa8c0605dc5420e76d7e46ce7bd419df2042e25d3417cd2734381e9,gx-no-cache=1519922192026 HTTP/1.1" 200 30
186.103.156.166 - - [01/Mar/2018:13:37:39 -0300] "POST /cormun/servlet/solicitudot?gx-no-cache=1519922217356 HTTP/1.1" 200 122
186.103.156.166 - - [01/Mar/2018:13:37:40 -0300] "POST /cormun/servlet/solicitudot?gx-no-cache=1519922217456 HTTP/1.1" 200 1318
186.103.156.166 - - [01/Mar/2018:13:37:40 -0300] "POST /cormun/servlet/solicitudot?gx-no-cache=1519922217629 HTTP/1.1" 200 1218
186.103.156.166 - - [01/Mar/2018:13:37:40 -0300] "POST /cormun/servlet/solicitudot?gx-no-cache=1519922217781 HTTP/1.1" 200 120
186.103.156.166 - - [01/Mar/2018:13:37:41 -0300] "POST /cormun/servlet/solicitudot?6ab90d87c34b59e5269968ec37950e28,INS,0,0,,gx-no-cache=1519922217877 HTTP/1.1" 200 11942
186.103.156.166 - - [01/Mar/2018:13:37:58 -0300] "POST /cormun/servlet/solicitudot?gx-no-cache=1519922235853 HTTP/1.1" 200 122
186.103.156.166 - - [01/Mar/2018:13:37:58 -0300] "POST /cormun/servlet/solicitudot?gx-no-cache=1519922235950 HTTP/1.1" 200 1318
186.103.156.166 - - [01/Mar/2018:13:37:58 -0300] "POST /cormun/servlet/solicitudot?gx-no-cache=1519922236114 HTTP/1.1" 200 1218
186.103.156.166 - - [01/Mar/2018:13:37:58 -0300] "POST /cormun/servlet/solicitudot?gx-no-cache=1519922236267 HTTP/1.1" 200 120
186.103.156.166 - - [01/Mar/2018:13:37:59 -0300] "POST /cormun/servlet/solicitudot?6ab90d87c34b59e5269968ec37950e28,INS,0,0,,gx-no-cache=1519922236355 HTTP/1.1" 200 11977
186.103.156.166 - - [01/Mar/2018:13:38:06 -0300] "POST /cormun/servlet/solicitudot?gx-no-cache=1519922243742 HTTP/1.1" 200 122
186.103.156.166 - - [01/Mar/2018:13:38:06 -0300] "POST /cormun/servlet/solicitudot?gx-no-cache=1519922243825 HTTP/1.1" 200 1318
186.103.156.166 - - [01/Mar/2018:13:38:06 -0300] "POST /cormun/servlet/solicitudot?gx-no-cache=1519922243983 HTTP/1.1" 200 1218
186.103.156.166 - - [01/Mar/2018:13:38:06 -0300] "POST /cormun/servlet/solicitudot?gx-no-cache=1519922244143 HTTP/1.1" 200 120
186.103.156.166 - - [01/Mar/2018:13:38:07 -0300] "POST /cormun/servlet/solicitudot?6ab90d87c34b59e5269968ec37950e28,INS,0,0,,gx-no-cache=1519922244236 HTTP/1.1" 200 12037
186.103.156.166 - - [01/Mar/2018:13:38:20 -0300] "POST /cormun/servlet/solicitudot?gx-no-cache=1519922258334 HTTP/1.1" 200 122
186.103.156.166 - - [01/Mar/2018:13:38:21 -0300] "POST /cormun/servlet/solicitudot?gx-no-cache=1519922258427 HTTP/1.1" 200 1318
186.103.156.166 - - [01/Mar/2018:13:38:21 -0300] "POST /cormun/servlet/solicitudot?gx-no-cache=1519922258587 HTTP/1.1" 200 1218
186.103.156.166 - - [01/Mar/2018:13:38:21 -0300] "POST /cormun/servlet/solicitudot?gx-no-cache=1519922258735 HTTP/1.1" 200 120
186.103.156.166 - - [01/Mar/2018:13:38:22 -0300] "POST /cormun/servlet/solicitudot?6ab90d87c34b59e5269968ec37950e28,INS,0,0,,gx-no-cache=1519922258824 HTTP/1.1" 200 12081
186.103.156.166 - - [01/Mar/2018:13:40:27 -0300] "POST /cormun/servlet/solicitudot?gx-no-cache=1519922385278 HTTP/1.1" 200 122
186.103.156.166 - - [01/Mar/2018:13:40:28 -0300] "POST /cormun/servlet/solicitudot?gx-no-cache=1519922385393 HTTP/1.1" 200 1318
186.103.156.166 - - [01/Mar/2018:13:40:28 -0300] "POST /cormun/servlet/solicitudot?gx-no-cache=1519922385580 HTTP/1.1" 200 1218
186.103.156.166 - - [01/Mar/2018:13:40:28 -0300] "POST /cormun/servlet/solicitudot?gx-no-cache=1519922385725 HTTP/1.1" 200 120
186.103.156.166 - - [01/Mar/2018:13:40:29 -0300] "POST /cormun/servlet/solicitudot?6ab90d87c34b59e5269968ec37950e28,INS,0,0,,gx-no-cache=1519922385810 HTTP/1.1" 200 12161
186.103.159.43 - - [01/Mar/2018:13:40:43 -0300] "POST /cormun/servlet/trautorizarsolicitud?e5609458cb156a042b18aef043f7fb2d,,gx-no-cache=1519922394229 HTTP/1.1" 200 115
186.103.159.43 - - [01/Mar/2018:13:40:43 -0300] "GET /cormun/servlet/solicitudotlog?INS,2018,9768,0,REC, HTTP/1.1" 200 5960
186.103.159.43 - - [01/Mar/2018:13:40:43 -0300] "GET /cormun/static/solicitudotlog.js?2017761245655 HTTP/1.1" 200 8934
186.103.159.43 - - [01/Mar/2018:13:40:43 -0300] "GET /cormun/static/gxcfg.js?2017761245646 HTTP/1.1" 200 953
186.103.156.166 - - [01/Mar/2018:13:40:43 -0300] "POST /cormun/servlet/solicitudot?gx-no-cache=1519922401261 HTTP/1.1" 200 122
186.103.156.166 - - [01/Mar/2018:13:40:43 -0300] "POST /cormun/servlet/solicitudot?gx-no-cache=1519922401331 HTTP/1.1" 200 1318
186.103.156.166 - - [01/Mar/2018:13:40:44 -0300] "POST /cormun/servlet/solicitudot?gx-no-cache=1519922401499 HTTP/1.1" 200 1218
186.103.156.166 - - [01/Mar/2018:13:40:44 -0300] "POST /cormun/servlet/solicitudot?gx-no-cache=1519922401730 HTTP/1.1" 200 120
186.103.159.43 - - [01/Mar/2018:13:40:44 -0300] "GET /cormun/servlet/solicitudotlog?INS,2018,9768,0,REC, HTTP/1.1" 200 5960
186.103.159.43 - - [01/Mar/2018:13:40:44 -0300] "GET /cormun/servlet/solicitudotlog?59bb7e9b8a68c4a6e70dc4bcd220e78a4fa6825eb561f48f91133b873852a3d34548d537bf6f8576f3296ba401fcd17f552b1bdeabc8f13b7d19f85acef1a6f6168bd2aa40b97e4ea79a23a72bcfbba95e47e5e3823146ea68802156cf62741afb7f5ee9fa007cd014b0e690e55990fe3f65350a70e21f6888ee26cfb97f3c30977227efa8b56547441712600640f569ef71f6ee85c979fde30f9200a7452b70,gx-no-cache=1519922396803 HTTP/1.1" 200 94
186.103.156.166 - - [01/Mar/2018:13:40:45 -0300] "POST /cormun/servlet/solicitudot?6ab90d87c34b59e5269968ec37950e28,INS,0,0,,gx-no-cache=1519922401838 HTTP/1.1" 200 12211
186.103.156.166 - - [01/Mar/2018:13:40:50 -0300] "POST /cormun/servlet/solicitudot?gx-no-cache=1519922407974 HTTP/1.1" 200 122
186.103.156.166 - - [01/Mar/2018:13:40:50 -0300] "POST /cormun/servlet/solicitudot?gx-no-cache=1519922408067 HTTP/1.1" 200 1318
186.103.156.166 - - [01/Mar/2018:13:40:50 -0300] "POST /cormun/servlet/solicitudot?gx-no-cache=1519922408224 HTTP/1.1" 200 1218
186.103.156.166 - - [01/Mar/2018:13:40:50 -0300] "POST /cormun/servlet/solicitudot?gx-no-cache=1519922408374 HTTP/1.1" 200 120
186.103.156.166 - - [01/Mar/2018:13:40:51 -0300] "POST /cormun/servlet/solicitudot?6ab90d87c34b59e5269968ec37950e28,INS,0,0,,gx-no-cache=1519922408466 HTTP/1.1" 200 12256
186.103.159.43 - - [01/Mar/2018:13:40:56 -0300] "POST /cormun/servlet/solicitudotlog?e5609458cb156a042b18aef043f7fb2d,INS,2018,9768,0,REC,,gx-no-cache=1519922406441 HTTP/1.1" 200 93
186.103.159.43 - - [01/Mar/2018:13:40:56 -0300] "GET /cormun/servlet/hpexe_return? HTTP/1.1" 200 1026
186.103.159.43 - - [01/Mar/2018:13:40:56 -0300] "GET /cormun/static/gxcfg.js?2016101716175148 HTTP/1.1" 304 -
186.103.159.43 - - [01/Mar/2018:13:40:56 -0300] "GET /cormun/servlet/trautorizarsolicitud HTTP/1.1" 200 7101
186.103.159.43 - - [01/Mar/2018:13:40:59 -0300] "GET /cormun/servlet/trautorizarsolicitud HTTP/1.1" 200 7097
192.168.10.89 - - [01/Mar/2018:13:41:06 -0300] "POST /cormun/servlet/trsolicitudgral?161a05236d0641f4a0a6df5056683f79,gx-no-cache=1519922307573 HTTP/1.1" 440 972
192.168.10.89 - - [01/Mar/2018:13:41:08 -0300] "GET /cormun/servlet/trsolicitudgral HTTP/1.1" 500 10
192.168.10.89 - - [01/Mar/2018:13:41:24 -0300] "GET /cormun/servlet/hlogin HTTP/1.1" 200 1717
192.168.10.89 - - [01/Mar/2018:13:41:32 -0300] "POST /cormun/servlet/hlogin?8fe07371b50446f5c2da3f8da44a0453,gx-no-cache=1519922334149 HTTP/1.1" 200 90
192.168.10.89 - - [01/Mar/2018:13:41:32 -0300] "GET /cormun/servlet/hpexe_link HTTP/1.1" 200 949
192.168.10.89 - - [01/Mar/2018:13:41:33 -0300] "GET /cormun/servlet/hhome HTTP/1.1" 200 4919
192.168.10.89 - - [01/Mar/2018:13:41:37 -0300] "GET /cormun/servlet/trsolicitudgral? HTTP/1.1" 200 28260
192.168.10.89 - - [01/Mar/2018:13:41:46 -0300] "POST /cormun/servlet/trsolicitudgral?8fe07371b50446f5c2da3f8da44a0453,,gx-no-cache=1519922346533 HTTP/1.1" 200 5923
192.168.10.89 - - [01/Mar/2018:13:41:52 -0300] "POST /cormun/servlet/trsolicitudgral?8fe07371b50446f5c2da3f8da44a0453,,gx-no-cache=1519922353367 HTTP/1.1" 200 5922
192.168.10.89 - - [01/Mar/2018:13:41:56 -0300] "POST /cormun/servlet/trsolicitudgral?8fe07371b50446f5c2da3f8da44a0453,,gx-no-cache=1519922357251 HTTP/1.1" 200 5921
192.168.10.89 - - [01/Mar/2018:13:42:00 -0300] "GET /cormun/static/menuarrow.gif HTTP/1.1" 404 1015
192.168.10.89 - - [01/Mar/2018:13:42:15 -0300] "POST /cormun/servlet/trsolicitudgral?8fe07371b50446f5c2da3f8da44a0453,,gx-no-cache=1519922375832 HTTP/1.1" 200 5926
192.168.10.89 - - [01/Mar/2018:13:42:22 -0300] "POST /cormun/servlet/trsolicitudgral?8fe07371b50446f5c2da3f8da44a0453,,gx-no-cache=1519922383696 HTTP/1.1" 200 5921
192.168.10.89 - - [01/Mar/2018:13:42:26 -0300] "POST /cormun/servlet/trsolicitudgral?8fe07371b50446f5c2da3f8da44a0453,,gx-no-cache=1519922387513 HTTP/1.1" 200 5922
192.168.10.89 - - [01/Mar/2018:13:42:30 -0300] "POST /cormun/servlet/trsolicitudgral?8fe07371b50446f5c2da3f8da44a0453,,gx-no-cache=1519922391169 HTTP/1.1" 200 5922
186.103.156.166 - - [01/Mar/2018:13:42:31 -0300] "POST /cormun/servlet/solicitudot?gx-no-cache=1519922508494 HTTP/1.1" 200 122
186.103.156.166 - - [01/Mar/2018:13:42:31 -0300] "POST /cormun/servlet/solicitudot?gx-no-cache=1519922508582 HTTP/1.1" 200 1318
186.103.156.166 - - [01/Mar/2018:13:42:31 -0300] "POST /cormun/servlet/solicitudot?gx-no-cache=1519922508755 HTTP/1.1" 200 1218
186.103.156.166 - - [01/Mar/2018:13:42:31 -0300] "POST /cormun/servlet/solicitudot?gx-no-cache=1519922508907 HTTP/1.1" 200 120
186.103.156.166 - - [01/Mar/2018:13:42:32 -0300] "POST /cormun/servlet/solicitudot?6ab90d87c34b59e5269968ec37950e28,INS,0,0,,gx-no-cache=1519922508996 HTTP/1.1" 200 12293
192.168.10.89 - - [01/Mar/2018:13:42:35 -0300] "POST /cormun/servlet/trsolicitudgral?8fe07371b50446f5c2da3f8da44a0453,,gx-no-cache=1519922396466 HTTP/1.1" 200 5922
192.168.10.89 - - [01/Mar/2018:13:42:39 -0300] "POST /cormun/servlet/trsolicitudgral?8fe07371b50446f5c2da3f8da44a0453,,gx-no-cache=1519922400297 HTTP/1.1" 200 5922
192.168.10.89 - - [01/Mar/2018:13:42:43 -0300] "POST /cormun/servlet/trsolicitudgral?8fe07371b50446f5c2da3f8da44a0453,,gx-no-cache=1519922404106 HTTP/1.1" 200 5924
192.168.10.89 - - [01/Mar/2018:13:42:47 -0300] "POST /cormun/servlet/trsolicitudgral?8fe07371b50446f5c2da3f8da44a0453,,gx-no-cache=1519922408266 HTTP/1.1" 200 5922
186.103.156.166 - - [01/Mar/2018:13:42:49 -0300] "POST /cormun/servlet/solicitudot?gx-no-cache=1519922526758 HTTP/1.1" 200 122
186.103.156.166 - - [01/Mar/2018:13:42:49 -0300] "POST /cormun/servlet/solicitudot?gx-no-cache=1519922526852 HTTP/1.1" 200 1318
186.103.156.166 - - [01/Mar/2018:13:42:49 -0300] "POST /cormun/servlet/solicitudot?gx-no-cache=1519922527015 HTTP/1.1" 200 1218
186.103.156.166 - - [01/Mar/2018:13:42:49 -0300] "POST /cormun/servlet/solicitudot?gx-no-cache=1519922527170 HTTP/1.1" 200 120
186.103.156.166 - - [01/Mar/2018:13:42:50 -0300] "POST /cormun/servlet/solicitudot?6ab90d87c34b59e5269968ec37950e28,INS,0,0,,gx-no-cache=1519922527261 HTTP/1.1" 200 12416
192.168.10.89 - - [01/Mar/2018:13:42:51 -0300] "POST /cormun/servlet/trsolicitudgral?8fe07371b50446f5c2da3f8da44a0453,,gx-no-cache=1519922412568 HTTP/1.1" 200 5924
192.168.10.89 - - [01/Mar/2018:13:43:01 -0300] "POST /cormun/servlet/trsolicitudgral?8fe07371b50446f5c2da3f8da44a0453,,gx-no-cache=1519922421801 HTTP/1.1" 200 5921
186.103.156.166 - - [01/Mar/2018:13:43:03 -0300] "POST /cormun/servlet/solicitudot?gx-no-cache=1519922540901 HTTP/1.1" 200 122
186.103.156.166 - - [01/Mar/2018:13:43:03 -0300] "POST /cormun/servlet/solicitudot?gx-no-cache=1519922540992 HTTP/1.1" 200 1318
186.103.156.166 - - [01/Mar/2018:13:43:03 -0300] "POST /cormun/servlet/solicitudot?gx-no-cache=1519922541152 HTTP/1.1" 200 1218
186.103.156.166 - - [01/Mar/2018:13:43:03 -0300] "POST /cormun/servlet/solicitudot?gx-no-cache=1519922541301 HTTP/1.1" 200 120
186.103.156.166 - - [01/Mar/2018:13:43:04 -0300] "POST /cormun/servlet/solicitudot?6ab90d87c34b59e5269968ec37950e28,INS,0,0,,gx-no-cache=1519922541392 HTTP/1.1" 200 12486
192.168.10.96 - - [01/Mar/2018:13:43:26 -0300] "POST /cormun/servlet/trsolicitudgral?b03ab36c19dee4b84c1d7a3ecc991914,,gx-no-cache=1519922446453 HTTP/1.1" 200 13349
192.168.10.96 - - [01/Mar/2018:13:43:38 -0300] "POST /cormun/servlet/trsolicitudgral?b03ab36c19dee4b84c1d7a3ecc991914,,gx-no-cache=1519922458750 HTTP/1.1" 200 5916
192.168.10.96 - - [01/Mar/2018:13:43:41 -0300] "POST /cormun/servlet/trsolicitudgral?b03ab36c19dee4b84c1d7a3ecc991914,,gx-no-cache=1519922462204 HTTP/1.1" 200 8364
192.168.10.96 - - [01/Mar/2018:13:43:51 -0300] "POST /cormun/servlet/trsolicitudgral?b03ab36c19dee4b84c1d7a3ecc991914,,gx-no-cache=1519922471387 HTTP/1.1" 200 13348
186.103.156.166 - - [01/Mar/2018:13:44:07 -0300] "POST /cormun/servlet/solicitudot?gx-no-cache=1519922604686 HTTP/1.1" 200 122
186.103.156.166 - - [01/Mar/2018:13:44:07 -0300] "POST /cormun/servlet/solicitudot?gx-no-cache=1519922604856 HTTP/1.1" 200 1318
186.103.156.166 - - [01/Mar/2018:13:44:07 -0300] "POST /cormun/servlet/solicitudot?gx-no-cache=1519922605147 HTTP/1.1" 200 1218
186.103.156.166 - - [01/Mar/2018:13:44:07 -0300] "POST /cormun/servlet/solicitudot?gx-no-cache=1519922605373 HTTP/1.1" 200 120
186.103.156.166 - - [01/Mar/2018:13:44:09 -0300] "POST /cormun/servlet/solicitudot?6ab90d87c34b59e5269968ec37950e28,INS,0,0,,gx-no-cache=1519922605483 HTTP/1.1" 200 12541
186.103.156.166 - - [01/Mar/2018:13:44:57 -0300] "POST /cormun/servlet/solicitudot?gx-no-cache=1519922654645 HTTP/1.1" 200 122
186.103.156.166 - - [01/Mar/2018:13:44:57 -0300] "POST /cormun/servlet/solicitudot?gx-no-cache=1519922654752 HTTP/1.1" 200 1318
186.103.156.166 - - [01/Mar/2018:13:44:57 -0300] "POST /cormun/servlet/solicitudot?gx-no-cache=1519922654918 HTTP/1.1" 200 1218
186.103.156.166 - - [01/Mar/2018:13:44:57 -0300] "POST /cormun/servlet/solicitudot?gx-no-cache=1519922655063 HTTP/1.1" 200 120
186.103.156.166 - - [01/Mar/2018:13:44:58 -0300] "POST /cormun/servlet/solicitudot?6ab90d87c34b59e5269968ec37950e28,INS,0,0,,gx-no-cache=1519922655134 HTTP/1.1" 200 12576
186.103.159.43 - - [01/Mar/2018:13:45:39 -0300] "POST /cormun/servlet/hlogin?f7f43e13aba9f4e349715256cd5531a5,gx-no-cache=1519922691552 HTTP/1.1" 440 972
186.103.159.43 - - [01/Mar/2018:13:45:42 -0300] "GET /cormun/servlet/hlogin HTTP/1.1" 200 1719
186.103.156.166 - - [01/Mar/2018:13:45:54 -0300] "POST /cormun/servlet/solicitudot?6ab90d87c34b59e5269968ec37950e28,INS,0,0,,gx-no-cache=1519922710639 HTTP/1.1" 200 12611
186.103.156.166 - - [01/Mar/2018:13:46:25 -0300] "GET /cormun/servlet/prfichaempleado?,MD,,gxPopupLevel%3D0%3B HTTP/1.1" 200 9315
192.168.10.96 - - [01/Mar/2018:13:46:44 -0300] "POST /cormun/servlet/trsolicitudgral?b03ab36c19dee4b84c1d7a3ecc991914,,gx-no-cache=1519922645199 HTTP/1.1" 200 9492
186.103.158.250 - - [01/Mar/2018:13:47:26 -0300] "POST /cormun/servlet/trautorizarsolicitud?a33ce9d2e652edc77e6bf23b75ebbe00,,gx-no-cache=1519922797727 HTTP/1.1" 440 972
186.103.156.166 - - [01/Mar/2018:13:47:29 -0300] "GET /cormun/servlet/prfichaempleado?,MD,,gxPopupLevel%3D0%3B HTTP/1.1" 200 9315
186.103.158.250 - - [01/Mar/2018:13:47:29 -0300] "GET /cormun/servlet/trautorizarsolicitud? HTTP/1.1" 200 6274
186.103.158.250 - - [01/Mar/2018:13:47:31 -0300] "GET /cormun/servlet/hlogin HTTP/1.1" 200 1739
186.103.158.250 - - [01/Mar/2018:13:47:31 -0300] "GET /cormun/servlet/trautorizarsolicitud? HTTP/1.1" 200 6274
192.168.10.96 - - [01/Mar/2018:13:47:37 -0300] "POST /cormun/servlet/trsolicitudgral?b03ab36c19dee4b84c1d7a3ecc991914,,gx-no-cache=1519922698310 HTTP/1.1" 200 9495
192.168.10.96 - - [01/Mar/2018:13:47:44 -0300] "POST /cormun/servlet/trsolicitudgral?b03ab36c19dee4b84c1d7a3ecc991914,,gx-no-cache=1519922705469 HTTP/1.1" 200 5917
186.103.158.250 - - [01/Mar/2018:13:47:48 -0300] "POST /cormun/servlet/hlogin?3fab44b3811f61b46cc064bbb442a85c,gx-no-cache=1519922819254 HTTP/1.1" 200 90
186.103.158.250 - - [01/Mar/2018:13:47:48 -0300] "GET /cormun/servlet/hpexe_link HTTP/1.1" 200 958
186.103.158.250 - - [01/Mar/2018:13:47:48 -0300] "GET /cormun/servlet/trautorizarsolicitud HTTP/1.1" 200 8541
192.168.10.96 - - [01/Mar/2018:13:47:49 -0300] "POST /cormun/servlet/trsolicitudgral?b03ab36c19dee4b84c1d7a3ecc991914,,gx-no-cache=1519922709814 HTTP/1.1" 200 8495
186.103.158.250 - - [01/Mar/2018:13:47:50 -0300] "GET /cormun/servlet/trautorizarsolicitud HTTP/1.1" 200 8540
192.168.10.96 - - [01/Mar/2018:13:47:55 -0300] "POST /cormun/servlet/trsolicitudgral?b03ab36c19dee4b84c1d7a3ecc991914,,gx-no-cache=1519922716190 HTTP/1.1" 200 8398
186.103.158.250 - - [01/Mar/2018:13:48:02 -0300] "POST /cormun/servlet/trautorizarsolicitud?3fab44b3811f61b46cc064bbb442a85c,gx-no-cache=1519922833617 HTTP/1.1" 200 5891
186.103.158.250 - - [01/Mar/2018:13:48:03 -0300] "GET /cormun/static/Shared/jqueryui/images/ui-bg_highlight-soft_100_c6c2c8_1x100.png HTTP/1.1" 404 1117
186.103.158.250 - - [01/Mar/2018:13:48:03 -0300] "GET /cormun/static/Shared/jqueryui/images/ui-icons_82798d_256x240.png HTTP/1.1" 404 1089
186.103.158.250 - - [01/Mar/2018:13:48:03 -0300] "GET /cormun/static/Shared/jqueryui/images/ui-bg_flat_55_fafafa_40x100.png HTTP/1.1" 404 1097
186.103.158.250 - - [01/Mar/2018:13:48:03 -0300] "GET /cormun/static/Shared/jqueryui/images/ui-icons_8d78a5_256x240.png HTTP/1.1" 404 1089
186.103.158.250 - - [01/Mar/2018:13:48:03 -0300] "POST /cormun/servlet/trautorizarsolicitud?3fab44b3811f61b46cc064bbb442a85c,gx-no-cache=1519922834641 HTTP/1.1" 200 5836
192.168.10.96 - - [01/Mar/2018:13:48:08 -0300] "POST /cormun/servlet/trsolicitudgral?b03ab36c19dee4b84c1d7a3ecc991914,,gx-no-cache=1519922729158 HTTP/1.1" 200 8495
186.103.158.250 - - [01/Mar/2018:13:48:16 -0300] "POST /cormun/servlet/trautorizarsolicitud?3fab44b3811f61b46cc064bbb442a85c,gx-no-cache=1519922847136 HTTP/1.1" 200 5872
186.103.158.250 - - [01/Mar/2018:13:48:22 -0300] "POST /cormun/servlet/trautorizarsolicitud?3fab44b3811f61b46cc064bbb442a85c,gx-no-cache=1519922852822 HTTP/1.1" 200 5871
186.103.158.250 - - [01/Mar/2018:13:48:32 -0300] "POST /cormun/servlet/trautorizarsolicitud?3fab44b3811f61b46cc064bbb442a85c,gx-no-cache=1519922863393 HTTP/1.1" 200 4125
186.103.158.250 - - [01/Mar/2018:13:48:35 -0300] "GET /cormun/servlet/hlogin HTTP/1.1" 200 1739
186.103.156.166 - - [01/Mar/2018:13:48:44 -0300] "POST /cormun/servlet/solicitudot?gx-no-cache=1519922881461 HTTP/1.1" 200 122
186.103.156.166 - - [01/Mar/2018:13:48:44 -0300] "POST /cormun/servlet/solicitudot?gx-no-cache=1519922881567 HTTP/1.1" 200 1318
186.103.156.166 - - [01/Mar/2018:13:48:44 -0300] "POST /cormun/servlet/solicitudot?gx-no-cache=1519922881741 HTTP/1.1" 200 1218
186.103.156.166 - - [01/Mar/2018:13:48:45 -0300] "POST /cormun/servlet/solicitudot?gx-no-cache=1519922882598 HTTP/1.1" 200 122
186.103.156.166 - - [01/Mar/2018:13:48:45 -0300] "POST /cormun/servlet/solicitudot?gx-no-cache=1519922882697 HTTP/1.1" 200 1318
186.103.156.166 - - [01/Mar/2018:13:48:45 -0300] "POST /cormun/servlet/solicitudot?gx-no-cache=1519922882859 HTTP/1.1" 200 1218
186.103.156.166 - - [01/Mar/2018:13:48:50 -0300] "GET /cormun/servlet/solicitudot?ef1794e6f8e860615c2d59539b5f97a454cdd04c09adcc1cfa8e27e6897ea980,gx-no-cache=1519922888089 HTTP/1.1" 200 30
141.8.143.176 - - [01/Mar/2018:13:49:06 -0300] "GET /docs/config/cluster.html HTTP/1.1" 200 17779
186.103.156.166 - - [01/Mar/2018:13:49:12 -0300] "GET /cormun/servlet/prfichaempleado?,MD,,gxPopupLevel%3D0%3B HTTP/1.1" 200 9315
186.103.156.166 - - [01/Mar/2018:13:49:53 -0300] "POST /cormun/servlet/prfichaempleado?6ab90d87c34b59e5269968ec37950e28,,MD,,gxPopupLevel%3D0%3B,gx-no-cache=1519922942213 HTTP/1.1" 200 6351
186.79.12.93 - - [01/Mar/2018:13:49:55 -0300] "GET /cormun/servlet/hlogin HTTP/1.1" 200 1721
186.103.156.166 - - [01/Mar/2018:13:50:04 -0300] "POST /cormun/servlet/acontrolpreferencessavestate?None,EBLANCO,true HTTP/1.1" 200 35
186.79.12.93 - - [01/Mar/2018:13:50:07 -0300] "POST /cormun/servlet/hlogin?c7391dbacf0f3e7e39b428d33dde7a49,gx-no-cache=1519919361965 HTTP/1.1" 200 90
186.79.12.93 - - [01/Mar/2018:13:50:07 -0300] "GET /cormun/servlet/hpexe_link HTTP/1.1" 200 948
186.79.12.93 - - [01/Mar/2018:13:50:07 -0300] "GET /cormun/servlet/hhome HTTP/1.1" 200 3976
186.79.12.93 - - [01/Mar/2018:13:50:08 -0300] "GET /cormun/servlet/hhome HTTP/1.1" 200 3973
186.79.12.93 - - [01/Mar/2018:13:50:12 -0300] "GET /cormun/servlet/trsolicitudot? HTTP/1.1" 200 7187
186.79.12.93 - - [01/Mar/2018:13:50:12 -0300] "GET /cormun/servlet/trsolicitudot? HTTP/1.1" 200 7187
186.79.12.93 - - [01/Mar/2018:13:50:14 -0300] "GET /cormun/servlet/solicitudot?INS,0,0, HTTP/1.1" 200 13419
186.79.12.93 - - [01/Mar/2018:13:50:15 -0300] "GET /cormun/servlet/solicitudot?INS,0,0, HTTP/1.1" 200 13424
186.103.156.166 - - [01/Mar/2018:13:50:21 -0300] "POST /cormun/servlet/prfichaempleado?6ab90d87c34b59e5269968ec37950e28,,MD,,gxPopupLevel%3D0%3B,gx-no-cache=1519922978669 HTTP/1.1" 200 3466
186.79.12.93 - - [01/Mar/2018:13:50:25 -0300] "GET /cormun/servlet/prfichaempleado?,MD,,gxPopupLevel%3D0%3B HTTP/1.1" 200 9329
186.79.12.93 - - [01/Mar/2018:13:50:25 -0300] "GET /cormun/static/gxcfg.js?20177612134814 HTTP/1.1" 200 953
186.79.12.93 - - [01/Mar/2018:13:50:26 -0300] "GET /cormun/static/prfichaempleado.js?20177612134999 HTTP/1.1" 200 16006
186.79.12.93 - - [01/Mar/2018:13:50:39 -0300] "POST /cormun/servlet/prfichaempleado?c7391dbacf0f3e7e39b428d33dde7a49,,MD,,gxPopupLevel%3D0%3B,gx-no-cache=1519919392606 HTTP/1.1" 200 3427
186.79.12.93 - - [01/Mar/2018:13:50:42 -0300] "POST /cormun/servlet/solicitudot?gx-no-cache=1519919396978 HTTP/1.1" 200 3398
186.79.12.93 - - [01/Mar/2018:13:50:43 -0300] "POST /cormun/servlet/solicitudot?c7391dbacf0f3e7e39b428d33dde7a49,INS,0,0,,gx-no-cache=1519919397575 HTTP/1.1" 200 10378
186.79.12.93 - - [01/Mar/2018:13:50:43 -0300] "GET /cormun/servlet/solicitudot?004dfa164f8c254796ec3d29bd4fcb7ddc297f5af77c891d1a02e3e060dfa2451118fc1f5d26145737a283aab8d27122,gx-no-cache=1519919398615 HTTP/1.1" 200 30
186.103.156.166 - - [01/Mar/2018:13:50:47 -0300] "POST /cormun/servlet/prfichaempleado?6ab90d87c34b59e5269968ec37950e28,,MD,,gxPopupLevel%3D0%3B,gx-no-cache=1519923004772 HTTP/1.1" 200 3466
186.79.12.93 - - [01/Mar/2018:13:50:51 -0300] "GET /cormun/servlet/solicitudot?004dfa164f8c254796ec3d29bd4fcb7d8c9856122e7abba892e2860342fd8ca4b3b613697f740da07be9ef21e061d419fd5d175261c74da7cd23c55dde40ccab,gx-no-cache=1519919406711 HTTP/1.1" 200 30
186.79.12.93 - - [01/Mar/2018:13:50:51 -0300] "GET /cormun/servlet/solicitudot?004dfa164f8c254796ec3d29bd4fcb7ddedc061c2e306c4e0a2286d8988aef2b,gx-no-cache=1519919406806 HTTP/1.1" 200 70
186.79.12.93 - - [01/Mar/2018:13:50:52 -0300] "POST /cormun/servlet/solicitudot?gx-no-cache=1519919406905 HTTP/1.1" 200 255
186.79.12.93 - - [01/Mar/2018:13:50:52 -0300] "GET /cormun/servlet/solicitudot?004dfa164f8c254796ec3d29bd4fcb7d0d49ab96e20a50b8e9162f25ae7993b0284d9ff0c0b4b4556e675943f4aa1658d4ca6b747aacf24a4f1bddd6acebc0e44f6ee38b939016f89ad5f9312d34b815cc64811776813b7ba122d338067953f219ab79203b4bb72f12eefcb31b34560f9691ca26a7132bc55448fca7fa42952d026746c8d5e0a28071141c7492450bf82cd2e519462832e6aad64954286306ae55e160eb598dcfe48135177b4a0309f80f3a81e395c3269965f8f72ca19dc2738df1172f89cd906d28854a59b4c5952704442c25578180cd7a0c98200fab43e22c49248cb19c02e962633ae3659db53b9e237dc2eeccec934f149d9d03e2041a1ab52cbba79158f9462282bccad06e40817ddb2d8ee40e28cba65546f35d12e3268bdda18057be49f6e2791ddb246e547d0929df600684d6c8d96fd99777b403fa7ab001230ae6521334e5b6f2821d86ba26be22fe040cb7f681b23f2d94b17e582421cbbfa789d546c9dbdbe9ebefb3ffc8b9843d9ab20ec110821b0f8d9dbf,gx-no-cache=1519919407043 HTTP/1.1" 200 30
186.79.12.93 - - [01/Mar/2018:13:51:04 -0300] "POST /cormun/servlet/solicitudot?gx-no-cache=1519919419723 HTTP/1.1" 200 30
186.79.12.93 - - [01/Mar/2018:13:51:08 -0300] "POST /cormun/servlet/solicitudot?gx-no-cache=1519919422862 HTTP/1.1" 200 1337
186.79.12.93 - - [01/Mar/2018:13:51:08 -0300] "POST /cormun/servlet/solicitudot?gx-no-cache=1519919423130 HTTP/1.1" 200 38
186.103.156.166 - - [01/Mar/2018:13:51:12 -0300] "GET /cormun/servlet/prfichaempleado?,MD,,gxPopupLevel%3D0%3B HTTP/1.1" 200 9313
186.79.12.93 - - [01/Mar/2018:13:51:14 -0300] "GET /cormun/servlet/solicitudot?004dfa164f8c254796ec3d29bd4fcb7dd1a4738fbba0173435c76afb19e96968016f8847d90a1bb3c80656f13347311094a0763ef6f3918de187418625f1994f32c508d669b31032249a2a6b2843f132bee61ea67ed053efc3193e0ad2b5d6910fbb5bd19b5011312f2d439832df89dd72a51fced6c758993f4bccd49d201df6fff5d51ae8989511e7380b6edb7bd9c1ec1124d796083e0d2102b90895c1eef8,gx-no-cache=1519919428879 HTTP/1.1" 200 29
186.79.12.93 - - [01/Mar/2018:13:51:14 -0300] "POST /cormun/servlet/solicitudot?gx-no-cache=1519919429012 HTTP/1.1" 200 1319
186.79.12.93 - - [01/Mar/2018:13:51:14 -0300] "POST /cormun/servlet/solicitudot?gx-no-cache=1519919429363 HTTP/1.1" 200 1218
186.79.12.93 - - [01/Mar/2018:13:51:14 -0300] "GET /cormun/static/menuarrow.gif HTTP/1.1" 404 1015
186.79.12.93 - - [01/Mar/2018:13:51:16 -0300] "POST /cormun/servlet/solicitudot?gx-no-cache=1519919431631 HTTP/1.1" 200 1319
186.79.12.93 - - [01/Mar/2018:13:51:17 -0300] "POST /cormun/servlet/solicitudot?gx-no-cache=1519919431909 HTTP/1.1" 200 1218
186.79.12.93 - - [01/Mar/2018:13:51:18 -0300] "GET /cormun/servlet/solicitudot?004dfa164f8c254796ec3d29bd4fcb7d681aba81b83d3b67e356b8365c2a563488da2c66123953f1dd0a7dbd0f04dcbd,gx-no-cache=1519919433475 HTTP/1.1" 200 30
186.79.12.93 - - [01/Mar/2018:13:51:25 -0300] "POST /cormun/servlet/solicitudot?gx-no-cache=1519919440613 HTTP/1.1" 200 30
186.103.156.166 - - [01/Mar/2018:13:51:27 -0300] "POST /cormun/servlet/prfichaempleado?6ab90d87c34b59e5269968ec37950e28,,MD,,gxPopupLevel%3D0%3B,gx-no-cache=1519923044101 HTTP/1.1" 200 3464
186.79.12.93 - - [01/Mar/2018:13:51:47 -0300] "POST /cormun/servlet/solicitudot?gx-no-cache=1519919462132 HTTP/1.1" 200 30
186.79.12.93 - - [01/Mar/2018:13:51:47 -0300] "POST /cormun/servlet/solicitudot?gx-no-cache=1519919462401 HTTP/1.1" 200 1337
186.79.12.93 - - [01/Mar/2018:13:51:47 -0300] "POST /cormun/servlet/solicitudot?gx-no-cache=1519919462794 HTTP/1.1" 200 41
186.79.12.93 - - [01/Mar/2018:13:51:48 -0300] "POST /cormun/servlet/solicitudot?gx-no-cache=1519919462943 HTTP/1.1" 200 1319
186.79.12.93 - - [01/Mar/2018:13:51:48 -0300] "POST /cormun/servlet/solicitudot?gx-no-cache=1519919463225 HTTP/1.1" 200 1218
186.79.12.93 - - [01/Mar/2018:13:51:48 -0300] "GET /cormun/servlet/solicitudot?004dfa164f8c254796ec3d29bd4fcb7d681aba81b83d3b67e356b8365c2a563488da2c66123953f1dd0a7dbd0f04dcbd,gx-no-cache=1519919463512 HTTP/1.1" 200 30
186.79.12.93 - - [01/Mar/2018:13:51:48 -0300] "POST /cormun/servlet/solicitudot?gx-no-cache=1519919463623 HTTP/1.1" 200 30
186.79.12.93 - - [01/Mar/2018:13:51:49 -0300] "POST /cormun/servlet/solicitudot?c7391dbacf0f3e7e39b428d33dde7a49,INS,0,0,,gx-no-cache=1519919463755 HTTP/1.1" 200 93
186.79.12.93 - - [01/Mar/2018:13:51:49 -0300] "GET /cormun/servlet/hpexe_return? HTTP/1.1" 200 1003
186.79.12.93 - - [01/Mar/2018:13:51:50 -0300] "GET /cormun/servlet/trsolicitudot HTTP/1.1" 200 8562
186.79.12.93 - - [01/Mar/2018:13:51:51 -0300] "GET /cormun/servlet/trsolicitudot HTTP/1.1" 200 8558
186.79.12.93 - - [01/Mar/2018:13:51:53 -0300] "POST /cormun/servlet/trsolicitudot?c7391dbacf0f3e7e39b428d33dde7a49,gx-no-cache=1519919467454 HTTP/1.1" 200 4480
186.79.12.93 - - [01/Mar/2018:13:51:53 -0300] "GET /cormun/static/Shared/jqueryui/images/ui-bg_highlight-soft_100_c6c2c8_1x100.png HTTP/1.1" 404 1117
186.79.12.93 - - [01/Mar/2018:13:51:53 -0300] "GET /cormun/static/Shared/jqueryui/images/ui-icons_82798d_256x240.png HTTP/1.1" 404 1089
186.79.12.93 - - [01/Mar/2018:13:51:53 -0300] "GET /cormun/static/Shared/jqueryui/images/ui-bg_flat_55_fafafa_40x100.png HTTP/1.1" 404 1097
186.79.12.93 - - [01/Mar/2018:13:51:53 -0300] "GET /cormun/static/Shared/jqueryui/images/ui-icons_8d78a5_256x240.png HTTP/1.1" 404 1089
186.79.12.93 - - [01/Mar/2018:13:51:54 -0300] "POST /cormun/servlet/trsolicitudot?c7391dbacf0f3e7e39b428d33dde7a49,gx-no-cache=1519919468529 HTTP/1.1" 200 4256
186.79.12.93 - - [01/Mar/2018:13:52:58 -0300] "GET /cormun/servlet/hlogin HTTP/1.1" 200 1726
186.79.12.93 - - [01/Mar/2018:13:52:58 -0300] "GET /cormun/static/gxtimezone.js?85251 HTTP/1.1" 200 5781
186.79.12.93 - - [01/Mar/2018:13:52:58 -0300] "GET /cormun/static/gxcfg.js?20175251213516 HTTP/1.1" 200 953
186.79.12.93 - - [01/Mar/2018:13:52:59 -0300] "GET /cormun/static/Resources/Spanish/PXTools.css?11423723 HTTP/1.1" 200 89042
186.79.12.93 - - [01/Mar/2018:13:52:59 -0300] "GET /cormun/static/messages.spa.js?85251 HTTP/1.1" 200 30736
186.79.12.93 - - [01/Mar/2018:13:52:59 -0300] "GET /cormun/static/hlogin.js?20175251213537 HTTP/1.1" 200 2136
186.79.12.93 - - [01/Mar/2018:13:52:59 -0300] "GET /cormun/static/Resources/ComunLogin.png HTTP/1.1" 200 17326
186.79.12.93 - - [01/Mar/2018:13:53:00 -0300] "GET /cormun/static/gxgral.js?85251 HTTP/1.1" 200 384558
93.158.161.6 - - [01/Mar/2018:13:53:00 -0300] "GET /docs/jdbc-pool.html HTTP/1.1" 200 76249
186.79.12.93 - - [01/Mar/2018:13:53:00 -0300] "GET /cormun/static/Resources/PXToolsLoginTop.png HTTP/1.1" 200 1337
186.79.12.93 - - [01/Mar/2018:13:53:00 -0300] "GET /cormun/static/Resources/PXToolsLoginBackground.png HTTP/1.1" 200 1164
186.79.12.93 - - [01/Mar/2018:13:53:00 -0300] "GET /cormun/static/Resources/PXToolsButtonLeft21.png HTTP/1.1" 200 1287
186.79.12.93 - - [01/Mar/2018:13:53:00 -0300] "GET /cormun/static/Resources/PXToolsButtonRight21.png HTTP/1.1" 200 1283
186.79.12.93 - - [01/Mar/2018:13:53:00 -0300] "GET /cormun/static/Resources/PXToolsButtonBackground2.png HTTP/1.1" 200 1181
186.79.12.93 - - [01/Mar/2018:13:53:00 -0300] "GET /cormun/static/Resources/PXToolsLoginBottom.png HTTP/1.1" 200 1389
186.79.12.93 - - [01/Mar/2018:13:53:00 -0300] "GET /cormun/static/Resources/indicator.gif HTTP/1.1" 200 1553
186.79.12.93 - - [01/Mar/2018:13:53:00 -0300] "GET /cormun/servlet/hlogin HTTP/1.1" 200 1733
186.79.12.93 - - [01/Mar/2018:13:53:01 -0300] "GET /favicon.ico HTTP/1.1" 200 21630
186.79.12.93 - - [01/Mar/2018:13:53:25 -0300] "POST /cormun/servlet/hlogin?517f7510fb57de555242478950a0f19e,gx-no-cache=1519923157141 HTTP/1.1" 200 446
186.79.12.93 - - [01/Mar/2018:13:53:40 -0300] "POST /cormun/servlet/hlogin?517f7510fb57de555242478950a0f19e,gx-no-cache=1519923172387 HTTP/1.1" 200 446
186.79.12.93 - - [01/Mar/2018:13:53:51 -0300] "POST /cormun/servlet/hlogin?517f7510fb57de555242478950a0f19e,gx-no-cache=1519923182660 HTTP/1.1" 200 446
186.79.12.93 - - [01/Mar/2018:13:53:52 -0300] "POST /cormun/servlet/hlogin?517f7510fb57de555242478950a0f19e,gx-no-cache=1519923184097 HTTP/1.1" 200 445
186.79.12.93 - - [01/Mar/2018:13:53:52 -0300] "POST /cormun/servlet/hlogin?517f7510fb57de555242478950a0f19e,gx-no-cache=1519923184324 HTTP/1.1" 200 445
186.79.12.93 - - [01/Mar/2018:13:53:52 -0300] "POST /cormun/servlet/hlogin?517f7510fb57de555242478950a0f19e,gx-no-cache=1519923184578 HTTP/1.1" 200 445
186.103.159.43 - - [01/Mar/2018:13:53:56 -0300] "GET /cormun/servlet/hlogin HTTP/1.1" 200 1720
186.103.159.43 - - [01/Mar/2018:13:54:00 -0300] "POST /cormun/servlet/hlogin?d68d35dac4e7d133ed8e6ff9184e7159,gx-no-cache=1519923194127 HTTP/1.1" 200 90
186.103.159.43 - - [01/Mar/2018:13:54:00 -0300] "GET /cormun/servlet/hpexe_link HTTP/1.1" 200 949
186.103.159.43 - - [01/Mar/2018:13:54:00 -0300] "GET /cormun/servlet/hhome HTTP/1.1" 200 3921
186.103.159.43 - - [01/Mar/2018:13:54:02 -0300] "GET /cormun/servlet/hhome HTTP/1.1" 200 3918
186.79.12.93 - - [01/Mar/2018:13:54:03 -0300] "POST /cormun/servlet/hlogin?517f7510fb57de555242478950a0f19e,gx-no-cache=1519923195234 HTTP/1.1" 200 90
186.79.12.93 - - [01/Mar/2018:13:54:03 -0300] "GET /cormun/servlet/hpexe_link HTTP/1.1" 200 952
186.79.12.93 - - [01/Mar/2018:13:54:03 -0300] "GET /cormun/static/gxcfg.js?20177612121792 HTTP/1.1" 200 953
186.79.12.93 - - [01/Mar/2018:13:54:03 -0300] "GET /cormun/static/hpexe_link.js?20177612121795 HTTP/1.1" 200 625
186.79.12.93 - - [01/Mar/2018:13:54:04 -0300] "GET /cormun/static/Resources/Spanish/PXTools.css?1155365 HTTP/1.1" 200 89042
186.79.12.93 - - [01/Mar/2018:13:54:04 -0300] "GET /cormun/servlet/hhome HTTP/1.1" 200 4191
186.79.12.93 - - [01/Mar/2018:13:54:04 -0300] "GET /cormun/static/Shared/jqueryui/jquery-ui.min.css?1245370 HTTP/1.1" 200 30288
186.79.12.93 - - [01/Mar/2018:13:54:04 -0300] "GET /cormun/static/SmoothNavMenu/resources/ddsmoothmenu.css?1012540 HTTP/1.1" 200 2223
186.79.12.93 - - [01/Mar/2018:13:54:04 -0300] "GET /cormun/static/SmoothNavMenu/resources/ddsmoothmenu-v.css?1012540 HTTP/1.1" 200 1188
186.79.12.93 - - [01/Mar/2018:13:54:04 -0300] "GET /cormun/static/scaMessage/css/jquery.pnotify.default.css?1716380 HTTP/1.1" 200 1707
186.79.12.93 - - [01/Mar/2018:13:54:04 -0300] "GET /cormun/static/gxcfg.js?20175251212442 HTTP/1.1" 200 953
186.79.12.93 - - [01/Mar/2018:13:54:04 -0300] "GET /cormun/static/PXToolsJavascripts/pexe_autoreload.js HTTP/1.1" 200 1762
186.79.12.93 - - [01/Mar/2018:13:54:04 -0300] "GET /cormun/static/PXToolsJavascripts/pexe_cookies.js HTTP/1.1" 200 792
186.79.12.93 - - [01/Mar/2018:13:54:04 -0300] "GET /cormun/static/PXToolsJavascripts/pexe_windows.js HTTP/1.1" 200 15207
186.79.12.93 - - [01/Mar/2018:13:54:04 -0300] "GET /cormun/static/PXToolsJavascripts/pexe_grid.js HTTP/1.1" 200 7559
186.79.12.93 - - [01/Mar/2018:13:54:04 -0300] "GET /cormun/static/PXToolsJavascripts/pexe_griddivfix.js HTTP/1.1" 200 6644
186.79.12.93 - - [01/Mar/2018:13:54:04 -0300] "GET /cormun/static/PXToolsJavascripts/pexe_link.js HTTP/1.1" 200 5671
186.79.12.93 - - [01/Mar/2018:13:54:04 -0300] "GET /cormun/static/PXToolsJavascripts/pexe_menudivfix.js HTTP/1.1" 200 333
186.79.12.93 - - [01/Mar/2018:13:54:04 -0300] "GET /cormun/static/PXToolsJavascripts/pexe_menus.js HTTP/1.1" 200 1286
186.79.12.93 - - [01/Mar/2018:13:54:04 -0300] "GET /cormun/static/PXToolsJavascripts/pexe_layers.js HTTP/1.1" 200 4114
186.79.12.93 - - [01/Mar/2018:13:54:04 -0300] "GET /cormun/static/PXToolsJavascripts/pexe_oav.js HTTP/1.1" 200 645
186.79.12.93 - - [01/Mar/2018:13:54:04 -0300] "GET /cormun/static/PXToolsJavascripts/pexe_oavdivfix.js HTTP/1.1" 200 639
186.79.12.93 - - [01/Mar/2018:13:54:04 -0300] "GET /cormun/static/PXToolsJavascripts/pexe_picture.js HTTP/1.1" 200 689
186.79.12.93 - - [01/Mar/2018:13:54:04 -0300] "GET /cormun/static/PXToolsJavascripts/pexe_popup.js HTTP/1.1" 200 13458
186.79.12.93 - - [01/Mar/2018:13:54:04 -0300] "GET /cormun/static/PXToolsJavascripts/pexe_scrolldiv.js HTTP/1.1" 200 4138
186.79.12.93 - - [01/Mar/2018:13:54:04 -0300] "GET /cormun/static/PXToolsJavascripts/pexe_tabdivfix.js HTTP/1.1" 200 876
186.79.12.93 - - [01/Mar/2018:13:54:04 -0300] "GET /cormun/static/PXToolsJavascripts/pexe_tabs.js HTTP/1.1" 200 3748
186.79.12.93 - - [01/Mar/2018:13:54:04 -0300] "GET /cormun/static/PXToolsJavascripts/pexe_upload.js HTTP/1.1" 200 1423
186.79.12.93 - - [01/Mar/2018:13:54:04 -0300] "GET /cormun/static/PXToolsJavascripts/PXToolsJavascriptsRender.js HTTP/1.1" 200 367
186.79.12.93 - - [01/Mar/2018:13:54:05 -0300] "GET /cormun/static/RunJS/RunJS.js HTTP/1.1" 200 288
186.79.12.93 - - [01/Mar/2018:13:54:05 -0300] "GET /cormun/static/Shared/ext/locale/ext-lang-en.js HTTP/1.1" 200 10940
186.79.12.93 - - [01/Mar/2018:13:54:05 -0300] "GET /cormun/static/hhome.js?20175251212450 HTTP/1.1" 200 777
186.79.12.93 - - [01/Mar/2018:13:54:05 -0300] "GET /cormun/static/hwchdr01.js?201752511465785 HTTP/1.1" 200 1183
186.79.12.93 - - [01/Mar/2018:13:54:05 -0300] "GET /cormun/static/Resources/PXToolsDataTitle.png HTTP/1.1" 200 1173
186.103.159.43 - - [01/Mar/2018:13:54:05 -0300] "GET /cormun/servlet/trsolicitudot? HTTP/1.1" 200 8498
186.79.12.93 - - [01/Mar/2018:13:54:05 -0300] "GET /cormun/static/Resources/PXToolsFooterBackground2.png HTTP/1.1" 200 1172
186.79.12.93 - - [01/Mar/2018:13:54:05 -0300] "GET /cormun/static/Resources/PXToolsHeaderActionsBackground.png HTTP/1.1" 200 484
186.79.12.93 - - [01/Mar/2018:13:54:05 -0300] "GET /cormun/static/Resources/PXToolsHeaderHome.png HTTP/1.1" 200 4147
186.79.12.93 - - [01/Mar/2018:13:54:05 -0300] "GET /cormun/static/Resources/PXToolsHeaderPreferences.png HTTP/1.1" 200 4189
186.79.12.93 - - [01/Mar/2018:13:54:05 -0300] "GET /cormun/static/Resources/PXToolsHeaderSecurity.png HTTP/1.1" 200 4166
186.79.12.93 - - [01/Mar/2018:13:54:05 -0300] "GET /cormun/static/Resources/logo4.png HTTP/1.1" 200 6582
186.79.12.93 - - [01/Mar/2018:13:54:05 -0300] "GET /cormun/static/Resources/PXToolsHeaderActionsLeft.png HTTP/1.1" 200 1118
186.79.12.93 - - [01/Mar/2018:13:54:05 -0300] "GET /cormun/static/Resources/PXToolsHeaderBackground2.png HTTP/1.1" 200 1174
186.79.12.93 - - [01/Mar/2018:13:54:05 -0300] "GET /cormun/static/gxui/gxui-all.js HTTP/1.1" 200 107772
186.79.12.93 - - [01/Mar/2018:13:54:05 -0300] "GET /cormun/static/Resources/PXToolsHeaderActionsRight.png HTTP/1.1" 200 1201
186.79.12.93 - - [01/Mar/2018:13:54:05 -0300] "GET /cormun/static/Resources/PXToolsHeaderLogin.png HTTP/1.1" 200 4279
186.79.12.93 - - [01/Mar/2018:13:54:05 -0300] "GET /cormun/static/hpexe_recentlink.js?20177611595044 HTTP/1.1" 200 2144
186.79.12.93 - - [01/Mar/2018:13:54:05 -0300] "GET /cormun/static/hpexe_scripts.js?201752511465715 HTTP/1.1" 200 1544
186.79.12.93 - - [01/Mar/2018:13:54:05 -0300] "GET /cormun/static/hpexe_messagecontroller.js?20177611595012 HTTP/1.1" 200 870
186.79.12.93 - - [01/Mar/2018:13:54:06 -0300] "GET /cormun/static/hpexe_messagepopupcomponent.js?20161017169425 HTTP/1.1" 200 605
186.79.12.93 - - [01/Mar/2018:13:54:06 -0300] "GET /cormun/static/hpexe_messagegenexuscomponent.js?201752511465344 HTTP/1.1" 200 587
186.79.12.93 - - [01/Mar/2018:13:54:06 -0300] "GET /cormun/static/cmcontrolpreferences.js?201752511465670 HTTP/1.1" 200 1375
186.79.12.93 - - [01/Mar/2018:13:54:06 -0300] "GET /cormun/static/Shared/jquery/jquery-1.4.2.min.js HTTP/1.1" 200 72174
186.79.12.93 - - [01/Mar/2018:13:54:06 -0300] "GET /cormun/static/SmoothNavMenu/resources/ddsmoothmenu.js HTTP/1.1" 200 12712
186.79.12.93 - - [01/Mar/2018:13:54:06 -0300] "GET /cormun/static/SmoothNavMenu/resources/SmoothNavMenuRender.js HTTP/1.1" 200 5951
186.79.12.93 - - [01/Mar/2018:13:54:06 -0300] "GET /cormun/static/scaMessage/js/jquery.pnotify.min.js HTTP/1.1" 200 13038
186.79.12.93 - - [01/Mar/2018:13:54:06 -0300] "GET /cormun/static/scaMessage/scaMessageRender.js HTTP/1.1" 200 11977
186.79.12.93 - - [01/Mar/2018:13:54:07 -0300] "GET /cormun/static/hmpwkw03.js?20177612122668 HTTP/1.1" 200 3965
186.103.159.43 - - [01/Mar/2018:13:54:07 -0300] "GET /cormun/servlet/trsolicitudot? HTTP/1.1" 200 8496
186.79.12.93 - - [01/Mar/2018:13:54:07 -0300] "GET /cormun/static/Shared/jquery/jquery-1.10.2.min.js HTTP/1.1" 200 273199
186.79.12.93 - - [01/Mar/2018:13:54:08 -0300] "GET /cormun/static/Shared/jqueryui/jquery-ui.min.js HTTP/1.1" 200 240427
186.79.12.93 - - [01/Mar/2018:13:54:09 -0300] "GET /cormun/static/Shared/ext/ext-all.js HTTP/1.1" 200 1289687
186.103.159.43 - - [01/Mar/2018:13:54:10 -0300] "GET /cormun/servlet/solicitudot?INS,0,0, HTTP/1.1" 200 13380
186.79.12.93 - - [01/Mar/2018:13:54:10 -0300] "GET /cormun/static/SmoothNavMenu/resources/images/down.gif HTTP/1.1" 200 854
