191.125.59.191 - - [01/Mar/2018:15:30:10 -0300] "GET /cormun/static/Shared/jqueryui/images/ui-icons_82798d_256x240.png HTTP/1.1" 404 1089
191.125.59.191 - - [01/Mar/2018:15:30:10 -0300] "GET /cormun/static/Shared/jqueryui/images/ui-icons_ebccce_256x240.png HTTP/1.1" 404 1089
191.125.59.191 - - [01/Mar/2018:15:30:10 -0300] "GET /cormun/servlet/solicitudot?bbd9b50e36c7a0a10caa5ebf312cd8fb575e512399b5bf22377027e35e3b77c3,gx-no-cache=1519928993196 HTTP/1.1" 200 45
191.125.59.191 - - [01/Mar/2018:15:30:10 -0300] "POST /cormun/servlet/solicitudot?gx-no-cache=1519928993362 HTTP/1.1" 200 240
191.125.59.191 - - [01/Mar/2018:15:30:10 -0300] "GET /cormun/servlet/solicitudot?bbd9b50e36c7a0a10caa5ebf312cd8fb58f4a86795ead7cae4ebdcab22b712881cc0b86c452acca2c7d0c744c8e2ebd5204aa342e6700ab42dcad0a88e78252cc8e64cc4adf4f7f68653e8f666be2a4739063c7724aae2db7638990288d186dd9127f063a2d4cee59828e819e370de51fcfbf27a467a052c30bfab440322c523a55be742c476a059d12b88f37b863436d9486a11ba557f0ac9af46e406dbc973a5dd6ce8ad78990d38910ebc7fdf779fc556f2782787a179b5faea1ebc7544c65012d78fa4035e7d21f60c8942b6da49f336f54d678e81c89240b33e91852c3797e32c794ac15a49d15edeb5807977b99646ce21095bfffbff18cee9a27a3d1b317d973ba2cfb3646eb011b6b5697c85fd623b7b6dd02144a5512b4ce4905f6ec82c9846a57bb46f5414f15599723563928c6eea9938f180dc8a261c5f5dcfd423a05924226c1fb395288d9160e6e6953c46b33282225c8aa21d382b92e9631d42f949bc6b52d436dfee0e04f846ae000c5ca5fb3158e5c55916cec2e97dd63b,gx-no-cache=1519928993477 HTTP/1.1" 200 30
191.125.59.191 - - [01/Mar/2018:15:30:14 -0300] "POST /cormun/servlet/solicitudot?gx-no-cache=1519928997008 HTTP/1.1" 200 30
192.168.10.96 - - [01/Mar/2018:15:30:19 -0300] "POST /cormun/servlet/trsecurityuser01?8aa09d96e9d0ef62f6a23a0d270c345b,,gx-no-cache=1519928859877 HTTP/1.1" 200 10024
192.168.10.96 - - [01/Mar/2018:15:30:22 -0300] "POST /cormun/servlet/trsecurityuser01?8aa09d96e9d0ef62f6a23a0d270c345b,,gx-no-cache=1519928862513 HTTP/1.1" 200 10369
191.125.59.191 - - [01/Mar/2018:15:30:27 -0300] "GET /cormun/servlet/prfichaempleado?,MD,,gxPopupLevel%3D0%3B HTTP/1.1" 200 9429
192.168.10.96 - - [01/Mar/2018:15:30:30 -0300] "POST /cormun/servlet/trsecurityuser01?8aa09d96e9d0ef62f6a23a0d270c345b,,gx-no-cache=1519928870473 HTTP/1.1" 200 7202
192.168.10.96 - - [01/Mar/2018:15:30:37 -0300] "POST /cormun/servlet/trsecurityuser01?8aa09d96e9d0ef62f6a23a0d270c345b,,gx-no-cache=1519928877737 HTTP/1.1" 200 10369
192.168.10.96 - - [01/Mar/2018:15:30:39 -0300] "POST /cormun/servlet/trsecurityuser01?8aa09d96e9d0ef62f6a23a0d270c345b,,gx-no-cache=1519928879369 HTTP/1.1" 200 10024
200.73.230.197 - - [01/Mar/2018:15:30:41 -0300] "GET /cormun/servlet/solicitudot?INS,0,0, HTTP/1.1" 200 13561
200.73.230.197 - - [01/Mar/2018:15:30:42 -0300] "GET /cormun/static/gxcfg.js?201812313224582 HTTP/1.1" 200 953
200.73.230.197 - - [01/Mar/2018:15:30:42 -0300] "GET /cormun/static/solicitudot.js?201812313224831 HTTP/1.1" 200 72336
200.73.230.197 - - [01/Mar/2018:15:30:42 -0300] "GET /cormun/static/Resources/prompt.gif HTTP/1.1" 200 902
191.125.59.191 - - [01/Mar/2018:15:30:43 -0300] "POST /cormun/servlet/prfichaempleado?03dc1b970561dc2b39cd0cdba71bb2d2,,MD,,gxPopupLevel%3D0%3B,gx-no-cache=1519929025520 HTTP/1.1" 200 3537
192.168.10.96 - - [01/Mar/2018:15:30:43 -0300] "GET /cormun/servlet/securityusers?UPD,45, HTTP/1.1" 200 7754
192.168.10.96 - - [01/Mar/2018:15:30:44 -0300] "GET /cormun/servlet/securityusers?UPD,45, HTTP/1.1" 200 7754
200.73.230.197 - - [01/Mar/2018:15:30:44 -0300] "GET /cormun/servlet/solicitudot?INS,0,0, HTTP/1.1" 200 13566
191.125.59.191 - - [01/Mar/2018:15:30:46 -0300] "GET /cormun/servlet/solicitudot?bbd9b50e36c7a0a10caa5ebf312cd8fb01585f7c4dce22101871f248f76b69bb,gx-no-cache=1519929029016 HTTP/1.1" 200 94
191.125.59.191 - - [01/Mar/2018:15:30:46 -0300] "POST /cormun/servlet/solicitudot?gx-no-cache=1519929029132 HTTP/1.1" 200 240
191.125.59.191 - - [01/Mar/2018:15:30:46 -0300] "GET /cormun/servlet/solicitudot?bbd9b50e36c7a0a10caa5ebf312cd8fb58f4a86795ead7cae4ebdcab22b712881cc0b86c452acca2c7d0c744c8e2ebd5204aa342e6700ab42dcad0a88e78252cc8e64cc4adf4f7f68653e8f666be2a4739063c7724aae2db7638990288d186dd9127f063a2d4cee59828e819e370de51fcfbf27a467a052c30bfab440322c523a55be742c476a059d12b88f37b863436d9486a11ba557f0ac9af46e406dbc973a5dd6ce8ad78990d38910ebc7fdf779fc556f2782787a179b5faea1ebc7544c65012d78fa4035e7d21f60c8942b6da49f336f54d678e81c89240b33e91852c3797e32c794ac15a49d15edeb5807977b99646ce21095bfffbff18cee9a27a3d1b317d973ba2cfb3646eb011b6b5697c85fd623b7b6dd02144a5512b4ce4905f6ec82c9846a57bb46f5414f15599723563928c6eea9938f180dc8a261c5f5dcfd423a05924226c1fb395288d9160e6e6953c46b33282225c8aa21d382b92e9631d42f949bc6b52d436dfee0e04f846ae0046e0fcce73fa9bd9e2b30b3ae9c4e48a,gx-no-cache=1519929029224 HTTP/1.1" 200 30
191.125.59.191 - - [01/Mar/2018:15:30:46 -0300] "POST /cormun/servlet/solicitudot?gx-no-cache=1519929029321 HTTP/1.1" 200 30
191.125.59.191 - - [01/Mar/2018:15:30:54 -0300] "GET /cormun/servlet/prlicenciaspermisos?9178795,L,,MD,,gxPopupLevel%3D0%3B HTTP/1.1" 200 7839
191.125.59.191 - - [01/Mar/2018:15:30:54 -0300] "GET /cormun/static/calendar-system.css?75620 HTTP/1.1" 200 5572
191.125.59.191 - - [01/Mar/2018:15:30:54 -0300] "GET /cormun/static/prlicenciaspermisos.js?20176272054050 HTTP/1.1" 200 13379
191.125.59.191 - - [01/Mar/2018:15:30:54 -0300] "GET /cormun/static/gxcfg.js?20176272053834 HTTP/1.1" 200 953
191.125.59.191 - - [01/Mar/2018:15:30:54 -0300] "GET /cormun/static/Resources/Spanish/PXTools.css?17315867 HTTP/1.1" 200 89042
191.125.59.191 - - [01/Mar/2018:15:30:58 -0300] "GET /cormun/servlet/solicitudot?bbd9b50e36c7a0a10caa5ebf312cd8fb01585f7c4dce22101871f248f76b69bb,gx-no-cache=1519929041172 HTTP/1.1" 200 94
191.125.59.191 - - [01/Mar/2018:15:30:58 -0300] "POST /cormun/servlet/solicitudot?gx-no-cache=1519929041258 HTTP/1.1" 200 240
191.125.59.191 - - [01/Mar/2018:15:30:58 -0300] "GET /cormun/servlet/solicitudot?bbd9b50e36c7a0a10caa5ebf312cd8fb58f4a86795ead7cae4ebdcab22b712881cc0b86c452acca2c7d0c744c8e2ebd5204aa342e6700ab42dcad0a88e78252cc8e64cc4adf4f7f68653e8f666be2a4739063c7724aae2db7638990288d186dd9127f063a2d4cee59828e819e370de51fcfbf27a467a052c30bfab440322c523a55be742c476a059d12b88f37b863436d9486a11ba557f0ac9af46e406dbc973a5dd6ce8ad78990d38910ebc7fdf779fc556f2782787a179b5faea1ebc7544c65012d78fa4035e7d21f60c8942b6da49f336f54d678e81c89240b33e91852c3797e32c794ac15a49d15edeb5807977b99646ce21095bfffbff18cee9a27a3d1b317d973ba2cfb3646eb011b6b5697c85fd623b7b6dd02144a5512b4ce4905f6ec82c9846a57bb46f5414f15599723563928c6eea9938f180dc8a261c5f5dcfd423a05924226c1fb395288d9160e6e6953c46b33282225c8aa21d382b92e9631d42f949bc6b52d436dfee0e04f846ae0046e0fcce73fa9bd9e2b30b3ae9c4e48a,gx-no-cache=1519929041360 HTTP/1.1" 200 30
191.125.59.191 - - [01/Mar/2018:15:30:58 -0300] "POST /cormun/servlet/solicitudot?gx-no-cache=1519929041439 HTTP/1.1" 200 30
200.86.95.220 - - [01/Mar/2018:15:30:58 -0300] "GET /cormun/servlet/solicitudot?d272e1d2dd25a356537d964bf0fd5aba2309db0888eb1e7807990550cc2b3db6c5265ee8988b107790ad6ee32da08233,gx-no-cache=1519929012648 HTTP/1.1" 200 30
191.125.59.191 - - [01/Mar/2018:15:30:58 -0300] "POST /cormun/servlet/solicitudot?gx-no-cache=1519929041549 HTTP/1.1" 200 1337
192.168.10.96 - - [01/Mar/2018:15:30:59 -0300] "GET /cormun/servlet/trsolicitudot? HTTP/1.1" 200 7925
192.168.10.96 - - [01/Mar/2018:15:31:00 -0300] "GET /cormun/servlet/trsolicitudot? HTTP/1.1" 200 7917
191.125.59.191 - - [01/Mar/2018:15:31:06 -0300] "POST /cormun/servlet/solicitudot?gx-no-cache=1519929048865 HTTP/1.1" 200 41
191.125.59.191 - - [01/Mar/2018:15:31:14 -0300] "GET /cormun/servlet/solicitudot?bbd9b50e36c7a0a10caa5ebf312cd8fb50ac8633d8b797444965ce1650e19f0f7452aaa1826e84a356620198030c8ccad43973f52bc2d1d8c77dc283c5549cbe848ae1efa047bfa23fe8ca47a36ff9e393c7c334073de9488deaa0be356be960c0496cec6c23ffa20bed7085bff2e1cb2bf14f9a300c4c81a2575a2c5e4588dd915b1af15e05ad9e7957d7a3b2fef4369d262aba79665a1ea7697b2e9796bea6,gx-no-cache=1519929057820 HTTP/1.1" 200 29
191.125.59.191 - - [01/Mar/2018:15:31:15 -0300] "POST /cormun/servlet/solicitudot?gx-no-cache=1519929057941 HTTP/1.1" 200 1319
191.125.59.191 - - [01/Mar/2018:15:31:15 -0300] "POST /cormun/servlet/solicitudot?gx-no-cache=1519929058188 HTTP/1.1" 200 1218
191.125.59.191 - - [01/Mar/2018:15:31:15 -0300] "GET /cormun/static/menuarrow.gif HTTP/1.1" 404 1015
200.86.95.220 - - [01/Mar/2018:15:31:15 -0300] "POST /cormun/servlet/solicitudot?gx-no-cache=1519929029988 HTTP/1.1" 200 30
191.125.59.191 - - [01/Mar/2018:15:31:17 -0300] "POST /cormun/servlet/solicitudot?gx-no-cache=1519929060711 HTTP/1.1" 200 1319
191.125.59.191 - - [01/Mar/2018:15:31:18 -0300] "POST /cormun/servlet/solicitudot?gx-no-cache=1519929060913 HTTP/1.1" 200 1218
191.125.59.191 - - [01/Mar/2018:15:31:19 -0300] "GET /cormun/servlet/solicitudot?bbd9b50e36c7a0a10caa5ebf312cd8fbaeac217a963a4ca65b297da8a8740e9b75aaa3e2c92437bb6660765f08fe90ff,gx-no-cache=1519929062627 HTTP/1.1" 200 30
191.125.59.191 - - [01/Mar/2018:15:31:19 -0300] "POST /cormun/servlet/solicitudot?gx-no-cache=1519929062738 HTTP/1.1" 200 34
200.73.230.197 - - [01/Mar/2018:15:31:24 -0300] "POST /cormun/servlet/solicitudot?gx-no-cache=1519929037576 HTTP/1.1" 200 3406
200.73.230.197 - - [01/Mar/2018:15:31:25 -0300] "POST /cormun/servlet/solicitudot?94ae29c401c7136475e275b237cde2f0,INS,0,0,,gx-no-cache=1519929038180 HTTP/1.1" 200 10592
186.103.157.42 - - [01/Mar/2018:15:31:39 -0300] "GET /cormun/servlet/trcontratosolicitud? HTTP/1.1" 200 14586
186.103.157.42 - - [01/Mar/2018:15:31:39 -0300] "GET /cormun/static/gxcfg.js?20177612214014 HTTP/1.1" 200 953
186.103.157.42 - - [01/Mar/2018:15:31:39 -0300] "GET /cormun/static/trcontratosolicitud.js?20177612214349 HTTP/1.1" 200 28237
200.86.95.220 - - [01/Mar/2018:15:31:39 -0300] "POST /cormun/servlet/solicitudot?59e40f8257ebef73dfe26622bb597e67,INS,0,0,,gx-no-cache=1519929052980 HTTP/1.1" 200 11751
200.86.95.220 - - [01/Mar/2018:15:31:40 -0300] "GET /cormun/static/Shared/jqueryui/images/ui-bg_highlight-soft_100_c6c2c8_1x100.png HTTP/1.1" 404 1117
200.86.95.220 - - [01/Mar/2018:15:31:40 -0300] "GET /cormun/static/Shared/jqueryui/images/ui-bg_flat_55_994d53_40x100.png HTTP/1.1" 404 1097
200.86.95.220 - - [01/Mar/2018:15:31:40 -0300] "GET /cormun/static/Shared/jqueryui/images/ui-icons_82798d_256x240.png HTTP/1.1" 404 1089
200.86.95.220 - - [01/Mar/2018:15:31:40 -0300] "GET /cormun/static/Shared/jqueryui/images/ui-icons_ebccce_256x240.png HTTP/1.1" 404 1089
186.103.157.42 - - [01/Mar/2018:15:31:40 -0300] "GET /cormun//static/Resources/PXToolsGridNew.png HTTP/1.1" 200 2949
186.103.157.42 - - [01/Mar/2018:15:31:40 -0300] "GET /cormun//static/Resources/PXToolsActionDisabled.gif HTTP/1.1" 200 53
186.103.157.42 - - [01/Mar/2018:15:31:41 -0300] "GET /cormun/servlet/trcontratosolicitud? HTTP/1.1" 200 14569
200.73.230.197 - - [01/Mar/2018:15:31:46 -0300] "GET /cormun/servlet/solicitudot?dc64a1cb75755a7c2870f88e025c61863587629bbe929ddabc56eecdcb6b6844a1d85acba7e1d1ddb1f877308fb6d5f0,gx-no-cache=1519929059745 HTTP/1.1" 200 30
200.73.230.197 - - [01/Mar/2018:15:31:46 -0300] "GET /cormun/servlet/solicitudot?dc64a1cb75755a7c2870f88e025c61869a018ea7a7c1e7582f909c99d8a8a8403bb38a806d355543b924e3408485ac37fdbf2866699f6d23072fc853c523d688,gx-no-cache=1519929059953 HTTP/1.1" 200 30
200.73.230.197 - - [01/Mar/2018:15:31:46 -0300] "GET /cormun/servlet/solicitudot?dc64a1cb75755a7c2870f88e025c6186688a1fc8cda591f714390197ca03d145,gx-no-cache=1519929060082 HTTP/1.1" 200 123
200.73.230.197 - - [01/Mar/2018:15:31:46 -0300] "GET /cormun/static/Shared/jqueryui/images/ui-bg_highlight-soft_100_c6c2c8_1x100.png HTTP/1.1" 404 1117
200.73.230.197 - - [01/Mar/2018:15:31:46 -0300] "GET /cormun/static/Shared/jqueryui/images/ui-icons_82798d_256x240.png HTTP/1.1" 404 1089
200.73.230.197 - - [01/Mar/2018:15:31:46 -0300] "GET /cormun/static/Shared/jqueryui/images/ui-bg_flat_55_994d53_40x100.png HTTP/1.1" 404 1097
200.73.230.197 - - [01/Mar/2018:15:31:46 -0300] "GET /cormun/static/Shared/jqueryui/images/ui-icons_ebccce_256x240.png HTTP/1.1" 404 1089
200.73.230.197 - - [01/Mar/2018:15:31:59 -0300] "GET /cormun/static/Resources/resize.gif HTTP/1.1" 200 77
200.73.230.197 - - [01/Mar/2018:15:31:59 -0300] "GET /cormun/servlet/prbanco?,MD,,gxPopupLevel%3D0%3B HTTP/1.1" 200 6557
200.73.230.197 - - [01/Mar/2018:15:31:59 -0300] "GET /cormun/static/gxcfg.js?20181161016094 HTTP/1.1" 200 953
200.73.230.197 - - [01/Mar/2018:15:31:59 -0300] "GET /cormun/static/Resources/PXToolsMenuSearch.png HTTP/1.1" 200 2914
200.73.230.197 - - [01/Mar/2018:15:32:00 -0300] "GET /cormun/static/Resources/PXToolsMenuSearchCancel.png HTTP/1.1" 200 2972
200.73.230.197 - - [01/Mar/2018:15:32:00 -0300] "GET /cormun/static/prbanco.js?2018116101633 HTTP/1.1" 200 10693
200.73.230.197 - - [01/Mar/2018:15:32:00 -0300] "GET /cormun/static/menusearch.js?201610171694467 HTTP/1.1" 200 1424
200.73.230.197 - - [01/Mar/2018:15:32:00 -0300] "GET /cormun/static/hmpwkw011.js?20177612121862 HTTP/1.1" 200 1968
200.73.230.197 - - [01/Mar/2018:15:32:02 -0300] "POST /cormun/servlet/acontrolpreferencessavestate?None,CDELSO,true HTTP/1.1" 200 35
200.86.99.60 - - [01/Mar/2018:15:32:06 -0300] "GET /cormun/static/menuarrow.gif HTTP/1.1" 404 1015
200.73.230.197 - - [01/Mar/2018:15:32:14 -0300] "GET /cormun/servlet/solicitudot?dc64a1cb75755a7c2870f88e025c6186007df78e5fa92477902123dd87c7e9d1,gx-no-cache=1519929087400 HTTP/1.1" 200 53
200.86.95.220 - - [01/Mar/2018:15:32:37 -0300] "POST /cormun/servlet/solicitudot?59e40f8257ebef73dfe26622bb597e67,INS,0,0,,gx-no-cache=1519929111237 HTTP/1.1" 200 93
200.86.95.220 - - [01/Mar/2018:15:32:37 -0300] "GET /cormun/servlet/hpexe_return? HTTP/1.1" 200 1003
200.86.95.220 - - [01/Mar/2018:15:32:38 -0300] "GET /cormun/servlet/trsolicitudot HTTP/1.1" 200 7153
200.86.95.220 - - [01/Mar/2018:15:32:39 -0300] "GET /cormun/servlet/trsolicitudot HTTP/1.1" 200 7149
200.73.230.197 - - [01/Mar/2018:15:32:45 -0300] "GET /cormun/servlet/prbanco?,MD,,gxPopupLevel%3D0%3B HTTP/1.1" 200 6559
200.86.95.220 - - [01/Mar/2018:15:32:46 -0300] "GET /cormun/servlet/solicitudot?INS,0,0, HTTP/1.1" 200 13389
200.86.95.220 - - [01/Mar/2018:15:32:48 -0300] "GET /cormun/servlet/solicitudot?INS,0,0, HTTP/1.1" 200 13394
191.125.59.191 - - [01/Mar/2018:15:32:49 -0300] "POST /cormun/servlet/solicitudot?03dc1b970561dc2b39cd0cdba71bb2d2,INS,0,0,,gx-no-cache=1519929151613 HTTP/1.1" 200 11993
200.86.95.220 - - [01/Mar/2018:15:32:55 -0300] "POST /cormun/servlet/solicitudot?gx-no-cache=1519929129657 HTTP/1.1" 200 3405
200.86.95.220 - - [01/Mar/2018:15:32:56 -0300] "POST /cormun/servlet/solicitudot?59e40f8257ebef73dfe26622bb597e67,INS,0,0,,gx-no-cache=1519929130165 HTTP/1.1" 200 10383
200.86.95.220 - - [01/Mar/2018:15:33:03 -0300] "GET /cormun/servlet/solicitudot?d272e1d2dd25a356537d964bf0fd5aba23c592ad040bad177933312091cfe8c9dab4d1427178e060eacfa6f6738aa296,gx-no-cache=1519929137483 HTTP/1.1" 200 30
200.86.95.220 - - [01/Mar/2018:15:33:03 -0300] "GET /cormun/servlet/solicitudot?d272e1d2dd25a356537d964bf0fd5aba47b919e88c6fef8220e191b43478003613ede64726c0848f1efb715224d743cc,gx-no-cache=1519929137577 HTTP/1.1" 200 30
200.86.95.220 - - [01/Mar/2018:15:33:03 -0300] "GET /cormun/servlet/solicitudot?d272e1d2dd25a356537d964bf0fd5abac58d2055106abe9ff8c480af4a7f16f8,gx-no-cache=1519929137667 HTTP/1.1" 200 51
200.86.95.220 - - [01/Mar/2018:15:33:03 -0300] "POST /cormun/servlet/solicitudot?gx-no-cache=1519929137736 HTTP/1.1" 200 255
200.86.95.220 - - [01/Mar/2018:15:33:03 -0300] "GET /cormun/servlet/solicitudot?d272e1d2dd25a356537d964bf0fd5aba72f3548675bdd2f55cd06031b08311143ee629aee7e885aa99b5ef9ec6d129517155354f1e17be75d3949fe6dd69b4ed47571cdd8b347c36332b6cedb5e5e5bf057c586ef2c8403d9edb7f8159ae7114e9b3a56c26af7a9b89e4a73015f43946313272f689b8f250e3c551b67c39016039175935f6521aea6161f4dfd0d44a9c8e2e8477c0cf4211dcdea1f48d924701e4d5b651fd476227e08fd3126238666d67da6b46f06ed3550227f7c930293948292f71f173720dc928eb2be6d5f335b6f8094dbf02d8130e9c92a410974e9dcaafed37a223b08ee850d243a0a69d1549c99fe69a2bf4551553c6198bec4451866db74b09f8ea08b75b587e1dd186cd6ece9925ac9d95f64a6592b1941afabb0ac10dc625ce6cb897fb347f80c96272648baf6353ab05154f1ef3aa6b68bde51b5e6d19921bb5f0a3c4515da45c4c3f2574098d79088ab7d748540f366086d91de95d5086fdd428303a851dee2903918da41e4a46439595c5a0e0275eae5b59d8,gx-no-cache=1519929137842 HTTP/1.1" 200 30
200.86.95.220 - - [01/Mar/2018:15:33:03 -0300] "POST /cormun/servlet/solicitudot?gx-no-cache=1519929137910 HTTP/1.1" 200 30
200.86.95.220 - - [01/Mar/2018:15:33:04 -0300] "POST /cormun/servlet/solicitudot?gx-no-cache=1519929137998 HTTP/1.1" 200 1337
200.86.95.220 - - [01/Mar/2018:15:33:04 -0300] "POST /cormun/servlet/solicitudot?gx-no-cache=1519929138168 HTTP/1.1" 200 38
191.125.59.191 - - [01/Mar/2018:15:33:07 -0300] "GET /cormun/servlet/solicitudot?bbd9b50e36c7a0a10caa5ebf312cd8fbd128e55503df0576ac61c9d86e2783a20aa9e0af21f95f3626ffcc8ff2fdcd1a223fded811baf6c132102471831ba805,gx-no-cache=1519929170256 HTTP/1.1" 200 30
191.125.59.191 - - [01/Mar/2018:15:33:07 -0300] "POST /cormun/servlet/solicitudot?gx-no-cache=1519929170341 HTTP/1.1" 200 240
191.125.59.191 - - [01/Mar/2018:15:33:07 -0300] "GET /cormun/servlet/solicitudot?bbd9b50e36c7a0a10caa5ebf312cd8fb58f4a86795ead7cae4ebdcab22b712881cc0b86c452acca2c7d0c744c8e2ebd5204aa342e6700ab42dcad0a88e78252cc8e64cc4adf4f7f68653e8f666be2a4739063c7724aae2db7638990288d186dd9127f063a2d4cee59828e819e370de51fcfbf27a467a052c30bfab440322c523a55be742c476a059d12b88f37b863436d9486a11ba557f0ac9af46e406dbc973a5dd6ce8ad78990d38910ebc7fdf779fc556f2782787a179b5faea1ebc7544c65012d78fa4035e7d21f60c8942b6da49f336f54d678e81c89240b33e91852c3797e32c794ac15a49d15edeb5807977b99646ce21095bfffbff18cee9a27a3d1b317d973ba2cfb3646eb011b6b5697c85fd623b7b6dd02144a5512b4ce4905f6ec82c9846a57bb46f5414f15599723563928c6eea9938f180dc8a261c5f5dcfd423a05924226c1fb395288d9160e6e6953c46b33282225c8aa21d382b92e9631d42f949bc6b52d436dfee0e04f846ae0046e0fcce73fa9bd9e2b30b3ae9c4e48a,gx-no-cache=1519929170440 HTTP/1.1" 200 30
191.125.59.191 - - [01/Mar/2018:15:33:07 -0300] "POST /cormun/servlet/solicitudot?gx-no-cache=1519929170532 HTTP/1.1" 200 30
191.125.59.191 - - [01/Mar/2018:15:33:07 -0300] "POST /cormun/servlet/solicitudot?gx-no-cache=1519929170646 HTTP/1.1" 200 1337
191.125.59.191 - - [01/Mar/2018:15:33:08 -0300] "POST /cormun/servlet/solicitudot?gx-no-cache=1519929170905 HTTP/1.1" 200 41
191.125.59.191 - - [01/Mar/2018:15:33:08 -0300] "POST /cormun/servlet/solicitudot?gx-no-cache=1519929171043 HTTP/1.1" 200 1319
191.125.59.191 - - [01/Mar/2018:15:33:08 -0300] "POST /cormun/servlet/solicitudot?gx-no-cache=1519929171206 HTTP/1.1" 200 1218
191.125.59.191 - - [01/Mar/2018:15:33:08 -0300] "GET /cormun/servlet/solicitudot?bbd9b50e36c7a0a10caa5ebf312cd8fbaeac217a963a4ca65b297da8a8740e9b75aaa3e2c92437bb6660765f08fe90ff,gx-no-cache=1519929171399 HTTP/1.1" 200 30
191.125.59.191 - - [01/Mar/2018:15:33:08 -0300] "POST /cormun/servlet/solicitudot?gx-no-cache=1519929171481 HTTP/1.1" 200 34
191.125.59.191 - - [01/Mar/2018:15:33:09 -0300] "POST /cormun/servlet/solicitudot?03dc1b970561dc2b39cd0cdba71bb2d2,INS,0,0,,gx-no-cache=1519929171570 HTTP/1.1" 200 12048
200.86.95.220 - - [01/Mar/2018:15:33:10 -0300] "POST /cormun/servlet/solicitudot?gx-no-cache=1519929144832 HTTP/1.1" 200 30
200.86.95.220 - - [01/Mar/2018:15:33:13 -0300] "POST /cormun/servlet/solicitudot?gx-no-cache=1519929147158 HTTP/1.1" 200 1337
200.86.95.220 - - [01/Mar/2018:15:33:13 -0300] "POST /cormun/servlet/solicitudot?gx-no-cache=1519929147333 HTTP/1.1" 200 38
200.86.95.220 - - [01/Mar/2018:15:33:17 -0300] "GET /cormun/servlet/solicitudot?d272e1d2dd25a356537d964bf0fd5abace6ef7f1016d739ddd4470ec2b4116f5743fad1d4375012126657174174430d326ed52891cf8f452796ecdb692634d6c96a8d18270bd8202125d990f6d164ed1863fcfc365491b91817be4c9aec150f4457de0bcaa740a1fb32be6c6167f96b17e12a3980e490c288f653586c69b40712a6f5634b9568578f8b7a7957bb1e31ceb80597b44ac7761e4588a6068f27ff5b6abaa59d6806f85ec1dd546c7467f66c8b3c41209d3393dcc956172438b090e76fd5c952434ee31e9938ec0bc43b52a,gx-no-cache=1519929151366 HTTP/1.1" 200 29
200.86.95.220 - - [01/Mar/2018:15:33:17 -0300] "POST /cormun/servlet/solicitudot?gx-no-cache=1519929151456 HTTP/1.1" 200 1319
200.86.95.220 - - [01/Mar/2018:15:33:17 -0300] "POST /cormun/servlet/solicitudot?gx-no-cache=1519929151622 HTTP/1.1" 200 1218
200.86.95.220 - - [01/Mar/2018:15:33:17 -0300] "GET /cormun/static/menuarrow.gif HTTP/1.1" 404 1015
200.86.95.220 - - [01/Mar/2018:15:33:19 -0300] "POST /cormun/servlet/solicitudot?gx-no-cache=1519929153172 HTTP/1.1" 200 1319
200.86.95.220 - - [01/Mar/2018:15:33:19 -0300] "POST /cormun/servlet/solicitudot?gx-no-cache=1519929153335 HTTP/1.1" 200 1218
200.86.95.220 - - [01/Mar/2018:15:33:21 -0300] "GET /cormun/servlet/solicitudot?d272e1d2dd25a356537d964bf0fd5aba2309db0888eb1e7807990550cc2b3db6c5265ee8988b107790ad6ee32da08233,gx-no-cache=1519929155730 HTTP/1.1" 200 30
191.125.59.191 - - [01/Mar/2018:15:33:29 -0300] "GET /cormun/servlet/solicitudot?bbd9b50e36c7a0a10caa5ebf312cd8fbd128e55503df0576ac61c9d86e2783a20b8ef808aab0eb6d2ae8f5042940074a6d5a6ef5e4bf7444574f5e785d9f5b0e,gx-no-cache=1519929192338 HTTP/1.1" 200 30
191.125.59.191 - - [01/Mar/2018:15:33:29 -0300] "POST /cormun/servlet/solicitudot?gx-no-cache=1519929192450 HTTP/1.1" 200 240
191.125.59.191 - - [01/Mar/2018:15:33:29 -0300] "GET /cormun/servlet/solicitudot?bbd9b50e36c7a0a10caa5ebf312cd8fb58f4a86795ead7cae4ebdcab22b712881cc0b86c452acca2c7d0c744c8e2ebd5204aa342e6700ab42dcad0a88e78252cc8e64cc4adf4f7f68653e8f666be2a4739063c7724aae2db7638990288d186dd9127f063a2d4cee59828e819e370de51fcfbf27a467a052c30bfab440322c523a55be742c476a059d12b88f37b863436d9486a11ba557f0ac9af46e406dbc973a5dd6ce8ad78990d38910ebc7fdf779fc556f2782787a179b5faea1ebc7544c65012d78fa4035e7d21f60c8942b6da49f336f54d678e81c89240b33e91852c3797e32c794ac15a49d15edeb5807977b99646ce21095bfffbff18cee9a27a3d1b317d973ba2cfb3646eb011b6b5697c85fd623b7b6dd02144a5512b4ce4905f6ec82c9846a57bb46f5414f15599723563928c6eea9938f180dc8a261c5f5dcfd423a05924226c1fb395288d9160e6e6953c46b33282225c8aa21d382b92e9631d42f949bc6b52d436dfee0e04f846ae0046e0fcce73fa9bd9e2b30b3ae9c4e48a,gx-no-cache=1519929192545 HTTP/1.1" 200 30
191.125.59.191 - - [01/Mar/2018:15:33:29 -0300] "POST /cormun/servlet/solicitudot?gx-no-cache=1519929192654 HTTP/1.1" 200 30
191.125.59.191 - - [01/Mar/2018:15:33:30 -0300] "POST /cormun/servlet/solicitudot?gx-no-cache=1519929192743 HTTP/1.1" 200 1337
191.125.59.191 - - [01/Mar/2018:15:33:30 -0300] "POST /cormun/servlet/solicitudot?gx-no-cache=1519929192998 HTTP/1.1" 200 41
191.125.59.191 - - [01/Mar/2018:15:33:30 -0300] "POST /cormun/servlet/solicitudot?gx-no-cache=1519929193085 HTTP/1.1" 200 1319
191.125.59.191 - - [01/Mar/2018:15:33:30 -0300] "POST /cormun/servlet/solicitudot?gx-no-cache=1519929193255 HTTP/1.1" 200 1218
191.125.59.191 - - [01/Mar/2018:15:33:30 -0300] "GET /cormun/servlet/solicitudot?bbd9b50e36c7a0a10caa5ebf312cd8fbaeac217a963a4ca65b297da8a8740e9b75aaa3e2c92437bb6660765f08fe90ff,gx-no-cache=1519929193435 HTTP/1.1" 200 30
191.125.59.191 - - [01/Mar/2018:15:33:30 -0300] "POST /cormun/servlet/solicitudot?gx-no-cache=1519929193527 HTTP/1.1" 200 34
191.125.59.191 - - [01/Mar/2018:15:33:31 -0300] "POST /cormun/servlet/solicitudot?03dc1b970561dc2b39cd0cdba71bb2d2,INS,0,0,,gx-no-cache=1519929193628 HTTP/1.1" 200 12096
200.86.95.220 - - [01/Mar/2018:15:33:32 -0300] "POST /cormun/servlet/solicitudot?gx-no-cache=1519929166766 HTTP/1.1" 200 30
200.86.95.220 - - [01/Mar/2018:15:33:33 -0300] "POST /cormun/servlet/solicitudot?59e40f8257ebef73dfe26622bb597e67,INS,0,0,,gx-no-cache=1519929166858 HTTP/1.1" 200 93
200.86.95.220 - - [01/Mar/2018:15:33:33 -0300] "GET /cormun/servlet/hpexe_return? HTTP/1.1" 200 1003
200.86.95.220 - - [01/Mar/2018:15:33:34 -0300] "GET /cormun/servlet/trsolicitudot HTTP/1.1" 200 8501
200.86.95.220 - - [01/Mar/2018:15:33:35 -0300] "GET /cormun/servlet/trsolicitudot HTTP/1.1" 200 8497
200.73.230.197 - - [01/Mar/2018:15:33:36 -0300] "GET /cormun/servlet/solicitudot?dc64a1cb75755a7c2870f88e025c618678ebb1cf4a88d5aacef75e7f99f194a621bc4a157c114e37f2b707a13089ccd0aba14aab52f2e0db62c01c6873ec3039,gx-no-cache=1519929169807 HTTP/1.1" 200 53
191.125.59.191 - - [01/Mar/2018:15:33:43 -0300] "GET /cormun/servlet/solicitudot?bbd9b50e36c7a0a10caa5ebf312cd8fb7b0700589cd0154d4268e677d7a514b4a62e859c64d8d4d0263988da1fd2fa4f,gx-no-cache=1519929206406 HTTP/1.1" 200 30
191.125.59.191 - - [01/Mar/2018:15:33:43 -0300] "POST /cormun/servlet/solicitudot?gx-no-cache=1519929206507 HTTP/1.1" 200 240
191.125.59.191 - - [01/Mar/2018:15:33:43 -0300] "GET /cormun/servlet/solicitudot?bbd9b50e36c7a0a10caa5ebf312cd8fb58f4a86795ead7cae4ebdcab22b712881cc0b86c452acca2c7d0c744c8e2ebd5204aa342e6700ab42dcad0a88e78252cc8e64cc4adf4f7f68653e8f666be2a4739063c7724aae2db7638990288d186dd9127f063a2d4cee59828e819e370de51fcfbf27a467a052c30bfab440322c523a55be742c476a059d12b88f37b863436d9486a11ba557f0ac9af46e406dbc973a5dd6ce8ad78990d38910ebc7fdf779fc556f2782787a179b5faea1ebc7544c65012d78fa4035e7d21f60c8942b6da49f336f54d678e81c89240b33e91852c3797e32c794ac15a49d15edeb5807977b99646ce21095bfffbff18cee9a27a3d1b317d973ba2cfb3646eb011b6b5697c85fd623b7b6dd02144a5512b4ce4905f6ec82c9846a57bb46f5414f15599723563928c6eea9938f180dc8a261c5f5dcfd423a05924226c1fb395288d9160e6e6953c46b33282225c8aa21d382b92e9631d42f949bc6b52d436dfee0e04f846ae0046e0fcce73fa9bd9e2b30b3ae9c4e48a,gx-no-cache=1519929206637 HTTP/1.1" 200 30
191.125.59.191 - - [01/Mar/2018:15:33:43 -0300] "POST /cormun/servlet/solicitudot?gx-no-cache=1519929206750 HTTP/1.1" 200 30
191.125.59.191 - - [01/Mar/2018:15:33:44 -0300] "POST /cormun/servlet/solicitudot?gx-no-cache=1519929206864 HTTP/1.1" 200 1337
191.125.59.191 - - [01/Mar/2018:15:33:44 -0300] "POST /cormun/servlet/solicitudot?gx-no-cache=1519929207139 HTTP/1.1" 200 41
191.125.59.191 - - [01/Mar/2018:15:33:44 -0300] "POST /cormun/servlet/solicitudot?gx-no-cache=1519929207238 HTTP/1.1" 200 1319
191.125.59.191 - - [01/Mar/2018:15:33:44 -0300] "POST /cormun/servlet/solicitudot?gx-no-cache=1519929207440 HTTP/1.1" 200 1218
191.125.59.191 - - [01/Mar/2018:15:33:44 -0300] "GET /cormun/servlet/solicitudot?bbd9b50e36c7a0a10caa5ebf312cd8fbaeac217a963a4ca65b297da8a8740e9b75aaa3e2c92437bb6660765f08fe90ff,gx-no-cache=1519929207613 HTTP/1.1" 200 30
191.125.59.191 - - [01/Mar/2018:15:33:44 -0300] "POST /cormun/servlet/solicitudot?gx-no-cache=1519929207716 HTTP/1.1" 200 34
191.125.59.191 - - [01/Mar/2018:15:33:45 -0300] "POST /cormun/servlet/solicitudot?03dc1b970561dc2b39cd0cdba71bb2d2,INS,0,0,,gx-no-cache=1519929207836 HTTP/1.1" 200 12162
191.125.59.191 - - [01/Mar/2018:15:33:58 -0300] "GET /cormun/servlet/solicitudot?bbd9b50e36c7a0a10caa5ebf312cd8fb01585f7c4dce22101871f248f76b69bb,gx-no-cache=1519929220983 HTTP/1.1" 200 94
191.125.59.191 - - [01/Mar/2018:15:33:58 -0300] "POST /cormun/servlet/solicitudot?gx-no-cache=1519929221128 HTTP/1.1" 200 240
191.125.59.191 - - [01/Mar/2018:15:33:58 -0300] "GET /cormun/servlet/solicitudot?bbd9b50e36c7a0a10caa5ebf312cd8fb58f4a86795ead7cae4ebdcab22b712881cc0b86c452acca2c7d0c744c8e2ebd5204aa342e6700ab42dcad0a88e78252cc8e64cc4adf4f7f68653e8f666be2a4739063c7724aae2db7638990288d186dd9127f063a2d4cee59828e819e370de51fcfbf27a467a052c30bfab440322c523a55be742c476a059d12b88f37b863436d9486a11ba557f0ac9af46e406dbc973a5dd6ce8ad78990d38910ebc7fdf779fc556f2782787a179b5faea1ebc7544c65012d78fa4035e7d21f60c8942b6da49f336f54d678e81c89240b33e91852c3797e32c794ac15a49d15edeb5807977b99646ce21095bfffbff18cee9a27a3d1b317d973ba2cfb3646eb011b6b5697c85fd623b7b6dd02144a5512b4ce4905f6ec82c9846a57bb46f5414f15599723563928c6eea9938f180dc8a261c5f5dcfd423a05924226c1fb395288d9160e6e6953c46b33282225c8aa21d382b92e9631d42f949bc6b52d436dfee0e04f846ae0046e0fcce73fa9bd9e2b30b3ae9c4e48a,gx-no-cache=1519929221257 HTTP/1.1" 200 30
191.125.59.191 - - [01/Mar/2018:15:33:58 -0300] "POST /cormun/servlet/solicitudot?gx-no-cache=1519929221370 HTTP/1.1" 200 30
191.125.59.191 - - [01/Mar/2018:15:33:58 -0300] "POST /cormun/servlet/solicitudot?gx-no-cache=1519929221498 HTTP/1.1" 200 1337
191.125.59.191 - - [01/Mar/2018:15:33:59 -0300] "POST /cormun/servlet/solicitudot?gx-no-cache=1519929221994 HTTP/1.1" 200 41
191.125.59.191 - - [01/Mar/2018:15:33:59 -0300] "POST /cormun/servlet/solicitudot?gx-no-cache=1519929222110 HTTP/1.1" 200 1319
191.125.59.191 - - [01/Mar/2018:15:33:59 -0300] "POST /cormun/servlet/solicitudot?gx-no-cache=1519929222307 HTTP/1.1" 200 1218
191.125.59.191 - - [01/Mar/2018:15:33:59 -0300] "GET /cormun/servlet/solicitudot?bbd9b50e36c7a0a10caa5ebf312cd8fbaeac217a963a4ca65b297da8a8740e9b75aaa3e2c92437bb6660765f08fe90ff,gx-no-cache=1519929222492 HTTP/1.1" 200 30
191.125.59.191 - - [01/Mar/2018:15:33:59 -0300] "POST /cormun/servlet/solicitudot?gx-no-cache=1519929222620 HTTP/1.1" 200 34
191.125.59.191 - - [01/Mar/2018:15:34:00 -0300] "POST /cormun/servlet/solicitudot?03dc1b970561dc2b39cd0cdba71bb2d2,INS,0,0,,gx-no-cache=1519929222737 HTTP/1.1" 200 12203
192.168.10.96 - - [01/Mar/2018:15:34:19 -0300] "GET /cormun/servlet/trsolicitudgral? HTTP/1.1" 200 28148
192.168.10.96 - - [01/Mar/2018:15:34:23 -0300] "GET /cormun/servlet/trsolicitudgral? HTTP/1.1" 200 28150
191.125.59.191 - - [01/Mar/2018:15:34:27 -0300] "GET /cormun/servlet/solicitudot?bbd9b50e36c7a0a10caa5ebf312cd8fbd128e55503df0576ac61c9d86e2783a20b8ef808aab0eb6d2ae8f5042940074a6d5a6ef5e4bf7444574f5e785d9f5b0e,gx-no-cache=1519929250050 HTTP/1.1" 200 30
191.125.59.191 - - [01/Mar/2018:15:34:27 -0300] "POST /cormun/servlet/solicitudot?gx-no-cache=1519929250434 HTTP/1.1" 200 240
191.125.59.191 - - [01/Mar/2018:15:34:27 -0300] "GET /cormun/servlet/solicitudot?bbd9b50e36c7a0a10caa5ebf312cd8fb58f4a86795ead7cae4ebdcab22b712881cc0b86c452acca2c7d0c744c8e2ebd5204aa342e6700ab42dcad0a88e78252cc8e64cc4adf4f7f68653e8f666be2a4739063c7724aae2db7638990288d186dd9127f063a2d4cee59828e819e370de51fcfbf27a467a052c30bfab440322c523a55be742c476a059d12b88f37b863436d9486a11ba557f0ac9af46e406dbc973a5dd6ce8ad78990d38910ebc7fdf779fc556f2782787a179b5faea1ebc7544c65012d78fa4035e7d21f60c8942b6da49f336f54d678e81c89240b33e91852c3797e32c794ac15a49d15edeb5807977b99646ce21095bfffbff18cee9a27a3d1b317d973ba2cfb3646eb011b6b5697c85fd623b7b6dd02144a5512b4ce4905f6ec82c9846a57bb46f5414f15599723563928c6eea9938f180dc8a261c5f5dcfd423a05924226c1fb395288d9160e6e6953c46b33282225c8aa21d382b92e9631d42f949bc6b52d436dfee0e04f846ae0046e0fcce73fa9bd9e2b30b3ae9c4e48a,gx-no-cache=1519929250633 HTTP/1.1" 200 30
191.125.59.191 - - [01/Mar/2018:15:34:28 -0300] "POST /cormun/servlet/solicitudot?gx-no-cache=1519929250813 HTTP/1.1" 200 30
191.125.59.191 - - [01/Mar/2018:15:34:28 -0300] "POST /cormun/servlet/solicitudot?gx-no-cache=1519929250994 HTTP/1.1" 200 1337
191.125.59.191 - - [01/Mar/2018:15:34:28 -0300] "POST /cormun/servlet/solicitudot?gx-no-cache=1519929251485 HTTP/1.1" 200 41
191.125.59.191 - - [01/Mar/2018:15:34:28 -0300] "POST /cormun/servlet/solicitudot?gx-no-cache=1519929251678 HTTP/1.1" 200 1319
191.125.59.191 - - [01/Mar/2018:15:34:29 -0300] "POST /cormun/servlet/solicitudot?gx-no-cache=1519929251945 HTTP/1.1" 200 1218
191.125.59.191 - - [01/Mar/2018:15:34:29 -0300] "GET /cormun/servlet/solicitudot?bbd9b50e36c7a0a10caa5ebf312cd8fbaeac217a963a4ca65b297da8a8740e9b75aaa3e2c92437bb6660765f08fe90ff,gx-no-cache=1519929252260 HTTP/1.1" 200 30
191.125.59.191 - - [01/Mar/2018:15:34:29 -0300] "POST /cormun/servlet/solicitudot?gx-no-cache=1519929252433 HTTP/1.1" 200 34
192.168.10.96 - - [01/Mar/2018:15:34:30 -0300] "POST /cormun/servlet/trsolicitudgral?8aa09d96e9d0ef62f6a23a0d270c345b,,gx-no-cache=1519929109664 HTTP/1.1" 200 20226
191.125.59.191 - - [01/Mar/2018:15:34:30 -0300] "POST /cormun/servlet/solicitudot?03dc1b970561dc2b39cd0cdba71bb2d2,INS,0,0,,gx-no-cache=1519929252627 HTTP/1.1" 200 12285
191.125.59.191 - - [01/Mar/2018:15:34:53 -0300] "GET /cormun/servlet/solicitudot?bbd9b50e36c7a0a10caa5ebf312cd8fb01585f7c4dce22101871f248f76b69bb,gx-no-cache=1519929275894 HTTP/1.1" 200 94
191.125.59.191 - - [01/Mar/2018:15:34:53 -0300] "POST /cormun/servlet/solicitudot?gx-no-cache=1519929276246 HTTP/1.1" 200 240
191.125.59.191 - - [01/Mar/2018:15:34:53 -0300] "GET /cormun/servlet/solicitudot?bbd9b50e36c7a0a10caa5ebf312cd8fb58f4a86795ead7cae4ebdcab22b712881cc0b86c452acca2c7d0c744c8e2ebd5204aa342e6700ab42dcad0a88e78252cc8e64cc4adf4f7f68653e8f666be2a4739063c7724aae2db7638990288d186dd9127f063a2d4cee59828e819e370de51fcfbf27a467a052c30bfab440322c523a55be742c476a059d12b88f37b863436d9486a11ba557f0ac9af46e406dbc973a5dd6ce8ad78990d38910ebc7fdf779fc556f2782787a179b5faea1ebc7544c65012d78fa4035e7d21f60c8942b6da49f336f54d678e81c89240b33e91852c3797e32c794ac15a49d15edeb5807977b99646ce21095bfffbff18cee9a27a3d1b317d973ba2cfb3646eb011b6b5697c85fd623b7b6dd02144a5512b4ce4905f6ec82c9846a57bb46f5414f15599723563928c6eea9938f180dc8a261c5f5dcfd423a05924226c1fb395288d9160e6e6953c46b33282225c8aa21d382b92e9631d42f949bc6b52d436dfee0e04f846ae0046e0fcce73fa9bd9e2b30b3ae9c4e48a,gx-no-cache=1519929276418 HTTP/1.1" 200 30
191.125.59.191 - - [01/Mar/2018:15:34:53 -0300] "POST /cormun/servlet/solicitudot?gx-no-cache=1519929276589 HTTP/1.1" 200 30
191.125.59.191 - - [01/Mar/2018:15:34:54 -0300] "POST /cormun/servlet/solicitudot?gx-no-cache=1519929276767 HTTP/1.1" 200 1337
191.125.59.191 - - [01/Mar/2018:15:34:54 -0300] "POST /cormun/servlet/solicitudot?gx-no-cache=1519929277189 HTTP/1.1" 200 41
200.73.230.197 - - [01/Mar/2018:15:34:54 -0300] "POST /cormun/servlet/solicitudot?94ae29c401c7136475e275b237cde2f0,INS,0,0,,gx-no-cache=1519929246998 HTTP/1.1" 200 10695
191.125.59.191 - - [01/Mar/2018:15:34:54 -0300] "POST /cormun/servlet/solicitudot?gx-no-cache=1519929277347 HTTP/1.1" 200 1319
200.73.230.197 - - [01/Mar/2018:15:34:54 -0300] "GET /cormun/static/Shared/jqueryui/images/ui-bg_flat_55_fafafa_40x100.png HTTP/1.1" 404 1097
200.73.230.197 - - [01/Mar/2018:15:34:54 -0300] "GET /cormun/static/Shared/jqueryui/images/ui-icons_8d78a5_256x240.png HTTP/1.1" 404 1089
191.125.59.191 - - [01/Mar/2018:15:34:54 -0300] "POST /cormun/servlet/solicitudot?gx-no-cache=1519929277569 HTTP/1.1" 200 1218
191.125.59.191 - - [01/Mar/2018:15:34:54 -0300] "GET /cormun/servlet/solicitudot?bbd9b50e36c7a0a10caa5ebf312cd8fbaeac217a963a4ca65b297da8a8740e9b75aaa3e2c92437bb6660765f08fe90ff,gx-no-cache=1519929277802 HTTP/1.1" 200 30
191.125.59.191 - - [01/Mar/2018:15:34:55 -0300] "POST /cormun/servlet/solicitudot?gx-no-cache=1519929277961 HTTP/1.1" 200 34
191.125.59.191 - - [01/Mar/2018:15:34:56 -0300] "POST /cormun/servlet/solicitudot?03dc1b970561dc2b39cd0cdba71bb2d2,INS,0,0,,gx-no-cache=1519929278134 HTTP/1.1" 200 12334
200.73.230.197 - - [01/Mar/2018:15:35:01 -0300] "GET /cormun/servlet/solicitudot?dc64a1cb75755a7c2870f88e025c61863587629bbe929ddabc56eecdcb6b6844d8ca8a63186330c9c92dfb505c724a04,gx-no-cache=1519929254407 HTTP/1.1" 200 30
200.73.230.197 - - [01/Mar/2018:15:35:01 -0300] "GET /cormun/servlet/solicitudot?dc64a1cb75755a7c2870f88e025c61869a018ea7a7c1e7582f909c99d8a8a8403bb38a806d355543b924e3408485ac376891d9dae3bc7e368d39f497c542c585,gx-no-cache=1519929254624 HTTP/1.1" 200 30
200.73.230.197 - - [01/Mar/2018:15:35:01 -0300] "GET /cormun/servlet/solicitudot?dc64a1cb75755a7c2870f88e025c618678ebb1cf4a88d5aacef75e7f99f194a621bc4a157c114e37f2b707a13089ccd0aba14aab52f2e0db62c01c6873ec3039,gx-no-cache=1519929254747 HTTP/1.1" 200 53
200.73.230.197 - - [01/Mar/2018:15:35:01 -0300] "POST /cormun/servlet/solicitudot?gx-no-cache=1519929254885 HTTP/1.1" 200 255
200.73.230.197 - - [01/Mar/2018:15:35:01 -0300] "GET /cormun/servlet/solicitudot?dc64a1cb75755a7c2870f88e025c6186117d0c50738ca72f63caf8e088b71e77d332ca55d5723db44f9727357d613975c4649ef18722bb913b9c30df54c3d0dc5fddff40e5ffb9fe21037b4fa5e23a234aa3aade6f487aa9c8387bec88327d4491116103a89de53de792679c1555b5c177293c65a3137330394d9bfb14d15f9a50133a0ddbf3d1051b768da3d04a98252a59fd9a725ccbffa869cf30843513d72a07e1cb38d23a2852a173cfbc621e72aeea250aaa2fce799462e79acb449818d39d09f7ebb16b0fe2f3706bbdab55b9592550f9e54121791d6a397fa0b553efc11058517fa538098dcc7ae7689d87960af5e837873872dd88accb9aa3272d6ef2ed44d09ad291c5cf884cdfacf6769564b623bb6248b6f68e5b6343932e2259da67bf5f2fd30364ae79ca5d060140c80478c25d76cb57d25797e6be14b203d81b622718e83140827ca45e9705cc3d9144f131234a5dacca717a9245beeaa4c6c57dfa5518f488306aa41c85a1d8524d4ceb996586f44fba64ac362f909c30c4,gx-no-cache=1519929255085 HTTP/1.1" 200 30
192.168.10.96 - - [01/Mar/2018:15:35:02 -0300] "POST /cormun/servlet/trsolicitudgral?8aa09d96e9d0ef62f6a23a0d270c345b,,gx-no-cache=1519929139478 HTTP/1.1" 200 26330
200.73.230.197 - - [01/Mar/2018:15:35:08 -0300] "POST /cormun/servlet/solicitudot?gx-no-cache=1519929261711 HTTP/1.1" 200 30
191.125.59.191 - - [01/Mar/2018:15:35:12 -0300] "GET /cormun/servlet/solicitudot?bbd9b50e36c7a0a10caa5ebf312cd8fb14af195d8a7ab0a338c54585fd5374831bbb305e7b6ce3e3c5a3be359d8d6eab,gx-no-cache=1519929295567 HTTP/1.1" 200 30
191.125.59.191 - - [01/Mar/2018:15:35:12 -0300] "POST /cormun/servlet/solicitudot?gx-no-cache=1519929295765 HTTP/1.1" 200 240
191.125.59.191 - - [01/Mar/2018:15:35:13 -0300] "GET /cormun/servlet/solicitudot?bbd9b50e36c7a0a10caa5ebf312cd8fb58f4a86795ead7cae4ebdcab22b712881cc0b86c452acca2c7d0c744c8e2ebd5204aa342e6700ab42dcad0a88e78252cc8e64cc4adf4f7f68653e8f666be2a4739063c7724aae2db7638990288d186dd9127f063a2d4cee59828e819e370de51fcfbf27a467a052c30bfab440322c523a55be742c476a059d12b88f37b863436d9486a11ba557f0ac9af46e406dbc973a5dd6ce8ad78990d38910ebc7fdf779fc556f2782787a179b5faea1ebc7544c65012d78fa4035e7d21f60c8942b6da49f336f54d678e81c89240b33e91852c3797e32c794ac15a49d15edeb5807977b99646ce21095bfffbff18cee9a27a3d1b317d973ba2cfb3646eb011b6b5697c85fd623b7b6dd02144a5512b4ce4905f6ec82c9846a57bb46f5414f15599723563928c6eea9938f180dc8a261c5f5dcfd423a05924226c1fb395288d9160e6e6953c46b33282225c8aa21d382b92e9631d42f949bc6b52d436dfee0e04f846ae0046e0fcce73fa9bd9e2b30b3ae9c4e48a,gx-no-cache=1519929295956 HTTP/1.1" 200 30
191.125.59.191 - - [01/Mar/2018:15:35:13 -0300] "POST /cormun/servlet/solicitudot?gx-no-cache=1519929296125 HTTP/1.1" 200 30
191.125.59.191 - - [01/Mar/2018:15:35:13 -0300] "POST /cormun/servlet/solicitudot?gx-no-cache=1519929296332 HTTP/1.1" 200 1337
191.125.59.191 - - [01/Mar/2018:15:35:13 -0300] "POST /cormun/servlet/solicitudot?gx-no-cache=1519929296672 HTTP/1.1" 200 41
191.125.59.191 - - [01/Mar/2018:15:35:14 -0300] "POST /cormun/servlet/solicitudot?gx-no-cache=1519929296854 HTTP/1.1" 200 1319
191.125.59.191 - - [01/Mar/2018:15:35:14 -0300] "POST /cormun/servlet/solicitudot?gx-no-cache=1519929297097 HTTP/1.1" 200 1218
191.125.59.191 - - [01/Mar/2018:15:35:14 -0300] "GET /cormun/servlet/solicitudot?bbd9b50e36c7a0a10caa5ebf312cd8fbaeac217a963a4ca65b297da8a8740e9b75aaa3e2c92437bb6660765f08fe90ff,gx-no-cache=1519929297342 HTTP/1.1" 200 30
191.125.59.191 - - [01/Mar/2018:15:35:14 -0300] "POST /cormun/servlet/solicitudot?gx-no-cache=1519929297529 HTTP/1.1" 200 34
200.73.230.197 - - [01/Mar/2018:15:35:14 -0300] "POST /cormun/servlet/solicitudot?gx-no-cache=1519929268318 HTTP/1.1" 200 1337
200.73.230.197 - - [01/Mar/2018:15:35:15 -0300] "POST /cormun/servlet/solicitudot?gx-no-cache=1519929268557 HTTP/1.1" 200 38
191.125.59.191 - - [01/Mar/2018:15:35:15 -0300] "POST /cormun/servlet/solicitudot?03dc1b970561dc2b39cd0cdba71bb2d2,INS,0,0,,gx-no-cache=1519929297726 HTTP/1.1" 200 12383
200.73.230.197 - - [01/Mar/2018:15:35:20 -0300] "GET /cormun/servlet/solicitudot?dc64a1cb75755a7c2870f88e025c618676649b3e5c78bc7191df29b6498ab4801ad281918018f6d7d621f064fbd56da291247a7b5c9c96a573df75fe84fdbaf826b7c7eda2cc60636929ed42e09e081c0395988aea3c339121e337e06ece6c72b882cb0e5a205045867cf2344f20b60231b542b237b486f6e5da908c933346faefb8d40cf9659c5191a3dcf5b5880ca18915f87f0fdf2d0fc50ae2ff281cf899cb26f0f51284a07c845df642e462323964b28789163e0fa31b9bc6942bd5e5867d9b22d5711c7499c047a0478fa19e19,gx-no-cache=1519929273738 HTTP/1.1" 200 29
191.125.59.191 - - [01/Mar/2018:15:35:23 -0300] "GET /cormun/servlet/solicitudot?INS,0,0, HTTP/1.1" 200 13699
191.125.59.191 - - [01/Mar/2018:15:35:25 -0300] "GET /cormun/servlet/solicitudot?INS,0,0, HTTP/1.1" 200 13715
200.73.230.197 - - [01/Mar/2018:15:35:28 -0300] "POST /cormun/servlet/solicitudot?gx-no-cache=1519929281749 HTTP/1.1" 200 1319
200.73.230.197 - - [01/Mar/2018:15:35:29 -0300] "POST /cormun/servlet/solicitudot?gx-no-cache=1519929282545 HTTP/1.1" 200 1219
200.73.230.197 - - [01/Mar/2018:15:35:33 -0300] "GET /cormun/static/menuarrow.gif HTTP/1.1" 404 1015
191.125.59.191 - - [01/Mar/2018:15:35:37 -0300] "GET /cormun/servlet/prfichaempleado?,MD,,gxPopupLevel%3D0%3B HTTP/1.1" 200 9429
200.73.230.197 - - [01/Mar/2018:15:35:38 -0300] "GET /cormun/servlet/solicitudot?dc64a1cb75755a7c2870f88e025c6186e94844ee10616b8bbaf091060a473a2c3c00730d1b085b9abb21aafec0cda8a7,gx-no-cache=1519929291735 HTTP/1.1" 200 30
200.86.95.220 - - [01/Mar/2018:15:35:46 -0300] "POST /cormun/servlet/trsolicitudot?59e40f8257ebef73dfe26622bb597e67,gx-no-cache=1519929299630 HTTP/1.1" 200 4450
200.86.95.220 - - [01/Mar/2018:15:35:46 -0300] "GET /cormun/static/Shared/jqueryui/images/ui-bg_highlight-soft_100_c6c2c8_1x100.png HTTP/1.1" 404 1117
200.86.95.220 - - [01/Mar/2018:15:35:46 -0300] "GET /cormun/static/Shared/jqueryui/images/ui-icons_82798d_256x240.png HTTP/1.1" 404 1089
200.86.95.220 - - [01/Mar/2018:15:35:46 -0300] "GET /cormun/static/Shared/jqueryui/images/ui-bg_flat_55_fafafa_40x100.png HTTP/1.1" 404 1097
200.86.95.220 - - [01/Mar/2018:15:35:46 -0300] "GET /cormun/static/Shared/jqueryui/images/ui-icons_8d78a5_256x240.png HTTP/1.1" 404 1089
200.86.95.220 - - [01/Mar/2018:15:35:46 -0300] "POST /cormun/servlet/trsolicitudot?59e40f8257ebef73dfe26622bb597e67,gx-no-cache=1519929300460 HTTP/1.1" 200 4250
191.125.59.191 - - [01/Mar/2018:15:35:51 -0300] "POST /cormun/servlet/prfichaempleado?03dc1b970561dc2b39cd0cdba71bb2d2,,MD,,gxPopupLevel%3D0%3B,gx-no-cache=1519929333645 HTTP/1.1" 200 3539
200.73.230.197 - - [01/Mar/2018:15:35:56 -0300] "POST /cormun/servlet/solicitudot?gx-no-cache=1519929310104 HTTP/1.1" 200 30
200.86.95.220 - - [01/Mar/2018:15:35:56 -0300] "GET /cormun/servlet/hlogin HTTP/1.1" 200 1715
191.125.59.191 - - [01/Mar/2018:15:35:57 -0300] "POST /cormun/servlet/solicitudot?gx-no-cache=1519929340306 HTTP/1.1" 200 3412
191.125.59.191 - - [01/Mar/2018:15:35:58 -0300] "POST /cormun/servlet/solicitudot?03dc1b970561dc2b39cd0cdba71bb2d2,INS,0,0,,gx-no-cache=1519929340756 HTTP/1.1" 200 10537
191.125.59.191 - - [01/Mar/2018:15:35:59 -0300] "GET /cormun/servlet/solicitudot?bbd9b50e36c7a0a10caa5ebf312cd8fbf78f1709b2ea6919c663bc519f34fc17abeb7aa5b5c1cf11b8b5de99179a80b9,gx-no-cache=1519929342159 HTTP/1.1" 200 30
192.168.10.96 - - [01/Mar/2018:15:36:02 -0300] "POST /cormun/servlet/trsolicitudgral?8aa09d96e9d0ef62f6a23a0d270c345b,,gx-no-cache=1519929198506 HTTP/1.1" 200 105
192.168.10.96 - - [01/Mar/2018:15:36:02 -0300] "GET /cormun/SolicitudGral-2727.xls HTTP/1.1" 200 113664
200.86.95.220 - - [01/Mar/2018:15:36:04 -0300] "POST /cormun/servlet/hlogin?59e40f8257ebef73dfe26622bb597e67,gx-no-cache=1519929318586 HTTP/1.1" 200 90
200.86.95.220 - - [01/Mar/2018:15:36:04 -0300] "GET /cormun/servlet/hpexe_link HTTP/1.1" 200 948
200.86.95.220 - - [01/Mar/2018:15:36:05 -0300] "GET /cormun/servlet/hhome HTTP/1.1" 200 4115
191.125.59.191 - - [01/Mar/2018:15:36:06 -0300] "GET /cormun/servlet/solicitudot?bbd9b50e36c7a0a10caa5ebf312cd8fb317bcf2edbe1264a886afddd511d52d8f1e9c80eb1b71bb74da2f92194efaebd223fded811baf6c132102471831ba805,gx-no-cache=1519929348922 HTTP/1.1" 200 30
191.125.59.191 - - [01/Mar/2018:15:36:06 -0300] "GET /cormun/servlet/solicitudot?bbd9b50e36c7a0a10caa5ebf312cd8fbd25c44045c0bb7a0bb1cf7dcadccee0b,gx-no-cache=1519929349091 HTTP/1.1" 200 59
191.125.59.191 - - [01/Mar/2018:15:36:06 -0300] "POST /cormun/servlet/solicitudot?gx-no-cache=1519929349249 HTTP/1.1" 200 240
200.86.95.220 - - [01/Mar/2018:15:36:06 -0300] "GET /cormun/servlet/hhome HTTP/1.1" 200 4111
191.125.59.191 - - [01/Mar/2018:15:36:06 -0300] "GET /cormun/servlet/solicitudot?bbd9b50e36c7a0a10caa5ebf312cd8fb58f4a86795ead7cae4ebdcab22b712881cc0b86c452acca2c7d0c744c8e2ebd5204aa342e6700ab42dcad0a88e78252cc8e64cc4adf4f7f68653e8f666be2a4739063c7724aae2db7638990288d186dd9127f063a2d4cee59828e819e370de51fcfbf27a467a052c30bfab440322c523a55be742c476a059d12b88f37b863436d9486a11ba557f0ac9af46e406dbc973a5dd6ce8ad78990d38910ebc7fdf779fc556f2782787a179b5faea1ebc7544c65012d78fa4035e7d21f60c8942b6da49f336f54d678e81c89240b33e91852c3797e32c794ac15a49d15edeb5807977b99646ce21095bfffbff18cee9a27a3d1b317d973ba2cfb3646eb011b6b5697c85fd623b7b6dd02144a5512b4ce4905f6ec82c9846a57bb46f5414f15599723563928c6eea9938f180dc8a261c5f5dcfd423a05924226c1fb395288d9160e6e6953c46b33282225c8aa21d382b92e9631d42f949bc6b52d436dfee0e04f846ae000c5ca5fb3158e5c55916cec2e97dd63b,gx-no-cache=1519929349426 HTTP/1.1" 200 30
200.111.191.210 - - [01/Mar/2018:15:36:08 -0300] "GET /cormun/servlet/hlogin HTTP/1.1" 200 1739
200.86.95.220 - - [01/Mar/2018:15:36:08 -0300] "GET /cormun/servlet/trautorizarsolicitud? HTTP/1.1" 200 8555
191.125.59.191 - - [01/Mar/2018:15:36:08 -0300] "POST /cormun/servlet/solicitudot?gx-no-cache=1519929351723 HTTP/1.1" 200 30
200.86.95.220 - - [01/Mar/2018:15:36:10 -0300] "GET /cormun/servlet/trautorizarsolicitud? HTTP/1.1" 200 8553
200.86.95.220 - - [01/Mar/2018:15:36:18 -0300] "POST /cormun/servlet/trautorizarsolicitud?59e40f8257ebef73dfe26622bb597e67,,gx-no-cache=1519929332236 HTTP/1.1" 200 4575
200.86.95.220 - - [01/Mar/2018:15:36:18 -0300] "GET /cormun/static/Shared/jqueryui/images/ui-bg_highlight-soft_100_c6c2c8_1x100.png HTTP/1.1" 404 1117
200.86.95.220 - - [01/Mar/2018:15:36:18 -0300] "GET /cormun/static/Shared/jqueryui/images/ui-bg_flat_55_fafafa_40x100.png HTTP/1.1" 404 1097
200.86.95.220 - - [01/Mar/2018:15:36:18 -0300] "GET /cormun/static/Shared/jqueryui/images/ui-icons_82798d_256x240.png HTTP/1.1" 404 1089
200.86.95.220 - - [01/Mar/2018:15:36:19 -0300] "GET /cormun/static/Shared/jqueryui/images/ui-icons_8d78a5_256x240.png HTTP/1.1" 404 1089
191.125.59.191 - - [01/Mar/2018:15:36:19 -0300] "GET /cormun/servlet/prfichaempleado?,MD,,gxPopupLevel%3D0%3B HTTP/1.1" 200 9429
200.86.95.220 - - [01/Mar/2018:15:36:19 -0300] "POST /cormun/servlet/trautorizarsolicitud?59e40f8257ebef73dfe26622bb597e67,,gx-no-cache=1519929333137 HTTP/1.1" 200 4372
200.54.247.70 - - [01/Mar/2018:15:36:25 -0300] "GET /cormun/servlet/hlogin HTTP/1.1" 200 1724
200.54.247.70 - - [01/Mar/2018:15:36:25 -0300] "GET /cormun/static/gxtimezone.js?85251 HTTP/1.1" 200 5781
200.54.247.70 - - [01/Mar/2018:15:36:25 -0300] "GET /cormun/static/gxcfg.js?20175251213516 HTTP/1.1" 200 953
200.54.247.70 - - [01/Mar/2018:15:36:25 -0300] "GET /cormun/static/Resources/Spanish/PXTools.css?11423723 HTTP/1.1" 200 89042
200.54.247.70 - - [01/Mar/2018:15:36:25 -0300] "GET /cormun/static/messages.spa.js?85251 HTTP/1.1" 200 30736
200.54.247.70 - - [01/Mar/2018:15:36:25 -0300] "GET /cormun/static/gxgral.js?85251 HTTP/1.1" 200 384558
200.54.247.70 - - [01/Mar/2018:15:36:25 -0300] "GET /cormun/static/hlogin.js?20175251213537 HTTP/1.1" 200 2136
200.54.247.70 - - [01/Mar/2018:15:36:25 -0300] "GET /cormun/static/Resources/ComunLogin.png HTTP/1.1" 200 17326
200.54.247.70 - - [01/Mar/2018:15:36:25 -0300] "GET /cormun/static/Resources/PXToolsLoginTop.png HTTP/1.1" 200 1337
200.54.247.70 - - [01/Mar/2018:15:36:25 -0300] "GET /cormun/static/Resources/PXToolsLoginBackground.png HTTP/1.1" 200 1164
200.54.247.70 - - [01/Mar/2018:15:36:26 -0300] "GET /cormun/static/Resources/PXToolsButtonLeft21.png HTTP/1.1" 200 1287
200.54.247.70 - - [01/Mar/2018:15:36:26 -0300] "GET /cormun/static/Resources/PXToolsButtonRight21.png HTTP/1.1" 200 1283
200.54.247.70 - - [01/Mar/2018:15:36:26 -0300] "GET /cormun/static/Resources/PXToolsButtonBackground2.png HTTP/1.1" 200 1181
200.54.247.70 - - [01/Mar/2018:15:36:26 -0300] "GET /cormun/static/Resources/PXToolsLoginBottom.png HTTP/1.1" 200 1389
200.54.247.70 - - [01/Mar/2018:15:36:26 -0300] "GET /cormun/static/Resources/indicator.gif HTTP/1.1" 200 1553
200.54.247.70 - - [01/Mar/2018:15:36:26 -0300] "GET /cormun/servlet/hlogin HTTP/1.1" 200 1732
200.54.247.70 - - [01/Mar/2018:15:36:26 -0300] "GET /favicon.ico HTTP/1.1" 200 21630
191.125.59.191 - - [01/Mar/2018:15:36:31 -0300] "POST /cormun/servlet/prfichaempleado?03dc1b970561dc2b39cd0cdba71bb2d2,,MD,,gxPopupLevel%3D0%3B,gx-no-cache=1519929374122 HTTP/1.1" 200 3423
191.125.59.191 - - [01/Mar/2018:15:36:36 -0300] "GET /cormun/servlet/prlicenciaspermisos?17815963,L,,MD,,gxPopupLevel%3D0%3B HTTP/1.1" 200 5895
191.125.59.191 - - [01/Mar/2018:15:36:40 -0300] "POST /cormun/servlet/solicitudot?gx-no-cache=1519929382941 HTTP/1.1" 200 1337
191.125.59.191 - - [01/Mar/2018:15:36:45 -0300] "POST /cormun/servlet/solicitudot?gx-no-cache=1519929388439 HTTP/1.1" 200 41
200.86.99.60 - - [01/Mar/2018:15:36:47 -0300] "POST /cormun/servlet/trsolicitudot?9d9274522ad8589dcf622d3f18c731ff,,gx-no-cache=1519929361428 HTTP/1.1" 200 4502
200.86.99.60 - - [01/Mar/2018:15:37:03 -0300] "GET /cormun/servlet/solicitudot?INS,0,0, HTTP/1.1" 200 13598
200.86.99.60 - - [01/Mar/2018:15:37:03 -0300] "GET /cormun/static/gxcfg.js?201812313224582 HTTP/1.1" 200 953
200.86.99.60 - - [01/Mar/2018:15:37:03 -0300] "GET /cormun/static/solicitudot.js?201812313224831 HTTP/1.1" 200 72336
191.125.59.191 - - [01/Mar/2018:15:37:04 -0300] "GET /cormun/servlet/solicitudot?bbd9b50e36c7a0a10caa5ebf312cd8fb50ac8633d8b797444965ce1650e19f0f7452aaa1826e84a356620198030c8ccad43973f52bc2d1d8c77dc283c5549cbe848ae1efa047bfa23fe8ca47a36ff9e393c7c334073de9488deaa0be356be960c0496cec6c23ffa20bed7085bff2e1cb2bf14f9a300c4c81a2575a2c5e4588dd915b1af15e05ad9e7957d7a3b2fef4369d262aba79665a1ea7697b2e9796bea6,gx-no-cache=1519929407125 HTTP/1.1" 200 29
191.125.59.191 - - [01/Mar/2018:15:37:04 -0300] "POST /cormun/servlet/solicitudot?gx-no-cache=1519929407259 HTTP/1.1" 200 1319
191.125.59.191 - - [01/Mar/2018:15:37:04 -0300] "POST /cormun/servlet/solicitudot?gx-no-cache=1519929407551 HTTP/1.1" 200 1219
191.125.59.191 - - [01/Mar/2018:15:37:05 -0300] "GET /cormun/static/menuarrow.gif HTTP/1.1" 404 1015
200.86.99.60 - - [01/Mar/2018:15:37:05 -0300] "GET /cormun/servlet/solicitudot?INS,0,0, HTTP/1.1" 200 13602
200.86.99.60 - - [01/Mar/2018:15:37:17 -0300] "POST /cormun/servlet/solicitudot?gx-no-cache=1519929391259 HTTP/1.1" 200 3416
