186.103.156.166 - - [01/Mar/2018:12:11:31 -0300] "GET /cormun/servlet/trvisualizadoreventos? HTTP/1.1" 200 6918
186.103.156.166 - - [01/Mar/2018:12:11:32 -0300] "GET /cormun/servlet/trvisualizadoreventos? HTTP/1.1" 200 6917
186.103.132.155 - - [01/Mar/2018:12:11:36 -0300] "POST /cormun/servlet/trautorizarsolicitud?293a8d5c57d9af96ed2589b9315f7720,,gx-no-cache=1519917044025 HTTP/1.1" 200 6269
186.103.132.155 - - [01/Mar/2018:12:11:36 -0300] "GET /cormun/static/Shared/jqueryui/images/ui-bg_highlight-soft_100_c6c2c8_1x100.png HTTP/1.1" 404 1117
186.103.132.155 - - [01/Mar/2018:12:11:36 -0300] "GET /cormun/static/Shared/jqueryui/images/ui-bg_flat_55_fafafa_40x100.png HTTP/1.1" 404 1097
186.103.132.155 - - [01/Mar/2018:12:11:36 -0300] "GET /cormun/static/Shared/jqueryui/images/ui-icons_82798d_256x240.png HTTP/1.1" 404 1089
190.151.100.218 - - [01/Mar/2018:12:11:36 -0300] "GET /cormun/static/Shared/jqueryui/images/ui-icons_8d78a5_256x240.png HTTP/1.1" 404 1089
186.103.132.155 - - [01/Mar/2018:12:11:37 -0300] "POST /cormun/servlet/trautorizarsolicitud?293a8d5c57d9af96ed2589b9315f7720,,gx-no-cache=1519917045440 HTTP/1.1" 200 6215
200.86.95.220 - - [01/Mar/2018:12:11:41 -0300] "GET /cormun/servlet/avisualizareventos?0,0,REC,20180301,20180301,PU HTTP/1.1" 200 1354
186.103.156.166 - - [01/Mar/2018:12:11:42 -0300] "GET /cormun/servlet/trfichaempleado? HTTP/1.1" 200 13806
186.103.156.166 - - [01/Mar/2018:12:11:50 -0300] "GET /cormun/servlet/trsolicitudot? HTTP/1.1" 200 7385
186.103.156.166 - - [01/Mar/2018:12:11:51 -0300] "GET /cormun/servlet/trsolicitudot? HTTP/1.1" 200 7384
186.103.156.166 - - [01/Mar/2018:12:12:12 -0300] "POST /cormun/servlet/trsolicitudot?c594a2226bbae411847008266530c5da,,gx-no-cache=1519917088778 HTTP/1.1" 200 90
186.103.156.166 - - [01/Mar/2018:12:12:12 -0300] "GET /cormun/servlet/hpexe_link HTTP/1.1" 200 967
186.103.156.166 - - [01/Mar/2018:12:12:12 -0300] "GET /cormun/servlet/trvisualizadoreventos HTTP/1.1" 200 6919
186.103.156.166 - - [01/Mar/2018:12:12:14 -0300] "GET /cormun/servlet/trvisualizadoreventos HTTP/1.1" 200 6917
186.103.156.166 - - [01/Mar/2018:12:12:31 -0300] "GET /cormun/servlet/trsolicitudot? HTTP/1.1" 200 7385
186.103.156.166 - - [01/Mar/2018:12:12:31 -0300] "GET /cormun/servlet/trsolicitudot? HTTP/1.1" 200 7384
186.103.156.166 - - [01/Mar/2018:12:12:36 -0300] "GET /cormun/servlet/solicitudot?INS,0,0, HTTP/1.1" 200 13610
186.103.156.166 - - [01/Mar/2018:12:12:37 -0300] "GET /cormun/servlet/solicitudot?INS,0,0, HTTP/1.1" 200 13615
192.168.4.251 - - [01/Mar/2018:12:12:44 -0300] "POST /cormun/servlet/trsolicitudgral?03065ae4357bcfeae7165ea90c043be7,,gx-no-cache=1519917304650 HTTP/1.1" 200 115
192.168.4.251 - - [01/Mar/2018:12:12:44 -0300] "GET /cormun/servlet/solicitudotlog?INS,2018,9760,0,REC, HTTP/1.1" 200 6276
192.168.4.251 - - [01/Mar/2018:12:12:44 -0300] "GET /cormun/static/gxcfg.js?2017761245646 HTTP/1.1" 304 -
192.168.4.251 - - [01/Mar/2018:12:12:46 -0300] "GET /cormun/servlet/solicitudotlog?INS,2018,9760,0,REC, HTTP/1.1" 200 6276
192.168.4.251 - - [01/Mar/2018:12:12:46 -0300] "GET /cormun/servlet/solicitudotlog?7b944b0394d2e0fd5d7c11faab44cfa8b5cb50ae4975e54cd6471638b4af60896253217abea2781f80e9fc35c16fc552bdd6632aace80bacd3a884634ac87bd8d752b52ae1132d6e5c4b03c60c77b4166966a957c04ad3cfbb8ab9241c5e986b3ec57232d2651bb0c8bb684f55a330ba0af28930370728444d4a7e722c6c84a0bd71433c9ed36296ebdde9c9bc6b28ed289c2292f1abf0bbc70b55e253ab663e,gx-no-cache=1519917307644 HTTP/1.1" 200 94
186.103.156.166 - - [01/Mar/2018:12:13:15 -0300] "POST /cormun/servlet/solicitudot?gx-no-cache=1519917151560 HTTP/1.1" 200 3505
186.103.156.166 - - [01/Mar/2018:12:13:15 -0300] "GET /cormun/static/Shared/jqueryui/images/ui-bg_highlight-soft_100_c6c2c8_1x100.png HTTP/1.1" 404 1117
186.103.156.166 - - [01/Mar/2018:12:13:15 -0300] "GET /cormun/static/Shared/jqueryui/images/ui-bg_flat_55_994d53_40x100.png HTTP/1.1" 404 1097
186.103.156.166 - - [01/Mar/2018:12:13:15 -0300] "GET /cormun/static/Shared/jqueryui/images/ui-icons_ebccce_256x240.png HTTP/1.1" 404 1089
186.103.156.166 - - [01/Mar/2018:12:13:15 -0300] "GET /cormun/static/Shared/jqueryui/images/ui-icons_82798d_256x240.png HTTP/1.1" 404 1089
192.168.4.251 - - [01/Mar/2018:12:13:17 -0300] "POST /cormun/servlet/solicitudotlog?03065ae4357bcfeae7165ea90c043be7,INS,2018,9760,0,REC,,gx-no-cache=1519917338109 HTTP/1.1" 200 93
192.168.4.251 - - [01/Mar/2018:12:13:18 -0300] "GET /cormun/servlet/hpexe_return? HTTP/1.1" 200 1024
192.168.4.251 - - [01/Mar/2018:12:13:19 -0300] "GET /cormun/servlet/trsolicitudgral HTTP/1.1" 200 12749
192.168.4.251 - - [01/Mar/2018:12:13:21 -0300] "GET /cormun/servlet/trsolicitudgral HTTP/1.1" 200 12745
186.103.156.166 - - [01/Mar/2018:12:13:21 -0300] "POST /cormun/servlet/solicitudot?gx-no-cache=1519917157895 HTTP/1.1" 200 3293
186.103.156.166 - - [01/Mar/2018:12:13:22 -0300] "POST /cormun/servlet/solicitudot?c594a2226bbae411847008266530c5da,INS,0,0,,gx-no-cache=1519917158407 HTTP/1.1" 200 10445
186.103.156.166 - - [01/Mar/2018:12:13:22 -0300] "GET /cormun/servlet/solicitudot?3867b5dc1d123827450136c583f7d7adbbdd036f1696360baa9f7f2e68eaa5c85de8b34eda7f26c5e1f77f5106891c13,gx-no-cache=1519917159373 HTTP/1.1" 200 111
186.103.157.42 - - [01/Mar/2018:12:13:32 -0300] "GET /cormun/servlet/trautorizarsolicitud? HTTP/1.1" 200 7387
186.103.157.42 - - [01/Mar/2018:12:13:32 -0300] "GET /cormun/static/gxcfg.js?2017111423403364 HTTP/1.1" 200 953
186.103.157.42 - - [01/Mar/2018:12:13:32 -0300] "GET /cormun/static/trautorizarsolicitud.js?201711142340425 HTTP/1.1" 304 -
186.103.157.42 - - [01/Mar/2018:12:13:33 -0300] "GET /cormun/servlet/trautorizarsolicitud? HTTP/1.1" 200 7381
186.103.156.166 - - [01/Mar/2018:12:13:36 -0300] "POST /cormun/servlet/solicitudot?gx-no-cache=1519917173094 HTTP/1.1" 200 3505
186.103.156.166 - - [01/Mar/2018:12:13:36 -0300] "GET /cormun/servlet/solicitudot?3867b5dc1d123827450136c583f7d7addc4cd802971ccc7bdea5dbe0a62d69435de8b34eda7f26c5e1f77f5106891c13,gx-no-cache=1519917173527 HTTP/1.1" 200 30
200.120.230.197 - - [01/Mar/2018:12:13:38 -0300] "GET /cormun/servlet/hlogin HTTP/1.1" 200 1722
186.79.145.55 - - [01/Mar/2018:12:13:38 -0300] "GET /cormun/static/gxcfg.js?20175251213516 HTTP/1.1" 304 -
200.120.230.197 - - [01/Mar/2018:12:13:39 -0300] "GET /cormun/servlet/hlogin HTTP/1.1" 200 1728
192.168.4.251 - - [01/Mar/2018:12:13:44 -0300] "POST /cormun/servlet/trsolicitudgral?03065ae4357bcfeae7165ea90c043be7,gx-no-cache=1519917356900 HTTP/1.1" 200 25544
186.103.157.42 - - [01/Mar/2018:12:13:46 -0300] "GET /cormun/static/menuarrow.gif HTTP/1.1" 404 1015
200.120.230.197 - - [01/Mar/2018:12:13:52 -0300] "POST /cormun/servlet/hlogin?99b0322af3104f32ece65ab7e1ec69c4,gx-no-cache=1519917207388 HTTP/1.1" 200 90
200.120.230.197 - - [01/Mar/2018:12:13:53 -0300] "GET /cormun/servlet/hpexe_link HTTP/1.1" 200 950
200.120.230.197 - - [01/Mar/2018:12:13:54 -0300] "GET /cormun/static/gxcfg.js?20177612121792 HTTP/1.1" 304 -
200.120.230.197 - - [01/Mar/2018:12:13:56 -0300] "GET /cormun/servlet/hhome HTTP/1.1" 200 4225
186.103.157.42 - - [01/Mar/2018:12:13:56 -0300] "POST /cormun/servlet/trautorizarsolicitud?54837dc9ac1f19ca3c0cae97a53237cb,,gx-no-cache=1519916938515 HTTP/1.1" 200 18487
186.79.145.55 - - [01/Mar/2018:12:13:57 -0300] "GET /cormun/static/gxcfg.js?20175251212442 HTTP/1.1" 304 -
200.120.230.197 - - [01/Mar/2018:12:13:58 -0300] "GET /cormun/servlet/hhome HTTP/1.1" 200 4221
200.120.230.197 - - [01/Mar/2018:12:14:07 -0300] "GET /cormun/servlet/trautorizarsolicitud? HTTP/1.1" 200 9138
200.120.230.197 - - [01/Mar/2018:12:14:10 -0300] "GET /cormun/servlet/trautorizarsolicitud? HTTP/1.1" 200 9136
192.168.4.251 - - [01/Mar/2018:12:14:15 -0300] "POST /cormun/servlet/trsolicitudgral?03065ae4357bcfeae7165ea90c043be7,gx-no-cache=1519917394180 HTTP/1.1" 200 17826
186.103.132.155 - - [01/Mar/2018:12:14:18 -0300] "GET /cormun/servlet/veautorizarsolicitud?2018,9784,, HTTP/1.1" 200 8595
186.103.132.155 - - [01/Mar/2018:12:14:18 -0300] "GET /cormun/static/gxcfg.js?2017111423404691 HTTP/1.1" 200 953
186.103.132.155 - - [01/Mar/2018:12:14:19 -0300] "GET /cormun/pexe_scrolldiv.js HTTP/1.1" 404 1009
186.103.161.206 - - [01/Mar/2018:12:14:19 -0300] "GET /cormun/static/Resources/PXToolsTabFirstSelected.png HTTP/1.1" 200 1259
190.151.100.218 - - [01/Mar/2018:12:14:19 -0300] "GET /cormun/static/veautorizarsolicitud.js?2017111423404756 HTTP/1.1" 200 6140
186.67.203.186 - - [01/Mar/2018:12:14:19 -0300] "GET /cormun/static/Resources/PXToolsTabPrevious.gif HTTP/1.1" 200 172
186.103.132.155 - - [01/Mar/2018:12:14:19 -0300] "GET /cormun/static/Resources/PXToolsTabLastUnselected.png HTTP/1.1" 200 1291
186.67.203.186 - - [01/Mar/2018:12:14:20 -0300] "GET /cormun/static/Resources/PXToolsTabNext.gif HTTP/1.1" 200 168
186.67.203.186 - - [01/Mar/2018:12:14:20 -0300] "GET /cormun/static/hwcviewtabs.js?20177611594913 HTTP/1.1" 200 1074
186.103.161.206 - - [01/Mar/2018:12:14:20 -0300] "GET /cormun/static/hpexe_tabsview.js?201610171694228 HTTP/1.1" 200 1661
186.67.203.186 - - [01/Mar/2018:12:14:20 -0300] "GET /cormun/static/tbautorizarsolicitud01.js?2017111423392092 HTTP/1.1" 200 30580
186.103.132.155 - - [01/Mar/2018:12:14:22 -0300] "GET /cormun/static/calendar-system.css HTTP/1.1" 200 5572
190.151.100.218 - - [01/Mar/2018:12:14:22 -0300] "GET /cormun/static/Resources/PXToolsTabBackSelected.png HTTP/1.1" 200 1157
186.67.203.186 - - [01/Mar/2018:12:14:22 -0300] "GET /cormun/static/Resources/PXToolsTabBackUnselected.png HTTP/1.1" 200 1175
186.67.203.186 - - [01/Mar/2018:12:14:22 -0300] "GET /cormun/static/Resources/PXToolsTabUnselectedUnselected.png HTTP/1.1" 200 1459
186.103.161.206 - - [01/Mar/2018:12:14:22 -0300] "GET /cormun/static/Resources/PXToolsTabSelectedUnselected.png HTTP/1.1" 200 1428
186.103.132.155 - - [01/Mar/2018:12:14:23 -0300] "GET /cormun/servlet/veautorizarsolicitud?2018,9784,, HTTP/1.1" 200 8594
192.168.4.251 - - [01/Mar/2018:12:14:40 -0300] "GET /cormun/servlet/hlogin HTTP/1.1" 200 1740
200.120.230.197 - - [01/Mar/2018:12:14:41 -0300] "POST /cormun/servlet/trautorizarsolicitud?99b0322af3104f32ece65ab7e1ec69c4,,gx-no-cache=1519917255132 HTTP/1.1" 200 5792
186.103.157.42 - - [01/Mar/2018:12:14:50 -0300] "GET /cormun/servlet/trautorizarsolicitud? HTTP/1.1" 200 21138
186.103.157.42 - - [01/Mar/2018:12:14:52 -0300] "GET /cormun/servlet/trautorizarsolicitud? HTTP/1.1" 200 21138
200.120.230.197 - - [01/Mar/2018:12:14:53 -0300] "GET /cormun/static/Shared/jqueryui/images/ui-bg_highlight-soft_100_c6c2c8_1x100.png HTTP/1.1" 404 1117
200.120.230.197 - - [01/Mar/2018:12:14:53 -0300] "GET /cormun/static/Shared/jqueryui/images/ui-icons_82798d_256x240.png HTTP/1.1" 404 1089
200.120.230.197 - - [01/Mar/2018:12:14:53 -0300] "GET /cormun/static/Shared/jqueryui/images/ui-bg_flat_55_fafafa_40x100.png HTTP/1.1" 404 1097
200.120.230.197 - - [01/Mar/2018:12:14:54 -0300] "GET /cormun/static/Shared/jqueryui/images/ui-icons_8d78a5_256x240.png HTTP/1.1" 404 1089
186.79.145.55 - - [01/Mar/2018:12:14:55 -0300] "POST /cormun/servlet/trautorizarsolicitud?99b0322af3104f32ece65ab7e1ec69c4,,gx-no-cache=1519917268767 HTTP/1.1" 200 5738
186.79.145.55 - - [01/Mar/2018:12:15:04 -0300] "POST /cormun/servlet/trautorizarsolicitud?99b0322af3104f32ece65ab7e1ec69c4,,gx-no-cache=1519917278655 HTTP/1.1" 200 4605
186.79.145.55 - - [01/Mar/2018:12:15:06 -0300] "POST /cormun/servlet/trautorizarsolicitud?99b0322af3104f32ece65ab7e1ec69c4,,gx-no-cache=1519917280053 HTTP/1.1" 200 4374
192.168.4.251 - - [01/Mar/2018:12:15:15 -0300] "POST /cormun/servlet/hlogin?03065ae4357bcfeae7165ea90c043be7,gx-no-cache=1519917455877 HTTP/1.1" 200 90
192.168.4.251 - - [01/Mar/2018:12:15:15 -0300] "GET /cormun/servlet/hpexe_link HTTP/1.1" 200 952
192.168.4.251 - - [01/Mar/2018:12:15:15 -0300] "GET /cormun/servlet/hhome HTTP/1.1" 200 3794
200.72.197.82 - - [01/Mar/2018:12:15:17 -0300] "GET /cormun/servlet/hlogin HTTP/1.1" 200 1718
192.168.4.251 - - [01/Mar/2018:12:15:17 -0300] "GET /cormun/servlet/hhome HTTP/1.1" 200 3793
186.103.157.42 - - [01/Mar/2018:12:15:17 -0300] "GET /cormun/servlet/trautorizarsolicitud? HTTP/1.1" 200 21138
186.103.157.42 - - [01/Mar/2018:12:15:20 -0300] "GET /cormun/servlet/trautorizarsolicitud? HTTP/1.1" 200 21138
192.168.4.251 - - [01/Mar/2018:12:15:20 -0300] "GET /cormun/servlet/trautorizarot? HTTP/1.1" 200 8122
192.168.4.251 - - [01/Mar/2018:12:15:22 -0300] "GET /cormun/servlet/trautorizarot? HTTP/1.1" 200 8121
192.168.4.251 - - [01/Mar/2018:12:15:25 -0300] "GET /cormun/static/menuarrow.gif HTTP/1.1" 404 1015
192.168.4.251 - - [01/Mar/2018:12:15:31 -0300] "POST /cormun/servlet/trautorizarot?03065ae4357bcfeae7165ea90c043be7,,gx-no-cache=1519917470992 HTTP/1.1" 200 5159
192.168.4.251 - - [01/Mar/2018:12:15:36 -0300] "POST /cormun/servlet/trautorizarot?03065ae4357bcfeae7165ea90c043be7,,gx-no-cache=1519917476545 HTTP/1.1" 200 5171
192.168.4.251 - - [01/Mar/2018:12:15:38 -0300] "GET /cormun/servlet/hlogin HTTP/1.1" 200 1740
186.103.157.42 - - [01/Mar/2018:12:15:44 -0300] "POST /cormun/servlet/trautorizarsolicitud?54837dc9ac1f19ca3c0cae97a53237cb,,gx-no-cache=1519917027345 HTTP/1.1" 500 10
186.103.157.42 - - [01/Mar/2018:12:16:13 -0300] "GET /cormun/servlet/trautorizarsolicitud? HTTP/1.1" 200 21127
186.103.157.42 - - [01/Mar/2018:12:16:15 -0300] "GET /cormun/servlet/trautorizarsolicitud? HTTP/1.1" 200 21138
200.86.171.207 - - [01/Mar/2018:12:16:38 -0300] "GET /cormun/servlet/hlogin HTTP/1.1" 200 1718
200.86.171.207 - - [01/Mar/2018:12:16:39 -0300] "GET /cormun/static/gxcfg.js?20175251213516 HTTP/1.1" 304 -
186.103.157.42 - - [01/Mar/2018:12:16:39 -0300] "POST /cormun/servlet/trautorizarsolicitud?54837dc9ac1f19ca3c0cae97a53237cb,,gx-no-cache=1519917082590 HTTP/1.1" 500 10
186.79.145.55 - - [01/Mar/2018:12:16:41 -0300] "GET /cormun/servlet/trcontratosolicitud? HTTP/1.1" 200 14815
200.120.230.197 - - [01/Mar/2018:12:16:42 -0300] "GET /cormun/static/gxcfg.js?20177612214014 HTTP/1.1" 304 -
186.79.145.55 - - [01/Mar/2018:12:16:44 -0300] "GET /cormun/servlet/trcontratosolicitud? HTTP/1.1" 200 14813
186.103.156.166 - - [01/Mar/2018:12:16:44 -0300] "GET /cormun/servlet/solicitudot?3867b5dc1d123827450136c583f7d7ad457c758b8071cfbce4ea04692092c94137e543c4e27816a7467804c3666aa2b393d8327fbaf7cd888304921f8ed4acf8,gx-no-cache=1519917361199 HTTP/1.1" 200 30
186.103.156.166 - - [01/Mar/2018:12:16:44 -0300] "GET /cormun/servlet/solicitudot?3867b5dc1d123827450136c583f7d7adfe4a0fd70022fb4012727b0b4fa422a4,gx-no-cache=1519917361354 HTTP/1.1" 200 29
186.103.156.166 - - [01/Mar/2018:12:16:44 -0300] "POST /cormun/servlet/solicitudot?gx-no-cache=1519917361501 HTTP/1.1" 200 297
186.103.156.166 - - [01/Mar/2018:12:16:44 -0300] "GET /cormun/servlet/solicitudot?3867b5dc1d123827450136c583f7d7adc37aeb8026792021b5fe46b8444b30c4fe25d1d7649fe52b33747ea35d140991141c4da59183e7aad18c5ed00420b9d2c7996319e267b347d87b867635c9ddeb27da66def5b9d484e593f4033dd8fd63262487a95c782578afe0bb5e1d789c65fe54647f2217a5f31b00e0a57e9773e1144882072149403fa9c418e3b9773bae36fdf4d51355fc9eab614d6b05fb5192baebda140a57a98b0176c085e3a6ad1189064335acc50c3b23653f87581dca6e3d663fbc6f78f083b552f7b02e807e01b3db2c3b01debae060046911a17697d99801d8dd46e69dfb3e691b443ccfc83e4aba553d380655907098466c95f271921f3a25afb2648aefc41d67b5a69c866a84232476c0f22113248256ece84587a1cd46d123aca37503602deb551ab05cc8a8b61fcdb83c08c3fcf27c90c6c482331b8c553609e2be1ac8943f01c6ce79cd93f5319768285338c7e1dc51c346b161c256f053e783ff227d97c454ba0c4859552d5a983622ccbbe07cba3e29529f089de3142679d2e6d68d5f5496d02936a1,gx-no-cache=1519917361642 HTTP/1.1" 200 30
186.103.156.166 - - [01/Mar/2018:12:16:50 -0300] "POST /cormun/servlet/solicitudot?gx-no-cache=1519917366891 HTTP/1.1" 200 30
186.103.156.166 - - [01/Mar/2018:12:17:08 -0300] "POST /cormun/servlet/solicitudot?gx-no-cache=1519917385658 HTTP/1.1" 200 256
186.103.157.42 - - [01/Mar/2018:12:17:11 -0300] "GET /cormun/servlet/hlogin HTTP/1.1" 200 1728
186.103.157.42 - - [01/Mar/2018:12:17:13 -0300] "POST /cormun/servlet/hlogin?54837dc9ac1f19ca3c0cae97a53237cb,gx-no-cache=1519917136359 HTTP/1.1" 200 90
186.103.157.42 - - [01/Mar/2018:12:17:13 -0300] "GET /cormun/servlet/hpexe_link HTTP/1.1" 200 966
186.103.156.166 - - [01/Mar/2018:12:17:13 -0300] "GET /cormun/servlet/solicitudot?3867b5dc1d123827450136c583f7d7adc37aeb8026792021b5fe46b8444b30c4787fcf48256b3f22939cbc2d471fd5d5141c4da59183e7aad18c5ed00420b9d2c7996319e267b347d87b867635c9ddeb27da66def5b9d484e593f4033dd8fd63262487a95c782578afe0bb5e1d789c65fe54647f2217a5f31b00e0a57e9773e1144882072149403fa9c418e3b9773bae36fdf4d51355fc9eab614d6b05fb5192baebda140a57a98b0176c085e3a6ad1189064335acc50c3b23653f87581dca6e3d663fbc6f78f083b552f7b02e807e01b3db2c3b01debae060046911a17697d99801d8dd46e69dfb3e691b443ccfc83e4aba553d380655907098466c95f271921f3a25afb2648aefc41d67b5a69c866a84232476c0f22113248256ece84587a1cd46d123aca37503602deb551ab05cc8a8b61fcdb83c08c3fcf27c90c6c482337bbbc237368bb63bae94d93d0ffe248fb3734342f3558eac420bd4365dc8798edf9740117cf397727a8ee02c2f0c224d87f99d91ecde170c0e14b235eebc67b2,gx-no-cache=1519917390101 HTTP/1.1" 200 30
186.103.156.166 - - [01/Mar/2018:12:17:13 -0300] "POST /cormun/servlet/solicitudot?gx-no-cache=1519917390219 HTTP/1.1" 200 30
186.103.156.166 - - [01/Mar/2018:12:17:13 -0300] "POST /cormun/servlet/solicitudot?gx-no-cache=1519917390334 HTTP/1.1" 200 1333
186.103.156.166 - - [01/Mar/2018:12:17:13 -0300] "POST /cormun/servlet/solicitudot?gx-no-cache=1519917390535 HTTP/1.1" 200 38
200.86.171.207 - - [01/Mar/2018:12:17:26 -0300] "POST /cormun/servlet/hlogin?a5d35f054746089ed59295425fc6d18c,gx-no-cache=1519917440224 HTTP/1.1" 200 90
200.86.171.207 - - [01/Mar/2018:12:17:26 -0300] "GET /cormun/servlet/hpexe_link HTTP/1.1" 200 951
200.86.171.207 - - [01/Mar/2018:12:17:26 -0300] "GET /cormun/static/gxcfg.js?20177612121792 HTTP/1.1" 304 -
200.86.171.207 - - [01/Mar/2018:12:17:26 -0300] "GET /cormun/servlet/hhome HTTP/1.1" 200 4327
200.86.171.207 - - [01/Mar/2018:12:17:27 -0300] "GET /cormun/static/gxcfg.js?20175251212442 HTTP/1.1" 304 -
186.103.159.189 - - [01/Mar/2018:12:17:27 -0300] "POST /cormun/servlet/trvisualizadoreventos?f50826ef9192320aa8e6142229f8fe72,,gx-no-cache=1519920991255 HTTP/1.1" 200 3959
200.86.171.207 - - [01/Mar/2018:12:17:27 -0300] "GET /cormun/servlet/hhome HTTP/1.1" 200 4324
200.86.171.207 - - [01/Mar/2018:12:17:31 -0300] "GET /cormun/servlet/trsolicitudot? HTTP/1.1" 200 7542
200.86.171.207 - - [01/Mar/2018:12:17:31 -0300] "GET /cormun/static/gxcfg.js?2017111422585916 HTTP/1.1" 304 -
200.86.171.207 - - [01/Mar/2018:12:17:32 -0300] "GET /cormun/servlet/trsolicitudot? HTTP/1.1" 200 7540
186.103.157.42 - - [01/Mar/2018:12:17:34 -0300] "GET /cormun/servlet/trautorizarsolicitud HTTP/1.1" 200 21139
186.103.157.42 - - [01/Mar/2018:12:17:37 -0300] "GET /cormun/servlet/trautorizarsolicitud HTTP/1.1" 200 21138
186.103.157.42 - - [01/Mar/2018:12:17:41 -0300] "GET /cormun/servlet/trautorizarsolicitud? HTTP/1.1" 200 21138
186.103.157.42 - - [01/Mar/2018:12:17:43 -0300] "GET /cormun/servlet/trautorizarsolicitud? HTTP/1.1" 200 21138
200.120.230.197 - - [01/Mar/2018:12:17:53 -0300] "POST /cormun/servlet/trcontratosolicitud?99b0322af3104f32ece65ab7e1ec69c4,,gx-no-cache=1519917447028 HTTP/1.1" 200 5531
186.103.157.42 - - [01/Mar/2018:12:17:54 -0300] "POST /cormun/servlet/trautorizarsolicitud?54837dc9ac1f19ca3c0cae97a53237cb,,gx-no-cache=1519917176021 HTTP/1.1" 200 5765
186.103.157.42 - - [01/Mar/2018:12:17:58 -0300] "POST /cormun/servlet/trautorizarsolicitud?54837dc9ac1f19ca3c0cae97a53237cb,,gx-no-cache=1519917181022 HTTP/1.1" 200 5778
186.103.157.42 - - [01/Mar/2018:12:17:58 -0300] "GET /cormun/static/Shared/jqueryui/images/ui-bg_highlight-soft_100_c6c2c8_1x100.png HTTP/1.1" 404 1117
186.103.157.42 - - [01/Mar/2018:12:17:58 -0300] "GET /cormun/static/Shared/jqueryui/images/ui-bg_flat_55_fafafa_40x100.png HTTP/1.1" 404 1097
186.103.157.42 - - [01/Mar/2018:12:17:58 -0300] "GET /cormun/static/Shared/jqueryui/images/ui-icons_8d78a5_256x240.png HTTP/1.1" 404 1089
186.103.157.42 - - [01/Mar/2018:12:17:58 -0300] "GET /cormun/static/Shared/jqueryui/images/ui-icons_82798d_256x240.png HTTP/1.1" 404 1089
186.103.157.42 - - [01/Mar/2018:12:18:02 -0300] "POST /cormun/servlet/trautorizarsolicitud?54837dc9ac1f19ca3c0cae97a53237cb,,gx-no-cache=1519917184497 HTTP/1.1" 200 5778
186.103.157.42 - - [01/Mar/2018:12:18:07 -0300] "POST /cormun/servlet/trautorizarsolicitud?54837dc9ac1f19ca3c0cae97a53237cb,,gx-no-cache=1519917190323 HTTP/1.1" 200 4406
186.103.157.42 - - [01/Mar/2018:12:18:13 -0300] "POST /cormun/servlet/trautorizarsolicitud?54837dc9ac1f19ca3c0cae97a53237cb,,gx-no-cache=1519917196469 HTTP/1.1" 200 5766
186.103.157.42 - - [01/Mar/2018:12:18:17 -0300] "POST /cormun/servlet/trautorizarsolicitud?54837dc9ac1f19ca3c0cae97a53237cb,,gx-no-cache=1519917199788 HTTP/1.1" 200 5777
200.86.171.207 - - [01/Mar/2018:12:18:20 -0300] "GET /cormun/servlet/solicitudot?INS,0,0, HTTP/1.1" 200 13788
200.86.171.207 - - [01/Mar/2018:12:18:20 -0300] "GET /cormun/static/gxcfg.js?201812313224582 HTTP/1.1" 304 -
200.86.171.207 - - [01/Mar/2018:12:18:21 -0300] "GET /cormun/servlet/solicitudot?INS,0,0, HTTP/1.1" 200 13793
186.103.156.166 - - [01/Mar/2018:12:19:14 -0300] "POST /cormun/servlet/solicitudot?gx-no-cache=1519917511496 HTTP/1.1" 200 30
186.103.156.166 - - [01/Mar/2018:12:19:15 -0300] "POST /cormun/servlet/solicitudot?gx-no-cache=1519917511800 HTTP/1.1" 200 1333
186.103.156.166 - - [01/Mar/2018:12:19:15 -0300] "POST /cormun/servlet/solicitudot?gx-no-cache=1519917512073 HTTP/1.1" 200 38
200.86.171.207 - - [01/Mar/2018:12:19:24 -0300] "POST /cormun/servlet/solicitudot?gx-no-cache=1519917557461 HTTP/1.1" 200 3401
200.86.171.207 - - [01/Mar/2018:12:19:24 -0300] "POST /cormun/servlet/solicitudot?a5d35f054746089ed59295425fc6d18c,INS,0,0,,gx-no-cache=1519917558152 HTTP/1.1" 200 10577
200.86.171.207 - - [01/Mar/2018:12:19:31 -0300] "GET /cormun/servlet/solicitudot?722e85370e741408bf1bd7d59725b6072e8973861a47f4deca5cabb4418475da0fa9e03b9d9761124b314e664e7aceee,gx-no-cache=1519917565585 HTTP/1.1" 200 30
200.86.171.207 - - [01/Mar/2018:12:19:31 -0300] "GET /cormun/servlet/solicitudot?722e85370e741408bf1bd7d59725b607d8893983f9fa374f136d73a6e77bcf366f1f12dca87d8fada69a4588d0ae6710,gx-no-cache=1519917565715 HTTP/1.1" 200 103
200.86.171.207 - - [01/Mar/2018:12:19:31 -0300] "GET /cormun/static/Shared/jqueryui/images/ui-bg_highlight-soft_100_c6c2c8_1x100.png HTTP/1.1" 404 1117
200.86.171.207 - - [01/Mar/2018:12:19:31 -0300] "GET /cormun/static/Shared/jqueryui/images/ui-icons_ebccce_256x240.png HTTP/1.1" 404 1089
200.86.171.207 - - [01/Mar/2018:12:19:31 -0300] "GET /cormun/static/Shared/jqueryui/images/ui-bg_flat_55_994d53_40x100.png HTTP/1.1" 404 1097
200.86.171.207 - - [01/Mar/2018:12:19:31 -0300] "GET /cormun/static/Shared/jqueryui/images/ui-icons_82798d_256x240.png HTTP/1.1" 404 1089
200.86.171.207 - - [01/Mar/2018:12:19:31 -0300] "GET /cormun/servlet/solicitudot?722e85370e741408bf1bd7d59725b607e1c9101d614e6a67bd80fd3c6df7c290,gx-no-cache=1519917565839 HTTP/1.1" 200 53
200.86.171.207 - - [01/Mar/2018:12:19:32 -0300] "POST /cormun/servlet/solicitudot?gx-no-cache=1519917566012 HTTP/1.1" 200 297
200.86.171.207 - - [01/Mar/2018:12:19:32 -0300] "GET /cormun/servlet/solicitudot?722e85370e741408bf1bd7d59725b6071c1d37075368337bf87441156529cf7aa903119eb54a2414c95851e1307753ed697135c8abc351024655974f62f1f51ede55beb56b52a91cfed4f71e4261028cce2fb897ed40ea0d35627b4a6b9ce923c6fa20a1fe3c63e8201a3aa00de55c1b84d1f1c6185a92088182529cb722483916774cdecb8f505415c62f45f04179a29f08bd0df8a0ea1281849579f835bfaa148df12dd71a6df410e9a2f777a037d2b1cbd89e376315047a1dcf6e79e4a0ef89ce6ea37f6bdf714835e9385bad14634a416a7fd54dca0f9162c11a13bf43b2cc0d1d1ce5e47e516f1bf19f398b72d6578a41412294abee15f2e04f0ec0c51d260d525080fb7080c36d7731db6585e576b8f705252e01602338c43e8b000aa6d48e2293cae320f274bcc97a475830ea1cc55f725c9440a1a7d1266acae95a275a4e3a4d94b022ff6db0ecc8e2192188790c371fe4c4eeb2ff733470c24877551e68264ca0cf19e7045393466ec573791febf3973efdf1695024dcb5a22872323cbee9f0c74eddaebea2d0f80f717675,gx-no-cache=1519917566121 HTTP/1.1" 200 30
186.103.156.166 - - [01/Mar/2018:12:19:37 -0300] "POST /cormun/servlet/solicitudot?gx-no-cache=1519917534070 HTTP/1.1" 200 30
200.86.171.207 - - [01/Mar/2018:12:19:41 -0300] "POST /cormun/servlet/solicitudot?gx-no-cache=1519917575381 HTTP/1.1" 200 30
186.103.156.166 - - [01/Mar/2018:12:19:48 -0300] "POST /cormun/servlet/solicitudot?gx-no-cache=1519917545060 HTTP/1.1" 200 1333
186.103.156.166 - - [01/Mar/2018:12:19:48 -0300] "POST /cormun/servlet/solicitudot?gx-no-cache=1519917545315 HTTP/1.1" 200 38
186.103.156.166 - - [01/Mar/2018:12:19:48 -0300] "GET /cormun/servlet/solicitudot?3867b5dc1d123827450136c583f7d7ad3c0a8a681174c158ca1c3193600fd30ae7d1f1ee99e5b308c99b3a722fbb4b9b742a852e8ab862522fc670154a07bf745442cf084818e3eb39bd2240a79467e44fa7e8b9a99f35876ad7308183395bd518cf8ba59d47f2dc218c25742cb419b9,gx-no-cache=1519917545413 HTTP/1.1" 200 29
186.103.156.166 - - [01/Mar/2018:12:19:48 -0300] "POST /cormun/servlet/solicitudot?gx-no-cache=1519917545517 HTTP/1.1" 200 1319
186.103.156.166 - - [01/Mar/2018:12:19:48 -0300] "POST /cormun/servlet/solicitudot?gx-no-cache=1519917545706 HTTP/1.1" 200 1215
186.103.156.166 - - [01/Mar/2018:12:19:48 -0300] "GET /cormun/static/menuarrow.gif HTTP/1.1" 404 1015
186.103.156.166 - - [01/Mar/2018:12:19:51 -0300] "POST /cormun/servlet/solicitudot?gx-no-cache=1519917548729 HTTP/1.1" 200 30
186.103.156.166 - - [01/Mar/2018:12:19:52 -0300] "POST /cormun/servlet/solicitudot?gx-no-cache=1519917548876 HTTP/1.1" 200 1333
186.103.156.166 - - [01/Mar/2018:12:19:52 -0300] "POST /cormun/servlet/solicitudot?gx-no-cache=1519917549093 HTTP/1.1" 200 38
186.103.156.166 - - [01/Mar/2018:12:19:52 -0300] "POST /cormun/servlet/solicitudot?gx-no-cache=1519917549211 HTTP/1.1" 200 1319
186.103.156.166 - - [01/Mar/2018:12:19:52 -0300] "POST /cormun/servlet/solicitudot?gx-no-cache=1519917549423 HTTP/1.1" 200 1215
186.103.159.189 - - [01/Mar/2018:12:19:53 -0300] "GET /cormun/servlet/trvisualizadoreventos? HTTP/1.1" 200 6692
186.103.156.166 - - [01/Mar/2018:12:19:55 -0300] "GET /cormun/servlet/solicitudot?3867b5dc1d123827450136c583f7d7ad05755bf7d34caacd1a406326c9a9f0356dd87c159647b9e50f5424abefb609cc,gx-no-cache=1519917552704 HTTP/1.1" 200 30
186.103.159.189 - - [01/Mar/2018:12:19:56 -0300] "GET /cormun/servlet/trvisualizadoreventos? HTTP/1.1" 200 6692
186.103.159.189 - - [01/Mar/2018:12:20:48 -0300] "POST /cormun/servlet/trvisualizadoreventos?f50826ef9192320aa8e6142229f8fe72,,gx-no-cache=1519921192100 HTTP/1.1" 200 3931
186.103.159.189 - - [01/Mar/2018:12:20:55 -0300] "POST /cormun/servlet/trvisualizadoreventos?f50826ef9192320aa8e6142229f8fe72,,gx-no-cache=1519921199243 HTTP/1.1" 200 5163
186.103.157.42 - - [01/Mar/2018:12:21:01 -0300] "GET /cormun/servlet/trfichaempleado? HTTP/1.1" 200 13775
186.103.159.189 - - [01/Mar/2018:12:21:02 -0300] "POST /cormun/servlet/trvisualizadoreventos?f50826ef9192320aa8e6142229f8fe72,,gx-no-cache=1519921206320 HTTP/1.1" 200 5072
200.86.171.207 - - [01/Mar/2018:12:21:03 -0300] "GET /cormun/servlet/solicitudot?722e85370e741408bf1bd7d59725b60783754aab7b9f09a3b88c25f525d8f491c46a836a7d1a11c84bafab3ec5cb6433c3f637a52e9e7bae5c6dc698012f9ffd,gx-no-cache=1519917657156 HTTP/1.1" 200 30
200.86.171.207 - - [01/Mar/2018:12:21:03 -0300] "POST /cormun/servlet/solicitudot?gx-no-cache=1519917657351 HTTP/1.1" 200 297
200.86.171.207 - - [01/Mar/2018:12:21:03 -0300] "GET /cormun/servlet/solicitudot?722e85370e741408bf1bd7d59725b6071c1d37075368337bf87441156529cf7aa903119eb54a2414c95851e1307753ed697135c8abc351024655974f62f1f51ede55beb56b52a91cfed4f71e4261028cce2fb897ed40ea0d35627b4a6b9ce923c6fa20a1fe3c63e8201a3aa00de55c1b84d1f1c6185a92088182529cb722483916774cdecb8f505415c62f45f04179a29f08bd0df8a0ea1281849579f835bfaa148df12dd71a6df410e9a2f777a037d2b1cbd89e376315047a1dcf6e79e4a0ef89ce6ea37f6bdf714835e9385bad14634a416a7fd54dca0f9162c11a13bf43b2cc0d1d1ce5e47e516f1bf19f398b72d6578a41412294abee15f2e04f0ec0c51d260d525080fb7080c36d7731db6585e576b8f705252e01602338c43e8b000aa6d48e2293cae320f274bcc97a475830ea1cc55f725c9440a1a7d1266acae95a275a4e3a4d94b022ff6db0ecc8e2192188790c371fe4c4eeb2ff733470c24877551e68264ca0cf19e7045393466ec573792ce4206754e6c5bdee47fd0d604ff25f3cbee9f0c74eddaebea2d0f80f717675,gx-no-cache=1519917657492 HTTP/1.1" 200 30
200.86.171.207 - - [01/Mar/2018:12:21:03 -0300] "POST /cormun/servlet/solicitudot?gx-no-cache=1519917657585 HTTP/1.1" 200 30
200.86.171.207 - - [01/Mar/2018:12:21:04 -0300] "POST /cormun/servlet/solicitudot?gx-no-cache=1519917657706 HTTP/1.1" 200 1336
200.86.171.207 - - [01/Mar/2018:12:21:04 -0300] "POST /cormun/servlet/solicitudot?gx-no-cache=1519917658298 HTTP/1.1" 200 38
186.103.159.189 - - [01/Mar/2018:12:21:14 -0300] "POST /cormun/servlet/trvisualizadoreventos?f50826ef9192320aa8e6142229f8fe72,,gx-no-cache=1519921218905 HTTP/1.1" 200 4908
200.86.171.207 - - [01/Mar/2018:12:21:18 -0300] "GET /cormun/servlet/solicitudot?722e85370e741408bf1bd7d59725b607a67fd9b9ceb29ecf36a1b3bc3c7806c8fc2f4315395f6e946e8a922df04a82b8a12b0a68a21d697fc012e83549b32ac9a3b345bc8efcec6eb032ee354026edb8cbcc908aa842d3846df644ed0b2664649ed22d5e29be33cf769556aea3b76fc4,gx-no-cache=1519917672274 HTTP/1.1" 200 29
200.86.171.207 - - [01/Mar/2018:12:21:18 -0300] "POST /cormun/servlet/solicitudot?gx-no-cache=1519917672399 HTTP/1.1" 200 1319
200.86.171.207 - - [01/Mar/2018:12:21:18 -0300] "POST /cormun/servlet/solicitudot?gx-no-cache=1519917672656 HTTP/1.1" 200 1218
200.86.171.207 - - [01/Mar/2018:12:21:37 -0300] "GET /cormun/static/menuarrow.gif HTTP/1.1" 404 1015
200.86.171.207 - - [01/Mar/2018:12:21:40 -0300] "GET /cormun/servlet/solicitudot?722e85370e741408bf1bd7d59725b6070583083b34799cedecb338950e104c3b7ebc8f3db1d078a6b96593855a4d09fa,gx-no-cache=1519917694586 HTTP/1.1" 200 30
141.8.143.176 - - [01/Mar/2018:12:21:45 -0300] "GET /docs/config/http.html HTTP/1.1" 200 87975
200.86.171.207 - - [01/Mar/2018:12:21:47 -0300] "POST /cormun/servlet/solicitudot?gx-no-cache=1519917700984 HTTP/1.1" 200 30
186.103.159.189 - - [01/Mar/2018:12:22:12 -0300] "POST /cormun/servlet/trvisualizadoreventos?f50826ef9192320aa8e6142229f8fe72,,gx-no-cache=1519921276217 HTTP/1.1" 200 3933
186.103.159.189 - - [01/Mar/2018:12:22:19 -0300] "POST /cormun/servlet/trvisualizadoreventos?f50826ef9192320aa8e6142229f8fe72,,gx-no-cache=1519921283436 HTTP/1.1" 200 6329
200.86.171.207 - - [01/Mar/2018:12:22:31 -0300] "POST /cormun/servlet/solicitudot?a5d35f054746089ed59295425fc6d18c,INS,0,0,,gx-no-cache=1519917743930 HTTP/1.1" 200 12010
200.86.171.207 - - [01/Mar/2018:12:22:55 -0300] "GET /cormun/servlet/solicitudot?722e85370e741408bf1bd7d59725b6075afa9d4c3acd449a2a216482118356bf0da4329e8b7107462d5a349b86c317d551cc3acfb609c3374333c0e42cd52554,gx-no-cache=1519917769791 HTTP/1.1" 200 30
200.86.171.207 - - [01/Mar/2018:12:22:55 -0300] "POST /cormun/servlet/solicitudot?gx-no-cache=1519917769914 HTTP/1.1" 200 297
200.86.171.207 - - [01/Mar/2018:12:22:56 -0300] "GET /cormun/servlet/solicitudot?722e85370e741408bf1bd7d59725b6071c1d37075368337bf87441156529cf7aa903119eb54a2414c95851e1307753ed697135c8abc351024655974f62f1f51ede55beb56b52a91cfed4f71e4261028cce2fb897ed40ea0d35627b4a6b9ce923c6fa20a1fe3c63e8201a3aa00de55c1b84d1f1c6185a92088182529cb722483916774cdecb8f505415c62f45f04179a29f08bd0df8a0ea1281849579f835bfaa148df12dd71a6df410e9a2f777a037d2b1cbd89e376315047a1dcf6e79e4a0ef89ce6ea37f6bdf714835e9385bad14634a416a7fd54dca0f9162c11a13bf43b2cc0d1d1ce5e47e516f1bf19f398b72d6578a41412294abee15f2e04f0ec0c51d260d525080fb7080c36d7731db6585e576b8f705252e01602338c43e8b000aa6d48e2293cae320f274bcc97a475830ea1cc55f725c9440a1a7d1266acae95a275a4e3a4d94b022ff6db0ecc8e2192188790c371fe4c4eeb2ff733470c24877551e68264ca0cf19e7045393466ec573792ce4206754e6c5bdee47fd0d604ff25f3cbee9f0c74eddaebea2d0f80f717675,gx-no-cache=1519917770036 HTTP/1.1" 200 30
200.86.171.207 - - [01/Mar/2018:12:22:56 -0300] "POST /cormun/servlet/solicitudot?gx-no-cache=1519917770136 HTTP/1.1" 200 30
200.86.171.207 - - [01/Mar/2018:12:22:56 -0300] "POST /cormun/servlet/solicitudot?gx-no-cache=1519917770262 HTTP/1.1" 200 1336
200.86.171.207 - - [01/Mar/2018:12:22:56 -0300] "POST /cormun/servlet/solicitudot?gx-no-cache=1519917770454 HTTP/1.1" 200 41
200.86.171.207 - - [01/Mar/2018:12:22:57 -0300] "POST /cormun/servlet/solicitudot?gx-no-cache=1519917770560 HTTP/1.1" 200 1319
200.86.171.207 - - [01/Mar/2018:12:22:57 -0300] "POST /cormun/servlet/solicitudot?gx-no-cache=1519917771058 HTTP/1.1" 200 1218
200.86.171.207 - - [01/Mar/2018:12:22:57 -0300] "GET /cormun/servlet/solicitudot?722e85370e741408bf1bd7d59725b6070583083b34799cedecb338950e104c3b7ebc8f3db1d078a6b96593855a4d09fa,gx-no-cache=1519917771208 HTTP/1.1" 200 30
200.86.171.207 - - [01/Mar/2018:12:22:57 -0300] "POST /cormun/servlet/solicitudot?gx-no-cache=1519917771305 HTTP/1.1" 200 30
200.86.171.207 - - [01/Mar/2018:12:22:58 -0300] "POST /cormun/servlet/solicitudot?a5d35f054746089ed59295425fc6d18c,INS,0,0,,gx-no-cache=1519917771413 HTTP/1.1" 200 12066
186.103.159.44 - - [01/Mar/2018:12:23:00 -0300] "GET /cormun/servlet/trlicencias? HTTP/1.1" 200 6106
186.103.159.44 - - [01/Mar/2018:12:23:00 -0300] "GET /cormun/static/gxcfg.js?20176272054169 HTTP/1.1" 200 953
186.103.159.44 - - [01/Mar/2018:12:23:00 -0300] "GET /cormun/static/trlicencias.js?20176272054837 HTTP/1.1" 200 41883
186.103.159.44 - - [01/Mar/2018:12:23:00 -0300] "GET /cormun/static/Resources/Spanish/PXTools.css?17315867 HTTP/1.1" 200 89042
186.103.159.44 - - [01/Mar/2018:12:23:01 -0300] "GET /cormun/servlet/hlogin HTTP/1.1" 200 1740
186.103.159.44 - - [01/Mar/2018:12:23:26 -0300] "POST /cormun/servlet/hlogin?8fd2cc9f6a48b31ea340aca6ea91affe,gx-no-cache=1519917758880 HTTP/1.1" 200 90
186.103.159.44 - - [01/Mar/2018:12:23:26 -0300] "GET /cormun/servlet/hpexe_link HTTP/1.1" 200 953
186.103.159.44 - - [01/Mar/2018:12:23:27 -0300] "GET /cormun/servlet/hhome HTTP/1.1" 200 3960
186.103.159.44 - - [01/Mar/2018:12:23:36 -0300] "GET /cormun/servlet/trlicencias? HTTP/1.1" 200 8847
186.103.159.44 - - [01/Mar/2018:12:23:37 -0300] "GET /cormun//static/Resources/PXToolsGridDisplay.png HTTP/1.1" 200 362
186.103.159.44 - - [01/Mar/2018:12:23:37 -0300] "GET /cormun//static/Resources/PXToolsHeaderFavorites.png HTTP/1.1" 200 2744
186.103.159.44 - - [01/Mar/2018:12:23:37 -0300] "GET /cormun//static/Resources/PXToolsHeaderHelp.png HTTP/1.1" 200 4055
186.103.159.44 - - [01/Mar/2018:12:23:37 -0300] "GET /cormun//static/Resources/PXToolsActionPrint.png HTTP/1.1" 200 3317
186.103.156.166 - - [01/Mar/2018:12:23:47 -0300] "POST /cormun/servlet/solicitudot?gx-no-cache=1519917784377 HTTP/1.1" 200 30
186.103.156.166 - - [01/Mar/2018:12:23:48 -0300] "POST /cormun/servlet/solicitudot?c594a2226bbae411847008266530c5da,INS,0,0,,gx-no-cache=1519917784562 HTTP/1.1" 200 11974
200.120.230.197 - - [01/Mar/2018:12:23:58 -0300] "GET /cormun/servlet/trautorizarsolicitud? HTTP/1.1" 200 7333
200.120.230.197 - - [01/Mar/2018:12:24:00 -0300] "GET /cormun/servlet/trautorizarsolicitud? HTTP/1.1" 200 7332
186.103.159.44 - - [01/Mar/2018:12:24:17 -0300] "GET /cormun/servlet/licenciaspermisos?INS,0,,, HTTP/1.1" 200 7488
186.103.159.44 - - [01/Mar/2018:12:24:17 -0300] "GET /cormun/static/gxcfg.js?201762917281167 HTTP/1.1" 200 953
186.103.159.44 - - [01/Mar/2018:12:24:17 -0300] "GET /cormun/static/licenciaspermisos.js?201762917281260 HTTP/1.1" 200 37491
186.103.159.44 - - [01/Mar/2018:12:25:20 -0300] "GET /cormun/servlet/licenciaspermisos?089a4d0c06619cd10e9bb0fa4363ec9d27345d0ce0da4db165fc109da74a28a9389d2228cbbbfe2ae45f2d0a16fc1b1d,gx-no-cache=1519917872945 HTTP/1.1" 200 185
186.103.159.44 - - [01/Mar/2018:12:25:20 -0300] "GET /cormun/static/Shared/jqueryui/images/ui-icons_ebccce_256x240.png HTTP/1.1" 404 1089
186.103.159.44 - - [01/Mar/2018:12:25:20 -0300] "GET /cormun/static/Shared/jqueryui/images/ui-bg_flat_55_994d53_40x100.png HTTP/1.1" 404 1097
186.103.159.44 - - [01/Mar/2018:12:25:20 -0300] "GET /cormun/static/Shared/jqueryui/images/ui-icons_82798d_256x240.png HTTP/1.1" 404 1089
186.103.159.44 - - [01/Mar/2018:12:25:20 -0300] "GET /cormun/static/Shared/jqueryui/images/ui-bg_highlight-soft_100_c6c2c8_1x100.png HTTP/1.1" 404 1117
186.103.159.43 - - [01/Mar/2018:12:28:15 -0300] "GET /cormun/servlet/hlogin HTTP/1.1" 200 1717
186.103.159.43 - - [01/Mar/2018:12:28:18 -0300] "POST /cormun/servlet/hlogin?ad0ad8a13a3b9cb5c7e2ede826f3bff2,gx-no-cache=1519918051934 HTTP/1.1" 200 90
186.103.159.43 - - [01/Mar/2018:12:28:18 -0300] "GET /cormun/servlet/hpexe_link HTTP/1.1" 200 949
186.103.159.44 - - [01/Mar/2018:12:28:18 -0300] "GET /cormun/static/menuarrow.gif HTTP/1.1" 404 1015
186.103.159.43 - - [01/Mar/2018:12:28:18 -0300] "GET /cormun/servlet/hhome HTTP/1.1" 200 3922
186.103.159.43 - - [01/Mar/2018:12:28:19 -0300] "GET /cormun/servlet/hhome HTTP/1.1" 200 3919
186.103.159.43 - - [01/Mar/2018:12:28:25 -0300] "GET /cormun/servlet/trsolicitudot? HTTP/1.1" 200 7132
186.103.159.43 - - [01/Mar/2018:12:28:26 -0300] "GET /cormun/servlet/trsolicitudot? HTTP/1.1" 200 7131
186.103.159.43 - - [01/Mar/2018:12:28:33 -0300] "GET /cormun/servlet/solicitudot?INS,0,0, HTTP/1.1" 200 13380
186.103.159.43 - - [01/Mar/2018:12:28:33 -0300] "GET /cormun/servlet/solicitudot?INS,0,0, HTTP/1.1" 200 13380
186.103.159.43 - - [01/Mar/2018:12:28:34 -0300] "GET /cormun/servlet/solicitudot?INS,0,0, HTTP/1.1" 200 13385
66.249.83.7 - - [01/Mar/2018:12:30:55 -0300] "GET /cormun/servlet/hlogin HTTP/1.1" 200 1714
66.249.83.2 - - [01/Mar/2018:12:30:56 -0300] "GET /cormun/servlet/hlogin?_escaped_fragment_= HTTP/1.1" 200 1723
66.249.83.5 - - [01/Mar/2018:12:30:58 -0300] "GET /favicon.ico HTTP/1.1" 200 21630
93.158.161.6 - - [01/Mar/2018:12:36:27 -0300] "GET /docs/config/context.html HTTP/1.1" 200 90164
186.103.159.189 - - [01/Mar/2018:12:38:49 -0300] "POST /cormun/servlet/trlicencias?824f9ba2a3ed8816ab97434f806ed874,gx-no-cache=1519918682040 HTTP/1.1" 440 972
186.103.159.189 - - [01/Mar/2018:12:38:52 -0300] "GET /cormun/servlet/trlicencias HTTP/1.1" 200 6092
186.103.159.189 - - [01/Mar/2018:12:38:53 -0300] "GET /cormun/servlet/hlogin HTTP/1.1" 200 1731
186.103.159.189 - - [01/Mar/2018:12:38:54 -0300] "GET /cormun/servlet/trlicencias HTTP/1.1" 200 6092
157.55.39.250 - - [01/Mar/2018:12:39:05 -0300] "GET /cormun/static/gxtimezone.js?85251 HTTP/1.1" 200 5781
186.103.159.189 - - [01/Mar/2018:12:39:06 -0300] "POST /cormun/servlet/hlogin?62da3db6146ef05e0fc2bd0cf1adb301,gx-no-cache=1519918698698 HTTP/1.1" 200 90
186.103.159.189 - - [01/Mar/2018:12:39:06 -0300] "GET /cormun/servlet/hpexe_link HTTP/1.1" 200 953
186.103.159.189 - - [01/Mar/2018:12:39:06 -0300] "GET /cormun/servlet/trlicencias HTTP/1.1" 200 8400
186.103.159.189 - - [01/Mar/2018:12:39:08 -0300] "GET /cormun/servlet/trlicencias HTTP/1.1" 200 8399
186.103.159.189 - - [01/Mar/2018:12:39:13 -0300] "POST /cormun/servlet/trlicencias?62da3db6146ef05e0fc2bd0cf1adb301,gx-no-cache=1519918705527 HTTP/1.1" 200 5580
186.103.159.189 - - [01/Mar/2018:12:39:13 -0300] "GET /cormun/static/Shared/jqueryui/images/ui-bg_highlight-soft_100_c6c2c8_1x100.png HTTP/1.1" 404 1117
186.103.159.189 - - [01/Mar/2018:12:39:13 -0300] "GET /cormun/static/Shared/jqueryui/images/ui-icons_82798d_256x240.png HTTP/1.1" 404 1089
186.103.159.189 - - [01/Mar/2018:12:39:13 -0300] "GET /cormun/static/Shared/jqueryui/images/ui-bg_flat_55_fafafa_40x100.png HTTP/1.1" 404 1097
186.103.159.189 - - [01/Mar/2018:12:39:13 -0300] "GET /cormun/static/Shared/jqueryui/images/ui-icons_8d78a5_256x240.png HTTP/1.1" 404 1089
186.103.159.189 - - [01/Mar/2018:12:39:19 -0300] "POST /cormun/servlet/trlicencias?62da3db6146ef05e0fc2bd0cf1adb301,gx-no-cache=1519918711187 HTTP/1.1" 200 5541
186.103.159.189 - - [01/Mar/2018:12:39:24 -0300] "POST /cormun/servlet/trlicencias?62da3db6146ef05e0fc2bd0cf1adb301,gx-no-cache=1519918716139 HTTP/1.1" 200 5542
186.103.159.189 - - [01/Mar/2018:12:39:33 -0300] "GET /cormun/servlet/trvisualizadoreventos? HTTP/1.1" 200 6683
186.103.159.189 - - [01/Mar/2018:12:39:33 -0300] "GET /cormun/static/gxcfg.js?20175251251426 HTTP/1.1" 304 -
186.103.159.189 - - [01/Mar/2018:12:39:35 -0300] "GET /cormun/servlet/trvisualizadoreventos? HTTP/1.1" 200 6684
186.103.159.189 - - [01/Mar/2018:12:39:37 -0300] "GET /cormun/static/menuarrow.gif HTTP/1.1" 404 1015
186.103.159.189 - - [01/Mar/2018:12:40:31 -0300] "POST /cormun/servlet/trvisualizadoreventos?62da3db6146ef05e0fc2bd0cf1adb301,,gx-no-cache=1519918783471 HTTP/1.1" 200 5100
186.103.159.44 - - [01/Mar/2018:12:41:12 -0300] "GET /cormun/servlet/licenciaspermisos?089a4d0c06619cd10e9bb0fa4363ec9d3c63121df9cc4d3cc83370e59529e5cc845a824260fddb722cc4fa6f8f05affe56123d62cf92b74ef6884c42ea90e2774811e9e4bf34666c29d2da3f95045f34fcc5c2f87d50331ccad23eb1f9a7627c88c1259bbdb2b8e8ca8d025b7163c6ffec4900403152412c12a6252494eae20d2eb095635b84895da918c66e92762451899f9ca468bceb7f3559a787d48ff79ea28cc75ee90a14490d1d586e99896324477b3c5b92274a13ef8ff656c0a07a9aa859b87b37ce0383c322d2ba737c89affbda9450da56eafac82ce1d297b6aa2e,gx-no-cache=1519918824780 HTTP/1.1" 200 30
186.103.159.44 - - [01/Mar/2018:12:41:13 -0300] "GET /cormun/servlet/licenciaspermisos?089a4d0c06619cd10e9bb0fa4363ec9dc182b9504ca5fe93be632b2b3b3ee0de54a19b78c1a3c393ddb53af3508fe0359665ee691d462fdf75c1cfd6a20a6573d68be084d575b376d116297acfee6779b1469055389c55c5c85383a00b7801b113d8858211657fe421ec03f93dd1d54fd899fb267ed5f5b7b9569cd9ab767f93b6c29ba9bd0dda6049229ac55852b87dc66b77db3d7da18eead123709849eefaf5c9126ba11571d02e9b645bdf8c6c63651cc4b95c6e0992268c15be5ea88f3302b41306a5d935fa99b7ba3e768457068480478134e842973d7b082b3286bfdd,gx-no-cache=1519918825207 HTTP/1.1" 200 29
186.103.159.44 - - [01/Mar/2018:12:41:13 -0300] "POST /cormun/servlet/licenciaspermisos?8fd2cc9f6a48b31ea340aca6ea91affe,INS,0,,,,gx-no-cache=1519918825646 HTTP/1.1" 200 4880
186.103.159.44 - - [01/Mar/2018:12:41:32 -0300] "GET /cormun/servlet/licenciaspermisos?089a4d0c06619cd10e9bb0fa4363ec9d71546f468e84541cd176db69ab6c02bbf6933d1e59367e7edf306208a1180c4b3c24ecd7a6a9ee2b32aea3325185c07b8ad02aa81bfb7af0b8b3a55cef770a16,gx-no-cache=1519918844617 HTTP/1.1" 200 82
186.103.159.44 - - [01/Mar/2018:12:41:32 -0300] "POST /cormun/servlet/licenciaspermisos?8fd2cc9f6a48b31ea340aca6ea91affe,INS,0,,,,gx-no-cache=1519918844719 HTTP/1.1" 200 4753
186.103.159.44 - - [01/Mar/2018:12:41:53 -0300] "GET /cormun/servlet/licenciaspermisos?089a4d0c06619cd10e9bb0fa4363ec9d3c63121df9cc4d3cc83370e59529e5cc845a824260fddb722cc4fa6f8f05affe56123d62cf92b74ef6884c42ea90e2774811e9e4bf34666c29d2da3f95045f34fcc5c2f87d50331ccad23eb1f9a7627c88c1259bbdb2b8e8ca8d025b7163c6ffec4900403152412c12a6252494eae20d2eb095635b84895da918c66e92762451899f9ca468bceb7f3559a787d48ff79ea28cc75ee90a14490d1d586e99896324477b3c5b92274a13ef8ff656c0a07a9aa859b87b37ce0383c322d2ba737c89afa046e8288da6318af8e629adbf3535ee,gx-no-cache=1519918848157 HTTP/1.1" 200 30
186.103.159.44 - - [01/Mar/2018:12:41:53 -0300] "GET /cormun/servlet/licenciaspermisos?089a4d0c06619cd10e9bb0fa4363ec9dc182b9504ca5fe93be632b2b3b3ee0de54a19b78c1a3c393ddb53af3508fe0359665ee691d462fdf75c1cfd6a20a6573d68be084d575b376d116297acfee6779b1469055389c55c5c85383a00b7801b113d8858211657fe421ec03f93dd1d54fd899fb267ed5f5b7b9569cd9ab767f93b6c29ba9bd0dda6049229ac55852b87dc66b77db3d7da18eead123709849eefaf5c9126ba11571d02e9b645bdf8c6c63651cc4b95c6e0992268c15be5ea88f3302b41306a5d935fa99b7ba3e76845706ef3685f7c3c149e0215bb5a1154f5fe5,gx-no-cache=1519918865818 HTTP/1.1" 200 29
186.103.159.44 - - [01/Mar/2018:12:41:54 -0300] "POST /cormun/servlet/licenciaspermisos?8fd2cc9f6a48b31ea340aca6ea91affe,INS,0,,,,gx-no-cache=1519918866289 HTTP/1.1" 200 93
186.103.159.44 - - [01/Mar/2018:12:41:54 -0300] "GET /cormun/servlet/hpexe_return? HTTP/1.1" 200 1015
186.103.159.44 - - [01/Mar/2018:12:41:55 -0300] "GET /cormun/servlet/trlicencias HTTP/1.1" 200 9281
186.103.159.44 - - [01/Mar/2018:12:42:01 -0300] "GET /cormun/servlet/trlicenciaspermisosadjuntos?20086578,20180301000000,L, HTTP/1.1" 200 6297
186.103.159.44 - - [01/Mar/2018:12:42:01 -0300] "GET /cormun/static/gxcfg.js?20177612163414 HTTP/1.1" 200 953
186.103.159.44 - - [01/Mar/2018:12:42:01 -0300] "GET /cormun/static/trlicenciaspermisosadjuntos.js?20177612163719 HTTP/1.1" 200 21036
186.103.159.44 - - [01/Mar/2018:12:42:10 -0300] "GET /cormun/servlet/licenciaspermisosadjuntos?INS,20086578,L,20180301000000,, HTTP/1.1" 200 5594
186.103.159.44 - - [01/Mar/2018:12:42:10 -0300] "GET /cormun/static/gxcfg.js?2017761263592 HTTP/1.1" 200 953
186.103.159.44 - - [01/Mar/2018:12:42:10 -0300] "GET /cormun/static/licenciaspermisosadjuntos.js?201776126362 HTTP/1.1" 200 8760
186.103.159.44 - - [01/Mar/2018:12:42:10 -0300] "HEAD /cormun/static/about:blank HTTP/1.1" 404 -
186.103.159.44 - - [01/Mar/2018:12:42:29 -0300] "POST /cormun/servlet/licenciaspermisosadjuntos?8fd2cc9f6a48b31ea340aca6ea91affe,INS,20086578,L,20180301000000,, HTTP/1.1" 200 116
186.103.159.44 - - [01/Mar/2018:12:42:29 -0300] "GET /cormun/servlet/hpexe_return? HTTP/1.1" 200 1044
186.103.159.44 - - [01/Mar/2018:12:42:30 -0300] "GET /cormun/servlet/trlicenciaspermisosadjuntos?20086578,20180301000000,L, HTTP/1.1" 200 6802
186.103.159.44 - - [01/Mar/2018:12:42:32 -0300] "GET /cormun/PublicTempStorage/licencia__medica_ruth_fuentes9601166.pdf HTTP/1.1" 200 1056808
186.103.159.44 - - [01/Mar/2018:12:42:33 -0300] "GET /cormun/PublicTempStorage/licencia__medica_ruth_fuentes9601166.pdf HTTP/1.1" 200 1056808
186.103.159.44 - - [01/Mar/2018:12:42:36 -0300] "GET /cormun/servlet/trlicencias? HTTP/1.1" 200 9276
186.103.159.44 - - [01/Mar/2018:12:42:40 -0300] "GET /cormun/servlet/alicenciaprn?20086578,L,20180301000000,PU HTTP/1.1" 200 1547
186.103.159.44 - - [01/Mar/2018:12:42:53 -0300] "POST /cormun/servlet/trlicencias?8fd2cc9f6a48b31ea340aca6ea91affe,,gx-no-cache=1519918924957 HTTP/1.1" 200 6587
186.103.159.44 - - [01/Mar/2018:12:42:53 -0300] "GET /cormun/static/Shared/jqueryui/images/ui-bg_flat_55_fafafa_40x100.png HTTP/1.1" 404 1097
186.103.159.44 - - [01/Mar/2018:12:42:54 -0300] "GET /cormun/static/Shared/jqueryui/images/ui-icons_82798d_256x240.png HTTP/1.1" 404 1089
186.103.159.44 - - [01/Mar/2018:12:42:54 -0300] "GET /cormun/static/Shared/jqueryui/images/ui-icons_8d78a5_256x240.png HTTP/1.1" 404 1089
186.103.159.44 - - [01/Mar/2018:12:42:54 -0300] "GET /cormun/static/Shared/jqueryui/images/ui-bg_highlight-soft_100_c6c2c8_1x100.png HTTP/1.1" 404 1117
93.158.161.6 - - [01/Mar/2018:12:44:49 -0300] "GET /docs/funcspecs/fs-memory-realm.html HTTP/1.1" 200 18196
186.103.132.155 - - [01/Mar/2018:12:46:06 -0300] "GET /cormun/servlet/hlogin HTTP/1.1" 200 1731
186.103.132.155 - - [01/Mar/2018:12:46:08 -0300] "POST /cormun/servlet/hlogin?271c0219f085d337fae6d194e61a6672,gx-no-cache=1519919120192 HTTP/1.1" 200 443
186.103.159.43 - - [01/Mar/2018:12:47:51 -0300] "POST /cormun/servlet/solicitudot?gx-no-cache=1519919224791 HTTP/1.1" 200 3417
186.103.159.43 - - [01/Mar/2018:12:47:51 -0300] "POST /cormun/servlet/solicitudot?ad0ad8a13a3b9cb5c7e2ede826f3bff2,INS,0,0,,gx-no-cache=1519919225322 HTTP/1.1" 200 10359
186.103.159.43 - - [01/Mar/2018:12:48:03 -0300] "GET /cormun/servlet/solicitudot?80afd4449a0ee8324665d3b7e178fde5e726d7212ce92dc791b361994e372290a4928ad2b7742c0c1c2b5bd3e2afb114,gx-no-cache=1519919237895 HTTP/1.1" 200 30
186.103.159.43 - - [01/Mar/2018:12:48:03 -0300] "GET /cormun/servlet/solicitudot?80afd4449a0ee8324665d3b7e178fde5244770caef547a053fad30421a11d44f49de02af48c3dd7bf07000cc35a320a90f1a13d6e692c3a11af691d654507024,gx-no-cache=1519919237969 HTTP/1.1" 200 30
186.103.159.43 - - [01/Mar/2018:12:48:03 -0300] "GET /cormun/servlet/solicitudot?80afd4449a0ee8324665d3b7e178fde53be55cb285a7cfc0d52ddca9f5387853,gx-no-cache=1519919238040 HTTP/1.1" 200 51
186.103.159.43 - - [01/Mar/2018:12:48:04 -0300] "POST /cormun/servlet/solicitudot?gx-no-cache=1519919238117 HTTP/1.1" 200 240
186.103.159.43 - - [01/Mar/2018:12:48:04 -0300] "GET /cormun/servlet/solicitudot?80afd4449a0ee8324665d3b7e178fde549ccdb1caf7d489f920ce4da6e71ff14f0da1771120b4a85c8ca18c5c66fdc0ce000ccacb6500c49a46b534dba4d5dd965cd75565d7dac82120d487ce2b50830f02974abb5c900b152d279c0615eae36bbfe2178f27ef991bbd55c4db7e7cea4333113ca260d5d347e840caa94865baa83572425c9c4d68b90ca1f350e1dac8db451f15cfb440e591ad81efa09f4260a1494c3fbb2b59ed7d40c017501c3079b643acb75e93a90acf5911d25bb9f27d7ffb7f99f99b50dcc0eda21db3052f42a2bdac14ed430b9a777b39101c523250d56121fe80448bb0bfe4f6132849b484ccee89c2f981ceeffe79752eb9e3058460985f8ebde596595ca23776ff529e0ac7b011182c246d7611c17be5ea01ddcd8b2ee3e3b0158c3186e42f2c2d8a123d56dcb7394c1d94c02b83389337b8beea3231661a693c66d32bcf51c5e8b9518bb38fd2bbedc6e4cf200f219cb56d9221753297fc31c0ece2fd7fa45cd22ea12cf46ba7dfeabba661f3f6c7cb8bad74060,gx-no-cache=1519919238212 HTTP/1.1" 200 30
186.103.159.43 - - [01/Mar/2018:12:48:07 -0300] "POST /cormun/servlet/solicitudot?gx-no-cache=1519919241592 HTTP/1.1" 200 30
186.103.159.43 - - [01/Mar/2018:12:48:23 -0300] "POST /cormun/servlet/solicitudot?gx-no-cache=1519919257584 HTTP/1.1" 200 1337
186.103.159.43 - - [01/Mar/2018:12:48:23 -0300] "POST /cormun/servlet/solicitudot?gx-no-cache=1519919257775 HTTP/1.1" 200 38
186.103.159.43 - - [01/Mar/2018:12:49:24 -0300] "GET /cormun/servlet/solicitudot?80afd4449a0ee8324665d3b7e178fde511797c4e40425ec766c5de5ccf658a5cbcea0208379fa5d0a12dbb653da4011173757cb40d1f1134bfa286bcc9566d6b4e0ccad1280095197551ff7536f9e76cf7bf85dc80d2321344a67d59dfabcc71e236ef41adebd342edea80a91f416940,gx-no-cache=1519919318353 HTTP/1.1" 200 29
186.103.159.43 - - [01/Mar/2018:12:49:24 -0300] "POST /cormun/servlet/solicitudot?gx-no-cache=1519919318519 HTTP/1.1" 200 1319
186.103.159.43 - - [01/Mar/2018:12:49:24 -0300] "POST /cormun/servlet/solicitudot?gx-no-cache=1519919318790 HTTP/1.1" 200 1218
186.103.159.43 - - [01/Mar/2018:12:49:37 -0300] "GET /cormun/servlet/solicitudot?80afd4449a0ee8324665d3b7e178fde55bed5ce7c5f629c0c905858d36967526123e6c9db8e476acb7ea77c0266b8998,gx-no-cache=1519919331604 HTTP/1.1" 200 30
186.103.159.43 - - [01/Mar/2018:12:49:48 -0300] "POST /cormun/servlet/solicitudot?gx-no-cache=1519919342215 HTTP/1.1" 200 30
186.103.159.43 - - [01/Mar/2018:12:51:05 -0300] "POST /cormun/servlet/solicitudot?ad0ad8a13a3b9cb5c7e2ede826f3bff2,INS,0,0,,gx-no-cache=1519919419295 HTTP/1.1" 200 93
