190.151.100.218 - - [01/Mar/2018:12:03:48 -0300] "POST /cormun/servlet/solicitudot?gx-no-cache=1519916576654 HTTP/1.1" 200 3424
190.151.100.218 - - [01/Mar/2018:12:03:50 -0300] "POST /cormun/servlet/solicitudot?293a8d5c57d9af96ed2589b9315f7720,INS,0,0,,gx-no-cache=1519916578034 HTTP/1.1" 200 10573
186.103.159.189 - - [01/Mar/2018:12:03:56 -0300] "POST /cormun/servlet/trvisualizadoreventos?f50826ef9192320aa8e6142229f8fe72,,gx-no-cache=1519920181049 HTTP/1.1" 200 5098
186.103.159.189 - - [01/Mar/2018:12:04:26 -0300] "POST /cormun/servlet/trvisualizadoreventos?f50826ef9192320aa8e6142229f8fe72,,gx-no-cache=1519920210029 HTTP/1.1" 200 6200
186.103.159.189 - - [01/Mar/2018:12:04:44 -0300] "POST /cormun/servlet/trvisualizadoreventos?f50826ef9192320aa8e6142229f8fe72,,gx-no-cache=1519920228912 HTTP/1.1" 200 5415
190.151.100.218 - - [01/Mar/2018:12:05:12 -0300] "GET /cormun/static/Resources/resize.gif HTTP/1.1" 200 77
190.151.100.218 - - [01/Mar/2018:12:05:13 -0300] "GET /cormun/servlet/prbanco?,MD,,gxPopupLevel%3D0%3B HTTP/1.1" 200 6625
190.151.100.218 - - [01/Mar/2018:12:05:13 -0300] "GET /cormun/static/gxcfg.js?20181161016094 HTTP/1.1" 200 953
190.151.100.218 - - [01/Mar/2018:12:05:13 -0300] "GET /cormun/static/Resources/PXToolsMenuSearch.png HTTP/1.1" 200 2914
200.111.122.170 - - [01/Mar/2018:12:05:13 -0300] "GET /cormun/static/prbanco.js?2018116101633 HTTP/1.1" 200 10693
200.72.197.82 - - [01/Mar/2018:12:05:13 -0300] "GET /cormun/static/menusearch.js?201610171694467 HTTP/1.1" 200 1424
190.151.100.218 - - [01/Mar/2018:12:05:13 -0300] "GET /cormun/static/hmpwkw011.js?20177612121862 HTTP/1.1" 200 1968
186.67.203.186 - - [01/Mar/2018:12:05:13 -0300] "GET /cormun/static/Resources/PXToolsMenuSearchCancel.png HTTP/1.1" 200 2972
200.111.122.170 - - [01/Mar/2018:12:05:16 -0300] "POST /cormun/servlet/acontrolpreferencessavestate?None,CALCAINO,true HTTP/1.1" 200 35
200.111.122.170 - - [01/Mar/2018:12:05:29 -0300] "GET /cormun/servlet/solicitudot?b81a9549d639882513e97936c47ed37786bf825df3a23dcab6ce96904afca468e40f96789071247aea74477e37667b79,gx-no-cache=1519916678756 HTTP/1.1" 200 30
200.111.122.170 - - [01/Mar/2018:12:05:30 -0300] "GET /cormun/servlet/solicitudot?b81a9549d639882513e97936c47ed377dcf0810a4e9f92d0997d3c0fd32155202490f11cf080fe51ad8d5e22a8e065c1,gx-no-cache=1519916678955 HTTP/1.1" 200 30
186.103.156.166 - - [01/Mar/2018:12:06:13 -0300] "GET /cormun/servlet/solicitudot?INS,0,0, HTTP/1.1" 200 13611
186.103.156.166 - - [01/Mar/2018:12:06:13 -0300] "GET /cormun/static/gxcfg.js?201812313224582 HTTP/1.1" 304 -
186.103.156.166 - - [01/Mar/2018:12:06:14 -0300] "GET /cormun/servlet/solicitudot?INS,0,0, HTTP/1.1" 200 13616
200.111.122.170 - - [01/Mar/2018:12:06:27 -0300] "GET /cormun/servlet/solicitudot?b81a9549d639882513e97936c47ed3773740ede04dbaee6dc3ee3aac0da464f6,gx-no-cache=1519916736268 HTTP/1.1" 200 53
200.111.122.170 - - [01/Mar/2018:12:06:27 -0300] "POST /cormun/servlet/solicitudot?gx-no-cache=1519916736778 HTTP/1.1" 200 240
200.111.122.170 - - [01/Mar/2018:12:06:28 -0300] "GET /cormun/servlet/solicitudot?b81a9549d639882513e97936c47ed377e60952273256782a8313d245127fd8beff32f6c1df79a4cddcc312fdc04b09bdd80c69130cd802a02ff6338eebf08c150788e3ac88b87fb27e2f6eaa65f7647ece71e830ec67ea9410894f3e9e22711f0fb644aef5e45c34f170bfe8392ba3f2171370334d7408e6e04a2e1a4a59ca8e9a2a7a53ff91d0212c031e1eaebb11641ea12d31e08831a0b6e8391f728da2c6ff851cb970e5e54e7d2e6fa57ecad2207af20de00ab9e28b764b01e7d193e6c0cc3d79bf55eb0bf3ff061b70c40c4213ca1ed90c9f4afd58a214589fffe4f81f2787781e2b20a95983664df758f1d70780c5f2385505976e87780bdf7fb1afc910e2b2d882d4dc1efff1ba435e101dd113e3e0f3241e15fe5afd838a98cb3e95fc0f7c31621d7b812735a6ef7c288a330d068a35ffb1a004ec538449b3b2eae825aed4d180f9c45a28017b11e947b2cd5baa407baad274e50e0a5f6f27992a93a44ea1455167b8be0f6a5855140b81cf5b3270b4fbd8bdbc6cd1cd571a43371c,gx-no-cache=1519916737048 HTTP/1.1" 200 30
186.103.156.166 - - [01/Mar/2018:12:06:28 -0300] "POST /cormun/servlet/solicitudot?gx-no-cache=1519916745435 HTTP/1.1" 200 3384
186.103.156.166 - - [01/Mar/2018:12:06:29 -0300] "POST /cormun/servlet/solicitudot?c594a2226bbae411847008266530c5da,INS,0,0,,gx-no-cache=1519916745989 HTTP/1.1" 200 10532
200.111.122.170 - - [01/Mar/2018:12:06:30 -0300] "POST /cormun/servlet/solicitudot?gx-no-cache=1519916739143 HTTP/1.1" 200 30
200.111.191.210 - - [01/Mar/2018:12:06:31 -0300] "GET /cormun/servlet/trsolicitudot? HTTP/1.1" 200 6374
200.111.191.210 - - [01/Mar/2018:12:06:31 -0300] "GET /cormun/static/Resources/Spanish/PXTools.css?1255365 HTTP/1.1" 304 -
200.111.191.210 - - [01/Mar/2018:12:06:31 -0300] "GET /cormun/static/gxcfg.js?2017111422585916 HTTP/1.1" 200 953
200.111.191.210 - - [01/Mar/2018:12:06:31 -0300] "GET /cormun/static/trsolicitudot.js?201711142259839 HTTP/1.1" 304 -
200.111.191.210 - - [01/Mar/2018:12:06:31 -0300] "GET /cormun/servlet/hlogin HTTP/1.1" 200 1731
200.111.191.210 - - [01/Mar/2018:12:06:31 -0300] "GET /cormun/servlet/trsolicitudot? HTTP/1.1" 200 6372
200.111.191.210 - - [01/Mar/2018:12:06:38 -0300] "POST /cormun/servlet/hlogin?8c16a0ab1ab3cf2ff2df62f6f7c9da37,gx-no-cache=1519916750681 HTTP/1.1" 200 90
200.111.191.210 - - [01/Mar/2018:12:06:38 -0300] "GET /cormun/servlet/hpexe_link HTTP/1.1" 200 948
200.111.191.210 - - [01/Mar/2018:12:06:38 -0300] "GET /cormun/servlet/trsolicitudot HTTP/1.1" 200 6981
186.103.156.166 - - [01/Mar/2018:12:06:39 -0300] "GET /cormun/servlet/solicitudot?3867b5dc1d123827450136c583f7d7ad96a7776e43c19c4907230c992b277adfd9bca2356b3d37a59eb114ad2b851e5d,gx-no-cache=1519916756011 HTTP/1.1" 200 30
186.103.156.166 - - [01/Mar/2018:12:06:39 -0300] "GET /cormun/servlet/solicitudot?3867b5dc1d123827450136c583f7d7adac292fe42d19b7a6ccd5fd4ee205e876,gx-no-cache=1519916756142 HTTP/1.1" 200 94
186.103.156.166 - - [01/Mar/2018:12:06:39 -0300] "GET /cormun/static/Shared/jqueryui/images/ui-bg_highlight-soft_100_c6c2c8_1x100.png HTTP/1.1" 404 1117
186.103.156.166 - - [01/Mar/2018:12:06:39 -0300] "GET /cormun/static/Shared/jqueryui/images/ui-bg_flat_55_994d53_40x100.png HTTP/1.1" 404 1097
186.103.156.166 - - [01/Mar/2018:12:06:39 -0300] "GET /cormun/static/Shared/jqueryui/images/ui-icons_82798d_256x240.png HTTP/1.1" 404 1089
186.103.156.166 - - [01/Mar/2018:12:06:39 -0300] "GET /cormun/static/Shared/jqueryui/images/ui-icons_ebccce_256x240.png HTTP/1.1" 404 1089
186.103.156.166 - - [01/Mar/2018:12:06:39 -0300] "GET /cormun/servlet/solicitudot?3867b5dc1d123827450136c583f7d7ad0248bb30c8022c4129576c3f133eb7d4,gx-no-cache=1519916756349 HTTP/1.1" 200 51
200.111.191.210 - - [01/Mar/2018:12:06:39 -0300] "GET /cormun/servlet/trsolicitudot HTTP/1.1" 200 6979
186.103.156.166 - - [01/Mar/2018:12:06:39 -0300] "POST /cormun/servlet/solicitudot?gx-no-cache=1519916756456 HTTP/1.1" 200 255
186.103.156.166 - - [01/Mar/2018:12:06:39 -0300] "GET /cormun/servlet/solicitudot?3867b5dc1d123827450136c583f7d7adc37aeb8026792021b5fe46b8444b30c48813bd12d670c75f24c1dc3ccf42898b141c4da59183e7aad18c5ed00420b9d2c7996319e267b347d87b867635c9ddeb27da66def5b9d484e593f4033dd8fd63262487a95c782578afe0bb5e1d789c65fe54647f2217a5f31b00e0a57e9773e1144882072149403fa9c418e3b9773bae36fdf4d51355fc9eab614d6b05fb5192baebda140a57a98b0176c085e3a6ad1189064335acc50c3b23653f87581dca6e3d663fbc6f78f083b552f7b02e807e01b3db2c3b01debae060046911a17697d99801d8dd46e69dfb3e691b443ccfc83e40c84947c3866d886fd912f8e0733db71f3a25afb2648aefc41d67b5a69c866a73e123f41aab09e6159b47b28c34dc42543f7020745ecbc257976a65abe0ef3189f20d7199f8b2273e77e59504c82885277dd849990ad586f4d6bca14ce6e0d5174da8fb553935919a72fc55b2db41c33e445d96e4c94ddf570ce611737481958530e748e80a9c9938a04ef5cc5284c1,gx-no-cache=1519916756650 HTTP/1.1" 200 30
200.111.191.210 - - [01/Mar/2018:12:06:42 -0300] "GET /cormun/servlet/solicitudot?INS,0,0, HTTP/1.1" 200 13395
200.111.191.210 - - [01/Mar/2018:12:06:42 -0300] "GET /cormun/static/gxcfg.js?201812313224582 HTTP/1.1" 200 953
200.111.191.210 - - [01/Mar/2018:12:06:42 -0300] "GET /cormun/static/solicitudot.js?201812313224831 HTTP/1.1" 200 72336
200.111.191.210 - - [01/Mar/2018:12:06:43 -0300] "GET /cormun/servlet/solicitudot?INS,0,0, HTTP/1.1" 200 13400
186.103.156.166 - - [01/Mar/2018:12:06:44 -0300] "POST /cormun/servlet/solicitudot?gx-no-cache=1519916760869 HTTP/1.1" 200 30
200.111.191.210 - - [01/Mar/2018:12:06:49 -0300] "POST /cormun/servlet/solicitudot?gx-no-cache=1519916761715 HTTP/1.1" 200 3300
186.103.159.189 - - [01/Mar/2018:12:06:49 -0300] "GET /cormun/servlet/hlogin HTTP/1.1" 200 1724
200.111.191.210 - - [01/Mar/2018:12:06:50 -0300] "POST /cormun/servlet/solicitudot?8c16a0ab1ab3cf2ff2df62f6f7c9da37,INS,0,0,,gx-no-cache=1519916762081 HTTP/1.1" 200 10250
186.103.159.189 - - [01/Mar/2018:12:06:50 -0300] "GET /cormun/static/gxtimezone.js?85251 HTTP/1.1" 200 5781
186.103.159.189 - - [01/Mar/2018:12:06:50 -0300] "GET /cormun/static/gxcfg.js?20175251213516 HTTP/1.1" 200 953
186.103.159.189 - - [01/Mar/2018:12:06:50 -0300] "GET /cormun/static/Resources/Spanish/PXTools.css?11423723 HTTP/1.1" 200 89042
186.103.159.189 - - [01/Mar/2018:12:06:50 -0300] "GET /cormun/static/messages.spa.js?85251 HTTP/1.1" 200 30736
186.103.159.189 - - [01/Mar/2018:12:06:50 -0300] "GET /cormun/static/hlogin.js?20175251213537 HTTP/1.1" 200 2136
186.103.159.189 - - [01/Mar/2018:12:06:50 -0300] "GET /cormun/static/Resources/ComunLogin.png HTTP/1.1" 200 17326
186.103.159.189 - - [01/Mar/2018:12:06:50 -0300] "GET /cormun/static/gxgral.js?85251 HTTP/1.1" 200 384558
186.103.159.189 - - [01/Mar/2018:12:06:50 -0300] "GET /cormun/static/Resources/PXToolsLoginTop.png HTTP/1.1" 200 1337
186.103.159.189 - - [01/Mar/2018:12:06:50 -0300] "GET /cormun/static/Resources/PXToolsLoginBackground.png HTTP/1.1" 200 1164
186.103.159.189 - - [01/Mar/2018:12:06:50 -0300] "GET /cormun/static/Resources/PXToolsButtonRight21.png HTTP/1.1" 200 1283
186.103.159.189 - - [01/Mar/2018:12:06:50 -0300] "GET /cormun/static/Resources/PXToolsButtonBackground2.png HTTP/1.1" 200 1181
186.103.159.189 - - [01/Mar/2018:12:06:50 -0300] "GET /cormun/static/Resources/PXToolsLoginBottom.png HTTP/1.1" 200 1389
186.103.159.189 - - [01/Mar/2018:12:06:50 -0300] "GET /cormun/static/Resources/PXToolsButtonLeft21.png HTTP/1.1" 200 1287
186.103.159.189 - - [01/Mar/2018:12:06:51 -0300] "GET /cormun/static/Resources/indicator.gif HTTP/1.1" 200 1553
186.103.159.189 - - [01/Mar/2018:12:06:51 -0300] "GET /cormun/servlet/hlogin HTTP/1.1" 200 1734
186.103.156.166 - - [01/Mar/2018:12:06:51 -0300] "POST /cormun/servlet/solicitudot?gx-no-cache=1519916768295 HTTP/1.1" 200 1337
186.103.156.166 - - [01/Mar/2018:12:06:51 -0300] "POST /cormun/servlet/solicitudot?gx-no-cache=1519916768517 HTTP/1.1" 200 38
186.103.159.189 - - [01/Mar/2018:12:06:52 -0300] "GET /favicon.ico HTTP/1.1" 200 21630
200.111.191.210 - - [01/Mar/2018:12:06:55 -0300] "GET /cormun/servlet/solicitudot?bbac922af7ae9a9fb8eb319b10da6dd8ba472580a3f1a89e8b695e8f72168a28175b4e6d431a0c9231f4388fd8ad4515,gx-no-cache=1519916767500 HTTP/1.1" 200 30
186.103.159.189 - - [01/Mar/2018:12:06:56 -0300] "POST /cormun/servlet/hlogin?6efcf9eb16c15df3edfec0c18c983b3a,gx-no-cache=1519916768903 HTTP/1.1" 200 90
186.103.159.189 - - [01/Mar/2018:12:06:56 -0300] "GET /cormun/servlet/hpexe_link HTTP/1.1" 200 954
186.103.159.189 - - [01/Mar/2018:12:06:56 -0300] "GET /cormun/static/hpexe_link.js?20177612121795 HTTP/1.1" 200 625
186.103.159.189 - - [01/Mar/2018:12:06:56 -0300] "GET /cormun/static/gxcfg.js?20177612121792 HTTP/1.1" 200 953
186.103.159.189 - - [01/Mar/2018:12:06:57 -0300] "GET /cormun/static/Resources/Spanish/PXTools.css?1155365 HTTP/1.1" 200 89042
186.103.159.189 - - [01/Mar/2018:12:06:57 -0300] "GET /cormun/servlet/hhome HTTP/1.1" 200 3966
186.103.159.189 - - [01/Mar/2018:12:06:57 -0300] "GET /cormun/static/Shared/jqueryui/jquery-ui.min.css?1245370 HTTP/1.1" 200 30288
186.103.159.189 - - [01/Mar/2018:12:06:57 -0300] "GET /cormun/static/SmoothNavMenu/resources/ddsmoothmenu.css?1012540 HTTP/1.1" 200 2223
186.103.159.189 - - [01/Mar/2018:12:06:57 -0300] "GET /cormun/static/gxcfg.js?20175251212442 HTTP/1.1" 200 953
186.103.159.189 - - [01/Mar/2018:12:06:57 -0300] "GET /cormun/static/scaMessage/css/jquery.pnotify.default.css?1716380 HTTP/1.1" 200 1707
186.103.159.189 - - [01/Mar/2018:12:06:57 -0300] "GET /cormun/static/SmoothNavMenu/resources/ddsmoothmenu-v.css?1012540 HTTP/1.1" 200 1188
186.103.159.189 - - [01/Mar/2018:12:06:57 -0300] "GET /cormun/static/PXToolsJavascripts/pexe_autoreload.js HTTP/1.1" 200 1762
186.103.159.189 - - [01/Mar/2018:12:06:57 -0300] "GET /cormun/static/PXToolsJavascripts/pexe_cookies.js HTTP/1.1" 200 792
186.103.159.189 - - [01/Mar/2018:12:06:57 -0300] "GET /cormun/static/PXToolsJavascripts/pexe_windows.js HTTP/1.1" 200 15207
186.103.159.189 - - [01/Mar/2018:12:06:57 -0300] "GET /cormun/static/PXToolsJavascripts/pexe_grid.js HTTP/1.1" 200 7559
186.103.159.189 - - [01/Mar/2018:12:06:57 -0300] "GET /cormun/static/PXToolsJavascripts/pexe_griddivfix.js HTTP/1.1" 200 6644
186.103.159.189 - - [01/Mar/2018:12:06:57 -0300] "GET /cormun/static/PXToolsJavascripts/pexe_link.js HTTP/1.1" 200 5671
186.103.159.189 - - [01/Mar/2018:12:06:57 -0300] "GET /cormun/static/PXToolsJavascripts/pexe_menudivfix.js HTTP/1.1" 200 333
186.103.159.189 - - [01/Mar/2018:12:06:57 -0300] "GET /cormun/static/PXToolsJavascripts/pexe_menus.js HTTP/1.1" 200 1286
186.103.159.189 - - [01/Mar/2018:12:06:57 -0300] "GET /cormun/static/PXToolsJavascripts/pexe_layers.js HTTP/1.1" 200 4114
186.103.159.189 - - [01/Mar/2018:12:06:57 -0300] "GET /cormun/static/PXToolsJavascripts/pexe_oav.js HTTP/1.1" 200 645
186.103.159.189 - - [01/Mar/2018:12:06:57 -0300] "GET /cormun/static/PXToolsJavascripts/pexe_oavdivfix.js HTTP/1.1" 200 639
186.103.159.189 - - [01/Mar/2018:12:06:57 -0300] "GET /cormun/static/PXToolsJavascripts/pexe_picture.js HTTP/1.1" 200 689
186.103.159.189 - - [01/Mar/2018:12:06:57 -0300] "GET /cormun/static/PXToolsJavascripts/pexe_popup.js HTTP/1.1" 200 13458
186.103.159.189 - - [01/Mar/2018:12:06:57 -0300] "GET /cormun/static/PXToolsJavascripts/pexe_scrolldiv.js HTTP/1.1" 200 4138
186.103.159.189 - - [01/Mar/2018:12:06:57 -0300] "GET /cormun/static/PXToolsJavascripts/pexe_tabdivfix.js HTTP/1.1" 200 876
186.103.159.189 - - [01/Mar/2018:12:06:57 -0300] "GET /cormun/static/PXToolsJavascripts/pexe_tabs.js HTTP/1.1" 200 3748
186.103.159.189 - - [01/Mar/2018:12:06:57 -0300] "GET /cormun/static/PXToolsJavascripts/pexe_upload.js HTTP/1.1" 200 1423
186.103.159.189 - - [01/Mar/2018:12:06:57 -0300] "GET /cormun/static/PXToolsJavascripts/PXToolsJavascriptsRender.js HTTP/1.1" 200 367
186.103.159.189 - - [01/Mar/2018:12:06:57 -0300] "GET /cormun/static/RunJS/RunJS.js HTTP/1.1" 200 288
186.103.159.189 - - [01/Mar/2018:12:06:57 -0300] "GET /cormun/static/gxui/gxui-all.js HTTP/1.1" 200 107772
186.103.159.189 - - [01/Mar/2018:12:06:57 -0300] "GET /cormun/static/hwchdr01.js?201752511465785 HTTP/1.1" 200 1183
186.103.159.189 - - [01/Mar/2018:12:06:57 -0300] "GET /cormun/static/hhome.js?20175251212450 HTTP/1.1" 200 777
186.103.159.189 - - [01/Mar/2018:12:06:57 -0300] "GET /cormun/static/Shared/ext/locale/ext-lang-en.js HTTP/1.1" 200 10940
186.103.159.189 - - [01/Mar/2018:12:06:57 -0300] "GET /cormun/static/hpexe_recentlink.js?20177611595044 HTTP/1.1" 200 2144
186.103.159.189 - - [01/Mar/2018:12:06:57 -0300] "GET /cormun/static/hpexe_scripts.js?201752511465715 HTTP/1.1" 200 1544
186.103.159.189 - - [01/Mar/2018:12:06:57 -0300] "GET /cormun/static/hpexe_messagecontroller.js?20177611595012 HTTP/1.1" 200 870
186.103.159.189 - - [01/Mar/2018:12:06:57 -0300] "GET /cormun/static/hpexe_messagepopupcomponent.js?20161017169425 HTTP/1.1" 200 605
186.103.159.189 - - [01/Mar/2018:12:06:57 -0300] "GET /cormun/static/hpexe_messagegenexuscomponent.js?201752511465344 HTTP/1.1" 200 587
186.103.159.189 - - [01/Mar/2018:12:06:57 -0300] "GET /cormun/static/cmcontrolpreferences.js?201752511465670 HTTP/1.1" 200 1375
186.103.159.189 - - [01/Mar/2018:12:06:57 -0300] "GET /cormun/static/Resources/PXToolsFooterBackground2.png HTTP/1.1" 200 1172
186.103.159.189 - - [01/Mar/2018:12:06:57 -0300] "GET /cormun/static/Shared/jquery/jquery-1.4.2.min.js HTTP/1.1" 200 72174
186.103.159.189 - - [01/Mar/2018:12:06:57 -0300] "GET /cormun/static/Resources/PXToolsHeaderBackground2.png HTTP/1.1" 200 1174
186.103.159.189 - - [01/Mar/2018:12:06:57 -0300] "GET /cormun/static/Resources/PXToolsDataTitle.png HTTP/1.1" 200 1173
186.103.159.189 - - [01/Mar/2018:12:06:58 -0300] "GET /cormun/static/Resources/PXToolsHeaderLogin.png HTTP/1.1" 200 4279
186.103.159.189 - - [01/Mar/2018:12:06:58 -0300] "GET /cormun/static/Resources/PXToolsHeaderActionsBackground.png HTTP/1.1" 200 484
186.103.159.189 - - [01/Mar/2018:12:06:58 -0300] "GET /cormun/static/Resources/PXToolsHeaderActionsLeft.png HTTP/1.1" 200 1118
186.103.159.189 - - [01/Mar/2018:12:06:58 -0300] "GET /cormun/static/Resources/logo4.png HTTP/1.1" 200 6582
186.103.159.189 - - [01/Mar/2018:12:06:58 -0300] "GET /cormun/static/Resources/PXToolsHeaderSecurity.png HTTP/1.1" 200 4166
186.103.159.189 - - [01/Mar/2018:12:06:58 -0300] "GET /cormun/static/Resources/PXToolsHeaderHome.png HTTP/1.1" 200 4147
186.103.159.189 - - [01/Mar/2018:12:06:58 -0300] "GET /cormun/static/Resources/PXToolsHeaderActionsRight.png HTTP/1.1" 200 1201
186.103.159.189 - - [01/Mar/2018:12:06:58 -0300] "GET /cormun/static/SmoothNavMenu/resources/ddsmoothmenu.js HTTP/1.1" 200 12712
186.103.159.189 - - [01/Mar/2018:12:06:58 -0300] "GET /cormun/static/SmoothNavMenu/resources/SmoothNavMenuRender.js HTTP/1.1" 200 5951
186.103.159.189 - - [01/Mar/2018:12:06:58 -0300] "GET /cormun/static/scaMessage/js/jquery.pnotify.min.js HTTP/1.1" 200 13038
186.103.159.189 - - [01/Mar/2018:12:06:58 -0300] "GET /cormun/static/scaMessage/scaMessageRender.js HTTP/1.1" 200 11977
186.103.159.189 - - [01/Mar/2018:12:06:58 -0300] "GET /cormun/static/hmpwkw03.js?20177612122668 HTTP/1.1" 200 3965
186.103.159.189 - - [01/Mar/2018:12:06:58 -0300] "GET /cormun/static/Resources/PXToolsHeaderPreferences.png HTTP/1.1" 200 4189
186.103.159.189 - - [01/Mar/2018:12:06:58 -0300] "GET /cormun/static/Shared/jqueryui/jquery-ui.min.js HTTP/1.1" 200 240427
186.103.159.189 - - [01/Mar/2018:12:06:58 -0300] "GET /cormun/static/Shared/jquery/jquery-1.10.2.min.js HTTP/1.1" 200 273199
186.103.159.189 - - [01/Mar/2018:12:06:59 -0300] "GET /cormun/static/Shared/ext/ext-all.js HTTP/1.1" 200 1289687
186.103.156.166 - - [01/Mar/2018:12:07:00 -0300] "GET /cormun/servlet/solicitudot?3867b5dc1d123827450136c583f7d7ad3c0a8a681174c158ca1c3193600fd30ae7d1f1ee99e5b308c99b3a722fbb4b9bf716d0f4471e7871181e7cf16a54a5c65442cf084818e3eb39bd2240a79467e4ccc6c9a20231a01666b319cb7e867eff7cb1bed3fd8931767d22d2e483db73def0a2f709744992081da437b3774692f46fa23dbae53f588e3ad97f928c3f43cdfe82a5b30665a1794c06916265db4a6f,gx-no-cache=1519916777418 HTTP/1.1" 200 29
186.103.159.189 - - [01/Mar/2018:12:07:00 -0300] "GET /cormun/servlet/hhome HTTP/1.1" 200 3963
186.103.159.189 - - [01/Mar/2018:12:07:01 -0300] "GET /cormun/static/SmoothNavMenu/resources/images/down.gif HTTP/1.1" 200 854
186.103.156.166 - - [01/Mar/2018:12:07:06 -0300] "POST /cormun/servlet/solicitudot?gx-no-cache=1519916782922 HTTP/1.1" 200 1319
186.103.156.166 - - [01/Mar/2018:12:07:06 -0300] "POST /cormun/servlet/solicitudot?gx-no-cache=1519916783140 HTTP/1.1" 200 1219
186.103.156.166 - - [01/Mar/2018:12:07:06 -0300] "GET /cormun/static/menuarrow.gif HTTP/1.1" 404 1015
186.103.156.166 - - [01/Mar/2018:12:07:08 -0300] "POST /cormun/servlet/solicitudot?gx-no-cache=1519916785430 HTTP/1.1" 200 1319
186.103.156.166 - - [01/Mar/2018:12:07:08 -0300] "POST /cormun/servlet/solicitudot?gx-no-cache=1519916785666 HTTP/1.1" 200 1219
186.103.159.189 - - [01/Mar/2018:12:07:09 -0300] "GET /cormun/servlet/trvisualizadoreventos? HTTP/1.1" 200 6694
186.103.156.166 - - [01/Mar/2018:12:07:09 -0300] "GET /cormun/servlet/solicitudot?3867b5dc1d123827450136c583f7d7ad05755bf7d34caacd1a406326c9a9f035a9b67461d551411f851c0923f97b6c01,gx-no-cache=1519916786206 HTTP/1.1" 200 30
186.103.159.189 - - [01/Mar/2018:12:07:09 -0300] "GET /cormun/static/gxui/gxui-all.css?110300 HTTP/1.1" 200 2179
186.103.159.189 - - [01/Mar/2018:12:07:09 -0300] "GET /cormun/static/calendar-system.css?75620 HTTP/1.1" 200 5572
186.103.159.189 - - [01/Mar/2018:12:07:09 -0300] "GET /cormun/static/gxcfg.js?20175251251426 HTTP/1.1" 200 953
186.103.159.189 - - [01/Mar/2018:12:07:09 -0300] "GET /cormun/static/calendar.js?85251 HTTP/1.1" 200 26246
186.103.159.189 - - [01/Mar/2018:12:07:09 -0300] "GET /cormun/static/calendar-setup.js?85251 HTTP/1.1" 200 2588
186.103.156.166 - - [01/Mar/2018:12:07:09 -0300] "POST /cormun/servlet/solicitudot?gx-no-cache=1519916786315 HTTP/1.1" 200 30
186.103.159.189 - - [01/Mar/2018:12:07:09 -0300] "GET /cormun/static/calendar-es.js?85251 HTTP/1.1" 200 1901
186.103.159.189 - - [01/Mar/2018:12:07:09 -0300] "GET /cormun/static/gxdec.js?85251 HTTP/1.1" 200 19579
186.103.159.189 - - [01/Mar/2018:12:07:09 -0300] "GET /cormun/static/trvisualizadoreventos.js?20175251251768 HTTP/1.1" 200 19318
186.103.159.189 - - [01/Mar/2018:12:07:09 -0300] "GET /cormun/static/Resources/PXTools/calendar.png HTTP/1.1" 200 1306
186.103.159.189 - - [01/Mar/2018:12:07:09 -0300] "GET /cormun/static/Resources/PXToolsDataSearch.png HTTP/1.1" 200 419
186.103.159.189 - - [01/Mar/2018:12:07:09 -0300] "GET /cormun/static/Resources/PXToolsGridFirstDisabled.gif HTTP/1.1" 200 100
186.103.159.189 - - [01/Mar/2018:12:07:09 -0300] "GET /cormun/static/Shared/ext/resources/css/ext-all.css?205870 HTTP/1.1" 200 416045
186.103.159.189 - - [01/Mar/2018:12:07:09 -0300] "GET /cormun/static/Resources/PXToolsGridPreviousDisabled.gif HTTP/1.1" 200 90
186.103.159.189 - - [01/Mar/2018:12:07:09 -0300] "GET /cormun/static/Resources/PXToolsGridNextDisabled.gif HTTP/1.1" 200 90
186.103.159.189 - - [01/Mar/2018:12:07:10 -0300] "GET /cormun/static/Resources/PXToolsGridLastDisabled.gif HTTP/1.1" 200 98
186.103.159.189 - - [01/Mar/2018:12:07:10 -0300] "GET /cormun/static/Resources/PXToolsGridPage.gif HTTP/1.1" 200 725
186.103.159.189 - - [01/Mar/2018:12:07:10 -0300] "GET /cormun/static/Resources/PXToolsActionPrint.png HTTP/1.1" 200 3317
186.103.159.189 - - [01/Mar/2018:12:07:10 -0300] "GET /cormun/static/Resources/PXToolsActionExcel.png HTTP/1.1" 200 3187
186.103.159.189 - - [01/Mar/2018:12:07:11 -0300] "GET /cormun/static/Resources/asc.gif HTTP/1.1" 200 67
186.103.159.189 - - [01/Mar/2018:12:07:11 -0300] "GET /cormun/static/Resources/desc.gif HTTP/1.1" 200 65
186.103.159.189 - - [01/Mar/2018:12:07:11 -0300] "GET /cormun/servlet/trvisualizadoreventos? HTTP/1.1" 200 6693
186.103.159.189 - - [01/Mar/2018:12:07:12 -0300] "GET /cormun/static/Shared/ext/resources/themes/images/default/panel/bg-headersPanel.png HTTP/1.1" 200 255
186.103.159.189 - - [01/Mar/2018:12:07:12 -0300] "GET /cormun/static/Shared/ext/resources/themes/images/default/tools/tool-sprites.gif HTTP/1.1" 200 5434
186.103.156.166 - - [01/Mar/2018:12:07:14 -0300] "GET /cormun/servlet/solicitudot?3867b5dc1d123827450136c583f7d7ad05755bf7d34caacd1a406326c9a9f0356dd87c159647b9e50f5424abefb609cc,gx-no-cache=1519916790977 HTTP/1.1" 200 30
186.103.159.189 - - [01/Mar/2018:12:07:21 -0300] "GET /cormun/static/menuarrow.gif HTTP/1.1" 404 1015
192.168.10.96 - - [01/Mar/2018:12:07:23 -0300] "GET /cormun/servlet/trsolicitudgral? HTTP/1.1" 500 10
192.168.10.96 - - [01/Mar/2018:12:07:26 -0300] "GET /cormun/servlet/hlogin HTTP/1.1" 200 1724
192.168.10.96 - - [01/Mar/2018:12:07:27 -0300] "GET /cormun/servlet/hlogin HTTP/1.1" 200 1724
186.103.159.189 - - [01/Mar/2018:12:07:33 -0300] "POST /cormun/servlet/trvisualizadoreventos?6efcf9eb16c15df3edfec0c18c983b3a,,gx-no-cache=1519916805450 HTTP/1.1" 200 3929
192.168.10.96 - - [01/Mar/2018:12:07:34 -0300] "POST /cormun/servlet/hlogin?6812a2bd46be4c35f7ae9b7b42c857e7,gx-no-cache=1519916695507 HTTP/1.1" 200 90
192.168.10.96 - - [01/Mar/2018:12:07:34 -0300] "GET /cormun/servlet/hpexe_link HTTP/1.1" 200 954
192.168.10.96 - - [01/Mar/2018:12:07:34 -0300] "GET /cormun/servlet/hhome HTTP/1.1" 200 4707
192.168.10.96 - - [01/Mar/2018:12:07:35 -0300] "GET /cormun/servlet/hhome HTTP/1.1" 200 4703
186.103.156.166 - - [01/Mar/2018:12:07:36 -0300] "POST /cormun/servlet/solicitudot?gx-no-cache=1519916813696 HTTP/1.1" 200 30
192.168.10.96 - - [01/Mar/2018:12:07:40 -0300] "GET /cormun/servlet/trsolicitudgral? HTTP/1.1" 200 27590
192.168.10.96 - - [01/Mar/2018:12:07:43 -0300] "GET /cormun/servlet/trsolicitudgral? HTTP/1.1" 200 27589
200.111.191.210 - - [01/Mar/2018:12:07:45 -0300] "GET /cormun/servlet/solicitudot?bbac922af7ae9a9fb8eb319b10da6dd85a1a525c48c2cc9cdc556a5a6f18af29,gx-no-cache=1519916818306 HTTP/1.1" 200 94
200.111.191.210 - - [01/Mar/2018:12:07:45 -0300] "GET /cormun/static/Shared/jqueryui/images/ui-bg_highlight-soft_100_c6c2c8_1x100.png HTTP/1.1" 404 1117
200.111.191.210 - - [01/Mar/2018:12:07:45 -0300] "GET /cormun/static/Shared/jqueryui/images/ui-icons_82798d_256x240.png HTTP/1.1" 404 1089
200.111.191.210 - - [01/Mar/2018:12:07:45 -0300] "GET /cormun/static/Shared/jqueryui/images/ui-bg_flat_55_994d53_40x100.png HTTP/1.1" 404 1097
200.111.191.210 - - [01/Mar/2018:12:07:45 -0300] "GET /cormun/static/Shared/jqueryui/images/ui-icons_ebccce_256x240.png HTTP/1.1" 404 1089
186.103.159.189 - - [01/Mar/2018:12:07:48 -0300] "POST /cormun/servlet/trvisualizadoreventos?6efcf9eb16c15df3edfec0c18c983b3a,,gx-no-cache=1519916819805 HTTP/1.1" 200 6172
192.168.10.96 - - [01/Mar/2018:12:07:54 -0300] "POST /cormun/servlet/trsolicitudgral?6812a2bd46be4c35f7ae9b7b42c857e7,,gx-no-cache=1519916712478 HTTP/1.1" 200 24900
186.103.156.166 - - [01/Mar/2018:12:08:02 -0300] "POST /cormun/servlet/solicitudot?c594a2226bbae411847008266530c5da,INS,0,0,,gx-no-cache=1519916837842 HTTP/1.1" 200 11920
190.151.100.218 - - [01/Mar/2018:12:08:02 -0300] "POST /cormun/servlet/solicitudot?gx-no-cache=1519916830778 HTTP/1.1" 200 1337
190.151.100.218 - - [01/Mar/2018:12:08:02 -0300] "POST /cormun/servlet/solicitudot?gx-no-cache=1519916831628 HTTP/1.1" 200 38
200.111.191.210 - - [01/Mar/2018:12:08:07 -0300] "GET /cormun/servlet/solicitudot?bbac922af7ae9a9fb8eb319b10da6dd82ad6ceea30982b1992cb8cae7629e10814d319e945e85d8ef72cd33183f07edf1c2d8f1930f95f1e7ff6ce8a4f9637d6,gx-no-cache=1519916839800 HTTP/1.1" 200 30
200.111.191.210 - - [01/Mar/2018:12:08:12 -0300] "GET /cormun/servlet/prbanco?,MD,,gxPopupLevel%3D0%3B HTTP/1.1" 200 6583
200.111.191.210 - - [01/Mar/2018:12:08:12 -0300] "GET /cormun/static/gxcfg.js?20181161016094 HTTP/1.1" 200 953
200.111.191.210 - - [01/Mar/2018:12:08:13 -0300] "GET /cormun/static/prbanco.js?2018116101633 HTTP/1.1" 200 10693
200.111.191.210 - - [01/Mar/2018:12:08:13 -0300] "GET /cormun/static/menusearch.js?201610171694467 HTTP/1.1" 304 -
200.111.191.210 - - [01/Mar/2018:12:08:13 -0300] "GET /cormun/static/hmpwkw011.js?20177612121862 HTTP/1.1" 304 -
200.111.191.210 - - [01/Mar/2018:12:08:14 -0300] "POST /cormun/servlet/acontrolpreferencessavestate?None,CA-7,true HTTP/1.1" 200 35
200.111.191.210 - - [01/Mar/2018:12:08:20 -0300] "GET /cormun/servlet/solicitudot?bbac922af7ae9a9fb8eb319b10da6dd8eddaf37ef4d7eb1863e4bacadb40264a,gx-no-cache=1519916852702 HTTP/1.1" 200 53
200.111.122.170 - - [01/Mar/2018:12:08:26 -0300] "GET /cormun/servlet/solicitudot?b81a9549d639882513e97936c47ed377d3d324a69c2d8ebf1076def455123ecdcb2e0164e3d4979ada9612f9a8d5e2f0dcb2b3b4ab45623b2fd757718b188d848099f18611b267c778c11db9ba7ae88b26ec382df1923b2bff5fcd4621268bd0eedf9951824bc8112ad795847c61bf0e12ce5b83668d73018d4202c824f1a5e3708d86ce85adc738d449728c0507ac8acf8528712c164b8ffd306b0530fdcab8,gx-no-cache=1519916855488 HTTP/1.1" 200 29
200.111.122.170 - - [01/Mar/2018:12:08:26 -0300] "POST /cormun/servlet/solicitudot?gx-no-cache=1519916855726 HTTP/1.1" 200 1319
200.111.122.170 - - [01/Mar/2018:12:08:27 -0300] "POST /cormun/servlet/solicitudot?gx-no-cache=1519916856361 HTTP/1.1" 200 1219
200.111.122.170 - - [01/Mar/2018:12:08:27 -0300] "GET /cormun/static/menuarrow.gif HTTP/1.1" 404 1015
200.111.122.170 - - [01/Mar/2018:12:08:30 -0300] "POST /cormun/servlet/solicitudot?gx-no-cache=1519916859466 HTTP/1.1" 200 1319
200.111.122.170 - - [01/Mar/2018:12:08:31 -0300] "POST /cormun/servlet/solicitudot?gx-no-cache=1519916859818 HTTP/1.1" 200 1219
200.111.122.170 - - [01/Mar/2018:12:08:34 -0300] "GET /cormun/servlet/solicitudot?b81a9549d639882513e97936c47ed377fe10871fef60c5b2f7ed93b8473caaf994255b99eb505fc2de671d6bd8d91c01,gx-no-cache=1519916863572 HTTP/1.1" 200 30
200.111.191.210 - - [01/Mar/2018:12:08:36 -0300] "POST /cormun/servlet/solicitudot?gx-no-cache=1519916868578 HTTP/1.1" 200 297
200.111.191.210 - - [01/Mar/2018:12:08:37 -0300] "GET /cormun/servlet/solicitudot?bbac922af7ae9a9fb8eb319b10da6dd8e699984270167e5d4f5ca7e0dbce3c95c47eabfc30c30b2f616b386b2801f0e9bc9d195e86914948639eace661f9ef90c547feecb3d8532fb1742e8e061934bcfd045f6d088fba204de15226be90c9490a2422707d7494ef579100988d9c6fa587f554eceba1da4ec6a9d92b96983d25dfc004a9c08c291ee984bd46201f436ef8375e8d67eaf01dc01fe73cbe7859852a55d71257f7c90cad7719fcbea0d3d7732c6680acf54b930f3250f1ffaa204c262b70d49bb2e1b6e4689a41de9c10938f5806349333eecce52ab6bca3e1d659c975456a0e28931dc0aaa5e7833e104c410aea9933840589586ead475db6753db9dd3d1e7597ca00d27c9f14043802b65cfe9589922ea9bf120405d21eccdaad593376301499ac7c4c06512dfddc7a9f41ed2b01ce6e4acbdaef7279b49936aa4a81d223aaf01bfd73a744ebac1641ad1691e0fe084aac7356497a6ff60566341bc233348d3a56c8c67fb594f1e113011076ec9e17dbe5db6eac0dc702112a890732a94ea2f2044b3e94df611a132d80,gx-no-cache=1519916869588 HTTP/1.1" 200 30
200.111.191.210 - - [01/Mar/2018:12:08:39 -0300] "POST /cormun/servlet/solicitudot?gx-no-cache=1519916872095 HTTP/1.1" 200 30
200.111.191.210 - - [01/Mar/2018:12:08:41 -0300] "POST /cormun/servlet/solicitudot?gx-no-cache=1519916873566 HTTP/1.1" 200 1336
200.111.191.210 - - [01/Mar/2018:12:08:41 -0300] "POST /cormun/servlet/solicitudot?gx-no-cache=1519916873740 HTTP/1.1" 200 38
186.103.159.189 - - [01/Mar/2018:12:08:46 -0300] "POST /cormun/servlet/trvisualizadoreventos?6efcf9eb16c15df3edfec0c18c983b3a,,gx-no-cache=1519916877886 HTTP/1.1" 200 3932
200.111.122.170 - - [01/Mar/2018:12:08:53 -0300] "POST /cormun/servlet/solicitudot?gx-no-cache=1519916882507 HTTP/1.1" 200 30
186.103.159.189 - - [01/Mar/2018:12:09:03 -0300] "POST /cormun/servlet/trvisualizadoreventos?6efcf9eb16c15df3edfec0c18c983b3a,,gx-no-cache=1519916895166 HTTP/1.1" 200 5068
192.168.4.251 - - [01/Mar/2018:12:09:07 -0300] "POST /cormun/servlet/hlogin?77344cdd880ca20b91387d2ee07dcef2,gx-no-cache=1519917088002 HTTP/1.1" 440 972
192.168.4.251 - - [01/Mar/2018:12:09:09 -0300] "GET /cormun/servlet/hlogin HTTP/1.1" 200 1732
186.103.156.166 - - [01/Mar/2018:12:09:11 -0300] "GET /cormun/servlet/solicitudot?3867b5dc1d123827450136c583f7d7ad115b56953bb59806151c918b2b8ab78769dce98a3a4b356c126e4271fa051255d789d07e3a6ef64da9786ece57c3c6f1,gx-no-cache=1519916907965 HTTP/1.1" 200 30
186.103.156.166 - - [01/Mar/2018:12:09:11 -0300] "POST /cormun/servlet/solicitudot?gx-no-cache=1519916908082 HTTP/1.1" 200 254
186.103.156.166 - - [01/Mar/2018:12:09:11 -0300] "GET /cormun/servlet/solicitudot?3867b5dc1d123827450136c583f7d7adc37aeb8026792021b5fe46b8444b30c48813bd12d670c75f24c1dc3ccf42898b141c4da59183e7aad18c5ed00420b9d2c7996319e267b347d87b867635c9ddeb27da66def5b9d484e593f4033dd8fd63262487a95c782578afe0bb5e1d789c65fe54647f2217a5f31b00e0a57e9773e1144882072149403fa9c418e3b9773bae36fdf4d51355fc9eab614d6b05fb5192baebda140a57a98b0176c085e3a6ad1189064335acc50c3b23653f87581dca6e3d663fbc6f78f083b552f7b02e807e01b3db2c3b01debae060046911a17697d99801d8dd46e69dfb3e691b443ccfc83e40c84947c3866d886fd912f8e0733db71f3a25afb2648aefc41d67b5a69c866a73e123f41aab09e6159b47b28c34dc42543f7020745ecbc257976a65abe0ef3189f20d7199f8b2273e77e59504c82885277dd849990ad586f4d6bca14ce6e0d5174da8fb553935919a72fc55b2db41c33e445d96e4c94ddf570ce61173748195185c37258fe2a645552695961bf664ad,gx-no-cache=1519916908210 HTTP/1.1" 200 30
186.103.156.166 - - [01/Mar/2018:12:09:11 -0300] "POST /cormun/servlet/solicitudot?gx-no-cache=1519916908645 HTTP/1.1" 200 30
200.111.191.210 - - [01/Mar/2018:12:09:12 -0300] "GET /cormun/servlet/solicitudot?bbac922af7ae9a9fb8eb319b10da6dd872059102778b445e402e24bfe2bfa2ad2f1d80238868da1e39d6a074b5fd51e06d827abed033c8e61c8a70acd3aa35e1fdd61776152b74b3017ed289d5366d9a943471f61480c5174e18a77f679adacc19a7aefcafdc9c43c5a7f0c228a5e55d,gx-no-cache=1519916904527 HTTP/1.1" 200 29
186.103.156.166 - - [01/Mar/2018:12:09:12 -0300] "POST /cormun/servlet/solicitudot?gx-no-cache=1519916908788 HTTP/1.1" 200 1337
186.103.156.166 - - [01/Mar/2018:12:09:12 -0300] "POST /cormun/servlet/solicitudot?gx-no-cache=1519916909140 HTTP/1.1" 200 41
200.111.191.210 - - [01/Mar/2018:12:09:12 -0300] "POST /cormun/servlet/solicitudot?gx-no-cache=1519916904683 HTTP/1.1" 200 1318
200.111.191.210 - - [01/Mar/2018:12:09:12 -0300] "POST /cormun/servlet/solicitudot?gx-no-cache=1519916904895 HTTP/1.1" 200 1218
186.103.156.166 - - [01/Mar/2018:12:09:12 -0300] "POST /cormun/servlet/solicitudot?gx-no-cache=1519916909261 HTTP/1.1" 200 1319
186.103.156.166 - - [01/Mar/2018:12:09:12 -0300] "POST /cormun/servlet/solicitudot?gx-no-cache=1519916909523 HTTP/1.1" 200 1219
186.103.156.166 - - [01/Mar/2018:12:09:12 -0300] "GET /cormun/servlet/solicitudot?3867b5dc1d123827450136c583f7d7ad05755bf7d34caacd1a406326c9a9f0356dd87c159647b9e50f5424abefb609cc,gx-no-cache=1519916909733 HTTP/1.1" 200 30
186.103.156.166 - - [01/Mar/2018:12:09:13 -0300] "POST /cormun/servlet/solicitudot?gx-no-cache=1519916909832 HTTP/1.1" 200 30
186.103.156.166 - - [01/Mar/2018:12:09:14 -0300] "POST /cormun/servlet/solicitudot?c594a2226bbae411847008266530c5da,INS,0,0,,gx-no-cache=1519916909959 HTTP/1.1" 200 93
186.103.156.166 - - [01/Mar/2018:12:09:14 -0300] "GET /cormun/servlet/hpexe_return? HTTP/1.1" 200 1008
186.103.156.166 - - [01/Mar/2018:12:09:14 -0300] "GET /cormun/static/gxcfg.js?2016101716175148 HTTP/1.1" 304 -
192.168.4.251 - - [01/Mar/2018:12:09:14 -0300] "POST /cormun/servlet/hlogin?03065ae4357bcfeae7165ea90c043be7,gx-no-cache=1519917095207 HTTP/1.1" 200 90
192.168.4.251 - - [01/Mar/2018:12:09:14 -0300] "GET /cormun/servlet/hpexe_link HTTP/1.1" 200 952
186.103.156.166 - - [01/Mar/2018:12:09:15 -0300] "GET /cormun/servlet/trsolicitudot HTTP/1.1" 200 8760
192.168.4.251 - - [01/Mar/2018:12:09:15 -0300] "GET /cormun/servlet/hhome HTTP/1.1" 200 4469
186.103.156.166 - - [01/Mar/2018:12:09:16 -0300] "GET /cormun/servlet/trsolicitudot HTTP/1.1" 200 8756
192.168.4.251 - - [01/Mar/2018:12:09:17 -0300] "GET /cormun/servlet/hhome HTTP/1.1" 200 4465
200.111.191.210 - - [01/Mar/2018:12:09:18 -0300] "GET /cormun/servlet/solicitudot?bbac922af7ae9a9fb8eb319b10da6dd8e6ce9524d0e46db80c96dbcbf4b080b256f823bf199d5581095879659d175216,gx-no-cache=1519916910525 HTTP/1.1" 200 30
200.111.191.210 - - [01/Mar/2018:12:09:22 -0300] "POST /cormun/servlet/solicitudot?gx-no-cache=1519916915036 HTTP/1.1" 200 30
192.168.4.251 - - [01/Mar/2018:12:09:31 -0300] "GET /cormun/servlet/trsolicitudgral? HTTP/1.1" 200 27353
192.168.4.251 - - [01/Mar/2018:12:09:37 -0300] "GET /cormun/servlet/trsolicitudgral? HTTP/1.1" 200 27352
192.168.4.251 - - [01/Mar/2018:12:09:39 -0300] "GET /cormun/static/menuarrow.gif HTTP/1.1" 404 1015
200.111.191.210 - - [01/Mar/2018:12:09:41 -0300] "POST /cormun/servlet/solicitudot?8c16a0ab1ab3cf2ff2df62f6f7c9da37,INS,0,0,,gx-no-cache=1519916933214 HTTP/1.1" 200 93
200.111.191.210 - - [01/Mar/2018:12:09:41 -0300] "GET /cormun/servlet/hpexe_return? HTTP/1.1" 200 999
200.111.191.210 - - [01/Mar/2018:12:09:42 -0300] "GET /cormun/servlet/trsolicitudot HTTP/1.1" 200 8410
200.111.191.210 - - [01/Mar/2018:12:09:42 -0300] "GET /cormun/servlet/trsolicitudot HTTP/1.1" 200 8406
192.168.4.251 - - [01/Mar/2018:12:09:46 -0300] "POST /cormun/servlet/trsolicitudgral?03065ae4357bcfeae7165ea90c043be7,,gx-no-cache=1519917125523 HTTP/1.1" 200 8899
200.111.191.210 - - [01/Mar/2018:12:09:57 -0300] "POST /cormun/servlet/trsolicitudot?8c16a0ab1ab3cf2ff2df62f6f7c9da37,gx-no-cache=1519916949694 HTTP/1.1" 200 4204
200.111.191.210 - - [01/Mar/2018:12:09:57 -0300] "GET /cormun/static/Shared/jqueryui/images/ui-bg_highlight-soft_100_c6c2c8_1x100.png HTTP/1.1" 404 1117
200.111.191.210 - - [01/Mar/2018:12:09:57 -0300] "GET /cormun/static/Shared/jqueryui/images/ui-icons_82798d_256x240.png HTTP/1.1" 404 1089
200.111.191.210 - - [01/Mar/2018:12:09:57 -0300] "GET /cormun/static/Shared/jqueryui/images/ui-bg_flat_55_fafafa_40x100.png HTTP/1.1" 404 1097
200.111.191.210 - - [01/Mar/2018:12:09:57 -0300] "GET /cormun/static/Shared/jqueryui/images/ui-icons_8d78a5_256x240.png HTTP/1.1" 404 1089
200.111.191.210 - - [01/Mar/2018:12:09:58 -0300] "POST /cormun/servlet/trsolicitudot?8c16a0ab1ab3cf2ff2df62f6f7c9da37,gx-no-cache=1519916950337 HTTP/1.1" 200 3978
186.103.159.189 - - [01/Mar/2018:12:09:58 -0300] "POST /cormun/servlet/trvisualizadoreventos?6efcf9eb16c15df3edfec0c18c983b3a,,gx-no-cache=1519916950272 HTTP/1.1" 200 5387
200.111.191.210 - - [01/Mar/2018:12:10:02 -0300] "GET /cormun/servlet/trsolicitudot? HTTP/1.1" 200 6985
200.111.191.210 - - [01/Mar/2018:12:10:03 -0300] "GET /cormun/servlet/trsolicitudot? HTTP/1.1" 200 6985
200.111.191.210 - - [01/Mar/2018:12:10:04 -0300] "GET /cormun/servlet/hlogin HTTP/1.1" 200 1731
192.168.4.251 - - [01/Mar/2018:12:10:06 -0300] "GET /cormun/servlet/solicitudgral?UPD,2018,9760, HTTP/1.1" 200 12926
192.168.4.251 - - [01/Mar/2018:12:10:09 -0300] "GET /cormun/servlet/solicitudgral?UPD,2018,9760, HTTP/1.1" 200 12936
192.168.4.251 - - [01/Mar/2018:12:10:09 -0300] "POST /cormun/servlet/solicitudgral?gx-no-cache=1519917149857 HTTP/1.1" 200 3964
192.168.4.251 - - [01/Mar/2018:12:10:09 -0300] "GET /cormun/static/Shared/jqueryui/images/ui-icons_82798d_256x240.png HTTP/1.1" 404 1089
192.168.4.251 - - [01/Mar/2018:12:10:09 -0300] "GET /cormun/static/Shared/jqueryui/images/ui-bg_highlight-soft_100_c6c2c8_1x100.png HTTP/1.1" 404 1117
192.168.4.251 - - [01/Mar/2018:12:10:09 -0300] "GET /cormun/static/Shared/jqueryui/images/ui-bg_flat_55_994d53_40x100.png HTTP/1.1" 404 1097
192.168.4.251 - - [01/Mar/2018:12:10:09 -0300] "GET /cormun/static/Shared/jqueryui/images/ui-icons_ebccce_256x240.png HTTP/1.1" 404 1089
192.168.4.251 - - [01/Mar/2018:12:10:09 -0300] "GET /cormun/servlet/solicitudgral?7b944b0394d2e0fd5d7c11faab44cfa8ea10244bf9712148df9ff11fc16a068b31e50ed21523b62f07f8bc448b0853b922b6704b59314210c963eb3772e7b939343b9e2f289dc16e67a5c6c1cf778cdc68a6578a085db1a1a233904925b0672e5a63973139bd9e75d54a1ef8a7b879968a163830ec5837731bd43cf70a9b9d01f7fb361ad5bbb0aa200883b2458015b3ee86d424257f232163f9e77de5586de81b4c9da3cc88ed39311e4084bcdcd5e58fbe2efb1e38fb830ffe386d888f8b81027c6567f5dec09e4d06b46e3355d87449742bdf2c4c262c740eea5a5c8817163f8559fd4a380eb2e51976854fd0e56b6253217abea2781f80e9fc35c16fc55284faf215f49fb8cd1c711a44310cd3758781e0ca865edef669b228dd2880ffae2980073dd4db688a26340114d03c9c1c8fdb8c06434fc86051919f5332c3ca0dcc90568ac09bcd96f47463965f0fe7dd,gx-no-cache=1519917150462 HTTP/1.1" 200 255
186.103.159.189 - - [01/Mar/2018:12:10:10 -0300] "POST /cormun/servlet/trvisualizadoreventos?6efcf9eb16c15df3edfec0c18c983b3a,,gx-no-cache=1519916961956 HTTP/1.1" 200 3931
200.111.191.210 - - [01/Mar/2018:12:10:12 -0300] "POST /cormun/servlet/hlogin?8c16a0ab1ab3cf2ff2df62f6f7c9da37,gx-no-cache=1519916964713 HTTP/1.1" 200 447
200.111.191.210 - - [01/Mar/2018:12:10:14 -0300] "POST /cormun/servlet/hlogin?8c16a0ab1ab3cf2ff2df62f6f7c9da37,gx-no-cache=1519916967167 HTTP/1.1" 200 447
186.103.156.166 - - [01/Mar/2018:12:10:19 -0300] "POST /cormun/servlet/trsolicitudot?c594a2226bbae411847008266530c5da,gx-no-cache=1519916974782 HTTP/1.1" 200 4678
186.103.156.166 - - [01/Mar/2018:12:10:19 -0300] "GET /cormun/static/Shared/jqueryui/images/ui-bg_highlight-soft_100_c6c2c8_1x100.png HTTP/1.1" 404 1117
186.103.156.166 - - [01/Mar/2018:12:10:19 -0300] "GET /cormun/static/Shared/jqueryui/images/ui-icons_82798d_256x240.png HTTP/1.1" 404 1089
186.103.156.166 - - [01/Mar/2018:12:10:19 -0300] "GET /cormun/static/Shared/jqueryui/images/ui-bg_flat_55_fafafa_40x100.png HTTP/1.1" 404 1097
186.103.156.166 - - [01/Mar/2018:12:10:19 -0300] "GET /cormun/static/Shared/jqueryui/images/ui-icons_8d78a5_256x240.png HTTP/1.1" 404 1089
186.103.156.166 - - [01/Mar/2018:12:10:19 -0300] "POST /cormun/servlet/trsolicitudot?c594a2226bbae411847008266530c5da,gx-no-cache=1519916976121 HTTP/1.1" 200 4449
186.103.161.206 - - [01/Mar/2018:12:10:24 -0300] "POST /cormun/servlet/solicitudot?293a8d5c57d9af96ed2589b9315f7720,INS,0,0,,gx-no-cache=1519916972579 HTTP/1.1" 200 93
186.103.161.206 - - [01/Mar/2018:12:10:24 -0300] "GET /cormun/servlet/hpexe_return? HTTP/1.1" 200 1004
200.111.191.210 - - [01/Mar/2018:12:10:25 -0300] "POST /cormun/servlet/hlogin?8c16a0ab1ab3cf2ff2df62f6f7c9da37,gx-no-cache=1519916977398 HTTP/1.1" 200 90
186.67.203.186 - - [01/Mar/2018:12:10:25 -0300] "GET /cormun/static/gxcfg.js?2016101716175148 HTTP/1.1" 200 953
186.67.203.186 - - [01/Mar/2018:12:10:25 -0300] "GET /cormun/static/hpexe_return.js?2016101716175153 HTTP/1.1" 200 1633
200.111.191.210 - - [01/Mar/2018:12:10:25 -0300] "GET /cormun/servlet/hpexe_link HTTP/1.1" 200 943
192.168.4.251 - - [01/Mar/2018:12:10:25 -0300] "GET /cormun/servlet/solicitudgral?7b944b0394d2e0fd5d7c11faab44cfa8d629386cff2a42fd9c726f6ac3436d9646d31ad7175600322cc2c8c82182054584faf215f49fb8cd1c711a44310cd375403ef8175f5bb8fc83b7f57478aab11ede1d381ca14fa8eacead2740b1643f05934ad72596841129cba80bf4f3a8caa3b4b77b8792c2058c723a44e6143da54edc5e2a0fd18b17ff3b35b010d7ccb901cf14387af535484503c98f75718fb6a77595b433e1781d16926738c6384ae2709b8efbbdb14db2ac7db339b38b48538b73d9645da63969ca2e32c62a37db078bc828d8f69f51d8836b71c53174c719f0f2190df124e8e2feaeb23edc2e2a180f26a7cdf8a7c3554f6db16e6a0b4564dbe80e247cdcbbeb4240809d77d1002c97011e35acbdf19ab183536153e80b9749c7a183a335fc262b171a70e71a795fa4bb122046cbdd90e544678297ac3d7c859e9ce26c3723819a6a631ac9ce9d62f4c9a20daa930872dcd42a7c331a4df06fe80e247cdcbbeb4240809d77d1002c9729b2bf6be375be7d659e39ced67842b45a46688096fd9101fb3fa9a11f7abd77f4730a74020adfc9094b75b2fb85f85d48dfd54f327b0f317b65b9690f12f87f,gx-no-cache=1519917166221 HTTP/1.1" 200 48
200.111.191.210 - - [01/Mar/2018:12:10:25 -0300] "GET /cormun/servlet/hhome HTTP/1.1" 200 4182
186.103.161.206 - - [01/Mar/2018:12:10:25 -0300] "GET /cormun/static/Resources/Spanish/PXTools.css?167811 HTTP/1.1" 200 89042
200.111.191.210 - - [01/Mar/2018:12:10:25 -0300] "GET /cormun/servlet/hhome HTTP/1.1" 200 4178
186.103.161.206 - - [01/Mar/2018:12:10:26 -0300] "GET /cormun/servlet/trsolicitudot HTTP/1.1" 200 8785
192.168.4.251 - - [01/Mar/2018:12:10:26 -0300] "POST /cormun/servlet/solicitudgral?03065ae4357bcfeae7165ea90c043be7,UPD,2018,9760,,gx-no-cache=1519917166373 HTTP/1.1" 200 11815
192.168.4.251 - - [01/Mar/2018:12:10:26 -0300] "GET /cormun/servlet/solicitudgral?7b944b0394d2e0fd5d7c11faab44cfa8633e2c0367ccddd719c8f8c27d9add891cfe1cd8208808531cebe52041596dd42e697a68cd5a8e502f494410e6c44e90e71e2bd69a8e94b021d85dbe790fc2aecd1baafe0e8daf78084375991f17f582404f0ca32d65ca4cd198d154e1d50dafb92a69dfbb1dcf604c3458c7a407a63545da05b0f3abb88e2b60934a397cd7581411ef5b085ab157f1cfe96cf23b8b60,gx-no-cache=1519917167669 HTTP/1.1" 200 29
192.168.4.251 - - [01/Mar/2018:12:10:26 -0300] "POST /cormun/servlet/solicitudgral?gx-no-cache=1519917167785 HTTP/1.1" 200 1296
192.168.4.251 - - [01/Mar/2018:12:10:27 -0300] "POST /cormun/servlet/solicitudgral?gx-no-cache=1519917168028 HTTP/1.1" 200 1219
186.67.203.186 - - [01/Mar/2018:12:10:28 -0300] "GET /cormun//static/Resources/PXToolsGridUpdate.png HTTP/1.1" 200 2984
186.67.203.186 - - [01/Mar/2018:12:10:28 -0300] "GET /cormun//static/Resources/PXToolsGridDelete.png HTTP/1.1" 200 357
186.67.203.186 - - [01/Mar/2018:12:10:28 -0300] "GET /cormun//static/Resources/PXTools/ActionInsert.png HTTP/1.1" 200 1482
186.67.203.186 - - [01/Mar/2018:12:10:28 -0300] "GET /cormun//static/Resources/PXToolsActionView.png HTTP/1.1" 200 2995
200.111.191.210 - - [01/Mar/2018:12:10:28 -0300] "GET /cormun/servlet/trsolicitudot? HTTP/1.1" 200 7398
192.168.4.251 - - [01/Mar/2018:12:10:28 -0300] "POST /cormun/servlet/solicitudgral?03065ae4357bcfeae7165ea90c043be7,UPD,2018,9760,,gx-no-cache=1519917168276 HTTP/1.1" 200 12026
186.103.132.155 - - [01/Mar/2018:12:10:28 -0300] "GET /cormun//static/Resources/PXToolsRemoveAllAction.png HTTP/1.1" 200 3558
186.103.161.206 - - [01/Mar/2018:12:10:28 -0300] "GET /cormun/servlet/trsolicitudot HTTP/1.1" 200 8781
200.111.191.210 - - [01/Mar/2018:12:10:28 -0300] "GET /cormun/servlet/trsolicitudot? HTTP/1.1" 200 7397
200.111.191.210 - - [01/Mar/2018:12:10:31 -0300] "GET /cormun/servlet/trautorizarsolicitud? HTTP/1.1" 200 8650
200.111.191.210 - - [01/Mar/2018:12:10:31 -0300] "GET /cormun/static/gxcfg.js?2017111423403364 HTTP/1.1" 200 953
200.111.191.210 - - [01/Mar/2018:12:10:32 -0300] "GET /cormun/static/trautorizarsolicitud.js?201711142340425 HTTP/1.1" 304 -
200.111.191.210 - - [01/Mar/2018:12:10:32 -0300] "GET /cormun/servlet/trautorizarsolicitud? HTTP/1.1" 200 8649
192.168.4.251 - - [01/Mar/2018:12:10:37 -0300] "POST /cormun/servlet/solicitudgral?03065ae4357bcfeae7165ea90c043be7,UPD,2018,9760,,gx-no-cache=1519917177531 HTTP/1.1" 200 93
186.103.156.166 - - [01/Mar/2018:12:10:37 -0300] "GET /cormun/servlet/trfichaempleado? HTTP/1.1" 200 13803
192.168.4.251 - - [01/Mar/2018:12:10:37 -0300] "GET /cormun/servlet/hpexe_return? HTTP/1.1" 200 1015
192.168.4.251 - - [01/Mar/2018:12:10:37 -0300] "GET /cormun/static/gxcfg.js?2016101716175148 HTTP/1.1" 304 -
200.111.191.210 - - [01/Mar/2018:12:10:38 -0300] "POST /cormun/servlet/trautorizarsolicitud?8c16a0ab1ab3cf2ff2df62f6f7c9da37,,gx-no-cache=1519916990213 HTTP/1.1" 200 4605
200.111.191.210 - - [01/Mar/2018:12:10:38 -0300] "GET /cormun/static/Shared/jqueryui/images/ui-icons_82798d_256x240.png HTTP/1.1" 404 1089
200.111.191.210 - - [01/Mar/2018:12:10:38 -0300] "GET /cormun/static/Shared/jqueryui/images/ui-bg_highlight-soft_100_c6c2c8_1x100.png HTTP/1.1" 404 1117
200.111.191.210 - - [01/Mar/2018:12:10:38 -0300] "GET /cormun/static/Shared/jqueryui/images/ui-bg_flat_55_fafafa_40x100.png HTTP/1.1" 404 1097
200.111.191.210 - - [01/Mar/2018:12:10:38 -0300] "GET /cormun/static/Shared/jqueryui/images/ui-icons_8d78a5_256x240.png HTTP/1.1" 404 1089
192.168.4.251 - - [01/Mar/2018:12:10:38 -0300] "GET /cormun/servlet/trsolicitudgral? HTTP/1.1" 200 12330
200.86.95.220 - - [01/Mar/2018:12:10:39 -0300] "GET /cormun/servlet/hlogin HTTP/1.1" 200 1726
200.111.191.210 - - [01/Mar/2018:12:10:39 -0300] "POST /cormun/servlet/trautorizarsolicitud?8c16a0ab1ab3cf2ff2df62f6f7c9da37,,gx-no-cache=1519916990964 HTTP/1.1" 200 4377
192.168.4.251 - - [01/Mar/2018:12:10:40 -0300] "GET /cormun/servlet/trsolicitudgral? HTTP/1.1" 200 12325
186.103.156.166 - - [01/Mar/2018:12:10:48 -0300] "GET /cormun/servlet/trfichaempleado? HTTP/1.1" 200 13803
200.86.95.220 - - [01/Mar/2018:12:10:51 -0300] "POST /cormun/servlet/hlogin?a6a17902a7cf5765cb7018ab2c91c704,gx-no-cache=1519917005041 HTTP/1.1" 200 430
186.103.156.166 - - [01/Mar/2018:12:10:53 -0300] "GET /cormun/servlet/trautorizarsolicitud? HTTP/1.1" 200 8641
186.103.156.166 - - [01/Mar/2018:12:10:54 -0300] "GET /cormun/servlet/trautorizarsolicitud? HTTP/1.1" 200 8640
200.72.197.82 - - [01/Mar/2018:12:10:58 -0300] "POST /cormun/servlet/trsolicitudot?293a8d5c57d9af96ed2589b9315f7720,gx-no-cache=1519917006529 HTTP/1.1" 200 4693
200.72.197.82 - - [01/Mar/2018:12:10:58 -0300] "GET /cormun/static/Shared/jqueryui/images/ui-bg_highlight-soft_100_c6c2c8_1x100.png HTTP/1.1" 404 1117
186.67.203.186 - - [01/Mar/2018:12:10:58 -0300] "GET /cormun/static/Shared/jqueryui/images/ui-icons_82798d_256x240.png HTTP/1.1" 404 1089
186.67.203.186 - - [01/Mar/2018:12:10:58 -0300] "GET /cormun/static/Shared/jqueryui/images/ui-icons_8d78a5_256x240.png HTTP/1.1" 404 1089
200.72.197.82 - - [01/Mar/2018:12:10:58 -0300] "GET /cormun/static/Shared/jqueryui/images/ui-bg_flat_55_fafafa_40x100.png HTTP/1.1" 404 1097
200.86.95.220 - - [01/Mar/2018:12:10:59 -0300] "POST /cormun/servlet/hlogin?a6a17902a7cf5765cb7018ab2c91c704,gx-no-cache=1519917013064 HTTP/1.1" 200 90
200.86.95.220 - - [01/Mar/2018:12:10:59 -0300] "GET /cormun/servlet/hpexe_link HTTP/1.1" 200 958
200.72.197.82 - - [01/Mar/2018:12:10:59 -0300] "POST /cormun/servlet/trsolicitudot?293a8d5c57d9af96ed2589b9315f7720,gx-no-cache=1519917007990 HTTP/1.1" 200 4455
200.86.95.220 - - [01/Mar/2018:12:11:00 -0300] "GET /cormun/servlet/hhome HTTP/1.1" 200 3953
200.86.95.220 - - [01/Mar/2018:12:11:01 -0300] "GET /cormun/servlet/hhome HTTP/1.1" 200 3950
200.86.95.220 - - [01/Mar/2018:12:11:04 -0300] "GET /cormun/servlet/trvisualizadoreventos? HTTP/1.1" 200 6681
200.86.95.220 - - [01/Mar/2018:12:11:05 -0300] "GET /cormun/servlet/trvisualizadoreventos? HTTP/1.1" 200 6681
186.103.156.166 - - [01/Mar/2018:12:11:09 -0300] "POST /cormun/servlet/trautorizarsolicitud?c594a2226bbae411847008266530c5da,,gx-no-cache=1519917025298 HTTP/1.1" 200 4596
186.103.156.166 - - [01/Mar/2018:12:11:09 -0300] "GET /cormun/static/Shared/jqueryui/images/ui-bg_highlight-soft_100_c6c2c8_1x100.png HTTP/1.1" 404 1117
186.103.156.166 - - [01/Mar/2018:12:11:09 -0300] "GET /cormun/static/Shared/jqueryui/images/ui-bg_flat_55_fafafa_40x100.png HTTP/1.1" 404 1097
186.103.156.166 - - [01/Mar/2018:12:11:09 -0300] "GET /cormun/static/Shared/jqueryui/images/ui-icons_82798d_256x240.png HTTP/1.1" 404 1089
186.103.156.166 - - [01/Mar/2018:12:11:09 -0300] "GET /cormun/static/Shared/jqueryui/images/ui-icons_8d78a5_256x240.png HTTP/1.1" 404 1089
186.103.156.166 - - [01/Mar/2018:12:11:10 -0300] "POST /cormun/servlet/trautorizarsolicitud?c594a2226bbae411847008266530c5da,,gx-no-cache=1519917026275 HTTP/1.1" 200 4369
200.86.95.220 - - [01/Mar/2018:12:11:11 -0300] "POST /cormun/servlet/trvisualizadoreventos?a6a17902a7cf5765cb7018ab2c91c704,,gx-no-cache=1519917024818 HTTP/1.1" 200 4689
200.72.197.82 - - [01/Mar/2018:12:11:13 -0300] "GET /cormun/servlet/trautorizarsolicitud? HTTP/1.1" 200 8675
186.67.203.186 - - [01/Mar/2018:12:11:13 -0300] "GET /cormun/static/gxcfg.js?2017111423403364 HTTP/1.1" 200 953
200.72.197.82 - - [01/Mar/2018:12:11:14 -0300] "GET /cormun/static/trautorizarsolicitud.js?201711142340425 HTTP/1.1" 200 53910
200.72.197.82 - - [01/Mar/2018:12:11:16 -0300] "GET /cormun/servlet/trautorizarsolicitud? HTTP/1.1" 200 8675
