192.168.4.251 - - [01/Mar/2018:10:16:10 -0300] "GET /cormun/servlet/hlogin HTTP/1.1" 200 1722
200.86.95.220 - - [01/Mar/2018:10:16:15 -0300] "POST /cormun/servlet/solicitudot?gx-no-cache=1519910129298 HTTP/1.1" 200 1321
200.86.95.220 - - [01/Mar/2018:10:16:15 -0300] "POST /cormun/servlet/solicitudot?gx-no-cache=1519910129499 HTTP/1.1" 200 1219
200.86.95.220 - - [01/Mar/2018:10:16:16 -0300] "GET /cormun/servlet/solicitudot?04b18f0ad42b3a2c083f1a2d17d2fbe49a54e5f0cb8b1e06ac8687f434d903e6cf47ed0ca31885eb939a0106b2970d21,gx-no-cache=1519910129639 HTTP/1.1" 200 30
200.86.95.220 - - [01/Mar/2018:10:16:16 -0300] "POST /cormun/servlet/solicitudot?gx-no-cache=1519910129719 HTTP/1.1" 200 33
200.86.95.220 - - [01/Mar/2018:10:16:16 -0300] "POST /cormun/servlet/solicitudot?8e80cadef9f35efc43081e09eb5aae69,UPD,2018,9774,,gx-no-cache=1519910129828 HTTP/1.1" 200 93
200.86.95.220 - - [01/Mar/2018:10:16:16 -0300] "GET /cormun/servlet/hpexe_return? HTTP/1.1" 200 1013
200.86.95.220 - - [01/Mar/2018:10:16:17 -0300] "GET /cormun/servlet/trsolicitudot HTTP/1.1" 200 8972
200.86.95.220 - - [01/Mar/2018:10:16:18 -0300] "GET /cormun/servlet/trsolicitudot HTTP/1.1" 200 8968
192.168.4.251 - - [01/Mar/2018:10:16:21 -0300] "POST /cormun/servlet/hlogin?77344cdd880ca20b91387d2ee07dcef2,gx-no-cache=1519910321388 HTTP/1.1" 200 90
192.168.4.251 - - [01/Mar/2018:10:16:21 -0300] "GET /cormun/servlet/hpexe_link HTTP/1.1" 200 950
192.168.4.251 - - [01/Mar/2018:10:16:21 -0300] "GET /cormun/servlet/trautorizarot? HTTP/1.1" 200 8110
192.168.4.251 - - [01/Mar/2018:10:16:23 -0300] "GET /cormun/servlet/trautorizarot? HTTP/1.1" 200 8108
200.120.230.197 - - [01/Mar/2018:10:16:31 -0300] "GET /cormun/servlet/solicitudot?85dbf6980676f896acccc86e04504abc8100e2490067034c7b040b9b4208a8523badc24246166e8d2bfd625be9a12537,gx-no-cache=1519910150163 HTTP/1.1" 200 103
192.168.4.251 - - [01/Mar/2018:10:16:31 -0300] "POST /cormun/servlet/trautorizarot?77344cdd880ca20b91387d2ee07dcef2,,gx-no-cache=1519910331773 HTTP/1.1" 200 7954
200.120.230.197 - - [01/Mar/2018:10:16:32 -0300] "POST /cormun/servlet/solicitudot?gx-no-cache=1519910151117 HTTP/1.1" 200 238
200.120.230.197 - - [01/Mar/2018:10:16:32 -0300] "GET /cormun/servlet/solicitudot?85dbf6980676f896acccc86e04504abc8a70d5e14fea92f4f47e745f6e1508bb891b928fef57efb67d7bd4e1669acd9ec758bc3aabc454658c3d5f6c4477861573ac169c4f540c6c46618adb8b39ee9ea11219bdd7b14ed0d20f21aa916c568c92eb826d5dcf1b4efb4346c3a7704734621c75fd82b44e318cf3d9d252a6ad66d821282461a525bb2a8168b0185280fc7030640b02073791e213e601f0076ff6031f32cc30c0da4c778bee4e0f29b9b5e436f520f56c93746199e702ad1b16c48afe5f02e4fbf55e5bf6fcd97f0010402cf226a2ec144a1b4545fede34dd7fffe14d33adb0fae1d549b26080697c9769e64566ad47829065a2adcaf28df79e405b258c0af84ea62256c6034304a535694619758c329f7cc2c155da8ac97b53761f4c77605d7c8988d6777f2118a468a4369e6824e0efbe98ba5175607a8aea132a120581092dd53e5bd632984bf695fe86f28d4465f585bf9c418eea61da6c6403ffa5f97af057ec03bcf593fc2a8c113c5cf5fad3f4b4e1cecd738d758694e0,gx-no-cache=1519910151228 HTTP/1.1" 200 30
200.120.230.197 - - [01/Mar/2018:10:16:32 -0300] "POST /cormun/servlet/solicitudot?gx-no-cache=1519910151305 HTTP/1.1" 200 30
200.120.230.197 - - [01/Mar/2018:10:16:32 -0300] "POST /cormun/servlet/solicitudot?gx-no-cache=1519910151422 HTTP/1.1" 200 1336
200.120.230.197 - - [01/Mar/2018:10:16:33 -0300] "POST /cormun/servlet/solicitudot?gx-no-cache=1519910151633 HTTP/1.1" 200 41
192.168.4.251 - - [01/Mar/2018:10:16:41 -0300] "POST /cormun/servlet/trautorizarot?77344cdd880ca20b91387d2ee07dcef2,,gx-no-cache=1519910341673 HTTP/1.1" 200 5331
192.168.10.96 - - [01/Mar/2018:10:16:46 -0300] "POST /cormun/servlet/trsolicitudgral?0257ac2d05b2f7adfe04d3b64bdb68b6,gx-no-cache=1519910046900 HTTP/1.1" 200 13418
192.168.4.251 - - [01/Mar/2018:10:16:47 -0300] "GET /cormun/servlet/hlogin HTTP/1.1" 200 1730
192.168.10.96 - - [01/Mar/2018:10:16:53 -0300] "POST /cormun/servlet/trsolicitudgral?0257ac2d05b2f7adfe04d3b64bdb68b6,gx-no-cache=1519910053976 HTTP/1.1" 200 13418
200.86.95.220 - - [01/Mar/2018:10:16:54 -0300] "POST /cormun/servlet/trsolicitudot?8e80cadef9f35efc43081e09eb5aae69,gx-no-cache=1519910167646 HTTP/1.1" 200 5701
200.86.95.220 - - [01/Mar/2018:10:16:54 -0300] "GET /cormun/static/Shared/jqueryui/images/ui-bg_highlight-soft_100_c6c2c8_1x100.png HTTP/1.1" 404 1117
200.86.95.220 - - [01/Mar/2018:10:16:54 -0300] "GET /cormun/static/Shared/jqueryui/images/ui-icons_82798d_256x240.png HTTP/1.1" 404 1089
200.86.95.220 - - [01/Mar/2018:10:16:54 -0300] "GET /cormun/static/Shared/jqueryui/images/ui-bg_flat_55_fafafa_40x100.png HTTP/1.1" 404 1097
200.86.95.220 - - [01/Mar/2018:10:16:54 -0300] "GET /cormun/static/Shared/jqueryui/images/ui-icons_8d78a5_256x240.png HTTP/1.1" 404 1089
200.86.95.220 - - [01/Mar/2018:10:16:55 -0300] "POST /cormun/servlet/trsolicitudot?8e80cadef9f35efc43081e09eb5aae69,gx-no-cache=1519910168624 HTTP/1.1" 200 5645
200.86.95.220 - - [01/Mar/2018:10:16:59 -0300] "POST /cormun/servlet/trsolicitudot?8e80cadef9f35efc43081e09eb5aae69,gx-no-cache=1519910172475 HTTP/1.1" 200 4467
200.86.95.220 - - [01/Mar/2018:10:17:00 -0300] "POST /cormun/servlet/trsolicitudot?8e80cadef9f35efc43081e09eb5aae69,gx-no-cache=1519910173190 HTTP/1.1" 200 4255
200.86.95.220 - - [01/Mar/2018:10:17:04 -0300] "GET /cormun/servlet/trvisualizadoreventos? HTTP/1.1" 200 7407
200.86.95.220 - - [01/Mar/2018:10:17:06 -0300] "GET /cormun/servlet/trvisualizadoreventos? HTTP/1.1" 200 7406
200.120.230.197 - - [01/Mar/2018:10:17:06 -0300] "GET /cormun/servlet/solicitudot?85dbf6980676f896acccc86e04504abc042d567581d61d73d12fb8c95017fb3bc592bc8c7879f55f47a5f424dfb29ad5902be1b854475e2e2860c378822bbe0d,gx-no-cache=1519910185168 HTTP/1.1" 200 30
200.120.230.197 - - [01/Mar/2018:10:17:06 -0300] "POST /cormun/servlet/solicitudot?gx-no-cache=1519910185339 HTTP/1.1" 200 238
200.120.230.197 - - [01/Mar/2018:10:17:07 -0300] "GET /cormun/servlet/solicitudot?85dbf6980676f896acccc86e04504abc8a70d5e14fea92f4f47e745f6e1508bb891b928fef57efb67d7bd4e1669acd9ec758bc3aabc454658c3d5f6c4477861573ac169c4f540c6c46618adb8b39ee9ea11219bdd7b14ed0d20f21aa916c568c92eb826d5dcf1b4efb4346c3a7704734621c75fd82b44e318cf3d9d252a6ad66d821282461a525bb2a8168b0185280fc7030640b02073791e213e601f0076ff6031f32cc30c0da4c778bee4e0f29b9b5e436f520f56c93746199e702ad1b16c48afe5f02e4fbf55e5bf6fcd97f0010402cf226a2ec144a1b4545fede34dd7fffe14d33adb0fae1d549b26080697c9769e64566ad47829065a2adcaf28df79e405b258c0af84ea62256c6034304a535694619758c329f7cc2c155da8ac97b53761f4c77605d7c8988d6777f2118a468a4369e6824e0efbe98ba5175607a8aea132a120581092dd53e5bd632984bf695fe86f28d4465f585bf9c418eea61da6c6403ffa5f97af057ec03bcf593fc2a8c113c5cf5fad3f4b4e1cecd738d758694e0,gx-no-cache=1519910185450 HTTP/1.1" 200 30
200.120.230.197 - - [01/Mar/2018:10:17:07 -0300] "POST /cormun/servlet/solicitudot?gx-no-cache=1519910185677 HTTP/1.1" 200 30
200.120.230.197 - - [01/Mar/2018:10:17:07 -0300] "POST /cormun/servlet/solicitudot?gx-no-cache=1519910185818 HTTP/1.1" 200 1336
200.120.230.197 - - [01/Mar/2018:10:17:07 -0300] "POST /cormun/servlet/solicitudot?gx-no-cache=1519910186049 HTTP/1.1" 200 41
200.120.230.197 - - [01/Mar/2018:10:17:07 -0300] "POST /cormun/servlet/solicitudot?gx-no-cache=1519910186171 HTTP/1.1" 200 1319
200.120.230.197 - - [01/Mar/2018:10:17:07 -0300] "POST /cormun/servlet/solicitudot?gx-no-cache=1519910186393 HTTP/1.1" 200 1218
200.120.230.197 - - [01/Mar/2018:10:17:07 -0300] "GET /cormun/servlet/solicitudot?85dbf6980676f896acccc86e04504abcfae6873d37700bc51d74f1ecedc42f10d22ffba89a5cfae8086a0f24f6b48ad6,gx-no-cache=1519910186583 HTTP/1.1" 200 30
200.120.230.197 - - [01/Mar/2018:10:17:08 -0300] "POST /cormun/servlet/solicitudot?gx-no-cache=1519910186663 HTTP/1.1" 200 30
200.120.230.197 - - [01/Mar/2018:10:17:09 -0300] "POST /cormun/servlet/solicitudot?87aae33afb1061b07f63c67834ecba52,INS,0,0,,gx-no-cache=1519910187010 HTTP/1.1" 200 12100
200.112.5.24 - - [01/Mar/2018:10:17:17 -0300] "GET /cormun/servlet/trsolicitudot? HTTP/1.1" 200 9247
200.112.5.24 - - [01/Mar/2018:10:17:18 -0300] "GET /cormun/servlet/trsolicitudot? HTTP/1.1" 200 9247
200.112.5.24 - - [01/Mar/2018:10:17:22 -0300] "GET /cormun/servlet/solicitudot?INS,0,0, HTTP/1.1" 200 13655
200.112.5.24 - - [01/Mar/2018:10:17:23 -0300] "GET /cormun/servlet/solicitudot?INS,0,0, HTTP/1.1" 200 13660
192.168.10.96 - - [01/Mar/2018:10:18:06 -0300] "POST /cormun/servlet/trsolicitudgral?0257ac2d05b2f7adfe04d3b64bdb68b6,gx-no-cache=1519910126796 HTTP/1.1" 200 8370
192.168.10.96 - - [01/Mar/2018:10:18:13 -0300] "POST /cormun/servlet/trsolicitudgral?0257ac2d05b2f7adfe04d3b64bdb68b6,gx-no-cache=1519910132565 HTTP/1.1" 200 23158
192.168.10.96 - - [01/Mar/2018:10:18:24 -0300] "POST /cormun/servlet/trsolicitudgral?0257ac2d05b2f7adfe04d3b64bdb68b6,gx-no-cache=1519910145193 HTTP/1.1" 200 9278
200.112.5.24 - - [01/Mar/2018:10:18:29 -0300] "POST /cormun/servlet/solicitudot?gx-no-cache=1519910262541 HTTP/1.1" 200 3293
200.112.5.24 - - [01/Mar/2018:10:18:31 -0300] "POST /cormun/servlet/solicitudot?8fdcdf873ee44f96e300bc914ea0383c,INS,0,0,,gx-no-cache=1519910263198 HTTP/1.1" 200 10446
192.168.10.96 - - [01/Mar/2018:10:18:32 -0300] "POST /cormun/servlet/trsolicitudgral?0257ac2d05b2f7adfe04d3b64bdb68b6,gx-no-cache=1519910152964 HTTP/1.1" 200 13418
200.112.5.24 - - [01/Mar/2018:10:18:40 -0300] "GET /cormun/servlet/solicitudot?ce4679f83fb6e3f402696476c1566c0396035ed748b726d9b6cba0d0b15590dba32edcbfb8703fb8584b97e0833585f1,gx-no-cache=1519910273267 HTTP/1.1" 200 30
192.168.10.96 - - [01/Mar/2018:10:18:57 -0300] "POST /cormun/servlet/trsolicitudgral?0257ac2d05b2f7adfe04d3b64bdb68b6,gx-no-cache=1519910177641 HTTP/1.1" 200 7268
192.168.10.96 - - [01/Mar/2018:10:19:01 -0300] "POST /cormun/servlet/trsolicitudgral?0257ac2d05b2f7adfe04d3b64bdb68b6,gx-no-cache=1519910182345 HTTP/1.1" 200 9279
192.168.10.96 - - [01/Mar/2018:10:19:14 -0300] "POST /cormun/servlet/trsolicitudgral?0257ac2d05b2f7adfe04d3b64bdb68b6,gx-no-cache=1519910195225 HTTP/1.1" 200 8370
192.168.10.89 - - [01/Mar/2018:10:19:14 -0300] "POST /cormun/servlet/trsolicitudgral?8222c7a55bce146f23b8602d730786e7,gx-no-cache=1519908544598,gx-no-cache=1519910195727 HTTP/1.1" 200 5923
192.168.10.89 - - [01/Mar/2018:10:19:24 -0300] "POST /cormun/servlet/trsolicitudgral?8222c7a55bce146f23b8602d730786e7,gx-no-cache=1519908544598,gx-no-cache=1519910203717 HTTP/1.1" 200 23393
192.168.10.96 - - [01/Mar/2018:10:19:30 -0300] "POST /cormun/servlet/trsolicitudgral?0257ac2d05b2f7adfe04d3b64bdb68b6,gx-no-cache=1519910210585 HTTP/1.1" 200 13418
192.168.10.89 - - [01/Mar/2018:10:19:37 -0300] "POST /cormun/servlet/trsolicitudgral?8222c7a55bce146f23b8602d730786e7,gx-no-cache=1519908544598,gx-no-cache=1519910218314 HTTP/1.1" 200 7757
192.168.10.89 - - [01/Mar/2018:10:19:58 -0300] "GET /cormun/servlet/trsolicitudgral? HTTP/1.1" 200 11260
200.120.230.197 - - [01/Mar/2018:10:20:29 -0300] "GET /cormun/servlet/solicitudot?85dbf6980676f896acccc86e04504abcdf008828b28276e0edcfd02e89b8d677,gx-no-cache=1519910388271 HTTP/1.1" 200 94
200.120.230.197 - - [01/Mar/2018:10:20:29 -0300] "POST /cormun/servlet/solicitudot?gx-no-cache=1519910388536 HTTP/1.1" 200 238
200.120.230.197 - - [01/Mar/2018:10:20:30 -0300] "GET /cormun/servlet/solicitudot?85dbf6980676f896acccc86e04504abc8a70d5e14fea92f4f47e745f6e1508bb891b928fef57efb67d7bd4e1669acd9ec758bc3aabc454658c3d5f6c4477861573ac169c4f540c6c46618adb8b39ee9ea11219bdd7b14ed0d20f21aa916c568c92eb826d5dcf1b4efb4346c3a7704734621c75fd82b44e318cf3d9d252a6ad66d821282461a525bb2a8168b0185280fc7030640b02073791e213e601f0076ff6031f32cc30c0da4c778bee4e0f29b9b5e436f520f56c93746199e702ad1b16c48afe5f02e4fbf55e5bf6fcd97f0010402cf226a2ec144a1b4545fede34dd7fffe14d33adb0fae1d549b26080697c9769e64566ad47829065a2adcaf28df79e405b258c0af84ea62256c6034304a535694619758c329f7cc2c155da8ac97b53761f4c77605d7c8988d6777f2118a468a4369e6824e0efbe98ba5175607a8aea132a120581092dd53e5bd632984bf695fe86f28d4465f585bf9c418eea61da6c6403ffa5f97af057ec03bcf593fc2a8c113c5cf5fad3f4b4e1cecd738d758694e0,gx-no-cache=1519910388676 HTTP/1.1" 200 30
200.120.230.197 - - [01/Mar/2018:10:20:30 -0300] "POST /cormun/servlet/solicitudot?gx-no-cache=1519910388760 HTTP/1.1" 200 30
200.120.230.197 - - [01/Mar/2018:10:20:30 -0300] "POST /cormun/servlet/solicitudot?gx-no-cache=1519910388873 HTTP/1.1" 200 1336
200.120.230.197 - - [01/Mar/2018:10:20:30 -0300] "POST /cormun/servlet/solicitudot?gx-no-cache=1519910389107 HTTP/1.1" 200 41
192.168.10.89 - - [01/Mar/2018:10:20:38 -0300] "POST /cormun/servlet/trsolicitudgral?8222c7a55bce146f23b8602d730786e7,,gx-no-cache=1519910249990 HTTP/1.1" 200 25822
200.120.230.197 - - [01/Mar/2018:10:21:21 -0300] "GET /cormun/servlet/solicitudot?85dbf6980676f896acccc86e04504abcb2d4969443c03c4ccacf85c6b45d1e3c19f2eb285e49b98f91128bca5c3679197994f3efe10a5920a72366b299ec904f,gx-no-cache=1519910439753 HTTP/1.1" 200 30
200.120.230.197 - - [01/Mar/2018:10:21:21 -0300] "POST /cormun/servlet/solicitudot?gx-no-cache=1519910439957 HTTP/1.1" 200 238
200.120.230.197 - - [01/Mar/2018:10:21:21 -0300] "GET /cormun/servlet/solicitudot?85dbf6980676f896acccc86e04504abc8a70d5e14fea92f4f47e745f6e1508bb891b928fef57efb67d7bd4e1669acd9ec758bc3aabc454658c3d5f6c4477861573ac169c4f540c6c46618adb8b39ee9ea11219bdd7b14ed0d20f21aa916c568c92eb826d5dcf1b4efb4346c3a7704734621c75fd82b44e318cf3d9d252a6ad66d821282461a525bb2a8168b0185280fc7030640b02073791e213e601f0076ff6031f32cc30c0da4c778bee4e0f29b9b5e436f520f56c93746199e702ad1b16c48afe5f02e4fbf55e5bf6fcd97f0010402cf226a2ec144a1b4545fede34dd7fffe14d33adb0fae1d549b26080697c9769e64566ad47829065a2adcaf28df79e405b258c0af84ea62256c6034304a535694619758c329f7cc2c155da8ac97b53761f4c77605d7c8988d6777f2118a468a4369e6824e0efbe98ba5175607a8aea132a120581092dd53e5bd632984bf695fe86f28d4465f585bf9c418eea61da6c6403ffa5f97af057ec03bcf593fc2a8c113c5cf5fad3f4b4e1cecd738d758694e0,gx-no-cache=1519910440106 HTTP/1.1" 200 30
200.120.230.197 - - [01/Mar/2018:10:21:21 -0300] "POST /cormun/servlet/solicitudot?gx-no-cache=1519910440231 HTTP/1.1" 200 30
200.120.230.197 - - [01/Mar/2018:10:21:21 -0300] "POST /cormun/servlet/solicitudot?gx-no-cache=1519910440377 HTTP/1.1" 200 1336
200.120.230.197 - - [01/Mar/2018:10:21:21 -0300] "POST /cormun/servlet/solicitudot?gx-no-cache=1519910440565 HTTP/1.1" 200 41
200.120.230.197 - - [01/Mar/2018:10:21:22 -0300] "POST /cormun/servlet/solicitudot?gx-no-cache=1519910440664 HTTP/1.1" 200 1319
200.120.230.197 - - [01/Mar/2018:10:21:22 -0300] "POST /cormun/servlet/solicitudot?gx-no-cache=1519910440851 HTTP/1.1" 200 1218
200.120.230.197 - - [01/Mar/2018:10:21:22 -0300] "GET /cormun/servlet/solicitudot?85dbf6980676f896acccc86e04504abcfae6873d37700bc51d74f1ecedc42f10d22ffba89a5cfae8086a0f24f6b48ad6,gx-no-cache=1519910441030 HTTP/1.1" 200 30
200.120.230.197 - - [01/Mar/2018:10:21:22 -0300] "POST /cormun/servlet/solicitudot?gx-no-cache=1519910441133 HTTP/1.1" 200 30
200.120.230.197 - - [01/Mar/2018:10:21:23 -0300] "POST /cormun/servlet/solicitudot?87aae33afb1061b07f63c67834ecba52,INS,0,0,,gx-no-cache=1519910441264 HTTP/1.1" 200 12178
192.168.10.89 - - [01/Mar/2018:10:21:23 -0300] "POST /cormun/servlet/trsolicitudgral?8222c7a55bce146f23b8602d730786e7,,gx-no-cache=1519910324058 HTTP/1.1" 200 8821
192.168.10.89 - - [01/Mar/2018:10:21:29 -0300] "GET /cormun/servlet/solicitudgral?UPD,2018,8652, HTTP/1.1" 200 12101
192.168.10.89 - - [01/Mar/2018:10:21:31 -0300] "POST /cormun/servlet/solicitudgral?gx-no-cache=1519910332281 HTTP/1.1" 200 3849
192.168.10.89 - - [01/Mar/2018:10:21:31 -0300] "GET /cormun/servlet/solicitudgral?4090a56928612b5e9e19798de3e2d4d958163b030f2693f8ba996cc36d7a84b7db5bb5961c6e8bc9f08809a981664822d7f500f327845bea822d46080d0c6efcebb7e6e331613131532a453fda05d3cd58e0d082142d487ae54404768f4b6a40808087a4490b3f841051000809fba1b3f96dc30c55fe66db8b2703fc7e62e415a638152ba9ee3362d53b48588f62686324ac0e3bad707e77eae19bc890afb315e1ff1b843228281c8b0824f1aecd05dd1b7f9f985ef433f978bd1e5ad5158fe7e601163a36d74625463f0476c60c17a97c1530e452e4757e78b2c74cd1f047e1b87df892329a29e619fb98760592798899326900f2bbed9b1f195d7ee1f2d0e6d22697cb4901dcf6771c8240a2406ec7bbe3106348d6432c02d9299e84981f22e05a3eefa43363d16800256ae16829d7b6035e3fe9c3e938c7bb267ffb4f8efda0f38e82787618a9233a3ecac9692eaf,gx-no-cache=1519910332639 HTTP/1.1" 200 255
200.120.230.197 - - [01/Mar/2018:10:21:31 -0300] "POST /cormun/servlet/solicitudot?87aae33afb1061b07f63c67834ecba52,INS,0,0,,gx-no-cache=1519910449262 HTTP/1.1" 200 90
200.120.230.197 - - [01/Mar/2018:10:21:31 -0300] "GET /cormun/servlet/hpexe_link HTTP/1.1" 200 957
200.120.230.197 - - [01/Mar/2018:10:21:32 -0300] "GET /cormun/servlet/trsolicitudot HTTP/1.1" 200 8807
200.120.230.197 - - [01/Mar/2018:10:21:33 -0300] "GET /cormun/servlet/trsolicitudot HTTP/1.1" 200 8806
200.120.230.197 - - [01/Mar/2018:10:21:39 -0300] "POST /cormun/servlet/trsolicitudot?87aae33afb1061b07f63c67834ecba52,gx-no-cache=1519910457447 HTTP/1.1" 200 4677
200.120.230.197 - - [01/Mar/2018:10:21:39 -0300] "GET /cormun/static/Shared/jqueryui/images/ui-bg_highlight-soft_100_c6c2c8_1x100.png HTTP/1.1" 404 1117
200.120.230.197 - - [01/Mar/2018:10:21:39 -0300] "GET /cormun/static/Shared/jqueryui/images/ui-icons_82798d_256x240.png HTTP/1.1" 404 1089
200.120.230.197 - - [01/Mar/2018:10:21:39 -0300] "GET /cormun/static/Shared/jqueryui/images/ui-bg_flat_55_fafafa_40x100.png HTTP/1.1" 404 1097
186.79.145.55 - - [01/Mar/2018:10:21:39 -0300] "GET /cormun/static/Shared/jqueryui/images/ui-icons_8d78a5_256x240.png HTTP/1.1" 404 1089
186.79.145.55 - - [01/Mar/2018:10:21:40 -0300] "POST /cormun/servlet/trsolicitudot?87aae33afb1061b07f63c67834ecba52,gx-no-cache=1519910458302 HTTP/1.1" 200 4446
186.79.145.55 - - [01/Mar/2018:10:21:47 -0300] "GET /cormun/servlet/hlogin HTTP/1.1" 200 1716
192.168.10.89 - - [01/Mar/2018:10:21:54 -0300] "POST /cormun/servlet/solicitudgral?8222c7a55bce146f23b8602d730786e7,UPD,2018,8652,,gx-no-cache=1519910355282 HTTP/1.1" 200 93
192.168.10.89 - - [01/Mar/2018:10:21:54 -0300] "GET /cormun/servlet/hpexe_return? HTTP/1.1" 200 1013
192.168.10.89 - - [01/Mar/2018:10:21:55 -0300] "GET /cormun/servlet/trsolicitudgral? HTTP/1.1" 200 12333
186.79.145.55 - - [01/Mar/2018:10:21:58 -0300] "POST /cormun/servlet/hlogin?87aae33afb1061b07f63c67834ecba52,gx-no-cache=1519910477414 HTTP/1.1" 200 90
186.79.145.55 - - [01/Mar/2018:10:21:59 -0300] "GET /cormun/servlet/hpexe_link HTTP/1.1" 200 973
186.79.145.55 - - [01/Mar/2018:10:21:59 -0300] "GET /cormun/servlet/trsolicitudot?gx-no-cache=1519910458302 HTTP/1.1" 200 7437
186.79.145.55 - - [01/Mar/2018:10:22:01 -0300] "GET /cormun/servlet/trsolicitudot?gx-no-cache=1519910458302 HTTP/1.1" 200 7457
186.79.145.55 - - [01/Mar/2018:10:22:04 -0300] "GET /cormun/servlet/solicitudot?INS,0,0, HTTP/1.1" 200 13686
186.79.145.55 - - [01/Mar/2018:10:22:06 -0300] "GET /cormun/servlet/solicitudot?INS,0,0, HTTP/1.1" 200 13668
186.79.145.55 - - [01/Mar/2018:10:22:24 -0300] "POST /cormun/servlet/solicitudot?gx-no-cache=1519910502204 HTTP/1.1" 200 3368
186.79.145.55 - - [01/Mar/2018:10:22:25 -0300] "POST /cormun/servlet/solicitudot?87aae33afb1061b07f63c67834ecba52,INS,0,0,,gx-no-cache=1519910502974 HTTP/1.1" 200 10536
200.120.230.197 - - [01/Mar/2018:10:22:45 -0300] "GET /cormun/servlet/solicitudot?85dbf6980676f896acccc86e04504abcd4b0cbb805c1fce183c52e4896b67789371cae4058e4719ec3828b52b18e49a3,gx-no-cache=1519910524283 HTTP/1.1" 200 30
200.120.230.197 - - [01/Mar/2018:10:22:46 -0300] "GET /cormun/servlet/solicitudot?85dbf6980676f896acccc86e04504abc0fa54e1daf65d0e0fed08db6791d40e3,gx-no-cache=1519910524514 HTTP/1.1" 200 103
200.120.230.197 - - [01/Mar/2018:10:22:46 -0300] "GET /cormun/static/Shared/jqueryui/images/ui-bg_highlight-soft_100_c6c2c8_1x100.png HTTP/1.1" 404 1117
200.120.230.197 - - [01/Mar/2018:10:22:46 -0300] "GET /cormun/static/Shared/jqueryui/images/ui-icons_82798d_256x240.png HTTP/1.1" 404 1089
200.120.230.197 - - [01/Mar/2018:10:22:46 -0300] "GET /cormun/static/Shared/jqueryui/images/ui-bg_flat_55_994d53_40x100.png HTTP/1.1" 404 1097
200.120.230.197 - - [01/Mar/2018:10:22:46 -0300] "GET /cormun/static/Shared/jqueryui/images/ui-icons_ebccce_256x240.png HTTP/1.1" 404 1089
200.120.230.197 - - [01/Mar/2018:10:22:50 -0300] "GET /cormun/servlet/solicitudot?85dbf6980676f896acccc86e04504abc7a7174ea917f1e981236c84d68524310,gx-no-cache=1519910529121 HTTP/1.1" 200 29
200.112.233.47 - - [01/Mar/2018:10:23:05 -0300] "GET /cormun/servlet/hlogin HTTP/1.1" 200 1719
200.112.233.47 - - [01/Mar/2018:10:23:26 -0300] "POST /cormun/servlet/hlogin?13c7d9563861de43817da0e1e19354c4,gx-no-cache=1519910558727 HTTP/1.1" 200 90
200.112.233.47 - - [01/Mar/2018:10:23:26 -0300] "GET /cormun/servlet/hpexe_link HTTP/1.1" 200 952
200.112.233.47 - - [01/Mar/2018:10:23:26 -0300] "GET /cormun/servlet/hhome HTTP/1.1" 200 4100
200.112.233.47 - - [01/Mar/2018:10:23:27 -0300] "GET /cormun/servlet/hhome HTTP/1.1" 200 4096
200.112.5.24 - - [01/Mar/2018:10:23:40 -0300] "GET /cormun/servlet/prbanco?,MD,,gxPopupLevel%3D0%3B HTTP/1.1" 200 6639
200.112.5.24 - - [01/Mar/2018:10:23:40 -0300] "GET /cormun/static/gxcfg.js?20181161016094 HTTP/1.1" 304 -
200.112.5.24 - - [01/Mar/2018:10:23:44 -0300] "GET /cormun/servlet/solicitudot?ce4679f83fb6e3f402696476c1566c037a09783aca108793772cb64738505599,gx-no-cache=1519910577389 HTTP/1.1" 200 94
200.112.5.24 - - [01/Mar/2018:10:23:44 -0300] "GET /cormun/static/Shared/jqueryui/images/ui-bg_highlight-soft_100_c6c2c8_1x100.png HTTP/1.1" 404 1117
200.112.5.24 - - [01/Mar/2018:10:23:44 -0300] "GET /cormun/static/Shared/jqueryui/images/ui-icons_82798d_256x240.png HTTP/1.1" 404 1089
200.112.5.24 - - [01/Mar/2018:10:23:44 -0300] "GET /cormun/static/Shared/jqueryui/images/ui-bg_flat_55_994d53_40x100.png HTTP/1.1" 404 1097
200.112.5.24 - - [01/Mar/2018:10:23:44 -0300] "GET /cormun/static/Shared/jqueryui/images/ui-icons_ebccce_256x240.png HTTP/1.1" 404 1089
200.112.5.24 - - [01/Mar/2018:10:23:45 -0300] "GET /cormun/servlet/solicitudot?ce4679f83fb6e3f402696476c1566c0321cde8832d620e6220cef4ed8e08a692,gx-no-cache=1519910578784 HTTP/1.1" 200 53
200.112.233.47 - - [01/Mar/2018:10:23:50 -0300] "GET /cormun/servlet/trautorizarsolicitud? HTTP/1.1" 200 7208
200.112.233.47 - - [01/Mar/2018:10:23:50 -0300] "GET /cormun/servlet/trautorizarsolicitud? HTTP/1.1" 200 7209
190.46.88.54 - - [01/Mar/2018:10:24:09 -0300] "GET /cormun/servlet/solicitudotadjuntos?b8fff354e689a3f4a1cab2884c73e8ab988afa5e68c654b1f9cc7acbfc3d2200,gx-no-cache=1519910603170 HTTP/1.1" 200 30
190.46.88.54 - - [01/Mar/2018:10:24:09 -0300] "GET /cormun/servlet/solicitudotadjuntos?b8fff354e689a3f4a1cab2884c73e8ab988afa5e68c654b1f9cc7acbfc3d2200,gx-no-cache=1519910603246 HTTP/1.1" 200 30
190.46.88.54 - - [01/Mar/2018:10:24:10 -0300] "POST /cormun/servlet/solicitudotadjuntos?9683977d2508647017c3ef283b8e806f,INS,2018,9773,,1, HTTP/1.1" 200 116
190.46.88.54 - - [01/Mar/2018:10:24:10 -0300] "GET /cormun/servlet/hpexe_return? HTTP/1.1" 200 1028
190.46.88.54 - - [01/Mar/2018:10:24:11 -0300] "GET /cormun/servlet/trsolicitudadjuntos?2018,9773, HTTP/1.1" 200 8655
190.46.88.54 - - [01/Mar/2018:10:24:12 -0300] "GET /cormun/servlet/trsolicitudadjuntos?2018,9773, HTTP/1.1" 200 8650
190.46.88.54 - - [01/Mar/2018:10:24:14 -0300] "GET /cormun/servlet/solicitudotadjuntos?INS,2018,9773,,1, HTTP/1.1" 200 6236
190.46.88.54 - - [01/Mar/2018:10:24:15 -0300] "GET /cormun/static/about:blank HTTP/1.1" 404 1011
190.46.88.54 - - [01/Mar/2018:10:24:15 -0300] "GET /cormun/servlet/solicitudotadjuntos?INS,2018,9773,,1, HTTP/1.1" 200 6230
190.46.88.54 - - [01/Mar/2018:10:24:15 -0300] "GET /cormun/servlet/solicitudotadjuntos?b8fff354e689a3f4a1cab2884c73e8abb76c9e80e185934c7a3cf942ca9beef8e30779407e0535ce7819be9d543b3be3,gx-no-cache=1519910609596 HTTP/1.1" 200 30
190.46.88.54 - - [01/Mar/2018:10:24:16 -0300] "POST /cormun/servlet/solicitudotadjuntos?9683977d2508647017c3ef283b8e806f,INS,2018,9773,,1,,gx-no-cache=1519910609670 HTTP/1.1" 200 4020
200.112.233.47 - - [01/Mar/2018:10:24:17 -0300] "POST /cormun/servlet/trautorizarsolicitud?13c7d9563861de43817da0e1e19354c4,,gx-no-cache=1519910609552 HTTP/1.1" 200 6570
190.46.88.54 - - [01/Mar/2018:10:24:26 -0300] "POST /cormun/servlet/solicitudotadjuntos?gx-no-cache=1519910619859 HTTP/1.1" 200 26
200.112.233.47 - - [01/Mar/2018:10:24:36 -0300] "GET /cormun/servlet/trcontratosolicitud? HTTP/1.1" 200 13868
200.112.233.47 - - [01/Mar/2018:10:24:37 -0300] "GET /cormun/servlet/trcontratosolicitud? HTTP/1.1" 200 13876
200.120.230.197 - - [01/Mar/2018:10:24:43 -0300] "GET /cormun/servlet/solicitudot?85dbf6980676f896acccc86e04504abcb2d4969443c03c4ccacf85c6b45d1e3c19f2eb285e49b98f91128bca5c3679197994f3efe10a5920a72366b299ec904f,gx-no-cache=1519910642355 HTTP/1.1" 200 30
200.120.230.197 - - [01/Mar/2018:10:24:43 -0300] "POST /cormun/servlet/solicitudot?gx-no-cache=1519910642473 HTTP/1.1" 200 240
200.120.230.197 - - [01/Mar/2018:10:24:43 -0300] "GET /cormun/servlet/solicitudot?85dbf6980676f896acccc86e04504abc8a70d5e14fea92f4f47e745f6e1508bb891b928fef57efb67d7bd4e1669acd9ec758bc3aabc454658c3d5f6c4477861573ac169c4f540c6c46618adb8b39ee9ea11219bdd7b14ed0d20f21aa916c568c92eb826d5dcf1b4efb4346c3a7704734621c75fd82b44e318cf3d9d252a6ad66d821282461a525bb2a8168b0185280fc7030640b02073791e213e601f0076ff6031f32cc30c0da4c778bee4e0f29b9b5e436f520f56c93746199e702ad1b16c48afe5f02e4fbf55e5bf6fcd97f0010402cf226a2ec144a1b4545fede34dd7fffe14d33adb0fae1d549b26080697c9769e64566ad47829065a2adcaf28df79e405b258c0af84ea62256c6034304a535694619758c329f7cc2c155da8ac97b53761f4c77605d7c8988d6777f2118a468a4369e6824e0efbe98ba5175607a8aea132a120581092dd53e5bd632984bf695fe86f28d4465f585bf9c418eea61da6c6403ffa5f97af057ec03bcf593fc2a8c11a0a5524ab16c557a210c2b968226df74,gx-no-cache=1519910642586 HTTP/1.1" 200 30
200.112.5.24 - - [01/Mar/2018:10:24:47 -0300] "GET /cormun/servlet/solicitudot?ce4679f83fb6e3f402696476c1566c03fd18d24ccd00352b9ae75a735927444a2e487e77948a825854e64e5a7bd37f3117b34b31bde108001a5a7151c771535d,gx-no-cache=1519910640146 HTTP/1.1" 200 30
200.120.230.197 - - [01/Mar/2018:10:24:47 -0300] "POST /cormun/servlet/solicitudot?gx-no-cache=1519910646122 HTTP/1.1" 200 30
200.120.230.197 - - [01/Mar/2018:10:24:51 -0300] "POST /cormun/servlet/solicitudot?gx-no-cache=1519910649899 HTTP/1.1" 200 1336
200.120.230.197 - - [01/Mar/2018:10:24:51 -0300] "POST /cormun/servlet/solicitudot?gx-no-cache=1519910650151 HTTP/1.1" 200 38
200.112.5.24 - - [01/Mar/2018:10:25:00 -0300] "POST /cormun/servlet/solicitudot?gx-no-cache=1519910653838 HTTP/1.1" 200 256
200.112.233.47 - - [01/Mar/2018:10:25:06 -0300] "GET /cormun/servlet/trautorizarsolicitud? HTTP/1.1" 200 9354
200.112.233.47 - - [01/Mar/2018:10:25:07 -0300] "GET /cormun/servlet/trautorizarsolicitud? HTTP/1.1" 200 9354
200.112.233.47 - - [01/Mar/2018:10:25:13 -0300] "POST /cormun/servlet/trautorizarsolicitud?13c7d9563861de43817da0e1e19354c4,,gx-no-cache=1519910664998 HTTP/1.1" 200 7311
186.79.145.55 - - [01/Mar/2018:10:25:13 -0300] "GET /cormun/servlet/solicitudot?85dbf6980676f896acccc86e04504abceda28fbba67d010b217a27f58447e1e3b809131d116c09b889e97f5a32ee9997ee72e56af6b9aacefb283d102ce83ad5229822718ceef2cea4f1e480f95bbacd5f9c52479d8070e6649d38b8944395e454c76593aed4630f948ede2515d28cd06576af29215c9e525a4db0d7727faeb4dc338a1ed5ab4d7dc4c3f454369a860d6c4e75ed9353dbe1b639e6f956f0647c,gx-no-cache=1519910672304 HTTP/1.1" 200 29
186.79.145.55 - - [01/Mar/2018:10:25:14 -0300] "POST /cormun/servlet/solicitudot?gx-no-cache=1519910672453 HTTP/1.1" 200 1319
186.79.145.55 - - [01/Mar/2018:10:25:14 -0300] "POST /cormun/servlet/solicitudot?gx-no-cache=1519910673118 HTTP/1.1" 200 1218
186.79.145.55 - - [01/Mar/2018:10:25:14 -0300] "GET /cormun/static/menuarrow.gif HTTP/1.1" 404 1015
186.79.145.55 - - [01/Mar/2018:10:25:16 -0300] "POST /cormun/servlet/solicitudot?gx-no-cache=1519910674977 HTTP/1.1" 200 1319
186.79.145.55 - - [01/Mar/2018:10:25:16 -0300] "POST /cormun/servlet/solicitudot?gx-no-cache=1519910675247 HTTP/1.1" 200 1218
186.79.145.55 - - [01/Mar/2018:10:25:18 -0300] "GET /cormun/servlet/solicitudot?85dbf6980676f896acccc86e04504abcfae6873d37700bc51d74f1ecedc42f10d22ffba89a5cfae8086a0f24f6b48ad6,gx-no-cache=1519910676657 HTTP/1.1" 200 30
186.79.145.55 - - [01/Mar/2018:10:25:24 -0300] "POST /cormun/servlet/solicitudot?gx-no-cache=1519910683109 HTTP/1.1" 200 30
186.79.145.55 - - [01/Mar/2018:10:25:37 -0300] "POST /cormun/servlet/solicitudot?87aae33afb1061b07f63c67834ecba52,INS,0,0,,gx-no-cache=1519910694545 HTTP/1.1" 200 11912
200.112.233.47 - - [01/Mar/2018:10:25:47 -0300] "POST /cormun/servlet/trautorizarsolicitud?13c7d9563861de43817da0e1e19354c4,,gx-no-cache=1519910698885 HTTP/1.1" 200 7312
200.112.5.24 - - [01/Mar/2018:10:26:38 -0300] "GET /cormun/servlet/solicitudot?ce4679f83fb6e3f402696476c1566c0322c52f55e264b3946bf72361cb3e7314ffb428d1815d9918d6aa54897f58c04c8987daaa7fd73811ed36a15a2c5952609213dad865e4ec6908801915efaed46bb5f2fa56c9d4b7e191addb92c95041ce8668e00a6fb55b2aef1b3f49db983694cc3f10c1cefe4c5d977649b8066d942f7af1688d6f983aaa4064e27c35cde77f09e01035d8f26065e29b38ef30918790be50fc61fdf2e6dda90cfbe69a95294866c670f307db08511764af994a8706660a1b4e27e1ede01db1a37ecab4fccdaf97106695c0a5134c1870ecf579618d0f9727932ffd1b2f54a33679cbd66f69065a10b2567eb6432f97ac265d954c7015d948bfa1ce58a263b7bfb46326d503bfa2f40514e7bc147650f0a09c6cd729734577ea61f83f2f0d584d8c044eb03c0def00a0066c6fd4786a8bfbbaa7d8bcf39cc4480eb3a78b71f99815beebda7a5ccae5228f97066d79579b4ed40bff7bf7eaee611ec5113fae8e1ddc3f6a7c5026738bddcdbf572b6d2332b4c724ee044c,gx-no-cache=1519910751134 HTTP/1.1" 200 30
200.112.5.24 - - [01/Mar/2018:10:26:41 -0300] "POST /cormun/servlet/solicitudot?gx-no-cache=1519910754464 HTTP/1.1" 200 30
200.112.5.24 - - [01/Mar/2018:10:26:43 -0300] "POST /cormun/servlet/solicitudot?gx-no-cache=1519910756229 HTTP/1.1" 200 1333
200.112.5.24 - - [01/Mar/2018:10:26:43 -0300] "POST /cormun/servlet/solicitudot?gx-no-cache=1519910756422 HTTP/1.1" 200 38
200.112.233.47 - - [01/Mar/2018:10:27:10 -0300] "POST /cormun/servlet/trautorizarsolicitud?13c7d9563861de43817da0e1e19354c4,,gx-no-cache=1519910781896 HTTP/1.1" 200 6575
200.112.233.47 - - [01/Mar/2018:10:27:21 -0300] "POST /cormun/servlet/trautorizarsolicitud?13c7d9563861de43817da0e1e19354c4,,gx-no-cache=1519910792767 HTTP/1.1" 200 13406
200.120.230.197 - - [01/Mar/2018:10:27:47 -0300] "GET /cormun/servlet/trcontratosolicitud? HTTP/1.1" 200 14837
200.120.230.197 - - [01/Mar/2018:10:27:48 -0300] "GET /cormun/static/gxcfg.js?20177612214014 HTTP/1.1" 200 953
200.120.230.197 - - [01/Mar/2018:10:27:48 -0300] "GET /cormun/static/trcontratosolicitud.js?20177612214349 HTTP/1.1" 200 28237
200.120.230.197 - - [01/Mar/2018:10:27:50 -0300] "GET /cormun//static/Resources/PXToolsGridNew.png HTTP/1.1" 200 2949
200.120.230.197 - - [01/Mar/2018:10:27:51 -0300] "GET /cormun/servlet/trcontratosolicitud? HTTP/1.1" 200 14817
200.120.230.197 - - [01/Mar/2018:10:28:13 -0300] "GET /cormun/servlet/trcontratounov2? HTTP/1.1" 200 17688
200.120.230.197 - - [01/Mar/2018:10:28:13 -0300] "GET /cormun/static/gxcfg.js?201752512124396 HTTP/1.1" 200 953
200.120.230.197 - - [01/Mar/2018:10:28:13 -0300] "GET /cormun/static/Resources/PXToolsAddSelectedAction.png HTTP/1.1" 200 3660
200.120.230.197 - - [01/Mar/2018:10:28:14 -0300] "GET /cormun/static/trcontratounov2.js?201752512125146 HTTP/1.1" 200 38486
200.120.230.197 - - [01/Mar/2018:10:28:16 -0300] "GET /cormun/servlet/trcontratounov2? HTTP/1.1" 200 17687
200.112.5.24 - - [01/Mar/2018:10:28:21 -0300] "GET /cormun/servlet/solicitudot?ce4679f83fb6e3f402696476c1566c03f6290a2edfe1474e07695b9244035da4c2f75c4c46b6d499a7b7ecfd441ed540109aab1d6020fc03ce6621d2424b2dc10d07b75f849c1c4e9ee50e9a0eb50de2abb91d59020a2b0d533ab339c44c8c72e9fb7dba0a7966e6d7f79d1b2e59598f,gx-no-cache=1519910854712 HTTP/1.1" 200 29
200.112.5.24 - - [01/Mar/2018:10:28:21 -0300] "POST /cormun/servlet/solicitudot?gx-no-cache=1519910854894 HTTP/1.1" 200 1319
200.112.5.24 - - [01/Mar/2018:10:28:22 -0300] "POST /cormun/servlet/solicitudot?gx-no-cache=1519910855429 HTTP/1.1" 200 1215
200.120.230.197 - - [01/Mar/2018:10:28:34 -0300] "GET /cormun/servlet/trcontratounov2? HTTP/1.1" 200 17692
200.120.230.197 - - [01/Mar/2018:10:28:37 -0300] "GET /cormun/servlet/trcontratounov2? HTTP/1.1" 200 17679
200.112.233.47 - - [01/Mar/2018:10:29:00 -0300] "POST /cormun/servlet/trautorizarsolicitud?13c7d9563861de43817da0e1e19354c4,,gx-no-cache=1519910891994 HTTP/1.1" 200 7311
186.79.145.55 - - [01/Mar/2018:10:29:15 -0300] "GET /cormun/servlet/trcontratosolicitud? HTTP/1.1" 200 14816
186.79.145.55 - - [01/Mar/2018:10:29:17 -0300] "GET /cormun/servlet/trcontratosolicitud? HTTP/1.1" 200 14820
186.79.145.55 - - [01/Mar/2018:10:29:37 -0300] "GET /cormun/servlet/hlogin HTTP/1.1" 200 1737
200.112.233.47 - - [01/Mar/2018:10:29:52 -0300] "POST /cormun/servlet/trautorizarsolicitud?13c7d9563861de43817da0e1e19354c4,,gx-no-cache=1519910944422 HTTP/1.1" 200 7324
200.112.233.47 - - [01/Mar/2018:10:29:52 -0300] "GET /cormun/static/Shared/jqueryui/images/ui-bg_highlight-soft_100_c6c2c8_1x100.png HTTP/1.1" 404 1117
200.112.233.47 - - [01/Mar/2018:10:29:52 -0300] "GET /cormun/static/Shared/jqueryui/images/ui-bg_flat_55_fafafa_40x100.png HTTP/1.1" 404 1097
200.112.233.47 - - [01/Mar/2018:10:29:52 -0300] "GET /cormun/static/Shared/jqueryui/images/ui-icons_82798d_256x240.png HTTP/1.1" 404 1089
200.112.233.47 - - [01/Mar/2018:10:29:52 -0300] "GET /cormun/static/Shared/jqueryui/images/ui-icons_8d78a5_256x240.png HTTP/1.1" 404 1089
200.112.233.47 - - [01/Mar/2018:10:29:58 -0300] "GET /cormun/servlet/trautorizarsolicitud? HTTP/1.1" 200 10085
200.112.233.47 - - [01/Mar/2018:10:29:58 -0300] "GET /cormun/servlet/trautorizarsolicitud? HTTP/1.1" 200 10085
200.112.233.47 - - [01/Mar/2018:10:30:20 -0300] "POST /cormun/servlet/trautorizarsolicitud?13c7d9563861de43817da0e1e19354c4,,gx-no-cache=1519910972305 HTTP/1.1" 200 7319
200.112.233.47 - - [01/Mar/2018:10:30:20 -0300] "GET /cormun/static/Shared/jqueryui/images/ui-bg_highlight-soft_100_c6c2c8_1x100.png HTTP/1.1" 404 1117
200.112.233.47 - - [01/Mar/2018:10:30:20 -0300] "GET /cormun/static/Shared/jqueryui/images/ui-bg_flat_55_fafafa_40x100.png HTTP/1.1" 404 1097
200.112.233.47 - - [01/Mar/2018:10:30:20 -0300] "GET /cormun/static/Shared/jqueryui/images/ui-icons_8d78a5_256x240.png HTTP/1.1" 404 1089
200.112.233.47 - - [01/Mar/2018:10:30:20 -0300] "GET /cormun/static/Shared/jqueryui/images/ui-icons_82798d_256x240.png HTTP/1.1" 404 1089
200.112.233.47 - - [01/Mar/2018:10:30:36 -0300] "POST /cormun/servlet/trautorizarsolicitud?13c7d9563861de43817da0e1e19354c4,,gx-no-cache=1519910988364 HTTP/1.1" 200 6572
200.112.233.47 - - [01/Mar/2018:10:30:47 -0300] "GET /cormun/servlet/trsolicitudot? HTTP/1.1" 200 8688
200.112.233.47 - - [01/Mar/2018:10:30:48 -0300] "GET /cormun/servlet/trsolicitudot? HTTP/1.1" 200 8687
200.112.233.47 - - [01/Mar/2018:10:30:53 -0300] "GET /cormun/servlet/solicitudot?INS,0,0, HTTP/1.1" 200 13557
200.72.197.82 - - [01/Mar/2018:10:30:53 -0300] "GET /cormun/servlet/hlogin HTTP/1.1" 200 1725
186.103.132.155 - - [01/Mar/2018:10:30:54 -0300] "GET /cormun/static/gxtimezone.js?85251 HTTP/1.1" 200 5781
190.151.100.218 - - [01/Mar/2018:10:30:54 -0300] "GET /cormun/static/gxcfg.js?20175251213516 HTTP/1.1" 200 953
200.112.233.47 - - [01/Mar/2018:10:30:54 -0300] "GET /cormun/servlet/solicitudot?INS,0,0, HTTP/1.1" 200 13562
200.72.197.82 - - [01/Mar/2018:10:30:55 -0300] "GET /cormun/static/Resources/Spanish/PXTools.css?11423723 HTTP/1.1" 200 89042
200.72.197.82 - - [01/Mar/2018:10:30:58 -0300] "GET /cormun/static/messages.spa.js?85251 HTTP/1.1" 200 30736
200.72.197.82 - - [01/Mar/2018:10:30:59 -0300] "GET /cormun/static/hlogin.js?20175251213537 HTTP/1.1" 200 2136
200.72.197.82 - - [01/Mar/2018:10:31:00 -0300] "GET /cormun/static/Resources/ComunLogin.png HTTP/1.1" 200 17326
186.67.203.186 - - [01/Mar/2018:10:31:02 -0300] "GET /cormun/static/gxgral.js?85251 HTTP/1.1" 200 384558
186.67.203.186 - - [01/Mar/2018:10:31:03 -0300] "GET /cormun/static/Resources/PXToolsLoginTop.png HTTP/1.1" 200 1337
200.72.197.82 - - [01/Mar/2018:10:31:03 -0300] "GET /cormun/static/Resources/PXToolsLoginBackground.png HTTP/1.1" 200 1164
200.72.197.82 - - [01/Mar/2018:10:31:03 -0300] "GET /cormun/static/Resources/PXToolsButtonBackground2.png HTTP/1.1" 200 1181
186.67.203.186 - - [01/Mar/2018:10:31:03 -0300] "GET /cormun/static/Resources/PXToolsLoginBottom.png HTTP/1.1" 200 1389
190.151.100.218 - - [01/Mar/2018:10:31:03 -0300] "GET /cormun/static/Resources/PXToolsButtonLeft21.png HTTP/1.1" 200 1287
186.103.132.155 - - [01/Mar/2018:10:31:03 -0300] "GET /cormun/static/Resources/PXToolsButtonRight21.png HTTP/1.1" 200 1283
186.103.132.155 - - [01/Mar/2018:10:31:03 -0300] "GET /cormun/static/Resources/indicator.gif HTTP/1.1" 200 1553
190.151.100.218 - - [01/Mar/2018:10:31:03 -0300] "GET /cormun/servlet/hlogin HTTP/1.1" 200 1736
186.67.203.186 - - [01/Mar/2018:10:31:04 -0300] "GET /cormun/static/Resources/indicator.gif HTTP/1.1" 200 1553
190.151.100.218 - - [01/Mar/2018:10:31:04 -0300] "GET /cormun/static/Resources/PXToolsButtonBackground2.png HTTP/1.1" 200 1181
200.112.233.47 - - [01/Mar/2018:10:31:04 -0300] "POST /cormun/servlet/solicitudot?13c7d9563861de43817da0e1e19354c4,INS,0,0,,gx-no-cache=1519911016318 HTTP/1.1" 200 90
200.112.233.47 - - [01/Mar/2018:10:31:04 -0300] "GET /cormun/servlet/hpexe_link HTTP/1.1" 200 962
200.112.233.47 - - [01/Mar/2018:10:31:04 -0300] "GET /cormun/servlet/trsolicitudot HTTP/1.1" 200 8689
200.112.233.47 - - [01/Mar/2018:10:31:05 -0300] "GET /cormun/servlet/trsolicitudot HTTP/1.1" 200 8688
200.111.191.210 - - [01/Mar/2018:10:31:11 -0300] "GET /cormun/servlet/hlogin HTTP/1.1" 200 1726
200.111.191.210 - - [01/Mar/2018:10:31:11 -0300] "GET /cormun/static/gxcfg.js?20175251213516 HTTP/1.1" 200 953
200.111.191.210 - - [01/Mar/2018:10:31:11 -0300] "GET /cormun/static/gxtimezone.js?85251 HTTP/1.1" 200 5781
200.111.191.210 - - [01/Mar/2018:10:31:11 -0300] "GET /cormun/static/Resources/Spanish/PXTools.css?11423723 HTTP/1.1" 200 89042
200.111.191.210 - - [01/Mar/2018:10:31:11 -0300] "GET /cormun/static/messages.spa.js?85251 HTTP/1.1" 200 30736
200.111.191.210 - - [01/Mar/2018:10:31:11 -0300] "GET /cormun/static/hlogin.js?20175251213537 HTTP/1.1" 200 2136
200.111.191.210 - - [01/Mar/2018:10:31:11 -0300] "GET /cormun/static/Resources/ComunLogin.png HTTP/1.1" 200 17326
200.111.191.210 - - [01/Mar/2018:10:31:11 -0300] "GET /cormun/static/Resources/PXToolsLoginTop.png HTTP/1.1" 200 1337
200.111.191.210 - - [01/Mar/2018:10:31:11 -0300] "GET /cormun/static/Resources/PXToolsLoginBackground.png HTTP/1.1" 200 1164
200.111.191.210 - - [01/Mar/2018:10:31:12 -0300] "GET /cormun/static/Resources/PXToolsButtonRight21.png HTTP/1.1" 200 1283
200.111.191.210 - - [01/Mar/2018:10:31:12 -0300] "GET /cormun/static/Resources/PXToolsButtonBackground2.png HTTP/1.1" 200 1181
200.111.191.210 - - [01/Mar/2018:10:31:12 -0300] "GET /cormun/static/Resources/PXToolsButtonLeft21.png HTTP/1.1" 200 1287
200.111.191.210 - - [01/Mar/2018:10:31:12 -0300] "GET /cormun/static/Resources/PXToolsLoginBottom.png HTTP/1.1" 200 1389
200.111.191.210 - - [01/Mar/2018:10:31:12 -0300] "GET /cormun/static/Resources/indicator.gif HTTP/1.1" 200 1553
200.111.191.210 - - [01/Mar/2018:10:31:12 -0300] "GET /cormun/servlet/hlogin HTTP/1.1" 200 1737
200.111.191.210 - - [01/Mar/2018:10:31:18 -0300] "POST /cormun/servlet/hlogin?513ea309d59b00ff35e7c202c5b67261,gx-no-cache=1519911030814 HTTP/1.1" 200 445
200.111.191.210 - - [01/Mar/2018:10:31:20 -0300] "POST /cormun/servlet/hlogin?513ea309d59b00ff35e7c202c5b67261,gx-no-cache=1519911032772 HTTP/1.1" 200 445
200.111.191.210 - - [01/Mar/2018:10:31:23 -0300] "POST /cormun/servlet/hlogin?513ea309d59b00ff35e7c202c5b67261,gx-no-cache=1519911035428 HTTP/1.1" 200 90
200.111.191.210 - - [01/Mar/2018:10:31:23 -0300] "GET /cormun/servlet/hpexe_link HTTP/1.1" 200 956
200.111.191.210 - - [01/Mar/2018:10:31:23 -0300] "GET /cormun/static/gxcfg.js?20177612121792 HTTP/1.1" 200 953
200.111.191.210 - - [01/Mar/2018:10:31:23 -0300] "GET /cormun/static/hpexe_link.js?20177612121795 HTTP/1.1" 200 625
200.111.191.210 - - [01/Mar/2018:10:31:23 -0300] "GET /cormun/static/Resources/Spanish/PXTools.css?1155365 HTTP/1.1" 200 89042
200.111.191.210 - - [01/Mar/2018:10:31:23 -0300] "GET /cormun/servlet/hhome HTTP/1.1" 200 3959
200.111.191.210 - - [01/Mar/2018:10:31:23 -0300] "GET /cormun/static/gxcfg.js?20175251212442 HTTP/1.1" 200 953
200.111.191.210 - - [01/Mar/2018:10:31:23 -0300] "GET /cormun/static/PXToolsJavascripts/pexe_windows.js HTTP/1.1" 200 15207
200.111.191.210 - - [01/Mar/2018:10:31:23 -0300] "GET /cormun/static/PXToolsJavascripts/pexe_griddivfix.js HTTP/1.1" 200 6644
200.111.191.210 - - [01/Mar/2018:10:31:23 -0300] "GET /cormun/static/PXToolsJavascripts/pexe_link.js HTTP/1.1" 200 5671
200.111.191.210 - - [01/Mar/2018:10:31:23 -0300] "GET /cormun/static/PXToolsJavascripts/pexe_popup.js HTTP/1.1" 200 13458
200.111.191.210 - - [01/Mar/2018:10:31:23 -0300] "GET /cormun/static/Shared/jqueryui/jquery-ui.min.css?1245370 HTTP/1.1" 200 30288
200.111.191.210 - - [01/Mar/2018:10:31:23 -0300] "GET /cormun/static/PXToolsJavascripts/pexe_tabdivfix.js HTTP/1.1" 200 876
200.111.191.210 - - [01/Mar/2018:10:31:23 -0300] "GET /cormun/static/PXToolsJavascripts/pexe_tabs.js HTTP/1.1" 200 3748
200.111.191.210 - - [01/Mar/2018:10:31:23 -0300] "GET /cormun/static/hwchdr01.js?201752511465785 HTTP/1.1" 200 1183
200.111.191.210 - - [01/Mar/2018:10:31:23 -0300] "GET /cormun/static/hhome.js?20175251212450 HTTP/1.1" 304 -
200.111.191.210 - - [01/Mar/2018:10:31:23 -0300] "GET /cormun/static/hpexe_recentlink.js?20177611595044 HTTP/1.1" 200 2144
200.111.191.210 - - [01/Mar/2018:10:31:23 -0300] "GET /cormun/static/Resources/PXToolsFooterBackground2.png HTTP/1.1" 200 1172
200.111.191.210 - - [01/Mar/2018:10:31:23 -0300] "GET /cormun/static/Resources/PXToolsHeaderActionsBackground.png HTTP/1.1" 200 484
200.111.191.210 - - [01/Mar/2018:10:31:23 -0300] "GET /cormun/static/Resources/PXToolsHeaderBackground2.png HTTP/1.1" 200 1174
200.111.191.210 - - [01/Mar/2018:10:31:23 -0300] "GET /cormun/static/Resources/PXToolsDataTitle.png HTTP/1.1" 200 1173
200.111.191.210 - - [01/Mar/2018:10:31:23 -0300] "GET /cormun/static/Resources/PXToolsHeaderActionsLeft.png HTTP/1.1" 200 1118
200.111.191.210 - - [01/Mar/2018:10:31:23 -0300] "GET /cormun/static/Resources/logo4.png HTTP/1.1" 200 6582
200.111.191.210 - - [01/Mar/2018:10:31:23 -0300] "GET /cormun/static/Resources/PXToolsHeaderPreferences.png HTTP/1.1" 200 4189
200.111.191.210 - - [01/Mar/2018:10:31:23 -0300] "GET /cormun/static/Resources/PXToolsHeaderActionsRight.png HTTP/1.1" 200 1201
200.111.191.210 - - [01/Mar/2018:10:31:23 -0300] "GET /cormun/static/Resources/PXToolsHeaderSecurity.png HTTP/1.1" 200 4166
200.111.191.210 - - [01/Mar/2018:10:31:23 -0300] "GET /cormun/static/Resources/PXToolsHeaderHome.png HTTP/1.1" 200 4147
200.111.191.210 - - [01/Mar/2018:10:31:23 -0300] "GET /cormun/static/Resources/PXToolsHeaderLogin.png HTTP/1.1" 200 4279
200.111.191.210 - - [01/Mar/2018:10:31:23 -0300] "GET /cormun/static/hpexe_scripts.js?201752511465715 HTTP/1.1" 200 1544
200.111.191.210 - - [01/Mar/2018:10:31:23 -0300] "GET /cormun/static/hpexe_messagecontroller.js?20177611595012 HTTP/1.1" 200 870
200.111.191.210 - - [01/Mar/2018:10:31:23 -0300] "GET /cormun/static/hpexe_messagepopupcomponent.js?20161017169425 HTTP/1.1" 200 605
200.111.191.210 - - [01/Mar/2018:10:31:23 -0300] "GET /cormun/static/cmcontrolpreferences.js?201752511465670 HTTP/1.1" 200 1375
200.111.191.210 - - [01/Mar/2018:10:31:23 -0300] "GET /cormun/static/hpexe_messagegenexuscomponent.js?201752511465344 HTTP/1.1" 200 587
200.111.191.210 - - [01/Mar/2018:10:31:23 -0300] "GET /cormun/static/scaMessage/scaMessageRender.js HTTP/1.1" 200 11977
200.111.191.210 - - [01/Mar/2018:10:31:23 -0300] "GET /cormun/static/hmpwkw03.js?20177612122668 HTTP/1.1" 200 3965
200.111.191.210 - - [01/Mar/2018:10:31:24 -0300] "GET /cormun/servlet/hhome HTTP/1.1" 200 3955
200.112.233.47 - - [01/Mar/2018:10:31:25 -0300] "POST /cormun/servlet/trsolicitudot?13c7d9563861de43817da0e1e19354c4,gx-no-cache=1519911037167 HTTP/1.1" 200 7389
200.111.191.210 - - [01/Mar/2018:10:31:26 -0300] "GET /cormun/servlet/trlicencias? HTTP/1.1" 200 8521
200.111.191.210 - - [01/Mar/2018:10:31:26 -0300] "GET /cormun/static/gxcfg.js?20176272054169 HTTP/1.1" 200 953
200.111.191.210 - - [01/Mar/2018:10:31:26 -0300] "GET /cormun/static/calendar-setup.js?85251 HTTP/1.1" 200 2588
200.111.191.210 - - [01/Mar/2018:10:31:26 -0300] "GET /cormun/static/calendar-es.js?85251 HTTP/1.1" 200 1901
200.111.191.210 - - [01/Mar/2018:10:31:26 -0300] "GET /cormun/static/calendar.js?85251 HTTP/1.1" 200 26246
200.111.191.210 - - [01/Mar/2018:10:31:26 -0300] "GET /cormun/static/Resources/Spanish/PXTools.css?17315867 HTTP/1.1" 200 89042
200.111.191.210 - - [01/Mar/2018:10:31:26 -0300] "GET /cormun/static/gxdec.js?85251 HTTP/1.1" 200 19579
200.111.191.210 - - [01/Mar/2018:10:31:26 -0300] "GET /cormun/static/trlicencias.js?20176272054837 HTTP/1.1" 200 41883
200.111.191.210 - - [01/Mar/2018:10:31:26 -0300] "GET /cormun/static/Resources/PXTools/calendar.png HTTP/1.1" 200 1306
200.111.191.210 - - [01/Mar/2018:10:31:27 -0300] "GET /cormun/static/Resources/PXToolsGridPage.gif HTTP/1.1" 200 725
200.111.191.210 - - [01/Mar/2018:10:31:27 -0300] "GET /cormun/static/Resources/PXToolsDataSearch.png HTTP/1.1" 200 419
200.111.191.210 - - [01/Mar/2018:10:31:27 -0300] "GET /cormun/static/Resources/PXToolsGridNew.png HTTP/1.1" 200 2949
200.111.191.210 - - [01/Mar/2018:10:31:27 -0300] "GET /cormun/static/Resources/PXToolsActionExcel.png HTTP/1.1" 200 3187
200.111.191.210 - - [01/Mar/2018:10:31:27 -0300] "GET /cormun/static/Resources/asc.gif HTTP/1.1" 200 67
200.111.191.210 - - [01/Mar/2018:10:31:27 -0300] "GET /cormun/static/Resources/desc.gif HTTP/1.1" 200 65
200.111.191.210 - - [01/Mar/2018:10:31:27 -0300] "GET /cormun//static/Resources/PXTools/ActionInsert.png HTTP/1.1" 200 1482
200.111.191.210 - - [01/Mar/2018:10:31:27 -0300] "GET /cormun//static/Resources/PXToolsGridDisplay.png HTTP/1.1" 200 362
200.111.191.210 - - [01/Mar/2018:10:31:27 -0300] "GET /cormun//static/Resources/PXToolsActionDisabled.gif HTTP/1.1" 200 53
200.111.191.210 - - [01/Mar/2018:10:31:27 -0300] "GET /cormun//static/Resources/PXToolsActionPrint.png HTTP/1.1" 200 3317
200.111.191.210 - - [01/Mar/2018:10:31:27 -0300] "GET /cormun//static/Resources/PXToolsHeaderHelp.png HTTP/1.1" 200 4055
200.111.191.210 - - [01/Mar/2018:10:31:27 -0300] "GET /cormun//static/Resources/PXToolsHeaderFavorites.png HTTP/1.1" 200 2744
200.111.191.210 - - [01/Mar/2018:10:31:27 -0300] "GET /cormun/servlet/trlicencias? HTTP/1.1" 200 8518
200.112.233.47 - - [01/Mar/2018:10:31:32 -0300] "GET /cormun/servlet/vesolicitudot?2018,8573,, HTTP/1.1" 200 8558
200.112.233.47 - - [01/Mar/2018:10:31:32 -0300] "GET /cormun/pexe_scrolldiv.js HTTP/1.1" 404 1009
200.112.233.47 - - [01/Mar/2018:10:31:33 -0300] "GET /cormun/servlet/vesolicitudot?2018,8573,, HTTP/1.1" 200 8558
200.112.5.24 - - [01/Mar/2018:10:31:41 -0300] "GET /cormun/servlet/solicitudot?ce4679f83fb6e3f402696476c1566c03272c9ec0da98c0dfd824e36b5d6aa72d,gx-no-cache=1519911054518 HTTP/1.1" 200 30
200.112.5.24 - - [01/Mar/2018:10:31:41 -0300] "POST /cormun/servlet/solicitudot?gx-no-cache=1519911054699 HTTP/1.1" 200 30
186.67.203.186 - - [01/Mar/2018:10:31:47 -0300] "POST /cormun/servlet/hlogin?3bc1ad1fd0d44469aa57329a8d694c8b,gx-no-cache=1519911056418 HTTP/1.1" 200 90
186.67.203.186 - - [01/Mar/2018:10:31:47 -0300] "GET /cormun/servlet/hpexe_link HTTP/1.1" 200 956
186.103.161.206 - - [01/Mar/2018:10:31:51 -0300] "GET /cormun/static/gxcfg.js?20177612121792 HTTP/1.1" 200 953
186.67.203.186 - - [01/Mar/2018:10:31:51 -0300] "GET /cormun/static/hpexe_link.js?20177612121795 HTTP/1.1" 200 625
200.111.191.210 - - [01/Mar/2018:10:31:55 -0300] "GET /cormun/servlet/licenciaspermisos?INS,0,,, HTTP/1.1" 200 7484
200.111.191.210 - - [01/Mar/2018:10:31:56 -0300] "GET /cormun/static/gxcfg.js?201762917281167 HTTP/1.1" 200 953
200.111.191.210 - - [01/Mar/2018:10:31:56 -0300] "GET /cormun/static/Resources/prompt.gif HTTP/1.1" 200 902
200.111.191.210 - - [01/Mar/2018:10:31:56 -0300] "GET /cormun/static/licenciaspermisos.js?201762917281260 HTTP/1.1" 200 37491
200.111.191.210 - - [01/Mar/2018:10:31:56 -0300] "GET /cormun/servlet/licenciaspermisos?INS,0,,, HTTP/1.1" 200 7482
200.112.5.24 - - [01/Mar/2018:10:31:57 -0300] "GET /cormun/static/menuarrow.gif HTTP/1.1" 404 1015
200.112.5.24 - - [01/Mar/2018:10:32:00 -0300] "GET /cormun/servlet/solicitudot?ce4679f83fb6e3f402696476c1566c0376f5332f14f5813ee4075757afaa5ee7eeedfcab7ba4c0403a989245b545eb1b,gx-no-cache=1519911073934 HTTP/1.1" 200 30
200.112.233.47 - - [01/Mar/2018:10:32:01 -0300] "GET /cormun/servlet/trsolicitudot? HTTP/1.1" 200 10198
200.112.233.47 - - [01/Mar/2018:10:32:02 -0300] "GET /cormun/servlet/trsolicitudot? HTTP/1.1" 200 10198
200.111.191.210 - - [01/Mar/2018:10:32:08 -0300] "GET /cormun/servlet/licenciaspermisos?c796eec22c0e4d0e8cd1a503a624fc97810975f80b05096e2ec0cdfff175cfc72594eec082fa7a4f995e61090490c8d8,gx-no-cache=1519911081108 HTTP/1.1" 200 105
200.111.191.210 - - [01/Mar/2018:10:32:09 -0300] "POST /cormun/servlet/licenciaspermisos?513ea309d59b00ff35e7c202c5b67261,INS,0,,,,gx-no-cache=1519911081177 HTTP/1.1" 200 4688
200.112.5.24 - - [01/Mar/2018:10:32:15 -0300] "POST /cormun/servlet/solicitudot?gx-no-cache=1519911088639 HTTP/1.1" 200 30
200.112.5.24 - - [01/Mar/2018:10:32:16 -0300] "POST /cormun/servlet/solicitudot?8fdcdf873ee44f96e300bc914ea0383c,INS,0,0,,gx-no-cache=1519911088793 HTTP/1.1" 200 11913
200.112.233.47 - - [01/Mar/2018:10:32:22 -0300] "GET /cormun/servlet/solicitudot?INS,0,0, HTTP/1.1" 200 13558
200.112.233.47 - - [01/Mar/2018:10:32:23 -0300] "GET /cormun/servlet/solicitudot?INS,0,0, HTTP/1.1" 200 13563
