186.103.157.246 - - [01/Mar/2018:15:53:18 -0300] "GET /cormun/static/Resources/PXToolsGridLastDisabled.gif HTTP/1.1" 304 -
186.103.157.246 - - [01/Mar/2018:15:53:18 -0300] "GET /cormun/static/Resources/PXToolsGridPage.gif HTTP/1.1" 304 -
186.103.157.246 - - [01/Mar/2018:15:53:18 -0300] "GET /cormun/static/Resources/PXToolsActionExcel.png HTTP/1.1" 304 -
186.103.157.246 - - [01/Mar/2018:15:53:18 -0300] "GET /cormun/static/Resources/PXToolsGridNew.png HTTP/1.1" 304 -
186.103.157.246 - - [01/Mar/2018:15:53:18 -0300] "GET /cormun/static/gxdec.js?85251 HTTP/1.1" 200 19579
186.103.157.246 - - [01/Mar/2018:15:53:18 -0300] "GET /cormun/static/trsolicitudot.js?201711142259839 HTTP/1.1" 304 -
186.103.157.246 - - [01/Mar/2018:15:53:18 -0300] "GET /cormun/static/Resources/asc.gif HTTP/1.1" 304 -
186.103.157.246 - - [01/Mar/2018:15:53:18 -0300] "GET /cormun/static/Resources/desc.gif HTTP/1.1" 304 -
186.103.157.246 - - [01/Mar/2018:15:53:18 -0300] "GET /cormun/static/Shared/ext/resources/themes/images/default/tools/tool-sprites.gif HTTP/1.1" 304 -
186.103.157.246 - - [01/Mar/2018:15:53:18 -0300] "GET /cormun/static/Shared/ext/resources/themes/images/default/tip/tip-corners.gif HTTP/1.1" 304 -
186.103.157.246 - - [01/Mar/2018:15:53:18 -0300] "GET /cormun/static/Shared/ext/resources/themes/images/default/tip/tip-sides.gif HTTP/1.1" 304 -
200.111.191.210 - - [01/Mar/2018:15:53:18 -0300] "GET /cormun/servlet/trcontratosolicitud? HTTP/1.1" 200 14963
186.103.157.246 - - [01/Mar/2018:15:53:18 -0300] "GET /cormun/static/Shared/ext/resources/themes/images/default/panel/bg-headersPanel.png HTTP/1.1" 304 -
200.111.191.210 - - [01/Mar/2018:15:53:28 -0300] "GET /cormun/servlet/trvisualizadoreventos? HTTP/1.1" 200 6940
200.111.191.210 - - [01/Mar/2018:15:53:28 -0300] "GET /cormun/static/gxcfg.js?20175251251426 HTTP/1.1" 200 953
200.111.191.210 - - [01/Mar/2018:15:53:29 -0300] "GET /cormun/static/trvisualizadoreventos.js?20175251251768 HTTP/1.1" 304 -
200.111.191.210 - - [01/Mar/2018:15:53:29 -0300] "GET /cormun/servlet/trvisualizadoreventos? HTTP/1.1" 200 6940
192.168.10.96 - - [01/Mar/2018:15:53:30 -0300] "GET /cormun/servlet/trsolicitudgral? HTTP/1.1" 200 28351
192.168.10.96 - - [01/Mar/2018:15:53:40 -0300] "GET /cormun/servlet/trsolicitudgral? HTTP/1.1" 200 28351
192.168.10.96 - - [01/Mar/2018:15:53:43 -0300] "POST /cormun/servlet/trsolicitudgral?8aa09d96e9d0ef62f6a23a0d270c345b,,gx-no-cache=1519930254712 HTTP/1.1" 200 25719
186.103.157.246 - - [01/Mar/2018:15:53:46 -0300] "GET /cormun/servlet/solicitudot?INS,0,0, HTTP/1.1" 200 13330
186.103.157.246 - - [01/Mar/2018:15:53:46 -0300] "GET /cormun/static/gxcfg.js?201812313224582 HTTP/1.1" 200 953
186.103.157.246 - - [01/Mar/2018:15:53:46 -0300] "GET /cormun/static/Resources/prompt.gif HTTP/1.1" 304 -
186.103.157.246 - - [01/Mar/2018:15:53:47 -0300] "GET /cormun/static/solicitudot.js?201812313224831 HTTP/1.1" 200 72336
200.111.191.210 - - [01/Mar/2018:15:53:47 -0300] "POST /cormun/servlet/trvisualizadoreventos?c743fe04838aa415c3eab6b154da4bb2,,gx-no-cache=1519930379923 HTTP/1.1" 200 4498
200.111.191.210 - - [01/Mar/2018:15:53:49 -0300] "GET /cormun/static/menuarrow.gif HTTP/1.1" 404 1015
192.168.10.96 - - [01/Mar/2018:15:53:53 -0300] "GET /cormun/servlet/trsolicitudgral? HTTP/1.1" 200 28351
192.168.10.96 - - [01/Mar/2018:15:53:54 -0300] "POST /cormun/servlet/trsolicitudgral?8aa09d96e9d0ef62f6a23a0d270c345b,,gx-no-cache=1519930274059 HTTP/1.1" 200 14414
192.168.10.96 - - [01/Mar/2018:15:53:55 -0300] "GET /cormun/servlet/trsolicitudgral? HTTP/1.1" 200 17547
191.125.59.191 - - [01/Mar/2018:15:53:55 -0300] "POST /cormun/servlet/prfichaempleado?03dc1b970561dc2b39cd0cdba71bb2d2,,MD,,gxPopupLevel%3D0%3B,gx-no-cache=1519930418062 HTTP/1.1" 200 3430
200.111.191.210 - - [01/Mar/2018:15:53:56 -0300] "POST /cormun/servlet/trvisualizadoreventos?c743fe04838aa415c3eab6b154da4bb2,,gx-no-cache=1519930388308 HTTP/1.1" 200 4901
186.103.159.46 - - [01/Mar/2018:15:53:56 -0300] "POST /cormun/servlet/solicitudot?gx-no-cache=1519930388419 HTTP/1.1" 200 3409
186.103.159.46 - - [01/Mar/2018:15:53:57 -0300] "POST /cormun/servlet/solicitudot?ffe4e6422b04176d445a83989ad10005,INS,0,0,,gx-no-cache=1519930388963 HTTP/1.1" 200 10388
200.111.191.210 - - [01/Mar/2018:15:54:03 -0300] "GET /cormun/servlet/trsolicitudot? HTTP/1.1" 200 7404
200.111.191.210 - - [01/Mar/2018:15:54:04 -0300] "GET /cormun/servlet/trsolicitudot? HTTP/1.1" 200 7403
200.111.191.210 - - [01/Mar/2018:15:54:06 -0300] "GET /cormun/servlet/trcontratosolicitud? HTTP/1.1" 200 14983
192.168.10.96 - - [01/Mar/2018:15:54:07 -0300] "POST /cormun/servlet/trsolicitudgral?8aa09d96e9d0ef62f6a23a0d270c345b,,gx-no-cache=1519930287693 HTTP/1.1" 200 7269
200.111.191.210 - - [01/Mar/2018:15:54:07 -0300] "GET /cormun/servlet/trcontratosolicitud? HTTP/1.1" 200 14968
186.103.157.246 - - [01/Mar/2018:15:54:08 -0300] "POST /cormun/servlet/solicitudot?gx-no-cache=1519930399932 HTTP/1.1" 200 3403
186.103.157.246 - - [01/Mar/2018:15:54:09 -0300] "POST /cormun/servlet/solicitudot?a46a192141a957d855cc7ffdf8a197cd,INS,0,0,,gx-no-cache=1519930400438 HTTP/1.1" 200 10381
192.168.10.96 - - [01/Mar/2018:15:54:11 -0300] "POST /cormun/servlet/trsolicitudgral?8aa09d96e9d0ef62f6a23a0d270c345b,,gx-no-cache=1519930291315 HTTP/1.1" 200 14485
186.103.159.46 - - [01/Mar/2018:15:54:21 -0300] "GET /cormun/servlet/solicitudot?1f98912d190e3d180d134005738c7fb7939785e9f6c581af72f5e4dbaacc1c3e0ebbccf41ad76d064dc2bb339beab81f,gx-no-cache=1519930413329 HTTP/1.1" 200 30
186.103.159.46 - - [01/Mar/2018:15:54:21 -0300] "GET /cormun/servlet/solicitudot?1f98912d190e3d180d134005738c7fb73ad7ec4c0fdfb8ad745483c4d8c7ea8733d443d70a510589bb3616489423cd25e21985d686364bc98442eb730e476af7,gx-no-cache=1519930413446 HTTP/1.1" 200 30
186.103.159.46 - - [01/Mar/2018:15:54:21 -0300] "GET /cormun/servlet/solicitudot?1f98912d190e3d180d134005738c7fb7e802b62d63b2a57cf811b1fab5b27c52,gx-no-cache=1519930413560 HTTP/1.1" 200 61
186.103.159.46 - - [01/Mar/2018:15:54:21 -0300] "POST /cormun/servlet/solicitudot?gx-no-cache=1519930413642 HTTP/1.1" 200 255
186.103.159.46 - - [01/Mar/2018:15:54:21 -0300] "GET /cormun/servlet/solicitudot?1f98912d190e3d180d134005738c7fb74ab3878c9861981c62e012d76639d895641f33883ff731de652ff361418edc7948a295acddbfe53ab940f75c0f993c2bb468100b997911ac48feb04de3d410bc3197ecd58e785bb055c00ecdbb4fe8e03fb3cb57cc1a871b914bdeb9f07f06bbb8857acc344a40fcf925cd86a80d1a2f17d8575c3a56ff74cb8a423e0052bf8b7d98639aef4815c3b8fedd61ab05ff22eec142977697ca08e85bdf0baa14c47ff7478b82a1d972a02aa31e2377a33e75b3226d63b67ea19643cb4d75b4899468727c344602160bfd1dd5059e123e5c9aaccc1ad08d512e12e9172d01c8566c059c7e17877a65416bc1098361183f91614deb6a25c74dbfa6e3074320bd9126aad53e14b5b26dbb31036d6cb5b908a9f8db594ac73275a5a20e3e4d5cc34b8a8fe325724c38af7e01d7e943550a85288b2a2647c5ffbff1a8111f5d191935f3ddd44ea219b2f7d848ce0e055405e9ec9ae44cc2b21a41984d06d8e5b9c6f844eee574a7f8ef1fdc61f06719f1f90ce633,gx-no-cache=1519930413767 HTTP/1.1" 200 30
191.125.59.191 - - [01/Mar/2018:15:54:24 -0300] "POST /cormun/servlet/solicitudot?gx-no-cache=1519930446554 HTTP/1.1" 200 3419
191.125.59.191 - - [01/Mar/2018:15:54:25 -0300] "POST /cormun/servlet/solicitudot?03dc1b970561dc2b39cd0cdba71bb2d2,INS,0,0,,gx-no-cache=1519930447496 HTTP/1.1" 200 10573
191.125.59.191 - - [01/Mar/2018:15:54:27 -0300] "GET /cormun/servlet/solicitudot?bbd9b50e36c7a0a10caa5ebf312cd8fba794912cc76a7d36628ddffae2d07a60abeb7aa5b5c1cf11b8b5de99179a80b9,gx-no-cache=1519930449957 HTTP/1.1" 200 30
186.103.157.246 - - [01/Mar/2018:15:54:37 -0300] "GET /cormun/servlet/solicitudot?0e478fbea50d0ff3685199396a0259d93890cfb6739af2fb9a4b82b39b8b24398607f817c2830321ff93452022b8f2ce,gx-no-cache=1519930429556 HTTP/1.1" 200 30
186.103.157.246 - - [01/Mar/2018:15:54:38 -0300] "GET /cormun/servlet/solicitudot?0e478fbea50d0ff3685199396a0259d9d954e47e3a52f3baa42a5c38eea6f010bf91821685d9483874dd63116197615a8607f817c2830321ff93452022b8f2ce,gx-no-cache=1519930429999 HTTP/1.1" 200 30
186.103.157.246 - - [01/Mar/2018:15:54:38 -0300] "GET /cormun/servlet/solicitudot?0e478fbea50d0ff3685199396a0259d9345063da5f9a4850fbfd54afc960d765,gx-no-cache=1519930430402 HTTP/1.1" 200 123
186.103.157.246 - - [01/Mar/2018:15:54:38 -0300] "GET /cormun/static/Shared/jqueryui/images/ui-bg_highlight-soft_100_c6c2c8_1x100.png HTTP/1.1" 404 1117
186.103.157.246 - - [01/Mar/2018:15:54:38 -0300] "GET /cormun/static/Shared/jqueryui/images/ui-icons_82798d_256x240.png HTTP/1.1" 404 1089
186.103.157.246 - - [01/Mar/2018:15:54:38 -0300] "GET /cormun/static/Shared/jqueryui/images/ui-bg_flat_55_994d53_40x100.png HTTP/1.1" 404 1097
186.103.157.246 - - [01/Mar/2018:15:54:38 -0300] "GET /cormun/static/Shared/jqueryui/images/ui-icons_ebccce_256x240.png HTTP/1.1" 404 1089
186.103.157.246 - - [01/Mar/2018:15:54:38 -0300] "POST /cormun/servlet/solicitudot?gx-no-cache=1519930430520 HTTP/1.1" 200 255
186.103.157.246 - - [01/Mar/2018:15:54:38 -0300] "GET /cormun/servlet/solicitudot?0e478fbea50d0ff3685199396a0259d9a663b1f2255c7eb03fb1f0cc5c09dcab5c0dfcf0194d1302103ef49469a554f73896ea01f25f54b4227d75a1ef8e6a2b365ea628266253091afa2efe41efd4730447bec69b5329462c0fa065df7329c06de2d7facfc02715a07651c08d2274afdfcf3e9e65385c8d79040160107274b5a3281f7a33b1d2fa69c6e2dba0d0dae04b079862021425fe37d97795f1018f7b17c31833e6b656bfe596cd0145321e1b4d717346003e37bf7622829e6a968b64a629ee323adb14dd0aebaef66e8ae7573cba2fec46fd00e0a9f707fe072e69b2963eec49576bab8eedfa282d67f2361806babcfba70355c6b7a8ce9bea310eb354f998000b6134b2b8f93db759ec8787eedd8f8b2b16892ebbb337988a2977b310c0b6af151906cfb16f7c4f4fb6dfedee86e882e3a40ff1facf9c31be3f0eb44715ec20de62efe93ac2d7cdd42255f21468764157a858306b913656e5a96b6d0364115ef45b0dceb3d77f003e39234054b32ae93adb2a94f72d4347af18dbe1,gx-no-cache=1519930430690 HTTP/1.1" 200 30
186.67.164.142 - - [01/Mar/2018:15:54:42 -0300] "GET /cormun/servlet/solicitudotcontratos?802417da93e3568bd551da55b417e30785de065d5e176a1acc4b6cf7353333a378144aa34896c2570eb1b2a3b359874effd05ac26fb0cec8d72d6d5430c6e7018f3f6681faf923af201b5cbd97b32e1f1ac05de3555af1c8eedf8c11edf2cc66a95580af80be1f0592fb687c747e1060fbb4cedb873bdf60c62b80662a6e275c,gx-no-cache=1519930436891 HTTP/1.1" 200 30
186.67.164.142 - - [01/Mar/2018:15:54:43 -0300] "POST /cormun/servlet/solicitudotcontratos?cf198ee0c610d0c8484ef047a1c478e5,INS,2018,0,15125451,9,2,2017,3022,NADA,201801,44,M,,gx-no-cache=1519930437025 HTTP/1.1" 200 93
186.67.164.142 - - [01/Mar/2018:15:54:43 -0300] "GET /cormun/servlet/hpexe_return? HTTP/1.1" 200 1051
186.67.164.142 - - [01/Mar/2018:15:54:44 -0300] "GET /cormun/servlet/trcontratosolicitud HTTP/1.1" 200 13711
186.67.164.142 - - [01/Mar/2018:15:54:46 -0300] "GET /cormun/servlet/trcontratosolicitud HTTP/1.1" 200 13709
186.103.157.246 - - [01/Mar/2018:15:54:50 -0300] "POST /cormun/servlet/solicitudot?gx-no-cache=1519930442015 HTTP/1.1" 200 30
192.168.10.96 - - [01/Mar/2018:15:54:50 -0300] "POST /cormun/servlet/trsolicitudgral?8aa09d96e9d0ef62f6a23a0d270c345b,,gx-no-cache=1519930330862 HTTP/1.1" 200 7590
191.125.59.191 - - [01/Mar/2018:15:54:54 -0300] "GET /cormun/servlet/solicitudot?bbd9b50e36c7a0a10caa5ebf312cd8fbd128e55503df0576ac61c9d86e2783a20b8ef808aab0eb6d2ae8f5042940074a6d5a6ef5e4bf7444574f5e785d9f5b0e,gx-no-cache=1519930477819 HTTP/1.1" 200 30
191.125.59.191 - - [01/Mar/2018:15:54:55 -0300] "GET /cormun/servlet/solicitudot?bbd9b50e36c7a0a10caa5ebf312cd8fb575e512399b5bf22377027e35e3b77c3,gx-no-cache=1519930477964 HTTP/1.1" 200 45
191.125.59.191 - - [01/Mar/2018:15:54:55 -0300] "POST /cormun/servlet/solicitudot?gx-no-cache=1519930478051 HTTP/1.1" 200 240
191.125.59.191 - - [01/Mar/2018:15:54:55 -0300] "GET /cormun/servlet/solicitudot?bbd9b50e36c7a0a10caa5ebf312cd8fb58f4a86795ead7cae4ebdcab22b712881cc0b86c452acca2c7d0c744c8e2ebd5204aa342e6700ab42dcad0a88e78252cc8e64cc4adf4f7f68653e8f666be2a4739063c7724aae2db7638990288d186dd9127f063a2d4cee59828e819e370de51fcfbf27a467a052c30bfab440322c523a55be742c476a059d12b88f37b863436d9486a11ba557f0ac9af46e406dbc973a5dd6ce8ad78990d38910ebc7fdf779fc556f2782787a179b5faea1ebc7544c65012d78fa4035e7d21f60c8942b6da49f336f54d678e81c89240b33e91852c3797e32c794ac15a49d15edeb5807977b99646ce21095bfffbff18cee9a27a3d1b317d973ba2cfb3646eb011b6b5697c85fd623b7b6dd02144a5512b4ce4905f6ec82c9846a57bb46f5414f15599723563928c6eea9938f180dc8a261c5f5dcfd423a05924226c1fb395288d9160e6e6953c46b33282225c8aa21d382b92e9631d42f949bc6b52d436dfee0e04f846ae000c5ca5fb3158e5c55916cec2e97dd63b,gx-no-cache=1519930478150 HTTP/1.1" 200 30
186.103.159.43 - - [01/Mar/2018:15:54:57 -0300] "GET /cormun/servlet/trsolicitudot? HTTP/1.1" 200 6384
186.103.159.46 - - [01/Mar/2018:15:54:57 -0300] "POST /cormun/servlet/solicitudot?ffe4e6422b04176d445a83989ad10005,INS,0,0,,gx-no-cache=1519930449158 HTTP/1.1" 200 93
186.103.159.46 - - [01/Mar/2018:15:54:57 -0300] "GET /cormun/servlet/hpexe_return? HTTP/1.1" 200 1008
186.103.159.46 - - [01/Mar/2018:15:54:57 -0300] "GET /cormun/static/Resources/Spanish/PXTools.css?167811 HTTP/1.1" 304 -
186.103.159.46 - - [01/Mar/2018:15:54:57 -0300] "GET /cormun/static/gxcfg.js?2016101716175148 HTTP/1.1" 200 953
186.103.159.46 - - [01/Mar/2018:15:54:57 -0300] "GET /cormun/static/hpexe_return.js?2016101716175153 HTTP/1.1" 304 -
186.103.159.43 - - [01/Mar/2018:15:54:58 -0300] "GET /cormun/servlet/trsolicitudot? HTTP/1.1" 200 6384
186.103.159.46 - - [01/Mar/2018:15:54:58 -0300] "GET /cormun/servlet/trsolicitudot? HTTP/1.1" 200 7173
186.103.159.43 - - [01/Mar/2018:15:54:59 -0300] "GET /cormun/servlet/hlogin HTTP/1.1" 200 1741
186.103.159.46 - - [01/Mar/2018:15:55:00 -0300] "GET /cormun/servlet/trsolicitudot? HTTP/1.1" 200 7169
186.103.159.43 - - [01/Mar/2018:15:55:02 -0300] "POST /cormun/servlet/hlogin?ecb0719b5512c1a19c2b289536de49cd,gx-no-cache=1519930454263 HTTP/1.1" 200 90
186.103.159.43 - - [01/Mar/2018:15:55:02 -0300] "GET /cormun/servlet/hpexe_link HTTP/1.1" 200 953
186.103.159.43 - - [01/Mar/2018:15:55:03 -0300] "GET /cormun/servlet/hhome HTTP/1.1" 200 4163
186.103.159.43 - - [01/Mar/2018:15:55:03 -0300] "GET /cormun/static/SmoothNavMenu/resources/images/right.gif HTTP/1.1" 200 860
186.103.159.43 - - [01/Mar/2018:15:55:04 -0300] "GET /cormun/servlet/hhome HTTP/1.1" 200 4160
186.103.159.46 - - [01/Mar/2018:15:55:05 -0300] "GET /cormun/servlet/solicitudot?INS,0,0, HTTP/1.1" 200 13408
186.103.159.46 - - [01/Mar/2018:15:55:07 -0300] "GET /cormun/servlet/solicitudot?INS,0,0, HTTP/1.1" 200 13413
200.111.191.210 - - [01/Mar/2018:15:55:08 -0300] "GET /cormun/servlet/trcontratoobservaciondir? HTTP/1.1" 200 6385
200.111.191.210 - - [01/Mar/2018:15:55:08 -0300] "GET /cormun/static/gxcfg.js?20175251262281 HTTP/1.1" 200 953
200.111.191.210 - - [01/Mar/2018:15:55:08 -0300] "GET /cormun/static/trcontratoobservaciondir.js?20175251262715 HTTP/1.1" 200 27185
200.111.191.210 - - [01/Mar/2018:15:55:09 -0300] "GET /cormun/servlet/trcontratoobservaciondir? HTTP/1.1" 200 6385
191.125.59.191 - - [01/Mar/2018:15:55:09 -0300] "POST /cormun/servlet/solicitudot?gx-no-cache=1519930492099 HTTP/1.1" 200 30
192.168.10.96 - - [01/Mar/2018:15:55:10 -0300] "POST /cormun/servlet/trsolicitudgral?8aa09d96e9d0ef62f6a23a0d270c345b,,gx-no-cache=1519930351066 HTTP/1.1" 200 14485
192.168.10.89 - - [01/Mar/2018:15:55:11 -0300] "GET /cormun/servlet/hlogin HTTP/1.1" 200 1741
192.168.10.89 - - [01/Mar/2018:15:55:12 -0300] "GET /cormun/servlet/hlogin HTTP/1.1" 200 1731
200.111.191.210 - - [01/Mar/2018:15:55:12 -0300] "GET /cormun/servlet/trcontratounov2? HTTP/1.1" 200 17650
200.111.191.210 - - [01/Mar/2018:15:55:13 -0300] "GET /cormun/servlet/trcontratosolicitud? HTTP/1.1" 200 14962
200.111.191.210 - - [01/Mar/2018:15:55:14 -0300] "GET /cormun/servlet/trcontratosolicitud? HTTP/1.1" 200 14964
191.125.59.191 - - [01/Mar/2018:15:55:19 -0300] "GET /cormun/servlet/prfichaempleado?,MD,,gxPopupLevel%3D0%3B HTTP/1.1" 200 9429
186.103.159.43 - - [01/Mar/2018:15:55:20 -0300] "GET /cormun/servlet/trautorizarsolicitud? HTTP/1.1" 200 8969
186.103.159.43 - - [01/Mar/2018:15:55:20 -0300] "GET /cormun/static/gxcfg.js?2017111423403364 HTTP/1.1" 200 953
186.103.159.43 - - [01/Mar/2018:15:55:21 -0300] "GET /cormun/static/trautorizarsolicitud.js?201711142340425 HTTP/1.1" 200 53910
186.103.159.43 - - [01/Mar/2018:15:55:23 -0300] "GET /cormun/servlet/trautorizarsolicitud? HTTP/1.1" 200 8966
186.103.159.43 - - [01/Mar/2018:15:55:26 -0300] "POST /cormun/servlet/trautorizarsolicitud?ecb0719b5512c1a19c2b289536de49cd,,gx-no-cache=1519930478037 HTTP/1.1" 200 5799
186.103.159.43 - - [01/Mar/2018:15:55:27 -0300] "GET /cormun/static/Shared/jqueryui/images/ui-bg_highlight-soft_100_c6c2c8_1x100.png HTTP/1.1" 404 1117
186.103.159.43 - - [01/Mar/2018:15:55:27 -0300] "GET /cormun/static/Shared/jqueryui/images/ui-icons_82798d_256x240.png HTTP/1.1" 404 1089
186.103.159.43 - - [01/Mar/2018:15:55:27 -0300] "GET /cormun/static/Shared/jqueryui/images/ui-bg_flat_55_fafafa_40x100.png HTTP/1.1" 404 1097
186.103.159.43 - - [01/Mar/2018:15:55:28 -0300] "GET /cormun/static/Shared/jqueryui/images/ui-icons_8d78a5_256x240.png HTTP/1.1" 404 1089
186.103.159.43 - - [01/Mar/2018:15:55:28 -0300] "POST /cormun/servlet/trautorizarsolicitud?ecb0719b5512c1a19c2b289536de49cd,,gx-no-cache=1519930480011 HTTP/1.1" 200 5744
186.103.159.43 - - [01/Mar/2018:15:55:32 -0300] "POST /cormun/servlet/trautorizarsolicitud?ecb0719b5512c1a19c2b289536de49cd,,gx-no-cache=1519930483238 HTTP/1.1" 200 4605
200.111.191.210 - - [01/Mar/2018:15:55:32 -0300] "GET /cormun/servlet/trsolicitudot? HTTP/1.1" 200 7400
200.111.191.210 - - [01/Mar/2018:15:55:33 -0300] "GET /cormun/servlet/trsolicitudot? HTTP/1.1" 200 7400
186.103.159.43 - - [01/Mar/2018:15:55:36 -0300] "POST /cormun/servlet/trautorizarsolicitud?ecb0719b5512c1a19c2b289536de49cd,,gx-no-cache=1519930487814 HTTP/1.1" 200 4382
200.111.191.210 - - [01/Mar/2018:15:55:37 -0300] "POST /cormun/servlet/trsolicitudot?c743fe04838aa415c3eab6b154da4bb2,,gx-no-cache=1519930489876 HTTP/1.1" 200 4466
200.111.191.210 - - [01/Mar/2018:15:55:41 -0300] "POST /cormun/servlet/trsolicitudot?c743fe04838aa415c3eab6b154da4bb2,,gx-no-cache=1519930493189 HTTP/1.1" 200 4468
192.168.10.96 - - [01/Mar/2018:15:55:41 -0300] "POST /cormun/servlet/trsolicitudgral?8aa09d96e9d0ef62f6a23a0d270c345b,,gx-no-cache=1519930380974 HTTP/1.1" 200 14514
192.168.10.96 - - [01/Mar/2018:15:55:41 -0300] "GET /cormun/static/Shared/jqueryui/images/ui-icons_82798d_256x240.png HTTP/1.1" 404 1089
192.168.10.96 - - [01/Mar/2018:15:55:41 -0300] "GET /cormun/static/Shared/jqueryui/images/ui-bg_highlight-soft_100_c6c2c8_1x100.png HTTP/1.1" 404 1117
192.168.10.96 - - [01/Mar/2018:15:55:41 -0300] "GET /cormun/static/Shared/jqueryui/images/ui-icons_8d78a5_256x240.png HTTP/1.1" 404 1089
192.168.10.96 - - [01/Mar/2018:15:55:41 -0300] "GET /cormun/static/Shared/jqueryui/images/ui-bg_flat_55_fafafa_40x100.png HTTP/1.1" 404 1097
200.111.191.210 - - [01/Mar/2018:15:55:45 -0300] "POST /cormun/servlet/trsolicitudot?c743fe04838aa415c3eab6b154da4bb2,,gx-no-cache=1519930497325 HTTP/1.1" 200 5825
200.111.191.210 - - [01/Mar/2018:15:55:54 -0300] "POST /cormun/servlet/trsolicitudot?c743fe04838aa415c3eab6b154da4bb2,,gx-no-cache=1519930506400 HTTP/1.1" 200 4470
191.125.59.191 - - [01/Mar/2018:15:55:54 -0300] "POST /cormun/servlet/prfichaempleado?03dc1b970561dc2b39cd0cdba71bb2d2,,MD,,gxPopupLevel%3D0%3B,gx-no-cache=1519930537135 HTTP/1.1" 200 3537
200.111.191.210 - - [01/Mar/2018:15:56:01 -0300] "POST /cormun/servlet/trsolicitudot?c743fe04838aa415c3eab6b154da4bb2,,gx-no-cache=1519930512928 HTTP/1.1" 200 5826
191.125.59.191 - - [01/Mar/2018:15:56:03 -0300] "GET /cormun/servlet/prlicenciaspermisos?9178795,L,,MD,,gxPopupLevel%3D0%3B HTTP/1.1" 200 7839
191.125.59.191 - - [01/Mar/2018:15:56:07 -0300] "POST /cormun/servlet/solicitudot?gx-no-cache=1519930549938 HTTP/1.1" 200 1337
191.125.59.191 - - [01/Mar/2018:15:56:12 -0300] "POST /cormun/servlet/solicitudot?gx-no-cache=1519930555209 HTTP/1.1" 200 41
191.125.59.191 - - [01/Mar/2018:15:56:17 -0300] "GET /cormun/servlet/solicitudot?bbd9b50e36c7a0a10caa5ebf312cd8fb50ac8633d8b797444965ce1650e19f0f7452aaa1826e84a356620198030c8ccad43973f52bc2d1d8c77dc283c5549cbe848ae1efa047bfa23fe8ca47a36ff9e393c7c334073de9488deaa0be356be960c0496cec6c23ffa20bed7085bff2e1cb2bf14f9a300c4c81a2575a2c5e4588dd915b1af15e05ad9e7957d7a3b2fef4369d262aba79665a1ea7697b2e9796bea6,gx-no-cache=1519930560101 HTTP/1.1" 200 29
191.125.59.191 - - [01/Mar/2018:15:56:17 -0300] "POST /cormun/servlet/solicitudot?gx-no-cache=1519930560231 HTTP/1.1" 200 1319
191.125.59.191 - - [01/Mar/2018:15:56:18 -0300] "POST /cormun/servlet/solicitudot?gx-no-cache=1519930560431 HTTP/1.1" 200 1218
191.125.59.191 - - [01/Mar/2018:15:56:18 -0300] "GET /cormun/static/menuarrow.gif HTTP/1.1" 404 1015
191.125.59.191 - - [01/Mar/2018:15:56:20 -0300] "POST /cormun/servlet/solicitudot?gx-no-cache=1519930562629 HTTP/1.1" 200 1319
191.125.59.191 - - [01/Mar/2018:15:56:20 -0300] "POST /cormun/servlet/solicitudot?gx-no-cache=1519930562983 HTTP/1.1" 200 1218
191.125.59.191 - - [01/Mar/2018:15:56:21 -0300] "GET /cormun/servlet/solicitudot?bbd9b50e36c7a0a10caa5ebf312cd8fbaeac217a963a4ca65b297da8a8740e9b75aaa3e2c92437bb6660765f08fe90ff,gx-no-cache=1519930564614 HTTP/1.1" 200 30
191.125.59.191 - - [01/Mar/2018:15:56:21 -0300] "POST /cormun/servlet/solicitudot?gx-no-cache=1519930564845 HTTP/1.1" 200 34
191.125.59.191 - - [01/Mar/2018:15:56:26 -0300] "POST /cormun/servlet/solicitudot?03dc1b970561dc2b39cd0cdba71bb2d2,INS,0,0,,gx-no-cache=1519930567927 HTTP/1.1" 200 11981
191.125.59.191 - - [01/Mar/2018:15:56:26 -0300] "GET /cormun/static/Shared/jqueryui/images/ui-bg_highlight-soft_100_c6c2c8_1x100.png HTTP/1.1" 404 1117
191.125.59.191 - - [01/Mar/2018:15:56:26 -0300] "GET /cormun/static/Shared/jqueryui/images/ui-icons_82798d_256x240.png HTTP/1.1" 404 1089
191.125.59.191 - - [01/Mar/2018:15:56:26 -0300] "GET /cormun/static/Shared/jqueryui/images/ui-icons_ebccce_256x240.png HTTP/1.1" 404 1089
191.125.59.191 - - [01/Mar/2018:15:56:26 -0300] "GET /cormun/static/Shared/jqueryui/images/ui-bg_flat_55_994d53_40x100.png HTTP/1.1" 404 1097
200.86.95.220 - - [01/Mar/2018:15:56:35 -0300] "POST /cormun/servlet/hlogin?59e40f8257ebef73dfe26622bb597e67,gx-no-cache=1519930548970 HTTP/1.1" 200 90
200.86.95.220 - - [01/Mar/2018:15:56:35 -0300] "GET /cormun/servlet/hpexe_link HTTP/1.1" 200 948
200.86.95.220 - - [01/Mar/2018:15:56:35 -0300] "GET /cormun/servlet/hhome HTTP/1.1" 200 4115
191.125.59.191 - - [01/Mar/2018:15:56:35 -0300] "GET /cormun/servlet/solicitudot?bbd9b50e36c7a0a10caa5ebf312cd8fbff3db23546b7222a4e27b8a3778e3f86ddfde606b56d92087fc28f5f7e988aa2,gx-no-cache=1519930578368 HTTP/1.1" 200 103
191.125.59.191 - - [01/Mar/2018:15:56:35 -0300] "POST /cormun/servlet/solicitudot?gx-no-cache=1519930578555 HTTP/1.1" 200 240
191.125.59.191 - - [01/Mar/2018:15:56:35 -0300] "GET /cormun/servlet/solicitudot?bbd9b50e36c7a0a10caa5ebf312cd8fb58f4a86795ead7cae4ebdcab22b712881cc0b86c452acca2c7d0c744c8e2ebd5204aa342e6700ab42dcad0a88e78252cc8e64cc4adf4f7f68653e8f666be2a4739063c7724aae2db7638990288d186dd9127f063a2d4cee59828e819e370de51fcfbf27a467a052c30bfab440322c523a55be742c476a059d12b88f37b863436d9486a11ba557f0ac9af46e406dbc973a5dd6ce8ad78990d38910ebc7fdf779fc556f2782787a179b5faea1ebc7544c65012d78fa4035e7d21f60c8942b6da49f336f54d678e81c89240b33e91852c3797e32c794ac15a49d15edeb5807977b99646ce21095bfffbff18cee9a27a3d1b317d973ba2cfb3646eb011b6b5697c85fd623b7b6dd02144a5512b4ce4905f6ec82c9846a57bb46f5414f15599723563928c6eea9938f180dc8a261c5f5dcfd423a05924226c1fb395288d9160e6e6953c46b33282225c8aa21d382b92e9631d42f949bc6b52d436dfee0e04f846ae0046e0fcce73fa9bd9e2b30b3ae9c4e48a,gx-no-cache=1519930578714 HTTP/1.1" 200 30
191.125.59.191 - - [01/Mar/2018:15:56:36 -0300] "POST /cormun/servlet/solicitudot?gx-no-cache=1519930578853 HTTP/1.1" 200 30
191.125.59.191 - - [01/Mar/2018:15:56:36 -0300] "POST /cormun/servlet/solicitudot?gx-no-cache=1519930579004 HTTP/1.1" 200 1337
191.125.59.191 - - [01/Mar/2018:15:56:36 -0300] "POST /cormun/servlet/solicitudot?gx-no-cache=1519930579623 HTTP/1.1" 200 41
200.86.95.220 - - [01/Mar/2018:15:56:37 -0300] "GET /cormun/servlet/hhome HTTP/1.1" 200 4111
191.125.59.191 - - [01/Mar/2018:15:56:37 -0300] "POST /cormun/servlet/solicitudot?gx-no-cache=1519930579783 HTTP/1.1" 200 1319
191.125.59.191 - - [01/Mar/2018:15:56:38 -0300] "POST /cormun/servlet/solicitudot?gx-no-cache=1519930580849 HTTP/1.1" 200 1218
191.125.59.191 - - [01/Mar/2018:15:56:38 -0300] "GET /cormun/servlet/solicitudot?bbd9b50e36c7a0a10caa5ebf312cd8fbaeac217a963a4ca65b297da8a8740e9b75aaa3e2c92437bb6660765f08fe90ff,gx-no-cache=1519930581112 HTTP/1.1" 200 30
191.125.59.191 - - [01/Mar/2018:15:56:38 -0300] "POST /cormun/servlet/solicitudot?gx-no-cache=1519930581227 HTTP/1.1" 200 34
191.125.59.191 - - [01/Mar/2018:15:56:39 -0300] "POST /cormun/servlet/solicitudot?03dc1b970561dc2b39cd0cdba71bb2d2,INS,0,0,,gx-no-cache=1519930581328 HTTP/1.1" 200 12037
200.86.95.220 - - [01/Mar/2018:15:56:39 -0300] "GET /cormun/servlet/trautorizarsolicitud? HTTP/1.1" 200 8557
200.86.95.220 - - [01/Mar/2018:15:56:41 -0300] "GET /cormun/servlet/trautorizarsolicitud? HTTP/1.1" 200 8555
186.103.159.46 - - [01/Mar/2018:15:56:42 -0300] "POST /cormun/servlet/solicitudot?gx-no-cache=1519930553606 HTTP/1.1" 200 3409
186.103.159.46 - - [01/Mar/2018:15:56:43 -0300] "POST /cormun/servlet/solicitudot?ffe4e6422b04176d445a83989ad10005,INS,0,0,,gx-no-cache=1519930554553 HTTP/1.1" 200 10389
200.86.95.220 - - [01/Mar/2018:15:56:46 -0300] "POST /cormun/servlet/trautorizarsolicitud?59e40f8257ebef73dfe26622bb597e67,,gx-no-cache=1519930560027 HTTP/1.1" 200 4573
200.86.95.220 - - [01/Mar/2018:15:56:46 -0300] "GET /cormun/static/Shared/jqueryui/images/ui-bg_highlight-soft_100_c6c2c8_1x100.png HTTP/1.1" 404 1117
200.86.95.220 - - [01/Mar/2018:15:56:46 -0300] "GET /cormun/static/Shared/jqueryui/images/ui-icons_82798d_256x240.png HTTP/1.1" 404 1089
200.86.95.220 - - [01/Mar/2018:15:56:46 -0300] "GET /cormun/static/Shared/jqueryui/images/ui-bg_flat_55_fafafa_40x100.png HTTP/1.1" 404 1097
200.86.95.220 - - [01/Mar/2018:15:56:46 -0300] "GET /cormun/static/Shared/jqueryui/images/ui-icons_8d78a5_256x240.png HTTP/1.1" 404 1089
200.86.95.220 - - [01/Mar/2018:15:56:47 -0300] "POST /cormun/servlet/trautorizarsolicitud?59e40f8257ebef73dfe26622bb597e67,,gx-no-cache=1519930560930 HTTP/1.1" 200 4373
186.103.159.46 - - [01/Mar/2018:15:56:50 -0300] "GET /cormun/servlet/solicitudot?1f98912d190e3d180d134005738c7fb7939785e9f6c581af72f5e4dbaacc1c3e0ebbccf41ad76d064dc2bb339beab81f,gx-no-cache=1519930562458 HTTP/1.1" 200 30
186.103.159.46 - - [01/Mar/2018:15:56:50 -0300] "GET /cormun/servlet/solicitudot?1f98912d190e3d180d134005738c7fb73ad7ec4c0fdfb8ad745483c4d8c7ea8733d443d70a510589bb3616489423cd25e21985d686364bc98442eb730e476af7,gx-no-cache=1519930562580 HTTP/1.1" 200 30
186.103.159.46 - - [01/Mar/2018:15:56:50 -0300] "GET /cormun/servlet/solicitudot?1f98912d190e3d180d134005738c7fb7e802b62d63b2a57cf811b1fab5b27c52,gx-no-cache=1519930562667 HTTP/1.1" 200 61
186.103.159.46 - - [01/Mar/2018:15:56:50 -0300] "POST /cormun/servlet/solicitudot?gx-no-cache=1519930562754 HTTP/1.1" 200 255
186.103.159.46 - - [01/Mar/2018:15:56:51 -0300] "GET /cormun/servlet/solicitudot?1f98912d190e3d180d134005738c7fb74ab3878c9861981c62e012d76639d895641f33883ff731de652ff361418edc7948a295acddbfe53ab940f75c0f993c2bb468100b997911ac48feb04de3d410bc3197ecd58e785bb055c00ecdbb4fe8e03fb3cb57cc1a871b914bdeb9f07f06bbb8857acc344a40fcf925cd86a80d1a2f17d8575c3a56ff74cb8a423e0052bf8b7d98639aef4815c3b8fedd61ab05ff22eec142977697ca08e85bdf0baa14c47ff7478b82a1d972a02aa31e2377a33e75b3226d63b67ea19643cb4d75b4899468727c344602160bfd1dd5059e123e5c9aaccc1ad08d512e12e9172d01c8566c059c7e17877a65416bc1098361183f91614deb6a25c74dbfa6e3074320bd9126aad53e14b5b26dbb31036d6cb5b908a9f8db594ac73275a5a20e3e4d5cc34b8a8fe325724c38af7e01d7e943550a85288b2a2647c5ffbff1a8111f5d191935f3ddd44ea219b2f7d848ce0e055405e9ec9ae44cc2b21a41984d06d8e5b9c6f844eee574a7f8ef1fdc61f06719f1f90ce633,gx-no-cache=1519930562878 HTTP/1.1" 200 30
186.103.159.46 - - [01/Mar/2018:15:56:54 -0300] "POST /cormun/servlet/solicitudot?gx-no-cache=1519930566930 HTTP/1.1" 200 30
186.103.159.46 - - [01/Mar/2018:15:57:02 -0300] "POST /cormun/servlet/solicitudot?gx-no-cache=1519930574544 HTTP/1.1" 200 1336
186.103.159.46 - - [01/Mar/2018:15:57:02 -0300] "POST /cormun/servlet/solicitudot?gx-no-cache=1519930574783 HTTP/1.1" 200 38
186.103.159.46 - - [01/Mar/2018:15:57:18 -0300] "POST /cormun/servlet/solicitudot?ffe4e6422b04176d445a83989ad10005,INS,0,0,,gx-no-cache=1519930590380 HTTP/1.1" 200 93
186.103.159.46 - - [01/Mar/2018:15:57:18 -0300] "GET /cormun/servlet/hpexe_return? HTTP/1.1" 200 1008
186.103.159.46 - - [01/Mar/2018:15:57:19 -0300] "GET /cormun/servlet/trsolicitudot HTTP/1.1" 200 7173
186.103.159.46 - - [01/Mar/2018:15:57:21 -0300] "GET /cormun/servlet/trsolicitudot HTTP/1.1" 200 7169
200.120.230.197 - - [01/Mar/2018:15:57:37 -0300] "GET /cormun/servlet/hlogin HTTP/1.1" 200 1720
200.120.230.197 - - [01/Mar/2018:15:57:38 -0300] "GET /cormun/static/messages.spa.js?85251 HTTP/1.1" 304 -
200.120.230.197 - - [01/Mar/2018:15:57:39 -0300] "GET /cormun/servlet/hlogin HTTP/1.1" 200 1731
191.125.59.191 - - [01/Mar/2018:15:57:41 -0300] "GET /cormun/servlet/solicitudot?bbd9b50e36c7a0a10caa5ebf312cd8fba9f30c71ed083e70458a190bfed8dfaf63c582a020ed7f1e2d4699478baea89f54b79fd58874fb477f748a190a12a4c6,gx-no-cache=1519930644234 HTTP/1.1" 200 30
191.125.59.191 - - [01/Mar/2018:15:57:42 -0300] "POST /cormun/servlet/solicitudot?gx-no-cache=1519930644442 HTTP/1.1" 200 240
191.125.59.191 - - [01/Mar/2018:15:57:42 -0300] "GET /cormun/servlet/solicitudot?bbd9b50e36c7a0a10caa5ebf312cd8fb58f4a86795ead7cae4ebdcab22b712881cc0b86c452acca2c7d0c744c8e2ebd5204aa342e6700ab42dcad0a88e78252cc8e64cc4adf4f7f68653e8f666be2a4739063c7724aae2db7638990288d186dd9127f063a2d4cee59828e819e370de51fcfbf27a467a052c30bfab440322c523a55be742c476a059d12b88f37b863436d9486a11ba557f0ac9af46e406dbc973a5dd6ce8ad78990d38910ebc7fdf779fc556f2782787a179b5faea1ebc7544c65012d78fa4035e7d21f60c8942b6da49f336f54d678e81c89240b33e91852c3797e32c794ac15a49d15edeb5807977b99646ce21095bfffbff18cee9a27a3d1b317d973ba2cfb3646eb011b6b5697c85fd623b7b6dd02144a5512b4ce4905f6ec82c9846a57bb46f5414f15599723563928c6eea9938f180dc8a261c5f5dcfd423a05924226c1fb395288d9160e6e6953c46b33282225c8aa21d382b92e9631d42f949bc6b52d436dfee0e04f846ae0046e0fcce73fa9bd9e2b30b3ae9c4e48a,gx-no-cache=1519930644998 HTTP/1.1" 200 30
191.125.59.191 - - [01/Mar/2018:15:57:42 -0300] "POST /cormun/servlet/solicitudot?gx-no-cache=1519930645141 HTTP/1.1" 200 30
191.125.59.191 - - [01/Mar/2018:15:57:42 -0300] "POST /cormun/servlet/solicitudot?gx-no-cache=1519930645570 HTTP/1.1" 200 1337
191.125.59.191 - - [01/Mar/2018:15:57:43 -0300] "POST /cormun/servlet/solicitudot?gx-no-cache=1519930646286 HTTP/1.1" 200 41
191.125.59.191 - - [01/Mar/2018:15:57:43 -0300] "POST /cormun/servlet/solicitudot?gx-no-cache=1519930646391 HTTP/1.1" 200 1319
191.125.59.191 - - [01/Mar/2018:15:57:43 -0300] "POST /cormun/servlet/solicitudot?gx-no-cache=1519930646574 HTTP/1.1" 200 1218
191.125.59.191 - - [01/Mar/2018:15:57:43 -0300] "GET /cormun/servlet/solicitudot?bbd9b50e36c7a0a10caa5ebf312cd8fbaeac217a963a4ca65b297da8a8740e9b75aaa3e2c92437bb6660765f08fe90ff,gx-no-cache=1519930646752 HTTP/1.1" 200 30
191.125.59.191 - - [01/Mar/2018:15:57:43 -0300] "POST /cormun/servlet/solicitudot?gx-no-cache=1519930646834 HTTP/1.1" 200 34
191.125.59.191 - - [01/Mar/2018:15:57:45 -0300] "POST /cormun/servlet/solicitudot?03dc1b970561dc2b39cd0cdba71bb2d2,INS,0,0,,gx-no-cache=1519930646936 HTTP/1.1" 200 12084
200.120.230.197 - - [01/Mar/2018:15:57:48 -0300] "POST /cormun/servlet/hlogin?84e57db587dd95d5727bcaa4c070e24d,gx-no-cache=1519930626604 HTTP/1.1" 200 90
200.120.230.197 - - [01/Mar/2018:15:57:48 -0300] "GET /cormun/servlet/hpexe_link HTTP/1.1" 200 953
200.120.230.197 - - [01/Mar/2018:15:57:48 -0300] "GET /cormun/servlet/hhome HTTP/1.1" 200 4228
200.120.230.197 - - [01/Mar/2018:15:57:50 -0300] "GET /cormun/servlet/hhome HTTP/1.1" 200 4224
191.125.59.191 - - [01/Mar/2018:15:57:54 -0300] "GET /cormun/servlet/solicitudot?bbd9b50e36c7a0a10caa5ebf312cd8fbff3db23546b7222a4e27b8a3778e3f86ddfde606b56d92087fc28f5f7e988aa2,gx-no-cache=1519930657200 HTTP/1.1" 200 103
191.125.59.191 - - [01/Mar/2018:15:57:54 -0300] "POST /cormun/servlet/solicitudot?gx-no-cache=1519930657343 HTTP/1.1" 200 240
191.125.59.191 - - [01/Mar/2018:15:57:54 -0300] "GET /cormun/servlet/solicitudot?bbd9b50e36c7a0a10caa5ebf312cd8fb58f4a86795ead7cae4ebdcab22b712881cc0b86c452acca2c7d0c744c8e2ebd5204aa342e6700ab42dcad0a88e78252cc8e64cc4adf4f7f68653e8f666be2a4739063c7724aae2db7638990288d186dd9127f063a2d4cee59828e819e370de51fcfbf27a467a052c30bfab440322c523a55be742c476a059d12b88f37b863436d9486a11ba557f0ac9af46e406dbc973a5dd6ce8ad78990d38910ebc7fdf779fc556f2782787a179b5faea1ebc7544c65012d78fa4035e7d21f60c8942b6da49f336f54d678e81c89240b33e91852c3797e32c794ac15a49d15edeb5807977b99646ce21095bfffbff18cee9a27a3d1b317d973ba2cfb3646eb011b6b5697c85fd623b7b6dd02144a5512b4ce4905f6ec82c9846a57bb46f5414f15599723563928c6eea9938f180dc8a261c5f5dcfd423a05924226c1fb395288d9160e6e6953c46b33282225c8aa21d382b92e9631d42f949bc6b52d436dfee0e04f846ae0046e0fcce73fa9bd9e2b30b3ae9c4e48a,gx-no-cache=1519930657491 HTTP/1.1" 200 30
191.125.59.191 - - [01/Mar/2018:15:57:54 -0300] "POST /cormun/servlet/solicitudot?gx-no-cache=1519930657630 HTTP/1.1" 200 30
191.125.59.191 - - [01/Mar/2018:15:57:55 -0300] "POST /cormun/servlet/solicitudot?gx-no-cache=1519930657751 HTTP/1.1" 200 1337
191.125.59.191 - - [01/Mar/2018:15:57:55 -0300] "POST /cormun/servlet/solicitudot?gx-no-cache=1519930658087 HTTP/1.1" 200 41
191.125.59.191 - - [01/Mar/2018:15:57:55 -0300] "POST /cormun/servlet/solicitudot?gx-no-cache=1519930658185 HTTP/1.1" 200 1319
191.125.59.191 - - [01/Mar/2018:15:57:55 -0300] "POST /cormun/servlet/solicitudot?gx-no-cache=1519930658376 HTTP/1.1" 200 1218
191.125.59.191 - - [01/Mar/2018:15:57:55 -0300] "GET /cormun/servlet/solicitudot?bbd9b50e36c7a0a10caa5ebf312cd8fbaeac217a963a4ca65b297da8a8740e9b75aaa3e2c92437bb6660765f08fe90ff,gx-no-cache=1519930658553 HTTP/1.1" 200 30
191.125.59.191 - - [01/Mar/2018:15:57:55 -0300] "POST /cormun/servlet/solicitudot?gx-no-cache=1519930658640 HTTP/1.1" 200 34
191.125.59.191 - - [01/Mar/2018:15:57:56 -0300] "POST /cormun/servlet/solicitudot?03dc1b970561dc2b39cd0cdba71bb2d2,INS,0,0,,gx-no-cache=1519930658733 HTTP/1.1" 200 12150
200.120.230.197 - - [01/Mar/2018:15:58:00 -0300] "GET /cormun/servlet/trlicencias? HTTP/1.1" 200 10624
200.120.230.197 - - [01/Mar/2018:15:58:00 -0300] "GET /cormun/static/gxcfg.js?20176272054169 HTTP/1.1" 304 -
200.120.230.197 - - [01/Mar/2018:15:58:02 -0300] "GET /cormun/servlet/trlicencias? HTTP/1.1" 200 10624
191.125.59.191 - - [01/Mar/2018:15:58:25 -0300] "GET /cormun/servlet/trsolicitudot? HTTP/1.1" 200 22141
191.125.59.191 - - [01/Mar/2018:15:58:27 -0300] "GET /cormun/servlet/trsolicitudot? HTTP/1.1" 200 22135
186.79.145.55 - - [01/Mar/2018:15:58:32 -0300] "GET /cormun/servlet/trsolicitudot? HTTP/1.1" 200 7437
186.79.145.55 - - [01/Mar/2018:15:58:34 -0300] "GET /cormun/servlet/trsolicitudot? HTTP/1.1" 200 7437
186.79.145.55 - - [01/Mar/2018:15:58:38 -0300] "GET /cormun/servlet/solicitudot?INS,0,0, HTTP/1.1" 200 13669
186.79.145.55 - - [01/Mar/2018:15:58:40 -0300] "GET /cormun/servlet/solicitudot?INS,0,0, HTTP/1.1" 200 13675
186.79.145.55 - - [01/Mar/2018:15:58:48 -0300] "POST /cormun/servlet/solicitudot?gx-no-cache=1519930686524 HTTP/1.1" 200 3367
186.79.145.55 - - [01/Mar/2018:15:58:48 -0300] "GET /cormun/static/Shared/jqueryui/images/ui-bg_highlight-soft_100_c6c2c8_1x100.png HTTP/1.1" 404 1117
186.79.145.55 - - [01/Mar/2018:15:58:48 -0300] "GET /cormun/static/Shared/jqueryui/images/ui-icons_82798d_256x240.png HTTP/1.1" 404 1089
186.79.145.55 - - [01/Mar/2018:15:58:48 -0300] "GET /cormun/static/Shared/jqueryui/images/ui-bg_flat_55_994d53_40x100.png HTTP/1.1" 404 1097
200.120.230.197 - - [01/Mar/2018:15:58:48 -0300] "GET /cormun/static/Shared/jqueryui/images/ui-icons_ebccce_256x240.png HTTP/1.1" 404 1089
191.125.59.191 - - [01/Mar/2018:15:59:15 -0300] "GET /cormun/servlet/trsolicitudot? HTTP/1.1" 200 22135
191.125.59.191 - - [01/Mar/2018:15:59:17 -0300] "GET /cormun/servlet/trsolicitudot? HTTP/1.1" 200 22135
186.79.145.55 - - [01/Mar/2018:15:59:27 -0300] "GET /cormun/servlet/trlicencias? HTTP/1.1" 200 10628
186.79.145.55 - - [01/Mar/2018:15:59:30 -0300] "GET /cormun/servlet/trlicencias? HTTP/1.1" 200 10624
186.103.159.46 - - [01/Mar/2018:16:00:53 -0300] "GET /cormun/servlet/trsolicitudot? HTTP/1.1" 200 7169
186.103.159.46 - - [01/Mar/2018:16:00:55 -0300] "GET /cormun/servlet/trsolicitudot? HTTP/1.1" 200 7169
186.103.157.246 - - [01/Mar/2018:16:00:56 -0300] "POST /cormun/servlet/solicitudot?gx-no-cache=1519930808956 HTTP/1.1" 200 1337
186.103.157.246 - - [01/Mar/2018:16:00:57 -0300] "POST /cormun/servlet/solicitudot?gx-no-cache=1519930809176 HTTP/1.1" 200 38
186.103.159.46 - - [01/Mar/2018:16:01:00 -0300] "GET /cormun/servlet/solicitudot?INS,0,0, HTTP/1.1" 200 13407
186.103.159.46 - - [01/Mar/2018:16:01:03 -0300] "GET /cormun/servlet/solicitudot?INS,0,0, HTTP/1.1" 200 13411
200.111.191.210 - - [01/Mar/2018:16:01:03 -0300] "GET /cormun/servlet/trfichaempleado? HTTP/1.1" 200 14790
200.111.191.210 - - [01/Mar/2018:16:01:03 -0300] "GET /cormun/static/gxcfg.js?20177616262612 HTTP/1.1" 200 953
200.111.191.210 - - [01/Mar/2018:16:01:03 -0300] "GET /cormun/static/trfichaempleado.js?20177616262887 HTTP/1.1" 200 22815
200.112.5.24 - - [01/Mar/2018:16:01:18 -0300] "GET /cormun/servlet/hlogin HTTP/1.1" 200 1714
200.112.5.24 - - [01/Mar/2018:16:01:21 -0300] "POST /cormun/servlet/hlogin?967dcc457eb7e7525ced539ca81c94c0,gx-no-cache=1519930834386 HTTP/1.1" 200 90
200.112.5.24 - - [01/Mar/2018:16:01:21 -0300] "GET /cormun/servlet/hpexe_link HTTP/1.1" 200 944
200.112.5.24 - - [01/Mar/2018:16:01:22 -0300] "GET /cormun/servlet/hhome HTTP/1.1" 200 3981
186.103.159.46 - - [01/Mar/2018:16:01:22 -0300] "POST /cormun/servlet/solicitudot?gx-no-cache=1519930834135 HTTP/1.1" 200 3399
192.168.10.89 - - [01/Mar/2018:16:01:23 -0300] "GET /cormun/servlet/hlogin HTTP/1.1" 200 1710
200.112.5.24 - - [01/Mar/2018:16:01:23 -0300] "GET /cormun/servlet/hhome HTTP/1.1" 200 3977
186.103.159.46 - - [01/Mar/2018:16:01:23 -0300] "POST /cormun/servlet/solicitudot?ffe4e6422b04176d445a83989ad10005,INS,0,0,,gx-no-cache=1519930834755 HTTP/1.1" 200 10376
200.112.5.24 - - [01/Mar/2018:16:01:29 -0300] "GET /cormun/servlet/trsolicitudot? HTTP/1.1" 200 7195
200.112.5.24 - - [01/Mar/2018:16:01:30 -0300] "GET /cormun/servlet/trsolicitudot? HTTP/1.1" 200 7194
192.168.10.89 - - [01/Mar/2018:16:01:31 -0300] "POST /cormun/servlet/hlogin?2fdf7849505b8ca164c076caac8ae72b,gx-no-cache=1519930732630 HTTP/1.1" 200 90
192.168.10.89 - - [01/Mar/2018:16:01:31 -0300] "GET /cormun/servlet/hpexe_link HTTP/1.1" 200 942
192.168.10.89 - - [01/Mar/2018:16:01:31 -0300] "GET /cormun/servlet/hhome HTTP/1.1" 200 4911
200.112.5.24 - - [01/Mar/2018:16:01:32 -0300] "GET /cormun/servlet/solicitudot?INS,0,0, HTTP/1.1" 200 13444
200.112.5.24 - - [01/Mar/2018:16:01:34 -0300] "GET /cormun/servlet/solicitudot?INS,0,0, HTTP/1.1" 200 13449
192.168.10.89 - - [01/Mar/2018:16:01:37 -0300] "GET /cormun/servlet/trsolicitudgral? HTTP/1.1" 200 28582
200.112.5.24 - - [01/Mar/2018:16:01:45 -0300] "GET /cormun/servlet/prfichaempleado?,MD,,gxPopupLevel%3D0%3B HTTP/1.1" 200 9333
200.112.5.24 - - [01/Mar/2018:16:01:45 -0300] "GET /cormun/static/gxcfg.js?20177612134814 HTTP/1.1" 200 953
200.112.5.24 - - [01/Mar/2018:16:01:45 -0300] "GET /cormun/static/prfichaempleado.js?20177612134999 HTTP/1.1" 200 16006
192.168.10.89 - - [01/Mar/2018:16:01:53 -0300] "POST /cormun/servlet/trsolicitudgral?2fdf7849505b8ca164c076caac8ae72b,,gx-no-cache=1519930751517 HTTP/1.1" 200 24573
186.103.157.246 - - [01/Mar/2018:16:01:57 -0300] "GET /cormun/servlet/solicitudot?0e478fbea50d0ff3685199396a0259d9aaa74f6f32df2d09bd1f8468a8edaefb0f24502050dd9fe7e01599a3768c0edd878f5320e6ce845a6c3c3d8646d5c81ed29ce24f674c191f12f647226bb6f081e4e07ee610efdaeda4bf3b9285c1d623d60f95496a39be3c5562175122743ce01fb2629c833319710f982a0db4cea578c73880ad32aef3d2924ef807c908ee52bb42659c4234b2c29426b846b5ad0c87,gx-no-cache=1519930869556 HTTP/1.1" 200 29
186.103.157.246 - - [01/Mar/2018:16:01:58 -0300] "POST /cormun/servlet/solicitudot?gx-no-cache=1519930869998 HTTP/1.1" 200 1319
186.103.157.246 - - [01/Mar/2018:16:01:58 -0300] "POST /cormun/servlet/solicitudot?gx-no-cache=1519930870330 HTTP/1.1" 200 1218
192.168.10.89 - - [01/Mar/2018:16:01:59 -0300] "POST /cormun/servlet/trsolicitudgral?2fdf7849505b8ca164c076caac8ae72b,,gx-no-cache=1519930759991 HTTP/1.1" 200 7287
200.112.5.24 - - [01/Mar/2018:16:02:07 -0300] "POST /cormun/servlet/prfichaempleado?967dcc457eb7e7525ced539ca81c94c0,,MD,,gxPopupLevel%3D0%3B,gx-no-cache=1519930879546 HTTP/1.1" 200 3413
200.112.5.24 - - [01/Mar/2018:16:02:11 -0300] "POST /cormun/servlet/solicitudot?gx-no-cache=1519930883476 HTTP/1.1" 200 3403
200.112.5.24 - - [01/Mar/2018:16:02:12 -0300] "POST /cormun/servlet/solicitudot?967dcc457eb7e7525ced539ca81c94c0,INS,0,0,,gx-no-cache=1519930884117 HTTP/1.1" 200 10374
200.112.5.24 - - [01/Mar/2018:16:02:12 -0300] "GET /cormun/servlet/solicitudot?4b1a39067e6ef0e2f34430dc6ee8bee2fef0088730c574ecb3e2f2d7a9812e090ddfc3889a5058caa03572f17e10acb4,gx-no-cache=1519930885180 HTTP/1.1" 200 30
200.120.230.197 - - [01/Mar/2018:16:02:19 -0300] "GET /cormun/servlet/trsolicitudot? HTTP/1.1" 200 7437
200.112.5.24 - - [01/Mar/2018:16:02:20 -0300] "GET /cormun/servlet/solicitudot?4b1a39067e6ef0e2f34430dc6ee8bee2f00bb98e5c891f402563dceda9587548f36b0a423ef3c118f9f4293af38670ae14550307a5b1c766139cb10fab88767b,gx-no-cache=1519930893523 HTTP/1.1" 200 30
200.112.5.24 - - [01/Mar/2018:16:02:20 -0300] "GET /cormun/servlet/solicitudot?4b1a39067e6ef0e2f34430dc6ee8bee2fc472bed8a82d76da82459045914bba2,gx-no-cache=1519930893625 HTTP/1.1" 200 51
200.112.5.24 - - [01/Mar/2018:16:02:20 -0300] "POST /cormun/servlet/solicitudot?gx-no-cache=1519930893732 HTTP/1.1" 200 297
200.112.5.24 - - [01/Mar/2018:16:02:21 -0300] "GET /cormun/servlet/solicitudot?4b1a39067e6ef0e2f34430dc6ee8bee28428d7c96fbe2e5e62f69fcda8ab2bf78a6c72f692ce3f32e2337b789ac5ceab1b72c56c69b0ff6db76e5071d8c89f5425fcb968dafde703fa7d4d456101330defcba4e6f2eae8f8c8dfbe6cf5581fa716246170dc958cebbe14fbc703f88970ceb7e63a37dfc238e998ff19100222fc7dce892e15dc4d019068a0ee6aa588c154427e1ea84ccc7ffd20c3be941b52ae4e31d61fb96b69210587901766fdce02faa65c398156c4fa449bc69658c207c3676b50aca25c284cff8f7c3afc9ff563e0d7a96bf5ca1ed23405ba6e00bdbaf0d9fc64f5ef5131dfceae4e2553382ff4836744e1cb82e78a4fcb7995fa31ddbcf4d990fa627e3dd75a30db52f74ebea7b9b184769f172bc636c442315ed39a45cff7e1f0bc2a31d536af8170930b3d0aec93f3c175a579021933e75fe74546f8b8e6386e34a3db39c65d1af5e0f15b9414d4325605b708fbc7bc892a344d64f19f293c70f996c4923bb37fc961454866d0ab4a6e7a1e2be5bae6e7f3ecc7c9986a4c3d7b8c85c079790c7d74fecddc03,gx-no-cache=1519930893871 HTTP/1.1" 200 30
200.120.230.197 - - [01/Mar/2018:16:02:22 -0300] "GET /cormun/servlet/trsolicitudot? HTTP/1.1" 200 7437
200.112.5.24 - - [01/Mar/2018:16:02:24 -0300] "POST /cormun/servlet/solicitudot?gx-no-cache=1519930896877 HTTP/1.1" 200 30
200.120.230.197 - - [01/Mar/2018:16:02:28 -0300] "GET /cormun/servlet/solicitudot?INS,0,0, HTTP/1.1" 200 13670
200.112.5.24 - - [01/Mar/2018:16:02:29 -0300] "POST /cormun/servlet/solicitudot?gx-no-cache=1519930902647 HTTP/1.1" 200 1336
200.112.5.24 - - [01/Mar/2018:16:02:29 -0300] "POST /cormun/servlet/solicitudot?gx-no-cache=1519930902846 HTTP/1.1" 200 38
200.120.230.197 - - [01/Mar/2018:16:02:31 -0300] "GET /cormun/servlet/solicitudot?INS,0,0, HTTP/1.1" 200 13675
186.79.145.55 - - [01/Mar/2018:16:02:42 -0300] "POST /cormun/servlet/solicitudot?gx-no-cache=1519930920230 HTTP/1.1" 200 3409
186.79.145.55 - - [01/Mar/2018:16:02:43 -0300] "POST /cormun/servlet/solicitudot?84e57db587dd95d5727bcaa4c070e24d,INS,0,0,,gx-no-cache=1519930921028 HTTP/1.1" 200 10544
186.103.157.246 - - [01/Mar/2018:16:02:44 -0300] "GET /cormun/static/menuarrow.gif HTTP/1.1" 404 1015
186.79.145.55 - - [01/Mar/2018:16:02:49 -0300] "GET /cormun/servlet/solicitudot?f69ea8441c58b9c1daad29e3ee0ef7d34fb0fe96f524f53093022b92e51ca43abc974cf1bddf1f54b95782f6754a48d3,gx-no-cache=1519930927768 HTTP/1.1" 200 30
186.103.157.246 - - [01/Mar/2018:16:02:49 -0300] "GET /cormun/servlet/solicitudot?0e478fbea50d0ff3685199396a0259d909e73aab8671e7e3ed1e2f70c144bc14b06a0bf1c9f5a5bcacf8fec605c8440c,gx-no-cache=1519930921045 HTTP/1.1" 200 30
186.79.145.55 - - [01/Mar/2018:16:02:49 -0300] "GET /cormun/servlet/solicitudot?f69ea8441c58b9c1daad29e3ee0ef7d3d66af87c3bb42b8caafbdb02027032575b686bb2ba000bbb7387ac166792504ee218b1a6839d20268276ab56ae2ae950,gx-no-cache=1519930927942 HTTP/1.1" 200 30
192.168.10.89 - - [01/Mar/2018:16:02:51 -0300] "POST /cormun/servlet/trsolicitudgral?2fdf7849505b8ca164c076caac8ae72b,,gx-no-cache=1519930811465 HTTP/1.1" 200 8798
186.79.145.55 - - [01/Mar/2018:16:02:52 -0300] "GET /cormun/servlet/solicitudot?f69ea8441c58b9c1daad29e3ee0ef7d3278b89586408ef20a3c07c23075f8b5f,gx-no-cache=1519930930558 HTTP/1.1" 200 29
186.79.145.55 - - [01/Mar/2018:16:02:55 -0300] "POST /cormun/servlet/solicitudot?gx-no-cache=1519930934026 HTTP/1.1" 200 240
186.79.145.55 - - [01/Mar/2018:16:02:55 -0300] "GET /cormun/servlet/solicitudot?f69ea8441c58b9c1daad29e3ee0ef7d32de34809b5063646fee83dff541794ac25c3519e53f91e1297a726e3ca036db82526a62bafd1793848e6d4b7b059da5d5eb7a809fcda19eef2fc4712ce9f666857ecbde87c4068f7d77e20502e89609b77214dfbff4feea7274141f7d7bc529b1645765ba251dc10659fe8030b4670f5db77cff75eb8461306f7dc8de56dd89534432fb1b343c01b86a7700e177b172a329e5ecebbea0e64209ff6876ed8f97a6f2f89a894999a5aecb618b7f16383153b85f33492e3cb3aa2846f8dfba4f9a438e7192db0b6633a949adc036181d555819e096e70c0a0d4a55d514e45bd9515def1eda54fa0f91a80f1e6ad5f8c1292217d9b307c78204b9eafc014aebe1c19070168b8dfaff303ef8c5772fdfcb49de349b00a9830ecdf62de45dafaccebc44a77f9f38e7b1348d65d1f41b47c310e2f3babb62cb20ae482a82f8589292f5fa2d1ceda908617b48a6c4388e442ac733d2f7cf0403541d72c17706d33b7d35981697e7fab8873930d1d7596cba26e50,gx-no-cache=1519930934196 HTTP/1.1" 200 30
186.103.159.46 - - [01/Mar/2018:16:02:58 -0300] "GET /cormun/servlet/solicitudot?1f98912d190e3d180d134005738c7fb7695ba25a282cbceb205c062bf2d4778cc5cef950d87123a49fa223bfa9b1545d,gx-no-cache=1519930930898 HTTP/1.1" 200 30
186.103.159.46 - - [01/Mar/2018:16:02:58 -0300] "GET /cormun/servlet/solicitudot?1f98912d190e3d180d134005738c7fb72627e82a069457d271519866b506ecce6b281a382a430348513542fc818faaa7,gx-no-cache=1519930931041 HTTP/1.1" 200 30
186.103.159.46 - - [01/Mar/2018:16:02:58 -0300] "GET /cormun/servlet/solicitudot?1f98912d190e3d180d134005738c7fb7adf302212c4864258c2a5ff3582e72db,gx-no-cache=1519930931131 HTTP/1.1" 200 51
186.103.159.46 - - [01/Mar/2018:16:02:59 -0300] "POST /cormun/servlet/solicitudot?gx-no-cache=1519930931211 HTTP/1.1" 200 255
186.103.159.46 - - [01/Mar/2018:16:02:59 -0300] "GET /cormun/servlet/solicitudot?1f98912d190e3d180d134005738c7fb74ab3878c9861981c62e012d76639d895641f33883ff731de652ff361418edc7948a295acddbfe53ab940f75c0f993c2bb468100b997911ac48feb04de3d410bc3197ecd58e785bb055c00ecdbb4fe8e03fb3cb57cc1a871b914bdeb9f07f06bbb8857acc344a40fcf925cd86a80d1a2f17d8575c3a56ff74cb8a423e0052bf8b7d98639aef4815c3b8fedd61ab05ff22eec142977697ca08e85bdf0baa14c47ff7478b82a1d972a02aa31e2377a33e75b3226d63b67ea19643cb4d75b4899468727c344602160bfd1dd5059e123e5c9aaccc1ad08d512e12e9172d01c8566c059c7e17877a65416bc1098361183f91614deb6a25c74dbfa6e3074320bd9126aad53e14b5b26dbb31036d6cb5b908a9f8db594ac73275a5a20e3e4d5cc34b8a8fe325724c38af7e01d7e943550a85288b2a2647c5ffbff1a8111f5d191935f3ddd44ea219b2f7d848ce0e055405e9ec9ae44cc2b21a41984d06d8e5b9c6f844eee574a7f8ef1fdc61f06719f1f90ce633,gx-no-cache=1519930931336 HTTP/1.1" 200 30
186.79.145.55 - - [01/Mar/2018:16:03:03 -0300] "POST /cormun/servlet/solicitudot?gx-no-cache=1519930941581 HTTP/1.1" 200 30
186.103.157.246 - - [01/Mar/2018:16:03:03 -0300] "POST /cormun/servlet/solicitudot?gx-no-cache=1519930935119 HTTP/1.1" 200 30
186.103.159.46 - - [01/Mar/2018:16:03:04 -0300] "POST /cormun/servlet/solicitudot?gx-no-cache=1519930936788 HTTP/1.1" 200 30
186.79.145.55 - - [01/Mar/2018:16:03:10 -0300] "GET /cormun/servlet/trlicencias? HTTP/1.1" 200 10631
186.79.145.55 - - [01/Mar/2018:16:03:13 -0300] "GET /cormun/servlet/trlicencias? HTTP/1.1" 200 10624
186.103.157.246 - - [01/Mar/2018:16:03:14 -0300] "POST /cormun/servlet/solicitudot?a46a192141a957d855cc7ffdf8a197cd,INS,0,0,,gx-no-cache=1519930945901 HTTP/1.1" 200 11757
186.103.157.246 - - [01/Mar/2018:16:03:20 -0300] "GET /cormun/static/Resources/resize.gif HTTP/1.1" 200 77
186.103.159.46 - - [01/Mar/2018:16:03:23 -0300] "POST /cormun/servlet/solicitudot?gx-no-cache=1519930955088 HTTP/1.1" 200 1336
186.103.159.46 - - [01/Mar/2018:16:03:23 -0300] "POST /cormun/servlet/solicitudot?gx-no-cache=1519930955318 HTTP/1.1" 200 38
186.103.157.246 - - [01/Mar/2018:16:03:26 -0300] "GET /cormun/servlet/prbanco?,MD,,gxPopupLevel%3D0%3B HTTP/1.1" 200 6484
186.103.157.246 - - [01/Mar/2018:16:03:26 -0300] "GET /cormun/static/gxcfg.js?20181161016094 HTTP/1.1" 200 953
186.103.157.246 - - [01/Mar/2018:16:03:27 -0300] "GET /cormun/static/Resources/PXToolsMenuSearch.png HTTP/1.1" 200 2914
186.103.157.246 - - [01/Mar/2018:16:03:27 -0300] "GET /cormun/static/prbanco.js?2018116101633 HTTP/1.1" 200 10693
186.103.157.246 - - [01/Mar/2018:16:03:27 -0300] "GET /cormun/static/Resources/PXToolsMenuSearchCancel.png HTTP/1.1" 200 2972
186.103.157.246 - - [01/Mar/2018:16:03:27 -0300] "GET /cormun/static/hmpwkw011.js?20177612121862 HTTP/1.1" 200 1968
186.103.157.246 - - [01/Mar/2018:16:03:27 -0300] "GET /cormun/static/menusearch.js?201610171694467 HTTP/1.1" 200 1424
192.168.10.89 - - [01/Mar/2018:16:03:28 -0300] "POST /cormun/servlet/trsolicitudgral?2fdf7849505b8ca164c076caac8ae72b,,gx-no-cache=1519930848665 HTTP/1.1" 200 8402
186.103.157.246 - - [01/Mar/2018:16:03:29 -0300] "POST /cormun/servlet/acontrolpreferencessavestate?None,CD-9,true HTTP/1.1" 200 35
186.79.145.55 - - [01/Mar/2018:16:03:29 -0300] "GET /cormun/servlet/trcontratounov2? HTTP/1.1" 200 17713
