186.103.159.189 - - [01/Mar/2018:11:23:59 -0300] "POST /cormun/servlet/trautorizarsolicitud?3ae1633760de0a936e7368fe34020547,,gx-no-cache=1519917783165 HTTP/1.1" 200 4402
186.103.159.189 - - [01/Mar/2018:11:24:06 -0300] "POST /cormun/servlet/trautorizarsolicitud?3ae1633760de0a936e7368fe34020547,,gx-no-cache=1519917790267 HTTP/1.1" 200 6203
192.168.10.96 - - [01/Mar/2018:11:24:15 -0300] "POST /cormun/servlet/trsolicitudgral?0257ac2d05b2f7adfe04d3b64bdb68b6,,gx-no-cache=1519914095949 HTTP/1.1" 200 13416
186.103.159.189 - - [01/Mar/2018:11:24:26 -0300] "POST /cormun/servlet/trautorizarsolicitud?3ae1633760de0a936e7368fe34020547,,gx-no-cache=1519917808802 HTTP/1.1" 200 22708
186.103.159.43 - - [01/Mar/2018:11:24:54 -0300] "GET /cormun/servlet/hlogin HTTP/1.1" 200 1722
186.103.159.43 - - [01/Mar/2018:11:24:56 -0300] "POST /cormun/servlet/hlogin?d0cdc17480960cc72ccf37f1bea29b83,gx-no-cache=1519914250669 HTTP/1.1" 200 90
186.103.159.43 - - [01/Mar/2018:11:24:56 -0300] "GET /cormun/servlet/hpexe_link HTTP/1.1" 200 952
186.103.159.43 - - [01/Mar/2018:11:24:57 -0300] "GET /cormun/servlet/hhome HTTP/1.1" 200 3924
186.103.159.43 - - [01/Mar/2018:11:24:57 -0300] "GET /cormun/static/PXToolsJavascripts/pexe_layers.js HTTP/1.1" 200 4114
186.103.159.43 - - [01/Mar/2018:11:24:58 -0300] "GET /cormun/servlet/hhome HTTP/1.1" 200 3921
192.168.10.96 - - [01/Mar/2018:11:25:00 -0300] "POST /cormun/servlet/trsolicitudgral?0257ac2d05b2f7adfe04d3b64bdb68b6,,gx-no-cache=1519914140975 HTTP/1.1" 200 115
186.103.157.42 - - [01/Mar/2018:11:25:00 -0300] "GET /cormun/servlet/trsolicitudot? HTTP/1.1" 200 21307
192.168.10.96 - - [01/Mar/2018:11:25:00 -0300] "GET /cormun/servlet/solicitudotlog?INS,2018,7742,0,REC, HTTP/1.1" 200 6502
192.168.10.96 - - [01/Mar/2018:11:25:01 -0300] "GET /cormun/servlet/solicitudotlog?INS,2018,7742,0,REC, HTTP/1.1" 200 6502
192.168.10.96 - - [01/Mar/2018:11:25:01 -0300] "GET /cormun/servlet/solicitudotlog?f62bbe95fba0a2484db660d49b38cdbfd0574dac6737202b06697a66244f90265b469e5cfb306116e92c1fc46b59ee87bd9354e91535ab585de29782080e441432b68a66a29dc5403215975c6334d5f448f03a17563eaf2cc4e15e83347201f053b59bc811f01f81c3f34b0e02386c313a3518b0d0f541c3bea518eac779099b2864abe5e8baa0c1f83bf8c85455b8362b625557c31a3c22a47fc1e9ac894a1b,gx-no-cache=1519914143093 HTTP/1.1" 200 94
186.103.157.42 - - [01/Mar/2018:11:25:02 -0300] "GET /cormun/servlet/trsolicitudot? HTTP/1.1" 200 21307
186.67.172.234 - - [01/Mar/2018:11:25:03 -0300] "GET /cormun/servlet/trsolicitudot? HTTP/1.1" 200 7432
186.103.159.43 - - [01/Mar/2018:11:25:03 -0300] "GET /cormun/servlet/trsolicitudot? HTTP/1.1" 200 7136
186.67.172.234 - - [01/Mar/2018:11:25:04 -0300] "GET /cormun/servlet/trsolicitudot? HTTP/1.1" 200 7431
186.103.159.43 - - [01/Mar/2018:11:25:04 -0300] "GET /cormun/servlet/trsolicitudot? HTTP/1.1" 200 7135
186.67.172.234 - - [01/Mar/2018:11:25:06 -0300] "GET /cormun/servlet/solicitudot?INS,0,0, HTTP/1.1" 200 13668
186.67.172.234 - - [01/Mar/2018:11:25:06 -0300] "GET /cormun/static/gxcfg.js?201812313224582 HTTP/1.1" 200 953
186.67.172.234 - - [01/Mar/2018:11:25:06 -0300] "GET /cormun/static/solicitudot.js?201812313224831 HTTP/1.1" 200 72336
192.168.10.96 - - [01/Mar/2018:11:25:07 -0300] "POST /cormun/servlet/solicitudotlog?0257ac2d05b2f7adfe04d3b64bdb68b6,INS,2018,7742,0,REC,,gx-no-cache=1519914148118 HTTP/1.1" 200 93
192.168.10.96 - - [01/Mar/2018:11:25:07 -0300] "GET /cormun/servlet/hpexe_return? HTTP/1.1" 200 1021
186.67.172.234 - - [01/Mar/2018:11:25:07 -0300] "GET /cormun/servlet/solicitudot?INS,0,0, HTTP/1.1" 200 13673
192.168.10.96 - - [01/Mar/2018:11:25:08 -0300] "GET /cormun/servlet/trsolicitudgral? HTTP/1.1" 200 16237
192.168.10.96 - - [01/Mar/2018:11:25:09 -0300] "GET /cormun/servlet/trsolicitudgral? HTTP/1.1" 200 16233
186.103.159.43 - - [01/Mar/2018:11:25:10 -0300] "GET /cormun/servlet/trsolicitudot? HTTP/1.1" 200 7135
186.103.159.43 - - [01/Mar/2018:11:25:11 -0300] "GET /cormun/servlet/trsolicitudot? HTTP/1.1" 200 7135
192.168.10.96 - - [01/Mar/2018:11:25:14 -0300] "POST /cormun/servlet/trsolicitudgral?0257ac2d05b2f7adfe04d3b64bdb68b6,,gx-no-cache=1519914155047 HTTP/1.1" 200 9684
186.103.159.43 - - [01/Mar/2018:11:25:17 -0300] "GET /cormun/servlet/trvisualizadoreventos? HTTP/1.1" 200 6656
186.103.159.43 - - [01/Mar/2018:11:25:18 -0300] "GET /cormun/servlet/trvisualizadoreventos? HTTP/1.1" 200 6656
186.103.159.43 - - [01/Mar/2018:11:25:21 -0300] "GET /cormun/servlet/trsolicitudot? HTTP/1.1" 200 7135
186.103.159.43 - - [01/Mar/2018:11:25:22 -0300] "GET /cormun/servlet/trsolicitudot? HTTP/1.1" 200 7135
186.103.159.43 - - [01/Mar/2018:11:25:22 -0300] "GET /cormun/servlet/trsolicitudot? HTTP/1.1" 200 7135
186.103.159.43 - - [01/Mar/2018:11:25:26 -0300] "GET /cormun/servlet/solicitudot?INS,0,0, HTTP/1.1" 200 13384
186.103.159.43 - - [01/Mar/2018:11:25:28 -0300] "GET /cormun/servlet/solicitudot?INS,0,0, HTTP/1.1" 200 13388
192.168.10.96 - - [01/Mar/2018:11:25:28 -0300] "POST /cormun/servlet/trsolicitudgral?0257ac2d05b2f7adfe04d3b64bdb68b6,,gx-no-cache=1519914169061 HTTP/1.1" 200 13012
186.103.157.42 - - [01/Mar/2018:11:25:34 -0300] "GET /cormun/static/menuarrow.gif HTTP/1.1" 404 1015
186.103.159.189 - - [01/Mar/2018:11:25:40 -0300] "POST /cormun/servlet/trautorizarsolicitud?3ae1633760de0a936e7368fe34020547,,gx-no-cache=1519917883966 HTTP/1.1" 200 6204
192.168.10.96 - - [01/Mar/2018:11:25:41 -0300] "POST /cormun/servlet/trsolicitudgral?0257ac2d05b2f7adfe04d3b64bdb68b6,,gx-no-cache=1519914181441 HTTP/1.1" 200 9684
186.103.159.43 - - [01/Mar/2018:11:25:41 -0300] "GET /cormun/servlet/trsolicitudot? HTTP/1.1" 200 6400
186.103.159.43 - - [01/Mar/2018:11:25:41 -0300] "GET /cormun/static/gxtimezone.js?85251 HTTP/1.1" 304 -
186.103.159.43 - - [01/Mar/2018:11:25:41 -0300] "GET /cormun/static/calendar-setup.js?85251 HTTP/1.1" 304 -
186.103.159.43 - - [01/Mar/2018:11:25:41 -0300] "GET /cormun/static/calendar-es.js?85251 HTTP/1.1" 304 -
186.103.159.43 - - [01/Mar/2018:11:25:41 -0300] "GET /cormun/static/calendar.js?85251 HTTP/1.1" 304 -
186.103.159.43 - - [01/Mar/2018:11:25:41 -0300] "GET /cormun/static/gxdec.js?85251 HTTP/1.1" 304 -
186.103.157.42 - - [01/Mar/2018:11:25:42 -0300] "GET /cormun/servlet/trcontratosolicitud? HTTP/1.1" 200 14575
186.103.159.43 - - [01/Mar/2018:11:25:42 -0300] "GET /cormun/servlet/hlogin HTTP/1.1" 200 1741
186.103.159.43 - - [01/Mar/2018:11:25:42 -0300] "GET /cormun/servlet/trsolicitudot? HTTP/1.1" 200 6381
186.103.157.42 - - [01/Mar/2018:11:25:43 -0300] "GET /cormun/servlet/trcontratosolicitud? HTTP/1.1" 200 14569
186.103.159.43 - - [01/Mar/2018:11:25:43 -0300] "POST /cormun/servlet/hlogin?347f27054b42e41253b2d1f909eb741d,gx-no-cache=1519914295832 HTTP/1.1" 200 90
186.103.159.43 - - [01/Mar/2018:11:25:43 -0300] "GET /cormun/servlet/hpexe_link HTTP/1.1" 200 958
186.103.159.43 - - [01/Mar/2018:11:25:44 -0300] "GET /cormun/servlet/trsolicitudot HTTP/1.1" 200 7204
186.103.159.43 - - [01/Mar/2018:11:25:45 -0300] "GET /cormun/servlet/trsolicitudot HTTP/1.1" 200 7203
192.168.10.96 - - [01/Mar/2018:11:25:47 -0300] "POST /cormun/servlet/trsolicitudgral?0257ac2d05b2f7adfe04d3b64bdb68b6,,gx-no-cache=1519914187903 HTTP/1.1" 200 7270
186.103.159.43 - - [01/Mar/2018:11:25:49 -0300] "GET /cormun/servlet/trautorizarsolicitud? HTTP/1.1" 200 8623
186.103.159.43 - - [01/Mar/2018:11:25:49 -0300] "GET /cormun/static/gxcfg.js?2017111423403364 HTTP/1.1" 304 -
186.103.159.43 - - [01/Mar/2018:11:25:49 -0300] "GET /cormun/static/trautorizarsolicitud.js?201711142340425 HTTP/1.1" 304 -
186.103.159.43 - - [01/Mar/2018:11:25:50 -0300] "GET /cormun/servlet/trautorizarsolicitud? HTTP/1.1" 200 8622
186.103.159.43 - - [01/Mar/2018:11:25:52 -0300] "POST /cormun/servlet/trautorizarsolicitud?347f27054b42e41253b2d1f909eb741d,,gx-no-cache=1519914304402 HTTP/1.1" 200 4605
186.103.159.43 - - [01/Mar/2018:11:25:52 -0300] "GET /cormun/static/Shared/jqueryui/images/ui-icons_82798d_256x240.png HTTP/1.1" 404 1089
186.103.159.43 - - [01/Mar/2018:11:25:52 -0300] "GET /cormun/static/Shared/jqueryui/images/ui-bg_flat_55_fafafa_40x100.png HTTP/1.1" 404 1097
186.103.159.43 - - [01/Mar/2018:11:25:52 -0300] "GET /cormun/static/Shared/jqueryui/images/ui-bg_highlight-soft_100_c6c2c8_1x100.png HTTP/1.1" 404 1117
186.103.159.43 - - [01/Mar/2018:11:25:52 -0300] "GET /cormun/static/Shared/jqueryui/images/ui-icons_8d78a5_256x240.png HTTP/1.1" 404 1089
186.103.159.43 - - [01/Mar/2018:11:25:53 -0300] "POST /cormun/servlet/trautorizarsolicitud?347f27054b42e41253b2d1f909eb741d,,gx-no-cache=1519914305049 HTTP/1.1" 200 4391
186.103.159.189 - - [01/Mar/2018:11:26:00 -0300] "POST /cormun/servlet/trautorizarsolicitud?3ae1633760de0a936e7368fe34020547,,gx-no-cache=1519917904696 HTTP/1.1" 200 5754
192.168.10.96 - - [01/Mar/2018:11:26:06 -0300] "POST /cormun/servlet/trsolicitudgral?0257ac2d05b2f7adfe04d3b64bdb68b6,,gx-no-cache=1519914206597 HTTP/1.1" 200 13313
186.103.159.189 - - [01/Mar/2018:11:26:06 -0300] "POST /cormun/servlet/trautorizarsolicitud?3ae1633760de0a936e7368fe34020547,,gx-no-cache=1519917910320 HTTP/1.1" 200 9903
186.103.159.43 - - [01/Mar/2018:11:26:09 -0300] "POST /cormun/servlet/trautorizarsolicitud?347f27054b42e41253b2d1f909eb741d,,gx-no-cache=1519914321582 HTTP/1.1" 200 4409
192.168.10.96 - - [01/Mar/2018:11:26:14 -0300] "POST /cormun/servlet/trsolicitudgral?0257ac2d05b2f7adfe04d3b64bdb68b6,,gx-no-cache=1519914215035 HTTP/1.1" 200 115
192.168.10.96 - - [01/Mar/2018:11:26:14 -0300] "GET /cormun/servlet/solicitudotlog?INS,2018,9768,0,REC, HTTP/1.1" 200 6502
192.168.10.96 - - [01/Mar/2018:11:26:15 -0300] "GET /cormun/servlet/solicitudotlog?INS,2018,9768,0,REC, HTTP/1.1" 200 6502
192.168.10.96 - - [01/Mar/2018:11:26:15 -0300] "GET /cormun/servlet/solicitudotlog?f62bbe95fba0a2484db660d49b38cdbf62d8872e4ee25cb468594a9b90bbf0275b469e5cfb306116e92c1fc46b59ee87bd9354e91535ab585de29782080e441432b68a66a29dc5403215975c6334d5f448f03a17563eaf2cc4e15e83347201f053b59bc811f01f81c3f34b0e02386c313a3518b0d0f541c3bea518eac779099b2864abe5e8baa0c1f83bf8c85455b8362b625557c31a3c22a47fc1e9ac894a1b,gx-no-cache=1519914216803 HTTP/1.1" 200 94
192.168.10.96 - - [01/Mar/2018:11:26:20 -0300] "POST /cormun/servlet/solicitudotlog?0257ac2d05b2f7adfe04d3b64bdb68b6,INS,2018,9768,0,REC,,gx-no-cache=1519914221802 HTTP/1.1" 200 93
192.168.10.96 - - [01/Mar/2018:11:26:20 -0300] "GET /cormun/servlet/hpexe_return? HTTP/1.1" 200 1020
192.168.10.96 - - [01/Mar/2018:11:26:21 -0300] "GET /cormun/servlet/trsolicitudgral? HTTP/1.1" 200 16237
192.168.10.96 - - [01/Mar/2018:11:26:23 -0300] "GET /cormun/servlet/trsolicitudgral? HTTP/1.1" 200 16233
192.168.10.96 - - [01/Mar/2018:11:26:26 -0300] "GET /cormun/servlet/trsolicitudgral? HTTP/1.1" 200 16233
192.168.10.96 - - [01/Mar/2018:11:26:28 -0300] "GET /cormun/servlet/trsolicitudgral? HTTP/1.1" 200 16233
186.103.159.43 - - [01/Mar/2018:11:26:52 -0300] "GET /cormun/servlet/hlogin HTTP/1.1" 200 1722
186.103.159.43 - - [01/Mar/2018:11:26:52 -0300] "GET /cormun/static/gxcfg.js?20175251213516 HTTP/1.1" 200 953
186.103.159.43 - - [01/Mar/2018:11:26:52 -0300] "GET /cormun/static/gxtimezone.js?85251 HTTP/1.1" 200 5781
186.103.159.43 - - [01/Mar/2018:11:26:52 -0300] "GET /cormun/static/Resources/Spanish/PXTools.css?11423723 HTTP/1.1" 200 89042
186.103.159.43 - - [01/Mar/2018:11:26:52 -0300] "GET /cormun/static/messages.spa.js?85251 HTTP/1.1" 200 30736
186.103.159.43 - - [01/Mar/2018:11:26:53 -0300] "GET /cormun/static/hlogin.js?20175251213537 HTTP/1.1" 200 2136
186.103.159.43 - - [01/Mar/2018:11:26:53 -0300] "GET /cormun/static/gxgral.js?85251 HTTP/1.1" 200 384558
186.103.159.43 - - [01/Mar/2018:11:26:53 -0300] "GET /cormun/static/Resources/ComunLogin.png HTTP/1.1" 200 17326
186.103.159.43 - - [01/Mar/2018:11:26:53 -0300] "GET /cormun/static/Resources/PXToolsLoginTop.png HTTP/1.1" 200 1337
186.103.159.43 - - [01/Mar/2018:11:26:53 -0300] "GET /cormun/static/Resources/PXToolsLoginBackground.png HTTP/1.1" 200 1164
186.103.159.43 - - [01/Mar/2018:11:26:53 -0300] "GET /cormun/static/Resources/PXToolsButtonRight21.png HTTP/1.1" 200 1283
186.103.159.43 - - [01/Mar/2018:11:26:53 -0300] "GET /cormun/static/Resources/PXToolsLoginBottom.png HTTP/1.1" 200 1389
186.103.159.43 - - [01/Mar/2018:11:26:53 -0300] "GET /cormun/static/Resources/PXToolsButtonLeft21.png HTTP/1.1" 200 1287
186.103.159.43 - - [01/Mar/2018:11:26:53 -0300] "GET /cormun/static/Resources/PXToolsButtonBackground2.png HTTP/1.1" 200 1181
186.103.159.43 - - [01/Mar/2018:11:26:53 -0300] "GET /cormun/servlet/hlogin HTTP/1.1" 200 1725
186.103.159.43 - - [01/Mar/2018:11:26:53 -0300] "GET /cormun/static/Resources/indicator.gif HTTP/1.1" 200 1553
186.103.159.43 - - [01/Mar/2018:11:26:53 -0300] "GET /cormun/static/Resources/indicator.gif HTTP/1.1" 200 1553
186.103.159.43 - - [01/Mar/2018:11:26:56 -0300] "POST /cormun/servlet/hlogin?f7f43e13aba9f4e349715256cd5531a5,gx-no-cache=1519914368505 HTTP/1.1" 200 90
186.103.159.43 - - [01/Mar/2018:11:26:56 -0300] "GET /cormun/servlet/hpexe_link HTTP/1.1" 200 948
186.103.159.43 - - [01/Mar/2018:11:26:56 -0300] "GET /cormun/static/gxcfg.js?20177612121792 HTTP/1.1" 200 953
186.103.159.43 - - [01/Mar/2018:11:26:56 -0300] "GET /cormun/static/hpexe_link.js?20177612121795 HTTP/1.1" 200 625
186.103.159.43 - - [01/Mar/2018:11:26:56 -0300] "GET /cormun/static/Resources/Spanish/PXTools.css?1155365 HTTP/1.1" 200 89042
186.103.159.43 - - [01/Mar/2018:11:26:56 -0300] "GET /cormun/servlet/hhome HTTP/1.1" 200 3919
186.103.159.43 - - [01/Mar/2018:11:26:56 -0300] "GET /cormun/static/SmoothNavMenu/resources/ddsmoothmenu.css?1012540 HTTP/1.1" 200 2223
186.103.159.43 - - [01/Mar/2018:11:26:56 -0300] "GET /cormun/static/Shared/jqueryui/jquery-ui.min.css?1245370 HTTP/1.1" 200 30288
186.103.159.43 - - [01/Mar/2018:11:26:56 -0300] "GET /cormun/static/scaMessage/css/jquery.pnotify.default.css?1716380 HTTP/1.1" 200 1707
186.103.159.43 - - [01/Mar/2018:11:26:56 -0300] "GET /cormun/static/SmoothNavMenu/resources/ddsmoothmenu-v.css?1012540 HTTP/1.1" 200 1188
186.103.159.43 - - [01/Mar/2018:11:26:56 -0300] "GET /cormun/static/gxcfg.js?20175251212442 HTTP/1.1" 200 953
186.103.159.43 - - [01/Mar/2018:11:26:56 -0300] "GET /cormun/static/PXToolsJavascripts/pexe_autoreload.js HTTP/1.1" 200 1762
186.103.159.43 - - [01/Mar/2018:11:26:56 -0300] "GET /cormun/static/PXToolsJavascripts/pexe_cookies.js HTTP/1.1" 200 792
186.103.159.43 - - [01/Mar/2018:11:26:56 -0300] "GET /cormun/static/PXToolsJavascripts/pexe_grid.js HTTP/1.1" 200 7559
186.103.159.43 - - [01/Mar/2018:11:26:56 -0300] "GET /cormun/static/PXToolsJavascripts/pexe_link.js HTTP/1.1" 200 5671
186.103.159.43 - - [01/Mar/2018:11:26:56 -0300] "GET /cormun/static/PXToolsJavascripts/pexe_griddivfix.js HTTP/1.1" 200 6644
186.103.159.43 - - [01/Mar/2018:11:26:56 -0300] "GET /cormun/static/PXToolsJavascripts/pexe_windows.js HTTP/1.1" 200 15207
186.103.159.43 - - [01/Mar/2018:11:26:56 -0300] "GET /cormun/static/PXToolsJavascripts/pexe_menus.js HTTP/1.1" 200 1286
186.103.159.43 - - [01/Mar/2018:11:26:56 -0300] "GET /cormun/static/PXToolsJavascripts/pexe_menudivfix.js HTTP/1.1" 200 333
186.103.159.43 - - [01/Mar/2018:11:26:56 -0300] "GET /cormun/static/PXToolsJavascripts/pexe_layers.js HTTP/1.1" 200 4114
186.103.159.43 - - [01/Mar/2018:11:26:56 -0300] "GET /cormun/static/PXToolsJavascripts/pexe_oav.js HTTP/1.1" 200 645
186.103.159.43 - - [01/Mar/2018:11:26:56 -0300] "GET /cormun/static/PXToolsJavascripts/pexe_oavdivfix.js HTTP/1.1" 200 639
186.103.159.43 - - [01/Mar/2018:11:26:56 -0300] "GET /cormun/static/PXToolsJavascripts/pexe_popup.js HTTP/1.1" 200 13458
186.103.159.43 - - [01/Mar/2018:11:26:56 -0300] "GET /cormun/static/PXToolsJavascripts/pexe_picture.js HTTP/1.1" 200 689
186.103.159.43 - - [01/Mar/2018:11:26:56 -0300] "GET /cormun/static/PXToolsJavascripts/pexe_scrolldiv.js HTTP/1.1" 200 4138
186.103.159.43 - - [01/Mar/2018:11:26:56 -0300] "GET /cormun/static/PXToolsJavascripts/pexe_tabdivfix.js HTTP/1.1" 200 876
186.103.159.43 - - [01/Mar/2018:11:26:56 -0300] "GET /cormun/static/PXToolsJavascripts/pexe_upload.js HTTP/1.1" 200 1423
186.103.159.43 - - [01/Mar/2018:11:26:56 -0300] "GET /cormun/static/PXToolsJavascripts/pexe_tabs.js HTTP/1.1" 200 3748
186.103.159.43 - - [01/Mar/2018:11:26:56 -0300] "GET /cormun/static/PXToolsJavascripts/PXToolsJavascriptsRender.js HTTP/1.1" 200 367
186.103.159.43 - - [01/Mar/2018:11:26:56 -0300] "GET /cormun/static/RunJS/RunJS.js HTTP/1.1" 200 288
186.103.159.43 - - [01/Mar/2018:11:26:56 -0300] "GET /cormun/static/hhome.js?20175251212450 HTTP/1.1" 200 777
186.103.159.43 - - [01/Mar/2018:11:26:56 -0300] "GET /cormun/static/Shared/ext/locale/ext-lang-en.js HTTP/1.1" 200 10940
186.103.159.43 - - [01/Mar/2018:11:26:56 -0300] "GET /cormun/static/hwchdr01.js?201752511465785 HTTP/1.1" 200 1183
186.103.159.43 - - [01/Mar/2018:11:26:56 -0300] "GET /cormun/static/hpexe_recentlink.js?20177611595044 HTTP/1.1" 200 2144
186.103.159.43 - - [01/Mar/2018:11:26:56 -0300] "GET /cormun/static/Resources/PXToolsFooterBackground2.png HTTP/1.1" 200 1172
186.103.159.43 - - [01/Mar/2018:11:26:56 -0300] "GET /cormun/static/Resources/PXToolsHeaderBackground2.png HTTP/1.1" 200 1174
186.103.159.43 - - [01/Mar/2018:11:26:56 -0300] "GET /cormun/static/Resources/PXToolsDataTitle.png HTTP/1.1" 200 1173
186.103.159.43 - - [01/Mar/2018:11:26:56 -0300] "GET /cormun/static/Resources/PXToolsHeaderActionsBackground.png HTTP/1.1" 200 484
186.103.159.43 - - [01/Mar/2018:11:26:56 -0300] "GET /cormun/static/Resources/PXToolsHeaderPreferences.png HTTP/1.1" 200 4189
186.103.159.43 - - [01/Mar/2018:11:26:56 -0300] "GET /cormun/static/Resources/PXToolsHeaderHome.png HTTP/1.1" 200 4147
186.103.159.43 - - [01/Mar/2018:11:26:56 -0300] "GET /cormun/static/Resources/PXToolsHeaderActionsLeft.png HTTP/1.1" 200 1118
186.103.159.43 - - [01/Mar/2018:11:26:56 -0300] "GET /cormun/static/Resources/PXToolsHeaderSecurity.png HTTP/1.1" 200 4166
186.103.159.43 - - [01/Mar/2018:11:26:56 -0300] "GET /cormun/static/Resources/PXToolsHeaderLogin.png HTTP/1.1" 200 4279
186.103.159.43 - - [01/Mar/2018:11:26:56 -0300] "GET /cormun/static/Resources/PXToolsHeaderActionsRight.png HTTP/1.1" 200 1201
186.103.159.43 - - [01/Mar/2018:11:26:56 -0300] "GET /cormun/static/Resources/logo4.png HTTP/1.1" 200 6582
186.103.159.43 - - [01/Mar/2018:11:26:56 -0300] "GET /cormun/static/gxui/gxui-all.js HTTP/1.1" 200 107772
186.103.159.43 - - [01/Mar/2018:11:26:56 -0300] "GET /cormun/static/hpexe_scripts.js?201752511465715 HTTP/1.1" 200 1544
186.103.159.43 - - [01/Mar/2018:11:26:56 -0300] "GET /cormun/static/hpexe_messagecontroller.js?20177611595012 HTTP/1.1" 200 870
186.103.159.43 - - [01/Mar/2018:11:26:56 -0300] "GET /cormun/static/hpexe_messagepopupcomponent.js?20161017169425 HTTP/1.1" 200 605
186.103.159.43 - - [01/Mar/2018:11:26:56 -0300] "GET /cormun/static/hpexe_messagegenexuscomponent.js?201752511465344 HTTP/1.1" 200 587
186.103.159.43 - - [01/Mar/2018:11:26:56 -0300] "GET /cormun/static/cmcontrolpreferences.js?201752511465670 HTTP/1.1" 200 1375
186.103.159.43 - - [01/Mar/2018:11:26:57 -0300] "GET /cormun/static/SmoothNavMenu/resources/SmoothNavMenuRender.js HTTP/1.1" 200 5951
186.103.159.43 - - [01/Mar/2018:11:26:57 -0300] "GET /cormun/static/SmoothNavMenu/resources/ddsmoothmenu.js HTTP/1.1" 200 12712
186.103.159.43 - - [01/Mar/2018:11:26:57 -0300] "GET /cormun/static/scaMessage/js/jquery.pnotify.min.js HTTP/1.1" 200 13038
186.103.159.43 - - [01/Mar/2018:11:26:57 -0300] "GET /cormun/static/Shared/jquery/jquery-1.4.2.min.js HTTP/1.1" 200 72174
186.103.159.43 - - [01/Mar/2018:11:26:57 -0300] "GET /cormun/static/scaMessage/scaMessageRender.js HTTP/1.1" 200 11977
186.103.159.43 - - [01/Mar/2018:11:26:57 -0300] "GET /cormun/static/hmpwkw03.js?20177612122668 HTTP/1.1" 200 3965
186.103.159.43 - - [01/Mar/2018:11:26:57 -0300] "GET /cormun/static/Shared/jqueryui/jquery-ui.min.js HTTP/1.1" 200 240427
186.103.159.43 - - [01/Mar/2018:11:26:57 -0300] "GET /cormun/static/Shared/ext/ext-all.js HTTP/1.1" 200 1289687
186.103.159.43 - - [01/Mar/2018:11:26:57 -0300] "GET /cormun/static/Shared/jquery/jquery-1.10.2.min.js HTTP/1.1" 200 273199
186.103.159.43 - - [01/Mar/2018:11:26:57 -0300] "GET /cormun/static/SmoothNavMenu/resources/images/down.gif HTTP/1.1" 200 854
186.103.159.43 - - [01/Mar/2018:11:26:58 -0300] "GET /cormun/servlet/hhome HTTP/1.1" 200 3915
186.103.159.43 - - [01/Mar/2018:11:27:03 -0300] "GET /cormun/servlet/trsolicitudot? HTTP/1.1" 200 8498
186.103.159.43 - - [01/Mar/2018:11:27:03 -0300] "GET /cormun/static/Resources/Spanish/PXTools.css?1255365 HTTP/1.1" 200 89042
186.103.159.43 - - [01/Mar/2018:11:27:03 -0300] "GET /cormun/static/gxui/gxui-all.css?120300 HTTP/1.1" 200 2179
186.103.159.43 - - [01/Mar/2018:11:27:03 -0300] "GET /cormun/static/gxcfg.js?2017111422585916 HTTP/1.1" 200 953
186.103.159.43 - - [01/Mar/2018:11:27:03 -0300] "GET /cormun/static/calendar-system.css?85620 HTTP/1.1" 200 5572
186.103.159.43 - - [01/Mar/2018:11:27:03 -0300] "GET /cormun/static/calendar-setup.js?85251 HTTP/1.1" 200 2588
186.103.159.43 - - [01/Mar/2018:11:27:03 -0300] "GET /cormun/static/calendar-es.js?85251 HTTP/1.1" 200 1901
186.103.159.43 - - [01/Mar/2018:11:27:03 -0300] "GET /cormun/static/calendar.js?85251 HTTP/1.1" 200 26246
186.103.159.43 - - [01/Mar/2018:11:27:03 -0300] "GET /cormun/static/gxdec.js?85251 HTTP/1.1" 200 19579
186.103.159.43 - - [01/Mar/2018:11:27:03 -0300] "GET /cormun/static/trsolicitudot.js?201711142259839 HTTP/1.1" 200 54041
186.103.159.43 - - [01/Mar/2018:11:27:03 -0300] "GET /cormun/static/Shared/ext/resources/css/ext-all.css?215870 HTTP/1.1" 200 416045
186.103.159.43 - - [01/Mar/2018:11:27:04 -0300] "GET /cormun/static/Resources/PXTools/calendar.png HTTP/1.1" 200 1306
186.103.159.43 - - [01/Mar/2018:11:27:04 -0300] "GET /cormun/static/Resources/PXToolsDataSearch.png HTTP/1.1" 200 419
186.103.159.43 - - [01/Mar/2018:11:27:04 -0300] "GET /cormun/static/Resources/PXToolsGridFirstDisabled.gif HTTP/1.1" 200 100
186.103.159.43 - - [01/Mar/2018:11:27:04 -0300] "GET /cormun/static/Resources/PXToolsGridPreviousDisabled.gif HTTP/1.1" 200 90
186.103.159.43 - - [01/Mar/2018:11:27:04 -0300] "GET /cormun/static/Resources/PXToolsGridNextDisabled.gif HTTP/1.1" 200 90
186.103.159.43 - - [01/Mar/2018:11:27:04 -0300] "GET /cormun/static/Resources/PXToolsGridLastDisabled.gif HTTP/1.1" 200 98
186.103.159.43 - - [01/Mar/2018:11:27:04 -0300] "GET /cormun/static/Resources/PXToolsGridPage.gif HTTP/1.1" 200 725
186.103.159.43 - - [01/Mar/2018:11:27:04 -0300] "GET /cormun/static/Resources/PXToolsActionExcel.png HTTP/1.1" 200 3187
186.103.159.43 - - [01/Mar/2018:11:27:04 -0300] "GET /cormun/static/Resources/PXToolsGridNew.png HTTP/1.1" 200 2949
186.103.159.43 - - [01/Mar/2018:11:27:04 -0300] "GET /cormun/static/Resources/asc.gif HTTP/1.1" 200 67
186.103.159.43 - - [01/Mar/2018:11:27:04 -0300] "GET /cormun/static/Resources/desc.gif HTTP/1.1" 200 65
186.103.159.43 - - [01/Mar/2018:11:27:04 -0300] "GET /cormun//static/Resources/PXToolsGridDelete.png HTTP/1.1" 200 357
186.103.159.43 - - [01/Mar/2018:11:27:04 -0300] "GET /cormun//static/Resources/PXToolsActionView.png HTTP/1.1" 200 2995
186.103.159.43 - - [01/Mar/2018:11:27:04 -0300] "GET /cormun//static/Resources/PXTools/ActionInsert.png HTTP/1.1" 200 1482
186.103.159.43 - - [01/Mar/2018:11:27:04 -0300] "GET /cormun//static/Resources/PXToolsGridUpdate.png HTTP/1.1" 200 2984
186.103.159.43 - - [01/Mar/2018:11:27:04 -0300] "GET /cormun//static/Resources/PXToolsRemoveAllAction.png HTTP/1.1" 200 3558
186.103.159.43 - - [01/Mar/2018:11:27:04 -0300] "GET /cormun/static/Shared/ext/resources/themes/images/default/tools/tool-sprites.gif HTTP/1.1" 200 5434
186.103.159.43 - - [01/Mar/2018:11:27:04 -0300] "GET /cormun/static/Shared/ext/resources/themes/images/default/panel/bg-headersPanel.png HTTP/1.1" 200 255
186.103.159.43 - - [01/Mar/2018:11:27:04 -0300] "GET /cormun/servlet/trsolicitudot? HTTP/1.1" 200 8496
186.103.159.43 - - [01/Mar/2018:11:27:08 -0300] "POST /cormun/servlet/trsolicitudot?f7f43e13aba9f4e349715256cd5531a5,,gx-no-cache=1519914380708 HTTP/1.1" 200 4464
186.103.159.43 - - [01/Mar/2018:11:27:09 -0300] "GET /cormun/static/Shared/jqueryui/images/ui-icons_82798d_256x240.png HTTP/1.1" 404 1089
186.103.159.43 - - [01/Mar/2018:11:27:09 -0300] "GET /cormun/static/Shared/jqueryui/images/ui-bg_highlight-soft_100_c6c2c8_1x100.png HTTP/1.1" 404 1117
186.103.159.43 - - [01/Mar/2018:11:27:09 -0300] "GET /cormun/static/Shared/jqueryui/images/ui-bg_flat_55_fafafa_40x100.png HTTP/1.1" 404 1097
186.103.159.43 - - [01/Mar/2018:11:27:09 -0300] "GET /cormun/static/Shared/jqueryui/images/ui-icons_8d78a5_256x240.png HTTP/1.1" 404 1089
186.103.159.43 - - [01/Mar/2018:11:27:09 -0300] "POST /cormun/servlet/trsolicitudot?f7f43e13aba9f4e349715256cd5531a5,,gx-no-cache=1519914381314 HTTP/1.1" 200 4249
186.103.159.43 - - [01/Mar/2018:11:27:18 -0300] "POST /cormun/servlet/trautorizarsolicitud?347f27054b42e41253b2d1f909eb741d,,gx-no-cache=1519914389800 HTTP/1.1" 200 5764
186.103.159.189 - - [01/Mar/2018:11:27:22 -0300] "POST /cormun/servlet/trautorizarsolicitud?3ae1633760de0a936e7368fe34020547,,gx-no-cache=1519917986402 HTTP/1.1" 200 12617
186.103.159.43 - - [01/Mar/2018:11:27:26 -0300] "GET /cormun/servlet/veautorizarsolicitud?2018,9768,, HTTP/1.1" 200 8525
186.103.159.43 - - [01/Mar/2018:11:27:26 -0300] "GET /cormun/static/gxcfg.js?2017111423404691 HTTP/1.1" 200 953
186.103.159.43 - - [01/Mar/2018:11:27:26 -0300] "GET /cormun/pexe_scrolldiv.js HTTP/1.1" 404 1009
186.103.159.43 - - [01/Mar/2018:11:27:26 -0300] "GET /cormun/static/veautorizarsolicitud.js?2017111423404756 HTTP/1.1" 200 6140
186.103.159.43 - - [01/Mar/2018:11:27:26 -0300] "GET /cormun/static/tbautorizarsolicitud01.js?2017111423392092 HTTP/1.1" 200 30580
186.103.159.43 - - [01/Mar/2018:11:27:26 -0300] "GET /cormun/pexe_scrolldiv.js HTTP/1.1" 404 1009
186.103.159.43 - - [01/Mar/2018:11:27:27 -0300] "GET /cormun/servlet/veautorizarsolicitud?2018,9768,, HTTP/1.1" 200 8524
186.79.145.55 - - [01/Mar/2018:11:27:39 -0300] "POST /cormun/servlet/hlogin?87aae33afb1061b07f63c67834ecba52,gx-no-cache=1519914417684 HTTP/1.1" 440 972
186.67.172.234 - - [01/Mar/2018:11:27:39 -0300] "POST /cormun/servlet/solicitudot?gx-no-cache=1519914409907 HTTP/1.1" 200 3465
186.67.172.234 - - [01/Mar/2018:11:27:39 -0300] "GET /cormun/static/Shared/jqueryui/images/ui-bg_highlight-soft_100_c6c2c8_1x100.png HTTP/1.1" 404 1117
186.67.172.234 - - [01/Mar/2018:11:27:39 -0300] "GET /cormun/static/Shared/jqueryui/images/ui-bg_flat_55_994d53_40x100.png HTTP/1.1" 404 1097
186.67.172.234 - - [01/Mar/2018:11:27:39 -0300] "GET /cormun/static/Shared/jqueryui/images/ui-icons_82798d_256x240.png HTTP/1.1" 404 1089
186.67.172.234 - - [01/Mar/2018:11:27:39 -0300] "GET /cormun/static/Shared/jqueryui/images/ui-icons_ebccce_256x240.png HTTP/1.1" 404 1089
186.79.145.55 - - [01/Mar/2018:11:27:41 -0300] "GET /cormun/servlet/hlogin HTTP/1.1" 200 1737
186.67.172.234 - - [01/Mar/2018:11:27:41 -0300] "GET /cormun/static/Resources/resize.gif HTTP/1.1" 200 77
186.79.145.55 - - [01/Mar/2018:11:27:46 -0300] "GET /cormun/servlet/hlogin HTTP/1.1" 200 1726
186.67.172.234 - - [01/Mar/2018:11:27:49 -0300] "GET /cormun/servlet/prfichaempleado?,MD,,gxPopupLevel%3D0%3B HTTP/1.1" 200 9376
186.67.172.234 - - [01/Mar/2018:11:27:49 -0300] "GET /cormun/static/gxcfg.js?20177612134814 HTTP/1.1" 200 953
186.67.172.234 - - [01/Mar/2018:11:27:49 -0300] "GET /cormun/static/menusearch.js?201610171694467 HTTP/1.1" 200 1424
186.67.172.234 - - [01/Mar/2018:11:27:49 -0300] "GET /cormun/static/Resources/PXToolsMenuSearch.png HTTP/1.1" 200 2914
186.67.172.234 - - [01/Mar/2018:11:27:49 -0300] "GET /cormun/static/Resources/PXToolsMenuSearchCancel.png HTTP/1.1" 200 2972
186.67.172.234 - - [01/Mar/2018:11:27:49 -0300] "GET /cormun/static/hmpwkw011.js?20177612121862 HTTP/1.1" 200 1968
186.67.172.234 - - [01/Mar/2018:11:27:49 -0300] "GET /cormun/static/prfichaempleado.js?20177612134999 HTTP/1.1" 200 16006
186.79.145.55 - - [01/Mar/2018:11:27:55 -0300] "POST /cormun/servlet/hlogin?a02384a102219e22eff33ea8878e1475,gx-no-cache=1519914433821 HTTP/1.1" 200 90
186.79.145.55 - - [01/Mar/2018:11:27:55 -0300] "GET /cormun/servlet/hpexe_link HTTP/1.1" 200 957
186.67.172.234 - - [01/Mar/2018:11:27:55 -0300] "POST /cormun/servlet/solicitudot?gx-no-cache=1519914425933 HTTP/1.1" 200 3465
186.79.145.55 - - [01/Mar/2018:11:27:56 -0300] "GET /cormun/servlet/hhome HTTP/1.1" 200 4233
186.79.145.55 - - [01/Mar/2018:11:27:57 -0300] "GET /cormun/servlet/hhome HTTP/1.1" 200 4229
186.67.172.234 - - [01/Mar/2018:11:27:59 -0300] "GET /cormun/servlet/solicitudot?9e2564ea13365253ee43faea1ffae9ce82bc41b5ada7af8d50b90a0c3d8a7b56b96e14f103fccfe579b7e0556fc289e4,gx-no-cache=1519914429898 HTTP/1.1" 200 30
186.79.145.55 - - [01/Mar/2018:11:28:01 -0300] "GET /cormun/servlet/trsolicitudot? HTTP/1.1" 200 7446
186.79.145.55 - - [01/Mar/2018:11:28:02 -0300] "GET /cormun/servlet/trsolicitudot? HTTP/1.1" 200 7445
200.120.230.197 - - [01/Mar/2018:11:28:05 -0300] "GET /cormun/servlet/solicitudot?INS,0,0, HTTP/1.1" 200 13673
200.120.230.197 - - [01/Mar/2018:11:28:07 -0300] "GET /cormun/servlet/solicitudot?INS,0,0, HTTP/1.1" 200 13678
186.103.159.43 - - [01/Mar/2018:11:28:22 -0300] "POST /cormun/servlet/trsolicitudot?f7f43e13aba9f4e349715256cd5531a5,,gx-no-cache=1519914454223 HTTP/1.1" 200 4266
186.103.159.43 - - [01/Mar/2018:11:28:31 -0300] "POST /cormun/servlet/trsolicitudot?f7f43e13aba9f4e349715256cd5531a5,,gx-no-cache=1519914463054 HTTP/1.1" 200 5634
186.79.145.55 - - [01/Mar/2018:11:28:42 -0300] "POST /cormun/servlet/solicitudot?gx-no-cache=1519914480941 HTTP/1.1" 200 3416
186.79.145.55 - - [01/Mar/2018:11:28:44 -0300] "POST /cormun/servlet/solicitudot?a02384a102219e22eff33ea8878e1475,INS,0,0,,gx-no-cache=1519914481725 HTTP/1.1" 200 10589
186.79.145.55 - - [01/Mar/2018:11:28:58 -0300] "GET /cormun/servlet/solicitudot?4f1bad2b54e8e1b1ab62a84945fe53b65ab1874695965e0e960a773fac0086bb8f8eceed190b93b5be7b8c01e00ccaa2,gx-no-cache=1519914497243 HTTP/1.1" 200 30
186.79.145.55 - - [01/Mar/2018:11:28:58 -0300] "GET /cormun/servlet/solicitudot?4f1bad2b54e8e1b1ab62a84945fe53b643efc8f239d0686e40184deb49a08634a3015e0d4b98499aa522b4d975d5e4fafb8298fbaf9b590853985be7ae18cd63,gx-no-cache=1519914497428 HTTP/1.1" 200 30
186.79.145.55 - - [01/Mar/2018:11:28:58 -0300] "GET /cormun/servlet/solicitudot?4f1bad2b54e8e1b1ab62a84945fe53b68f9cdef4fcd729fde890a00166c7e7c5,gx-no-cache=1519914497567 HTTP/1.1" 200 53
186.79.145.55 - - [01/Mar/2018:11:28:59 -0300] "POST /cormun/servlet/solicitudot?gx-no-cache=1519914497706 HTTP/1.1" 200 255
186.79.145.55 - - [01/Mar/2018:11:28:59 -0300] "GET /cormun/servlet/solicitudot?4f1bad2b54e8e1b1ab62a84945fe53b6ae03791c2d3bea2613d1bc7a5ffeb23ea293a8c34bd84bd84780db13275c9749f506477dc9d9cdfd512e2ad63099de28a0ef4cc2ad9bbfdbb969e215764abadd0f16a2c69e97b2cd1b5596839112807c5979c21b9771272972f6ae1a0303aff9cfce21d640d9558353876bc473178469dbaf1de75943a870f173146bd92626c8a162148d50f952bec748d5edd7a49c40aac1830b469617e30a765a722499a3bf90a76bb68c5b3fd2fa3ff63f767b7824f1e0c1a93de561dba03eb6506b3624021e70fae4e36e8283ee20b73b64af5ad8208bc76c32cc9d8e6523838650705f9b7e9e442b3d86e354ab111db56f031dee61e111addb984b85cb6fabfb6fbaac20c98eac521ac8154bad50dd119a1db8e0531b56d0eb51eabc4933ceab4878c75c0666cfed7806f4581b35018d12bfe5935108c0f7f28f6cf2ac754c7f8ab7fab0f2b6f01b7e87570b7d22cac0b5d42272b2f3b3651e452bb1c7af087ce9fe7c281c8050c84ec90831e4a734f38467ee25,gx-no-cache=1519914497906 HTTP/1.1" 200 30
186.79.145.55 - - [01/Mar/2018:11:29:00 -0300] "POST /cormun/servlet/solicitudot?gx-no-cache=1519914499462 HTTP/1.1" 200 30
186.79.145.55 - - [01/Mar/2018:11:29:03 -0300] "POST /cormun/servlet/solicitudot?gx-no-cache=1519914501819 HTTP/1.1" 200 1337
186.79.145.55 - - [01/Mar/2018:11:29:03 -0300] "POST /cormun/servlet/solicitudot?gx-no-cache=1519914502209 HTTP/1.1" 200 38
186.79.145.55 - - [01/Mar/2018:11:29:11 -0300] "GET /cormun/servlet/solicitudot?4f1bad2b54e8e1b1ab62a84945fe53b6dad5eac18bbf42a2f2c927c65f51d067544d87d5383552d7a0f4dff482011aca6854247945a776cad8e33ffe958c42d0b0a249eca0e792863842739d2d5e98b4b48e2adb69f3d6f88ebb37551dc67675783c8de3e75bafe6d190b7f50223d769d54760f7b7d61286e8c9c45faecc4d2226c39fd4ec77500cc045463a71586d237fbfbb8728d8ad1d23cea6c70c5411cb,gx-no-cache=1519914509811 HTTP/1.1" 200 29
186.79.145.55 - - [01/Mar/2018:11:29:11 -0300] "POST /cormun/servlet/solicitudot?gx-no-cache=1519914509928 HTTP/1.1" 200 1319
186.79.145.55 - - [01/Mar/2018:11:29:11 -0300] "POST /cormun/servlet/solicitudot?gx-no-cache=1519914510258 HTTP/1.1" 200 1217
186.79.145.55 - - [01/Mar/2018:11:29:11 -0300] "GET /cormun/static/menuarrow.gif HTTP/1.1" 404 1015
186.79.145.55 - - [01/Mar/2018:11:29:13 -0300] "POST /cormun/servlet/solicitudot?gx-no-cache=1519914511901 HTTP/1.1" 200 1319
186.79.145.55 - - [01/Mar/2018:11:29:13 -0300] "POST /cormun/servlet/solicitudot?gx-no-cache=1519914512183 HTTP/1.1" 200 1217
186.79.145.55 - - [01/Mar/2018:11:29:15 -0300] "GET /cormun/servlet/solicitudot?4f1bad2b54e8e1b1ab62a84945fe53b6cb5fbaa05e918d239fdaff980a0e17baa26ef6e348fd23e48515db7823823c29,gx-no-cache=1519914513660 HTTP/1.1" 200 30
186.79.145.55 - - [01/Mar/2018:11:29:22 -0300] "POST /cormun/servlet/solicitudot?gx-no-cache=1519914521000 HTTP/1.1" 200 30
186.103.159.43 - - [01/Mar/2018:11:29:25 -0300] "GET /cormun/servlet/vesolicitudot?2018,9768,, HTTP/1.1" 200 8274
186.103.159.43 - - [01/Mar/2018:11:29:25 -0300] "GET /cormun/static/gxcfg.js?2017111422591385 HTTP/1.1" 200 953
186.103.159.43 - - [01/Mar/2018:11:29:25 -0300] "GET /cormun/pexe_scrolldiv.js HTTP/1.1" 404 1009
186.103.159.43 - - [01/Mar/2018:11:29:25 -0300] "GET /cormun/static/vesolicitudot.js?2017111422591449 HTTP/1.1" 200 6091
186.103.159.43 - - [01/Mar/2018:11:29:25 -0300] "GET /cormun/static/hwcviewtabs.js?20177611594913 HTTP/1.1" 200 1074
186.103.159.43 - - [01/Mar/2018:11:29:25 -0300] "GET /cormun/static/hpexe_tabsview.js?201610171694228 HTTP/1.1" 200 1661
186.103.159.43 - - [01/Mar/2018:11:29:25 -0300] "GET /cormun/static/Resources/PXToolsTabFirstSelected.png HTTP/1.1" 200 1259
186.103.159.43 - - [01/Mar/2018:11:29:25 -0300] "GET /cormun/static/Resources/PXToolsTabLastUnselected.png HTTP/1.1" 200 1291
186.103.159.43 - - [01/Mar/2018:11:29:25 -0300] "GET /cormun/static/Resources/PXToolsTabPrevious.gif HTTP/1.1" 200 172
186.103.159.43 - - [01/Mar/2018:11:29:25 -0300] "GET /cormun/static/tbsolicitudot01.js?2017111422581186 HTTP/1.1" 200 30566
186.103.159.43 - - [01/Mar/2018:11:29:25 -0300] "GET /cormun/static/Resources/PXToolsTabNext.gif HTTP/1.1" 200 168
186.103.159.43 - - [01/Mar/2018:11:29:25 -0300] "GET /cormun/static/calendar-system.css HTTP/1.1" 200 5572
186.103.159.43 - - [01/Mar/2018:11:29:25 -0300] "GET /cormun/static/Resources/PXToolsTabBackSelected.png HTTP/1.1" 200 1157
186.103.159.43 - - [01/Mar/2018:11:29:25 -0300] "GET /cormun/static/Resources/PXToolsTabBackUnselected.png HTTP/1.1" 200 1175
186.103.159.43 - - [01/Mar/2018:11:29:25 -0300] "GET /cormun/static/Resources/PXToolsTabSelectedUnselected.png HTTP/1.1" 200 1428
186.103.159.43 - - [01/Mar/2018:11:29:25 -0300] "GET /cormun/static/Resources/PXToolsTabUnselectedUnselected.png HTTP/1.1" 200 1459
186.103.159.43 - - [01/Mar/2018:11:29:26 -0300] "GET /cormun/servlet/vesolicitudot?2018,9768,, HTTP/1.1" 200 8274
186.67.172.234 - - [01/Mar/2018:11:29:26 -0300] "GET /cormun/servlet/solicitudot?9e2564ea13365253ee43faea1ffae9ce718336912d7768aa2f327127099293d121a13956f92e0b625986106d50c3db37,gx-no-cache=1519914516904 HTTP/1.1" 200 30
186.67.172.234 - - [01/Mar/2018:11:29:26 -0300] "GET /cormun/servlet/solicitudot?9e2564ea13365253ee43faea1ffae9ce9ac2b223bfe50bc59bb4581b5b933195,gx-no-cache=1519914516977 HTTP/1.1" 200 29
186.67.172.234 - - [01/Mar/2018:11:29:28 -0300] "GET /cormun/servlet/solicitudot?9e2564ea13365253ee43faea1ffae9ce45f545dc8a0844b7152c4838c691ae21afacb2f34a73f6716ab0c267ecc9e95eea79460c40bc0be6819a86b207ae926adfc43d02ee8248a1b573b4e27ca1aa7f3be612b82c2c537b610987c23e66bf9ecb9f4d3b76c9b971f9c21c14b5f5620252f11ca5e2d33ef9a84f2307e89f7cc0e6a2cdcfac0591e1a04b3d3cefb90a6fdbb3c34ee4d4b9e4a1b69da736dd91e6c90c83e785cdfcb6a5e3bf86502c7282649b0e0d18c5496a60185dd397147a1e16e01b1aeb93d9c94373b27e090bcb8c5747bbbb18baf5ba342c8f4484bcbd8c1f08aec4c7285a00d2f1f8964fc30aa54ce607358ce665ff6e7fe1dff65829701de0b351b594de2b6176cfdd3b27d47d030bece7fbfce50fc1ebcc4633c324f356d60aff75867e7d9353be8e6673e5647df120414e623a27275d49e9f0d2fb516eee4dc5418653a2b2c59203d89d32c8,gx-no-cache=1519914518703 HTTP/1.1" 200 255
186.67.172.234 - - [01/Mar/2018:11:29:31 -0300] "GET /cormun/servlet/solicitudot?9e2564ea13365253ee43faea1ffae9ce823d082ac95f387fa9b69cd9ac3524636f274a2be1c1111bf0b85b8f88cb12b071c19c6508562f7e38d9789528ca7f42a58582218dd4d158c447872ca292ddbe54b99060f3539b0c36a9d6b41aa05d9badb17bdc2aa58195affc95b22e40c62f5c1e1218419b59b63750bcd2612032a581317aff2c676f70c33b63bc29584ccf3354b0f753d61c97ab0d7afca60047664074e26ac942fd9d465b4e06f14b077ef0d03be3b79a1321e2f0710dee737036efee13eb9872a1e1ac5bff8991bd5d83fc77740c24ad9e17ce33b6f82c4f4d67ef06297b27d961fb4619434accc693bf27bd13bc4146e9dbfe7491cb402ba96a12605412fa9e55061f3f46e65896b5579dbb2a378106fbc548b1e4b759f005a2d3c058c67ecbb05bfd8e2cfd653f168441309f0503ad3891c466021f3d2965d8b4275f31934a9381e5969349e789161c08f9fcee16c8a4274aea17fa00c8267655691a376cda882bf248841400a786cf6ec42a91e7830ad0b955d5c76c821ba3,gx-no-cache=1519914521413 HTTP/1.1" 200 30
186.67.172.234 - - [01/Mar/2018:11:29:34 -0300] "POST /cormun/servlet/solicitudot?gx-no-cache=1519914524595 HTTP/1.1" 200 30
186.67.172.234 - - [01/Mar/2018:11:29:36 -0300] "POST /cormun/servlet/solicitudot?gx-no-cache=1519914527198 HTTP/1.1" 200 1331
186.67.172.234 - - [01/Mar/2018:11:29:37 -0300] "POST /cormun/servlet/solicitudot?gx-no-cache=1519914527363 HTTP/1.1" 200 38
186.79.145.55 - - [01/Mar/2018:11:29:39 -0300] "POST /cormun/servlet/solicitudot?a02384a102219e22eff33ea8878e1475,INS,0,0,,gx-no-cache=1519914537385 HTTP/1.1" 200 93
186.79.145.55 - - [01/Mar/2018:11:29:40 -0300] "GET /cormun/servlet/hpexe_return? HTTP/1.1" 200 1013
186.79.145.55 - - [01/Mar/2018:11:29:41 -0300] "GET /cormun/servlet/trsolicitudot HTTP/1.1" 200 8814
186.79.145.55 - - [01/Mar/2018:11:29:43 -0300] "GET /cormun/servlet/trsolicitudot HTTP/1.1" 200 8811
186.79.145.55 - - [01/Mar/2018:11:29:47 -0300] "POST /cormun/servlet/trsolicitudot?a02384a102219e22eff33ea8878e1475,gx-no-cache=1519914545615 HTTP/1.1" 200 106
186.79.145.55 - - [01/Mar/2018:11:29:48 -0300] "GET /cormun/servlet/trsolicitudadjuntos?2018,9780, HTTP/1.1" 200 6327
186.79.145.55 - - [01/Mar/2018:11:29:48 -0300] "GET /cormun/static/gxcfg.js?20177612135366 HTTP/1.1" 200 953
186.79.145.55 - - [01/Mar/2018:11:29:49 -0300] "GET /cormun/servlet/trsolicitudadjuntos?2018,9780, HTTP/1.1" 200 6327
186.79.145.55 - - [01/Mar/2018:11:29:52 -0300] "GET /cormun/servlet/solicitudotadjuntos?INS,2018,9780,,1, HTTP/1.1" 200 6274
186.79.145.55 - - [01/Mar/2018:11:29:52 -0300] "GET /cormun/static/about:blank HTTP/1.1" 404 1011
186.79.145.55 - - [01/Mar/2018:11:29:54 -0300] "GET /cormun/servlet/solicitudotadjuntos?INS,2018,9780,,1, HTTP/1.1" 200 6267
186.79.145.55 - - [01/Mar/2018:11:29:54 -0300] "GET /cormun/servlet/solicitudotadjuntos?4f1bad2b54e8e1b1ab62a84945fe53b639cd4a68d38bd2af89500fc39d61c1ae08c08ecfb7ca3d327a5e7a7736095e9c,gx-no-cache=1519914553057 HTTP/1.1" 200 30
186.79.145.55 - - [01/Mar/2018:11:29:55 -0300] "POST /cormun/servlet/solicitudotadjuntos?a02384a102219e22eff33ea8878e1475,INS,2018,9780,,1,,gx-no-cache=1519914553198 HTTP/1.1" 200 4028
186.79.145.55 - - [01/Mar/2018:11:29:57 -0300] "POST /cormun/servlet/solicitudotadjuntos?gx-no-cache=1519914556438 HTTP/1.1" 200 26
186.79.145.55 - - [01/Mar/2018:11:30:12 -0300] "GET /cormun/servlet/solicitudotadjuntos?4f1bad2b54e8e1b1ab62a84945fe53b6c6ed5f8cae4d2c5fbf4cddefd72d4fcc,gx-no-cache=1519914571065 HTTP/1.1" 200 30
186.79.145.55 - - [01/Mar/2018:11:30:12 -0300] "GET /cormun/servlet/solicitudotadjuntos?4f1bad2b54e8e1b1ab62a84945fe53b6c6ed5f8cae4d2c5fbf4cddefd72d4fcc,gx-no-cache=1519914571133 HTTP/1.1" 200 30
186.67.172.234 - - [01/Mar/2018:11:30:15 -0300] "GET /cormun/servlet/solicitudot?9e2564ea13365253ee43faea1ffae9ce250527740980bb5c94c50d93943d00c44ce607358ce665ff6e7fe1dff65829701de0b351b594de2b6176cfdd3b27d47ded56dd7b4b599b658d6e1db3cd6a1920,gx-no-cache=1519914565953 HTTP/1.1" 200 29
186.67.172.234 - - [01/Mar/2018:11:30:15 -0300] "POST /cormun/servlet/solicitudot?gx-no-cache=1519914566036 HTTP/1.1" 200 1318
186.67.172.234 - - [01/Mar/2018:11:30:15 -0300] "POST /cormun/servlet/solicitudot?gx-no-cache=1519914566198 HTTP/1.1" 200 1215
186.79.145.55 - - [01/Mar/2018:11:30:20 -0300] "POST /cormun/servlet/solicitudotadjuntos?a02384a102219e22eff33ea8878e1475,INS,2018,9780,,1, HTTP/1.1" 200 116
186.79.145.55 - - [01/Mar/2018:11:30:20 -0300] "GET /cormun/servlet/hpexe_return? HTTP/1.1" 200 1032
186.79.145.55 - - [01/Mar/2018:11:30:21 -0300] "GET /cormun/servlet/trsolicitudadjuntos?2018,9780, HTTP/1.1" 200 8681
186.79.145.55 - - [01/Mar/2018:11:30:23 -0300] "GET /cormun/servlet/trsolicitudadjuntos?2018,9780, HTTP/1.1" 200 8675
186.67.172.234 - - [01/Mar/2018:11:30:24 -0300] "GET /cormun/static/menuarrow.gif HTTP/1.1" 404 1015
186.79.145.55 - - [01/Mar/2018:11:30:25 -0300] "GET /cormun/servlet/solicitudotadjuntos?INS,2018,9780,,1, HTTP/1.1" 200 6274
186.79.145.55 - - [01/Mar/2018:11:30:26 -0300] "GET /cormun/static/about:blank HTTP/1.1" 404 1011
186.79.145.55 - - [01/Mar/2018:11:30:26 -0300] "GET /cormun/servlet/solicitudotadjuntos?INS,2018,9780,,1, HTTP/1.1" 200 6267
186.79.145.55 - - [01/Mar/2018:11:30:26 -0300] "GET /cormun/servlet/solicitudotadjuntos?4f1bad2b54e8e1b1ab62a84945fe53b639cd4a68d38bd2af89500fc39d61c1ae08c08ecfb7ca3d327a5e7a7736095e9c,gx-no-cache=1519914585495 HTTP/1.1" 200 30
186.79.145.55 - - [01/Mar/2018:11:30:27 -0300] "POST /cormun/servlet/solicitudotadjuntos?a02384a102219e22eff33ea8878e1475,INS,2018,9780,,1,,gx-no-cache=1519914585590 HTTP/1.1" 200 4028
186.79.145.55 - - [01/Mar/2018:11:30:30 -0300] "POST /cormun/servlet/solicitudotadjuntos?gx-no-cache=1519914589486 HTTP/1.1" 200 26
186.79.145.55 - - [01/Mar/2018:11:30:36 -0300] "GET /cormun/servlet/solicitudotadjuntos?4f1bad2b54e8e1b1ab62a84945fe53b6c6ed5f8cae4d2c5fbf4cddefd72d4fcc,gx-no-cache=1519914594767 HTTP/1.1" 200 30
186.79.145.55 - - [01/Mar/2018:11:30:36 -0300] "GET /cormun/servlet/solicitudotadjuntos?4f1bad2b54e8e1b1ab62a84945fe53b6c6ed5f8cae4d2c5fbf4cddefd72d4fcc,gx-no-cache=1519914594832 HTTP/1.1" 200 30
186.67.172.234 - - [01/Mar/2018:11:30:37 -0300] "GET /cormun/servlet/solicitudot?9e2564ea13365253ee43faea1ffae9ce8e92fc5f8cfed7cfb5f62308c23ce29deee9c99555d5e3eb9484db26eaa3ecc0,gx-no-cache=1519914587329 HTTP/1.1" 200 30
186.79.145.55 - - [01/Mar/2018:11:30:41 -0300] "POST /cormun/servlet/solicitudotadjuntos?a02384a102219e22eff33ea8878e1475,INS,2018,9780,,1, HTTP/1.1" 200 116
186.79.145.55 - - [01/Mar/2018:11:30:41 -0300] "GET /cormun/servlet/hpexe_return? HTTP/1.1" 200 1032
186.79.145.55 - - [01/Mar/2018:11:30:42 -0300] "GET /cormun/servlet/trsolicitudadjuntos?2018,9780, HTTP/1.1" 200 8887
186.79.145.55 - - [01/Mar/2018:11:30:43 -0300] "GET /cormun/servlet/trsolicitudadjuntos?2018,9780, HTTP/1.1" 200 8884
186.79.145.55 - - [01/Mar/2018:11:30:46 -0300] "GET /cormun/servlet/solicitudotadjuntos?INS,2018,9780,,1, HTTP/1.1" 200 6273
186.79.145.55 - - [01/Mar/2018:11:30:47 -0300] "GET /cormun/static/about:blank HTTP/1.1" 404 1011
200.120.230.197 - - [01/Mar/2018:11:30:47 -0300] "GET /cormun/servlet/solicitudotadjuntos?INS,2018,9780,,1, HTTP/1.1" 200 6267
200.120.230.197 - - [01/Mar/2018:11:30:47 -0300] "GET /cormun/servlet/solicitudotadjuntos?4f1bad2b54e8e1b1ab62a84945fe53b639cd4a68d38bd2af89500fc39d61c1ae08c08ecfb7ca3d327a5e7a7736095e9c,gx-no-cache=1519914606435 HTTP/1.1" 200 30
200.120.230.197 - - [01/Mar/2018:11:30:48 -0300] "POST /cormun/servlet/solicitudotadjuntos?a02384a102219e22eff33ea8878e1475,INS,2018,9780,,1,,gx-no-cache=1519914606514 HTTP/1.1" 200 4027
186.103.157.42 - - [01/Mar/2018:11:30:58 -0300] "GET /cormun/servlet/trsolicitudot? HTTP/1.1" 200 21308
192.168.10.96 - - [01/Mar/2018:11:31:00 -0300] "GET /cormun/servlet/trsolicitudgral? HTTP/1.1" 200 16233
186.67.172.234 - - [01/Mar/2018:11:31:00 -0300] "POST /cormun/servlet/solicitudot?gx-no-cache=1519914610695 HTTP/1.1" 200 1319
186.103.157.42 - - [01/Mar/2018:11:31:00 -0300] "GET /cormun/servlet/trsolicitudot? HTTP/1.1" 200 21307
186.67.172.234 - - [01/Mar/2018:11:31:00 -0300] "POST /cormun/servlet/solicitudot?gx-no-cache=1519914610876 HTTP/1.1" 200 1217
186.67.172.234 - - [01/Mar/2018:11:31:00 -0300] "POST /cormun/servlet/solicitudot?gx-no-cache=1519914611056 HTTP/1.1" 200 30
192.168.10.96 - - [01/Mar/2018:11:31:01 -0300] "GET /cormun/servlet/trsolicitudgral? HTTP/1.1" 200 16233
186.67.172.234 - - [01/Mar/2018:11:31:01 -0300] "POST /cormun/servlet/solicitudot?ddd5b9f0c4847e3b010f9f2e3176880f,INS,0,0,,gx-no-cache=1519914611175 HTTP/1.1" 200 11842
186.103.157.42 - - [01/Mar/2018:11:31:02 -0300] "GET /cormun/servlet/solicitudot?INS,0,0, HTTP/1.1" 200 13712
186.103.157.42 - - [01/Mar/2018:11:31:02 -0300] "GET /cormun/static/gxcfg.js?201812313224582 HTTP/1.1" 200 953
186.103.157.42 - - [01/Mar/2018:11:31:02 -0300] "GET /cormun/static/solicitudot.js?201812313224831 HTTP/1.1" 200 72336
186.103.157.42 - - [01/Mar/2018:11:31:04 -0300] "GET /cormun/servlet/solicitudot?INS,0,0, HTTP/1.1" 200 13717
200.120.230.197 - - [01/Mar/2018:11:31:05 -0300] "POST /cormun/servlet/solicitudotadjuntos?gx-no-cache=1519914623909 HTTP/1.1" 200 26
200.120.230.197 - - [01/Mar/2018:11:31:12 -0300] "GET /cormun/servlet/solicitudotadjuntos?4f1bad2b54e8e1b1ab62a84945fe53b6c6ed5f8cae4d2c5fbf4cddefd72d4fcc,gx-no-cache=1519914630809 HTTP/1.1" 200 30
200.120.230.197 - - [01/Mar/2018:11:31:12 -0300] "GET /cormun/servlet/solicitudotadjuntos?4f1bad2b54e8e1b1ab62a84945fe53b6c6ed5f8cae4d2c5fbf4cddefd72d4fcc,gx-no-cache=1519914630853 HTTP/1.1" 200 30
200.120.230.197 - - [01/Mar/2018:11:31:13 -0300] "POST /cormun/servlet/solicitudotadjuntos?a02384a102219e22eff33ea8878e1475,INS,2018,9780,,1, HTTP/1.1" 200 116
186.103.157.42 - - [01/Mar/2018:11:31:15 -0300] "POST /cormun/servlet/solicitudot?gx-no-cache=1519914378832 HTTP/1.1" 200 3293
200.120.230.197 - - [01/Mar/2018:11:31:15 -0300] "GET /cormun/servlet/hpexe_return? HTTP/1.1" 200 1032
186.103.157.42 - - [01/Mar/2018:11:31:16 -0300] "POST /cormun/servlet/solicitudot?54837dc9ac1f19ca3c0cae97a53237cb,INS,0,0,,gx-no-cache=1519914379259 HTTP/1.1" 200 10449
200.120.230.197 - - [01/Mar/2018:11:31:16 -0300] "GET /cormun/servlet/trsolicitudadjuntos?2018,9780, HTTP/1.1" 200 9040
186.103.157.42 - - [01/Mar/2018:11:31:18 -0300] "GET /cormun/servlet/solicitudot?2efd8185122451c77b93490d3cb6450060d367e5a50fb151f597c592c9200a01441d2470a9354ea601c84ba8fa8bbc98,gx-no-cache=1519914382257 HTTP/1.1" 200 30
200.120.230.197 - - [01/Mar/2018:11:31:19 -0300] "GET /cormun/servlet/trsolicitudadjuntos?2018,9780, HTTP/1.1" 200 9038
186.67.172.234 - - [01/Mar/2018:11:31:20 -0300] "POST /cormun/servlet/solicitudot?gx-no-cache=1519914630657 HTTP/1.1" 200 3461
186.67.172.234 - - [01/Mar/2018:11:31:20 -0300] "GET /cormun/servlet/solicitudot?9e2564ea13365253ee43faea1ffae9ce823d082ac95f387fa9b69cd9ac3524636f274a2be1c1111bf0b85b8f88cb12b071c19c6508562f7e38d9789528ca7f42a58582218dd4d158c447872ca292ddbe54b99060f3539b0c36a9d6b41aa05d9badb17bdc2aa58195affc95b22e40c62f5c1e1218419b59b63750bcd2612032a581317aff2c676f70c33b63bc29584ccf3354b0f753d61c97ab0d7afca60047664074e26ac942fd9d465b4e06f14b077ef0d03be3b79a1321e2f0710dee737036efee13eb9872a1e1ac5bff8991bd5d83fc77740c24ad9e17ce33b6f82c4f4d67ef06297b27d961fb4619434accc693bf9cb3a8b3e07ad763cf7acbe794c682c712605412fa9e55061f3f46e65896b5579dbb2a378106fbc548b1e4b759f005a2d3c058c67ecbb05bfd8e2cfd653f168441309f0503ad3891c466021f3d2965d8b4275f31934a9381e5969349e789161c08f9fcee16c8a4274aea17fa00c8267655691a376cda882bf248841400a786cf67d50a8fff43994a142b9aec8e641573,gx-no-cache=1519914630976 HTTP/1.1" 200 30
186.67.172.234 - - [01/Mar/2018:11:31:20 -0300] "POST /cormun/servlet/solicitudot?gx-no-cache=1519914631063 HTTP/1.1" 200 30
186.67.172.234 - - [01/Mar/2018:11:31:20 -0300] "POST /cormun/servlet/solicitudot?gx-no-cache=1519914631152 HTTP/1.1" 200 1337
186.67.172.234 - - [01/Mar/2018:11:31:20 -0300] "POST /cormun/servlet/solicitudot?gx-no-cache=1519914631296 HTTP/1.1" 200 41
186.67.172.234 - - [01/Mar/2018:11:31:21 -0300] "POST /cormun/servlet/solicitudot?gx-no-cache=1519914631385 HTTP/1.1" 200 1319
186.67.172.234 - - [01/Mar/2018:11:31:21 -0300] "POST /cormun/servlet/solicitudot?gx-no-cache=1519914631543 HTTP/1.1" 200 1219
186.67.172.234 - - [01/Mar/2018:11:31:21 -0300] "GET /cormun/servlet/solicitudot?9e2564ea13365253ee43faea1ffae9ce8e92fc5f8cfed7cfb5f62308c23ce29deee9c99555d5e3eb9484db26eaa3ecc0,gx-no-cache=1519914631687 HTTP/1.1" 200 30
186.67.172.234 - - [01/Mar/2018:11:31:21 -0300] "POST /cormun/servlet/solicitudot?gx-no-cache=1519914631755 HTTP/1.1" 200 30
186.67.172.234 - - [01/Mar/2018:11:31:22 -0300] "POST /cormun/servlet/solicitudot?ddd5b9f0c4847e3b010f9f2e3176880f,INS,0,0,,gx-no-cache=1519914631841 HTTP/1.1" 200 11902
200.120.230.197 - - [01/Mar/2018:11:31:22 -0300] "GET /cormun/servlet/solicitudotadjuntos?INS,2018,9780,,1, HTTP/1.1" 200 6273
200.120.230.197 - - [01/Mar/2018:11:31:23 -0300] "GET /cormun/static/about:blank HTTP/1.1" 404 1011
200.120.230.197 - - [01/Mar/2018:11:31:23 -0300] "GET /cormun/servlet/solicitudotadjuntos?INS,2018,9780,,1, HTTP/1.1" 200 6267
200.120.230.197 - - [01/Mar/2018:11:31:24 -0300] "GET /cormun/servlet/solicitudotadjuntos?4f1bad2b54e8e1b1ab62a84945fe53b639cd4a68d38bd2af89500fc39d61c1ae08c08ecfb7ca3d327a5e7a7736095e9c,gx-no-cache=1519914642652 HTTP/1.1" 200 30
200.120.230.197 - - [01/Mar/2018:11:31:24 -0300] "POST /cormun/servlet/solicitudotadjuntos?a02384a102219e22eff33ea8878e1475,INS,2018,9780,,1,,gx-no-cache=1519914642740 HTTP/1.1" 200 4027
200.120.230.197 - - [01/Mar/2018:11:31:27 -0300] "POST /cormun/servlet/solicitudotadjuntos?gx-no-cache=1519914646417 HTTP/1.1" 200 26
200.120.230.197 - - [01/Mar/2018:11:31:32 -0300] "GET /cormun/servlet/solicitudotadjuntos?4f1bad2b54e8e1b1ab62a84945fe53b6c6ed5f8cae4d2c5fbf4cddefd72d4fcc,gx-no-cache=1519914651208 HTTP/1.1" 200 30
