192.168.10.89 - - [01/Mar/2018:08:27:58 -0300] "POST /cormun/servlet/trsolicitudgral?17c8ca3810bdd21483c6e9056272e97d,,gx-no-cache=1519903519210 HTTP/1.1" 200 7293
192.168.10.89 - - [01/Mar/2018:08:28:06 -0300] "POST /cormun/servlet/trsolicitudgral?17c8ca3810bdd21483c6e9056272e97d,,gx-no-cache=1519903527001 HTTP/1.1" 200 5935
192.168.10.89 - - [01/Mar/2018:08:28:09 -0300] "POST /cormun/servlet/trsolicitudgral?17c8ca3810bdd21483c6e9056272e97d,,gx-no-cache=1519903530642 HTTP/1.1" 200 5936
192.168.10.89 - - [01/Mar/2018:08:28:13 -0300] "POST /cormun/servlet/trsolicitudgral?17c8ca3810bdd21483c6e9056272e97d,,gx-no-cache=1519903534593 HTTP/1.1" 200 5937
192.168.10.89 - - [01/Mar/2018:08:28:18 -0300] "POST /cormun/servlet/trsolicitudgral?17c8ca3810bdd21483c6e9056272e97d,,gx-no-cache=1519903538922 HTTP/1.1" 200 7290
190.46.88.54 - - [01/Mar/2018:08:30:30 -0300] "GET /cormun/servlet/trautorizarsolicitud? HTTP/1.1" 200 6289
190.46.88.54 - - [01/Mar/2018:08:30:30 -0300] "GET /cormun/static/gxcfg.js?2017111423403364 HTTP/1.1" 304 -
190.46.88.54 - - [01/Mar/2018:08:30:30 -0300] "GET /cormun/static/messages.spa.js?85251 HTTP/1.1" 304 -
190.46.88.54 - - [01/Mar/2018:08:30:31 -0300] "GET /cormun/servlet/hlogin HTTP/1.1" 200 1742
190.46.88.54 - - [01/Mar/2018:08:30:31 -0300] "GET /cormun/static/gxcfg.js?20175251213516 HTTP/1.1" 304 -
190.46.88.54 - - [01/Mar/2018:08:30:31 -0300] "GET /cormun/servlet/trautorizarsolicitud? HTTP/1.1" 200 6279
190.46.88.54 - - [01/Mar/2018:08:30:43 -0300] "POST /cormun/servlet/hlogin?755ad06ac6ae89efc856661959de908a,gx-no-cache=1519903797110 HTTP/1.1" 200 90
190.46.88.54 - - [01/Mar/2018:08:30:43 -0300] "GET /cormun/servlet/hpexe_link HTTP/1.1" 200 952
190.46.88.54 - - [01/Mar/2018:08:30:43 -0300] "GET /cormun/static/gxcfg.js?20177612121792 HTTP/1.1" 304 -
190.46.88.54 - - [01/Mar/2018:08:30:44 -0300] "GET /cormun/servlet/hhome HTTP/1.1" 200 3982
190.46.88.54 - - [01/Mar/2018:08:30:44 -0300] "GET /cormun/static/gxcfg.js?20175251212442 HTTP/1.1" 304 -
190.46.88.54 - - [01/Mar/2018:08:30:44 -0300] "GET /cormun/servlet/hhome HTTP/1.1" 200 3978
192.168.10.56 - - [01/Mar/2018:08:30:46 -0300] "POST /cormun/servlet/trsolicitudgral?8d2d2cfb7e07f4190931acf5abb66965,gx-no-cache=1519903686531 HTTP/1.1" 200 13069
190.46.88.54 - - [01/Mar/2018:08:30:50 -0300] "GET /cormun/servlet/trvisualizadoreventos? HTTP/1.1" 200 6712
190.46.88.54 - - [01/Mar/2018:08:30:50 -0300] "GET /cormun/static/gxcfg.js?20175251251426 HTTP/1.1" 304 -
190.46.88.54 - - [01/Mar/2018:08:30:51 -0300] "GET /cormun/servlet/trvisualizadoreventos? HTTP/1.1" 200 6711
190.46.88.54 - - [01/Mar/2018:08:30:54 -0300] "GET /cormun/servlet/trsolicitudot? HTTP/1.1" 200 8580
190.46.88.54 - - [01/Mar/2018:08:30:54 -0300] "GET /cormun/static/gxcfg.js?2017111422585916 HTTP/1.1" 304 -
190.46.88.54 - - [01/Mar/2018:08:30:55 -0300] "GET /cormun/servlet/trsolicitudot? HTTP/1.1" 200 8579
190.46.88.54 - - [01/Mar/2018:08:31:15 -0300] "POST /cormun/servlet/trsolicitudot?755ad06ac6ae89efc856661959de908a,,gx-no-cache=1519903827985 HTTP/1.1" 200 4496
190.46.88.54 - - [01/Mar/2018:08:31:15 -0300] "GET /cormun/static/Shared/jqueryui/images/ui-bg_highlight-soft_100_c6c2c8_1x100.png HTTP/1.1" 404 1117
190.46.88.54 - - [01/Mar/2018:08:31:15 -0300] "GET /cormun/static/Shared/jqueryui/images/ui-icons_82798d_256x240.png HTTP/1.1" 404 1089
190.46.88.54 - - [01/Mar/2018:08:31:15 -0300] "GET /cormun/static/Shared/jqueryui/images/ui-bg_flat_55_fafafa_40x100.png HTTP/1.1" 404 1097
190.46.88.54 - - [01/Mar/2018:08:31:15 -0300] "GET /cormun/static/Shared/jqueryui/images/ui-icons_8d78a5_256x240.png HTTP/1.1" 404 1089
190.46.88.54 - - [01/Mar/2018:08:31:15 -0300] "POST /cormun/servlet/trsolicitudot?755ad06ac6ae89efc856661959de908a,,gx-no-cache=1519903828959 HTTP/1.1" 200 4256
190.46.88.54 - - [01/Mar/2018:08:31:28 -0300] "GET /cormun/servlet/hlogin HTTP/1.1" 200 1737
190.46.88.54 - - [01/Mar/2018:08:31:38 -0300] "POST /cormun/servlet/hlogin?755ad06ac6ae89efc856661959de908a,gx-no-cache=1519903852073 HTTP/1.1" 200 90
190.46.88.54 - - [01/Mar/2018:08:31:38 -0300] "GET /cormun/servlet/hpexe_link HTTP/1.1" 200 952
190.46.88.54 - - [01/Mar/2018:08:31:39 -0300] "GET /cormun/servlet/hhome HTTP/1.1" 200 4189
190.46.88.54 - - [01/Mar/2018:08:31:39 -0300] "GET /cormun/servlet/hhome HTTP/1.1" 200 4185
190.46.88.54 - - [01/Mar/2018:08:31:45 -0300] "GET /cormun/servlet/trautorizarsolicitud? HTTP/1.1" 200 8667
190.46.88.54 - - [01/Mar/2018:08:31:46 -0300] "GET /cormun/servlet/trautorizarsolicitud? HTTP/1.1" 200 8665
190.46.88.54 - - [01/Mar/2018:08:31:53 -0300] "POST /cormun/servlet/trautorizarsolicitud?755ad06ac6ae89efc856661959de908a,,gx-no-cache=1519903865941 HTTP/1.1" 200 4621
190.46.88.54 - - [01/Mar/2018:08:31:53 -0300] "GET /cormun/static/Shared/jqueryui/images/ui-bg_highlight-soft_100_c6c2c8_1x100.png HTTP/1.1" 404 1117
190.46.88.54 - - [01/Mar/2018:08:31:53 -0300] "GET /cormun/static/Shared/jqueryui/images/ui-bg_flat_55_fafafa_40x100.png HTTP/1.1" 404 1097
190.46.88.54 - - [01/Mar/2018:08:31:53 -0300] "GET /cormun/static/Shared/jqueryui/images/ui-icons_82798d_256x240.png HTTP/1.1" 404 1089
190.46.88.54 - - [01/Mar/2018:08:31:53 -0300] "GET /cormun/static/Shared/jqueryui/images/ui-icons_8d78a5_256x240.png HTTP/1.1" 404 1089
190.46.88.54 - - [01/Mar/2018:08:31:53 -0300] "POST /cormun/servlet/trautorizarsolicitud?755ad06ac6ae89efc856661959de908a,,gx-no-cache=1519903866728 HTTP/1.1" 200 4377
192.168.10.56 - - [01/Mar/2018:08:31:57 -0300] "POST /cormun/servlet/trsolicitudgral?8d2d2cfb7e07f4190931acf5abb66965,gx-no-cache=1519903757696 HTTP/1.1" 200 12277
192.168.10.56 - - [01/Mar/2018:08:31:57 -0300] "GET /cormun/static/Shared/jqueryui/images/ui-bg_highlight-soft_100_c6c2c8_1x100.png HTTP/1.1" 404 1117
192.168.10.56 - - [01/Mar/2018:08:31:57 -0300] "GET /cormun/static/Shared/jqueryui/images/ui-icons_82798d_256x240.png HTTP/1.1" 404 1089
192.168.10.56 - - [01/Mar/2018:08:31:57 -0300] "GET /cormun/static/Shared/jqueryui/images/ui-bg_flat_55_fafafa_40x100.png HTTP/1.1" 404 1097
192.168.10.56 - - [01/Mar/2018:08:31:57 -0300] "GET /cormun/static/Shared/jqueryui/images/ui-icons_8d78a5_256x240.png HTTP/1.1" 404 1089
190.46.88.54 - - [01/Mar/2018:08:32:31 -0300] "GET /cormun/servlet/trsolicitudot? HTTP/1.1" 200 7400
190.46.88.54 - - [01/Mar/2018:08:32:32 -0300] "GET /cormun/servlet/trsolicitudot? HTTP/1.1" 200 7399
192.168.10.56 - - [01/Mar/2018:08:32:33 -0300] "GET /cormun/servlet/vesolicitudgral?2018,8269,, HTTP/1.1" 200 9054
192.168.10.56 - - [01/Mar/2018:08:32:33 -0300] "GET /cormun/pexe_scrolldiv.js HTTP/1.1" 404 1009
192.168.10.56 - - [01/Mar/2018:08:32:33 -0300] "GET /cormun/pexe_scrolldiv.js HTTP/1.1" 404 1009
192.168.10.56 - - [01/Mar/2018:08:32:34 -0300] "GET /cormun/servlet/vesolicitudgral?2018,8269,, HTTP/1.1" 200 9054
192.168.10.56 - - [01/Mar/2018:08:32:36 -0300] "POST /cormun/servlet/vesolicitudgral?8d2d2cfb7e07f4190931acf5abb66965,2018,8269,,,gx-no-cache=1519903797580 HTTP/1.1" 200 93
192.168.10.56 - - [01/Mar/2018:08:32:36 -0300] "GET /cormun/servlet/hpexe_return? HTTP/1.1" 200 1038
190.46.88.54 - - [01/Mar/2018:08:32:37 -0300] "GET /cormun/servlet/solicitudot?INS,0,0, HTTP/1.1" 200 13640
190.46.88.54 - - [01/Mar/2018:08:32:37 -0300] "GET /cormun/static/gxcfg.js?201812313224582 HTTP/1.1" 304 -
192.168.10.56 - - [01/Mar/2018:08:32:37 -0300] "GET /cormun/servlet/trsolicitudgral?gx-no-cache=1519903757696 HTTP/1.1" 200 15338
190.46.88.54 - - [01/Mar/2018:08:32:38 -0300] "GET /cormun/servlet/solicitudot?INS,0,0, HTTP/1.1" 200 13645
192.168.10.56 - - [01/Mar/2018:08:32:39 -0300] "GET /cormun/servlet/trsolicitudgral?gx-no-cache=1519903757696 HTTP/1.1" 200 15355
192.168.10.56 - - [01/Mar/2018:08:32:46 -0300] "POST /cormun/servlet/trsolicitudgral?8d2d2cfb7e07f4190931acf5abb66965,gx-no-cache=1519903757696,gx-no-cache=1519903806721 HTTP/1.1" 200 11513
192.168.10.56 - - [01/Mar/2018:08:32:46 -0300] "GET /cormun/static/Shared/jqueryui/images/ui-bg_highlight-soft_100_c6c2c8_1x100.png HTTP/1.1" 404 1117
192.168.10.56 - - [01/Mar/2018:08:32:46 -0300] "GET /cormun/static/Shared/jqueryui/images/ui-icons_82798d_256x240.png HTTP/1.1" 404 1089
192.168.10.56 - - [01/Mar/2018:08:32:46 -0300] "GET /cormun/static/Shared/jqueryui/images/ui-bg_flat_55_fafafa_40x100.png HTTP/1.1" 404 1097
192.168.10.56 - - [01/Mar/2018:08:32:46 -0300] "GET /cormun/static/Shared/jqueryui/images/ui-icons_8d78a5_256x240.png HTTP/1.1" 404 1089
192.168.10.56 - - [01/Mar/2018:08:32:58 -0300] "POST /cormun/servlet/trsolicitudgral?8d2d2cfb7e07f4190931acf5abb66965,gx-no-cache=1519903757696,gx-no-cache=1519903818705 HTTP/1.1" 200 11119
186.79.12.93 - - [01/Mar/2018:08:33:00 -0300] "GET /cormun/servlet/hlogin HTTP/1.1" 200 1728
186.79.12.93 - - [01/Mar/2018:08:33:00 -0300] "GET /cormun/static/gxtimezone.js?85251 HTTP/1.1" 304 -
186.79.12.93 - - [01/Mar/2018:08:33:00 -0300] "GET /cormun/static/gxcfg.js?20175251213516 HTTP/1.1" 304 -
186.79.12.93 - - [01/Mar/2018:08:33:00 -0300] "GET /cormun/static/messages.spa.js?85251 HTTP/1.1" 304 -
186.79.12.93 - - [01/Mar/2018:08:33:00 -0300] "GET /cormun/servlet/hlogin HTTP/1.1" 200 1733
186.79.12.93 - - [01/Mar/2018:08:33:10 -0300] "POST /cormun/servlet/hlogin?68ea5a4876d261dd4f0d5b9b3752eb84,gx-no-cache=1519900345400 HTTP/1.1" 200 90
186.79.12.93 - - [01/Mar/2018:08:33:10 -0300] "GET /cormun/servlet/hpexe_link HTTP/1.1" 200 955
186.79.12.93 - - [01/Mar/2018:08:33:10 -0300] "GET /cormun/static/gxcfg.js?20177612121792 HTTP/1.1" 304 -
186.79.12.93 - - [01/Mar/2018:08:33:10 -0300] "GET /cormun/servlet/hhome HTTP/1.1" 200 3978
186.79.12.93 - - [01/Mar/2018:08:33:11 -0300] "GET /cormun/static/gxcfg.js?20175251212442 HTTP/1.1" 304 -
186.79.12.93 - - [01/Mar/2018:08:33:11 -0300] "GET /cormun/servlet/hhome HTTP/1.1" 200 3975
192.168.10.56 - - [01/Mar/2018:08:33:19 -0300] "POST /cormun/servlet/trsolicitudgral?8d2d2cfb7e07f4190931acf5abb66965,gx-no-cache=1519903757696,gx-no-cache=1519903840346 HTTP/1.1" 200 10750
190.46.88.54 - - [01/Mar/2018:08:33:26 -0300] "POST /cormun/servlet/solicitudot?gx-no-cache=1519903959643 HTTP/1.1" 200 3293
190.46.88.54 - - [01/Mar/2018:08:33:27 -0300] "POST /cormun/servlet/solicitudot?755ad06ac6ae89efc856661959de908a,INS,0,0,,gx-no-cache=1519903960516 HTTP/1.1" 200 10448
192.168.10.56 - - [01/Mar/2018:08:33:32 -0300] "POST /cormun/servlet/trsolicitudgral?8d2d2cfb7e07f4190931acf5abb66965,gx-no-cache=1519903757696,gx-no-cache=1519903852849 HTTP/1.1" 200 9944
186.79.12.93 - - [01/Mar/2018:08:33:34 -0300] "GET /cormun/servlet/trsolicitudot? HTTP/1.1" 200 7188
186.79.12.93 - - [01/Mar/2018:08:33:35 -0300] "GET /cormun/static/calendar-system.css?85620 HTTP/1.1" 200 5572
186.79.12.93 - - [01/Mar/2018:08:33:35 -0300] "GET /cormun/static/gxui/gxui-all.css?120300 HTTP/1.1" 200 2179
186.79.12.93 - - [01/Mar/2018:08:33:35 -0300] "GET /cormun/static/gxcfg.js?2017111422585916 HTTP/1.1" 200 953
186.79.12.93 - - [01/Mar/2018:08:33:35 -0300] "GET /cormun/static/calendar.js?85251 HTTP/1.1" 304 -
186.79.12.93 - - [01/Mar/2018:08:33:35 -0300] "GET /cormun/static/calendar-setup.js?85251 HTTP/1.1" 304 -
186.79.12.93 - - [01/Mar/2018:08:33:35 -0300] "GET /cormun/static/calendar-es.js?85251 HTTP/1.1" 304 -
186.79.12.93 - - [01/Mar/2018:08:33:35 -0300] "GET /cormun/static/Resources/Spanish/PXTools.css?1255365 HTTP/1.1" 200 89042
186.79.12.93 - - [01/Mar/2018:08:33:35 -0300] "GET /cormun/static/gxdec.js?85251 HTTP/1.1" 304 -
186.79.12.93 - - [01/Mar/2018:08:33:35 -0300] "GET /cormun/static/trsolicitudot.js?201711142259839 HTTP/1.1" 200 54041
186.79.12.93 - - [01/Mar/2018:08:33:36 -0300] "GET /cormun/static/Shared/ext/resources/css/ext-all.css?215870 HTTP/1.1" 200 416045
186.79.12.93 - - [01/Mar/2018:08:33:36 -0300] "GET /cormun/servlet/trsolicitudot? HTTP/1.1" 200 7187
190.46.88.54 - - [01/Mar/2018:08:33:39 -0300] "GET /cormun/servlet/prfichaempleado?,MD,,gxPopupLevel%3D0%3B HTTP/1.1" 200 9347
190.46.88.54 - - [01/Mar/2018:08:33:39 -0300] "GET /cormun/static/gxcfg.js?20177612134814 HTTP/1.1" 200 953
190.46.88.54 - - [01/Mar/2018:08:33:39 -0300] "GET /cormun/static/prfichaempleado.js?20177612134999 HTTP/1.1" 200 16006
186.79.12.93 - - [01/Mar/2018:08:33:40 -0300] "GET /cormun/servlet/solicitudot?INS,0,0, HTTP/1.1" 200 13418
186.79.12.93 - - [01/Mar/2018:08:33:40 -0300] "GET /cormun/static/gxcfg.js?201812313224582 HTTP/1.1" 200 953
186.79.12.93 - - [01/Mar/2018:08:33:40 -0300] "GET /cormun/static/Resources/prompt.gif HTTP/1.1" 200 902
186.79.12.93 - - [01/Mar/2018:08:33:40 -0300] "GET /cormun/static/solicitudot.js?201812313224831 HTTP/1.1" 200 72336
186.79.12.93 - - [01/Mar/2018:08:33:41 -0300] "GET /cormun/servlet/solicitudot?INS,0,0, HTTP/1.1" 200 13423
192.168.10.56 - - [01/Mar/2018:08:33:48 -0300] "POST /cormun/servlet/trsolicitudgral?8d2d2cfb7e07f4190931acf5abb66965,gx-no-cache=1519903757696,gx-no-cache=1519903869271 HTTP/1.1" 200 9577
190.46.88.54 - - [01/Mar/2018:08:33:55 -0300] "POST /cormun/servlet/prfichaempleado?755ad06ac6ae89efc856661959de908a,,MD,,gxPopupLevel%3D0%3B,gx-no-cache=1519903988494 HTTP/1.1" 200 3981
186.79.12.93 - - [01/Mar/2018:08:34:02 -0300] "POST /cormun/servlet/solicitudot?gx-no-cache=1519900397021 HTTP/1.1" 200 3293
190.46.88.54 - - [01/Mar/2018:08:34:03 -0300] "GET /cormun/servlet/solicitudot?e27f772993d2339e5937b658607c95889caaf80e2359c2a7babd476b68a096554deecd08209d70077fc7a547d6eec601,gx-no-cache=1519903996622 HTTP/1.1" 200 30
186.79.12.93 - - [01/Mar/2018:08:34:03 -0300] "POST /cormun/servlet/solicitudot?68ea5a4876d261dd4f0d5b9b3752eb84,INS,0,0,,gx-no-cache=1519900397705 HTTP/1.1" 200 10258
186.79.12.93 - - [01/Mar/2018:08:34:04 -0300] "GET /cormun/servlet/solicitudot?b082af1eb82f1faee171e17fe61071c90cc72f119c9b28b6b45f52ceb648a32d1fa881b3927e8a86f4ba2f0b218c887c,gx-no-cache=1519900399974 HTTP/1.1" 200 30
192.168.10.56 - - [01/Mar/2018:08:34:12 -0300] "POST /cormun/servlet/trsolicitudgral?8d2d2cfb7e07f4190931acf5abb66965,gx-no-cache=1519903757696,gx-no-cache=1519903892756 HTTP/1.1" 200 8820
192.168.10.56 - - [01/Mar/2018:08:35:41 -0300] "POST /cormun/servlet/trsolicitudgral?8d2d2cfb7e07f4190931acf5abb66965,gx-no-cache=1519903757696,gx-no-cache=1519903982253 HTTP/1.1" 200 8493
186.79.12.93 - - [01/Mar/2018:08:35:43 -0300] "GET /cormun/static/Resources/resize.gif HTTP/1.1" 200 77
186.79.12.93 - - [01/Mar/2018:08:35:43 -0300] "GET /cormun/servlet/prbanco?,MD,,gxPopupLevel%3D0%3B HTTP/1.1" 200 6613
186.79.12.93 - - [01/Mar/2018:08:35:43 -0300] "GET /cormun/static/prbanco.js?2018116101633 HTTP/1.1" 200 10693
186.79.12.93 - - [01/Mar/2018:08:35:43 -0300] "GET /cormun/static/gxcfg.js?20181161016094 HTTP/1.1" 200 953
186.79.12.93 - - [01/Mar/2018:08:35:43 -0300] "GET /cormun/static/hmpwkw011.js?20177612121862 HTTP/1.1" 200 1968
186.79.12.93 - - [01/Mar/2018:08:35:43 -0300] "GET /cormun/static/menusearch.js?201610171694467 HTTP/1.1" 200 1424
186.79.12.93 - - [01/Mar/2018:08:35:43 -0300] "GET /cormun/static/Resources/PXToolsMenuSearch.png HTTP/1.1" 200 2914
186.79.12.93 - - [01/Mar/2018:08:35:43 -0300] "GET /cormun/static/Resources/PXToolsMenuSearchCancel.png HTTP/1.1" 200 2972
186.79.12.93 - - [01/Mar/2018:08:35:44 -0300] "POST /cormun/servlet/acontrolpreferencessavestate?None,CA-L%2FE,true HTTP/1.1" 200 35
186.79.12.93 - - [01/Mar/2018:08:35:51 -0300] "GET /cormun/servlet/solicitudot?b082af1eb82f1faee171e17fe61071c9833c2357ad6889fdd5554865e6bec6783b9b3b29fb1950f3966a12c77c72586a1fa881b3927e8a86f4ba2f0b218c887c,gx-no-cache=1519900506607 HTTP/1.1" 200 30
186.79.12.93 - - [01/Mar/2018:08:35:55 -0300] "GET /cormun/servlet/solicitudot?b082af1eb82f1faee171e17fe61071c916a8917d97d3cb134122abdefb74bcfa,gx-no-cache=1519900510891 HTTP/1.1" 200 57
192.168.10.56 - - [01/Mar/2018:08:36:06 -0300] "POST /cormun/servlet/trsolicitudgral?8d2d2cfb7e07f4190931acf5abb66965,gx-no-cache=1519903757696,gx-no-cache=1519904007195 HTTP/1.1" 200 8167
186.79.12.93 - - [01/Mar/2018:08:36:08 -0300] "POST /cormun/servlet/solicitudot?68ea5a4876d261dd4f0d5b9b3752eb84,INS,0,0,,gx-no-cache=1519900522351 HTTP/1.1" 200 10493
186.79.12.93 - - [01/Mar/2018:08:36:08 -0300] "GET /cormun/static/Shared/jqueryui/images/ui-bg_highlight-soft_100_c6c2c8_1x100.png HTTP/1.1" 404 1117
186.79.12.93 - - [01/Mar/2018:08:36:09 -0300] "GET /cormun/static/Shared/jqueryui/images/ui-icons_82798d_256x240.png HTTP/1.1" 404 1089
186.79.12.93 - - [01/Mar/2018:08:36:09 -0300] "GET /cormun/static/Shared/jqueryui/images/ui-bg_flat_55_fafafa_40x100.png HTTP/1.1" 404 1097
186.79.12.93 - - [01/Mar/2018:08:36:09 -0300] "GET /cormun/static/Shared/jqueryui/images/ui-icons_8d78a5_256x240.png HTTP/1.1" 404 1089
186.79.12.93 - - [01/Mar/2018:08:36:13 -0300] "GET /cormun/servlet/solicitudot?b082af1eb82f1faee171e17fe61071c99239bac9879bf30be36bdfd5ef085aaba832c7a71a71ae4a3d9b1abf0f41e4f63ffb6a3c8dd08da38b3dfcfa9d84395c97de1d74a5ca6810c11d8c91fb891af5,gx-no-cache=1519900528689 HTTP/1.1" 200 57
186.79.12.93 - - [01/Mar/2018:08:36:15 -0300] "POST /cormun/servlet/solicitudot?gx-no-cache=1519900530129 HTTP/1.1" 200 255
186.79.12.93 - - [01/Mar/2018:08:36:16 -0300] "GET /cormun/servlet/solicitudot?b082af1eb82f1faee171e17fe61071c9a5db082e52cf6d45f0fdbb3e32caccd911a17540dfa68c570bc2055ad98068d67f482952586d4ac0193d356585c97f1defdf14ed862ac4a4e8cb051b7fa0fbaa647935763d33c1bc9db5efa5f263c227f71985fbf3dfecb1bdb9f73ba4b0ca4c49a9219fa0e68192ddc887783a028084ecfd5d19c1010a0568287e246ed429c0483a1123399d8ada59971d1143200289c25d1442c7318e5bbaeda9c560b89182fda375cccdd9be291ac960d1bb4f769c5b67901ffe0755d924cf1644d20740a00a4f0e1c26699762845763e171354c3300583d22d1f28607e146ab45a71b840d1c0dcfb113883eaeae10e1f41cb27809ab74acf114b99e7a5e28e4a9717e87473b7b4b4b29bc75361b44d997aac8e4834a988832c76f6888af9f2b08fbd806baaca05cbe5686d220c0169391eaac67f714ab87f7853d6b390d6708fc0395cb6df6b2f728aafae7bbbdca5dec28703fb9c6a56187919e1a0f38bc784fafdb1371f9be08bd3bbfd6c1eda832d202834cf2,gx-no-cache=1519900531717 HTTP/1.1" 200 30
186.79.12.93 - - [01/Mar/2018:08:36:19 -0300] "POST /cormun/servlet/solicitudot?gx-no-cache=1519900534425 HTTP/1.1" 200 30
192.168.10.56 - - [01/Mar/2018:08:36:21 -0300] "POST /cormun/servlet/trsolicitudgral?8d2d2cfb7e07f4190931acf5abb66965,gx-no-cache=1519903757696,gx-no-cache=1519904022007 HTTP/1.1" 200 7723
186.79.12.93 - - [01/Mar/2018:08:36:21 -0300] "POST /cormun/servlet/solicitudot?gx-no-cache=1519900536676 HTTP/1.1" 200 1333
186.79.12.93 - - [01/Mar/2018:08:36:21 -0300] "POST /cormun/servlet/solicitudot?gx-no-cache=1519900536866 HTTP/1.1" 200 38
190.46.88.54 - - [01/Mar/2018:08:36:33 -0300] "GET /cormun/servlet/solicitudot?e27f772993d2339e5937b658607c95884fada7a0ef6ac0e5bbd443074c90fe2e,gx-no-cache=1519904147064 HTTP/1.1" 200 94
190.46.88.54 - - [01/Mar/2018:08:36:33 -0300] "GET /cormun/static/Shared/jqueryui/images/ui-bg_highlight-soft_100_c6c2c8_1x100.png HTTP/1.1" 404 1117
190.46.88.54 - - [01/Mar/2018:08:36:33 -0300] "GET /cormun/static/Shared/jqueryui/images/ui-icons_82798d_256x240.png HTTP/1.1" 404 1089
190.46.88.54 - - [01/Mar/2018:08:36:33 -0300] "GET /cormun/static/Shared/jqueryui/images/ui-icons_ebccce_256x240.png HTTP/1.1" 404 1089
190.46.88.54 - - [01/Mar/2018:08:36:33 -0300] "GET /cormun/static/Shared/jqueryui/images/ui-bg_flat_55_994d53_40x100.png HTTP/1.1" 404 1097
190.46.88.54 - - [01/Mar/2018:08:36:33 -0300] "GET /cormun/servlet/solicitudot?e27f772993d2339e5937b658607c9588fd75dde01dd9d2060561ced6c2763db7,gx-no-cache=1519904147233 HTTP/1.1" 200 29
190.46.88.54 - - [01/Mar/2018:08:36:34 -0300] "POST /cormun/servlet/solicitudot?gx-no-cache=1519904148506 HTTP/1.1" 200 255
192.168.10.56 - - [01/Mar/2018:08:36:37 -0300] "POST /cormun/servlet/trsolicitudgral?8d2d2cfb7e07f4190931acf5abb66965,gx-no-cache=1519903757696,gx-no-cache=1519904037880 HTTP/1.1" 200 6130
190.46.88.54 - - [01/Mar/2018:08:36:37 -0300] "GET /cormun/servlet/solicitudot?e27f772993d2339e5937b658607c958874d35590d9121b5a363079fdc6e086288c9e1022992522c80c25a482e351f33a9efa0ec218196e6947474b733f71a396c4d24c52551701ab673170948d9412db239333308d9e460aab6d693e1a6c6259f95975d6ba005701bd222140913bc0248877ce8ebbecf73e96c233c80e4c040aa3fecf6974b23dd133967b82486bc169d46dca4a269d69062b8b56908922fa86461a09a4edbe58c2183ea1ea1d19ee5d71dcae6846cc0d11ea83f57b392cf35830f6cce2910eb5ddfacdf0064b7d60cdc68fae61aad75fc4678d9112045b800d7430fe214317f50691907177ab906410b1f096b3fb690dac0019ce10adacbeac4700606a3c79c60c150bc3a43bfda7cf44149f1d43732e3d39102cc9b03a63f6751bc51c5ded8eaa3baec6000a459a61a5fec657ae26376e3b634556ebf744050504def0536ac7b1c208b048ee1a039684227db0b0cc44e18570bb6ae25dcce3bf4057853288235d6a54e3c5d27d0e71334f3183770291fcd6bbe6310ca24e65,gx-no-cache=1519904151186 HTTP/1.1" 200 30
186.79.12.93 - - [01/Mar/2018:08:36:41 -0300] "GET /cormun/servlet/solicitudot?b082af1eb82f1faee171e17fe61071c9d07c3052c98a8c12e46a98283a04d8074347339f472a22c8495fa4657cbf0f56d7ebdb332aee58ae94713b05a3cd830ce14801b492acb81de389f1ea92b9e6824ffc183f9cb93b7d1b244d62e2c6c7128c3bd061bfddd894b2e4489f95a9ed3c,gx-no-cache=1519900556605 HTTP/1.1" 200 29
186.79.12.93 - - [01/Mar/2018:08:36:42 -0300] "POST /cormun/servlet/solicitudot?gx-no-cache=1519900556803 HTTP/1.1" 200 1318
186.79.12.93 - - [01/Mar/2018:08:36:42 -0300] "POST /cormun/servlet/solicitudot?gx-no-cache=1519900557145 HTTP/1.1" 200 1215
192.168.10.56 - - [01/Mar/2018:08:36:42 -0300] "POST /cormun/servlet/trsolicitudgral?8d2d2cfb7e07f4190931acf5abb66965,gx-no-cache=1519903757696,gx-no-cache=1519904042198 HTTP/1.1" 200 25046
186.79.12.93 - - [01/Mar/2018:08:36:55 -0300] "GET /cormun/static/menuarrow.gif HTTP/1.1" 404 1015
186.79.12.93 - - [01/Mar/2018:08:36:58 -0300] "GET /cormun/servlet/solicitudot?b082af1eb82f1faee171e17fe61071c9a208a54d031b4a08ee0f86b6cd4a873f116e4e3b9a617137a8a8c27a1679758a,gx-no-cache=1519900573782 HTTP/1.1" 200 30
190.46.88.54 - - [01/Mar/2018:08:37:04 -0300] "POST /cormun/servlet/solicitudot?gx-no-cache=1519904177712 HTTP/1.1" 200 30
190.46.88.54 - - [01/Mar/2018:08:37:04 -0300] "POST /cormun/servlet/solicitudot?gx-no-cache=1519904177942 HTTP/1.1" 200 1333
190.46.88.54 - - [01/Mar/2018:08:37:04 -0300] "POST /cormun/servlet/solicitudot?gx-no-cache=1519904178218 HTTP/1.1" 200 38
186.79.12.93 - - [01/Mar/2018:08:37:05 -0300] "POST /cormun/servlet/solicitudot?gx-no-cache=1519900579993 HTTP/1.1" 200 30
186.79.12.93 - - [01/Mar/2018:08:37:34 -0300] "POST /cormun/servlet/solicitudot?68ea5a4876d261dd4f0d5b9b3752eb84,INS,0,0,,gx-no-cache=1519900608616 HTTP/1.1" 200 93
186.79.12.93 - - [01/Mar/2018:08:37:34 -0300] "GET /cormun/servlet/hpexe_return? HTTP/1.1" 200 1011
186.79.12.93 - - [01/Mar/2018:08:37:35 -0300] "GET /cormun/static/gxcfg.js?2016101716175148 HTTP/1.1" 200 953
186.79.12.93 - - [01/Mar/2018:08:37:35 -0300] "GET /cormun/static/hpexe_return.js?2016101716175153 HTTP/1.1" 200 1633
186.79.12.93 - - [01/Mar/2018:08:37:35 -0300] "GET /cormun/static/Resources/Spanish/PXTools.css?167811 HTTP/1.1" 200 89042
186.79.12.93 - - [01/Mar/2018:08:37:35 -0300] "GET /cormun/servlet/trsolicitudot HTTP/1.1" 200 8571
186.79.12.93 - - [01/Mar/2018:08:37:36 -0300] "GET /cormun//static/Resources/PXToolsActionView.png HTTP/1.1" 200 2995
186.79.12.93 - - [01/Mar/2018:08:37:36 -0300] "GET /cormun//static/Resources/PXToolsGridUpdate.png HTTP/1.1" 200 2984
186.79.12.93 - - [01/Mar/2018:08:37:36 -0300] "GET /cormun//static/Resources/PXToolsGridDelete.png HTTP/1.1" 200 357
186.79.12.93 - - [01/Mar/2018:08:37:36 -0300] "GET /cormun//static/Resources/PXToolsRemoveAllAction.png HTTP/1.1" 200 3558
186.79.12.93 - - [01/Mar/2018:08:37:36 -0300] "GET /cormun/servlet/trsolicitudot HTTP/1.1" 200 8567
186.79.12.93 - - [01/Mar/2018:08:37:46 -0300] "POST /cormun/servlet/trsolicitudot?68ea5a4876d261dd4f0d5b9b3752eb84,gx-no-cache=1519900620632 HTTP/1.1" 200 107
186.79.12.93 - - [01/Mar/2018:08:37:46 -0300] "GET /cormun/servlet/trsolicitudadjuntos?2018,9765, HTTP/1.1" 200 6080
186.79.12.93 - - [01/Mar/2018:08:37:46 -0300] "GET /cormun/static/gxcfg.js?20177612135366 HTTP/1.1" 200 953
186.79.12.93 - - [01/Mar/2018:08:37:46 -0300] "GET /cormun/static/trsolicitudadjuntos.js?20177612135632 HTTP/1.1" 200 17922
186.79.12.93 - - [01/Mar/2018:08:37:47 -0300] "GET /cormun/servlet/trsolicitudadjuntos?2018,9765, HTTP/1.1" 200 6080
186.79.12.93 - - [01/Mar/2018:08:37:49 -0300] "GET /cormun/servlet/solicitudotadjuntos?INS,2018,9765,,1, HTTP/1.1" 200 6025
186.79.12.93 - - [01/Mar/2018:08:37:49 -0300] "GET /cormun/static/gxcfg.js?2017761244068 HTTP/1.1" 200 953
186.79.12.93 - - [01/Mar/2018:08:37:49 -0300] "GET /cormun/static/solicitudotadjuntos.js?2017761244086 HTTP/1.1" 200 11771
186.79.12.93 - - [01/Mar/2018:08:37:49 -0300] "GET /cormun/static/about:blank HTTP/1.1" 404 1011
186.79.12.93 - - [01/Mar/2018:08:37:49 -0300] "GET /cormun/servlet/solicitudotadjuntos?INS,2018,9765,,1, HTTP/1.1" 200 6019
186.79.12.93 - - [01/Mar/2018:08:37:50 -0300] "GET /cormun/servlet/solicitudotadjuntos?b082af1eb82f1faee171e17fe61071c9bc974caae5394933b2b66e28dac2b612a4aa4a2a977a8c5428b59494da544e4d,gx-no-cache=1519900625148 HTTP/1.1" 200 30
186.79.12.93 - - [01/Mar/2018:08:37:50 -0300] "POST /cormun/servlet/solicitudotadjuntos?68ea5a4876d261dd4f0d5b9b3752eb84,INS,2018,9765,,1,,gx-no-cache=1519900625253 HTTP/1.1" 200 3832
186.79.12.93 - - [01/Mar/2018:08:37:54 -0300] "POST /cormun/servlet/solicitudotadjuntos?gx-no-cache=1519900629784 HTTP/1.1" 200 26
192.168.10.56 - - [01/Mar/2018:08:37:57 -0300] "POST /cormun/servlet/trsolicitudgral?8d2d2cfb7e07f4190931acf5abb66965,gx-no-cache=1519903757696,gx-no-cache=1519904118094 HTTP/1.1" 200 7300
200.112.5.24 - - [01/Mar/2018:08:38:14 -0300] "GET /cormun/servlet/hlogin HTTP/1.1" 200 1716
200.112.5.24 - - [01/Mar/2018:08:38:14 -0300] "GET /cormun/static/gxtimezone.js?85251 HTTP/1.1" 304 -
186.79.12.93 - - [01/Mar/2018:08:38:16 -0300] "POST /cormun/servlet/solicitudotadjuntos?gx-no-cache=1519900650984 HTTP/1.1" 200 26
190.46.88.54 - - [01/Mar/2018:08:38:17 -0300] "GET /cormun/servlet/solicitudot?e27f772993d2339e5937b658607c9588d9c47ec1b1a5b46f9925054e2d84f2066b928bf1d16a0d06779555f2f5e877d7b81acea49c75d5137df83f48d78e7524862e7c0ff4f33dbe07cb08e677d4c47e35c6047c0cb6bbdb2a71f60e20e75c0a11e493dd782ee3cf2885d61ed0be4be7,gx-no-cache=1519904250982 HTTP/1.1" 200 29
190.46.88.54 - - [01/Mar/2018:08:38:17 -0300] "POST /cormun/servlet/solicitudot?gx-no-cache=1519904251191 HTTP/1.1" 200 1318
190.46.88.54 - - [01/Mar/2018:08:38:17 -0300] "POST /cormun/servlet/solicitudot?gx-no-cache=1519904251422 HTTP/1.1" 200 1215
200.112.5.24 - - [01/Mar/2018:08:38:18 -0300] "POST /cormun/servlet/hlogin?aa2756ff7dd7699747a9ca5f1e3b5326,gx-no-cache=1519904251891 HTTP/1.1" 200 90
200.112.5.24 - - [01/Mar/2018:08:38:18 -0300] "GET /cormun/servlet/hpexe_link HTTP/1.1" 200 947
200.112.5.24 - - [01/Mar/2018:08:38:19 -0300] "GET /cormun/servlet/hhome HTTP/1.1" 200 3984
200.112.5.24 - - [01/Mar/2018:08:38:20 -0300] "GET /cormun/servlet/hhome HTTP/1.1" 200 3980
200.112.5.24 - - [01/Mar/2018:08:38:22 -0300] "GET /cormun/servlet/trvisualizadoreventos? HTTP/1.1" 200 6717
200.112.5.24 - - [01/Mar/2018:08:38:23 -0300] "GET /cormun/static/gxcfg.js?20175251251426 HTTP/1.1" 200 953
200.112.5.24 - - [01/Mar/2018:08:38:23 -0300] "GET /cormun/static/calendar.js?85251 HTTP/1.1" 304 -
200.112.5.24 - - [01/Mar/2018:08:38:23 -0300] "GET /cormun/static/calendar-setup.js?85251 HTTP/1.1" 304 -
200.112.5.24 - - [01/Mar/2018:08:38:23 -0300] "GET /cormun/static/calendar-es.js?85251 HTTP/1.1" 304 -
200.112.5.24 - - [01/Mar/2018:08:38:23 -0300] "GET /cormun/static/gxdec.js?85251 HTTP/1.1" 304 -
200.112.5.24 - - [01/Mar/2018:08:38:23 -0300] "GET /cormun/static/Resources/PXToolsActionPrint.png HTTP/1.1" 200 3317
200.112.5.24 - - [01/Mar/2018:08:38:23 -0300] "GET /cormun/servlet/trvisualizadoreventos? HTTP/1.1" 200 6716
200.112.5.24 - - [01/Mar/2018:08:38:27 -0300] "GET /cormun/servlet/trsolicitudot? HTTP/1.1" 200 7197
200.112.5.24 - - [01/Mar/2018:08:38:27 -0300] "GET /cormun/servlet/trsolicitudot? HTTP/1.1" 200 7197
186.79.12.93 - - [01/Mar/2018:08:38:29 -0300] "GET /cormun/servlet/solicitudotadjuntos?b082af1eb82f1faee171e17fe61071c9697b6bc08ac4961b9c116fcb9bf619e2,gx-no-cache=1519900664450 HTTP/1.1" 200 30
186.79.12.93 - - [01/Mar/2018:08:38:29 -0300] "GET /cormun/servlet/solicitudotadjuntos?b082af1eb82f1faee171e17fe61071c9697b6bc08ac4961b9c116fcb9bf619e2,gx-no-cache=1519900664536 HTTP/1.1" 200 30
186.79.12.93 - - [01/Mar/2018:08:38:43 -0300] "POST /cormun/servlet/solicitudotadjuntos?68ea5a4876d261dd4f0d5b9b3752eb84,INS,2018,9765,,1, HTTP/1.1" 200 116
186.79.12.93 - - [01/Mar/2018:08:38:43 -0300] "GET /cormun/servlet/hpexe_return? HTTP/1.1" 200 1029
186.79.12.93 - - [01/Mar/2018:08:38:44 -0300] "GET /cormun/servlet/trsolicitudadjuntos?2018,9765, HTTP/1.1" 200 8409
186.79.12.93 - - [01/Mar/2018:08:38:45 -0300] "GET /cormun/servlet/trsolicitudadjuntos?2018,9765, HTTP/1.1" 200 8405
186.79.12.93 - - [01/Mar/2018:08:38:46 -0300] "GET /cormun/servlet/solicitudotadjuntos?INS,2018,9765,,1, HTTP/1.1" 200 6026
186.79.12.93 - - [01/Mar/2018:08:38:47 -0300] "GET /cormun/static/about:blank HTTP/1.1" 404 1011
186.79.12.93 - - [01/Mar/2018:08:38:47 -0300] "GET /cormun/servlet/solicitudotadjuntos?INS,2018,9765,,1, HTTP/1.1" 200 6019
186.79.12.93 - - [01/Mar/2018:08:38:47 -0300] "GET /cormun/servlet/solicitudotadjuntos?b082af1eb82f1faee171e17fe61071c9bc974caae5394933b2b66e28dac2b612a4aa4a2a977a8c5428b59494da544e4d,gx-no-cache=1519900682783 HTTP/1.1" 200 30
186.79.12.93 - - [01/Mar/2018:08:38:48 -0300] "POST /cormun/servlet/solicitudotadjuntos?68ea5a4876d261dd4f0d5b9b3752eb84,INS,2018,9765,,1,,gx-no-cache=1519900682908 HTTP/1.1" 200 3834
190.46.88.54 - - [01/Mar/2018:08:38:51 -0300] "GET /cormun/servlet/prbanco?,MD,,gxPopupLevel%3D0%3B HTTP/1.1" 200 6628
190.46.88.54 - - [01/Mar/2018:08:38:51 -0300] "GET /cormun/static/gxcfg.js?20181161016094 HTTP/1.1" 304 -
186.79.12.93 - - [01/Mar/2018:08:38:53 -0300] "POST /cormun/servlet/solicitudotadjuntos?gx-no-cache=1519900688496 HTTP/1.1" 200 26
190.46.88.54 - - [01/Mar/2018:08:38:53 -0300] "POST /cormun/servlet/acontrolpreferencessavestate?None,GFAUNDEZ,true HTTP/1.1" 200 35
190.46.88.54 - - [01/Mar/2018:08:39:05 -0300] "GET /cormun/servlet/solicitudot?e27f772993d2339e5937b658607c9588da1eb591e0131ef127ead9edfcf97954,gx-no-cache=1519904299145 HTTP/1.1" 200 53
186.79.12.93 - - [01/Mar/2018:08:39:09 -0300] "GET /cormun/servlet/solicitudotadjuntos?b082af1eb82f1faee171e17fe61071c9697b6bc08ac4961b9c116fcb9bf619e2,gx-no-cache=1519900704904 HTTP/1.1" 200 30
186.79.12.93 - - [01/Mar/2018:08:39:09 -0300] "GET /cormun/servlet/solicitudotadjuntos?b082af1eb82f1faee171e17fe61071c9697b6bc08ac4961b9c116fcb9bf619e2,gx-no-cache=1519900704975 HTTP/1.1" 200 30
192.168.10.56 - - [01/Mar/2018:08:39:13 -0300] "GET /cormun/servlet/vesolicitudgral?2018,8657,, HTTP/1.1" 200 9116
192.168.10.56 - - [01/Mar/2018:08:39:13 -0300] "GET /cormun/pexe_scrolldiv.js HTTP/1.1" 404 1009
192.168.10.56 - - [01/Mar/2018:08:39:14 -0300] "GET /cormun/servlet/vesolicitudgral?2018,8657,, HTTP/1.1" 200 9097
192.168.10.56 - - [01/Mar/2018:08:39:30 -0300] "GET /cormun/servlet/vesolicitudgral?2018,8657,,SolicitudOTLog HTTP/1.1" 200 9490
192.168.10.56 - - [01/Mar/2018:08:39:30 -0300] "GET /cormun/pexe_scrolldiv.js HTTP/1.1" 404 1009
192.168.10.56 - - [01/Mar/2018:08:39:30 -0300] "GET /cormun/pexe_scrolldiv.js HTTP/1.1" 404 1009
186.79.12.93 - - [01/Mar/2018:08:39:30 -0300] "POST /cormun/servlet/solicitudotadjuntos?68ea5a4876d261dd4f0d5b9b3752eb84,INS,2018,9765,,1, HTTP/1.1" 200 116
186.79.12.93 - - [01/Mar/2018:08:39:30 -0300] "GET /cormun/servlet/hpexe_return? HTTP/1.1" 200 1029
192.168.10.56 - - [01/Mar/2018:08:39:31 -0300] "GET /cormun/servlet/vesolicitudgral?2018,8657,,SolicitudOTLog HTTP/1.1" 200 9490
186.79.12.93 - - [01/Mar/2018:08:39:31 -0300] "GET /cormun/servlet/trsolicitudadjuntos?2018,9765, HTTP/1.1" 200 8620
192.168.10.56 - - [01/Mar/2018:08:39:31 -0300] "POST /cormun/servlet/acontrolpreferencessavestate?None,OVARGAS,true HTTP/1.1" 200 35
186.79.12.93 - - [01/Mar/2018:08:39:32 -0300] "GET /cormun/servlet/trsolicitudadjuntos?2018,9765, HTTP/1.1" 200 8618
192.168.10.56 - - [01/Mar/2018:08:39:34 -0300] "GET /cormun/servlet/vesolicitudgral?2018,8657,,SolicitudOTAdjuntos HTTP/1.1" 200 7722
192.168.10.56 - - [01/Mar/2018:08:39:34 -0300] "GET /cormun/pexe_scrolldiv.js HTTP/1.1" 404 1009
192.168.10.56 - - [01/Mar/2018:08:39:34 -0300] "GET /cormun/static/tbsolicitudgral02.js?20171115129853 HTTP/1.1" 200 13312
192.168.10.56 - - [01/Mar/2018:08:39:34 -0300] "GET /cormun/pexe_scrolldiv.js HTTP/1.1" 404 1009
192.168.10.56 - - [01/Mar/2018:08:39:35 -0300] "GET /cormun/servlet/vesolicitudgral?2018,8657,,SolicitudOTAdjuntos HTTP/1.1" 200 7722
192.168.10.56 - - [01/Mar/2018:08:39:35 -0300] "POST /cormun/servlet/acontrolpreferencessavestate?None,OVARGAS,true HTTP/1.1" 200 35
186.79.12.93 - - [01/Mar/2018:08:39:36 -0300] "GET /cormun/servlet/solicitudotadjuntos?INS,2018,9765,,1, HTTP/1.1" 200 6026
186.79.12.93 - - [01/Mar/2018:08:39:36 -0300] "GET /cormun/static/about:blank HTTP/1.1" 404 1011
186.79.12.93 - - [01/Mar/2018:08:39:37 -0300] "GET /cormun/servlet/solicitudotadjuntos?INS,2018,9765,,1, HTTP/1.1" 200 6019
186.79.12.93 - - [01/Mar/2018:08:39:37 -0300] "GET /cormun/servlet/solicitudotadjuntos?b082af1eb82f1faee171e17fe61071c9bc974caae5394933b2b66e28dac2b612a4aa4a2a977a8c5428b59494da544e4d,gx-no-cache=1519900732350 HTTP/1.1" 200 30
192.168.10.56 - - [01/Mar/2018:08:39:37 -0300] "GET /cormun/servlet/vesolicitudgral?2018,8657,,General HTTP/1.1" 200 9106
192.168.10.56 - - [01/Mar/2018:08:39:37 -0300] "GET /cormun/pexe_scrolldiv.js HTTP/1.1" 404 1009
192.168.10.56 - - [01/Mar/2018:08:39:37 -0300] "GET /cormun/pexe_scrolldiv.js HTTP/1.1" 404 1009
186.79.12.93 - - [01/Mar/2018:08:39:38 -0300] "POST /cormun/servlet/solicitudotadjuntos?68ea5a4876d261dd4f0d5b9b3752eb84,INS,2018,9765,,1,,gx-no-cache=1519900732443 HTTP/1.1" 200 3834
192.168.10.56 - - [01/Mar/2018:08:39:38 -0300] "GET /cormun/servlet/vesolicitudgral?2018,8657,,General HTTP/1.1" 200 9106
186.79.12.93 - - [01/Mar/2018:08:39:42 -0300] "POST /cormun/servlet/solicitudotadjuntos?gx-no-cache=1519900737697 HTTP/1.1" 200 26
192.168.10.56 - - [01/Mar/2018:08:39:42 -0300] "POST /cormun/servlet/vesolicitudgral?8d2d2cfb7e07f4190931acf5abb66965,2018,8657,,General,gx-no-cache=1519904223558 HTTP/1.1" 200 93
192.168.10.56 - - [01/Mar/2018:08:39:42 -0300] "GET /cormun/servlet/hpexe_return? HTTP/1.1" 200 1042
192.168.10.56 - - [01/Mar/2018:08:39:43 -0300] "GET /cormun/servlet/trsolicitudgral?gx-no-cache=1519903757696 HTTP/1.1" 200 10360
192.168.10.56 - - [01/Mar/2018:08:39:44 -0300] "GET /cormun/servlet/trsolicitudgral?gx-no-cache=1519903757696 HTTP/1.1" 200 10380
186.79.12.93 - - [01/Mar/2018:08:39:49 -0300] "GET /cormun/servlet/solicitudotadjuntos?b082af1eb82f1faee171e17fe61071c9697b6bc08ac4961b9c116fcb9bf619e2,gx-no-cache=1519900744666 HTTP/1.1" 200 30
186.79.12.93 - - [01/Mar/2018:08:39:49 -0300] "GET /cormun/servlet/solicitudotadjuntos?b082af1eb82f1faee171e17fe61071c9697b6bc08ac4961b9c116fcb9bf619e2,gx-no-cache=1519900744735 HTTP/1.1" 200 30
190.46.88.54 - - [01/Mar/2018:08:39:56 -0300] "GET /cormun/servlet/solicitudot?e27f772993d2339e5937b658607c958874d35590d9121b5a363079fdc6e086288c9e1022992522c80c25a482e351f33a9efa0ec218196e6947474b733f71a396c4d24c52551701ab673170948d9412db239333308d9e460aab6d693e1a6c6259f95975d6ba005701bd222140913bc0248877ce8ebbecf73e96c233c80e4c040aa3fecf6974b23dd133967b82486bc169d46dca4a269d69062b8b56908922fa86461a09a4edbe58c2183ea1ea1d19ee5d71dcae6846cc0d11ea83f57b392cf35830f6cce2910eb5ddfacdf0064b7d60cdc68fae61aad75fc4678d9112045b800d7430fe214317f50691907177ab906410b1f096b3fb690dac0019ce10adacbeac4700606a3c79c60c150bc3a43bfda7cf44149f1d43732e3d39102cc9b03a63f6751bc51c5ded8eaa3baec6000a459a61a5fec657ae26376e3b634556ebf744050504def0536ac7b1c208b048ee1a039684227db0b0cc44e18570bb6ae25dcce3bf4057853288235d6a54e3c5d27d0e711a810ca9024c7401612c42f559f7555b,gx-no-cache=1519904350386 HTTP/1.1" 200 30
192.168.10.56 - - [01/Mar/2018:08:40:00 -0300] "GET /cormun/servlet/solicitudgral2?UPD,2018,8657, HTTP/1.1" 200 12985
192.168.10.56 - - [01/Mar/2018:08:40:01 -0300] "GET /cormun/servlet/solicitudgral2?UPD,2018,8657, HTTP/1.1" 200 12974
192.168.10.56 - - [01/Mar/2018:08:40:01 -0300] "POST /cormun/servlet/solicitudgral2?gx-no-cache=1519904243172 HTTP/1.1" 200 3900
192.168.10.56 - - [01/Mar/2018:08:40:02 -0300] "GET /cormun/servlet/solicitudgral2?77d426b9a44fef1ecbdc452ac2ecca60249d4e63698d84518487b6ea500341f1608806b34d1b36785a7d69f8a9fc6198b747d557ec0e13a5875a86f8a1ec8260e5fa589077d18067e454e6c3ea91d8da9db6ce5d958ff3629b057e719af922858b1e5e3dcc2ca1a63edcf319d0725d5668b16f5b0290378ebf47bf0512362c1be122ee0eed58d3ef81b3e711ff26408076753880949273d194c03e385cda2af11906a64bee452797a0b3ff550f2462911f9e2b27cadcc52336c75dbfffdffbd3591f6fed47a46687721b0288bd8acf7af45a1c87ac401ea7b602287ec50a12241d4de547fddb3c17f133ba7c16fa9079835d3ac6d4854f0e165f7f153410886b49f04dbaf30d3d5ffca15fcce2c7624903b3c0ac58d33e5f1a7f3b99d67a7b1772f67c4cab42fdc67cc1751e798cfd58dae1137c3d4b055fe3ddda97892b33d551569d2d2d476f11b3e71205eabab80f,gx-no-cache=1519904243532 HTTP/1.1" 200 255
192.168.10.56 - - [01/Mar/2018:08:40:02 -0300] "POST /cormun/servlet/solicitudgral2?gx-no-cache=1519904243586 HTTP/1.1" 200 1399
192.168.10.56 - - [01/Mar/2018:08:40:02 -0300] "GET /cormun/servlet/solicitudgral2?77d426b9a44fef1ecbdc452ac2ecca602cf6cac4977d513fa4669e9d1d7b2596f75692054b7a55bb206a96b8a19a20e8b93ef7aae3bf46438b20bd8ede338082f753b982afe40d1910bb99546999f2f09119c3d60e7f922463ce8fb47273863f909b502b5c3cb0ce5b685ca672cd4161,gx-no-cache=1519904243727 HTTP/1.1" 200 41
192.168.10.56 - - [01/Mar/2018:08:40:06 -0300] "POST /cormun/servlet/solicitudgral2?8d2d2cfb7e07f4190931acf5abb66965,UPD,2018,8657,,gx-no-cache=1519904247546 HTTP/1.1" 200 11890
192.168.10.56 - - [01/Mar/2018:08:40:06 -0300] "GET /cormun/servlet/solicitudgral2?77d426b9a44fef1ecbdc452ac2ecca60c80415a96d26a6f1d19693ffb9bff09936c6b22f76458a037ac9618262757c84a44a8971d41db36ce7bdbfc4db7af86c479745f321dd1c23217edb62de50a870aee63b89c9d44f6af5e7d95da71008c8bf01fcc84cd83c84748c6790ef88b08567a5df20f689f4f0e43f83b7d721d90a36642ccc0cb59fd16145c80c383f0e2e93a6732b6fba7f1a0d75db0d3457f4a7,gx-no-cache=1519904248451 HTTP/1.1" 200 29
192.168.10.56 - - [01/Mar/2018:08:40:07 -0300] "POST /cormun/servlet/solicitudgral2?gx-no-cache=1519904248487 HTTP/1.1" 200 1295
192.168.10.56 - - [01/Mar/2018:08:40:07 -0300] "POST /cormun/servlet/solicitudgral2?gx-no-cache=1519904248602 HTTP/1.1" 200 1218
192.168.10.56 - - [01/Mar/2018:08:40:07 -0300] "GET /cormun/servlet/solicitudgral2?77d426b9a44fef1ecbdc452ac2ecca60e58b868bf67412f4e3e9f790c9df1c4fd35c26545bcd71fc99d63c1e2e54c4777701e40817d1e0dd61e9ad1af4348386083ce46b9646a3ff3013c8dd66be7ed689b157a1b0038aae365fca5d8315328b0d393d1fc970aa871bf47714949b2d9aa104dac489bb65b8e01fa9d81501cdce,gx-no-cache=1519904248718 HTTP/1.1" 200 30
192.168.10.56 - - [01/Mar/2018:08:40:07 -0300] "POST /cormun/servlet/solicitudgral2?8d2d2cfb7e07f4190931acf5abb66965,UPD,2018,8657,,gx-no-cache=1519904248760 HTTP/1.1" 200 93
192.168.10.56 - - [01/Mar/2018:08:40:08 -0300] "GET /cormun/servlet/hpexe_return? HTTP/1.1" 200 1041
192.168.10.56 - - [01/Mar/2018:08:40:08 -0300] "GET /cormun/servlet/trsolicitudgral?gx-no-cache=1519903757696 HTTP/1.1" 200 10361
192.168.10.56 - - [01/Mar/2018:08:40:09 -0300] "GET /cormun/servlet/trsolicitudgral?gx-no-cache=1519903757696 HTTP/1.1" 200 10381
186.79.12.93 - - [01/Mar/2018:08:40:12 -0300] "POST /cormun/servlet/solicitudotadjuntos?68ea5a4876d261dd4f0d5b9b3752eb84,INS,2018,9765,,1, HTTP/1.1" 200 116
186.79.12.93 - - [01/Mar/2018:08:40:12 -0300] "GET /cormun/servlet/hpexe_return? HTTP/1.1" 200 1029
192.168.10.56 - - [01/Mar/2018:08:40:13 -0300] "POST /cormun/servlet/trsolicitudgral?8d2d2cfb7e07f4190931acf5abb66965,gx-no-cache=1519903757696,gx-no-cache=1519904254110 HTTP/1.1" 200 6131
192.168.10.56 - - [01/Mar/2018:08:40:13 -0300] "GET /cormun/static/Shared/jqueryui/images/ui-icons_82798d_256x240.png HTTP/1.1" 404 1089
192.168.10.56 - - [01/Mar/2018:08:40:13 -0300] "GET /cormun/static/Shared/jqueryui/images/ui-bg_highlight-soft_100_c6c2c8_1x100.png HTTP/1.1" 404 1117
192.168.10.56 - - [01/Mar/2018:08:40:13 -0300] "GET /cormun/static/Shared/jqueryui/images/ui-bg_flat_55_fafafa_40x100.png HTTP/1.1" 404 1097
192.168.10.56 - - [01/Mar/2018:08:40:13 -0300] "GET /cormun/static/Shared/jqueryui/images/ui-icons_8d78a5_256x240.png HTTP/1.1" 404 1089
186.79.12.93 - - [01/Mar/2018:08:40:13 -0300] "GET /cormun/servlet/trsolicitudadjuntos?2018,9765, HTTP/1.1" 200 8808
186.79.12.93 - - [01/Mar/2018:08:40:15 -0300] "GET /cormun/servlet/trsolicitudadjuntos?2018,9765, HTTP/1.1" 200 8807
192.168.10.56 - - [01/Mar/2018:08:40:17 -0300] "POST /cormun/servlet/trsolicitudgral?8d2d2cfb7e07f4190931acf5abb66965,gx-no-cache=1519903757696,gx-no-cache=1519904258683 HTTP/1.1" 200 8102
65.55.210.175 - - [01/Mar/2018:08:40:18 -0300] "GET /cormun/servlet/hpexe_link HTTP/1.1" 200 2575
186.79.12.93 - - [01/Mar/2018:08:40:20 -0300] "GET /cormun/servlet/solicitudotadjuntos?INS,2018,9765,,1, HTTP/1.1" 200 6026
199.30.25.236 - - [01/Mar/2018:08:40:20 -0300] "GET /cormun/static/Resources/Spanish/PXTools.css?1155365 HTTP/1.1" 200 89042
186.79.12.93 - - [01/Mar/2018:08:40:20 -0300] "GET /cormun/static/about:blank HTTP/1.1" 404 1011
190.46.88.54 - - [01/Mar/2018:08:40:20 -0300] "POST /cormun/servlet/solicitudot?gx-no-cache=1519904374183 HTTP/1.1" 200 30
186.79.12.93 - - [01/Mar/2018:08:40:20 -0300] "GET /cormun/servlet/solicitudotadjuntos?INS,2018,9765,,1, HTTP/1.1" 200 6019
186.79.12.93 - - [01/Mar/2018:08:40:21 -0300] "GET /cormun/servlet/solicitudotadjuntos?b082af1eb82f1faee171e17fe61071c9bc974caae5394933b2b66e28dac2b612a4aa4a2a977a8c5428b59494da544e4d,gx-no-cache=1519900776245 HTTP/1.1" 200 30
65.55.210.230 - - [01/Mar/2018:08:40:21 -0300] "GET /cormun/static/gxtimezone.js?85251 HTTP/1.1" 200 5781
186.79.12.93 - - [01/Mar/2018:08:40:21 -0300] "POST /cormun/servlet/solicitudotadjuntos?68ea5a4876d261dd4f0d5b9b3752eb84,INS,2018,9765,,1,,gx-no-cache=1519900776369 HTTP/1.1" 200 3833
199.30.24.94 - - [01/Mar/2018:08:40:23 -0300] "GET /cormun/static/gxtypesSD.js?85251 HTTP/1.1" 200 24551
186.79.12.93 - - [01/Mar/2018:08:40:25 -0300] "POST /cormun/servlet/solicitudotadjuntos?gx-no-cache=1519900780992 HTTP/1.1" 200 26
199.30.25.69 - - [01/Mar/2018:08:40:27 -0300] "GET /cormun/static/rijndaelSD.js?85251 HTTP/1.1" 200 6763
65.55.210.81 - - [01/Mar/2018:08:40:28 -0300] "GET /cormun/static/gxgralSD.js?85251 HTTP/1.1" 200 20927
186.79.12.93 - - [01/Mar/2018:08:40:31 -0300] "GET /cormun/servlet/solicitudotadjuntos?b082af1eb82f1faee171e17fe61071c9697b6bc08ac4961b9c116fcb9bf619e2,gx-no-cache=1519900786065 HTTP/1.1" 200 30
186.79.12.93 - - [01/Mar/2018:08:40:31 -0300] "GET /cormun/servlet/solicitudotadjuntos?b082af1eb82f1faee171e17fe61071c9697b6bc08ac4961b9c116fcb9bf619e2,gx-no-cache=1519900786135 HTTP/1.1" 200 30
192.168.10.56 - - [01/Mar/2018:08:40:37 -0300] "POST /cormun/servlet/trsolicitudgral?8d2d2cfb7e07f4190931acf5abb66965,gx-no-cache=1519903757696,gx-no-cache=1519904278024 HTTP/1.1" 200 12608
186.79.12.93 - - [01/Mar/2018:08:40:43 -0300] "POST /cormun/servlet/solicitudotadjuntos?68ea5a4876d261dd4f0d5b9b3752eb84,INS,2018,9765,,1, HTTP/1.1" 200 116
186.79.12.93 - - [01/Mar/2018:08:40:43 -0300] "GET /cormun/servlet/hpexe_return? HTTP/1.1" 200 1029
186.79.12.93 - - [01/Mar/2018:08:40:44 -0300] "GET /cormun/servlet/trsolicitudadjuntos?2018,9765, HTTP/1.1" 200 8957
186.79.12.93 - - [01/Mar/2018:08:40:46 -0300] "GET /cormun/servlet/trsolicitudadjuntos?2018,9765, HTTP/1.1" 200 8954
186.79.12.93 - - [01/Mar/2018:08:41:28 -0300] "GET /cormun/servlet/solicitudotadjuntos?INS,2018,9765,,1, HTTP/1.1" 200 6025
186.79.12.93 - - [01/Mar/2018:08:41:28 -0300] "GET /cormun/static/about:blank HTTP/1.1" 404 1011
186.79.12.93 - - [01/Mar/2018:08:41:29 -0300] "GET /cormun/servlet/solicitudotadjuntos?INS,2018,9765,,1, HTTP/1.1" 200 6018
186.79.12.93 - - [01/Mar/2018:08:41:29 -0300] "GET /cormun/servlet/solicitudotadjuntos?b082af1eb82f1faee171e17fe61071c9bc974caae5394933b2b66e28dac2b612a4aa4a2a977a8c5428b59494da544e4d,gx-no-cache=1519900844565 HTTP/1.1" 200 30
186.79.12.93 - - [01/Mar/2018:08:41:30 -0300] "POST /cormun/servlet/solicitudotadjuntos?68ea5a4876d261dd4f0d5b9b3752eb84,INS,2018,9765,,1,,gx-no-cache=1519900844663 HTTP/1.1" 200 3831
186.79.12.93 - - [01/Mar/2018:08:41:33 -0300] "POST /cormun/servlet/solicitudotadjuntos?gx-no-cache=1519900848703 HTTP/1.1" 200 26
186.79.12.93 - - [01/Mar/2018:08:41:39 -0300] "GET /cormun/servlet/solicitudotadjuntos?b082af1eb82f1faee171e17fe61071c9697b6bc08ac4961b9c116fcb9bf619e2,gx-no-cache=1519900854392 HTTP/1.1" 200 30
186.79.12.93 - - [01/Mar/2018:08:41:39 -0300] "GET /cormun/servlet/solicitudotadjuntos?b082af1eb82f1faee171e17fe61071c9697b6bc08ac4961b9c116fcb9bf619e2,gx-no-cache=1519900854463 HTTP/1.1" 200 30
186.79.12.93 - - [01/Mar/2018:08:41:54 -0300] "POST /cormun/servlet/solicitudotadjuntos?68ea5a4876d261dd4f0d5b9b3752eb84,INS,2018,9765,,1, HTTP/1.1" 200 116
186.79.12.93 - - [01/Mar/2018:08:41:54 -0300] "GET /cormun/servlet/hpexe_return? HTTP/1.1" 200 1029
186.79.12.93 - - [01/Mar/2018:08:41:56 -0300] "GET /cormun/servlet/trsolicitudadjuntos?2018,9765, HTTP/1.1" 200 9221
186.79.12.93 - - [01/Mar/2018:08:41:58 -0300] "GET /cormun/servlet/trsolicitudadjuntos?2018,9765, HTTP/1.1" 200 9217
192.168.10.56 - - [01/Mar/2018:08:42:27 -0300] "GET /cormun/servlet/solicitudgral?UPD,2018,8812, HTTP/1.1" 200 11672
192.168.10.56 - - [01/Mar/2018:08:42:28 -0300] "GET /cormun/servlet/solicitudgral?UPD,2018,8812, HTTP/1.1" 200 11657
192.168.10.56 - - [01/Mar/2018:08:42:28 -0300] "POST /cormun/servlet/solicitudgral?gx-no-cache=1519904389656 HTTP/1.1" 200 3833
192.168.10.56 - - [01/Mar/2018:08:42:28 -0300] "GET /cormun/servlet/solicitudgral?77d426b9a44fef1ecbdc452ac2ecca60249d4e63698d84518487b6ea500341f1608806b34d1b36785a7d69f8a9fc6198b747d557ec0e13a5875a86f8a1ec8260e5fa589077d18067e454e6c3ea91d8da9db6ce5d958ff3629b057e719af922858b1e5e3dcc2ca1a63edcf319d0725d5668b16f5b0290378ebf47bf0512362c1be122ee0eed58d3ef81b3e711ff26408076753880949273d194c03e385cda2af11906a64bee452797a0b3ff550f2462911f9e2b27cadcc52336c75dbfffdffbd3591f6fed47a46687721b0288bd8acf7af45a1c87ac401ea7b602287ec50a12241d4de547fddb3c17f133ba7c16fa9079835d3ac6d4854f0e165f7f153410886b49f04dbaf30d3d5ffca15fcce2c7624903b3c0ac58d33e5f1a7f3b99d67a7b1772f67c4cab42fdc67cc1751e798cfd58dae1137c3d4b055fe3ddda97892b33d551569d2d2d476f11b3e71205eabab80f,gx-no-cache=1519904389972 HTTP/1.1" 200 255
192.168.10.56 - - [01/Mar/2018:08:42:31 -0300] "GET /cormun/servlet/solicitudgral?77d426b9a44fef1ecbdc452ac2ecca600175169daa75847aeaf503ec930b3c76b5a4293742b4048fbdf8557d23db2dd8f0b057fe1485818e393177b6de12982a3140678fe8921d1790ff2b6f16148e3aadcc420d39e9279d5e73eb3da81b7c8844d8a91b9174b9ebae4fa4bc7e15451db799a4c9cd6f6f3b507195f1527979ff04def5f98bbdf25ae5f7d740bd10ea080a4a91500b01b663228ae98986f777643e8913d7635373bf5103438b5ec531b56719f03a9fded8cd0a0819dee99d5470d022c3f6309d9929606321f304d610ef1689b16c1c8e5f4ad447b927eddd55e4c136dcc1305aca5c8f9394f7b4dc76ddfa00a8d2fbcc7d49e84b449f0ddee85992bc1395265ec5ac756855ee7bc6b566897ca0ba5b4e5b90125a99aa9b471acb8f446d754b5cbc20801a60be42511b1a21cee7298efa3ad24f99a49741be80e97d0bc25f44c0eba8ee0868250e9d7e90f2e4d0c5538d88c74b59d9158bcb1092d425cc84ac0c2e99a3cab2b5e091516908afbec6593a320d2c5b1bcc8cd37c77492391f7e6d5607d122fd3286f2bfeca641f2552be8d058063bedf8fe220603d70e8e252262a7c3a8ea4e37247c6d3b0,gx-no-cache=1519904392668 HTTP/1.1" 200 48
186.79.12.93 - - [01/Mar/2018:08:42:31 -0300] "GET /cormun/servlet/solicitudotadjuntos?INS,2018,9765,,1, HTTP/1.1" 200 6026
192.168.10.56 - - [01/Mar/2018:08:42:32 -0300] "POST /cormun/servlet/solicitudgral?8d2d2cfb7e07f4190931acf5abb66965,UPD,2018,8812,,gx-no-cache=1519904392721 HTTP/1.1" 200 11280
192.168.10.56 - - [01/Mar/2018:08:42:32 -0300] "GET /cormun/servlet/solicitudgral?77d426b9a44fef1ecbdc452ac2ecca6086484567a3e17d9277467859c42c82be36c6b22f76458a037ac9618262757c849ec6bac9cf41f319944e0c72e04bbc12479745f321dd1c23217edb62de50a870aee63b89c9d44f6af5e7d95da71008c8bf01fcc84cd83c84748c6790ef88b08567a5df20f689f4f0e43f83b7d721d90a36642ccc0cb59fd16145c80c383f0e2e93a6732b6fba7f1a0d75db0d3457f4a7,gx-no-cache=1519904393593 HTTP/1.1" 200 29
192.168.10.56 - - [01/Mar/2018:08:42:32 -0300] "POST /cormun/servlet/solicitudgral?gx-no-cache=1519904393620 HTTP/1.1" 200 703
186.79.12.93 - - [01/Mar/2018:08:42:32 -0300] "GET /cormun/static/about:blank HTTP/1.1" 404 1011
192.168.10.56 - - [01/Mar/2018:08:42:32 -0300] "POST /cormun/servlet/solicitudgral?gx-no-cache=1519904393678 HTTP/1.1" 200 626
186.79.12.93 - - [01/Mar/2018:08:42:32 -0300] "GET /cormun/servlet/solicitudotadjuntos?INS,2018,9765,,1, HTTP/1.1" 200 6019
186.79.12.93 - - [01/Mar/2018:08:42:32 -0300] "GET /cormun/servlet/solicitudotadjuntos?b082af1eb82f1faee171e17fe61071c9bc974caae5394933b2b66e28dac2b612a4aa4a2a977a8c5428b59494da544e4d,gx-no-cache=1519900907723 HTTP/1.1" 200 30
186.79.12.93 - - [01/Mar/2018:08:42:33 -0300] "POST /cormun/servlet/solicitudotadjuntos?68ea5a4876d261dd4f0d5b9b3752eb84,INS,2018,9765,,1,,gx-no-cache=1519900907826 HTTP/1.1" 200 3833
186.79.12.93 - - [01/Mar/2018:08:42:35 -0300] "POST /cormun/servlet/solicitudotadjuntos?gx-no-cache=1519900910513 HTTP/1.1" 200 26
192.168.10.56 - - [01/Mar/2018:08:42:35 -0300] "POST /cormun/servlet/solicitudgral?8d2d2cfb7e07f4190931acf5abb66965,UPD,2018,8812,,gx-no-cache=1519904396523 HTTP/1.1" 200 93
192.168.10.56 - - [01/Mar/2018:08:42:35 -0300] "GET /cormun/servlet/hpexe_return? HTTP/1.1" 200 1039
192.168.10.56 - - [01/Mar/2018:08:42:36 -0300] "GET /cormun/servlet/trsolicitudgral?gx-no-cache=1519903757696 HTTP/1.1" 200 15657
192.168.10.56 - - [01/Mar/2018:08:42:37 -0300] "GET /cormun/servlet/trsolicitudgral?gx-no-cache=1519903757696 HTTP/1.1" 200 15674
186.79.12.93 - - [01/Mar/2018:08:42:53 -0300] "GET /cormun/servlet/solicitudotadjuntos?b082af1eb82f1faee171e17fe61071c9697b6bc08ac4961b9c116fcb9bf619e2,gx-no-cache=1519900928321 HTTP/1.1" 200 30
186.79.12.93 - - [01/Mar/2018:08:42:53 -0300] "GET /cormun/servlet/solicitudotadjuntos?b082af1eb82f1faee171e17fe61071c9697b6bc08ac4961b9c116fcb9bf619e2,gx-no-cache=1519900928440 HTTP/1.1" 200 30
186.103.159.188 - - [01/Mar/2018:08:43:01 -0300] "GET /cormun/servlet/hlogin HTTP/1.1" 200 1722
