186.103.159.43 - - [01/Mar/2018:15:07:10 -0300] "GET /favicon.ico HTTP/1.1" 200 21630
186.103.159.43 - - [01/Mar/2018:15:07:23 -0300] "POST /cormun/servlet/trautorizarsolicitud?37bae93de2cde91e91dc171209c4fd95,,gx-no-cache=1519927589922 HTTP/1.1" 200 5525
200.112.5.24 - - [01/Mar/2018:15:07:23 -0300] "POST /cormun/servlet/solicitudot?9a392c36a7bf636a0005d9f38af0a3f9,INS,0,0,,gx-no-cache=1519927589854 HTTP/1.1" 200 93
200.112.5.24 - - [01/Mar/2018:15:07:23 -0300] "GET /cormun/servlet/hpexe_return? HTTP/1.1" 200 1001
200.112.5.24 - - [01/Mar/2018:15:07:25 -0300] "GET /cormun/servlet/trsolicitudot HTTP/1.1" 200 8762
200.112.5.24 - - [01/Mar/2018:15:07:27 -0300] "GET /cormun/servlet/trsolicitudot HTTP/1.1" 200 8758
186.103.159.43 - - [01/Mar/2018:15:07:40 -0300] "POST /cormun/servlet/trautorizarsolicitud?37bae93de2cde91e91dc171209c4fd95,,gx-no-cache=1519927608708 HTTP/1.1" 200 5539
186.103.159.43 - - [01/Mar/2018:15:07:41 -0300] "GET /cormun/static/Shared/jqueryui/images/ui-bg_highlight-soft_100_c6c2c8_1x100.png HTTP/1.1" 404 1117
186.103.159.43 - - [01/Mar/2018:15:07:41 -0300] "GET /cormun/static/Shared/jqueryui/images/ui-bg_flat_55_fafafa_40x100.png HTTP/1.1" 404 1097
186.103.159.43 - - [01/Mar/2018:15:07:41 -0300] "GET /cormun/static/Shared/jqueryui/images/ui-icons_8d78a5_256x240.png HTTP/1.1" 404 1089
186.103.159.43 - - [01/Mar/2018:15:07:41 -0300] "GET /cormun/static/Shared/jqueryui/images/ui-icons_82798d_256x240.png HTTP/1.1" 404 1089
186.103.159.43 - - [01/Mar/2018:15:07:55 -0300] "GET /cormun/servlet/veautorizarsolicitud?2018,9789,, HTTP/1.1" 200 8569
186.103.159.43 - - [01/Mar/2018:15:07:55 -0300] "GET /cormun/pexe_scrolldiv.js HTTP/1.1" 404 1009
186.103.159.43 - - [01/Mar/2018:15:07:57 -0300] "GET /cormun/servlet/veautorizarsolicitud?2018,9789,, HTTP/1.1" 200 8567
186.103.159.43 - - [01/Mar/2018:15:08:02 -0300] "GET /cormun/servlet/veautorizarsolicitud?2018,9789,,SolicitudOTAdjuntos HTTP/1.1" 200 7389
186.103.159.43 - - [01/Mar/2018:15:08:03 -0300] "GET /cormun/pexe_scrolldiv.js HTTP/1.1" 404 1009
186.103.159.43 - - [01/Mar/2018:15:08:04 -0300] "GET /cormun/static/tbautorizarsolicitud02.js?2017111423391281 HTTP/1.1" 200 14747
186.103.159.43 - - [01/Mar/2018:15:08:06 -0300] "POST /cormun/servlet/acontrolpreferencessavestate?None,EVALENZUELA,true HTTP/1.1" 200 35
186.103.159.43 - - [01/Mar/2018:15:08:06 -0300] "GET /cormun/servlet/veautorizarsolicitud?2018,9789,,SolicitudOTAdjuntos HTTP/1.1" 200 7389
186.103.159.43 - - [01/Mar/2018:15:08:10 -0300] "GET /cormun/servlet/veautorizarsolicitud?2018,9789,,General HTTP/1.1" 200 8575
186.103.157.42 - - [01/Mar/2018:15:08:11 -0300] "GET /cormun/servlet/hlogin HTTP/1.1" 200 1723
186.103.159.43 - - [01/Mar/2018:15:08:13 -0300] "GET /cormun/pexe_scrolldiv.js HTTP/1.1" 404 1009
186.103.157.42 - - [01/Mar/2018:15:08:14 -0300] "POST /cormun/servlet/hlogin?a68a4ab1863845d601415489e9e8757a,gx-no-cache=1519927396604 HTTP/1.1" 200 90
186.103.159.43 - - [01/Mar/2018:15:08:28 -0300] "GET /cormun/servlet/veautorizarsolicitud?2018,9789,,General HTTP/1.1" 200 8575
186.103.157.42 - - [01/Mar/2018:15:08:35 -0300] "GET /cormun/servlet/hpexe_link HTTP/1.1" 200 950
186.103.157.42 - - [01/Mar/2018:15:08:35 -0300] "GET /cormun/servlet/hhome HTTP/1.1" 200 4256
186.103.157.42 - - [01/Mar/2018:15:08:36 -0300] "GET /cormun/servlet/hhome HTTP/1.1" 200 4252
186.103.159.43 - - [01/Mar/2018:15:08:36 -0300] "GET /cormun/servlet/trautorizarsolicitud? HTTP/1.1" 200 8496
186.103.159.43 - - [01/Mar/2018:15:08:38 -0300] "GET /cormun/servlet/trautorizarsolicitud? HTTP/1.1" 200 8490
186.103.159.43 - - [01/Mar/2018:15:08:41 -0300] "POST /cormun/servlet/trautorizarsolicitud?37bae93de2cde91e91dc171209c4fd95,,gx-no-cache=1519927672524 HTTP/1.1" 200 5544
186.103.159.43 - - [01/Mar/2018:15:08:42 -0300] "GET /cormun/static/Shared/jqueryui/images/ui-bg_highlight-soft_100_c6c2c8_1x100.png HTTP/1.1" 404 1117
186.103.159.43 - - [01/Mar/2018:15:08:42 -0300] "GET /cormun/static/Shared/jqueryui/images/ui-bg_flat_55_fafafa_40x100.png HTTP/1.1" 404 1097
186.103.159.43 - - [01/Mar/2018:15:08:42 -0300] "GET /cormun/static/Shared/jqueryui/images/ui-icons_82798d_256x240.png HTTP/1.1" 404 1089
186.103.159.43 - - [01/Mar/2018:15:08:42 -0300] "GET /cormun/static/Shared/jqueryui/images/ui-icons_8d78a5_256x240.png HTTP/1.1" 404 1089
186.103.157.42 - - [01/Mar/2018:15:08:55 -0300] "GET /cormun/servlet/trsolicitudot? HTTP/1.1" 200 7472
186.103.157.42 - - [01/Mar/2018:15:08:56 -0300] "GET /cormun/servlet/trsolicitudot? HTTP/1.1" 200 7472
186.103.157.42 - - [01/Mar/2018:15:09:00 -0300] "GET /cormun/static/menuarrow.gif HTTP/1.1" 404 1015
186.103.157.42 - - [01/Mar/2018:15:09:11 -0300] "POST /cormun/servlet/trsolicitudot?a68a4ab1863845d601415489e9e8757a,,gx-no-cache=1519927449266 HTTP/1.1" 200 18555
186.103.159.43 - - [01/Mar/2018:15:09:18 -0300] "GET /cormun/servlet/hlogin HTTP/1.1" 200 1717
186.103.159.43 - - [01/Mar/2018:15:09:28 -0300] "POST /cormun/servlet/hlogin?8ce14e9f18e18434a43fd86cf422f640,gx-no-cache=1519927718528 HTTP/1.1" 200 90
186.103.159.43 - - [01/Mar/2018:15:09:28 -0300] "GET /cormun/servlet/hpexe_link HTTP/1.1" 200 950
186.103.159.43 - - [01/Mar/2018:15:09:29 -0300] "GET /cormun/servlet/hhome HTTP/1.1" 200 3921
186.103.159.43 - - [01/Mar/2018:15:09:32 -0300] "GET /cormun/servlet/hhome HTTP/1.1" 200 3917
186.103.159.43 - - [01/Mar/2018:15:10:05 -0300] "POST /cormun/servlet/trautorizarsolicitud?37bae93de2cde91e91dc171209c4fd95,,gx-no-cache=1519927710392 HTTP/1.1" 500 10
186.103.157.42 - - [01/Mar/2018:15:11:01 -0300] "GET /cormun/servlet/trsolicitudot? HTTP/1.1" 200 21290
93.158.161.6 - - [01/Mar/2018:15:11:01 -0300] "GET /docs/changelog.html HTTP/1.1" 200 812587
93.158.161.6 - - [01/Mar/2018:15:11:02 -0300] "GET /docs/monitoring.html HTTP/1.1" 200 44805
186.103.157.42 - - [01/Mar/2018:15:11:06 -0300] "GET /cormun/servlet/trsolicitudot? HTTP/1.1" 200 21290
186.103.159.43 - - [01/Mar/2018:15:11:15 -0300] "GET /cormun/servlet/trsolicitudot? HTTP/1.1" 200 7134
186.103.159.43 - - [01/Mar/2018:15:11:17 -0300] "GET /cormun/servlet/trsolicitudot? HTTP/1.1" 200 7133
186.103.157.42 - - [01/Mar/2018:15:11:41 -0300] "GET /cormun/servlet/solicitudot?INS,0,0, HTTP/1.1" 200 13709
186.103.157.42 - - [01/Mar/2018:15:11:43 -0300] "GET /cormun/servlet/solicitudot?INS,0,0, HTTP/1.1" 200 13714
186.103.159.43 - - [01/Mar/2018:15:11:43 -0300] "GET /cormun/servlet/trautorizarsolicitud? HTTP/1.1" 200 8480
186.103.159.43 - - [01/Mar/2018:15:11:45 -0300] "GET /cormun/servlet/trautorizarsolicitud? HTTP/1.1" 200 8490
186.103.159.43 - - [01/Mar/2018:15:11:52 -0300] "POST /cormun/servlet/trsolicitudot?8ce14e9f18e18434a43fd86cf422f640,,gx-no-cache=1519927831059 HTTP/1.1" 500 10
186.103.159.43 - - [01/Mar/2018:15:11:54 -0300] "POST /cormun/servlet/solicitudot?5732d01079ec75d8fc85798c7b93d6c8,INS,0,0,,gx-no-cache=1519927861716 HTTP/1.1" 200 10240
186.103.157.42 - - [01/Mar/2018:15:11:55 -0300] "POST /cormun/servlet/solicitudot?gx-no-cache=1519927618407 HTTP/1.1" 200 3419
186.103.159.43 - - [01/Mar/2018:15:11:56 -0300] "GET /cormun/servlet/solicitudot?dba3be85df5ea6d46ec02d16d35993b976ab7bbc9684bfd0f1794a9337a9637006a10a9389295f83bdbaa048f21287cb,gx-no-cache=1519927869647 HTTP/1.1" 200 111
186.103.159.43 - - [01/Mar/2018:15:11:56 -0300] "GET /cormun/static/Shared/jqueryui/images/ui-bg_highlight-soft_100_c6c2c8_1x100.png HTTP/1.1" 404 1117
186.103.159.43 - - [01/Mar/2018:15:11:56 -0300] "GET /cormun/servlet/solicitudot?dba3be85df5ea6d46ec02d16d35993b918c10375c59d66fcb3ea4826f98a6bae,gx-no-cache=1519927870508 HTTP/1.1" 200 94
186.103.159.43 - - [01/Mar/2018:15:11:56 -0300] "GET /cormun/static/Shared/jqueryui/images/ui-icons_82798d_256x240.png HTTP/1.1" 404 1089
186.103.159.43 - - [01/Mar/2018:15:11:56 -0300] "GET /cormun/static/Shared/jqueryui/images/ui-bg_flat_55_994d53_40x100.png HTTP/1.1" 404 1097
186.103.159.43 - - [01/Mar/2018:15:11:56 -0300] "GET /cormun/static/Shared/jqueryui/images/ui-icons_ebccce_256x240.png HTTP/1.1" 404 1089
186.103.159.43 - - [01/Mar/2018:15:11:56 -0300] "GET /cormun/servlet/solicitudot?dba3be85df5ea6d46ec02d16d35993b9dce8456de820d2460b4af29d6c9154e0,gx-no-cache=1519927870808 HTTP/1.1" 200 29
186.103.157.42 - - [01/Mar/2018:15:11:58 -0300] "POST /cormun/servlet/solicitudot?a68a4ab1863845d601415489e9e8757a,INS,0,0,,gx-no-cache=1519927619621 HTTP/1.1" 200 10571
186.103.159.43 - - [01/Mar/2018:15:11:58 -0300] "POST /cormun/servlet/solicitudot?gx-no-cache=1519927871228 HTTP/1.1" 200 297
186.103.159.43 - - [01/Mar/2018:15:11:59 -0300] "GET /cormun/servlet/solicitudot?dba3be85df5ea6d46ec02d16d35993b940cf2c0971abcb71000119c59ca737de660ba03ced831797a2558788c34fea55f4127ddca296437e56e7e83fdae9c8f3fd33d429610cd437940526fb5738da487a200b9a17aacf371376f2470405ea34cab0a530d2a034dcec00a4352ab27df91ff99235a9f0998e95efea3fec12a2ed30e8fcfe1ec75a89064cddf642ac6023978d8059ad5f2c022e0a0f7be92bf3d4d99ab0e193dd0356d6bae8f5e89e0b13aca68881319aece9b080ca562d65335a32e13f4cf286af7222e46d88860df203689db79b8cb041f8d176af6021a271f9c38605f3db3a2317a8591a2318f4560046ec91f7aacb7637fa126d6b8cc6674909aee5fb40e31ebf91c91121703e1ef8149fcb0a426c3ddd256c98c4093d936c3308c0c2f1db227050fc786fe5cd9452e45404659b55b2c1ee8844f39794fb2037bf95a8d968fd072a670c8a49cc11d23c325103ccadcef27dde9d3d810295097aff7a104dad824806ddd814fc2248214f99c9158d6fe00ed8d2ac3581276e72089f53c989807519ee56ec39d5bc19fb,gx-no-cache=1519927872549 HTTP/1.1" 200 30
186.103.157.42 - - [01/Mar/2018:15:12:01 -0300] "GET /cormun/servlet/solicitudot?da317469058f81ae156700b680b69aabf4dc9d0675e040b2e131372ead20455a6ac1c3c24bd6e10476ccdd69defd8a80,gx-no-cache=1519927624040 HTTP/1.1" 200 30
186.103.159.43 - - [01/Mar/2018:15:12:06 -0300] "POST /cormun/servlet/trautorizarsolicitud?37bae93de2cde91e91dc171209c4fd95,,gx-no-cache=1519927873830 HTTP/1.1" 200 5527
186.103.159.43 - - [01/Mar/2018:15:12:09 -0300] "POST /cormun/servlet/solicitudot?gx-no-cache=1519927874203 HTTP/1.1" 200 30
186.103.159.43 - - [01/Mar/2018:15:12:10 -0300] "POST /cormun/servlet/solicitudot?gx-no-cache=1519927883995 HTTP/1.1" 200 1331
186.103.159.43 - - [01/Mar/2018:15:12:11 -0300] "POST /cormun/servlet/solicitudot?gx-no-cache=1519927885368 HTTP/1.1" 200 38
186.103.159.43 - - [01/Mar/2018:15:12:17 -0300] "GET /cormun/servlet/trsolicitudot? HTTP/1.1" 200 7123
186.103.159.43 - - [01/Mar/2018:15:12:18 -0300] "GET /cormun/servlet/trsolicitudot? HTTP/1.1" 200 7133
186.103.159.43 - - [01/Mar/2018:15:12:26 -0300] "GET /cormun/servlet/solicitudot?dba3be85df5ea6d46ec02d16d35993b98095faa5d4f222cf20257b0e6e166a7190f29e3c980278647b8f679520179f73,gx-no-cache=1519927899793 HTTP/1.1" 200 30
186.103.157.42 - - [01/Mar/2018:15:12:45 -0300] "GET /cormun/servlet/solicitudot?da317469058f81ae156700b680b69aab5b96792df803007d935987b028c9aec5465a6dde1295cc4100161c243c3823ba,gx-no-cache=1519927668208 HTTP/1.1" 200 103
186.103.157.42 - - [01/Mar/2018:15:12:45 -0300] "GET /cormun/static/Shared/jqueryui/images/ui-bg_highlight-soft_100_c6c2c8_1x100.png HTTP/1.1" 404 1117
186.103.157.42 - - [01/Mar/2018:15:12:45 -0300] "GET /cormun/static/Shared/jqueryui/images/ui-icons_82798d_256x240.png HTTP/1.1" 404 1089
186.103.157.42 - - [01/Mar/2018:15:12:45 -0300] "GET /cormun/static/Shared/jqueryui/images/ui-bg_flat_55_994d53_40x100.png HTTP/1.1" 404 1097
186.103.157.42 - - [01/Mar/2018:15:12:45 -0300] "GET /cormun/static/Shared/jqueryui/images/ui-icons_ebccce_256x240.png HTTP/1.1" 404 1089
186.103.157.42 - - [01/Mar/2018:15:12:45 -0300] "GET /cormun/servlet/solicitudot?da317469058f81ae156700b680b69aab7f0e86fe50c6947fe24fd5f754499381,gx-no-cache=1519927668793 HTTP/1.1" 200 45
186.103.157.42 - - [01/Mar/2018:15:12:45 -0300] "POST /cormun/servlet/solicitudot?gx-no-cache=1519927668857 HTTP/1.1" 200 240
186.103.157.42 - - [01/Mar/2018:15:12:45 -0300] "GET /cormun/servlet/solicitudot?da317469058f81ae156700b680b69aabfb38cfc0ce9640aafb2f9e0f172a01b0531b055735da609e58a2311cfcd69f0da514d3606953f619529d7bf8771fa8d1ba38e9330f590baa4a57f3b00625a859d33f11e01a8f4cf4f9884c86fb9fed1fa5de97ca132b1dd2bf003ca70fde7b7ee412897804869e1484ab151310a39c303834ebb0dcf66def3b2173f4032796b914c6a61b9aff58f69e6f30838db721ccb00a967b637d6291ea2e6c426bbb0a15a8d1daeb59e178669687daeb494d59a44b20f1daa86d321a166bb6ea9ad0fc4c30955d437ebe565212c30d3b34d0a794f04d283c562108a79071082456b6a1d5acf300b14411fc532e91144d84d68b279212749c51bdec6580170175d173c0b15522097babf8135080a8e8130d1d2adc77e54029aa8d4f635566411c600d3832ffcb363feea885d0a2063a884736184930d96294cbb44f20bdbfad91f04f91e54a36beb3a0a59d34188fd876f833b160519792f1aac09d2d76908f5cd04da1df4b59b9167325fb678d9dd52dbe148c28,gx-no-cache=1519927669176 HTTP/1.1" 200 30
186.103.157.42 - - [01/Mar/2018:15:12:49 -0300] "POST /cormun/servlet/solicitudot?gx-no-cache=1519927672845 HTTP/1.1" 200 30
186.103.159.43 - - [01/Mar/2018:15:12:50 -0300] "POST /cormun/servlet/trsolicitudot?8ce14e9f18e18434a43fd86cf422f640,,gx-no-cache=1519927898353 HTTP/1.1" 500 10
186.103.157.42 - - [01/Mar/2018:15:13:06 -0300] "GET /cormun/servlet/prfichaempleado?,MD,,gxPopupLevel%3D0%3B HTTP/1.1" 200 9424
186.103.157.42 - - [01/Mar/2018:15:13:06 -0300] "GET /cormun/static/gxcfg.js?20177612134814 HTTP/1.1" 200 953
186.103.157.42 - - [01/Mar/2018:15:13:06 -0300] "GET /cormun/static/prfichaempleado.js?20177612134999 HTTP/1.1" 304 -
200.112.5.24 - - [01/Mar/2018:15:13:12 -0300] "POST /cormun/servlet/trsolicitudot?9a392c36a7bf636a0005d9f38af0a3f9,gx-no-cache=1519927944380 HTTP/1.1" 200 107
200.112.5.24 - - [01/Mar/2018:15:13:14 -0300] "GET /cormun/servlet/trsolicitudadjuntos?2018,9795, HTTP/1.1" 200 6293
200.112.5.24 - - [01/Mar/2018:15:13:15 -0300] "GET /cormun/servlet/trsolicitudadjuntos?2018,9795, HTTP/1.1" 200 6293
200.112.5.24 - - [01/Mar/2018:15:13:17 -0300] "GET /cormun/servlet/solicitudotadjuntos?INS,2018,9795,,1, HTTP/1.1" 200 6242
200.112.5.24 - - [01/Mar/2018:15:13:17 -0300] "GET /cormun/static/about:blank HTTP/1.1" 404 1011
200.112.5.24 - - [01/Mar/2018:15:13:18 -0300] "GET /cormun/servlet/solicitudotadjuntos?bc8055a370eccb1ee1c3b8e3315ffce0fa52f10511fd323b0c5a913156389e10fae2634c1a4058d07f10c97ea4975d7c,gx-no-cache=1519927951047 HTTP/1.1" 200 30
200.112.5.24 - - [01/Mar/2018:15:13:18 -0300] "GET /cormun/servlet/solicitudotadjuntos?INS,2018,9795,,1, HTTP/1.1" 200 6235
186.103.157.42 - - [01/Mar/2018:15:13:18 -0300] "POST /cormun/servlet/prfichaempleado?a68a4ab1863845d601415489e9e8757a,,MD,,gxPopupLevel%3D0%3B,gx-no-cache=1519927701320 HTTP/1.1" 200 3536
200.112.5.24 - - [01/Mar/2018:15:13:20 -0300] "POST /cormun/servlet/solicitudotadjuntos?9a392c36a7bf636a0005d9f38af0a3f9,INS,2018,9795,,1,,gx-no-cache=1519927951225 HTTP/1.1" 200 3985
186.103.159.43 - - [01/Mar/2018:15:13:21 -0300] "GET /cormun/servlet/trsolicitudot? HTTP/1.1" 200 7123
200.112.5.24 - - [01/Mar/2018:15:13:21 -0300] "POST /cormun/servlet/solicitudotadjuntos?gx-no-cache=1519927954411 HTTP/1.1" 200 26
186.103.159.43 - - [01/Mar/2018:15:13:23 -0300] "GET /cormun/servlet/trsolicitudot? HTTP/1.1" 200 7133
186.103.157.42 - - [01/Mar/2018:15:13:23 -0300] "GET /cormun/servlet/solicitudot?da317469058f81ae156700b680b69aabd152250b767a9c140e4c2f2331662e04,gx-no-cache=1519927706788 HTTP/1.1" 200 94
186.103.157.42 - - [01/Mar/2018:15:13:23 -0300] "POST /cormun/servlet/solicitudot?gx-no-cache=1519927707126 HTTP/1.1" 200 240
186.103.159.43 - - [01/Mar/2018:15:13:35 -0300] "POST /cormun/servlet/trautorizarsolicitud?37bae93de2cde91e91dc171209c4fd95,,gx-no-cache=1519927940664 HTTP/1.1" 500 10
200.112.5.24 - - [01/Mar/2018:15:13:40 -0300] "GET /cormun/servlet/solicitudotadjuntos?bc8055a370eccb1ee1c3b8e3315ffce09b53e61f6f87b6b534c36a9bb09eed2f,gx-no-cache=1519927973492 HTTP/1.1" 200 30
200.112.5.24 - - [01/Mar/2018:15:13:40 -0300] "GET /cormun/servlet/solicitudotadjuntos?bc8055a370eccb1ee1c3b8e3315ffce09b53e61f6f87b6b534c36a9bb09eed2f,gx-no-cache=1519927973669 HTTP/1.1" 200 30
200.112.5.24 - - [01/Mar/2018:15:13:45 -0300] "POST /cormun/servlet/solicitudotadjuntos?9a392c36a7bf636a0005d9f38af0a3f9,INS,2018,9795,,1, HTTP/1.1" 200 116
186.103.159.43 - - [01/Mar/2018:15:13:45 -0300] "GET /cormun/servlet/trautorizarsolicitud? HTTP/1.1" 200 8480
200.112.5.24 - - [01/Mar/2018:15:13:45 -0300] "GET /cormun/servlet/hpexe_return? HTTP/1.1" 200 1021
200.112.5.24 - - [01/Mar/2018:15:13:46 -0300] "GET /cormun/servlet/trsolicitudadjuntos?2018,9795, HTTP/1.1" 200 8672
186.103.159.43 - - [01/Mar/2018:15:13:46 -0300] "GET /cormun/servlet/trautorizarsolicitud? HTTP/1.1" 200 8490
200.112.5.24 - - [01/Mar/2018:15:13:48 -0300] "GET /cormun/servlet/trsolicitudadjuntos?2018,9795, HTTP/1.1" 200 8665
200.112.5.24 - - [01/Mar/2018:15:13:49 -0300] "GET /cormun/servlet/solicitudotadjuntos?INS,2018,9795,,1, HTTP/1.1" 200 6241
200.112.5.24 - - [01/Mar/2018:15:13:50 -0300] "GET /cormun/static/about:blank HTTP/1.1" 404 1011
200.112.5.24 - - [01/Mar/2018:15:13:50 -0300] "GET /cormun/servlet/solicitudotadjuntos?bc8055a370eccb1ee1c3b8e3315ffce0fa52f10511fd323b0c5a913156389e10fae2634c1a4058d07f10c97ea4975d7c,gx-no-cache=1519927983599 HTTP/1.1" 200 30
200.112.5.24 - - [01/Mar/2018:15:13:50 -0300] "GET /cormun/servlet/solicitudotadjuntos?INS,2018,9795,,1, HTTP/1.1" 200 6234
200.112.5.24 - - [01/Mar/2018:15:13:51 -0300] "POST /cormun/servlet/solicitudotadjuntos?9a392c36a7bf636a0005d9f38af0a3f9,INS,2018,9795,,1,,gx-no-cache=1519927983787 HTTP/1.1" 200 3981
200.112.5.24 - - [01/Mar/2018:15:13:54 -0300] "POST /cormun/servlet/solicitudotadjuntos?gx-no-cache=1519927987698 HTTP/1.1" 200 26
200.112.5.24 - - [01/Mar/2018:15:14:00 -0300] "GET /cormun/servlet/solicitudotadjuntos?bc8055a370eccb1ee1c3b8e3315ffce09b53e61f6f87b6b534c36a9bb09eed2f,gx-no-cache=1519927993730 HTTP/1.1" 200 30
200.112.5.24 - - [01/Mar/2018:15:14:00 -0300] "GET /cormun/servlet/solicitudotadjuntos?bc8055a370eccb1ee1c3b8e3315ffce09b53e61f6f87b6b534c36a9bb09eed2f,gx-no-cache=1519927993850 HTTP/1.1" 200 30
186.103.159.43 - - [01/Mar/2018:15:14:08 -0300] "GET /cormun/servlet/trautorizarsolicitud? HTTP/1.1" 200 8490
186.103.159.43 - - [01/Mar/2018:15:14:10 -0300] "GET /cormun/servlet/trautorizarsolicitud? HTTP/1.1" 200 8490
200.112.5.24 - - [01/Mar/2018:15:14:11 -0300] "POST /cormun/servlet/solicitudotadjuntos?9a392c36a7bf636a0005d9f38af0a3f9,INS,2018,9795,,1, HTTP/1.1" 200 116
200.112.5.24 - - [01/Mar/2018:15:14:11 -0300] "GET /cormun/servlet/hpexe_return? HTTP/1.1" 200 1021
200.112.5.24 - - [01/Mar/2018:15:14:12 -0300] "GET /cormun/servlet/trsolicitudadjuntos?2018,9795, HTTP/1.1" 200 8880
200.112.5.24 - - [01/Mar/2018:15:14:14 -0300] "GET /cormun/servlet/trsolicitudadjuntos?2018,9795, HTTP/1.1" 200 8877
200.112.5.24 - - [01/Mar/2018:15:14:16 -0300] "GET /cormun/servlet/solicitudotadjuntos?INS,2018,9795,,1, HTTP/1.1" 200 6241
200.112.5.24 - - [01/Mar/2018:15:14:17 -0300] "GET /cormun/static/about:blank HTTP/1.1" 404 1011
200.112.5.24 - - [01/Mar/2018:15:14:18 -0300] "GET /cormun/servlet/solicitudotadjuntos?INS,2018,9795,,1, HTTP/1.1" 200 6234
200.112.5.24 - - [01/Mar/2018:15:14:18 -0300] "GET /cormun/servlet/solicitudotadjuntos?bc8055a370eccb1ee1c3b8e3315ffce0fa52f10511fd323b0c5a913156389e10fae2634c1a4058d07f10c97ea4975d7c,gx-no-cache=1519928011179 HTTP/1.1" 200 30
200.112.5.24 - - [01/Mar/2018:15:14:19 -0300] "POST /cormun/servlet/solicitudotadjuntos?9a392c36a7bf636a0005d9f38af0a3f9,INS,2018,9795,,1,,gx-no-cache=1519928011343 HTTP/1.1" 200 3981
186.103.159.43 - - [01/Mar/2018:15:14:21 -0300] "POST /cormun/servlet/trsolicitudot?8ce14e9f18e18434a43fd86cf422f640,,gx-no-cache=1519928011901 HTTP/1.1" 200 5612
200.112.5.24 - - [01/Mar/2018:15:14:23 -0300] "POST /cormun/servlet/solicitudotadjuntos?gx-no-cache=1519928016097 HTTP/1.1" 200 26
186.103.159.43 - - [01/Mar/2018:15:14:27 -0300] "POST /cormun/servlet/trsolicitudot?8ce14e9f18e18434a43fd86cf422f640,,gx-no-cache=1519928017336 HTTP/1.1" 200 5591
186.103.157.42 - - [01/Mar/2018:15:14:32 -0300] "POST /cormun/servlet/solicitudot?gx-no-cache=1519927775402 HTTP/1.1" 200 30
186.103.157.42 - - [01/Mar/2018:15:14:33 -0300] "GET /cormun/servlet/solicitudot?INS,0,0, HTTP/1.1" 200 13713
186.103.157.42 - - [01/Mar/2018:15:14:34 -0300] "GET /cormun/servlet/solicitudot?INS,0,0, HTTP/1.1" 200 13713
186.103.159.43 - - [01/Mar/2018:15:14:37 -0300] "POST /cormun/servlet/trsolicitudot?8ce14e9f18e18434a43fd86cf422f640,,gx-no-cache=1519928027390 HTTP/1.1" 200 5591
186.103.157.42 - - [01/Mar/2018:15:14:37 -0300] "GET /cormun/servlet/solicitudot?INS,0,0, HTTP/1.1" 200 13697
186.103.157.42 - - [01/Mar/2018:15:14:39 -0300] "GET /cormun/servlet/solicitudot?INS,0,0, HTTP/1.1" 200 13713
186.103.157.42 - - [01/Mar/2018:15:14:55 -0300] "POST /cormun/servlet/solicitudot?gx-no-cache=1519927797761 HTTP/1.1" 200 3419
186.103.157.42 - - [01/Mar/2018:15:14:57 -0300] "POST /cormun/servlet/solicitudot?a68a4ab1863845d601415489e9e8757a,INS,0,0,,gx-no-cache=1519927799062 HTTP/1.1" 200 10552
186.103.157.42 - - [01/Mar/2018:15:14:58 -0300] "GET /cormun/servlet/solicitudot?da317469058f81ae156700b680b69aabf4dc9d0675e040b2e131372ead20455a6ac1c3c24bd6e10476ccdd69defd8a80,gx-no-cache=1519927801023 HTTP/1.1" 200 30
200.112.5.24 - - [01/Mar/2018:15:14:58 -0300] "GET /cormun/servlet/solicitudotadjuntos?bc8055a370eccb1ee1c3b8e3315ffce09b53e61f6f87b6b534c36a9bb09eed2f,gx-no-cache=1519928051363 HTTP/1.1" 200 30
200.112.5.24 - - [01/Mar/2018:15:14:59 -0300] "GET /cormun/servlet/solicitudotadjuntos?bc8055a370eccb1ee1c3b8e3315ffce09b53e61f6f87b6b534c36a9bb09eed2f,gx-no-cache=1519928051919 HTTP/1.1" 200 30
186.103.157.42 - - [01/Mar/2018:15:15:03 -0300] "GET /cormun/servlet/solicitudot?da317469058f81ae156700b680b69aab5b96792df803007d935987b028c9aec5465a6dde1295cc4100161c243c3823ba,gx-no-cache=1519927806812 HTTP/1.1" 200 103
186.103.157.42 - - [01/Mar/2018:15:15:03 -0300] "GET /cormun/static/Shared/jqueryui/images/ui-bg_highlight-soft_100_c6c2c8_1x100.png HTTP/1.1" 404 1117
186.103.157.42 - - [01/Mar/2018:15:15:03 -0300] "GET /cormun/static/Shared/jqueryui/images/ui-icons_82798d_256x240.png HTTP/1.1" 404 1089
186.103.157.42 - - [01/Mar/2018:15:15:03 -0300] "GET /cormun/static/Shared/jqueryui/images/ui-bg_flat_55_994d53_40x100.png HTTP/1.1" 404 1097
186.103.157.42 - - [01/Mar/2018:15:15:03 -0300] "GET /cormun/static/Shared/jqueryui/images/ui-icons_ebccce_256x240.png HTTP/1.1" 404 1089
186.103.157.42 - - [01/Mar/2018:15:15:03 -0300] "GET /cormun/servlet/solicitudot?da317469058f81ae156700b680b69aab7f0e86fe50c6947fe24fd5f754499381,gx-no-cache=1519927806910 HTTP/1.1" 200 45
186.103.157.42 - - [01/Mar/2018:15:15:03 -0300] "POST /cormun/servlet/solicitudot?gx-no-cache=1519927807012 HTTP/1.1" 200 240
190.161.236.41 - - [01/Mar/2018:15:15:04 -0300] "GET /cormun/servlet/hlogin HTTP/1.1" 200 1726
200.112.5.24 - - [01/Mar/2018:15:15:05 -0300] "POST /cormun/servlet/solicitudotadjuntos?9a392c36a7bf636a0005d9f38af0a3f9,INS,2018,9795,,1, HTTP/1.1" 200 116
200.112.5.24 - - [01/Mar/2018:15:15:05 -0300] "GET /cormun/servlet/hpexe_return? HTTP/1.1" 200 1021
200.112.5.24 - - [01/Mar/2018:15:15:06 -0300] "GET /cormun/servlet/trsolicitudadjuntos?2018,9795, HTTP/1.1" 200 9057
200.112.5.24 - - [01/Mar/2018:15:15:07 -0300] "GET /cormun/servlet/trsolicitudadjuntos?2018,9795, HTTP/1.1" 200 9056
186.103.159.43 - - [01/Mar/2018:15:15:08 -0300] "GET /cormun/servlet/trautorizarsolicitud? HTTP/1.1" 200 8490
200.112.5.24 - - [01/Mar/2018:15:15:09 -0300] "GET /cormun/servlet/solicitudotadjuntos?INS,2018,9795,,1, HTTP/1.1" 200 6242
186.103.159.43 - - [01/Mar/2018:15:15:09 -0300] "GET /cormun/servlet/trautorizarsolicitud? HTTP/1.1" 200 8490
200.112.5.24 - - [01/Mar/2018:15:15:10 -0300] "GET /cormun/static/about:blank HTTP/1.1" 404 1011
200.112.5.24 - - [01/Mar/2018:15:15:10 -0300] "GET /cormun/servlet/solicitudotadjuntos?bc8055a370eccb1ee1c3b8e3315ffce0fa52f10511fd323b0c5a913156389e10fae2634c1a4058d07f10c97ea4975d7c,gx-no-cache=1519928063646 HTTP/1.1" 200 30
200.112.5.24 - - [01/Mar/2018:15:15:11 -0300] "GET /cormun/servlet/solicitudotadjuntos?INS,2018,9795,,1, HTTP/1.1" 200 6236
200.112.5.24 - - [01/Mar/2018:15:15:11 -0300] "POST /cormun/servlet/solicitudotadjuntos?9a392c36a7bf636a0005d9f38af0a3f9,INS,2018,9795,,1,,gx-no-cache=1519928063843 HTTP/1.1" 200 3985
186.103.159.43 - - [01/Mar/2018:15:15:12 -0300] "POST /cormun/servlet/trautorizarsolicitud?37bae93de2cde91e91dc171209c4fd95,,gx-no-cache=1519928064043 HTTP/1.1" 200 5538
186.103.159.43 - - [01/Mar/2018:15:15:13 -0300] "GET /cormun/static/Shared/jqueryui/images/ui-bg_highlight-soft_100_c6c2c8_1x100.png HTTP/1.1" 404 1117
186.103.159.43 - - [01/Mar/2018:15:15:13 -0300] "GET /cormun/static/Shared/jqueryui/images/ui-icons_82798d_256x240.png HTTP/1.1" 404 1089
186.103.159.43 - - [01/Mar/2018:15:15:13 -0300] "GET /cormun/static/Shared/jqueryui/images/ui-bg_flat_55_fafafa_40x100.png HTTP/1.1" 404 1097
186.103.159.43 - - [01/Mar/2018:15:15:13 -0300] "GET /cormun/static/Shared/jqueryui/images/ui-icons_8d78a5_256x240.png HTTP/1.1" 404 1089
190.161.236.41 - - [01/Mar/2018:15:15:14 -0300] "POST /cormun/servlet/hlogin?5a66a2692d0a8897fb6cc85acf7b7d53,gx-no-cache=1519928067781 HTTP/1.1" 200 90
190.161.236.41 - - [01/Mar/2018:15:15:14 -0300] "GET /cormun/servlet/hpexe_link HTTP/1.1" 200 952
190.161.236.41 - - [01/Mar/2018:15:15:14 -0300] "GET /cormun/servlet/hhome HTTP/1.1" 200 4137
200.112.5.24 - - [01/Mar/2018:15:15:15 -0300] "POST /cormun/servlet/solicitudotadjuntos?gx-no-cache=1519928068067 HTTP/1.1" 200 26
190.161.236.41 - - [01/Mar/2018:15:15:15 -0300] "GET /cormun/servlet/hhome HTTP/1.1" 200 4132
200.112.5.24 - - [01/Mar/2018:15:15:20 -0300] "GET /cormun/servlet/solicitudotadjuntos?bc8055a370eccb1ee1c3b8e3315ffce09b53e61f6f87b6b534c36a9bb09eed2f,gx-no-cache=1519928073013 HTTP/1.1" 200 30
200.112.5.24 - - [01/Mar/2018:15:15:20 -0300] "GET /cormun/servlet/solicitudotadjuntos?bc8055a370eccb1ee1c3b8e3315ffce09b53e61f6f87b6b534c36a9bb09eed2f,gx-no-cache=1519928073163 HTTP/1.1" 200 30
190.161.236.41 - - [01/Mar/2018:15:15:20 -0300] "GET /cormun/servlet/trsolicitudot? HTTP/1.1" 200 7354
190.161.236.41 - - [01/Mar/2018:15:15:21 -0300] "GET /cormun/servlet/trsolicitudot? HTTP/1.1" 200 7354
186.103.159.188 - - [01/Mar/2018:15:15:23 -0300] "GET /cormun/static/menuarrow.gif HTTP/1.1" 404 1015
186.103.159.43 - - [01/Mar/2018:15:15:23 -0300] "POST /cormun/servlet/trsolicitudot?8ce14e9f18e18434a43fd86cf422f640,,gx-no-cache=1519928072572 HTTP/1.1" 200 5591
200.112.5.24 - - [01/Mar/2018:15:15:24 -0300] "POST /cormun/servlet/solicitudotadjuntos?9a392c36a7bf636a0005d9f38af0a3f9,INS,2018,9795,,1, HTTP/1.1" 200 116
200.112.5.24 - - [01/Mar/2018:15:15:24 -0300] "GET /cormun/servlet/hpexe_return? HTTP/1.1" 200 1021
200.112.5.24 - - [01/Mar/2018:15:15:25 -0300] "GET /cormun/servlet/trsolicitudadjuntos?2018,9795, HTTP/1.1" 200 9265
200.112.5.24 - - [01/Mar/2018:15:15:26 -0300] "GET /cormun/servlet/trsolicitudadjuntos?2018,9795, HTTP/1.1" 200 9261
200.112.5.24 - - [01/Mar/2018:15:15:27 -0300] "GET /cormun/servlet/solicitudotadjuntos?INS,2018,9795,,1, HTTP/1.1" 200 6242
200.112.5.24 - - [01/Mar/2018:15:15:28 -0300] "GET /cormun/static/about:blank HTTP/1.1" 404 1011
200.112.5.24 - - [01/Mar/2018:15:15:28 -0300] "GET /cormun/servlet/solicitudotadjuntos?INS,2018,9795,,1, HTTP/1.1" 200 6236
200.112.5.24 - - [01/Mar/2018:15:15:28 -0300] "GET /cormun/servlet/solicitudotadjuntos?bc8055a370eccb1ee1c3b8e3315ffce0fa52f10511fd323b0c5a913156389e10fae2634c1a4058d07f10c97ea4975d7c,gx-no-cache=1519928081502 HTTP/1.1" 200 30
200.112.5.24 - - [01/Mar/2018:15:15:29 -0300] "POST /cormun/servlet/solicitudotadjuntos?9a392c36a7bf636a0005d9f38af0a3f9,INS,2018,9795,,1,,gx-no-cache=1519928081617 HTTP/1.1" 200 3985
200.112.5.24 - - [01/Mar/2018:15:15:32 -0300] "POST /cormun/servlet/solicitudotadjuntos?gx-no-cache=1519928085177 HTTP/1.1" 200 26
186.103.159.188 - - [01/Mar/2018:15:15:35 -0300] "POST /cormun/servlet/trsolicitudot?5a66a2692d0a8897fb6cc85acf7b7d53,,gx-no-cache=1519928087302 HTTP/1.1" 200 22675
186.103.159.43 - - [01/Mar/2018:15:15:36 -0300] "POST /cormun/servlet/trsolicitudot?8ce14e9f18e18434a43fd86cf422f640,,gx-no-cache=1519928080964 HTTP/1.1" 200 5592
200.112.5.24 - - [01/Mar/2018:15:15:38 -0300] "GET /cormun/servlet/solicitudotadjuntos?bc8055a370eccb1ee1c3b8e3315ffce09b53e61f6f87b6b534c36a9bb09eed2f,gx-no-cache=1519928091507 HTTP/1.1" 200 30
200.112.5.24 - - [01/Mar/2018:15:15:38 -0300] "GET /cormun/servlet/solicitudotadjuntos?bc8055a370eccb1ee1c3b8e3315ffce09b53e61f6f87b6b534c36a9bb09eed2f,gx-no-cache=1519928091595 HTTP/1.1" 200 30
186.103.157.42 - - [01/Mar/2018:15:15:41 -0300] "GET /cormun/servlet/solicitudot?INS,0,0, HTTP/1.1" 200 13698
200.112.5.24 - - [01/Mar/2018:15:15:43 -0300] "POST /cormun/servlet/solicitudotadjuntos?9a392c36a7bf636a0005d9f38af0a3f9,INS,2018,9795,,1, HTTP/1.1" 200 116
200.112.5.24 - - [01/Mar/2018:15:15:43 -0300] "GET /cormun/servlet/hpexe_return? HTTP/1.1" 200 1021
200.112.5.24 - - [01/Mar/2018:15:15:44 -0300] "GET /cormun/servlet/trsolicitudadjuntos?2018,9795, HTTP/1.1" 200 9491
200.112.5.24 - - [01/Mar/2018:15:15:46 -0300] "GET /cormun/servlet/trsolicitudadjuntos?2018,9795, HTTP/1.1" 200 9491
186.103.159.43 - - [01/Mar/2018:15:15:46 -0300] "POST /cormun/servlet/trautorizarsolicitud?37bae93de2cde91e91dc171209c4fd95,,gx-no-cache=1519928089911 HTTP/1.1" 200 8622
200.112.5.24 - - [01/Mar/2018:15:15:47 -0300] "GET /cormun/servlet/solicitudotadjuntos?INS,2018,9795,,1, HTTP/1.1" 200 6242
200.112.5.24 - - [01/Mar/2018:15:15:47 -0300] "GET /cormun/static/about:blank HTTP/1.1" 404 1011
200.112.5.24 - - [01/Mar/2018:15:15:48 -0300] "GET /cormun/servlet/solicitudotadjuntos?INS,2018,9795,,1, HTTP/1.1" 200 6236
200.112.5.24 - - [01/Mar/2018:15:15:48 -0300] "GET /cormun/servlet/solicitudotadjuntos?bc8055a370eccb1ee1c3b8e3315ffce0fa52f10511fd323b0c5a913156389e10fae2634c1a4058d07f10c97ea4975d7c,gx-no-cache=1519928101413 HTTP/1.1" 200 30
200.112.5.24 - - [01/Mar/2018:15:15:49 -0300] "POST /cormun/servlet/solicitudotadjuntos?9a392c36a7bf636a0005d9f38af0a3f9,INS,2018,9795,,1,,gx-no-cache=1519928101599 HTTP/1.1" 200 3985
200.112.5.24 - - [01/Mar/2018:15:15:51 -0300] "POST /cormun/servlet/solicitudotadjuntos?gx-no-cache=1519928104250 HTTP/1.1" 200 26
200.120.230.197 - - [01/Mar/2018:15:15:54 -0300] "GET /cormun/servlet/trautorizarsolicitud? HTTP/1.1" 200 6282
200.112.5.24 - - [01/Mar/2018:15:15:56 -0300] "GET /cormun/servlet/solicitudotadjuntos?bc8055a370eccb1ee1c3b8e3315ffce09b53e61f6f87b6b534c36a9bb09eed2f,gx-no-cache=1519928109410 HTTP/1.1" 200 30
200.112.5.24 - - [01/Mar/2018:15:15:56 -0300] "GET /cormun/servlet/solicitudotadjuntos?bc8055a370eccb1ee1c3b8e3315ffce09b53e61f6f87b6b534c36a9bb09eed2f,gx-no-cache=1519928109593 HTTP/1.1" 200 30
186.103.159.188 - - [01/Mar/2018:15:15:58 -0300] "POST /cormun/servlet/trsolicitudot?5a66a2692d0a8897fb6cc85acf7b7d53,,gx-no-cache=1519928109524 HTTP/1.1" 200 22675
200.120.230.197 - - [01/Mar/2018:15:15:59 -0300] "GET /cormun/servlet/trautorizarsolicitud? HTTP/1.1" 200 6276
200.120.230.197 - - [01/Mar/2018:15:15:59 -0300] "GET /cormun/servlet/hlogin HTTP/1.1" 200 1738
200.112.5.24 - - [01/Mar/2018:15:16:00 -0300] "POST /cormun/servlet/solicitudotadjuntos?9a392c36a7bf636a0005d9f38af0a3f9,INS,2018,9795,,1, HTTP/1.1" 200 116
200.112.5.24 - - [01/Mar/2018:15:16:01 -0300] "GET /cormun/servlet/hpexe_return? HTTP/1.1" 200 1021
200.112.5.24 - - [01/Mar/2018:15:16:02 -0300] "GET /cormun/servlet/trsolicitudadjuntos?2018,9795, HTTP/1.1" 200 9718
200.112.5.24 - - [01/Mar/2018:15:16:03 -0300] "GET /cormun/servlet/trsolicitudadjuntos?2018,9795, HTTP/1.1" 200 9717
200.112.5.24 - - [01/Mar/2018:15:16:07 -0300] "GET /cormun/servlet/trautorizarsolicitud? HTTP/1.1" 200 7317
200.112.5.24 - - [01/Mar/2018:15:16:08 -0300] "GET /cormun/servlet/trautorizarsolicitud? HTTP/1.1" 200 7304
186.103.157.42 - - [01/Mar/2018:15:16:08 -0300] "GET /cormun/servlet/solicitudot?INS,0,0, HTTP/1.1" 200 13714
186.103.157.42 - - [01/Mar/2018:15:16:09 -0300] "POST /cormun/servlet/solicitudot?gx-no-cache=1519927872634 HTTP/1.1" 200 3419
186.103.157.42 - - [01/Mar/2018:15:16:10 -0300] "POST /cormun/servlet/solicitudot?a68a4ab1863845d601415489e9e8757a,INS,0,0,,gx-no-cache=1519927873506 HTTP/1.1" 200 10552
186.103.157.42 - - [01/Mar/2018:15:16:10 -0300] "GET /cormun/servlet/solicitudot?da317469058f81ae156700b680b69aabf4dc9d0675e040b2e131372ead20455a6ac1c3c24bd6e10476ccdd69defd8a80,gx-no-cache=1519927874380 HTTP/1.1" 200 30
186.103.157.42 - - [01/Mar/2018:15:16:13 -0300] "GET /cormun/servlet/solicitudot?da317469058f81ae156700b680b69aab5b96792df803007d935987b028c9aec5465a6dde1295cc4100161c243c3823ba,gx-no-cache=1519927877027 HTTP/1.1" 200 103
186.103.157.42 - - [01/Mar/2018:15:16:13 -0300] "GET /cormun/static/Shared/jqueryui/images/ui-bg_highlight-soft_100_c6c2c8_1x100.png HTTP/1.1" 404 1117
186.103.157.42 - - [01/Mar/2018:15:16:13 -0300] "GET /cormun/static/Shared/jqueryui/images/ui-icons_82798d_256x240.png HTTP/1.1" 404 1089
186.103.157.42 - - [01/Mar/2018:15:16:13 -0300] "GET /cormun/static/Shared/jqueryui/images/ui-bg_flat_55_994d53_40x100.png HTTP/1.1" 404 1097
186.103.157.42 - - [01/Mar/2018:15:16:13 -0300] "GET /cormun/static/Shared/jqueryui/images/ui-icons_ebccce_256x240.png HTTP/1.1" 404 1089
186.103.157.42 - - [01/Mar/2018:15:16:13 -0300] "GET /cormun/servlet/solicitudot?da317469058f81ae156700b680b69aab7f0e86fe50c6947fe24fd5f754499381,gx-no-cache=1519927877084 HTTP/1.1" 200 45
186.103.157.42 - - [01/Mar/2018:15:16:13 -0300] "POST /cormun/servlet/solicitudot?gx-no-cache=1519927877138 HTTP/1.1" 200 240
200.112.5.24 - - [01/Mar/2018:15:16:14 -0300] "GET /cormun/servlet/trsolicitudot? HTTP/1.1" 200 8759
200.112.5.24 - - [01/Mar/2018:15:16:15 -0300] "GET /cormun/servlet/trsolicitudot? HTTP/1.1" 200 8758
200.112.5.24 - - [01/Mar/2018:15:16:22 -0300] "POST /cormun/servlet/trsolicitudot?9a392c36a7bf636a0005d9f38af0a3f9,,gx-no-cache=1519928134665 HTTP/1.1" 200 4673
200.112.5.24 - - [01/Mar/2018:15:16:23 -0300] "GET /cormun/static/Shared/jqueryui/images/ui-bg_highlight-soft_100_c6c2c8_1x100.png HTTP/1.1" 404 1117
200.112.5.24 - - [01/Mar/2018:15:16:23 -0300] "GET /cormun/static/Shared/jqueryui/images/ui-icons_82798d_256x240.png HTTP/1.1" 404 1089
200.112.5.24 - - [01/Mar/2018:15:16:23 -0300] "GET /cormun/static/Shared/jqueryui/images/ui-bg_flat_55_fafafa_40x100.png HTTP/1.1" 404 1097
200.112.5.24 - - [01/Mar/2018:15:16:23 -0300] "GET /cormun/static/Shared/jqueryui/images/ui-icons_8d78a5_256x240.png HTTP/1.1" 404 1089
200.112.5.24 - - [01/Mar/2018:15:16:24 -0300] "POST /cormun/servlet/trsolicitudot?9a392c36a7bf636a0005d9f38af0a3f9,,gx-no-cache=1519928135988 HTTP/1.1" 200 4452
186.103.157.42 - - [01/Mar/2018:15:16:24 -0300] "GET /cormun/servlet/hlogin HTTP/1.1" 200 1723
200.120.230.197 - - [01/Mar/2018:15:16:27 -0300] "POST /cormun/servlet/hlogin?fb25b30fbbf9f9d9ba20cd629eb64dcd,gx-no-cache=1519928162141 HTTP/1.1" 200 90
200.112.5.24 - - [01/Mar/2018:15:16:28 -0300] "GET /cormun/servlet/trautorizarsolicitud? HTTP/1.1" 200 8655
200.120.230.197 - - [01/Mar/2018:15:16:28 -0300] "GET /cormun/servlet/hpexe_link HTTP/1.1" 200 959
200.120.230.197 - - [01/Mar/2018:15:16:28 -0300] "GET /cormun/servlet/trautorizarsolicitud HTTP/1.1" 200 7160
200.112.5.24 - - [01/Mar/2018:15:16:29 -0300] "GET /cormun/servlet/trautorizarsolicitud? HTTP/1.1" 200 8656
186.103.159.43 - - [01/Mar/2018:15:16:29 -0300] "POST /cormun/servlet/trsolicitudot?8ce14e9f18e18434a43fd86cf422f640,,gx-no-cache=1519928140977 HTTP/1.1" 200 5591
200.120.230.197 - - [01/Mar/2018:15:16:30 -0300] "GET /cormun/servlet/trautorizarsolicitud HTTP/1.1" 200 7159
186.103.157.42 - - [01/Mar/2018:15:16:32 -0300] "GET /cormun/servlet/hlogin HTTP/1.1" 200 1718
186.103.157.42 - - [01/Mar/2018:15:16:32 -0300] "GET /cormun/static/gxcfg.js?20175251213516 HTTP/1.1" 200 953
186.103.157.42 - - [01/Mar/2018:15:16:32 -0300] "GET /cormun/static/gxtimezone.js?85251 HTTP/1.1" 200 5781
186.103.157.42 - - [01/Mar/2018:15:16:32 -0300] "GET /cormun/static/Resources/Spanish/PXTools.css?11423723 HTTP/1.1" 200 89042
186.103.157.42 - - [01/Mar/2018:15:16:32 -0300] "GET /cormun/static/messages.spa.js?85251 HTTP/1.1" 200 30736
186.103.157.42 - - [01/Mar/2018:15:16:32 -0300] "GET /cormun/static/hlogin.js?20175251213537 HTTP/1.1" 200 2136
186.103.157.42 - - [01/Mar/2018:15:16:32 -0300] "GET /cormun/static/gxgral.js?85251 HTTP/1.1" 200 384558
186.103.157.42 - - [01/Mar/2018:15:16:32 -0300] "GET /cormun/static/Resources/ComunLogin.png HTTP/1.1" 200 17326
186.103.157.42 - - [01/Mar/2018:15:16:32 -0300] "GET /cormun/static/Resources/PXToolsLoginTop.png HTTP/1.1" 200 1337
186.103.157.42 - - [01/Mar/2018:15:16:32 -0300] "GET /cormun/static/Resources/PXToolsLoginBackground.png HTTP/1.1" 200 1164
186.103.157.42 - - [01/Mar/2018:15:16:32 -0300] "GET /cormun/static/Resources/PXToolsButtonRight21.png HTTP/1.1" 200 1283
186.103.157.42 - - [01/Mar/2018:15:16:32 -0300] "GET /cormun/static/Resources/PXToolsLoginBottom.png HTTP/1.1" 200 1389
186.103.157.42 - - [01/Mar/2018:15:16:32 -0300] "GET /cormun/static/Resources/PXToolsButtonBackground2.png HTTP/1.1" 200 1181
186.103.157.42 - - [01/Mar/2018:15:16:32 -0300] "GET /cormun/static/Resources/PXToolsButtonLeft21.png HTTP/1.1" 200 1287
186.103.157.42 - - [01/Mar/2018:15:16:32 -0300] "GET /cormun/static/Resources/indicator.gif HTTP/1.1" 200 1553
186.103.157.42 - - [01/Mar/2018:15:16:32 -0300] "GET /cormun/servlet/hlogin HTTP/1.1" 200 1728
200.112.5.24 - - [01/Mar/2018:15:16:32 -0300] "POST /cormun/servlet/trautorizarsolicitud?9a392c36a7bf636a0005d9f38af0a3f9,,gx-no-cache=1519928144583 HTTP/1.1" 200 4605
200.112.5.24 - - [01/Mar/2018:15:16:32 -0300] "GET /cormun/static/Shared/jqueryui/images/ui-bg_highlight-soft_100_c6c2c8_1x100.png HTTP/1.1" 404 1117
200.112.5.24 - - [01/Mar/2018:15:16:32 -0300] "GET /cormun/static/Shared/jqueryui/images/ui-icons_82798d_256x240.png HTTP/1.1" 404 1089
200.112.5.24 - - [01/Mar/2018:15:16:32 -0300] "GET /cormun/static/Shared/jqueryui/images/ui-bg_flat_55_fafafa_40x100.png HTTP/1.1" 404 1097
200.112.5.24 - - [01/Mar/2018:15:16:32 -0300] "GET /cormun/static/Shared/jqueryui/images/ui-icons_8d78a5_256x240.png HTTP/1.1" 404 1089
200.112.5.24 - - [01/Mar/2018:15:16:33 -0300] "POST /cormun/servlet/trautorizarsolicitud?9a392c36a7bf636a0005d9f38af0a3f9,,gx-no-cache=1519928145746 HTTP/1.1" 200 4385
186.103.159.43 - - [01/Mar/2018:15:16:37 -0300] "POST /cormun/servlet/trsolicitudot?8ce14e9f18e18434a43fd86cf422f640,,gx-no-cache=1519928147759 HTTP/1.1" 200 8719
186.103.157.42 - - [01/Mar/2018:15:16:39 -0300] "POST /cormun/servlet/hlogin?ca9526171ee17565ded15103d1a87b47,gx-no-cache=1519927902784 HTTP/1.1" 200 90
186.103.157.42 - - [01/Mar/2018:15:16:39 -0300] "GET /cormun/servlet/hpexe_link HTTP/1.1" 200 949
186.103.157.42 - - [01/Mar/2018:15:16:39 -0300] "GET /cormun/static/hpexe_link.js?20177612121795 HTTP/1.1" 200 625
186.103.157.42 - - [01/Mar/2018:15:16:39 -0300] "GET /cormun/static/gxcfg.js?20177612121792 HTTP/1.1" 200 953
200.120.230.197 - - [01/Mar/2018:15:16:39 -0300] "GET /cormun/servlet/trlicencias? HTTP/1.1" 200 10621
186.103.157.42 - - [01/Mar/2018:15:16:39 -0300] "GET /cormun/static/Resources/Spanish/PXTools.css?1155365 HTTP/1.1" 200 89042
186.103.157.42 - - [01/Mar/2018:15:16:39 -0300] "GET /cormun/servlet/hhome HTTP/1.1" 200 4256
186.103.157.42 - - [01/Mar/2018:15:16:39 -0300] "GET /cormun/static/gxcfg.js?20175251212442 HTTP/1.1" 200 953
186.103.157.42 - - [01/Mar/2018:15:16:39 -0300] "GET /cormun/static/PXToolsJavascripts/pexe_autoreload.js HTTP/1.1" 200 1762
186.103.157.42 - - [01/Mar/2018:15:16:39 -0300] "GET /cormun/static/SmoothNavMenu/resources/ddsmoothmenu.css?1012540 HTTP/1.1" 200 2223
186.103.157.42 - - [01/Mar/2018:15:16:39 -0300] "GET /cormun/static/SmoothNavMenu/resources/ddsmoothmenu-v.css?1012540 HTTP/1.1" 200 1188
186.103.157.42 - - [01/Mar/2018:15:16:39 -0300] "GET /cormun/static/scaMessage/css/jquery.pnotify.default.css?1716380 HTTP/1.1" 200 1707
186.103.157.42 - - [01/Mar/2018:15:16:39 -0300] "GET /cormun/static/Shared/jqueryui/jquery-ui.min.css?1245370 HTTP/1.1" 200 30288
186.103.157.42 - - [01/Mar/2018:15:16:39 -0300] "GET /cormun/static/PXToolsJavascripts/pexe_griddivfix.js HTTP/1.1" 200 6644
186.103.157.42 - - [01/Mar/2018:15:16:39 -0300] "GET /cormun/static/PXToolsJavascripts/pexe_cookies.js HTTP/1.1" 200 792
186.103.157.42 - - [01/Mar/2018:15:16:39 -0300] "GET /cormun/static/PXToolsJavascripts/pexe_grid.js HTTP/1.1" 200 7559
186.103.157.42 - - [01/Mar/2018:15:16:39 -0300] "GET /cormun/static/PXToolsJavascripts/pexe_link.js HTTP/1.1" 200 5671
186.103.157.42 - - [01/Mar/2018:15:16:39 -0300] "GET /cormun/static/PXToolsJavascripts/pexe_windows.js HTTP/1.1" 200 15207
186.103.157.42 - - [01/Mar/2018:15:16:39 -0300] "GET /cormun/static/PXToolsJavascripts/pexe_menudivfix.js HTTP/1.1" 200 333
186.103.157.42 - - [01/Mar/2018:15:16:39 -0300] "GET /cormun/static/PXToolsJavascripts/pexe_menus.js HTTP/1.1" 200 1286
186.103.157.42 - - [01/Mar/2018:15:16:39 -0300] "GET /cormun/static/PXToolsJavascripts/pexe_layers.js HTTP/1.1" 200 4114
186.103.157.42 - - [01/Mar/2018:15:16:39 -0300] "GET /cormun/static/PXToolsJavascripts/pexe_oav.js HTTP/1.1" 200 645
186.103.157.42 - - [01/Mar/2018:15:16:39 -0300] "GET /cormun/static/PXToolsJavascripts/pexe_oavdivfix.js HTTP/1.1" 200 639
200.120.230.197 - - [01/Mar/2018:15:16:39 -0300] "GET /cormun/static/gxcfg.js?20176272054169 HTTP/1.1" 304 -
186.103.157.42 - - [01/Mar/2018:15:16:39 -0300] "GET /cormun/static/PXToolsJavascripts/pexe_picture.js HTTP/1.1" 200 689
186.103.157.42 - - [01/Mar/2018:15:16:39 -0300] "GET /cormun/static/PXToolsJavascripts/pexe_tabdivfix.js HTTP/1.1" 200 876
186.103.157.42 - - [01/Mar/2018:15:16:39 -0300] "GET /cormun/static/PXToolsJavascripts/pexe_upload.js HTTP/1.1" 200 1423
186.103.157.42 - - [01/Mar/2018:15:16:39 -0300] "GET /cormun/static/PXToolsJavascripts/pexe_scrolldiv.js HTTP/1.1" 200 4138
186.103.157.42 - - [01/Mar/2018:15:16:39 -0300] "GET /cormun/static/PXToolsJavascripts/pexe_popup.js HTTP/1.1" 200 13458
186.103.157.42 - - [01/Mar/2018:15:16:39 -0300] "GET /cormun/static/PXToolsJavascripts/pexe_tabs.js HTTP/1.1" 200 3748
186.103.157.42 - - [01/Mar/2018:15:16:39 -0300] "GET /cormun/static/PXToolsJavascripts/PXToolsJavascriptsRender.js HTTP/1.1" 200 367
186.103.157.42 - - [01/Mar/2018:15:16:39 -0300] "GET /cormun/static/hwchdr01.js?201752511465785 HTTP/1.1" 200 1183
186.103.157.42 - - [01/Mar/2018:15:16:39 -0300] "GET /cormun/static/hhome.js?20175251212450 HTTP/1.1" 200 777
186.103.157.42 - - [01/Mar/2018:15:16:39 -0300] "GET /cormun/static/Shared/ext/locale/ext-lang-en.js HTTP/1.1" 200 10940
186.103.157.42 - - [01/Mar/2018:15:16:39 -0300] "GET /cormun/static/gxui/gxui-all.js HTTP/1.1" 200 107772
186.103.157.42 - - [01/Mar/2018:15:16:39 -0300] "GET /cormun/static/RunJS/RunJS.js HTTP/1.1" 200 288
186.103.157.42 - - [01/Mar/2018:15:16:39 -0300] "GET /cormun/static/Resources/PXToolsDataTitle.png HTTP/1.1" 200 1173
186.103.157.42 - - [01/Mar/2018:15:16:39 -0300] "GET /cormun/static/Resources/PXToolsFooterBackground2.png HTTP/1.1" 200 1172
186.103.157.42 - - [01/Mar/2018:15:16:39 -0300] "GET /cormun/static/Resources/PXToolsHeaderBackground2.png HTTP/1.1" 200 1174
186.103.157.42 - - [01/Mar/2018:15:16:39 -0300] "GET /cormun/static/Resources/PXToolsHeaderActionsBackground.png HTTP/1.1" 200 484
186.103.157.42 - - [01/Mar/2018:15:16:39 -0300] "GET /cormun/static/Resources/PXToolsHeaderHome.png HTTP/1.1" 200 4147
186.103.157.42 - - [01/Mar/2018:15:16:39 -0300] "GET /cormun/static/Resources/PXToolsHeaderActionsLeft.png HTTP/1.1" 200 1118
186.103.157.42 - - [01/Mar/2018:15:16:39 -0300] "GET /cormun/static/Resources/PXToolsHeaderSecurity.png HTTP/1.1" 200 4166
186.103.157.42 - - [01/Mar/2018:15:16:39 -0300] "GET /cormun/static/Resources/PXToolsHeaderPreferences.png HTTP/1.1" 200 4189
186.103.157.42 - - [01/Mar/2018:15:16:39 -0300] "GET /cormun/static/Resources/logo4.png HTTP/1.1" 200 6582
186.103.157.42 - - [01/Mar/2018:15:16:39 -0300] "GET /cormun/static/Resources/PXToolsHeaderLogin.png HTTP/1.1" 200 4279
186.103.157.42 - - [01/Mar/2018:15:16:39 -0300] "GET /cormun/static/Resources/PXToolsHeaderActionsRight.png HTTP/1.1" 200 1201
186.103.157.42 - - [01/Mar/2018:15:16:39 -0300] "GET /cormun/static/hpexe_recentlink.js?20177611595044 HTTP/1.1" 200 2144
186.103.157.42 - - [01/Mar/2018:15:16:39 -0300] "GET /cormun/static/hpexe_scripts.js?201752511465715 HTTP/1.1" 200 1544
186.103.157.42 - - [01/Mar/2018:15:16:39 -0300] "GET /cormun/static/hpexe_messagepopupcomponent.js?20161017169425 HTTP/1.1" 200 605
186.103.157.42 - - [01/Mar/2018:15:16:39 -0300] "GET /cormun/static/hpexe_messagecontroller.js?20177611595012 HTTP/1.1" 200 870
186.103.157.42 - - [01/Mar/2018:15:16:39 -0300] "GET /cormun/static/hpexe_messagegenexuscomponent.js?201752511465344 HTTP/1.1" 200 587
186.103.157.42 - - [01/Mar/2018:15:16:39 -0300] "GET /cormun/static/cmcontrolpreferences.js?201752511465670 HTTP/1.1" 200 1375
186.103.157.42 - - [01/Mar/2018:15:16:40 -0300] "GET /cormun/static/SmoothNavMenu/resources/ddsmoothmenu.js HTTP/1.1" 200 12712
186.103.157.42 - - [01/Mar/2018:15:16:40 -0300] "GET /cormun/static/SmoothNavMenu/resources/SmoothNavMenuRender.js HTTP/1.1" 200 5951
186.103.157.42 - - [01/Mar/2018:15:16:40 -0300] "GET /cormun/static/scaMessage/js/jquery.pnotify.min.js HTTP/1.1" 200 13038
186.103.157.42 - - [01/Mar/2018:15:16:40 -0300] "GET /cormun/static/scaMessage/scaMessageRender.js HTTP/1.1" 200 11977
186.103.157.42 - - [01/Mar/2018:15:16:40 -0300] "GET /cormun/static/Shared/jquery/jquery-1.4.2.min.js HTTP/1.1" 200 72174
186.103.157.42 - - [01/Mar/2018:15:16:40 -0300] "GET /cormun/static/hmpwkw03.js?20177612122668 HTTP/1.1" 200 3965
186.103.157.42 - - [01/Mar/2018:15:16:40 -0300] "GET /cormun/static/Shared/jquery/jquery-1.10.2.min.js HTTP/1.1" 200 273199
186.103.157.42 - - [01/Mar/2018:15:16:40 -0300] "GET /cormun/static/Shared/jqueryui/jquery-ui.min.js HTTP/1.1" 200 240427
186.103.157.42 - - [01/Mar/2018:15:16:40 -0300] "GET /cormun/static/Shared/ext/ext-all.js HTTP/1.1" 200 1289687
186.103.157.42 - - [01/Mar/2018:15:16:41 -0300] "GET /cormun/static/SmoothNavMenu/resources/images/down.gif HTTP/1.1" 200 854
186.103.157.42 - - [01/Mar/2018:15:16:41 -0300] "GET /cormun/static/SmoothNavMenu/resources/images/right.gif HTTP/1.1" 200 860
200.120.230.197 - - [01/Mar/2018:15:16:41 -0300] "GET /cormun/servlet/trlicencias? HTTP/1.1" 200 10620
186.103.157.42 - - [01/Mar/2018:15:16:41 -0300] "GET /cormun/servlet/hhome HTTP/1.1" 200 4253
186.103.157.42 - - [01/Mar/2018:15:16:45 -0300] "GET /cormun/servlet/trsolicitudot? HTTP/1.1" 200 7473
186.103.157.42 - - [01/Mar/2018:15:16:45 -0300] "GET /cormun/static/gxui/gxui-all.css?120300 HTTP/1.1" 200 2179
186.103.157.42 - - [01/Mar/2018:15:16:45 -0300] "GET /cormun/static/calendar-system.css?85620 HTTP/1.1" 200 5572
186.103.157.42 - - [01/Mar/2018:15:16:45 -0300] "GET /cormun/static/gxcfg.js?2017111422585916 HTTP/1.1" 200 953
186.103.157.42 - - [01/Mar/2018:15:16:45 -0300] "GET /cormun/static/calendar.js?85251 HTTP/1.1" 200 26246
186.103.157.42 - - [01/Mar/2018:15:16:45 -0300] "GET /cormun/static/calendar-setup.js?85251 HTTP/1.1" 200 2588
186.103.157.42 - - [01/Mar/2018:15:16:45 -0300] "GET /cormun/static/calendar-es.js?85251 HTTP/1.1" 200 1901
186.103.157.42 - - [01/Mar/2018:15:16:45 -0300] "GET /cormun/static/Resources/Spanish/PXTools.css?1255365 HTTP/1.1" 200 89042
186.103.157.42 - - [01/Mar/2018:15:16:46 -0300] "GET /cormun/static/gxdec.js?85251 HTTP/1.1" 200 19579
186.103.157.42 - - [01/Mar/2018:15:16:46 -0300] "GET /cormun/static/trsolicitudot.js?201711142259839 HTTP/1.1" 200 54041
186.103.157.42 - - [01/Mar/2018:15:16:46 -0300] "GET /cormun/static/Resources/PXTools/calendar.png HTTP/1.1" 200 1306
186.103.157.42 - - [01/Mar/2018:15:16:46 -0300] "GET /cormun/static/Resources/PXToolsDataSearch.png HTTP/1.1" 200 419
186.103.157.42 - - [01/Mar/2018:15:16:46 -0300] "GET /cormun/static/Resources/PXToolsGridFirstDisabled.gif HTTP/1.1" 200 100
186.103.157.42 - - [01/Mar/2018:15:16:46 -0300] "GET /cormun/static/Shared/ext/resources/css/ext-all.css?215870 HTTP/1.1" 200 416045
186.103.157.42 - - [01/Mar/2018:15:16:46 -0300] "GET /cormun/static/Resources/PXToolsGridPreviousDisabled.gif HTTP/1.1" 200 90
186.103.157.42 - - [01/Mar/2018:15:16:46 -0300] "GET /cormun/static/Resources/PXToolsGridNextDisabled.gif HTTP/1.1" 200 90
186.103.157.42 - - [01/Mar/2018:15:16:46 -0300] "GET /cormun/static/Resources/PXToolsGridLastDisabled.gif HTTP/1.1" 200 98
186.103.157.42 - - [01/Mar/2018:15:16:46 -0300] "GET /cormun/static/Resources/PXToolsGridPage.gif HTTP/1.1" 200 725
186.103.157.42 - - [01/Mar/2018:15:16:46 -0300] "GET /cormun/static/Resources/PXToolsActionExcel.png HTTP/1.1" 200 3187
186.103.157.42 - - [01/Mar/2018:15:16:46 -0300] "GET /cormun/static/Resources/PXToolsGridNew.png HTTP/1.1" 200 2949
186.103.157.42 - - [01/Mar/2018:15:16:46 -0300] "GET /cormun/static/Resources/asc.gif HTTP/1.1" 200 67
186.103.157.42 - - [01/Mar/2018:15:16:46 -0300] "GET /cormun/static/Resources/desc.gif HTTP/1.1" 200 65
186.103.157.42 - - [01/Mar/2018:15:16:47 -0300] "GET /cormun/static/Shared/ext/resources/themes/images/default/panel/bg-headersPanel.png HTTP/1.1" 200 255
186.103.157.42 - - [01/Mar/2018:15:16:47 -0300] "GET /cormun/static/Shared/ext/resources/themes/images/default/tools/tool-sprites.gif HTTP/1.1" 200 5434
186.103.157.42 - - [01/Mar/2018:15:16:47 -0300] "GET /cormun/servlet/trsolicitudot? HTTP/1.1" 200 7472
186.103.159.43 - - [01/Mar/2018:15:16:58 -0300] "POST /cormun/servlet/trsolicitudot?8ce14e9f18e18434a43fd86cf422f640,,gx-no-cache=1519928169024 HTTP/1.1" 200 5968
186.103.157.42 - - [01/Mar/2018:15:16:58 -0300] "GET /cormun/servlet/solicitudot?INS,0,0, HTTP/1.1" 200 13709
186.103.157.42 - - [01/Mar/2018:15:16:58 -0300] "GET /cormun/static/gxcfg.js?201812313224582 HTTP/1.1" 200 953
186.103.157.42 - - [01/Mar/2018:15:16:58 -0300] "GET /cormun/static/Resources/prompt.gif HTTP/1.1" 200 902
186.103.157.42 - - [01/Mar/2018:15:16:58 -0300] "GET /cormun/static/solicitudot.js?201812313224831 HTTP/1.1" 200 72336
186.103.157.42 - - [01/Mar/2018:15:16:59 -0300] "GET /cormun/servlet/solicitudot?INS,0,0, HTTP/1.1" 200 13714
186.103.159.43 - - [01/Mar/2018:15:17:02 -0300] "POST /cormun/servlet/trsolicitudot?8ce14e9f18e18434a43fd86cf422f640,,gx-no-cache=1519928173094 HTTP/1.1" 200 5945
