190.46.88.54 - - [01/Mar/2018:10:07:32 -0300] "GET /cormun/servlet/solicitudot?b8fff354e689a3f4a1cab2884c73e8ab66b98f716d66ecab7e2a2a4fbccd521c904a735833a343df83b2e8382d81bdeaea796451ca81b63876487ab37aacf1c42ceb2a2c13212f2938fbf3e9777fd59f2b3d659c81340a0be1b59cce690600cceb03802d08ace9145978a4d265bea7f02ff6f9c9419da688007b9ff446c0078234d8d8e4ce07946ea28f132afc0de5a75b01d3c1f5063c51353453a86ae73d891b44507bc51dbbf8856d2babc32d83958fef76cfed3653e8d3bfbf958e753ae6a7ec4dc6a3b5cf13a1e6994dfed24bc985d98eb39e551082d82bab62ae73a3c5f3f3c81fee22f3f461cbfb6a79b0020a0139c3d30285bf94e424ab5fad5351fa495f78a8ea40b9b68ce45849184955c5a3c295a1f57aa72222d3a91e177e4692d90b0d0e9a29e44b5c7a279b8a79b68f971189e4796189962b8b2724f532929e10d350598faf5c38a808d7c30d58b9463d60e7ee4b9962c8f8ded68029eb91633012d9fa00a081de979fd6bcde39638bdd5839b59b1ca36df8170a69ddc80dc4,gx-no-cache=1519909606206 HTTP/1.1" 200 30
190.46.88.54 - - [01/Mar/2018:10:07:41 -0300] "POST /cormun/servlet/solicitudot?gx-no-cache=1519909615054 HTTP/1.1" 200 30
200.120.230.197 - - [01/Mar/2018:10:07:57 -0300] "POST /cormun/servlet/vesolicitudot?87aae33afb1061b07f63c67834ecba52,2018,9771,,,gx-no-cache=1519909635349 HTTP/1.1" 200 90
200.120.230.197 - - [01/Mar/2018:10:07:57 -0300] "GET /cormun/servlet/hpexe_link HTTP/1.1" 200 960
200.120.230.197 - - [01/Mar/2018:10:07:58 -0300] "GET /cormun/servlet/trsolicitudot HTTP/1.1" 200 8807
200.120.230.197 - - [01/Mar/2018:10:08:00 -0300] "GET /cormun/servlet/trsolicitudot HTTP/1.1" 200 8806
190.46.88.54 - - [01/Mar/2018:10:08:02 -0300] "GET /cormun/servlet/prfichaempleado?,MD,,gxPopupLevel%3D0%3B HTTP/1.1" 200 9356
200.120.230.197 - - [01/Mar/2018:10:08:03 -0300] "GET /cormun/servlet/solicitudot?INS,0,0, HTTP/1.1" 200 13663
200.120.230.197 - - [01/Mar/2018:10:08:05 -0300] "GET /cormun/servlet/solicitudot?INS,0,0, HTTP/1.1" 200 13668
200.86.95.220 - - [01/Mar/2018:10:08:14 -0300] "POST /cormun/servlet/solicitudot?gx-no-cache=1519909647070 HTTP/1.1" 200 1319
200.86.95.220 - - [01/Mar/2018:10:08:14 -0300] "POST /cormun/servlet/solicitudot?gx-no-cache=1519909647793 HTTP/1.1" 200 1218
200.86.95.220 - - [01/Mar/2018:10:08:14 -0300] "POST /cormun/servlet/solicitudot?gx-no-cache=1519909647983 HTTP/1.1" 200 33
200.120.230.197 - - [01/Mar/2018:10:08:16 -0300] "POST /cormun/servlet/solicitudot?gx-no-cache=1519909654678 HTTP/1.1" 200 3368
200.120.230.197 - - [01/Mar/2018:10:08:17 -0300] "POST /cormun/servlet/solicitudot?87aae33afb1061b07f63c67834ecba52,INS,0,0,,gx-no-cache=1519909655319 HTTP/1.1" 200 10510
190.46.88.54 - - [01/Mar/2018:10:08:17 -0300] "POST /cormun/servlet/prfichaempleado?9683977d2508647017c3ef283b8e806f,,MD,,gxPopupLevel%3D0%3B,gx-no-cache=1519909651116 HTTP/1.1" 200 3426
200.120.230.197 - - [01/Mar/2018:10:08:20 -0300] "GET /cormun/servlet/solicitudot?85dbf6980676f896acccc86e04504abcd4b0cbb805c1fce183c52e4896b67789371cae4058e4719ec3828b52b18e49a3,gx-no-cache=1519909658843 HTTP/1.1" 200 30
190.46.88.54 - - [01/Mar/2018:10:08:28 -0300] "POST /cormun/servlet/solicitudot?gx-no-cache=1519909662389 HTTP/1.1" 200 1336
190.46.88.54 - - [01/Mar/2018:10:08:28 -0300] "GET /cormun/static/menuarrow.gif HTTP/1.1" 404 1015
190.46.88.54 - - [01/Mar/2018:10:08:46 -0300] "GET /cormun/servlet/prlicenciaspermisos?16881995,L,,MD,,gxPopupLevel%3D0%3B HTTP/1.1" 200 6431
190.46.88.54 - - [01/Mar/2018:10:08:46 -0300] "GET /cormun/static/gxcfg.js?20176272053834 HTTP/1.1" 200 953
190.46.88.54 - - [01/Mar/2018:10:08:46 -0300] "GET /cormun/static/prlicenciaspermisos.js?20176272054050 HTTP/1.1" 200 13379
192.168.10.89 - - [01/Mar/2018:10:08:46 -0300] "POST /cormun/servlet/trsolicitudgral?8222c7a55bce146f23b8602d730786e7,gx-no-cache=1519908544598,gx-no-cache=1519909566336 HTTP/1.1" 200 18695
192.168.10.89 - - [01/Mar/2018:10:08:54 -0300] "POST /cormun/servlet/trsolicitudgral?8222c7a55bce146f23b8602d730786e7,gx-no-cache=1519908544598,gx-no-cache=1519909575023 HTTP/1.1" 200 7262
186.79.145.55 - - [01/Mar/2018:10:08:58 -0300] "GET /cormun/servlet/solicitudot?85dbf6980676f896acccc86e04504abcb2d4969443c03c4ccacf85c6b45d1e3c19f2eb285e49b98f91128bca5c3679197994f3efe10a5920a72366b299ec904f,gx-no-cache=1519909696718 HTTP/1.1" 200 30
186.79.145.55 - - [01/Mar/2018:10:08:58 -0300] "GET /cormun/servlet/solicitudot?85dbf6980676f896acccc86e04504abc1885e1d8d7bc79740b5cbdcabe95548c,gx-no-cache=1519909697069 HTTP/1.1" 200 123
186.79.145.55 - - [01/Mar/2018:10:08:58 -0300] "GET /cormun/static/Shared/jqueryui/images/ui-bg_highlight-soft_100_c6c2c8_1x100.png HTTP/1.1" 404 1117
200.120.230.197 - - [01/Mar/2018:10:08:58 -0300] "GET /cormun/static/Shared/jqueryui/images/ui-icons_82798d_256x240.png HTTP/1.1" 404 1089
200.120.230.197 - - [01/Mar/2018:10:08:58 -0300] "POST /cormun/servlet/solicitudot?gx-no-cache=1519909697295 HTTP/1.1" 200 240
200.120.230.197 - - [01/Mar/2018:10:08:58 -0300] "GET /cormun/static/Shared/jqueryui/images/ui-bg_flat_55_994d53_40x100.png HTTP/1.1" 404 1097
186.79.145.55 - - [01/Mar/2018:10:08:58 -0300] "GET /cormun/static/Shared/jqueryui/images/ui-icons_ebccce_256x240.png HTTP/1.1" 404 1089
200.120.230.197 - - [01/Mar/2018:10:08:59 -0300] "GET /cormun/servlet/solicitudot?85dbf6980676f896acccc86e04504abc8a70d5e14fea92f4f47e745f6e1508bb891b928fef57efb67d7bd4e1669acd9ec758bc3aabc454658c3d5f6c4477861573ac169c4f540c6c46618adb8b39ee9ea11219bdd7b14ed0d20f21aa916c568c92eb826d5dcf1b4efb4346c3a7704734621c75fd82b44e318cf3d9d252a6ad66d821282461a525bb2a8168b0185280fc7030640b02073791e213e601f0076ff6031f32cc30c0da4c778bee4e0f29b9b5e436f520f56c93746199e702ad1b16c48afe5f02e4fbf55e5bf6fcd97f0010402cf226a2ec144a1b4545fede34dd7fffe14d33adb0fae1d549b26080697c9769e64566ad47829065a2adcaf28df79e405b258c0af84ea62256c6034304a535694619758c329f7cc2c155da8ac97b53761f4c77605d7c8988d6777f2118a468a4369e6824e0efbe98ba5175607a8aea132a120581092dd53e5bd632984bf695fe86f28d4465f585bf9c418eea61da6c6403ffa5f97af057ec03bcf593fc2a8c11a0a5524ab16c557a210c2b968226df74,gx-no-cache=1519909697690 HTTP/1.1" 200 30
190.46.88.54 - - [01/Mar/2018:10:09:03 -0300] "POST /cormun/servlet/solicitudot?gx-no-cache=1519909696917 HTTP/1.1" 200 41
200.120.230.197 - - [01/Mar/2018:10:09:07 -0300] "GET /cormun/servlet/solicitudot?85dbf6980676f896acccc86e04504abc7a7174ea917f1e981236c84d68524310,gx-no-cache=1519909705552 HTTP/1.1" 200 29
200.120.230.197 - - [01/Mar/2018:10:09:13 -0300] "POST /cormun/servlet/solicitudot?gx-no-cache=1519909712251 HTTP/1.1" 200 240
200.120.230.197 - - [01/Mar/2018:10:09:13 -0300] "GET /cormun/servlet/solicitudot?85dbf6980676f896acccc86e04504abc8a70d5e14fea92f4f47e745f6e1508bb891b928fef57efb67d7bd4e1669acd9ec758bc3aabc454658c3d5f6c4477861573ac169c4f540c6c46618adb8b39ee9ea11219bdd7b14ed0d20f21aa916c568c92eb826d5dcf1b4efb4346c3a7704734621c75fd82b44e318cf3d9d252a6ad66d821282461a525bb2a8168b0185280fc7030640b02073791e213e601f0076ff6031f32cc30c0da4c778bee4e0f29b9b5e436f520f56c93746199e702ad1b16c48afe5f02e4fbf55e5bf6fcd97f0010402cf226a2ec144a1b4545fede34dd7fffe14d33adb0fae1d549b26080697c9769e64566ad47829065a2adcaf28df79e405b258c0af84ea62256c6034304a535694619758c329f7cc2c155da8ac97b53761f4c77605d7c8988d6777f2118a468a4369e6824e0efbe98ba5175607a8aea132a120581092dd53e5bd632984bf695fe86f28d4465f585bf9c418eea61da6c6403ffa5f97af057ec03bcf593fc2a8c113c5cf5fad3f4b4e1cecd738d758694e0,gx-no-cache=1519909712419 HTTP/1.1" 200 30
200.112.5.24 - - [01/Mar/2018:10:09:15 -0300] "GET /cormun/servlet/trsolicitudot? HTTP/1.1" 200 7416
200.120.230.197 - - [01/Mar/2018:10:09:16 -0300] "POST /cormun/servlet/solicitudot?gx-no-cache=1519909714283 HTTP/1.1" 200 30
200.112.5.24 - - [01/Mar/2018:10:09:16 -0300] "GET /cormun/servlet/trsolicitudot? HTTP/1.1" 200 7415
200.112.5.24 - - [01/Mar/2018:10:09:17 -0300] "GET /cormun/static/menuarrow.gif HTTP/1.1" 404 1015
192.168.10.89 - - [01/Mar/2018:10:09:19 -0300] "GET /cormun/servlet/vesolicitudgral?2018,8817,, HTTP/1.1" 200 9499
200.120.230.197 - - [01/Mar/2018:10:09:19 -0300] "POST /cormun/servlet/solicitudot?gx-no-cache=1519909717852 HTTP/1.1" 200 1336
192.168.10.89 - - [01/Mar/2018:10:09:19 -0300] "GET /cormun/pexe_scrolldiv.js HTTP/1.1" 404 1009
200.120.230.197 - - [01/Mar/2018:10:09:19 -0300] "POST /cormun/servlet/solicitudot?gx-no-cache=1519909718110 HTTP/1.1" 200 38
192.168.10.89 - - [01/Mar/2018:10:09:21 -0300] "GET /cormun/servlet/vesolicitudgral?2018,8817,,SolicitudOTLog HTTP/1.1" 200 10307
192.168.10.89 - - [01/Mar/2018:10:09:21 -0300] "GET /cormun/pexe_scrolldiv.js HTTP/1.1" 404 1009
200.112.5.24 - - [01/Mar/2018:10:09:22 -0300] "POST /cormun/servlet/trsolicitudot?8fdcdf873ee44f96e300bc914ea0383c,,gx-no-cache=1519909714535 HTTP/1.1" 200 6668
192.168.10.89 - - [01/Mar/2018:10:09:23 -0300] "POST /cormun/servlet/acontrolpreferencessavestate?None,CDROGUETT,true HTTP/1.1" 200 35
200.112.5.24 - - [01/Mar/2018:10:09:36 -0300] "POST /cormun/servlet/trsolicitudot?8fdcdf873ee44f96e300bc914ea0383c,,gx-no-cache=1519909728822 HTTP/1.1" 200 105
200.112.5.24 - - [01/Mar/2018:10:09:37 -0300] "GET /cormun/servlet/solicitudot?UPD,2018,8817, HTTP/1.1" 200 14307
190.46.88.54 - - [01/Mar/2018:10:09:37 -0300] "GET /cormun/servlet/solicitudot?b8fff354e689a3f4a1cab2884c73e8ab17fc9df406a7a0bd03779a0f325f74c3018b20c6981afe087d8e4f127716cbb5b97250ffd9fcf8d92c87a9b772af1c1f3e2d230f8524fec76eb325df15b8b5d275248fad40fb2af71b996a64fba56cd98be7f43fbd8580afa0a50042564c9d64,gx-no-cache=1519909731177 HTTP/1.1" 200 29
190.46.88.54 - - [01/Mar/2018:10:09:37 -0300] "POST /cormun/servlet/solicitudot?gx-no-cache=1519909731387 HTTP/1.1" 200 1319
192.168.10.89 - - [01/Mar/2018:10:09:38 -0300] "GET /cormun/servlet/vesolicitudgral?2018,8817,,General HTTP/1.1" 200 9481
190.46.88.54 - - [01/Mar/2018:10:09:38 -0300] "POST /cormun/servlet/solicitudot?gx-no-cache=1519909731704 HTTP/1.1" 200 1218
192.168.10.89 - - [01/Mar/2018:10:09:38 -0300] "GET /cormun/pexe_scrolldiv.js HTTP/1.1" 404 1009
200.112.5.24 - - [01/Mar/2018:10:09:38 -0300] "GET /cormun/servlet/solicitudot?UPD,2018,8817, HTTP/1.1" 200 14316
200.112.5.24 - - [01/Mar/2018:10:09:38 -0300] "POST /cormun/servlet/solicitudot?gx-no-cache=1519909731443 HTTP/1.1" 200 3375
200.112.5.24 - - [01/Mar/2018:10:09:39 -0300] "POST /cormun/servlet/solicitudot?8fdcdf873ee44f96e300bc914ea0383c,UPD,2018,8817,,gx-no-cache=1519909732091 HTTP/1.1" 200 10709
200.112.5.24 - - [01/Mar/2018:10:09:40 -0300] "GET /cormun/servlet/solicitudot?ce4679f83fb6e3f402696476c1566c0396035ed748b726d9b6cba0d0b15590db18346464ffd2ec74706a80582cdba878,gx-no-cache=1519909733311 HTTP/1.1" 200 30
200.112.5.24 - - [01/Mar/2018:10:09:40 -0300] "GET /cormun/servlet/solicitudot?ce4679f83fb6e3f402696476c1566c03fd18d24ccd00352b9ae75a735927444a2e487e77948a825854e64e5a7bd37f319ddaf76b86846200dd4311ea8b9bcb89,gx-no-cache=1519909733463 HTTP/1.1" 200 30
200.112.5.24 - - [01/Mar/2018:10:09:40 -0300] "GET /cormun/servlet/solicitudot?ce4679f83fb6e3f402696476c1566c03cd9b21e13c21c3db1ea592d99648b1cecf5aab6160f903d984d930b5894be5cfb15b9d254460661f451cb66e093e163c,gx-no-cache=1519909733599 HTTP/1.1" 200 53
200.112.5.24 - - [01/Mar/2018:10:09:40 -0300] "POST /cormun/servlet/solicitudot?gx-no-cache=1519909733709 HTTP/1.1" 200 255
200.112.5.24 - - [01/Mar/2018:10:09:40 -0300] "GET /cormun/servlet/solicitudot?ce4679f83fb6e3f402696476c1566c0322c52f55e264b3946bf72361cb3e7314ffb428d1815d9918d6aa54897f58c04c8987daaa7fd73811ed36a15a2c5952609213dad865e4ec6908801915efaed46bb5f2fa56c9d4b7e191addb92c95041ce8668e00a6fb55b2aef1b3f49db983694cc3f10c1cefe4c5d977649b8066d942f7af1688d6f983aaa4064e27c35cde77f09e01035d8f26065e29b38ef30918790be50fc61fdf2e6dda90cfbe69a95294866c670f307db08511764af994a8706660a1b4e27e1ede01db1a37ecab4fccdaf97106695c0a5134c1870ecf579618d0f9727932ffd1b2f54a33679cbd66f69065a10b2567eb6432f97ac265d954c7015d948bfa1ce58a263b7bfb46326d503bfa2f40514e7bc147650f0a09c6cd729734577ea61f83f2f0d584d8c044eb03c0def00a0066c6fd4786a8bfbbaa7d8bcf39cc4480eb3a78b71f99815beebda7a5ccae5228f97066d79579b4ed40bff7bf7eaee611ec5113fae8e1ddc3f6a7c50265aa5875b34bedbdb744c9e53409507ec,gx-no-cache=1519909733855 HTTP/1.1" 200 30
200.112.5.24 - - [01/Mar/2018:10:09:40 -0300] "POST /cormun/servlet/solicitudot?gx-no-cache=1519909733992 HTTP/1.1" 200 30
200.112.5.24 - - [01/Mar/2018:10:09:41 -0300] "POST /cormun/servlet/solicitudot?gx-no-cache=1519909734138 HTTP/1.1" 200 213
200.112.5.24 - - [01/Mar/2018:10:09:41 -0300] "POST /cormun/servlet/solicitudot?gx-no-cache=1519909734313 HTTP/1.1" 200 41
192.168.10.89 - - [01/Mar/2018:10:09:41 -0300] "POST /cormun/servlet/vesolicitudgral?8222c7a55bce146f23b8602d730786e7,2018,8817,,General,gx-no-cache=1519909622750 HTTP/1.1" 200 93
192.168.10.89 - - [01/Mar/2018:10:09:41 -0300] "GET /cormun/servlet/hpexe_return? HTTP/1.1" 200 1037
190.46.88.54 - - [01/Mar/2018:10:09:42 -0300] "POST /cormun/servlet/solicitudot?gx-no-cache=1519909734802 HTTP/1.1" 200 1319
190.46.88.54 - - [01/Mar/2018:10:09:42 -0300] "POST /cormun/servlet/solicitudot?gx-no-cache=1519909736042 HTTP/1.1" 200 1218
192.168.10.89 - - [01/Mar/2018:10:09:42 -0300] "GET /cormun/servlet/trsolicitudgral?gx-no-cache=1519908544598 HTTP/1.1" 200 10764
190.46.88.54 - - [01/Mar/2018:10:09:42 -0300] "GET /cormun/servlet/solicitudot?b8fff354e689a3f4a1cab2884c73e8ab55be4c0c0810cc6644f7a2d86d97e074c1d7f0fff9daa36d8b4d8761debc6b47,gx-no-cache=1519909736247 HTTP/1.1" 200 30
190.46.88.54 - - [01/Mar/2018:10:09:42 -0300] "POST /cormun/servlet/solicitudot?gx-no-cache=1519909736382 HTTP/1.1" 200 34
190.46.88.54 - - [01/Mar/2018:10:09:42 -0300] "GET /cormun/servlet/solicitudot?b8fff354e689a3f4a1cab2884c73e8ab55be4c0c0810cc6644f7a2d86d97e07474ff75d59de3ad9576d14ec968694c18,gx-no-cache=1519909736538 HTTP/1.1" 200 30
190.46.88.54 - - [01/Mar/2018:10:09:42 -0300] "POST /cormun/servlet/solicitudot?gx-no-cache=1519909736642 HTTP/1.1" 200 34
200.86.95.220 - - [01/Mar/2018:10:09:44 -0300] "POST /cormun/servlet/solicitudot?8e80cadef9f35efc43081e09eb5aae69,INS,0,0,,gx-no-cache=1519909737564 HTTP/1.1" 200 93
200.86.95.220 - - [01/Mar/2018:10:09:45 -0300] "GET /cormun/servlet/hpexe_return? HTTP/1.1" 200 1006
200.86.95.220 - - [01/Mar/2018:10:09:45 -0300] "GET /cormun/static/hpexe_return.js?2016101716175153 HTTP/1.1" 200 1633
200.86.95.220 - - [01/Mar/2018:10:09:45 -0300] "GET /cormun/static/gxcfg.js?2016101716175148 HTTP/1.1" 200 953
200.86.95.220 - - [01/Mar/2018:10:09:45 -0300] "GET /cormun/static/Resources/Spanish/PXTools.css?167811 HTTP/1.1" 200 89042
192.168.10.89 - - [01/Mar/2018:10:09:45 -0300] "GET /cormun/servlet/solicitudgral?UPD,2018,8817, HTTP/1.1" 200 12158
200.86.95.220 - - [01/Mar/2018:10:09:45 -0300] "GET /cormun/servlet/trsolicitudot HTTP/1.1" 200 8550
192.168.10.89 - - [01/Mar/2018:10:09:46 -0300] "POST /cormun/servlet/solicitudgral?gx-no-cache=1519909627873 HTTP/1.1" 200 3871
192.168.10.89 - - [01/Mar/2018:10:09:46 -0300] "GET /cormun/servlet/solicitudgral?4090a56928612b5e9e19798de3e2d4d958163b030f2693f8ba996cc36d7a84b73f3e5c8badbb63c229c2fad193a42864d7f500f327845bea822d46080d0c6efcebb7e6e331613131532a453fda05d3cd58e0d082142d487ae54404768f4b6a40808087a4490b3f841051000809fba1b3f96dc30c55fe66db8b2703fc7e62e415a638152ba9ee3362d53b48588f62686324ac0e3bad707e77eae19bc890afb315e1ff1b843228281c8b0824f1aecd05dd1b7f9f985ef433f978bd1e5ad5158fe7e601163a36d74625463f0476c60c17a97c1530e452e4757e78b2c74cd1f047e1b87df892329a29e619fb98760592798899326900f2bbed9b1f195d7ee1f2d0e6d22697cb4901dcf6771c8240a2406ec7bbe3106348d6432c02d9299e84981f22e05a3eefa43363d16800256ae16829d7b6035e3fe9c3e938c7bb267ffb4f8efda0f38e82787618a9233a3ecac9692eaf,gx-no-cache=1519909628209 HTTP/1.1" 200 256
200.86.95.220 - - [01/Mar/2018:10:09:47 -0300] "GET /cormun//static/Resources/PXToolsActionView.png HTTP/1.1" 200 2995
200.86.95.220 - - [01/Mar/2018:10:09:47 -0300] "GET /cormun//static/Resources/PXToolsGridUpdate.png HTTP/1.1" 200 2984
200.86.95.220 - - [01/Mar/2018:10:09:47 -0300] "GET /cormun//static/Resources/PXToolsGridDelete.png HTTP/1.1" 200 357
200.86.95.220 - - [01/Mar/2018:10:09:47 -0300] "GET /cormun//static/Resources/PXToolsRemoveAllAction.png HTTP/1.1" 200 3558
200.86.95.220 - - [01/Mar/2018:10:09:47 -0300] "GET /cormun//static/Resources/PXTools/ActionInsert.png HTTP/1.1" 200 1482
200.86.95.220 - - [01/Mar/2018:10:09:47 -0300] "GET /cormun/servlet/trsolicitudot HTTP/1.1" 200 8546
190.46.88.54 - - [01/Mar/2018:10:09:57 -0300] "POST /cormun/servlet/solicitudot?9683977d2508647017c3ef283b8e806f,INS,0,0,,gx-no-cache=1519909750555 HTTP/1.1" 200 93
190.46.88.54 - - [01/Mar/2018:10:09:58 -0300] "GET /cormun/servlet/hpexe_return? HTTP/1.1" 200 1010
190.46.88.54 - - [01/Mar/2018:10:09:58 -0300] "GET /cormun/static/gxcfg.js?2016101716175148 HTTP/1.1" 304 -
190.46.88.54 - - [01/Mar/2018:10:09:58 -0300] "GET /cormun/servlet/trsolicitudot HTTP/1.1" 200 8840
190.46.88.54 - - [01/Mar/2018:10:09:59 -0300] "GET /cormun/servlet/trsolicitudot HTTP/1.1" 200 8836
200.86.95.220 - - [01/Mar/2018:10:10:14 -0300] "POST /cormun/servlet/trsolicitudot?8e80cadef9f35efc43081e09eb5aae69,gx-no-cache=1519909767548 HTTP/1.1" 200 105
192.168.10.89 - - [01/Mar/2018:10:10:14 -0300] "POST /cormun/servlet/solicitudgral?8222c7a55bce146f23b8602d730786e7,UPD,2018,8817,,gx-no-cache=1519909655267 HTTP/1.1" 200 93
192.168.10.89 - - [01/Mar/2018:10:10:14 -0300] "GET /cormun/servlet/hpexe_return? HTTP/1.1" 200 1034
192.168.10.89 - - [01/Mar/2018:10:10:15 -0300] "GET /cormun/servlet/trsolicitudgral?gx-no-cache=1519908544598 HTTP/1.1" 200 10764
200.86.95.220 - - [01/Mar/2018:10:10:15 -0300] "GET /cormun/servlet/solicitudot?UPD,2018,9772, HTTP/1.1" 200 15140
200.86.95.220 - - [01/Mar/2018:10:10:17 -0300] "POST /cormun/servlet/solicitudot?gx-no-cache=1519909771139 HTTP/1.1" 200 3357
200.86.95.220 - - [01/Mar/2018:10:10:17 -0300] "GET /cormun/servlet/solicitudot?UPD,2018,9772, HTTP/1.1" 200 15149
200.86.95.220 - - [01/Mar/2018:10:10:18 -0300] "POST /cormun/servlet/solicitudot?8e80cadef9f35efc43081e09eb5aae69,UPD,2018,9772,,gx-no-cache=1519909771638 HTTP/1.1" 200 11465
200.86.95.220 - - [01/Mar/2018:10:10:19 -0300] "GET /cormun/servlet/solicitudot?04b18f0ad42b3a2c083f1a2d17d2fbe4a022c272581f8341ab63519faabbf26375d309c6328c8f92d4d4c9f586031739,gx-no-cache=1519909772657 HTTP/1.1" 200 30
200.86.95.220 - - [01/Mar/2018:10:10:19 -0300] "GET /cormun/servlet/solicitudot?04b18f0ad42b3a2c083f1a2d17d2fbe4b79b683c0d79dd3f1578a188555589ce5d3c5582d8f38aadddc1767cc29ce63dfdb3e87db9606f1218d9337b438b5a82,gx-no-cache=1519909772771 HTTP/1.1" 200 30
200.86.95.220 - - [01/Mar/2018:10:10:19 -0300] "GET /cormun/servlet/solicitudot?04b18f0ad42b3a2c083f1a2d17d2fbe47672e775cc40fc2091ddd9175df662e1,gx-no-cache=1519909772860 HTTP/1.1" 200 29
200.86.95.220 - - [01/Mar/2018:10:10:19 -0300] "POST /cormun/servlet/solicitudot?gx-no-cache=1519909772962 HTTP/1.1" 200 256
200.86.95.220 - - [01/Mar/2018:10:10:19 -0300] "GET /cormun/servlet/solicitudot?04b18f0ad42b3a2c083f1a2d17d2fbe4c16d771095aa6e89632c902b33071f2d34e2d6581099ba1917dc506a542e9313d1a38da62ebcbfdd39dff62c4ecc32849d4e646042f351506c388fc4cf3b72b534075f31acdcc4495ab5f9dee372ac52742102b8496cfd236d61d2ee7bac44981859e9e3edcbfb6ce086fa4ebddb5dc936f298dbb92991146c62169b71c8869b1c8a7e14cad162dcf313466c830f3913ac27e5479c1b3f29853d31dafa0cd5f5e368cb277807e0c66d1c551d1c9c339bf3fe43dffde261f06e959711b3311c5122e97bee32685d16bf61c7dc9047721e3453019790525e863d9e01bb529e9b1ccf3476998c088cb599f5661922ca46e3665e44f4c799587899aa6faf3adf326cd4e476004e9014e843de09f09c01f7d172a07d0b4f685c63c1a47a4f95128ca5892fbf54f2161e3db23f7035c5ddaff9d9f17cc89298267541f91e48474714b25e9c65309ad0d7a6f1175b12f1ff02ced1e26f7ea401dd1b807e26d241ef66c36c51f8571505e1665ab144903f9335e5,gx-no-cache=1519909773092 HTTP/1.1" 200 30
200.86.95.220 - - [01/Mar/2018:10:10:19 -0300] "POST /cormun/servlet/solicitudot?gx-no-cache=1519909773185 HTTP/1.1" 200 30
200.86.95.220 - - [01/Mar/2018:10:10:19 -0300] "POST /cormun/servlet/solicitudot?gx-no-cache=1519909773285 HTTP/1.1" 200 1334
200.86.95.220 - - [01/Mar/2018:10:10:19 -0300] "POST /cormun/servlet/solicitudot?gx-no-cache=1519909773504 HTTP/1.1" 200 41
192.168.10.89 - - [01/Mar/2018:10:10:28 -0300] "GET /cormun/servlet/vesolicitudgral?2018,8817,, HTTP/1.1" 200 9499
192.168.10.89 - - [01/Mar/2018:10:10:28 -0300] "GET /cormun/pexe_scrolldiv.js HTTP/1.1" 404 1009
192.168.10.89 - - [01/Mar/2018:10:10:32 -0300] "POST /cormun/servlet/vesolicitudgral?8222c7a55bce146f23b8602d730786e7,2018,8817,,,gx-no-cache=1519909672930 HTTP/1.1" 200 90
192.168.10.89 - - [01/Mar/2018:10:10:32 -0300] "GET /cormun/servlet/hpexe_link HTTP/1.1" 200 986
192.168.10.89 - - [01/Mar/2018:10:10:32 -0300] "GET /cormun/servlet/trsolicitudgral?gx-no-cache=1519908544598 HTTP/1.1" 200 10761
190.46.88.54 - - [01/Mar/2018:10:10:37 -0300] "POST /cormun/servlet/trsolicitudot?9683977d2508647017c3ef283b8e806f,gx-no-cache=1519909790857 HTTP/1.1" 200 107
190.46.88.54 - - [01/Mar/2018:10:10:38 -0300] "GET /cormun/servlet/trsolicitudadjuntos?2018,9773, HTTP/1.1" 200 6290
190.46.88.54 - - [01/Mar/2018:10:10:38 -0300] "GET /cormun/static/gxcfg.js?20177612135366 HTTP/1.1" 304 -
190.46.88.54 - - [01/Mar/2018:10:10:39 -0300] "GET /cormun/servlet/trsolicitudadjuntos?2018,9773, HTTP/1.1" 200 6290
200.86.95.220 - - [01/Mar/2018:10:10:40 -0300] "GET /cormun/servlet/solicitudot?04b18f0ad42b3a2c083f1a2d17d2fbe4083dbb57491c417637e608fa6ca589f993e9a3d8ccb8a8e4a335487dba4aa7ded3cba10945fad69685d3556eb180bca58970a8fbd0f05a78599d9835ca215f68f7e3f8884d49b0f0e1ca7ee42c7118808b8e72d738c0a7754eee2abad43a6dd9fd348427bab910cf286fd511603490b8ea8bbcf689e01062dba71466c9dd0dcb0b5687a13a3f03e574429de9d1963f5a769f98025bbbde64f583c6bb730ec25a5b5be0c31c631db3370143d2fd05485058feb339133d89d1cac365ef0cd77c66,gx-no-cache=1519909794090 HTTP/1.1" 200 30
200.86.95.220 - - [01/Mar/2018:10:11:11 -0300] "POST /cormun/servlet/solicitudot?gx-no-cache=1519909824664 HTTP/1.1" 200 1319
200.86.95.220 - - [01/Mar/2018:10:11:11 -0300] "POST /cormun/servlet/solicitudot?gx-no-cache=1519909824870 HTTP/1.1" 200 1218
200.86.95.220 - - [01/Mar/2018:10:11:11 -0300] "GET /cormun/servlet/solicitudot?04b18f0ad42b3a2c083f1a2d17d2fbe49a54e5f0cb8b1e06ac8687f434d903e6cf47ed0ca31885eb939a0106b2970d21,gx-no-cache=1519909825018 HTTP/1.1" 200 30
200.86.95.220 - - [01/Mar/2018:10:11:11 -0300] "POST /cormun/servlet/solicitudot?gx-no-cache=1519909825089 HTTP/1.1" 200 33
200.86.95.220 - - [01/Mar/2018:10:11:12 -0300] "POST /cormun/servlet/solicitudot?8e80cadef9f35efc43081e09eb5aae69,UPD,2018,9772,,gx-no-cache=1519909825201 HTTP/1.1" 200 93
200.86.95.220 - - [01/Mar/2018:10:11:12 -0300] "GET /cormun/servlet/hpexe_return? HTTP/1.1" 200 1012
200.86.95.220 - - [01/Mar/2018:10:11:12 -0300] "GET /cormun/servlet/trsolicitudot HTTP/1.1" 200 8550
200.86.95.220 - - [01/Mar/2018:10:11:14 -0300] "GET /cormun/servlet/trsolicitudot HTTP/1.1" 200 8546
200.120.230.197 - - [01/Mar/2018:10:11:19 -0300] "GET /cormun/servlet/solicitudot?85dbf6980676f896acccc86e04504abceda28fbba67d010b217a27f58447e1e3b809131d116c09b889e97f5a32ee9997ee72e56af6b9aacefb283d102ce83ad5229822718ceef2cea4f1e480f95bbacd5f9c52479d8070e6649d38b8944395e454c76593aed4630f948ede2515d28cd06576af29215c9e525a4db0d7727faeb4dc338a1ed5ab4d7dc4c3f454369a860d6c4e75ed9353dbe1b639e6f956f0647c,gx-no-cache=1519909838475 HTTP/1.1" 200 29
200.120.230.197 - - [01/Mar/2018:10:11:20 -0300] "POST /cormun/servlet/solicitudot?gx-no-cache=1519909838606 HTTP/1.1" 200 1319
200.120.230.197 - - [01/Mar/2018:10:11:20 -0300] "POST /cormun/servlet/solicitudot?gx-no-cache=1519909838834 HTTP/1.1" 200 1218
200.120.230.197 - - [01/Mar/2018:10:11:20 -0300] "GET /cormun/static/menuarrow.gif HTTP/1.1" 404 1015
200.120.230.197 - - [01/Mar/2018:10:11:22 -0300] "POST /cormun/servlet/solicitudot?gx-no-cache=1519909840743 HTTP/1.1" 200 1319
200.120.230.197 - - [01/Mar/2018:10:11:22 -0300] "POST /cormun/servlet/solicitudot?gx-no-cache=1519909840964 HTTP/1.1" 200 1218
200.120.230.197 - - [01/Mar/2018:10:11:23 -0300] "GET /cormun/servlet/solicitudot?85dbf6980676f896acccc86e04504abcfae6873d37700bc51d74f1ecedc42f10d22ffba89a5cfae8086a0f24f6b48ad6,gx-no-cache=1519909842309 HTTP/1.1" 200 30
200.112.5.24 - - [01/Mar/2018:10:11:25 -0300] "POST /cormun/servlet/solicitudot?gx-no-cache=1519909838534 HTTP/1.1" 200 30
200.112.5.24 - - [01/Mar/2018:10:11:25 -0300] "POST /cormun/servlet/solicitudot?gx-no-cache=1519909838826 HTTP/1.1" 200 213
200.112.5.24 - - [01/Mar/2018:10:11:25 -0300] "POST /cormun/servlet/solicitudot?gx-no-cache=1519909838986 HTTP/1.1" 200 41
200.112.5.24 - - [01/Mar/2018:10:11:25 -0300] "GET /cormun/servlet/solicitudot?ce4679f83fb6e3f402696476c1566c03cdc71df4c7b819d2021d4c08219236fc0291e2d953ab7b3ca86ef41454ac2aa8a6da511dccb089e7bd43da54947d172ad411080b8cb0b49762cf95362c70c6a005f37a9551747a57f62ebed0c59d4915f1c34dfd4bd09080f2289bf09a2524fde667985675f30ea561283bf59bc08e93d508f9dc82e0c9ab638d8b3ff4a2ffd229df035e37db8f59ab5ae4bc46c8534d,gx-no-cache=1519909839130 HTTP/1.1" 200 29
200.112.5.24 - - [01/Mar/2018:10:11:26 -0300] "GET /cormun/servlet/solicitudot?ce4679f83fb6e3f402696476c1566c0305c06e2214f3a83627fe8e28b3ca86df0291e2d953ab7b3ca86ef41454ac2aa89e7e9a7ae24e60a7ec61c72140d3ab65b765bd37b6975a498b4abf3e2769941baa70f013318af605582dd3a0163edde247327ad6591e45968272936e751166701fe553b42305560c92ebdf3a050aee825266638acf2ec35b55d2b8cfbde3492ef2730d3d0b193b18aae1a7edcda761aa9e7e9a7ae24e60a7ec61c72140d3ab65b56a129f067595f6da02650b2dbeb076b14c2e2ea7aeafc833f0dcac3fe0686a8642c2c9d39ad5166aac170a150c89d4def4fbad3bda43a0c4774206640db3368ac3ccf267cb21729bc2c43f18c02f3217c882e0c6748c83f021afeae76ac4072869c0e527ad53bba121802a4e355839646b42ca91fa8ad6a909ad3ac78e4261c12f90b681b5d105369b8bbe00d55e689a2a38ad7adaa64dc08e6bfcbd2b97de696abfe0ed1032804cb50912fd361eb453464293816faea3893f12265416f311a2147809fd6dc6164521d6c58b585071c3fb9abd6e564059d2a9f195f1256f7f0b08693b7c7ba6a14dcd5c989c10783361138f7fe7ffd2321cc23d15a34899fe16d30cb8c1e7f42846b6ce80fe446c85d948bfa1ce58a263b7bfb46326d503bffbc8e65885c87690d2c367f199d0dbdd194be3b6c61336f72981e0a347eeac29e951a1905a236bd2ffbd9622ea516301362e2fbb0ea3d17a580af6f30db3d4504566aec11a87f02f566394ee56367734,gx-no-cache=1519909839265 HTTP/1.1" 200 197
200.112.5.24 - - [01/Mar/2018:10:11:26 -0300] "GET /cormun/servlet/solicitudot?f0faac97ca1f260b9dc34f98f0b498aaae4e80a80b0402214a69e52a8706ef27b553274e5d221ee2e62546cb65e422e8cb16cb55cfc85347c55e501ae005c654e94d92051d18ae46980ddd9e420e82d6,gx-no-cache=1519909839393 HTTP/1.1" 200 55
190.46.88.54 - - [01/Mar/2018:10:11:30 -0300] "GET /cormun/servlet/solicitudotadjuntos?INS,2018,9773,,1, HTTP/1.1" 200 6236
190.46.88.54 - - [01/Mar/2018:10:11:30 -0300] "GET /cormun/static/gxcfg.js?2017761244068 HTTP/1.1" 304 -
190.46.88.54 - - [01/Mar/2018:10:11:31 -0300] "GET /cormun/static/about:blank HTTP/1.1" 404 1011
190.46.88.54 - - [01/Mar/2018:10:11:31 -0300] "GET /cormun/servlet/solicitudotadjuntos?INS,2018,9773,,1, HTTP/1.1" 200 6230
190.46.88.54 - - [01/Mar/2018:10:11:32 -0300] "GET /cormun/servlet/solicitudotadjuntos?b8fff354e689a3f4a1cab2884c73e8abb76c9e80e185934c7a3cf942ca9beef8e30779407e0535ce7819be9d543b3be3,gx-no-cache=1519909845868 HTTP/1.1" 200 30
190.46.88.54 - - [01/Mar/2018:10:11:32 -0300] "POST /cormun/servlet/solicitudotadjuntos?9683977d2508647017c3ef283b8e806f,INS,2018,9773,,1,,gx-no-cache=1519909845981 HTTP/1.1" 200 4020
200.120.230.197 - - [01/Mar/2018:10:11:34 -0300] "POST /cormun/servlet/solicitudot?gx-no-cache=1519909852926 HTTP/1.1" 200 30
200.86.95.220 - - [01/Mar/2018:10:11:46 -0300] "GET /cormun/servlet/solicitudot?INS,0,0, HTTP/1.1" 200 13395
200.112.5.24 - - [01/Mar/2018:10:11:46 -0300] "GET /cormun/servlet/trvisualizadoreventos? HTTP/1.1" 200 6967
200.112.5.24 - - [01/Mar/2018:10:11:47 -0300] "GET /cormun/servlet/trvisualizadoreventos? HTTP/1.1" 200 6954
200.120.230.197 - - [01/Mar/2018:10:11:48 -0300] "POST /cormun/servlet/solicitudot?87aae33afb1061b07f63c67834ecba52,INS,0,0,,gx-no-cache=1519909865142 HTTP/1.1" 200 11888
200.86.95.220 - - [01/Mar/2018:10:11:48 -0300] "GET /cormun/servlet/solicitudot?INS,0,0, HTTP/1.1" 200 13400
190.46.88.54 - - [01/Mar/2018:10:11:51 -0300] "POST /cormun/servlet/solicitudotadjuntos?gx-no-cache=1519909865105 HTTP/1.1" 200 26
200.112.5.24 - - [01/Mar/2018:10:11:52 -0300] "POST /cormun/servlet/trvisualizadoreventos?8fdcdf873ee44f96e300bc914ea0383c,,gx-no-cache=1519909864551 HTTP/1.1" 200 4143
200.112.5.24 - - [01/Mar/2018:10:11:56 -0300] "GET /cormun/static/menuarrow.gif HTTP/1.1" 404 1015
200.112.5.24 - - [01/Mar/2018:10:12:02 -0300] "POST /cormun/servlet/trvisualizadoreventos?8fdcdf873ee44f96e300bc914ea0383c,,gx-no-cache=1519909874650 HTTP/1.1" 200 4147
200.86.95.220 - - [01/Mar/2018:10:12:06 -0300] "POST /cormun/servlet/solicitudot?gx-no-cache=1519909879519 HTTP/1.1" 200 3293
200.86.95.220 - - [01/Mar/2018:10:12:07 -0300] "POST /cormun/servlet/solicitudot?8e80cadef9f35efc43081e09eb5aae69,INS,0,0,,gx-no-cache=1519909879928 HTTP/1.1" 200 10250
200.112.5.24 - - [01/Mar/2018:10:12:11 -0300] "GET /cormun/servlet/hlogin HTTP/1.1" 200 1717
200.86.95.220 - - [01/Mar/2018:10:12:12 -0300] "GET /cormun/servlet/solicitudot?04b18f0ad42b3a2c083f1a2d17d2fbe499d22ae1ac239442158d975ef4ecdad3bb64b050c600f7e8e71161e03688ab22,gx-no-cache=1519909885882 HTTP/1.1" 200 30
186.103.159.43 - - [01/Mar/2018:10:12:13 -0300] "GET /cormun/servlet/licenciaspermisos?18513717644d187884ad12080a5e16bbfc79356bf5482a44d612eb7c287330761121a35a2b6a9aebece91277fc0e5f335af3a3135ed17f1b8289dbc6203c8fb48e0efccf61c87425eed46891b4b04c1d92d6dd7642248838675bf369c56c81c97100b767c5e50ba735d527b67b4e7fe375b6d17bb8fb0a15b19ce4388a64d42d4254d32319de5a2626e0d2bbea42158053259c6a8f23d68cb079ade6dc040f916cf7ceeb570b685e7416861c67b3e36b84e9beb1de8fe33fa07479ca1e00b22e5f9e9e7a2b6c12e5b447f7a498443639924b0b14fdc2518011b7126fd3174028,gx-no-cache=1519909887281 HTTP/1.1" 200 30
186.103.159.43 - - [01/Mar/2018:10:12:13 -0300] "GET /cormun/servlet/licenciaspermisos?18513717644d187884ad12080a5e16bb8ec879d49baa2fa90395b5cc3d8b59a7133102e18d115da9487b7673eb45c8849cb6bb1c72e342a816d6fc7a85826f6889a531452fcdc6107ffaf4554994f8305f4cd8fae1d5b13d703363c559632666983c6c8491545bab3c441154bfa1e36678759ed3c3c16f2e69af902b94d8cb269a5e942e60bde98b0da74094c104e74cae55ff1514d35e176cc4b1b0e538da397e564172ab614856adaa5ef0433493e4457f6b3f85e3bf0e89fcbc65e210bac24d1ce874a4e679b8e8789286d0828dbc06add9a21b3ee927cebce4ab81201acf,gx-no-cache=1519909887399 HTTP/1.1" 200 29
186.103.159.43 - - [01/Mar/2018:10:12:14 -0300] "POST /cormun/servlet/licenciaspermisos?522de069d2c8a029f4cb67215afc93e9,INS,0,,,,gx-no-cache=1519909887464 HTTP/1.1" 200 93
186.103.159.43 - - [01/Mar/2018:10:12:14 -0300] "GET /cormun/servlet/hpexe_return? HTTP/1.1" 200 1007
186.103.159.43 - - [01/Mar/2018:10:12:14 -0300] "GET /cormun/servlet/trlicencias HTTP/1.1" 200 9528
200.112.5.24 - - [01/Mar/2018:10:12:15 -0300] "POST /cormun/servlet/hlogin?8fdcdf873ee44f96e300bc914ea0383c,gx-no-cache=1519909888387 HTTP/1.1" 200 90
200.112.5.24 - - [01/Mar/2018:10:12:15 -0300] "GET /cormun/servlet/hpexe_link HTTP/1.1" 200 949
200.112.5.24 - - [01/Mar/2018:10:12:15 -0300] "GET /cormun/servlet/hhome HTTP/1.1" 200 3984
186.103.159.43 - - [01/Mar/2018:10:12:16 -0300] "GET /cormun/servlet/trlicencias HTTP/1.1" 200 9523
200.112.5.24 - - [01/Mar/2018:10:12:16 -0300] "GET /cormun/servlet/hhome HTTP/1.1" 200 3981
200.112.5.24 - - [01/Mar/2018:10:12:19 -0300] "GET /cormun/servlet/trvisualizadoreventos? HTTP/1.1" 200 6720
200.112.5.24 - - [01/Mar/2018:10:12:20 -0300] "GET /cormun/servlet/trvisualizadoreventos? HTTP/1.1" 200 6720
186.103.159.43 - - [01/Mar/2018:10:12:25 -0300] "GET /cormun/servlet/alicenciaprn?15106063,L,20180301000000,PU HTTP/1.1" 200 1557
200.112.5.24 - - [01/Mar/2018:10:12:25 -0300] "POST /cormun/servlet/trvisualizadoreventos?8fdcdf873ee44f96e300bc914ea0383c,,gx-no-cache=1519909898163 HTTP/1.1" 200 3931
200.112.5.24 - - [01/Mar/2018:10:12:37 -0300] "GET /cormun/static/menuarrow.gif HTTP/1.1" 404 1015
200.112.5.24 - - [01/Mar/2018:10:12:48 -0300] "POST /cormun/servlet/trvisualizadoreventos?8fdcdf873ee44f96e300bc914ea0383c,,gx-no-cache=1519909920746 HTTP/1.1" 200 3931
200.112.5.24 - - [01/Mar/2018:10:13:01 -0300] "GET /cormun/servlet/hlogin HTTP/1.1" 200 1717
200.112.5.24 - - [01/Mar/2018:10:13:05 -0300] "POST /cormun/servlet/hlogin?8fdcdf873ee44f96e300bc914ea0383c,gx-no-cache=1519909938331 HTTP/1.1" 200 90
200.112.5.24 - - [01/Mar/2018:10:13:05 -0300] "GET /cormun/servlet/hpexe_link HTTP/1.1" 200 949
200.112.5.24 - - [01/Mar/2018:10:13:06 -0300] "GET /cormun/servlet/hhome HTTP/1.1" 200 4199
200.112.5.24 - - [01/Mar/2018:10:13:06 -0300] "GET /cormun/servlet/hhome HTTP/1.1" 200 4195
200.112.5.24 - - [01/Mar/2018:10:13:09 -0300] "GET /cormun/servlet/trvisualizadoreventos? HTTP/1.1" 200 6959
200.112.5.24 - - [01/Mar/2018:10:13:10 -0300] "GET /cormun/servlet/trvisualizadoreventos? HTTP/1.1" 200 6958
200.112.5.24 - - [01/Mar/2018:10:13:12 -0300] "GET /cormun/static/menuarrow.gif HTTP/1.1" 404 1015
186.79.145.55 - - [01/Mar/2018:10:13:17 -0300] "GET /cormun/servlet/solicitudot?85dbf6980676f896acccc86e04504abcb2d4969443c03c4ccacf85c6b45d1e3c19f2eb285e49b98f91128bca5c3679197994f3efe10a5920a72366b299ec904f,gx-no-cache=1519909955569 HTTP/1.1" 200 30
186.79.145.55 - - [01/Mar/2018:10:13:17 -0300] "POST /cormun/servlet/solicitudot?gx-no-cache=1519909955956 HTTP/1.1" 200 238
186.79.145.55 - - [01/Mar/2018:10:13:18 -0300] "GET /cormun/servlet/solicitudot?85dbf6980676f896acccc86e04504abc8a70d5e14fea92f4f47e745f6e1508bb891b928fef57efb67d7bd4e1669acd9ec758bc3aabc454658c3d5f6c4477861573ac169c4f540c6c46618adb8b39ee9ea11219bdd7b14ed0d20f21aa916c568c92eb826d5dcf1b4efb4346c3a7704734621c75fd82b44e318cf3d9d252a6ad66d821282461a525bb2a8168b0185280fc7030640b02073791e213e601f0076ff6031f32cc30c0da4c778bee4e0f29b9b5e436f520f56c93746199e702ad1b16c48afe5f02e4fbf55e5bf6fcd97f0010402cf226a2ec144a1b4545fede34dd7fffe14d33adb0fae1d549b26080697c9769e64566ad47829065a2adcaf28df79e405b258c0af84ea62256c6034304a535694619758c329f7cc2c155da8ac97b53761f4c77605d7c8988d6777f2118a468a4369e6824e0efbe98ba5175607a8aea132a120581092dd53e5bd632984bf695fe86f28d4465f585bf9c418eea61da6c6403ffa5f97af057ec03bcf593fc2a8c113c5cf5fad3f4b4e1cecd738d758694e0,gx-no-cache=1519909956191 HTTP/1.1" 200 30
186.79.145.55 - - [01/Mar/2018:10:13:18 -0300] "POST /cormun/servlet/solicitudot?gx-no-cache=1519909957042 HTTP/1.1" 200 30
186.79.145.55 - - [01/Mar/2018:10:13:19 -0300] "POST /cormun/servlet/solicitudot?gx-no-cache=1519909957433 HTTP/1.1" 200 1336
186.79.145.55 - - [01/Mar/2018:10:13:19 -0300] "POST /cormun/servlet/solicitudot?gx-no-cache=1519909958010 HTTP/1.1" 200 41
200.112.5.24 - - [01/Mar/2018:10:13:19 -0300] "POST /cormun/servlet/trvisualizadoreventos?8fdcdf873ee44f96e300bc914ea0383c,,gx-no-cache=1519909950884 HTTP/1.1" 200 4132
186.79.145.55 - - [01/Mar/2018:10:13:19 -0300] "POST /cormun/servlet/solicitudot?gx-no-cache=1519909958227 HTTP/1.1" 200 1319
186.79.145.55 - - [01/Mar/2018:10:13:20 -0300] "POST /cormun/servlet/solicitudot?gx-no-cache=1519909958630 HTTP/1.1" 200 1218
186.79.145.55 - - [01/Mar/2018:10:13:20 -0300] "GET /cormun/servlet/solicitudot?85dbf6980676f896acccc86e04504abcfae6873d37700bc51d74f1ecedc42f10d22ffba89a5cfae8086a0f24f6b48ad6,gx-no-cache=1519909959157 HTTP/1.1" 200 30
186.79.145.55 - - [01/Mar/2018:10:13:20 -0300] "POST /cormun/servlet/solicitudot?gx-no-cache=1519909959444 HTTP/1.1" 200 30
186.79.145.55 - - [01/Mar/2018:10:13:24 -0300] "POST /cormun/servlet/solicitudot?87aae33afb1061b07f63c67834ecba52,INS,0,0,,gx-no-cache=1519909960866 HTTP/1.1" 200 11945
200.112.5.24 - - [01/Mar/2018:10:13:25 -0300] "POST /cormun/servlet/trvisualizadoreventos?8fdcdf873ee44f96e300bc914ea0383c,,gx-no-cache=1519909957433 HTTP/1.1" 200 6391
200.86.95.220 - - [01/Mar/2018:10:13:29 -0300] "GET /cormun/servlet/solicitudot?04b18f0ad42b3a2c083f1a2d17d2fbe4d8802f387ce9464cb10cc3b2aae20a8941a49708a1075896ce2678c8c6dfd09da82c5ba25cc4a2c5af2964fca1134419,gx-no-cache=1519909962322 HTTP/1.1" 200 30
200.86.95.220 - - [01/Mar/2018:10:13:29 -0300] "GET /cormun/servlet/solicitudot?04b18f0ad42b3a2c083f1a2d17d2fbe47672e775cc40fc2091ddd9175df662e1,gx-no-cache=1519909962783 HTTP/1.1" 200 29
200.112.5.24 - - [01/Mar/2018:10:13:30 -0300] "POST /cormun/servlet/trvisualizadoreventos?8fdcdf873ee44f96e300bc914ea0383c,,gx-no-cache=1519909962490 HTTP/1.1" 200 5017
200.86.95.220 - - [01/Mar/2018:10:13:30 -0300] "POST /cormun/servlet/solicitudot?gx-no-cache=1519909964351 HTTP/1.1" 200 255
200.86.95.220 - - [01/Mar/2018:10:13:33 -0300] "GET /cormun/servlet/solicitudot?04b18f0ad42b3a2c083f1a2d17d2fbe4c16d771095aa6e89632c902b33071f2d34e2d6581099ba1917dc506a542e9313d1a38da62ebcbfdd39dff62c4ecc32849d4e646042f351506c388fc4cf3b72b534075f31acdcc4495ab5f9dee372ac52742102b8496cfd236d61d2ee7bac44981859e9e3edcbfb6ce086fa4ebddb5dc936f298dbb92991146c62169b71c8869b1c8a7e14cad162dcf313466c830f3913ac27e5479c1b3f29853d31dafa0cd5f5e368cb277807e0c66d1c551d1c9c339bf3fe43dffde261f06e959711b3311c5122e97bee32685d16bf61c7dc9047721e3453019790525e863d9e01bb529e9b1ccf3476998c088cb599f5661922ca46e3665e44f4c799587899aa6faf3adf326cd4e476004e9014e843de09f09c01f7d172a07d0b4f685c63c1a47a4f95128ca5892fbf54f2161e3db23f7035c5ddaff9d9f17cc89298267541f91e48474714b25e9c65309ad0d7a6f1175b12f1ff02ced1e26f7ea401dd1b807e26d241ef66c3bcd7de0f2aca49e8dcbac2b93751a1be,gx-no-cache=1519909966786 HTTP/1.1" 200 30
200.86.95.220 - - [01/Mar/2018:10:13:37 -0300] "POST /cormun/servlet/solicitudot?gx-no-cache=1519909971247 HTTP/1.1" 200 30
200.86.95.220 - - [01/Mar/2018:10:13:41 -0300] "GET /cormun/servlet/prsolicitudot?16718590,,,,,MD,,gxPopupLevel%3D0%3B HTTP/1.1" 200 6010
200.86.95.220 - - [01/Mar/2018:10:13:47 -0300] "POST /cormun/servlet/solicitudot?gx-no-cache=1519909981036 HTTP/1.1" 200 1333
200.86.95.220 - - [01/Mar/2018:10:13:47 -0300] "POST /cormun/servlet/solicitudot?gx-no-cache=1519909981238 HTTP/1.1" 200 38
200.86.95.220 - - [01/Mar/2018:10:13:47 -0300] "GET /cormun/servlet/solicitudot?04b18f0ad42b3a2c083f1a2d17d2fbe421968f5f090aa16ddd34697108cf43a6c377f68f1973bf84a4e698a92611a34f98ed01e370737f58fdc619d399c8b775378b769e71061fb853a06e42d665486e4c6ff6dedd700c9f1df1568ae2a4397a6d2f2437f3daccff585c7763ae61991a,gx-no-cache=1519909981314 HTTP/1.1" 200 29
200.86.95.220 - - [01/Mar/2018:10:13:47 -0300] "POST /cormun/servlet/solicitudot?gx-no-cache=1519909981399 HTTP/1.1" 200 1318
200.86.95.220 - - [01/Mar/2018:10:13:48 -0300] "POST /cormun/servlet/solicitudot?gx-no-cache=1519909981578 HTTP/1.1" 200 1215
200.86.95.220 - - [01/Mar/2018:10:13:48 -0300] "GET /cormun/servlet/solicitudot?04b18f0ad42b3a2c083f1a2d17d2fbe4d202f031c0de482c5262ff871065519c,gx-no-cache=1519909981742 HTTP/1.1" 200 30
200.86.95.220 - - [01/Mar/2018:10:13:49 -0300] "GET /cormun/servlet/prcontratosol?16718590,,,,,MD,,gxPopupLevel%3D0%3B HTTP/1.1" 200 5627
200.86.95.220 - - [01/Mar/2018:10:13:49 -0300] "GET /cormun/static/gxcfg.js?201761413223964 HTTP/1.1" 200 953
200.86.95.220 - - [01/Mar/2018:10:13:49 -0300] "GET /cormun/static/prcontratosol.js?201761413224174 HTTP/1.1" 200 15806
192.168.10.96 - - [01/Mar/2018:10:13:53 -0300] "POST /cormun/servlet/trsolicitudgral?0257ac2d05b2f7adfe04d3b64bdb68b6,gx-no-cache=1519909873851 HTTP/1.1" 200 8371
200.86.95.220 - - [01/Mar/2018:10:13:53 -0300] "GET /cormun/servlet/prsolicitudot?16718590,,,,,MD,,gxPopupLevel%3D0%3B HTTP/1.1" 200 6010
200.86.95.220 - - [01/Mar/2018:10:13:58 -0300] "POST /cormun/servlet/solicitudot?gx-no-cache=1519909992354 HTTP/1.1" 200 1333
200.86.95.220 - - [01/Mar/2018:10:13:59 -0300] "POST /cormun/servlet/solicitudot?gx-no-cache=1519909992553 HTTP/1.1" 200 38
200.86.95.220 - - [01/Mar/2018:10:13:59 -0300] "POST /cormun/servlet/solicitudot?gx-no-cache=1519909992665 HTTP/1.1" 200 1318
200.86.95.220 - - [01/Mar/2018:10:13:59 -0300] "POST /cormun/servlet/solicitudot?gx-no-cache=1519909992856 HTTP/1.1" 200 1215
200.86.95.220 - - [01/Mar/2018:10:13:59 -0300] "GET /cormun/servlet/solicitudot?04b18f0ad42b3a2c083f1a2d17d2fbe49a54e5f0cb8b1e06ac8687f434d903e6cf47ed0ca31885eb939a0106b2970d21,gx-no-cache=1519909993040 HTTP/1.1" 200 30
200.112.5.24 - - [01/Mar/2018:10:14:07 -0300] "GET /cormun/servlet/trsolicitudot? HTTP/1.1" 200 9589
200.112.5.24 - - [01/Mar/2018:10:14:08 -0300] "GET /cormun/servlet/trsolicitudot? HTTP/1.1" 200 9588
200.112.5.24 - - [01/Mar/2018:10:14:23 -0300] "POST /cormun/servlet/trsolicitudot?8fdcdf873ee44f96e300bc914ea0383c,,gx-no-cache=1519910015805 HTTP/1.1" 200 6312
200.112.5.24 - - [01/Mar/2018:10:14:25 -0300] "POST /cormun/servlet/trsolicitudot?8fdcdf873ee44f96e300bc914ea0383c,,gx-no-cache=1519910017243 HTTP/1.1" 200 6292
186.79.145.55 - - [01/Mar/2018:10:14:34 -0300] "GET /cormun/servlet/solicitudot?85dbf6980676f896acccc86e04504abcb2d4969443c03c4ccacf85c6b45d1e3c19f2eb285e49b98f91128bca5c3679197994f3efe10a5920a72366b299ec904f,gx-no-cache=1519910032541 HTTP/1.1" 200 30
186.79.145.55 - - [01/Mar/2018:10:14:34 -0300] "POST /cormun/servlet/solicitudot?gx-no-cache=1519910032815 HTTP/1.1" 200 238
186.79.145.55 - - [01/Mar/2018:10:14:34 -0300] "GET /cormun/servlet/solicitudot?85dbf6980676f896acccc86e04504abc8a70d5e14fea92f4f47e745f6e1508bb891b928fef57efb67d7bd4e1669acd9ec758bc3aabc454658c3d5f6c4477861573ac169c4f540c6c46618adb8b39ee9ea11219bdd7b14ed0d20f21aa916c568c92eb826d5dcf1b4efb4346c3a7704734621c75fd82b44e318cf3d9d252a6ad66d821282461a525bb2a8168b0185280fc7030640b02073791e213e601f0076ff6031f32cc30c0da4c778bee4e0f29b9b5e436f520f56c93746199e702ad1b16c48afe5f02e4fbf55e5bf6fcd97f0010402cf226a2ec144a1b4545fede34dd7fffe14d33adb0fae1d549b26080697c9769e64566ad47829065a2adcaf28df79e405b258c0af84ea62256c6034304a535694619758c329f7cc2c155da8ac97b53761f4c77605d7c8988d6777f2118a468a4369e6824e0efbe98ba5175607a8aea132a120581092dd53e5bd632984bf695fe86f28d4465f585bf9c418eea61da6c6403ffa5f97af057ec03bcf593fc2a8c113c5cf5fad3f4b4e1cecd738d758694e0,gx-no-cache=1519910033027 HTTP/1.1" 200 30
186.79.145.55 - - [01/Mar/2018:10:14:34 -0300] "POST /cormun/servlet/solicitudot?gx-no-cache=1519910033200 HTTP/1.1" 200 30
186.79.145.55 - - [01/Mar/2018:10:14:35 -0300] "POST /cormun/servlet/solicitudot?gx-no-cache=1519910033504 HTTP/1.1" 200 1336
186.79.145.55 - - [01/Mar/2018:10:14:35 -0300] "POST /cormun/servlet/solicitudot?gx-no-cache=1519910033844 HTTP/1.1" 200 41
200.86.95.220 - - [01/Mar/2018:10:14:44 -0300] "POST /cormun/servlet/solicitudot?gx-no-cache=1519910038085 HTTP/1.1" 200 1319
200.86.95.220 - - [01/Mar/2018:10:14:44 -0300] "POST /cormun/servlet/solicitudot?gx-no-cache=1519910038303 HTTP/1.1" 200 1215
186.79.145.55 - - [01/Mar/2018:10:14:50 -0300] "POST /cormun/servlet/solicitudot?gx-no-cache=1519910048976 HTTP/1.1" 200 1319
186.79.145.55 - - [01/Mar/2018:10:14:50 -0300] "POST /cormun/servlet/solicitudot?gx-no-cache=1519910049270 HTTP/1.1" 200 1218
186.79.145.55 - - [01/Mar/2018:10:14:51 -0300] "GET /cormun/servlet/solicitudot?85dbf6980676f896acccc86e04504abcfae6873d37700bc51d74f1ecedc42f10d22ffba89a5cfae8086a0f24f6b48ad6,gx-no-cache=1519910049620 HTTP/1.1" 200 30
186.79.145.55 - - [01/Mar/2018:10:14:51 -0300] "POST /cormun/servlet/solicitudot?gx-no-cache=1519910049852 HTTP/1.1" 200 30
186.79.145.55 - - [01/Mar/2018:10:14:52 -0300] "POST /cormun/servlet/solicitudot?87aae33afb1061b07f63c67834ecba52,INS,0,0,,gx-no-cache=1519910050047 HTTP/1.1" 200 11994
200.86.95.220 - - [01/Mar/2018:10:15:30 -0300] "POST /cormun/servlet/solicitudot?gx-no-cache=1519910083887 HTTP/1.1" 200 33
200.120.230.197 - - [01/Mar/2018:10:15:40 -0300] "GET /cormun/servlet/solicitudot?85dbf6980676f896acccc86e04504abc1ea6336dfb2a3ffad15cffbddda6cd14fb58f279ede4c0cac845acdf43c201c26f700f92ef7bbb1461573f9676ce96ac,gx-no-cache=1519910098944 HTTP/1.1" 200 30
200.120.230.197 - - [01/Mar/2018:10:15:40 -0300] "POST /cormun/servlet/solicitudot?gx-no-cache=1519910099066 HTTP/1.1" 200 238
200.120.230.197 - - [01/Mar/2018:10:15:40 -0300] "GET /cormun/servlet/solicitudot?85dbf6980676f896acccc86e04504abc8a70d5e14fea92f4f47e745f6e1508bb891b928fef57efb67d7bd4e1669acd9ec758bc3aabc454658c3d5f6c4477861573ac169c4f540c6c46618adb8b39ee9ea11219bdd7b14ed0d20f21aa916c568c92eb826d5dcf1b4efb4346c3a7704734621c75fd82b44e318cf3d9d252a6ad66d821282461a525bb2a8168b0185280fc7030640b02073791e213e601f0076ff6031f32cc30c0da4c778bee4e0f29b9b5e436f520f56c93746199e702ad1b16c48afe5f02e4fbf55e5bf6fcd97f0010402cf226a2ec144a1b4545fede34dd7fffe14d33adb0fae1d549b26080697c9769e64566ad47829065a2adcaf28df79e405b258c0af84ea62256c6034304a535694619758c329f7cc2c155da8ac97b53761f4c77605d7c8988d6777f2118a468a4369e6824e0efbe98ba5175607a8aea132a120581092dd53e5bd632984bf695fe86f28d4465f585bf9c418eea61da6c6403ffa5f97af057ec03bcf593fc2a8c113c5cf5fad3f4b4e1cecd738d758694e0,gx-no-cache=1519910099171 HTTP/1.1" 200 30
200.120.230.197 - - [01/Mar/2018:10:15:40 -0300] "POST /cormun/servlet/solicitudot?gx-no-cache=1519910099251 HTTP/1.1" 200 30
200.120.230.197 - - [01/Mar/2018:10:15:40 -0300] "POST /cormun/servlet/solicitudot?gx-no-cache=1519910099354 HTTP/1.1" 200 1336
200.120.230.197 - - [01/Mar/2018:10:15:41 -0300] "POST /cormun/servlet/solicitudot?gx-no-cache=1519910099571 HTTP/1.1" 200 41
192.168.10.96 - - [01/Mar/2018:10:15:44 -0300] "POST /cormun/servlet/trsolicitudgral?0257ac2d05b2f7adfe04d3b64bdb68b6,gx-no-cache=1519909984921 HTTP/1.1" 200 9281
200.86.95.220 - - [01/Mar/2018:10:15:46 -0300] "POST /cormun/servlet/solicitudot?8e80cadef9f35efc43081e09eb5aae69,INS,0,0,,gx-no-cache=1519910099216 HTTP/1.1" 200 93
200.86.95.220 - - [01/Mar/2018:10:15:46 -0300] "GET /cormun/servlet/hpexe_return? HTTP/1.1" 200 1006
200.86.95.220 - - [01/Mar/2018:10:15:47 -0300] "GET /cormun/servlet/trsolicitudot HTTP/1.1" 200 8985
200.86.95.220 - - [01/Mar/2018:10:15:48 -0300] "GET /cormun/servlet/trsolicitudot HTTP/1.1" 200 8981
200.120.230.197 - - [01/Mar/2018:10:15:51 -0300] "POST /cormun/servlet/solicitudot?gx-no-cache=1519910110193 HTTP/1.1" 200 1319
200.120.230.197 - - [01/Mar/2018:10:15:51 -0300] "POST /cormun/servlet/solicitudot?gx-no-cache=1519910110380 HTTP/1.1" 200 1218
200.120.230.197 - - [01/Mar/2018:10:15:51 -0300] "GET /cormun/servlet/solicitudot?85dbf6980676f896acccc86e04504abcfae6873d37700bc51d74f1ecedc42f10d22ffba89a5cfae8086a0f24f6b48ad6,gx-no-cache=1519910110547 HTTP/1.1" 200 30
200.120.230.197 - - [01/Mar/2018:10:15:52 -0300] "POST /cormun/servlet/solicitudot?gx-no-cache=1519910110623 HTTP/1.1" 200 30
200.120.230.197 - - [01/Mar/2018:10:15:52 -0300] "POST /cormun/servlet/solicitudot?87aae33afb1061b07f63c67834ecba52,INS,0,0,,gx-no-cache=1519910110716 HTTP/1.1" 200 12059
192.168.10.96 - - [01/Mar/2018:10:15:54 -0300] "POST /cormun/servlet/trsolicitudgral?0257ac2d05b2f7adfe04d3b64bdb68b6,gx-no-cache=1519909994754 HTTP/1.1" 200 7270
200.86.95.220 - - [01/Mar/2018:10:15:56 -0300] "POST /cormun/servlet/trsolicitudot?8e80cadef9f35efc43081e09eb5aae69,gx-no-cache=1519910109660 HTTP/1.1" 200 106
200.86.95.220 - - [01/Mar/2018:10:15:57 -0300] "GET /cormun/servlet/solicitudot?UPD,2018,9774, HTTP/1.1" 200 15121
192.168.10.96 - - [01/Mar/2018:10:15:59 -0300] "POST /cormun/servlet/trsolicitudgral?0257ac2d05b2f7adfe04d3b64bdb68b6,gx-no-cache=1519909999777 HTTP/1.1" 200 5922
200.86.95.220 - - [01/Mar/2018:10:15:59 -0300] "GET /cormun/servlet/solicitudot?UPD,2018,9774, HTTP/1.1" 200 15130
200.86.95.220 - - [01/Mar/2018:10:15:59 -0300] "POST /cormun/servlet/solicitudot?gx-no-cache=1519910112647 HTTP/1.1" 200 3355
200.86.95.220 - - [01/Mar/2018:10:16:00 -0300] "POST /cormun/servlet/solicitudot?8e80cadef9f35efc43081e09eb5aae69,UPD,2018,9774,,gx-no-cache=1519910113188 HTTP/1.1" 200 11453
200.86.95.220 - - [01/Mar/2018:10:16:00 -0300] "GET /cormun/servlet/solicitudot?04b18f0ad42b3a2c083f1a2d17d2fbe499d22ae1ac239442158d975ef4ecdad375d309c6328c8f92d4d4c9f586031739,gx-no-cache=1519910114201 HTTP/1.1" 200 30
200.86.95.220 - - [01/Mar/2018:10:16:01 -0300] "GET /cormun/servlet/solicitudot?04b18f0ad42b3a2c083f1a2d17d2fbe4d8802f387ce9464cb10cc3b2aae20a8941a49708a1075896ce2678c8c6dfd09de6b8282a2ddc8154a3d52a801fc4eceb,gx-no-cache=1519910114322 HTTP/1.1" 200 30
200.86.95.220 - - [01/Mar/2018:10:16:01 -0300] "GET /cormun/servlet/solicitudot?04b18f0ad42b3a2c083f1a2d17d2fbe47672e775cc40fc2091ddd9175df662e1,gx-no-cache=1519910114669 HTTP/1.1" 200 29
200.86.95.220 - - [01/Mar/2018:10:16:01 -0300] "POST /cormun/servlet/solicitudot?gx-no-cache=1519910114770 HTTP/1.1" 200 256
200.86.95.220 - - [01/Mar/2018:10:16:01 -0300] "GET /cormun/servlet/solicitudot?04b18f0ad42b3a2c083f1a2d17d2fbe4c16d771095aa6e89632c902b33071f2d34e2d6581099ba1917dc506a542e9313d1a38da62ebcbfdd39dff62c4ecc32849d4e646042f351506c388fc4cf3b72b534075f31acdcc4495ab5f9dee372ac52742102b8496cfd236d61d2ee7bac44981859e9e3edcbfb6ce086fa4ebddb5dc936f298dbb92991146c62169b71c8869b1c8a7e14cad162dcf313466c830f3913ac27e5479c1b3f29853d31dafa0cd5f5e368cb277807e0c66d1c551d1c9c339bf3fe43dffde261f06e959711b3311c5122e97bee32685d16bf61c7dc9047721e3453019790525e863d9e01bb529e9b1ccf3476998c088cb599f5661922ca46e3665e44f4c799587899aa6faf3adf326cd4e476004e9014e843de09f09c01f7d172a07d0b4f685c63c1a47a4f95128ca5892fbf54f2161e3db23f7035c5ddaff9d9f17cc89298267541f91e48474714b25e9c65309ad0d7a6f1175b12f1ff02ced1e26f7ea401dd1b807e26d241ef66c36c51f8571505e1665ab144903f9335e5,gx-no-cache=1519910114903 HTTP/1.1" 200 30
200.86.95.220 - - [01/Mar/2018:10:16:01 -0300] "POST /cormun/servlet/solicitudot?gx-no-cache=1519910115022 HTTP/1.1" 200 30
200.86.95.220 - - [01/Mar/2018:10:16:01 -0300] "POST /cormun/servlet/solicitudot?gx-no-cache=1519910115140 HTTP/1.1" 200 1335
200.86.95.220 - - [01/Mar/2018:10:16:02 -0300] "POST /cormun/servlet/solicitudot?gx-no-cache=1519910115360 HTTP/1.1" 200 41
192.168.10.96 - - [01/Mar/2018:10:16:02 -0300] "POST /cormun/servlet/trsolicitudgral?0257ac2d05b2f7adfe04d3b64bdb68b6,gx-no-cache=1519910003265 HTTP/1.1" 200 8369
200.86.95.220 - - [01/Mar/2018:10:16:05 -0300] "GET /cormun/servlet/solicitudot?04b18f0ad42b3a2c083f1a2d17d2fbe4083dbb57491c417637e608fa6ca589f993e9a3d8ccb8a8e4a335487dba4aa7ded3cba10945fad69685d3556eb180bca58970a8fbd0f05a78599d9835ca215f68f7e3f8884d49b0f0e1ca7ee42c7118808b8e72d738c0a7754eee2abad43a6dd9fd348427bab910cf286fd511603490b8ea8bbcf689e01062dba71466c9dd0dcb0b5687a13a3f03e574429de9d1963f5a769f98025bbbde64f583c6bb730ec25a5b5be0c31c631db3370143d2fd05485058feb339133d89d1cac365ef0cd77c66,gx-no-cache=1519910118854 HTTP/1.1" 200 30
192.168.10.96 - - [01/Mar/2018:10:16:10 -0300] "POST /cormun/servlet/trsolicitudgral?0257ac2d05b2f7adfe04d3b64bdb68b6,gx-no-cache=1519910010056 HTTP/1.1" 200 23158
