186.103.158.250 - - [01/Mar/2018:09:45:29 -0300] "GET /cormun/static/Resources/PXToolsButtonLeft21.png HTTP/1.1" 200 1287
186.103.158.250 - - [01/Mar/2018:09:45:29 -0300] "GET /cormun/static/Resources/PXToolsButtonRight21.png HTTP/1.1" 200 1283
186.103.158.250 - - [01/Mar/2018:09:45:29 -0300] "GET /cormun/static/Resources/PXToolsButtonBackground2.png HTTP/1.1" 200 1181
186.103.158.250 - - [01/Mar/2018:09:45:29 -0300] "GET /cormun/static/Resources/PXToolsLoginBottom.png HTTP/1.1" 200 1389
186.103.158.250 - - [01/Mar/2018:09:45:29 -0300] "GET /cormun/static/Resources/indicator.gif HTTP/1.1" 200 1553
192.168.10.96 - - [01/Mar/2018:09:45:34 -0300] "POST /cormun/servlet/trsolicitudgral?0257ac2d05b2f7adfe04d3b64bdb68b6,,gx-no-cache=1519908175259 HTTP/1.1" 200 5932
192.168.10.96 - - [01/Mar/2018:09:45:39 -0300] "POST /cormun/servlet/trsolicitudgral?0257ac2d05b2f7adfe04d3b64bdb68b6,,gx-no-cache=1519908180411 HTTP/1.1" 200 7287
192.168.4.251 - - [01/Mar/2018:09:45:41 -0300] "POST /cormun/servlet/trsolicitudgral?77344cdd880ca20b91387d2ee07dcef2,,gx-no-cache=1519908469586 HTTP/1.1" 200 24987
192.168.4.251 - - [01/Mar/2018:09:46:02 -0300] "POST /cormun/servlet/trsolicitudgral?77344cdd880ca20b91387d2ee07dcef2,,gx-no-cache=1519908501119 HTTP/1.1" 200 13585
200.86.95.220 - - [01/Mar/2018:09:46:17 -0300] "GET /cormun/servlet/hlogin HTTP/1.1" 200 1719
200.86.95.220 - - [01/Mar/2018:09:46:26 -0300] "POST /cormun/servlet/hlogin?8e80cadef9f35efc43081e09eb5aae69,gx-no-cache=1519908339788 HTTP/1.1" 200 90
200.86.95.220 - - [01/Mar/2018:09:46:26 -0300] "GET /cormun/servlet/hpexe_link HTTP/1.1" 200 950
200.86.95.220 - - [01/Mar/2018:09:46:26 -0300] "GET /cormun/servlet/hhome HTTP/1.1" 200 3946
200.86.95.220 - - [01/Mar/2018:09:46:28 -0300] "GET /cormun/servlet/hhome HTTP/1.1" 200 3942
200.86.95.220 - - [01/Mar/2018:09:46:31 -0300] "GET /cormun/servlet/trvisualizadoreventos? HTTP/1.1" 200 6675
200.86.95.220 - - [01/Mar/2018:09:46:31 -0300] "GET /cormun/static/gxui/gxui-all.css?110300 HTTP/1.1" 200 2179
200.86.95.220 - - [01/Mar/2018:09:46:31 -0300] "GET /cormun/static/calendar-system.css?75620 HTTP/1.1" 200 5572
200.86.95.220 - - [01/Mar/2018:09:46:31 -0300] "GET /cormun/static/gxcfg.js?20175251251426 HTTP/1.1" 200 953
200.86.95.220 - - [01/Mar/2018:09:46:31 -0300] "GET /cormun/static/trvisualizadoreventos.js?20175251251768 HTTP/1.1" 200 19318
200.86.95.220 - - [01/Mar/2018:09:46:31 -0300] "GET /cormun/static/Resources/PXToolsActionPrint.png HTTP/1.1" 200 3317
200.86.95.220 - - [01/Mar/2018:09:46:31 -0300] "GET /cormun/static/Shared/ext/resources/css/ext-all.css?205870 HTTP/1.1" 200 416045
192.168.4.251 - - [01/Mar/2018:09:46:32 -0300] "POST /cormun/servlet/trsolicitudgral?77344cdd880ca20b91387d2ee07dcef2,,gx-no-cache=1519908531265 HTTP/1.1" 200 12776
192.168.4.251 - - [01/Mar/2018:09:46:32 -0300] "GET /cormun/static/Shared/jqueryui/images/ui-bg_highlight-soft_100_c6c2c8_1x100.png HTTP/1.1" 404 1117
192.168.4.251 - - [01/Mar/2018:09:46:32 -0300] "GET /cormun/static/Shared/jqueryui/images/ui-icons_82798d_256x240.png HTTP/1.1" 404 1089
200.86.95.220 - - [01/Mar/2018:09:46:32 -0300] "GET /cormun/servlet/trvisualizadoreventos? HTTP/1.1" 200 6675
192.168.4.251 - - [01/Mar/2018:09:46:32 -0300] "GET /cormun/static/Shared/jqueryui/images/ui-bg_flat_55_fafafa_40x100.png HTTP/1.1" 404 1097
192.168.4.251 - - [01/Mar/2018:09:46:32 -0300] "GET /cormun/static/Shared/jqueryui/images/ui-icons_8d78a5_256x240.png HTTP/1.1" 404 1089
200.86.95.220 - - [01/Mar/2018:09:46:46 -0300] "POST /cormun/servlet/trvisualizadoreventos?8e80cadef9f35efc43081e09eb5aae69,,gx-no-cache=1519908359197 HTTP/1.1" 200 4682
192.168.10.96 - - [01/Mar/2018:09:47:09 -0300] "POST /cormun/servlet/trsolicitudgral?0257ac2d05b2f7adfe04d3b64bdb68b6,,gx-no-cache=1519908270311 HTTP/1.1" 200 5931
192.168.4.251 - - [01/Mar/2018:09:47:16 -0300] "POST /cormun/servlet/trsolicitudgral?77344cdd880ca20b91387d2ee07dcef2,,gx-no-cache=1519908575216 HTTP/1.1" 200 12346
192.168.10.96 - - [01/Mar/2018:09:47:40 -0300] "POST /cormun/servlet/trsolicitudgral?0257ac2d05b2f7adfe04d3b64bdb68b6,,gx-no-cache=1519908301171 HTTP/1.1" 200 5920
192.168.10.96 - - [01/Mar/2018:09:47:44 -0300] "POST /cormun/servlet/trsolicitudgral?0257ac2d05b2f7adfe04d3b64bdb68b6,,gx-no-cache=1519908305268 HTTP/1.1" 200 9848
186.103.159.43 - - [01/Mar/2018:09:47:46 -0300] "GET /cormun/servlet/hlogin HTTP/1.1" 200 1716
186.103.159.43 - - [01/Mar/2018:09:47:50 -0300] "POST /cormun/servlet/hlogin?5be525c3eaf3495c24a8f6d0f265afdc,gx-no-cache=1519908424688 HTTP/1.1" 200 90
186.103.159.43 - - [01/Mar/2018:09:47:51 -0300] "GET /cormun/servlet/hpexe_link HTTP/1.1" 200 948
186.103.159.43 - - [01/Mar/2018:09:47:51 -0300] "GET /cormun/servlet/hhome HTTP/1.1" 200 3920
186.103.159.43 - - [01/Mar/2018:09:47:52 -0300] "GET /cormun/servlet/hhome HTTP/1.1" 200 3918
192.168.10.96 - - [01/Mar/2018:09:48:01 -0300] "POST /cormun/servlet/trsolicitudgral?0257ac2d05b2f7adfe04d3b64bdb68b6,,gx-no-cache=1519908322604 HTTP/1.1" 200 5923
186.103.159.43 - - [01/Mar/2018:09:48:02 -0300] "GET /cormun/servlet/trsolicitudot? HTTP/1.1" 200 8496
186.103.159.43 - - [01/Mar/2018:09:48:03 -0300] "GET /cormun/servlet/trsolicitudot? HTTP/1.1" 200 8495
192.168.10.96 - - [01/Mar/2018:09:48:07 -0300] "POST /cormun/servlet/trsolicitudgral?0257ac2d05b2f7adfe04d3b64bdb68b6,,gx-no-cache=1519908327684 HTTP/1.1" 200 12462
186.103.159.43 - - [01/Mar/2018:09:48:09 -0300] "POST /cormun/servlet/trsolicitudot?5be525c3eaf3495c24a8f6d0f265afdc,,gx-no-cache=1519908441844 HTTP/1.1" 200 107
186.103.159.43 - - [01/Mar/2018:09:48:09 -0300] "GET /cormun/servlet/trsolicitudadjuntos?2018,9768, HTTP/1.1" 200 6018
186.103.159.43 - - [01/Mar/2018:09:48:10 -0300] "GET /cormun/servlet/trsolicitudadjuntos?2018,9768, HTTP/1.1" 200 6018
192.168.10.96 - - [01/Mar/2018:09:48:12 -0300] "POST /cormun/servlet/trsolicitudgral?0257ac2d05b2f7adfe04d3b64bdb68b6,,gx-no-cache=1519908333228 HTTP/1.1" 200 7753
186.103.159.43 - - [01/Mar/2018:09:48:16 -0300] "GET /cormun/servlet/solicitudotadjuntos?INS,2018,9768,,1, HTTP/1.1" 200 5963
186.103.159.43 - - [01/Mar/2018:09:48:17 -0300] "GET /cormun/static/about:blank HTTP/1.1" 404 1011
186.103.159.43 - - [01/Mar/2018:09:48:17 -0300] "GET /cormun/servlet/solicitudotadjuntos?INS,2018,9768,,1, HTTP/1.1" 200 5955
186.103.159.43 - - [01/Mar/2018:09:48:18 -0300] "GET /cormun/servlet/solicitudotadjuntos?257f897f9a51ee735e7bd3949108684be3812db684358b65805a290112eae538ac39fe720b9ec01e11398e6791af69a6,gx-no-cache=1519908451938 HTTP/1.1" 200 30
186.103.159.43 - - [01/Mar/2018:09:48:18 -0300] "POST /cormun/servlet/solicitudotadjuntos?5be525c3eaf3495c24a8f6d0f265afdc,INS,2018,9768,,1,,gx-no-cache=1519908452057 HTTP/1.1" 200 3820
192.168.10.96 - - [01/Mar/2018:09:48:18 -0300] "POST /cormun/servlet/trsolicitudgral?0257ac2d05b2f7adfe04d3b64bdb68b6,,gx-no-cache=1519908339188 HTTP/1.1" 200 9848
186.103.159.43 - - [01/Mar/2018:09:48:20 -0300] "POST /cormun/servlet/solicitudotadjuntos?gx-no-cache=1519908454265 HTTP/1.1" 200 26
192.168.10.96 - - [01/Mar/2018:09:48:28 -0300] "POST /cormun/servlet/trsolicitudgral?0257ac2d05b2f7adfe04d3b64bdb68b6,,gx-no-cache=1519908349723 HTTP/1.1" 200 5920
192.168.10.96 - - [01/Mar/2018:09:48:32 -0300] "POST /cormun/servlet/trsolicitudgral?0257ac2d05b2f7adfe04d3b64bdb68b6,,gx-no-cache=1519908353172 HTTP/1.1" 200 5921
200.86.95.220 - - [01/Mar/2018:09:48:39 -0300] "POST /cormun/servlet/trvisualizadoreventos?8e80cadef9f35efc43081e09eb5aae69,,gx-no-cache=1519908472583 HTTP/1.1" 200 3934
200.86.95.220 - - [01/Mar/2018:09:48:57 -0300] "POST /cormun/servlet/trvisualizadoreventos?8e80cadef9f35efc43081e09eb5aae69,,gx-no-cache=1519908490489 HTTP/1.1" 200 3934
200.86.95.220 - - [01/Mar/2018:09:49:05 -0300] "POST /cormun/servlet/trvisualizadoreventos?8e80cadef9f35efc43081e09eb5aae69,,gx-no-cache=1519908498782 HTTP/1.1" 200 4686
192.168.10.89 - - [01/Mar/2018:09:49:25 -0300] "POST /cormun/servlet/trsolicitudgral?8222c7a55bce146f23b8602d730786e7,,gx-no-cache=1519908406061 HTTP/1.1" 200 5917
192.168.10.89 - - [01/Mar/2018:09:49:34 -0300] "POST /cormun/servlet/trsolicitudgral?8222c7a55bce146f23b8602d730786e7,,gx-no-cache=1519908415569 HTTP/1.1" 200 5919
192.168.10.89 - - [01/Mar/2018:09:49:44 -0300] "POST /cormun/servlet/trsolicitudgral?8222c7a55bce146f23b8602d730786e7,,gx-no-cache=1519908425201 HTTP/1.1" 200 5917
192.168.10.89 - - [01/Mar/2018:09:49:50 -0300] "POST /cormun/servlet/trsolicitudgral?8222c7a55bce146f23b8602d730786e7,,gx-no-cache=1519908431537 HTTP/1.1" 200 5918
192.168.10.96 - - [01/Mar/2018:09:49:52 -0300] "POST /cormun/servlet/trsolicitudgral?0257ac2d05b2f7adfe04d3b64bdb68b6,,gx-no-cache=1519908433537 HTTP/1.1" 200 5915
186.103.159.43 - - [01/Mar/2018:09:49:53 -0300] "POST /cormun/servlet/solicitudotadjuntos?gx-no-cache=1519908546936 HTTP/1.1" 200 26
192.168.10.89 - - [01/Mar/2018:09:49:55 -0300] "POST /cormun/servlet/trsolicitudgral?8222c7a55bce146f23b8602d730786e7,,gx-no-cache=1519908436625 HTTP/1.1" 200 5919
192.168.10.96 - - [01/Mar/2018:09:49:56 -0300] "POST /cormun/servlet/trsolicitudgral?0257ac2d05b2f7adfe04d3b64bdb68b6,,gx-no-cache=1519908437016 HTTP/1.1" 200 5914
157.55.39.157 - - [01/Mar/2018:09:50:00 -0300] "GET /cormun/servlet/solicitudot?UPD,2016,2672, HTTP/1.1" 200 13211
157.55.39.157 - - [01/Mar/2018:09:50:01 -0300] "GET /cormun/servlet/licenciaspermisos?INS,0,,, HTTP/1.1" 200 6731
192.168.10.89 - - [01/Mar/2018:09:50:01 -0300] "POST /cormun/servlet/trsolicitudgral?8222c7a55bce146f23b8602d730786e7,,gx-no-cache=1519908442280 HTTP/1.1" 200 5919
192.168.10.89 - - [01/Mar/2018:09:50:13 -0300] "POST /cormun/servlet/trsolicitudgral?8222c7a55bce146f23b8602d730786e7,,gx-no-cache=1519908454136 HTTP/1.1" 200 7909
192.168.10.89 - - [01/Mar/2018:09:50:37 -0300] "POST /cormun/servlet/trsolicitudgral?8222c7a55bce146f23b8602d730786e7,,gx-no-cache=1519908477824 HTTP/1.1" 200 7651
186.103.159.43 - - [01/Mar/2018:09:50:43 -0300] "GET /cormun/servlet/solicitudotadjuntos?257f897f9a51ee735e7bd3949108684b329e4daccaebbb43707f2b2fbdcccf84,gx-no-cache=1519908597571 HTTP/1.1" 200 30
186.103.159.43 - - [01/Mar/2018:09:50:43 -0300] "GET /cormun/servlet/solicitudotadjuntos?257f897f9a51ee735e7bd3949108684b329e4daccaebbb43707f2b2fbdcccf84,gx-no-cache=1519908597639 HTTP/1.1" 200 30
186.103.159.43 - - [01/Mar/2018:09:50:45 -0300] "POST /cormun/servlet/solicitudotadjuntos?5be525c3eaf3495c24a8f6d0f265afdc,INS,2018,9768,,1, HTTP/1.1" 200 116
186.103.159.43 - - [01/Mar/2018:09:50:45 -0300] "GET /cormun/servlet/hpexe_return? HTTP/1.1" 200 1022
192.168.10.96 - - [01/Mar/2018:09:50:45 -0300] "POST /cormun/servlet/trsolicitudgral?0257ac2d05b2f7adfe04d3b64bdb68b6,,gx-no-cache=1519908486433 HTTP/1.1" 200 9541
186.103.159.43 - - [01/Mar/2018:09:50:46 -0300] "GET /cormun/servlet/trsolicitudadjuntos?2018,9768, HTTP/1.1" 200 8345
192.168.10.89 - - [01/Mar/2018:09:50:46 -0300] "GET /cormun/servlet/vesolicitudgral?2018,9038,, HTTP/1.1" 200 9450
192.168.10.89 - - [01/Mar/2018:09:50:46 -0300] "GET /cormun/static/gxcfg.js?201711151294153 HTTP/1.1" 304 -
192.168.10.89 - - [01/Mar/2018:09:50:47 -0300] "GET /cormun/pexe_scrolldiv.js HTTP/1.1" 404 1009
192.168.10.89 - - [01/Mar/2018:09:50:47 -0300] "GET /cormun/static/tbsolicitudgral01.js?201813119422078 HTTP/1.1" 304 -
192.168.10.89 - - [01/Mar/2018:09:50:47 -0300] "GET /cormun/static/vesolicitudgral.js?201711151294244 HTTP/1.1" 304 -
186.103.159.43 - - [01/Mar/2018:09:50:47 -0300] "GET /cormun/servlet/trsolicitudadjuntos?2018,9768, HTTP/1.1" 200 8342
186.103.159.43 - - [01/Mar/2018:09:50:50 -0300] "GET /cormun/servlet/solicitudotadjuntos?INS,2018,9768,,1, HTTP/1.1" 200 5962
186.103.159.43 - - [01/Mar/2018:09:50:50 -0300] "GET /cormun/static/about:blank HTTP/1.1" 404 1011
186.103.159.43 - - [01/Mar/2018:09:50:51 -0300] "GET /cormun/servlet/solicitudotadjuntos?INS,2018,9768,,1, HTTP/1.1" 200 5955
186.103.159.43 - - [01/Mar/2018:09:50:51 -0300] "GET /cormun/servlet/solicitudotadjuntos?257f897f9a51ee735e7bd3949108684be3812db684358b65805a290112eae538ac39fe720b9ec01e11398e6791af69a6,gx-no-cache=1519908605625 HTTP/1.1" 200 30
186.103.159.43 - - [01/Mar/2018:09:50:52 -0300] "POST /cormun/servlet/solicitudotadjuntos?5be525c3eaf3495c24a8f6d0f265afdc,INS,2018,9768,,1,,gx-no-cache=1519908605700 HTTP/1.1" 200 3819
192.168.10.89 - - [01/Mar/2018:09:50:52 -0300] "GET /cormun/servlet/vesolicitudgral?2018,9038,,SolicitudOTLog HTTP/1.1" 200 10361
192.168.10.89 - - [01/Mar/2018:09:50:52 -0300] "GET /cormun/pexe_scrolldiv.js HTTP/1.1" 404 1009
192.168.10.89 - - [01/Mar/2018:09:50:52 -0300] "GET /cormun/static/tbsolicitudgral03.js?20177611585854 HTTP/1.1" 304 -
192.168.10.89 - - [01/Mar/2018:09:50:54 -0300] "POST /cormun/servlet/acontrolpreferencessavestate?None,CDROGUETT,true HTTP/1.1" 200 35
186.103.159.43 - - [01/Mar/2018:09:50:55 -0300] "POST /cormun/servlet/solicitudotadjuntos?gx-no-cache=1519908609800 HTTP/1.1" 200 26
186.103.159.43 - - [01/Mar/2018:09:51:00 -0300] "GET /cormun/servlet/solicitudotadjuntos?257f897f9a51ee735e7bd3949108684b329e4daccaebbb43707f2b2fbdcccf84,gx-no-cache=1519908614530 HTTP/1.1" 200 30
186.103.159.43 - - [01/Mar/2018:09:51:00 -0300] "GET /cormun/servlet/solicitudotadjuntos?257f897f9a51ee735e7bd3949108684b329e4daccaebbb43707f2b2fbdcccf84,gx-no-cache=1519908614577 HTTP/1.1" 200 30
186.103.159.43 - - [01/Mar/2018:09:51:02 -0300] "POST /cormun/servlet/solicitudotadjuntos?5be525c3eaf3495c24a8f6d0f265afdc,INS,2018,9768,,1, HTTP/1.1" 200 116
186.103.159.43 - - [01/Mar/2018:09:51:02 -0300] "GET /cormun/servlet/hpexe_return? HTTP/1.1" 200 1022
186.103.159.43 - - [01/Mar/2018:09:51:03 -0300] "GET /cormun/servlet/trsolicitudadjuntos?2018,9768, HTTP/1.1" 200 8554
207.46.13.30 - - [01/Mar/2018:09:51:03 -0300] "GET /cormun/servlet/licenciaspermisos?INS,0,,,_escaped_fragment_%3D HTTP/1.1" 200 6559
192.168.10.89 - - [01/Mar/2018:09:51:04 -0300] "GET /cormun/servlet/vesolicitudgral?2018,9038,,SolicitudOTAdjuntos HTTP/1.1" 200 8186
192.168.10.89 - - [01/Mar/2018:09:51:04 -0300] "GET /cormun/pexe_scrolldiv.js HTTP/1.1" 404 1009
192.168.10.89 - - [01/Mar/2018:09:51:04 -0300] "GET /cormun/static/tbsolicitudgral02.js?20171115129853 HTTP/1.1" 304 -
186.103.159.43 - - [01/Mar/2018:09:51:04 -0300] "GET /cormun/servlet/trsolicitudadjuntos?2018,9768, HTTP/1.1" 200 8551
192.168.10.96 - - [01/Mar/2018:09:51:05 -0300] "POST /cormun/servlet/trsolicitudgral?0257ac2d05b2f7adfe04d3b64bdb68b6,,gx-no-cache=1519908505505 HTTP/1.1" 200 13164
192.168.10.89 - - [01/Mar/2018:09:51:05 -0300] "POST /cormun/servlet/acontrolpreferencessavestate?None,CDROGUETT,true HTTP/1.1" 200 35
186.103.159.43 - - [01/Mar/2018:09:51:07 -0300] "GET /cormun/servlet/solicitudotadjuntos?INS,2018,9768,,1, HTTP/1.1" 200 5962
186.103.159.43 - - [01/Mar/2018:09:51:08 -0300] "GET /cormun/static/about:blank HTTP/1.1" 404 1011
186.103.159.43 - - [01/Mar/2018:09:51:08 -0300] "GET /cormun/servlet/solicitudotadjuntos?INS,2018,9768,,1, HTTP/1.1" 200 5955
186.103.159.43 - - [01/Mar/2018:09:51:08 -0300] "GET /cormun/servlet/solicitudotadjuntos?257f897f9a51ee735e7bd3949108684be3812db684358b65805a290112eae538ac39fe720b9ec01e11398e6791af69a6,gx-no-cache=1519908622766 HTTP/1.1" 200 30
186.103.159.43 - - [01/Mar/2018:09:51:09 -0300] "POST /cormun/servlet/solicitudotadjuntos?5be525c3eaf3495c24a8f6d0f265afdc,INS,2018,9768,,1,,gx-no-cache=1519908622886 HTTP/1.1" 200 3819
186.103.159.43 - - [01/Mar/2018:09:51:11 -0300] "POST /cormun/servlet/solicitudotadjuntos?gx-no-cache=1519908625431 HTTP/1.1" 200 26
192.168.10.89 - - [01/Mar/2018:09:51:11 -0300] "GET /cormun/servlet/vesolicitudgral?2018,9038,,General HTTP/1.1" 200 9455
192.168.10.89 - - [01/Mar/2018:09:51:11 -0300] "GET /cormun/pexe_scrolldiv.js HTTP/1.1" 404 1009
186.103.159.43 - - [01/Mar/2018:09:51:16 -0300] "GET /cormun/servlet/solicitudotadjuntos?257f897f9a51ee735e7bd3949108684b329e4daccaebbb43707f2b2fbdcccf84,gx-no-cache=1519908630785 HTTP/1.1" 200 30
192.168.10.89 - - [01/Mar/2018:09:51:16 -0300] "POST /cormun/servlet/vesolicitudgral?8222c7a55bce146f23b8602d730786e7,2018,9038,,General,gx-no-cache=1519908517788 HTTP/1.1" 200 90
186.103.159.43 - - [01/Mar/2018:09:51:16 -0300] "GET /cormun/servlet/solicitudotadjuntos?257f897f9a51ee735e7bd3949108684b329e4daccaebbb43707f2b2fbdcccf84,gx-no-cache=1519908630847 HTTP/1.1" 200 30
192.168.10.89 - - [01/Mar/2018:09:51:16 -0300] "GET /cormun/servlet/hpexe_link HTTP/1.1" 200 971
192.168.10.89 - - [01/Mar/2018:09:51:17 -0300] "GET /cormun/servlet/trsolicitudgral? HTTP/1.1" 200 11144
186.103.159.43 - - [01/Mar/2018:09:51:18 -0300] "POST /cormun/servlet/solicitudotadjuntos?5be525c3eaf3495c24a8f6d0f265afdc,INS,2018,9768,,1, HTTP/1.1" 200 6107
186.103.159.43 - - [01/Mar/2018:09:51:19 -0300] "GET /home/sistema/apache-tomcat-7.0.65/webapps/cormun/PrivateTempStorage/upload_00002201.pdf HTTP/1.1" 404 1135
186.103.159.43 - - [01/Mar/2018:09:51:19 -0300] "GET /home/sistema/apache-tomcat-7.0.65/webapps/cormun/PrivateTempStorage/upload_00002201.pdf HTTP/1.1" 404 1135
186.103.159.43 - - [01/Mar/2018:09:51:19 -0300] "GET /cormun/static/Shared/jqueryui/images/ui-bg_flat_55_994d53_40x100.png HTTP/1.1" 404 1097
186.103.159.43 - - [01/Mar/2018:09:51:19 -0300] "GET /cormun/static/Shared/jqueryui/images/ui-bg_highlight-soft_100_c6c2c8_1x100.png HTTP/1.1" 404 1117
186.103.159.43 - - [01/Mar/2018:09:51:19 -0300] "GET /cormun/static/Shared/jqueryui/images/ui-icons_ebccce_256x240.png HTTP/1.1" 404 1089
186.103.159.43 - - [01/Mar/2018:09:51:19 -0300] "GET /cormun/static/Shared/jqueryui/images/ui-icons_82798d_256x240.png HTTP/1.1" 404 1089
186.103.159.43 - - [01/Mar/2018:09:51:19 -0300] "GET /cormun/PrivateTempStorage/upload_00002201.pdf HTTP/1.1" 304 -
186.103.159.43 - - [01/Mar/2018:09:51:20 -0300] "GET /cormun/PrivateTempStorage/upload_00002201.pdf HTTP/1.1" 200 380643
192.168.10.89 - - [01/Mar/2018:09:51:29 -0300] "GET /cormun/servlet/vesolicitudgral?2018,8460,, HTTP/1.1" 200 9492
192.168.10.89 - - [01/Mar/2018:09:51:29 -0300] "GET /cormun/pexe_scrolldiv.js HTTP/1.1" 404 1009
192.168.10.89 - - [01/Mar/2018:09:51:32 -0300] "GET /cormun/servlet/vesolicitudgral?2018,8460,,SolicitudOTLog HTTP/1.1" 200 10282
192.168.10.89 - - [01/Mar/2018:09:51:32 -0300] "GET /cormun/pexe_scrolldiv.js HTTP/1.1" 404 1009
192.168.10.89 - - [01/Mar/2018:09:51:33 -0300] "POST /cormun/servlet/acontrolpreferencessavestate?None,CDROGUETT,true HTTP/1.1" 200 35
186.103.159.43 - - [01/Mar/2018:09:51:34 -0300] "GET /cormun/servlet/solicitudotadjuntos?257f897f9a51ee735e7bd3949108684bc28e6ec98e6d916753ccac156a4a7fc3273ce2d0420732f048f34f62a12d555f,gx-no-cache=1519908648552 HTTP/1.1" 200 30
186.103.159.43 - - [01/Mar/2018:09:51:35 -0300] "GET /cormun/servlet/solicitudotadjuntos?257f897f9a51ee735e7bd3949108684b12a6d7c4b822135e0f8f4ac578070180273ce2d0420732f048f34f62a12d555f,gx-no-cache=1519908648591 HTTP/1.1" 200 30
192.168.10.89 - - [01/Mar/2018:09:51:36 -0300] "POST /cormun/servlet/vesolicitudgral?8222c7a55bce146f23b8602d730786e7,2018,8460,,SolicitudOTLog,gx-no-cache=1519908537033 HTTP/1.1" 200 90
192.168.10.89 - - [01/Mar/2018:09:51:36 -0300] "GET /cormun/servlet/hpexe_link HTTP/1.1" 200 973
192.168.10.89 - - [01/Mar/2018:09:51:36 -0300] "GET /cormun/servlet/trsolicitudgral HTTP/1.1" 200 11144
186.103.159.43 - - [01/Mar/2018:09:51:38 -0300] "POST /cormun/servlet/solicitudotadjuntos?5be525c3eaf3495c24a8f6d0f265afdc,INS,2018,9768,,1, HTTP/1.1" 200 6087
186.103.159.43 - - [01/Mar/2018:09:51:38 -0300] "GET /home/sistema/apache-tomcat-7.0.65/webapps/cormun/PrivateTempStorage/upload_00002213.pdf HTTP/1.1" 404 1135
186.103.159.43 - - [01/Mar/2018:09:51:43 -0300] "GET /cormun/PrivateTempStorage/upload_00002213.pdf HTTP/1.1" 200 608873
192.168.10.89 - - [01/Mar/2018:09:51:43 -0300] "POST /cormun/servlet/trsolicitudgral?8222c7a55bce146f23b8602d730786e7,gx-no-cache=1519908544598 HTTP/1.1" 200 7906
186.79.145.55 - - [01/Mar/2018:09:51:44 -0300] "GET /cormun/servlet/solicitudot?85dbf6980676f896acccc86e04504abc8100e2490067034c7b040b9b4208a8523badc24246166e8d2bfd625be9a12537,gx-no-cache=1519908662919 HTTP/1.1" 200 103
186.79.145.55 - - [01/Mar/2018:09:51:44 -0300] "GET /cormun/servlet/solicitudot?85dbf6980676f896acccc86e04504abc1885e1d8d7bc79740b5cbdcabe95548c,gx-no-cache=1519908663330 HTTP/1.1" 200 123
186.79.145.55 - - [01/Mar/2018:09:51:44 -0300] "POST /cormun/servlet/solicitudot?gx-no-cache=1519908663560 HTTP/1.1" 200 238
186.103.159.43 - - [01/Mar/2018:09:51:45 -0300] "POST /cormun/servlet/solicitudotadjuntos?gx-no-cache=1519908659050 HTTP/1.1" 200 26
186.79.145.55 - - [01/Mar/2018:09:51:45 -0300] "GET /cormun/servlet/solicitudot?85dbf6980676f896acccc86e04504abc8a70d5e14fea92f4f47e745f6e1508bb891b928fef57efb67d7bd4e1669acd9ec758bc3aabc454658c3d5f6c4477861573ac169c4f540c6c46618adb8b39ee9ea11219bdd7b14ed0d20f21aa916c568c92eb826d5dcf1b4efb4346c3a7704734621c75fd82b44e318cf3d9d252a6ad66d821282461a525bb2a8168b0185280fc7030640b02073791e213e601f0076ff6031f32cc30c0da4c778bee4e0f29b9b5e436f520f56c93746199e702ad1b16c48afe5f02e4fbf55e5bf6fcd97f0010402cf226a2ec144a1b4545fede34dd7fffe14d33adb0fae1d549b26080697c9769e64566ad47829065a2adcaf28df79e405b258c0af84ea62256c6034304a535694619758c329f7cc2c155da8ac97b53761f4c77605d7c8988d6777f2118a468a4369e6824e0efbe98ba5175607a8aea132a120581092dd53e5bd632984bf695fe86f28d4465f585bf9c418eea61da6c6403ffa5f97af057ec03bcf593fc2a8c113c5cf5fad3f4b4e1cecd738d758694e0,gx-no-cache=1519908663818 HTTP/1.1" 200 30
186.79.145.55 - - [01/Mar/2018:09:51:45 -0300] "POST /cormun/servlet/solicitudot?gx-no-cache=1519908663930 HTTP/1.1" 200 30
186.79.145.55 - - [01/Mar/2018:09:51:45 -0300] "POST /cormun/servlet/solicitudot?gx-no-cache=1519908664073 HTTP/1.1" 200 1336
186.79.145.55 - - [01/Mar/2018:09:51:45 -0300] "POST /cormun/servlet/solicitudot?gx-no-cache=1519908664382 HTTP/1.1" 200 38
186.79.145.55 - - [01/Mar/2018:09:51:45 -0300] "GET /cormun/servlet/solicitudot?85dbf6980676f896acccc86e04504abceda28fbba67d010b217a27f58447e1e3b809131d116c09b889e97f5a32ee9997ee72e56af6b9aacefb283d102ce83ad5229822718ceef2cea4f1e480f95bbacd5f9c52479d8070e6649d38b8944395e454c76593aed4630f948ede2515d28cd06576af29215c9e525a4db0d7727faeb4dc338a1ed5ab4d7dc4c3f454369a860d6c4e75ed9353dbe1b639e6f956f0647c,gx-no-cache=1519908664510 HTTP/1.1" 200 29
186.79.145.55 - - [01/Mar/2018:09:51:46 -0300] "POST /cormun/servlet/solicitudot?gx-no-cache=1519908664617 HTTP/1.1" 200 1319
186.79.145.55 - - [01/Mar/2018:09:51:46 -0300] "POST /cormun/servlet/solicitudot?gx-no-cache=1519908664909 HTTP/1.1" 200 1218
186.79.145.55 - - [01/Mar/2018:09:51:51 -0300] "GET /cormun/static/menuarrow.gif HTTP/1.1" 404 1015
192.168.10.89 - - [01/Mar/2018:09:51:51 -0300] "GET /cormun/servlet/vesolicitudgral?2018,9033,, HTTP/1.1" 200 9430
192.168.10.89 - - [01/Mar/2018:09:51:52 -0300] "GET /cormun/pexe_scrolldiv.js HTTP/1.1" 404 1009
186.79.145.55 - - [01/Mar/2018:09:51:53 -0300] "GET /cormun/servlet/solicitudot?85dbf6980676f896acccc86e04504abc8100e2490067034c7b040b9b4208a8523badc24246166e8d2bfd625be9a12537,gx-no-cache=1519908671610 HTTP/1.1" 200 103
186.79.145.55 - - [01/Mar/2018:09:51:53 -0300] "GET /cormun/servlet/solicitudot?85dbf6980676f896acccc86e04504abc1885e1d8d7bc79740b5cbdcabe95548c,gx-no-cache=1519908671718 HTTP/1.1" 200 123
186.79.145.55 - - [01/Mar/2018:09:51:53 -0300] "POST /cormun/servlet/solicitudot?gx-no-cache=1519908671835 HTTP/1.1" 200 238
186.79.145.55 - - [01/Mar/2018:09:51:53 -0300] "GET /cormun/servlet/solicitudot?85dbf6980676f896acccc86e04504abc8a70d5e14fea92f4f47e745f6e1508bb891b928fef57efb67d7bd4e1669acd9ec758bc3aabc454658c3d5f6c4477861573ac169c4f540c6c46618adb8b39ee9ea11219bdd7b14ed0d20f21aa916c568c92eb826d5dcf1b4efb4346c3a7704734621c75fd82b44e318cf3d9d252a6ad66d821282461a525bb2a8168b0185280fc7030640b02073791e213e601f0076ff6031f32cc30c0da4c778bee4e0f29b9b5e436f520f56c93746199e702ad1b16c48afe5f02e4fbf55e5bf6fcd97f0010402cf226a2ec144a1b4545fede34dd7fffe14d33adb0fae1d549b26080697c9769e64566ad47829065a2adcaf28df79e405b258c0af84ea62256c6034304a535694619758c329f7cc2c155da8ac97b53761f4c77605d7c8988d6777f2118a468a4369e6824e0efbe98ba5175607a8aea132a120581092dd53e5bd632984bf695fe86f28d4465f585bf9c418eea61da6c6403ffa5f97af057ec03bcf593fc2a8c113c5cf5fad3f4b4e1cecd738d758694e0,gx-no-cache=1519908671983 HTTP/1.1" 200 30
186.79.145.55 - - [01/Mar/2018:09:51:53 -0300] "POST /cormun/servlet/solicitudot?gx-no-cache=1519908672093 HTTP/1.1" 200 30
186.103.159.43 - - [01/Mar/2018:09:51:53 -0300] "GET /cormun/servlet/solicitudotadjuntos?257f897f9a51ee735e7bd3949108684b12a6d7c4b822135e0f8f4ac578070180273ce2d0420732f048f34f62a12d555f,gx-no-cache=1519908667588 HTTP/1.1" 200 30
186.103.159.43 - - [01/Mar/2018:09:51:53 -0300] "GET /cormun/servlet/solicitudotadjuntos?257f897f9a51ee735e7bd3949108684b12a6d7c4b822135e0f8f4ac578070180273ce2d0420732f048f34f62a12d555f,gx-no-cache=1519908667656 HTTP/1.1" 200 30
186.79.145.55 - - [01/Mar/2018:09:51:53 -0300] "POST /cormun/servlet/solicitudot?gx-no-cache=1519908672248 HTTP/1.1" 200 1336
186.79.145.55 - - [01/Mar/2018:09:51:54 -0300] "POST /cormun/servlet/solicitudot?gx-no-cache=1519908672658 HTTP/1.1" 200 38
192.168.10.89 - - [01/Mar/2018:09:51:54 -0300] "GET /cormun/servlet/vesolicitudgral?2018,9033,,SolicitudOTLog HTTP/1.1" 200 9942
186.79.145.55 - - [01/Mar/2018:09:51:54 -0300] "POST /cormun/servlet/solicitudot?gx-no-cache=1519908672797 HTTP/1.1" 200 1319
192.168.10.89 - - [01/Mar/2018:09:51:54 -0300] "GET /cormun/pexe_scrolldiv.js HTTP/1.1" 404 1009
186.79.145.55 - - [01/Mar/2018:09:51:54 -0300] "POST /cormun/servlet/solicitudot?gx-no-cache=1519908673118 HTTP/1.1" 200 1218
192.168.10.89 - - [01/Mar/2018:09:51:56 -0300] "POST /cormun/servlet/acontrolpreferencessavestate?None,CDROGUETT,true HTTP/1.1" 200 35
186.79.145.55 - - [01/Mar/2018:09:51:56 -0300] "GET /cormun/servlet/solicitudot?85dbf6980676f896acccc86e04504abcfae6873d37700bc51d74f1ecedc42f10d22ffba89a5cfae8086a0f24f6b48ad6,gx-no-cache=1519908675102 HTTP/1.1" 200 30
186.103.159.43 - - [01/Mar/2018:09:51:56 -0300] "POST /cormun/servlet/solicitudotadjuntos?5be525c3eaf3495c24a8f6d0f265afdc,INS,2018,9768,,1, HTTP/1.1" 200 116
192.168.4.251 - - [01/Mar/2018:09:51:56 -0300] "GET /cormun/servlet/solicitudgral?UPD,2018,9236, HTTP/1.1" 200 12744
186.103.159.43 - - [01/Mar/2018:09:51:56 -0300] "GET /cormun/servlet/hpexe_return? HTTP/1.1" 200 1022
192.168.4.251 - - [01/Mar/2018:09:51:56 -0300] "GET /cormun/static/solicitudgral.js?20181911354326 HTTP/1.1" 304 -
192.168.4.251 - - [01/Mar/2018:09:51:56 -0300] "GET /cormun/static/gxcfg.js?20181911354237 HTTP/1.1" 304 -
192.168.10.89 - - [01/Mar/2018:09:51:57 -0300] "POST /cormun/servlet/vesolicitudgral?8222c7a55bce146f23b8602d730786e7,2018,9033,,SolicitudOTLog,gx-no-cache=1519908558578 HTTP/1.1" 200 90
192.168.10.89 - - [01/Mar/2018:09:51:57 -0300] "GET /cormun/servlet/hpexe_link HTTP/1.1" 200 994
186.103.159.43 - - [01/Mar/2018:09:51:57 -0300] "GET /cormun/servlet/trsolicitudadjuntos?2018,9768, HTTP/1.1" 200 8738
192.168.10.89 - - [01/Mar/2018:09:51:58 -0300] "GET /cormun/servlet/trsolicitudgral?gx-no-cache=1519908544598 HTTP/1.1" 200 11383
192.168.4.251 - - [01/Mar/2018:09:51:58 -0300] "GET /cormun/servlet/solicitudgral?UPD,2018,9236, HTTP/1.1" 200 12754
192.168.4.251 - - [01/Mar/2018:09:51:59 -0300] "POST /cormun/servlet/solicitudgral?gx-no-cache=1519908859027 HTTP/1.1" 200 3992
186.103.159.43 - - [01/Mar/2018:09:51:59 -0300] "GET /cormun/servlet/trsolicitudadjuntos?2018,9768, HTTP/1.1" 200 8735
192.168.4.251 - - [01/Mar/2018:09:51:59 -0300] "GET /cormun/static/Shared/jqueryui/images/ui-icons_82798d_256x240.png HTTP/1.1" 404 1089
192.168.4.251 - - [01/Mar/2018:09:51:59 -0300] "GET /cormun/static/Shared/jqueryui/images/ui-bg_highlight-soft_100_c6c2c8_1x100.png HTTP/1.1" 404 1117
192.168.4.251 - - [01/Mar/2018:09:51:59 -0300] "GET /cormun/static/Shared/jqueryui/images/ui-bg_flat_55_994d53_40x100.png HTTP/1.1" 404 1097
192.168.4.251 - - [01/Mar/2018:09:51:59 -0300] "GET /cormun/static/Shared/jqueryui/images/ui-icons_ebccce_256x240.png HTTP/1.1" 404 1089
192.168.4.251 - - [01/Mar/2018:09:51:59 -0300] "GET /cormun/servlet/solicitudgral?4e9fc64d12633742d8b55302f6630528ef48b495a56420a14bab7d2dbbad7021d319edaaaf6c56616ede5070594b29392a62b4eada4eebd38409c0a4ba10394918eeb61b65c51cf3cbacc394c67172a551ece4aad7b6179ceb0ec9cd439a17464f1a88f4725b58a4c2746c484144647c4d22cd23d43d492f349cabe791d836b6cc3c53ecceac8452e68eb9f9e583215ce5b3298265cc5f5cb07cdc95db1d8b9baaf571e7254174a310f9809452c16f17ed75613d23a49739e867920f81aef59bd4e2d7fce847ef03aa246d4790497faf2faa19661c064ea8f6970172832d2f47ead6f9e9233aebe5624d2d011ae82c8ca929c83b0dfcf076539c2cb80b82142f830aca59c85f4eb21a61ff6ae98ea6d570cd45c345901c3a958aa2f8173679353024b7ee97062ca9f0c19745cdfd411ff00bb59aa4b6e000d7b36c161b87d2379b611185919deff90ac4fe04e8284f76,gx-no-cache=1519908859599 HTTP/1.1" 200 297
192.168.4.251 - - [01/Mar/2018:09:52:00 -0300] "GET /cormun/servlet/trsolicitudgral? HTTP/1.1" 200 15462
192.168.4.251 - - [01/Mar/2018:09:52:02 -0300] "GET /cormun/servlet/trsolicitudgral? HTTP/1.1" 200 15461
192.168.10.89 - - [01/Mar/2018:09:52:04 -0300] "GET /cormun/servlet/vesolicitudgral?2018,9034,, HTTP/1.1" 200 9460
192.168.10.89 - - [01/Mar/2018:09:52:04 -0300] "GET /cormun/pexe_scrolldiv.js HTTP/1.1" 404 1009
186.79.145.55 - - [01/Mar/2018:09:52:06 -0300] "POST /cormun/servlet/solicitudot?gx-no-cache=1519908685020 HTTP/1.1" 200 30
192.168.10.89 - - [01/Mar/2018:09:52:09 -0300] "GET /cormun/servlet/vesolicitudgral?2018,9034,,SolicitudOTLog HTTP/1.1" 200 10360
192.168.10.89 - - [01/Mar/2018:09:52:09 -0300] "GET /cormun/pexe_scrolldiv.js HTTP/1.1" 404 1009
192.168.4.251 - - [01/Mar/2018:09:52:11 -0300] "POST /cormun/servlet/trsolicitudgral?77344cdd880ca20b91387d2ee07dcef2,,gx-no-cache=1519908870274 HTTP/1.1" 200 11527
186.103.159.43 - - [01/Mar/2018:09:52:11 -0300] "GET /cormun/servlet/solicitudotadjuntos?INS,2018,9768,,1, HTTP/1.1" 200 5963
192.168.10.89 - - [01/Mar/2018:09:52:11 -0300] "POST /cormun/servlet/acontrolpreferencessavestate?None,CDROGUETT,true HTTP/1.1" 200 35
192.168.4.251 - - [01/Mar/2018:09:52:11 -0300] "GET /cormun/static/Shared/jqueryui/images/ui-icons_82798d_256x240.png HTTP/1.1" 404 1089
192.168.4.251 - - [01/Mar/2018:09:52:11 -0300] "GET /cormun/static/Shared/jqueryui/images/ui-bg_highlight-soft_100_c6c2c8_1x100.png HTTP/1.1" 404 1117
192.168.4.251 - - [01/Mar/2018:09:52:11 -0300] "GET /cormun/static/Shared/jqueryui/images/ui-icons_8d78a5_256x240.png HTTP/1.1" 404 1089
192.168.4.251 - - [01/Mar/2018:09:52:11 -0300] "GET /cormun/static/Shared/jqueryui/images/ui-bg_flat_55_fafafa_40x100.png HTTP/1.1" 404 1097
186.103.159.43 - - [01/Mar/2018:09:52:11 -0300] "GET /cormun/static/about:blank HTTP/1.1" 404 1011
186.103.159.43 - - [01/Mar/2018:09:52:11 -0300] "GET /cormun/servlet/solicitudotadjuntos?INS,2018,9768,,1, HTTP/1.1" 200 5956
186.103.159.43 - - [01/Mar/2018:09:52:12 -0300] "GET /cormun/servlet/solicitudotadjuntos?257f897f9a51ee735e7bd3949108684be3812db684358b65805a290112eae538ac39fe720b9ec01e11398e6791af69a6,gx-no-cache=1519908686203 HTTP/1.1" 200 30
186.103.159.43 - - [01/Mar/2018:09:52:12 -0300] "POST /cormun/servlet/solicitudotadjuntos?5be525c3eaf3495c24a8f6d0f265afdc,INS,2018,9768,,1,,gx-no-cache=1519908686253 HTTP/1.1" 200 3820
186.103.159.43 - - [01/Mar/2018:09:52:15 -0300] "POST /cormun/servlet/solicitudotadjuntos?gx-no-cache=1519908688977 HTTP/1.1" 200 26
186.103.159.43 - - [01/Mar/2018:09:52:19 -0300] "GET /cormun/servlet/solicitudotadjuntos?257f897f9a51ee735e7bd3949108684b329e4daccaebbb43707f2b2fbdcccf84,gx-no-cache=1519908693435 HTTP/1.1" 200 30
186.103.159.43 - - [01/Mar/2018:09:52:19 -0300] "GET /cormun/servlet/solicitudotadjuntos?257f897f9a51ee735e7bd3949108684b329e4daccaebbb43707f2b2fbdcccf84,gx-no-cache=1519908693486 HTTP/1.1" 200 30
186.103.159.43 - - [01/Mar/2018:09:52:21 -0300] "POST /cormun/servlet/solicitudotadjuntos?5be525c3eaf3495c24a8f6d0f265afdc,INS,2018,9768,,1, HTTP/1.1" 200 6111
186.103.159.43 - - [01/Mar/2018:09:52:21 -0300] "GET /home/sistema/apache-tomcat-7.0.65/webapps/cormun/PrivateTempStorage/upload_00002237.pdf HTTP/1.1" 404 1135
186.103.159.43 - - [01/Mar/2018:09:52:21 -0300] "GET /cormun/static/Shared/jqueryui/images/ui-bg_highlight-soft_100_c6c2c8_1x100.png HTTP/1.1" 404 1117
186.103.159.43 - - [01/Mar/2018:09:52:21 -0300] "GET /cormun/static/Shared/jqueryui/images/ui-icons_82798d_256x240.png HTTP/1.1" 404 1089
186.103.159.43 - - [01/Mar/2018:09:52:21 -0300] "GET /cormun/static/Shared/jqueryui/images/ui-bg_flat_55_994d53_40x100.png HTTP/1.1" 404 1097
186.103.159.43 - - [01/Mar/2018:09:52:21 -0300] "GET /cormun/static/Shared/jqueryui/images/ui-icons_ebccce_256x240.png HTTP/1.1" 404 1089
186.103.159.43 - - [01/Mar/2018:09:52:21 -0300] "GET /home/sistema/apache-tomcat-7.0.65/webapps/cormun/PrivateTempStorage/upload_00002237.pdf HTTP/1.1" 404 1135
192.168.10.89 - - [01/Mar/2018:09:52:21 -0300] "POST /cormun/servlet/vesolicitudgral?8222c7a55bce146f23b8602d730786e7,2018,9034,,SolicitudOTLog,gx-no-cache=1519908582570 HTTP/1.1" 200 90
192.168.10.89 - - [01/Mar/2018:09:52:21 -0300] "GET /cormun/servlet/hpexe_link HTTP/1.1" 200 994
186.103.159.43 - - [01/Mar/2018:09:52:21 -0300] "GET /cormun/PrivateTempStorage/upload_00002237.pdf HTTP/1.1" 200 380643
192.168.10.89 - - [01/Mar/2018:09:52:22 -0300] "GET /cormun/servlet/trsolicitudgral?gx-no-cache=1519908544598 HTTP/1.1" 200 11383
186.103.159.43 - - [01/Mar/2018:09:52:31 -0300] "POST /cormun/servlet/solicitudotadjuntos?gx-no-cache=1519908705077 HTTP/1.1" 200 26
186.79.145.55 - - [01/Mar/2018:09:52:31 -0300] "POST /cormun/servlet/solicitudot?87aae33afb1061b07f63c67834ecba52,INS,0,0,,gx-no-cache=1519908709168 HTTP/1.1" 200 11929
186.103.159.43 - - [01/Mar/2018:09:52:34 -0300] "POST /cormun/servlet/solicitudotadjuntos?gx-no-cache=1519908708331 HTTP/1.1" 200 26
186.103.159.43 - - [01/Mar/2018:09:52:42 -0300] "GET /cormun/servlet/solicitudotadjuntos?257f897f9a51ee735e7bd3949108684bc28e6ec98e6d916753ccac156a4a7fc3273ce2d0420732f048f34f62a12d555f,gx-no-cache=1519908715976 HTTP/1.1" 200 30
186.103.159.43 - - [01/Mar/2018:09:52:42 -0300] "GET /cormun/servlet/solicitudotadjuntos?257f897f9a51ee735e7bd3949108684b12a6d7c4b822135e0f8f4ac578070180273ce2d0420732f048f34f62a12d555f,gx-no-cache=1519908716026 HTTP/1.1" 200 30
186.103.159.43 - - [01/Mar/2018:09:52:43 -0300] "POST /cormun/servlet/solicitudotadjuntos?5be525c3eaf3495c24a8f6d0f265afdc,INS,2018,9768,,1, HTTP/1.1" 200 116
186.103.159.43 - - [01/Mar/2018:09:52:44 -0300] "GET /cormun/servlet/hpexe_return? HTTP/1.1" 200 1022
186.103.159.43 - - [01/Mar/2018:09:52:45 -0300] "GET /cormun/servlet/trsolicitudadjuntos?2018,9768, HTTP/1.1" 200 8885
186.103.159.43 - - [01/Mar/2018:09:52:46 -0300] "GET /cormun/servlet/trsolicitudadjuntos?2018,9768, HTTP/1.1" 200 8884
186.79.145.55 - - [01/Mar/2018:09:52:48 -0300] "GET /cormun/servlet/solicitudot?85dbf6980676f896acccc86e04504abc7a7174ea917f1e981236c84d68524310,gx-no-cache=1519908726681 HTTP/1.1" 200 29
186.79.145.55 - - [01/Mar/2018:09:52:48 -0300] "POST /cormun/servlet/solicitudot?gx-no-cache=1519908726820 HTTP/1.1" 200 238
186.79.145.55 - - [01/Mar/2018:09:52:48 -0300] "GET /cormun/servlet/solicitudot?85dbf6980676f896acccc86e04504abc8a70d5e14fea92f4f47e745f6e1508bb891b928fef57efb67d7bd4e1669acd9ec758bc3aabc454658c3d5f6c4477861573ac169c4f540c6c46618adb8b39ee9ea11219bdd7b14ed0d20f21aa916c568c92eb826d5dcf1b4efb4346c3a7704734621c75fd82b44e318cf3d9d252a6ad66d821282461a525bb2a8168b0185280fc7030640b02073791e213e601f0076ff6031f32cc30c0da4c778bee4e0f29b9b5e436f520f56c93746199e702ad1b16c48afe5f02e4fbf55e5bf6fcd97f0010402cf226a2ec144a1b4545fede34dd7fffe14d33adb0fae1d549b26080697c9769e64566ad47829065a2adcaf28df79e405b258c0af84ea62256c6034304a535694619758c329f7cc2c155da8ac97b53761f4c77605d7c8988d6777f2118a468a4369e6824e0efbe98ba5175607a8aea132a120581092dd53e5bd632984bf695fe86f28d4465f585bf9c418eea61da6c6403ffa5f97af057ec03bcf593fc2a8c113c5cf5fad3f4b4e1cecd738d758694e0,gx-no-cache=1519908727011 HTTP/1.1" 200 30
186.79.145.55 - - [01/Mar/2018:09:52:48 -0300] "POST /cormun/servlet/solicitudot?gx-no-cache=1519908727173 HTTP/1.1" 200 30
186.79.145.55 - - [01/Mar/2018:09:52:48 -0300] "POST /cormun/servlet/solicitudot?gx-no-cache=1519908727355 HTTP/1.1" 200 1336
186.79.145.55 - - [01/Mar/2018:09:52:49 -0300] "POST /cormun/servlet/solicitudot?gx-no-cache=1519908727735 HTTP/1.1" 200 41
186.79.145.55 - - [01/Mar/2018:09:52:49 -0300] "POST /cormun/servlet/solicitudot?gx-no-cache=1519908727943 HTTP/1.1" 200 1319
186.79.145.55 - - [01/Mar/2018:09:52:49 -0300] "POST /cormun/servlet/solicitudot?gx-no-cache=1519908728282 HTTP/1.1" 200 1218
186.79.145.55 - - [01/Mar/2018:09:52:50 -0300] "GET /cormun/servlet/solicitudot?85dbf6980676f896acccc86e04504abcfae6873d37700bc51d74f1ecedc42f10d22ffba89a5cfae8086a0f24f6b48ad6,gx-no-cache=1519908728614 HTTP/1.1" 200 30
186.79.145.55 - - [01/Mar/2018:09:52:50 -0300] "POST /cormun/servlet/solicitudot?gx-no-cache=1519908728786 HTTP/1.1" 200 30
186.79.145.55 - - [01/Mar/2018:09:52:51 -0300] "POST /cormun/servlet/solicitudot?87aae33afb1061b07f63c67834ecba52,INS,0,0,,gx-no-cache=1519908728967 HTTP/1.1" 200 11943
186.103.159.43 - - [01/Mar/2018:09:52:59 -0300] "GET /cormun/servlet/solicitudotadjuntos?INS,2018,9768,,1, HTTP/1.1" 200 5963
186.103.159.43 - - [01/Mar/2018:09:52:59 -0300] "GET /cormun/static/about:blank HTTP/1.1" 404 1011
186.103.159.43 - - [01/Mar/2018:09:53:00 -0300] "GET /cormun/servlet/solicitudotadjuntos?INS,2018,9768,,1, HTTP/1.1" 200 5955
186.103.159.43 - - [01/Mar/2018:09:53:00 -0300] "GET /cormun/servlet/solicitudotadjuntos?257f897f9a51ee735e7bd3949108684be3812db684358b65805a290112eae538ac39fe720b9ec01e11398e6791af69a6,gx-no-cache=1519908734439 HTTP/1.1" 200 30
186.103.159.43 - - [01/Mar/2018:09:53:01 -0300] "POST /cormun/servlet/solicitudotadjuntos?5be525c3eaf3495c24a8f6d0f265afdc,INS,2018,9768,,1,,gx-no-cache=1519908734527 HTTP/1.1" 200 3819
186.103.159.43 - - [01/Mar/2018:09:53:04 -0300] "POST /cormun/servlet/solicitudotadjuntos?gx-no-cache=1519908738216 HTTP/1.1" 200 26
186.103.159.43 - - [01/Mar/2018:09:53:09 -0300] "GET /cormun/servlet/solicitudotadjuntos?257f897f9a51ee735e7bd3949108684b329e4daccaebbb43707f2b2fbdcccf84,gx-no-cache=1519908742993 HTTP/1.1" 200 30
186.103.159.43 - - [01/Mar/2018:09:53:09 -0300] "GET /cormun/servlet/solicitudotadjuntos?257f897f9a51ee735e7bd3949108684b329e4daccaebbb43707f2b2fbdcccf84,gx-no-cache=1519908743076 HTTP/1.1" 200 30
186.103.159.43 - - [01/Mar/2018:09:53:11 -0300] "POST /cormun/servlet/solicitudotadjuntos?5be525c3eaf3495c24a8f6d0f265afdc,INS,2018,9768,,1, HTTP/1.1" 200 6081
186.103.159.43 - - [01/Mar/2018:09:53:11 -0300] "GET /home/sistema/apache-tomcat-7.0.65/webapps/cormun/PrivateTempStorage/upload_00002261.pdf HTTP/1.1" 404 1135
186.103.159.43 - - [01/Mar/2018:09:53:11 -0300] "GET /cormun/static/Shared/jqueryui/images/ui-bg_highlight-soft_100_c6c2c8_1x100.png HTTP/1.1" 404 1117
186.103.159.43 - - [01/Mar/2018:09:53:11 -0300] "GET /cormun/static/Shared/jqueryui/images/ui-icons_82798d_256x240.png HTTP/1.1" 404 1089
186.103.159.43 - - [01/Mar/2018:09:53:11 -0300] "GET /cormun/static/Shared/jqueryui/images/ui-bg_flat_55_994d53_40x100.png HTTP/1.1" 404 1097
186.103.159.43 - - [01/Mar/2018:09:53:11 -0300] "GET /cormun/static/Shared/jqueryui/images/ui-icons_ebccce_256x240.png HTTP/1.1" 404 1089
186.103.159.43 - - [01/Mar/2018:09:53:11 -0300] "GET /home/sistema/apache-tomcat-7.0.65/webapps/cormun/PrivateTempStorage/upload_00002261.pdf HTTP/1.1" 404 1135
186.103.159.43 - - [01/Mar/2018:09:53:12 -0300] "GET /cormun/PrivateTempStorage/upload_00002261.pdf HTTP/1.1" 200 286101
186.103.159.43 - - [01/Mar/2018:09:53:16 -0300] "POST /cormun/servlet/solicitudotadjuntos?gx-no-cache=1519908750686 HTTP/1.1" 200 26
186.103.159.43 - - [01/Mar/2018:09:53:26 -0300] "GET /cormun/servlet/solicitudotadjuntos?257f897f9a51ee735e7bd3949108684bc28e6ec98e6d916753ccac156a4a7fc3273ce2d0420732f048f34f62a12d555f,gx-no-cache=1519908760851 HTTP/1.1" 200 30
186.103.159.43 - - [01/Mar/2018:09:53:26 -0300] "GET /cormun/servlet/solicitudotadjuntos?257f897f9a51ee735e7bd3949108684b12a6d7c4b822135e0f8f4ac578070180273ce2d0420732f048f34f62a12d555f,gx-no-cache=1519908760902 HTTP/1.1" 200 30
186.103.159.43 - - [01/Mar/2018:09:53:28 -0300] "POST /cormun/servlet/solicitudotadjuntos?5be525c3eaf3495c24a8f6d0f265afdc,INS,2018,9768,,1, HTTP/1.1" 200 116
186.103.159.43 - - [01/Mar/2018:09:53:28 -0300] "GET /cormun/servlet/hpexe_return? HTTP/1.1" 200 1022
186.103.159.43 - - [01/Mar/2018:09:53:29 -0300] "GET /cormun/servlet/trsolicitudadjuntos?2018,9768, HTTP/1.1" 200 9112
186.103.159.43 - - [01/Mar/2018:09:53:31 -0300] "GET /cormun/servlet/trsolicitudadjuntos?2018,9768, HTTP/1.1" 200 9108
186.79.145.55 - - [01/Mar/2018:09:53:32 -0300] "GET /cormun/servlet/solicitudot?85dbf6980676f896acccc86e04504abc8100e2490067034c7b040b9b4208a8523badc24246166e8d2bfd625be9a12537,gx-no-cache=1519908770951 HTTP/1.1" 200 103
186.79.145.55 - - [01/Mar/2018:09:53:32 -0300] "POST /cormun/servlet/solicitudot?gx-no-cache=1519908771137 HTTP/1.1" 200 238
186.79.145.55 - - [01/Mar/2018:09:53:32 -0300] "GET /cormun/servlet/solicitudot?85dbf6980676f896acccc86e04504abc8a70d5e14fea92f4f47e745f6e1508bb891b928fef57efb67d7bd4e1669acd9ec758bc3aabc454658c3d5f6c4477861573ac169c4f540c6c46618adb8b39ee9ea11219bdd7b14ed0d20f21aa916c568c92eb826d5dcf1b4efb4346c3a7704734621c75fd82b44e318cf3d9d252a6ad66d821282461a525bb2a8168b0185280fc7030640b02073791e213e601f0076ff6031f32cc30c0da4c778bee4e0f29b9b5e436f520f56c93746199e702ad1b16c48afe5f02e4fbf55e5bf6fcd97f0010402cf226a2ec144a1b4545fede34dd7fffe14d33adb0fae1d549b26080697c9769e64566ad47829065a2adcaf28df79e405b258c0af84ea62256c6034304a535694619758c329f7cc2c155da8ac97b53761f4c77605d7c8988d6777f2118a468a4369e6824e0efbe98ba5175607a8aea132a120581092dd53e5bd632984bf695fe86f28d4465f585bf9c418eea61da6c6403ffa5f97af057ec03bcf593fc2a8c113c5cf5fad3f4b4e1cecd738d758694e0,gx-no-cache=1519908771271 HTTP/1.1" 200 30
186.79.145.55 - - [01/Mar/2018:09:53:32 -0300] "POST /cormun/servlet/solicitudot?gx-no-cache=1519908771489 HTTP/1.1" 200 30
186.79.145.55 - - [01/Mar/2018:09:53:33 -0300] "POST /cormun/servlet/solicitudot?gx-no-cache=1519908771622 HTTP/1.1" 200 1336
186.79.145.55 - - [01/Mar/2018:09:53:33 -0300] "POST /cormun/servlet/solicitudot?gx-no-cache=1519908771936 HTTP/1.1" 200 41
186.79.145.55 - - [01/Mar/2018:09:53:33 -0300] "POST /cormun/servlet/solicitudot?gx-no-cache=1519908772204 HTTP/1.1" 200 1319
186.103.159.43 - - [01/Mar/2018:09:53:33 -0300] "GET /cormun/servlet/solicitudotadjuntos?INS,2018,9768,,1, HTTP/1.1" 200 5963
186.79.145.55 - - [01/Mar/2018:09:53:34 -0300] "POST /cormun/servlet/solicitudot?gx-no-cache=1519908772510 HTTP/1.1" 200 1218
186.79.145.55 - - [01/Mar/2018:09:53:34 -0300] "GET /cormun/servlet/solicitudot?85dbf6980676f896acccc86e04504abcfae6873d37700bc51d74f1ecedc42f10d22ffba89a5cfae8086a0f24f6b48ad6,gx-no-cache=1519908772760 HTTP/1.1" 200 30
186.79.145.55 - - [01/Mar/2018:09:53:34 -0300] "POST /cormun/servlet/solicitudot?gx-no-cache=1519908772855 HTTP/1.1" 200 30
186.103.159.43 - - [01/Mar/2018:09:53:34 -0300] "GET /cormun/static/about:blank HTTP/1.1" 404 1011
186.103.159.43 - - [01/Mar/2018:09:53:34 -0300] "GET /cormun/servlet/solicitudotadjuntos?INS,2018,9768,,1, HTTP/1.1" 200 5955
186.103.159.43 - - [01/Mar/2018:09:53:35 -0300] "GET /cormun/servlet/solicitudotadjuntos?257f897f9a51ee735e7bd3949108684be3812db684358b65805a290112eae538ac39fe720b9ec01e11398e6791af69a6,gx-no-cache=1519908769026 HTTP/1.1" 200 30
186.103.159.43 - - [01/Mar/2018:09:53:35 -0300] "POST /cormun/servlet/solicitudotadjuntos?5be525c3eaf3495c24a8f6d0f265afdc,INS,2018,9768,,1,,gx-no-cache=1519908769111 HTTP/1.1" 200 3819
186.79.145.55 - - [01/Mar/2018:09:53:35 -0300] "POST /cormun/servlet/solicitudot?87aae33afb1061b07f63c67834ecba52,INS,0,0,,gx-no-cache=1519908772987 HTTP/1.1" 200 11993
186.103.159.43 - - [01/Mar/2018:09:53:39 -0300] "POST /cormun/servlet/solicitudotadjuntos?gx-no-cache=1519908773426 HTTP/1.1" 200 26
186.103.158.250 - - [01/Mar/2018:09:53:41 -0300] "GET /cormun/servlet/hlogin HTTP/1.1" 200 1720
186.103.158.250 - - [01/Mar/2018:09:53:41 -0300] "GET /cormun/static/gxtimezone.js?85251 HTTP/1.1" 304 -
186.103.158.250 - - [01/Mar/2018:09:53:42 -0300] "GET /cormun/servlet/hlogin HTTP/1.1" 200 1730
186.79.145.55 - - [01/Mar/2018:09:53:42 -0300] "POST /cormun/servlet/solicitudot?87aae33afb1061b07f63c67834ecba52,INS,0,0,,gx-no-cache=1519908780042 HTTP/1.1" 200 90
186.79.145.55 - - [01/Mar/2018:09:53:42 -0300] "GET /cormun/servlet/hpexe_link HTTP/1.1" 200 957
186.79.145.55 - - [01/Mar/2018:09:53:43 -0300] "GET /cormun/servlet/trsolicitudot HTTP/1.1" 200 7437
186.79.145.55 - - [01/Mar/2018:09:53:45 -0300] "GET /cormun/servlet/trsolicitudot HTTP/1.1" 200 7435
186.103.159.43 - - [01/Mar/2018:09:53:45 -0300] "GET /cormun/servlet/solicitudotadjuntos?257f897f9a51ee735e7bd3949108684b329e4daccaebbb43707f2b2fbdcccf84,gx-no-cache=1519908779362 HTTP/1.1" 200 30
186.103.159.43 - - [01/Mar/2018:09:53:45 -0300] "GET /cormun/servlet/solicitudotadjuntos?257f897f9a51ee735e7bd3949108684b329e4daccaebbb43707f2b2fbdcccf84,gx-no-cache=1519908779417 HTTP/1.1" 200 30
186.103.159.43 - - [01/Mar/2018:09:53:46 -0300] "POST /cormun/servlet/solicitudotadjuntos?5be525c3eaf3495c24a8f6d0f265afdc,INS,2018,9768,,1, HTTP/1.1" 200 116
186.103.159.43 - - [01/Mar/2018:09:53:46 -0300] "GET /cormun/servlet/hpexe_return? HTTP/1.1" 200 1022
186.103.159.43 - - [01/Mar/2018:09:53:47 -0300] "GET /cormun/servlet/trsolicitudadjuntos?2018,9768, HTTP/1.1" 200 9375
186.103.159.43 - - [01/Mar/2018:09:53:49 -0300] "GET /cormun/servlet/trsolicitudadjuntos?2018,9768, HTTP/1.1" 200 9373
186.79.145.55 - - [01/Mar/2018:09:53:54 -0300] "GET /cormun/servlet/solicitudot?INS,0,0, HTTP/1.1" 200 13663
186.79.145.55 - - [01/Mar/2018:09:53:55 -0300] "GET /cormun/servlet/solicitudot?INS,0,0, HTTP/1.1" 200 13668
186.103.159.43 - - [01/Mar/2018:09:53:56 -0300] "GET /cormun/servlet/trvisualizadoreventos? HTTP/1.1" 200 6656
186.103.159.43 - - [01/Mar/2018:09:53:57 -0300] "GET /cormun/static/gxcfg.js?20175251251426 HTTP/1.1" 200 953
186.103.159.43 - - [01/Mar/2018:09:53:57 -0300] "GET /cormun/static/trvisualizadoreventos.js?20175251251768 HTTP/1.1" 200 19318
186.103.159.43 - - [01/Mar/2018:09:53:57 -0300] "GET /cormun/static/Resources/PXToolsActionPrint.png HTTP/1.1" 200 3317
186.103.159.43 - - [01/Mar/2018:09:53:57 -0300] "GET /cormun/servlet/trvisualizadoreventos? HTTP/1.1" 200 6643
186.103.158.250 - - [01/Mar/2018:09:54:00 -0300] "POST /cormun/servlet/hlogin?61c989217731ac13213677353ea3d3ae,gx-no-cache=1519908791720 HTTP/1.1" 200 90
186.103.158.250 - - [01/Mar/2018:09:54:00 -0300] "GET /cormun/servlet/hpexe_link HTTP/1.1" 200 951
186.103.158.250 - - [01/Mar/2018:09:54:00 -0300] "GET /cormun/servlet/hhome HTTP/1.1" 200 4188
186.103.158.250 - - [01/Mar/2018:09:54:04 -0300] "GET /cormun/servlet/hhome HTTP/1.1" 200 4184
200.120.230.197 - - [01/Mar/2018:09:54:08 -0300] "POST /cormun/servlet/solicitudot?gx-no-cache=1519908805875 HTTP/1.1" 200 3301
200.120.230.197 - - [01/Mar/2018:09:54:09 -0300] "POST /cormun/servlet/solicitudot?87aae33afb1061b07f63c67834ecba52,INS,0,0,,gx-no-cache=1519908807313 HTTP/1.1" 200 10451
186.103.158.250 - - [01/Mar/2018:09:54:11 -0300] "GET /cormun/servlet/trautorizarsolicitud? HTTP/1.1" 200 7301
186.103.158.250 - - [01/Mar/2018:09:54:12 -0300] "GET /cormun/static/gxcfg.js?2017111423403364 HTTP/1.1" 200 953
186.103.158.250 - - [01/Mar/2018:09:54:12 -0300] "GET /cormun/static/calendar.js?85251 HTTP/1.1" 304 -
186.103.158.250 - - [01/Mar/2018:09:54:12 -0300] "GET /cormun/static/calendar-es.js?85251 HTTP/1.1" 304 -
186.103.158.250 - - [01/Mar/2018:09:54:12 -0300] "GET /cormun/static/calendar-setup.js?85251 HTTP/1.1" 304 -
186.103.158.250 - - [01/Mar/2018:09:54:12 -0300] "GET /cormun/static/gxdec.js?85251 HTTP/1.1" 304 -
186.103.158.250 - - [01/Mar/2018:09:54:12 -0300] "GET /cormun/static/trautorizarsolicitud.js?201711142340425 HTTP/1.1" 304 -
186.103.158.250 - - [01/Mar/2018:09:54:13 -0300] "GET /cormun/servlet/trautorizarsolicitud? HTTP/1.1" 200 7301
186.103.159.43 - - [01/Mar/2018:09:54:13 -0300] "GET /cormun/servlet/hlogin HTTP/1.1" 200 1713
200.120.230.197 - - [01/Mar/2018:09:54:14 -0300] "GET /cormun/servlet/solicitudot?85dbf6980676f896acccc86e04504abc90cb0d8df6b7eb2e1cf8169f29fb3bf23badc24246166e8d2bfd625be9a12537,gx-no-cache=1519908813389 HTTP/1.1" 200 30
186.103.159.43 - - [01/Mar/2018:09:54:16 -0300] "POST /cormun/servlet/hlogin?522de069d2c8a029f4cb67215afc93e9,gx-no-cache=1519908810262 HTTP/1.1" 200 90
186.103.159.43 - - [01/Mar/2018:09:54:16 -0300] "GET /cormun/servlet/hpexe_link HTTP/1.1" 200 945
186.103.159.43 - - [01/Mar/2018:09:54:16 -0300] "GET /cormun/servlet/hhome HTTP/1.1" 200 3917
186.103.159.43 - - [01/Mar/2018:09:54:17 -0300] "GET /cormun/servlet/hhome HTTP/1.1" 200 3914
186.103.158.250 - - [01/Mar/2018:09:54:19 -0300] "GET /cormun/servlet/licenciaspermisos?00e2510c889ea5b80ab6cb4e74b99424d434acc05ff3b85feb3b301c8b497c608056f5d993ca2f4f82695bdf7fbaa6d01d14dd4a18387af666850a3f4acc43f7ef534e9384c58ce371a4c707c88a051061fd567929128402dd3813b8421b802b10b64d695830a8ec386415a6b900e210a77e4aba43c1f0cedda70c91e12d0b8e0b3ec92a59cce1a455d94c0032cf0a9af435ba362c9e3bc5c840a26d4921d9ee7777684aa137f860213877be356b0da0,gx-no-cache=1519908624797 HTTP/1.1" 200 30
186.103.158.250 - - [01/Mar/2018:09:54:19 -0300] "GET /cormun/servlet/licenciaspermisos?00e2510c889ea5b80ab6cb4e74b99424da14f9c79d1240f01b782ab9c5e8ecbf1e6b9cff19efe4ccb8270defeab3b1f921ae9d0a21ed4c30e8505783ab3af98a172cec78bc7a6ec4ece32d92cd9352b5ccb8b676d5207071a756dc762e86d577b5449526493e3ca00d640644bc06a6dcf8af11f9cb94bf7c9cae75e741cc1dcade09aa294d5885f6db854e90675be53a9bdaeb40212a72f276906001caa0fab670edbd0b499e72240bf4fd1e165c89db,gx-no-cache=1519908625847 HTTP/1.1" 200 29
186.103.158.250 - - [01/Mar/2018:09:54:20 -0300] "POST /cormun/servlet/licenciaspermisos?83836e13f58d32ba12ea901abafed288,INS,0,,,,gx-no-cache=1519908625925 HTTP/1.1" 200 93
186.103.158.250 - - [01/Mar/2018:09:54:20 -0300] "GET /cormun/servlet/hpexe_return? HTTP/1.1" 200 1012
192.168.10.96 - - [01/Mar/2018:09:54:20 -0300] "POST /cormun/servlet/trsolicitudgral?0257ac2d05b2f7adfe04d3b64bdb68b6,,gx-no-cache=1519908700340 HTTP/1.1" 200 18694
