200.86.99.60 - - [01/Mar/2018:15:37:18 -0300] "POST /cormun/servlet/solicitudot?9d9274522ad8589dcf622d3f18c731ff,INS,0,0,,gx-no-cache=1519929391757 HTTP/1.1" 200 10561
200.73.230.197 - - [01/Mar/2018:15:37:18 -0300] "POST /cormun/servlet/solicitudot?94ae29c401c7136475e275b237cde2f0,INS,0,0,,gx-no-cache=1519929391134 HTTP/1.1" 200 11857
200.54.247.70 - - [01/Mar/2018:15:37:21 -0300] "GET /cormun/servlet/hlogin HTTP/1.1" 200 1724
200.73.230.197 - - [01/Mar/2018:15:37:27 -0300] "POST /cormun/servlet/solicitudot?gx-no-cache=1519929401077 HTTP/1.1" 200 3414
200.86.99.60 - - [01/Mar/2018:15:37:28 -0300] "GET /cormun/servlet/solicitudot?94b95716d195172a0154858f154ebac249d9bce017be52abfd656f4ed6b5a2f9ee8aab33b634a3468f5701a36d49891a,gx-no-cache=1519929402974 HTTP/1.1" 200 30
200.73.230.197 - - [01/Mar/2018:15:37:28 -0300] "POST /cormun/servlet/solicitudot?94ae29c401c7136475e275b237cde2f0,INS,0,0,,gx-no-cache=1519929401563 HTTP/1.1" 200 11885
200.86.99.60 - - [01/Mar/2018:15:37:29 -0300] "GET /cormun/servlet/solicitudot?94b95716d195172a0154858f154ebac2ca54dfb82a05f2914d7249edfe6197fa9cd3cd1199e651fb828db38c5adc89335c4df2f95d58bcd738d54f42e600f103,gx-no-cache=1519929403105 HTTP/1.1" 200 30
200.86.99.60 - - [01/Mar/2018:15:37:29 -0300] "GET /cormun/servlet/solicitudot?94b95716d195172a0154858f154ebac28b1b5f0017e7af34437314ac748f420e,gx-no-cache=1519929403199 HTTP/1.1" 200 59
200.86.99.60 - - [01/Mar/2018:15:37:29 -0300] "POST /cormun/servlet/solicitudot?gx-no-cache=1519929403284 HTTP/1.1" 200 240
200.86.99.60 - - [01/Mar/2018:15:37:29 -0300] "GET /cormun/servlet/solicitudot?94b95716d195172a0154858f154ebac29ee638dab24efea753f0d1f5ba9533a402db6fab7f23799ecabd4b837a1c3ed3db93a9ea4a8c97d66715a59c0b9e5133b4d7a2418020928c82e78320b0c8c504907a307595f84efef0419025dc049bfdaf5bf8fb33e3a228e8cae029c0d93ee888b1ea5f687ac8fcfcf0dfb509a39f23daebe9ce255eb18e9edaca940608ad78c936bfb6316a78fd4efc86cf6205fca94825e58059e55027e10cbcda2fc1cba3d33fd4c57ae50329511715c081a2f2ae5c28c314dacf0840a90df78a317a49e0b95589f134af54bd3165ab94526532f304ec1d9ab4fb6b68caaeabd1b74637b0562c683070dc7b78c3a4db44891c52f410e21edaa8d30a258b2e9df1afbf53bde5981c734bb50a789519da0115b7c620e42e428ff119c8a0e52e8fe287ff343be324048eb0159ee8e20a8c7e4fa6ce4bc8a8c5cec47566553b3db22adfda0526c4015b7f0da7dc7741fecbfb27a86928526d45feb88bc2ce50d40a92d2982eed25703ada04d5178d0f2975799019b77f,gx-no-cache=1519929403433 HTTP/1.1" 200 30
200.73.230.197 - - [01/Mar/2018:15:37:29 -0300] "GET /cormun/servlet/solicitudot?dc64a1cb75755a7c2870f88e025c61863587629bbe929ddabc56eecdcb6b6844d8ca8a63186330c9c92dfb505c724a04,gx-no-cache=1519929402756 HTTP/1.1" 200 30
200.86.99.60 - - [01/Mar/2018:15:37:29 -0300] "POST /cormun/servlet/solicitudot?gx-no-cache=1519929403547 HTTP/1.1" 200 30
200.73.230.197 - - [01/Mar/2018:15:37:29 -0300] "GET /cormun/servlet/solicitudot?dc64a1cb75755a7c2870f88e025c61869a018ea7a7c1e7582f909c99d8a8a8403bb38a806d355543b924e3408485ac376891d9dae3bc7e368d39f497c542c585,gx-no-cache=1519929402942 HTTP/1.1" 200 30
200.86.99.60 - - [01/Mar/2018:15:37:29 -0300] "POST /cormun/servlet/solicitudot?gx-no-cache=1519929403665 HTTP/1.1" 200 1336
200.73.230.197 - - [01/Mar/2018:15:37:29 -0300] "GET /cormun/servlet/solicitudot?dc64a1cb75755a7c2870f88e025c618678ebb1cf4a88d5aacef75e7f99f194a621bc4a157c114e37f2b707a13089ccd0aba14aab52f2e0db62c01c6873ec3039,gx-no-cache=1519929403042 HTTP/1.1" 200 53
200.86.99.60 - - [01/Mar/2018:15:37:29 -0300] "POST /cormun/servlet/solicitudot?gx-no-cache=1519929403930 HTTP/1.1" 200 38
200.73.230.197 - - [01/Mar/2018:15:37:29 -0300] "POST /cormun/servlet/solicitudot?gx-no-cache=1519929403256 HTTP/1.1" 200 254
200.73.230.197 - - [01/Mar/2018:15:37:30 -0300] "GET /cormun/servlet/solicitudot?dc64a1cb75755a7c2870f88e025c6186117d0c50738ca72f63caf8e088b71e77d332ca55d5723db44f9727357d613975c4649ef18722bb913b9c30df54c3d0dc5fddff40e5ffb9fe21037b4fa5e23a234aa3aade6f487aa9c8387bec88327d4491116103a89de53de792679c1555b5c177293c65a3137330394d9bfb14d15f9a50133a0ddbf3d1051b768da3d04a98252a59fd9a725ccbffa869cf30843513d72a07e1cb38d23a2852a173cfbc621e72aeea250aaa2fce799462e79acb449818d39d09f7ebb16b0fe2f3706bbdab55b9592550f9e54121791d6a397fa0b553efc11058517fa538098dcc7ae7689d87960af5e837873872dd88accb9aa3272d6ef2ed44d09ad291c5cf884cdfacf6769564b623bb6248b6f68e5b6343932e2259da67bf5f2fd30364ae79ca5d060140c80478c25d76cb57d25797e6be14b203d81b622718e83140827ca45e9705cc3d9144f131234a5dacca717a9245beeaa4c6c57dfa5518f488306aa41c85a1d8524dd9f94bb4741e211432f268bc4ca336c2,gx-no-cache=1519929403450 HTTP/1.1" 200 30
200.73.230.197 - - [01/Mar/2018:15:37:30 -0300] "POST /cormun/servlet/solicitudot?gx-no-cache=1519929403553 HTTP/1.1" 200 30
200.73.230.197 - - [01/Mar/2018:15:37:30 -0300] "POST /cormun/servlet/solicitudot?gx-no-cache=1519929403735 HTTP/1.1" 200 1337
200.73.230.197 - - [01/Mar/2018:15:37:30 -0300] "POST /cormun/servlet/solicitudot?gx-no-cache=1519929403986 HTTP/1.1" 200 41
200.73.230.197 - - [01/Mar/2018:15:37:31 -0300] "POST /cormun/servlet/solicitudot?gx-no-cache=1519929404123 HTTP/1.1" 200 1319
200.73.230.197 - - [01/Mar/2018:15:37:31 -0300] "POST /cormun/servlet/solicitudot?gx-no-cache=1519929404913 HTTP/1.1" 200 1219
200.73.230.197 - - [01/Mar/2018:15:37:32 -0300] "GET /cormun/servlet/solicitudot?dc64a1cb75755a7c2870f88e025c6186e94844ee10616b8bbaf091060a473a2c3c00730d1b085b9abb21aafec0cda8a7,gx-no-cache=1519929405197 HTTP/1.1" 200 30
200.73.230.197 - - [01/Mar/2018:15:37:32 -0300] "POST /cormun/servlet/solicitudot?gx-no-cache=1519929405658 HTTP/1.1" 200 30
200.54.247.70 - - [01/Mar/2018:15:37:32 -0300] "GET /cormun/servlet/hlogin HTTP/1.1" 200 1724
200.73.230.197 - - [01/Mar/2018:15:37:33 -0300] "POST /cormun/servlet/solicitudot?94ae29c401c7136475e275b237cde2f0,INS,0,0,,gx-no-cache=1519929405867 HTTP/1.1" 200 93
200.73.230.197 - - [01/Mar/2018:15:37:34 -0300] "GET /cormun/servlet/hpexe_return? HTTP/1.1" 200 1010
200.73.230.197 - - [01/Mar/2018:15:37:34 -0300] "GET /cormun/static/gxcfg.js?2016101716175148 HTTP/1.1" 200 953
200.73.230.197 - - [01/Mar/2018:15:37:34 -0300] "GET /cormun/static/hpexe_return.js?2016101716175153 HTTP/1.1" 200 1633
200.73.230.197 - - [01/Mar/2018:15:37:34 -0300] "GET /cormun/static/Resources/Spanish/PXTools.css?167811 HTTP/1.1" 200 89042
200.73.230.197 - - [01/Mar/2018:15:37:35 -0300] "GET /cormun/servlet/trsolicitudot HTTP/1.1" 200 8733
200.73.230.197 - - [01/Mar/2018:15:37:36 -0300] "GET /cormun//static/Resources/PXToolsActionView.png HTTP/1.1" 200 2995
200.73.230.197 - - [01/Mar/2018:15:37:36 -0300] "GET /cormun//static/Resources/PXToolsGridUpdate.png HTTP/1.1" 200 2984
200.73.230.197 - - [01/Mar/2018:15:37:36 -0300] "GET /cormun//static/Resources/PXToolsGridDelete.png HTTP/1.1" 200 357
200.73.230.197 - - [01/Mar/2018:15:37:36 -0300] "GET /cormun//static/Resources/PXTools/ActionInsert.png HTTP/1.1" 200 1482
200.73.230.197 - - [01/Mar/2018:15:37:36 -0300] "GET /cormun//static/Resources/PXToolsRemoveAllAction.png HTTP/1.1" 200 3558
200.73.230.197 - - [01/Mar/2018:15:37:37 -0300] "GET /cormun/servlet/trsolicitudot HTTP/1.1" 200 8729
200.86.99.60 - - [01/Mar/2018:15:37:43 -0300] "GET /cormun/servlet/solicitudot?94b95716d195172a0154858f154ebac28b6c9b904d64584acf8b4136df47187d7f4ba46ec998d5b1ed6460b2346653166fdc6b8c40e9a3cd2c802bf641946320f10d3f479898d4a488ecfee5e4abcd86ee2ac493291a2ee1ed87d3923f375315ce50bf1678816453d7f30f74d15c4b6f78b5f8f70d488ba35abdd75e1c6f385c8c3bccebd14d8f2de442a78bf3663e1966ba3e3d2fe76b68134b89e135edcedc,gx-no-cache=1519929417243 HTTP/1.1" 200 29
200.86.99.60 - - [01/Mar/2018:15:37:43 -0300] "POST /cormun/servlet/solicitudot?gx-no-cache=1519929417375 HTTP/1.1" 200 1319
200.86.99.60 - - [01/Mar/2018:15:37:43 -0300] "POST /cormun/servlet/solicitudot?gx-no-cache=1519929417592 HTTP/1.1" 200 1218
186.103.157.42 - - [01/Mar/2018:15:37:47 -0300] "POST /cormun/servlet/trcontratosolicitud?ca9526171ee17565ded15103d1a87b47,,gx-no-cache=1519929169355 HTTP/1.1" 200 12179
186.103.157.42 - - [01/Mar/2018:15:37:47 -0300] "GET /cormun/static/Resources/PXToolsGridNext.gif HTTP/1.1" 200 369
186.103.157.42 - - [01/Mar/2018:15:37:47 -0300] "GET /cormun/static/Resources/PXToolsGridLast.gif HTTP/1.1" 200 370
200.54.247.70 - - [01/Mar/2018:15:37:51 -0300] "GET /cormun/servlet/hlogin HTTP/1.1" 200 1724
200.86.99.60 - - [01/Mar/2018:15:38:11 -0300] "GET /cormun/servlet/solicitudot?94b95716d195172a0154858f154ebac26e660fa4c654e79511398f5c8e14aa3a8b23c3b865bc78fdc18b687c2d80d42e,gx-no-cache=1519929445948 HTTP/1.1" 200 30
186.103.157.42 - - [01/Mar/2018:15:38:14 -0300] "POST /cormun/servlet/trcontratosolicitud?ca9526171ee17565ded15103d1a87b47,,gx-no-cache=1519929177599 HTTP/1.1" 500 10
200.73.230.197 - - [01/Mar/2018:15:38:21 -0300] "POST /cormun/servlet/trsolicitudot?94ae29c401c7136475e275b237cde2f0,gx-no-cache=1519929453042 HTTP/1.1" 200 4653
200.73.230.197 - - [01/Mar/2018:15:38:24 -0300] "POST /cormun/servlet/trsolicitudot?94ae29c401c7136475e275b237cde2f0,gx-no-cache=1519929455244 HTTP/1.1" 200 4454
200.73.230.197 - - [01/Mar/2018:15:38:39 -0300] "GET /cormun/servlet/hlogin HTTP/1.1" 200 1721
191.125.59.191 - - [01/Mar/2018:15:38:45 -0300] "POST /cormun/servlet/solicitudot?gx-no-cache=1519929503801 HTTP/1.1" 200 1319
191.125.59.191 - - [01/Mar/2018:15:38:46 -0300] "POST /cormun/servlet/solicitudot?gx-no-cache=1519929508539 HTTP/1.1" 200 1219
191.125.59.191 - - [01/Mar/2018:15:38:46 -0300] "GET /cormun/servlet/solicitudot?bbd9b50e36c7a0a10caa5ebf312cd8fbaeac217a963a4ca65b297da8a8740e9b75aaa3e2c92437bb6660765f08fe90ff,gx-no-cache=1519929509367 HTTP/1.1" 200 30
191.125.59.191 - - [01/Mar/2018:15:38:47 -0300] "POST /cormun/servlet/solicitudot?gx-no-cache=1519929509572 HTTP/1.1" 200 34
200.73.230.197 - - [01/Mar/2018:15:38:48 -0300] "POST /cormun/servlet/hlogin?8e866117f8bccda6c311f7a18e880316,gx-no-cache=1519929482212 HTTP/1.1" 200 90
200.86.99.60 - - [01/Mar/2018:15:38:49 -0300] "POST /cormun/servlet/solicitudot?gx-no-cache=1519929482432 HTTP/1.1" 200 1336
200.73.230.197 - - [01/Mar/2018:15:38:49 -0300] "GET /cormun/servlet/hpexe_link HTTP/1.1" 200 954
191.125.59.191 - - [01/Mar/2018:15:38:49 -0300] "GET /cormun/servlet/solicitudot?bbd9b50e36c7a0a10caa5ebf312cd8fbaeac217a963a4ca65b297da8a8740e9bfe6d8b6a6c1e2495d350c9854854472c,gx-no-cache=1519929511908 HTTP/1.1" 200 30
200.73.230.197 - - [01/Mar/2018:15:38:49 -0300] "GET /cormun/servlet/hhome HTTP/1.1" 200 3914
200.86.99.60 - - [01/Mar/2018:15:38:49 -0300] "POST /cormun/servlet/solicitudot?gx-no-cache=1519929483272 HTTP/1.1" 200 41
191.125.59.191 - - [01/Mar/2018:15:38:50 -0300] "POST /cormun/servlet/solicitudot?gx-no-cache=1519929512117 HTTP/1.1" 200 34
200.86.99.60 - - [01/Mar/2018:15:38:50 -0300] "POST /cormun/servlet/solicitudot?gx-no-cache=1519929483764 HTTP/1.1" 200 1319
200.73.230.197 - - [01/Mar/2018:15:38:51 -0300] "GET /cormun/servlet/hhome HTTP/1.1" 200 3911
200.86.99.60 - - [01/Mar/2018:15:38:51 -0300] "POST /cormun/servlet/solicitudot?gx-no-cache=1519929484865 HTTP/1.1" 200 1218
200.86.99.60 - - [01/Mar/2018:15:38:51 -0300] "POST /cormun/servlet/solicitudot?gx-no-cache=1519929485611 HTTP/1.1" 200 30
200.73.230.197 - - [01/Mar/2018:15:38:54 -0300] "GET /cormun/servlet/trsolicitudot? HTTP/1.1" 200 7128
200.73.230.197 - - [01/Mar/2018:15:38:56 -0300] "GET /cormun/servlet/trsolicitudot? HTTP/1.1" 200 7128
200.73.230.197 - - [01/Mar/2018:15:39:02 -0300] "GET /cormun/servlet/solicitudot?INS,0,0, HTTP/1.1" 200 13360
200.73.230.197 - - [01/Mar/2018:15:39:04 -0300] "GET /cormun/servlet/solicitudot?INS,0,0, HTTP/1.1" 200 13365
191.125.59.191 - - [01/Mar/2018:15:39:13 -0300] "POST /cormun/servlet/solicitudot?03dc1b970561dc2b39cd0cdba71bb2d2,INS,0,0,,gx-no-cache=1519929524427 HTTP/1.1" 200 93
191.125.59.191 - - [01/Mar/2018:15:39:13 -0300] "GET /cormun/servlet/hpexe_return? HTTP/1.1" 200 1008
191.125.59.191 - - [01/Mar/2018:15:39:14 -0300] "GET /cormun/static/gxcfg.js?2016101716175148 HTTP/1.1" 200 953
191.125.59.191 - - [01/Mar/2018:15:39:14 -0300] "GET /cormun/static/Resources/Spanish/PXTools.css?167811 HTTP/1.1" 200 89042
191.125.59.191 - - [01/Mar/2018:15:39:14 -0300] "GET /cormun/static/hpexe_return.js?2016101716175153 HTTP/1.1" 200 1633
191.125.59.191 - - [01/Mar/2018:15:39:16 -0300] "GET /cormun/servlet/trsolicitudot? HTTP/1.1" 200 21847
191.125.59.191 - - [01/Mar/2018:15:39:18 -0300] "GET /cormun/servlet/trsolicitudot? HTTP/1.1" 200 21842
200.86.99.60 - - [01/Mar/2018:15:39:24 -0300] "POST /cormun/servlet/solicitudot?gx-no-cache=1519929514600 HTTP/1.1" 200 1336
200.86.99.60 - - [01/Mar/2018:15:39:24 -0300] "POST /cormun/servlet/solicitudot?gx-no-cache=1519929519025 HTTP/1.1" 200 41
200.86.99.60 - - [01/Mar/2018:15:39:25 -0300] "POST /cormun/servlet/solicitudot?gx-no-cache=1519929519165 HTTP/1.1" 200 1319
200.86.99.60 - - [01/Mar/2018:15:39:26 -0300] "POST /cormun/servlet/solicitudot?gx-no-cache=1519929519452 HTTP/1.1" 200 1218
200.86.99.60 - - [01/Mar/2018:15:39:26 -0300] "GET /cormun/servlet/solicitudot?94b95716d195172a0154858f154ebac26e660fa4c654e79511398f5c8e14aa3a8b23c3b865bc78fdc18b687c2d80d42e,gx-no-cache=1519929520228 HTTP/1.1" 200 30
200.86.99.60 - - [01/Mar/2018:15:39:26 -0300] "POST /cormun/servlet/solicitudot?gx-no-cache=1519929520353 HTTP/1.1" 200 30
200.73.230.197 - - [01/Mar/2018:15:39:31 -0300] "GET /cormun/servlet/prfichaempleado?,MD,,gxPopupLevel%3D0%3B HTTP/1.1" 200 9264
200.73.230.197 - - [01/Mar/2018:15:39:32 -0300] "GET /cormun/static/gxui/gxui-all.css?110300 HTTP/1.1" 200 2179
200.73.230.197 - - [01/Mar/2018:15:39:32 -0300] "GET /cormun/static/gxcfg.js?20177612134814 HTTP/1.1" 200 953
200.73.230.197 - - [01/Mar/2018:15:39:32 -0300] "GET /cormun/static/prfichaempleado.js?20177612134999 HTTP/1.1" 200 16006
191.125.59.191 - - [01/Mar/2018:15:39:33 -0300] "POST /cormun/servlet/trsolicitudot?03dc1b970561dc2b39cd0cdba71bb2d2,,gx-no-cache=1519929547157 HTTP/1.1" 200 105
191.125.59.191 - - [01/Mar/2018:15:39:34 -0300] "GET /cormun/servlet/solicitudot?UPD,2018,9798, HTTP/1.1" 200 15506
200.73.230.197 - - [01/Mar/2018:15:39:34 -0300] "GET /cormun/static/Shared/ext/resources/css/ext-all.css?205870 HTTP/1.1" 200 416045
191.125.59.191 - - [01/Mar/2018:15:39:35 -0300] "GET /cormun/servlet/solicitudot?UPD,2018,9798, HTTP/1.1" 200 15515
191.125.59.191 - - [01/Mar/2018:15:39:38 -0300] "POST /cormun/servlet/solicitudot?gx-no-cache=1519929558208 HTTP/1.1" 200 3412
191.125.59.191 - - [01/Mar/2018:15:39:46 -0300] "POST /cormun/servlet/solicitudot?03dc1b970561dc2b39cd0cdba71bb2d2,UPD,2018,9798,,gx-no-cache=1519929561475 HTTP/1.1" 200 11738
191.125.59.191 - - [01/Mar/2018:15:39:47 -0300] "GET /cormun/servlet/solicitudot?bbd9b50e36c7a0a10caa5ebf312cd8fbf78f1709b2ea6919c663bc519f34fc17591e0521ee816949015751736d8bbc69,gx-no-cache=1519929570354 HTTP/1.1" 200 30
191.125.59.191 - - [01/Mar/2018:15:39:49 -0300] "GET /cormun/servlet/solicitudot?bbd9b50e36c7a0a10caa5ebf312cd8fb317bcf2edbe1264a886afddd511d52d8f1e9c80eb1b71bb74da2f92194efaebd793826bc6f45ad8987346b9d3e888e42,gx-no-cache=1519929570549 HTTP/1.1" 200 30
191.125.59.191 - - [01/Mar/2018:15:39:49 -0300] "GET /cormun/servlet/solicitudot?bbd9b50e36c7a0a10caa5ebf312cd8fb969acdba73d534566b8e66028882661c8eb2087d788717c5130262cf54e873a9f70b6573caa6e76e009d3975c2d2cbd6272c3819acb5b85be9b2656250a65ed9,gx-no-cache=1519929572716 HTTP/1.1" 200 59
191.125.59.191 - - [01/Mar/2018:15:39:50 -0300] "POST /cormun/servlet/solicitudot?gx-no-cache=1519929572874 HTTP/1.1" 200 240
191.125.59.191 - - [01/Mar/2018:15:39:51 -0300] "GET /cormun/servlet/solicitudot?bbd9b50e36c7a0a10caa5ebf312cd8fb58f4a86795ead7cae4ebdcab22b712881cc0b86c452acca2c7d0c744c8e2ebd5204aa342e6700ab42dcad0a88e78252cc8e64cc4adf4f7f68653e8f666be2a4739063c7724aae2db7638990288d186dd9127f063a2d4cee59828e819e370de51fcfbf27a467a052c30bfab440322c523a55be742c476a059d12b88f37b863436d9486a11ba557f0ac9af46e406dbc973a5dd6ce8ad78990d38910ebc7fdf779fc556f2782787a179b5faea1ebc7544c65012d78fa4035e7d21f60c8942b6da49f336f54d678e81c89240b33e91852c3797e32c794ac15a49d15edeb5807977b99646ce21095bfffbff18cee9a27a3d1b317d973ba2cfb3646eb011b6b5697c85fd623b7b6dd02144a5512b4ce4905f6ec82c9846a57bb46f5414f15599723563928c6eea9938f180dc8a261c5f5dcfd423a05924226c1fb395288d9160e6e6953c46b33282225c8aa21d382b92e9631d42f949bc6b52d436dfee0e04f846ae0046e0fcce73fa9bd9e2b30b3ae9c4e48a,gx-no-cache=1519929573044 HTTP/1.1" 200 30
191.125.59.191 - - [01/Mar/2018:15:39:52 -0300] "POST /cormun/servlet/solicitudot?gx-no-cache=1519929574899 HTTP/1.1" 200 30
191.125.59.191 - - [01/Mar/2018:15:39:53 -0300] "POST /cormun/servlet/solicitudot?gx-no-cache=1519929575075 HTTP/1.1" 200 1336
191.125.59.191 - - [01/Mar/2018:15:39:56 -0300] "POST /cormun/servlet/solicitudot?gx-no-cache=1519929576821 HTTP/1.1" 200 41
200.73.230.197 - - [01/Mar/2018:15:40:03 -0300] "POST /cormun/servlet/prfichaempleado?8e866117f8bccda6c311f7a18e880316,,MD,,gxPopupLevel%3D0%3B,gx-no-cache=1519929555259 HTTP/1.1" 200 3418
200.73.230.197 - - [01/Mar/2018:15:40:18 -0300] "POST /cormun/servlet/solicitudot?gx-no-cache=1519929570877 HTTP/1.1" 200 3406
200.73.230.197 - - [01/Mar/2018:15:40:19 -0300] "POST /cormun/servlet/solicitudot?8e866117f8bccda6c311f7a18e880316,INS,0,0,,gx-no-cache=1519929572138 HTTP/1.1" 200 10401
200.73.230.197 - - [01/Mar/2018:15:40:27 -0300] "GET /cormun/servlet/prbanco?,MD,,gxPopupLevel%3D0%3B HTTP/1.1" 200 6552
200.73.230.197 - - [01/Mar/2018:15:40:31 -0300] "POST /cormun/servlet/acontrolpreferencessavestate?None,CA-36,true HTTP/1.1" 200 35
200.73.230.197 - - [01/Mar/2018:15:40:34 -0300] "GET /cormun/servlet/solicitudot?1b66e28ee707c96c31d4b7fce668723bf3a22a9698d02b15a40233a58618e18879bd95668d737db1ec209a1c9a76d236,gx-no-cache=1519929587331 HTTP/1.1" 200 30
200.73.230.197 - - [01/Mar/2018:15:40:34 -0300] "GET /cormun/servlet/solicitudot?1b66e28ee707c96c31d4b7fce668723b804d0541ae0e3226d1de1af8c5c63540ab4adbecdbb9471de9548c9023440123134a336dae982beeb01349756aeac6d1,gx-no-cache=1519929587589 HTTP/1.1" 200 30
200.73.230.197 - - [01/Mar/2018:15:40:41 -0300] "GET /cormun/servlet/solicitudot?1b66e28ee707c96c31d4b7fce668723b8bdf08a719c324037581bb03bf0b8c17,gx-no-cache=1519929594665 HTTP/1.1" 200 53
192.168.10.96 - - [01/Mar/2018:15:41:11 -0300] "POST /cormun/servlet/trsolicitudgral?8aa09d96e9d0ef62f6a23a0d270c345b,,gx-no-cache=1519929503457 HTTP/1.1" 200 25722
200.86.99.60 - - [01/Mar/2018:15:41:11 -0300] "POST /cormun/servlet/solicitudot?gx-no-cache=1519929625354 HTTP/1.1" 200 1336
200.86.99.60 - - [01/Mar/2018:15:41:11 -0300] "POST /cormun/servlet/solicitudot?gx-no-cache=1519929625906 HTTP/1.1" 200 41
200.86.99.60 - - [01/Mar/2018:15:41:12 -0300] "POST /cormun/servlet/solicitudot?gx-no-cache=1519929626013 HTTP/1.1" 200 1319
200.86.99.60 - - [01/Mar/2018:15:41:12 -0300] "POST /cormun/servlet/solicitudot?gx-no-cache=1519929626717 HTTP/1.1" 200 1218
200.86.99.60 - - [01/Mar/2018:15:41:13 -0300] "GET /cormun/servlet/solicitudot?94b95716d195172a0154858f154ebac26e660fa4c654e79511398f5c8e14aa3a8b23c3b865bc78fdc18b687c2d80d42e,gx-no-cache=1519929626983 HTTP/1.1" 200 30
200.86.99.60 - - [01/Mar/2018:15:41:13 -0300] "POST /cormun/servlet/solicitudot?gx-no-cache=1519929627399 HTTP/1.1" 200 30
200.73.230.197 - - [01/Mar/2018:15:41:15 -0300] "POST /cormun/servlet/solicitudot?8e866117f8bccda6c311f7a18e880316,INS,0,0,,gx-no-cache=1519929624384 HTTP/1.1" 200 10492
200.73.230.197 - - [01/Mar/2018:15:41:15 -0300] "GET /cormun/static/Shared/jqueryui/images/ui-bg_highlight-soft_100_c6c2c8_1x100.png HTTP/1.1" 404 1117
200.73.230.197 - - [01/Mar/2018:15:41:15 -0300] "GET /cormun/static/Shared/jqueryui/images/ui-bg_flat_55_fafafa_40x100.png HTTP/1.1" 404 1097
200.73.230.197 - - [01/Mar/2018:15:41:15 -0300] "GET /cormun/static/Shared/jqueryui/images/ui-icons_8d78a5_256x240.png HTTP/1.1" 404 1089
200.73.230.197 - - [01/Mar/2018:15:41:15 -0300] "GET /cormun/static/Shared/jqueryui/images/ui-icons_82798d_256x240.png HTTP/1.1" 404 1089
200.73.230.197 - - [01/Mar/2018:15:41:20 -0300] "GET /cormun/servlet/solicitudot?1b66e28ee707c96c31d4b7fce668723bf3a22a9698d02b15a40233a58618e188f447dd74431e15158b271b21da8bbf9a,gx-no-cache=1519929633266 HTTP/1.1" 200 30
200.73.230.197 - - [01/Mar/2018:15:41:20 -0300] "GET /cormun/servlet/solicitudot?1b66e28ee707c96c31d4b7fce668723b804d0541ae0e3226d1de1af8c5c63540ab4adbecdbb9471de9548c9023440123b084f79264e571b9f8062c0412224477,gx-no-cache=1519929633686 HTTP/1.1" 200 30
200.73.230.197 - - [01/Mar/2018:15:41:20 -0300] "GET /cormun/servlet/solicitudot?1b66e28ee707c96c31d4b7fce668723b16b740e1dc3e187b88dec38d731ebc773715ce7e0f7b8b8c8d759ff7842e58afe4085469f1d8fc0ce0788a0d9a115859,gx-no-cache=1519929633846 HTTP/1.1" 200 53
200.73.230.197 - - [01/Mar/2018:15:41:20 -0300] "POST /cormun/servlet/solicitudot?gx-no-cache=1519929634025 HTTP/1.1" 200 255
200.73.230.197 - - [01/Mar/2018:15:41:20 -0300] "GET /cormun/servlet/solicitudot?1b66e28ee707c96c31d4b7fce668723b66bcb377710461feac100c092c2b38d1e90ea43512055065d220d97b7a6409822027aa3890822bf1c16ed71645d4090b277f7f3b17c021fdc644e0ab01fab8928fefb0baaa61782a76e30bdb3f1d5a370d318e16a83b1b21b3d3c2ea491fc46b7e89be54e7c8117db8c5452c8a04ae6b56bba824a2e1bbf3e9749d2180630a860067641b0d85578f09fc4450ecebfcd19baee4b8e5bae5a7c80eae7f6bb60d7d72b36c62c9513b60245697a943c0cbf3383232e4d07e6c85e75a99ef2ce701c37803e024253de49548a5400af693817306af5f51ede921b2efdb9a1090a42a5e7cfdd51e6ba7a3e42fb6735743d11ce069d4265086e743d5303fc5ff4f9a9177416dd46911d8a8dd36389f565ea70fccbce5bb5fce7bbdd83da27e36a88e737de243e52648db4ffa88e6c1d7f3136c2915bc7ad1c6be62b1fd2a5116044f67db9675d86166e611656049334f2c4ec2c3802e1f96b7f933a12a7ac899355a1fac4b540bdfb492c957b41c548305918cdd,gx-no-cache=1519929634254 HTTP/1.1" 200 30
200.73.230.197 - - [01/Mar/2018:15:41:23 -0300] "POST /cormun/servlet/solicitudot?gx-no-cache=1519929636865 HTTP/1.1" 200 30
200.86.99.60 - - [01/Mar/2018:15:41:28 -0300] "POST /cormun/servlet/solicitudot?gx-no-cache=1519929641539 HTTP/1.1" 200 1336
192.168.10.96 - - [01/Mar/2018:15:41:28 -0300] "POST /cormun/servlet/trsolicitudgral?8aa09d96e9d0ef62f6a23a0d270c345b,,gx-no-cache=1519929517872 HTTP/1.1" 200 105
200.73.230.197 - - [01/Mar/2018:15:41:28 -0300] "POST /cormun/servlet/solicitudot?gx-no-cache=1519929640839 HTTP/1.1" 200 1337
200.86.99.60 - - [01/Mar/2018:15:41:28 -0300] "POST /cormun/servlet/solicitudot?gx-no-cache=1519929642292 HTTP/1.1" 200 41
192.168.10.96 - - [01/Mar/2018:15:41:28 -0300] "GET /cormun/SolicitudGral-6162.xls HTTP/1.1" 200 250880
200.73.230.197 - - [01/Mar/2018:15:41:28 -0300] "POST /cormun/servlet/solicitudot?gx-no-cache=1519929641758 HTTP/1.1" 200 38
200.86.99.60 - - [01/Mar/2018:15:41:28 -0300] "POST /cormun/servlet/solicitudot?gx-no-cache=1519929642438 HTTP/1.1" 200 1319
200.86.99.60 - - [01/Mar/2018:15:41:30 -0300] "POST /cormun/servlet/solicitudot?gx-no-cache=1519929643080 HTTP/1.1" 200 1218
200.86.99.60 - - [01/Mar/2018:15:41:30 -0300] "GET /cormun/servlet/solicitudot?94b95716d195172a0154858f154ebac26e660fa4c654e79511398f5c8e14aa3a8b23c3b865bc78fdc18b687c2d80d42e,gx-no-cache=1519929644248 HTTP/1.1" 200 30
200.86.99.60 - - [01/Mar/2018:15:41:30 -0300] "POST /cormun/servlet/solicitudot?gx-no-cache=1519929644366 HTTP/1.1" 200 30
200.86.99.60 - - [01/Mar/2018:15:41:34 -0300] "POST /cormun/servlet/solicitudot?9d9274522ad8589dcf622d3f18c731ff,INS,0,0,,gx-no-cache=1519929646175 HTTP/1.1" 200 11990
200.86.99.60 - - [01/Mar/2018:15:41:34 -0300] "GET /cormun/static/Shared/jqueryui/images/ui-bg_highlight-soft_100_c6c2c8_1x100.png HTTP/1.1" 404 1117
200.73.230.197 - - [01/Mar/2018:15:41:34 -0300] "GET /cormun/servlet/solicitudot?1b66e28ee707c96c31d4b7fce668723b178e12f20b3cfd35bf4293286da3f1baf17ea192457c50b02b2275bb17852e7721d3c34071df6886f0d69c26b404419f7604eb8d2e0efdd5770812a33fb69f5a22d35f425fe2d4802dac70fb7d9e7456427e6052abf5aaed8c8cc96f0d9a12b12741a0c9755351215630b9eef1d51d92e081a0c1128ac882c14778e92f672f8fd0f93c4b07d12bc8dc84db346eae7187e6de0a51f1aa5edfb031c1a8849d0ba9febaa721dc5fa564c772a4cd513001aeab74a2fbb0d8526dd6f1ca2a2da33632,gx-no-cache=1519929647451 HTTP/1.1" 200 29
200.86.99.60 - - [01/Mar/2018:15:41:34 -0300] "GET /cormun/static/Shared/jqueryui/images/ui-bg_flat_55_994d53_40x100.png HTTP/1.1" 404 1097
200.86.99.60 - - [01/Mar/2018:15:41:34 -0300] "GET /cormun/static/Shared/jqueryui/images/ui-icons_82798d_256x240.png HTTP/1.1" 404 1089
200.86.99.60 - - [01/Mar/2018:15:41:34 -0300] "GET /cormun/static/Shared/jqueryui/images/ui-icons_ebccce_256x240.png HTTP/1.1" 404 1089
200.73.230.197 - - [01/Mar/2018:15:41:40 -0300] "POST /cormun/servlet/solicitudot?gx-no-cache=1519929652737 HTTP/1.1" 200 1319
200.73.230.197 - - [01/Mar/2018:15:41:43 -0300] "POST /cormun/servlet/solicitudot?gx-no-cache=1519929653855 HTTP/1.1" 200 1219
200.73.230.197 - - [01/Mar/2018:15:41:45 -0300] "POST /cormun/servlet/solicitudot?gx-no-cache=1519929658843 HTTP/1.1" 200 1319
200.73.230.197 - - [01/Mar/2018:15:41:46 -0300] "POST /cormun/servlet/solicitudot?gx-no-cache=1519929659159 HTTP/1.1" 200 1219
191.125.59.191 - - [01/Mar/2018:15:41:47 -0300] "GET /cormun/servlet/solicitudot?UPD,2018,9798, HTTP/1.1" 200 15506
200.73.230.197 - - [01/Mar/2018:15:41:47 -0300] "GET /cormun/static/menuarrow.gif HTTP/1.1" 404 1015
191.125.59.191 - - [01/Mar/2018:15:41:48 -0300] "GET /cormun/static/scaMessage/css/jquery.pnotify.default.css?1716380 HTTP/1.1" 304 -
191.125.59.191 - - [01/Mar/2018:15:41:48 -0300] "GET /cormun/static/SmoothNavMenu/resources/ddsmoothmenu-v.css?1012540 HTTP/1.1" 200 1188
191.125.59.191 - - [01/Mar/2018:15:41:48 -0300] "GET /cormun/static/Shared/jqueryui/jquery-ui.min.css?1245370 HTTP/1.1" 304 -
191.125.59.191 - - [01/Mar/2018:15:41:48 -0300] "GET /cormun/static/gxcfg.js?201812313224582 HTTP/1.1" 304 -
191.125.59.191 - - [01/Mar/2018:15:41:48 -0300] "GET /cormun/static/calendar.js?85251 HTTP/1.1" 304 -
191.125.59.191 - - [01/Mar/2018:15:41:48 -0300] "GET /cormun/static/gxtimezone.js?85251 HTTP/1.1" 304 -
191.125.59.191 - - [01/Mar/2018:15:41:48 -0300] "GET /cormun/static/calendar-setup.js?85251 HTTP/1.1" 304 -
191.125.59.191 - - [01/Mar/2018:15:41:48 -0300] "GET /cormun/static/calendar-es.js?85251 HTTP/1.1" 304 -
191.125.59.191 - - [01/Mar/2018:15:41:48 -0300] "GET /cormun/static/gxgral.js?85251 HTTP/1.1" 304 -
191.125.59.191 - - [01/Mar/2018:15:41:48 -0300] "GET /cormun/static/PXToolsJavascripts/pexe_windows.js HTTP/1.1" 304 -
191.125.59.191 - - [01/Mar/2018:15:41:48 -0300] "GET /cormun/static/PXToolsJavascripts/pexe_grid.js HTTP/1.1" 304 -
200.73.230.197 - - [01/Mar/2018:15:41:48 -0300] "GET /cormun/servlet/solicitudot?1b66e28ee707c96c31d4b7fce668723b78fe57da0716e9fea08c8e279ea78ed9aefe19cbcb2d61972ca69346dac46b8c,gx-no-cache=1519929662212 HTTP/1.1" 200 30
191.125.59.191 - - [01/Mar/2018:15:41:48 -0300] "GET /cormun/static/PXToolsJavascripts/pexe_griddivfix.js HTTP/1.1" 304 -
191.125.59.191 - - [01/Mar/2018:15:41:49 -0300] "GET /cormun/static/PXToolsJavascripts/pexe_autoreload.js HTTP/1.1" 304 -
191.125.59.191 - - [01/Mar/2018:15:41:49 -0300] "GET /cormun/static/PXToolsJavascripts/pexe_menudivfix.js HTTP/1.1" 304 -
191.125.59.191 - - [01/Mar/2018:15:41:49 -0300] "GET /cormun/static/calendar-system.css?85620 HTTP/1.1" 304 -
191.125.59.191 - - [01/Mar/2018:15:41:49 -0300] "GET /cormun/static/Resources/Spanish/PXTools.css?1255365 HTTP/1.1" 304 -
191.125.59.191 - - [01/Mar/2018:15:41:49 -0300] "GET /cormun/static/PXToolsJavascripts/pexe_menus.js HTTP/1.1" 304 -
191.125.59.191 - - [01/Mar/2018:15:41:49 -0300] "GET /cormun/static/PXToolsJavascripts/pexe_layers.js HTTP/1.1" 304 -
191.125.59.191 - - [01/Mar/2018:15:41:49 -0300] "GET /cormun/static/PXToolsJavascripts/pexe_link.js HTTP/1.1" 200 5671
191.125.59.191 - - [01/Mar/2018:15:41:49 -0300] "GET /cormun/static/PXToolsJavascripts/pexe_oav.js HTTP/1.1" 304 -
191.125.59.191 - - [01/Mar/2018:15:41:49 -0300] "GET /cormun/static/SmoothNavMenu/resources/ddsmoothmenu.css?1012540 HTTP/1.1" 304 -
191.125.59.191 - - [01/Mar/2018:15:41:49 -0300] "GET /cormun/static/PXToolsJavascripts/pexe_oavdivfix.js HTTP/1.1" 304 -
191.125.59.191 - - [01/Mar/2018:15:41:49 -0300] "GET /cormun/static/PXToolsJavascripts/pexe_tabdivfix.js HTTP/1.1" 304 -
191.125.59.191 - - [01/Mar/2018:15:41:49 -0300] "GET /cormun/static/PXToolsJavascripts/pexe_popup.js HTTP/1.1" 200 13458
191.125.59.191 - - [01/Mar/2018:15:41:49 -0300] "GET /cormun/static/PXToolsJavascripts/PXToolsJavascriptsRender.js HTTP/1.1" 304 -
191.125.59.191 - - [01/Mar/2018:15:41:49 -0300] "GET /cormun/static/PXToolsJavascripts/pexe_tabs.js HTTP/1.1" 304 -
191.125.59.191 - - [01/Mar/2018:15:41:49 -0300] "GET /cormun/static/PXToolsJavascripts/pexe_cookies.js HTTP/1.1" 304 -
191.125.59.191 - - [01/Mar/2018:15:41:50 -0300] "GET /cormun/static/PXToolsJavascripts/pexe_upload.js HTTP/1.1" 304 -
191.125.59.191 - - [01/Mar/2018:15:41:50 -0300] "GET /cormun/static/Shared/ext/locale/ext-lang-en.js HTTP/1.1" 304 -
191.125.59.191 - - [01/Mar/2018:15:41:50 -0300] "GET /cormun/static/Shared/ext/ext-all.js HTTP/1.1" 304 -
191.125.59.191 - - [01/Mar/2018:15:41:50 -0300] "GET /cormun/static/messages.spa.js?85251 HTTP/1.1" 304 -
191.125.59.191 - - [01/Mar/2018:15:41:50 -0300] "GET /cormun/static/PXToolsJavascripts/pexe_scrolldiv.js HTTP/1.1" 304 -
191.125.59.191 - - [01/Mar/2018:15:41:50 -0300] "GET /cormun/static/gxdec.js?85251 HTTP/1.1" 304 -
191.125.59.191 - - [01/Mar/2018:15:41:50 -0300] "GET /cormun/static/PXToolsJavascripts/pexe_picture.js HTTP/1.1" 304 -
191.125.59.191 - - [01/Mar/2018:15:41:50 -0300] "GET /cormun/static/solicitudot.js?201812313224831 HTTP/1.1" 304 -
191.125.59.191 - - [01/Mar/2018:15:41:50 -0300] "GET /cormun/static/hwchdr01.js?201752511465785 HTTP/1.1" 304 -
191.125.59.191 - - [01/Mar/2018:15:41:50 -0300] "GET /cormun/static/hpexe_scripts.js?201752511465715 HTTP/1.1" 304 -
191.125.59.191 - - [01/Mar/2018:15:41:50 -0300] "GET /cormun/static/hpexe_messagecontroller.js?20177611595012 HTTP/1.1" 304 -
191.125.59.191 - - [01/Mar/2018:15:41:50 -0300] "GET /cormun/static/hpexe_messagepopupcomponent.js?20161017169425 HTTP/1.1" 304 -
191.125.59.191 - - [01/Mar/2018:15:41:50 -0300] "GET /cormun/static/hpexe_messagegenexuscomponent.js?201752511465344 HTTP/1.1" 304 -
191.125.59.191 - - [01/Mar/2018:15:41:50 -0300] "GET /cormun/static/cmcontrolpreferences.js?201752511465670 HTTP/1.1" 304 -
191.125.59.191 - - [01/Mar/2018:15:41:50 -0300] "GET /cormun/static/SmoothNavMenu/resources/ddsmoothmenu.js HTTP/1.1" 304 -
191.125.59.191 - - [01/Mar/2018:15:41:50 -0300] "GET /cormun/static/hpexe_recentlink.js?20177611595044 HTTP/1.1" 304 -
191.125.59.191 - - [01/Mar/2018:15:41:50 -0300] "GET /cormun/static/scaMessage/js/jquery.pnotify.min.js HTTP/1.1" 304 -
191.125.59.191 - - [01/Mar/2018:15:41:50 -0300] "GET /cormun/static/Shared/jqueryui/jquery-ui.min.js HTTP/1.1" 304 -
191.125.59.191 - - [01/Mar/2018:15:41:50 -0300] "GET /cormun/static/RunJS/RunJS.js HTTP/1.1" 304 -
191.125.59.191 - - [01/Mar/2018:15:41:50 -0300] "GET /cormun/static/scaMessage/scaMessageRender.js HTTP/1.1" 304 -
191.125.59.191 - - [01/Mar/2018:15:41:51 -0300] "GET /cormun/static/Shared/jquery/jquery-1.10.2.min.js HTTP/1.1" 304 -
191.125.59.191 - - [01/Mar/2018:15:41:51 -0300] "GET /cormun/static/Resources/logo4.png HTTP/1.1" 304 -
191.125.59.191 - - [01/Mar/2018:15:41:51 -0300] "GET /cormun/static/Resources/PXToolsHeaderActionsLeft.png HTTP/1.1" 304 -
191.125.59.191 - - [01/Mar/2018:15:41:51 -0300] "GET /cormun/static/SmoothNavMenu/resources/SmoothNavMenuRender.js HTTP/1.1" 304 -
191.125.59.191 - - [01/Mar/2018:15:41:51 -0300] "GET /cormun/static/Resources/PXToolsHeaderHome.png HTTP/1.1" 304 -
191.125.59.191 - - [01/Mar/2018:15:41:51 -0300] "GET /cormun/static/Resources/PXToolsHeaderLogin.png HTTP/1.1" 200 4279
191.125.59.191 - - [01/Mar/2018:15:41:51 -0300] "GET /cormun/static/hmpwkw03.js?20177612122668 HTTP/1.1" 304 -
191.125.59.191 - - [01/Mar/2018:15:41:51 -0300] "GET /cormun/static/Resources/PXToolsHeaderPreferences.png HTTP/1.1" 304 -
200.86.99.60 - - [01/Mar/2018:15:41:51 -0300] "POST /cormun/servlet/solicitudot?gx-no-cache=1519929665072 HTTP/1.1" 200 30
191.125.59.191 - - [01/Mar/2018:15:41:51 -0300] "GET /cormun/static/Shared/jquery/jquery-1.4.2.min.js HTTP/1.1" 200 72174
191.125.59.191 - - [01/Mar/2018:15:41:51 -0300] "GET /cormun/static/gxui/gxui-all.js HTTP/1.1" 304 -
191.125.59.191 - - [01/Mar/2018:15:41:51 -0300] "GET /cormun/static/Resources/prompt.gif HTTP/1.1" 200 902
191.125.59.191 - - [01/Mar/2018:15:41:51 -0300] "GET /cormun/static/Resources/PXToolsHeaderBackground2.png HTTP/1.1" 304 -
191.125.59.191 - - [01/Mar/2018:15:41:51 -0300] "GET /cormun/static/Resources/PXToolsFooterBackground2.png HTTP/1.1" 304 -
191.125.59.191 - - [01/Mar/2018:15:41:51 -0300] "GET /cormun/static/Resources/PXToolsHeaderSecurity.png HTTP/1.1" 200 4166
191.125.59.191 - - [01/Mar/2018:15:41:51 -0300] "GET /cormun/static/Resources/PXToolsHeaderActionsBackground.png HTTP/1.1" 304 -
191.125.59.191 - - [01/Mar/2018:15:41:51 -0300] "GET /cormun/static/Resources/PXToolsDataTitle.png HTTP/1.1" 304 -
191.125.59.191 - - [01/Mar/2018:15:41:51 -0300] "GET /cormun/static/Resources/PXToolsButtonLeft21.png HTTP/1.1" 304 -
191.125.59.191 - - [01/Mar/2018:15:41:51 -0300] "GET /cormun/static/Resources/PXToolsButtonBackground2.png HTTP/1.1" 200 1181
191.125.59.191 - - [01/Mar/2018:15:41:51 -0300] "GET /cormun/static/Resources/PXToolsButtonRight21.png HTTP/1.1" 304 -
191.125.59.191 - - [01/Mar/2018:15:41:51 -0300] "GET /cormun/static/Resources/PXTools/calendar.png HTTP/1.1" 304 -
191.125.59.191 - - [01/Mar/2018:15:41:52 -0300] "GET /cormun/static/SmoothNavMenu/resources/images/down.gif HTTP/1.1" 304 -
191.125.59.191 - - [01/Mar/2018:15:41:52 -0300] "GET /cormun/static/Resources/indicator.gif HTTP/1.1" 304 -
191.125.59.191 - - [01/Mar/2018:15:41:52 -0300] "GET /cormun/static/Resources/PXToolsHeaderActionsRight.png HTTP/1.1" 304 -
191.125.59.191 - - [01/Mar/2018:15:41:52 -0300] "GET /cormun/static/SmoothNavMenu/resources/images/right.gif HTTP/1.1" 304 -
191.125.59.191 - - [01/Mar/2018:15:41:52 -0300] "GET /cormun/servlet/solicitudot?UPD,2018,9798, HTTP/1.1" 200 15515
191.125.59.191 - - [01/Mar/2018:15:41:52 -0300] "POST /cormun/servlet/solicitudot?gx-no-cache=1519929695119 HTTP/1.1" 200 3412
191.125.59.191 - - [01/Mar/2018:15:41:59 -0300] "POST /cormun/servlet/solicitudot?03dc1b970561dc2b39cd0cdba71bb2d2,UPD,2018,9798,,gx-no-cache=1519929695935 HTTP/1.1" 200 11738
200.73.230.197 - - [01/Mar/2018:15:42:01 -0300] "POST /cormun/servlet/solicitudot?gx-no-cache=1519929674523 HTTP/1.1" 200 30
191.125.59.191 - - [01/Mar/2018:15:42:01 -0300] "GET /cormun/servlet/solicitudot?bbd9b50e36c7a0a10caa5ebf312cd8fbf78f1709b2ea6919c663bc519f34fc17591e0521ee816949015751736d8bbc69,gx-no-cache=1519929703590 HTTP/1.1" 200 30
191.125.59.191 - - [01/Mar/2018:15:42:02 -0300] "GET /cormun/servlet/solicitudot?bbd9b50e36c7a0a10caa5ebf312cd8fb317bcf2edbe1264a886afddd511d52d8f1e9c80eb1b71bb74da2f92194efaebd793826bc6f45ad8987346b9d3e888e42,gx-no-cache=1519929704804 HTTP/1.1" 200 30
191.125.59.191 - - [01/Mar/2018:15:42:02 -0300] "GET /cormun/servlet/solicitudot?bbd9b50e36c7a0a10caa5ebf312cd8fb969acdba73d534566b8e66028882661c8eb2087d788717c5130262cf54e873a9f70b6573caa6e76e009d3975c2d2cbd6272c3819acb5b85be9b2656250a65ed9,gx-no-cache=1519929704992 HTTP/1.1" 200 59
191.125.59.191 - - [01/Mar/2018:15:42:03 -0300] "POST /cormun/servlet/solicitudot?gx-no-cache=1519929705206 HTTP/1.1" 200 240
191.125.59.191 - - [01/Mar/2018:15:42:03 -0300] "GET /cormun/servlet/solicitudot?bbd9b50e36c7a0a10caa5ebf312cd8fb58f4a86795ead7cae4ebdcab22b712881cc0b86c452acca2c7d0c744c8e2ebd5204aa342e6700ab42dcad0a88e78252cc8e64cc4adf4f7f68653e8f666be2a4739063c7724aae2db7638990288d186dd9127f063a2d4cee59828e819e370de51fcfbf27a467a052c30bfab440322c523a55be742c476a059d12b88f37b863436d9486a11ba557f0ac9af46e406dbc973a5dd6ce8ad78990d38910ebc7fdf779fc556f2782787a179b5faea1ebc7544c65012d78fa4035e7d21f60c8942b6da49f336f54d678e81c89240b33e91852c3797e32c794ac15a49d15edeb5807977b99646ce21095bfffbff18cee9a27a3d1b317d973ba2cfb3646eb011b6b5697c85fd623b7b6dd02144a5512b4ce4905f6ec82c9846a57bb46f5414f15599723563928c6eea9938f180dc8a261c5f5dcfd423a05924226c1fb395288d9160e6e6953c46b33282225c8aa21d382b92e9631d42f949bc6b52d436dfee0e04f846ae0046e0fcce73fa9bd9e2b30b3ae9c4e48a,gx-no-cache=1519929706064 HTTP/1.1" 200 30
191.125.59.191 - - [01/Mar/2018:15:42:03 -0300] "POST /cormun/servlet/solicitudot?gx-no-cache=1519929706235 HTTP/1.1" 200 30
200.86.99.60 - - [01/Mar/2018:15:42:05 -0300] "POST /cormun/servlet/solicitudot?gx-no-cache=1519929677588 HTTP/1.1" 200 1336
191.125.59.191 - - [01/Mar/2018:15:42:07 -0300] "POST /cormun/servlet/solicitudot?gx-no-cache=1519929706435 HTTP/1.1" 200 1336
200.86.99.60 - - [01/Mar/2018:15:42:07 -0300] "POST /cormun/servlet/solicitudot?gx-no-cache=1519929679377 HTTP/1.1" 200 41
191.125.59.191 - - [01/Mar/2018:15:42:07 -0300] "POST /cormun/servlet/solicitudot?gx-no-cache=1519929710530 HTTP/1.1" 200 41
200.86.99.60 - - [01/Mar/2018:15:42:07 -0300] "POST /cormun/servlet/solicitudot?gx-no-cache=1519929681792 HTTP/1.1" 200 1319
200.86.99.60 - - [01/Mar/2018:15:42:08 -0300] "POST /cormun/servlet/solicitudot?gx-no-cache=1519929682102 HTTP/1.1" 200 1218
200.86.99.60 - - [01/Mar/2018:15:42:08 -0300] "GET /cormun/servlet/solicitudot?94b95716d195172a0154858f154ebac26e660fa4c654e79511398f5c8e14aa3a8b23c3b865bc78fdc18b687c2d80d42e,gx-no-cache=1519929682745 HTTP/1.1" 200 30
200.86.99.60 - - [01/Mar/2018:15:42:09 -0300] "POST /cormun/servlet/solicitudot?gx-no-cache=1519929683170 HTTP/1.1" 200 30
200.86.99.60 - - [01/Mar/2018:15:42:15 -0300] "POST /cormun/servlet/solicitudot?9d9274522ad8589dcf622d3f18c731ff,INS,0,0,,gx-no-cache=1519929683311 HTTP/1.1" 200 93
200.86.99.60 - - [01/Mar/2018:15:42:15 -0300] "GET /cormun/servlet/hpexe_return? HTTP/1.1" 200 1009
200.73.230.197 - - [01/Mar/2018:15:42:15 -0300] "POST /cormun/servlet/solicitudot?8e866117f8bccda6c311f7a18e880316,INS,0,0,,gx-no-cache=1519929686104 HTTP/1.1" 200 93
200.86.99.60 - - [01/Mar/2018:15:42:15 -0300] "GET /cormun/static/Resources/Spanish/PXTools.css?167811 HTTP/1.1" 200 89042
200.86.99.60 - - [01/Mar/2018:15:42:15 -0300] "GET /cormun/static/gxcfg.js?2016101716175148 HTTP/1.1" 200 953
200.73.230.197 - - [01/Mar/2018:15:42:15 -0300] "GET /cormun/servlet/hpexe_return? HTTP/1.1" 200 1010
200.73.230.197 - - [01/Mar/2018:15:42:16 -0300] "GET /cormun/servlet/trsolicitudot HTTP/1.1" 200 8541
200.86.99.60 - - [01/Mar/2018:15:42:16 -0300] "GET /cormun/servlet/trsolicitudot? HTTP/1.1" 200 7407
200.86.99.60 - - [01/Mar/2018:15:42:18 -0300] "GET /cormun/servlet/trsolicitudot? HTTP/1.1" 200 7404
200.73.230.197 - - [01/Mar/2018:15:42:18 -0300] "GET /cormun/servlet/trsolicitudot HTTP/1.1" 200 8537
200.86.99.60 - - [01/Mar/2018:15:42:24 -0300] "GET /cormun/servlet/solicitudot?INS,0,0, HTTP/1.1" 200 13598
200.86.99.60 - - [01/Mar/2018:15:42:25 -0300] "GET /cormun/servlet/trsolicitudot? HTTP/1.1" 200 7346
200.86.99.60 - - [01/Mar/2018:15:42:26 -0300] "GET /cormun/servlet/solicitudot?INS,0,0, HTTP/1.1" 200 13602
200.86.99.60 - - [01/Mar/2018:15:42:26 -0300] "GET /cormun/servlet/trsolicitudot? HTTP/1.1" 200 7404
200.86.99.60 - - [01/Mar/2018:15:42:27 -0300] "GET /cormun/servlet/hhome HTTP/1.1" 200 4148
200.86.99.60 - - [01/Mar/2018:15:42:28 -0300] "GET /cormun/servlet/hhome HTTP/1.1" 200 4144
200.86.99.60 - - [01/Mar/2018:15:42:28 -0300] "GET /cormun/servlet/hlogin HTTP/1.1" 200 1731
200.73.230.197 - - [01/Mar/2018:15:42:29 -0300] "POST /cormun/servlet/trsolicitudot?8e866117f8bccda6c311f7a18e880316,gx-no-cache=1519929700342 HTTP/1.1" 200 4487
200.73.230.197 - - [01/Mar/2018:15:42:29 -0300] "GET /cormun/static/Shared/jqueryui/images/ui-icons_82798d_256x240.png HTTP/1.1" 404 1089
200.73.230.197 - - [01/Mar/2018:15:42:30 -0300] "GET /cormun/static/Shared/jqueryui/images/ui-bg_highlight-soft_100_c6c2c8_1x100.png HTTP/1.1" 404 1117
200.73.230.197 - - [01/Mar/2018:15:42:30 -0300] "GET /cormun/static/Shared/jqueryui/images/ui-bg_flat_55_fafafa_40x100.png HTTP/1.1" 404 1097
200.73.230.197 - - [01/Mar/2018:15:42:30 -0300] "GET /cormun/static/Shared/jqueryui/images/ui-icons_8d78a5_256x240.png HTTP/1.1" 404 1089
200.86.99.60 - - [01/Mar/2018:15:42:30 -0300] "POST /cormun/servlet/hlogin?9d9274522ad8589dcf622d3f18c731ff,gx-no-cache=1519929704722 HTTP/1.1" 200 90
200.86.99.60 - - [01/Mar/2018:15:42:30 -0300] "GET /cormun/servlet/hpexe_link HTTP/1.1" 200 953
200.73.230.197 - - [01/Mar/2018:15:42:30 -0300] "POST /cormun/servlet/trsolicitudot?8e866117f8bccda6c311f7a18e880316,gx-no-cache=1519929703250 HTTP/1.1" 200 4254
200.86.99.60 - - [01/Mar/2018:15:42:32 -0300] "GET /cormun/servlet/hhome HTTP/1.1" 200 4148
200.86.99.60 - - [01/Mar/2018:15:42:35 -0300] "GET /cormun/servlet/hhome HTTP/1.1" 200 4144
200.86.99.60 - - [01/Mar/2018:15:42:38 -0300] "GET /cormun/servlet/trsolicitudot? HTTP/1.1" 200 7404
200.86.99.60 - - [01/Mar/2018:15:42:40 -0300] "GET /cormun/servlet/trsolicitudot? HTTP/1.1" 200 7404
200.86.99.60 - - [01/Mar/2018:15:42:49 -0300] "GET /cormun/servlet/trvisualizadoreventos? HTTP/1.1" 200 6902
200.86.99.60 - - [01/Mar/2018:15:42:49 -0300] "GET /cormun/static/gxcfg.js?20175251251426 HTTP/1.1" 200 953
200.86.99.60 - - [01/Mar/2018:15:42:49 -0300] "GET /cormun/static/trvisualizadoreventos.js?20175251251768 HTTP/1.1" 200 19318
200.86.99.60 - - [01/Mar/2018:15:42:50 -0300] "GET /cormun/static/Resources/PXToolsActionPrint.png HTTP/1.1" 200 3317
200.86.99.60 - - [01/Mar/2018:15:42:50 -0300] "GET /cormun/servlet/trvisualizadoreventos? HTTP/1.1" 200 6901
200.73.230.197 - - [01/Mar/2018:15:42:50 -0300] "GET /cormun/servlet/hlogin HTTP/1.1" 200 1720
200.86.99.60 - - [01/Mar/2018:15:42:58 -0300] "GET /cormun/servlet/trcontratosolicitud? HTTP/1.1" 200 11220
200.86.99.60 - - [01/Mar/2018:15:42:58 -0300] "GET /cormun/servlet/trcontratounov2? HTTP/1.1" 200 14612
200.86.99.60 - - [01/Mar/2018:15:42:58 -0300] "GET /cormun/static/gxcfg.js?20177612214014 HTTP/1.1" 200 953
200.86.99.60 - - [01/Mar/2018:15:42:59 -0300] "GET /cormun/static/trcontratosolicitud.js?20177612214349 HTTP/1.1" 200 28237
200.86.99.60 - - [01/Mar/2018:15:42:59 -0300] "GET /cormun//static/Resources/PXToolsGridNew.png HTTP/1.1" 200 2949
200.86.99.60 - - [01/Mar/2018:15:43:00 -0300] "GET /cormun/servlet/trcontratosolicitud? HTTP/1.1" 200 11177
200.73.230.197 - - [01/Mar/2018:15:43:22 -0300] "POST /cormun/servlet/hlogin?d93e5a8081e07581b6e6a58d753395b1,gx-no-cache=1519929755372 HTTP/1.1" 200 90
200.73.230.197 - - [01/Mar/2018:15:43:22 -0300] "GET /cormun/servlet/hpexe_link HTTP/1.1" 200 950
200.73.230.197 - - [01/Mar/2018:15:43:22 -0300] "GET /cormun/servlet/hhome HTTP/1.1" 200 4118
200.73.230.197 - - [01/Mar/2018:15:43:25 -0300] "GET /cormun/servlet/hhome HTTP/1.1" 200 4115
200.73.230.197 - - [01/Mar/2018:15:43:33 -0300] "GET /cormun/servlet/trautorizarsolicitud? HTTP/1.1" 200 8616
200.73.230.197 - - [01/Mar/2018:15:43:33 -0300] "GET /cormun/static/gxcfg.js?2017111423403364 HTTP/1.1" 200 953
200.73.230.197 - - [01/Mar/2018:15:43:33 -0300] "GET /cormun/static/trautorizarsolicitud.js?201711142340425 HTTP/1.1" 200 53910
200.73.230.197 - - [01/Mar/2018:15:43:35 -0300] "GET /cormun/servlet/trautorizarsolicitud? HTTP/1.1" 200 8614
191.125.59.191 - - [01/Mar/2018:15:43:41 -0300] "GET /cormun/servlet/solicitudot?bbd9b50e36c7a0a10caa5ebf312cd8fbe6fe681ceac25be8ac0f8f1418ba48d76f8f840b10a11e8171f748ed57a496bf2627f65f1a7977ccf87a74a442f7290ed138e8544fa1089e2da652a50dac654fae201ac1ab250746cda3122783f61b995bf99f18de4beea74cb9435335f59e19fb26d1be173af22c362a3f59e73aa978ea709ccc7f2078c7e668832d21beff77aa796f4948294a9d76616883cdb1e628,gx-no-cache=1519929804049 HTTP/1.1" 200 29
191.125.59.191 - - [01/Mar/2018:15:43:41 -0300] "POST /cormun/servlet/solicitudot?gx-no-cache=1519929804408 HTTP/1.1" 200 1321
191.125.59.191 - - [01/Mar/2018:15:43:43 -0300] "POST /cormun/servlet/solicitudot?gx-no-cache=1519929804854 HTTP/1.1" 200 1218
200.73.230.197 - - [01/Mar/2018:15:43:43 -0300] "GET /cormun/servlet/treventos?2018,9800, HTTP/1.1" 200 7781
200.73.230.197 - - [01/Mar/2018:15:43:43 -0300] "GET /cormun/static/gxcfg.js?2016101716195975 HTTP/1.1" 200 953
200.73.230.197 - - [01/Mar/2018:15:43:43 -0300] "GET /cormun/static/treventos.js?201610171620222 HTTP/1.1" 200 16064
191.125.59.191 - - [01/Mar/2018:15:43:44 -0300] "GET /cormun/servlet/solicitudot?bbd9b50e36c7a0a10caa5ebf312cd8fbaeac217a963a4ca65b297da8a8740e9b75aaa3e2c92437bb6660765f08fe90ff,gx-no-cache=1519929806902 HTTP/1.1" 200 30
191.125.59.191 - - [01/Mar/2018:15:43:44 -0300] "POST /cormun/servlet/solicitudot?gx-no-cache=1519929807109 HTTP/1.1" 200 34
200.73.230.197 - - [01/Mar/2018:15:43:45 -0300] "GET /cormun/servlet/treventos?2018,9800, HTTP/1.1" 200 7780
191.125.59.191 - - [01/Mar/2018:15:43:48 -0300] "GET /cormun/servlet/trsolicitudot? HTTP/1.1" 200 21849
191.125.59.191 - - [01/Mar/2018:15:43:50 -0300] "GET /cormun/servlet/trsolicitudot? HTTP/1.1" 200 21842
191.125.59.191 - - [01/Mar/2018:15:43:55 -0300] "GET /cormun/servlet/solicitudot?INS,0,0, HTTP/1.1" 200 13710
200.73.230.197 - - [01/Mar/2018:15:43:57 -0300] "POST /cormun/servlet/treventos?d93e5a8081e07581b6e6a58d753395b1,2018,9800,,gx-no-cache=1519929790129 HTTP/1.1" 200 6373
191.125.59.191 - - [01/Mar/2018:15:43:58 -0300] "GET /cormun/servlet/solicitudot?INS,0,0, HTTP/1.1" 200 13715
191.125.59.191 - - [01/Mar/2018:15:44:11 -0300] "GET /cormun/servlet/prfichaempleado?,MD,,gxPopupLevel%3D0%3B HTTP/1.1" 200 9429
200.73.230.197 - - [01/Mar/2018:15:44:19 -0300] "GET /cormun/servlet/trautorizarsolicitud? HTTP/1.1" 200 8614
200.73.230.197 - - [01/Mar/2018:15:44:21 -0300] "GET /cormun/servlet/trautorizarsolicitud? HTTP/1.1" 200 8614
200.73.230.197 - - [01/Mar/2018:15:44:40 -0300] "POST /cormun/servlet/trautorizarsolicitud?d93e5a8081e07581b6e6a58d753395b1,,gx-no-cache=1519929832397 HTTP/1.1" 200 4618
200.73.230.197 - - [01/Mar/2018:15:44:40 -0300] "GET /cormun/static/Shared/jqueryui/images/ui-bg_highlight-soft_100_c6c2c8_1x100.png HTTP/1.1" 404 1117
200.73.230.197 - - [01/Mar/2018:15:44:41 -0300] "GET /cormun/static/Shared/jqueryui/images/ui-icons_82798d_256x240.png HTTP/1.1" 404 1089
200.73.230.197 - - [01/Mar/2018:15:44:41 -0300] "GET /cormun/static/Shared/jqueryui/images/ui-bg_flat_55_fafafa_40x100.png HTTP/1.1" 404 1097
200.73.230.197 - - [01/Mar/2018:15:44:41 -0300] "GET /cormun/static/Shared/jqueryui/images/ui-icons_8d78a5_256x240.png HTTP/1.1" 404 1089
200.73.230.197 - - [01/Mar/2018:15:44:41 -0300] "POST /cormun/servlet/trautorizarsolicitud?d93e5a8081e07581b6e6a58d753395b1,,gx-no-cache=1519929834575 HTTP/1.1" 200 4386
192.168.10.89 - - [01/Mar/2018:15:44:51 -0300] "GET /cormun/servlet/vesolicitudgral?2018,9781,, HTTP/1.1" 200 9470
192.168.10.89 - - [01/Mar/2018:15:44:51 -0300] "GET /cormun/pexe_scrolldiv.js HTTP/1.1" 404 1009
192.168.10.89 - - [01/Mar/2018:15:45:14 -0300] "GET /cormun/servlet/trsolicitudgral? HTTP/1.1" 200 26292
191.125.59.191 - - [01/Mar/2018:15:45:17 -0300] "POST /cormun/servlet/prfichaempleado?03dc1b970561dc2b39cd0cdba71bb2d2,,MD,,gxPopupLevel%3D0%3B,gx-no-cache=1519929895199 HTTP/1.1" 200 3539
191.125.59.191 - - [01/Mar/2018:15:45:29 -0300] "POST /cormun/servlet/solicitudot?gx-no-cache=1519929910333 HTTP/1.1" 200 3412
192.168.10.89 - - [01/Mar/2018:15:45:44 -0300] "POST /cormun/servlet/trsolicitudgral?433c2e4528977c74042a63ca70560318,,gx-no-cache=1519929774391 HTTP/1.1" 200 25643
191.125.59.191 - - [01/Mar/2018:15:45:46 -0300] "GET /cormun/servlet/solicitudot?bbd9b50e36c7a0a10caa5ebf312cd8fbf78f1709b2ea6919c663bc519f34fc17abeb7aa5b5c1cf11b8b5de99179a80b9,gx-no-cache=1519929926578 HTTP/1.1" 200 30
191.125.59.191 - - [01/Mar/2018:15:45:46 -0300] "GET /cormun/servlet/solicitudot?INS,0,0, HTTP/1.1" 200 13715
191.125.59.191 - - [01/Mar/2018:15:45:47 -0300] "GET /cormun/servlet/solicitudot?INS,0,0, HTTP/1.1" 200 13715
191.125.59.191 - - [01/Mar/2018:15:45:48 -0300] "POST /cormun/servlet/solicitudot?03dc1b970561dc2b39cd0cdba71bb2d2,INS,0,0,,gx-no-cache=1519929912937 HTTP/1.1" 200 10556
191.125.59.191 - - [01/Mar/2018:15:45:54 -0300] "GET / HTTP/1.1" 200 11217
186.103.159.46 - - [01/Mar/2018:15:45:56 -0300] "GET /cormun/servlet/hhome HTTP/1.1" 200 3386
186.103.159.46 - - [01/Mar/2018:15:45:57 -0300] "GET /cormun/static/gxcfg.js?20175251212442 HTTP/1.1" 200 953
186.103.159.46 - - [01/Mar/2018:15:45:57 -0300] "GET /cormun/static/PXToolsJavascripts/pexe_cookies.js HTTP/1.1" 200 792
186.103.159.46 - - [01/Mar/2018:15:45:57 -0300] "GET /cormun/static/PXToolsJavascripts/pexe_menudivfix.js HTTP/1.1" 200 333
186.103.159.46 - - [01/Mar/2018:15:45:57 -0300] "GET /cormun/static/PXToolsJavascripts/pexe_oav.js HTTP/1.1" 200 645
186.103.159.46 - - [01/Mar/2018:15:45:57 -0300] "GET /cormun/static/PXToolsJavascripts/pexe_picture.js HTTP/1.1" 200 689
186.103.159.46 - - [01/Mar/2018:15:45:57 -0300] "GET /cormun/static/Resources/Spanish/PXTools.css?11423723 HTTP/1.1" 200 89042
186.103.159.46 - - [01/Mar/2018:15:45:57 -0300] "GET /cormun/static/PXToolsJavascripts/pexe_tabdivfix.js HTTP/1.1" 200 876
186.103.159.46 - - [01/Mar/2018:15:45:58 -0300] "GET /cormun/static/PXToolsJavascripts/pexe_oavdivfix.js HTTP/1.1" 200 639
186.103.159.46 - - [01/Mar/2018:15:45:58 -0300] "GET /cormun/static/gxtimezone.js?85251 HTTP/1.1" 200 5781
191.125.59.191 - - [01/Mar/2018:15:45:58 -0300] "GET / HTTP/1.1" 200 11217
186.103.159.46 - - [01/Mar/2018:15:45:58 -0300] "GET /cormun/static/PXToolsJavascripts/PXToolsJavascriptsRender.js HTTP/1.1" 200 367
186.103.159.46 - - [01/Mar/2018:15:45:58 -0300] "GET /cormun/static/hhome.js?20175251212450 HTTP/1.1" 200 777
186.103.159.46 - - [01/Mar/2018:15:45:58 -0300] "GET /cormun/static/hpexe_scripts.js?201752511465715 HTTP/1.1" 304 -
186.103.159.46 - - [01/Mar/2018:15:45:58 -0300] "GET /cormun/static/Resources/PXToolsHeaderBackground2.png HTTP/1.1" 200 1174
186.103.159.46 - - [01/Mar/2018:15:45:58 -0300] "GET /cormun/static/Resources/PXToolsHeaderHome.png HTTP/1.1" 200 4147
186.103.159.46 - - [01/Mar/2018:15:45:59 -0300] "GET /cormun/static/Resources/PXToolsHeaderSecurity.png HTTP/1.1" 200 4166
186.103.159.46 - - [01/Mar/2018:15:45:59 -0300] "GET /cormun/static/Resources/PXToolsFooterBackground2.png HTTP/1.1" 200 1172
186.103.159.46 - - [01/Mar/2018:15:45:59 -0300] "GET /cormun/static/messages.spa.js?85251 HTTP/1.1" 200 30736
186.103.159.46 - - [01/Mar/2018:15:45:59 -0300] "GET /cormun/static/hpexe_recentlink.js?20177611595044 HTTP/1.1" 304 -
