186.79.145.55 - - [01/Mar/2018:16:03:32 -0300] "GET /cormun/servlet/trcontratounov2? HTTP/1.1" 200 17713
186.103.159.46 - - [01/Mar/2018:16:03:38 -0300] "POST /cormun/servlet/solicitudot?gx-no-cache=1519930970028 HTTP/1.1" 200 1336
186.103.159.46 - - [01/Mar/2018:16:03:38 -0300] "POST /cormun/servlet/solicitudot?gx-no-cache=1519930970275 HTTP/1.1" 200 38
186.103.157.246 - - [01/Mar/2018:16:03:46 -0300] "GET /cormun/servlet/solicitudot?a4dd6ee06a47a3ea9efa22d851b9f1483f83cc0b0f1f9fbf7e730fbbd9f23a28,gx-no-cache=1519930978394 HTTP/1.1" 200 20
186.103.157.246 - - [01/Mar/2018:16:03:49 -0300] "GET /cormun/servlet/solicitudot?0e478fbea50d0ff3685199396a0259d97964c9a0c3e096a58bee06cda946105e,gx-no-cache=1519930981357 HTTP/1.1" 200 53
186.79.145.55 - - [01/Mar/2018:16:03:52 -0300] "GET /cormun/servlet/trsolicitudot? HTTP/1.1" 200 7436
186.79.145.55 - - [01/Mar/2018:16:03:54 -0300] "GET /cormun/servlet/trsolicitudot? HTTP/1.1" 200 7436
186.79.145.55 - - [01/Mar/2018:16:03:56 -0300] "GET /cormun/servlet/solicitudot?INS,0,0, HTTP/1.1" 200 13670
186.79.145.55 - - [01/Mar/2018:16:03:58 -0300] "GET /cormun/servlet/solicitudot?INS,0,0, HTTP/1.1" 200 13675
200.120.230.197 - - [01/Mar/2018:16:04:05 -0300] "POST /cormun/servlet/solicitudot?gx-no-cache=1519931003687 HTTP/1.1" 200 3409
200.112.5.24 - - [01/Mar/2018:16:04:05 -0300] "GET /cormun/servlet/solicitudot?4b1a39067e6ef0e2f34430dc6ee8bee2c17d6656221e42b85bbd56a270507dd3e0f489f70cde67e8b1835e5961fe1283459398600d428d467f7e3d3014912ace2c2293c5fb32b263dd4afbd704c3c06343c4a4c56d984ed9da94404870a291e22e86d4e9b2d38ceeecca0305f7f026a4,gx-no-cache=1519930998769 HTTP/1.1" 200 29
200.112.5.24 - - [01/Mar/2018:16:04:06 -0300] "POST /cormun/servlet/solicitudot?gx-no-cache=1519930998977 HTTP/1.1" 200 1317
200.120.230.197 - - [01/Mar/2018:16:04:06 -0300] "POST /cormun/servlet/solicitudot?84e57db587dd95d5727bcaa4c070e24d,INS,0,0,,gx-no-cache=1519931004311 HTTP/1.1" 200 10543
200.112.5.24 - - [01/Mar/2018:16:04:06 -0300] "POST /cormun/servlet/solicitudot?gx-no-cache=1519930999286 HTTP/1.1" 200 1218
200.120.230.197 - - [01/Mar/2018:16:04:08 -0300] "GET /cormun/servlet/solicitudot?f69ea8441c58b9c1daad29e3ee0ef7d34fb0fe96f524f53093022b92e51ca43abc974cf1bddf1f54b95782f6754a48d3,gx-no-cache=1519931006646 HTTP/1.1" 200 30
200.120.230.197 - - [01/Mar/2018:16:04:08 -0300] "GET /cormun/servlet/solicitudot?f69ea8441c58b9c1daad29e3ee0ef7d3d66af87c3bb42b8caafbdb02027032575b686bb2ba000bbb7387ac166792504ee218b1a6839d20268276ab56ae2ae950,gx-no-cache=1519931006764 HTTP/1.1" 200 30
200.120.230.197 - - [01/Mar/2018:16:04:10 -0300] "GET /cormun/servlet/solicitudot?f69ea8441c58b9c1daad29e3ee0ef7d3278b89586408ef20a3c07c23075f8b5f,gx-no-cache=1519931008906 HTTP/1.1" 200 29
200.120.230.197 - - [01/Mar/2018:16:04:13 -0300] "POST /cormun/servlet/solicitudot?gx-no-cache=1519931012019 HTTP/1.1" 200 240
200.120.230.197 - - [01/Mar/2018:16:04:13 -0300] "GET /cormun/servlet/solicitudot?f69ea8441c58b9c1daad29e3ee0ef7d32de34809b5063646fee83dff541794ac25c3519e53f91e1297a726e3ca036db82526a62bafd1793848e6d4b7b059da5d5eb7a809fcda19eef2fc4712ce9f666857ecbde87c4068f7d77e20502e89609b77214dfbff4feea7274141f7d7bc529b1645765ba251dc10659fe8030b4670f5db77cff75eb8461306f7dc8de56dd89534432fb1b343c01b86a7700e177b172a329e5ecebbea0e64209ff6876ed8f97a6f2f89a894999a5aecb618b7f16383153b85f33492e3cb3aa2846f8dfba4f9a438e7192db0b6633a949adc036181d555819e096e70c0a0d4a55d514e45bd9515def1eda54fa0f91a80f1e6ad5f8c1292217d9b307c78204b9eafc014aebe1c19070168b8dfaff303ef8c5772fdfcb49de349b00a9830ecdf62de45dafaccebc44a77f9f38e7b1348d65d1f41b47c310e2f3babb62cb20ae482a82f8589292f5fa2d1ceda908617b48a6c4388e442ac733d2f7cf0403541d72c17706d33b7d35981697e7fab8873930d1d7596cba26e50,gx-no-cache=1519931012159 HTTP/1.1" 200 30
200.120.230.197 - - [01/Mar/2018:16:04:15 -0300] "POST /cormun/servlet/solicitudot?gx-no-cache=1519931014044 HTTP/1.1" 200 30
186.103.157.246 - - [01/Mar/2018:16:04:19 -0300] "POST /cormun/servlet/solicitudot?gx-no-cache=1519931011115 HTTP/1.1" 200 254
186.103.157.246 - - [01/Mar/2018:16:04:19 -0300] "GET /cormun/servlet/solicitudot?0e478fbea50d0ff3685199396a0259d9a663b1f2255c7eb03fb1f0cc5c09dcab5c0dfcf0194d1302103ef49469a554f73896ea01f25f54b4227d75a1ef8e6a2b365ea628266253091afa2efe41efd4730447bec69b5329462c0fa065df7329c06de2d7facfc02715a07651c08d2274afdfcf3e9e65385c8d79040160107274b5a3281f7a33b1d2fa69c6e2dba0d0dae04b079862021425fe37d97795f1018f7b17c31833e6b656bfe596cd0145321e1b4d717346003e37bf7622829e6a968b64a629ee323adb14dd0aebaef66e8ae7573cba2fec46fd00e0a9f707fe072e69b2963eec49576bab8eedfa282d67f2361806babcfba70355c6b7a8ce9bea310eb354f998000b6134b2b8f93db759ec8787eedd8f8b2b16892ebbb337988a2977b310c0b6af151906cfb16f7c4f4fb6dfedee86e882e3a40ff1facf9c31be3f0eb44715ec20de62efe93ac2d7cdd42255f21468764157a858306b913656e5a96b6d0364115ef45b0dceb3d77f003e3923404e1ef2baa5043f45e37e2f29d1337bdb,gx-no-cache=1519931011310 HTTP/1.1" 200 30
186.103.157.246 - - [01/Mar/2018:16:04:19 -0300] "POST /cormun/servlet/solicitudot?gx-no-cache=1519931011734 HTTP/1.1" 200 30
186.103.157.246 - - [01/Mar/2018:16:04:20 -0300] "POST /cormun/servlet/solicitudot?gx-no-cache=1519931011902 HTTP/1.1" 200 1337
186.103.157.246 - - [01/Mar/2018:16:04:20 -0300] "POST /cormun/servlet/solicitudot?gx-no-cache=1519931012239 HTTP/1.1" 200 41
186.103.157.246 - - [01/Mar/2018:16:04:20 -0300] "POST /cormun/servlet/solicitudot?gx-no-cache=1519931012386 HTTP/1.1" 200 1319
186.103.157.246 - - [01/Mar/2018:16:04:20 -0300] "POST /cormun/servlet/solicitudot?gx-no-cache=1519931012622 HTTP/1.1" 200 1218
186.103.157.246 - - [01/Mar/2018:16:04:21 -0300] "GET /cormun/servlet/solicitudot?0e478fbea50d0ff3685199396a0259d909e73aab8671e7e3ed1e2f70c144bc14b06a0bf1c9f5a5bcacf8fec605c8440c,gx-no-cache=1519931013157 HTTP/1.1" 200 30
186.103.157.246 - - [01/Mar/2018:16:04:21 -0300] "POST /cormun/servlet/solicitudot?gx-no-cache=1519931013605 HTTP/1.1" 200 30
186.103.157.246 - - [01/Mar/2018:16:04:22 -0300] "POST /cormun/servlet/solicitudot?a46a192141a957d855cc7ffdf8a197cd,INS,0,0,,gx-no-cache=1519931013743 HTTP/1.1" 200 93
186.103.157.246 - - [01/Mar/2018:16:04:22 -0300] "GET /cormun/servlet/hpexe_return? HTTP/1.1" 200 1000
186.103.157.246 - - [01/Mar/2018:16:04:22 -0300] "GET /cormun/static/Resources/Spanish/PXTools.css?167811 HTTP/1.1" 304 -
186.103.157.246 - - [01/Mar/2018:16:04:22 -0300] "GET /cormun/static/gxcfg.js?2016101716175148 HTTP/1.1" 200 953
186.103.157.246 - - [01/Mar/2018:16:04:22 -0300] "GET /cormun/static/hpexe_return.js?2016101716175153 HTTP/1.1" 304 -
186.103.157.246 - - [01/Mar/2018:16:04:23 -0300] "GET /cormun/servlet/trsolicitudot HTTP/1.1" 200 8472
186.103.157.246 - - [01/Mar/2018:16:04:24 -0300] "GET /cormun//static/Resources/PXToolsGridUpdate.png HTTP/1.1" 304 -
186.103.157.246 - - [01/Mar/2018:16:04:24 -0300] "GET /cormun//static/Resources/PXToolsGridDelete.png HTTP/1.1" 304 -
186.103.157.246 - - [01/Mar/2018:16:04:24 -0300] "GET /cormun//static/Resources/PXToolsRemoveAllAction.png HTTP/1.1" 304 -
186.103.157.246 - - [01/Mar/2018:16:04:24 -0300] "GET /cormun//static/Resources/PXToolsActionView.png HTTP/1.1" 304 -
186.103.157.246 - - [01/Mar/2018:16:04:24 -0300] "GET /cormun//static/Resources/PXTools/ActionInsert.png HTTP/1.1" 304 -
200.120.230.197 - - [01/Mar/2018:16:04:24 -0300] "GET /cormun/static/Resources/resize.gif HTTP/1.1" 200 77
200.120.230.197 - - [01/Mar/2018:16:04:25 -0300] "GET /cormun/servlet/prlicenciaspermisos?7124117,L,,MD,,gxPopupLevel%3D0%3B HTTP/1.1" 200 6497
200.120.230.197 - - [01/Mar/2018:16:04:25 -0300] "GET /cormun/static/gxcfg.js?20176272053834 HTTP/1.1" 200 953
200.120.230.197 - - [01/Mar/2018:16:04:28 -0300] "GET /cormun/static/Resources/PXToolsMenuSearch.png HTTP/1.1" 200 2914
200.120.230.197 - - [01/Mar/2018:16:04:28 -0300] "GET /cormun/static/Resources/PXToolsMenuSearchCancel.png HTTP/1.1" 200 2972
186.103.157.246 - - [01/Mar/2018:16:04:28 -0300] "POST /cormun/servlet/trsolicitudot?a46a192141a957d855cc7ffdf8a197cd,gx-no-cache=1519931020557 HTTP/1.1" 200 106
200.120.230.197 - - [01/Mar/2018:16:04:28 -0300] "GET /cormun/static/prlicenciaspermisos.js?20176272054050 HTTP/1.1" 200 13379
200.120.230.197 - - [01/Mar/2018:16:04:28 -0300] "GET /cormun/static/menusearch.js?201610171694467 HTTP/1.1" 200 1424
186.79.145.55 - - [01/Mar/2018:16:04:28 -0300] "GET /cormun/static/hmpwkw011.js?20177612121862 HTTP/1.1" 200 1968
186.103.157.246 - - [01/Mar/2018:16:04:29 -0300] "GET /cormun/servlet/trsolicitudadjuntos?2018,9804, HTTP/1.1" 200 5980
186.103.157.246 - - [01/Mar/2018:16:04:29 -0300] "GET /cormun/static/Shared/ext/resources/css/ext-all.css?205870 HTTP/1.1" 304 -
186.103.157.246 - - [01/Mar/2018:16:04:29 -0300] "GET /cormun/static/gxui/gxui-all.css?110300 HTTP/1.1" 304 -
186.103.157.246 - - [01/Mar/2018:16:04:29 -0300] "GET /cormun/static/calendar-system.css?75620 HTTP/1.1" 304 -
186.103.157.246 - - [01/Mar/2018:16:04:29 -0300] "GET /cormun/static/gxcfg.js?20177612135366 HTTP/1.1" 200 953
186.103.157.246 - - [01/Mar/2018:16:04:29 -0300] "GET /cormun/static/trsolicitudadjuntos.js?20177612135632 HTTP/1.1" 304 -
186.103.159.46 - - [01/Mar/2018:16:04:32 -0300] "GET /cormun/servlet/solicitudot?1f98912d190e3d180d134005738c7fb7c285f028cf526b6af1aefb26201584959e276cd5b08e2cc3282ab615353521a8713725c5cb667546cb02d00f7dabca56b46c71fc95faddcb3a4fe95d036680a82ad19a524b8a052733cd20af2790ba9b89065d57efa70f1e53b6654eed9f9dd52dbb2473ff59ee2299046354f3774d98da0a1522ed4bbabae40de694bcc939b8d59148028cb19d38c8d6553d3d7728d0,gx-no-cache=1519931024543 HTTP/1.1" 200 29
186.103.159.46 - - [01/Mar/2018:16:04:32 -0300] "POST /cormun/servlet/solicitudot?gx-no-cache=1519931024660 HTTP/1.1" 200 1318
186.103.159.46 - - [01/Mar/2018:16:04:32 -0300] "POST /cormun/servlet/solicitudot?gx-no-cache=1519931024876 HTTP/1.1" 200 1218
186.103.159.46 - - [01/Mar/2018:16:04:32 -0300] "GET /cormun/static/menuarrow.gif HTTP/1.1" 404 1015
200.112.5.24 - - [01/Mar/2018:16:04:34 -0300] "POST /cormun/servlet/solicitudot?gx-no-cache=1519931026728 HTTP/1.1" 200 1317
200.112.5.24 - - [01/Mar/2018:16:04:34 -0300] "POST /cormun/servlet/solicitudot?gx-no-cache=1519931027063 HTTP/1.1" 200 1218
186.103.159.46 - - [01/Mar/2018:16:04:38 -0300] "POST /cormun/servlet/solicitudot?gx-no-cache=1519931030725 HTTP/1.1" 200 1318
186.103.159.46 - - [01/Mar/2018:16:04:38 -0300] "POST /cormun/servlet/solicitudot?gx-no-cache=1519931030944 HTTP/1.1" 200 1218
200.112.5.24 - - [01/Mar/2018:16:04:39 -0300] "POST /cormun/servlet/solicitudot?gx-no-cache=1519931032698 HTTP/1.1" 200 1317
200.112.5.24 - - [01/Mar/2018:16:04:40 -0300] "POST /cormun/servlet/solicitudot?gx-no-cache=1519931032989 HTTP/1.1" 200 1218
200.112.5.24 - - [01/Mar/2018:16:04:40 -0300] "GET /cormun/static/menuarrow.gif HTTP/1.1" 404 1015
186.103.159.46 - - [01/Mar/2018:16:04:40 -0300] "GET /cormun/servlet/solicitudot?1f98912d190e3d180d134005738c7fb786479b3ffdfc5af488d77212468ea276f6b99e6b4f53a7ec47853505710010c9,gx-no-cache=1519931032758 HTTP/1.1" 200 30
200.112.5.24 - - [01/Mar/2018:16:04:42 -0300] "POST /cormun/servlet/solicitudot?gx-no-cache=1519931034817 HTTP/1.1" 200 1317
200.120.230.197 - - [01/Mar/2018:16:04:43 -0300] "POST /cormun/servlet/solicitudot?gx-no-cache=1519931041052 HTTP/1.1" 200 1336
200.112.5.24 - - [01/Mar/2018:16:04:43 -0300] "POST /cormun/servlet/solicitudot?gx-no-cache=1519931035151 HTTP/1.1" 200 1218
186.103.157.246 - - [01/Mar/2018:16:04:43 -0300] "GET /cormun/servlet/solicitudotadjuntos?INS,2018,9804,,1, HTTP/1.1" 200 5923
186.103.157.246 - - [01/Mar/2018:16:04:43 -0300] "GET /cormun/static/gxcfg.js?2017761244068 HTTP/1.1" 200 953
186.103.157.246 - - [01/Mar/2018:16:04:43 -0300] "GET /cormun/static/about:blank HTTP/1.1" 404 1011
186.103.157.246 - - [01/Mar/2018:16:04:44 -0300] "GET /cormun/static/about:blank HTTP/1.1" 404 1011
186.103.157.246 - - [01/Mar/2018:16:04:44 -0300] "GET /cormun/static/solicitudotadjuntos.js?2017761244086 HTTP/1.1" 304 -
200.112.5.24 - - [01/Mar/2018:16:04:45 -0300] "GET /cormun/servlet/solicitudot?4b1a39067e6ef0e2f34430dc6ee8bee2f881403979a349aaf842307501550159851a8c032fc8236f2eb84237f55380a8,gx-no-cache=1519931037933 HTTP/1.1" 200 30
186.103.157.246 - - [01/Mar/2018:16:04:45 -0300] "GET /cormun/servlet/solicitudotadjuntos?0e478fbea50d0ff3685199396a0259d9f8bbc54698a74ef53cf3030601124a78174a554f1b300c27ead431ef29c275e0,gx-no-cache=1519931037207 HTTP/1.1" 200 30
186.103.157.246 - - [01/Mar/2018:16:04:45 -0300] "POST /cormun/servlet/solicitudotadjuntos?a46a192141a957d855cc7ffdf8a197cd,INS,2018,9804,,1,,gx-no-cache=1519931037568 HTTP/1.1" 200 3818
200.120.230.197 - - [01/Mar/2018:16:04:51 -0300] "POST /cormun/servlet/solicitudot?gx-no-cache=1519931050051 HTTP/1.1" 200 41
200.112.5.24 - - [01/Mar/2018:16:04:53 -0300] "POST /cormun/servlet/solicitudot?gx-no-cache=1519931046097 HTTP/1.1" 200 30
186.103.157.246 - - [01/Mar/2018:16:04:54 -0300] "POST /cormun/servlet/solicitudotadjuntos?gx-no-cache=1519931046549 HTTP/1.1" 200 26
200.120.230.197 - - [01/Mar/2018:16:05:01 -0300] "GET /cormun/servlet/solicitudot?f69ea8441c58b9c1daad29e3ee0ef7d365031375e445e6559175e1e0a84231c2805dfa32c5392a2f3a0a9df9ce57d2be441de0d090ada1bc77ba1e3c3b4b69a90d45547ca714dc5cc2bed1f45259be1e5368958fa721b5b2e1b34b1865871f3442041ee5645d319e6025e89055236f07,gx-no-cache=1519931060128 HTTP/1.1" 200 29
200.120.230.197 - - [01/Mar/2018:16:05:01 -0300] "POST /cormun/servlet/solicitudot?gx-no-cache=1519931060260 HTTP/1.1" 200 1318
200.120.230.197 - - [01/Mar/2018:16:05:02 -0300] "POST /cormun/servlet/solicitudot?gx-no-cache=1519931060514 HTTP/1.1" 200 1218
200.120.230.197 - - [01/Mar/2018:16:05:02 -0300] "GET /cormun/static/menuarrow.gif HTTP/1.1" 404 1015
186.103.159.46 - - [01/Mar/2018:16:05:03 -0300] "POST /cormun/servlet/solicitudot?gx-no-cache=1519931055418 HTTP/1.1" 200 30
200.120.230.197 - - [01/Mar/2018:16:05:04 -0300] "POST /cormun/servlet/solicitudot?gx-no-cache=1519931063393 HTTP/1.1" 200 1318
200.120.230.197 - - [01/Mar/2018:16:05:05 -0300] "POST /cormun/servlet/solicitudot?gx-no-cache=1519931064448 HTTP/1.1" 200 1218
200.112.5.24 - - [01/Mar/2018:16:05:06 -0300] "POST /cormun/servlet/solicitudot?967dcc457eb7e7525ced539ca81c94c0,INS,0,0,,gx-no-cache=1519931058133 HTTP/1.1" 200 93
200.112.5.24 - - [01/Mar/2018:16:05:06 -0300] "GET /cormun/servlet/hpexe_return? HTTP/1.1" 200 999
200.112.5.24 - - [01/Mar/2018:16:05:07 -0300] "GET /cormun/servlet/trsolicitudot HTTP/1.1" 200 8533
200.112.5.24 - - [01/Mar/2018:16:05:08 -0300] "GET /cormun/servlet/trsolicitudot HTTP/1.1" 200 8530
200.120.230.197 - - [01/Mar/2018:16:05:09 -0300] "GET /cormun/servlet/solicitudot?f69ea8441c58b9c1daad29e3ee0ef7d37e12842791a04b618adcc2cc447713d36259032f99122b6568a93a87f529249e,gx-no-cache=1519931068209 HTTP/1.1" 200 30
200.120.230.197 - - [01/Mar/2018:16:05:09 -0300] "POST /cormun/servlet/solicitudot?gx-no-cache=1519931068307 HTTP/1.1" 200 34
186.103.157.246 - - [01/Mar/2018:16:05:10 -0300] "GET /cormun/servlet/solicitudotadjuntos?0e478fbea50d0ff3685199396a0259d9c589fd49e1d030aaba0217f0349858f4,gx-no-cache=1519931062380 HTTP/1.1" 200 30
186.103.157.246 - - [01/Mar/2018:16:05:10 -0300] "GET /cormun/servlet/solicitudotadjuntos?0e478fbea50d0ff3685199396a0259d9c589fd49e1d030aaba0217f0349858f4,gx-no-cache=1519931062419 HTTP/1.1" 200 30
200.112.5.24 - - [01/Mar/2018:16:05:12 -0300] "POST /cormun/servlet/trsolicitudot?967dcc457eb7e7525ced539ca81c94c0,gx-no-cache=1519931064730 HTTP/1.1" 200 4459
200.112.5.24 - - [01/Mar/2018:16:05:12 -0300] "GET /cormun/static/Shared/jqueryui/images/ui-bg_flat_55_fafafa_40x100.png HTTP/1.1" 404 1097
200.112.5.24 - - [01/Mar/2018:16:05:13 -0300] "GET /cormun/static/Shared/jqueryui/images/ui-icons_82798d_256x240.png HTTP/1.1" 404 1089
200.112.5.24 - - [01/Mar/2018:16:05:13 -0300] "GET /cormun/static/Shared/jqueryui/images/ui-bg_highlight-soft_100_c6c2c8_1x100.png HTTP/1.1" 404 1117
200.112.5.24 - - [01/Mar/2018:16:05:13 -0300] "GET /cormun/static/Shared/jqueryui/images/ui-icons_8d78a5_256x240.png HTTP/1.1" 404 1089
186.103.157.246 - - [01/Mar/2018:16:05:13 -0300] "POST /cormun/servlet/solicitudotadjuntos?a46a192141a957d855cc7ffdf8a197cd,INS,2018,9804,,1, HTTP/1.1" 200 116
186.103.157.246 - - [01/Mar/2018:16:05:13 -0300] "GET /cormun/servlet/hpexe_return? HTTP/1.1" 200 1017
200.112.5.24 - - [01/Mar/2018:16:05:13 -0300] "POST /cormun/servlet/trsolicitudot?967dcc457eb7e7525ced539ca81c94c0,gx-no-cache=1519931065836 HTTP/1.1" 200 4249
186.103.157.246 - - [01/Mar/2018:16:05:14 -0300] "GET /cormun/servlet/trsolicitudadjuntos?2018,9804, HTTP/1.1" 200 8297
200.112.5.24 - - [01/Mar/2018:16:05:18 -0300] "GET /cormun/servlet/hlogin HTTP/1.1" 200 1714
186.103.157.246 - - [01/Mar/2018:16:05:19 -0300] "GET /cormun/servlet/solicitudotadjuntos?INS,2018,9804,,1, HTTP/1.1" 200 5923
186.103.157.246 - - [01/Mar/2018:16:05:19 -0300] "GET /cormun/static/about:blank HTTP/1.1" 404 1011
186.103.157.246 - - [01/Mar/2018:16:05:19 -0300] "GET /cormun/static/about:blank HTTP/1.1" 404 1011
186.103.157.246 - - [01/Mar/2018:16:05:20 -0300] "GET /cormun/servlet/solicitudotadjuntos?0e478fbea50d0ff3685199396a0259d9f8bbc54698a74ef53cf3030601124a78174a554f1b300c27ead431ef29c275e0,gx-no-cache=1519931072541 HTTP/1.1" 200 30
186.103.157.246 - - [01/Mar/2018:16:05:21 -0300] "POST /cormun/servlet/solicitudotadjuntos?a46a192141a957d855cc7ffdf8a197cd,INS,2018,9804,,1,,gx-no-cache=1519931072898 HTTP/1.1" 200 3818
200.112.5.24 - - [01/Mar/2018:16:05:22 -0300] "POST /cormun/servlet/hlogin?967dcc457eb7e7525ced539ca81c94c0,gx-no-cache=1519931075265 HTTP/1.1" 200 90
200.112.5.24 - - [01/Mar/2018:16:05:22 -0300] "GET /cormun/servlet/hpexe_link HTTP/1.1" 200 944
200.112.5.24 - - [01/Mar/2018:16:05:23 -0300] "GET /cormun/servlet/hhome HTTP/1.1" 200 4196
200.112.5.24 - - [01/Mar/2018:16:05:23 -0300] "GET /cormun/servlet/hhome HTTP/1.1" 200 4192
186.103.157.246 - - [01/Mar/2018:16:05:24 -0300] "POST /cormun/servlet/solicitudotadjuntos?gx-no-cache=1519931076596 HTTP/1.1" 200 26
186.103.159.46 - - [01/Mar/2018:16:05:25 -0300] "POST /cormun/servlet/solicitudot?ffe4e6422b04176d445a83989ad10005,INS,0,0,,gx-no-cache=1519931077126 HTTP/1.1" 200 93
186.103.159.46 - - [01/Mar/2018:16:05:25 -0300] "GET /cormun/servlet/hpexe_return? HTTP/1.1" 200 1008
186.103.159.46 - - [01/Mar/2018:16:05:26 -0300] "GET /cormun/servlet/trsolicitudot HTTP/1.1" 200 8587
200.112.5.24 - - [01/Mar/2018:16:05:26 -0300] "GET /cormun/servlet/trautorizarsolicitud? HTTP/1.1" 200 8626
200.112.5.24 - - [01/Mar/2018:16:05:27 -0300] "GET /cormun/servlet/trautorizarsolicitud? HTTP/1.1" 200 8624
186.103.159.46 - - [01/Mar/2018:16:05:28 -0300] "GET /cormun//static/Resources/PXToolsActionView.png HTTP/1.1" 200 2995
186.103.159.46 - - [01/Mar/2018:16:05:28 -0300] "GET /cormun//static/Resources/PXToolsRemoveAllAction.png HTTP/1.1" 200 3558
186.103.159.46 - - [01/Mar/2018:16:05:28 -0300] "GET /cormun/servlet/trsolicitudot HTTP/1.1" 200 8583
200.112.5.24 - - [01/Mar/2018:16:05:32 -0300] "POST /cormun/servlet/trautorizarsolicitud?967dcc457eb7e7525ced539ca81c94c0,,gx-no-cache=1519931084948 HTTP/1.1" 200 4585
200.112.5.24 - - [01/Mar/2018:16:05:33 -0300] "GET /cormun/static/Shared/jqueryui/images/ui-bg_highlight-soft_100_c6c2c8_1x100.png HTTP/1.1" 404 1117
200.112.5.24 - - [01/Mar/2018:16:05:33 -0300] "GET /cormun/static/Shared/jqueryui/images/ui-icons_82798d_256x240.png HTTP/1.1" 404 1089
200.112.5.24 - - [01/Mar/2018:16:05:33 -0300] "GET /cormun/static/Shared/jqueryui/images/ui-bg_flat_55_fafafa_40x100.png HTTP/1.1" 404 1097
200.112.5.24 - - [01/Mar/2018:16:05:33 -0300] "GET /cormun/static/Shared/jqueryui/images/ui-icons_8d78a5_256x240.png HTTP/1.1" 404 1089
186.103.157.246 - - [01/Mar/2018:16:05:33 -0300] "GET /cormun/servlet/solicitudotadjuntos?0e478fbea50d0ff3685199396a0259d9c589fd49e1d030aaba0217f0349858f4,gx-no-cache=1519931085851 HTTP/1.1" 200 30
186.103.157.246 - - [01/Mar/2018:16:05:33 -0300] "GET /cormun/servlet/solicitudotadjuntos?0e478fbea50d0ff3685199396a0259d9c589fd49e1d030aaba0217f0349858f4,gx-no-cache=1519931085896 HTTP/1.1" 200 30
200.112.5.24 - - [01/Mar/2018:16:05:34 -0300] "POST /cormun/servlet/trautorizarsolicitud?967dcc457eb7e7525ced539ca81c94c0,,gx-no-cache=1519931086024 HTTP/1.1" 200 4371
186.103.159.46 - - [01/Mar/2018:16:05:35 -0300] "GET /cormun/servlet/solicitudot?INS,0,0, HTTP/1.1" 200 13407
186.103.157.246 - - [01/Mar/2018:16:05:37 -0300] "POST /cormun/servlet/solicitudotadjuntos?a46a192141a957d855cc7ffdf8a197cd,INS,2018,9804,,1, HTTP/1.1" 200 116
186.103.157.246 - - [01/Mar/2018:16:05:37 -0300] "GET /cormun/servlet/hpexe_return? HTTP/1.1" 200 1017
186.103.159.46 - - [01/Mar/2018:16:05:37 -0300] "GET /cormun/servlet/solicitudot?INS,0,0, HTTP/1.1" 200 13412
186.103.157.246 - - [01/Mar/2018:16:05:38 -0300] "GET /cormun/servlet/trsolicitudadjuntos?2018,9804, HTTP/1.1" 200 8507
200.120.230.197 - - [01/Mar/2018:16:05:41 -0300] "POST /cormun/servlet/solicitudot?84e57db587dd95d5727bcaa4c070e24d,INS,0,0,,gx-no-cache=1519931098742 HTTP/1.1" 200 93
200.120.230.197 - - [01/Mar/2018:16:05:41 -0300] "GET /cormun/servlet/hpexe_return? HTTP/1.1" 200 1009
186.103.157.246 - - [01/Mar/2018:16:05:42 -0300] "GET /cormun/servlet/solicitudotadjuntos?INS,2018,9804,,1, HTTP/1.1" 200 5923
186.103.157.246 - - [01/Mar/2018:16:05:42 -0300] "GET /cormun/static/about:blank HTTP/1.1" 404 1011
186.103.157.246 - - [01/Mar/2018:16:05:42 -0300] "GET /cormun/static/about:blank HTTP/1.1" 404 1011
200.120.230.197 - - [01/Mar/2018:16:05:42 -0300] "GET /cormun/servlet/trsolicitudot HTTP/1.1" 200 8865
186.103.157.246 - - [01/Mar/2018:16:05:43 -0300] "GET /cormun/servlet/solicitudotadjuntos?0e478fbea50d0ff3685199396a0259d9f8bbc54698a74ef53cf3030601124a78174a554f1b300c27ead431ef29c275e0,gx-no-cache=1519931095585 HTTP/1.1" 200 30
200.120.230.197 - - [01/Mar/2018:16:05:44 -0300] "GET /cormun/servlet/trsolicitudot HTTP/1.1" 200 8861
186.103.157.246 - - [01/Mar/2018:16:05:44 -0300] "POST /cormun/servlet/solicitudotadjuntos?a46a192141a957d855cc7ffdf8a197cd,INS,2018,9804,,1,,gx-no-cache=1519931095941 HTTP/1.1" 200 3818
200.120.230.197 - - [01/Mar/2018:16:05:47 -0300] "GET /cormun/servlet/vesolicitudot?2018,9807,, HTTP/1.1" 200 8593
200.120.230.197 - - [01/Mar/2018:16:05:47 -0300] "GET /cormun/pexe_scrolldiv.js HTTP/1.1" 404 1009
200.120.230.197 - - [01/Mar/2018:16:05:47 -0300] "GET /cormun/pexe_scrolldiv.js HTTP/1.1" 404 1009
186.103.157.246 - - [01/Mar/2018:16:05:48 -0300] "POST /cormun/servlet/solicitudotadjuntos?gx-no-cache=1519931100588 HTTP/1.1" 200 26
200.120.230.197 - - [01/Mar/2018:16:05:49 -0300] "GET /cormun/servlet/vesolicitudot?2018,9807,, HTTP/1.1" 200 8592
186.103.159.46 - - [01/Mar/2018:16:05:52 -0300] "POST /cormun/servlet/solicitudot?gx-no-cache=1519931103933 HTTP/1.1" 200 3421
186.103.159.46 - - [01/Mar/2018:16:05:53 -0300] "POST /cormun/servlet/solicitudot?ffe4e6422b04176d445a83989ad10005,INS,0,0,,gx-no-cache=1519931104461 HTTP/1.1" 200 10385
186.103.157.246 - - [01/Mar/2018:16:05:54 -0300] "GET /cormun/servlet/solicitudotadjuntos?0e478fbea50d0ff3685199396a0259d9c589fd49e1d030aaba0217f0349858f4,gx-no-cache=1519931106908 HTTP/1.1" 200 30
186.103.157.246 - - [01/Mar/2018:16:05:54 -0300] "GET /cormun/servlet/solicitudotadjuntos?0e478fbea50d0ff3685199396a0259d9c589fd49e1d030aaba0217f0349858f4,gx-no-cache=1519931106946 HTTP/1.1" 200 30
186.103.157.246 - - [01/Mar/2018:16:05:57 -0300] "POST /cormun/servlet/solicitudotadjuntos?a46a192141a957d855cc7ffdf8a197cd,INS,2018,9804,,1, HTTP/1.1" 200 116
186.103.157.246 - - [01/Mar/2018:16:05:57 -0300] "GET /cormun/servlet/hpexe_return? HTTP/1.1" 200 1017
186.103.157.246 - - [01/Mar/2018:16:05:58 -0300] "GET /cormun/servlet/trsolicitudadjuntos?2018,9804, HTTP/1.1" 200 8681
200.111.191.210 - - [01/Mar/2018:16:05:58 -0300] "GET /cormun/servlet/trfichaempleado? HTTP/1.1" 200 14790
186.103.157.246 - - [01/Mar/2018:16:06:02 -0300] "GET /cormun/servlet/solicitudotadjuntos?INS,2018,9804,,1, HTTP/1.1" 200 5923
186.103.157.246 - - [01/Mar/2018:16:06:02 -0300] "GET /cormun/static/about:blank HTTP/1.1" 404 1011
186.103.157.246 - - [01/Mar/2018:16:06:02 -0300] "GET /cormun/static/about:blank HTTP/1.1" 404 1011
186.103.157.246 - - [01/Mar/2018:16:06:03 -0300] "GET /cormun/servlet/solicitudotadjuntos?0e478fbea50d0ff3685199396a0259d9f8bbc54698a74ef53cf3030601124a78174a554f1b300c27ead431ef29c275e0,gx-no-cache=1519931115449 HTTP/1.1" 200 30
186.103.157.246 - - [01/Mar/2018:16:06:04 -0300] "POST /cormun/servlet/solicitudotadjuntos?a46a192141a957d855cc7ffdf8a197cd,INS,2018,9804,,1,,gx-no-cache=1519931115825 HTTP/1.1" 200 3818
186.103.157.246 - - [01/Mar/2018:16:06:08 -0300] "POST /cormun/servlet/solicitudotadjuntos?gx-no-cache=1519931120956 HTTP/1.1" 200 26
186.103.159.46 - - [01/Mar/2018:16:06:11 -0300] "GET /cormun/servlet/solicitudot?1f98912d190e3d180d134005738c7fb735f08533669587d6f09fee9031056a94c5cef950d87123a49fa223bfa9b1545d,gx-no-cache=1519931123832 HTTP/1.1" 200 30
186.103.159.46 - - [01/Mar/2018:16:06:11 -0300] "GET /cormun/servlet/solicitudot?1f98912d190e3d180d134005738c7fb76c5920dd508a722896adaa2f26c66f1c0db066f1064c7d7f7c2cbec97feec12a5906324495064b11bd475fb1f052a7f6,gx-no-cache=1519931123945 HTTP/1.1" 200 30
186.103.159.46 - - [01/Mar/2018:16:06:11 -0300] "GET /cormun/servlet/solicitudot?1f98912d190e3d180d134005738c7fb71efffeebaddd9670e055853cc8b2f654,gx-no-cache=1519931124022 HTTP/1.1" 200 53
186.103.159.46 - - [01/Mar/2018:16:06:11 -0300] "POST /cormun/servlet/solicitudot?gx-no-cache=1519931124105 HTTP/1.1" 200 255
186.103.159.46 - - [01/Mar/2018:16:06:12 -0300] "GET /cormun/servlet/solicitudot?1f98912d190e3d180d134005738c7fb74ab3878c9861981c62e012d76639d895641f33883ff731de652ff361418edc7948a295acddbfe53ab940f75c0f993c2bb468100b997911ac48feb04de3d410bc3197ecd58e785bb055c00ecdbb4fe8e03fb3cb57cc1a871b914bdeb9f07f06bbb8857acc344a40fcf925cd86a80d1a2f17d8575c3a56ff74cb8a423e0052bf8b7d98639aef4815c3b8fedd61ab05ff22eec142977697ca08e85bdf0baa14c47ff7478b82a1d972a02aa31e2377a33e75b3226d63b67ea19643cb4d75b4899468727c344602160bfd1dd5059e123e5c9aaccc1ad08d512e12e9172d01c8566c059c7e17877a65416bc1098361183f91614deb6a25c74dbfa6e3074320bd9126aad53e14b5b26dbb31036d6cb5b908a9f8db594ac73275a5a20e3e4d5cc34b8a8fe325724c38af7e01d7e943550a85288b2a2647c5ffbff1a8111f5d191935f3ddd44ea219b2f7d848ce0e055405e9ec9ae44cc2b21a41984d06d8e5b9c6f844eee574a7f8ef1fdc61f06719f1f90ce633,gx-no-cache=1519931124227 HTTP/1.1" 200 30
186.103.159.46 - - [01/Mar/2018:16:06:16 -0300] "POST /cormun/servlet/solicitudot?gx-no-cache=1519931128851 HTTP/1.1" 200 30
186.103.159.46 - - [01/Mar/2018:16:06:20 -0300] "POST /cormun/servlet/solicitudot?gx-no-cache=1519931132243 HTTP/1.1" 200 1337
186.103.159.46 - - [01/Mar/2018:16:06:20 -0300] "POST /cormun/servlet/solicitudot?gx-no-cache=1519931132467 HTTP/1.1" 200 38
192.168.10.89 - - [01/Mar/2018:16:06:26 -0300] "GET /cormun/servlet/hlogin HTTP/1.1" 200 1729
192.168.10.89 - - [01/Mar/2018:16:06:32 -0300] "POST /cormun/servlet/hlogin?2fdf7849505b8ca164c076caac8ae72b,gx-no-cache=1519931034052 HTTP/1.1" 200 90
192.168.10.89 - - [01/Mar/2018:16:06:32 -0300] "GET /cormun/servlet/hpexe_link HTTP/1.1" 200 949
192.168.10.89 - - [01/Mar/2018:16:06:33 -0300] "GET /cormun/servlet/trsolicitudgral? HTTP/1.1" 200 11921
186.103.159.46 - - [01/Mar/2018:16:06:34 -0300] "GET /cormun/servlet/solicitudot?1f98912d190e3d180d134005738c7fb7c285f028cf526b6af1aefb26201584959e276cd5b08e2cc3282ab615353521a8713725c5cb667546cb02d00f7dabca56b46c71fc95faddcb3a4fe95d036680a82ad19a524b8a052733cd20af2790ba9b89065d57efa70f1e53b6654eed9f9dd52dbb2473ff59ee2299046354f3774d98da0a1522ed4bbabae40de694bcc939b8d59148028cb19d38c8d6553d3d7728d0,gx-no-cache=1519931146475 HTTP/1.1" 200 29
186.103.159.46 - - [01/Mar/2018:16:06:34 -0300] "POST /cormun/servlet/solicitudot?gx-no-cache=1519931146570 HTTP/1.1" 200 1319
186.103.159.46 - - [01/Mar/2018:16:06:34 -0300] "POST /cormun/servlet/solicitudot?gx-no-cache=1519931146745 HTTP/1.1" 200 1219
186.103.159.46 - - [01/Mar/2018:16:06:36 -0300] "GET /cormun/static/menuarrow.gif HTTP/1.1" 404 1015
192.168.10.89 - - [01/Mar/2018:16:06:36 -0300] "GET /cormun/servlet/trsolicitudgral? HTTP/1.1" 200 11920
200.111.191.210 - - [01/Mar/2018:16:06:40 -0300] "GET /cormun/servlet/trautorizarsolicitud? HTTP/1.1" 200 7295
186.103.159.46 - - [01/Mar/2018:16:06:40 -0300] "GET /cormun/servlet/solicitudot?1f98912d190e3d180d134005738c7fb786479b3ffdfc5af488d77212468ea276f6b99e6b4f53a7ec47853505710010c9,gx-no-cache=1519931152567 HTTP/1.1" 200 30
200.111.191.210 - - [01/Mar/2018:16:06:40 -0300] "GET /cormun/servlet/trautorizarsolicitud? HTTP/1.1" 200 7294
200.111.191.210 - - [01/Mar/2018:16:06:45 -0300] "POST /cormun/servlet/trautorizarsolicitud?c743fe04838aa415c3eab6b154da4bb2,,gx-no-cache=1519931158074 HTTP/1.1" 200 5734
192.168.10.89 - - [01/Mar/2018:16:06:48 -0300] "POST /cormun/servlet/trsolicitudgral?2fdf7849505b8ca164c076caac8ae72b,,gx-no-cache=1519931048891 HTTP/1.1" 200 5918
186.67.164.142 - - [01/Mar/2018:16:06:53 -0300] "GET /cormun/servlet/trsolicitudot? HTTP/1.1" 200 7381
186.67.164.142 - - [01/Mar/2018:16:06:53 -0300] "GET /cormun/static/gxcfg.js?2017111422585916 HTTP/1.1" 200 953
186.67.164.142 - - [01/Mar/2018:16:06:53 -0300] "GET /cormun/static/trsolicitudot.js?201711142259839 HTTP/1.1" 200 54041
186.67.164.142 - - [01/Mar/2018:16:06:53 -0300] "GET /cormun/static/Resources/PXToolsGridNew.png HTTP/1.1" 200 2949
186.67.164.142 - - [01/Mar/2018:16:06:54 -0300] "GET /cormun/servlet/trsolicitudot? HTTP/1.1" 200 7380
192.168.10.89 - - [01/Mar/2018:16:06:55 -0300] "POST /cormun/servlet/trsolicitudgral?2fdf7849505b8ca164c076caac8ae72b,,gx-no-cache=1519931054217 HTTP/1.1" 200 24866
186.67.164.142 - - [01/Mar/2018:16:06:56 -0300] "GET /cormun/servlet/trautorizarsolicitud? HTTP/1.1" 200 8653
186.67.164.142 - - [01/Mar/2018:16:06:57 -0300] "GET /cormun/servlet/trautorizarsolicitud? HTTP/1.1" 200 8653
200.120.230.197 - - [01/Mar/2018:16:07:01 -0300] "POST /cormun/servlet/vesolicitudot?84e57db587dd95d5727bcaa4c070e24d,2018,9807,,,gx-no-cache=1519931179613 HTTP/1.1" 200 90
200.120.230.197 - - [01/Mar/2018:16:07:02 -0300] "GET /cormun/servlet/hpexe_link HTTP/1.1" 200 966
200.120.230.197 - - [01/Mar/2018:16:07:03 -0300] "GET /cormun/servlet/trsolicitudot HTTP/1.1" 200 8862
200.120.230.197 - - [01/Mar/2018:16:07:05 -0300] "GET /cormun/servlet/trsolicitudot HTTP/1.1" 200 8861
186.103.159.46 - - [01/Mar/2018:16:07:09 -0300] "POST /cormun/servlet/solicitudot?gx-no-cache=1519931181976 HTTP/1.1" 200 30
200.120.230.197 - - [01/Mar/2018:16:07:16 -0300] "POST /cormun/servlet/trsolicitudot?84e57db587dd95d5727bcaa4c070e24d,gx-no-cache=1519931194587 HTTP/1.1" 200 4715
200.120.230.197 - - [01/Mar/2018:16:07:16 -0300] "GET /cormun/static/Shared/jqueryui/images/ui-bg_highlight-soft_100_c6c2c8_1x100.png HTTP/1.1" 404 1117
200.120.230.197 - - [01/Mar/2018:16:07:16 -0300] "GET /cormun/static/Shared/jqueryui/images/ui-icons_82798d_256x240.png HTTP/1.1" 404 1089
200.120.230.197 - - [01/Mar/2018:16:07:16 -0300] "GET /cormun/static/Shared/jqueryui/images/ui-bg_flat_55_fafafa_40x100.png HTTP/1.1" 404 1097
200.120.230.197 - - [01/Mar/2018:16:07:16 -0300] "GET /cormun/static/Shared/jqueryui/images/ui-icons_8d78a5_256x240.png HTTP/1.1" 404 1089
200.120.230.197 - - [01/Mar/2018:16:07:17 -0300] "POST /cormun/servlet/trsolicitudot?84e57db587dd95d5727bcaa4c070e24d,gx-no-cache=1519931195541 HTTP/1.1" 200 4454
192.168.10.89 - - [01/Mar/2018:16:07:29 -0300] "GET /cormun/servlet/solicitudgral?UPD,2018,9783, HTTP/1.1" 200 13342
186.67.164.142 - - [01/Mar/2018:16:07:30 -0300] "POST /cormun/servlet/trautorizarsolicitud?cf198ee0c610d0c8484ef047a1c478e5,,gx-no-cache=1519931204589 HTTP/1.1" 200 4631
186.67.164.142 - - [01/Mar/2018:16:07:30 -0300] "GET /cormun/static/Shared/jqueryui/images/ui-bg_highlight-soft_100_c6c2c8_1x100.png HTTP/1.1" 404 1117
186.67.164.142 - - [01/Mar/2018:16:07:30 -0300] "GET /cormun/static/Shared/jqueryui/images/ui-icons_82798d_256x240.png HTTP/1.1" 404 1089
186.67.164.142 - - [01/Mar/2018:16:07:31 -0300] "GET /cormun/static/Shared/jqueryui/images/ui-icons_8d78a5_256x240.png HTTP/1.1" 404 1089
186.67.164.142 - - [01/Mar/2018:16:07:31 -0300] "GET /cormun/static/Shared/jqueryui/images/ui-bg_flat_55_fafafa_40x100.png HTTP/1.1" 404 1097
192.168.10.89 - - [01/Mar/2018:16:07:31 -0300] "POST /cormun/servlet/solicitudgral?gx-no-cache=1519931092241 HTTP/1.1" 200 3883
192.168.10.89 - - [01/Mar/2018:16:07:31 -0300] "GET /cormun/servlet/solicitudgral?ec8e3a4a3d2017e5e48e8377413269bb99668761abf5b8374eb845af1a439332f53890ceb245a8340245bfb266d3c992ecc932b429c9c3a9dfb2dc4686536932b1cac2a711d2d9168bd8e1ad7db4da3b6775b589067a56aafbba811eb3db1b6f99a7f959d02736078e8eed5e39e39f4c4b4c4805cbc9eeedc647964165213c5c50af96118019be97174a0fdf0d4c138ee2599ff387a26f3e643a7d5c4c48d5759fd6ae420a1c33edd9971b4835e60498b7ea10039e4680a547de983da7f89c893de8544a0d944917cd67c485a1ea922c1db01e8784710df0833c0ce983a744a677facfa54a5015053d7817acdf341bca107a217357c8c61a7e2253d803a3b374581cb14b4bbabd78defa64a69c0a519ebf42a2abe35996694ad3587cb52d715e962201ed1a2dbe2d99e8d19144d3e62d912b876cdab00aac4ebd1b69d4109dff43f95596e9115007ad8a298ce9397d52,gx-no-cache=1519931092678 HTTP/1.1" 200 297
186.67.164.142 - - [01/Mar/2018:16:07:31 -0300] "POST /cormun/servlet/trautorizarsolicitud?cf198ee0c610d0c8484ef047a1c478e5,,gx-no-cache=1519931205503 HTTP/1.1" 200 4411
192.168.10.89 - - [01/Mar/2018:16:07:34 -0300] "POST /cormun/servlet/solicitudgral?2fdf7849505b8ca164c076caac8ae72b,UPD,2018,9783,,gx-no-cache=1519931094977 HTTP/1.1" 200 93
192.168.10.89 - - [01/Mar/2018:16:07:34 -0300] "GET /cormun/servlet/hpexe_return? HTTP/1.1" 200 1006
192.168.10.89 - - [01/Mar/2018:16:07:36 -0300] "GET /cormun/servlet/trsolicitudgral? HTTP/1.1" 200 27898
186.67.164.142 - - [01/Mar/2018:16:07:42 -0300] "GET /cormun/static/menuarrow.gif HTTP/1.1" 404 1015
186.79.145.55 - - [01/Mar/2018:16:07:49 -0300] "GET /cormun/servlet/hlogin HTTP/1.1" 200 1737
186.67.164.142 - - [01/Mar/2018:16:07:50 -0300] "POST /cormun/servlet/trautorizarsolicitud?cf198ee0c610d0c8484ef047a1c478e5,,gx-no-cache=1519931223653 HTTP/1.1" 200 9521
186.103.157.246 - - [01/Mar/2018:16:08:05 -0300] "GET /cormun/servlet/solicitudotadjuntos?0e478fbea50d0ff3685199396a0259d9c589fd49e1d030aaba0217f0349858f4,gx-no-cache=1519931237940 HTTP/1.1" 200 30
186.103.157.246 - - [01/Mar/2018:16:08:05 -0300] "GET /cormun/servlet/solicitudotadjuntos?0e478fbea50d0ff3685199396a0259d9c589fd49e1d030aaba0217f0349858f4,gx-no-cache=1519931237989 HTTP/1.1" 200 30
186.103.157.246 - - [01/Mar/2018:16:08:08 -0300] "POST /cormun/servlet/solicitudotadjuntos?a46a192141a957d855cc7ffdf8a197cd,INS,2018,9804,,1, HTTP/1.1" 200 116
186.103.157.246 - - [01/Mar/2018:16:08:08 -0300] "GET /cormun/servlet/hpexe_return? HTTP/1.1" 200 1017
186.103.157.246 - - [01/Mar/2018:16:08:09 -0300] "GET /cormun/servlet/trsolicitudadjuntos?2018,9804, HTTP/1.1" 200 8834
186.103.157.246 - - [01/Mar/2018:16:08:14 -0300] "GET /cormun/servlet/solicitudotadjuntos?INS,2018,9804,,1, HTTP/1.1" 200 5923
186.103.157.246 - - [01/Mar/2018:16:08:14 -0300] "GET /cormun/static/about:blank HTTP/1.1" 404 1011
186.103.157.246 - - [01/Mar/2018:16:08:14 -0300] "GET /cormun/static/about:blank HTTP/1.1" 404 1011
186.103.157.246 - - [01/Mar/2018:16:08:16 -0300] "GET /cormun/servlet/solicitudotadjuntos?0e478fbea50d0ff3685199396a0259d9f8bbc54698a74ef53cf3030601124a78174a554f1b300c27ead431ef29c275e0,gx-no-cache=1519931247926 HTTP/1.1" 200 30
186.103.157.246 - - [01/Mar/2018:16:08:17 -0300] "POST /cormun/servlet/solicitudotadjuntos?a46a192141a957d855cc7ffdf8a197cd,INS,2018,9804,,1,,gx-no-cache=1519931248280 HTTP/1.1" 200 3818
186.103.159.46 - - [01/Mar/2018:16:08:18 -0300] "POST /cormun/servlet/solicitudot?ffe4e6422b04176d445a83989ad10005,INS,0,0,,gx-no-cache=1519931250020 HTTP/1.1" 200 93
186.103.159.46 - - [01/Mar/2018:16:08:18 -0300] "GET /cormun/servlet/hpexe_return? HTTP/1.1" 200 1008
186.103.159.46 - - [01/Mar/2018:16:08:19 -0300] "GET /cormun/servlet/trsolicitudot HTTP/1.1" 200 9054
186.103.157.246 - - [01/Mar/2018:16:08:21 -0300] "POST /cormun/servlet/solicitudotadjuntos?gx-no-cache=1519931253189 HTTP/1.1" 200 26
186.103.159.46 - - [01/Mar/2018:16:08:21 -0300] "GET /cormun/servlet/trsolicitudot HTTP/1.1" 200 9050
200.86.171.207 - - [01/Mar/2018:16:08:25 -0300] "GET /cormun/servlet/hlogin HTTP/1.1" 200 1721
200.86.171.207 - - [01/Mar/2018:16:08:25 -0300] "GET /cormun/static/gxtimezone.js?85251 HTTP/1.1" 304 -
200.86.171.207 - - [01/Mar/2018:16:08:26 -0300] "GET /cormun/servlet/hlogin HTTP/1.1" 200 1721
186.103.157.246 - - [01/Mar/2018:16:08:27 -0300] "GET /cormun/servlet/solicitudotadjuntos?0e478fbea50d0ff3685199396a0259d9c589fd49e1d030aaba0217f0349858f4,gx-no-cache=1519931259324 HTTP/1.1" 200 30
186.103.157.246 - - [01/Mar/2018:16:08:27 -0300] "GET /cormun/servlet/solicitudotadjuntos?0e478fbea50d0ff3685199396a0259d9c589fd49e1d030aaba0217f0349858f4,gx-no-cache=1519931259363 HTTP/1.1" 200 30
200.86.171.207 - - [01/Mar/2018:16:08:27 -0300] "POST /cormun/servlet/hlogin?9d26a0d199f0eb16b8556434c31ea712,gx-no-cache=1519931260920 HTTP/1.1" 200 90
200.86.171.207 - - [01/Mar/2018:16:08:27 -0300] "GET /cormun/servlet/hpexe_link HTTP/1.1" 200 953
200.86.171.207 - - [01/Mar/2018:16:08:28 -0300] "GET /cormun/servlet/hhome HTTP/1.1" 200 4330
200.86.171.207 - - [01/Mar/2018:16:08:28 -0300] "GET /cormun/static/Shared/jqueryui/jquery-ui.min.css?1245370 HTTP/1.1" 200 30288
186.79.145.55 - - [01/Mar/2018:16:08:28 -0300] "POST /cormun/servlet/hlogin?84e57db587dd95d5727bcaa4c070e24d,gx-no-cache=1519931266547 HTTP/1.1" 200 90
186.79.145.55 - - [01/Mar/2018:16:08:28 -0300] "GET /cormun/servlet/hpexe_link HTTP/1.1" 200 979
200.86.171.207 - - [01/Mar/2018:16:08:28 -0300] "GET /cormun/servlet/hhome HTTP/1.1" 200 4326
186.103.157.246 - - [01/Mar/2018:16:08:29 -0300] "POST /cormun/servlet/solicitudotadjuntos?a46a192141a957d855cc7ffdf8a197cd,INS,2018,9804,,1, HTTP/1.1" 200 116
186.103.157.246 - - [01/Mar/2018:16:08:29 -0300] "GET /cormun/servlet/hpexe_return? HTTP/1.1" 200 1017
186.79.145.55 - - [01/Mar/2018:16:08:29 -0300] "GET /cormun/servlet/trsolicitudot?gx-no-cache=1519931195541 HTTP/1.1" 200 7437
186.103.157.246 - - [01/Mar/2018:16:08:30 -0300] "GET /cormun/servlet/trsolicitudadjuntos?2018,9804, HTTP/1.1" 200 9074
186.79.145.55 - - [01/Mar/2018:16:08:31 -0300] "GET /cormun/servlet/trsolicitudot?gx-no-cache=1519931195541 HTTP/1.1" 200 7456
186.67.164.142 - - [01/Mar/2018:16:08:32 -0300] "POST /cormun/servlet/trautorizarsolicitud?cf198ee0c610d0c8484ef047a1c478e5,,gx-no-cache=1519931265448 HTTP/1.1" 200 9305
200.86.171.207 - - [01/Mar/2018:16:08:32 -0300] "GET /cormun/servlet/trcontratounov2? HTTP/1.1" 200 17518
200.86.171.207 - - [01/Mar/2018:16:08:32 -0300] "GET /cormun/static/gxcfg.js?201752512124396 HTTP/1.1" 304 -
200.86.171.207 - - [01/Mar/2018:16:08:32 -0300] "GET /cormun/static/calendar-setup.js?85251 HTTP/1.1" 304 -
200.86.171.207 - - [01/Mar/2018:16:08:32 -0300] "GET /cormun/static/calendar-es.js?85251 HTTP/1.1" 304 -
200.86.171.207 - - [01/Mar/2018:16:08:32 -0300] "GET /cormun/static/calendar.js?85251 HTTP/1.1" 304 -
200.86.171.207 - - [01/Mar/2018:16:08:32 -0300] "GET /cormun/static/gxdec.js?85251 HTTP/1.1" 304 -
186.67.164.142 - - [01/Mar/2018:16:08:33 -0300] "POST /cormun/servlet/trautorizarsolicitud?cf198ee0c610d0c8484ef047a1c478e5,,gx-no-cache=1519931266800 HTTP/1.1" 200 9250
200.86.171.207 - - [01/Mar/2018:16:08:34 -0300] "GET /cormun/servlet/trcontratounov2? HTTP/1.1" 200 17508
186.103.157.246 - - [01/Mar/2018:16:08:34 -0300] "GET /cormun/servlet/solicitudotadjuntos?INS,2018,9804,,1, HTTP/1.1" 200 5923
186.103.157.246 - - [01/Mar/2018:16:08:35 -0300] "GET /cormun/static/about:blank HTTP/1.1" 404 1011
186.103.157.246 - - [01/Mar/2018:16:08:35 -0300] "GET /cormun/static/about:blank HTTP/1.1" 404 1011
186.79.145.55 - - [01/Mar/2018:16:08:35 -0300] "GET /cormun/servlet/trautorizarsolicitud? HTTP/1.1" 200 8777
186.79.145.55 - - [01/Mar/2018:16:08:35 -0300] "GET /cormun/static/gxcfg.js?2017111423403364 HTTP/1.1" 200 953
200.86.171.207 - - [01/Mar/2018:16:08:36 -0300] "GET /cormun/servlet/trlicencias? HTTP/1.1" 200 10130
186.103.157.246 - - [01/Mar/2018:16:08:36 -0300] "GET /cormun/servlet/solicitudotadjuntos?0e478fbea50d0ff3685199396a0259d9f8bbc54698a74ef53cf3030601124a78174a554f1b300c27ead431ef29c275e0,gx-no-cache=1519931268383 HTTP/1.1" 200 30
186.103.157.246 - - [01/Mar/2018:16:08:37 -0300] "POST /cormun/servlet/solicitudotadjuntos?a46a192141a957d855cc7ffdf8a197cd,INS,2018,9804,,1,,gx-no-cache=1519931268764 HTTP/1.1" 200 3818
186.79.145.55 - - [01/Mar/2018:16:08:37 -0300] "GET /cormun/servlet/trautorizarsolicitud? HTTP/1.1" 200 8758
200.86.171.207 - - [01/Mar/2018:16:08:37 -0300] "GET /cormun/servlet/trlicencias? HTTP/1.1" 200 10129
200.120.230.197 - - [01/Mar/2018:16:08:39 -0300] "GET /cormun/servlet/hlogin HTTP/1.1" 200 1745
186.103.157.246 - - [01/Mar/2018:16:08:41 -0300] "POST /cormun/servlet/solicitudotadjuntos?gx-no-cache=1519931273317 HTTP/1.1" 200 26
186.103.157.246 - - [01/Mar/2018:16:08:46 -0300] "GET /cormun/servlet/solicitudotadjuntos?0e478fbea50d0ff3685199396a0259d9c589fd49e1d030aaba0217f0349858f4,gx-no-cache=1519931278877 HTTP/1.1" 200 30
186.103.157.246 - - [01/Mar/2018:16:08:46 -0300] "GET /cormun/servlet/solicitudotadjuntos?0e478fbea50d0ff3685199396a0259d9c589fd49e1d030aaba0217f0349858f4,gx-no-cache=1519931278907 HTTP/1.1" 200 30
186.103.157.246 - - [01/Mar/2018:16:08:50 -0300] "POST /cormun/servlet/solicitudotadjuntos?a46a192141a957d855cc7ffdf8a197cd,INS,2018,9804,,1, HTTP/1.1" 200 116
186.103.157.246 - - [01/Mar/2018:16:08:50 -0300] "GET /cormun/servlet/hpexe_return? HTTP/1.1" 200 1017
186.103.157.246 - - [01/Mar/2018:16:08:51 -0300] "GET /cormun/servlet/trsolicitudadjuntos?2018,9804, HTTP/1.1" 200 9330
186.103.159.46 - - [01/Mar/2018:16:08:55 -0300] "GET /cormun/servlet/solicitudot?INS,0,0, HTTP/1.1" 200 13408
186.103.159.46 - - [01/Mar/2018:16:08:58 -0300] "GET /cormun/servlet/solicitudot?INS,0,0, HTTP/1.1" 200 13413
186.67.164.142 - - [01/Mar/2018:16:09:00 -0300] "POST /cormun/servlet/trautorizarsolicitud?cf198ee0c610d0c8484ef047a1c478e5,,gx-no-cache=1519931294370 HTTP/1.1" 200 9022
186.103.157.246 - - [01/Mar/2018:16:09:01 -0300] "GET /cormun/servlet/hhome HTTP/1.1" 200 3884
186.67.164.142 - - [01/Mar/2018:16:09:02 -0300] "POST /cormun/servlet/trautorizarsolicitud?cf198ee0c610d0c8484ef047a1c478e5,,gx-no-cache=1519931295620 HTTP/1.1" 200 8966
186.103.157.246 - - [01/Mar/2018:16:09:10 -0300] "GET /cormun/servlet/trsolicitudot? HTTP/1.1" 200 8469
192.168.10.89 - - [01/Mar/2018:16:09:14 -0300] "POST /cormun/servlet/trsolicitudgral?2fdf7849505b8ca164c076caac8ae72b,,gx-no-cache=1519931194702 HTTP/1.1" 200 5917
186.103.157.246 - - [01/Mar/2018:16:09:16 -0300] "GET /cormun/servlet/solicitudot?INS,0,0, HTTP/1.1" 200 13336
192.168.10.89 - - [01/Mar/2018:16:09:18 -0300] "POST /cormun/servlet/trsolicitudgral?2fdf7849505b8ca164c076caac8ae72b,,gx-no-cache=1519931199449 HTTP/1.1" 200 7298
186.67.164.142 - - [01/Mar/2018:16:09:19 -0300] "POST /cormun/servlet/trautorizarsolicitud?cf198ee0c610d0c8484ef047a1c478e5,,gx-no-cache=1519931313356 HTTP/1.1" 200 8647
186.67.164.142 - - [01/Mar/2018:16:09:21 -0300] "POST /cormun/servlet/trautorizarsolicitud?cf198ee0c610d0c8484ef047a1c478e5,,gx-no-cache=1519931314516 HTTP/1.1" 200 8584
192.168.10.89 - - [01/Mar/2018:16:09:21 -0300] "GET /cormun/servlet/vesolicitudgral?2018,9235,, HTTP/1.1" 200 9500
192.168.10.89 - - [01/Mar/2018:16:09:21 -0300] "GET /cormun/pexe_scrolldiv.js HTTP/1.1" 404 1009
192.168.10.89 - - [01/Mar/2018:16:09:24 -0300] "GET /cormun/servlet/vesolicitudgral?2018,9235,,SolicitudOTLog HTTP/1.1" 200 10256
192.168.10.89 - - [01/Mar/2018:16:09:24 -0300] "GET /cormun/pexe_scrolldiv.js HTTP/1.1" 404 1009
186.103.159.46 - - [01/Mar/2018:16:09:25 -0300] "POST /cormun/servlet/solicitudot?gx-no-cache=1519931317653 HTTP/1.1" 200 3416
192.168.10.89 - - [01/Mar/2018:16:09:26 -0300] "POST /cormun/servlet/acontrolpreferencessavestate?None,CDROGUETT,true HTTP/1.1" 200 35
186.103.159.46 - - [01/Mar/2018:16:09:26 -0300] "POST /cormun/servlet/solicitudot?ffe4e6422b04176d445a83989ad10005,INS,0,0,,gx-no-cache=1519931318186 HTTP/1.1" 200 10403
186.103.159.46 - - [01/Mar/2018:16:09:44 -0300] "GET /cormun/servlet/solicitudot?1f98912d190e3d180d134005738c7fb739925add2ca876109ceee9cb492968360ebbccf41ad76d064dc2bb339beab81f,gx-no-cache=1519931336363 HTTP/1.1" 200 30
186.103.159.46 - - [01/Mar/2018:16:09:44 -0300] "GET /cormun/servlet/solicitudot?1f98912d190e3d180d134005738c7fb744742da25032c57cb1405e785ce69873d2812260f21a7a4587b1841aff0c5152,gx-no-cache=1519931336470 HTTP/1.1" 200 30
186.103.159.46 - - [01/Mar/2018:16:09:44 -0300] "GET /cormun/servlet/solicitudot?1f98912d190e3d180d134005738c7fb7adf302212c4864258c2a5ff3582e72db,gx-no-cache=1519931336551 HTTP/1.1" 200 51
186.103.159.46 - - [01/Mar/2018:16:09:44 -0300] "POST /cormun/servlet/solicitudot?gx-no-cache=1519931336638 HTTP/1.1" 200 297
186.103.159.46 - - [01/Mar/2018:16:09:44 -0300] "GET /cormun/servlet/solicitudot?1f98912d190e3d180d134005738c7fb74ab3878c9861981c62e012d76639d895f49456f41f31c0e8e302b60d4078417b48a295acddbfe53ab940f75c0f993c2bb468100b997911ac48feb04de3d410bc3197ecd58e785bb055c00ecdbb4fe8e03fb3cb57cc1a871b914bdeb9f07f06bbb8857acc344a40fcf925cd86a80d1a2f17d8575c3a56ff74cb8a423e0052bf8b7d98639aef4815c3b8fedd61ab05ff22eec142977697ca08e85bdf0baa14c47ff7478b82a1d972a02aa31e2377a33e75b3226d63b67ea19643cb4d75b4899468727c344602160bfd1dd5059e123e5c9aaccc1ad08d512e12e9172d01c8566c05d3e2e4ff4ed5708d2c4b484574bce6504deb6a25c74dbfa6e3074320bd9126aa84ac056dc7dc57e9c4a8da446dc2d7b35d6f7745e18da679155813d692f80e499cef45729ef83d1910ec602d22b5963ea23d085bee47b47fef0a2883fe28fec35589462f6d215e87dfd1b41093f56acfae223a20b000a61181aea1ba8953376c348e71532105bd4b5a2a91c007e6a099e1694cca9991726cba4a8929fea5c729,gx-no-cache=1519931336787 HTTP/1.1" 200 30
186.103.157.246 - - [01/Mar/2018:16:09:45 -0300] "POST /cormun/servlet/solicitudot?gx-no-cache=1519931333734 HTTP/1.1" 200 3293
186.103.157.246 - - [01/Mar/2018:16:09:46 -0300] "POST /cormun/servlet/solicitudot?a46a192141a957d855cc7ffdf8a197cd,INS,0,0,,gx-no-cache=1519931337511 HTTP/1.1" 200 10252
186.103.159.46 - - [01/Mar/2018:16:09:48 -0300] "POST /cormun/servlet/solicitudot?gx-no-cache=1519931340406 HTTP/1.1" 200 30
192.168.10.89 - - [01/Mar/2018:16:09:49 -0300] "POST /cormun/servlet/vesolicitudgral?2fdf7849505b8ca164c076caac8ae72b,2018,9235,,SolicitudOTLog,gx-no-cache=1519931229985 HTTP/1.1" 200 90
192.168.10.89 - - [01/Mar/2018:16:09:49 -0300] "GET /cormun/servlet/hpexe_link HTTP/1.1" 200 965
186.103.157.246 - - [01/Mar/2018:16:09:49 -0300] "GET /cormun/servlet/solicitudot?0e478fbea50d0ff3685199396a0259d9c36c688f477e17d69eef239c87c9ae3a8607f817c2830321ff93452022b8f2ce,gx-no-cache=1519931341343 HTTP/1.1" 200 30
192.168.10.89 - - [01/Mar/2018:16:09:49 -0300] "GET /cormun/servlet/trsolicitudgral? HTTP/1.1" 200 10786
186.103.159.46 - - [01/Mar/2018:16:09:55 -0300] "POST /cormun/servlet/solicitudot?gx-no-cache=1519931347351 HTTP/1.1" 200 1336
186.103.159.46 - - [01/Mar/2018:16:09:55 -0300] "POST /cormun/servlet/solicitudot?gx-no-cache=1519931347564 HTTP/1.1" 200 38
186.103.159.46 - - [01/Mar/2018:16:10:09 -0300] "GET /cormun/servlet/solicitudot?1f98912d190e3d180d134005738c7fb7c285f028cf526b6af1aefb26201584959e276cd5b08e2cc3282ab615353521a861843335c6477562937d1d531aa40e07e4556c043a8edf432013fe493f9379bfe9b871bfb1b982d4281562d7662d3389bea69b56e337c1404a6b6158074193f9,gx-no-cache=1519931361808 HTTP/1.1" 200 29
186.103.159.46 - - [01/Mar/2018:16:10:09 -0300] "POST /cormun/servlet/solicitudot?gx-no-cache=1519931361902 HTTP/1.1" 200 1318
186.103.159.46 - - [01/Mar/2018:16:10:10 -0300] "POST /cormun/servlet/solicitudot?gx-no-cache=1519931362085 HTTP/1.1" 200 1218
186.103.159.46 - - [01/Mar/2018:16:10:17 -0300] "GET /cormun/static/menuarrow.gif HTTP/1.1" 404 1015
186.103.157.246 - - [01/Mar/2018:16:11:45 -0300] "GET /cormun/servlet/prbanco?,MD,,gxPopupLevel%3D0%3B HTTP/1.1" 200 6487
186.103.157.246 - - [01/Mar/2018:16:11:50 -0300] "GET /cormun/servlet/solicitudot?a4dd6ee06a47a3ea9efa22d851b9f1483f83cc0b0f1f9fbf7e730fbbd9f23a28,gx-no-cache=1519931462265 HTTP/1.1" 200 20
186.103.157.246 - - [01/Mar/2018:16:11:50 -0300] "GET /cormun/servlet/solicitudot?0e478fbea50d0ff3685199396a0259d978fb3c35539edc681e853d6f7c1cc45f384e79661462005e19578ab13d8aecfd8c0ecba7a1ce4699d659647233b45c52,gx-no-cache=1519931462376 HTTP/1.1" 200 30
186.103.157.246 - - [01/Mar/2018:16:11:52 -0300] "GET /cormun/servlet/solicitudot?0e478fbea50d0ff3685199396a0259d97964c9a0c3e096a58bee06cda946105e,gx-no-cache=1519931464912 HTTP/1.1" 200 53
186.103.157.246 - - [01/Mar/2018:16:12:17 -0300] "POST /cormun/servlet/solicitudot?gx-no-cache=1519931489656 HTTP/1.1" 200 255
186.103.157.246 - - [01/Mar/2018:16:12:25 -0300] "GET /cormun/servlet/solicitudot?0e478fbea50d0ff3685199396a0259d9a663b1f2255c7eb03fb1f0cc5c09dcab5c0dfcf0194d1302103ef49469a554f73896ea01f25f54b4227d75a1ef8e6a2b365ea628266253091afa2efe41efd4730447bec69b5329462c0fa065df7329c06de2d7facfc02715a07651c08d2274afdfcf3e9e65385c8d79040160107274b5a3281f7a33b1d2fa69c6e2dba0d0dae04b079862021425fe37d97795f1018f7b17c31833e6b656bfe596cd0145321e1b4d717346003e37bf7622829e6a968b64a629ee323adb14dd0aebaef66e8ae7573cba2fec46fd00e0a9f707fe072e69b2963eec49576bab8eedfa282d67f2361806babcfba70355c6b7a8ce9bea310eb354f998000b6134b2b8f93db759ec8787eedd8f8b2b16892ebbb337988a2977b310c0b6af151906cfb16f7c4f4fb6dfedee86e882e3a40ff1facf9c31be3f0eb44715ec20de62efe93ac2d7cdd42255f21468764157a858306b913656e5a96b6d0364115ef45b0dceb3d77f003e39234054b32ae93adb2a94f72d4347af18dbe1,gx-no-cache=1519931497382 HTTP/1.1" 200 30
192.168.10.96 - - [01/Mar/2018:16:12:52 -0300] "POST /cormun/servlet/trsolicitudgral?8aa09d96e9d0ef62f6a23a0d270c345b,,gx-no-cache=1519931412386 HTTP/1.1" 200 18699
186.103.159.46 - - [01/Mar/2018:16:13:07 -0300] "POST /cormun/servlet/solicitudot?gx-no-cache=1519931539866 HTTP/1.1" 200 1318
186.103.159.46 - - [01/Mar/2018:16:13:08 -0300] "POST /cormun/servlet/solicitudot?gx-no-cache=1519931540195 HTTP/1.1" 200 1218
192.168.10.96 - - [01/Mar/2018:16:13:08 -0300] "POST /cormun/servlet/trsolicitudgral?8aa09d96e9d0ef62f6a23a0d270c345b,,gx-no-cache=1519931429228 HTTP/1.1" 200 5918
