186.103.161.206 - - [01/Mar/2018:17:05:23 -0300] "GET /cormun/servlet/solicitudot?8cad0222c79a21110e07fa5aaa4ef0ad64bc7900d9297830aeb528372b1eb96904017ccce3ec802d3301cd003f8c492e,gx-no-cache=1519934676370 HTTP/1.1" 200 30
186.103.161.206 - - [01/Mar/2018:17:05:35 -0300] "POST /cormun/servlet/solicitudot?gx-no-cache=1519934687885 HTTP/1.1" 200 33
191.125.59.191 - - [01/Mar/2018:17:05:38 -0300] "GET /cormun/static/menuarrow.gif HTTP/1.1" 404 1015
191.125.59.191 - - [01/Mar/2018:17:05:43 -0300] "POST /cormun/servlet/trautorizarsolicitud?03dc1b970561dc2b39cd0cdba71bb2d2,,gx-no-cache=1519934692308 HTTP/1.1" 200 19729
186.103.159.46 - - [01/Mar/2018:17:06:36 -0300] "GET /cormun/servlet/solicitudot?INS,0,0, HTTP/1.1" 200 13408
186.103.159.46 - - [01/Mar/2018:17:06:38 -0300] "GET /cormun/servlet/solicitudot?INS,0,0, HTTP/1.1" 200 13413
186.103.159.46 - - [01/Mar/2018:17:07:09 -0300] "POST /cormun/servlet/solicitudot?gx-no-cache=1519934781522 HTTP/1.1" 200 3402
186.103.159.46 - - [01/Mar/2018:17:07:10 -0300] "POST /cormun/servlet/solicitudot?ffe4e6422b04176d445a83989ad10005,INS,0,0,,gx-no-cache=1519934782124 HTTP/1.1" 200 10367
186.103.159.46 - - [01/Mar/2018:17:07:49 -0300] "GET /cormun/servlet/solicitudot?1f98912d190e3d180d134005738c7fb762ec54e595e1c4c09623576146b060890ebbccf41ad76d064dc2bb339beab81f,gx-no-cache=1519934821171 HTTP/1.1" 200 30
186.103.159.46 - - [01/Mar/2018:17:07:49 -0300] "GET /cormun/servlet/solicitudot?1f98912d190e3d180d134005738c7fb759444beb7ccb918e7d62f56c752ceccb730a415b5f9093461fe62c2c90327475e1694cca9991726cba4a8929fea5c729,gx-no-cache=1519934821407 HTTP/1.1" 200 30
186.103.159.46 - - [01/Mar/2018:17:07:49 -0300] "GET /cormun/servlet/solicitudot?1f98912d190e3d180d134005738c7fb7adf302212c4864258c2a5ff3582e72db,gx-no-cache=1519934821519 HTTP/1.1" 200 51
186.103.159.46 - - [01/Mar/2018:17:07:49 -0300] "POST /cormun/servlet/solicitudot?gx-no-cache=1519934821638 HTTP/1.1" 200 255
186.103.159.46 - - [01/Mar/2018:17:07:50 -0300] "GET /cormun/servlet/solicitudot?1f98912d190e3d180d134005738c7fb74ab3878c9861981c62e012d76639d895641f33883ff731de652ff361418edc7948a295acddbfe53ab940f75c0f993c2bb468100b997911ac48feb04de3d410bc3197ecd58e785bb055c00ecdbb4fe8e03fb3cb57cc1a871b914bdeb9f07f06bbb8857acc344a40fcf925cd86a80d1a2f17d8575c3a56ff74cb8a423e0052bf8b7d98639aef4815c3b8fedd61ab05ff22eec142977697ca08e85bdf0baa14c47ff7478b82a1d972a02aa31e2377a33e75b3226d63b67ea19643cb4d75b4899468727c344602160bfd1dd5059e123e5c9aaccc1ad08d512e12e9172d01c8566c059c7e17877a65416bc1098361183f91614deb6a25c74dbfa6e3074320bd9126aad53e14b5b26dbb31036d6cb5b908a9f8db594ac73275a5a20e3e4d5cc34b8a8fe325724c38af7e01d7e943550a85288b2a2647c5ffbff1a8111f5d191935f3ddd44ea219b2f7d848ce0e055405e9ec9ae44cc2b21a41984d06d8e5b9c6f844eee574a7f8ef1fdc61f06719f1f90ce633,gx-no-cache=1519934821799 HTTP/1.1" 200 30
192.168.10.89 - - [01/Mar/2018:17:08:15 -0300] "POST /cormun/servlet/trsolicitudgral?2fdf7849505b8ca164c076caac8ae72b,,gx-no-cache=1519934735647 HTTP/1.1" 200 7288
200.72.197.82 - - [01/Mar/2018:17:08:16 -0300] "POST /cormun/servlet/solicitudot?gx-no-cache=1519934842282 HTTP/1.1" 200 1318
192.168.10.89 - - [01/Mar/2018:17:08:18 -0300] "GET /cormun/servlet/vesolicitudgral?2018,9623,, HTTP/1.1" 200 9468
192.168.10.89 - - [01/Mar/2018:17:08:19 -0300] "GET /cormun/pexe_scrolldiv.js HTTP/1.1" 404 1009
192.168.10.89 - - [01/Mar/2018:17:08:24 -0300] "GET /cormun/servlet/vesolicitudgral?2018,9623,,SolicitudOTAdjuntos HTTP/1.1" 200 8179
192.168.10.89 - - [01/Mar/2018:17:08:24 -0300] "GET /cormun/pexe_scrolldiv.js HTTP/1.1" 404 1009
192.168.10.89 - - [01/Mar/2018:17:08:26 -0300] "POST /cormun/servlet/acontrolpreferencessavestate?None,CDROGUETT,true HTTP/1.1" 200 35
190.46.88.54 - - [01/Mar/2018:17:08:31 -0300] "GET /cormun/servlet/solicitudotadjuntos?INS,2018,9773,,1, HTTP/1.1" 200 5278
190.46.88.54 - - [01/Mar/2018:17:08:31 -0300] "GET /cormun/static/gxtimezone.js?85251 HTTP/1.1" 304 -
190.46.88.54 - - [01/Mar/2018:17:08:31 -0300] "GET /cormun/static/calendar-setup.js?85251 HTTP/1.1" 304 -
190.46.88.54 - - [01/Mar/2018:17:08:31 -0300] "GET /cormun/static/calendar-es.js?85251 HTTP/1.1" 304 -
190.46.88.54 - - [01/Mar/2018:17:08:31 -0300] "GET /cormun/static/calendar.js?85251 HTTP/1.1" 304 -
190.46.88.54 - - [01/Mar/2018:17:08:31 -0300] "GET /cormun/static/gxdec.js?85251 HTTP/1.1" 304 -
200.54.18.125 - - [01/Mar/2018:17:08:31 -0300] "GET /cormun/servlet/trlicenciaspermisosadjuntos?15105573,20180301000000,L, HTTP/1.1" 200 6512
190.46.88.54 - - [01/Mar/2018:17:08:32 -0300] "GET /cormun/static/about:blank HTTP/1.1" 404 1011
190.46.88.54 - - [01/Mar/2018:17:08:32 -0300] "GET /cormun/servlet/hlogin HTTP/1.1" 200 1755
190.46.88.54 - - [01/Mar/2018:17:08:32 -0300] "GET /cormun/servlet/solicitudotadjuntos?INS,2018,9773,,1, HTTP/1.1" 200 5270
200.54.18.125 - - [01/Mar/2018:17:08:32 -0300] "GET /cormun/static/gxcfg.js?20177612163414 HTTP/1.1" 200 953
200.54.18.125 - - [01/Mar/2018:17:08:32 -0300] "GET /cormun/static/trlicenciaspermisosadjuntos.js?20177612163719 HTTP/1.1" 200 21036
200.54.18.125 - - [01/Mar/2018:17:08:33 -0300] "GET /cormun/servlet/trlicenciaspermisosadjuntos?15105573,20180301000000,L, HTTP/1.1" 200 6512
200.54.18.125 - - [01/Mar/2018:17:08:35 -0300] "GET /cormun/servlet/licenciaspermisosadjuntos?INS,15105573,L,20180301000000,, HTTP/1.1" 200 5814
152.231.70.146 - - [01/Mar/2018:17:08:35 -0300] "GET /cormun/static/gxcfg.js?2017761263592 HTTP/1.1" 200 953
200.54.18.125 - - [01/Mar/2018:17:08:35 -0300] "GET /cormun/static/about:blank HTTP/1.1" 404 1011
152.231.70.146 - - [01/Mar/2018:17:08:35 -0300] "GET /cormun/static/licenciaspermisosadjuntos.js?201776126362 HTTP/1.1" 200 8760
152.231.70.146 - - [01/Mar/2018:17:08:35 -0300] "GET /cormun/servlet/licenciaspermisosadjuntos?INS,15105573,L,20180301000000,, HTTP/1.1" 200 5803
200.72.197.82 - - [01/Mar/2018:17:08:42 -0300] "POST /cormun/servlet/solicitudot?gx-no-cache=1519934869298 HTTP/1.1" 200 1218
192.168.10.89 - - [01/Mar/2018:17:08:42 -0300] "GET /cormun/servlet/vesolicitudgral?2018,9623,,General HTTP/1.1" 200 9473
192.168.10.89 - - [01/Mar/2018:17:08:42 -0300] "GET /cormun/pexe_scrolldiv.js HTTP/1.1" 404 1009
190.46.88.54 - - [01/Mar/2018:17:08:44 -0300] "POST /cormun/servlet/hlogin?95aa15cb3c4d23a7411d5fcadd836891,gx-no-cache=1519934879123 HTTP/1.1" 200 90
190.46.88.54 - - [01/Mar/2018:17:08:45 -0300] "GET /cormun/servlet/hpexe_link HTTP/1.1" 200 975
190.46.88.54 - - [01/Mar/2018:17:08:45 -0300] "GET /cormun/servlet/solicitudotadjuntos?INS,2018,9773,,1, HTTP/1.1" 200 6061
190.46.88.54 - - [01/Mar/2018:17:08:46 -0300] "GET /cormun/static/about:blank HTTP/1.1" 404 1011
190.46.88.54 - - [01/Mar/2018:17:08:46 -0300] "GET /cormun/servlet/solicitudotadjuntos?INS,2018,9773,,1, HTTP/1.1" 200 6059
190.46.88.54 - - [01/Mar/2018:17:08:46 -0300] "GET /cormun/servlet/solicitudotadjuntos?57106f670bed828f4f627b9a15570c9f3ff389cafa167c9f2e5697131b04eef3643c14fbd8f78dd7e550589174f0b947,gx-no-cache=1519934880963 HTTP/1.1" 200 30
190.46.88.54 - - [01/Mar/2018:17:08:47 -0300] "POST /cormun/servlet/solicitudotadjuntos?95aa15cb3c4d23a7411d5fcadd836891,INS,2018,9773,,1,,gx-no-cache=1519934881065 HTTP/1.1" 200 3751
192.168.10.89 - - [01/Mar/2018:17:09:07 -0300] "GET /cormun/servlet/vesolicitudgral?2018,9623,,SolicitudOTAdjuntos HTTP/1.1" 200 8179
192.168.10.89 - - [01/Mar/2018:17:09:07 -0300] "GET /cormun/pexe_scrolldiv.js HTTP/1.1" 404 1009
192.168.10.89 - - [01/Mar/2018:17:09:09 -0300] "POST /cormun/servlet/acontrolpreferencessavestate?None,CDROGUETT,true HTTP/1.1" 200 35
190.46.88.54 - - [01/Mar/2018:17:09:15 -0300] "POST /cormun/servlet/solicitudotadjuntos?gx-no-cache=1519934909280 HTTP/1.1" 200 26
192.168.10.89 - - [01/Mar/2018:17:09:31 -0300] "GET /cormun/servlet/vesolicitudgral?2018,9623,,General HTTP/1.1" 200 9473
192.168.10.89 - - [01/Mar/2018:17:09:31 -0300] "GET /cormun/pexe_scrolldiv.js HTTP/1.1" 404 1009
192.168.10.96 - - [01/Mar/2018:17:09:36 -0300] "POST /cormun/servlet/trsolicitudgral?8aa09d96e9d0ef62f6a23a0d270c345b,,gx-no-cache=1519934816785 HTTP/1.1" 200 8358
200.54.18.125 - - [01/Mar/2018:17:09:41 -0300] "POST /cormun/servlet/licenciaspermisosadjuntos?03600426af18f3b6fc39b76570835eee,INS,15105573,L,20180301000000,, HTTP/1.1" 200 116
200.54.18.125 - - [01/Mar/2018:17:09:41 -0300] "GET /cormun/servlet/hpexe_return? HTTP/1.1" 200 1040
200.54.18.125 - - [01/Mar/2018:17:09:41 -0300] "GET /cormun/servlet/trlicenciaspermisosadjuntos?15105573,20180301000000,L, HTTP/1.1" 200 7004
200.54.18.125 - - [01/Mar/2018:17:09:42 -0300] "GET /cormun/servlet/trlicenciaspermisosadjuntos?15105573,20180301000000,L, HTTP/1.1" 200 6999
200.54.18.125 - - [01/Mar/2018:17:09:43 -0300] "GET /cormun/PublicTempStorage/img3896538054.jpg HTTP/1.1" 200 1767757
192.168.10.96 - - [01/Mar/2018:17:09:45 -0300] "GET /cormun/servlet/vesolicitudgral?2018,9622,, HTTP/1.1" 200 9281
192.168.10.96 - - [01/Mar/2018:17:09:45 -0300] "GET /cormun/pexe_scrolldiv.js HTTP/1.1" 404 1009
192.168.10.96 - - [01/Mar/2018:17:09:45 -0300] "GET /cormun/static/vesolicitudgral.js?201711151294244 HTTP/1.1" 304 -
192.168.10.96 - - [01/Mar/2018:17:09:45 -0300] "GET /cormun/static/tbsolicitudgral01.js?201813119422078 HTTP/1.1" 304 -
192.168.10.96 - - [01/Mar/2018:17:09:46 -0300] "GET /cormun/servlet/vesolicitudgral?2018,9622,, HTTP/1.1" 200 9281
192.168.10.96 - - [01/Mar/2018:17:09:48 -0300] "GET /cormun/servlet/vesolicitudgral?2018,9622,,SolicitudOTAdjuntos HTTP/1.1" 200 11244
192.168.10.96 - - [01/Mar/2018:17:09:48 -0300] "GET /cormun/pexe_scrolldiv.js HTTP/1.1" 404 1009
192.168.10.96 - - [01/Mar/2018:17:09:48 -0300] "GET /cormun/pexe_scrolldiv.js HTTP/1.1" 404 1009
192.168.10.96 - - [01/Mar/2018:17:09:50 -0300] "GET /cormun/servlet/vesolicitudgral?2018,9622,,SolicitudOTAdjuntos HTTP/1.1" 200 11250
192.168.10.96 - - [01/Mar/2018:17:09:50 -0300] "POST /cormun/servlet/acontrolpreferencessavestate?None,DZAMUDIO,true HTTP/1.1" 200 35
192.168.10.89 - - [01/Mar/2018:17:09:53 -0300] "GET /cormun/servlet/vesolicitudgral?2018,9623,,SolicitudOTAdjuntos HTTP/1.1" 200 8179
192.168.10.89 - - [01/Mar/2018:17:09:53 -0300] "GET /cormun/pexe_scrolldiv.js HTTP/1.1" 404 1009
200.54.18.125 - - [01/Mar/2018:17:09:55 -0300] "GET /cormun/servlet/trlicencias? HTTP/1.1" 200 8328
192.168.10.89 - - [01/Mar/2018:17:09:55 -0300] "POST /cormun/servlet/acontrolpreferencessavestate?None,CDROGUETT,true HTTP/1.1" 200 35
192.168.10.96 - - [01/Mar/2018:17:09:55 -0300] "GET /cormun/PublicTempStorage/cedula_de_identidad4965449.pdf HTTP/1.1" 200 194084
200.54.18.125 - - [01/Mar/2018:17:09:55 -0300] "GET /cormun/servlet/trlicencias? HTTP/1.1" 200 8328
190.46.88.54 - - [01/Mar/2018:17:10:00 -0300] "POST /cormun/servlet/solicitudotadjuntos?gx-no-cache=1519934954757 HTTP/1.1" 200 26
186.67.84.234 - - [01/Mar/2018:17:10:03 -0300] "POST /cormun/servlet/trlicencias?03600426af18f3b6fc39b76570835eee,,gx-no-cache=1519934982943 HTTP/1.1" 200 5577
186.67.84.234 - - [01/Mar/2018:17:10:03 -0300] "GET /cormun/static/Shared/jqueryui/images/ui-bg_highlight-soft_100_c6c2c8_1x100.png HTTP/1.1" 404 1117
186.67.84.234 - - [01/Mar/2018:17:10:03 -0300] "GET /cormun/static/Shared/jqueryui/images/ui-icons_82798d_256x240.png HTTP/1.1" 404 1089
200.54.18.125 - - [01/Mar/2018:17:10:03 -0300] "GET /cormun/static/Shared/jqueryui/images/ui-bg_flat_55_fafafa_40x100.png HTTP/1.1" 404 1097
186.103.196.84 - - [01/Mar/2018:17:10:03 -0300] "GET /cormun/static/Shared/jqueryui/images/ui-icons_8d78a5_256x240.png HTTP/1.1" 404 1089
200.54.18.125 - - [01/Mar/2018:17:10:03 -0300] "GET /cormun//static/Resources/PXToolsActionDisabled.gif HTTP/1.1" 200 53
192.168.10.96 - - [01/Mar/2018:17:10:04 -0300] "GET /cormun/servlet/vesolicitudgral?2018,9622,,SolicitudOTAdjuntos HTTP/1.1" 200 11247
192.168.10.96 - - [01/Mar/2018:17:10:06 -0300] "GET /cormun/servlet/vesolicitudgral?2018,9622,,SolicitudOTAdjuntos HTTP/1.1" 200 11246
192.168.10.96 - - [01/Mar/2018:17:10:06 -0300] "POST /cormun/servlet/acontrolpreferencessavestate?None,DZAMUDIO,true HTTP/1.1" 200 35
192.168.10.89 - - [01/Mar/2018:17:10:13 -0300] "POST /cormun/servlet/vesolicitudgral?2fdf7849505b8ca164c076caac8ae72b,2018,9623,,SolicitudOTAdjuntos,gx-no-cache=1519934853933 HTTP/1.1" 200 90
192.168.10.89 - - [01/Mar/2018:17:10:13 -0300] "GET /cormun/servlet/hpexe_link HTTP/1.1" 200 969
192.168.10.96 - - [01/Mar/2018:17:10:13 -0300] "GET /cormun/servlet/vesolicitudgral?2018,9622,, HTTP/1.1" 200 9281
192.168.10.89 - - [01/Mar/2018:17:10:14 -0300] "GET /cormun/servlet/trsolicitudgral? HTTP/1.1" 200 10771
192.168.10.96 - - [01/Mar/2018:17:10:14 -0300] "GET /cormun/servlet/vesolicitudgral?2018,9622,, HTTP/1.1" 200 9281
192.168.10.96 - - [01/Mar/2018:17:10:22 -0300] "POST /cormun/servlet/vesolicitudgral?8aa09d96e9d0ef62f6a23a0d270c345b,2018,9622,,,gx-no-cache=1519934863433 HTTP/1.1" 200 90
192.168.10.96 - - [01/Mar/2018:17:10:22 -0300] "GET /cormun/servlet/hpexe_link HTTP/1.1" 200 967
192.168.10.96 - - [01/Mar/2018:17:10:23 -0300] "GET /cormun/servlet/trsolicitudgral? HTTP/1.1" 200 11604
192.168.10.96 - - [01/Mar/2018:17:10:24 -0300] "GET /cormun/servlet/trsolicitudgral? HTTP/1.1" 200 11602
192.168.10.89 - - [01/Mar/2018:17:10:38 -0300] "POST /cormun/servlet/trsolicitudgral?2fdf7849505b8ca164c076caac8ae72b,,gx-no-cache=1519934879125 HTTP/1.1" 200 7635
192.168.10.89 - - [01/Mar/2018:17:10:42 -0300] "GET /cormun/servlet/vesolicitudgral?2018,9622,, HTTP/1.1" 200 9480
192.168.10.89 - - [01/Mar/2018:17:10:42 -0300] "GET /cormun/pexe_scrolldiv.js HTTP/1.1" 404 1009
190.46.88.54 - - [01/Mar/2018:17:11:07 -0300] "GET /cormun/servlet/solicitudotadjuntos?57106f670bed828f4f627b9a15570c9f53bcc0d8fec80a65a0d10dbc1b5bf277,gx-no-cache=1519935022000 HTTP/1.1" 200 30
190.46.88.54 - - [01/Mar/2018:17:11:08 -0300] "GET /cormun/servlet/solicitudotadjuntos?57106f670bed828f4f627b9a15570c9f53bcc0d8fec80a65a0d10dbc1b5bf277,gx-no-cache=1519935022148 HTTP/1.1" 200 30
192.168.10.89 - - [01/Mar/2018:17:11:09 -0300] "GET /cormun/servlet/vesolicitudgral?2018,9622,,SolicitudOTAdjuntos HTTP/1.1" 200 11446
192.168.10.89 - - [01/Mar/2018:17:11:09 -0300] "GET /cormun/pexe_scrolldiv.js HTTP/1.1" 404 1009
190.46.88.54 - - [01/Mar/2018:17:11:10 -0300] "POST /cormun/servlet/solicitudotadjuntos?95aa15cb3c4d23a7411d5fcadd836891,INS,2018,9773,,1, HTTP/1.1" 200 5953
190.46.88.54 - - [01/Mar/2018:17:11:10 -0300] "GET /cormun/static/Shared/jqueryui/images/ui-bg_highlight-soft_100_c6c2c8_1x100.png HTTP/1.1" 404 1117
190.46.88.54 - - [01/Mar/2018:17:11:10 -0300] "GET /cormun/static/Shared/jqueryui/images/ui-icons_82798d_256x240.png HTTP/1.1" 404 1089
190.46.88.54 - - [01/Mar/2018:17:11:10 -0300] "GET /cormun/static/Shared/jqueryui/images/ui-bg_flat_55_994d53_40x100.png HTTP/1.1" 404 1097
190.46.88.54 - - [01/Mar/2018:17:11:10 -0300] "GET /cormun/static/Shared/jqueryui/images/ui-icons_ebccce_256x240.png HTTP/1.1" 404 1089
190.46.88.54 - - [01/Mar/2018:17:11:11 -0300] "GET /cormun/PrivateTempStorage/upload_00002970.jpg HTTP/1.1" 200 75294
192.168.10.89 - - [01/Mar/2018:17:11:11 -0300] "POST /cormun/servlet/acontrolpreferencessavestate?None,CDROGUETT,true HTTP/1.1" 200 35
192.168.10.89 - - [01/Mar/2018:17:11:11 -0300] "GET /cormun/PublicTempStorage/cedula_de_identidad1829617.pdf HTTP/1.1" 200 194084
200.86.171.207 - - [01/Mar/2018:17:11:12 -0300] "GET /cormun/servlet/hlogin HTTP/1.1" 200 1719
200.86.171.207 - - [01/Mar/2018:17:11:12 -0300] "GET /cormun/servlet/hlogin HTTP/1.1" 200 1729
192.168.10.89 - - [01/Mar/2018:17:11:19 -0300] "GET /cormun/servlet/vesolicitudgral?2018,9622,,SolicitudOTAdjuntos HTTP/1.1" 200 11446
192.168.10.89 - - [01/Mar/2018:17:11:20 -0300] "GET /cormun/pexe_scrolldiv.js HTTP/1.1" 404 1009
192.168.10.89 - - [01/Mar/2018:17:11:21 -0300] "POST /cormun/servlet/acontrolpreferencessavestate?None,CDROGUETT,true HTTP/1.1" 200 35
192.168.10.89 - - [01/Mar/2018:17:11:22 -0300] "GET /cormun/PublicTempStorage/afp133348.pdf HTTP/1.1" 200 191393
190.46.88.54 - - [01/Mar/2018:17:11:26 -0300] "GET /cormun/servlet/solicitudotadjuntos?57106f670bed828f4f627b9a15570c9f6838077366727f614a635508a0ba91e3166e44cec9429eddb54beecc3d4fc51b,gx-no-cache=1519935041270 HTTP/1.1" 200 30
190.46.88.54 - - [01/Mar/2018:17:11:28 -0300] "POST /cormun/servlet/solicitudotadjuntos?95aa15cb3c4d23a7411d5fcadd836891,INS,2018,9773,,1, HTTP/1.1" 200 5956
190.46.88.54 - - [01/Mar/2018:17:11:28 -0300] "GET /cormun/PrivateTempStorage/upload_00002981.jpg HTTP/1.1" 200 75294
192.168.10.89 - - [01/Mar/2018:17:11:32 -0300] "GET /cormun/servlet/vesolicitudgral?2018,9622,,SolicitudOTAdjuntos HTTP/1.1" 200 11444
192.168.10.89 - - [01/Mar/2018:17:11:32 -0300] "GET /cormun/pexe_scrolldiv.js HTTP/1.1" 404 1009
190.46.88.54 - - [01/Mar/2018:17:11:32 -0300] "POST /cormun/servlet/solicitudotadjuntos?95aa15cb3c4d23a7411d5fcadd836891,INS,2018,9773,,1, HTTP/1.1" 200 116
190.46.88.54 - - [01/Mar/2018:17:11:32 -0300] "GET /cormun/servlet/hpexe_return? HTTP/1.1" 200 1019
190.46.88.54 - - [01/Mar/2018:17:11:33 -0300] "GET /cormun/servlet/hhome HTTP/1.1" 200 4190
192.168.10.89 - - [01/Mar/2018:17:11:33 -0300] "POST /cormun/servlet/acontrolpreferencessavestate?None,CDROGUETT,true HTTP/1.1" 200 35
190.46.88.54 - - [01/Mar/2018:17:11:34 -0300] "GET /cormun/servlet/hhome HTTP/1.1" 200 4185
192.168.10.89 - - [01/Mar/2018:17:11:34 -0300] "GET /cormun/PublicTempStorage/fonasa325147.pdf HTTP/1.1" 200 195478
192.168.10.89 - - [01/Mar/2018:17:11:42 -0300] "GET /cormun/servlet/vesolicitudgral?2018,9622,,SolicitudOTAdjuntos HTTP/1.1" 200 11445
192.168.10.89 - - [01/Mar/2018:17:11:42 -0300] "GET /cormun/pexe_scrolldiv.js HTTP/1.1" 404 1009
192.168.10.89 - - [01/Mar/2018:17:11:44 -0300] "POST /cormun/servlet/acontrolpreferencessavestate?None,CDROGUETT,true HTTP/1.1" 200 35
192.168.10.89 - - [01/Mar/2018:17:11:45 -0300] "GET /cormun/PublicTempStorage/certificado_de_antecedentes4120737.pdf HTTP/1.1" 200 214804
190.46.88.54 - - [01/Mar/2018:17:11:48 -0300] "GET /cormun/servlet/trautorizarsolicitud? HTTP/1.1" 200 7302
190.46.88.54 - - [01/Mar/2018:17:11:49 -0300] "GET /cormun/servlet/trautorizarsolicitud? HTTP/1.1" 200 7302
192.168.10.89 - - [01/Mar/2018:17:11:52 -0300] "GET /cormun/servlet/vesolicitudgral?2018,9622,,SolicitudOTAdjuntos HTTP/1.1" 200 11443
192.168.10.89 - - [01/Mar/2018:17:11:52 -0300] "GET /cormun/pexe_scrolldiv.js HTTP/1.1" 404 1009
190.46.88.54 - - [01/Mar/2018:17:11:54 -0300] "GET /cormun/servlet/trsolicitudot? HTTP/1.1" 200 8831
192.168.10.89 - - [01/Mar/2018:17:11:54 -0300] "POST /cormun/servlet/acontrolpreferencessavestate?None,CDROGUETT,true HTTP/1.1" 200 35
192.168.10.89 - - [01/Mar/2018:17:11:55 -0300] "GET /cormun/PublicTempStorage/curriculum745665.pdf HTTP/1.1" 200 337140
190.46.88.54 - - [01/Mar/2018:17:11:55 -0300] "GET /cormun/servlet/trsolicitudot? HTTP/1.1" 200 8830
190.46.88.54 - - [01/Mar/2018:17:11:59 -0300] "POST /cormun/servlet/trsolicitudot?95aa15cb3c4d23a7411d5fcadd836891,,gx-no-cache=1519935073652 HTTP/1.1" 200 107
190.46.88.54 - - [01/Mar/2018:17:12:00 -0300] "GET /cormun/servlet/trsolicitudadjuntos?2018,9773, HTTP/1.1" 200 9017
93.158.161.6 - - [01/Mar/2018:17:12:01 -0300] "GET /robots.txt HTTP/1.1" 404 981
190.46.88.54 - - [01/Mar/2018:17:12:01 -0300] "GET /cormun/servlet/trsolicitudadjuntos?2018,9773, HTTP/1.1" 200 9020
200.86.171.207 - - [01/Mar/2018:17:12:02 -0300] "POST /cormun/servlet/hlogin?a6a69be86de86ebec57c01078d85ecd6,gx-no-cache=1519935117044 HTTP/1.1" 200 90
200.86.171.207 - - [01/Mar/2018:17:12:02 -0300] "GET /cormun/servlet/hpexe_link HTTP/1.1" 200 949
200.86.171.207 - - [01/Mar/2018:17:12:03 -0300] "GET /cormun/servlet/hhome HTTP/1.1" 200 4325
192.168.10.89 - - [01/Mar/2018:17:12:03 -0300] "GET /cormun/servlet/vesolicitudgral?2018,9622,,SolicitudOTAdjuntos HTTP/1.1" 200 11444
192.168.10.89 - - [01/Mar/2018:17:12:03 -0300] "GET /cormun/pexe_scrolldiv.js HTTP/1.1" 404 1009
200.86.171.207 - - [01/Mar/2018:17:12:03 -0300] "GET /cormun/servlet/hhome HTTP/1.1" 200 4321
192.168.10.89 - - [01/Mar/2018:17:12:05 -0300] "POST /cormun/servlet/acontrolpreferencessavestate?None,CDROGUETT,true HTTP/1.1" 200 35
192.168.10.89 - - [01/Mar/2018:17:12:05 -0300] "GET /cormun/PublicTempStorage/titulo5489417.pdf HTTP/1.1" 200 213433
93.158.161.6 - - [01/Mar/2018:17:12:05 -0300] "GET /docs/config/valve.html HTTP/1.1" 200 115892
192.168.10.89 - - [01/Mar/2018:17:12:18 -0300] "GET /cormun/servlet/vesolicitudgral?2018,9622,,SolicitudOTAdjuntos HTTP/1.1" 200 11447
192.168.10.89 - - [01/Mar/2018:17:12:18 -0300] "GET /cormun/pexe_scrolldiv.js HTTP/1.1" 404 1009
192.168.10.89 - - [01/Mar/2018:17:12:20 -0300] "POST /cormun/servlet/acontrolpreferencessavestate?None,CDROGUETT,true HTTP/1.1" 200 35
190.46.88.54 - - [01/Mar/2018:17:12:44 -0300] "GET /cormun/servlet/solicitudotadjuntos?INS,2018,9773,,1, HTTP/1.1" 200 6231
190.46.88.54 - - [01/Mar/2018:17:12:45 -0300] "GET /cormun/static/about:blank HTTP/1.1" 404 1011
190.46.88.54 - - [01/Mar/2018:17:12:45 -0300] "GET /cormun/servlet/solicitudotadjuntos?INS,2018,9773,,1, HTTP/1.1" 200 6225
190.46.88.54 - - [01/Mar/2018:17:12:45 -0300] "GET /cormun/servlet/solicitudotadjuntos?57106f670bed828f4f627b9a15570c9f3ff389cafa167c9f2e5697131b04eef3643c14fbd8f78dd7e550589174f0b947,gx-no-cache=1519935120316 HTTP/1.1" 200 30
190.46.88.54 - - [01/Mar/2018:17:12:46 -0300] "POST /cormun/servlet/solicitudotadjuntos?95aa15cb3c4d23a7411d5fcadd836891,INS,2018,9773,,1,,gx-no-cache=1519935120434 HTTP/1.1" 200 4014
190.46.88.54 - - [01/Mar/2018:17:12:52 -0300] "POST /cormun/servlet/solicitudotadjuntos?gx-no-cache=1519935126380 HTTP/1.1" 200 26
190.46.88.54 - - [01/Mar/2018:17:13:01 -0300] "GET /cormun/servlet/solicitudotadjuntos?57106f670bed828f4f627b9a15570c9f53bcc0d8fec80a65a0d10dbc1b5bf277,gx-no-cache=1519935136354 HTTP/1.1" 200 30
190.46.88.54 - - [01/Mar/2018:17:13:02 -0300] "GET /cormun/servlet/solicitudotadjuntos?57106f670bed828f4f627b9a15570c9f53bcc0d8fec80a65a0d10dbc1b5bf277,gx-no-cache=1519935136418 HTTP/1.1" 200 30
190.46.88.54 - - [01/Mar/2018:17:13:03 -0300] "POST /cormun/servlet/solicitudotadjuntos?95aa15cb3c4d23a7411d5fcadd836891,INS,2018,9773,,1, HTTP/1.1" 200 6484
190.46.88.54 - - [01/Mar/2018:17:13:03 -0300] "GET /cormun/static/Shared/jqueryui/images/ui-bg_highlight-soft_100_c6c2c8_1x100.png HTTP/1.1" 404 1117
190.46.88.54 - - [01/Mar/2018:17:13:03 -0300] "GET /cormun/static/Shared/jqueryui/images/ui-bg_flat_55_994d53_40x100.png HTTP/1.1" 404 1097
190.46.88.54 - - [01/Mar/2018:17:13:03 -0300] "GET /cormun/static/Shared/jqueryui/images/ui-icons_82798d_256x240.png HTTP/1.1" 404 1089
190.46.88.54 - - [01/Mar/2018:17:13:03 -0300] "GET /cormun/static/Shared/jqueryui/images/ui-icons_ebccce_256x240.png HTTP/1.1" 404 1089
190.46.88.54 - - [01/Mar/2018:17:13:03 -0300] "GET /cormun/PrivateTempStorage/upload_00003004.jpg HTTP/1.1" 200 104303
190.46.88.54 - - [01/Mar/2018:17:13:15 -0300] "POST /cormun/servlet/solicitudotadjuntos?95aa15cb3c4d23a7411d5fcadd836891,INS,2018,9773,,1, HTTP/1.1" 200 116
190.46.88.54 - - [01/Mar/2018:17:13:15 -0300] "GET /cormun/servlet/hpexe_return? HTTP/1.1" 200 1023
190.46.88.54 - - [01/Mar/2018:17:13:16 -0300] "GET /cormun/servlet/trsolicitudadjuntos?2018,9773, HTTP/1.1" 200 9021
190.46.88.54 - - [01/Mar/2018:17:13:17 -0300] "GET /cormun/servlet/trsolicitudadjuntos?2018,9773, HTTP/1.1" 200 9019
190.46.88.54 - - [01/Mar/2018:17:13:24 -0300] "GET /cormun/servlet/solicitudotadjuntos?INS,2018,9773,,1, HTTP/1.1" 200 6231
190.46.88.54 - - [01/Mar/2018:17:13:25 -0300] "GET /cormun/static/about:blank HTTP/1.1" 404 1011
190.46.88.54 - - [01/Mar/2018:17:13:25 -0300] "GET /cormun/servlet/solicitudotadjuntos?INS,2018,9773,,1, HTTP/1.1" 200 6225
190.46.88.54 - - [01/Mar/2018:17:13:25 -0300] "GET /cormun/servlet/solicitudotadjuntos?57106f670bed828f4f627b9a15570c9f3ff389cafa167c9f2e5697131b04eef3643c14fbd8f78dd7e550589174f0b947,gx-no-cache=1519935160333 HTTP/1.1" 200 30
190.46.88.54 - - [01/Mar/2018:17:13:26 -0300] "POST /cormun/servlet/solicitudotadjuntos?95aa15cb3c4d23a7411d5fcadd836891,INS,2018,9773,,1,,gx-no-cache=1519935160433 HTTP/1.1" 200 4014
200.86.171.207 - - [01/Mar/2018:17:14:01 -0300] "GET /cormun/servlet/trsolicitudot? HTTP/1.1" 200 9337
200.86.171.207 - - [01/Mar/2018:17:14:02 -0300] "GET /cormun/servlet/trsolicitudot? HTTP/1.1" 200 9334
200.86.171.207 - - [01/Mar/2018:17:14:05 -0300] "GET /cormun/servlet/solicitudot?INS,0,0, HTTP/1.1" 200 13786
200.86.171.207 - - [01/Mar/2018:17:14:06 -0300] "GET /cormun/servlet/solicitudot?INS,0,0, HTTP/1.1" 200 13791
190.46.88.54 - - [01/Mar/2018:17:14:06 -0300] "POST /cormun/servlet/solicitudotadjuntos?gx-no-cache=1519935200902 HTTP/1.1" 200 26
190.46.88.54 - - [01/Mar/2018:17:14:09 -0300] "GET /cormun/servlet/solicitudotadjuntos?57106f670bed828f4f627b9a15570c9f53bcc0d8fec80a65a0d10dbc1b5bf277,gx-no-cache=1519935204251 HTTP/1.1" 200 30
190.46.88.54 - - [01/Mar/2018:17:14:10 -0300] "GET /cormun/servlet/solicitudotadjuntos?57106f670bed828f4f627b9a15570c9f53bcc0d8fec80a65a0d10dbc1b5bf277,gx-no-cache=1519935204339 HTTP/1.1" 200 30
190.46.88.54 - - [01/Mar/2018:17:14:11 -0300] "POST /cormun/servlet/solicitudotadjuntos?95aa15cb3c4d23a7411d5fcadd836891,INS,2018,9773,,1, HTTP/1.1" 200 116
190.46.88.54 - - [01/Mar/2018:17:14:11 -0300] "GET /cormun/servlet/hpexe_return? HTTP/1.1" 200 1023
190.46.88.54 - - [01/Mar/2018:17:14:12 -0300] "GET /cormun/servlet/trsolicitudadjuntos?2018,9773, HTTP/1.1" 200 9230
190.46.88.54 - - [01/Mar/2018:17:14:13 -0300] "GET /cormun/servlet/trsolicitudadjuntos?2018,9773, HTTP/1.1" 200 9228
190.46.88.54 - - [01/Mar/2018:17:14:16 -0300] "GET /cormun/servlet/solicitudotadjuntos?INS,2018,9773,,1, HTTP/1.1" 200 6232
190.46.88.54 - - [01/Mar/2018:17:14:17 -0300] "GET /cormun/static/about:blank HTTP/1.1" 404 1011
190.46.88.54 - - [01/Mar/2018:17:14:17 -0300] "GET /cormun/servlet/solicitudotadjuntos?INS,2018,9773,,1, HTTP/1.1" 200 6225
190.46.88.54 - - [01/Mar/2018:17:14:17 -0300] "GET /cormun/servlet/solicitudotadjuntos?57106f670bed828f4f627b9a15570c9f3ff389cafa167c9f2e5697131b04eef3643c14fbd8f78dd7e550589174f0b947,gx-no-cache=1519935212176 HTTP/1.1" 200 30
190.46.88.54 - - [01/Mar/2018:17:14:18 -0300] "POST /cormun/servlet/solicitudotadjuntos?95aa15cb3c4d23a7411d5fcadd836891,INS,2018,9773,,1,,gx-no-cache=1519935212308 HTTP/1.1" 200 4014
200.86.171.207 - - [01/Mar/2018:17:14:21 -0300] "POST /cormun/servlet/solicitudot?gx-no-cache=1519935254623 HTTP/1.1" 200 3414
200.86.171.207 - - [01/Mar/2018:17:14:22 -0300] "POST /cormun/servlet/solicitudot?a6a69be86de86ebec57c01078d85ecd6,INS,0,0,,gx-no-cache=1519935255676 HTTP/1.1" 200 10581
190.46.88.54 - - [01/Mar/2018:17:14:25 -0300] "POST /cormun/servlet/solicitudotadjuntos?gx-no-cache=1519935219391 HTTP/1.1" 200 26
200.86.171.207 - - [01/Mar/2018:17:14:31 -0300] "GET /cormun/servlet/solicitudot?bda972e4e0258e37f4f0738a04eb7d8472505f6b7793a1943d01a03f14f544062b2055fa35a63169b9587d2982835f5b,gx-no-cache=1519935266081 HTTP/1.1" 200 30
200.86.171.207 - - [01/Mar/2018:17:14:31 -0300] "GET /cormun/servlet/solicitudot?bda972e4e0258e37f4f0738a04eb7d84e3e3fa42fc673c31ca69bca9b296c3f1f66b1698809e28663f6bd24dae43cd3219311ad03ca53f2693a61efe22ed9954,gx-no-cache=1519935266196 HTTP/1.1" 200 30
200.86.171.207 - - [01/Mar/2018:17:14:31 -0300] "GET /cormun/servlet/solicitudot?bda972e4e0258e37f4f0738a04eb7d84ede5a5b9072496a0637e936d782c4bcc,gx-no-cache=1519935266297 HTTP/1.1" 200 53
200.86.171.207 - - [01/Mar/2018:17:14:31 -0300] "POST /cormun/servlet/solicitudot?gx-no-cache=1519935266400 HTTP/1.1" 200 297
200.86.171.207 - - [01/Mar/2018:17:14:32 -0300] "GET /cormun/servlet/solicitudot?bda972e4e0258e37f4f0738a04eb7d844ff7016cb787dba6a4a3e4c4cb344ce246b6cd3da7bbb5b0be3ac1ff6a6b425b57720872b75593a12fddafe23406c92bb2d24a0c32f269f41d138a45d3d1b8f6599ced449e5788c20ff7e73730ee0d71ccb9d62354b0a2674a6b1a5aa39d0af04bd18f5bb9c19d95bfaba84ab9022d76aae14987f337a74601b2786b1c041ba426e8da6668595526e72a9496737b075634575afc79684a53fc1340b13420b00864583fa6bdd058480a5b04907dc30c69f8ac3c1cc89655aab6fe87a59b6be2d4afadba4a9d69119ca56ce7926fdfe37bb65256056acc087848bc6cd3afc89a32e028a755de58eed13733311e27d6dc8b433ce30eec3284d4d60bd2470db2058d693f293306315562260a8a807f47b9579db73527babc49ded92e4e6ad611af608d2fc558def95d75e0ea5a8e87a82bee9442f45d7d0a744c09502bd7fa4e3806251edc79607b39f77cf24c31d629db169ed49aa7118c701efda532319834a8281e49703e73b904b2fdc66ef52ab884c338e9871dd9dbe4a79c89dada8a49cea8,gx-no-cache=1519935266527 HTTP/1.1" 200 30
200.86.171.207 - - [01/Mar/2018:17:14:33 -0300] "POST /cormun/servlet/solicitudot?gx-no-cache=1519935268340 HTTP/1.1" 200 30
192.168.10.96 - - [01/Mar/2018:17:14:35 -0300] "GET /cormun/servlet/trsolicitudgral? HTTP/1.1" 200 11602
192.168.10.96 - - [01/Mar/2018:17:14:36 -0300] "GET /cormun/servlet/trsolicitudgral? HTTP/1.1" 200 11602
200.86.171.207 - - [01/Mar/2018:17:14:36 -0300] "POST /cormun/servlet/solicitudot?gx-no-cache=1519935271414 HTTP/1.1" 200 1336
200.86.171.207 - - [01/Mar/2018:17:14:37 -0300] "POST /cormun/servlet/solicitudot?gx-no-cache=1519935271591 HTTP/1.1" 200 38
200.86.171.207 - - [01/Mar/2018:17:14:43 -0300] "GET /cormun/servlet/solicitudot?bda972e4e0258e37f4f0738a04eb7d84b45472d22ace7b0d7c0eac03e856c3afcf769320c517334f341d782ffa7a4dd345b41e074cf570d0607c36f802cc4fc80604ceec51c9db6a8b921e19d41bdc4f0a82f2acd2ffcba8a6af3e2328f09c9fe23851c2fbd46c0d4faae5eac10c9590,gx-no-cache=1519935277703 HTTP/1.1" 200 29
200.86.171.207 - - [01/Mar/2018:17:14:43 -0300] "POST /cormun/servlet/solicitudot?gx-no-cache=1519935277816 HTTP/1.1" 200 1319
191.125.59.191 - - [01/Mar/2018:17:14:43 -0300] "GET /cormun/servlet/solicitudot?INS,0,0, HTTP/1.1" 200 13723
200.86.171.207 - - [01/Mar/2018:17:14:43 -0300] "POST /cormun/servlet/solicitudot?gx-no-cache=1519935278076 HTTP/1.1" 200 1218
191.125.59.191 - - [01/Mar/2018:17:14:44 -0300] "GET /cormun/servlet/solicitudot?INS,0,0, HTTP/1.1" 200 13728
200.86.171.207 - - [01/Mar/2018:17:14:49 -0300] "GET /cormun/static/menuarrow.gif HTTP/1.1" 404 1015
200.86.171.207 - - [01/Mar/2018:17:14:53 -0300] "GET /cormun/servlet/solicitudot?bda972e4e0258e37f4f0738a04eb7d84fd0b14011ac42057944e1b77c4f999fc2d3ba4392cbf4803aa516b2bac86e9c8,gx-no-cache=1519935287814 HTTP/1.1" 200 30
191.125.59.191 - - [01/Mar/2018:17:14:55 -0300] "GET /cormun/servlet/prfichaempleado?,MD,,gxPopupLevel%3D0%3B HTTP/1.1" 200 9429
200.86.171.207 - - [01/Mar/2018:17:14:58 -0300] "POST /cormun/servlet/solicitudot?gx-no-cache=1519935292626 HTTP/1.1" 200 30
190.46.88.54 - - [01/Mar/2018:17:15:12 -0300] "GET /cormun/servlet/solicitudotadjuntos?57106f670bed828f4f627b9a15570c9f53bcc0d8fec80a65a0d10dbc1b5bf277,gx-no-cache=1519935266784 HTTP/1.1" 200 30
190.46.88.54 - - [01/Mar/2018:17:15:12 -0300] "GET /cormun/servlet/solicitudotadjuntos?57106f670bed828f4f627b9a15570c9f53bcc0d8fec80a65a0d10dbc1b5bf277,gx-no-cache=1519935267031 HTTP/1.1" 200 30
190.46.88.54 - - [01/Mar/2018:17:15:15 -0300] "POST /cormun/servlet/solicitudotadjuntos?95aa15cb3c4d23a7411d5fcadd836891,INS,2018,9773,,1, HTTP/1.1" 200 116
190.46.88.54 - - [01/Mar/2018:17:15:15 -0300] "GET /cormun/servlet/hpexe_return? HTTP/1.1" 200 1023
190.46.88.54 - - [01/Mar/2018:17:15:16 -0300] "GET /cormun/servlet/trsolicitudadjuntos?2018,9773, HTTP/1.1" 200 9443
190.46.88.54 - - [01/Mar/2018:17:15:17 -0300] "GET /cormun/servlet/trsolicitudadjuntos?2018,9773, HTTP/1.1" 200 9443
190.46.88.54 - - [01/Mar/2018:17:15:20 -0300] "GET /cormun/servlet/solicitudotadjuntos?INS,2018,9773,,1, HTTP/1.1" 200 6232
190.46.88.54 - - [01/Mar/2018:17:15:20 -0300] "GET /cormun/static/about:blank HTTP/1.1" 404 1011
190.46.88.54 - - [01/Mar/2018:17:15:21 -0300] "GET /cormun/servlet/solicitudotadjuntos?INS,2018,9773,,1, HTTP/1.1" 200 6225
190.46.88.54 - - [01/Mar/2018:17:15:21 -0300] "GET /cormun/servlet/solicitudotadjuntos?57106f670bed828f4f627b9a15570c9f3ff389cafa167c9f2e5697131b04eef3643c14fbd8f78dd7e550589174f0b947,gx-no-cache=1519935275883 HTTP/1.1" 200 30
200.86.171.207 - - [01/Mar/2018:17:15:22 -0300] "POST /cormun/servlet/solicitudot?a6a69be86de86ebec57c01078d85ecd6,INS,0,0,,gx-no-cache=1519935315442 HTTP/1.1" 200 93
200.86.171.207 - - [01/Mar/2018:17:15:22 -0300] "GET /cormun/servlet/hpexe_return? HTTP/1.1" 200 1004
190.46.88.54 - - [01/Mar/2018:17:15:22 -0300] "POST /cormun/servlet/solicitudotadjuntos?95aa15cb3c4d23a7411d5fcadd836891,INS,2018,9773,,1,,gx-no-cache=1519935275977 HTTP/1.1" 200 4014
200.86.171.207 - - [01/Mar/2018:17:15:22 -0300] "GET /cormun/servlet/trsolicitudot HTTP/1.1" 200 9803
200.86.171.207 - - [01/Mar/2018:17:15:23 -0300] "GET /cormun/servlet/trsolicitudot HTTP/1.1" 200 9799
190.46.88.54 - - [01/Mar/2018:17:15:26 -0300] "POST /cormun/servlet/solicitudotadjuntos?gx-no-cache=1519935280870 HTTP/1.1" 200 26
200.86.171.207 - - [01/Mar/2018:17:15:49 -0300] "POST /cormun/servlet/trsolicitudot?a6a69be86de86ebec57c01078d85ecd6,gx-no-cache=1519935343641 HTTP/1.1" 200 106
200.86.171.207 - - [01/Mar/2018:17:15:50 -0300] "GET /cormun/servlet/trsolicitudadjuntos?2018,9817, HTTP/1.1" 200 6419
200.86.171.207 - - [01/Mar/2018:17:15:51 -0300] "GET /cormun/servlet/trsolicitudadjuntos?2018,9817, HTTP/1.1" 200 6419
200.86.171.207 - - [01/Mar/2018:17:15:54 -0300] "GET /cormun/servlet/solicitudotadjuntos?INS,2018,9817,,1, HTTP/1.1" 200 6357
200.86.171.207 - - [01/Mar/2018:17:15:54 -0300] "GET /cormun/static/about:blank HTTP/1.1" 404 1011
200.86.171.207 - - [01/Mar/2018:17:15:54 -0300] "GET /cormun/servlet/solicitudotadjuntos?INS,2018,9817,,1, HTTP/1.1" 200 6350
200.86.171.207 - - [01/Mar/2018:17:15:54 -0300] "GET /cormun/servlet/solicitudotadjuntos?bda972e4e0258e37f4f0738a04eb7d84e5613eba5e42ee41345cbb5c9d5b98ffbb629c9fe014f4b6031c77e60d0eb335,gx-no-cache=1519935349462 HTTP/1.1" 200 30
200.86.171.207 - - [01/Mar/2018:17:15:55 -0300] "POST /cormun/servlet/solicitudotadjuntos?a6a69be86de86ebec57c01078d85ecd6,INS,2018,9817,,1,,gx-no-cache=1519935349551 HTTP/1.1" 200 3987
200.86.171.207 - - [01/Mar/2018:17:15:58 -0300] "POST /cormun/servlet/solicitudotadjuntos?gx-no-cache=1519935352965 HTTP/1.1" 200 26
190.46.88.54 - - [01/Mar/2018:17:15:59 -0300] "GET /cormun/servlet/solicitudotadjuntos?57106f670bed828f4f627b9a15570c9f53bcc0d8fec80a65a0d10dbc1b5bf277,gx-no-cache=1519935313598 HTTP/1.1" 200 30
190.46.88.54 - - [01/Mar/2018:17:15:59 -0300] "GET /cormun/servlet/solicitudotadjuntos?57106f670bed828f4f627b9a15570c9f53bcc0d8fec80a65a0d10dbc1b5bf277,gx-no-cache=1519935313764 HTTP/1.1" 200 30
190.46.88.54 - - [01/Mar/2018:17:16:02 -0300] "POST /cormun/servlet/solicitudotadjuntos?95aa15cb3c4d23a7411d5fcadd836891,INS,2018,9773,,1, HTTP/1.1" 200 116
190.46.88.54 - - [01/Mar/2018:17:16:02 -0300] "GET /cormun/servlet/hpexe_return? HTTP/1.1" 200 1023
190.46.88.54 - - [01/Mar/2018:17:16:03 -0300] "GET /cormun/servlet/trsolicitudadjuntos?2018,9773, HTTP/1.1" 200 9679
190.46.88.54 - - [01/Mar/2018:17:16:05 -0300] "GET /cormun/servlet/trsolicitudadjuntos?2018,9773, HTTP/1.1" 200 9682
190.46.88.54 - - [01/Mar/2018:17:16:10 -0300] "GET /cormun/servlet/trsolicitudot? HTTP/1.1" 200 8837
190.46.88.54 - - [01/Mar/2018:17:16:11 -0300] "GET /cormun/servlet/trsolicitudot? HTTP/1.1" 200 8830
190.46.88.54 - - [01/Mar/2018:17:16:16 -0300] "POST /cormun/servlet/trsolicitudot?95aa15cb3c4d23a7411d5fcadd836891,,gx-no-cache=1519935329696 HTTP/1.1" 200 4710
190.46.88.54 - - [01/Mar/2018:17:16:16 -0300] "GET /cormun/static/Shared/jqueryui/images/ui-bg_highlight-soft_100_c6c2c8_1x100.png HTTP/1.1" 404 1117
200.86.171.207 - - [01/Mar/2018:17:16:16 -0300] "GET /cormun/servlet/solicitudotadjuntos?bda972e4e0258e37f4f0738a04eb7d84c207569bb0b953f4a61066d1420a1f9e,gx-no-cache=1519935370778 HTTP/1.1" 200 30
200.86.171.207 - - [01/Mar/2018:17:16:16 -0300] "GET /cormun/servlet/solicitudotadjuntos?bda972e4e0258e37f4f0738a04eb7d84c207569bb0b953f4a61066d1420a1f9e,gx-no-cache=1519935370866 HTTP/1.1" 200 30
190.46.88.54 - - [01/Mar/2018:17:16:16 -0300] "GET /cormun/static/Shared/jqueryui/images/ui-bg_flat_55_fafafa_40x100.png HTTP/1.1" 404 1097
190.46.88.54 - - [01/Mar/2018:17:16:16 -0300] "GET /cormun/static/Shared/jqueryui/images/ui-icons_8d78a5_256x240.png HTTP/1.1" 404 1089
190.46.88.54 - - [01/Mar/2018:17:16:16 -0300] "GET /cormun/static/Shared/jqueryui/images/ui-icons_82798d_256x240.png HTTP/1.1" 404 1089
190.46.88.54 - - [01/Mar/2018:17:16:17 -0300] "POST /cormun/servlet/trsolicitudot?95aa15cb3c4d23a7411d5fcadd836891,,gx-no-cache=1519935330703 HTTP/1.1" 200 4462
200.86.171.207 - - [01/Mar/2018:17:16:20 -0300] "POST /cormun/servlet/solicitudotadjuntos?a6a69be86de86ebec57c01078d85ecd6,INS,2018,9817,,1, HTTP/1.1" 200 116
200.86.171.207 - - [01/Mar/2018:17:16:20 -0300] "GET /cormun/servlet/hpexe_return? HTTP/1.1" 200 1024
200.86.171.207 - - [01/Mar/2018:17:16:20 -0300] "GET /cormun/servlet/trsolicitudadjuntos?2018,9817, HTTP/1.1" 200 8791
200.86.171.207 - - [01/Mar/2018:17:16:21 -0300] "GET /cormun/servlet/trsolicitudadjuntos?2018,9817, HTTP/1.1" 200 8789
190.46.88.54 - - [01/Mar/2018:17:16:24 -0300] "GET /cormun/servlet/trautorizarsolicitud? HTTP/1.1" 200 8721
200.86.171.207 - - [01/Mar/2018:17:16:24 -0300] "GET /cormun/servlet/solicitudotadjuntos?INS,2018,9817,,1, HTTP/1.1" 200 6357
200.86.171.207 - - [01/Mar/2018:17:16:24 -0300] "GET /cormun/static/about:blank HTTP/1.1" 404 1011
200.86.171.207 - - [01/Mar/2018:17:16:25 -0300] "GET /cormun/servlet/solicitudotadjuntos?INS,2018,9817,,1, HTTP/1.1" 200 6350
190.46.88.54 - - [01/Mar/2018:17:16:25 -0300] "GET /cormun/servlet/trautorizarsolicitud? HTTP/1.1" 200 8721
200.86.171.207 - - [01/Mar/2018:17:16:25 -0300] "GET /cormun/servlet/solicitudotadjuntos?bda972e4e0258e37f4f0738a04eb7d84e5613eba5e42ee41345cbb5c9d5b98ffbb629c9fe014f4b6031c77e60d0eb335,gx-no-cache=1519935379808 HTTP/1.1" 200 30
200.86.171.207 - - [01/Mar/2018:17:16:26 -0300] "POST /cormun/servlet/solicitudotadjuntos?a6a69be86de86ebec57c01078d85ecd6,INS,2018,9817,,1,,gx-no-cache=1519935379907 HTTP/1.1" 200 3987
200.86.171.207 - - [01/Mar/2018:17:16:28 -0300] "POST /cormun/servlet/solicitudotadjuntos?gx-no-cache=1519935383454 HTTP/1.1" 200 26
190.46.88.54 - - [01/Mar/2018:17:16:34 -0300] "POST /cormun/servlet/trautorizarsolicitud?95aa15cb3c4d23a7411d5fcadd836891,,gx-no-cache=1519935348238 HTTP/1.1" 200 4624
190.46.88.54 - - [01/Mar/2018:17:16:34 -0300] "GET /cormun/static/Shared/jqueryui/images/ui-bg_highlight-soft_100_c6c2c8_1x100.png HTTP/1.1" 404 1117
190.46.88.54 - - [01/Mar/2018:17:16:34 -0300] "GET /cormun/static/Shared/jqueryui/images/ui-icons_82798d_256x240.png HTTP/1.1" 404 1089
190.46.88.54 - - [01/Mar/2018:17:16:34 -0300] "GET /cormun/static/Shared/jqueryui/images/ui-bg_flat_55_fafafa_40x100.png HTTP/1.1" 404 1097
190.46.88.54 - - [01/Mar/2018:17:16:34 -0300] "GET /cormun/static/Shared/jqueryui/images/ui-icons_8d78a5_256x240.png HTTP/1.1" 404 1089
190.46.88.54 - - [01/Mar/2018:17:16:35 -0300] "POST /cormun/servlet/trautorizarsolicitud?95aa15cb3c4d23a7411d5fcadd836891,,gx-no-cache=1519935349279 HTTP/1.1" 200 4377
191.125.59.191 - - [01/Mar/2018:17:16:49 -0300] "GET /cormun/servlet/prfichaempleado?,MD,,gxPopupLevel%3D0%3B HTTP/1.1" 200 9429
200.86.171.207 - - [01/Mar/2018:17:16:50 -0300] "GET /cormun/servlet/solicitudotadjuntos?bda972e4e0258e37f4f0738a04eb7d84c207569bb0b953f4a61066d1420a1f9e,gx-no-cache=1519935391000 HTTP/1.1" 200 30
200.86.171.207 - - [01/Mar/2018:17:16:50 -0300] "GET /cormun/servlet/solicitudotadjuntos?bda972e4e0258e37f4f0738a04eb7d84c207569bb0b953f4a61066d1420a1f9e,gx-no-cache=1519935405027 HTTP/1.1" 200 30
200.86.171.207 - - [01/Mar/2018:17:17:05 -0300] "POST /cormun/servlet/solicitudotadjuntos?a6a69be86de86ebec57c01078d85ecd6,INS,2018,9817,,1, HTTP/1.1" 200 116
200.86.171.207 - - [01/Mar/2018:17:17:05 -0300] "GET /cormun/servlet/hpexe_return? HTTP/1.1" 200 1024
200.86.171.207 - - [01/Mar/2018:17:17:06 -0300] "GET /cormun/servlet/trsolicitudadjuntos?2018,9817, HTTP/1.1" 200 9033
200.86.171.207 - - [01/Mar/2018:17:17:07 -0300] "GET /cormun/servlet/trsolicitudadjuntos?2018,9817, HTTP/1.1" 200 9030
191.125.59.191 - - [01/Mar/2018:17:17:08 -0300] "POST /cormun/servlet/prfichaempleado?03dc1b970561dc2b39cd0cdba71bb2d2,,MD,,gxPopupLevel%3D0%3B,gx-no-cache=1519935377333 HTTP/1.1" 200 3493
200.86.171.207 - - [01/Mar/2018:17:17:10 -0300] "GET /cormun/servlet/solicitudotadjuntos?INS,2018,9817,,1, HTTP/1.1" 200 6357
200.86.171.207 - - [01/Mar/2018:17:17:10 -0300] "GET /cormun/static/about:blank HTTP/1.1" 404 1011
200.86.171.207 - - [01/Mar/2018:17:17:10 -0300] "GET /cormun/servlet/solicitudotadjuntos?bda972e4e0258e37f4f0738a04eb7d84e5613eba5e42ee41345cbb5c9d5b98ffbb629c9fe014f4b6031c77e60d0eb335,gx-no-cache=1519935425339 HTTP/1.1" 200 30
200.86.171.207 - - [01/Mar/2018:17:17:10 -0300] "GET /cormun/servlet/solicitudotadjuntos?INS,2018,9817,,1, HTTP/1.1" 200 6350
200.86.171.207 - - [01/Mar/2018:17:17:11 -0300] "POST /cormun/servlet/solicitudotadjuntos?a6a69be86de86ebec57c01078d85ecd6,INS,2018,9817,,1,,gx-no-cache=1519935425528 HTTP/1.1" 200 3988
191.125.59.191 - - [01/Mar/2018:17:17:14 -0300] "POST /cormun/servlet/solicitudot?gx-no-cache=1519935385538 HTTP/1.1" 200 3433
200.86.171.207 - - [01/Mar/2018:17:17:15 -0300] "POST /cormun/servlet/solicitudotadjuntos?gx-no-cache=1519935429590 HTTP/1.1" 200 26
191.125.59.191 - - [01/Mar/2018:17:17:15 -0300] "POST /cormun/servlet/solicitudot?03dc1b970561dc2b39cd0cdba71bb2d2,INS,0,0,,gx-no-cache=1519935386310 HTTP/1.1" 200 10603
191.125.59.191 - - [01/Mar/2018:17:17:16 -0300] "GET /cormun/servlet/solicitudot?bbd9b50e36c7a0a10caa5ebf312cd8fb2e20d2f41f559eeb44cc6c2cc6fd1c6eabeb7aa5b5c1cf11b8b5de99179a80b9,gx-no-cache=1519935387267 HTTP/1.1" 200 30
200.86.171.207 - - [01/Mar/2018:17:17:25 -0300] "GET /cormun/servlet/solicitudotadjuntos?bda972e4e0258e37f4f0738a04eb7d84c207569bb0b953f4a61066d1420a1f9e,gx-no-cache=1519935439777 HTTP/1.1" 200 30
200.86.171.207 - - [01/Mar/2018:17:17:25 -0300] "GET /cormun/servlet/solicitudotadjuntos?bda972e4e0258e37f4f0738a04eb7d84c207569bb0b953f4a61066d1420a1f9e,gx-no-cache=1519935439866 HTTP/1.1" 200 30
191.125.59.191 - - [01/Mar/2018:17:17:26 -0300] "GET /cormun/servlet/solicitudot?bbd9b50e36c7a0a10caa5ebf312cd8fbefd4fa455992ed01d470804a8c277a98d2ef1c4d29607f832952f9a646aa3d919c81a39049585d46755ebf469378585d,gx-no-cache=1519935397891 HTTP/1.1" 200 30
191.125.59.191 - - [01/Mar/2018:17:17:26 -0300] "GET /cormun/servlet/solicitudot?bbd9b50e36c7a0a10caa5ebf312cd8fbffb16c660f139d701aa14c401150d428,gx-no-cache=1519935398029 HTTP/1.1" 200 53
191.125.59.191 - - [01/Mar/2018:17:17:26 -0300] "POST /cormun/servlet/solicitudot?gx-no-cache=1519935398152 HTTP/1.1" 200 255
191.125.59.191 - - [01/Mar/2018:17:17:27 -0300] "GET /cormun/servlet/solicitudot?bbd9b50e36c7a0a10caa5ebf312cd8fb58f4a86795ead7cae4ebdcab22b71288fcbf72eb54bc9da19c52965d589a475c204aa342e6700ab42dcad0a88e78252cc8e64cc4adf4f7f68653e8f666be2a4739063c7724aae2db7638990288d186dd9127f063a2d4cee59828e819e370de51fcfbf27a467a052c30bfab440322c523a55be742c476a059d12b88f37b863436d9486a11ba557f0ac9af46e406dbc973a5dd6ce8ad78990d38910ebc7fdf779fc556f2782787a179b5faea1ebc7544c65012d78fa4035e7d21f60c8942b6da49f336f54d678e81c89240b33e91852c3797e32c794ac15a49d15edeb5807977b99646ce21095bfffbff18cee9a27a3d1b317d973ba2cfb3646eb011b6b5697c8560699cb344a84a0b8a28ef6ab8e243b061e8ded786ab56630b0c806a091cb5fc3d7a7e2b590365af11dadb264fa0e03d5e87b7034794bfcb5d97f95fb66621d7e99f91319a6df6aeee9a4c112e48d8a4f1b7b971a364041cb72ab2e5e5cd24b7356e2a983e504208ba6968bd76bcd058,gx-no-cache=1519935398302 HTTP/1.1" 200 30
200.86.171.207 - - [01/Mar/2018:17:17:30 -0300] "POST /cormun/servlet/solicitudotadjuntos?a6a69be86de86ebec57c01078d85ecd6,INS,2018,9817,,1, HTTP/1.1" 200 116
200.86.171.207 - - [01/Mar/2018:17:17:30 -0300] "GET /cormun/servlet/hpexe_return? HTTP/1.1" 200 1024
191.125.59.191 - - [01/Mar/2018:17:17:30 -0300] "POST /cormun/servlet/solicitudot?gx-no-cache=1519935402183 HTTP/1.1" 200 30
200.86.171.207 - - [01/Mar/2018:17:17:31 -0300] "GET /cormun/servlet/trsolicitudadjuntos?2018,9817, HTTP/1.1" 200 9199
200.86.171.207 - - [01/Mar/2018:17:17:32 -0300] "GET /cormun/servlet/trsolicitudadjuntos?2018,9817, HTTP/1.1" 200 9198
191.125.59.191 - - [01/Mar/2018:17:17:33 -0300] "GET /cormun/servlet/prcontratosol?16792637,,,,,MD,,gxPopupLevel%3D0%3B HTTP/1.1" 200 8077
200.86.171.207 - - [01/Mar/2018:17:17:34 -0300] "GET /cormun/servlet/solicitudotadjuntos?INS,2018,9817,,1, HTTP/1.1" 200 6357
200.86.171.207 - - [01/Mar/2018:17:17:34 -0300] "GET /cormun/static/about:blank HTTP/1.1" 404 1011
200.86.171.207 - - [01/Mar/2018:17:17:35 -0300] "GET /cormun/servlet/solicitudotadjuntos?INS,2018,9817,,1, HTTP/1.1" 200 6350
200.86.171.207 - - [01/Mar/2018:17:17:35 -0300] "GET /cormun/servlet/solicitudotadjuntos?bda972e4e0258e37f4f0738a04eb7d84e5613eba5e42ee41345cbb5c9d5b98ffbb629c9fe014f4b6031c77e60d0eb335,gx-no-cache=1519935449751 HTTP/1.1" 200 30
200.86.171.207 - - [01/Mar/2018:17:17:37 -0300] "POST /cormun/servlet/solicitudotadjuntos?a6a69be86de86ebec57c01078d85ecd6,INS,2018,9817,,1,,gx-no-cache=1519935449828 HTTP/1.1" 200 3988
200.86.171.207 - - [01/Mar/2018:17:17:39 -0300] "POST /cormun/servlet/solicitudotadjuntos?gx-no-cache=1519935453895 HTTP/1.1" 200 26
191.125.59.191 - - [01/Mar/2018:17:17:42 -0300] "POST /cormun/servlet/solicitudot?gx-no-cache=1519935413977 HTTP/1.1" 200 1337
191.125.59.191 - - [01/Mar/2018:17:17:43 -0300] "POST /cormun/servlet/solicitudot?gx-no-cache=1519935414243 HTTP/1.1" 200 38
191.125.59.191 - - [01/Mar/2018:17:17:43 -0300] "GET /cormun/servlet/solicitudot?bbd9b50e36c7a0a10caa5ebf312cd8fb50ac8633d8b797444965ce1650e19f0f7452aaa1826e84a356620198030c8ccad43973f52bc2d1d8c77dc283c5549cbe848ae1efa047bfa23fe8ca47a36ff9e393c7c334073de9488deaa0be356be960c0496cec6c23ffa20bed7085bff2e1cb2bf14f9a300c4c81a2575a2c5e4588dd915b1af15e05ad9e7957d7a3b2fef4369d262aba79665a1ea7697b2e9796bea6,gx-no-cache=1519935414420 HTTP/1.1" 200 29
191.125.59.191 - - [01/Mar/2018:17:17:43 -0300] "POST /cormun/servlet/solicitudot?gx-no-cache=1519935414597 HTTP/1.1" 200 1321
191.125.59.191 - - [01/Mar/2018:17:17:44 -0300] "POST /cormun/servlet/solicitudot?gx-no-cache=1519935415056 HTTP/1.1" 200 1218
191.125.59.191 - - [01/Mar/2018:17:17:44 -0300] "GET /cormun/servlet/solicitudot?bbd9b50e36c7a0a10caa5ebf312cd8fbaeac217a963a4ca65b297da8a8740e9bfe6d8b6a6c1e2495d350c9854854472c,gx-no-cache=1519935415431 HTTP/1.1" 200 30
200.86.171.207 - - [01/Mar/2018:17:17:45 -0300] "GET /cormun/servlet/solicitudotadjuntos?bda972e4e0258e37f4f0738a04eb7d84c207569bb0b953f4a61066d1420a1f9e,gx-no-cache=1519935460239 HTTP/1.1" 200 30
200.86.171.207 - - [01/Mar/2018:17:17:45 -0300] "GET /cormun/servlet/solicitudotadjuntos?bda972e4e0258e37f4f0738a04eb7d84c207569bb0b953f4a61066d1420a1f9e,gx-no-cache=1519935460374 HTTP/1.1" 200 30
200.86.171.207 - - [01/Mar/2018:17:17:50 -0300] "POST /cormun/servlet/solicitudotadjuntos?a6a69be86de86ebec57c01078d85ecd6,INS,2018,9817,,1, HTTP/1.1" 200 116
200.86.171.207 - - [01/Mar/2018:17:17:51 -0300] "GET /cormun/servlet/hpexe_return? HTTP/1.1" 200 1024
200.86.171.207 - - [01/Mar/2018:17:17:52 -0300] "GET /cormun/servlet/trsolicitudadjuntos?2018,9817, HTTP/1.1" 200 9424
200.86.171.207 - - [01/Mar/2018:17:17:53 -0300] "GET /cormun/servlet/trsolicitudadjuntos?2018,9817, HTTP/1.1" 200 9421
200.86.171.207 - - [01/Mar/2018:17:17:55 -0300] "GET /cormun/servlet/solicitudotadjuntos?INS,2018,9817,,1, HTTP/1.1" 200 6357
200.86.171.207 - - [01/Mar/2018:17:17:55 -0300] "GET /cormun/static/about:blank HTTP/1.1" 404 1011
200.86.171.207 - - [01/Mar/2018:17:17:56 -0300] "GET /cormun/servlet/solicitudotadjuntos?INS,2018,9817,,1, HTTP/1.1" 200 6350
200.86.171.207 - - [01/Mar/2018:17:17:56 -0300] "GET /cormun/servlet/solicitudotadjuntos?bda972e4e0258e37f4f0738a04eb7d84e5613eba5e42ee41345cbb5c9d5b98ffbb629c9fe014f4b6031c77e60d0eb335,gx-no-cache=1519935470731 HTTP/1.1" 200 30
200.86.171.207 - - [01/Mar/2018:17:17:56 -0300] "POST /cormun/servlet/solicitudotadjuntos?a6a69be86de86ebec57c01078d85ecd6,INS,2018,9817,,1,,gx-no-cache=1519935470823 HTTP/1.1" 200 3988
200.86.171.207 - - [01/Mar/2018:17:17:59 -0300] "POST /cormun/servlet/solicitudotadjuntos?gx-no-cache=1519935473629 HTTP/1.1" 200 26
191.125.59.191 - - [01/Mar/2018:17:18:00 -0300] "POST /cormun/servlet/solicitudot?gx-no-cache=1519935431665 HTTP/1.1" 200 1320
191.125.59.191 - - [01/Mar/2018:17:18:00 -0300] "POST /cormun/servlet/solicitudot?gx-no-cache=1519935432001 HTTP/1.1" 200 1218
191.125.59.191 - - [01/Mar/2018:17:18:01 -0300] "POST /cormun/servlet/solicitudot?gx-no-cache=1519935432298 HTTP/1.1" 200 33
200.86.171.207 - - [01/Mar/2018:17:18:06 -0300] "GET /cormun/servlet/solicitudotadjuntos?bda972e4e0258e37f4f0738a04eb7d84c207569bb0b953f4a61066d1420a1f9e,gx-no-cache=1519935481393 HTTP/1.1" 200 30
200.86.171.207 - - [01/Mar/2018:17:18:06 -0300] "GET /cormun/servlet/solicitudotadjuntos?bda972e4e0258e37f4f0738a04eb7d84c207569bb0b953f4a61066d1420a1f9e,gx-no-cache=1519935481472 HTTP/1.1" 200 30
200.86.171.207 - - [01/Mar/2018:17:18:12 -0300] "POST /cormun/servlet/solicitudotadjuntos?a6a69be86de86ebec57c01078d85ecd6,INS,2018,9817,,1, HTTP/1.1" 200 116
200.86.171.207 - - [01/Mar/2018:17:18:12 -0300] "GET /cormun/servlet/hpexe_return? HTTP/1.1" 200 1024
191.125.59.191 - - [01/Mar/2018:17:18:13 -0300] "POST /cormun/servlet/solicitudot?03dc1b970561dc2b39cd0cdba71bb2d2,INS,0,0,,gx-no-cache=1519935443276 HTTP/1.1" 200 93
200.86.171.207 - - [01/Mar/2018:17:18:13 -0300] "GET /cormun/servlet/trsolicitudadjuntos?2018,9817, HTTP/1.1" 200 9612
191.125.59.191 - - [01/Mar/2018:17:18:14 -0300] "GET /cormun/servlet/hpexe_return? HTTP/1.1" 200 1015
200.86.171.207 - - [01/Mar/2018:17:18:15 -0300] "GET /cormun/servlet/trsolicitudadjuntos?2018,9817, HTTP/1.1" 200 9612
191.125.59.191 - - [01/Mar/2018:17:18:16 -0300] "GET /cormun/servlet/trautorizarsolicitud? HTTP/1.1" 200 22661
200.86.171.207 - - [01/Mar/2018:17:18:18 -0300] "GET /cormun/servlet/solicitudotadjuntos?INS,2018,9817,,1, HTTP/1.1" 200 6357
200.86.171.207 - - [01/Mar/2018:17:18:18 -0300] "GET /cormun/static/about:blank HTTP/1.1" 404 1011
200.86.171.207 - - [01/Mar/2018:17:18:19 -0300] "GET /cormun/servlet/solicitudotadjuntos?INS,2018,9817,,1, HTTP/1.1" 200 6350
200.86.171.207 - - [01/Mar/2018:17:18:19 -0300] "GET /cormun/servlet/solicitudotadjuntos?bda972e4e0258e37f4f0738a04eb7d84e5613eba5e42ee41345cbb5c9d5b98ffbb629c9fe014f4b6031c77e60d0eb335,gx-no-cache=1519935493949 HTTP/1.1" 200 30
