186.103.157.235 - - [01/Mar/2018:10:38:38 -0300] "GET /cormun/static/solicitudot.js?201812313224831 HTTP/1.1" 200 72336
186.103.157.235 - - [01/Mar/2018:10:38:39 -0300] "GET /cormun/servlet/solicitudot?INS,0,0, HTTP/1.1" 200 13671
186.103.157.235 - - [01/Mar/2018:10:38:43 -0300] "GET /cormun/static/Resources/resize.gif HTTP/1.1" 200 77
186.103.157.235 - - [01/Mar/2018:10:38:51 -0300] "GET /cormun/servlet/prfichaempleado?,MD,,gxPopupLevel%3D0%3B HTTP/1.1" 200 9374
186.103.157.235 - - [01/Mar/2018:10:38:51 -0300] "GET /cormun/static/gxcfg.js?20177612134814 HTTP/1.1" 200 953
186.103.157.235 - - [01/Mar/2018:10:38:51 -0300] "GET /cormun/static/Resources/PXToolsMenuSearch.png HTTP/1.1" 200 2914
186.103.157.235 - - [01/Mar/2018:10:38:51 -0300] "GET /cormun/static/menusearch.js?201610171694467 HTTP/1.1" 200 1424
186.103.157.235 - - [01/Mar/2018:10:38:51 -0300] "GET /cormun/static/hmpwkw011.js?20177612121862 HTTP/1.1" 200 1968
186.103.157.235 - - [01/Mar/2018:10:38:51 -0300] "GET /cormun/static/Resources/PXToolsMenuSearchCancel.png HTTP/1.1" 200 2972
186.103.157.235 - - [01/Mar/2018:10:38:51 -0300] "GET /cormun/static/prfichaempleado.js?20177612134999 HTTP/1.1" 200 16006
186.103.157.235 - - [01/Mar/2018:10:39:01 -0300] "POST /cormun/servlet/prfichaempleado?da5bc4f2fd8144b79dab6e83ec6faf7b,,MD,,gxPopupLevel%3D0%3B,gx-no-cache=1519911493799 HTTP/1.1" 200 3531
186.103.157.235 - - [01/Mar/2018:10:39:10 -0300] "POST /cormun/servlet/solicitudot?gx-no-cache=1519911502629 HTTP/1.1" 200 3422
186.103.157.235 - - [01/Mar/2018:10:39:11 -0300] "POST /cormun/servlet/solicitudot?da5bc4f2fd8144b79dab6e83ec6faf7b,INS,0,0,,gx-no-cache=1519911502991 HTTP/1.1" 200 10562
186.103.157.235 - - [01/Mar/2018:10:39:28 -0300] "GET /cormun/servlet/solicitudot?a5f4406255c94b43479a6879df34a1979556e8b492abb1cdc049e5216ee0b85dc0cf29251ccf76f032cc59ce95025738,gx-no-cache=1519911521636 HTTP/1.1" 200 30
186.103.157.235 - - [01/Mar/2018:10:39:29 -0300] "GET /cormun/servlet/solicitudot?a5f4406255c94b43479a6879df34a197f21205a93b6b3f0d9ccdc119acb15499547ff27b027746d55f35187c242f9b453e059540180e220e57a8b61e7feeb57d,gx-no-cache=1519911521721 HTTP/1.1" 200 30
186.103.157.235 - - [01/Mar/2018:10:39:29 -0300] "GET /cormun/servlet/solicitudot?a5f4406255c94b43479a6879df34a1979d5629737f8d320739f23d4d006c7476,gx-no-cache=1519911521814 HTTP/1.1" 200 53
186.103.157.235 - - [01/Mar/2018:10:39:29 -0300] "POST /cormun/servlet/solicitudot?gx-no-cache=1519911521914 HTTP/1.1" 200 240
186.103.157.235 - - [01/Mar/2018:10:39:29 -0300] "GET /cormun/servlet/solicitudot?a5f4406255c94b43479a6879df34a1971463833c4fd9f06aa7f286b779b49985258a2042c187ea89d8554c4034d72fd1a19557a8973622660d60f22f42e81e0eb4e9b04162354556228dd39086e5b29493c60daf269d89a46c3d5177097fdce5403439724e74707cdd33230b9709c964eb18015c100a3b43342b952da4aaba67486ddee59ea534651fea662904fec3e4379d3bbd6c64adf6ba1b49b2954ce254f60ffb789ff4f4196134771c7b393c1e8cfebcce778cf51099d4180240b12f01fc99cb1c95b286fed5623d681a90c0db5ccce4d96ac38231d5f104db3652134e89472001131012697fff59ac838e3bc12cf029915095d3eecfc5e4ccf519d2dc8431ae2dcdc04ff55e214a6dd42d3565cd001fbda8d8fb365ce9ac865306b031aa1bd7c9f3b3bdac71f61bca09dc85013c15dbc7d2dc5fb815a6c5b59a09b52122244e716c11a582a494666a05017b7f9c52f565d99deb85540af998c9fb658505984b390dce174ad23dc8da354a04c4213c8ec63e1635e534458fef85539949,gx-no-cache=1519911522029 HTTP/1.1" 200 30
186.103.157.235 - - [01/Mar/2018:10:39:37 -0300] "POST /cormun/servlet/solicitudot?gx-no-cache=1519911529942 HTTP/1.1" 200 30
200.112.233.47 - - [01/Mar/2018:10:39:44 -0300] "POST /cormun/servlet/solicitudot?gx-no-cache=1519911537276 HTTP/1.1" 200 1319
200.112.233.47 - - [01/Mar/2018:10:39:44 -0300] "POST /cormun/servlet/solicitudot?gx-no-cache=1519911537498 HTTP/1.1" 200 1218
200.112.233.47 - - [01/Mar/2018:10:39:53 -0300] "POST /cormun/servlet/solicitudot?gx-no-cache=1519911545643 HTTP/1.1" 200 33
186.103.157.235 - - [01/Mar/2018:10:39:54 -0300] "GET /cormun/servlet/prfichaempleado?,MD,,gxPopupLevel%3D0%3B HTTP/1.1" 200 9374
186.103.157.235 - - [01/Mar/2018:10:40:06 -0300] "POST /cormun/servlet/prfichaempleado?da5bc4f2fd8144b79dab6e83ec6faf7b,,MD,,gxPopupLevel%3D0%3B,gx-no-cache=1519911558792 HTTP/1.1" 200 3486
186.103.157.235 - - [01/Mar/2018:10:40:12 -0300] "POST /cormun/servlet/solicitudot?gx-no-cache=1519911564594 HTTP/1.1" 200 1337
186.103.157.235 - - [01/Mar/2018:10:40:16 -0300] "GET /cormun/servlet/prlicenciaspermisos?14331823,L,,MD,,gxPopupLevel%3D0%3B HTTP/1.1" 200 6716
186.103.157.235 - - [01/Mar/2018:10:40:16 -0300] "GET /cormun/static/gxcfg.js?20176272053834 HTTP/1.1" 200 953
186.103.157.235 - - [01/Mar/2018:10:40:16 -0300] "GET /cormun/static/prlicenciaspermisos.js?20176272054050 HTTP/1.1" 200 13379
186.103.157.235 - - [01/Mar/2018:10:40:16 -0300] "GET /cormun/static/Resources/Spanish/PXTools.css?17315867 HTTP/1.1" 200 89042
186.103.157.235 - - [01/Mar/2018:10:40:43 -0300] "GET /cormun/servlet/prlicenciaspermisos?14331823,L,,MD,,gxPopupLevel%3D0%3B HTTP/1.1" 200 6716
192.168.4.251 - - [01/Mar/2018:10:40:46 -0300] "POST /cormun/servlet/hlogin?77344cdd880ca20b91387d2ee07dcef2,gx-no-cache=1519911787480 HTTP/1.1" 200 90
192.168.4.251 - - [01/Mar/2018:10:40:46 -0300] "GET /cormun/servlet/hpexe_link HTTP/1.1" 200 950
192.168.4.251 - - [01/Mar/2018:10:40:47 -0300] "GET /cormun/servlet/trautorizarot? HTTP/1.1" 200 8112
192.168.4.251 - - [01/Mar/2018:10:40:49 -0300] "GET /cormun/servlet/trautorizarot? HTTP/1.1" 200 8110
192.168.4.251 - - [01/Mar/2018:10:41:04 -0300] "POST /cormun/servlet/trautorizarot?77344cdd880ca20b91387d2ee07dcef2,,gx-no-cache=1519911804726 HTTP/1.1" 200 5165
192.168.4.251 - - [01/Mar/2018:10:41:07 -0300] "GET /cormun/servlet/hlogin HTTP/1.1" 200 1730
186.103.157.235 - - [01/Mar/2018:10:41:19 -0300] "POST /cormun/servlet/solicitudot?gx-no-cache=1519911632500 HTTP/1.1" 200 30
200.112.233.47 - - [01/Mar/2018:10:41:24 -0300] "POST /cormun/servlet/solicitudot?13c7d9563861de43817da0e1e19354c4,INS,0,0,,gx-no-cache=1519911636021 HTTP/1.1" 200 93
200.112.233.47 - - [01/Mar/2018:10:41:24 -0300] "GET /cormun/servlet/hpexe_return? HTTP/1.1" 200 1008
200.112.233.47 - - [01/Mar/2018:10:41:25 -0300] "GET /cormun/servlet/trsolicitudot? HTTP/1.1" 200 16340
200.112.233.47 - - [01/Mar/2018:10:41:27 -0300] "GET /cormun/servlet/trsolicitudot? HTTP/1.1" 200 16335
186.103.157.235 - - [01/Mar/2018:10:41:33 -0300] "GET /cormun/servlet/trlicencias? HTTP/1.1" 200 8351
186.103.157.235 - - [01/Mar/2018:10:41:33 -0300] "GET /cormun/static/gxcfg.js?20176272054169 HTTP/1.1" 200 953
186.103.157.235 - - [01/Mar/2018:10:41:33 -0300] "GET /cormun/static/trlicencias.js?20176272054837 HTTP/1.1" 200 41883
186.103.157.235 - - [01/Mar/2018:10:41:34 -0300] "GET /cormun//static/Resources/PXToolsGridDisplay.png HTTP/1.1" 200 362
186.103.157.235 - - [01/Mar/2018:10:41:34 -0300] "GET /cormun//static/Resources/PXToolsActionPrint.png HTTP/1.1" 200 3317
186.103.157.235 - - [01/Mar/2018:10:41:34 -0300] "GET /cormun//static/Resources/PXToolsHeaderHelp.png HTTP/1.1" 200 4055
186.103.157.235 - - [01/Mar/2018:10:41:34 -0300] "GET /cormun//static/Resources/PXToolsHeaderFavorites.png HTTP/1.1" 200 2744
186.103.157.235 - - [01/Mar/2018:10:41:34 -0300] "GET /cormun//static/Resources/PXTools/ActionInsert.png HTTP/1.1" 200 1482
186.103.157.235 - - [01/Mar/2018:10:41:34 -0300] "GET /cormun/servlet/trlicencias? HTTP/1.1" 200 8345
200.112.233.47 - - [01/Mar/2018:10:42:19 -0300] "GET /cormun/servlet/trautorizarsolicitud? HTTP/1.1" 200 9354
200.112.233.47 - - [01/Mar/2018:10:42:20 -0300] "GET /cormun/servlet/trautorizarsolicitud? HTTP/1.1" 200 9354
186.103.132.155 - - [01/Mar/2018:10:42:23 -0300] "POST /cormun/servlet/solicitudot?gx-no-cache=1519911691610 HTTP/1.1" 200 3420
186.103.132.155 - - [01/Mar/2018:10:42:24 -0300] "POST /cormun/servlet/solicitudot?3bc1ad1fd0d44469aa57329a8d694c8b,INS,0,0,,gx-no-cache=1519911693016 HTTP/1.1" 200 10600
200.112.233.47 - - [01/Mar/2018:10:42:27 -0300] "POST /cormun/servlet/trautorizarsolicitud?13c7d9563861de43817da0e1e19354c4,,gx-no-cache=1519911699509 HTTP/1.1" 200 7628
186.103.132.155 - - [01/Mar/2018:10:42:37 -0300] "GET /cormun/servlet/solicitudot?3d2613a20819a377771d195083f0407410e2f6deb10355fe630d7adba28313d3732bfc05bdcafb2e0c7cb39aadae972e,gx-no-cache=1519911706084 HTTP/1.1" 200 30
186.103.132.155 - - [01/Mar/2018:10:42:37 -0300] "GET /cormun/servlet/solicitudot?3d2613a20819a377771d195083f04074ad705569956a77aeb689b599b0337f4d4119eeb1501f535b244530c173e4eeda19ac2f7621910e665dd40774365fad8d,gx-no-cache=1519911706698 HTTP/1.1" 200 30
186.103.132.155 - - [01/Mar/2018:10:42:37 -0300] "GET /cormun/servlet/solicitudot?3d2613a20819a377771d195083f040744c4bfbee6dd7364af11959bd57233f17,gx-no-cache=1519911706818 HTTP/1.1" 200 51
186.103.132.155 - - [01/Mar/2018:10:42:38 -0300] "POST /cormun/servlet/solicitudot?gx-no-cache=1519911707006 HTTP/1.1" 200 255
186.103.132.155 - - [01/Mar/2018:10:42:38 -0300] "GET /cormun/servlet/solicitudot?3d2613a20819a377771d195083f0407437d157f78e912e3406e8e7ac962bcb4a478e4f363c80fbd1fb1cfd4be068ce2ccfd4a63b9bfbb8bf605d51873ce09a5e6b718e740de069b12a36bd36e529eb52eff40bd0c6082e0229df966e5ef7a3f84ec7befc033bbcc1f9a324ab426c7d1cc01fa441b2de1a2ef3b21ae4408b96c9b38f1b44ee9bd52df40c0b7d18aba234355ba33120e81aa1776f2f6dcf62a1b32f72f6c2273df8236c7ca9b959937a880274f7e956f4c7b437e424f01947b716f4eca9ab653b8d3048046f379ba748602cd4d0066f297296a0204db6cf1b368fdc9d1d468d4edb500c68d9973f882abb65a6be903a48c9284435b2b3f25fc41ee51534170a07356e25d27ece42a43070a4f2fe8a27f0684a378b9e61beeb217eb177413a13887bca8354c5072a5a9442267c0b99a0f1cd0fdac090b5fc7e67d7c936317472b77ce26e7511428e112682e3f5de4d1837793494f215bb9c4d10651d9f451cbfabc6f303f39cdd9e76e819c078d96928aa45c86b6748973ae6e874,gx-no-cache=1519911707218 HTTP/1.1" 200 30
186.103.132.155 - - [01/Mar/2018:10:42:45 -0300] "POST /cormun/servlet/solicitudot?gx-no-cache=1519911713722 HTTP/1.1" 200 30
200.112.233.47 - - [01/Mar/2018:10:42:55 -0300] "POST /cormun/servlet/trautorizarsolicitud?13c7d9563861de43817da0e1e19354c4,,gx-no-cache=1519911726438 HTTP/1.1" 200 7640
200.112.233.47 - - [01/Mar/2018:10:42:55 -0300] "GET /cormun/static/Shared/jqueryui/images/ui-bg_highlight-soft_100_c6c2c8_1x100.png HTTP/1.1" 404 1117
200.112.233.47 - - [01/Mar/2018:10:42:55 -0300] "GET /cormun/static/Shared/jqueryui/images/ui-bg_flat_55_fafafa_40x100.png HTTP/1.1" 404 1097
200.112.233.47 - - [01/Mar/2018:10:42:55 -0300] "GET /cormun/static/Shared/jqueryui/images/ui-icons_8d78a5_256x240.png HTTP/1.1" 404 1089
200.112.233.47 - - [01/Mar/2018:10:42:55 -0300] "GET /cormun/static/Shared/jqueryui/images/ui-icons_82798d_256x240.png HTTP/1.1" 404 1089
200.112.233.47 - - [01/Mar/2018:10:43:04 -0300] "POST /cormun/servlet/trautorizarsolicitud?13c7d9563861de43817da0e1e19354c4,,gx-no-cache=1519911736107 HTTP/1.1" 200 6573
200.111.122.170 - - [01/Mar/2018:10:43:06 -0300] "POST /cormun/servlet/solicitudot?gx-no-cache=1519911735349 HTTP/1.1" 200 1337
200.111.122.170 - - [01/Mar/2018:10:43:06 -0300] "POST /cormun/servlet/solicitudot?gx-no-cache=1519911735904 HTTP/1.1" 200 38
200.112.233.47 - - [01/Mar/2018:10:43:14 -0300] "GET /cormun/servlet/trautorizarsolicitud? HTTP/1.1" 200 9354
200.112.233.47 - - [01/Mar/2018:10:43:14 -0300] "GET /cormun/servlet/trautorizarsolicitud? HTTP/1.1" 200 9354
200.112.233.47 - - [01/Mar/2018:10:43:25 -0300] "GET /cormun/servlet/trautorizarsolicitud? HTTP/1.1" 200 9354
200.112.233.47 - - [01/Mar/2018:10:43:26 -0300] "GET /cormun/servlet/trautorizarsolicitud? HTTP/1.1" 200 9354
200.112.233.47 - - [01/Mar/2018:10:43:39 -0300] "POST /cormun/servlet/trautorizarsolicitud?13c7d9563861de43817da0e1e19354c4,,gx-no-cache=1519911771060 HTTP/1.1" 200 7625
190.151.100.218 - - [01/Mar/2018:10:43:43 -0300] "GET /cormun/servlet/solicitudot?3d2613a20819a377771d195083f040744edfb17a7660493e03cd27caf6f8c4ebc480133b56efd50dc6fed6c82cfde73e1195b6c5537031075027af20078839f3691339027488fbddadc4ef35fb240844874aa43d961d58f47424626f8e720911b5a9f4f7910e272fa6cefb06b3180c1e569fe01ca3c84ff935eb65c69371b34edac493787053eedb0c7ba70cc4467ba8433504f71cc7705b375b7d7a8eff23dc,gx-no-cache=1519911772319 HTTP/1.1" 200 29
190.151.100.218 - - [01/Mar/2018:10:43:44 -0300] "POST /cormun/servlet/solicitudot?gx-no-cache=1519911772614 HTTP/1.1" 200 1318
190.151.100.218 - - [01/Mar/2018:10:43:44 -0300] "POST /cormun/servlet/solicitudot?gx-no-cache=1519911773361 HTTP/1.1" 200 1218
186.103.157.235 - - [01/Mar/2018:10:43:51 -0300] "GET /cormun/servlet/trsolicitudot? HTTP/1.1" 200 7425
186.103.157.235 - - [01/Mar/2018:10:43:51 -0300] "GET /cormun/servlet/trsolicitudot? HTTP/1.1" 200 7425
200.112.233.47 - - [01/Mar/2018:10:43:54 -0300] "POST /cormun/servlet/trautorizarsolicitud?13c7d9563861de43817da0e1e19354c4,,gx-no-cache=1519911786276 HTTP/1.1" 200 7637
200.112.233.47 - - [01/Mar/2018:10:43:54 -0300] "GET /cormun/static/Shared/jqueryui/images/ui-bg_highlight-soft_100_c6c2c8_1x100.png HTTP/1.1" 404 1117
200.112.233.47 - - [01/Mar/2018:10:43:54 -0300] "GET /cormun/static/Shared/jqueryui/images/ui-bg_flat_55_fafafa_40x100.png HTTP/1.1" 404 1097
200.112.233.47 - - [01/Mar/2018:10:43:54 -0300] "GET /cormun/static/Shared/jqueryui/images/ui-icons_8d78a5_256x240.png HTTP/1.1" 404 1089
200.112.233.47 - - [01/Mar/2018:10:43:54 -0300] "GET /cormun/static/Shared/jqueryui/images/ui-icons_82798d_256x240.png HTTP/1.1" 404 1089
186.103.157.235 - - [01/Mar/2018:10:43:55 -0300] "GET /cormun/servlet/solicitudot?INS,0,0, HTTP/1.1" 200 13666
186.103.157.235 - - [01/Mar/2018:10:43:56 -0300] "GET /cormun/servlet/solicitudot?INS,0,0, HTTP/1.1" 200 13671
186.103.157.235 - - [01/Mar/2018:10:44:07 -0300] "GET /cormun/servlet/prfichaempleado?,MD,,gxPopupLevel%3D0%3B HTTP/1.1" 200 9374
200.112.233.47 - - [01/Mar/2018:10:44:10 -0300] "POST /cormun/servlet/trautorizarsolicitud?13c7d9563861de43817da0e1e19354c4,,gx-no-cache=1519911801556 HTTP/1.1" 200 6571
200.112.233.47 - - [01/Mar/2018:10:44:15 -0300] "POST /cormun/servlet/trautorizarsolicitud?13c7d9563861de43817da0e1e19354c4,,gx-no-cache=1519911807267 HTTP/1.1" 200 6571
192.168.10.96 - - [01/Mar/2018:10:44:17 -0300] "GET /cormun/servlet/trsolicitudgral? HTTP/1.1" 200 16643
192.168.10.96 - - [01/Mar/2018:10:44:18 -0300] "GET /cormun/servlet/trsolicitudgral? HTTP/1.1" 200 16643
186.103.157.235 - - [01/Mar/2018:10:44:25 -0300] "POST /cormun/servlet/prfichaempleado?da5bc4f2fd8144b79dab6e83ec6faf7b,,MD,,gxPopupLevel%3D0%3B,gx-no-cache=1519911817309 HTTP/1.1" 200 3533
192.168.10.96 - - [01/Mar/2018:10:44:26 -0300] "POST /cormun/servlet/trsolicitudgral?0257ac2d05b2f7adfe04d3b64bdb68b6,,gx-no-cache=1519911705303 HTTP/1.1" 200 24808
200.112.233.47 - - [01/Mar/2018:10:44:28 -0300] "GET /cormun/servlet/trautorizarsolicitud? HTTP/1.1" 200 9354
200.112.233.47 - - [01/Mar/2018:10:44:29 -0300] "GET /cormun/servlet/trautorizarsolicitud? HTTP/1.1" 200 9354
186.103.157.235 - - [01/Mar/2018:10:44:33 -0300] "POST /cormun/servlet/solicitudot?gx-no-cache=1519911826119 HTTP/1.1" 200 3422
186.103.157.235 - - [01/Mar/2018:10:44:35 -0300] "POST /cormun/servlet/solicitudot?da5bc4f2fd8144b79dab6e83ec6faf7b,INS,0,0,,gx-no-cache=1519911826718 HTTP/1.1" 200 10562
200.112.233.47 - - [01/Mar/2018:10:44:36 -0300] "POST /cormun/servlet/trautorizarsolicitud?13c7d9563861de43817da0e1e19354c4,,gx-no-cache=1519911828302 HTTP/1.1" 200 7625
200.112.233.47 - - [01/Mar/2018:10:44:46 -0300] "POST /cormun/servlet/trautorizarsolicitud?13c7d9563861de43817da0e1e19354c4,,gx-no-cache=1519911838228 HTTP/1.1" 200 7638
200.112.233.47 - - [01/Mar/2018:10:44:46 -0300] "GET /cormun/static/Shared/jqueryui/images/ui-bg_highlight-soft_100_c6c2c8_1x100.png HTTP/1.1" 404 1117
200.112.233.47 - - [01/Mar/2018:10:44:46 -0300] "GET /cormun/static/Shared/jqueryui/images/ui-bg_flat_55_fafafa_40x100.png HTTP/1.1" 404 1097
200.112.233.47 - - [01/Mar/2018:10:44:46 -0300] "GET /cormun/static/Shared/jqueryui/images/ui-icons_8d78a5_256x240.png HTTP/1.1" 404 1089
200.112.233.47 - - [01/Mar/2018:10:44:46 -0300] "GET /cormun/static/Shared/jqueryui/images/ui-icons_82798d_256x240.png HTTP/1.1" 404 1089
186.103.157.235 - - [01/Mar/2018:10:44:47 -0300] "GET /cormun/servlet/solicitudot?a5f4406255c94b43479a6879df34a1979556e8b492abb1cdc049e5216ee0b85dc0cf29251ccf76f032cc59ce95025738,gx-no-cache=1519911840658 HTTP/1.1" 200 30
186.103.157.235 - - [01/Mar/2018:10:44:48 -0300] "GET /cormun/servlet/solicitudot?a5f4406255c94b43479a6879df34a197f21205a93b6b3f0d9ccdc119acb15499547ff27b027746d55f35187c242f9b453e059540180e220e57a8b61e7feeb57d,gx-no-cache=1519911840763 HTTP/1.1" 200 30
186.103.157.235 - - [01/Mar/2018:10:44:48 -0300] "GET /cormun/servlet/solicitudot?a5f4406255c94b43479a6879df34a1979d5629737f8d320739f23d4d006c7476,gx-no-cache=1519911841229 HTTP/1.1" 200 53
186.103.157.235 - - [01/Mar/2018:10:44:48 -0300] "POST /cormun/servlet/solicitudot?gx-no-cache=1519911841558 HTTP/1.1" 200 240
186.103.157.235 - - [01/Mar/2018:10:44:49 -0300] "GET /cormun/servlet/solicitudot?a5f4406255c94b43479a6879df34a1971463833c4fd9f06aa7f286b779b49985258a2042c187ea89d8554c4034d72fd1a19557a8973622660d60f22f42e81e0eb4e9b04162354556228dd39086e5b29493c60daf269d89a46c3d5177097fdce5403439724e74707cdd33230b9709c964eb18015c100a3b43342b952da4aaba67486ddee59ea534651fea662904fec3e4379d3bbd6c64adf6ba1b49b2954ce254f60ffb789ff4f4196134771c7b393c1e8cfebcce778cf51099d4180240b12f01fc99cb1c95b286fed5623d681a90c0db5ccce4d96ac38231d5f104db3652134e89472001131012697fff59ac838e3bc12cf029915095d3eecfc5e4ccf519d2dc8431ae2dcdc04ff55e214a6dd42d3565cd001fbda8d8fb365ce9ac865306b031aa1bd7c9f3b3bdac71f61bca09dc85013c15dbc7d2dc5fb815a6c5b59a09b52122244e716c11a582a494666a05017b7f9c52f565d99deb85540af998c9fb658505984b390dce174ad23dc8da354a04c4213c8ec63e1635e534458fef85539949,gx-no-cache=1519911841670 HTTP/1.1" 200 30
186.103.157.235 - - [01/Mar/2018:10:44:49 -0300] "POST /cormun/servlet/solicitudot?gx-no-cache=1519911842049 HTTP/1.1" 200 30
186.103.157.235 - - [01/Mar/2018:10:44:49 -0300] "POST /cormun/servlet/solicitudot?gx-no-cache=1519911842129 HTTP/1.1" 200 1337
186.103.157.235 - - [01/Mar/2018:10:44:49 -0300] "POST /cormun/servlet/solicitudot?gx-no-cache=1519911842275 HTTP/1.1" 200 38
186.103.157.235 - - [01/Mar/2018:10:45:05 -0300] "GET /cormun/servlet/trcontratosolicitud? HTTP/1.1" 200 13949
192.168.10.96 - - [01/Mar/2018:10:45:06 -0300] "POST /cormun/servlet/trsolicitudgral?0257ac2d05b2f7adfe04d3b64bdb68b6,,gx-no-cache=1519911746704 HTTP/1.1" 200 5929
186.103.157.235 - - [01/Mar/2018:10:45:06 -0300] "GET /cormun/servlet/trcontratosolicitud? HTTP/1.1" 200 13944
200.112.233.47 - - [01/Mar/2018:10:45:09 -0300] "GET /cormun/servlet/trsolicitudot? HTTP/1.1" 200 16336
192.168.10.96 - - [01/Mar/2018:10:45:10 -0300] "POST /cormun/servlet/trsolicitudgral?0257ac2d05b2f7adfe04d3b64bdb68b6,,gx-no-cache=1519911751649 HTTP/1.1" 200 5931
200.112.233.47 - - [01/Mar/2018:10:45:11 -0300] "GET /cormun/servlet/trsolicitudot? HTTP/1.1" 200 16335
192.168.10.96 - - [01/Mar/2018:10:45:14 -0300] "POST /cormun/servlet/trsolicitudgral?0257ac2d05b2f7adfe04d3b64bdb68b6,,gx-no-cache=1519911755544 HTTP/1.1" 200 5929
200.112.233.47 - - [01/Mar/2018:10:45:18 -0300] "POST /cormun/servlet/trsolicitudot?13c7d9563861de43817da0e1e19354c4,,gx-no-cache=1519911869646 HTTP/1.1" 200 7733
192.168.10.96 - - [01/Mar/2018:10:45:18 -0300] "POST /cormun/servlet/trsolicitudgral?0257ac2d05b2f7adfe04d3b64bdb68b6,,gx-no-cache=1519911759703 HTTP/1.1" 200 5929
200.112.233.47 - - [01/Mar/2018:10:45:20 -0300] "GET /cormun/servlet/solicitudot?INS,0,0, HTTP/1.1" 200 13559
200.112.233.47 - - [01/Mar/2018:10:45:21 -0300] "GET /cormun/servlet/solicitudot?INS,0,0, HTTP/1.1" 200 13564
192.168.10.96 - - [01/Mar/2018:10:45:22 -0300] "POST /cormun/servlet/trsolicitudgral?0257ac2d05b2f7adfe04d3b64bdb68b6,,gx-no-cache=1519911762952 HTTP/1.1" 200 5928
200.112.233.47 - - [01/Mar/2018:10:45:25 -0300] "POST /cormun/servlet/solicitudot?gx-no-cache=1519911877692 HTTP/1.1" 200 3436
200.112.233.47 - - [01/Mar/2018:10:45:26 -0300] "POST /cormun/servlet/solicitudot?13c7d9563861de43817da0e1e19354c4,INS,0,0,,gx-no-cache=1519911878197 HTTP/1.1" 200 10609
186.103.157.235 - - [01/Mar/2018:10:45:26 -0300] "POST /cormun/servlet/trcontratosolicitud?da5bc4f2fd8144b79dab6e83ec6faf7b,,gx-no-cache=1519911878299 HTTP/1.1" 200 4147
200.112.233.47 - - [01/Mar/2018:10:45:29 -0300] "GET /cormun/servlet/solicitudot?601b33610b7d708e8138a76ddcfeac515fb87571bf4f6240185eeb255b61b9c5ed381a89858a965a66eb37df7a29fb7d,gx-no-cache=1519911882506 HTTP/1.1" 200 30
200.112.233.47 - - [01/Mar/2018:10:45:29 -0300] "GET /cormun/servlet/solicitudot?601b33610b7d708e8138a76ddcfeac516d84f800ec4af3f1fa3d5aeea8ac41d082e2e023d6e8cbc822b783cf940846cfc5bdbbfe0c2712de5ad8af754fca73cd,gx-no-cache=1519911882656 HTTP/1.1" 200 30
200.112.233.47 - - [01/Mar/2018:10:45:30 -0300] "GET /cormun/servlet/solicitudot?601b33610b7d708e8138a76ddcfeac513d2657bdf1942cdefdbcac6ca351357f,gx-no-cache=1519911882721 HTTP/1.1" 200 45
200.112.233.47 - - [01/Mar/2018:10:45:30 -0300] "POST /cormun/servlet/solicitudot?gx-no-cache=1519911882794 HTTP/1.1" 200 255
200.112.233.47 - - [01/Mar/2018:10:45:30 -0300] "GET /cormun/servlet/solicitudot?601b33610b7d708e8138a76ddcfeac51fb9e6ca11e43e944aa5865662bf4c9f978a5ad3de222747069977fe449ce997a9c24777389217b0a983269a7e08e84aba4b0e0867d1c5d30e24e91c03d9e2d1e88a75d208048afaa6d3704babdf4929086f0a060986c3ad00c6507577231f0595a3880b2855c9c1434e5157210a87b89490bbe0d6ff2844406420beda3ffce0a81d178c2f7de6a1744b25b5873e704ec14c0466c6f0cdd1cb04c88648a70fa3bf1eb458bc31ab98a438cc64ec46a5447ff0ec52d705f930897cd998b1873f14c72bd15645e5193050732eae5200d555d157fa02adf282e4c0bad0b8010b5f001fc38ba311fae52f794967fb1310efb3f964b9f18ab61b875a4a86f2a0f1ad94081c624083191bb53cf697d12d4a0a18e69eb6cf896aeeca924dd27fe055788f2c679352fc35b60afc7bd4697411925b683e2ca149510b200cdef7c3754dc5b8fa87abe3b82e3f68f24ccf04c31a242071ddc982f356fb4c49eca48f709f8cb17fa812c98dce09038d49185642e9ec2d7,gx-no-cache=1519911882899 HTTP/1.1" 200 30
200.112.233.47 - - [01/Mar/2018:10:45:32 -0300] "POST /cormun/servlet/solicitudot?gx-no-cache=1519911885129 HTTP/1.1" 200 30
186.103.157.235 - - [01/Mar/2018:10:45:33 -0300] "POST /cormun/servlet/trcontratosolicitud?da5bc4f2fd8144b79dab6e83ec6faf7b,,gx-no-cache=1519911885573 HTTP/1.1" 200 5147
192.168.10.96 - - [01/Mar/2018:10:45:34 -0300] "POST /cormun/servlet/trsolicitudgral?0257ac2d05b2f7adfe04d3b64bdb68b6,,gx-no-cache=1519911775543 HTTP/1.1" 200 5927
192.168.10.96 - - [01/Mar/2018:10:45:37 -0300] "POST /cormun/servlet/trsolicitudgral?0257ac2d05b2f7adfe04d3b64bdb68b6,,gx-no-cache=1519911778504 HTTP/1.1" 200 5928
192.168.10.96 - - [01/Mar/2018:10:45:42 -0300] "POST /cormun/servlet/trsolicitudgral?0257ac2d05b2f7adfe04d3b64bdb68b6,,gx-no-cache=1519911783080 HTTP/1.1" 200 5918
186.103.157.235 - - [01/Mar/2018:10:45:44 -0300] "GET /cormun/servlet/trsolicitudot? HTTP/1.1" 200 7425
186.103.157.235 - - [01/Mar/2018:10:45:45 -0300] "GET /cormun/servlet/trsolicitudot? HTTP/1.1" 200 7425
200.112.233.47 - - [01/Mar/2018:10:45:47 -0300] "POST /cormun/servlet/solicitudot?gx-no-cache=1519911899835 HTTP/1.1" 200 1337
200.112.233.47 - - [01/Mar/2018:10:45:47 -0300] "POST /cormun/servlet/solicitudot?gx-no-cache=1519911899982 HTTP/1.1" 200 38
200.112.233.47 - - [01/Mar/2018:10:45:55 -0300] "GET /cormun/servlet/solicitudot?601b33610b7d708e8138a76ddcfeac5185a3c2b913b0f254680d7335a3db8a69201a183b2ffb9e9a33b07f51acad9396e0c68b5aa4c663dda20cc925c4df07973aefdf46ef0a511c036472fa11fbc9d22df205b419c6072980175984fd4c20151bff450dedea7c4d1a4369669ecad0841662d31c67a0d993de357889bd31c22aa893fdd5fb5ada25ab5dcfa21222cf6dabc993aa84b1f5167ac61852ace31c16,gx-no-cache=1519911908034 HTTP/1.1" 200 29
200.112.233.47 - - [01/Mar/2018:10:45:55 -0300] "POST /cormun/servlet/solicitudot?gx-no-cache=1519911908120 HTTP/1.1" 200 1319
200.112.233.47 - - [01/Mar/2018:10:45:55 -0300] "POST /cormun/servlet/solicitudot?gx-no-cache=1519911908346 HTTP/1.1" 200 1218
200.111.122.170 - - [01/Mar/2018:10:46:18 -0300] "GET /cormun/static/menuarrow.gif HTTP/1.1" 404 1015
200.112.233.47 - - [01/Mar/2018:10:46:19 -0300] "GET /cormun/servlet/solicitudot?601b33610b7d708e8138a76ddcfeac5154ab0530d8ca044080c5f83e38ed5926270fde37b8736ac1c94ce8a6857d5ec6,gx-no-cache=1519911931906 HTTP/1.1" 200 30
200.112.233.47 - - [01/Mar/2018:10:46:31 -0300] "POST /cormun/servlet/solicitudot?gx-no-cache=1519911944459 HTTP/1.1" 200 33
186.103.161.206 - - [01/Mar/2018:10:47:00 -0300] "GET /cormun/servlet/solicitudot?3d2613a20819a377771d195083f040742cdd777050a20d54b2eb46c9ad416be5630a85e7eba6d1e3983528c95a7ef585,gx-no-cache=1519911969388 HTTP/1.1" 200 30
200.112.233.47 - - [01/Mar/2018:10:47:06 -0300] "POST /cormun/servlet/solicitudot?13c7d9563861de43817da0e1e19354c4,INS,0,0,,gx-no-cache=1519911978158 HTTP/1.1" 200 93
200.112.233.47 - - [01/Mar/2018:10:47:06 -0300] "GET /cormun/servlet/hpexe_return? HTTP/1.1" 200 1008
200.112.233.47 - - [01/Mar/2018:10:47:07 -0300] "GET /cormun/servlet/trsolicitudot? HTTP/1.1" 200 10810
200.112.233.47 - - [01/Mar/2018:10:47:08 -0300] "GET /cormun/servlet/trsolicitudot? HTTP/1.1" 200 10806
200.86.171.207 - - [01/Mar/2018:10:47:15 -0300] "GET /cormun/servlet/hlogin HTTP/1.1" 200 1721
200.86.171.207 - - [01/Mar/2018:10:47:15 -0300] "GET /cormun/static/gxcfg.js?20175251213516 HTTP/1.1" 304 -
200.86.171.207 - - [01/Mar/2018:10:47:15 -0300] "GET /cormun/static/messages.spa.js?85251 HTTP/1.1" 304 -
200.86.171.207 - - [01/Mar/2018:10:47:15 -0300] "GET /cormun/servlet/hlogin HTTP/1.1" 200 1731
200.86.171.207 - - [01/Mar/2018:10:47:17 -0300] "POST /cormun/servlet/hlogin?6ffffa3a15505e8881b6fdff981858a5,gx-no-cache=1519911991196 HTTP/1.1" 200 90
200.86.171.207 - - [01/Mar/2018:10:47:17 -0300] "GET /cormun/servlet/hpexe_link HTTP/1.1" 200 952
200.86.171.207 - - [01/Mar/2018:10:47:18 -0300] "GET /cormun/static/gxcfg.js?20177612121792 HTTP/1.1" 304 -
200.86.171.207 - - [01/Mar/2018:10:47:18 -0300] "GET /cormun/servlet/hhome HTTP/1.1" 200 4328
200.86.171.207 - - [01/Mar/2018:10:47:18 -0300] "GET /cormun/static/gxcfg.js?20175251212442 HTTP/1.1" 304 -
200.86.171.207 - - [01/Mar/2018:10:47:19 -0300] "GET /cormun/servlet/hhome HTTP/1.1" 200 4325
200.86.171.207 - - [01/Mar/2018:10:47:22 -0300] "GET /cormun/servlet/trlicencias? HTTP/1.1" 200 10134
200.86.171.207 - - [01/Mar/2018:10:47:22 -0300] "GET /cormun/static/Resources/PXTools/calendar.png HTTP/1.1" 200 1306
200.86.171.207 - - [01/Mar/2018:10:47:22 -0300] "GET /cormun/static/gxcfg.js?20176272054169 HTTP/1.1" 304 -
200.86.171.207 - - [01/Mar/2018:10:47:23 -0300] "GET /cormun//static/Resources/PXTools/ActionInsert.png HTTP/1.1" 200 1482
200.86.171.207 - - [01/Mar/2018:10:47:23 -0300] "GET /cormun/servlet/trlicencias? HTTP/1.1" 200 10132
200.112.233.47 - - [01/Mar/2018:10:47:25 -0300] "POST /cormun/servlet/trsolicitudot?13c7d9563861de43817da0e1e19354c4,,gx-no-cache=1519911997376 HTTP/1.1" 200 7765
200.112.233.47 - - [01/Mar/2018:10:47:25 -0300] "GET /cormun/static/Shared/jqueryui/images/ui-bg_highlight-soft_100_c6c2c8_1x100.png HTTP/1.1" 404 1117
200.112.233.47 - - [01/Mar/2018:10:47:25 -0300] "GET /cormun/static/Shared/jqueryui/images/ui-icons_82798d_256x240.png HTTP/1.1" 404 1089
200.112.233.47 - - [01/Mar/2018:10:47:25 -0300] "GET /cormun/static/Shared/jqueryui/images/ui-icons_8d78a5_256x240.png HTTP/1.1" 404 1089
200.112.233.47 - - [01/Mar/2018:10:47:25 -0300] "GET /cormun/static/Shared/jqueryui/images/ui-bg_flat_55_fafafa_40x100.png HTTP/1.1" 404 1097
200.112.233.47 - - [01/Mar/2018:10:47:26 -0300] "POST /cormun/servlet/trsolicitudot?13c7d9563861de43817da0e1e19354c4,,gx-no-cache=1519911998342 HTTP/1.1" 200 7707
200.112.233.47 - - [01/Mar/2018:10:47:32 -0300] "POST /cormun/servlet/trsolicitudot?13c7d9563861de43817da0e1e19354c4,,gx-no-cache=1519912003818 HTTP/1.1" 200 7428
200.112.233.47 - - [01/Mar/2018:10:47:33 -0300] "POST /cormun/servlet/trsolicitudot?13c7d9563861de43817da0e1e19354c4,,gx-no-cache=1519912005249 HTTP/1.1" 200 7370
200.72.197.82 - - [01/Mar/2018:10:47:52 -0300] "POST /cormun/servlet/solicitudot?gx-no-cache=1519912021512 HTTP/1.1" 200 30
200.112.233.47 - - [01/Mar/2018:10:47:52 -0300] "GET /cormun/servlet/trautorizarsolicitud? HTTP/1.1" 200 10086
200.112.233.47 - - [01/Mar/2018:10:47:53 -0300] "GET /cormun/servlet/trautorizarsolicitud? HTTP/1.1" 200 10085
200.72.197.82 - - [01/Mar/2018:10:47:53 -0300] "POST /cormun/servlet/solicitudot?3bc1ad1fd0d44469aa57329a8d694c8b,INS,0,0,,gx-no-cache=1519912021847 HTTP/1.1" 200 93
200.72.197.82 - - [01/Mar/2018:10:47:53 -0300] "GET /cormun/servlet/hpexe_return? HTTP/1.1" 200 1013
186.67.203.186 - - [01/Mar/2018:10:47:54 -0300] "GET /cormun/static/gxcfg.js?2016101716175148 HTTP/1.1" 200 953
186.103.161.206 - - [01/Mar/2018:10:47:54 -0300] "GET /cormun/static/hpexe_return.js?2016101716175153 HTTP/1.1" 200 1633
200.72.197.82 - - [01/Mar/2018:10:47:54 -0300] "GET /cormun/static/Resources/Spanish/PXTools.css?167811 HTTP/1.1" 200 89042
200.72.197.82 - - [01/Mar/2018:10:47:55 -0300] "GET /cormun/servlet/trsolicitudot HTTP/1.1" 200 8778
186.103.161.206 - - [01/Mar/2018:10:47:56 -0300] "GET /cormun//static/Resources/PXToolsActionView.png HTTP/1.1" 200 2995
186.67.203.186 - - [01/Mar/2018:10:47:56 -0300] "GET /cormun//static/Resources/PXToolsGridUpdate.png HTTP/1.1" 200 2984
190.151.100.218 - - [01/Mar/2018:10:47:56 -0300] "GET /cormun//static/Resources/PXToolsGridDelete.png HTTP/1.1" 200 357
186.67.203.186 - - [01/Mar/2018:10:47:56 -0300] "GET /cormun//static/Resources/PXTools/ActionInsert.png HTTP/1.1" 200 1482
200.72.197.82 - - [01/Mar/2018:10:47:56 -0300] "GET /cormun//static/Resources/PXToolsRemoveAllAction.png HTTP/1.1" 200 3558
200.72.197.82 - - [01/Mar/2018:10:47:56 -0300] "GET /cormun/servlet/trsolicitudot HTTP/1.1" 200 8774
200.112.233.47 - - [01/Mar/2018:10:48:06 -0300] "POST /cormun/servlet/trautorizarsolicitud?13c7d9563861de43817da0e1e19354c4,,gx-no-cache=1519912038389 HTTP/1.1" 200 7224
200.112.233.47 - - [01/Mar/2018:10:48:16 -0300] "POST /cormun/servlet/trautorizarsolicitud?13c7d9563861de43817da0e1e19354c4,,gx-no-cache=1519912048764 HTTP/1.1" 200 7004
200.112.233.47 - - [01/Mar/2018:10:48:16 -0300] "GET /cormun/static/Shared/jqueryui/images/ui-bg_highlight-soft_100_c6c2c8_1x100.png HTTP/1.1" 404 1117
200.112.233.47 - - [01/Mar/2018:10:48:16 -0300] "GET /cormun/static/Shared/jqueryui/images/ui-icons_82798d_256x240.png HTTP/1.1" 404 1089
200.112.233.47 - - [01/Mar/2018:10:48:16 -0300] "GET /cormun/static/Shared/jqueryui/images/ui-icons_8d78a5_256x240.png HTTP/1.1" 404 1089
200.112.233.47 - - [01/Mar/2018:10:48:16 -0300] "GET /cormun/static/Shared/jqueryui/images/ui-bg_flat_55_fafafa_40x100.png HTTP/1.1" 404 1097
200.112.233.47 - - [01/Mar/2018:10:48:18 -0300] "POST /cormun/servlet/trautorizarsolicitud?13c7d9563861de43817da0e1e19354c4,,gx-no-cache=1519912049655 HTTP/1.1" 200 6948
200.112.233.47 - - [01/Mar/2018:10:48:21 -0300] "POST /cormun/servlet/trautorizarsolicitud?13c7d9563861de43817da0e1e19354c4,,gx-no-cache=1519912053620 HTTP/1.1" 200 6606
200.112.233.47 - - [01/Mar/2018:10:48:22 -0300] "POST /cormun/servlet/trautorizarsolicitud?13c7d9563861de43817da0e1e19354c4,,gx-no-cache=1519912054490 HTTP/1.1" 200 6551
190.151.100.218 - - [01/Mar/2018:10:48:25 -0300] "POST /cormun/servlet/trsolicitudot?3bc1ad1fd0d44469aa57329a8d694c8b,gx-no-cache=1519912053755 HTTP/1.1" 200 4693
190.151.100.218 - - [01/Mar/2018:10:48:26 -0300] "GET /cormun/static/Shared/jqueryui/images/ui-bg_highlight-soft_100_c6c2c8_1x100.png HTTP/1.1" 404 1117
190.151.100.218 - - [01/Mar/2018:10:48:26 -0300] "GET /cormun/static/Shared/jqueryui/images/ui-icons_8d78a5_256x240.png HTTP/1.1" 404 1089
200.72.197.82 - - [01/Mar/2018:10:48:26 -0300] "GET /cormun/static/Shared/jqueryui/images/ui-bg_flat_55_fafafa_40x100.png HTTP/1.1" 404 1097
190.151.100.218 - - [01/Mar/2018:10:48:26 -0300] "GET /cormun/static/Shared/jqueryui/images/ui-icons_82798d_256x240.png HTTP/1.1" 404 1089
190.151.100.218 - - [01/Mar/2018:10:48:27 -0300] "POST /cormun/servlet/trsolicitudot?3bc1ad1fd0d44469aa57329a8d694c8b,gx-no-cache=1519912055960 HTTP/1.1" 200 4463
190.151.100.218 - - [01/Mar/2018:10:48:35 -0300] "GET /cormun/servlet/trautorizarsolicitud? HTTP/1.1" 200 8673
200.72.197.82 - - [01/Mar/2018:10:48:36 -0300] "GET /cormun/static/gxcfg.js?2017111423403364 HTTP/1.1" 200 953
190.151.100.218 - - [01/Mar/2018:10:48:36 -0300] "GET /cormun/static/trautorizarsolicitud.js?201711142340425 HTTP/1.1" 200 53910
190.151.100.218 - - [01/Mar/2018:10:48:37 -0300] "GET /cormun/servlet/trautorizarsolicitud? HTTP/1.1" 200 8673
186.67.203.186 - - [01/Mar/2018:10:49:15 -0300] "POST /cormun/servlet/trautorizarsolicitud?3bc1ad1fd0d44469aa57329a8d694c8b,,gx-no-cache=1519912104187 HTTP/1.1" 200 5821
186.67.203.186 - - [01/Mar/2018:10:49:16 -0300] "GET /cormun/static/Shared/jqueryui/images/ui-bg_highlight-soft_100_c6c2c8_1x100.png HTTP/1.1" 404 1117
186.103.161.206 - - [01/Mar/2018:10:49:16 -0300] "GET /cormun/static/Shared/jqueryui/images/ui-icons_82798d_256x240.png HTTP/1.1" 404 1089
200.72.197.82 - - [01/Mar/2018:10:49:16 -0300] "GET /cormun/static/Shared/jqueryui/images/ui-icons_8d78a5_256x240.png HTTP/1.1" 404 1089
186.67.203.186 - - [01/Mar/2018:10:49:16 -0300] "GET /cormun/static/Shared/jqueryui/images/ui-bg_flat_55_fafafa_40x100.png HTTP/1.1" 404 1097
186.103.132.155 - - [01/Mar/2018:10:49:16 -0300] "POST /cormun/servlet/trautorizarsolicitud?3bc1ad1fd0d44469aa57329a8d694c8b,,gx-no-cache=1519912105360 HTTP/1.1" 200 5768
186.103.132.155 - - [01/Mar/2018:10:49:57 -0300] "GET /cormun/servlet/veautorizarsolicitud?2018,9778,, HTTP/1.1" 200 8592
186.103.132.155 - - [01/Mar/2018:10:49:57 -0300] "GET /cormun/static/gxcfg.js?2017111423404691 HTTP/1.1" 200 953
186.67.203.186 - - [01/Mar/2018:10:49:58 -0300] "GET /cormun/pexe_scrolldiv.js HTTP/1.1" 404 1009
186.103.132.155 - - [01/Mar/2018:10:49:58 -0300] "GET /cormun/static/veautorizarsolicitud.js?2017111423404756 HTTP/1.1" 200 6140
200.111.122.170 - - [01/Mar/2018:10:49:58 -0300] "GET /cormun/static/hpexe_tabsview.js?201610171694228 HTTP/1.1" 200 1661
186.67.203.186 - - [01/Mar/2018:10:49:58 -0300] "GET /cormun/static/Resources/PXToolsTabFirstSelected.png HTTP/1.1" 200 1259
200.72.197.82 - - [01/Mar/2018:10:49:58 -0300] "GET /cormun/static/hwcviewtabs.js?20177611594913 HTTP/1.1" 200 1074
186.103.132.155 - - [01/Mar/2018:10:49:58 -0300] "GET /cormun/static/Resources/PXToolsTabLastUnselected.png HTTP/1.1" 200 1291
200.111.122.170 - - [01/Mar/2018:10:49:58 -0300] "GET /cormun/static/Resources/PXToolsTabNext.gif HTTP/1.1" 200 168
186.103.132.155 - - [01/Mar/2018:10:49:58 -0300] "GET /cormun/static/Resources/PXToolsTabPrevious.gif HTTP/1.1" 200 172
200.111.122.170 - - [01/Mar/2018:10:49:58 -0300] "GET /cormun/static/tbautorizarsolicitud01.js?2017111423392092 HTTP/1.1" 200 30580
200.111.122.170 - - [01/Mar/2018:10:49:59 -0300] "GET /cormun/static/calendar-system.css HTTP/1.1" 200 5572
186.67.203.186 - - [01/Mar/2018:10:49:59 -0300] "GET /cormun/static/Resources/PXToolsTabBackUnselected.png HTTP/1.1" 200 1175
186.103.132.155 - - [01/Mar/2018:10:49:59 -0300] "GET /cormun/static/Resources/PXToolsTabBackSelected.png HTTP/1.1" 200 1157
200.111.122.170 - - [01/Mar/2018:10:49:59 -0300] "GET /cormun/static/Resources/PXToolsTabUnselectedUnselected.png HTTP/1.1" 200 1459
186.103.132.155 - - [01/Mar/2018:10:49:59 -0300] "GET /cormun/static/Resources/PXToolsTabSelectedUnselected.png HTTP/1.1" 200 1428
200.111.122.170 - - [01/Mar/2018:10:49:59 -0300] "GET /cormun/servlet/veautorizarsolicitud?2018,9778,, HTTP/1.1" 200 8592
46.174.191.31 - - [01/Mar/2018:10:51:00 -0300] "GET / HTTP/1.0" 200 11197
186.103.157.235 - - [01/Mar/2018:10:51:10 -0300] "GET /cormun/servlet/trsolicitudot? HTTP/1.1" 200 7425
186.103.157.235 - - [01/Mar/2018:10:51:11 -0300] "GET /cormun/servlet/trsolicitudot? HTTP/1.1" 200 7425
186.103.157.235 - - [01/Mar/2018:10:51:18 -0300] "GET /cormun/servlet/solicitudot?INS,0,0, HTTP/1.1" 200 13664
186.103.157.235 - - [01/Mar/2018:10:51:19 -0300] "GET /cormun/servlet/solicitudot?INS,0,0, HTTP/1.1" 200 13669
186.103.157.235 - - [01/Mar/2018:10:51:34 -0300] "GET /cormun/servlet/prfichaempleado?,MD,,gxPopupLevel%3D0%3B HTTP/1.1" 200 9374
186.67.203.186 - - [01/Mar/2018:10:51:38 -0300] "POST /cormun/servlet/veautorizarsolicitud?3bc1ad1fd0d44469aa57329a8d694c8b,2018,9778,,,gx-no-cache=1519912247154 HTTP/1.1" 200 90
186.67.203.186 - - [01/Mar/2018:10:51:38 -0300] "GET /cormun/servlet/hpexe_link HTTP/1.1" 200 978
186.67.203.186 - - [01/Mar/2018:10:51:39 -0300] "GET /cormun/servlet/trautorizarsolicitud? HTTP/1.1" 200 7311
186.67.203.186 - - [01/Mar/2018:10:51:41 -0300] "GET /cormun/servlet/trautorizarsolicitud? HTTP/1.1" 200 7309
186.67.203.186 - - [01/Mar/2018:10:51:49 -0300] "POST /cormun/servlet/trautorizarsolicitud?3bc1ad1fd0d44469aa57329a8d694c8b,,gx-no-cache=1519912258168 HTTP/1.1" 200 5789
186.67.203.186 - - [01/Mar/2018:10:51:52 -0300] "GET /cormun/servlet/veautorizarsolicitud?2018,9778,, HTTP/1.1" 200 8592
186.67.203.186 - - [01/Mar/2018:10:51:53 -0300] "GET /cormun/pexe_scrolldiv.js HTTP/1.1" 404 1009
186.67.203.186 - - [01/Mar/2018:10:51:54 -0300] "GET /cormun/servlet/veautorizarsolicitud?2018,9778,, HTTP/1.1" 200 8592
200.72.197.82 - - [01/Mar/2018:10:53:32 -0300] "POST /cormun/servlet/veautorizarsolicitud?3bc1ad1fd0d44469aa57329a8d694c8b,2018,9778,,,gx-no-cache=1519912360605 HTTP/1.1" 200 93
200.72.197.82 - - [01/Mar/2018:10:53:32 -0300] "GET /cormun/servlet/hpexe_return? HTTP/1.1" 200 1023
200.72.197.82 - - [01/Mar/2018:10:53:33 -0300] "GET /cormun/servlet/trautorizarsolicitud? HTTP/1.1" 200 8676
200.72.197.82 - - [01/Mar/2018:10:53:38 -0300] "GET /cormun/servlet/trautorizarsolicitud? HTTP/1.1" 200 8673
200.111.122.170 - - [01/Mar/2018:10:53:47 -0300] "POST /cormun/servlet/trautorizarsolicitud?3bc1ad1fd0d44469aa57329a8d694c8b,,gx-no-cache=1519912375540 HTTP/1.1" 200 110
200.111.122.170 - - [01/Mar/2018:10:53:47 -0300] "GET /cormun/AutorizarSolicitud-6228.xls HTTP/1.1" 200 5120
200.111.122.170 - - [01/Mar/2018:10:54:21 -0300] "GET /cormun/servlet/veautorizarsolicitud?2018,9778,, HTTP/1.1" 200 8592
186.103.132.155 - - [01/Mar/2018:10:54:22 -0300] "GET /cormun/pexe_scrolldiv.js HTTP/1.1" 404 1009
200.111.122.170 - - [01/Mar/2018:10:54:25 -0300] "GET /cormun/servlet/veautorizarsolicitud?2018,9778,, HTTP/1.1" 200 8592
186.103.132.155 - - [01/Mar/2018:10:55:40 -0300] "GET /cormun/static/Resources/PXToolsTabFirstSelected.png HTTP/1.1" 200 1259
186.103.132.155 - - [01/Mar/2018:10:55:41 -0300] "GET /cormun/static/Resources/PXToolsTabSelectedUnselected.png HTTP/1.1" 200 1428
186.103.132.155 - - [01/Mar/2018:10:55:46 -0300] "GET /cormun/static/Resources/PXToolsTabUnselectedUnselected.png HTTP/1.1" 200 1459
186.103.159.44 - - [01/Mar/2018:10:56:09 -0300] "GET /cormun/servlet/hlogin HTTP/1.1" 200 1718
186.103.159.44 - - [01/Mar/2018:10:56:10 -0300] "GET /cormun/static/gxtimezone.js?85251 HTTP/1.1" 304 -
186.103.159.44 - - [01/Mar/2018:10:56:10 -0300] "GET /cormun/static/gxcfg.js?20175251213516 HTTP/1.1" 304 -
186.103.159.44 - - [01/Mar/2018:10:56:10 -0300] "GET /cormun/static/messages.spa.js?85251 HTTP/1.1" 304 -
186.103.159.44 - - [01/Mar/2018:10:56:11 -0300] "GET /cormun/servlet/hlogin HTTP/1.1" 200 1729
186.103.159.44 - - [01/Mar/2018:10:56:32 -0300] "POST /cormun/servlet/hlogin?f8b6d2e806736cffa9e49de6548fd326,gx-no-cache=1519912544328 HTTP/1.1" 200 90
186.103.159.44 - - [01/Mar/2018:10:56:32 -0300] "GET /cormun/servlet/hpexe_link HTTP/1.1" 200 949
186.103.159.44 - - [01/Mar/2018:10:56:32 -0300] "GET /cormun/static/gxcfg.js?20177612121792 HTTP/1.1" 304 -
186.103.159.44 - - [01/Mar/2018:10:56:32 -0300] "GET /cormun/servlet/hhome HTTP/1.1" 200 4132
186.103.159.44 - - [01/Mar/2018:10:56:32 -0300] "GET /cormun/static/gxcfg.js?20175251212442 HTTP/1.1" 304 -
186.103.159.44 - - [01/Mar/2018:10:56:40 -0300] "GET /cormun/servlet/trautorizarsolicitud? HTTP/1.1" 200 7246
186.103.159.44 - - [01/Mar/2018:10:56:40 -0300] "GET /cormun/static/gxcfg.js?2017111423403364 HTTP/1.1" 304 -
186.103.159.44 - - [01/Mar/2018:10:56:40 -0300] "GET /cormun/static/calendar.js?85251 HTTP/1.1" 304 -
186.103.159.44 - - [01/Mar/2018:10:56:40 -0300] "GET /cormun/static/calendar-setup.js?85251 HTTP/1.1" 304 -
186.103.159.44 - - [01/Mar/2018:10:56:40 -0300] "GET /cormun/static/calendar-es.js?85251 HTTP/1.1" 304 -
186.103.159.44 - - [01/Mar/2018:10:56:40 -0300] "GET /cormun/static/gxdec.js?85251 HTTP/1.1" 304 -
192.168.10.89 - - [01/Mar/2018:10:57:35 -0300] "GET /cormun/servlet/hlogin HTTP/1.1" 200 1727
186.103.159.44 - - [01/Mar/2018:10:57:54 -0300] "GET /cormun/servlet/trsolicitudot? HTTP/1.1" 200 7345
186.103.159.44 - - [01/Mar/2018:10:57:54 -0300] "GET /cormun/static/gxcfg.js?2017111422585916 HTTP/1.1" 304 -
186.103.159.44 - - [01/Mar/2018:10:57:59 -0300] "GET /cormun/static/menuarrow.gif HTTP/1.1" 404 1015
192.168.10.89 - - [01/Mar/2018:10:58:08 -0300] "POST /cormun/servlet/hlogin?43ff52e72fd962afb4d5a870e8ed1288,gx-no-cache=1519912529670 HTTP/1.1" 200 90
192.168.10.89 - - [01/Mar/2018:10:58:08 -0300] "GET /cormun/servlet/hpexe_link HTTP/1.1" 200 940
192.168.10.89 - - [01/Mar/2018:10:58:08 -0300] "GET /cormun/servlet/hhome HTTP/1.1" 200 4908
192.168.10.89 - - [01/Mar/2018:10:58:14 -0300] "GET /cormun/servlet/trsolicitudgral? HTTP/1.1" 200 27711
192.168.10.89 - - [01/Mar/2018:10:58:37 -0300] "POST /cormun/servlet/trsolicitudgral?43ff52e72fd962afb4d5a870e8ed1288,,gx-no-cache=1519912558118 HTTP/1.1" 200 5911
192.168.10.89 - - [01/Mar/2018:10:58:42 -0300] "POST /cormun/servlet/trsolicitudgral?43ff52e72fd962afb4d5a870e8ed1288,,gx-no-cache=1519912562942 HTTP/1.1" 200 7247
186.103.159.44 - - [01/Mar/2018:10:58:56 -0300] "POST /cormun/servlet/trsolicitudot?f8b6d2e806736cffa9e49de6548fd326,,gx-no-cache=1519912688011 HTTP/1.1" 200 8211
192.168.10.89 - - [01/Mar/2018:10:59:02 -0300] "GET /cormun/servlet/vesolicitudgral?2018,8812,, HTTP/1.1" 200 9432
192.168.10.89 - - [01/Mar/2018:10:59:02 -0300] "GET /cormun/pexe_scrolldiv.js HTTP/1.1" 404 1009
192.168.10.89 - - [01/Mar/2018:10:59:07 -0300] "GET /cormun/servlet/vesolicitudgral?2018,8812,,SolicitudOTAdjuntos HTTP/1.1" 200 11613
192.168.10.89 - - [01/Mar/2018:10:59:07 -0300] "GET /cormun/pexe_scrolldiv.js HTTP/1.1" 404 1009
192.168.10.89 - - [01/Mar/2018:10:59:09 -0300] "POST /cormun/servlet/acontrolpreferencessavestate?None,CDROGUETT,true HTTP/1.1" 200 35
192.168.10.89 - - [01/Mar/2018:10:59:09 -0300] "GET /cormun/servlet/vesolicitudgral?2018,8812,,SolicitudOTLog HTTP/1.1" 200 10292
192.168.10.89 - - [01/Mar/2018:10:59:10 -0300] "GET /cormun/pexe_scrolldiv.js HTTP/1.1" 404 1009
192.168.10.89 - - [01/Mar/2018:10:59:11 -0300] "POST /cormun/servlet/acontrolpreferencessavestate?None,CDROGUETT,true HTTP/1.1" 200 35
186.103.159.44 - - [01/Mar/2018:10:59:24 -0300] "GET /cormun/servlet/vesolicitudot?2018,8812,, HTTP/1.1" 200 8447
186.103.159.44 - - [01/Mar/2018:10:59:24 -0300] "GET /cormun/static/gxcfg.js?2017111422591385 HTTP/1.1" 200 953
186.103.159.44 - - [01/Mar/2018:10:59:24 -0300] "GET /cormun/pexe_scrolldiv.js HTTP/1.1" 404 1009
186.103.159.44 - - [01/Mar/2018:10:59:24 -0300] "GET /cormun/static/Resources/PXToolsTabFirstSelected.png HTTP/1.1" 200 1259
186.103.159.44 - - [01/Mar/2018:10:59:24 -0300] "GET /cormun/static/Resources/PXToolsTabLastUnselected.png HTTP/1.1" 200 1291
186.103.159.44 - - [01/Mar/2018:10:59:24 -0300] "GET /cormun/static/Resources/PXToolsTabPrevious.gif HTTP/1.1" 200 172
186.103.159.44 - - [01/Mar/2018:10:59:24 -0300] "GET /cormun/static/vesolicitudot.js?2017111422591449 HTTP/1.1" 200 6091
186.103.159.44 - - [01/Mar/2018:10:59:24 -0300] "GET /cormun/static/Resources/PXToolsTabNext.gif HTTP/1.1" 200 168
186.103.159.44 - - [01/Mar/2018:10:59:24 -0300] "GET /cormun/static/hwcviewtabs.js?20177611594913 HTTP/1.1" 200 1074
186.103.159.44 - - [01/Mar/2018:10:59:24 -0300] "GET /cormun/static/hpexe_tabsview.js?201610171694228 HTTP/1.1" 200 1661
186.103.159.44 - - [01/Mar/2018:10:59:24 -0300] "GET /cormun/static/tbsolicitudot01.js?2017111422581186 HTTP/1.1" 200 30566
186.103.159.44 - - [01/Mar/2018:10:59:25 -0300] "GET /cormun/static/calendar-system.css HTTP/1.1" 200 5572
186.103.159.44 - - [01/Mar/2018:10:59:25 -0300] "GET /cormun/static/Resources/PXToolsTabSelectedUnselected.png HTTP/1.1" 200 1428
186.103.159.44 - - [01/Mar/2018:10:59:25 -0300] "GET /cormun/static/Resources/PXToolsTabUnselectedUnselected.png HTTP/1.1" 200 1459
186.103.159.44 - - [01/Mar/2018:10:59:25 -0300] "GET /cormun/static/Resources/PXToolsTabBackSelected.png HTTP/1.1" 200 1157
186.103.159.44 - - [01/Mar/2018:10:59:25 -0300] "GET /cormun/static/Resources/PXToolsTabBackUnselected.png HTTP/1.1" 200 1175
192.168.10.89 - - [01/Mar/2018:10:59:28 -0300] "GET /cormun/servlet/vesolicitudgral?2018,8812,,General HTTP/1.1" 200 9437
192.168.10.89 - - [01/Mar/2018:10:59:28 -0300] "GET /cormun/pexe_scrolldiv.js HTTP/1.1" 404 1009
186.103.159.44 - - [01/Mar/2018:10:59:29 -0300] "GET /cormun/servlet/vesolicitudot?2018,8812,,SolicitudOTLog HTTP/1.1" 200 9415
186.103.159.44 - - [01/Mar/2018:10:59:30 -0300] "GET /cormun/pexe_scrolldiv.js HTTP/1.1" 404 1009
186.103.159.44 - - [01/Mar/2018:10:59:30 -0300] "GET /cormun/static/Resources/PXToolsTabLastSelected.png HTTP/1.1" 200 1262
186.103.159.44 - - [01/Mar/2018:10:59:30 -0300] "GET /cormun/static/tbsolicitudot03.js?20177611592012 HTTP/1.1" 200 13332
186.103.159.44 - - [01/Mar/2018:10:59:30 -0300] "GET /cormun/static/gxui/gxui-all.css HTTP/1.1" 200 2179
186.103.159.44 - - [01/Mar/2018:10:59:30 -0300] "GET /cormun/static/Resources/PXToolsTabFirstUnselected.png HTTP/1.1" 200 1264
186.103.159.44 - - [01/Mar/2018:10:59:30 -0300] "GET /cormun/static/Resources/PXToolsTabUnselectedSelected.png HTTP/1.1" 200 1444
186.103.159.44 - - [01/Mar/2018:10:59:30 -0300] "GET /cormun/static/Shared/ext/resources/css/ext-all.css HTTP/1.1" 200 416045
186.103.159.44 - - [01/Mar/2018:10:59:32 -0300] "POST /cormun/servlet/acontrolpreferencessavestate?None,PRIOS,true HTTP/1.1" 200 35
186.103.159.44 - - [01/Mar/2018:10:59:39 -0300] "GET /cormun/servlet/vesolicitudot?2018,8812,,SolicitudOTAdjuntos HTTP/1.1" 200 11178
186.103.159.44 - - [01/Mar/2018:10:59:39 -0300] "GET /cormun/pexe_scrolldiv.js HTTP/1.1" 404 1009
192.168.10.89 - - [01/Mar/2018:10:59:39 -0300] "POST /cormun/servlet/vesolicitudgral?43ff52e72fd962afb4d5a870e8ed1288,2018,8812,,General,gx-no-cache=1519912619934 HTTP/1.1" 200 93
192.168.10.89 - - [01/Mar/2018:10:59:39 -0300] "GET /cormun/servlet/hpexe_return? HTTP/1.1" 200 1005
186.103.159.44 - - [01/Mar/2018:10:59:39 -0300] "GET /cormun/static/tbsolicitudot02.js?201711142258496 HTTP/1.1" 200 15626
192.168.10.89 - - [01/Mar/2018:10:59:39 -0300] "GET /cormun/servlet/trsolicitudgral? HTTP/1.1" 200 10751
186.103.159.44 - - [01/Mar/2018:10:59:41 -0300] "POST /cormun/servlet/acontrolpreferencessavestate?None,PRIOS,true HTTP/1.1" 200 35
186.103.159.44 - - [01/Mar/2018:10:59:44 -0300] "GET /cormun/servlet/trsolicitudot? HTTP/1.1" 200 11071
192.168.10.89 - - [01/Mar/2018:10:59:46 -0300] "GET /cormun/servlet/solicitudgral?UPD,2018,8812, HTTP/1.1" 200 12068
192.168.10.89 - - [01/Mar/2018:10:59:47 -0300] "POST /cormun/servlet/solicitudgral?gx-no-cache=1519912628534 HTTP/1.1" 200 3833
192.168.10.89 - - [01/Mar/2018:10:59:47 -0300] "GET /cormun/servlet/solicitudgral?8c41127b0fad8beec492781028a538a31d1df2d700ec64afce2584e577dda265cee320817e66f211bfe1a359e9a5f7ce5ab85a8908fea927ed5eed309fc211cd14bf23192f1d389d25f239157fcfd45b2cff525bf03b0416c44b23379a273b7d81423c633c654c8538c4c396205243eafbeac62b34581198da3b875baee3fa4a784562b22842608ce94bb08559ccb8a42611ee109ef4dffe59defced42983b9d8f20c2057956137c9f77259dbef42987bb7173cfa1ff40f51fbf07e77286b76504a86b6068d21d2b786a4e4c8c64dbbd433e7203ffe9c04a8ea317e92473f9de1e2c110b56a3b7d1781b2878847cd38cb41af5e4082483f6671f1924b5f13d2c3d60f18cc0481ac8951dec125d2a1044159362a82651221418121df5471f48b7ce243a954f71c14cb66e21a59367819457088b3c3697572d6d7269b7cf316a5c4168dd44e53febb41aac85481b68f448,gx-no-cache=1519912628885 HTTP/1.1" 200 255
192.168.10.89 - - [01/Mar/2018:10:59:49 -0300] "GET /cormun/servlet/solicitudgral?8c41127b0fad8beec492781028a538a3e00d493fdb53012a422c6ef2666fa91497676a296d191ad0e0baf4af68242c589b79d4ce43cd77d6ac87159d3497437cb00c0a297f9b660af600bca2a0b0c5b56ef5b3ded2ae185d42bb0158048ffaaad019e6deaad506da8bbf1f7ed77500b9f5779880b13e0a9cb9fd5ee498745ce8f368b8ca493ead989712c28cad86f8f1298eb934ae32703c0d3d55f8a80f5be8168fcedeb3f58be81f9c1e7dc924fcb578adecfc0f55ef3ed5a3b8860f024a8af7ea9d2c8d8800615457b56ecdb22699a44346a804bceefadd1c56bf9ce74e8b3da0fcf4de950c44e69f93eb5ae93253d4727197a22f04d2ec1376ba8ce562715683006cd4202e429a7e7c45630d7ad8a572323a775856de6b4a15feb1db99b9ddc169894eed5a8deb9886fa260ff4d9a781dd45f2e1e6a1fbbccfef6b750c60eb89d49e01360004a221021e0fc03128b415cfaade70fad037be6d746cfe4a3010de57fad3fca246e018c6c549069b532287741ddfcc219b62a887f8c445ad23ad37217c79c9cb544b66c47104abb55232fdb915edc67708152e381b0b3979b68d7f099e7ea9efb63a516650790a6a2b,gx-no-cache=1519912631379 HTTP/1.1" 200 48
186.103.159.44 - - [01/Mar/2018:10:59:50 -0300] "POST /cormun/servlet/trsolicitudot?f8b6d2e806736cffa9e49de6548fd326,,gx-no-cache=1519912742017 HTTP/1.1" 200 104
192.168.10.89 - - [01/Mar/2018:10:59:51 -0300] "POST /cormun/servlet/solicitudgral?43ff52e72fd962afb4d5a870e8ed1288,UPD,2018,8812,,gx-no-cache=1519912631647 HTTP/1.1" 200 11239
192.168.10.89 - - [01/Mar/2018:10:59:51 -0300] "GET /cormun/servlet/solicitudgral?8c41127b0fad8beec492781028a538a353b4a7333df5e21d2a8c2d24d5d1027004663c2ae902d7cfdcaf6cf9561171735a17eb9d5b17e8244f243680cd928e71cc48c74a24e329f68ac1461454b9279585beaa43b1797852cd6bdeeb343477aeff9ad3fcf1527caf4c17f4d8535690675bdd58d7733c81b45b1b35c876691b33465a8ed0810da59814df7f2b85ca92be0a454e14e037c1599594d0c9b408fb8e,gx-no-cache=1519912632595 HTTP/1.1" 200 29
192.168.10.89 - - [01/Mar/2018:10:59:51 -0300] "POST /cormun/servlet/solicitudgral?gx-no-cache=1519912632623 HTTP/1.1" 200 703
192.168.10.89 - - [01/Mar/2018:10:59:51 -0300] "POST /cormun/servlet/solicitudgral?gx-no-cache=1519912632688 HTTP/1.1" 200 626
186.103.159.44 - - [01/Mar/2018:10:59:51 -0300] "GET /cormun/servlet/solicitudot?UPD,2018,8812, HTTP/1.1" 200 14184
186.103.159.44 - - [01/Mar/2018:10:59:51 -0300] "GET /cormun/static/gxcfg.js?201812313224582 HTTP/1.1" 304 -
