186.67.172.234 - - [01/Mar/2018:14:37:55 -0300] "POST /cormun/servlet/solicitudot?gx-no-cache=1519925779758 HTTP/1.1" 200 1218
186.103.159.43 - - [01/Mar/2018:14:38:04 -0300] "POST /cormun/servlet/solicitudot?0e7753b28cb7635fcc1cb89aa1f354d6,INS,0,0,,gx-no-cache=1519925835775 HTTP/1.1" 200 93
186.103.159.43 - - [01/Mar/2018:14:38:05 -0300] "GET /cormun/servlet/hpexe_return? HTTP/1.1" 200 1027
186.103.159.43 - - [01/Mar/2018:14:38:06 -0300] "GET /cormun/servlet/trsolicitudot?gx-no-cache=1519925042328 HTTP/1.1" 200 8517
186.103.159.43 - - [01/Mar/2018:14:38:07 -0300] "GET /cormun/servlet/trsolicitudot?gx-no-cache=1519925042328 HTTP/1.1" 200 8533
186.67.172.234 - - [01/Mar/2018:14:38:17 -0300] "POST /cormun/servlet/solicitudot?gx-no-cache=1519925802198 HTTP/1.1" 200 30
186.103.159.43 - - [01/Mar/2018:14:38:37 -0300] "POST /cormun/servlet/trsolicitudot?0e7753b28cb7635fcc1cb89aa1f354d6,gx-no-cache=1519925042328,gx-no-cache=1519925863059 HTTP/1.1" 200 4476
186.103.159.43 - - [01/Mar/2018:14:38:38 -0300] "GET /cormun/static/Shared/jqueryui/images/ui-bg_flat_55_fafafa_40x100.png HTTP/1.1" 404 1097
186.103.159.43 - - [01/Mar/2018:14:38:38 -0300] "GET /cormun/static/Shared/jqueryui/images/ui-icons_8d78a5_256x240.png HTTP/1.1" 404 1089
186.103.159.43 - - [01/Mar/2018:14:38:39 -0300] "GET /cormun/static/Shared/jqueryui/images/ui-bg_highlight-soft_100_c6c2c8_1x100.png HTTP/1.1" 404 1117
186.103.159.43 - - [01/Mar/2018:14:38:39 -0300] "GET /cormun/static/Shared/jqueryui/images/ui-icons_82798d_256x240.png HTTP/1.1" 404 1089
186.103.159.43 - - [01/Mar/2018:14:38:45 -0300] "POST /cormun/servlet/trsolicitudot?0e7753b28cb7635fcc1cb89aa1f354d6,gx-no-cache=1519925042328,gx-no-cache=1519925872358 HTTP/1.1" 200 4255
186.67.172.234 - - [01/Mar/2018:14:38:46 -0300] "POST /cormun/servlet/solicitudot?bc8111531492f12883f58234746ce7d1,INS,0,0,,gx-no-cache=1519925831075 HTTP/1.1" 200 93
186.67.172.234 - - [01/Mar/2018:14:38:46 -0300] "GET /cormun/servlet/hpexe_return? HTTP/1.1" 200 1012
186.67.172.234 - - [01/Mar/2018:14:38:47 -0300] "GET /cormun/servlet/trsolicitudot HTTP/1.1" 200 7449
186.67.172.234 - - [01/Mar/2018:14:38:48 -0300] "GET /cormun/servlet/trsolicitudot HTTP/1.1" 200 7446
186.103.159.43 - - [01/Mar/2018:14:38:50 -0300] "GET /cormun/servlet/solicitudot?INS,0,0, HTTP/1.1" 200 13403
186.67.172.234 - - [01/Mar/2018:14:38:52 -0300] "GET /cormun/servlet/solicitudot?INS,0,0, HTTP/1.1" 200 13678
186.103.159.43 - - [01/Mar/2018:14:38:53 -0300] "GET /cormun/servlet/solicitudot?INS,0,0, HTTP/1.1" 200 13388
186.67.172.234 - - [01/Mar/2018:14:38:54 -0300] "GET /cormun/servlet/solicitudot?INS,0,0, HTTP/1.1" 200 13683
186.103.159.43 - - [01/Mar/2018:14:39:07 -0300] "GET /cormun/servlet/trsolicitudot?gx-no-cache=1519925042328 HTTP/1.1" 200 7137
186.103.159.43 - - [01/Mar/2018:14:39:09 -0300] "GET /cormun/servlet/trsolicitudot?gx-no-cache=1519925042328 HTTP/1.1" 200 7154
186.67.172.234 - - [01/Mar/2018:14:39:10 -0300] "POST /cormun/servlet/solicitudot?gx-no-cache=1519925854632 HTTP/1.1" 200 3420
186.67.172.234 - - [01/Mar/2018:14:39:10 -0300] "POST /cormun/servlet/solicitudot?bc8111531492f12883f58234746ce7d1,INS,0,0,,gx-no-cache=1519925855007 HTTP/1.1" 200 10593
186.67.172.234 - - [01/Mar/2018:14:39:15 -0300] "GET /cormun/servlet/solicitudot?5b3781c18c88446933b72878b11cab0d5c33a7a80e7ee2198bdcad13bf1c0d261ea54fd15a9253638dd4f1f8932fcc0d,gx-no-cache=1519925860528 HTTP/1.1" 200 30
186.67.172.234 - - [01/Mar/2018:14:39:15 -0300] "GET /cormun/servlet/solicitudot?5b3781c18c88446933b72878b11cab0df3f839e367c01e1d29ca409f90fe1d11d3241b0c9f6c2aa214760228ca8afb3062d19912cbb609af5f81064e0c4dbdaf,gx-no-cache=1519925860588 HTTP/1.1" 200 30
186.67.172.234 - - [01/Mar/2018:14:39:15 -0300] "GET /cormun/servlet/solicitudot?5b3781c18c88446933b72878b11cab0d5e0339d62bca7914d86acb6dd93272da,gx-no-cache=1519925860632 HTTP/1.1" 200 123
186.67.172.234 - - [01/Mar/2018:14:39:15 -0300] "GET /cormun/static/Shared/jqueryui/images/ui-bg_highlight-soft_100_c6c2c8_1x100.png HTTP/1.1" 404 1117
186.67.172.234 - - [01/Mar/2018:14:39:15 -0300] "GET /cormun/static/Shared/jqueryui/images/ui-bg_flat_55_994d53_40x100.png HTTP/1.1" 404 1097
186.67.172.234 - - [01/Mar/2018:14:39:15 -0300] "GET /cormun/static/Shared/jqueryui/images/ui-icons_82798d_256x240.png HTTP/1.1" 404 1089
186.67.172.234 - - [01/Mar/2018:14:39:15 -0300] "GET /cormun/static/Shared/jqueryui/images/ui-icons_ebccce_256x240.png HTTP/1.1" 404 1089
186.67.172.234 - - [01/Mar/2018:14:39:15 -0300] "POST /cormun/servlet/solicitudot?gx-no-cache=1519925860688 HTTP/1.1" 200 297
186.67.172.234 - - [01/Mar/2018:14:39:16 -0300] "GET /cormun/servlet/solicitudot?5b3781c18c88446933b72878b11cab0ddd4f61d1eee359a4e6cfad12d6015ab216b355a880e6cdae59b974dd825c4658b153b995505fe0ca319f4d449486e5ae42c03b72ed6f6ef11e67bfdfcb767d3b92e35d92b0910a1d55f5cb845bccb43554c0eea34570462f4703019c3c7e014522a8d0b179e49b80c33a73703a67e256d33b6691f39a75f287f2d6d707487bd35cc4cb8f5f61feb6d73c25475a93e3bc73415b050ac8cfc2b8363a4aa691feedfa7d7cc978a19e8905656bf192fa2c3456070f7b75292ace4a4c3909dd15ce8c8b6fe09856979b4a1e103a02c02589ccd4fd8b39c67c135980aaeba5d78978642f94e73eb7be143403fc1dda81bdaec182f67f11524caafe3071fbbe2bfeea3cc473cd8ae5d7d818c84ace06001b95221b8f74ab0f15f7c61b9490664bc5351c1dcce7a0fcf880b0ac474dde460181dae8bf22f4b9022d4ffaed2f4515f7e4dae78d4382667297f6ee4c8e7de82db6df633df0aae66dff880bc5b3a4c5d11f8d65b75dba102a5733c06c0cdb20d7e68f37430cb8de066189b5ab3ae6f8f879d2,gx-no-cache=1519925860757 HTTP/1.1" 200 30
186.67.172.234 - - [01/Mar/2018:14:39:18 -0300] "POST /cormun/servlet/solicitudot?gx-no-cache=1519925863295 HTTP/1.1" 200 30
186.103.159.43 - - [01/Mar/2018:14:39:23 -0300] "GET /cormun/servlet/solicitudot?INS,0,0, HTTP/1.1" 200 13403
186.67.172.234 - - [01/Mar/2018:14:39:24 -0300] "POST /cormun/servlet/solicitudot?gx-no-cache=1519925869170 HTTP/1.1" 200 1337
186.67.172.234 - - [01/Mar/2018:14:39:24 -0300] "POST /cormun/servlet/solicitudot?gx-no-cache=1519925869319 HTTP/1.1" 200 38
186.103.159.43 - - [01/Mar/2018:14:39:26 -0300] "GET /cormun/servlet/solicitudot?INS,0,0, HTTP/1.1" 200 13388
186.67.172.234 - - [01/Mar/2018:14:39:31 -0300] "GET /cormun/servlet/solicitudot?5b3781c18c88446933b72878b11cab0d98f26766845cd183db384da29dd27e503670731df2929a6291ba594024681e72164d90be4d1c86f03100d2ccef54917f294d44d5b5b1d14dfb0994be8343b100007c0d0d2c66d30f88d9edc907524523e9357514bb06ea216566e1521585adbc,gx-no-cache=1519925876296 HTTP/1.1" 200 29
186.67.172.234 - - [01/Mar/2018:14:39:31 -0300] "POST /cormun/servlet/solicitudot?gx-no-cache=1519925876363 HTTP/1.1" 200 1319
186.67.172.234 - - [01/Mar/2018:14:39:31 -0300] "POST /cormun/servlet/solicitudot?gx-no-cache=1519925876527 HTTP/1.1" 200 1218
186.67.172.234 - - [01/Mar/2018:14:39:31 -0300] "GET /cormun/static/menuarrow.gif HTTP/1.1" 404 1015
186.67.172.234 - - [01/Mar/2018:14:39:33 -0300] "POST /cormun/servlet/solicitudot?gx-no-cache=1519925878561 HTTP/1.1" 200 1319
186.67.172.234 - - [01/Mar/2018:14:39:34 -0300] "POST /cormun/servlet/solicitudot?gx-no-cache=1519925878750 HTTP/1.1" 200 1218
186.67.172.234 - - [01/Mar/2018:14:39:44 -0300] "GET /cormun/servlet/solicitudot?5b3781c18c88446933b72878b11cab0da8503fc80a67262f0e77510294ee8b89a1076e2c02061be59be916ef3f160966,gx-no-cache=1519925889128 HTTP/1.1" 200 30
186.67.172.234 - - [01/Mar/2018:14:39:44 -0300] "POST /cormun/servlet/solicitudot?gx-no-cache=1519925889201 HTTP/1.1" 200 30
186.67.172.234 - - [01/Mar/2018:14:39:45 -0300] "POST /cormun/servlet/solicitudot?bc8111531492f12883f58234746ce7d1,INS,0,0,,gx-no-cache=1519925889292 HTTP/1.1" 200 11971
186.103.159.43 - - [01/Mar/2018:14:39:46 -0300] "POST /cormun/servlet/solicitudot?gx-no-cache=1519925938512 HTTP/1.1" 200 3411
186.103.159.43 - - [01/Mar/2018:14:39:48 -0300] "POST /cormun/servlet/solicitudot?0e7753b28cb7635fcc1cb89aa1f354d6,INS,0,0,,gx-no-cache=1519925940979 HTTP/1.1" 200 10410
186.103.159.43 - - [01/Mar/2018:14:39:56 -0300] "GET /cormun/servlet/solicitudot?076cc33c9bcfb7375e00cd1825a7eb59c3f16c1d984d1ea4d887c797d64237bb3b4987da83e6da550f17ed3f101f2bbe,gx-no-cache=1519925950576 HTTP/1.1" 200 30
186.103.159.43 - - [01/Mar/2018:14:39:57 -0300] "GET /cormun/servlet/solicitudot?076cc33c9bcfb7375e00cd1825a7eb59fa2cfed5bec80a3ecfb2f995d87502b2f821af32d4efb099c012fef48b2a9ea53b4987da83e6da550f17ed3f101f2bbe,gx-no-cache=1519925950993 HTTP/1.1" 200 30
186.103.159.43 - - [01/Mar/2018:14:39:57 -0300] "GET /cormun/servlet/solicitudot?076cc33c9bcfb7375e00cd1825a7eb5963e0ce4b7a083f1a555f5238b955ab50,gx-no-cache=1519925951422 HTTP/1.1" 200 53
186.103.159.43 - - [01/Mar/2018:14:39:57 -0300] "POST /cormun/servlet/solicitudot?gx-no-cache=1519925951494 HTTP/1.1" 200 255
186.103.159.43 - - [01/Mar/2018:14:39:59 -0300] "GET /cormun/servlet/solicitudot?076cc33c9bcfb7375e00cd1825a7eb598c2e742559d39336dd611a6de60dd8280b669c67a62ed71366f5e278c80787980246a65150e675c58cb2fada2cf2a65d719105e4f46a9c40ed083dc4f998aa4cfd5dd1890fde7b5aefa0fd8ecc34d38a01783b4b0b50aa4d7812fcab150cfa226bb45f6680ea392dfa4e26ece70f2093cd128627e5f305915f32e78eab38f86abf0d45f488c15c0118718149282fb6337d7b65a70bb4cdc06cbadec4fc8d886c151e1b955b37fcc547ed02a1ed2b7652fac3f2f2454e3d99a06a25a7667195519641d3a3e254d350485e04de644d3819bf7e09a1e653e24dfb86b34a8890e01fb1ac96fb1275035d620055a44cba44c43c56e3bbe04add06f8768fcf888781a49a91e291731c07b8e93b8b52f83732391b5a41c7a8300b8d2edaed3772415541e152fd62f76e9df0c3e3b9ff4c10803c962f5677c84755d649bdd33239a9049d6607f5164336054c469ad775fa7e540dd84f10297ae38d0356adae02bea6a5dbe54c5878c35e8f3573dc796f51c7dd2e,gx-no-cache=1519925952371 HTTP/1.1" 200 30
186.67.172.234 - - [01/Mar/2018:14:40:07 -0300] "POST /cormun/servlet/solicitudot?bc8111531492f12883f58234746ce7d1,INS,0,0,,gx-no-cache=1519925911393 HTTP/1.1" 200 93
186.67.172.234 - - [01/Mar/2018:14:40:07 -0300] "GET /cormun/servlet/hpexe_return? HTTP/1.1" 200 1012
186.67.172.234 - - [01/Mar/2018:14:40:07 -0300] "GET /cormun/servlet/trsolicitudot HTTP/1.1" 200 7449
186.67.172.234 - - [01/Mar/2018:14:40:08 -0300] "GET /cormun/servlet/trsolicitudot HTTP/1.1" 200 7446
186.103.159.43 - - [01/Mar/2018:14:40:15 -0300] "POST /cormun/servlet/solicitudot?gx-no-cache=1519925969079 HTTP/1.1" 200 30
186.103.159.43 - - [01/Mar/2018:14:40:35 -0300] "POST /cormun/servlet/solicitudot?gx-no-cache=1519925989097 HTTP/1.1" 200 1337
186.103.159.43 - - [01/Mar/2018:14:40:36 -0300] "POST /cormun/servlet/solicitudot?gx-no-cache=1519925990530 HTTP/1.1" 200 38
186.103.159.43 - - [01/Mar/2018:14:41:21 -0300] "POST /cormun/servlet/solicitudot?gx-no-cache=1519926032197 HTTP/1.1" 200 1337
186.103.159.43 - - [01/Mar/2018:14:41:22 -0300] "POST /cormun/servlet/solicitudot?gx-no-cache=1519926036357 HTTP/1.1" 200 38
186.103.159.43 - - [01/Mar/2018:14:41:22 -0300] "GET /cormun/servlet/solicitudot?076cc33c9bcfb7375e00cd1825a7eb59ab8a1e79e55008d2f8fc936090f4bcff1b969770cfe7c7e6d8af42c5bca45fa88a62643d0cf97ede9abae941332aae8ddd6bdd218eb7befefe9e4326ed64f6a14986cc76798e72864bd0a11abba3c39e1c55fdbf99827c07f60388ce188883e6d5b5357b1bffa4dab89cb0d0de7f5af685485233a56a0bbc47a9db3a5886d4e9aa6f03dae3102717cc9641218d784872,gx-no-cache=1519926036471 HTTP/1.1" 200 29
186.103.159.43 - - [01/Mar/2018:14:41:25 -0300] "POST /cormun/servlet/solicitudot?gx-no-cache=1519926036583 HTTP/1.1" 200 1321
186.103.159.43 - - [01/Mar/2018:14:41:26 -0300] "POST /cormun/servlet/solicitudot?gx-no-cache=1519926040367 HTTP/1.1" 200 1218
186.103.159.43 - - [01/Mar/2018:14:41:39 -0300] "GET /cormun/servlet/solicitudot?076cc33c9bcfb7375e00cd1825a7eb596ba361039aa823dd2510205042113641bc7a104547def8d4db9fd65663a880b8,gx-no-cache=1519926053269 HTTP/1.1" 200 30
186.103.159.43 - - [01/Mar/2018:14:41:52 -0300] "POST /cormun/servlet/solicitudot?gx-no-cache=1519926065479 HTTP/1.1" 200 30
186.103.159.43 - - [01/Mar/2018:14:42:57 -0300] "POST /cormun/servlet/solicitudot?gx-no-cache=1519926128022 HTTP/1.1" 200 1337
186.103.159.43 - - [01/Mar/2018:14:43:00 -0300] "POST /cormun/servlet/solicitudot?gx-no-cache=1519926133236 HTTP/1.1" 200 41
186.103.159.43 - - [01/Mar/2018:14:43:03 -0300] "POST /cormun/servlet/solicitudot?gx-no-cache=1519926134309 HTTP/1.1" 200 1321
186.103.159.43 - - [01/Mar/2018:14:43:05 -0300] "POST /cormun/servlet/solicitudot?gx-no-cache=1519926138319 HTTP/1.1" 200 1218
186.103.159.43 - - [01/Mar/2018:14:43:06 -0300] "GET /cormun/servlet/solicitudot?076cc33c9bcfb7375e00cd1825a7eb596ba361039aa823dd2510205042113641bc7a104547def8d4db9fd65663a880b8,gx-no-cache=1519926140689 HTTP/1.1" 200 30
186.103.159.43 - - [01/Mar/2018:14:43:07 -0300] "POST /cormun/servlet/solicitudot?gx-no-cache=1519926140796 HTTP/1.1" 200 33
186.103.159.43 - - [01/Mar/2018:14:43:28 -0300] "POST /cormun/servlet/solicitudot?0e7753b28cb7635fcc1cb89aa1f354d6,INS,0,0,,gx-no-cache=1519926141275 HTTP/1.1" 500 10
186.103.159.43 - - [01/Mar/2018:14:43:55 -0300] "POST /cormun/servlet/solicitudot?gx-no-cache=1519926185967 HTTP/1.1" 200 3412
186.103.159.43 - - [01/Mar/2018:14:44:07 -0300] "POST /cormun/servlet/solicitudot?37bae93de2cde91e91dc171209c4fd95,INS,0,0,,gx-no-cache=1519926188277 HTTP/1.1" 200 10578
186.103.159.43 - - [01/Mar/2018:14:44:08 -0300] "GET /cormun/servlet/solicitudot?6d45a3437da82db2d2bed81094592ef5b9eb02e8997659f9112e96f5728a506191d3c1dc23f8ffdaa77a70dd23200122,gx-no-cache=1519926200409 HTTP/1.1" 200 30
186.103.159.43 - - [01/Mar/2018:14:44:18 -0300] "GET /cormun/servlet/solicitudot?6d45a3437da82db2d2bed81094592ef57c3dd77acb98701e2049950ab124c9dd24d8546bcb767b3a99937cab4ae3761a9e611de02b906043538d4237ce47f038,gx-no-cache=1519926209830 HTTP/1.1" 200 30
186.103.159.43 - - [01/Mar/2018:14:44:18 -0300] "GET /cormun/servlet/solicitudot?6d45a3437da82db2d2bed81094592ef548699ae89e8cd8db0dba55714d8c01ef,gx-no-cache=1519926210283 HTTP/1.1" 200 53
186.103.159.43 - - [01/Mar/2018:14:44:20 -0300] "POST /cormun/servlet/solicitudot?gx-no-cache=1519926210797 HTTP/1.1" 200 255
186.103.159.43 - - [01/Mar/2018:14:44:20 -0300] "GET /cormun/servlet/solicitudot?6d45a3437da82db2d2bed81094592ef548b21b71e32d04bcdd552f489c030754064730ec1497f8649809133ecbdf75a996aa9f3adc781a4b8524256fe230254d2bcb07fe91e258c25c3e7b9486aeddae8ea58bd942324f01568210a22dd0d7573befb2681ad69ba2e8b6da6d47b1d856f6ef2cf3e489bd8eceaa0b1f5cc7ad69cd91dea95944d859c4044c1a088a57bf7a76c16935868d9b5b1b538eb020cb61abbc7c3fd2e81cb315187c15e1f2908cc64d0eea8e55e34660cf5969c277fdf7f63f9066c0255abe25ae667b66e88ade5549391f0db3ab97c00047018778e8c267a0929279c320220cde7dba68b9ede61a692edcb472eb88811238483bdf965aafb8e2f2c265e68087279b83e506e2d79ae7e53797354b8238cb275293f2a55c7941ec4e8fa51439b64d3072bcdabf380935937a3475f6ded8085ff404184af70a775010211a4f538c151ff4a9631332dac14d09d19391f869d7966159a875b431f60ad8ee11dad7f9035b2c4d0df542709fa2012dceea98e970e605dd8e725a,gx-no-cache=1519926212366 HTTP/1.1" 200 30
186.103.159.43 - - [01/Mar/2018:14:44:21 -0300] "POST /cormun/servlet/solicitudot?gx-no-cache=1519926212748 HTTP/1.1" 200 30
186.103.159.43 - - [01/Mar/2018:14:44:22 -0300] "POST /cormun/servlet/solicitudot?gx-no-cache=1519926213297 HTTP/1.1" 200 1337
186.103.159.43 - - [01/Mar/2018:14:44:24 -0300] "POST /cormun/servlet/solicitudot?gx-no-cache=1519926214930 HTTP/1.1" 200 38
186.103.159.43 - - [01/Mar/2018:14:44:36 -0300] "POST /cormun/servlet/solicitudot?gx-no-cache=1519926228746 HTTP/1.1" 200 30
186.103.159.43 - - [01/Mar/2018:14:44:46 -0300] "POST /cormun/servlet/solicitudot?gx-no-cache=1519926237268 HTTP/1.1" 200 1337
186.103.159.43 - - [01/Mar/2018:14:44:47 -0300] "POST /cormun/servlet/solicitudot?gx-no-cache=1519926239340 HTTP/1.1" 200 38
186.103.159.43 - - [01/Mar/2018:14:44:52 -0300] "GET /cormun/servlet/solicitudot?6d45a3437da82db2d2bed81094592ef5fe664c4a51f0fa8e1c6ff837c8ecfe225a73373f007e449bd9c44994e663fc51567f0eebd35ae254c3737ebfe89d2b86d89ef3b4c21a38356b4726caf6c2fe1a42d3c3affee57646fbb296a20ab043ed9dfcb42d7ff447754483d8a0a9ab586f771ef341fd2d85a1f9d4e03b4875769ace2c6102d34553aabc1d72fdf4609b50a6f226104337085d6860161ecd313601,gx-no-cache=1519926244906 HTTP/1.1" 200 29
186.103.159.43 - - [01/Mar/2018:14:44:53 -0300] "POST /cormun/servlet/solicitudot?gx-no-cache=1519926245014 HTTP/1.1" 200 1319
186.103.159.43 - - [01/Mar/2018:14:44:55 -0300] "POST /cormun/servlet/solicitudot?gx-no-cache=1519926246309 HTTP/1.1" 200 1219
192.168.10.56 - - [01/Mar/2018:14:44:58 -0300] "POST /cormun/servlet/trsolicitudgral?2a83bb785195cfda77556a361a555adc,,gx-no-cache=1519926140360 HTTP/1.1" 440 972
192.168.10.56 - - [01/Mar/2018:14:45:00 -0300] "GET /cormun/servlet/trsolicitudgral? HTTP/1.1" 500 10
186.103.159.43 - - [01/Mar/2018:14:45:02 -0300] "GET /cormun/servlet/solicitudot?6d45a3437da82db2d2bed81094592ef50253802b292e923eb9d394c9e7a1e62f55130ccb34a04df659a8b7420e008814,gx-no-cache=1519926254304 HTTP/1.1" 200 134
186.103.159.43 - - [01/Mar/2018:14:45:03 -0300] "GET /cormun/static/Shared/jqueryui/images/ui-bg_flat_55_994d53_40x100.png HTTP/1.1" 404 1097
186.103.159.43 - - [01/Mar/2018:14:45:03 -0300] "GET /cormun/static/Shared/jqueryui/images/ui-icons_ebccce_256x240.png HTTP/1.1" 404 1089
186.103.159.43 - - [01/Mar/2018:14:45:03 -0300] "GET /cormun/static/Shared/jqueryui/images/ui-bg_highlight-soft_100_c6c2c8_1x100.png HTTP/1.1" 404 1117
186.103.159.43 - - [01/Mar/2018:14:45:03 -0300] "GET /cormun/static/Shared/jqueryui/images/ui-icons_82798d_256x240.png HTTP/1.1" 404 1089
192.168.10.56 - - [01/Mar/2018:14:45:03 -0300] "GET /cormun/servlet/trsolicitudgral? HTTP/1.1" 500 10
192.168.10.56 - - [01/Mar/2018:14:45:04 -0300] "GET /cormun/servlet/trsolicitudgral? HTTP/1.1" 500 10
192.168.10.56 - - [01/Mar/2018:14:45:09 -0300] "GET /cormun/servlet/hlogin HTTP/1.1" 200 1723
186.103.159.43 - - [01/Mar/2018:14:45:10 -0300] "GET /cormun/servlet/solicitudot?6d45a3437da82db2d2bed81094592ef5736585f5b8ab40e70ad38d5cde3b105155130ccb34a04df659a8b7420e008814,gx-no-cache=1519926262910 HTTP/1.1" 200 30
192.168.10.56 - - [01/Mar/2018:14:45:12 -0300] "POST /cormun/servlet/hlogin?a9ede457f783917204180c9275425238,gx-no-cache=1519926154216 HTTP/1.1" 200 90
192.168.10.56 - - [01/Mar/2018:14:45:12 -0300] "GET /cormun/servlet/hpexe_link HTTP/1.1" 200 956
192.168.10.56 - - [01/Mar/2018:14:45:13 -0300] "GET /cormun/servlet/hhome HTTP/1.1" 200 4472
46.174.191.30 - - [01/Mar/2018:14:45:13 -0300] "GET / HTTP/1.0" 200 11197
192.168.10.56 - - [01/Mar/2018:14:45:13 -0300] "GET /cormun/servlet/hhome HTTP/1.1" 200 4468
192.168.10.56 - - [01/Mar/2018:14:45:18 -0300] "GET /cormun/servlet/trsolicitudgral? HTTP/1.1" 200 27707
192.168.10.56 - - [01/Mar/2018:14:45:21 -0300] "GET /cormun/servlet/trsolicitudgral? HTTP/1.1" 200 27706
192.168.10.56 - - [01/Mar/2018:14:45:22 -0300] "GET /cormun/static/menuarrow.gif HTTP/1.1" 404 1015
186.103.159.43 - - [01/Mar/2018:14:45:28 -0300] "POST /cormun/servlet/solicitudot?gx-no-cache=1519926280439 HTTP/1.1" 200 30
186.103.159.43 - - [01/Mar/2018:14:45:36 -0300] "POST /cormun/servlet/solicitudot?37bae93de2cde91e91dc171209c4fd95,INS,0,0,,gx-no-cache=1519926287129 HTTP/1.1" 200 93
186.103.159.43 - - [01/Mar/2018:14:45:36 -0300] "GET /cormun/servlet/hpexe_return? HTTP/1.1" 200 1007
186.103.159.43 - - [01/Mar/2018:14:45:37 -0300] "GET /cormun/servlet/trsolicitudot HTTP/1.1" 200 8737
186.103.159.43 - - [01/Mar/2018:14:45:38 -0300] "GET /cormun/servlet/trsolicitudot HTTP/1.1" 200 8733
192.168.10.56 - - [01/Mar/2018:14:45:45 -0300] "POST /cormun/servlet/trsolicitudgral?a9ede457f783917204180c9275425238,,gx-no-cache=1519926185160 HTTP/1.1" 200 17581
186.103.159.43 - - [01/Mar/2018:14:45:45 -0300] "POST /cormun/servlet/trsolicitudot?37bae93de2cde91e91dc171209c4fd95,gx-no-cache=1519926295662 HTTP/1.1" 200 4675
186.103.159.43 - - [01/Mar/2018:14:45:49 -0300] "GET /cormun/static/Shared/jqueryui/images/ui-bg_highlight-soft_100_c6c2c8_1x100.png HTTP/1.1" 404 1117
186.103.159.43 - - [01/Mar/2018:14:45:49 -0300] "GET /cormun/static/Shared/jqueryui/images/ui-bg_flat_55_fafafa_40x100.png HTTP/1.1" 404 1097
186.103.159.43 - - [01/Mar/2018:14:45:49 -0300] "GET /cormun/static/Shared/jqueryui/images/ui-icons_82798d_256x240.png HTTP/1.1" 404 1089
186.103.159.43 - - [01/Mar/2018:14:45:51 -0300] "GET /cormun/static/Shared/jqueryui/images/ui-icons_8d78a5_256x240.png HTTP/1.1" 404 1089
186.103.159.43 - - [01/Mar/2018:14:46:01 -0300] "POST /cormun/servlet/trsolicitudot?37bae93de2cde91e91dc171209c4fd95,gx-no-cache=1519926301543 HTTP/1.1" 200 4455
186.103.159.43 - - [01/Mar/2018:14:46:05 -0300] "GET /cormun/servlet/trautorizarsolicitud? HTTP/1.1" 200 8905
192.168.10.56 - - [01/Mar/2018:14:46:06 -0300] "POST /cormun/servlet/trsolicitudgral?a9ede457f783917204180c9275425238,,gx-no-cache=1519926205468 HTTP/1.1" 200 20645
186.103.159.43 - - [01/Mar/2018:14:46:07 -0300] "GET /cormun/servlet/trautorizarsolicitud? HTTP/1.1" 200 8904
186.103.159.43 - - [01/Mar/2018:14:46:38 -0300] "POST /cormun/servlet/trautorizarsolicitud?37bae93de2cde91e91dc171209c4fd95,,gx-no-cache=1519926343855 HTTP/1.1" 200 5586
186.103.159.43 - - [01/Mar/2018:14:46:41 -0300] "GET /cormun/static/Shared/jqueryui/images/ui-bg_highlight-soft_100_c6c2c8_1x100.png HTTP/1.1" 404 1117
186.103.159.43 - - [01/Mar/2018:14:46:41 -0300] "GET /cormun/static/Shared/jqueryui/images/ui-icons_8d78a5_256x240.png HTTP/1.1" 404 1089
186.103.159.43 - - [01/Mar/2018:14:46:41 -0300] "GET /cormun/static/Shared/jqueryui/images/ui-icons_82798d_256x240.png HTTP/1.1" 404 1089
186.103.159.43 - - [01/Mar/2018:14:46:43 -0300] "POST /cormun/servlet/trautorizarsolicitud?37bae93de2cde91e91dc171209c4fd95,,gx-no-cache=1519926353633 HTTP/1.1" 200 5528
192.168.10.56 - - [01/Mar/2018:14:46:48 -0300] "POST /cormun/servlet/trsolicitudgral?a9ede457f783917204180c9275425238,,gx-no-cache=1519926248195 HTTP/1.1" 200 17582
192.168.10.89 - - [01/Mar/2018:14:46:58 -0300] "POST /cormun/servlet/vesolicitudgral?8fe07371b50446f5c2da3f8da44a0453,2018,9115,,SolicitudOTLog,gx-no-cache=1519926259502 HTTP/1.1" 440 972
192.168.10.89 - - [01/Mar/2018:14:47:00 -0300] "GET /cormun/servlet/vesolicitudgral?2018,9115,,SolicitudOTLog HTTP/1.1" 200 8323
192.168.10.89 - - [01/Mar/2018:14:47:00 -0300] "GET /cormun/pexe_scrolldiv.js HTTP/1.1" 404 1009
192.168.10.89 - - [01/Mar/2018:14:47:00 -0300] "GET /cormun/servlet/hlogin HTTP/1.1" 200 1752
192.168.10.56 - - [01/Mar/2018:14:47:04 -0300] "GET /cormun/servlet/hlogin HTTP/1.1" 200 1743
186.103.159.43 - - [01/Mar/2018:14:49:25 -0300] "GET /cormun/servlet/hlogin HTTP/1.1" 200 1721
186.103.159.43 - - [01/Mar/2018:14:49:29 -0300] "POST /cormun/servlet/hlogin?2e4a274ffa10c16442c9a5fab7ad2e53,gx-no-cache=1519926523319 HTTP/1.1" 200 90
186.103.159.43 - - [01/Mar/2018:14:49:29 -0300] "GET /cormun/servlet/hpexe_link HTTP/1.1" 200 950
186.103.159.43 - - [01/Mar/2018:14:49:29 -0300] "GET /cormun/servlet/hhome HTTP/1.1" 200 3922
186.103.159.43 - - [01/Mar/2018:14:49:31 -0300] "GET /cormun/servlet/hhome HTTP/1.1" 200 3918
186.103.159.43 - - [01/Mar/2018:14:49:40 -0300] "GET /cormun/servlet/trsolicitudot? HTTP/1.1" 200 7133
186.103.159.43 - - [01/Mar/2018:14:49:42 -0300] "GET /cormun/servlet/trsolicitudot? HTTP/1.1" 200 7132
186.103.159.43 - - [01/Mar/2018:14:49:49 -0300] "POST /cormun/servlet/trsolicitudot?2e4a274ffa10c16442c9a5fab7ad2e53,,gx-no-cache=1519926542545 HTTP/1.1" 200 103
186.103.159.43 - - [01/Mar/2018:14:49:50 -0300] "GET /cormun/SolicitudOT-4291.xls HTTP/1.1" 200 4608
186.103.159.43 - - [01/Mar/2018:14:50:21 -0300] "POST /cormun/servlet/trsolicitudot?2e4a274ffa10c16442c9a5fab7ad2e53,,gx-no-cache=1519926571201 HTTP/1.1" 200 4268
192.168.10.56 - - [01/Mar/2018:14:50:45 -0300] "POST /cormun/servlet/hlogin?a9ede457f783917204180c9275425238,gx-no-cache=1519926487007 HTTP/1.1" 200 90
192.168.10.56 - - [01/Mar/2018:14:50:45 -0300] "GET /cormun/servlet/hpexe_link HTTP/1.1" 200 963
192.168.10.56 - - [01/Mar/2018:14:50:47 -0300] "GET /cormun/servlet/trsolicitudgral? HTTP/1.1" 200 20487
192.168.10.56 - - [01/Mar/2018:14:50:48 -0300] "GET /cormun/servlet/trsolicitudgral? HTTP/1.1" 200 20485
186.103.159.43 - - [01/Mar/2018:14:50:50 -0300] "GET /cormun/servlet/solicitudot?INS,0,0, HTTP/1.1" 200 13380
186.103.159.43 - - [01/Mar/2018:14:50:53 -0300] "GET /cormun/servlet/solicitudot?INS,0,0, HTTP/1.1" 200 13385
192.168.10.56 - - [01/Mar/2018:14:51:10 -0300] "POST /cormun/servlet/trsolicitudgral?a9ede457f783917204180c9275425238,,gx-no-cache=1519926510766 HTTP/1.1" 200 5928
192.168.10.56 - - [01/Mar/2018:14:51:15 -0300] "POST /cormun/servlet/trsolicitudgral?a9ede457f783917204180c9275425238,,gx-no-cache=1519926516368 HTTP/1.1" 200 9352
186.103.157.42 - - [01/Mar/2018:14:51:22 -0300] "GET /cormun/servlet/trautorizarsolicitud? HTTP/1.1" 200 6277
186.103.157.42 - - [01/Mar/2018:14:51:23 -0300] "GET /cormun/servlet/hlogin HTTP/1.1" 200 1740
186.103.157.42 - - [01/Mar/2018:14:51:23 -0300] "GET /cormun/servlet/trautorizarsolicitud? HTTP/1.1" 200 6277
186.103.157.42 - - [01/Mar/2018:14:51:25 -0300] "POST /cormun/servlet/hlogin?0189b979552bb026a9872d6b811f0a2b,gx-no-cache=1519926388591 HTTP/1.1" 200 90
186.103.157.42 - - [01/Mar/2018:14:51:25 -0300] "GET /cormun/servlet/hpexe_link HTTP/1.1" 200 961
186.103.157.42 - - [01/Mar/2018:14:51:25 -0300] "GET /cormun/servlet/trautorizarsolicitud HTTP/1.1" 200 7196
186.103.157.42 - - [01/Mar/2018:14:51:26 -0300] "GET /cormun/servlet/trautorizarsolicitud HTTP/1.1" 200 7195
186.103.157.42 - - [01/Mar/2018:14:51:30 -0300] "POST /cormun/servlet/trautorizarsolicitud?0189b979552bb026a9872d6b811f0a2b,gx-no-cache=1519926393435 HTTP/1.1" 200 4128
186.103.157.42 - - [01/Mar/2018:14:51:32 -0300] "GET /cormun/static/menuarrow.gif HTTP/1.1" 404 1015
186.103.159.43 - - [01/Mar/2018:14:51:35 -0300] "POST /cormun/servlet/solicitudot?gx-no-cache=1519926648288 HTTP/1.1" 200 3411
186.103.157.42 - - [01/Mar/2018:14:51:35 -0300] "POST /cormun/servlet/trautorizarsolicitud?0189b979552bb026a9872d6b811f0a2b,gx-no-cache=1519926398463 HTTP/1.1" 200 4125
186.103.159.43 - - [01/Mar/2018:14:51:36 -0300] "POST /cormun/servlet/solicitudot?2e4a274ffa10c16442c9a5fab7ad2e53,INS,0,0,,gx-no-cache=1519926649615 HTTP/1.1" 200 10385
192.168.10.56 - - [01/Mar/2018:14:51:38 -0300] "POST /cormun/servlet/trsolicitudgral?a9ede457f783917204180c9275425238,,gx-no-cache=1519926539232 HTTP/1.1" 200 10185
186.103.159.43 - - [01/Mar/2018:14:51:40 -0300] "GET /cormun/servlet/solicitudot?1e58db48b6af5330e6d828673008e5696a66476ba3a15f49870bb6b3ada1a922c36b617977f01fd1d827ffb1ea0fe81f,gx-no-cache=1519926654943 HTTP/1.1" 200 30
186.103.159.43 - - [01/Mar/2018:14:51:40 -0300] "GET /cormun/servlet/solicitudot?1e58db48b6af5330e6d828673008e56996212ef85996a618b11e2fe96ea900be1ddfbde946f67b1e42f2c712f96aef77c36b617977f01fd1d827ffb1ea0fe81f,gx-no-cache=1519926655045 HTTP/1.1" 200 30
186.103.159.43 - - [01/Mar/2018:14:51:40 -0300] "GET /cormun/servlet/solicitudot?1e58db48b6af5330e6d828673008e569f368f49be5987050745f54e4a945fec9,gx-no-cache=1519926655115 HTTP/1.1" 200 53
186.103.159.43 - - [01/Mar/2018:14:51:41 -0300] "POST /cormun/servlet/solicitudot?gx-no-cache=1519926655194 HTTP/1.1" 200 255
186.103.159.43 - - [01/Mar/2018:14:51:41 -0300] "GET /cormun/servlet/solicitudot?1e58db48b6af5330e6d828673008e5693c1905354cce854c848b4671205e477c14bcf4e3ddec36a225f77510c0a1b2cb215632dfafc1fea5f0963196abcf29abc2e3970fd85748f26f0d4184ad88a1e7874154bb0aed637216408eabceccffd99edba545df9672637791522ccba84e67e39a3b0a36a980e885d9b8ff1411dab2356d4a00de70927a2dbe0521dcd215ff2b8d343e019844d4ba05641c78f85684dc4661d9b83085342674810f1f6d51eaf9b2332bcdf1dee8b796b98ace736e05ab6f0fafa94950191c84b4bcc945f494d5f57359e08226bc843c416fe783550e713f069c4759fbb0aaf76d3933ed8f05a8895373bf04876bb64d55c1f322ac92c6203cdd975f7d1214ef13564aa3b011aa25e6ca8d24c3a10b41184b89fd9019fc35fabad7b4cf672bb14f7807ea80780c9f3e01c34a4e010d834e70cd5006127862027efc50e3171f2ee05b23666bdbfd9614d00b8f5c0ccfe4ac3fe7e18ea8139ea821e228ddf98c7278b05eaaa36116ce666d5885afaaa0f77751ff2dda19,gx-no-cache=1519926655683 HTTP/1.1" 200 30
186.103.157.42 - - [01/Mar/2018:14:51:43 -0300] "POST /cormun/servlet/trautorizarsolicitud?0189b979552bb026a9872d6b811f0a2b,gx-no-cache=1519926406444 HTTP/1.1" 200 4130
186.103.159.43 - - [01/Mar/2018:14:51:47 -0300] "POST /cormun/servlet/solicitudot?gx-no-cache=1519926661191 HTTP/1.1" 200 30
186.103.157.42 - - [01/Mar/2018:14:51:51 -0300] "POST /cormun/servlet/trautorizarsolicitud?0189b979552bb026a9872d6b811f0a2b,gx-no-cache=1519926413517 HTTP/1.1" 200 12530
186.103.157.42 - - [01/Mar/2018:14:52:03 -0300] "POST /cormun/servlet/trautorizarsolicitud?0189b979552bb026a9872d6b811f0a2b,gx-no-cache=1519926425860 HTTP/1.1" 200 5543
186.103.157.42 - - [01/Mar/2018:14:52:06 -0300] "POST /cormun/servlet/trautorizarsolicitud?0189b979552bb026a9872d6b811f0a2b,gx-no-cache=1519926429983 HTTP/1.1" 200 106
186.103.157.42 - - [01/Mar/2018:14:52:08 -0300] "GET /cormun/servlet/trsolicitudadjuntos?2018,7728, HTTP/1.1" 200 9465
186.103.157.42 - - [01/Mar/2018:14:52:08 -0300] "GET /cormun/static/gxcfg.js?20177612135366 HTTP/1.1" 200 953
186.103.157.42 - - [01/Mar/2018:14:52:09 -0300] "GET /cormun/static/trsolicitudadjuntos.js?20177612135632 HTTP/1.1" 200 17922
186.103.157.42 - - [01/Mar/2018:14:52:10 -0300] "GET /cormun/servlet/trsolicitudadjuntos?2018,7728, HTTP/1.1" 200 9468
186.103.159.43 - - [01/Mar/2018:14:52:14 -0300] "POST /cormun/servlet/solicitudot?gx-no-cache=1519926687734 HTTP/1.1" 200 1337
186.103.159.43 - - [01/Mar/2018:14:52:15 -0300] "POST /cormun/servlet/solicitudot?gx-no-cache=1519926689362 HTTP/1.1" 200 38
186.103.159.43 - - [01/Mar/2018:14:52:22 -0300] "GET /cormun/servlet/solicitudot?1e58db48b6af5330e6d828673008e5692dcbee1c732c117e7c482018b48cb9b4e20f8d13fdedbe27417c14502ed630324418a6b65809f2b1cf82e97a705813f3dd4d28a2b06f9a719066453e26e1bc8a3d8e8fb528ad2698bb54122809d0c59adfa8239acb366cee2e7303cc75d2cb4581f90b6aed0a3a0917f8d8885040a03eeb1fae4953f206f6e7a3714dfc781146436b3ff91d5b6d271be914e8736ac34f,gx-no-cache=1519926695827 HTTP/1.1" 200 29
186.103.159.43 - - [01/Mar/2018:14:52:23 -0300] "POST /cormun/servlet/solicitudot?gx-no-cache=1519926696944 HTTP/1.1" 200 1321
186.103.159.43 - - [01/Mar/2018:14:52:25 -0300] "POST /cormun/servlet/solicitudot?gx-no-cache=1519926698544 HTTP/1.1" 200 1218
186.103.159.43 - - [01/Mar/2018:14:52:35 -0300] "GET /cormun/servlet/solicitudot?1e58db48b6af5330e6d828673008e56961dec4f834781300e2fca4069a7be92d,gx-no-cache=1519926709747 HTTP/1.1" 200 30
192.168.10.56 - - [01/Mar/2018:14:52:47 -0300] "POST /cormun/servlet/trsolicitudgral?a9ede457f783917204180c9275425238,,gx-no-cache=1519926608627 HTTP/1.1" 200 5928
186.103.159.43 - - [01/Mar/2018:14:52:48 -0300] "GET /cormun/servlet/solicitudot?1e58db48b6af5330e6d828673008e5699fa8ada6578a668c80e54295241a6c2c66a596584ab2cd766ecc33de4ce71ca7,gx-no-cache=1519926722883 HTTP/1.1" 200 30
186.103.159.43 - - [01/Mar/2018:14:52:58 -0300] "POST /cormun/servlet/solicitudot?gx-no-cache=1519926732508 HTTP/1.1" 200 30
192.168.10.56 - - [01/Mar/2018:14:53:03 -0300] "POST /cormun/servlet/trsolicitudgral?a9ede457f783917204180c9275425238,,gx-no-cache=1519926624328 HTTP/1.1" 200 5930
192.168.10.56 - - [01/Mar/2018:14:53:11 -0300] "POST /cormun/servlet/trsolicitudgral?a9ede457f783917204180c9275425238,,gx-no-cache=1519926632126 HTTP/1.1" 200 5928
192.168.10.56 - - [01/Mar/2018:14:53:20 -0300] "POST /cormun/servlet/trsolicitudgral?a9ede457f783917204180c9275425238,,gx-no-cache=1519926641008 HTTP/1.1" 200 10185
192.168.10.56 - - [01/Mar/2018:14:53:33 -0300] "POST /cormun/servlet/trsolicitudgral?a9ede457f783917204180c9275425238,,gx-no-cache=1519926653264 HTTP/1.1" 200 9352
186.103.159.43 - - [01/Mar/2018:14:53:42 -0300] "POST /cormun/servlet/solicitudot?gx-no-cache=1519926774666 HTTP/1.1" 200 1337
186.103.159.43 - - [01/Mar/2018:14:53:44 -0300] "POST /cormun/servlet/solicitudot?gx-no-cache=1519926777483 HTTP/1.1" 200 41
186.103.159.43 - - [01/Mar/2018:14:53:46 -0300] "POST /cormun/servlet/solicitudot?gx-no-cache=1519926778399 HTTP/1.1" 200 1321
192.168.10.56 - - [01/Mar/2018:14:53:48 -0300] "POST /cormun/servlet/trsolicitudgral?a9ede457f783917204180c9275425238,,gx-no-cache=1519926667102 HTTP/1.1" 200 8425
186.103.159.43 - - [01/Mar/2018:14:53:48 -0300] "POST /cormun/servlet/solicitudot?gx-no-cache=1519926781069 HTTP/1.1" 200 1218
186.103.159.43 - - [01/Mar/2018:14:53:50 -0300] "GET /cormun/servlet/solicitudot?1e58db48b6af5330e6d828673008e5699fa8ada6578a668c80e54295241a6c2c66a596584ab2cd766ecc33de4ce71ca7,gx-no-cache=1519926783385 HTTP/1.1" 200 30
186.103.159.43 - - [01/Mar/2018:14:53:51 -0300] "POST /cormun/servlet/solicitudot?gx-no-cache=1519926784789 HTTP/1.1" 200 33
192.168.10.56 - - [01/Mar/2018:14:53:55 -0300] "POST /cormun/servlet/trsolicitudgral?a9ede457f783917204180c9275425238,,gx-no-cache=1519926675550 HTTP/1.1" 200 5933
186.103.159.43 - - [01/Mar/2018:14:53:57 -0300] "POST /cormun/servlet/solicitudot?2e4a274ffa10c16442c9a5fab7ad2e53,INS,0,0,,gx-no-cache=1519926785905 HTTP/1.1" 200 93
186.103.159.43 - - [01/Mar/2018:14:53:58 -0300] "GET /cormun/servlet/hpexe_return? HTTP/1.1" 200 1006
186.103.159.43 - - [01/Mar/2018:14:53:59 -0300] "GET /cormun/servlet/trsolicitudot? HTTP/1.1" 200 8520
186.103.159.43 - - [01/Mar/2018:14:54:03 -0300] "GET /cormun/servlet/trsolicitudot? HTTP/1.1" 200 8516
192.168.10.56 - - [01/Mar/2018:14:54:32 -0300] "POST /cormun/servlet/trsolicitudgral?a9ede457f783917204180c9275425238,,gx-no-cache=1519926703277 HTTP/1.1" 200 18748
186.103.159.43 - - [01/Mar/2018:14:54:35 -0300] "POST /cormun/servlet/trsolicitudot?2e4a274ffa10c16442c9a5fab7ad2e53,,gx-no-cache=1519926825992 HTTP/1.1" 200 4477
186.103.159.43 - - [01/Mar/2018:14:54:36 -0300] "GET /cormun/static/Shared/jqueryui/images/ui-bg_highlight-soft_100_c6c2c8_1x100.png HTTP/1.1" 404 1117
186.103.159.43 - - [01/Mar/2018:14:54:37 -0300] "GET /cormun/static/Shared/jqueryui/images/ui-icons_82798d_256x240.png HTTP/1.1" 404 1089
186.103.159.43 - - [01/Mar/2018:14:54:37 -0300] "GET /cormun/static/Shared/jqueryui/images/ui-icons_8d78a5_256x240.png HTTP/1.1" 404 1089
186.103.159.43 - - [01/Mar/2018:14:54:37 -0300] "GET /cormun/static/Shared/jqueryui/images/ui-bg_flat_55_fafafa_40x100.png HTTP/1.1" 404 1097
186.103.159.43 - - [01/Mar/2018:14:54:39 -0300] "POST /cormun/servlet/trsolicitudot?2e4a274ffa10c16442c9a5fab7ad2e53,,gx-no-cache=1519926831194 HTTP/1.1" 200 4256
186.103.157.42 - - [01/Mar/2018:14:54:47 -0300] "GET /cormun/servlet/solicitudotadjuntos?INS,2018,7728,,1, HTTP/1.1" 200 6299
186.103.157.42 - - [01/Mar/2018:14:54:47 -0300] "GET /cormun/static/gxcfg.js?2017761244068 HTTP/1.1" 200 953
186.103.157.42 - - [01/Mar/2018:14:54:47 -0300] "GET /cormun/static/solicitudotadjuntos.js?2017761244086 HTTP/1.1" 200 11771
186.103.157.42 - - [01/Mar/2018:14:54:47 -0300] "GET /cormun/static/about:blank HTTP/1.1" 404 1011
186.103.157.42 - - [01/Mar/2018:14:54:48 -0300] "GET /cormun/servlet/solicitudotadjuntos?INS,2018,7728,,1, HTTP/1.1" 200 6292
186.103.157.42 - - [01/Mar/2018:14:54:48 -0300] "GET /cormun/servlet/solicitudotadjuntos?fe8746ed6019deb06faa833a20962bf4f44d76181e0dd843b3b012455d7a499cdeb4a97c1e3d81e4c7b740cde2a47816,gx-no-cache=1519926591781 HTTP/1.1" 200 30
186.103.157.42 - - [01/Mar/2018:14:54:49 -0300] "POST /cormun/servlet/solicitudotadjuntos?0189b979552bb026a9872d6b811f0a2b,INS,2018,7728,,1,,gx-no-cache=1519926591974 HTTP/1.1" 200 4019
200.112.5.24 - - [01/Mar/2018:14:54:59 -0300] "GET /cormun/servlet/hlogin HTTP/1.1" 200 1716
192.168.10.56 - - [01/Mar/2018:14:55:03 -0300] "GET /cormun/servlet/hlogin HTTP/1.1" 200 1743
186.103.157.42 - - [01/Mar/2018:14:55:03 -0300] "POST /cormun/servlet/solicitudotadjuntos?gx-no-cache=1519926606520 HTTP/1.1" 200 26
200.112.5.24 - - [01/Mar/2018:14:55:07 -0300] "POST /cormun/servlet/hlogin?9a392c36a7bf636a0005d9f38af0a3f9,gx-no-cache=1519926859126 HTTP/1.1" 200 90
200.112.5.24 - - [01/Mar/2018:14:55:07 -0300] "GET /cormun/servlet/hpexe_link HTTP/1.1" 200 945
200.112.5.24 - - [01/Mar/2018:14:55:08 -0300] "GET /cormun/servlet/hhome HTTP/1.1" 200 4198
200.112.5.24 - - [01/Mar/2018:14:55:09 -0300] "GET /cormun/servlet/hhome HTTP/1.1" 200 4194
200.112.5.24 - - [01/Mar/2018:14:55:11 -0300] "GET /cormun/servlet/trsolicitudot? HTTP/1.1" 200 7414
200.112.5.24 - - [01/Mar/2018:14:55:11 -0300] "GET /cormun/servlet/trsolicitudot? HTTP/1.1" 200 7413
186.103.157.42 - - [01/Mar/2018:14:55:14 -0300] "GET /cormun/servlet/solicitudotadjuntos?fe8746ed6019deb06faa833a20962bf4f2b3c3fd8cd6df43020dc1ad5809ad91,gx-no-cache=1519926618201 HTTP/1.1" 200 30
186.103.157.42 - - [01/Mar/2018:14:55:14 -0300] "GET /cormun/servlet/solicitudotadjuntos?fe8746ed6019deb06faa833a20962bf4f2b3c3fd8cd6df43020dc1ad5809ad91,gx-no-cache=1519926618277 HTTP/1.1" 200 30
200.112.5.24 - - [01/Mar/2018:14:55:18 -0300] "GET /cormun/servlet/trvisualizadoreventos? HTTP/1.1" 200 6959
200.112.5.24 - - [01/Mar/2018:14:55:19 -0300] "GET /cormun/servlet/trvisualizadoreventos? HTTP/1.1" 200 6958
192.168.10.56 - - [01/Mar/2018:14:55:20 -0300] "POST /cormun/servlet/hlogin?a9ede457f783917204180c9275425238,gx-no-cache=1519926760478 HTTP/1.1" 200 90
192.168.10.56 - - [01/Mar/2018:14:55:20 -0300] "GET /cormun/servlet/hpexe_link HTTP/1.1" 200 956
192.168.10.56 - - [01/Mar/2018:14:55:20 -0300] "GET /cormun/servlet/hhome HTTP/1.1" 200 3796
192.168.10.56 - - [01/Mar/2018:14:55:21 -0300] "GET /cormun/servlet/hhome HTTP/1.1" 200 3795
192.168.10.56 - - [01/Mar/2018:14:55:25 -0300] "GET /cormun/servlet/trautorizarot? HTTP/1.1" 200 8123
192.168.10.56 - - [01/Mar/2018:14:55:25 -0300] "GET /cormun/static/gxcfg.js?201711151294486 HTTP/1.1" 200 953
192.168.10.56 - - [01/Mar/2018:14:55:25 -0300] "GET /cormun/static/trautorizarot.js?201711151295562 HTTP/1.1" 200 53844
192.168.10.56 - - [01/Mar/2018:14:55:26 -0300] "GET /cormun/servlet/trautorizarot? HTTP/1.1" 200 8122
192.168.10.56 - - [01/Mar/2018:14:55:28 -0300] "GET /cormun/static/menuarrow.gif HTTP/1.1" 404 1015
192.168.10.56 - - [01/Mar/2018:14:55:35 -0300] "POST /cormun/servlet/trautorizarot?a9ede457f783917204180c9275425238,,gx-no-cache=1519926776183 HTTP/1.1" 200 5172
186.103.157.42 - - [01/Mar/2018:14:55:35 -0300] "POST /cormun/servlet/solicitudotadjuntos?0189b979552bb026a9872d6b811f0a2b,INS,2018,7728,,1, HTTP/1.1" 200 7184
192.168.10.56 - - [01/Mar/2018:14:55:41 -0300] "GET /cormun/servlet/hlogin HTTP/1.1" 200 1741
186.103.157.42 - - [01/Mar/2018:14:55:47 -0300] "GET /cormun/servlet/solicitudotadjuntos?INS,2018,7728,,1, HTTP/1.1" 200 6282
186.103.157.42 - - [01/Mar/2018:14:55:55 -0300] "POST /cormun/servlet/solicitudotadjuntos?gx-no-cache=1519926646523 HTTP/1.1" 200 26
186.103.157.42 - - [01/Mar/2018:14:55:56 -0300] "GET /cormun/static/about:blank HTTP/1.1" 404 1011
186.103.157.42 - - [01/Mar/2018:14:55:57 -0300] "GET /cormun/servlet/solicitudotadjuntos?INS,2018,7728,,1, HTTP/1.1" 200 6292
186.103.157.42 - - [01/Mar/2018:14:56:03 -0300] "GET /cormun/servlet/solicitudotadjuntos?fe8746ed6019deb06faa833a20962bf4f44d76181e0dd843b3b012455d7a499cdeb4a97c1e3d81e4c7b740cde2a47816,gx-no-cache=1519926666883 HTTP/1.1" 200 30
186.103.157.42 - - [01/Mar/2018:14:56:04 -0300] "POST /cormun/servlet/solicitudotadjuntos?0189b979552bb026a9872d6b811f0a2b,INS,2018,7728,,1,,gx-no-cache=1519926667039 HTTP/1.1" 200 3993
186.103.157.42 - - [01/Mar/2018:14:56:07 -0300] "POST /cormun/servlet/solicitudotadjuntos?gx-no-cache=1519926671437 HTTP/1.1" 200 26
186.103.157.42 - - [01/Mar/2018:14:56:13 -0300] "GET /cormun/servlet/solicitudotadjuntos?fe8746ed6019deb06faa833a20962bf4f2b3c3fd8cd6df43020dc1ad5809ad91,gx-no-cache=1519926677352 HTTP/1.1" 200 30
186.103.157.42 - - [01/Mar/2018:14:56:13 -0300] "GET /cormun/servlet/solicitudotadjuntos?fe8746ed6019deb06faa833a20962bf4f2b3c3fd8cd6df43020dc1ad5809ad91,gx-no-cache=1519926677383 HTTP/1.1" 200 30
186.103.157.42 - - [01/Mar/2018:14:56:14 -0300] "POST /cormun/servlet/solicitudotadjuntos?0189b979552bb026a9872d6b811f0a2b,INS,2018,7728,,1, HTTP/1.1" 200 116
186.103.157.42 - - [01/Mar/2018:14:56:14 -0300] "GET /cormun/servlet/hpexe_return? HTTP/1.1" 200 1025
186.103.157.42 - - [01/Mar/2018:14:56:14 -0300] "GET /cormun/static/Resources/Spanish/PXTools.css?167811 HTTP/1.1" 304 -
186.103.157.42 - - [01/Mar/2018:14:56:14 -0300] "GET /cormun/static/gxcfg.js?2016101716175148 HTTP/1.1" 200 953
186.103.157.42 - - [01/Mar/2018:14:56:14 -0300] "GET /cormun/static/hpexe_return.js?2016101716175153 HTTP/1.1" 304 -
186.103.157.42 - - [01/Mar/2018:14:56:16 -0300] "GET /cormun/servlet/trsolicitudadjuntos?2018,7728, HTTP/1.1" 200 9713
186.103.157.42 - - [01/Mar/2018:14:56:18 -0300] "GET /cormun/servlet/trsolicitudadjuntos?2018,7728, HTTP/1.1" 200 9711
186.103.157.42 - - [01/Mar/2018:14:56:22 -0300] "POST /cormun/servlet/trsolicitudadjuntos?0189b979552bb026a9872d6b811f0a2b,2018,7728,,gx-no-cache=1519926684775 HTTP/1.1" 200 90
186.103.157.42 - - [01/Mar/2018:14:56:22 -0300] "GET /cormun/servlet/hpexe_link HTTP/1.1" 200 995
186.103.157.42 - - [01/Mar/2018:14:56:22 -0300] "GET /cormun/servlet/trautorizarsolicitud?gx-no-cache=1519926425860 HTTP/1.1" 200 8606
186.103.157.42 - - [01/Mar/2018:14:56:24 -0300] "GET /cormun/servlet/trautorizarsolicitud?gx-no-cache=1519926425860 HTTP/1.1" 200 8626
200.112.5.24 - - [01/Mar/2018:14:56:27 -0300] "GET /cormun/servlet/trautorizarsolicitud? HTTP/1.1" 200 8665
200.112.5.24 - - [01/Mar/2018:14:56:27 -0300] "GET /cormun/static/gxcfg.js?2017111423403364 HTTP/1.1" 200 953
200.112.5.24 - - [01/Mar/2018:14:56:28 -0300] "GET /cormun/servlet/trautorizarsolicitud? HTTP/1.1" 200 8664
200.112.5.24 - - [01/Mar/2018:14:56:33 -0300] "POST /cormun/servlet/trautorizarsolicitud?9a392c36a7bf636a0005d9f38af0a3f9,,gx-no-cache=1519926945310 HTTP/1.1" 200 4605
200.112.5.24 - - [01/Mar/2018:14:56:34 -0300] "GET /cormun/static/Shared/jqueryui/images/ui-bg_highlight-soft_100_c6c2c8_1x100.png HTTP/1.1" 404 1117
200.112.5.24 - - [01/Mar/2018:14:56:34 -0300] "GET /cormun/static/Shared/jqueryui/images/ui-bg_flat_55_fafafa_40x100.png HTTP/1.1" 404 1097
200.112.5.24 - - [01/Mar/2018:14:56:34 -0300] "GET /cormun/static/Shared/jqueryui/images/ui-icons_82798d_256x240.png HTTP/1.1" 404 1089
200.112.5.24 - - [01/Mar/2018:14:56:34 -0300] "GET /cormun/static/Shared/jqueryui/images/ui-icons_8d78a5_256x240.png HTTP/1.1" 404 1089
200.112.5.24 - - [01/Mar/2018:14:56:35 -0300] "POST /cormun/servlet/trautorizarsolicitud?9a392c36a7bf636a0005d9f38af0a3f9,,gx-no-cache=1519926946929 HTTP/1.1" 200 4379
186.103.157.42 - - [01/Mar/2018:14:56:45 -0300] "POST /cormun/servlet/trautorizarsolicitud?0189b979552bb026a9872d6b811f0a2b,gx-no-cache=1519926425860,gx-no-cache=1519926688904 HTTP/1.1" 500 10
186.103.159.43 - - [01/Mar/2018:14:58:48 -0300] "POST /cormun/servlet/trsolicitudot?2e4a274ffa10c16442c9a5fab7ad2e53,,gx-no-cache=1519927075527 HTTP/1.1" 200 4274
186.103.159.43 - - [01/Mar/2018:14:59:04 -0300] "POST /cormun/servlet/trsolicitudot?2e4a274ffa10c16442c9a5fab7ad2e53,,gx-no-cache=1519927091370 HTTP/1.1" 200 4274
186.103.159.43 - - [01/Mar/2018:14:59:45 -0300] "POST /cormun/servlet/trsolicitudot?2e4a274ffa10c16442c9a5fab7ad2e53,,gx-no-cache=1519927137103 HTTP/1.1" 200 4274
186.103.159.43 - - [01/Mar/2018:15:01:20 -0300] "GET /cormun/servlet/hlogin HTTP/1.1" 200 1710
186.103.159.43 - - [01/Mar/2018:15:01:26 -0300] "POST /cormun/servlet/hlogin?5732d01079ec75d8fc85798c7b93d6c8,gx-no-cache=1519927238115 HTTP/1.1" 200 90
186.103.159.43 - - [01/Mar/2018:15:01:27 -0300] "GET /cormun/servlet/hpexe_link HTTP/1.1" 200 943
200.112.5.24 - - [01/Mar/2018:15:01:27 -0300] "GET /cormun/servlet/trsolicitudot? HTTP/1.1" 200 7414
186.103.159.43 - - [01/Mar/2018:15:01:28 -0300] "GET /cormun/servlet/hhome HTTP/1.1" 200 3915
200.112.5.24 - - [01/Mar/2018:15:01:29 -0300] "GET /cormun/servlet/trsolicitudot? HTTP/1.1" 200 7413
186.103.159.43 - - [01/Mar/2018:15:01:31 -0300] "GET /cormun/servlet/hhome HTTP/1.1" 200 3912
200.112.5.24 - - [01/Mar/2018:15:01:31 -0300] "GET /cormun/servlet/solicitudot?INS,0,0, HTTP/1.1" 200 13652
200.112.5.24 - - [01/Mar/2018:15:01:32 -0300] "GET /cormun/servlet/solicitudot?INS,0,0, HTTP/1.1" 200 13657
186.103.159.43 - - [01/Mar/2018:15:01:35 -0300] "GET /cormun/servlet/trsolicitudot? HTTP/1.1" 200 7124
186.103.159.43 - - [01/Mar/2018:15:01:37 -0300] "GET /cormun/servlet/trsolicitudot? HTTP/1.1" 200 7124
200.112.5.24 - - [01/Mar/2018:15:01:48 -0300] "POST /cormun/servlet/solicitudot?gx-no-cache=1519927260334 HTTP/1.1" 200 3293
200.112.5.24 - - [01/Mar/2018:15:01:50 -0300] "POST /cormun/servlet/solicitudot?9a392c36a7bf636a0005d9f38af0a3f9,INS,0,0,,gx-no-cache=1519927261608 HTTP/1.1" 200 10445
186.103.159.43 - - [01/Mar/2018:15:01:51 -0300] "GET /cormun/servlet/trvisualizadoreventos? HTTP/1.1" 200 6643
186.103.159.43 - - [01/Mar/2018:15:01:52 -0300] "GET /cormun/servlet/trvisualizadoreventos? HTTP/1.1" 200 6643
200.112.5.24 - - [01/Mar/2018:15:01:54 -0300] "GET /cormun/servlet/solicitudot?bc8055a370eccb1ee1c3b8e3315ffce0ee0cb75bf27b91269683b06e5292031749795aa2bd0ee4d58328ad9c4ee7974f,gx-no-cache=1519927266711 HTTP/1.1" 200 30
186.103.159.43 - - [01/Mar/2018:15:02:21 -0300] "GET /cormun/servlet/trsolicitudot? HTTP/1.1" 200 7124
186.103.159.43 - - [01/Mar/2018:15:02:24 -0300] "GET /cormun/servlet/trsolicitudot? HTTP/1.1" 200 7124
200.112.5.24 - - [01/Mar/2018:15:04:03 -0300] "GET /cormun/servlet/prbanco?,MD,,gxPopupLevel%3D0%3B HTTP/1.1" 200 6635
186.103.159.43 - - [01/Mar/2018:15:04:09 -0300] "POST /cormun/servlet/trautorizarsolicitud?37bae93de2cde91e91dc171209c4fd95,,gx-no-cache=1519927396792 HTTP/1.1" 200 5879
200.112.5.24 - - [01/Mar/2018:15:04:17 -0300] "GET /cormun/servlet/solicitudot?bc8055a370eccb1ee1c3b8e3315ffce0c43f83f58be8aaf1de911a831184b44840b401dd83457a772eb742b1cd86c15c5b881cc18eb254cc348185437ed0231a,gx-no-cache=1519927410129 HTTP/1.1" 200 30
200.112.5.24 - - [01/Mar/2018:15:04:19 -0300] "GET /cormun/servlet/solicitudot?bc8055a370eccb1ee1c3b8e3315ffce06040ca92b23eb82b956d1d846752f688,gx-no-cache=1519927411942 HTTP/1.1" 200 53
186.103.159.43 - - [01/Mar/2018:15:04:22 -0300] "POST /cormun/servlet/trautorizarsolicitud?37bae93de2cde91e91dc171209c4fd95,,gx-no-cache=1519927410147 HTTP/1.1" 200 4129
186.103.159.43 - - [01/Mar/2018:15:04:31 -0300] "POST /cormun/servlet/trautorizarsolicitud?37bae93de2cde91e91dc171209c4fd95,,gx-no-cache=1519927419520 HTTP/1.1" 200 5879
200.112.5.24 - - [01/Mar/2018:15:04:35 -0300] "POST /cormun/servlet/solicitudot?gx-no-cache=1519927427805 HTTP/1.1" 200 297
200.112.5.24 - - [01/Mar/2018:15:04:35 -0300] "GET /cormun/servlet/solicitudot?bc8055a370eccb1ee1c3b8e3315ffce0c800817e02c859a3f49cb63d0f91e0c632f20a1ea4b67b522a0dc29e1470f7d14ee22c4c8ce134d7d7fcf1ed3df21be34e5b7442e167ad269f9662f606b4b87e32e9d0342dcb71e9d9b02be2c59ad4e723e58397a104854d5fcbaac6650b38e7b7b2f9c1c1175923376dc1640470441bb5b7ad94b3c93866a9614a873ca7309a9693845b7e7d1ef31355c4accc32b3a0e9a529ad99a8e6e0777ced6fbd9d8084267d6348453bbbbe335508fd97223edc7bfdf7c6de981061a9b8c7916fdfbc33430a1349e072c7ac0cfc5b59f50e1e747d2184755a5c4ffb12f9090c3747d5d9b7faa6deab788ff0ab90026705ddeff796e9d37feaff9bf39146e7df9bdae33983a7001f0f01b7a26901748f35d3816ca29e67219e1114fc044e988aaa48fac8d748544ed185d31eef591feb1f9c587b071c1009c5a582aa28b1d6b3746a3c393cf6d59213f2f37d9aed6a4252a0d337e65c4aef25cddf8d91254ce4aa3c1185c589d9b8935128c86cb72abf08f629a65163cdbbbb749ec2bc188c71f3c3a353,gx-no-cache=1519927428380 HTTP/1.1" 200 30
200.112.5.24 - - [01/Mar/2018:15:04:39 -0300] "POST /cormun/servlet/solicitudot?gx-no-cache=1519927430843 HTTP/1.1" 200 30
200.112.5.24 - - [01/Mar/2018:15:04:55 -0300] "POST /cormun/servlet/solicitudot?gx-no-cache=1519927448186 HTTP/1.1" 200 1333
200.112.5.24 - - [01/Mar/2018:15:04:55 -0300] "POST /cormun/servlet/solicitudot?gx-no-cache=1519927448563 HTTP/1.1" 200 38
200.112.5.24 - - [01/Mar/2018:15:04:59 -0300] "GET /cormun/servlet/solicitudot?bc8055a370eccb1ee1c3b8e3315ffce0a26ff024dd8eb5481511c1009769b820630875012a198b99293b7ab33e655c4f0809be5bb117bb163b660582302e9bf95c18a5ed25e52910b08aa328cd67b794a205bfab534bbf70a5e51488f6327c541e9957d77b18985c8c25a13197cc8951,gx-no-cache=1519927451349 HTTP/1.1" 200 29
200.112.5.24 - - [01/Mar/2018:15:05:01 -0300] "POST /cormun/servlet/solicitudot?gx-no-cache=1519927452185 HTTP/1.1" 200 1318
200.112.5.24 - - [01/Mar/2018:15:05:01 -0300] "POST /cormun/servlet/solicitudot?gx-no-cache=1519927454238 HTTP/1.1" 200 1215
200.112.5.24 - - [01/Mar/2018:15:05:02 -0300] "GET /cormun/static/menuarrow.gif HTTP/1.1" 404 1015
200.112.5.24 - - [01/Mar/2018:15:05:04 -0300] "POST /cormun/servlet/solicitudot?gx-no-cache=1519927456848 HTTP/1.1" 200 1318
200.112.5.24 - - [01/Mar/2018:15:05:05 -0300] "POST /cormun/servlet/solicitudot?gx-no-cache=1519927457943 HTTP/1.1" 200 1215
186.103.159.43 - - [01/Mar/2018:15:05:07 -0300] "GET /cormun/servlet/solicitudot?INS,0,0, HTTP/1.1" 200 13374
186.103.159.43 - - [01/Mar/2018:15:05:08 -0300] "GET /cormun/servlet/solicitudot?INS,0,0, HTTP/1.1" 200 13379
200.112.5.24 - - [01/Mar/2018:15:05:14 -0300] "GET /cormun/servlet/solicitudot?bc8055a370eccb1ee1c3b8e3315ffce05f58b3a25f04486a74b232a4dfe2edb9b628056039c4d082f44683801183d018,gx-no-cache=1519927466795 HTTP/1.1" 200 30
200.112.5.24 - - [01/Mar/2018:15:05:23 -0300] "POST /cormun/servlet/solicitudot?gx-no-cache=1519927475953 HTTP/1.1" 200 30
186.103.159.43 - - [01/Mar/2018:15:05:37 -0300] "POST /cormun/servlet/trautorizarsolicitud?37bae93de2cde91e91dc171209c4fd95,,gx-no-cache=1519927471160 HTTP/1.1" 200 5879
186.103.159.43 - - [01/Mar/2018:15:05:57 -0300] "POST /cormun/servlet/solicitudot?gx-no-cache=1519927478902 HTTP/1.1" 500 4102
200.112.5.24 - - [01/Mar/2018:15:06:08 -0300] "POST /cormun/servlet/solicitudot?gx-no-cache=1519927519259 HTTP/1.1" 200 1317
200.112.5.24 - - [01/Mar/2018:15:06:10 -0300] "POST /cormun/servlet/solicitudot?gx-no-cache=1519927521406 HTTP/1.1" 200 1215
186.103.159.43 - - [01/Mar/2018:15:06:27 -0300] "POST /cormun/servlet/trautorizarsolicitud?37bae93de2cde91e91dc171209c4fd95,,gx-no-cache=1519927506562 HTTP/1.1" 500 10
200.112.5.24 - - [01/Mar/2018:15:06:46 -0300] "GET /cormun/servlet/solicitudot?bc8055a370eccb1ee1c3b8e3315ffce05f58b3a25f04486a74b232a4dfe2edb9b628056039c4d082f44683801183d018,gx-no-cache=1519927559419 HTTP/1.1" 200 30
200.112.5.24 - - [01/Mar/2018:15:06:47 -0300] "POST /cormun/servlet/solicitudot?gx-no-cache=1519927559670 HTTP/1.1" 200 30
186.103.159.43 - - [01/Mar/2018:15:07:05 -0300] "GET /cormun/servlet/trautorizarsolicitud? HTTP/1.1" 200 8832
186.103.159.43 - - [01/Mar/2018:15:07:09 -0300] "GET /cormun/servlet/trautorizarsolicitud? HTTP/1.1" 200 8831
