186.103.159.46 - - [01/Mar/2018:17:46:07 -0300] "POST /cormun/servlet/solicitudot?gx-no-cache=1519937118913 HTTP/1.1" 200 1218
186.103.159.46 - - [01/Mar/2018:17:46:07 -0300] "GET /cormun/servlet/solicitudot?1f98912d190e3d180d134005738c7fb786479b3ffdfc5af488d77212468ea276f6b99e6b4f53a7ec47853505710010c9,gx-no-cache=1519937119630 HTTP/1.1" 200 30
186.103.159.46 - - [01/Mar/2018:17:46:07 -0300] "POST /cormun/servlet/solicitudot?gx-no-cache=1519937119803 HTTP/1.1" 200 30
200.86.171.207 - - [01/Mar/2018:17:46:09 -0300] "POST /cormun/servlet/solicitudot?gx-no-cache=1519937160181 HTTP/1.1" 200 1321
186.103.159.46 - - [01/Mar/2018:17:46:14 -0300] "POST /cormun/servlet/solicitudot?ffe4e6422b04176d445a83989ad10005,INS,0,0,,gx-no-cache=1519937119986 HTTP/1.1" 200 11911
200.86.171.207 - - [01/Mar/2018:17:46:30 -0300] "POST /cormun/servlet/solicitudot?gx-no-cache=1519937164939 HTTP/1.1" 200 1219
192.168.10.56 - - [01/Mar/2018:17:46:31 -0300] "POST /cormun/servlet/trsolicitudgral?2d00026f5cb879209dfbb9d5b5d3cadd,gx-no-cache=1519937032654 HTTP/1.1" 200 115
192.168.10.56 - - [01/Mar/2018:17:46:32 -0300] "GET /cormun/servlet/solicitudotlog?INS,2018,9688,0,REC, HTTP/1.1" 200 6267
192.168.10.56 - - [01/Mar/2018:17:46:32 -0300] "GET /cormun/servlet/solicitudotlog?INS,2018,9688,0,REC, HTTP/1.1" 200 6267
192.168.10.56 - - [01/Mar/2018:17:46:32 -0300] "GET /cormun/servlet/solicitudotlog?ecabfa318b5ea5ad9f395963b6060a0b0892b0bcc4b93c74c5620f0dbce57066a97dc3b35b7986f755fc2278046c0c5bef089783262c7610a0906988700e90cf6d0d8760c031e99a2f039c86b32ac4cdfa200aa9e2a8f6b14fd23f1aa80e6bbc60a342ea7bdf88254488d0599a27ae6753d8b93096c43f06d4414626845d4b1127f65de0c21d0e06a677876a3ccee7d55f1f39253f1212727a65cdfe96bbfb53,gx-no-cache=1519937034214 HTTP/1.1" 200 94
200.86.171.207 - - [01/Mar/2018:17:46:44 -0300] "GET /cormun/static/menuarrow.gif HTTP/1.1" 404 1015
200.86.171.207 - - [01/Mar/2018:17:46:49 -0300] "GET /cormun/servlet/solicitudot?bda972e4e0258e37f4f0738a04eb7d84fd0b14011ac42057944e1b77c4f999fc03a96255b4e978e2293d3b2e8936eb62,gx-no-cache=1519937203663 HTTP/1.1" 200 30
200.86.171.207 - - [01/Mar/2018:17:46:49 -0300] "POST /cormun/servlet/solicitudot?gx-no-cache=1519937204090 HTTP/1.1" 200 32
192.168.10.56 - - [01/Mar/2018:17:47:22 -0300] "POST /cormun/servlet/solicitudotlog?2d00026f5cb879209dfbb9d5b5d3cadd,INS,2018,9688,0,REC,,gx-no-cache=1519937083084 HTTP/1.1" 200 93
192.168.10.56 - - [01/Mar/2018:17:47:22 -0300] "GET /cormun/servlet/hpexe_return? HTTP/1.1" 200 1040
192.168.10.56 - - [01/Mar/2018:17:47:22 -0300] "GET /cormun/servlet/trsolicitudgral?gx-no-cache=1519936883845 HTTP/1.1" 200 10315
192.168.10.56 - - [01/Mar/2018:17:47:23 -0300] "GET /cormun/servlet/trsolicitudgral?gx-no-cache=1519936883845 HTTP/1.1" 200 10334
190.46.88.54 - - [01/Mar/2018:17:47:29 -0300] "GET /cormun/servlet/trautorizarsolicitud? HTTP/1.1" 200 7308
190.46.88.54 - - [01/Mar/2018:17:47:30 -0300] "GET /cormun/servlet/trautorizarsolicitud? HTTP/1.1" 200 7302
190.46.88.54 - - [01/Mar/2018:17:47:36 -0300] "GET /cormun/servlet/trvisualizadoreventos? HTTP/1.1" 200 6941
190.46.88.54 - - [01/Mar/2018:17:47:37 -0300] "GET /cormun/servlet/trvisualizadoreventos? HTTP/1.1" 200 6941
192.168.10.56 - - [01/Mar/2018:17:47:41 -0300] "POST /cormun/servlet/trsolicitudgral?2d00026f5cb879209dfbb9d5b5d3cadd,gx-no-cache=1519936883845,gx-no-cache=1519937100423 HTTP/1.1" 200 25363
190.46.88.54 - - [01/Mar/2018:17:47:42 -0300] "GET /cormun/servlet/trsolicitudot? HTTP/1.1" 200 8811
190.46.88.54 - - [01/Mar/2018:17:47:43 -0300] "GET /cormun/servlet/trsolicitudot? HTTP/1.1" 200 8811
200.86.171.207 - - [01/Mar/2018:17:47:44 -0300] "POST /cormun/servlet/solicitudot?a6a69be86de86ebec57c01078d85ecd6,INS,0,0,,gx-no-cache=1519937226120 HTTP/1.1" 500 10
190.46.88.54 - - [01/Mar/2018:17:47:56 -0300] "POST /cormun/servlet/trsolicitudot?95aa15cb3c4d23a7411d5fcadd836891,,gx-no-cache=1519937227471 HTTP/1.1" 200 4707
190.46.88.54 - - [01/Mar/2018:17:47:56 -0300] "GET /cormun/static/Shared/jqueryui/images/ui-bg_highlight-soft_100_c6c2c8_1x100.png HTTP/1.1" 404 1117
190.46.88.54 - - [01/Mar/2018:17:47:56 -0300] "GET /cormun/static/Shared/jqueryui/images/ui-bg_flat_55_fafafa_40x100.png HTTP/1.1" 404 1097
190.46.88.54 - - [01/Mar/2018:17:47:56 -0300] "GET /cormun/static/Shared/jqueryui/images/ui-icons_8d78a5_256x240.png HTTP/1.1" 404 1089
190.46.88.54 - - [01/Mar/2018:17:47:58 -0300] "POST /cormun/servlet/trsolicitudot?95aa15cb3c4d23a7411d5fcadd836891,,gx-no-cache=1519937231262 HTTP/1.1" 200 4452
190.46.88.54 - - [01/Mar/2018:17:47:59 -0300] "GET /cormun/static/Shared/jqueryui/images/ui-icons_82798d_256x240.png HTTP/1.1" 404 1089
192.168.10.56 - - [01/Mar/2018:17:48:20 -0300] "POST /cormun/servlet/trsolicitudgral?2d00026f5cb879209dfbb9d5b5d3cadd,gx-no-cache=1519936883845,gx-no-cache=1519937140099 HTTP/1.1" 200 11613
186.103.159.46 - - [01/Mar/2018:17:48:28 -0300] "GET /cormun/servlet/solicitudot?1f98912d190e3d180d134005738c7fb744742da25032c57cb1405e785ce69873d2812260f21a7a4587b1841aff0c5152,gx-no-cache=1519937260418 HTTP/1.1" 200 30
186.103.159.46 - - [01/Mar/2018:17:48:28 -0300] "POST /cormun/servlet/solicitudot?gx-no-cache=1519937260605 HTTP/1.1" 200 255
186.103.159.46 - - [01/Mar/2018:17:48:29 -0300] "GET /cormun/servlet/solicitudot?1f98912d190e3d180d134005738c7fb74ab3878c9861981c62e012d76639d895641f33883ff731de652ff361418edc7948a295acddbfe53ab940f75c0f993c2bb468100b997911ac48feb04de3d410bc3197ecd58e785bb055c00ecdbb4fe8e03fb3cb57cc1a871b914bdeb9f07f06bbb8857acc344a40fcf925cd86a80d1a2f17d8575c3a56ff74cb8a423e0052bf8b7d98639aef4815c3b8fedd61ab05ff22eec142977697ca08e85bdf0baa14c47ff7478b82a1d972a02aa31e2377a33e75b3226d63b67ea19643cb4d75b4899468727c344602160bfd1dd5059e123e5c9aaccc1ad08d512e12e9172d01c8566c059c7e17877a65416bc1098361183f91614deb6a25c74dbfa6e3074320bd9126aad53e14b5b26dbb31036d6cb5b908a9f8db594ac73275a5a20e3e4d5cc34b8a8fe325724c38af7e01d7e943550a85288b2a2647c5ffbff1a8111f5d191935f3ddd44ea219b2f7d848ce0e055405e9ec9ae44cc2b21a41984d06d8e5b9c6f844ee9b42839240f29b0407fca41c6fcf3c1f,gx-no-cache=1519937260760 HTTP/1.1" 200 30
186.103.159.46 - - [01/Mar/2018:17:48:29 -0300] "POST /cormun/servlet/solicitudot?gx-no-cache=1519937261875 HTTP/1.1" 200 30
186.103.159.46 - - [01/Mar/2018:17:48:30 -0300] "POST /cormun/servlet/solicitudot?gx-no-cache=1519937262098 HTTP/1.1" 200 1337
186.103.159.46 - - [01/Mar/2018:17:48:30 -0300] "POST /cormun/servlet/solicitudot?gx-no-cache=1519937262783 HTTP/1.1" 200 41
192.168.10.56 - - [01/Mar/2018:17:48:31 -0300] "POST /cormun/servlet/trsolicitudgral?2d00026f5cb879209dfbb9d5b5d3cadd,gx-no-cache=1519936883845,gx-no-cache=1519937150628 HTTP/1.1" 200 25363
186.103.159.46 - - [01/Mar/2018:17:48:31 -0300] "POST /cormun/servlet/solicitudot?gx-no-cache=1519937262933 HTTP/1.1" 200 1319
186.103.159.46 - - [01/Mar/2018:17:48:31 -0300] "POST /cormun/servlet/solicitudot?gx-no-cache=1519937263877 HTTP/1.1" 200 1218
186.103.159.46 - - [01/Mar/2018:17:48:32 -0300] "GET /cormun/servlet/solicitudot?1f98912d190e3d180d134005738c7fb786479b3ffdfc5af488d77212468ea276f6b99e6b4f53a7ec47853505710010c9,gx-no-cache=1519937264145 HTTP/1.1" 200 30
186.103.159.46 - - [01/Mar/2018:17:48:32 -0300] "POST /cormun/servlet/solicitudot?gx-no-cache=1519937264272 HTTP/1.1" 200 30
186.103.159.46 - - [01/Mar/2018:17:48:35 -0300] "POST /cormun/servlet/solicitudot?ffe4e6422b04176d445a83989ad10005,INS,0,0,,gx-no-cache=1519937264819 HTTP/1.1" 200 11985
192.168.10.96 - - [01/Mar/2018:17:48:35 -0300] "POST /cormun/servlet/vesolicitudgral?8aa09d96e9d0ef62f6a23a0d270c345b,2018,8390,,,gx-no-cache=1519937156312 HTTP/1.1" 200 90
192.168.10.96 - - [01/Mar/2018:17:48:35 -0300] "GET /cormun/servlet/hpexe_link HTTP/1.1" 200 967
192.168.10.96 - - [01/Mar/2018:17:48:36 -0300] "GET /cormun/servlet/trsolicitudgral? HTTP/1.1" 200 13989
192.168.10.96 - - [01/Mar/2018:17:48:37 -0300] "GET /cormun/servlet/trsolicitudgral? HTTP/1.1" 200 13988
192.168.10.96 - - [01/Mar/2018:17:48:40 -0300] "GET /cormun/servlet/vesolicitudgral?2018,8399,, HTTP/1.1" 200 9268
192.168.10.96 - - [01/Mar/2018:17:48:40 -0300] "GET /cormun/pexe_scrolldiv.js HTTP/1.1" 404 1009
192.168.10.96 - - [01/Mar/2018:17:48:40 -0300] "GET /cormun/pexe_scrolldiv.js HTTP/1.1" 404 1009
192.168.10.96 - - [01/Mar/2018:17:48:41 -0300] "GET /cormun/servlet/vesolicitudgral?2018,8399,, HTTP/1.1" 200 9267
192.168.10.96 - - [01/Mar/2018:17:48:43 -0300] "GET /cormun/servlet/vesolicitudgral?2018,8399,,SolicitudOTAdjuntos HTTP/1.1" 200 11300
192.168.10.96 - - [01/Mar/2018:17:48:43 -0300] "GET /cormun/pexe_scrolldiv.js HTTP/1.1" 404 1009
192.168.10.96 - - [01/Mar/2018:17:48:43 -0300] "GET /cormun/pexe_scrolldiv.js HTTP/1.1" 404 1009
192.168.10.96 - - [01/Mar/2018:17:48:45 -0300] "POST /cormun/servlet/acontrolpreferencessavestate?None,DZAMUDIO,true HTTP/1.1" 200 35
192.168.10.96 - - [01/Mar/2018:17:48:45 -0300] "GET /cormun/servlet/vesolicitudgral?2018,8399,,SolicitudOTAdjuntos HTTP/1.1" 200 11301
192.168.10.96 - - [01/Mar/2018:17:48:46 -0300] "GET /cormun/PublicTempStorage/c.i._pia_luna6056358.pdf HTTP/1.1" 200 207788
192.168.10.96 - - [01/Mar/2018:17:48:51 -0300] "GET /cormun/servlet/vesolicitudgral?2018,8399,,SolicitudOTAdjuntos HTTP/1.1" 200 11300
192.168.10.96 - - [01/Mar/2018:17:48:52 -0300] "POST /cormun/servlet/acontrolpreferencessavestate?None,DZAMUDIO,true HTTP/1.1" 200 35
192.168.10.96 - - [01/Mar/2018:17:48:53 -0300] "GET /cormun/servlet/vesolicitudgral?2018,8399,,SolicitudOTAdjuntos HTTP/1.1" 200 11299
192.168.10.96 - - [01/Mar/2018:17:48:53 -0300] "GET /cormun/PublicTempStorage/c.afp.p._luna8149892.pdf HTTP/1.1" 200 526331
192.168.10.96 - - [01/Mar/2018:17:49:00 -0300] "GET /cormun/servlet/vesolicitudgral?2018,8399,,SolicitudOTAdjuntos HTTP/1.1" 200 11302
192.168.10.96 - - [01/Mar/2018:17:49:01 -0300] "POST /cormun/servlet/acontrolpreferencessavestate?None,DZAMUDIO,true HTTP/1.1" 200 35
192.168.10.96 - - [01/Mar/2018:17:49:01 -0300] "GET /cormun/servlet/vesolicitudgral?2018,8399,,SolicitudOTAdjuntos HTTP/1.1" 200 11301
192.168.10.96 - - [01/Mar/2018:17:49:02 -0300] "GET /cormun/PublicTempStorage/fonasa_p._luna3402777.pdf HTTP/1.1" 200 193152
200.86.171.207 - - [01/Mar/2018:17:49:03 -0300] "GET /cormun/servlet/hlogin HTTP/1.1" 200 1719
192.168.10.96 - - [01/Mar/2018:17:49:08 -0300] "GET /cormun/servlet/vesolicitudgral?2018,8399,,SolicitudOTAdjuntos HTTP/1.1" 200 11303
192.168.10.96 - - [01/Mar/2018:17:49:09 -0300] "POST /cormun/servlet/acontrolpreferencessavestate?None,DZAMUDIO,true HTTP/1.1" 200 35
192.168.10.96 - - [01/Mar/2018:17:49:09 -0300] "GET /cormun/servlet/vesolicitudgral?2018,8399,,SolicitudOTAdjuntos HTTP/1.1" 200 11301
192.168.10.96 - - [01/Mar/2018:17:49:10 -0300] "GET /cormun/PublicTempStorage/c._ant._p._luna9124604.pdf HTTP/1.1" 200 232874
192.168.10.96 - - [01/Mar/2018:17:49:15 -0300] "GET /cormun/servlet/vesolicitudgral?2018,8399,,SolicitudOTAdjuntos HTTP/1.1" 200 11302
192.168.10.96 - - [01/Mar/2018:17:49:17 -0300] "POST /cormun/servlet/acontrolpreferencessavestate?None,DZAMUDIO,true HTTP/1.1" 200 35
192.168.10.96 - - [01/Mar/2018:17:49:17 -0300] "GET /cormun/servlet/vesolicitudgral?2018,8399,,SolicitudOTAdjuntos HTTP/1.1" 200 11301
192.168.10.96 - - [01/Mar/2018:17:49:17 -0300] "GET /cormun/PublicTempStorage/curri._p._luna9675829.pdf HTTP/1.1" 200 467863
192.168.10.96 - - [01/Mar/2018:17:49:23 -0300] "GET /cormun/servlet/vesolicitudgral?2018,8399,,SolicitudOTAdjuntos HTTP/1.1" 200 11302
192.168.10.96 - - [01/Mar/2018:17:49:25 -0300] "POST /cormun/servlet/acontrolpreferencessavestate?None,DZAMUDIO,true HTTP/1.1" 200 35
192.168.10.96 - - [01/Mar/2018:17:49:25 -0300] "GET /cormun/servlet/vesolicitudgral?2018,8399,,SolicitudOTAdjuntos HTTP/1.1" 200 11300
192.168.10.96 - - [01/Mar/2018:17:49:25 -0300] "GET /cormun/PublicTempStorage/c.tit._p._luna816236.pdf HTTP/1.1" 200 297256
192.168.10.96 - - [01/Mar/2018:17:49:31 -0300] "GET /cormun/servlet/vesolicitudgral?2018,8399,,SolicitudOTAdjuntos HTTP/1.1" 200 11297
192.168.10.96 - - [01/Mar/2018:17:49:32 -0300] "POST /cormun/servlet/acontrolpreferencessavestate?None,DZAMUDIO,true HTTP/1.1" 200 35
192.168.10.96 - - [01/Mar/2018:17:49:32 -0300] "GET /cormun/servlet/vesolicitudgral?2018,8399,,SolicitudOTAdjuntos HTTP/1.1" 200 11301
200.86.171.207 - - [01/Mar/2018:17:49:46 -0300] "POST /cormun/servlet/hlogin?a6a69be86de86ebec57c01078d85ecd6,gx-no-cache=1519937381149 HTTP/1.1" 200 90
200.86.171.207 - - [01/Mar/2018:17:49:47 -0300] "GET /cormun/servlet/hpexe_link HTTP/1.1" 200 974
200.86.171.207 - - [01/Mar/2018:17:49:47 -0300] "GET /cormun/servlet/prlicenciaspermisos?15986634,L,,MD, HTTP/1.1" 200 6012
186.103.159.46 - - [01/Mar/2018:17:49:55 -0300] "GET /cormun/servlet/solicitudot?1f98912d190e3d180d134005738c7fb744742da25032c57cb1405e785ce69873d2812260f21a7a4587b1841aff0c5152,gx-no-cache=1519937347141 HTTP/1.1" 200 30
186.103.159.46 - - [01/Mar/2018:17:49:56 -0300] "POST /cormun/servlet/solicitudot?gx-no-cache=1519937347618 HTTP/1.1" 200 255
192.168.10.56 - - [01/Mar/2018:17:49:58 -0300] "GET /cormun/servlet/hlogin HTTP/1.1" 200 1755
186.103.159.46 - - [01/Mar/2018:17:50:00 -0300] "GET /cormun/servlet/solicitudot?1f98912d190e3d180d134005738c7fb74ab3878c9861981c62e012d76639d895641f33883ff731de652ff361418edc7948a295acddbfe53ab940f75c0f993c2bb468100b997911ac48feb04de3d410bc3197ecd58e785bb055c00ecdbb4fe8e03fb3cb57cc1a871b914bdeb9f07f06bbb8857acc344a40fcf925cd86a80d1a2f17d8575c3a56ff74cb8a423e0052bf8b7d98639aef4815c3b8fedd61ab05ff22eec142977697ca08e85bdf0baa14c47ff7478b82a1d972a02aa31e2377a33e75b3226d63b67ea19643cb4d75b4899468727c344602160bfd1dd5059e123e5c9aaccc1ad08d512e12e9172d01c8566c059c7e17877a65416bc1098361183f91614deb6a25c74dbfa6e3074320bd9126aad53e14b5b26dbb31036d6cb5b908a9f8db594ac73275a5a20e3e4d5cc34b8a8fe325724c38af7e01d7e943550a85288b2a2647c5ffbff1a8111f5d191935f3ddd44ea219b2f7d848ce0e055405e9ec9ae44cc2b21a41984d06d8e5b9c6f844ee9b42839240f29b0407fca41c6fcf3c1f,gx-no-cache=1519937349115 HTTP/1.1" 200 30
186.103.159.46 - - [01/Mar/2018:17:50:00 -0300] "POST /cormun/servlet/solicitudot?gx-no-cache=1519937352252 HTTP/1.1" 200 30
186.103.159.46 - - [01/Mar/2018:17:50:01 -0300] "POST /cormun/servlet/solicitudot?gx-no-cache=1519937352400 HTTP/1.1" 200 1337
186.103.159.46 - - [01/Mar/2018:17:50:01 -0300] "POST /cormun/servlet/solicitudot?gx-no-cache=1519937353277 HTTP/1.1" 200 41
186.103.159.46 - - [01/Mar/2018:17:50:02 -0300] "POST /cormun/servlet/solicitudot?gx-no-cache=1519937353766 HTTP/1.1" 200 1319
186.103.159.46 - - [01/Mar/2018:17:50:02 -0300] "POST /cormun/servlet/solicitudot?gx-no-cache=1519937354230 HTTP/1.1" 200 1218
192.168.10.56 - - [01/Mar/2018:17:50:02 -0300] "POST /cormun/servlet/hlogin?2d00026f5cb879209dfbb9d5b5d3cadd,gx-no-cache=1519937244094 HTTP/1.1" 200 90
192.168.10.56 - - [01/Mar/2018:17:50:02 -0300] "GET /cormun/servlet/hpexe_link HTTP/1.1" 200 947
186.103.159.46 - - [01/Mar/2018:17:50:02 -0300] "GET /cormun/servlet/solicitudot?1f98912d190e3d180d134005738c7fb786479b3ffdfc5af488d77212468ea276f6b99e6b4f53a7ec47853505710010c9,gx-no-cache=1519937354968 HTTP/1.1" 200 30
186.103.159.46 - - [01/Mar/2018:17:50:03 -0300] "POST /cormun/servlet/solicitudot?gx-no-cache=1519937355077 HTTP/1.1" 200 30
192.168.10.56 - - [01/Mar/2018:17:50:03 -0300] "GET /cormun/servlet/hhome HTTP/1.1" 200 3787
192.168.10.56 - - [01/Mar/2018:17:50:03 -0300] "GET /cormun/servlet/hhome HTTP/1.1" 200 3786
186.103.159.46 - - [01/Mar/2018:17:50:04 -0300] "POST /cormun/servlet/solicitudot?ffe4e6422b04176d445a83989ad10005,INS,0,0,,gx-no-cache=1519937355214 HTTP/1.1" 200 12054
186.103.159.46 - - [01/Mar/2018:17:50:16 -0300] "POST /cormun/servlet/solicitudot?ffe4e6422b04176d445a83989ad10005,INS,0,0,,gx-no-cache=1519937366924 HTTP/1.1" 200 93
186.103.159.46 - - [01/Mar/2018:17:50:16 -0300] "GET /cormun/servlet/hpexe_return? HTTP/1.1" 200 1008
186.103.159.46 - - [01/Mar/2018:17:50:17 -0300] "GET /cormun/servlet/trsolicitudot HTTP/1.1" 200 12400
186.103.159.46 - - [01/Mar/2018:17:50:20 -0300] "GET /cormun/servlet/trsolicitudot HTTP/1.1" 200 12396
186.103.159.46 - - [01/Mar/2018:17:50:25 -0300] "GET /cormun/servlet/solicitudot?INS,0,0, HTTP/1.1" 200 13409
192.168.10.56 - - [01/Mar/2018:17:50:25 -0300] "GET /cormun/servlet/trconsultaempleado? HTTP/1.1" 200 9514
192.168.10.56 - - [01/Mar/2018:17:50:25 -0300] "GET /cormun/static/gxui/gxui-all.css?110300 HTTP/1.1" 200 2179
192.168.10.56 - - [01/Mar/2018:17:50:25 -0300] "GET /cormun/static/Resources/Spanish/PXTools.css?17315867 HTTP/1.1" 200 89042
192.168.10.56 - - [01/Mar/2018:17:50:25 -0300] "GET /cormun/static/Shared/ext/resources/css/ext-all.css?205870 HTTP/1.1" 200 416045
192.168.10.56 - - [01/Mar/2018:17:50:25 -0300] "GET /cormun/static/gxcfg.js?201762717543265 HTTP/1.1" 200 953
192.168.10.56 - - [01/Mar/2018:17:50:25 -0300] "GET /cormun/static/trconsultaempleado.js?201762717543549 HTTP/1.1" 200 16782
192.168.10.56 - - [01/Mar/2018:17:50:26 -0300] "GET /cormun//static/Resources/PXToolsActionView.png HTTP/1.1" 200 2995
192.168.10.56 - - [01/Mar/2018:17:50:27 -0300] "POST /cormun/servlet/acontrolpreferencessavestate?None,PESCOBAR,true HTTP/1.1" 200 35
186.103.159.46 - - [01/Mar/2018:17:50:27 -0300] "GET /cormun/servlet/solicitudot?INS,0,0, HTTP/1.1" 200 13414
192.168.10.56 - - [01/Mar/2018:17:50:34 -0300] "POST /cormun/servlet/trconsultaempleado?2d00026f5cb879209dfbb9d5b5d3cadd,,gx-no-cache=1519937275440 HTTP/1.1" 200 5160
192.168.10.56 - - [01/Mar/2018:17:50:34 -0300] "GET /cormun/servlet/trconsultaempleado? HTTP/1.1" 200 9513
192.168.10.56 - - [01/Mar/2018:17:50:44 -0300] "GET /cormun/servlet/trsolicitudnombre?14332458, HTTP/1.1" 200 7695
192.168.10.56 - - [01/Mar/2018:17:50:44 -0300] "GET /cormun/static/gxcfg.js?20177612153745 HTTP/1.1" 200 953
192.168.10.56 - - [01/Mar/2018:17:50:44 -0300] "GET /cormun/static/trsolicitudnombre.js?20177612154149 HTTP/1.1" 200 43705
192.168.10.89 - - [01/Mar/2018:17:50:44 -0300] "POST /cormun/servlet/vesolicitudgral?2fdf7849505b8ca164c076caac8ae72b,2018,9620,,SolicitudOTAdjuntos,gx-no-cache=1519937285605 HTTP/1.1" 200 90
192.168.10.89 - - [01/Mar/2018:17:50:44 -0300] "GET /cormun/servlet/hpexe_link HTTP/1.1" 200 969
192.168.10.56 - - [01/Mar/2018:17:50:45 -0300] "GET /cormun/servlet/trsolicitudnombre?14332458, HTTP/1.1" 200 7697
192.168.10.56 - - [01/Mar/2018:17:50:45 -0300] "POST /cormun/servlet/acontrolpreferencessavestate?None,PESCOBAR,true HTTP/1.1" 200 35
192.168.10.89 - - [01/Mar/2018:17:50:45 -0300] "GET /cormun/servlet/trsolicitudgral? HTTP/1.1" 200 11125
192.168.10.89 - - [01/Mar/2018:17:50:57 -0300] "POST /cormun/servlet/trsolicitudgral?2fdf7849505b8ca164c076caac8ae72b,,gx-no-cache=1519937298424 HTTP/1.1" 200 7592
192.168.10.56 - - [01/Mar/2018:17:51:07 -0300] "GET /cormun/servlet/vesolicitudnombre?2017,5057,, HTTP/1.1" 200 8050
192.168.10.56 - - [01/Mar/2018:17:51:07 -0300] "GET /cormun/static/gxcfg.js?20177612153644 HTTP/1.1" 200 953
192.168.10.56 - - [01/Mar/2018:17:51:07 -0300] "GET /cormun/pexe_scrolldiv.js HTTP/1.1" 404 1009
192.168.10.56 - - [01/Mar/2018:17:51:07 -0300] "GET /cormun/static/vesolicitudnombre.js?20177612153699 HTTP/1.1" 200 6119
192.168.10.56 - - [01/Mar/2018:17:51:07 -0300] "GET /cormun/pexe_scrolldiv.js HTTP/1.1" 404 1009
192.168.10.56 - - [01/Mar/2018:17:51:07 -0300] "GET /cormun/static/tbsolicitudnombre01.js?2017110216261 HTTP/1.1" 200 31196
192.168.10.56 - - [01/Mar/2018:17:51:08 -0300] "GET /cormun/servlet/vesolicitudnombre?2017,5057,, HTTP/1.1" 200 8044
186.103.159.46 - - [01/Mar/2018:17:51:12 -0300] "GET /cormun/servlet/prfichaempleado?,MD,,gxPopupLevel%3D0%3B HTTP/1.1" 200 9305
192.168.10.56 - - [01/Mar/2018:17:51:12 -0300] "GET /cormun/servlet/vesolicitudnombre?2017,5057,,SolicitudOTLog HTTP/1.1" 200 9217
192.168.10.56 - - [01/Mar/2018:17:51:12 -0300] "GET /cormun/pexe_scrolldiv.js HTTP/1.1" 404 1009
192.168.10.56 - - [01/Mar/2018:17:51:12 -0300] "GET /cormun/static/tbsolicitudnombre03.js?20173171132461 HTTP/1.1" 200 13352
192.168.10.56 - - [01/Mar/2018:17:51:12 -0300] "GET /cormun/pexe_scrolldiv.js HTTP/1.1" 404 1009
192.168.10.56 - - [01/Mar/2018:17:51:13 -0300] "GET /cormun/servlet/vesolicitudnombre?2017,5057,,SolicitudOTLog HTTP/1.1" 200 9217
192.168.10.56 - - [01/Mar/2018:17:51:13 -0300] "POST /cormun/servlet/acontrolpreferencessavestate?None,PESCOBAR,true HTTP/1.1" 200 35
192.168.10.56 - - [01/Mar/2018:17:51:21 -0300] "GET /cormun/servlet/vesolicitudnombre?2017,5057,,General HTTP/1.1" 200 8061
192.168.10.56 - - [01/Mar/2018:17:51:21 -0300] "GET /cormun/pexe_scrolldiv.js HTTP/1.1" 404 1009
192.168.10.56 - - [01/Mar/2018:17:51:22 -0300] "GET /cormun/pexe_scrolldiv.js HTTP/1.1" 404 1009
192.168.10.56 - - [01/Mar/2018:17:51:22 -0300] "GET /cormun/servlet/vesolicitudnombre?2017,5057,,General HTTP/1.1" 200 8061
192.168.10.56 - - [01/Mar/2018:17:51:24 -0300] "GET /cormun/servlet/vesolicitudnombre?2017,5057,,SolicitudOTLog HTTP/1.1" 200 9226
192.168.10.56 - - [01/Mar/2018:17:51:25 -0300] "GET /cormun/servlet/vesolicitudnombre?2017,5057,,SolicitudOTLog HTTP/1.1" 200 9226
192.168.10.56 - - [01/Mar/2018:17:51:25 -0300] "POST /cormun/servlet/acontrolpreferencessavestate?None,PESCOBAR,true HTTP/1.1" 200 35
192.168.10.56 - - [01/Mar/2018:17:51:28 -0300] "GET /cormun/servlet/vesolicitudnombre?2017,5057,, HTTP/1.1" 200 8061
192.168.10.56 - - [01/Mar/2018:17:51:29 -0300] "GET /cormun/servlet/vesolicitudnombre?2017,5057,, HTTP/1.1" 200 8055
192.168.10.56 - - [01/Mar/2018:17:51:30 -0300] "GET /cormun/servlet/trsolicitudnombre?14332458, HTTP/1.1" 200 7711
192.168.10.56 - - [01/Mar/2018:17:51:31 -0300] "GET /cormun/servlet/trsolicitudnombre?14332458, HTTP/1.1" 200 7715
192.168.10.56 - - [01/Mar/2018:17:51:32 -0300] "GET /cormun/servlet/trconsultaempleado? HTTP/1.1" 200 7415
192.168.10.56 - - [01/Mar/2018:17:51:32 -0300] "GET /cormun/servlet/trconsultaempleado? HTTP/1.1" 200 7414
192.168.10.56 - - [01/Mar/2018:17:51:39 -0300] "POST /cormun/servlet/trconsultaempleado?2d00026f5cb879209dfbb9d5b5d3cadd,,gx-no-cache=1519937339858 HTTP/1.1" 200 5225
186.103.159.46 - - [01/Mar/2018:17:51:45 -0300] "GET /cormun/servlet/prfichaempleado?,MD,,gxPopupLevel%3D0%3B HTTP/1.1" 200 9305
192.168.10.56 - - [01/Mar/2018:17:51:51 -0300] "GET /cormun/servlet/trsolicitudnombre?7904875, HTTP/1.1" 200 6969
192.168.10.56 - - [01/Mar/2018:17:51:51 -0300] "GET /cormun/servlet/trsolicitudnombre?7904875, HTTP/1.1" 200 6969
192.168.10.56 - - [01/Mar/2018:17:52:05 -0300] "GET /cormun/servlet/vesolicitudnombre?2017,5366,, HTTP/1.1" 200 8046
192.168.10.56 - - [01/Mar/2018:17:52:05 -0300] "GET /cormun/pexe_scrolldiv.js HTTP/1.1" 404 1009
192.168.10.56 - - [01/Mar/2018:17:52:05 -0300] "GET /cormun/pexe_scrolldiv.js HTTP/1.1" 404 1009
192.168.10.56 - - [01/Mar/2018:17:52:06 -0300] "GET /cormun/servlet/vesolicitudnombre?2017,5366,, HTTP/1.1" 200 8039
192.168.10.56 - - [01/Mar/2018:17:52:08 -0300] "GET /cormun/servlet/hlogin HTTP/1.1" 200 1743
192.168.10.96 - - [01/Mar/2018:17:52:32 -0300] "GET /cormun/servlet/trsolicitudgral? HTTP/1.1" 200 13163
192.168.10.96 - - [01/Mar/2018:17:52:33 -0300] "GET /cormun/servlet/trsolicitudgral? HTTP/1.1" 200 13152
192.168.10.96 - - [01/Mar/2018:17:52:42 -0300] "GET /cormun/servlet/trfuncionariobloqueados? HTTP/1.1" 200 10413
192.168.10.96 - - [01/Mar/2018:17:52:42 -0300] "GET /cormun/static/gxcfg.js?201812320593311 HTTP/1.1" 304 -
192.168.10.96 - - [01/Mar/2018:17:52:42 -0300] "GET /cormun/static/trfuncionariobloqueados.js?201812320593613 HTTP/1.1" 304 -
192.168.10.96 - - [01/Mar/2018:17:52:43 -0300] "GET /cormun/servlet/trfuncionariobloqueados? HTTP/1.1" 200 10413
192.168.10.96 - - [01/Mar/2018:17:53:08 -0300] "POST /cormun/servlet/trfuncionariobloqueados?8aa09d96e9d0ef62f6a23a0d270c345b,,gx-no-cache=1519937429225 HTTP/1.1" 200 7853
192.168.10.96 - - [01/Mar/2018:17:53:11 -0300] "POST /cormun/servlet/trfuncionariobloqueados?8aa09d96e9d0ef62f6a23a0d270c345b,,gx-no-cache=1519937431596 HTTP/1.1" 200 7071
192.168.10.96 - - [01/Mar/2018:17:53:41 -0300] "GET /cormun/servlet/funcionariobloqueados?DLT,7904875, HTTP/1.1" 200 6020
192.168.10.96 - - [01/Mar/2018:17:53:41 -0300] "GET /cormun/static/gxcfg.js?2018123205875 HTTP/1.1" 200 953
192.168.10.96 - - [01/Mar/2018:17:53:41 -0300] "GET /cormun/static/funcionariobloqueados.js?20181232058712 HTTP/1.1" 200 6850
192.168.10.96 - - [01/Mar/2018:17:53:42 -0300] "GET /cormun/static/Shared/jqueryui/images/ui-icons_82798d_256x240.png HTTP/1.1" 404 1089
192.168.10.96 - - [01/Mar/2018:17:53:42 -0300] "GET /cormun/static/Shared/jqueryui/images/ui-bg_highlight-soft_100_c6c2c8_1x100.png HTTP/1.1" 404 1117
192.168.10.96 - - [01/Mar/2018:17:53:42 -0300] "GET /cormun/static/Shared/jqueryui/images/ui-bg_flat_55_fafafa_40x100.png HTTP/1.1" 404 1097
192.168.10.96 - - [01/Mar/2018:17:53:42 -0300] "GET /cormun/static/Shared/jqueryui/images/ui-icons_8d78a5_256x240.png HTTP/1.1" 404 1089
192.168.10.96 - - [01/Mar/2018:17:53:42 -0300] "GET /cormun/servlet/funcionariobloqueados?DLT,7904875, HTTP/1.1" 200 6021
192.168.10.96 - - [01/Mar/2018:17:53:48 -0300] "POST /cormun/servlet/funcionariobloqueados?8aa09d96e9d0ef62f6a23a0d270c345b,DLT,7904875,,gx-no-cache=1519937469155 HTTP/1.1" 200 93
192.168.10.96 - - [01/Mar/2018:17:53:48 -0300] "GET /cormun/servlet/hpexe_return? HTTP/1.1" 200 1017
192.168.10.96 - - [01/Mar/2018:17:53:48 -0300] "GET /cormun/servlet/trfuncionariobloqueados? HTTP/1.1" 200 9615
141.8.143.176 - - [01/Mar/2018:17:53:49 -0300] "GET /docs/funcspecs/fs-default.html HTTP/1.1" 200 19422
192.168.10.96 - - [01/Mar/2018:17:53:49 -0300] "GET /cormun/servlet/trfuncionariobloqueados? HTTP/1.1" 200 9610
192.168.10.56 - - [01/Mar/2018:17:54:05 -0300] "POST /cormun/servlet/hlogin?2d00026f5cb879209dfbb9d5b5d3cadd,gx-no-cache=1519937486309 HTTP/1.1" 200 90
192.168.10.56 - - [01/Mar/2018:17:54:05 -0300] "GET /cormun/servlet/hpexe_link HTTP/1.1" 200 964
192.168.10.56 - - [01/Mar/2018:17:54:05 -0300] "GET /cormun/servlet/vesolicitudnombre?2017,5366,, HTTP/1.1" 200 8041
192.168.10.56 - - [01/Mar/2018:17:54:05 -0300] "GET /cormun/pexe_scrolldiv.js HTTP/1.1" 404 1009
192.168.10.56 - - [01/Mar/2018:17:54:06 -0300] "GET /cormun/servlet/vesolicitudnombre?2017,5366,, HTTP/1.1" 200 8039
192.168.10.56 - - [01/Mar/2018:17:54:09 -0300] "GET /cormun/servlet/trautorizarot? HTTP/1.1" 200 8158
192.168.10.56 - - [01/Mar/2018:17:54:10 -0300] "GET /cormun/servlet/trautorizarot? HTTP/1.1" 200 8142
192.168.10.56 - - [01/Mar/2018:17:54:12 -0300] "GET /cormun/static/menuarrow.gif HTTP/1.1" 404 1015
192.168.10.56 - - [01/Mar/2018:17:54:21 -0300] "POST /cormun/servlet/trautorizarot?2d00026f5cb879209dfbb9d5b5d3cadd,,gx-no-cache=1519937502094 HTTP/1.1" 200 8105
192.168.10.56 - - [01/Mar/2018:17:54:28 -0300] "POST /cormun/servlet/trautorizarot?2d00026f5cb879209dfbb9d5b5d3cadd,,gx-no-cache=1519937509088 HTTP/1.1" 200 5344
200.86.171.207 - - [01/Mar/2018:17:55:00 -0300] "GET /cormun/servlet/hlogin HTTP/1.1" 200 1719
200.86.171.207 - - [01/Mar/2018:17:55:18 -0300] "POST /cormun/servlet/hlogin?a6a69be86de86ebec57c01078d85ecd6,gx-no-cache=1519937711983 HTTP/1.1" 200 90
200.86.171.207 - - [01/Mar/2018:17:55:18 -0300] "GET /cormun/servlet/hpexe_link HTTP/1.1" 200 974
200.86.171.207 - - [01/Mar/2018:17:55:18 -0300] "GET /cormun/servlet/prlicenciaspermisos?15986634,L,,MD, HTTP/1.1" 200 6012
200.86.171.207 - - [01/Mar/2018:17:55:26 -0300] "POST /cormun/servlet/prlicenciaspermisos?a6a69be86de86ebec57c01078d85ecd6,15986634,L,,MD,,gx-no-cache=1519937719996 HTTP/1.1" 200 3320
200.86.171.207 - - [01/Mar/2018:17:55:28 -0300] "GET /cormun/servlet/hlogin HTTP/1.1" 200 1755
192.168.10.96 - - [01/Mar/2018:17:55:39 -0300] "GET /cormun/servlet/trsolicitudgral? HTTP/1.1" 200 13152
192.168.10.96 - - [01/Mar/2018:17:55:40 -0300] "GET /cormun/servlet/trsolicitudgral? HTTP/1.1" 200 13152
192.168.10.56 - - [01/Mar/2018:17:56:58 -0300] "GET /cormun/servlet/hlogin HTTP/1.1" 200 1733
192.168.10.56 - - [01/Mar/2018:17:57:35 -0300] "POST /cormun/servlet/hlogin?2d00026f5cb879209dfbb9d5b5d3cadd,gx-no-cache=1519937696527 HTTP/1.1" 200 90
192.168.10.56 - - [01/Mar/2018:17:57:35 -0300] "GET /cormun/servlet/hpexe_link HTTP/1.1" 200 947
192.168.10.56 - - [01/Mar/2018:17:57:35 -0300] "GET /cormun/servlet/hhome HTTP/1.1" 200 4462
192.168.10.56 - - [01/Mar/2018:17:57:36 -0300] "GET /cormun/servlet/hhome HTTP/1.1" 200 4458
192.168.10.56 - - [01/Mar/2018:17:57:40 -0300] "GET /cormun/servlet/trcoordinadores? HTTP/1.1" 200 7432
192.168.10.56 - - [01/Mar/2018:17:57:42 -0300] "GET /cormun/servlet/trsolicitudgral? HTTP/1.1" 200 27805
192.168.10.56 - - [01/Mar/2018:17:57:44 -0300] "GET /cormun/servlet/trsolicitudgral? HTTP/1.1" 200 27803
192.168.10.56 - - [01/Mar/2018:17:57:56 -0300] "POST /cormun/servlet/trsolicitudgral?2d00026f5cb879209dfbb9d5b5d3cadd,,gx-no-cache=1519937716493 HTTP/1.1" 200 9235
192.168.10.56 - - [01/Mar/2018:17:58:09 -0300] "POST /cormun/servlet/trsolicitudgral?2d00026f5cb879209dfbb9d5b5d3cadd,,gx-no-cache=1519937730527 HTTP/1.1" 200 5914
192.168.10.56 - - [01/Mar/2018:17:58:14 -0300] "POST /cormun/servlet/trsolicitudgral?2d00026f5cb879209dfbb9d5b5d3cadd,,gx-no-cache=1519937735016 HTTP/1.1" 200 9237
192.168.10.96 - - [01/Mar/2018:18:00:01 -0300] "GET /cormun/servlet/vesolicitudgral?2018,8606,, HTTP/1.1" 200 9278
192.168.10.96 - - [01/Mar/2018:18:00:01 -0300] "GET /cormun/pexe_scrolldiv.js HTTP/1.1" 404 1009
192.168.10.96 - - [01/Mar/2018:18:00:02 -0300] "GET /cormun/pexe_scrolldiv.js HTTP/1.1" 404 1009
192.168.10.96 - - [01/Mar/2018:18:00:02 -0300] "GET /cormun/servlet/vesolicitudgral?2018,8606,, HTTP/1.1" 200 9277
192.168.10.96 - - [01/Mar/2018:18:00:04 -0300] "GET /cormun/servlet/vesolicitudgral?2018,8606,,SolicitudOTAdjuntos HTTP/1.1" 200 11181
192.168.10.96 - - [01/Mar/2018:18:00:04 -0300] "GET /cormun/pexe_scrolldiv.js HTTP/1.1" 404 1009
192.168.10.96 - - [01/Mar/2018:18:00:04 -0300] "GET /cormun/pexe_scrolldiv.js HTTP/1.1" 404 1009
192.168.10.96 - - [01/Mar/2018:18:00:06 -0300] "POST /cormun/servlet/acontrolpreferencessavestate?None,DZAMUDIO,true HTTP/1.1" 200 35
192.168.10.96 - - [01/Mar/2018:18:00:06 -0300] "GET /cormun/servlet/vesolicitudgral?2018,8606,,SolicitudOTAdjuntos HTTP/1.1" 200 11185
192.168.10.96 - - [01/Mar/2018:18:00:08 -0300] "GET /cormun/PublicTempStorage/c.i._a._soto1623226.pdf HTTP/1.1" 200 197037
192.168.10.96 - - [01/Mar/2018:18:00:13 -0300] "GET /cormun/servlet/vesolicitudgral?2018,8606,,SolicitudOTAdjuntos HTTP/1.1" 200 11183
192.168.10.96 - - [01/Mar/2018:18:00:15 -0300] "POST /cormun/servlet/acontrolpreferencessavestate?None,DZAMUDIO,true HTTP/1.1" 200 35
192.168.10.96 - - [01/Mar/2018:18:00:15 -0300] "GET /cormun/servlet/vesolicitudgral?2018,8606,,SolicitudOTAdjuntos HTTP/1.1" 200 11182
192.168.10.96 - - [01/Mar/2018:18:00:59 -0300] "GET /cormun/PublicTempStorage/c.afp._a.soto9367275.pdf HTTP/1.1" 200 1350358
192.168.10.96 - - [01/Mar/2018:18:01:09 -0300] "GET /cormun/servlet/vesolicitudgral?2018,8606,,SolicitudOTAdjuntos HTTP/1.1" 200 11178
192.168.10.96 - - [01/Mar/2018:18:01:11 -0300] "POST /cormun/servlet/acontrolpreferencessavestate?None,DZAMUDIO,true HTTP/1.1" 200 35
192.168.10.96 - - [01/Mar/2018:18:01:11 -0300] "GET /cormun/servlet/vesolicitudgral?2018,8606,,SolicitudOTAdjuntos HTTP/1.1" 200 11185
192.168.10.96 - - [01/Mar/2018:18:01:12 -0300] "GET /cormun/PublicTempStorage/fonasa_a._soto2928679.pdf HTTP/1.1" 200 170329
192.168.10.96 - - [01/Mar/2018:18:01:23 -0300] "GET /cormun/servlet/vesolicitudgral?2018,8606,,SolicitudOTAdjuntos HTTP/1.1" 200 11181
192.168.10.96 - - [01/Mar/2018:18:01:24 -0300] "POST /cormun/servlet/acontrolpreferencessavestate?None,DZAMUDIO,true HTTP/1.1" 200 35
192.168.10.96 - - [01/Mar/2018:18:01:24 -0300] "GET /cormun/servlet/vesolicitudgral?2018,8606,,SolicitudOTAdjuntos HTTP/1.1" 200 11184
192.168.10.96 - - [01/Mar/2018:18:01:26 -0300] "GET /cormun/PublicTempStorage/c.ant._a._soto710390.pdf HTTP/1.1" 200 217595
192.168.10.96 - - [01/Mar/2018:18:01:31 -0300] "GET /cormun/servlet/vesolicitudgral?2018,8606,,SolicitudOTAdjuntos HTTP/1.1" 200 11180
192.168.10.96 - - [01/Mar/2018:18:01:32 -0300] "POST /cormun/servlet/acontrolpreferencessavestate?None,DZAMUDIO,true HTTP/1.1" 200 35
192.168.10.96 - - [01/Mar/2018:18:01:32 -0300] "GET /cormun/servlet/vesolicitudgral?2018,8606,,SolicitudOTAdjuntos HTTP/1.1" 200 11185
192.168.10.96 - - [01/Mar/2018:18:01:33 -0300] "GET /cormun/PublicTempStorage/curri_a._soto6089612.docx HTTP/1.1" 200 51223
192.168.10.96 - - [01/Mar/2018:18:01:35 -0300] "GET /cormun/PublicTempStorage/c._tit._a._soto4101157.pdf HTTP/1.1" 200 195300
192.168.10.96 - - [01/Mar/2018:18:02:25 -0300] "GET /cormun/servlet/vesolicitudgral?2018,8606,,SolicitudOTAdjuntos HTTP/1.1" 200 11183
192.168.10.96 - - [01/Mar/2018:18:02:27 -0300] "POST /cormun/servlet/acontrolpreferencessavestate?None,DZAMUDIO,true HTTP/1.1" 200 35
192.168.10.96 - - [01/Mar/2018:18:02:27 -0300] "GET /cormun/servlet/vesolicitudgral?2018,8606,,SolicitudOTAdjuntos HTTP/1.1" 200 11185
186.103.159.46 - - [01/Mar/2018:18:14:23 -0300] "POST /cormun/servlet/solicitudot?gx-no-cache=1519938814099 HTTP/1.1" 200 3420
186.103.159.46 - - [01/Mar/2018:18:14:25 -0300] "POST /cormun/servlet/solicitudot?ffe4e6422b04176d445a83989ad10005,INS,0,0,,gx-no-cache=1519938815939 HTTP/1.1" 200 10392
186.103.159.46 - - [01/Mar/2018:18:14:54 -0300] "GET /cormun/servlet/solicitudot?1f98912d190e3d180d134005738c7fb73ac5f12ea2c52653ab06eb4f1c9d84ddc5cef950d87123a49fa223bfa9b1545d,gx-no-cache=1519938846713 HTTP/1.1" 200 30
186.103.159.46 - - [01/Mar/2018:18:14:54 -0300] "GET /cormun/servlet/solicitudot?1f98912d190e3d180d134005738c7fb77a3a3fd0e46f674c2ed832d279ac7c6074dfc7cff45d20d26ef207e4cb630b6732db8c4f302b303e11fc0ac8986223eb,gx-no-cache=1519938846896 HTTP/1.1" 200 30
186.103.159.46 - - [01/Mar/2018:18:14:54 -0300] "GET /cormun/servlet/solicitudot?1f98912d190e3d180d134005738c7fb71efffeebaddd9670e055853cc8b2f654,gx-no-cache=1519938847020 HTTP/1.1" 200 53
186.103.159.46 - - [01/Mar/2018:18:14:55 -0300] "POST /cormun/servlet/solicitudot?gx-no-cache=1519938847143 HTTP/1.1" 200 255
186.103.159.46 - - [01/Mar/2018:18:14:55 -0300] "GET /cormun/servlet/solicitudot?1f98912d190e3d180d134005738c7fb74ab3878c9861981c62e012d76639d895641f33883ff731de652ff361418edc7948a295acddbfe53ab940f75c0f993c2bb468100b997911ac48feb04de3d410bc3197ecd58e785bb055c00ecdbb4fe8e03fb3cb57cc1a871b914bdeb9f07f06bbb8857acc344a40fcf925cd86a80d1a2f17d8575c3a56ff74cb8a423e0052bf8b7d98639aef4815c3b8fedd61ab05ff22eec142977697ca08e85bdf0baa14c47ff7478b82a1d972a02aa31e2377a33e75b3226d63b67ea19643cb4d75b4899468727c344602160bfd1dd5059e123e5c9aaccc1ad08d512e12e9172d01c8566c059c7e17877a65416bc1098361183f91614deb6a25c74dbfa6e3074320bd9126aad53e14b5b26dbb31036d6cb5b908a9f8db594ac73275a5a20e3e4d5cc34b8a8fe325724c38af7e01d7e943550a85288b2a2647c5ffbff1a8111f5d191935f3ddd44ea219b2f7d848ce0e055405e9ec9ae44cc2b21a41984d06d8e5b9c6f844eee574a7f8ef1fdc61f06719f1f90ce633,gx-no-cache=1519938847705 HTTP/1.1" 200 30
186.103.159.46 - - [01/Mar/2018:18:14:55 -0300] "POST /cormun/servlet/solicitudot?gx-no-cache=1519938847821 HTTP/1.1" 200 30
186.103.159.46 - - [01/Mar/2018:18:14:55 -0300] "POST /cormun/servlet/solicitudot?gx-no-cache=1519938847972 HTTP/1.1" 200 1337
186.103.159.46 - - [01/Mar/2018:18:14:56 -0300] "POST /cormun/servlet/solicitudot?gx-no-cache=1519938848231 HTTP/1.1" 200 38
186.103.159.46 - - [01/Mar/2018:18:16:19 -0300] "POST /cormun/servlet/solicitudot?gx-no-cache=1519938931607 HTTP/1.1" 200 30
192.168.10.89 - - [01/Mar/2018:18:16:48 -0300] "GET /cormun/servlet/trfuncionariobloqueados? HTTP/1.1" 200 10616
192.168.10.89 - - [01/Mar/2018:18:16:48 -0300] "GET /cormun/static/gxcfg.js?201812320593311 HTTP/1.1" 200 953
192.168.10.89 - - [01/Mar/2018:18:16:48 -0300] "GET /cormun/static/trfuncionariobloqueados.js?201812320593613 HTTP/1.1" 304 -
192.168.10.89 - - [01/Mar/2018:18:16:59 -0300] "POST /cormun/servlet/trfuncionariobloqueados?2fdf7849505b8ca164c076caac8ae72b,,gx-no-cache=1519938860111 HTTP/1.1" 200 4367
192.168.10.89 - - [01/Mar/2018:18:17:09 -0300] "POST /cormun/servlet/trfuncionariobloqueados?2fdf7849505b8ca164c076caac8ae72b,,gx-no-cache=1519938870471 HTTP/1.1" 200 4679
192.168.10.89 - - [01/Mar/2018:18:17:15 -0300] "GET /cormun/servlet/funcionariobloqueados?DLT,14332458, HTTP/1.1" 200 6241
192.168.10.89 - - [01/Mar/2018:18:17:15 -0300] "GET /cormun/static/gxcfg.js?2018123205875 HTTP/1.1" 200 953
192.168.10.89 - - [01/Mar/2018:18:17:15 -0300] "GET /cormun/static/funcionariobloqueados.js?20181232058712 HTTP/1.1" 304 -
192.168.10.89 - - [01/Mar/2018:18:17:16 -0300] "GET /cormun/static/Shared/jqueryui/images/ui-bg_highlight-soft_100_c6c2c8_1x100.png HTTP/1.1" 404 1117
192.168.10.89 - - [01/Mar/2018:18:17:16 -0300] "GET /cormun/static/Shared/jqueryui/images/ui-bg_flat_55_fafafa_40x100.png HTTP/1.1" 404 1097
192.168.10.89 - - [01/Mar/2018:18:17:16 -0300] "GET /cormun/static/Shared/jqueryui/images/ui-icons_82798d_256x240.png HTTP/1.1" 404 1089
192.168.10.89 - - [01/Mar/2018:18:17:16 -0300] "GET /cormun/static/Shared/jqueryui/images/ui-icons_8d78a5_256x240.png HTTP/1.1" 404 1089
186.103.159.46 - - [01/Mar/2018:18:17:17 -0300] "POST /cormun/servlet/solicitudot?gx-no-cache=1519938989117 HTTP/1.1" 200 1337
186.103.159.46 - - [01/Mar/2018:18:17:17 -0300] "POST /cormun/servlet/solicitudot?gx-no-cache=1519938989507 HTTP/1.1" 200 38
192.168.10.89 - - [01/Mar/2018:18:17:20 -0300] "POST /cormun/servlet/funcionariobloqueados?2fdf7849505b8ca164c076caac8ae72b,DLT,14332458,,gx-no-cache=1519938881213 HTTP/1.1" 200 93
192.168.10.89 - - [01/Mar/2018:18:17:20 -0300] "GET /cormun/servlet/hpexe_return? HTTP/1.1" 200 1012
192.168.10.89 - - [01/Mar/2018:18:17:21 -0300] "GET /cormun/servlet/trfuncionariobloqueados? HTTP/1.1" 200 7294
192.168.10.96 - - [01/Mar/2018:18:17:22 -0300] "GET /cormun/servlet/trsolicitudgral? HTTP/1.1" 200 12847
192.168.10.96 - - [01/Mar/2018:18:17:23 -0300] "GET /cormun/servlet/trsolicitudgral? HTTP/1.1" 200 12835
192.168.10.89 - - [01/Mar/2018:18:17:29 -0300] "POST /cormun/servlet/trfuncionariobloqueados?2fdf7849505b8ca164c076caac8ae72b,,gx-no-cache=1519938889884 HTTP/1.1" 200 4593
186.103.159.46 - - [01/Mar/2018:18:17:30 -0300] "GET /cormun/servlet/solicitudot?1f98912d190e3d180d134005738c7fb7c285f028cf526b6af1aefb26201584959e276cd5b08e2cc3282ab615353521a8713725c5cb667546cb02d00f7dabca56b46c71fc95faddcb3a4fe95d036680a82ad19a524b8a052733cd20af2790ba9b89065d57efa70f1e53b6654eed9f9dd52dbb2473ff59ee2299046354f3774d98da0a1522ed4bbabae40de694bcc939b8d59148028cb19d38c8d6553d3d7728d0,gx-no-cache=1519939003022 HTTP/1.1" 200 29
186.103.159.46 - - [01/Mar/2018:18:17:31 -0300] "POST /cormun/servlet/solicitudot?gx-no-cache=1519939003158 HTTP/1.1" 200 1319
192.168.10.96 - - [01/Mar/2018:18:17:31 -0300] "POST /cormun/servlet/trsolicitudgral?8aa09d96e9d0ef62f6a23a0d270c345b,,gx-no-cache=1519938891835 HTTP/1.1" 200 5932
186.103.159.46 - - [01/Mar/2018:18:17:32 -0300] "POST /cormun/servlet/solicitudot?gx-no-cache=1519939004011 HTTP/1.1" 200 1217
186.103.159.46 - - [01/Mar/2018:18:17:32 -0300] "GET /cormun/static/menuarrow.gif HTTP/1.1" 404 1015
192.168.10.89 - - [01/Mar/2018:18:17:34 -0300] "GET /cormun/servlet/funcionariobloqueados?DLT,7904875, HTTP/1.1" 200 6233
192.168.10.89 - - [01/Mar/2018:18:17:35 -0300] "GET /cormun/static/Shared/jqueryui/images/ui-icons_82798d_256x240.png HTTP/1.1" 404 1089
192.168.10.89 - - [01/Mar/2018:18:17:35 -0300] "GET /cormun/static/Shared/jqueryui/images/ui-icons_8d78a5_256x240.png HTTP/1.1" 404 1089
192.168.10.89 - - [01/Mar/2018:18:17:35 -0300] "GET /cormun/static/Shared/jqueryui/images/ui-bg_flat_55_fafafa_40x100.png HTTP/1.1" 404 1097
192.168.10.89 - - [01/Mar/2018:18:17:35 -0300] "GET /cormun/static/Shared/jqueryui/images/ui-bg_highlight-soft_100_c6c2c8_1x100.png HTTP/1.1" 404 1117
192.168.10.89 - - [01/Mar/2018:18:17:37 -0300] "POST /cormun/servlet/funcionariobloqueados?2fdf7849505b8ca164c076caac8ae72b,DLT,7904875,,gx-no-cache=1519938898011 HTTP/1.1" 200 93
192.168.10.89 - - [01/Mar/2018:18:17:37 -0300] "GET /cormun/servlet/hpexe_return? HTTP/1.1" 200 1011
192.168.10.89 - - [01/Mar/2018:18:17:38 -0300] "GET /cormun/servlet/trfuncionariobloqueados? HTTP/1.1" 200 7052
192.168.10.96 - - [01/Mar/2018:18:17:51 -0300] "POST /cormun/servlet/trsolicitudgral?8aa09d96e9d0ef62f6a23a0d270c345b,,gx-no-cache=1519938900449 HTTP/1.1" 200 25714
192.168.10.96 - - [01/Mar/2018:18:18:10 -0300] "POST /cormun/servlet/trsolicitudgral?8aa09d96e9d0ef62f6a23a0d270c345b,,gx-no-cache=1519938915871 HTTP/1.1" 200 105
192.168.10.96 - - [01/Mar/2018:18:18:10 -0300] "GET /cormun/SolicitudGral-7858.xls HTTP/1.1" 200 329728
186.103.159.46 - - [01/Mar/2018:18:18:25 -0300] "POST /cormun/servlet/solicitudot?gx-no-cache=1519939057230 HTTP/1.1" 200 1319
186.103.159.46 - - [01/Mar/2018:18:18:26 -0300] "POST /cormun/servlet/solicitudot?gx-no-cache=1519939057927 HTTP/1.1" 200 1217
186.103.159.46 - - [01/Mar/2018:18:18:41 -0300] "GET /cormun/servlet/solicitudot?1f98912d190e3d180d134005738c7fb786479b3ffdfc5af488d77212468ea276f6b99e6b4f53a7ec47853505710010c9,gx-no-cache=1519939073965 HTTP/1.1" 200 30
192.168.10.96 - - [01/Mar/2018:18:18:52 -0300] "POST /cormun/servlet/trsolicitudgral?8aa09d96e9d0ef62f6a23a0d270c345b,,gx-no-cache=1519938967174 HTTP/1.1" 200 26675
192.168.10.96 - - [01/Mar/2018:18:19:02 -0300] "POST /cormun/servlet/trsolicitudgral?8aa09d96e9d0ef62f6a23a0d270c345b,,gx-no-cache=1519938976306 HTTP/1.1" 200 105
192.168.10.96 - - [01/Mar/2018:18:19:02 -0300] "GET /cormun/SolicitudGral-9862.xls HTTP/1.1" 200 155648
186.103.159.46 - - [01/Mar/2018:18:19:11 -0300] "POST /cormun/servlet/solicitudot?gx-no-cache=1519939102934 HTTP/1.1" 200 33
192.168.10.96 - - [01/Mar/2018:18:19:20 -0300] "POST /cormun/servlet/trsolicitudgral?8aa09d96e9d0ef62f6a23a0d270c345b,,gx-no-cache=1519938988477 HTTP/1.1" 200 25608
186.103.159.46 - - [01/Mar/2018:18:19:21 -0300] "POST /cormun/servlet/solicitudot?ffe4e6422b04176d445a83989ad10005,INS,0,0,,gx-no-cache=1519939113293 HTTP/1.1" 200 93
186.103.159.46 - - [01/Mar/2018:18:19:22 -0300] "GET /cormun/servlet/hpexe_return? HTTP/1.1" 200 1008
186.103.159.46 - - [01/Mar/2018:18:19:23 -0300] "GET /cormun/servlet/trsolicitudot HTTP/1.1" 200 12862
186.103.159.46 - - [01/Mar/2018:18:19:25 -0300] "GET /cormun/servlet/trsolicitudot HTTP/1.1" 200 12857
186.103.159.46 - - [01/Mar/2018:18:19:57 -0300] "GET /cormun/servlet/solicitudot?INS,0,0, HTTP/1.1" 200 13408
186.103.159.46 - - [01/Mar/2018:18:19:59 -0300] "GET /cormun/servlet/solicitudot?INS,0,0, HTTP/1.1" 200 13413
192.168.10.89 - - [01/Mar/2018:18:20:00 -0300] "GET /cormun/servlet/trsecurityrole? HTTP/1.1" 200 10765
192.168.10.89 - - [01/Mar/2018:18:20:00 -0300] "GET /cormun/static/gxcfg.js?20175251224777 HTTP/1.1" 200 953
192.168.10.89 - - [01/Mar/2018:18:20:00 -0300] "GET /cormun/static/trsecurityrole.js?20175251225115 HTTP/1.1" 200 15964
192.168.10.89 - - [01/Mar/2018:18:20:01 -0300] "GET /cormun//static/Resources/PXToolsGridDisplay.png HTTP/1.1" 200 362
192.168.10.89 - - [01/Mar/2018:18:20:08 -0300] "POST /cormun/servlet/trsecurityrole?2fdf7849505b8ca164c076caac8ae72b,,gx-no-cache=1519939049005 HTTP/1.1" 200 4395
192.168.10.96 - - [01/Mar/2018:18:20:10 -0300] "POST /cormun/servlet/trsolicitudgral?8aa09d96e9d0ef62f6a23a0d270c345b,,gx-no-cache=1519939034324 HTTP/1.1" 200 105
192.168.10.96 - - [01/Mar/2018:18:20:11 -0300] "GET /cormun/SolicitudGral-3567.xls HTTP/1.1" 200 363008
192.168.10.89 - - [01/Mar/2018:18:20:14 -0300] "POST /cormun/servlet/trsecurityrole?2fdf7849505b8ca164c076caac8ae72b,,gx-no-cache=1519939055301 HTTP/1.1" 200 8029
186.103.159.46 - - [01/Mar/2018:18:20:23 -0300] "GET /cormun/servlet/prfichaempleado?,MD,,gxPopupLevel%3D0%3B HTTP/1.1" 200 9305
192.168.10.89 - - [01/Mar/2018:18:20:28 -0300] "POST /cormun/servlet/trsecurityrole?2fdf7849505b8ca164c076caac8ae72b,,gx-no-cache=1519939069227 HTTP/1.1" 200 4776
192.168.10.89 - - [01/Mar/2018:18:20:34 -0300] "GET /cormun/servlet/trsecurityuser01? HTTP/1.1" 200 12351
192.168.10.89 - - [01/Mar/2018:18:20:41 -0300] "POST /cormun/servlet/trsecurityuser01?2fdf7849505b8ca164c076caac8ae72b,,gx-no-cache=1519939081948 HTTP/1.1" 200 4430
192.168.10.89 - - [01/Mar/2018:18:20:47 -0300] "POST /cormun/servlet/trsecurityuser01?2fdf7849505b8ca164c076caac8ae72b,,gx-no-cache=1519939088515 HTTP/1.1" 200 4433
192.168.10.89 - - [01/Mar/2018:18:20:59 -0300] "POST /cormun/servlet/trsecurityuser01?2fdf7849505b8ca164c076caac8ae72b,,gx-no-cache=1519939099556 HTTP/1.1" 200 9997
192.168.10.89 - - [01/Mar/2018:18:21:11 -0300] "POST /cormun/servlet/trsecurityuser01?2fdf7849505b8ca164c076caac8ae72b,,gx-no-cache=1519939111314 HTTP/1.1" 200 10354
186.103.159.46 - - [01/Mar/2018:18:21:34 -0300] "GET /cormun/servlet/prfichaempleado?,MD,,gxPopupLevel%3D0%3B HTTP/1.1" 200 9305
192.168.10.89 - - [01/Mar/2018:18:21:35 -0300] "POST /cormun/servlet/trsecurityuser01?2fdf7849505b8ca164c076caac8ae72b,,gx-no-cache=1519939134986 HTTP/1.1" 200 10354
192.168.10.89 - - [01/Mar/2018:18:21:49 -0300] "POST /cormun/servlet/trsecurityuser01?2fdf7849505b8ca164c076caac8ae72b,,gx-no-cache=1519939149440 HTTP/1.1" 200 9997
192.168.10.89 - - [01/Mar/2018:18:22:09 -0300] "POST /cormun/servlet/trsecurityuser01?2fdf7849505b8ca164c076caac8ae72b,,gx-no-cache=1519939169619 HTTP/1.1" 200 9998
192.168.10.89 - - [01/Mar/2018:18:22:28 -0300] "POST /cormun/servlet/trsecurityuser01?2fdf7849505b8ca164c076caac8ae72b,,gx-no-cache=1519939188259 HTTP/1.1" 200 9997
192.168.10.89 - - [01/Mar/2018:18:23:17 -0300] "POST /cormun/servlet/trsecurityuser01?2fdf7849505b8ca164c076caac8ae72b,,gx-no-cache=1519939238048 HTTP/1.1" 200 9998
186.103.159.46 - - [01/Mar/2018:18:23:37 -0300] "GET /cormun/servlet/prfichaempleado?,MD,,gxPopupLevel%3D0%3B HTTP/1.1" 200 9305
192.168.10.89 - - [01/Mar/2018:18:23:42 -0300] "POST /cormun/servlet/trsecurityuser01?2fdf7849505b8ca164c076caac8ae72b,,gx-no-cache=1519939262441 HTTP/1.1" 200 10353
186.103.159.46 - - [01/Mar/2018:18:23:48 -0300] "POST /cormun/servlet/solicitudot?gx-no-cache=1519939380245 HTTP/1.1" 200 3422
186.103.159.46 - - [01/Mar/2018:18:23:49 -0300] "POST /cormun/servlet/solicitudot?ffe4e6422b04176d445a83989ad10005,INS,0,0,,gx-no-cache=1519939380822 HTTP/1.1" 200 10375
186.103.159.46 - - [01/Mar/2018:18:24:01 -0300] "GET /cormun/servlet/solicitudot?1f98912d190e3d180d134005738c7fb7177b60d21bfefd4b8b6064bba5807e64c5cef950d87123a49fa223bfa9b1545d,gx-no-cache=1519939393607 HTTP/1.1" 200 30
186.103.159.46 - - [01/Mar/2018:18:24:01 -0300] "GET /cormun/servlet/solicitudot?1f98912d190e3d180d134005738c7fb7a442e15028570cc2840b2c61eecf6e74245cbd68f02f0cf046bc2c4a445c882b32db8c4f302b303e11fc0ac8986223eb,gx-no-cache=1519939393728 HTTP/1.1" 200 30
186.103.159.46 - - [01/Mar/2018:18:24:01 -0300] "GET /cormun/servlet/solicitudot?1f98912d190e3d180d134005738c7fb71efffeebaddd9670e055853cc8b2f654,gx-no-cache=1519939393831 HTTP/1.1" 200 53
186.103.159.46 - - [01/Mar/2018:18:24:01 -0300] "POST /cormun/servlet/solicitudot?gx-no-cache=1519939393937 HTTP/1.1" 200 240
186.103.159.46 - - [01/Mar/2018:18:24:02 -0300] "GET /cormun/servlet/solicitudot?1f98912d190e3d180d134005738c7fb74ab3878c9861981c62e012d76639d895a424555a983e6d34cd5c7c35cf8f645248a295acddbfe53ab940f75c0f993c2bb468100b997911ac48feb04de3d410bc3197ecd58e785bb055c00ecdbb4fe8e03fb3cb57cc1a871b914bdeb9f07f06bbb8857acc344a40fcf925cd86a80d1a2f17d8575c3a56ff74cb8a423e0052bf8b7d98639aef4815c3b8fedd61ab05ff22eec142977697ca08e85bdf0baa14c47ff7478b82a1d972a02aa31e2377a33e75b3226d63b67ea19643cb4d75b4899468727c344602160bfd1dd5059e123e5c9aaccc1ad08d512e12e9172d01c8566c059c7e17877a65416bc1098361183f91614deb6a25c74dbfa6e3074320bd9126aa84ac056dc7dc57e9c4a8da446dc2d7b35d6f7745e18da679155813d692f80e499cef45729ef83d1910ec602d22b5963efb1feae3e730c2896d03f3383e0cf4fa07db60d38d578b6240279190f8afbbc6f96228a1d18930bf57ab3381528009d4439b59ec43f80573a8ae19fa4a0fedc7,gx-no-cache=1519939394080 HTTP/1.1" 200 30
192.168.10.89 - - [01/Mar/2018:18:24:14 -0300] "POST /cormun/servlet/trsecurityuser01?2fdf7849505b8ca164c076caac8ae72b,,gx-no-cache=1519939294834 HTTP/1.1" 200 7191
186.103.159.46 - - [01/Mar/2018:18:24:16 -0300] "POST /cormun/servlet/solicitudot?gx-no-cache=1519939408049 HTTP/1.1" 200 30
192.168.10.89 - - [01/Mar/2018:18:24:25 -0300] "GET /cormun/servlet/securityusers?UPD,20, HTTP/1.1" 200 7977
186.103.159.46 - - [01/Mar/2018:18:24:34 -0300] "POST /cormun/servlet/solicitudot?gx-no-cache=1519939426359 HTTP/1.1" 200 1337
186.103.159.46 - - [01/Mar/2018:18:24:34 -0300] "POST /cormun/servlet/solicitudot?gx-no-cache=1519939426612 HTTP/1.1" 200 38
186.103.159.46 - - [01/Mar/2018:18:24:41 -0300] "GET /cormun/servlet/solicitudot?1f98912d190e3d180d134005738c7fb7c285f028cf526b6af1aefb26201584959e276cd5b08e2cc3282ab615353521a8713725c5cb667546cb02d00f7dabca56b46c71fc95faddcb3a4fe95d036680a82ad19a524b8a052733cd20af2790ba9b89065d57efa70f1e53b6654eed9f9dd52dbb2473ff59ee2299046354f3774d98da0a1522ed4bbabae40de694bcc939b8d59148028cb19d38c8d6553d3d7728d0,gx-no-cache=1519939433997 HTTP/1.1" 200 29
186.103.159.46 - - [01/Mar/2018:18:24:42 -0300] "POST /cormun/servlet/solicitudot?gx-no-cache=1519939434116 HTTP/1.1" 200 1319
186.103.159.46 - - [01/Mar/2018:18:24:42 -0300] "POST /cormun/servlet/solicitudot?gx-no-cache=1519939434325 HTTP/1.1" 200 1219
192.168.10.89 - - [01/Mar/2018:18:24:45 -0300] "POST /cormun/servlet/securityusers?2fdf7849505b8ca164c076caac8ae72b,UPD,20,,gx-no-cache=1519939325976 HTTP/1.1" 200 93
192.168.10.89 - - [01/Mar/2018:18:24:45 -0300] "GET /cormun/servlet/hpexe_return? HTTP/1.1" 200 1002
186.103.159.46 - - [01/Mar/2018:18:24:45 -0300] "GET /cormun/static/menuarrow.gif HTTP/1.1" 404 1015
192.168.10.89 - - [01/Mar/2018:18:24:46 -0300] "GET /cormun/servlet/trsecurityuser01? HTTP/1.1" 200 9766
192.168.10.89 - - [01/Mar/2018:18:24:50 -0300] "GET /cormun/servlet/securityusers?INS,0, HTTP/1.1" 200 7857
186.103.159.46 - - [01/Mar/2018:18:24:53 -0300] "GET /cormun/servlet/solicitudot?1f98912d190e3d180d134005738c7fb786479b3ffdfc5af488d77212468ea276f6b99e6b4f53a7ec47853505710010c9,gx-no-cache=1519939445301 HTTP/1.1" 200 30
186.103.159.46 - - [01/Mar/2018:18:25:04 -0300] "POST /cormun/servlet/solicitudot?gx-no-cache=1519939457029 HTTP/1.1" 200 30
186.103.159.46 - - [01/Mar/2018:18:26:13 -0300] "POST /cormun/servlet/solicitudot?ffe4e6422b04176d445a83989ad10005,INS,0,0,,gx-no-cache=1519939524658 HTTP/1.1" 200 93
