186.79.12.93 - - [01/Mar/2018:13:54:10 -0300] "GET /cormun/static/SmoothNavMenu/resources/images/right.gif HTTP/1.1" 200 860
186.79.12.93 - - [01/Mar/2018:13:54:11 -0300] "GET /cormun/servlet/hhome HTTP/1.1" 200 4187
186.103.159.43 - - [01/Mar/2018:13:54:12 -0300] "GET /cormun/servlet/solicitudot?INS,0,0, HTTP/1.1" 200 13385
186.79.12.93 - - [01/Mar/2018:13:54:24 -0300] "GET /cormun/servlet/trautorizarsolicitud? HTTP/1.1" 200 8660
186.79.12.93 - - [01/Mar/2018:13:54:24 -0300] "GET /cormun/static/gxui/gxui-all.css?120300 HTTP/1.1" 200 2179
186.79.12.93 - - [01/Mar/2018:13:54:24 -0300] "GET /cormun/static/calendar-system.css?85620 HTTP/1.1" 200 5572
186.79.12.93 - - [01/Mar/2018:13:54:24 -0300] "GET /cormun/static/gxcfg.js?2017111423403364 HTTP/1.1" 200 953
186.79.12.93 - - [01/Mar/2018:13:54:24 -0300] "GET /cormun/static/calendar.js?85251 HTTP/1.1" 200 26246
186.79.12.93 - - [01/Mar/2018:13:54:24 -0300] "GET /cormun/static/calendar-setup.js?85251 HTTP/1.1" 200 2588
186.79.12.93 - - [01/Mar/2018:13:54:24 -0300] "GET /cormun/static/calendar-es.js?85251 HTTP/1.1" 200 1901
186.79.12.93 - - [01/Mar/2018:13:54:24 -0300] "GET /cormun/static/Resources/Spanish/PXTools.css?1255365 HTTP/1.1" 200 89042
186.79.12.93 - - [01/Mar/2018:13:54:24 -0300] "GET /cormun/static/Shared/ext/resources/css/ext-all.css?215870 HTTP/1.1" 200 416045
186.79.12.93 - - [01/Mar/2018:13:54:25 -0300] "GET /cormun/static/gxdec.js?85251 HTTP/1.1" 200 19579
186.79.12.93 - - [01/Mar/2018:13:54:25 -0300] "GET /cormun/static/trautorizarsolicitud.js?201711142340425 HTTP/1.1" 200 53910
186.79.12.93 - - [01/Mar/2018:13:54:26 -0300] "GET /cormun/static/Resources/PXTools/calendar.png HTTP/1.1" 200 1306
186.79.12.93 - - [01/Mar/2018:13:54:26 -0300] "GET /cormun/static/Resources/PXToolsDataSearch.png HTTP/1.1" 200 419
186.79.12.93 - - [01/Mar/2018:13:54:26 -0300] "GET /cormun/static/Resources/PXToolsGridFirstDisabled.gif HTTP/1.1" 200 100
186.79.12.93 - - [01/Mar/2018:13:54:26 -0300] "GET /cormun/static/Resources/PXToolsGridPreviousDisabled.gif HTTP/1.1" 200 90
186.79.12.93 - - [01/Mar/2018:13:54:26 -0300] "GET /cormun/static/Resources/PXToolsGridNextDisabled.gif HTTP/1.1" 200 90
186.79.12.93 - - [01/Mar/2018:13:54:26 -0300] "GET /cormun/static/Resources/PXToolsGridLastDisabled.gif HTTP/1.1" 200 98
186.79.12.93 - - [01/Mar/2018:13:54:26 -0300] "GET /cormun/static/Resources/PXToolsGridPage.gif HTTP/1.1" 200 725
186.79.12.93 - - [01/Mar/2018:13:54:26 -0300] "GET /cormun/static/Resources/PXToolsActionExcel.png HTTP/1.1" 200 3187
186.79.12.93 - - [01/Mar/2018:13:54:27 -0300] "GET /cormun/static/Resources/asc.gif HTTP/1.1" 200 67
186.79.12.93 - - [01/Mar/2018:13:54:27 -0300] "GET /cormun/static/Resources/desc.gif HTTP/1.1" 200 65
186.79.12.93 - - [01/Mar/2018:13:54:27 -0300] "GET /cormun//static/Resources/PXToolsActionView.png HTTP/1.1" 200 2995
186.79.12.93 - - [01/Mar/2018:13:54:27 -0300] "GET /cormun//static/Resources/PXToolsRemoveAllAction.png HTTP/1.1" 200 3558
186.79.12.93 - - [01/Mar/2018:13:54:27 -0300] "GET /cormun//static/Resources/PXToolsGridDelete.png HTTP/1.1" 200 357
186.79.12.93 - - [01/Mar/2018:13:54:27 -0300] "GET /cormun//static/Resources/PXTools/ActionInsert.png HTTP/1.1" 200 1482
186.79.12.93 - - [01/Mar/2018:13:54:27 -0300] "GET /cormun//static/Resources/PXToolsGridUpdate.png HTTP/1.1" 200 2984
186.79.12.93 - - [01/Mar/2018:13:54:27 -0300] "GET /cormun/static/Shared/ext/resources/themes/images/default/panel/bg-headersPanel.png HTTP/1.1" 200 255
186.79.12.93 - - [01/Mar/2018:13:54:27 -0300] "GET /cormun/static/Shared/ext/resources/themes/images/default/tools/tool-sprites.gif HTTP/1.1" 200 5434
186.79.12.93 - - [01/Mar/2018:13:54:27 -0300] "GET /cormun/servlet/trautorizarsolicitud? HTTP/1.1" 200 8658
192.168.10.96 - - [01/Mar/2018:13:54:28 -0300] "POST /cormun/servlet/trsolicitudgral?b03ab36c19dee4b84c1d7a3ecc991914,,gx-no-cache=1519923109012 HTTP/1.1" 200 9495
186.79.12.93 - - [01/Mar/2018:13:54:31 -0300] "POST /cormun/servlet/trautorizarsolicitud?517f7510fb57de555242478950a0f19e,,gx-no-cache=1519923222597 HTTP/1.1" 200 4598
186.79.12.93 - - [01/Mar/2018:13:54:31 -0300] "GET /cormun/static/Shared/jqueryui/images/ui-bg_highlight-soft_100_c6c2c8_1x100.png HTTP/1.1" 404 1117
186.79.12.93 - - [01/Mar/2018:13:54:31 -0300] "GET /cormun/static/Shared/jqueryui/images/ui-icons_82798d_256x240.png HTTP/1.1" 404 1089
186.79.12.93 - - [01/Mar/2018:13:54:32 -0300] "GET /cormun/static/Shared/jqueryui/images/ui-bg_flat_55_fafafa_40x100.png HTTP/1.1" 404 1097
186.79.12.93 - - [01/Mar/2018:13:54:32 -0300] "GET /cormun/static/Shared/jqueryui/images/ui-icons_8d78a5_256x240.png HTTP/1.1" 404 1089
186.79.12.93 - - [01/Mar/2018:13:54:33 -0300] "POST /cormun/servlet/trautorizarsolicitud?517f7510fb57de555242478950a0f19e,,gx-no-cache=1519923223842 HTTP/1.1" 200 4374
192.168.10.89 - - [01/Mar/2018:13:54:45 -0300] "POST /cormun/servlet/trsolicitudgral?8fe07371b50446f5c2da3f8da44a0453,,gx-no-cache=1519923115954 HTTP/1.1" 200 25340
186.103.159.43 - - [01/Mar/2018:13:54:46 -0300] "POST /cormun/servlet/solicitudot?gx-no-cache=1519923239684 HTTP/1.1" 200 3421
186.103.159.43 - - [01/Mar/2018:13:54:47 -0300] "POST /cormun/servlet/solicitudot?d68d35dac4e7d133ed8e6ff9184e7159,INS,0,0,,gx-no-cache=1519923241100 HTTP/1.1" 200 10400
186.79.12.93 - - [01/Mar/2018:13:54:50 -0300] "GET /cormun/servlet/hlogin HTTP/1.1" 200 1735
186.103.159.43 - - [01/Mar/2018:13:54:57 -0300] "GET /cormun/servlet/solicitudot?85393ae0c0e3aafb8f1a7e0d7c5a401195fe67f1762f45164cb3d3aad6b01392523c4d61a0114697173b3582986424da,gx-no-cache=1519923252047 HTTP/1.1" 200 30
186.103.159.43 - - [01/Mar/2018:13:54:58 -0300] "GET /cormun/servlet/solicitudot?85393ae0c0e3aafb8f1a7e0d7c5a4011a8405a5a8acfe1f9bc890aadcfce20f639252904f3eda2968149268511ec3afb78f22e7160da4c627637e3e75347cdeb,gx-no-cache=1519923252123 HTTP/1.1" 200 30
186.103.159.43 - - [01/Mar/2018:13:54:58 -0300] "GET /cormun/servlet/solicitudot?85393ae0c0e3aafb8f1a7e0d7c5a40116cce2940b84bb4395b50e671a6a807cc,gx-no-cache=1519923252203 HTTP/1.1" 200 53
186.103.159.43 - - [01/Mar/2018:13:54:58 -0300] "POST /cormun/servlet/solicitudot?gx-no-cache=1519923252278 HTTP/1.1" 200 297
186.103.159.43 - - [01/Mar/2018:13:54:58 -0300] "GET /cormun/servlet/solicitudot?85393ae0c0e3aafb8f1a7e0d7c5a401197d1da3383cbae94d2a9470979d01e93f51b248b5eefbd28ad3f358a7000caa01684aadc98a18379734004cc735a16d5ff521994a316807959ce7fe48274595d4b3ba2a215f213e00822f4e01e0ada3fcac5d0a3971929cbf40b0fa19f118f83203dab560b6637886d2749c26f62324d8dc26b455895cb64b3fbfd332bb6af6bfe7d7e5a627221110382144aeb446843e85a0ddab05596c0ca880af1cee6c132d5b4748043bab0200532aaac0d7b08fd1e2a8f03376941c1e2cbf17bd610cf4bb7d81cc9688f731a8b6ab85f066a36e6f1b7a76af8ba6e1c178167d2a70609e5ad39f07259e704331468a5843c8b95cc064ee42384c908c78d85dfdcb16601388a04366cb744de229aac88dfd33cfe77a5eb684d91f26fc989098d43c4503ea4ef46911cebdeaf90a5e26bac87aa936c8ff2cb21baf13cb25fde57e5a42b72dff36243cfd92456cd724ed179cd0f856aaf900535dff7364997275f962f48370cf7f39cc774c6f3fda18d0075807ebbfb9df1999d6d11ef750b8861a4bf6eaebd,gx-no-cache=1519923252391 HTTP/1.1" 200 30
93.158.161.6 - - [01/Mar/2018:13:54:59 -0300] "GET /docs/funcspecs/fs-admin-opers.html HTTP/1.1" 200 21746
186.103.159.43 - - [01/Mar/2018:13:55:00 -0300] "POST /cormun/servlet/solicitudot?gx-no-cache=1519923254738 HTTP/1.1" 200 30
186.103.159.43 - - [01/Mar/2018:13:55:06 -0300] "POST /cormun/servlet/solicitudot?gx-no-cache=1519923260765 HTTP/1.1" 200 1337
186.103.159.43 - - [01/Mar/2018:13:55:07 -0300] "POST /cormun/servlet/solicitudot?gx-no-cache=1519923261676 HTTP/1.1" 200 38
186.103.159.43 - - [01/Mar/2018:13:55:22 -0300] "GET /cormun/servlet/solicitudot?85393ae0c0e3aafb8f1a7e0d7c5a401103efe1137e620b5f1087420cadfec57a291da33f44cb5d295f9dc434d9d5fa5810259a25b96bfb6eb06931900f27d83eec1aad9809d00d02e5c96723da98af354a4ac1bc9f1f0c123c64db4cad5615c910d9101a823a62c8844d253d1e9445aa,gx-no-cache=1519923276187 HTTP/1.1" 200 29
186.103.159.43 - - [01/Mar/2018:13:55:22 -0300] "POST /cormun/servlet/solicitudot?gx-no-cache=1519923276310 HTTP/1.1" 200 1319
186.103.159.43 - - [01/Mar/2018:13:55:23 -0300] "POST /cormun/servlet/solicitudot?gx-no-cache=1519923277608 HTTP/1.1" 200 1218
192.168.10.89 - - [01/Mar/2018:13:55:32 -0300] "POST /cormun/servlet/trsolicitudgral?8fe07371b50446f5c2da3f8da44a0453,,gx-no-cache=1519923159199 HTTP/1.1" 200 105
192.168.10.89 - - [01/Mar/2018:13:55:33 -0300] "GET /cormun/SolicitudGral-3266.xls HTTP/1.1" 200 327168
192.168.10.89 - - [01/Mar/2018:13:55:35 -0300] "OPTIONS /cormun/ HTTP/1.1" 200 -
192.168.10.89 - - [01/Mar/2018:13:55:35 -0300] "OPTIONS /cormun/ HTTP/1.1" 200 -
192.168.10.89 - - [01/Mar/2018:13:55:40 -0300] "HEAD /cormun/SolicitudGral-3266.xls HTTP/1.1" 200 -
192.168.10.89 - - [01/Mar/2018:13:55:40 -0300] "HEAD /cormun/SolicitudGral-3266.xls HTTP/1.1" 200 -
192.168.10.89 - - [01/Mar/2018:13:55:42 -0300] "GET /cormun/SolicitudGral-3266.xls HTTP/1.1" 200 327168
192.168.10.89 - - [01/Mar/2018:13:55:42 -0300] "HEAD /cormun/SolicitudGral-3266.xls HTTP/1.1" 200 -
186.103.159.43 - - [01/Mar/2018:13:55:46 -0300] "GET /cormun/servlet/solicitudot?85393ae0c0e3aafb8f1a7e0d7c5a40115805079c7fc83be8ed573a29887963171d1fb5454efb85737937b5f30413c0de,gx-no-cache=1519923300442 HTTP/1.1" 200 30
186.103.159.43 - - [01/Mar/2018:13:55:56 -0300] "POST /cormun/servlet/solicitudot?gx-no-cache=1519923310343 HTTP/1.1" 200 30
192.168.10.89 - - [01/Mar/2018:13:56:21 -0300] "POST /cormun/servlet/trsolicitudgral?8fe07371b50446f5c2da3f8da44a0453,,gx-no-cache=1519923221878 HTTP/1.1" 200 7971
186.103.159.43 - - [01/Mar/2018:13:56:34 -0300] "POST /cormun/servlet/solicitudot?d68d35dac4e7d133ed8e6ff9184e7159,INS,0,0,,gx-no-cache=1519923345801 HTTP/1.1" 200 93
186.103.159.43 - - [01/Mar/2018:13:56:34 -0300] "GET /cormun/servlet/hpexe_return? HTTP/1.1" 200 1006
186.103.159.43 - - [01/Mar/2018:13:56:35 -0300] "GET /cormun/servlet/trsolicitudot HTTP/1.1" 200 8957
186.103.159.43 - - [01/Mar/2018:13:56:37 -0300] "GET /cormun/servlet/trsolicitudot HTTP/1.1" 200 8953
192.168.10.96 - - [01/Mar/2018:13:56:39 -0300] "POST /cormun/servlet/trsolicitudgral?b03ab36c19dee4b84c1d7a3ecc991914,,gx-no-cache=1519923239826 HTTP/1.1" 200 9497
192.168.10.96 - - [01/Mar/2018:13:56:44 -0300] "POST /cormun/servlet/trsolicitudgral?b03ab36c19dee4b84c1d7a3ecc991914,,gx-no-cache=1519923245019 HTTP/1.1" 200 11509
40.77.167.190 - - [01/Mar/2018:13:56:46 -0300] "GET /cormun/static/gxgral.js?85251 HTTP/1.1" 200 384558
186.103.159.43 - - [01/Mar/2018:13:57:23 -0300] "POST /cormun/servlet/trsolicitudot?d68d35dac4e7d133ed8e6ff9184e7159,gx-no-cache=1519923395379 HTTP/1.1" 200 5674
186.103.159.43 - - [01/Mar/2018:13:57:24 -0300] "GET /cormun/static/Shared/jqueryui/images/ui-icons_82798d_256x240.png HTTP/1.1" 404 1089
186.103.159.43 - - [01/Mar/2018:13:57:24 -0300] "GET /cormun/static/Shared/jqueryui/images/ui-bg_flat_55_fafafa_40x100.png HTTP/1.1" 404 1097
186.103.159.43 - - [01/Mar/2018:13:57:24 -0300] "GET /cormun/static/Shared/jqueryui/images/ui-icons_8d78a5_256x240.png HTTP/1.1" 404 1089
186.103.159.43 - - [01/Mar/2018:13:57:25 -0300] "GET /cormun/static/Shared/jqueryui/images/ui-bg_highlight-soft_100_c6c2c8_1x100.png HTTP/1.1" 404 1117
186.103.159.43 - - [01/Mar/2018:13:57:26 -0300] "POST /cormun/servlet/trsolicitudot?d68d35dac4e7d133ed8e6ff9184e7159,gx-no-cache=1519923398790 HTTP/1.1" 200 5617
186.103.159.187 - - [01/Mar/2018:13:57:37 -0300] "GET /cormun/servlet/hhome HTTP/1.1" 200 3380
186.103.159.187 - - [01/Mar/2018:13:57:38 -0300] "GET /cormun/servlet/hlogin HTTP/1.1" 200 1727
186.103.159.187 - - [01/Mar/2018:13:57:38 -0300] "GET /cormun/servlet/hhome HTTP/1.1" 200 3389
186.103.159.187 - - [01/Mar/2018:13:57:46 -0300] "POST /cormun/servlet/hlogin?3324b9276190c04c9dfd0bc160f1cf4b,gx-no-cache=1519923518607 HTTP/1.1" 200 438
192.168.10.96 - - [01/Mar/2018:13:57:48 -0300] "POST /cormun/servlet/trsolicitudgral?b03ab36c19dee4b84c1d7a3ecc991914,,gx-no-cache=1519923309370 HTTP/1.1" 200 9495
186.103.159.187 - - [01/Mar/2018:13:57:52 -0300] "POST /cormun/servlet/hlogin?3324b9276190c04c9dfd0bc160f1cf4b,gx-no-cache=1519923524935 HTTP/1.1" 200 90
186.103.159.187 - - [01/Mar/2018:13:57:52 -0300] "GET /cormun/servlet/hpexe_link HTTP/1.1" 200 946
186.103.159.187 - - [01/Mar/2018:13:57:53 -0300] "GET /cormun/servlet/hhome HTTP/1.1" 200 3920
192.168.10.96 - - [01/Mar/2018:13:57:53 -0300] "GET /cormun/servlet/hhome HTTP/1.1" 200 4700
192.168.10.96 - - [01/Mar/2018:13:57:54 -0300] "GET /cormun/servlet/hhome HTTP/1.1" 200 4700
186.103.159.187 - - [01/Mar/2018:13:57:54 -0300] "GET /cormun/servlet/hhome HTTP/1.1" 200 3917
186.103.159.187 - - [01/Mar/2018:13:58:26 -0300] "GET /cormun/servlet/trsolicitudot? HTTP/1.1" 200 7128
192.168.10.96 - - [01/Mar/2018:13:58:33 -0300] "GET /cormun/servlet/trsolicitudgral? HTTP/1.1" 200 12737
192.168.10.96 - - [01/Mar/2018:13:58:34 -0300] "GET /cormun/servlet/trsolicitudgral? HTTP/1.1" 200 12736
186.103.159.187 - - [01/Mar/2018:13:58:34 -0300] "GET /cormun/servlet/trsolicitudot? HTTP/1.1" 200 7128
192.168.10.96 - - [01/Mar/2018:13:59:11 -0300] "POST /cormun/servlet/trsolicitudgral?b03ab36c19dee4b84c1d7a3ecc991914,,gx-no-cache=1519923392247 HTTP/1.1" 200 8398
192.168.10.96 - - [01/Mar/2018:13:59:36 -0300] "POST /cormun/servlet/trsolicitudgral?b03ab36c19dee4b84c1d7a3ecc991914,,gx-no-cache=1519923416838 HTTP/1.1" 200 8496
186.103.159.43 - - [01/Mar/2018:13:59:46 -0300] "POST /cormun/servlet/trsolicitudot?d68d35dac4e7d133ed8e6ff9184e7159,gx-no-cache=1519923539274 HTTP/1.1" 200 106
186.103.159.43 - - [01/Mar/2018:13:59:47 -0300] "GET /cormun/servlet/solicitudot?UPD,2018,9768, HTTP/1.1" 200 15103
192.168.10.96 - - [01/Mar/2018:13:59:49 -0300] "POST /cormun/servlet/trsolicitudgral?b03ab36c19dee4b84c1d7a3ecc991914,,gx-no-cache=1519923429925 HTTP/1.1" 200 11508
186.103.159.43 - - [01/Mar/2018:13:59:49 -0300] "GET /cormun/servlet/solicitudot?UPD,2018,9768, HTTP/1.1" 200 15112
186.103.159.43 - - [01/Mar/2018:13:59:50 -0300] "POST /cormun/servlet/solicitudot?gx-no-cache=1519923543710 HTTP/1.1" 200 3361
186.103.159.43 - - [01/Mar/2018:13:59:55 -0300] "POST /cormun/servlet/solicitudot?d68d35dac4e7d133ed8e6ff9184e7159,UPD,2018,9768,,gx-no-cache=1519923546819 HTTP/1.1" 200 11459
186.103.159.43 - - [01/Mar/2018:13:59:56 -0300] "GET /cormun/servlet/solicitudot?85393ae0c0e3aafb8f1a7e0d7c5a40112390a236cae478a1d46b38c0bad01959926e4ef88aed437ea34911e9f28f84b6,gx-no-cache=1519923550818 HTTP/1.1" 200 30
186.103.159.43 - - [01/Mar/2018:13:59:57 -0300] "GET /cormun/servlet/solicitudot?85393ae0c0e3aafb8f1a7e0d7c5a40117199492becf6253f19acc542dbf5f6f555437c02247b48d406aa14cdd67809ed6f69b9b48da72a5d8dc28f6c504808db,gx-no-cache=1519923551202 HTTP/1.1" 200 30
186.103.159.43 - - [01/Mar/2018:13:59:57 -0300] "GET /cormun/servlet/solicitudot?85393ae0c0e3aafb8f1a7e0d7c5a4011173a0a849ebe3447e13d9d9424e29d58,gx-no-cache=1519923551622 HTTP/1.1" 200 29
186.103.159.43 - - [01/Mar/2018:13:59:58 -0300] "POST /cormun/servlet/solicitudot?gx-no-cache=1519923552052 HTTP/1.1" 200 254
186.103.159.43 - - [01/Mar/2018:14:00:07 -0300] "GET /cormun/servlet/solicitudot?85393ae0c0e3aafb8f1a7e0d7c5a401197d1da3383cbae94d2a9470979d01e9365493e527fbc30b25558126e751f1dc11684aadc98a18379734004cc735a16d5ff521994a316807959ce7fe48274595d4b3ba2a215f213e00822f4e01e0ada3fcac5d0a3971929cbf40b0fa19f118f83203dab560b6637886d2749c26f62324d8dc26b455895cb64b3fbfd332bb6af6bfe7d7e5a627221110382144aeb446843e85a0ddab05596c0ca880af1cee6c132d5b4748043bab0200532aaac0d7b08fd1e2a8f03376941c1e2cbf17bd610cf4bb7d81cc9688f731a8b6ab85f066a36e6f1b7a76af8ba6e1c178167d2a70609e57212f0d741ee35c54fdeb6f19d9cd679064ee42384c908c78d85dfdcb1660138b4736b7ceeb5fd80693f8f227c2014ae07bc6096693de66fc7f54dd32c48f5a264f3302e56a4c7e36cfc08612ad4582a84a372b0b31e45f4542b43cd1e54358393cd30859d17c0615f7251d98a46dab0c636d4b3a61d151437f9c55cd2fb2906356b48cab61fac6b9ac17dbaacb905fa,gx-no-cache=1519923553113 HTTP/1.1" 200 30
186.103.159.43 - - [01/Mar/2018:14:00:07 -0300] "POST /cormun/servlet/solicitudot?gx-no-cache=1519923561603 HTTP/1.1" 200 30
186.103.159.43 - - [01/Mar/2018:14:00:09 -0300] "POST /cormun/servlet/solicitudot?gx-no-cache=1519923562056 HTTP/1.1" 200 1335
186.103.159.43 - - [01/Mar/2018:14:00:10 -0300] "POST /cormun/servlet/solicitudot?gx-no-cache=1519923563896 HTTP/1.1" 200 41
192.168.10.96 - - [01/Mar/2018:14:00:40 -0300] "POST /cormun/servlet/trsolicitudgral?b03ab36c19dee4b84c1d7a3ecc991914,,gx-no-cache=1519923481342 HTTP/1.1" 200 9495
192.168.10.96 - - [01/Mar/2018:14:00:48 -0300] "POST /cormun/servlet/trsolicitudgral?b03ab36c19dee4b84c1d7a3ecc991914,,gx-no-cache=1519923489317 HTTP/1.1" 200 8468
192.168.10.96 - - [01/Mar/2018:14:00:52 -0300] "POST /cormun/servlet/trsolicitudgral?b03ab36c19dee4b84c1d7a3ecc991914,,gx-no-cache=1519923493130 HTTP/1.1" 200 8398
192.168.10.96 - - [01/Mar/2018:14:01:54 -0300] "POST /cormun/servlet/trsolicitudgral?b03ab36c19dee4b84c1d7a3ecc991914,,gx-no-cache=1519923555466 HTTP/1.1" 200 9497
186.103.159.43 - - [01/Mar/2018:14:01:57 -0300] "GET /cormun/servlet/solicitudot?85393ae0c0e3aafb8f1a7e0d7c5a401147e789ab2bdcbd3597c86048fa791dfd5621560ee7669bb1ffc1e7d4bcae7469b4d29945153a768b3b101fc9f169457eb1d4215148f0510d05d2bde0f2daa490f72eac886ad487664f6e7b98b97140b096446f15b2215bb14c140dfe6d7cfec28bc218b85d8a8a5cffed5b7f88d20f84368db8a1e20c01fb2090221fa24aade287431a68a15ce2973fca59e22e1432d2,gx-no-cache=1519923671404 HTTP/1.1" 200 29
186.103.159.43 - - [01/Mar/2018:14:01:58 -0300] "POST /cormun/servlet/solicitudot?gx-no-cache=1519923671808 HTTP/1.1" 200 1319
186.103.159.43 - - [01/Mar/2018:14:01:59 -0300] "POST /cormun/servlet/solicitudot?gx-no-cache=1519923673446 HTTP/1.1" 200 1219
186.103.159.43 - - [01/Mar/2018:14:02:00 -0300] "GET /cormun/servlet/solicitudot?85393ae0c0e3aafb8f1a7e0d7c5a40115805079c7fc83be8ed573a29887963171d1fb5454efb85737937b5f30413c0de,gx-no-cache=1519923674639 HTTP/1.1" 200 30
186.103.159.43 - - [01/Mar/2018:14:02:00 -0300] "POST /cormun/servlet/solicitudot?gx-no-cache=1519923674718 HTTP/1.1" 200 30
186.103.159.43 - - [01/Mar/2018:14:02:04 -0300] "POST /cormun/servlet/solicitudot?d68d35dac4e7d133ed8e6ff9184e7159,UPD,2018,9768,,gx-no-cache=1519923675196 HTTP/1.1" 200 93
186.103.159.43 - - [01/Mar/2018:14:02:04 -0300] "GET /cormun/servlet/hpexe_return? HTTP/1.1" 200 1033
186.103.159.43 - - [01/Mar/2018:14:02:05 -0300] "GET /cormun/servlet/trsolicitudot?gx-no-cache=1519923398790 HTTP/1.1" 200 8500
186.103.159.43 - - [01/Mar/2018:14:02:07 -0300] "GET /cormun/servlet/trsolicitudot?gx-no-cache=1519923398790 HTTP/1.1" 200 8517
186.103.159.43 - - [01/Mar/2018:14:02:29 -0300] "GET /cormun/servlet/solicitudot?INS,0,0, HTTP/1.1" 200 13402
186.103.159.43 - - [01/Mar/2018:14:02:32 -0300] "GET /cormun/servlet/solicitudot?INS,0,0, HTTP/1.1" 200 13385
200.86.95.220 - - [01/Mar/2018:14:03:02 -0300] "GET /cormun/servlet/hlogin HTTP/1.1" 200 1717
200.86.95.220 - - [01/Mar/2018:14:03:13 -0300] "POST /cormun/servlet/hlogin?2158ad2f5f26790322619ffbd81ed6d3,gx-no-cache=1519923746913 HTTP/1.1" 200 90
200.86.95.220 - - [01/Mar/2018:14:03:13 -0300] "GET /cormun/servlet/hpexe_link HTTP/1.1" 200 949
200.86.95.220 - - [01/Mar/2018:14:03:13 -0300] "GET /cormun/servlet/hhome HTTP/1.1" 200 4115
200.86.95.220 - - [01/Mar/2018:14:03:14 -0300] "GET /cormun/servlet/hhome HTTP/1.1" 200 4112
200.86.95.220 - - [01/Mar/2018:14:03:30 -0300] "GET /cormun/servlet/trcontratounov2? HTTP/1.1" 200 17267
200.86.95.220 - - [01/Mar/2018:14:03:30 -0300] "GET /cormun/static/gxcfg.js?201752512124396 HTTP/1.1" 200 953
200.86.95.220 - - [01/Mar/2018:14:03:30 -0300] "GET /cormun/static/Resources/PXToolsAddSelectedAction.png HTTP/1.1" 200 3660
200.86.95.220 - - [01/Mar/2018:14:03:30 -0300] "GET /cormun/static/trcontratounov2.js?201752512125146 HTTP/1.1" 200 38486
200.86.95.220 - - [01/Mar/2018:14:03:33 -0300] "GET /cormun/servlet/trcontratounov2? HTTP/1.1" 200 17272
200.86.95.220 - - [01/Mar/2018:14:03:39 -0300] "GET /cormun/servlet/trcontratosolicitud? HTTP/1.1" 200 14664
200.86.95.220 - - [01/Mar/2018:14:03:41 -0300] "GET /cormun/servlet/trcontratosolicitud? HTTP/1.1" 200 14656
200.86.95.220 - - [01/Mar/2018:14:04:08 -0300] "POST /cormun/servlet/trcontratosolicitud?2158ad2f5f26790322619ffbd81ed6d3,,gx-no-cache=1519923801032 HTTP/1.1" 200 12397
200.86.95.220 - - [01/Mar/2018:14:04:12 -0300] "POST /cormun/servlet/trcontratosolicitud?2158ad2f5f26790322619ffbd81ed6d3,,gx-no-cache=1519923805260 HTTP/1.1" 200 5313
200.86.95.220 - - [01/Mar/2018:14:04:19 -0300] "POST /cormun/servlet/trcontratosolicitud?2158ad2f5f26790322619ffbd81ed6d3,,gx-no-cache=1519923812036 HTTP/1.1" 200 12406
200.86.95.220 - - [01/Mar/2018:14:05:26 -0300] "POST /cormun/servlet/trcontratosolicitud?2158ad2f5f26790322619ffbd81ed6d3,,gx-no-cache=1519923878952 HTTP/1.1" 200 5337
192.168.10.89 - - [01/Mar/2018:14:05:34 -0300] "POST /cormun/servlet/trsolicitudgral?8fe07371b50446f5c2da3f8da44a0453,,gx-no-cache=1519923774376 HTTP/1.1" 200 13657
200.86.95.220 - - [01/Mar/2018:14:05:39 -0300] "GET /cormun/servlet/trcontratounov2? HTTP/1.1" 200 17299
200.86.95.220 - - [01/Mar/2018:14:05:42 -0300] "GET /cormun/servlet/trcontratounov2? HTTP/1.1" 200 17269
192.168.10.89 - - [01/Mar/2018:14:05:43 -0300] "POST /cormun/servlet/trsolicitudgral?8fe07371b50446f5c2da3f8da44a0453,,gx-no-cache=1519923784356 HTTP/1.1" 200 5925
200.86.95.220 - - [01/Mar/2018:14:05:55 -0300] "POST /cormun/servlet/trcontratounov2?2158ad2f5f26790322619ffbd81ed6d3,,gx-no-cache=1519923907346 HTTP/1.1" 200 16685
192.168.10.56 - - [01/Mar/2018:14:05:55 -0300] "POST /cormun/servlet/hlogin?4c7c4fd8ace5ddda9414e1c868c76c00,gx-no-cache=1519923797387 HTTP/1.1" 440 972
192.168.10.56 - - [01/Mar/2018:14:05:57 -0300] "GET /cormun/servlet/hlogin HTTP/1.1" 200 1729
192.168.10.56 - - [01/Mar/2018:14:05:57 -0300] "GET /cormun/static/gxtimezone.js?85251 HTTP/1.1" 304 -
192.168.10.56 - - [01/Mar/2018:14:05:59 -0300] "POST /cormun/servlet/hlogin?2a83bb785195cfda77556a361a555adc,gx-no-cache=1519923800516 HTTP/1.1" 200 90
192.168.10.56 - - [01/Mar/2018:14:05:59 -0300] "GET /cormun/servlet/hpexe_link HTTP/1.1" 200 948
192.168.10.56 - - [01/Mar/2018:14:05:59 -0300] "GET /cormun/servlet/hhome HTTP/1.1" 200 4464
192.168.10.56 - - [01/Mar/2018:14:06:00 -0300] "GET /cormun/servlet/hhome HTTP/1.1" 200 4461
192.168.10.89 - - [01/Mar/2018:14:06:00 -0300] "POST /cormun/servlet/trsolicitudgral?8fe07371b50446f5c2da3f8da44a0453,,gx-no-cache=1519923801081 HTTP/1.1" 200 7872
200.86.95.220 - - [01/Mar/2018:14:06:00 -0300] "POST /cormun/servlet/trcontratounov2?2158ad2f5f26790322619ffbd81ed6d3,,gx-no-cache=1519923912259 HTTP/1.1" 200 16698
192.168.10.56 - - [01/Mar/2018:14:06:05 -0300] "GET /cormun/servlet/trsolicitudgral? HTTP/1.1" 200 27724
192.168.10.56 - - [01/Mar/2018:14:06:05 -0300] "GET /cormun/static/calendar.js?85251 HTTP/1.1" 304 -
192.168.10.56 - - [01/Mar/2018:14:06:05 -0300] "GET /cormun/static/calendar-setup.js?85251 HTTP/1.1" 304 -
192.168.10.56 - - [01/Mar/2018:14:06:05 -0300] "GET /cormun/static/calendar-es.js?85251 HTTP/1.1" 304 -
192.168.10.56 - - [01/Mar/2018:14:06:05 -0300] "GET /cormun/static/gxdec.js?85251 HTTP/1.1" 304 -
192.168.10.56 - - [01/Mar/2018:14:06:08 -0300] "GET /cormun/servlet/trsolicitudgral? HTTP/1.1" 200 27723
200.86.95.220 - - [01/Mar/2018:14:06:11 -0300] "POST /cormun/servlet/trcontratounov2?2158ad2f5f26790322619ffbd81ed6d3,,gx-no-cache=1519923923027 HTTP/1.1" 200 16672
200.86.95.220 - - [01/Mar/2018:14:06:20 -0300] "GET /cormun/servlet/trcontratoobservaciondir? HTTP/1.1" 200 6312
200.86.95.220 - - [01/Mar/2018:14:06:20 -0300] "GET /cormun/static/gxcfg.js?20175251262281 HTTP/1.1" 200 953
200.86.95.220 - - [01/Mar/2018:14:06:20 -0300] "GET /cormun/static/trcontratoobservaciondir.js?20175251262715 HTTP/1.1" 200 27185
200.86.95.220 - - [01/Mar/2018:14:06:22 -0300] "GET /cormun/servlet/trcontratoobservaciondir? HTTP/1.1" 200 6312
200.86.95.220 - - [01/Mar/2018:14:06:25 -0300] "GET /cormun/servlet/trcontratosolicitud? HTTP/1.1" 200 7794
200.86.95.220 - - [01/Mar/2018:14:06:26 -0300] "GET /cormun/servlet/trcontratosolicitud? HTTP/1.1" 200 7771
192.168.10.89 - - [01/Mar/2018:14:06:29 -0300] "POST /cormun/servlet/trsolicitudgral?8fe07371b50446f5c2da3f8da44a0453,,gx-no-cache=1519923829794 HTTP/1.1" 200 5925
192.168.10.89 - - [01/Mar/2018:14:06:33 -0300] "POST /cormun/servlet/trsolicitudgral?8fe07371b50446f5c2da3f8da44a0453,,gx-no-cache=1519923834327 HTTP/1.1" 200 5925
200.86.95.220 - - [01/Mar/2018:14:06:33 -0300] "POST /cormun/servlet/trcontratosolicitud?2158ad2f5f26790322619ffbd81ed6d3,,gx-no-cache=1519923946641 HTTP/1.1" 200 12408
192.168.10.89 - - [01/Mar/2018:14:06:38 -0300] "POST /cormun/servlet/trsolicitudgral?8fe07371b50446f5c2da3f8da44a0453,,gx-no-cache=1519923838752 HTTP/1.1" 200 5926
192.168.10.89 - - [01/Mar/2018:14:06:41 -0300] "POST /cormun/servlet/trsolicitudgral?8fe07371b50446f5c2da3f8da44a0453,,gx-no-cache=1519923842617 HTTP/1.1" 200 5925
192.168.10.89 - - [01/Mar/2018:14:06:45 -0300] "POST /cormun/servlet/trsolicitudgral?8fe07371b50446f5c2da3f8da44a0453,,gx-no-cache=1519923846433 HTTP/1.1" 200 5928
192.168.10.89 - - [01/Mar/2018:14:06:50 -0300] "POST /cormun/servlet/trsolicitudgral?8fe07371b50446f5c2da3f8da44a0453,,gx-no-cache=1519923850856 HTTP/1.1" 200 5926
192.168.10.89 - - [01/Mar/2018:14:06:55 -0300] "POST /cormun/servlet/trsolicitudgral?8fe07371b50446f5c2da3f8da44a0453,,gx-no-cache=1519923855968 HTTP/1.1" 200 7872
192.168.10.89 - - [01/Mar/2018:14:07:04 -0300] "GET /cormun/servlet/vesolicitudgral?2018,9115,, HTTP/1.1" 200 9521
192.168.10.89 - - [01/Mar/2018:14:07:04 -0300] "GET /cormun/pexe_scrolldiv.js HTTP/1.1" 404 1009
192.168.10.89 - - [01/Mar/2018:14:07:06 -0300] "GET /cormun/servlet/vesolicitudgral?2018,9115,,SolicitudOTLog HTTP/1.1" 200 9996
192.168.10.89 - - [01/Mar/2018:14:07:06 -0300] "GET /cormun/pexe_scrolldiv.js HTTP/1.1" 404 1009
192.168.10.89 - - [01/Mar/2018:14:07:08 -0300] "POST /cormun/servlet/acontrolpreferencessavestate?None,CDROGUETT,true HTTP/1.1" 200 35
192.168.10.89 - - [01/Mar/2018:14:07:20 -0300] "POST /cormun/servlet/vesolicitudgral?8fe07371b50446f5c2da3f8da44a0453,2018,9115,,SolicitudOTLog,gx-no-cache=1519923881028 HTTP/1.1" 200 90
192.168.10.89 - - [01/Mar/2018:14:07:20 -0300] "GET /cormun/servlet/hpexe_link HTTP/1.1" 200 973
192.168.10.89 - - [01/Mar/2018:14:07:20 -0300] "GET /cormun/servlet/trsolicitudgral? HTTP/1.1" 200 11363
192.168.10.89 - - [01/Mar/2018:14:07:23 -0300] "GET /cormun/servlet/vesolicitudgral?2018,9114,, HTTP/1.1" 200 9525
192.168.10.89 - - [01/Mar/2018:14:07:23 -0300] "GET /cormun/pexe_scrolldiv.js HTTP/1.1" 404 1009
192.168.10.89 - - [01/Mar/2018:14:07:26 -0300] "GET /cormun/servlet/vesolicitudgral?2018,9114,,SolicitudOTLog HTTP/1.1" 200 9965
192.168.10.89 - - [01/Mar/2018:14:07:26 -0300] "GET /cormun/pexe_scrolldiv.js HTTP/1.1" 404 1009
192.168.10.89 - - [01/Mar/2018:14:07:27 -0300] "POST /cormun/servlet/acontrolpreferencessavestate?None,CDROGUETT,true HTTP/1.1" 200 35
192.168.10.89 - - [01/Mar/2018:14:07:30 -0300] "POST /cormun/servlet/vesolicitudgral?8fe07371b50446f5c2da3f8da44a0453,2018,9114,,SolicitudOTLog,gx-no-cache=1519923891759 HTTP/1.1" 200 90
192.168.10.89 - - [01/Mar/2018:14:07:30 -0300] "GET /cormun/servlet/hpexe_link HTTP/1.1" 200 972
192.168.10.89 - - [01/Mar/2018:14:07:31 -0300] "GET /cormun/servlet/trsolicitudgral HTTP/1.1" 200 11363
192.168.10.89 - - [01/Mar/2018:14:07:41 -0300] "GET /cormun/servlet/vesolicitudgral?2018,9115,, HTTP/1.1" 200 9521
192.168.10.89 - - [01/Mar/2018:14:07:41 -0300] "GET /cormun/pexe_scrolldiv.js HTTP/1.1" 404 1009
192.168.10.89 - - [01/Mar/2018:14:07:57 -0300] "POST /cormun/servlet/vesolicitudgral?8fe07371b50446f5c2da3f8da44a0453,2018,9115,,,gx-no-cache=1519923918049 HTTP/1.1" 200 93
192.168.10.89 - - [01/Mar/2018:14:07:57 -0300] "GET /cormun/servlet/hpexe_return? HTTP/1.1" 200 1009
192.168.10.89 - - [01/Mar/2018:14:07:57 -0300] "GET /cormun/servlet/trsolicitudgral HTTP/1.1" 200 11367
192.168.10.89 - - [01/Mar/2018:14:08:03 -0300] "GET /cormun/servlet/vesolicitudgral?2018,9114,, HTTP/1.1" 200 9525
192.168.10.89 - - [01/Mar/2018:14:08:03 -0300] "GET /cormun/pexe_scrolldiv.js HTTP/1.1" 404 1009
192.168.10.89 - - [01/Mar/2018:14:08:05 -0300] "GET /cormun/servlet/vesolicitudgral?2018,9114,,SolicitudOTLog HTTP/1.1" 200 9965
192.168.10.89 - - [01/Mar/2018:14:08:05 -0300] "GET /cormun/pexe_scrolldiv.js HTTP/1.1" 404 1009
192.168.10.56 - - [01/Mar/2018:14:08:06 -0300] "GET /cormun/static/menuarrow.gif HTTP/1.1" 404 1015
192.168.10.89 - - [01/Mar/2018:14:08:06 -0300] "POST /cormun/servlet/acontrolpreferencessavestate?None,CDROGUETT,true HTTP/1.1" 200 35
192.168.10.89 - - [01/Mar/2018:14:08:10 -0300] "POST /cormun/servlet/vesolicitudgral?8fe07371b50446f5c2da3f8da44a0453,2018,9114,,SolicitudOTLog,gx-no-cache=1519923931287 HTTP/1.1" 200 90
192.168.10.89 - - [01/Mar/2018:14:08:10 -0300] "GET /cormun/servlet/hpexe_link HTTP/1.1" 200 972
192.168.10.89 - - [01/Mar/2018:14:08:11 -0300] "GET /cormun/servlet/trsolicitudgral HTTP/1.1" 200 11363
192.168.10.89 - - [01/Mar/2018:14:08:16 -0300] "GET /cormun/servlet/vesolicitudgral?2018,9112,, HTTP/1.1" 200 9529
192.168.10.89 - - [01/Mar/2018:14:08:16 -0300] "GET /cormun/pexe_scrolldiv.js HTTP/1.1" 404 1009
192.168.10.89 - - [01/Mar/2018:14:08:18 -0300] "GET /cormun/servlet/vesolicitudgral?2018,9112,,SolicitudOTLog HTTP/1.1" 200 9964
192.168.10.89 - - [01/Mar/2018:14:08:18 -0300] "GET /cormun/pexe_scrolldiv.js HTTP/1.1" 404 1009
192.168.10.89 - - [01/Mar/2018:14:08:20 -0300] "POST /cormun/servlet/acontrolpreferencessavestate?None,CDROGUETT,true HTTP/1.1" 200 35
192.168.10.56 - - [01/Mar/2018:14:08:21 -0300] "POST /cormun/servlet/trsolicitudgral?2a83bb785195cfda77556a361a555adc,,gx-no-cache=1519923931242 HTTP/1.1" 200 25340
192.168.10.89 - - [01/Mar/2018:14:08:25 -0300] "POST /cormun/servlet/vesolicitudgral?8fe07371b50446f5c2da3f8da44a0453,2018,9112,,SolicitudOTLog,gx-no-cache=1519923946218 HTTP/1.1" 200 90
192.168.10.89 - - [01/Mar/2018:14:08:25 -0300] "GET /cormun/servlet/hpexe_link HTTP/1.1" 200 972
192.168.10.89 - - [01/Mar/2018:14:08:26 -0300] "GET /cormun/servlet/trsolicitudgral HTTP/1.1" 200 11363
192.168.10.89 - - [01/Mar/2018:14:08:32 -0300] "GET /cormun/servlet/vesolicitudgral?2018,9115,, HTTP/1.1" 200 9521
192.168.10.89 - - [01/Mar/2018:14:08:32 -0300] "GET /cormun/pexe_scrolldiv.js HTTP/1.1" 404 1009
186.103.159.187 - - [01/Mar/2018:14:09:06 -0300] "GET /cormun/servlet/hhome HTTP/1.1" 200 3384
186.103.159.187 - - [01/Mar/2018:14:09:08 -0300] "GET /cormun/servlet/hhome HTTP/1.1" 200 3393
186.103.159.187 - - [01/Mar/2018:14:09:08 -0300] "GET /cormun/servlet/hlogin HTTP/1.1" 200 1735
186.103.159.187 - - [01/Mar/2018:14:09:16 -0300] "POST /cormun/servlet/hlogin?c2ac0ed161811c84bdc4cd04dc62e052,gx-no-cache=1519924208583 HTTP/1.1" 200 90
186.103.159.187 - - [01/Mar/2018:14:09:16 -0300] "GET /cormun/servlet/hpexe_link HTTP/1.1" 200 951
186.103.159.187 - - [01/Mar/2018:14:09:17 -0300] "GET /cormun/servlet/hhome HTTP/1.1" 200 3925
186.103.159.187 - - [01/Mar/2018:14:09:18 -0300] "GET /cormun/servlet/hhome HTTP/1.1" 200 3922
186.103.159.187 - - [01/Mar/2018:14:09:22 -0300] "GET /cormun/servlet/trlicencias? HTTP/1.1" 200 7946
186.103.159.187 - - [01/Mar/2018:14:09:23 -0300] "GET /cormun/servlet/trlicencias? HTTP/1.1" 200 7944
192.168.10.89 - - [01/Mar/2018:14:09:25 -0300] "GET /cormun/servlet/vesolicitudgral?2018,9115,,SolicitudOTLog HTTP/1.1" 200 9996
192.168.10.89 - - [01/Mar/2018:14:09:25 -0300] "GET /cormun/pexe_scrolldiv.js HTTP/1.1" 404 1009
192.168.10.89 - - [01/Mar/2018:14:09:27 -0300] "POST /cormun/servlet/acontrolpreferencessavestate?None,CDROGUETT,true HTTP/1.1" 200 35
186.103.159.187 - - [01/Mar/2018:14:09:27 -0300] "GET /cormun/servlet/licenciaspermisos?INS,0,,, HTTP/1.1" 200 7452
186.103.159.187 - - [01/Mar/2018:14:09:59 -0300] "GET /cormun/servlet/licenciaspermisos?INS,0,,, HTTP/1.1" 200 7452
186.103.159.187 - - [01/Mar/2018:14:11:55 -0300] "GET /cormun/servlet/hhome HTTP/1.1" 200 3383
186.103.159.187 - - [01/Mar/2018:14:11:57 -0300] "GET /cormun/servlet/hlogin HTTP/1.1" 200 1732
186.103.159.187 - - [01/Mar/2018:14:11:57 -0300] "GET /cormun/servlet/hhome HTTP/1.1" 200 3393
186.103.159.187 - - [01/Mar/2018:14:12:05 -0300] "POST /cormun/servlet/hlogin?9783ec99162a9b2f78fa603f4a0f0ac1,gx-no-cache=1519924377902 HTTP/1.1" 200 443
186.103.159.187 - - [01/Mar/2018:14:12:11 -0300] "POST /cormun/servlet/hlogin?9783ec99162a9b2f78fa603f4a0f0ac1,gx-no-cache=1519924383592 HTTP/1.1" 200 90
186.103.159.187 - - [01/Mar/2018:14:12:11 -0300] "GET /cormun/servlet/hpexe_link HTTP/1.1" 200 951
186.103.159.187 - - [01/Mar/2018:14:12:12 -0300] "GET /cormun/servlet/hhome HTTP/1.1" 200 3925
186.103.159.187 - - [01/Mar/2018:14:12:13 -0300] "GET /cormun/servlet/hhome HTTP/1.1" 200 3921
186.103.159.187 - - [01/Mar/2018:14:12:21 -0300] "GET /cormun/servlet/trlicencias? HTTP/1.1" 200 7946
186.103.159.187 - - [01/Mar/2018:14:12:22 -0300] "GET /cormun/servlet/trlicencias? HTTP/1.1" 200 7944
186.103.159.187 - - [01/Mar/2018:14:12:26 -0300] "GET /cormun/servlet/licenciaspermisos?INS,0,,, HTTP/1.1" 200 7452
186.103.159.187 - - [01/Mar/2018:14:12:27 -0300] "GET /cormun/servlet/licenciaspermisos?INS,0,,, HTTP/1.1" 200 7452
186.103.159.187 - - [01/Mar/2018:14:13:13 -0300] "GET /cormun/servlet/licenciaspermisos?48c211f40d9e1ceaf00e354ae5a394ed88c9dd9424c0564dfc1fd05924d67b2faf5b4534ec8c11fd1c8aeba4684983f6,gx-no-cache=1519924445480 HTTP/1.1" 200 86
186.103.159.187 - - [01/Mar/2018:14:16:04 -0300] "GET /cormun/servlet/hhome HTTP/1.1" 200 3387
186.103.159.187 - - [01/Mar/2018:14:16:06 -0300] "GET /cormun/servlet/hhome HTTP/1.1" 200 3396
186.103.159.187 - - [01/Mar/2018:14:16:06 -0300] "GET /cormun/servlet/hlogin HTTP/1.1" 200 1735
186.103.159.187 - - [01/Mar/2018:14:16:15 -0300] "POST /cormun/servlet/hlogin?48f97bb6cfe642f2ccf5749ad8b66dd5,gx-no-cache=1519924626503 HTTP/1.1" 200 445
186.103.159.187 - - [01/Mar/2018:14:16:19 -0300] "POST /cormun/servlet/hlogin?48f97bb6cfe642f2ccf5749ad8b66dd5,gx-no-cache=1519924631232 HTTP/1.1" 200 90
186.103.159.187 - - [01/Mar/2018:14:16:19 -0300] "GET /cormun/servlet/hpexe_link HTTP/1.1" 200 954
186.103.159.187 - - [01/Mar/2018:14:16:20 -0300] "GET /cormun/servlet/hhome HTTP/1.1" 200 3928
186.103.159.187 - - [01/Mar/2018:14:16:21 -0300] "GET /cormun/servlet/hhome HTTP/1.1" 200 3924
186.103.159.187 - - [01/Mar/2018:14:16:25 -0300] "GET /cormun/servlet/trlicencias? HTTP/1.1" 200 7948
186.103.159.187 - - [01/Mar/2018:14:16:27 -0300] "GET /cormun/servlet/trlicencias? HTTP/1.1" 200 7946
186.103.159.187 - - [01/Mar/2018:14:16:31 -0300] "GET /cormun/servlet/licenciaspermisos?INS,0,,, HTTP/1.1" 200 7455
186.103.159.187 - - [01/Mar/2018:14:16:33 -0300] "GET /cormun/servlet/licenciaspermisos?INS,0,,, HTTP/1.1" 200 7454
186.103.159.187 - - [01/Mar/2018:14:16:48 -0300] "GET /cormun/static/Resources/resize.gif HTTP/1.1" 200 77
186.103.159.187 - - [01/Mar/2018:14:16:56 -0300] "GET /cormun/servlet/prfichaempleado?,MD,,gxPopupLevel%3D0%3B HTTP/1.1" 200 9271
186.103.159.187 - - [01/Mar/2018:14:17:58 -0300] "GET /cormun/servlet/licenciaspermisos?89d2fe8ff42f3065b70c61bc35781d8f1054934e7067e25872a0940b1787c90c5dd25be03d9abb9a086cf7fd1504bfbf,gx-no-cache=1519924728426 HTTP/1.1" 200 86
186.103.159.187 - - [01/Mar/2018:14:18:00 -0300] "POST /cormun/servlet/licenciaspermisos?48f97bb6cfe642f2ccf5749ad8b66dd5,INS,0,,,,gx-no-cache=1519924729560 HTTP/1.1" 200 4674
186.103.159.187 - - [01/Mar/2018:14:18:34 -0300] "GET /cormun/static/menuarrow.gif HTTP/1.1" 404 1015
186.103.159.43 - - [01/Mar/2018:14:18:56 -0300] "GET /cormun/servlet/hlogin HTTP/1.1" 200 1716
186.103.159.43 - - [01/Mar/2018:14:19:00 -0300] "POST /cormun/servlet/hlogin?42a0bed1c682b49423187647a42bf191,gx-no-cache=1519924694055 HTTP/1.1" 200 90
186.103.159.43 - - [01/Mar/2018:14:19:00 -0300] "GET /cormun/servlet/hpexe_link HTTP/1.1" 200 947
186.103.159.43 - - [01/Mar/2018:14:19:01 -0300] "GET /cormun/servlet/hhome HTTP/1.1" 200 3920
186.103.159.43 - - [01/Mar/2018:14:19:02 -0300] "GET /cormun/servlet/hhome HTTP/1.1" 200 3916
186.103.159.43 - - [01/Mar/2018:14:19:12 -0300] "GET /cormun/servlet/trsolicitudot? HTTP/1.1" 200 8499
186.103.159.43 - - [01/Mar/2018:14:19:13 -0300] "POST /cormun/servlet/trautorizarsolicitud?e5609458cb156a042b18aef043f7fb2d,gx-no-cache=1519924705861 HTTP/1.1" 440 972
186.103.159.43 - - [01/Mar/2018:14:19:14 -0300] "GET /cormun/servlet/trsolicitudot? HTTP/1.1" 200 8497
186.103.159.43 - - [01/Mar/2018:14:19:16 -0300] "GET /cormun/servlet/trautorizarsolicitud HTTP/1.1" 200 6277
186.103.159.43 - - [01/Mar/2018:14:19:17 -0300] "GET /cormun/servlet/hlogin HTTP/1.1" 200 1743
186.103.159.43 - - [01/Mar/2018:14:19:17 -0300] "GET /cormun/servlet/trautorizarsolicitud HTTP/1.1" 200 6277
186.103.159.43 - - [01/Mar/2018:14:19:19 -0300] "POST /cormun/servlet/hlogin?37bae93de2cde91e91dc171209c4fd95,gx-no-cache=1519924710914 HTTP/1.1" 200 90
186.103.159.43 - - [01/Mar/2018:14:19:19 -0300] "GET /cormun/servlet/hpexe_link HTTP/1.1" 200 963
186.103.159.43 - - [01/Mar/2018:14:19:20 -0300] "GET /cormun/servlet/trautorizarsolicitud HTTP/1.1" 200 8485
186.103.159.43 - - [01/Mar/2018:14:19:20 -0300] "GET /cormun/servlet/trautorizarsolicitud HTTP/1.1" 200 8484
186.103.159.43 - - [01/Mar/2018:14:19:22 -0300] "GET /cormun/servlet/solicitudot?INS,0,0, HTTP/1.1" 200 13380
186.103.159.43 - - [01/Mar/2018:14:19:26 -0300] "GET /cormun/servlet/solicitudot?INS,0,0, HTTP/1.1" 200 13385
186.103.159.43 - - [01/Mar/2018:14:19:45 -0300] "POST /cormun/servlet/trautorizarsolicitud?37bae93de2cde91e91dc171209c4fd95,gx-no-cache=1519924736835 HTTP/1.1" 200 4333
186.103.159.43 - - [01/Mar/2018:14:19:46 -0300] "GET /cormun/static/Shared/jqueryui/images/ui-bg_highlight-soft_100_c6c2c8_1x100.png HTTP/1.1" 404 1117
186.103.159.43 - - [01/Mar/2018:14:19:46 -0300] "GET /cormun/static/Shared/jqueryui/images/ui-bg_flat_55_fafafa_40x100.png HTTP/1.1" 404 1097
186.103.159.43 - - [01/Mar/2018:14:19:46 -0300] "GET /cormun/static/Shared/jqueryui/images/ui-icons_8d78a5_256x240.png HTTP/1.1" 404 1089
186.103.159.43 - - [01/Mar/2018:14:19:46 -0300] "GET /cormun/static/Shared/jqueryui/images/ui-icons_82798d_256x240.png HTTP/1.1" 404 1089
186.103.159.43 - - [01/Mar/2018:14:19:47 -0300] "POST /cormun/servlet/trautorizarsolicitud?37bae93de2cde91e91dc171209c4fd95,gx-no-cache=1519924738558 HTTP/1.1" 200 4114
186.103.159.43 - - [01/Mar/2018:14:19:52 -0300] "POST /cormun/servlet/solicitudot?gx-no-cache=1519924745537 HTTP/1.1" 200 3453
186.103.159.43 - - [01/Mar/2018:14:19:53 -0300] "GET /cormun/static/Shared/jqueryui/images/ui-icons_82798d_256x240.png HTTP/1.1" 404 1089
186.103.159.43 - - [01/Mar/2018:14:19:53 -0300] "GET /cormun/static/Shared/jqueryui/images/ui-bg_flat_55_994d53_40x100.png HTTP/1.1" 404 1097
186.103.159.43 - - [01/Mar/2018:14:19:53 -0300] "GET /cormun/static/Shared/jqueryui/images/ui-bg_highlight-soft_100_c6c2c8_1x100.png HTTP/1.1" 404 1117
186.103.159.43 - - [01/Mar/2018:14:19:53 -0300] "GET /cormun/static/Shared/jqueryui/images/ui-icons_ebccce_256x240.png HTTP/1.1" 404 1089
186.103.159.43 - - [01/Mar/2018:14:20:31 -0300] "GET /cormun/servlet/hlogin HTTP/1.1" 200 1723
186.103.159.43 - - [01/Mar/2018:14:20:34 -0300] "POST /cormun/servlet/hlogin?06eb783240b8cb3fb183233e994798c7,gx-no-cache=1519924787679 HTTP/1.1" 200 90
186.103.159.43 - - [01/Mar/2018:14:20:34 -0300] "GET /cormun/servlet/hpexe_link HTTP/1.1" 200 952
186.103.159.43 - - [01/Mar/2018:14:20:35 -0300] "GET /cormun/servlet/hhome HTTP/1.1" 200 3926
186.103.159.43 - - [01/Mar/2018:14:20:36 -0300] "GET /cormun/servlet/hhome HTTP/1.1" 200 3923
186.103.159.43 - - [01/Mar/2018:14:21:30 -0300] "GET /cormun/servlet/trsolicitudot? HTTP/1.1" 200 8504
186.103.159.43 - - [01/Mar/2018:14:21:32 -0300] "GET /cormun/servlet/trsolicitudot? HTTP/1.1" 200 8502
186.103.159.43 - - [01/Mar/2018:14:23:11 -0300] "GET /cormun/servlet/hlogin HTTP/1.1" 200 1718
186.103.159.43 - - [01/Mar/2018:14:23:15 -0300] "POST /cormun/servlet/hlogin?0e7753b28cb7635fcc1cb89aa1f354d6,gx-no-cache=1519924949129 HTTP/1.1" 200 90
186.103.159.43 - - [01/Mar/2018:14:23:15 -0300] "GET /cormun/servlet/hpexe_link HTTP/1.1" 200 950
186.103.159.43 - - [01/Mar/2018:14:23:15 -0300] "GET /cormun/servlet/hhome HTTP/1.1" 200 3923
186.103.159.43 - - [01/Mar/2018:14:23:17 -0300] "GET /cormun/servlet/hhome HTTP/1.1" 200 3920
186.103.159.43 - - [01/Mar/2018:14:23:23 -0300] "GET /cormun/servlet/trsolicitudot? HTTP/1.1" 200 8502
186.103.159.43 - - [01/Mar/2018:14:23:25 -0300] "GET /cormun/servlet/trsolicitudot? HTTP/1.1" 200 8500
186.103.159.43 - - [01/Mar/2018:14:23:31 -0300] "POST /cormun/servlet/trsolicitudot?0e7753b28cb7635fcc1cb89aa1f354d6,,gx-no-cache=1519924962889 HTTP/1.1" 200 106
186.103.159.43 - - [01/Mar/2018:14:23:32 -0300] "GET /cormun/servlet/solicitudot?UPD,2018,9768, HTTP/1.1" 200 15106
186.103.159.43 - - [01/Mar/2018:14:23:33 -0300] "GET /cormun/servlet/solicitudot?UPD,2018,9768, HTTP/1.1" 200 15115
186.103.159.43 - - [01/Mar/2018:14:23:34 -0300] "POST /cormun/servlet/solicitudot?gx-no-cache=1519924967649 HTTP/1.1" 200 3361
186.103.159.43 - - [01/Mar/2018:14:23:38 -0300] "POST /cormun/servlet/solicitudot?0e7753b28cb7635fcc1cb89aa1f354d6,UPD,2018,9768,,gx-no-cache=1519924969685 HTTP/1.1" 200 11463
186.103.159.43 - - [01/Mar/2018:14:23:39 -0300] "GET /cormun/servlet/solicitudot?076cc33c9bcfb7375e00cd1825a7eb5962cdadfe08e0a239c2f3a8e69252559b22d50545df09a1ceacdb2e27b1f5516e,gx-no-cache=1519924973797 HTTP/1.1" 200 30
186.103.159.43 - - [01/Mar/2018:14:23:40 -0300] "GET /cormun/servlet/solicitudot?076cc33c9bcfb7375e00cd1825a7eb599a840e935f7a887eaea950c53ebd9b3c8b23f9095acf01ac75630f602a173f50734dcb959a22c242c1c65109365fa7c8,gx-no-cache=1519924973892 HTTP/1.1" 200 30
186.103.159.43 - - [01/Mar/2018:14:23:41 -0300] "GET /cormun/servlet/solicitudot?076cc33c9bcfb7375e00cd1825a7eb59e4c7bdb7aaf124c3afcc533a406ffb4f,gx-no-cache=1519924974313 HTTP/1.1" 200 29
186.103.159.43 - - [01/Mar/2018:14:23:41 -0300] "POST /cormun/servlet/solicitudot?gx-no-cache=1519924975295 HTTP/1.1" 200 254
186.103.159.43 - - [01/Mar/2018:14:23:42 -0300] "GET /cormun/servlet/solicitudot?076cc33c9bcfb7375e00cd1825a7eb598c2e742559d39336dd611a6de60dd8280b669c67a62ed71366f5e278c80787980246a65150e675c58cb2fada2cf2a65d719105e4f46a9c40ed083dc4f998aa4cfd5dd1890fde7b5aefa0fd8ecc34d38a01783b4b0b50aa4d7812fcab150cfa226bb45f6680ea392dfa4e26ece70f2093cd128627e5f305915f32e78eab38f86abf0d45f488c15c0118718149282fb6337d7b65a70bb4cdc06cbadec4fc8d886c151e1b955b37fcc547ed02a1ed2b7652fac3f2f2454e3d99a06a25a7667195519641d3a3e254d350485e04de644d3819bf7e09a1e653e24dfb86b34a8890e01fb1ac96fb1275035d620055a44cba44c43c56e3bbe04add06f8768fcf888781a49a91e291731c07b8e93b8b52f83732391b5a41c7a8300b8d2edaed3772415541e152fd62f76e9df0c3e3b9ff4c10803c962f5677c84755d649bdd33239a9049d6607f5164336054c469ad775fa7e540dd84f10297ae38d0356adae02bea6a5dbe9c9f7ede3f86588c62a1a9b0f30c02a,gx-no-cache=1519924975830 HTTP/1.1" 200 30
186.103.159.43 - - [01/Mar/2018:14:23:42 -0300] "POST /cormun/servlet/solicitudot?gx-no-cache=1519924976551 HTTP/1.1" 200 30
186.103.159.43 - - [01/Mar/2018:14:23:43 -0300] "POST /cormun/servlet/solicitudot?gx-no-cache=1519924977010 HTTP/1.1" 200 1335
186.103.159.43 - - [01/Mar/2018:14:23:44 -0300] "POST /cormun/servlet/solicitudot?gx-no-cache=1519924978750 HTTP/1.1" 200 41
186.103.159.187 - - [01/Mar/2018:14:24:01 -0300] "GET /cormun/servlet/licenciaspermisos?89d2fe8ff42f3065b70c61bc35781d8f43d01c1b2492e58c5c4bc1b5fd68b81b0cff55ab4abdefabfc101ebf2f3b8788ef910a5c5e53d5e3bf101edeb708b4140cd06085aa44ee1f767a48c37102b10a3c3bb84b9c648013233a7db0b925bb5b7f9c92646dbc27792c76b5f90a9e16fcf57edaf0457709e5731da321be3f8846851edcc8a4a86a6968f7e90457f41a5746e8926c6c010680448004455a71c610420d29289cafa62122d2383a56acc51a,gx-no-cache=1519925092898 HTTP/1.1" 200 30
186.103.159.187 - - [01/Mar/2018:14:24:01 -0300] "GET /cormun/servlet/licenciaspermisos?89d2fe8ff42f3065b70c61bc35781d8fe710da50a9c8c2ec716642eab9fb49193a4295297a645d1e9977c616a1e2a2d8d61acabae67670c2a9fefab48935ba6f9ad5c9339520655f20faf426150f359b12a4a2537471aeb0de52063b1ea33a97a30bd9a3f4f9792f4aa4351c4cc6e0db06cbf45d0118cbe3f29e0c1292ee42b902561774034727723e90f0a8458a7a9593553680eb41d88b526f96a0d081d58cf88671bffbee168b26c56524301b42d4,gx-no-cache=1519925093070 HTTP/1.1" 200 29
186.103.159.187 - - [01/Mar/2018:14:24:02 -0300] "POST /cormun/servlet/licenciaspermisos?48f97bb6cfe642f2ccf5749ad8b66dd5,INS,0,,,,gx-no-cache=1519925093134 HTTP/1.1" 200 93
186.103.159.187 - - [01/Mar/2018:14:24:02 -0300] "GET /cormun/servlet/hpexe_return? HTTP/1.1" 200 1016
186.103.159.187 - - [01/Mar/2018:14:24:02 -0300] "GET /cormun/static/gxcfg.js?2016101716175148 HTTP/1.1" 200 953
186.103.159.187 - - [01/Mar/2018:14:24:02 -0300] "GET /cormun/static/hpexe_return.js?2016101716175153 HTTP/1.1" 200 1633
186.103.159.187 - - [01/Mar/2018:14:24:02 -0300] "GET /cormun/static/Resources/Spanish/PXTools.css?167811 HTTP/1.1" 200 89042
186.103.159.187 - - [01/Mar/2018:14:24:03 -0300] "GET /cormun/servlet/trlicencias HTTP/1.1" 200 8442
186.103.159.187 - - [01/Mar/2018:14:24:04 -0300] "GET /cormun//static/Resources/PXToolsGridUpdate.png HTTP/1.1" 200 2984
186.103.159.187 - - [01/Mar/2018:14:24:04 -0300] "GET /cormun//static/Resources/PXToolsGridDelete.png HTTP/1.1" 200 357
186.103.159.187 - - [01/Mar/2018:14:24:04 -0300] "GET /cormun/servlet/trlicencias HTTP/1.1" 200 8438
186.103.159.43 - - [01/Mar/2018:14:24:05 -0300] "GET /cormun/servlet/solicitudot?076cc33c9bcfb7375e00cd1825a7eb5990b2807726646c95244aa03836f1bc4d75435a9b2c294aa1c18f87a0e4bdea04e11b76dcf268c2637a272d98c45bd0ca0787b58b4a01903342cecbab0f509e84c7317ef877924c41fb36801f442696a0e56c755100297ffacc24cda3ced575ae7d3b7aa322479d618fea8066163a6491d9bb339dbf5ebcbc66303fa68f8df30e20e0239306672c9201362752f5a22760,gx-no-cache=1519924999161 HTTP/1.1" 200 29
186.103.159.43 - - [01/Mar/2018:14:24:06 -0300] "POST /cormun/servlet/solicitudot?gx-no-cache=1519924999838 HTTP/1.1" 200 1321
186.103.159.43 - - [01/Mar/2018:14:24:08 -0300] "POST /cormun/servlet/solicitudot?gx-no-cache=1519925001420 HTTP/1.1" 200 1219
186.103.159.43 - - [01/Mar/2018:14:24:09 -0300] "GET /cormun/servlet/solicitudot?076cc33c9bcfb7375e00cd1825a7eb596ba361039aa823dd2510205042113641bc7a104547def8d4db9fd65663a880b8,gx-no-cache=1519925003634 HTTP/1.1" 200 30
186.103.159.43 - - [01/Mar/2018:14:24:09 -0300] "POST /cormun/servlet/solicitudot?gx-no-cache=1519925003708 HTTP/1.1" 200 30
186.103.159.187 - - [01/Mar/2018:14:24:11 -0300] "GET /cormun/servlet/trlicenciaspermisosadjuntos?15106320,20180301000000,L, HTTP/1.1" 200 6269
186.103.159.187 - - [01/Mar/2018:14:24:11 -0300] "GET /cormun/static/trlicenciaspermisosadjuntos.js?20177612163719 HTTP/1.1" 200 21036
186.103.159.187 - - [01/Mar/2018:14:24:11 -0300] "GET /cormun/static/gxcfg.js?20177612163414 HTTP/1.1" 200 953
186.103.159.187 - - [01/Mar/2018:14:24:12 -0300] "GET /cormun/servlet/trlicenciaspermisosadjuntos?15106320,20180301000000,L, HTTP/1.1" 200 6269
186.103.159.43 - - [01/Mar/2018:14:24:13 -0300] "POST /cormun/servlet/solicitudot?0e7753b28cb7635fcc1cb89aa1f354d6,UPD,2018,9768,,gx-no-cache=1519925004093 HTTP/1.1" 200 93
186.103.159.43 - - [01/Mar/2018:14:24:14 -0300] "GET /cormun/servlet/hpexe_return? HTTP/1.1" 200 1012
186.103.159.187 - - [01/Mar/2018:14:24:14 -0300] "GET /cormun/servlet/licenciaspermisosadjuntos?INS,15106320,L,20180301000000,, HTTP/1.1" 200 5568
186.103.159.187 - - [01/Mar/2018:14:24:14 -0300] "GET /cormun/static/gxcfg.js?2017761263592 HTTP/1.1" 200 953
186.103.159.187 - - [01/Mar/2018:14:24:14 -0300] "GET /cormun/static/licenciaspermisosadjuntos.js?201776126362 HTTP/1.1" 200 8760
186.103.159.187 - - [01/Mar/2018:14:24:14 -0300] "GET /cormun/static/about:blank HTTP/1.1" 404 1011
186.103.159.43 - - [01/Mar/2018:14:24:15 -0300] "GET /cormun/servlet/trsolicitudot HTTP/1.1" 200 8507
186.103.159.187 - - [01/Mar/2018:14:24:15 -0300] "GET /cormun/servlet/licenciaspermisosadjuntos?INS,15106320,L,20180301000000,, HTTP/1.1" 200 5557
186.103.159.43 - - [01/Mar/2018:14:24:17 -0300] "GET /cormun/servlet/trsolicitudot HTTP/1.1" 200 8503
186.103.159.187 - - [01/Mar/2018:14:24:26 -0300] "POST /cormun/servlet/licenciaspermisosadjuntos?48f97bb6cfe642f2ccf5749ad8b66dd5,INS,15106320,L,20180301000000,, HTTP/1.1" 200 116
186.103.159.187 - - [01/Mar/2018:14:24:26 -0300] "GET /cormun/servlet/hpexe_return? HTTP/1.1" 200 1045
186.103.159.187 - - [01/Mar/2018:14:24:27 -0300] "GET /cormun/servlet/trlicenciaspermisosadjuntos?15106320,20180301000000,L, HTTP/1.1" 200 6752
186.103.159.187 - - [01/Mar/2018:14:24:28 -0300] "GET /cormun/servlet/trlicenciaspermisosadjuntos?15106320,20180301000000,L, HTTP/1.1" 200 6748
186.103.159.187 - - [01/Mar/2018:14:24:28 -0300] "GET /cormun/PublicTempStorage/licencia_medica__macarena9869139.jpeg HTTP/1.1" 200 660461
186.103.159.187 - - [01/Mar/2018:14:24:32 -0300] "POST /cormun/servlet/trlicenciaspermisosadjuntos?48f97bb6cfe642f2ccf5749ad8b66dd5,15106320,20180301000000,L,,gx-no-cache=1519925123650 HTTP/1.1" 200 90
186.103.159.187 - - [01/Mar/2018:14:24:32 -0300] "GET /cormun/servlet/hpexe_link HTTP/1.1" 200 987
186.103.159.187 - - [01/Mar/2018:14:24:33 -0300] "GET /cormun/servlet/trlicencias HTTP/1.1" 200 8440
186.103.159.187 - - [01/Mar/2018:14:24:34 -0300] "GET /cormun/servlet/trlicencias HTTP/1.1" 200 8438
186.103.159.187 - - [01/Mar/2018:14:24:41 -0300] "GET /cormun/servlet/alicenciaprn?15106320,L,20180301000000,PU HTTP/1.1" 200 1536
186.103.159.43 - - [01/Mar/2018:14:24:47 -0300] "POST /cormun/servlet/trsolicitudot?0e7753b28cb7635fcc1cb89aa1f354d6,gx-no-cache=1519925039345 HTTP/1.1" 200 4473
186.103.159.43 - - [01/Mar/2018:14:24:48 -0300] "GET /cormun/static/Shared/jqueryui/images/ui-icons_8d78a5_256x240.png HTTP/1.1" 404 1089
186.103.159.43 - - [01/Mar/2018:14:24:48 -0300] "GET /cormun/static/Shared/jqueryui/images/ui-bg_highlight-soft_100_c6c2c8_1x100.png HTTP/1.1" 404 1117
186.103.159.43 - - [01/Mar/2018:14:24:48 -0300] "GET /cormun/static/Shared/jqueryui/images/ui-icons_82798d_256x240.png HTTP/1.1" 404 1089
186.103.159.43 - - [01/Mar/2018:14:24:48 -0300] "GET /cormun/static/Shared/jqueryui/images/ui-bg_flat_55_fafafa_40x100.png HTTP/1.1" 404 1097
