192.168.10.56 - - [01/Mar/2018:17:25:15 -0300] "POST /cormun/servlet/trsolicitudgral?2d00026f5cb879209dfbb9d5b5d3cadd,,gx-no-cache=1519935754547 HTTP/1.1" 200 15980
191.125.59.191 - - [01/Mar/2018:17:25:16 -0300] "GET /cormun/servlet/trautorizarsolicitud? HTTP/1.1" 200 23165
191.125.59.191 - - [01/Mar/2018:17:25:19 -0300] "GET /cormun/servlet/trautorizarsolicitud? HTTP/1.1" 200 23165
191.125.59.191 - - [01/Mar/2018:17:25:37 -0300] "POST /cormun/servlet/trautorizarsolicitud?03dc1b970561dc2b39cd0cdba71bb2d2,,gx-no-cache=1519935874172 HTTP/1.1" 200 20595
191.125.59.191 - - [01/Mar/2018:17:25:38 -0300] "GET /cormun/static/Shared/jqueryui/images/ui-icons_8d78a5_256x240.png HTTP/1.1" 404 1089
191.125.59.191 - - [01/Mar/2018:17:25:38 -0300] "GET /cormun/static/Shared/jqueryui/images/ui-icons_82798d_256x240.png HTTP/1.1" 404 1089
191.125.59.191 - - [01/Mar/2018:17:25:41 -0300] "GET /cormun/static/Shared/jqueryui/images/ui-bg_highlight-soft_100_c6c2c8_1x100.png HTTP/1.1" 404 1117
191.125.59.191 - - [01/Mar/2018:17:25:41 -0300] "GET /cormun/static/Shared/jqueryui/images/ui-bg_flat_55_fafafa_40x100.png HTTP/1.1" 404 1097
186.103.159.46 - - [01/Mar/2018:17:25:42 -0300] "POST /cormun/servlet/solicitudot?gx-no-cache=1519935893954 HTTP/1.1" 200 1336
186.103.159.46 - - [01/Mar/2018:17:25:42 -0300] "POST /cormun/servlet/solicitudot?gx-no-cache=1519935894400 HTTP/1.1" 200 38
191.125.59.191 - - [01/Mar/2018:17:25:42 -0300] "POST /cormun/servlet/trautorizarsolicitud?03dc1b970561dc2b39cd0cdba71bb2d2,,gx-no-cache=1519935889445 HTTP/1.1" 200 20539
191.125.59.191 - - [01/Mar/2018:17:25:48 -0300] "POST /cormun/servlet/trautorizarsolicitud?03dc1b970561dc2b39cd0cdba71bb2d2,,gx-no-cache=1519935895825 HTTP/1.1" 200 20589
186.103.159.46 - - [01/Mar/2018:17:25:50 -0300] "POST /cormun/servlet/solicitudot?gx-no-cache=1519935901698 HTTP/1.1" 200 1318
186.103.159.46 - - [01/Mar/2018:17:25:50 -0300] "POST /cormun/servlet/solicitudot?gx-no-cache=1519935902361 HTTP/1.1" 200 1218
186.103.159.46 - - [01/Mar/2018:17:25:50 -0300] "GET /cormun/static/menuarrow.gif HTTP/1.1" 404 1015
186.103.159.46 - - [01/Mar/2018:17:25:52 -0300] "POST /cormun/servlet/solicitudot?gx-no-cache=1519935904770 HTTP/1.1" 200 1318
192.168.10.56 - - [01/Mar/2018:17:25:52 -0300] "POST /cormun/servlet/trsolicitudgral?2d00026f5cb879209dfbb9d5b5d3cadd,,gx-no-cache=1519935792711 HTTP/1.1" 200 16182
186.103.159.46 - - [01/Mar/2018:17:25:53 -0300] "POST /cormun/servlet/solicitudot?gx-no-cache=1519935905029 HTTP/1.1" 200 1218
192.168.10.56 - - [01/Mar/2018:17:25:53 -0300] "GET /cormun/static/Shared/jqueryui/images/ui-icons_82798d_256x240.png HTTP/1.1" 404 1089
192.168.10.56 - - [01/Mar/2018:17:25:53 -0300] "GET /cormun/static/Shared/jqueryui/images/ui-bg_highlight-soft_100_c6c2c8_1x100.png HTTP/1.1" 404 1117
192.168.10.56 - - [01/Mar/2018:17:25:53 -0300] "GET /cormun/static/Shared/jqueryui/images/ui-icons_8d78a5_256x240.png HTTP/1.1" 404 1089
192.168.10.56 - - [01/Mar/2018:17:25:53 -0300] "GET /cormun/static/Shared/jqueryui/images/ui-bg_flat_55_fafafa_40x100.png HTTP/1.1" 404 1097
186.103.159.46 - - [01/Mar/2018:17:25:54 -0300] "GET /cormun/servlet/solicitudot?1f98912d190e3d180d134005738c7fb786479b3ffdfc5af488d77212468ea276f6b99e6b4f53a7ec47853505710010c9,gx-no-cache=1519935906637 HTTP/1.1" 200 30
191.125.59.191 - - [01/Mar/2018:17:25:55 -0300] "POST /cormun/servlet/trautorizarsolicitud?03dc1b970561dc2b39cd0cdba71bb2d2,,gx-no-cache=1519935900540 HTTP/1.1" 200 20533
191.125.59.191 - - [01/Mar/2018:17:26:00 -0300] "GET /cormun/servlet/trautorizarsolicitud? HTTP/1.1" 200 23148
191.125.59.191 - - [01/Mar/2018:17:26:03 -0300] "GET /cormun/servlet/trautorizarsolicitud? HTTP/1.1" 200 23159
186.103.159.46 - - [01/Mar/2018:17:26:04 -0300] "POST /cormun/servlet/solicitudot?gx-no-cache=1519935916071 HTTP/1.1" 200 33
191.125.59.191 - - [01/Mar/2018:17:26:08 -0300] "POST /cormun/servlet/trautorizarsolicitud?03dc1b970561dc2b39cd0cdba71bb2d2,,gx-no-cache=1519935915295 HTTP/1.1" 200 20558
191.125.59.191 - - [01/Mar/2018:17:26:09 -0300] "GET /cormun/static/Shared/jqueryui/images/ui-bg_highlight-soft_100_c6c2c8_1x100.png HTTP/1.1" 404 1117
191.125.59.191 - - [01/Mar/2018:17:26:09 -0300] "GET /cormun/static/Shared/jqueryui/images/ui-icons_8d78a5_256x240.png HTTP/1.1" 404 1089
191.125.59.191 - - [01/Mar/2018:17:26:09 -0300] "GET /cormun/static/Shared/jqueryui/images/ui-bg_flat_55_fafafa_40x100.png HTTP/1.1" 404 1097
186.103.159.46 - - [01/Mar/2018:17:26:10 -0300] "POST /cormun/servlet/solicitudot?ffe4e6422b04176d445a83989ad10005,INS,0,0,,gx-no-cache=1519935921149 HTTP/1.1" 200 93
186.103.159.46 - - [01/Mar/2018:17:26:10 -0300] "GET /cormun/servlet/hpexe_return? HTTP/1.1" 200 1008
186.103.159.46 - - [01/Mar/2018:17:26:11 -0300] "GET /cormun/servlet/trsolicitudot HTTP/1.1" 200 11476
191.125.59.191 - - [01/Mar/2018:17:26:11 -0300] "GET /cormun/static/Shared/jqueryui/images/ui-icons_82798d_256x240.png HTTP/1.1" 404 1089
186.103.159.46 - - [01/Mar/2018:17:26:13 -0300] "GET /cormun/servlet/trsolicitudot HTTP/1.1" 200 11471
191.125.59.191 - - [01/Mar/2018:17:26:17 -0300] "GET /cormun/servlet/trsolicitudot? HTTP/1.1" 200 23282
191.125.59.191 - - [01/Mar/2018:17:26:20 -0300] "GET /cormun/servlet/trsolicitudot? HTTP/1.1" 200 23282
192.168.10.56 - - [01/Mar/2018:17:26:20 -0300] "POST /cormun/servlet/trsolicitudgral?2d00026f5cb879209dfbb9d5b5d3cadd,,gx-no-cache=1519935820240 HTTP/1.1" 200 15499
192.168.10.56 - - [01/Mar/2018:17:26:35 -0300] "POST /cormun/servlet/trsolicitudgral?2d00026f5cb879209dfbb9d5b5d3cadd,,gx-no-cache=1519935835285 HTTP/1.1" 200 15173
192.168.10.56 - - [01/Mar/2018:17:26:42 -0300] "POST /cormun/servlet/trsolicitudgral?2d00026f5cb879209dfbb9d5b5d3cadd,,gx-no-cache=1519935842649 HTTP/1.1" 200 14805
192.168.10.56 - - [01/Mar/2018:17:26:47 -0300] "POST /cormun/servlet/trsolicitudgral?2d00026f5cb879209dfbb9d5b5d3cadd,,gx-no-cache=1519935847036 HTTP/1.1" 200 14497
191.125.59.191 - - [01/Mar/2018:17:26:48 -0300] "GET /cormun/servlet/solicitudot?INS,0,0, HTTP/1.1" 200 13710
191.125.59.191 - - [01/Mar/2018:17:26:49 -0300] "GET /cormun/servlet/solicitudot?INS,0,0, HTTP/1.1" 200 13715
191.125.59.191 - - [01/Mar/2018:17:27:00 -0300] "GET /cormun/servlet/prfichaempleado?,MD,,gxPopupLevel%3D0%3B HTTP/1.1" 200 9429
186.103.159.46 - - [01/Mar/2018:17:27:01 -0300] "POST /cormun/servlet/trsolicitudot?ffe4e6422b04176d445a83989ad10005,gx-no-cache=1519935973023 HTTP/1.1" 200 104
186.103.159.46 - - [01/Mar/2018:17:27:02 -0300] "GET /cormun/servlet/solicitudot?UPD,2018,9811, HTTP/1.1" 200 15181
186.103.159.46 - - [01/Mar/2018:17:27:05 -0300] "GET /cormun/servlet/solicitudot?UPD,2018,9811, HTTP/1.1" 200 15190
186.103.159.46 - - [01/Mar/2018:17:27:06 -0300] "POST /cormun/servlet/solicitudot?gx-no-cache=1519935977208 HTTP/1.1" 200 3402
186.103.159.46 - - [01/Mar/2018:17:27:07 -0300] "POST /cormun/servlet/solicitudot?ffe4e6422b04176d445a83989ad10005,UPD,2018,9811,,gx-no-cache=1519935978827 HTTP/1.1" 200 11514
186.103.159.46 - - [01/Mar/2018:17:27:07 -0300] "GET /cormun/servlet/solicitudot?1f98912d190e3d180d134005738c7fb7d8a7b1fdfca5ddcf57a52f6b6484eb8dabcc7fdfde5e1c42ee6bacbe56dddf71,gx-no-cache=1519935979999 HTTP/1.1" 200 30
186.103.159.46 - - [01/Mar/2018:17:27:08 -0300] "GET /cormun/servlet/solicitudot?1f98912d190e3d180d134005738c7fb7f3d64e4a20436c2fccee2ef0fc830d6f02dc6d3c281ca5dad62ae787d456c9d5,gx-no-cache=1519935980155 HTTP/1.1" 200 30
186.103.159.46 - - [01/Mar/2018:17:27:08 -0300] "GET /cormun/servlet/solicitudot?1f98912d190e3d180d134005738c7fb7c943e6237c2bb52daed423d54a56bda759b3b6ff7b625837060f855d9a07f403dafbe9ed607b0a25bb8df519acd96b76,gx-no-cache=1519935980260 HTTP/1.1" 200 53
186.103.159.46 - - [01/Mar/2018:17:27:08 -0300] "POST /cormun/servlet/solicitudot?gx-no-cache=1519935980414 HTTP/1.1" 200 256
186.103.159.46 - - [01/Mar/2018:17:27:08 -0300] "GET /cormun/servlet/solicitudot?1f98912d190e3d180d134005738c7fb74ab3878c9861981c62e012d76639d895641f33883ff731de652ff361418edc7948a295acddbfe53ab940f75c0f993c2bb468100b997911ac48feb04de3d410bc3197ecd58e785bb055c00ecdbb4fe8e03fb3cb57cc1a871b914bdeb9f07f06bbb8857acc344a40fcf925cd86a80d1a2f17d8575c3a56ff74cb8a423e0052bf8b7d98639aef4815c3b8fedd61ab05ff22eec142977697ca08e85bdf0baa14c47ff7478b82a1d972a02aa31e2377a33e75b3226d63b67ea19643cb4d75b4899468727c344602160bfd1dd5059e123e5c9aaccc1ad08d512e12e9172d01c8566c059c7e17877a65416bc1098361183f91614deb6a25c74dbfa6e3074320bd9126aad53e14b5b26dbb31036d6cb5b908a9f8db594ac73275a5a20e3e4d5cc34b8a8fe325724c38af7e01d7e943550a85288b2a2647c5ffbff1a8111f5d191935f3ddd44ea219b2f7d848ce0e055405e9ec9ae44cc2b21a41984d06d8e5b9c6f844ee9b42839240f29b0407fca41c6fcf3c1f,gx-no-cache=1519935980612 HTTP/1.1" 200 30
186.103.159.46 - - [01/Mar/2018:17:27:08 -0300] "POST /cormun/servlet/solicitudot?gx-no-cache=1519935981045 HTTP/1.1" 200 30
186.103.159.46 - - [01/Mar/2018:17:27:09 -0300] "POST /cormun/servlet/solicitudot?gx-no-cache=1519935981201 HTTP/1.1" 200 1337
186.103.159.46 - - [01/Mar/2018:17:27:09 -0300] "POST /cormun/servlet/solicitudot?gx-no-cache=1519935981700 HTTP/1.1" 200 41
186.103.159.46 - - [01/Mar/2018:17:27:11 -0300] "GET /cormun/servlet/solicitudot?1f98912d190e3d180d134005738c7fb7452cb31e9ccfe713497395ecac240c2f0fd452c6c002f50a7c8d855c210496f2786a246725d774da312003d892c3fb9e2d499c422a4b8533ce483078a3636d266a498c7b13f06fc7e9163284a427e60eee4b8a0ecf5720550cba2e6a7bd596c3149ba66b9dcc8edae748b51f71e5c741e9b871bfb1b982d4281562d7662d3389bea69b56e337c1404a6b6158074193f9,gx-no-cache=1519935983471 HTTP/1.1" 200 29
192.168.10.56 - - [01/Mar/2018:17:27:11 -0300] "POST /cormun/servlet/trsolicitudgral?2d00026f5cb879209dfbb9d5b5d3cadd,,gx-no-cache=1519935871851 HTTP/1.1" 200 13210
186.103.159.46 - - [01/Mar/2018:17:27:12 -0300] "POST /cormun/servlet/solicitudot?gx-no-cache=1519935983607 HTTP/1.1" 200 1319
186.103.159.46 - - [01/Mar/2018:17:27:12 -0300] "POST /cormun/servlet/solicitudot?gx-no-cache=1519935984391 HTTP/1.1" 200 1218
186.103.159.46 - - [01/Mar/2018:17:27:12 -0300] "GET /cormun/servlet/solicitudot?1f98912d190e3d180d134005738c7fb786479b3ffdfc5af488d77212468ea276f6b99e6b4f53a7ec47853505710010c9,gx-no-cache=1519935984822 HTTP/1.1" 200 30
186.103.159.46 - - [01/Mar/2018:17:27:12 -0300] "GET /cormun/static/menuarrow.gif HTTP/1.1" 404 1015
191.125.59.191 - - [01/Mar/2018:17:27:13 -0300] "POST /cormun/servlet/prfichaempleado?03dc1b970561dc2b39cd0cdba71bb2d2,,MD,,gxPopupLevel%3D0%3B,gx-no-cache=1519935983344 HTTP/1.1" 200 3190
186.103.159.46 - - [01/Mar/2018:17:27:15 -0300] "POST /cormun/servlet/solicitudot?gx-no-cache=1519935986940 HTTP/1.1" 200 1319
186.103.159.46 - - [01/Mar/2018:17:27:15 -0300] "POST /cormun/servlet/solicitudot?gx-no-cache=1519935987242 HTTP/1.1" 200 1218
191.125.59.191 - - [01/Mar/2018:17:27:23 -0300] "POST /cormun/servlet/prfichaempleado?03dc1b970561dc2b39cd0cdba71bb2d2,,MD,,gxPopupLevel%3D0%3B,gx-no-cache=1519935994502 HTTP/1.1" 200 4635
186.103.159.46 - - [01/Mar/2018:17:27:28 -0300] "POST /cormun/servlet/solicitudot?gx-no-cache=1519936000100 HTTP/1.1" 200 30
186.103.159.46 - - [01/Mar/2018:17:27:28 -0300] "POST /cormun/servlet/solicitudot?ffe4e6422b04176d445a83989ad10005,UPD,2018,9811,,gx-no-cache=1519936000234 HTTP/1.1" 200 93
186.103.159.46 - - [01/Mar/2018:17:27:29 -0300] "GET /cormun/servlet/hpexe_return? HTTP/1.1" 200 1013
186.103.159.46 - - [01/Mar/2018:17:27:29 -0300] "GET /cormun/servlet/trsolicitudot HTTP/1.1" 200 11468
186.103.159.46 - - [01/Mar/2018:17:27:32 -0300] "GET /cormun/servlet/trsolicitudot HTTP/1.1" 200 11464
186.103.159.46 - - [01/Mar/2018:17:27:41 -0300] "GET /cormun/servlet/solicitudot?INS,0,0, HTTP/1.1" 200 13408
186.103.159.46 - - [01/Mar/2018:17:27:44 -0300] "GET /cormun/servlet/solicitudot?INS,0,0, HTTP/1.1" 200 13413
200.86.171.207 - - [01/Mar/2018:17:27:52 -0300] "GET /cormun/servlet/solicitudot?bda972e4e0258e37f4f0738a04eb7d8486806c5403afadf5e08e1534c3b00df5a828184c23a29d9a55367a5268079c9200ea9c7d0f3cc304305af279424eb4eb,gx-no-cache=1519936066664 HTTP/1.1" 200 30
200.86.171.207 - - [01/Mar/2018:17:27:52 -0300] "GET /cormun/servlet/solicitudot?bda972e4e0258e37f4f0738a04eb7d848bc8027ee8b6b6ac15faecf601e7f1d4,gx-no-cache=1519936066872 HTTP/1.1" 200 29
200.86.171.207 - - [01/Mar/2018:17:27:53 -0300] "POST /cormun/servlet/solicitudot?gx-no-cache=1519936068279 HTTP/1.1" 200 255
200.86.171.207 - - [01/Mar/2018:17:27:57 -0300] "GET /cormun/servlet/solicitudot?bda972e4e0258e37f4f0738a04eb7d844ff7016cb787dba6a4a3e4c4cb344ce296f56e527d002d6b998113f9eee6702e57720872b75593a12fddafe23406c92bb2d24a0c32f269f41d138a45d3d1b8f6599ced449e5788c20ff7e73730ee0d71ccb9d62354b0a2674a6b1a5aa39d0af04bd18f5bb9c19d95bfaba84ab9022d76aae14987f337a74601b2786b1c041ba426e8da6668595526e72a9496737b075634575afc79684a53fc1340b13420b00864583fa6bdd058480a5b04907dc30c69f8ac3c1cc89655aab6fe87a59b6be2d4afadba4a9d69119ca56ce7926fdfe37bb65256056acc087848bc6cd3afc89a324222fb6fba8d2082a772a06426fa8513433ce30eec3284d4d60bd2470db2058d81f8ac49b14b2f0239fa6202e3c65d002614766b7d90521091e20290bdd963c84467b6d732b69ed86ea640bc847817d0e9f813940f47dbf0c4bb5aaa2311ae35ac658b1c52d6f4d0649127ad9903f1732730cb7f66860919475d43e66de99b3238fabc016b9f21591ff5a7bdb1796314,gx-no-cache=1519936071633 HTTP/1.1" 200 30
191.125.59.191 - - [01/Mar/2018:17:28:05 -0300] "POST /cormun/servlet/solicitudot?gx-no-cache=1519936035766 HTTP/1.1" 200 3293
191.125.59.191 - - [01/Mar/2018:17:28:07 -0300] "POST /cormun/servlet/solicitudot?03dc1b970561dc2b39cd0cdba71bb2d2,INS,0,0,,gx-no-cache=1519936037441 HTTP/1.1" 200 10444
191.125.59.191 - - [01/Mar/2018:17:28:09 -0300] "GET /cormun/servlet/solicitudot?bbd9b50e36c7a0a10caa5ebf312cd8fbf5bf30c0b9a955df7038dbcf5092fc3dddfde606b56d92087fc28f5f7e988aa2,gx-no-cache=1519936040659 HTTP/1.1" 200 111
191.125.59.191 - - [01/Mar/2018:17:28:09 -0300] "GET /cormun/static/Shared/jqueryui/images/ui-bg_highlight-soft_100_c6c2c8_1x100.png HTTP/1.1" 404 1117
191.125.59.191 - - [01/Mar/2018:17:28:10 -0300] "GET /cormun/static/Shared/jqueryui/images/ui-icons_82798d_256x240.png HTTP/1.1" 404 1089
191.125.59.191 - - [01/Mar/2018:17:28:10 -0300] "GET /cormun/static/Shared/jqueryui/images/ui-icons_ebccce_256x240.png HTTP/1.1" 404 1089
191.125.59.191 - - [01/Mar/2018:17:28:10 -0300] "GET /cormun/static/Shared/jqueryui/images/ui-bg_flat_55_994d53_40x100.png HTTP/1.1" 404 1097
192.168.10.56 - - [01/Mar/2018:17:28:28 -0300] "POST /cormun/servlet/trsolicitudgral?2d00026f5cb879209dfbb9d5b5d3cadd,,gx-no-cache=1519935948629 HTTP/1.1" 200 12781
192.168.10.89 - - [01/Mar/2018:17:28:33 -0300] "GET /cormun/servlet/vesolicitudgral?2018,9620,,SolicitudOTAdjuntos HTTP/1.1" 200 11405
192.168.10.89 - - [01/Mar/2018:17:28:33 -0300] "GET /cormun/pexe_scrolldiv.js HTTP/1.1" 404 1009
200.86.171.207 - - [01/Mar/2018:17:28:34 -0300] "POST /cormun/servlet/solicitudot?gx-no-cache=1519936108895 HTTP/1.1" 200 30
192.168.10.89 - - [01/Mar/2018:17:28:35 -0300] "POST /cormun/servlet/acontrolpreferencessavestate?None,CDROGUETT,true HTTP/1.1" 200 35
200.86.171.207 - - [01/Mar/2018:17:28:54 -0300] "POST /cormun/servlet/solicitudot?gx-no-cache=1519936128796 HTTP/1.1" 200 30
191.125.59.191 - - [01/Mar/2018:17:29:16 -0300] "GET /cormun/servlet/trsolicitudot? HTTP/1.1" 200 23297
191.125.59.191 - - [01/Mar/2018:17:29:18 -0300] "GET /cormun/servlet/trsolicitudot? HTTP/1.1" 200 23291
186.103.159.46 - - [01/Mar/2018:17:29:24 -0300] "POST /cormun/servlet/solicitudot?gx-no-cache=1519936116703 HTTP/1.1" 200 3417
186.103.159.46 - - [01/Mar/2018:17:29:26 -0300] "POST /cormun/servlet/solicitudot?ffe4e6422b04176d445a83989ad10005,INS,0,0,,gx-no-cache=1519936117323 HTTP/1.1" 200 10392
186.103.159.46 - - [01/Mar/2018:17:29:48 -0300] "GET /cormun/servlet/solicitudot?1f98912d190e3d180d134005738c7fb78fa9a005a5adc358c56bce4042c76ee7c5cef950d87123a49fa223bfa9b1545d,gx-no-cache=1519936140899 HTTP/1.1" 200 30
192.168.10.56 - - [01/Mar/2018:17:29:48 -0300] "POST /cormun/servlet/trsolicitudgral?2d00026f5cb879209dfbb9d5b5d3cadd,,gx-no-cache=1519936028973 HTTP/1.1" 200 12253
186.103.159.46 - - [01/Mar/2018:17:29:49 -0300] "GET /cormun/servlet/solicitudot?1f98912d190e3d180d134005738c7fb753022ba5c0f9e47b298ae6f9103fb32707e9089348ce6b07173f2bf86db2c39df1c9b03c6b50e7d6c5b0d87c5dd873bf,gx-no-cache=1519936141097 HTTP/1.1" 200 30
186.103.159.46 - - [01/Mar/2018:17:29:49 -0300] "GET /cormun/servlet/solicitudot?1f98912d190e3d180d134005738c7fb71efffeebaddd9670e055853cc8b2f654,gx-no-cache=1519936141217 HTTP/1.1" 200 53
186.103.159.46 - - [01/Mar/2018:17:29:49 -0300] "POST /cormun/servlet/solicitudot?gx-no-cache=1519936141346 HTTP/1.1" 200 255
186.103.159.46 - - [01/Mar/2018:17:29:49 -0300] "GET /cormun/servlet/solicitudot?1f98912d190e3d180d134005738c7fb74ab3878c9861981c62e012d76639d895641f33883ff731de652ff361418edc7948a295acddbfe53ab940f75c0f993c2bb468100b997911ac48feb04de3d410bc3197ecd58e785bb055c00ecdbb4fe8e03fb3cb57cc1a871b914bdeb9f07f06bbb8857acc344a40fcf925cd86a80d1a2f17d8575c3a56ff74cb8a423e0052bf8b7d98639aef4815c3b8fedd61ab05ff22eec142977697ca08e85bdf0baa14c47ff7478b82a1d972a02aa31e2377a33e75b3226d63b67ea19643cb4d75b4899468727c344602160bfd1dd5059e123e5c9aaccc1ad08d512e12e9172d01c8566c059c7e17877a65416bc1098361183f91614deb6a25c74dbfa6e3074320bd9126aad53e14b5b26dbb31036d6cb5b908a9f8db594ac73275a5a20e3e4d5cc34b8a8fe325724c38af7e01d7e943550a85288b2a2647c5ffbff1a8111f5d191935f3ddd44ea219b2f7d848ce0e055405e9ec9ae44cc2b21a41984d06d8e5b9c6f844eee574a7f8ef1fdc61f06719f1f90ce633,gx-no-cache=1519936141492 HTTP/1.1" 200 30
186.103.159.46 - - [01/Mar/2018:17:29:53 -0300] "POST /cormun/servlet/solicitudot?gx-no-cache=1519936145497 HTTP/1.1" 200 30
186.103.159.46 - - [01/Mar/2018:17:30:01 -0300] "GET /cormun/servlet/prcontratosol?16535529,,,,,MD,,gxPopupLevel%3D0%3B HTTP/1.1" 200 8597
192.168.10.56 - - [01/Mar/2018:17:30:04 -0300] "POST /cormun/servlet/trsolicitudgral?2d00026f5cb879209dfbb9d5b5d3cadd,,gx-no-cache=1519936044292 HTTP/1.1" 200 11344
186.103.159.46 - - [01/Mar/2018:17:30:07 -0300] "POST /cormun/servlet/solicitudot?gx-no-cache=1519936159693 HTTP/1.1" 200 1336
186.103.159.46 - - [01/Mar/2018:17:30:07 -0300] "POST /cormun/servlet/solicitudot?gx-no-cache=1519936159954 HTTP/1.1" 200 38
186.103.159.46 - - [01/Mar/2018:17:30:07 -0300] "GET /cormun/servlet/solicitudot?1f98912d190e3d180d134005738c7fb7c285f028cf526b6af1aefb26201584959e276cd5b08e2cc3282ab615353521a8713725c5cb667546cb02d00f7dabca56b46c71fc95faddcb3a4fe95d036680a82ad19a524b8a052733cd20af2790ba9b89065d57efa70f1e53b6654eed9f9dd52dbb2473ff59ee2299046354f3774d98da0a1522ed4bbabae40de694bcc939b8d59148028cb19d38c8d6553d3d7728d0,gx-no-cache=1519936160076 HTTP/1.1" 200 29
186.103.159.46 - - [01/Mar/2018:17:30:08 -0300] "POST /cormun/servlet/solicitudot?gx-no-cache=1519936160188 HTTP/1.1" 200 1318
186.103.159.46 - - [01/Mar/2018:17:30:08 -0300] "POST /cormun/servlet/solicitudot?gx-no-cache=1519936160462 HTTP/1.1" 200 1218
186.103.159.46 - - [01/Mar/2018:17:30:08 -0300] "GET /cormun/servlet/solicitudot?1f98912d190e3d180d134005738c7fb71a758c7941f287c9f861ae3de600a09f,gx-no-cache=1519936160700 HTTP/1.1" 200 30
186.103.159.46 - - [01/Mar/2018:17:30:21 -0300] "POST /cormun/servlet/solicitudot?gx-no-cache=1519936173758 HTTP/1.1" 200 1336
186.103.159.46 - - [01/Mar/2018:17:30:21 -0300] "POST /cormun/servlet/solicitudot?gx-no-cache=1519936174053 HTTP/1.1" 200 38
186.103.159.46 - - [01/Mar/2018:17:30:27 -0300] "POST /cormun/servlet/solicitudot?gx-no-cache=1519936179519 HTTP/1.1" 200 1318
186.103.159.46 - - [01/Mar/2018:17:30:27 -0300] "POST /cormun/servlet/solicitudot?gx-no-cache=1519936179758 HTTP/1.1" 200 1218
186.103.159.46 - - [01/Mar/2018:17:30:27 -0300] "GET /cormun/static/menuarrow.gif HTTP/1.1" 404 1015
186.103.159.46 - - [01/Mar/2018:17:30:30 -0300] "POST /cormun/servlet/solicitudot?gx-no-cache=1519936182488 HTTP/1.1" 200 1318
186.103.159.46 - - [01/Mar/2018:17:30:31 -0300] "POST /cormun/servlet/solicitudot?gx-no-cache=1519936183113 HTTP/1.1" 200 1218
192.168.10.56 - - [01/Mar/2018:17:30:35 -0300] "POST /cormun/servlet/trsolicitudgral?2d00026f5cb879209dfbb9d5b5d3cadd,,gx-no-cache=1519936075396 HTTP/1.1" 200 10370
192.168.10.56 - - [01/Mar/2018:17:30:42 -0300] "GET /cormun/servlet/solicitudgral?UPD,2018,9760, HTTP/1.1" 200 12939
192.168.10.56 - - [01/Mar/2018:17:30:43 -0300] "GET /cormun/servlet/solicitudgral?UPD,2018,9760, HTTP/1.1" 200 12948
192.168.10.56 - - [01/Mar/2018:17:30:43 -0300] "POST /cormun/servlet/solicitudgral?gx-no-cache=1519936085008 HTTP/1.1" 200 3963
192.168.10.56 - - [01/Mar/2018:17:30:43 -0300] "GET /cormun/static/Shared/jqueryui/images/ui-icons_82798d_256x240.png HTTP/1.1" 404 1089
192.168.10.56 - - [01/Mar/2018:17:30:43 -0300] "GET /cormun/static/Shared/jqueryui/images/ui-bg_highlight-soft_100_c6c2c8_1x100.png HTTP/1.1" 404 1117
192.168.10.56 - - [01/Mar/2018:17:30:43 -0300] "GET /cormun/static/Shared/jqueryui/images/ui-icons_ebccce_256x240.png HTTP/1.1" 404 1089
192.168.10.56 - - [01/Mar/2018:17:30:43 -0300] "GET /cormun/static/Shared/jqueryui/images/ui-bg_flat_55_994d53_40x100.png HTTP/1.1" 404 1097
192.168.10.56 - - [01/Mar/2018:17:30:43 -0300] "GET /cormun/servlet/solicitudgral?ecabfa318b5ea5ad9f395963b6060a0b40c82fc87592b0a83d3a2cd3835d7a49965a5ab069589e318899964c2d0f040d3c0fc063b615a63a98abb287aedbf7044a833a60779868ff17383f4ffe8f19009b7aac7d020c54a280a48a810eacc48e6ee45fcd71cd0a3eecb97cdb26a577e2404c21b07daf2f988f5c5559b81c0aac22d29cbeef522189b55e4b4064f0a7f472cf208314fb17792a78466f7e4c0d9685a08faa9d1c77e45eb158087402afd6489cb427a22b0b1135ccffcd29b7af9ed05ff642517734966720673c386507d3cc318e88bc9fd3fa9b7ec1a6fe08f0821b7cadd102fa541119c17cfeb0990e3ea97dc3b35b7986f755fc2278046c0c5b6e17089c7fbd5bfa2791a755a54b26430bf46312708f99ef65df36c62027f17536e034d0e4632deb3ffef6df9104d1b1ae807de297d7fe3ec27bbb3630d61069b87f10c559c660992f0f76946b12efe5,gx-no-cache=1519936085311 HTTP/1.1" 200 255
192.168.10.56 - - [01/Mar/2018:17:30:45 -0300] "POST /cormun/servlet/solicitudgral?2d00026f5cb879209dfbb9d5b5d3cadd,UPD,2018,9760,,gx-no-cache=1519936086365 HTTP/1.1" 200 93
192.168.10.56 - - [01/Mar/2018:17:30:45 -0300] "GET /cormun/servlet/hpexe_return? HTTP/1.1" 200 1010
192.168.10.56 - - [01/Mar/2018:17:30:46 -0300] "GET /cormun/servlet/trsolicitudgral? HTTP/1.1" 200 13379
192.168.10.56 - - [01/Mar/2018:17:30:47 -0300] "GET /cormun/servlet/trsolicitudgral? HTTP/1.1" 200 13374
200.86.171.207 - - [01/Mar/2018:17:30:58 -0300] "GET /cormun/servlet/prbanco?,MD,,gxPopupLevel%3D0%3B HTTP/1.1" 200 6788
200.86.171.207 - - [01/Mar/2018:17:31:06 -0300] "GET /cormun/servlet/solicitudot?bda972e4e0258e37f4f0738a04eb7d84468442af1745de4c3d65b3ca1be64820,gx-no-cache=1519936261222 HTTP/1.1" 200 45
191.125.59.191 - - [01/Mar/2018:17:31:14 -0300] "GET /cormun/servlet/vesolicitudot?2018,7784,, HTTP/1.1" 200 8671
191.125.59.191 - - [01/Mar/2018:17:31:15 -0300] "GET /cormun/static/gxcfg.js?2017111422591385 HTTP/1.1" 200 953
191.125.59.191 - - [01/Mar/2018:17:31:15 -0300] "GET /cormun/pexe_scrolldiv.js HTTP/1.1" 404 1009
191.125.59.191 - - [01/Mar/2018:17:31:15 -0300] "GET /cormun/static/vesolicitudot.js?2017111422591449 HTTP/1.1" 200 6091
191.125.59.191 - - [01/Mar/2018:17:31:15 -0300] "GET /cormun/static/Resources/PXToolsTabFirstSelected.png HTTP/1.1" 200 1259
191.125.59.191 - - [01/Mar/2018:17:31:15 -0300] "GET /cormun/static/Resources/PXToolsTabNext.gif HTTP/1.1" 200 168
191.125.59.191 - - [01/Mar/2018:17:31:15 -0300] "GET /cormun/static/Resources/PXToolsTabPrevious.gif HTTP/1.1" 200 172
191.125.59.191 - - [01/Mar/2018:17:31:15 -0300] "GET /cormun/static/Resources/PXToolsTabLastUnselected.png HTTP/1.1" 200 1291
191.125.59.191 - - [01/Mar/2018:17:31:15 -0300] "GET /cormun/static/hwcviewtabs.js?20177611594913 HTTP/1.1" 200 1074
191.125.59.191 - - [01/Mar/2018:17:31:15 -0300] "GET /cormun/static/hpexe_tabsview.js?201610171694228 HTTP/1.1" 200 1661
191.125.59.191 - - [01/Mar/2018:17:31:15 -0300] "GET /cormun/static/tbsolicitudot01.js?2017111422581186 HTTP/1.1" 200 30566
191.125.59.191 - - [01/Mar/2018:17:31:15 -0300] "GET /cormun/static/calendar-system.css HTTP/1.1" 200 5572
191.125.59.191 - - [01/Mar/2018:17:31:15 -0300] "GET /cormun/static/Resources/PXToolsTabSelectedUnselected.png HTTP/1.1" 200 1428
191.125.59.191 - - [01/Mar/2018:17:31:15 -0300] "GET /cormun/static/Resources/PXToolsTabUnselectedUnselected.png HTTP/1.1" 200 1459
191.125.59.191 - - [01/Mar/2018:17:31:15 -0300] "GET /cormun/static/Resources/PXToolsTabBackSelected.png HTTP/1.1" 200 1157
191.125.59.191 - - [01/Mar/2018:17:31:15 -0300] "GET /cormun/static/Resources/PXToolsTabBackUnselected.png HTTP/1.1" 200 1175
191.125.59.191 - - [01/Mar/2018:17:31:16 -0300] "GET /cormun/servlet/vesolicitudot?2018,7784,, HTTP/1.1" 200 8671
191.125.59.191 - - [01/Mar/2018:17:31:27 -0300] "POST /cormun/servlet/trsolicitudot?03dc1b970561dc2b39cd0cdba71bb2d2,,gx-no-cache=1519936234885 HTTP/1.1" 200 20666
192.168.10.56 - - [01/Mar/2018:17:32:02 -0300] "POST /cormun/servlet/trsolicitudgral?2d00026f5cb879209dfbb9d5b5d3cadd,,gx-no-cache=1519936163051 HTTP/1.1" 200 10035
192.168.10.56 - - [01/Mar/2018:17:32:02 -0300] "GET /cormun/static/Shared/jqueryui/images/ui-bg_highlight-soft_100_c6c2c8_1x100.png HTTP/1.1" 404 1117
192.168.10.56 - - [01/Mar/2018:17:32:02 -0300] "GET /cormun/static/Shared/jqueryui/images/ui-icons_82798d_256x240.png HTTP/1.1" 404 1089
192.168.10.56 - - [01/Mar/2018:17:32:02 -0300] "GET /cormun/static/Shared/jqueryui/images/ui-icons_8d78a5_256x240.png HTTP/1.1" 404 1089
192.168.10.56 - - [01/Mar/2018:17:32:02 -0300] "GET /cormun/static/Shared/jqueryui/images/ui-bg_flat_55_fafafa_40x100.png HTTP/1.1" 404 1097
191.125.59.191 - - [01/Mar/2018:17:32:05 -0300] "POST /cormun/servlet/trsolicitudot?03dc1b970561dc2b39cd0cdba71bb2d2,,gx-no-cache=1519936269494 HTTP/1.1" 200 20666
190.46.88.54 - - [01/Mar/2018:17:32:06 -0300] "GET /cormun/servlet/trsolicitudot? HTTP/1.1" 200 7402
190.46.88.54 - - [01/Mar/2018:17:32:07 -0300] "GET /cormun/servlet/trsolicitudot? HTTP/1.1" 200 7401
192.168.10.56 - - [01/Mar/2018:17:32:08 -0300] "POST /cormun/servlet/trsolicitudgral?2d00026f5cb879209dfbb9d5b5d3cadd,,gx-no-cache=1519936169087 HTTP/1.1" 200 9683
192.168.10.56 - - [01/Mar/2018:17:32:13 -0300] "POST /cormun/servlet/trsolicitudgral?2d00026f5cb879209dfbb9d5b5d3cadd,,gx-no-cache=1519936174195 HTTP/1.1" 200 9320
190.46.88.54 - - [01/Mar/2018:17:32:16 -0300] "GET /cormun/servlet/trlicencias? HTTP/1.1" 200 8881
190.46.88.54 - - [01/Mar/2018:17:32:17 -0300] "GET /cormun/servlet/trlicencias? HTTP/1.1" 200 8880
192.168.10.56 - - [01/Mar/2018:17:32:24 -0300] "POST /cormun/servlet/trsolicitudgral?2d00026f5cb879209dfbb9d5b5d3cadd,,gx-no-cache=1519936185407 HTTP/1.1" 200 8905
191.125.59.191 - - [01/Mar/2018:17:32:30 -0300] "POST /cormun/servlet/trsolicitudot?03dc1b970561dc2b39cd0cdba71bb2d2,,gx-no-cache=1519936295087 HTTP/1.1" 200 20665
200.86.171.207 - - [01/Mar/2018:17:32:35 -0300] "POST /cormun/servlet/solicitudot?gx-no-cache=1519936349349 HTTP/1.1" 200 240
200.86.171.207 - - [01/Mar/2018:17:32:37 -0300] "GET /cormun/servlet/solicitudot?bda972e4e0258e37f4f0738a04eb7d844ff7016cb787dba6a4a3e4c4cb344ce26e7f2bad6e87f5dfb74695ad41d3f2ba57720872b75593a12fddafe23406c92bb2d24a0c32f269f41d138a45d3d1b8f6599ced449e5788c20ff7e73730ee0d71ccb9d62354b0a2674a6b1a5aa39d0af04bd18f5bb9c19d95bfaba84ab9022d76aae14987f337a74601b2786b1c041ba426e8da6668595526e72a9496737b075634575afc79684a53fc1340b13420b00864583fa6bdd058480a5b04907dc30c69f8ac3c1cc89655aab6fe87a59b6be2d4afadba4a9d69119ca56ce7926fdfe37bb65256056acc087848bc6cd3afc89a324222fb6fba8d2082a772a06426fa8513433ce30eec3284d4d60bd2470db2058d693f293306315562260a8a807f47b9579db73527babc49ded92e4e6ad611af608d2fc558def95d75e0ea5a8e87a82beec09c665f053361c18eb2c5c7b6bf6e5b2deff385c1c57b022970343a5f0ac7525b9e62f00be9cbcaff8191da4909e4428c4d1efa988ccaeca68fabd38b3da28f,gx-no-cache=1519936352238 HTTP/1.1" 200 30
190.46.88.54 - - [01/Mar/2018:17:32:38 -0300] "POST /cormun/servlet/trlicencias?95aa15cb3c4d23a7411d5fcadd836891,,gx-no-cache=1519936312208 HTTP/1.1" 200 6203
190.46.88.54 - - [01/Mar/2018:17:32:38 -0300] "GET /cormun/static/Shared/jqueryui/images/ui-bg_highlight-soft_100_c6c2c8_1x100.png HTTP/1.1" 404 1117
190.46.88.54 - - [01/Mar/2018:17:32:38 -0300] "GET /cormun/static/Shared/jqueryui/images/ui-icons_82798d_256x240.png HTTP/1.1" 404 1089
190.46.88.54 - - [01/Mar/2018:17:32:39 -0300] "GET /cormun/static/Shared/jqueryui/images/ui-bg_flat_55_fafafa_40x100.png HTTP/1.1" 404 1097
190.46.88.54 - - [01/Mar/2018:17:32:39 -0300] "GET /cormun/static/Shared/jqueryui/images/ui-icons_8d78a5_256x240.png HTTP/1.1" 404 1089
192.168.10.56 - - [01/Mar/2018:17:32:41 -0300] "GET /cormun/servlet/vesolicitudgral?2018,9770,, HTTP/1.1" 200 9091
192.168.10.56 - - [01/Mar/2018:17:32:41 -0300] "GET /cormun/static/gxcfg.js?201711151294153 HTTP/1.1" 304 -
192.168.10.56 - - [01/Mar/2018:17:32:41 -0300] "GET /cormun/pexe_scrolldiv.js HTTP/1.1" 404 1009
192.168.10.56 - - [01/Mar/2018:17:32:41 -0300] "GET /cormun/pexe_scrolldiv.js HTTP/1.1" 404 1009
192.168.10.56 - - [01/Mar/2018:17:32:42 -0300] "GET /cormun/servlet/vesolicitudgral?2018,9770,, HTTP/1.1" 200 9091
190.46.88.54 - - [01/Mar/2018:17:32:45 -0300] "POST /cormun/servlet/trlicencias?95aa15cb3c4d23a7411d5fcadd836891,,gx-no-cache=1519936318811 HTTP/1.1" 200 6204
192.168.10.56 - - [01/Mar/2018:17:32:48 -0300] "POST /cormun/servlet/vesolicitudgral?2d00026f5cb879209dfbb9d5b5d3cadd,2018,9770,,,gx-no-cache=1519936209020 HTTP/1.1" 200 93
192.168.10.56 - - [01/Mar/2018:17:32:48 -0300] "GET /cormun/servlet/hpexe_return? HTTP/1.1" 200 1008
192.168.10.56 - - [01/Mar/2018:17:32:49 -0300] "GET /cormun/servlet/trsolicitudgral? HTTP/1.1" 200 11864
190.46.88.54 - - [01/Mar/2018:17:32:49 -0300] "POST /cormun/servlet/trlicencias?95aa15cb3c4d23a7411d5fcadd836891,,gx-no-cache=1519936322496 HTTP/1.1" 200 6203
192.168.10.56 - - [01/Mar/2018:17:32:49 -0300] "GET /cormun/servlet/trsolicitudgral? HTTP/1.1" 200 11860
192.168.10.56 - - [01/Mar/2018:17:32:52 -0300] "GET /cormun/servlet/hlogin HTTP/1.1" 200 1734
192.168.10.56 - - [01/Mar/2018:17:32:55 -0300] "POST /cormun/servlet/hlogin?2d00026f5cb879209dfbb9d5b5d3cadd,gx-no-cache=1519936216931 HTTP/1.1" 200 90
192.168.10.56 - - [01/Mar/2018:17:32:55 -0300] "GET /cormun/servlet/hpexe_link HTTP/1.1" 200 947
192.168.10.56 - - [01/Mar/2018:17:32:55 -0300] "GET /cormun/servlet/hhome HTTP/1.1" 200 3787
192.168.10.56 - - [01/Mar/2018:17:32:56 -0300] "GET /cormun/servlet/hhome HTTP/1.1" 200 3786
190.46.88.54 - - [01/Mar/2018:17:32:59 -0300] "GET /cormun/servlet/trsolicitudot? HTTP/1.1" 200 7401
192.168.10.56 - - [01/Mar/2018:17:32:59 -0300] "GET /cormun/servlet/trautorizarot? HTTP/1.1" 200 17383
192.168.10.56 - - [01/Mar/2018:17:32:59 -0300] "GET /cormun//static/Resources/PXToolsDataSearchRemember.gif HTTP/1.1" 200 1153
190.46.88.54 - - [01/Mar/2018:17:33:00 -0300] "GET /cormun/servlet/trsolicitudot? HTTP/1.1" 200 7401
192.168.10.56 - - [01/Mar/2018:17:33:00 -0300] "GET /cormun/servlet/trautorizarot? HTTP/1.1" 200 17381
190.46.88.54 - - [01/Mar/2018:17:33:02 -0300] "GET /cormun/servlet/solicitudot?INS,0,0, HTTP/1.1" 200 13641
190.46.88.54 - - [01/Mar/2018:17:33:03 -0300] "GET /cormun/servlet/solicitudot?INS,0,0, HTTP/1.1" 200 13646
200.86.171.207 - - [01/Mar/2018:17:33:08 -0300] "POST /cormun/servlet/solicitudot?gx-no-cache=1519936382869 HTTP/1.1" 200 30
200.86.171.207 - - [01/Mar/2018:17:33:20 -0300] "GET /cormun/servlet/prfichaempleado?,MD,,gxPopupLevel%3D0%3B HTTP/1.1" 200 9499
192.168.10.56 - - [01/Mar/2018:17:33:20 -0300] "POST /cormun/servlet/trautorizarot?2d00026f5cb879209dfbb9d5b5d3cadd,,gx-no-cache=1519936240575 HTTP/1.1" 200 5318
200.86.171.207 - - [01/Mar/2018:17:33:20 -0300] "GET /cormun/static/gxcfg.js?20177612134814 HTTP/1.1" 200 953
200.86.171.207 - - [01/Mar/2018:17:33:20 -0300] "GET /cormun/static/prfichaempleado.js?20177612134999 HTTP/1.1" 200 16006
192.168.10.96 - - [01/Mar/2018:17:33:21 -0300] "GET /cormun/servlet/trsolicitudgral? HTTP/1.1" 200 10867
192.168.10.56 - - [01/Mar/2018:17:33:22 -0300] "GET /cormun/servlet/hlogin HTTP/1.1" 200 1733
192.168.10.96 - - [01/Mar/2018:17:33:22 -0300] "GET /cormun/servlet/trsolicitudgral? HTTP/1.1" 200 10867
192.168.10.56 - - [01/Mar/2018:17:33:26 -0300] "POST /cormun/servlet/hlogin?2d00026f5cb879209dfbb9d5b5d3cadd,gx-no-cache=1519936247788 HTTP/1.1" 200 90
192.168.10.56 - - [01/Mar/2018:17:33:26 -0300] "GET /cormun/servlet/hpexe_link HTTP/1.1" 200 947
192.168.10.56 - - [01/Mar/2018:17:33:26 -0300] "GET /cormun/servlet/hhome HTTP/1.1" 200 4462
192.168.10.56 - - [01/Mar/2018:17:33:27 -0300] "GET /cormun/servlet/hhome HTTP/1.1" 200 4458
192.168.10.96 - - [01/Mar/2018:17:33:30 -0300] "POST /cormun/servlet/trsolicitudgral?8aa09d96e9d0ef62f6a23a0d270c345b,,gx-no-cache=1519936250640 HTTP/1.1" 200 11100
190.46.88.54 - - [01/Mar/2018:17:33:30 -0300] "GET /cormun/servlet/prfichaempleado?,MD,,gxPopupLevel%3D0%3B HTTP/1.1" 200 9348
200.86.171.207 - - [01/Mar/2018:17:33:34 -0300] "POST /cormun/servlet/prfichaempleado?a6a69be86de86ebec57c01078d85ecd6,,MD,,gxPopupLevel%3D0%3B,gx-no-cache=1519936408555 HTTP/1.1" 200 3406
192.168.10.96 - - [01/Mar/2018:17:33:35 -0300] "GET /cormun/servlet/vesolicitudgral?2018,8390,, HTTP/1.1" 200 9275
192.168.10.96 - - [01/Mar/2018:17:33:35 -0300] "GET /cormun/pexe_scrolldiv.js HTTP/1.1" 404 1009
192.168.10.96 - - [01/Mar/2018:17:33:35 -0300] "GET /cormun/pexe_scrolldiv.js HTTP/1.1" 404 1009
192.168.10.96 - - [01/Mar/2018:17:33:35 -0300] "GET /cormun/servlet/vesolicitudgral?2018,8390,, HTTP/1.1" 200 9275
192.168.10.96 - - [01/Mar/2018:17:33:38 -0300] "GET /cormun/servlet/vesolicitudgral?2018,8390,,SolicitudOTAdjuntos HTTP/1.1" 200 11178
192.168.10.96 - - [01/Mar/2018:17:33:38 -0300] "GET /cormun/pexe_scrolldiv.js HTTP/1.1" 404 1009
192.168.10.96 - - [01/Mar/2018:17:33:38 -0300] "GET /cormun/pexe_scrolldiv.js HTTP/1.1" 404 1009
192.168.10.96 - - [01/Mar/2018:17:33:39 -0300] "POST /cormun/servlet/acontrolpreferencessavestate?None,DZAMUDIO,true HTTP/1.1" 200 35
192.168.10.96 - - [01/Mar/2018:17:33:39 -0300] "GET /cormun/servlet/vesolicitudgral?2018,8390,,SolicitudOTAdjuntos HTTP/1.1" 200 11177
192.168.10.96 - - [01/Mar/2018:17:33:41 -0300] "GET /cormun/PublicTempStorage/c.i._e._jerez7833496.pdf HTTP/1.1" 200 154557
200.86.171.207 - - [01/Mar/2018:17:33:45 -0300] "GET /cormun/servlet/prlicenciaspermisos?15986634,L,,MD,,gxPopupLevel%3D0%3B HTTP/1.1" 200 6015
200.86.171.207 - - [01/Mar/2018:17:33:45 -0300] "GET /cormun/static/gxcfg.js?20176272053834 HTTP/1.1" 200 953
200.86.171.207 - - [01/Mar/2018:17:33:45 -0300] "GET /cormun/static/prlicenciaspermisos.js?20176272054050 HTTP/1.1" 200 13379
200.86.171.207 - - [01/Mar/2018:17:33:45 -0300] "GET /cormun/static/Resources/Spanish/PXTools.css?17315867 HTTP/1.1" 200 89042
192.168.10.56 - - [01/Mar/2018:17:33:51 -0300] "GET /cormun/servlet/trsolicitudgral? HTTP/1.1" 200 11862
192.168.10.96 - - [01/Mar/2018:17:33:51 -0300] "GET /cormun/servlet/vesolicitudgral?2018,8390,,SolicitudOTAdjuntos HTTP/1.1" 200 11176
192.168.10.56 - - [01/Mar/2018:17:33:52 -0300] "GET /cormun/servlet/trsolicitudgral? HTTP/1.1" 200 11860
192.168.10.96 - - [01/Mar/2018:17:33:52 -0300] "POST /cormun/servlet/acontrolpreferencessavestate?None,DZAMUDIO,true HTTP/1.1" 200 35
192.168.10.96 - - [01/Mar/2018:17:33:53 -0300] "GET /cormun/servlet/vesolicitudgral?2018,8390,,SolicitudOTAdjuntos HTTP/1.1" 200 11175
192.168.10.96 - - [01/Mar/2018:17:33:53 -0300] "GET /cormun/PublicTempStorage/c._afp._e._jerez7990033.pdf HTTP/1.1" 200 1723643
192.168.10.56 - - [01/Mar/2018:17:33:56 -0300] "POST /cormun/servlet/trsolicitudgral?2d00026f5cb879209dfbb9d5b5d3cadd,,gx-no-cache=1519936277563 HTTP/1.1" 200 115
192.168.10.56 - - [01/Mar/2018:17:33:56 -0300] "GET /cormun/servlet/solicitudotlog?INS,2018,9770,0,REC, HTTP/1.1" 200 6268
192.168.10.56 - - [01/Mar/2018:17:33:57 -0300] "GET /cormun/servlet/solicitudotlog?INS,2018,9770,0,REC, HTTP/1.1" 200 6268
192.168.10.56 - - [01/Mar/2018:17:33:57 -0300] "GET /cormun/servlet/solicitudotlog?ecabfa318b5ea5ad9f395963b6060a0bff32952957c28242cbbd1fefee248de8a97dc3b35b7986f755fc2278046c0c5bef089783262c7610a0906988700e90cf6d0d8760c031e99a2f039c86b32ac4cdfa200aa9e2a8f6b14fd23f1aa80e6bbc60a342ea7bdf88254488d0599a27ae6753d8b93096c43f06d4414626845d4b1127f65de0c21d0e06a677876a3ccee7d55f1f39253f1212727a65cdfe96bbfb53,gx-no-cache=1519936279296 HTTP/1.1" 200 94
192.168.10.96 - - [01/Mar/2018:17:34:01 -0300] "GET /cormun/servlet/vesolicitudgral?2018,8390,,SolicitudOTAdjuntos HTTP/1.1" 200 11174
192.168.10.96 - - [01/Mar/2018:17:34:02 -0300] "POST /cormun/servlet/acontrolpreferencessavestate?None,DZAMUDIO,true HTTP/1.1" 200 35
192.168.10.96 - - [01/Mar/2018:17:34:03 -0300] "GET /cormun/servlet/vesolicitudgral?2018,8390,,SolicitudOTAdjuntos HTTP/1.1" 200 11175
192.168.10.96 - - [01/Mar/2018:17:34:03 -0300] "GET /cormun/PublicTempStorage/fonasa_e._jerez9608061.pdf HTTP/1.1" 200 182992
200.86.171.207 - - [01/Mar/2018:17:34:06 -0300] "POST /cormun/servlet/solicitudot?gx-no-cache=1519936440472 HTTP/1.1" 200 1337
192.168.10.56 - - [01/Mar/2018:17:34:07 -0300] "POST /cormun/servlet/solicitudotlog?2d00026f5cb879209dfbb9d5b5d3cadd,INS,2018,9770,0,REC,,gx-no-cache=1519936288406 HTTP/1.1" 200 93
192.168.10.56 - - [01/Mar/2018:17:34:07 -0300] "GET /cormun/servlet/hpexe_return? HTTP/1.1" 200 1018
192.168.10.56 - - [01/Mar/2018:17:34:08 -0300] "GET /cormun/servlet/trsolicitudgral HTTP/1.1" 200 11501
192.168.10.56 - - [01/Mar/2018:17:34:08 -0300] "GET /cormun/servlet/trsolicitudgral HTTP/1.1" 200 11496
200.86.171.207 - - [01/Mar/2018:17:34:09 -0300] "POST /cormun/servlet/solicitudot?gx-no-cache=1519936444033 HTTP/1.1" 200 41
192.168.10.96 - - [01/Mar/2018:17:34:13 -0300] "GET /cormun/servlet/vesolicitudgral?2018,8390,,SolicitudOTAdjuntos HTTP/1.1" 200 11178
192.168.10.96 - - [01/Mar/2018:17:34:14 -0300] "POST /cormun/servlet/acontrolpreferencessavestate?None,DZAMUDIO,true HTTP/1.1" 200 35
192.168.10.96 - - [01/Mar/2018:17:34:14 -0300] "GET /cormun/servlet/vesolicitudgral?2018,8390,,SolicitudOTAdjuntos HTTP/1.1" 200 11175
192.168.10.96 - - [01/Mar/2018:17:34:15 -0300] "GET /cormun/PublicTempStorage/c._ant._e._jerez5308404.pdf HTTP/1.1" 200 282589
192.168.10.96 - - [01/Mar/2018:17:34:20 -0300] "GET /cormun/servlet/vesolicitudgral?2018,8390,,SolicitudOTAdjuntos HTTP/1.1" 200 11175
192.168.10.96 - - [01/Mar/2018:17:34:21 -0300] "POST /cormun/servlet/acontrolpreferencessavestate?None,DZAMUDIO,true HTTP/1.1" 200 35
192.168.10.96 - - [01/Mar/2018:17:34:21 -0300] "GET /cormun/servlet/vesolicitudgral?2018,8390,,SolicitudOTAdjuntos HTTP/1.1" 200 11178
192.168.10.96 - - [01/Mar/2018:17:34:22 -0300] "GET /cormun/PublicTempStorage/curri_e._jerez6231810.pdf HTTP/1.1" 200 702180
190.46.88.54 - - [01/Mar/2018:17:34:24 -0300] "POST /cormun/servlet/prfichaempleado?95aa15cb3c4d23a7411d5fcadd836891,,MD,,gxPopupLevel%3D0%3B,gx-no-cache=1519936417712 HTTP/1.1" 200 3419
192.168.10.96 - - [01/Mar/2018:17:34:28 -0300] "GET /cormun/servlet/vesolicitudgral?2018,8390,,SolicitudOTAdjuntos HTTP/1.1" 200 11174
192.168.10.96 - - [01/Mar/2018:17:34:29 -0300] "POST /cormun/servlet/acontrolpreferencessavestate?None,DZAMUDIO,true HTTP/1.1" 200 35
192.168.10.96 - - [01/Mar/2018:17:34:29 -0300] "GET /cormun/servlet/vesolicitudgral?2018,8390,,SolicitudOTAdjuntos HTTP/1.1" 200 11176
192.168.10.96 - - [01/Mar/2018:17:34:30 -0300] "GET /cormun/PublicTempStorage/c._tit._e._jerez4864564.pdf HTTP/1.1" 200 198253
186.103.159.46 - - [01/Mar/2018:17:34:41 -0300] "POST /cormun/servlet/solicitudot?gx-no-cache=1519936432838 HTTP/1.1" 200 1319
186.103.159.46 - - [01/Mar/2018:17:34:41 -0300] "POST /cormun/servlet/solicitudot?gx-no-cache=1519936433343 HTTP/1.1" 200 1218
186.103.159.46 - - [01/Mar/2018:17:34:41 -0300] "GET /cormun/servlet/solicitudot?1f98912d190e3d180d134005738c7fb786479b3ffdfc5af488d77212468ea276f6b99e6b4f53a7ec47853505710010c9,gx-no-cache=1519936433522 HTTP/1.1" 200 30
186.103.159.46 - - [01/Mar/2018:17:34:44 -0300] "POST /cormun/servlet/solicitudot?gx-no-cache=1519936436255 HTTP/1.1" 200 1319
186.103.159.46 - - [01/Mar/2018:17:34:44 -0300] "POST /cormun/servlet/solicitudot?gx-no-cache=1519936436474 HTTP/1.1" 200 1218
191.125.59.191 - - [01/Mar/2018:17:34:48 -0300] "GET /cormun/servlet/trsolicitudot? HTTP/1.1" 200 23295
191.125.59.191 - - [01/Mar/2018:17:34:48 -0300] "GET /cormun/static/Resources/Spanish/PXTools.css?1255365 HTTP/1.1" 304 -
191.125.59.191 - - [01/Mar/2018:17:34:48 -0300] "GET /cormun/static/calendar-system.css?85620 HTTP/1.1" 304 -
191.125.59.191 - - [01/Mar/2018:17:34:48 -0300] "GET /cormun/static/SmoothNavMenu/resources/ddsmoothmenu.css?1012540 HTTP/1.1" 304 -
191.125.59.191 - - [01/Mar/2018:17:34:48 -0300] "GET /cormun/static/Shared/ext/resources/css/ext-all.css?215870 HTTP/1.1" 304 -
191.125.59.191 - - [01/Mar/2018:17:34:48 -0300] "GET /cormun/static/gxui/gxui-all.css?120300 HTTP/1.1" 304 -
191.125.59.191 - - [01/Mar/2018:17:34:48 -0300] "GET /cormun/static/Shared/jqueryui/jquery-ui.min.css?1245370 HTTP/1.1" 304 -
191.125.59.191 - - [01/Mar/2018:17:34:48 -0300] "GET /cormun/static/SmoothNavMenu/resources/ddsmoothmenu-v.css?1012540 HTTP/1.1" 304 -
191.125.59.191 - - [01/Mar/2018:17:34:48 -0300] "GET /cormun/static/gxtimezone.js?85251 HTTP/1.1" 304 -
191.125.59.191 - - [01/Mar/2018:17:34:48 -0300] "GET /cormun/static/scaMessage/css/jquery.pnotify.default.css?1716380 HTTP/1.1" 304 -
191.125.59.191 - - [01/Mar/2018:17:34:48 -0300] "GET /cormun/static/gxcfg.js?2017111422585916 HTTP/1.1" 304 -
191.125.59.191 - - [01/Mar/2018:17:34:48 -0300] "GET /cormun/static/gxgral.js?85251 HTTP/1.1" 304 -
191.125.59.191 - - [01/Mar/2018:17:34:49 -0300] "GET /cormun/static/calendar.js?85251 HTTP/1.1" 304 -
191.125.59.191 - - [01/Mar/2018:17:34:49 -0300] "GET /cormun/static/gxui/gxui-all.js HTTP/1.1" 304 -
191.125.59.191 - - [01/Mar/2018:17:34:49 -0300] "GET /cormun/static/calendar-es.js?85251 HTTP/1.1" 304 -
191.125.59.191 - - [01/Mar/2018:17:34:49 -0300] "GET /cormun/static/calendar-setup.js?85251 HTTP/1.1" 304 -
191.125.59.191 - - [01/Mar/2018:17:34:49 -0300] "GET /cormun/static/RunJS/RunJS.js HTTP/1.1" 304 -
191.125.59.191 - - [01/Mar/2018:17:34:49 -0300] "GET /cormun/static/PXToolsJavascripts/pexe_windows.js HTTP/1.1" 304 -
191.125.59.191 - - [01/Mar/2018:17:34:49 -0300] "GET /cormun/static/PXToolsJavascripts/pexe_cookies.js HTTP/1.1" 304 -
191.125.59.191 - - [01/Mar/2018:17:34:49 -0300] "GET /cormun/static/PXToolsJavascripts/pexe_griddivfix.js HTTP/1.1" 304 -
191.125.59.191 - - [01/Mar/2018:17:34:49 -0300] "GET /cormun/static/PXToolsJavascripts/pexe_grid.js HTTP/1.1" 304 -
191.125.59.191 - - [01/Mar/2018:17:34:49 -0300] "GET /cormun/static/PXToolsJavascripts/pexe_menudivfix.js HTTP/1.1" 304 -
191.125.59.191 - - [01/Mar/2018:17:34:49 -0300] "GET /cormun/static/PXToolsJavascripts/pexe_link.js HTTP/1.1" 304 -
191.125.59.191 - - [01/Mar/2018:17:34:49 -0300] "GET /cormun/static/PXToolsJavascripts/pexe_menus.js HTTP/1.1" 304 -
191.125.59.191 - - [01/Mar/2018:17:34:49 -0300] "GET /cormun/static/PXToolsJavascripts/pexe_oav.js HTTP/1.1" 304 -
191.125.59.191 - - [01/Mar/2018:17:34:49 -0300] "GET /cormun/static/PXToolsJavascripts/pexe_picture.js HTTP/1.1" 304 -
191.125.59.191 - - [01/Mar/2018:17:34:49 -0300] "GET /cormun/static/PXToolsJavascripts/pexe_oavdivfix.js HTTP/1.1" 304 -
191.125.59.191 - - [01/Mar/2018:17:34:49 -0300] "GET /cormun/static/PXToolsJavascripts/pexe_layers.js HTTP/1.1" 304 -
191.125.59.191 - - [01/Mar/2018:17:34:49 -0300] "GET /cormun/static/PXToolsJavascripts/pexe_popup.js HTTP/1.1" 304 -
191.125.59.191 - - [01/Mar/2018:17:34:49 -0300] "GET /cormun/static/PXToolsJavascripts/pexe_tabdivfix.js HTTP/1.1" 304 -
191.125.59.191 - - [01/Mar/2018:17:34:49 -0300] "GET /cormun/static/PXToolsJavascripts/pexe_upload.js HTTP/1.1" 304 -
191.125.59.191 - - [01/Mar/2018:17:34:49 -0300] "GET /cormun/static/PXToolsJavascripts/pexe_scrolldiv.js HTTP/1.1" 304 -
191.125.59.191 - - [01/Mar/2018:17:34:49 -0300] "GET /cormun/static/PXToolsJavascripts/pexe_tabs.js HTTP/1.1" 304 -
191.125.59.191 - - [01/Mar/2018:17:34:49 -0300] "GET /cormun/static/PXToolsJavascripts/pexe_autoreload.js HTTP/1.1" 304 -
191.125.59.191 - - [01/Mar/2018:17:34:49 -0300] "GET /cormun/static/PXToolsJavascripts/PXToolsJavascriptsRender.js HTTP/1.1" 304 -
191.125.59.191 - - [01/Mar/2018:17:34:49 -0300] "GET /cormun/static/Shared/ext/ext-all.js HTTP/1.1" 304 -
191.125.59.191 - - [01/Mar/2018:17:34:49 -0300] "GET /cormun/static/messages.spa.js?85251 HTTP/1.1" 304 -
191.125.59.191 - - [01/Mar/2018:17:34:49 -0300] "GET /cormun/static/Shared/ext/locale/ext-lang-en.js HTTP/1.1" 304 -
191.125.59.191 - - [01/Mar/2018:17:34:49 -0300] "GET /cormun/static/trsolicitudot.js?201711142259839 HTTP/1.1" 304 -
191.125.59.191 - - [01/Mar/2018:17:34:49 -0300] "GET /cormun/static/gxdec.js?85251 HTTP/1.1" 304 -
191.125.59.191 - - [01/Mar/2018:17:34:49 -0300] "GET /cormun/static/hpexe_scripts.js?201752511465715 HTTP/1.1" 304 -
191.125.59.191 - - [01/Mar/2018:17:34:49 -0300] "GET /cormun/static/hwchdr01.js?201752511465785 HTTP/1.1" 304 -
191.125.59.191 - - [01/Mar/2018:17:34:49 -0300] "GET /cormun/static/hpexe_recentlink.js?20177611595044 HTTP/1.1" 304 -
191.125.59.191 - - [01/Mar/2018:17:34:49 -0300] "GET /cormun/static/hpexe_messagepopupcomponent.js?20161017169425 HTTP/1.1" 304 -
191.125.59.191 - - [01/Mar/2018:17:34:49 -0300] "GET /cormun/static/hpexe_messagecontroller.js?20177611595012 HTTP/1.1" 304 -
191.125.59.191 - - [01/Mar/2018:17:34:49 -0300] "GET /cormun/static/hpexe_messagegenexuscomponent.js?201752511465344 HTTP/1.1" 304 -
191.125.59.191 - - [01/Mar/2018:17:34:49 -0300] "GET /cormun/static/cmcontrolpreferences.js?201752511465670 HTTP/1.1" 304 -
191.125.59.191 - - [01/Mar/2018:17:34:49 -0300] "GET /cormun/static/SmoothNavMenu/resources/SmoothNavMenuRender.js HTTP/1.1" 304 -
191.125.59.191 - - [01/Mar/2018:17:34:49 -0300] "GET /cormun/static/SmoothNavMenu/resources/ddsmoothmenu.js HTTP/1.1" 304 -
191.125.59.191 - - [01/Mar/2018:17:34:49 -0300] "GET /cormun/static/Shared/jqueryui/jquery-ui.min.js HTTP/1.1" 304 -
191.125.59.191 - - [01/Mar/2018:17:34:49 -0300] "GET /cormun/static/Shared/jquery/jquery-1.4.2.min.js HTTP/1.1" 304 -
191.125.59.191 - - [01/Mar/2018:17:34:49 -0300] "GET /cormun/static/scaMessage/js/jquery.pnotify.min.js HTTP/1.1" 304 -
191.125.59.191 - - [01/Mar/2018:17:34:49 -0300] "GET /cormun/static/scaMessage/scaMessageRender.js HTTP/1.1" 304 -
191.125.59.191 - - [01/Mar/2018:17:34:50 -0300] "GET /cormun/static/hmpwkw03.js?20177612122668 HTTP/1.1" 304 -
191.125.59.191 - - [01/Mar/2018:17:34:50 -0300] "GET /cormun/static/Shared/jquery/jquery-1.10.2.min.js HTTP/1.1" 304 -
191.125.59.191 - - [01/Mar/2018:17:34:50 -0300] "GET /cormun/static/Resources/logo4.png HTTP/1.1" 304 -
191.125.59.191 - - [01/Mar/2018:17:34:50 -0300] "GET /cormun/static/Resources/PXToolsHeaderActionsLeft.png HTTP/1.1" 304 -
191.125.59.191 - - [01/Mar/2018:17:34:50 -0300] "GET /cormun/static/Resources/PXToolsHeaderHome.png HTTP/1.1" 304 -
191.125.59.191 - - [01/Mar/2018:17:34:50 -0300] "GET /cormun/static/Resources/PXToolsHeaderPreferences.png HTTP/1.1" 304 -
191.125.59.191 - - [01/Mar/2018:17:34:50 -0300] "GET /cormun/static/Resources/PXToolsHeaderSecurity.png HTTP/1.1" 304 -
191.125.59.191 - - [01/Mar/2018:17:34:50 -0300] "GET /cormun/static/Resources/PXToolsHeaderLogin.png HTTP/1.1" 304 -
191.125.59.191 - - [01/Mar/2018:17:34:50 -0300] "GET /cormun/static/Resources/PXTools/calendar.png HTTP/1.1" 304 -
191.125.59.191 - - [01/Mar/2018:17:34:50 -0300] "GET /cormun/static/Resources/PXToolsHeaderActionsRight.png HTTP/1.1" 304 -
191.125.59.191 - - [01/Mar/2018:17:34:50 -0300] "GET /cormun/static/Resources/PXToolsDataSearch.png HTTP/1.1" 200 419
191.125.59.191 - - [01/Mar/2018:17:34:50 -0300] "GET /cormun/static/Resources/PXToolsGridFirstDisabled.gif HTTP/1.1" 304 -
191.125.59.191 - - [01/Mar/2018:17:34:50 -0300] "GET /cormun/static/Resources/PXToolsGridPage.gif HTTP/1.1" 304 -
191.125.59.191 - - [01/Mar/2018:17:34:50 -0300] "GET /cormun/static/Resources/PXToolsGridNextDisabled.gif HTTP/1.1" 304 -
191.125.59.191 - - [01/Mar/2018:17:34:50 -0300] "GET /cormun/static/Resources/PXToolsGridPreviousDisabled.gif HTTP/1.1" 304 -
191.125.59.191 - - [01/Mar/2018:17:34:50 -0300] "GET /cormun/static/Resources/PXToolsActionExcel.png HTTP/1.1" 304 -
191.125.59.191 - - [01/Mar/2018:17:34:50 -0300] "GET /cormun/static/Resources/PXToolsGridLastDisabled.gif HTTP/1.1" 304 -
191.125.59.191 - - [01/Mar/2018:17:34:50 -0300] "GET /cormun/static/Resources/PXToolsGridNew.png HTTP/1.1" 304 -
191.125.59.191 - - [01/Mar/2018:17:34:50 -0300] "GET /cormun/static/Resources/PXToolsHeaderBackground2.png HTTP/1.1" 304 -
191.125.59.191 - - [01/Mar/2018:17:34:50 -0300] "GET /cormun/static/Resources/PXToolsFooterBackground2.png HTTP/1.1" 304 -
191.125.59.191 - - [01/Mar/2018:17:34:50 -0300] "GET /cormun/static/Resources/PXToolsHeaderActionsBackground.png HTTP/1.1" 304 -
191.125.59.191 - - [01/Mar/2018:17:34:50 -0300] "GET /cormun/static/Resources/PXToolsDataTitle.png HTTP/1.1" 304 -
191.125.59.191 - - [01/Mar/2018:17:34:50 -0300] "GET /cormun/static/Resources/indicator.gif HTTP/1.1" 304 -
191.125.59.191 - - [01/Mar/2018:17:34:50 -0300] "GET /cormun/static/Resources/asc.gif HTTP/1.1" 304 -
191.125.59.191 - - [01/Mar/2018:17:34:50 -0300] "GET /cormun/static/Resources/desc.gif HTTP/1.1" 304 -
191.125.59.191 - - [01/Mar/2018:17:34:50 -0300] "GET /cormun//static/Resources/PXToolsActionView.png HTTP/1.1" 304 -
191.125.59.191 - - [01/Mar/2018:17:34:50 -0300] "GET /cormun//static/Resources/PXToolsGridUpdate.png HTTP/1.1" 304 -
191.125.59.191 - - [01/Mar/2018:17:34:50 -0300] "GET /cormun//static/Resources/PXToolsGridDelete.png HTTP/1.1" 304 -
191.125.59.191 - - [01/Mar/2018:17:34:50 -0300] "GET /cormun//static/Resources/PXToolsRemoveAllAction.png HTTP/1.1" 304 -
191.125.59.191 - - [01/Mar/2018:17:34:50 -0300] "GET /cormun//static/Resources/PXTools/ActionInsert.png HTTP/1.1" 304 -
191.125.59.191 - - [01/Mar/2018:17:34:50 -0300] "GET /cormun/static/SmoothNavMenu/resources/images/down.gif HTTP/1.1" 304 -
191.125.59.191 - - [01/Mar/2018:17:34:50 -0300] "GET /cormun/static/SmoothNavMenu/resources/images/right.gif HTTP/1.1" 304 -
191.125.59.191 - - [01/Mar/2018:17:34:50 -0300] "GET /cormun/static/Shared/ext/resources/themes/images/default/tools/tool-sprites.gif HTTP/1.1" 304 -
