200.86.96.247 - - [28/Feb/2018:17:03:05 -0300] "GET /cormun/servlet/solicitudotadjuntos?34678a691a08e42dc82ab5fd1551f60704fa40c783ffe319a8763c115023a648,gx-no-cache=1519848079119 HTTP/1.1" 200 30
200.86.96.247 - - [28/Feb/2018:17:03:07 -0300] "POST /cormun/servlet/solicitudotadjuntos?bf0ed36a20cb61f835718cfdd5278c2c,INS,2018,9754,,2, HTTP/1.1" 200 116
200.86.96.247 - - [28/Feb/2018:17:03:07 -0300] "GET /cormun/servlet/hpexe_return? HTTP/1.1" 200 1031
200.86.96.247 - - [28/Feb/2018:17:03:08 -0300] "GET /cormun/servlet/trsolicitudadjuntos?2018,9754, HTTP/1.1" 200 8589
200.86.96.247 - - [28/Feb/2018:17:03:09 -0300] "GET /cormun/servlet/trsolicitudadjuntos?2018,9754, HTTP/1.1" 200 8589
200.86.96.247 - - [28/Feb/2018:17:03:18 -0300] "GET /cormun/servlet/solicitudotadjuntos?INS,2018,9754,,2, HTTP/1.1" 200 5989
200.86.96.247 - - [28/Feb/2018:17:03:19 -0300] "GET /cormun/static/about:blank HTTP/1.1" 404 1011
200.86.96.247 - - [28/Feb/2018:17:03:19 -0300] "GET /cormun/servlet/solicitudotadjuntos?INS,2018,9754,,2, HTTP/1.1" 200 5982
200.86.96.247 - - [28/Feb/2018:17:03:19 -0300] "GET /cormun/servlet/solicitudotadjuntos?34678a691a08e42dc82ab5fd1551f6071bc90a61297c5f0084709d388f1626d48fbe26fc21439afedb42a70fd814f697,gx-no-cache=1519848093382 HTTP/1.1" 200 30
200.86.96.247 - - [28/Feb/2018:17:03:20 -0300] "POST /cormun/servlet/solicitudotadjuntos?bf0ed36a20cb61f835718cfdd5278c2c,INS,2018,9754,,2,,gx-no-cache=1519848093455 HTTP/1.1" 200 3963
200.86.96.247 - - [28/Feb/2018:17:03:39 -0300] "GET /cormun/servlet/trsolicitudadjuntos?2018,9754, HTTP/1.1" 200 8590
200.86.96.247 - - [28/Feb/2018:17:03:40 -0300] "GET /cormun/servlet/solicitudotadjuntos?INS,2018,9754,,2, HTTP/1.1" 200 6069
200.86.96.247 - - [28/Feb/2018:17:03:40 -0300] "GET /cormun/servlet/trsolicitudadjuntos?2018,9754, HTTP/1.1" 200 8579
200.86.96.247 - - [28/Feb/2018:17:03:40 -0300] "GET /cormun/static/about:blank HTTP/1.1" 404 1011
200.86.96.247 - - [28/Feb/2018:17:03:41 -0300] "GET /cormun/servlet/solicitudotadjuntos?INS,2018,9754,,2, HTTP/1.1" 200 5982
200.86.96.247 - - [28/Feb/2018:17:03:41 -0300] "GET /cormun/servlet/solicitudotadjuntos?34678a691a08e42dc82ab5fd1551f6071bc90a61297c5f0084709d388f1626d48fbe26fc21439afedb42a70fd814f697,gx-no-cache=1519848114907 HTTP/1.1" 200 30
200.86.96.247 - - [28/Feb/2018:17:03:42 -0300] "POST /cormun/servlet/solicitudotadjuntos?bf0ed36a20cb61f835718cfdd5278c2c,INS,2018,9754,,2,,gx-no-cache=1519848115009 HTTP/1.1" 200 3965
186.103.158.250 - - [28/Feb/2018:17:03:44 -0300] "GET /cormun/servlet/solicitudot?8de8abd9fa50ffdd6b0f0220846010e815f3b80cc68920b82ca22d4d5d5f3c07,gx-no-cache=1519847990602 HTTP/1.1" 200 123
200.86.96.247 - - [28/Feb/2018:17:03:44 -0300] "GET /cormun/servlet/solicitudotadjuntos?INS,2018,9754,,1, HTTP/1.1" 200 5991
200.86.96.247 - - [28/Feb/2018:17:03:44 -0300] "GET /cormun/servlet/trsolicitudadjuntos?2018,9754, HTTP/1.1" 200 8526
200.86.96.247 - - [28/Feb/2018:17:03:45 -0300] "GET /cormun/servlet/solicitudotadjuntos?INS,2018,9754,,1, HTTP/1.1" 200 6067
200.86.96.247 - - [28/Feb/2018:17:03:45 -0300] "GET /cormun/servlet/solicitudotadjuntos?34678a691a08e42dc82ab5fd1551f6071bc90a61297c5f0084709d388f1626d48fbe26fc21439afedb42a70fd814f697,gx-no-cache=1519848119043 HTTP/1.1" 200 30
200.86.96.247 - - [28/Feb/2018:17:03:45 -0300] "GET /cormun/servlet/trsolicitudot HTTP/1.1" 200 9935
200.86.96.247 - - [28/Feb/2018:17:03:46 -0300] "POST /cormun/servlet/solicitudotadjuntos?bf0ed36a20cb61f835718cfdd5278c2c,INS,2018,9754,,1,,gx-no-cache=1519848119113 HTTP/1.1" 200 3836
200.86.96.247 - - [28/Feb/2018:17:03:47 -0300] "GET /cormun/servlet/trsolicitudot HTTP/1.1" 200 9931
200.86.96.247 - - [28/Feb/2018:17:03:53 -0300] "POST /cormun/servlet/trsolicitudot?bf0ed36a20cb61f835718cfdd5278c2c,gx-no-cache=1519848126926 HTTP/1.1" 200 107
200.86.96.247 - - [28/Feb/2018:17:03:54 -0300] "GET /cormun/servlet/trsolicitudadjuntos?2018,9754, HTTP/1.1" 200 8586
200.86.96.247 - - [28/Feb/2018:17:03:55 -0300] "GET /cormun/servlet/trsolicitudadjuntos?2018,9754, HTTP/1.1" 200 8587
200.86.96.247 - - [28/Feb/2018:17:04:02 -0300] "GET /cormun/servlet/solicitudotadjuntos?INS,2018,9754,,2, HTTP/1.1" 200 5989
200.86.96.247 - - [28/Feb/2018:17:04:03 -0300] "GET /cormun/static/about:blank HTTP/1.1" 404 1011
200.86.96.247 - - [28/Feb/2018:17:04:03 -0300] "GET /cormun/servlet/solicitudotadjuntos?INS,2018,9754,,2, HTTP/1.1" 200 5982
200.86.96.247 - - [28/Feb/2018:17:04:06 -0300] "GET /cormun/servlet/solicitudotadjuntos?34678a691a08e42dc82ab5fd1551f6071bc90a61297c5f0084709d388f1626d48fbe26fc21439afedb42a70fd814f697,gx-no-cache=1519848137185 HTTP/1.1" 200 30
200.86.96.247 - - [28/Feb/2018:17:04:06 -0300] "POST /cormun/servlet/solicitudotadjuntos?bf0ed36a20cb61f835718cfdd5278c2c,INS,2018,9754,,2,,gx-no-cache=1519848139946 HTTP/1.1" 200 3965
200.86.96.247 - - [28/Feb/2018:17:04:23 -0300] "GET /cormun/servlet/trsolicitudadjuntos?2018,9754, HTTP/1.1" 200 8586
200.86.96.247 - - [28/Feb/2018:17:04:24 -0300] "GET /cormun/servlet/trsolicitudadjuntos?2018,9754, HTTP/1.1" 200 8588
200.86.96.247 - - [28/Feb/2018:17:04:29 -0300] "GET /cormun/servlet/solicitudotadjuntos?INS,2018,9754,,1, HTTP/1.1" 200 5991
200.86.96.247 - - [28/Feb/2018:17:04:29 -0300] "GET /cormun/static/about:blank HTTP/1.1" 404 1011
200.86.96.247 - - [28/Feb/2018:17:04:29 -0300] "GET /cormun/servlet/solicitudotadjuntos?INS,2018,9754,,1, HTTP/1.1" 200 5984
200.86.96.247 - - [28/Feb/2018:17:04:30 -0300] "GET /cormun/servlet/solicitudotadjuntos?34678a691a08e42dc82ab5fd1551f6071bc90a61297c5f0084709d388f1626d48fbe26fc21439afedb42a70fd814f697,gx-no-cache=1519848163623 HTTP/1.1" 200 30
200.86.96.247 - - [28/Feb/2018:17:04:30 -0300] "POST /cormun/servlet/solicitudotadjuntos?bf0ed36a20cb61f835718cfdd5278c2c,INS,2018,9754,,1,,gx-no-cache=1519848163714 HTTP/1.1" 200 3823
200.86.96.247 - - [28/Feb/2018:17:04:44 -0300] "POST /cormun/servlet/solicitudotadjuntos?gx-no-cache=1519848177718 HTTP/1.1" 200 26
200.86.96.247 - - [28/Feb/2018:17:04:54 -0300] "GET /cormun/servlet/solicitudotadjuntos?34678a691a08e42dc82ab5fd1551f60704fa40c783ffe319a8763c115023a648,gx-no-cache=1519848187775 HTTP/1.1" 200 30
200.86.96.247 - - [28/Feb/2018:17:04:54 -0300] "GET /cormun/servlet/solicitudotadjuntos?34678a691a08e42dc82ab5fd1551f60704fa40c783ffe319a8763c115023a648,gx-no-cache=1519848187861 HTTP/1.1" 200 30
200.86.96.247 - - [28/Feb/2018:17:04:55 -0300] "POST /cormun/servlet/solicitudotadjuntos?bf0ed36a20cb61f835718cfdd5278c2c,INS,2018,9754,,1, HTTP/1.1" 200 116
200.86.96.247 - - [28/Feb/2018:17:04:55 -0300] "GET /cormun/servlet/hpexe_return? HTTP/1.1" 200 1030
200.86.96.247 - - [28/Feb/2018:17:04:56 -0300] "GET /cormun/servlet/trsolicitudadjuntos?2018,9754, HTTP/1.1" 200 8774
200.86.96.247 - - [28/Feb/2018:17:04:57 -0300] "GET /cormun/servlet/trsolicitudadjuntos?2018,9754, HTTP/1.1" 200 8772
200.86.96.247 - - [28/Feb/2018:17:05:01 -0300] "GET /cormun/servlet/solicitudotadjuntos?INS,2018,9754,,1, HTTP/1.1" 200 5991
200.86.96.247 - - [28/Feb/2018:17:05:01 -0300] "GET /cormun/static/about:blank HTTP/1.1" 404 1011
200.86.96.247 - - [28/Feb/2018:17:05:02 -0300] "GET /cormun/servlet/solicitudotadjuntos?INS,2018,9754,,1, HTTP/1.1" 200 5984
200.86.96.247 - - [28/Feb/2018:17:05:02 -0300] "GET /cormun/servlet/solicitudotadjuntos?34678a691a08e42dc82ab5fd1551f6071bc90a61297c5f0084709d388f1626d48fbe26fc21439afedb42a70fd814f697,gx-no-cache=1519848195986 HTTP/1.1" 200 30
200.86.96.247 - - [28/Feb/2018:17:05:03 -0300] "POST /cormun/servlet/solicitudotadjuntos?bf0ed36a20cb61f835718cfdd5278c2c,INS,2018,9754,,1,,gx-no-cache=1519848196121 HTTP/1.1" 200 3824
200.86.96.247 - - [28/Feb/2018:17:05:09 -0300] "POST /cormun/servlet/solicitudotadjuntos?gx-no-cache=1519848202804 HTTP/1.1" 200 26
200.86.96.247 - - [28/Feb/2018:17:05:29 -0300] "GET /cormun/servlet/solicitudotadjuntos?34678a691a08e42dc82ab5fd1551f60704fa40c783ffe319a8763c115023a648,gx-no-cache=1519848223265 HTTP/1.1" 200 30
200.86.96.247 - - [28/Feb/2018:17:05:29 -0300] "GET /cormun/servlet/solicitudotadjuntos?34678a691a08e42dc82ab5fd1551f60704fa40c783ffe319a8763c115023a648,gx-no-cache=1519848223351 HTTP/1.1" 200 30
200.86.96.247 - - [28/Feb/2018:17:05:31 -0300] "POST /cormun/servlet/solicitudotadjuntos?bf0ed36a20cb61f835718cfdd5278c2c,INS,2018,9754,,1, HTTP/1.1" 200 116
200.86.96.247 - - [28/Feb/2018:17:05:31 -0300] "GET /cormun/servlet/hpexe_return? HTTP/1.1" 200 1030
200.86.96.247 - - [28/Feb/2018:17:05:32 -0300] "GET /cormun/servlet/trsolicitudadjuntos?2018,9754, HTTP/1.1" 200 8904
200.86.96.247 - - [28/Feb/2018:17:05:33 -0300] "GET /cormun/servlet/trsolicitudadjuntos?2018,9754, HTTP/1.1" 200 8901
200.86.96.247 - - [28/Feb/2018:17:05:37 -0300] "GET /cormun/servlet/solicitudotadjuntos?INS,2018,9754,,1, HTTP/1.1" 200 5991
200.86.96.247 - - [28/Feb/2018:17:05:37 -0300] "GET /cormun/static/about:blank HTTP/1.1" 404 1011
200.86.96.247 - - [28/Feb/2018:17:05:38 -0300] "GET /cormun/servlet/solicitudotadjuntos?INS,2018,9754,,1, HTTP/1.1" 200 5984
200.86.96.247 - - [28/Feb/2018:17:05:38 -0300] "GET /cormun/servlet/solicitudotadjuntos?34678a691a08e42dc82ab5fd1551f6071bc90a61297c5f0084709d388f1626d48fbe26fc21439afedb42a70fd814f697,gx-no-cache=1519848231862 HTTP/1.1" 200 30
200.86.96.247 - - [28/Feb/2018:17:05:38 -0300] "POST /cormun/servlet/solicitudotadjuntos?bf0ed36a20cb61f835718cfdd5278c2c,INS,2018,9754,,1,,gx-no-cache=1519848231925 HTTP/1.1" 200 3824
200.86.96.247 - - [28/Feb/2018:17:05:42 -0300] "POST /cormun/servlet/solicitudotadjuntos?gx-no-cache=1519848236319 HTTP/1.1" 200 26
200.86.96.247 - - [28/Feb/2018:17:05:53 -0300] "GET /cormun/servlet/solicitudotadjuntos?34678a691a08e42dc82ab5fd1551f60704fa40c783ffe319a8763c115023a648,gx-no-cache=1519848247048 HTTP/1.1" 200 30
200.86.96.247 - - [28/Feb/2018:17:05:53 -0300] "GET /cormun/servlet/solicitudotadjuntos?34678a691a08e42dc82ab5fd1551f60704fa40c783ffe319a8763c115023a648,gx-no-cache=1519848247096 HTTP/1.1" 200 30
200.86.96.247 - - [28/Feb/2018:17:05:54 -0300] "POST /cormun/servlet/solicitudotadjuntos?bf0ed36a20cb61f835718cfdd5278c2c,INS,2018,9754,,1, HTTP/1.1" 200 116
200.86.96.247 - - [28/Feb/2018:17:05:54 -0300] "GET /cormun/servlet/hpexe_return? HTTP/1.1" 200 1030
200.86.96.247 - - [28/Feb/2018:17:05:55 -0300] "GET /cormun/servlet/trsolicitudadjuntos?2018,9754, HTTP/1.1" 200 9145
200.86.96.247 - - [28/Feb/2018:17:05:57 -0300] "GET /cormun/servlet/trsolicitudadjuntos?2018,9754, HTTP/1.1" 200 9145
200.86.96.247 - - [28/Feb/2018:17:06:00 -0300] "GET /cormun/servlet/solicitudotadjuntos?INS,2018,9754,,1, HTTP/1.1" 200 5991
200.86.96.247 - - [28/Feb/2018:17:06:00 -0300] "GET /cormun/static/about:blank HTTP/1.1" 404 1011
200.86.96.247 - - [28/Feb/2018:17:06:01 -0300] "GET /cormun/servlet/solicitudotadjuntos?INS,2018,9754,,1, HTTP/1.1" 200 5984
200.86.96.247 - - [28/Feb/2018:17:06:01 -0300] "GET /cormun/servlet/solicitudotadjuntos?34678a691a08e42dc82ab5fd1551f6071bc90a61297c5f0084709d388f1626d48fbe26fc21439afedb42a70fd814f697,gx-no-cache=1519848254718 HTTP/1.1" 200 30
200.86.96.247 - - [28/Feb/2018:17:06:01 -0300] "POST /cormun/servlet/solicitudotadjuntos?bf0ed36a20cb61f835718cfdd5278c2c,INS,2018,9754,,1,,gx-no-cache=1519848254777 HTTP/1.1" 200 3825
200.86.96.247 - - [28/Feb/2018:17:06:08 -0300] "POST /cormun/servlet/solicitudotadjuntos?gx-no-cache=1519848261745 HTTP/1.1" 200 26
200.86.96.247 - - [28/Feb/2018:17:06:20 -0300] "GET /cormun/servlet/solicitudotadjuntos?34678a691a08e42dc82ab5fd1551f60704fa40c783ffe319a8763c115023a648,gx-no-cache=1519848272393 HTTP/1.1" 200 30
200.86.96.247 - - [28/Feb/2018:17:06:20 -0300] "GET /cormun/servlet/solicitudotadjuntos?34678a691a08e42dc82ab5fd1551f60704fa40c783ffe319a8763c115023a648,gx-no-cache=1519848274088 HTTP/1.1" 200 30
200.86.96.247 - - [28/Feb/2018:17:06:21 -0300] "POST /cormun/servlet/solicitudotadjuntos?bf0ed36a20cb61f835718cfdd5278c2c,INS,2018,9754,,1, HTTP/1.1" 200 116
200.86.96.247 - - [28/Feb/2018:17:06:22 -0300] "GET /cormun/servlet/hpexe_return? HTTP/1.1" 200 1030
200.86.96.247 - - [28/Feb/2018:17:06:23 -0300] "GET /cormun/servlet/trsolicitudadjuntos?2018,9754, HTTP/1.1" 200 9403
200.86.96.247 - - [28/Feb/2018:17:06:24 -0300] "GET /cormun/servlet/trsolicitudadjuntos?2018,9754, HTTP/1.1" 200 9397
200.86.96.247 - - [28/Feb/2018:17:06:26 -0300] "GET /cormun/servlet/solicitudotadjuntos?INS,2018,9754,,1, HTTP/1.1" 200 5991
200.86.96.247 - - [28/Feb/2018:17:06:26 -0300] "GET /cormun/static/about:blank HTTP/1.1" 404 1011
200.86.96.247 - - [28/Feb/2018:17:06:27 -0300] "GET /cormun/servlet/solicitudotadjuntos?INS,2018,9754,,1, HTTP/1.1" 200 5984
200.86.96.247 - - [28/Feb/2018:17:06:27 -0300] "GET /cormun/servlet/solicitudotadjuntos?34678a691a08e42dc82ab5fd1551f6071bc90a61297c5f0084709d388f1626d48fbe26fc21439afedb42a70fd814f697,gx-no-cache=1519848281102 HTTP/1.1" 200 30
200.86.96.247 - - [28/Feb/2018:17:06:28 -0300] "POST /cormun/servlet/solicitudotadjuntos?bf0ed36a20cb61f835718cfdd5278c2c,INS,2018,9754,,1,,gx-no-cache=1519848281161 HTTP/1.1" 200 3825
200.86.96.247 - - [28/Feb/2018:17:06:32 -0300] "POST /cormun/servlet/solicitudotadjuntos?gx-no-cache=1519848286406 HTTP/1.1" 200 26
200.86.96.247 - - [28/Feb/2018:17:06:50 -0300] "GET /cormun/servlet/solicitudotadjuntos?34678a691a08e42dc82ab5fd1551f60704fa40c783ffe319a8763c115023a648,gx-no-cache=1519848304440 HTTP/1.1" 200 30
200.86.96.247 - - [28/Feb/2018:17:06:51 -0300] "GET /cormun/servlet/solicitudotadjuntos?34678a691a08e42dc82ab5fd1551f60704fa40c783ffe319a8763c115023a648,gx-no-cache=1519848304480 HTTP/1.1" 200 30
200.86.96.247 - - [28/Feb/2018:17:06:52 -0300] "POST /cormun/servlet/solicitudotadjuntos?bf0ed36a20cb61f835718cfdd5278c2c,INS,2018,9754,,1, HTTP/1.1" 200 116
200.86.96.247 - - [28/Feb/2018:17:06:52 -0300] "GET /cormun/servlet/hpexe_return? HTTP/1.1" 200 1030
200.86.96.247 - - [28/Feb/2018:17:06:53 -0300] "GET /cormun/servlet/trsolicitudadjuntos?2018,9754, HTTP/1.1" 200 9542
200.86.96.247 - - [28/Feb/2018:17:06:54 -0300] "GET /cormun/servlet/trsolicitudadjuntos?2018,9754, HTTP/1.1" 200 9542
200.86.96.247 - - [28/Feb/2018:17:07:22 -0300] "GET /cormun/servlet/hlogin HTTP/1.1" 200 1752
200.86.96.247 - - [28/Feb/2018:17:07:28 -0300] "POST /cormun/servlet/hlogin?bf0ed36a20cb61f835718cfdd5278c2c,gx-no-cache=1519848340203 HTTP/1.1" 200 90
200.86.96.247 - - [28/Feb/2018:17:07:28 -0300] "GET /cormun/servlet/hpexe_link HTTP/1.1" 200 974
200.86.96.247 - - [28/Feb/2018:17:07:29 -0300] "GET /cormun/servlet/trsolicitudadjuntos?2018,9754, HTTP/1.1" 200 9538
200.86.96.247 - - [28/Feb/2018:17:07:31 -0300] "GET /cormun/servlet/trsolicitudadjuntos?2018,9754, HTTP/1.1" 200 9539
200.86.96.247 - - [28/Feb/2018:17:07:36 -0300] "GET /cormun/servlet/trsolicitudot? HTTP/1.1" 200 9937
200.86.96.247 - - [28/Feb/2018:17:07:37 -0300] "GET /cormun/servlet/trsolicitudot? HTTP/1.1" 200 9931
200.86.96.247 - - [28/Feb/2018:17:07:42 -0300] "POST /cormun/servlet/trsolicitudot?bf0ed36a20cb61f835718cfdd5278c2c,,gx-no-cache=1519848354822 HTTP/1.1" 200 6779
200.86.96.247 - - [28/Feb/2018:17:07:42 -0300] "GET /cormun/static/Shared/jqueryui/images/ui-bg_flat_55_fafafa_40x100.png HTTP/1.1" 404 1097
200.86.96.247 - - [28/Feb/2018:17:07:42 -0300] "GET /cormun/static/Shared/jqueryui/images/ui-bg_highlight-soft_100_c6c2c8_1x100.png HTTP/1.1" 404 1117
200.86.96.247 - - [28/Feb/2018:17:07:42 -0300] "GET /cormun/static/Shared/jqueryui/images/ui-icons_8d78a5_256x240.png HTTP/1.1" 404 1089
200.86.96.247 - - [28/Feb/2018:17:07:42 -0300] "GET /cormun/static/Shared/jqueryui/images/ui-icons_82798d_256x240.png HTTP/1.1" 404 1089
200.86.96.247 - - [28/Feb/2018:17:07:43 -0300] "POST /cormun/servlet/trsolicitudot?bf0ed36a20cb61f835718cfdd5278c2c,,gx-no-cache=1519848355795 HTTP/1.1" 200 6723
200.86.96.247 - - [28/Feb/2018:17:08:12 -0300] "POST /cormun/servlet/trsolicitudot?bf0ed36a20cb61f835718cfdd5278c2c,,gx-no-cache=1519848385041 HTTP/1.1" 200 6490
200.86.96.247 - - [28/Feb/2018:17:08:13 -0300] "POST /cormun/servlet/trsolicitudot?bf0ed36a20cb61f835718cfdd5278c2c,,gx-no-cache=1519848385935 HTTP/1.1" 200 6433
192.168.10.96 - - [28/Feb/2018:17:08:15 -0300] "POST /cormun/servlet/trsolicitudgral?9358842a3bed196b676a3a1a15ae6027,,gx-no-cache=1519848336093 HTTP/1.1" 200 5925
200.86.96.247 - - [28/Feb/2018:17:08:16 -0300] "POST /cormun/servlet/trsolicitudot?bf0ed36a20cb61f835718cfdd5278c2c,,gx-no-cache=1519848389001 HTTP/1.1" 200 6154
200.86.96.247 - - [28/Feb/2018:17:08:16 -0300] "POST /cormun/servlet/trsolicitudot?bf0ed36a20cb61f835718cfdd5278c2c,,gx-no-cache=1519848389841 HTTP/1.1" 200 6096
192.168.10.96 - - [28/Feb/2018:17:08:20 -0300] "POST /cormun/servlet/trsolicitudgral?9358842a3bed196b676a3a1a15ae6027,,gx-no-cache=1519848340833 HTTP/1.1" 200 12803
200.86.96.247 - - [28/Feb/2018:17:08:21 -0300] "POST /cormun/servlet/trsolicitudot?bf0ed36a20cb61f835718cfdd5278c2c,,gx-no-cache=1519848394053 HTTP/1.1" 200 5715
200.86.96.247 - - [28/Feb/2018:17:08:21 -0300] "POST /cormun/servlet/trsolicitudot?bf0ed36a20cb61f835718cfdd5278c2c,,gx-no-cache=1519848394921 HTTP/1.1" 200 5659
200.86.96.247 - - [28/Feb/2018:17:08:24 -0300] "POST /cormun/servlet/trsolicitudot?bf0ed36a20cb61f835718cfdd5278c2c,,gx-no-cache=1519848397110 HTTP/1.1" 200 5778
192.168.10.96 - - [28/Feb/2018:17:08:26 -0300] "POST /cormun/servlet/trsolicitudgral?9358842a3bed196b676a3a1a15ae6027,,gx-no-cache=1519848347082 HTTP/1.1" 200 11794
200.86.96.247 - - [28/Feb/2018:17:08:30 -0300] "POST /cormun/servlet/trsolicitudot?bf0ed36a20cb61f835718cfdd5278c2c,,gx-no-cache=1519848403727 HTTP/1.1" 200 106
200.86.96.247 - - [28/Feb/2018:17:08:31 -0300] "GET /cormun/servlet/trsolicitudadjuntos?2018,9622, HTTP/1.1" 200 9202
200.86.96.247 - - [28/Feb/2018:17:08:33 -0300] "GET /cormun/servlet/trsolicitudadjuntos?2018,9622, HTTP/1.1" 200 9205
200.86.96.247 - - [28/Feb/2018:17:08:39 -0300] "GET /cormun/servlet/solicitudotadjuntos?INS,2018,9622,,1, HTTP/1.1" 200 5992
200.86.96.247 - - [28/Feb/2018:17:08:39 -0300] "GET /cormun/static/about:blank HTTP/1.1" 404 1011
200.86.96.247 - - [28/Feb/2018:17:08:40 -0300] "GET /cormun/servlet/solicitudotadjuntos?INS,2018,9622,,1, HTTP/1.1" 200 5985
200.86.96.247 - - [28/Feb/2018:17:08:40 -0300] "GET /cormun/servlet/solicitudotadjuntos?34678a691a08e42dc82ab5fd1551f60715bc291e1dc5e68be405607412185dc88fbe26fc21439afedb42a70fd814f697,gx-no-cache=1519848413863 HTTP/1.1" 200 30
200.86.96.247 - - [28/Feb/2018:17:08:40 -0300] "POST /cormun/servlet/solicitudotadjuntos?bf0ed36a20cb61f835718cfdd5278c2c,INS,2018,9622,,1,,gx-no-cache=1519848413934 HTTP/1.1" 200 3824
192.168.10.96 - - [28/Feb/2018:17:08:43 -0300] "POST /cormun/servlet/trsolicitudgral?9358842a3bed196b676a3a1a15ae6027,,gx-no-cache=1519848363921 HTTP/1.1" 200 105
192.168.10.96 - - [28/Feb/2018:17:08:43 -0300] "GET /cormun/SolicitudGral-5074.xls HTTP/1.1" 200 10752
200.86.96.247 - - [28/Feb/2018:17:09:31 -0300] "POST /cormun/servlet/solicitudotadjuntos?gx-no-cache=1519848464267 HTTP/1.1" 200 26
200.86.96.247 - - [28/Feb/2018:17:09:49 -0300] "GET /cormun/servlet/solicitudotadjuntos?34678a691a08e42dc82ab5fd1551f60704fa40c783ffe319a8763c115023a648,gx-no-cache=1519848482720 HTTP/1.1" 200 30
200.86.96.247 - - [28/Feb/2018:17:09:49 -0300] "GET /cormun/servlet/solicitudotadjuntos?34678a691a08e42dc82ab5fd1551f60704fa40c783ffe319a8763c115023a648,gx-no-cache=1519848482793 HTTP/1.1" 200 30
200.86.96.247 - - [28/Feb/2018:17:09:51 -0300] "POST /cormun/servlet/solicitudotadjuntos?bf0ed36a20cb61f835718cfdd5278c2c,INS,2018,9622,,1, HTTP/1.1" 200 6098
200.86.96.247 - - [28/Feb/2018:17:09:51 -0300] "GET /cormun/static/Shared/jqueryui/images/ui-bg_flat_55_994d53_40x100.png HTTP/1.1" 404 1097
200.86.96.247 - - [28/Feb/2018:17:09:51 -0300] "GET /cormun/static/Shared/jqueryui/images/ui-icons_ebccce_256x240.png HTTP/1.1" 404 1089
200.86.96.247 - - [28/Feb/2018:17:09:52 -0300] "GET /cormun/PrivateTempStorage/upload_00001877.png HTTP/1.1" 200 560853
200.86.96.247 - - [28/Feb/2018:17:10:39 -0300] "GET /cormun/servlet/hlogin HTTP/1.1" 200 1715
200.86.96.247 - - [28/Feb/2018:17:10:44 -0300] "POST /cormun/servlet/hlogin?98cd9e402275415585b99f65366b53f5,gx-no-cache=1519848536465 HTTP/1.1" 200 90
200.86.96.247 - - [28/Feb/2018:17:10:44 -0300] "GET /cormun/servlet/hpexe_link HTTP/1.1" 200 947
186.103.158.250 - - [28/Feb/2018:17:10:44 -0300] "GET /cormun/servlet/hlogin HTTP/1.1" 200 1721
200.86.96.247 - - [28/Feb/2018:17:10:44 -0300] "GET /cormun/servlet/hhome HTTP/1.1" 200 3939
200.86.96.247 - - [28/Feb/2018:17:10:46 -0300] "GET /cormun/servlet/hhome HTTP/1.1" 200 3937
200.86.96.247 - - [28/Feb/2018:17:10:54 -0300] "GET /cormun/servlet/trsolicitudot? HTTP/1.1" 200 8552
200.86.96.247 - - [28/Feb/2018:17:10:55 -0300] "GET /cormun/servlet/trsolicitudot? HTTP/1.1" 200 8551
186.103.158.250 - - [28/Feb/2018:17:10:58 -0300] "POST /cormun/servlet/hlogin?863f590d04dd0ba82a6fbaa9f7eca30a,gx-no-cache=1519848425645 HTTP/1.1" 200 90
186.103.158.250 - - [28/Feb/2018:17:10:58 -0300] "GET /cormun/servlet/hpexe_link HTTP/1.1" 200 963
200.86.96.247 - - [28/Feb/2018:17:10:58 -0300] "POST /cormun/servlet/trsolicitudot?98cd9e402275415585b99f65366b53f5,,gx-no-cache=1519848551876 HTTP/1.1" 200 106
186.103.158.250 - - [28/Feb/2018:17:10:59 -0300] "GET /cormun/servlet/solicitudot?INS,0,0, HTTP/1.1" 200 13421
200.86.96.247 - - [28/Feb/2018:17:11:00 -0300] "GET /cormun/servlet/trsolicitudadjuntos?2018,9622, HTTP/1.1" 200 9195
200.86.96.247 - - [28/Feb/2018:17:11:01 -0300] "GET /cormun/servlet/trsolicitudadjuntos?2018,9622, HTTP/1.1" 200 9198
186.103.158.250 - - [28/Feb/2018:17:11:02 -0300] "GET /cormun/servlet/solicitudot?INS,0,0, HTTP/1.1" 200 13424
186.67.164.142 - - [28/Feb/2018:17:11:08 -0300] "GET /cormun/servlet/solicitudotcontratos?INS,2018,0,9551516,9,6,2017,5495,NADA,201801,2,M, HTTP/1.1" 200 9907
186.67.164.142 - - [28/Feb/2018:17:11:09 -0300] "GET /cormun/servlet/solicitudotcontratos?3735d5434f790f92710a132c1369d17dff611463b3e83f8bfc30cfabed0ee6f9f1f59e118c8cf1fc6c7ac2c462014e5b,gx-no-cache=1519848621739 HTTP/1.1" 200 30
186.67.164.142 - - [28/Feb/2018:17:11:09 -0300] "GET /cormun/servlet/solicitudotcontratos?INS,2018,0,9551516,9,6,2017,5495,NADA,201801,2,M, HTTP/1.1" 200 9939
186.67.164.142 - - [28/Feb/2018:17:11:09 -0300] "GET /cormun/servlet/solicitudotcontratos?3735d5434f790f92710a132c1369d17d282fcf4a37a7282c8f9f7440100f302cad414bba395260c3b1d080139df7c827,gx-no-cache=1519848621793 HTTP/1.1" 200 30
186.67.164.142 - - [28/Feb/2018:17:11:09 -0300] "GET /cormun/servlet/solicitudotcontratos?3735d5434f790f92710a132c1369d17db52f4e9844471b014a189859f4dce25768818008a82f356d089ac7731ee455336ff42d2049e66dffd769241968e943281701d624d7e226172fc981aed44b8c7d973e76ab641faacda9b54e28b7d1418f465a6d14d62e1bc37df3c368cd295e2f9ee3e1d706346901962787d94430aa7c,gx-no-cache=1519848621831 HTTP/1.1" 200 50
186.67.164.142 - - [28/Feb/2018:17:11:09 -0300] "GET /cormun/servlet/solicitudotcontratos?3735d5434f790f92710a132c1369d17dd1d548ff0a219267a78972d723eb1ebac9bf7efa790ca33d8004b5915d4d104e,gx-no-cache=1519848621876 HTTP/1.1" 200 30
186.67.164.142 - - [28/Feb/2018:17:11:09 -0300] "GET /cormun/servlet/solicitudotcontratos?3735d5434f790f92710a132c1369d17d42a9827f0fde8ee299b077c302dc7b076469e668f4cda3b2cbc03236280689613d72ffd7fd339e300f6baf111dd9d8fb9262bbe9025f5c7c6871dd7112240f7957421ca539416f27bae9743476d1fd7742ac48a78ca18e06cce241f8dd34c23f,gx-no-cache=1519848621911 HTTP/1.1" 200 30
186.67.164.142 - - [28/Feb/2018:17:11:09 -0300] "GET /cormun/servlet/solicitudotcontratos?3735d5434f790f92710a132c1369d17dd7f9fe9f0e9d2db2306fe8908bd49c2bd4dce45cbfc3dcc1b9fdf3f8cb8e15d8527e22ebaf7c0711310180b322f6d303293b12b6b3110158930d96c3e5f2af3a98334b889fc73b6e63af44203714560bebca39c762a90bb5cd252bc4eb827b0cd31e37e38b58458ec535fe1cd24b9e3221bbba6d044196297be085995ebf0d1d71446fc26b89a8b7adc2a586ce1a6c32f7107f410bec6e837b7c343a88d9e2453b1969c368993251b8c6c3a9030f915c40af12946a023d0201b4e482cf1ce26b2c1f03f4bf0c1cabcb28ff87034df799df8e7a75735744cbe719fbde670d7c18498ea460e807f7e18ccd3668b8af67cbc7180837883bac26d4843a0dac1862b51d8dabf8c3f7e4f17bb33de50f8d73a31be35cfce99d35b095e896d1b4aeef4060ec0b7b3c07228ef47943c858fa7c6116bbba7bc19ca3c91a4e635c0f4a59f496447475ff99e9c6daabee3e52eb9c02973b304b3e74414a3adcfcb974d7d45738f289e8f3c369e8a16028df2528f2e0ea61ca4b438737535793370d0e3e281ef2dbf0d6ce94db27875c71e83350e5c7972841cf7edb71dd1a59ef1f38e60ec3,gx-no-cache=1519848621947 HTTP/1.1" 200 72
200.86.96.247 - - [28/Feb/2018:17:11:13 -0300] "GET /cormun/servlet/solicitudotadjuntos?INS,2018,9622,,1, HTTP/1.1" 200 5981
200.86.96.247 - - [28/Feb/2018:17:11:13 -0300] "GET /cormun/static/about:blank HTTP/1.1" 404 1011
200.86.96.247 - - [28/Feb/2018:17:11:13 -0300] "GET /cormun/servlet/solicitudotadjuntos?INS,2018,9622,,1, HTTP/1.1" 200 5975
200.86.96.247 - - [28/Feb/2018:17:11:14 -0300] "GET /cormun/servlet/solicitudotadjuntos?489b48f375fdb203201d50f1fd5b7fbef1c11018f332017acad018ed23890831222b8c5411bf5c8f81db251fd995238a,gx-no-cache=1519848567635 HTTP/1.1" 200 30
200.86.96.247 - - [28/Feb/2018:17:11:14 -0300] "POST /cormun/servlet/solicitudotadjuntos?98cd9e402275415585b99f65366b53f5,INS,2018,9622,,1,,gx-no-cache=1519848567704 HTTP/1.1" 200 3815
200.86.96.247 - - [28/Feb/2018:17:11:19 -0300] "POST /cormun/servlet/solicitudotadjuntos?gx-no-cache=1519848573186 HTTP/1.1" 200 26
192.168.10.96 - - [28/Feb/2018:17:11:24 -0300] "POST /cormun/servlet/trsolicitudgral?9358842a3bed196b676a3a1a15ae6027,,gx-no-cache=1519848524347 HTTP/1.1" 200 11702
192.168.10.96 - - [28/Feb/2018:17:11:28 -0300] "POST /cormun/servlet/trsolicitudgral?9358842a3bed196b676a3a1a15ae6027,,gx-no-cache=1519848529251 HTTP/1.1" 200 105
192.168.10.96 - - [28/Feb/2018:17:11:28 -0300] "GET /cormun/SolicitudGral-8513.xls HTTP/1.1" 200 10752
186.103.158.250 - - [28/Feb/2018:17:11:33 -0300] "GET /cormun/servlet/trsolicitudot? HTTP/1.1" 200 7180
186.103.158.250 - - [28/Feb/2018:17:11:35 -0300] "GET /cormun/servlet/trsolicitudot? HTTP/1.1" 200 7179
186.103.158.250 - - [28/Feb/2018:17:11:41 -0300] "GET /cormun/servlet/solicitudot?INS,0,0, HTTP/1.1" 200 13421
186.103.158.250 - - [28/Feb/2018:17:11:42 -0300] "GET /cormun/servlet/solicitudot?INS,0,0, HTTP/1.1" 200 13426
186.103.158.250 - - [28/Feb/2018:17:11:47 -0300] "GET /cormun/static/Resources/resize.gif HTTP/1.1" 200 77
186.103.158.250 - - [28/Feb/2018:17:11:48 -0300] "GET /cormun/servlet/prbanco?,MD,,gxPopupLevel%3D0%3B HTTP/1.1" 200 6595
186.103.158.250 - - [28/Feb/2018:17:11:48 -0300] "GET /cormun/static/gxcfg.js?20181161016094 HTTP/1.1" 200 953
186.103.158.250 - - [28/Feb/2018:17:11:48 -0300] "GET /cormun/static/Resources/PXToolsMenuSearch.png HTTP/1.1" 200 2914
186.103.158.250 - - [28/Feb/2018:17:11:48 -0300] "GET /cormun/static/prbanco.js?2018116101633 HTTP/1.1" 200 10693
186.103.158.250 - - [28/Feb/2018:17:11:48 -0300] "GET /cormun/static/Resources/PXToolsMenuSearchCancel.png HTTP/1.1" 200 2972
186.103.158.250 - - [28/Feb/2018:17:11:48 -0300] "GET /cormun/static/menusearch.js?201610171694467 HTTP/1.1" 200 1424
186.103.158.250 - - [28/Feb/2018:17:11:48 -0300] "GET /cormun/static/hmpwkw011.js?20177612121862 HTTP/1.1" 200 1968
186.103.158.250 - - [28/Feb/2018:17:11:50 -0300] "POST /cormun/servlet/acontrolpreferencessavestate?None,CE-4,true HTTP/1.1" 200 35
186.67.164.142 - - [28/Feb/2018:17:11:54 -0300] "POST /cormun/servlet/solicitudotcontratos?eac13c31f6b39b5f8e0c590ae7b0e6b8,INS,2018,0,9551516,9,6,2017,5495,NADA,201801,2,M,,gx-no-cache=1519848665645 HTTP/1.1" 200 10810
186.67.164.142 - - [28/Feb/2018:17:11:54 -0300] "POST /cormun/servlet/solicitudotcontratos?gx-no-cache=1519848666522 HTTP/1.1" 200 1320
186.67.164.142 - - [28/Feb/2018:17:11:54 -0300] "POST /cormun/servlet/solicitudotcontratos?gx-no-cache=1519848666642 HTTP/1.1" 200 1218
186.67.164.142 - - [28/Feb/2018:17:11:54 -0300] "GET /cormun/servlet/solicitudotcontratos?3735d5434f790f92710a132c1369d17d4aeb08c360c0abff3151181dc1dde99027cdd53502a8f8845289a62fa046c0f043d2084ba7f0efad76d567f62637a07e0b36f5699b883a2b46597065ce50eee56a739a3688b9f3223904145f670df45845fc4cecebcaf72853a2c9eaa39eb61d983988a77f1b41513f720692ad38ba3c,gx-no-cache=1519848666751 HTTP/1.1" 200 30
186.67.164.142 - - [28/Feb/2018:17:11:55 -0300] "POST /cormun/servlet/solicitudotcontratos?eac13c31f6b39b5f8e0c590ae7b0e6b8,INS,2018,0,9551516,9,6,2017,5495,NADA,201801,2,M,,gx-no-cache=1519848666787 HTTP/1.1" 200 93
186.67.164.142 - - [28/Feb/2018:17:11:55 -0300] "GET /cormun/servlet/hpexe_return? HTTP/1.1" 200 1043
186.67.164.142 - - [28/Feb/2018:17:11:56 -0300] "GET /cormun/servlet/trcontratosolicitud HTTP/1.1" 200 14919
186.67.164.142 - - [28/Feb/2018:17:11:57 -0300] "GET /cormun/servlet/trcontratosolicitud HTTP/1.1" 200 14896
186.103.158.250 - - [28/Feb/2018:17:12:00 -0300] "POST /cormun/servlet/solicitudot?gx-no-cache=1519848487361 HTTP/1.1" 200 3350
186.103.158.250 - - [28/Feb/2018:17:12:00 -0300] "GET /cormun/static/Shared/jqueryui/images/ui-icons_82798d_256x240.png HTTP/1.1" 404 1089
186.103.158.250 - - [28/Feb/2018:17:12:00 -0300] "GET /cormun/static/Shared/jqueryui/images/ui-bg_highlight-soft_100_c6c2c8_1x100.png HTTP/1.1" 404 1117
186.103.158.250 - - [28/Feb/2018:17:12:00 -0300] "GET /cormun/static/Shared/jqueryui/images/ui-bg_flat_55_994d53_40x100.png HTTP/1.1" 404 1097
186.103.158.250 - - [28/Feb/2018:17:12:00 -0300] "GET /cormun/static/Shared/jqueryui/images/ui-icons_ebccce_256x240.png HTTP/1.1" 404 1089
186.103.158.250 - - [28/Feb/2018:17:12:00 -0300] "GET /cormun/servlet/solicitudot?8de8abd9fa50ffdd6b0f0220846010e89543f28d289984d39fefed09608f76c5,gx-no-cache=1519848487715 HTTP/1.1" 200 111
186.103.158.250 - - [28/Feb/2018:17:12:00 -0300] "GET /cormun/servlet/solicitudot?8de8abd9fa50ffdd6b0f0220846010e80d825a2bfb3ffbbb3f78a12ce2190c90,gx-no-cache=1519848487823 HTTP/1.1" 200 94
186.103.158.250 - - [28/Feb/2018:17:12:05 -0300] "GET /cormun/servlet/solicitudot?8de8abd9fa50ffdd6b0f0220846010e81efa9183d2ef6e9bb7ca4030e4fd428b,gx-no-cache=1519848492318 HTTP/1.1" 200 53
192.168.10.96 - - [28/Feb/2018:17:12:18 -0300] "POST /cormun/servlet/trsolicitudgral?9358842a3bed196b676a3a1a15ae6027,,gx-no-cache=1519848579875 HTTP/1.1" 200 5923
192.168.10.96 - - [28/Feb/2018:17:12:22 -0300] "POST /cormun/servlet/trsolicitudgral?9358842a3bed196b676a3a1a15ae6027,,gx-no-cache=1519848583354 HTTP/1.1" 200 7289
200.86.96.247 - - [28/Feb/2018:17:12:25 -0300] "GET /cormun/servlet/hlogin HTTP/1.1" 200 1755
186.67.164.142 - - [28/Feb/2018:17:12:39 -0300] "GET /cormun/servlet/solicitudotcontratos?INS,2018,0,17135846,9,6,2017,6637,INTEGRACION,201801,8,M, HTTP/1.1" 200 9914
186.67.164.142 - - [28/Feb/2018:17:12:40 -0300] "GET /cormun/servlet/solicitudotcontratos?3735d5434f790f92710a132c1369d17d830f9bb55860f5295fa2d399afaff74ecffad06b6f32fafa2b50b9ad8afffcfe,gx-no-cache=1519848712665 HTTP/1.1" 200 30
186.67.164.142 - - [28/Feb/2018:17:12:40 -0300] "GET /cormun/servlet/solicitudotcontratos?INS,2018,0,17135846,9,6,2017,6637,INTEGRACION,201801,8,M, HTTP/1.1" 200 9946
186.67.164.142 - - [28/Feb/2018:17:12:40 -0300] "GET /cormun/servlet/solicitudotcontratos?3735d5434f790f92710a132c1369d17d9819d044067e980677243432b12bef178201f48654437a0eb12fcb5f3746645e,gx-no-cache=1519848712720 HTTP/1.1" 200 30
186.67.164.142 - - [28/Feb/2018:17:12:40 -0300] "GET /cormun/servlet/solicitudotcontratos?3735d5434f790f92710a132c1369d17db52f4e9844471b014a189859f4dce25768818008a82f356d089ac7731ee455336ff42d2049e66dffd769241968e943281701d624d7e226172fc981aed44b8c7d973e76ab641faacda9b54e28b7d1418f465a6d14d62e1bc37df3c368cd295e2f9ee3e1d706346901962787d94430aa7c,gx-no-cache=1519848712756 HTTP/1.1" 200 50
186.67.164.142 - - [28/Feb/2018:17:12:40 -0300] "GET /cormun/servlet/solicitudotcontratos?3735d5434f790f92710a132c1369d17d3661d706dd181cf596e58d7b317f504ef7e519570d4437a98e9ab02bdc012605,gx-no-cache=1519848712813 HTTP/1.1" 200 30
186.67.164.142 - - [28/Feb/2018:17:12:40 -0300] "GET /cormun/servlet/solicitudotcontratos?3735d5434f790f92710a132c1369d17d42a9827f0fde8ee299b077c302dc7b076469e668f4cda3b2cbc03236280689613d72ffd7fd339e300f6baf111dd9d8fb9262bbe9025f5c7c6871dd7112240f7957421ca539416f27bae9743476d1fd7742ac48a78ca18e06cce241f8dd34c23f,gx-no-cache=1519848712847 HTTP/1.1" 200 30
186.67.164.142 - - [28/Feb/2018:17:12:40 -0300] "GET /cormun/servlet/solicitudotcontratos?3735d5434f790f92710a132c1369d17dd7f9fe9f0e9d2db2306fe8908bd49c2bd4dce45cbfc3dcc1b9fdf3f8cb8e15d8928d4860f5a281172715bfbfff22fb4b49c28a4a7829c9a63fadf84364d8a1cae0091f28209d58f4cb2ce3336107f1a3be58c35c90fad62d67ec023acf3e4b6c9483f45b702e79ec6aa311e3201d12d768c5160e640bc88bd63e3398b68551ef7c22b656b2586b1b613d339ca3f502cb3b3644c9e2b5d90e37b0efe347bb51e99ec44f91fface10e67fd5dc031c0edbaf68cae65bd6fa38b67aaf2f8b74ec89de47e00b33b2f670fe7bb0b3135805a9fca3b157b2ab1edb8d48385e028a18f601967792eeccdd4325e17bfc3f1f511d61cf8b0b26d0f6dfd4f15ced6dc14bbe908774b3b47be331b5d25044c8409bbf260ec0b7b3c07228ef47943c858fa7c61af0f20f08fa365354e67ca5cb4a760a8fd90d084deb6abbcf0dbbbf155c37c296d660434c7ea58e8671de9e2836a9b9e0f117dbed7d0717a6c81bb2ef9e626b808774b3b47be331b5d25044c8409bbf2afa7a9e3bd5594c2a0dff596f1df128b01896a866bb86a891f929ddb0a1b0edd015fe0e1ea0ef2353b5edc91026028b5f1f59e118c8cf1fc6c7ac2c462014e5b,gx-no-cache=1519848712885 HTTP/1.1" 200 83
186.67.164.142 - - [28/Feb/2018:17:13:32 -0300] "POST /cormun/servlet/solicitudotcontratos?eac13c31f6b39b5f8e0c590ae7b0e6b8,INS,2018,0,17135846,9,6,2017,6637,INTEGRACION,201801,8,M,,gx-no-cache=1519848763718 HTTP/1.1" 200 10831
186.67.164.142 - - [28/Feb/2018:17:13:32 -0300] "POST /cormun/servlet/solicitudotcontratos?gx-no-cache=1519848764574 HTTP/1.1" 200 1320
186.67.164.142 - - [28/Feb/2018:17:13:32 -0300] "POST /cormun/servlet/solicitudotcontratos?gx-no-cache=1519848764696 HTTP/1.1" 200 1218
186.67.164.142 - - [28/Feb/2018:17:13:32 -0300] "GET /cormun/servlet/solicitudotcontratos?3735d5434f790f92710a132c1369d17d4aeb08c360c0abff3151181dc1dde99027cdd53502a8f8845289a62fa046c0f043d2084ba7f0efad76d567f62637a07e0b36f5699b883a2b46597065ce50eee56a739a3688b9f3223904145f670df45845fc4cecebcaf72853a2c9eaa39eb61d983988a77f1b41513f720692ad38ba3c,gx-no-cache=1519848764816 HTTP/1.1" 200 30
186.67.164.142 - - [28/Feb/2018:17:13:33 -0300] "POST /cormun/servlet/solicitudotcontratos?eac13c31f6b39b5f8e0c590ae7b0e6b8,INS,2018,0,17135846,9,6,2017,6637,INTEGRACION,201801,8,M,,gx-no-cache=1519848764892 HTTP/1.1" 200 93
186.67.164.142 - - [28/Feb/2018:17:13:33 -0300] "GET /cormun/servlet/hpexe_return? HTTP/1.1" 200 1050
186.67.164.142 - - [28/Feb/2018:17:13:34 -0300] "GET /cormun/servlet/trcontratosolicitud HTTP/1.1" 200 14756
186.67.164.142 - - [28/Feb/2018:17:13:36 -0300] "GET /cormun/servlet/trcontratosolicitud HTTP/1.1" 200 14746
186.103.158.250 - - [28/Feb/2018:17:13:43 -0300] "POST /cormun/servlet/solicitudot?gx-no-cache=1519848590810 HTTP/1.1" 200 3379
186.103.158.250 - - [28/Feb/2018:17:13:44 -0300] "POST /cormun/servlet/solicitudot?863f590d04dd0ba82a6fbaa9f7eca30a,INS,0,0,,gx-no-cache=1519848591304 HTTP/1.1" 200 10369
186.103.158.250 - - [28/Feb/2018:17:13:56 -0300] "GET /cormun/servlet/solicitudot?8de8abd9fa50ffdd6b0f0220846010e80d083f20dfd01215b012e7a71977b594a814bf2fbd4618ada57be2ed2a36563e,gx-no-cache=1519848603478 HTTP/1.1" 200 30
192.168.10.96 - - [28/Feb/2018:17:13:58 -0300] "POST /cormun/servlet/trsolicitudgral?9358842a3bed196b676a3a1a15ae6027,,gx-no-cache=1519848679155 HTTP/1.1" 200 5923
186.67.164.142 - - [28/Feb/2018:17:14:00 -0300] "GET /cormun/servlet/solicitudotcontratos?INS,2018,0,15105950,3,2,2017,1960,LEY+SEP,201801,17,M, HTTP/1.1" 200 9894
186.67.164.142 - - [28/Feb/2018:17:14:01 -0300] "GET /cormun/servlet/solicitudotcontratos?INS,2018,0,15105950,3,2,2017,1960,LEY+SEP,201801,17,M, HTTP/1.1" 200 9930
186.67.164.142 - - [28/Feb/2018:17:14:01 -0300] "GET /cormun/servlet/solicitudotcontratos?3735d5434f790f92710a132c1369d17d9ea69044dc69e90bca19db140d54862bcffad06b6f32fafa2b50b9ad8afffcfe,gx-no-cache=1519848793957 HTTP/1.1" 200 30
186.67.164.142 - - [28/Feb/2018:17:14:01 -0300] "GET /cormun/servlet/solicitudotcontratos?3735d5434f790f92710a132c1369d17d30f3dfce46e3ef2c4e72f5ce4b941b3a8201f48654437a0eb12fcb5f3746645e,gx-no-cache=1519848794112 HTTP/1.1" 200 30
186.67.164.142 - - [28/Feb/2018:17:14:02 -0300] "GET /cormun/servlet/solicitudotcontratos?3735d5434f790f92710a132c1369d17db52f4e9844471b014a189859f4dce257f1d04e26e45407f93d7598ea628f46126ff42d2049e66dffd769241968e943285dd8e293283ef65c58f4a157c087bfa0f979530359d736eb42cc3e4f455c8b571c0369f6eea316d97f925d0ee829b3625972a5a8604153dbf9a5b2aa9e8d2be1,gx-no-cache=1519848794195 HTTP/1.1" 200 48
186.67.164.142 - - [28/Feb/2018:17:14:02 -0300] "GET /cormun/servlet/solicitudotcontratos?3735d5434f790f92710a132c1369d17d29a6234da29fe3adaea0209866da2a0ded0f407bd102bc6b743e45c8bb223b85,gx-no-cache=1519848794555 HTTP/1.1" 200 30
186.67.164.142 - - [28/Feb/2018:17:14:02 -0300] "GET /cormun/servlet/solicitudotcontratos?3735d5434f790f92710a132c1369d17d42a9827f0fde8ee299b077c302dc7b076469e668f4cda3b2cbc03236280689613d72ffd7fd339e300f6baf111dd9d8fb9262bbe9025f5c7c6871dd7112240f79bf10ec91b09cc45a687a81a4f71b7e1542ac48a78ca18e06cce241f8dd34c23f,gx-no-cache=1519848794599 HTTP/1.1" 200 30
186.67.164.142 - - [28/Feb/2018:17:14:02 -0300] "GET /cormun/servlet/solicitudotcontratos?3735d5434f790f92710a132c1369d17dd7f9fe9f0e9d2db2306fe8908bd49c2bd4dce45cbfc3dcc1b9fdf3f8cb8e15d878ee277ccc60be14c5848577ae9e37113d72ffd7fd339e300f6baf111dd9d8fbc30cb7b6a3566dc3b2bbaf6355b4c81a6dd8e26a087516f1b0f915c745d52b7ab6656a1005fcb965f26b6df92d7d8d8004e63749dcae7929c38550d407d9a3424e51cfb37d926161d77ee9c2517b0a9078ee277ccc60be14c5848577ae9e37110482b089d10f15df9c457a230e3f27a03ee11c5c45e5155052e25d317391ae0a6e301cdbd8244f7d278e0182d6f4efbe39ed063f2c37ad1aca14af43fed0ef48b6f44db0dc984ecc64d0a137b0b832dbd7bb9e2a9e132b3ca00a53686750d1dfdc45ed24b87a944ec3b9c47b7fc241b8c54e879327baf184d098d43a82f4795c591c2d2a4291235bdd48e088647f8e6ac7a395f8a2e80d04e57801abeead3b466e211eb78252dc6774a8c7052a79f1f11d4c193de5ac32e57848a116df36fd9a2394cc82330effafcb995b334e34deb7a4d51dae74da9a29c8cef00f8e903197d77ce3735f68153879f40e0e984e79b4fe548e9f364527fcffc48df475c59cf6,gx-no-cache=1519848794636 HTTP/1.1" 200 79
186.67.164.142 - - [28/Feb/2018:17:14:06 -0300] "POST /cormun/servlet/solicitudotcontratos?eac13c31f6b39b5f8e0c590ae7b0e6b8,INS,2018,0,15105950,3,2,2017,1960,LEY+SEP,201801,17,M,,gx-no-cache=1519848797797 HTTP/1.1" 200 93
186.67.164.142 - - [28/Feb/2018:17:14:06 -0300] "GET /cormun/servlet/hpexe_return? HTTP/1.1" 200 1047
186.67.164.142 - - [28/Feb/2018:17:14:07 -0300] "GET /cormun/servlet/trcontratosolicitud HTTP/1.1" 200 14749
186.67.164.142 - - [28/Feb/2018:17:14:08 -0300] "GET /cormun/servlet/trcontratosolicitud HTTP/1.1" 200 14740
200.86.96.247 - - [28/Feb/2018:17:14:37 -0300] "POST /cormun/servlet/hlogin?98cd9e402275415585b99f65366b53f5,gx-no-cache=1519848770818 HTTP/1.1" 200 90
200.86.96.247 - - [28/Feb/2018:17:14:37 -0300] "GET /cormun/servlet/hpexe_link HTTP/1.1" 200 973
200.86.96.247 - - [28/Feb/2018:17:14:38 -0300] "GET /cormun/servlet/solicitudotadjuntos?INS,2018,9622,,1, HTTP/1.1" 200 5976
200.86.96.247 - - [28/Feb/2018:17:14:38 -0300] "GET /cormun/static/about:blank HTTP/1.1" 404 1011
200.86.96.247 - - [28/Feb/2018:17:14:39 -0300] "GET /cormun/servlet/solicitudotadjuntos?INS,2018,9622,,1, HTTP/1.1" 200 5974
200.86.96.247 - - [28/Feb/2018:17:14:39 -0300] "GET /cormun/servlet/solicitudotadjuntos?489b48f375fdb203201d50f1fd5b7fbef1c11018f332017acad018ed23890831222b8c5411bf5c8f81db251fd995238a,gx-no-cache=1519848772742 HTTP/1.1" 200 30
200.86.96.247 - - [28/Feb/2018:17:14:39 -0300] "POST /cormun/servlet/solicitudotadjuntos?98cd9e402275415585b99f65366b53f5,INS,2018,9622,,1,,gx-no-cache=1519848772851 HTTP/1.1" 200 3805
186.67.164.142 - - [28/Feb/2018:17:14:43 -0300] "GET /cormun/servlet/solicitudotcontratos?INS,2018,0,15105950,3,2,2017,1960,LEY+SEP,201801,17,M, HTTP/1.1" 200 9895
186.67.164.142 - - [28/Feb/2018:17:14:44 -0300] "GET /cormun/servlet/solicitudotcontratos?3735d5434f790f92710a132c1369d17d9ea69044dc69e90bca19db140d54862bcffad06b6f32fafa2b50b9ad8afffcfe,gx-no-cache=1519848837285 HTTP/1.1" 200 30
186.67.164.142 - - [28/Feb/2018:17:14:44 -0300] "GET /cormun/servlet/solicitudotcontratos?3735d5434f790f92710a132c1369d17d30f3dfce46e3ef2c4e72f5ce4b941b3a8201f48654437a0eb12fcb5f3746645e,gx-no-cache=1519848837334 HTTP/1.1" 200 30
186.67.164.142 - - [28/Feb/2018:17:14:44 -0300] "GET /cormun/servlet/solicitudotcontratos?INS,2018,0,15105950,3,2,2017,1960,LEY+SEP,201801,17,M, HTTP/1.1" 200 9930
186.67.164.142 - - [28/Feb/2018:17:14:45 -0300] "GET /cormun/servlet/solicitudotcontratos?3735d5434f790f92710a132c1369d17db52f4e9844471b014a189859f4dce257f1d04e26e45407f93d7598ea628f46126ff42d2049e66dffd769241968e943285dd8e293283ef65c58f4a157c087bfa0f979530359d736eb42cc3e4f455c8b571c0369f6eea316d97f925d0ee829b3625972a5a8604153dbf9a5b2aa9e8d2be1,gx-no-cache=1519848837371 HTTP/1.1" 200 48
186.67.164.142 - - [28/Feb/2018:17:14:45 -0300] "GET /cormun/servlet/solicitudotcontratos?3735d5434f790f92710a132c1369d17d29a6234da29fe3adaea0209866da2a0ded0f407bd102bc6b743e45c8bb223b85,gx-no-cache=1519848837410 HTTP/1.1" 200 30
186.67.164.142 - - [28/Feb/2018:17:14:45 -0300] "GET /cormun/servlet/solicitudotcontratos?3735d5434f790f92710a132c1369d17d42a9827f0fde8ee299b077c302dc7b076469e668f4cda3b2cbc03236280689613d72ffd7fd339e300f6baf111dd9d8fb9262bbe9025f5c7c6871dd7112240f79bf10ec91b09cc45a687a81a4f71b7e1542ac48a78ca18e06cce241f8dd34c23f,gx-no-cache=1519848837444 HTTP/1.1" 200 30
186.67.164.142 - - [28/Feb/2018:17:14:45 -0300] "GET /cormun/servlet/solicitudotcontratos?3735d5434f790f92710a132c1369d17dd7f9fe9f0e9d2db2306fe8908bd49c2bd4dce45cbfc3dcc1b9fdf3f8cb8e15d878ee277ccc60be14c5848577ae9e37113d72ffd7fd339e300f6baf111dd9d8fbc30cb7b6a3566dc3b2bbaf6355b4c81a6dd8e26a087516f1b0f915c745d52b7ab6656a1005fcb965f26b6df92d7d8d8004e63749dcae7929c38550d407d9a3424e51cfb37d926161d77ee9c2517b0a9078ee277ccc60be14c5848577ae9e37110482b089d10f15df9c457a230e3f27a03ee11c5c45e5155052e25d317391ae0a6e301cdbd8244f7d278e0182d6f4efbe39ed063f2c37ad1aca14af43fed0ef48b6f44db0dc984ecc64d0a137b0b832dbd7bb9e2a9e132b3ca00a53686750d1dfdc45ed24b87a944ec3b9c47b7fc241b8c54e879327baf184d098d43a82f4795c591c2d2a4291235bdd48e088647f8e6ac7a395f8a2e80d04e57801abeead3b466e211eb78252dc6774a8c7052a79f1f11d4c193de5ac32e57848a116df36fd9a2394cc82330effafcb995b334e34deb7a4d51dae74da9a29c8cef00f8e903197d77ce3735f68153879f40e0e984e79b4fe548e9f364527fcffc48df475c59cf6,gx-no-cache=1519848837481 HTTP/1.1" 200 79
192.168.10.96 - - [28/Feb/2018:17:14:49 -0300] "POST /cormun/servlet/trsolicitudgral?9358842a3bed196b676a3a1a15ae6027,,gx-no-cache=1519848730167 HTTP/1.1" 200 5924
200.86.96.247 - - [28/Feb/2018:17:14:52 -0300] "POST /cormun/servlet/solicitudotadjuntos?gx-no-cache=1519848786418 HTTP/1.1" 200 26
186.103.158.250 - - [28/Feb/2018:17:14:57 -0300] "GET /cormun/servlet/solicitudot?8de8abd9fa50ffdd6b0f0220846010e859a6151647f25ad5635cb69d1bf8857a088d32822798bd481b8158f90e71d7d9,gx-no-cache=1519848665138 HTTP/1.1" 200 30
186.103.158.250 - - [28/Feb/2018:17:14:57 -0300] "GET /cormun/servlet/solicitudot?8de8abd9fa50ffdd6b0f0220846010e8499880de0f5cc0ba2baad444bb53b7daca4253b3f790428b6c6c6463604d1fe1a602b4363a965de5162e4b23abbd0763,gx-no-cache=1519848665226 HTTP/1.1" 200 53
200.86.96.247 - - [28/Feb/2018:17:15:17 -0300] "GET /cormun/servlet/solicitudotadjuntos?489b48f375fdb203201d50f1fd5b7fbec9bebc4036a57558160ad74be845d31f,gx-no-cache=1519848805003 HTTP/1.1" 200 30
200.86.96.247 - - [28/Feb/2018:17:15:17 -0300] "GET /cormun/servlet/solicitudotadjuntos?489b48f375fdb203201d50f1fd5b7fbec9bebc4036a57558160ad74be845d31f,gx-no-cache=1519848810848 HTTP/1.1" 200 30
200.86.96.247 - - [28/Feb/2018:17:15:18 -0300] "POST /cormun/servlet/solicitudotadjuntos?98cd9e402275415585b99f65366b53f5,INS,2018,9622,,1, HTTP/1.1" 200 116
200.86.96.247 - - [28/Feb/2018:17:15:18 -0300] "GET /cormun/servlet/hpexe_return? HTTP/1.1" 200 1022
200.86.96.247 - - [28/Feb/2018:17:15:20 -0300] "GET /cormun/servlet/trsolicitudadjuntos?2018,9622, HTTP/1.1" 200 9472
200.86.96.247 - - [28/Feb/2018:17:15:24 -0300] "GET /cormun/servlet/trsolicitudadjuntos?2018,9622, HTTP/1.1" 200 9468
186.103.158.250 - - [28/Feb/2018:17:15:25 -0300] "POST /cormun/servlet/solicitudot?gx-no-cache=1519848692917 HTTP/1.1" 200 255
186.103.158.250 - - [28/Feb/2018:17:15:26 -0300] "GET /cormun/servlet/solicitudot?8de8abd9fa50ffdd6b0f0220846010e82de11c7aa53127072b96239b7df0455f823a6825338cce79284e81e3a481633ac048f45167b5393130655524c4fdb8ab86304d70c6aeb96b43269f01a1fab9628659f40c608f382b99f336a0276d1ef7ad76eca224e04746570ee8287ab4f61884df7e5d38835de8b82b8f2ef795582d14fadb6a2b66bf1221a4e44c996dda964490d0c862237fd484b578b92f89987a59db9ab6079e885d75f28d4748841e606f7487638808d49c4d3e71558ad7c2ce2d5fc43df500048fdaab0206cb21e2026d3fb11f760c63cc2a0d498a4c1cb95b4b52537de3c3e058f5913ce4b294095947b01fff12e4873c47de68269aeb1ddd1bb6fdb2d975987223ddd20e619922d45881ef18a54171590b86d52495ebbe3588102b9f43bbd7f5a6e2d93061179a6dd98adb568d895679b6c52bbbeabcd4b1fd1ad23603254c79945613337fcea4242740bbf4109b8683f497fb156c39c36d70ed8c0b958d01b81283a66ef6cb7e0ea52dc60490b16b2e8e01d80a4126829b,gx-no-cache=1519848693027 HTTP/1.1" 200 30
186.103.158.250 - - [28/Feb/2018:17:15:28 -0300] "POST /cormun/servlet/solicitudot?gx-no-cache=1519848695996 HTTP/1.1" 200 30
186.103.158.250 - - [28/Feb/2018:17:15:32 -0300] "POST /cormun/servlet/solicitudot?gx-no-cache=1519848699466 HTTP/1.1" 200 1337
186.103.158.250 - - [28/Feb/2018:17:15:32 -0300] "POST /cormun/servlet/solicitudot?gx-no-cache=1519848699645 HTTP/1.1" 200 38
200.86.96.247 - - [28/Feb/2018:17:15:34 -0300] "GET /cormun/servlet/trsolicitudot? HTTP/1.1" 200 8557
200.86.96.247 - - [28/Feb/2018:17:15:35 -0300] "GET /cormun/servlet/trsolicitudot? HTTP/1.1" 200 8551
200.86.96.247 - - [28/Feb/2018:17:15:39 -0300] "POST /cormun/servlet/trsolicitudot?98cd9e402275415585b99f65366b53f5,,gx-no-cache=1519848831924 HTTP/1.1" 200 4483
200.86.96.247 - - [28/Feb/2018:17:15:39 -0300] "GET /cormun/static/Shared/jqueryui/images/ui-bg_highlight-soft_100_c6c2c8_1x100.png HTTP/1.1" 404 1117
200.86.96.247 - - [28/Feb/2018:17:15:39 -0300] "GET /cormun/static/Shared/jqueryui/images/ui-icons_82798d_256x240.png HTTP/1.1" 404 1089
200.86.96.247 - - [28/Feb/2018:17:15:39 -0300] "GET /cormun/static/Shared/jqueryui/images/ui-bg_flat_55_fafafa_40x100.png HTTP/1.1" 404 1097
200.86.96.247 - - [28/Feb/2018:17:15:39 -0300] "GET /cormun/static/Shared/jqueryui/images/ui-icons_8d78a5_256x240.png HTTP/1.1" 404 1089
200.86.96.247 - - [28/Feb/2018:17:15:39 -0300] "POST /cormun/servlet/trsolicitudot?98cd9e402275415585b99f65366b53f5,,gx-no-cache=1519848832678 HTTP/1.1" 200 4262
186.67.164.142 - - [28/Feb/2018:17:16:01 -0300] "POST /cormun/servlet/solicitudotcontratos?eac13c31f6b39b5f8e0c590ae7b0e6b8,INS,2018,0,15105950,3,2,2017,1960,LEY+SEP,201801,17,M,,gx-no-cache=1519848912589 HTTP/1.1" 200 10797
186.67.164.142 - - [28/Feb/2018:17:16:01 -0300] "POST /cormun/servlet/solicitudotcontratos?gx-no-cache=1519848913478 HTTP/1.1" 200 1321
186.67.164.142 - - [28/Feb/2018:17:16:01 -0300] "POST /cormun/servlet/solicitudotcontratos?gx-no-cache=1519848913627 HTTP/1.1" 200 1217
186.67.164.142 - - [28/Feb/2018:17:16:01 -0300] "GET /cormun/servlet/solicitudotcontratos?3735d5434f790f92710a132c1369d17d4aeb08c360c0abff3151181dc1dde99027cdd53502a8f8845289a62fa046c0f043d2084ba7f0efad76d567f62637a07e0b36f5699b883a2b46597065ce50eee56a739a3688b9f3223904145f670df45845fc4cecebcaf72853a2c9eaa39eb61d983988a77f1b41513f720692ad38ba3c,gx-no-cache=1519848913759 HTTP/1.1" 200 30
186.67.164.142 - - [28/Feb/2018:17:16:02 -0300] "POST /cormun/servlet/solicitudotcontratos?eac13c31f6b39b5f8e0c590ae7b0e6b8,INS,2018,0,15105950,3,2,2017,1960,LEY+SEP,201801,17,M,,gx-no-cache=1519848913853 HTTP/1.1" 200 93
186.67.164.142 - - [28/Feb/2018:17:16:02 -0300] "GET /cormun/servlet/hpexe_return? HTTP/1.1" 200 1047
186.67.164.142 - - [28/Feb/2018:17:16:03 -0300] "GET /cormun/servlet/trcontratosolicitud HTTP/1.1" 200 14610
200.86.96.247 - - [28/Feb/2018:17:16:04 -0300] "GET /cormun/servlet/hlogin HTTP/1.1" 200 1733
186.67.164.142 - - [28/Feb/2018:17:16:05 -0300] "GET /cormun/servlet/trcontratosolicitud HTTP/1.1" 200 14593
200.86.96.247 - - [28/Feb/2018:17:16:10 -0300] "POST /cormun/servlet/hlogin?98cd9e402275415585b99f65366b53f5,gx-no-cache=1519848863450 HTTP/1.1" 200 90
200.86.96.247 - - [28/Feb/2018:17:16:10 -0300] "GET /cormun/servlet/hpexe_link HTTP/1.1" 200 947
200.86.96.247 - - [28/Feb/2018:17:16:10 -0300] "GET /cormun/servlet/hhome HTTP/1.1" 200 4145
200.86.96.247 - - [28/Feb/2018:17:16:11 -0300] "GET /cormun/servlet/hhome HTTP/1.1" 200 4143
200.86.96.247 - - [28/Feb/2018:17:16:14 -0300] "GET /cormun/servlet/trautorizarsolicitud? HTTP/1.1" 200 10003
200.86.96.247 - - [28/Feb/2018:17:16:14 -0300] "GET /cormun/static/gxcfg.js?2017111423403364 HTTP/1.1" 200 953
200.86.96.247 - - [28/Feb/2018:17:16:14 -0300] "GET /cormun/static/trautorizarsolicitud.js?201711142340425 HTTP/1.1" 304 -
200.86.96.247 - - [28/Feb/2018:17:16:15 -0300] "GET /cormun/servlet/trautorizarsolicitud? HTTP/1.1" 200 10002
186.103.158.250 - - [28/Feb/2018:17:16:21 -0300] "GET /cormun/servlet/solicitudot?8de8abd9fa50ffdd6b0f0220846010e8c2c43b78a61b7fc2470b8415d4c72d7b1cfc585853ba5b54edee9ea85ce52138cafd94c7ac2cb629df0c6dd337ffb2db9646f6d022a71cdfe1dbbf44ac146b5db1ef4e89d6a65620c706e02c822c9d488355ff1d99ab2df4822aa9429d8666d862588f5f3cde38135f12905ceba5af2069438029dfc69d6bfc215a5615f40779cd1a5fbfe01e9f4527042ac616b04873,gx-no-cache=1519848749234 HTTP/1.1" 200 29
186.103.158.250 - - [28/Feb/2018:17:16:22 -0300] "POST /cormun/servlet/solicitudot?gx-no-cache=1519848749326 HTTP/1.1" 200 1319
186.103.158.250 - - [28/Feb/2018:17:16:22 -0300] "POST /cormun/servlet/solicitudot?gx-no-cache=1519848749494 HTTP/1.1" 200 1219
186.103.158.250 - - [28/Feb/2018:17:16:22 -0300] "GET /cormun/static/menuarrow.gif HTTP/1.1" 404 1015
200.86.96.247 - - [28/Feb/2018:17:16:26 -0300] "POST /cormun/servlet/trautorizarsolicitud?98cd9e402275415585b99f65366b53f5,,gx-no-cache=1519848875497 HTTP/1.1" 200 6873
200.86.96.247 - - [28/Feb/2018:17:16:26 -0300] "GET /cormun/static/Shared/jqueryui/images/ui-bg_highlight-soft_100_c6c2c8_1x100.png HTTP/1.1" 404 1117
200.86.96.247 - - [28/Feb/2018:17:16:26 -0300] "GET /cormun/static/Shared/jqueryui/images/ui-bg_flat_55_fafafa_40x100.png HTTP/1.1" 404 1097
