190.46.88.54 - - [28/Feb/2018:09:49:37 -0300] "GET /cormun/servlet/solicitudot?83f648b9e1f4edfc311b5db4344dfb1acee7a1669bbdb1e9be25e8e69afbc1a8fda3b4905beb8c75f1df609b727a00cbd95b19f8cee76ef1a3d56f3cb281bf7e6e08998e3909b0cb25cdf31b473bb9807c79bd7a130dfa616e1508614a5eaee6e0b81b5a85ea593f39d4a6e668143a1c99755b36915669bdc95e5e5afda8da5ae45fae50c92fe5b900e604b9d09b1e84895dbe4e61738d1cbd39b03d2b0d9eeb7f662a7580a06b8b45d8364dedb8ee2ea34d6802b04e45ff6b0f68d9c10b73e14fac5e7d7aa235f39c1e7dafe059ec72657a95b3e33b962a45684cc0998a69a14cd51525e678c95481f542d07294acb7e553937fcf1fce6a87475f351ba26963578ea8a570a767eae06a2f559ce7466078a152c1200c35fbdab7b8f2e599f95aa0cda16a460f35655fb61de73992d8faf35903d769c8fddb774872647bd4963800f6a2007218bbcbcef6f24fca7520592c1fc988629e8ce8acfa2ef79ee1eaf72ff28e708a4d3269771f3d8e7286c9f32d8c048504f4f817ecb4da0b9db18833cd634eb7026281d71153dc0bd870b97e,gx-no-cache=1519822130935 HTTP/1.1" 200 30
190.151.100.218 - - [28/Feb/2018:09:49:38 -0300] "POST /cormun/servlet/solicitudot?b1adb9345a5f6a1aaf3b97aeb24c2787,INS,0,0,,gx-no-cache=1519822133175 HTTP/1.1" 200 11873
190.46.88.54 - - [28/Feb/2018:09:49:40 -0300] "POST /cormun/servlet/solicitudot?gx-no-cache=1519822133880 HTTP/1.1" 200 30
190.46.88.54 - - [28/Feb/2018:09:49:46 -0300] "POST /cormun/servlet/solicitudot?gx-no-cache=1519822139036 HTTP/1.1" 200 1336
190.46.88.54 - - [28/Feb/2018:09:49:46 -0300] "POST /cormun/servlet/solicitudot?gx-no-cache=1519822139226 HTTP/1.1" 200 38
200.120.230.197 - - [28/Feb/2018:09:49:46 -0300] "POST /cormun/servlet/solicitudot?gx-no-cache=1519822144558 HTTP/1.1" 200 3293
200.120.230.197 - - [28/Feb/2018:09:49:47 -0300] "POST /cormun/servlet/solicitudot?a8021b25d52a535760c58a4009d3ce38,INS,0,0,,gx-no-cache=1519822145120 HTTP/1.1" 200 10439
200.120.230.197 - - [28/Feb/2018:09:49:51 -0300] "GET /cormun/servlet/solicitudot?2fdb225cc10e51280e6d010eafccc1b79157c2a36639346c177d860b1bce9d12a2c4c7be8c570dce01c3fc44a098d182,gx-no-cache=1519822150087 HTTP/1.1" 200 30
190.46.88.54 - - [28/Feb/2018:09:49:51 -0300] "GET /cormun/servlet/solicitudot?83f648b9e1f4edfc311b5db4344dfb1a1bf8aee1a04edf7a5730ee0f0e1d6ecd765cf85ba25676b7d94dd054ea8024c95aaedbdec5719e103b666628215056bdbdd62eddfe18dfb2687729ed9b8e407d3d63722b1c8ac8c5902b284e427bb1f8560f0d77d543cae58054ca299d9abf66,gx-no-cache=1519822144745 HTTP/1.1" 200 29
190.46.88.54 - - [28/Feb/2018:09:49:51 -0300] "POST /cormun/servlet/solicitudot?gx-no-cache=1519822144843 HTTP/1.1" 200 1318
190.46.88.54 - - [28/Feb/2018:09:49:52 -0300] "POST /cormun/servlet/solicitudot?gx-no-cache=1519822145022 HTTP/1.1" 200 1218
190.46.88.54 - - [28/Feb/2018:09:50:04 -0300] "GET /cormun/static/menuarrow.gif HTTP/1.1" 404 1015
186.67.172.234 - - [28/Feb/2018:09:50:07 -0300] "GET /cormun/static/menuarrow.gif HTTP/1.1" 404 1015
190.46.88.54 - - [28/Feb/2018:09:50:10 -0300] "GET /cormun/servlet/solicitudot?83f648b9e1f4edfc311b5db4344dfb1adf376754909eb1621c02d95b2bed7bf5848c1131c756cde4d93437b52f695df8,gx-no-cache=1519822163723 HTTP/1.1" 200 30
190.46.88.54 - - [28/Feb/2018:09:50:10 -0300] "POST /cormun/servlet/solicitudot?gx-no-cache=1519822163839 HTTP/1.1" 200 30
192.168.10.56 - - [28/Feb/2018:09:50:21 -0300] "POST /cormun/servlet/trsolicitudgral?1ed9820a91405bd8f069a708af1e2a5e,gx-no-cache=1519817557810,gx-no-cache=1519822062369 HTTP/1.1" 200 9805
190.46.88.54 - - [28/Feb/2018:09:50:25 -0300] "POST /cormun/servlet/solicitudot?gx-no-cache=1519822178160 HTTP/1.1" 200 30
190.46.88.54 - - [28/Feb/2018:09:50:25 -0300] "POST /cormun/servlet/solicitudot?bc4e1d3f4ed4f9ce57b00fc15b4644a2,INS,0,0,,gx-no-cache=1519822178333 HTTP/1.1" 200 93
190.46.88.54 - - [28/Feb/2018:09:50:25 -0300] "GET /cormun/servlet/hpexe_return? HTTP/1.1" 200 1011
190.46.88.54 - - [28/Feb/2018:09:50:26 -0300] "GET /cormun/servlet/trsolicitudot? HTTP/1.1" 200 8619
190.46.88.54 - - [28/Feb/2018:09:50:27 -0300] "GET /cormun/servlet/trsolicitudot? HTTP/1.1" 200 8615
190.46.88.54 - - [28/Feb/2018:09:50:32 -0300] "POST /cormun/servlet/trsolicitudot?bc4e1d3f4ed4f9ce57b00fc15b4644a2,,gx-no-cache=1519822185187 HTTP/1.1" 200 106
190.46.88.54 - - [28/Feb/2018:09:50:33 -0300] "GET /cormun/servlet/trsolicitudadjuntos?2018,9688, HTTP/1.1" 200 9323
190.46.88.54 - - [28/Feb/2018:09:50:34 -0300] "GET /cormun/servlet/trsolicitudadjuntos?2018,9688, HTTP/1.1" 200 9333
190.46.88.54 - - [28/Feb/2018:09:50:40 -0300] "POST /cormun/servlet/trsolicitudadjuntos?bc4e1d3f4ed4f9ce57b00fc15b4644a2,2018,9688,,gx-no-cache=1519822193506 HTTP/1.1" 200 90
190.46.88.54 - - [28/Feb/2018:09:50:40 -0300] "GET /cormun/servlet/hpexe_link HTTP/1.1" 200 973
190.46.88.54 - - [28/Feb/2018:09:50:41 -0300] "GET /cormun/servlet/trsolicitudot HTTP/1.1" 200 8616
190.46.88.54 - - [28/Feb/2018:09:50:42 -0300] "GET /cormun/servlet/trsolicitudot HTTP/1.1" 200 8615
200.72.197.82 - - [28/Feb/2018:09:50:46 -0300] "POST /cormun/servlet/solicitudot?gx-no-cache=1519822201346 HTTP/1.1" 200 3434
190.46.88.54 - - [28/Feb/2018:09:50:53 -0300] "POST /cormun/servlet/trsolicitudot?bc4e1d3f4ed4f9ce57b00fc15b4644a2,gx-no-cache=1519822205984 HTTP/1.1" 200 5654
190.46.88.54 - - [28/Feb/2018:09:50:56 -0300] "POST /cormun/servlet/trsolicitudot?bc4e1d3f4ed4f9ce57b00fc15b4644a2,gx-no-cache=1519822208839 HTTP/1.1" 200 5654
192.168.10.56 - - [28/Feb/2018:09:51:08 -0300] "POST /cormun/servlet/trsolicitudgral?1ed9820a91405bd8f069a708af1e2a5e,gx-no-cache=1519817557810,gx-no-cache=1519822109975 HTTP/1.1" 200 14023
190.46.88.54 - - [28/Feb/2018:09:51:15 -0300] "GET /cormun/servlet/solicitudot?INS,0,0, HTTP/1.1" 200 13445
190.46.88.54 - - [28/Feb/2018:09:51:17 -0300] "GET /cormun/servlet/solicitudot?INS,0,0, HTTP/1.1" 200 13450
190.46.88.54 - - [28/Feb/2018:09:51:26 -0300] "GET /cormun/servlet/trsolicitudot? HTTP/1.1" 200 8616
186.79.217.118 - - [28/Feb/2018:09:51:26 -0300] "POST /cormun/servlet/solicitudot?a8021b25d52a535760c58a4009d3ce38,INS,0,0,,gx-no-cache=1519822243271 HTTP/1.1" 200 93
186.79.217.118 - - [28/Feb/2018:09:51:26 -0300] "GET /cormun/servlet/hpexe_return? HTTP/1.1" 200 1002
186.79.217.118 - - [28/Feb/2018:09:51:26 -0300] "GET /cormun/static/gxcfg.js?2016101716175148 HTTP/1.1" 200 953
186.79.217.118 - - [28/Feb/2018:09:51:26 -0300] "GET /cormun/static/hpexe_return.js?2016101716175153 HTTP/1.1" 200 1633
186.79.217.118 - - [28/Feb/2018:09:51:26 -0300] "GET /cormun/static/Resources/Spanish/PXTools.css?167811 HTTP/1.1" 200 89042
186.79.217.118 - - [28/Feb/2018:09:51:27 -0300] "GET /cormun/servlet/trsolicitudot HTTP/1.1" 200 7438
190.46.88.54 - - [28/Feb/2018:09:51:27 -0300] "GET /cormun/servlet/trsolicitudot? HTTP/1.1" 200 8615
186.67.172.234 - - [28/Feb/2018:09:51:29 -0300] "GET /cormun/servlet/trcontratosolicitud? HTTP/1.1" 200 14451
186.79.217.118 - - [28/Feb/2018:09:51:29 -0300] "GET /cormun/servlet/trsolicitudot HTTP/1.1" 200 7434
186.67.172.234 - - [28/Feb/2018:09:51:31 -0300] "GET /cormun/servlet/trcontratosolicitud? HTTP/1.1" 200 14395
186.67.172.234 - - [28/Feb/2018:09:51:48 -0300] "GET /cormun/servlet/trsolicitudot? HTTP/1.1" 200 7435
186.67.172.234 - - [28/Feb/2018:09:51:48 -0300] "GET /cormun/static/gxcfg.js?2017111422585916 HTTP/1.1" 304 -
186.67.172.234 - - [28/Feb/2018:09:51:49 -0300] "GET /cormun/servlet/trsolicitudot? HTTP/1.1" 200 7434
186.67.172.234 - - [28/Feb/2018:09:52:04 -0300] "POST /cormun/servlet/trsolicitudot?d0b2cc3949d5338ef15cb4a6483571d4,,gx-no-cache=1519822274918 HTTP/1.1" 200 4481
186.103.159.187 - - [28/Feb/2018:09:52:26 -0300] "GET /cormun/servlet/hhome HTTP/1.1" 200 3376
186.103.159.187 - - [28/Feb/2018:09:52:26 -0300] "GET /cormun/static/gxtimezone.js?85251 HTTP/1.1" 200 5781
186.103.159.187 - - [28/Feb/2018:09:52:26 -0300] "GET /cormun/static/Resources/Spanish/PXTools.css?11423723 HTTP/1.1" 200 89042
186.103.159.187 - - [28/Feb/2018:09:52:26 -0300] "GET /cormun/static/SmoothNavMenu/resources/ddsmoothmenu.css?1012540 HTTP/1.1" 200 2223
186.103.159.187 - - [28/Feb/2018:09:52:26 -0300] "GET /cormun/static/gxgral.js?85251 HTTP/1.1" 200 384558
186.103.159.187 - - [28/Feb/2018:09:52:26 -0300] "GET /cormun/static/SmoothNavMenu/resources/ddsmoothmenu-v.css?1012540 HTTP/1.1" 200 1188
186.103.159.187 - - [28/Feb/2018:09:52:26 -0300] "GET /cormun/static/scaMessage/css/jquery.pnotify.default.css?1716380 HTTP/1.1" 200 1707
186.103.159.187 - - [28/Feb/2018:09:52:27 -0300] "GET /cormun/static/Shared/jqueryui/jquery-ui.min.css?1245370 HTTP/1.1" 200 30288
186.103.159.187 - - [28/Feb/2018:09:52:27 -0300] "GET /cormun/static/gxcfg.js?20175251212442 HTTP/1.1" 200 953
186.103.159.187 - - [28/Feb/2018:09:52:27 -0300] "GET /cormun/static/PXToolsJavascripts/pexe_cookies.js HTTP/1.1" 200 792
186.103.159.187 - - [28/Feb/2018:09:52:27 -0300] "GET /cormun/static/PXToolsJavascripts/pexe_griddivfix.js HTTP/1.1" 200 6644
186.103.159.187 - - [28/Feb/2018:09:52:27 -0300] "GET /cormun/static/PXToolsJavascripts/pexe_link.js HTTP/1.1" 200 5671
186.103.159.187 - - [28/Feb/2018:09:52:27 -0300] "GET /cormun/static/PXToolsJavascripts/pexe_autoreload.js HTTP/1.1" 200 1762
186.103.159.187 - - [28/Feb/2018:09:52:27 -0300] "GET /cormun/static/PXToolsJavascripts/pexe_windows.js HTTP/1.1" 200 15207
186.103.159.187 - - [28/Feb/2018:09:52:27 -0300] "GET /cormun/static/PXToolsJavascripts/pexe_grid.js HTTP/1.1" 200 7559
186.103.159.187 - - [28/Feb/2018:09:52:27 -0300] "GET /cormun/static/PXToolsJavascripts/pexe_menudivfix.js HTTP/1.1" 200 333
186.103.159.187 - - [28/Feb/2018:09:52:27 -0300] "GET /cormun/static/PXToolsJavascripts/pexe_layers.js HTTP/1.1" 200 4114
186.103.159.187 - - [28/Feb/2018:09:52:27 -0300] "GET /cormun/static/PXToolsJavascripts/pexe_picture.js HTTP/1.1" 200 689
186.103.159.187 - - [28/Feb/2018:09:52:27 -0300] "GET /cormun/static/PXToolsJavascripts/pexe_oav.js HTTP/1.1" 200 645
186.103.159.187 - - [28/Feb/2018:09:52:27 -0300] "GET /cormun/static/PXToolsJavascripts/pexe_popup.js HTTP/1.1" 200 13458
186.103.159.187 - - [28/Feb/2018:09:52:27 -0300] "GET /cormun/static/PXToolsJavascripts/pexe_tabdivfix.js HTTP/1.1" 200 876
186.103.159.187 - - [28/Feb/2018:09:52:28 -0300] "GET /cormun/static/PXToolsJavascripts/pexe_menus.js HTTP/1.1" 200 1286
186.103.159.187 - - [28/Feb/2018:09:52:28 -0300] "GET /cormun/static/PXToolsJavascripts/pexe_scrolldiv.js HTTP/1.1" 200 4138
186.103.159.187 - - [28/Feb/2018:09:52:28 -0300] "GET /cormun/static/PXToolsJavascripts/pexe_upload.js HTTP/1.1" 200 1423
186.103.159.187 - - [28/Feb/2018:09:52:28 -0300] "GET /cormun/static/PXToolsJavascripts/PXToolsJavascriptsRender.js HTTP/1.1" 200 367
186.103.159.187 - - [28/Feb/2018:09:52:28 -0300] "GET /cormun/static/PXToolsJavascripts/pexe_oavdivfix.js HTTP/1.1" 200 639
186.103.159.187 - - [28/Feb/2018:09:52:28 -0300] "GET /cormun/static/PXToolsJavascripts/pexe_tabs.js HTTP/1.1" 200 3748
186.103.159.187 - - [28/Feb/2018:09:52:28 -0300] "GET /cormun/static/Shared/ext/locale/ext-lang-en.js HTTP/1.1" 200 10940
186.103.159.187 - - [28/Feb/2018:09:52:28 -0300] "GET /cormun/static/messages.spa.js?85251 HTTP/1.1" 200 30736
186.103.159.187 - - [28/Feb/2018:09:52:28 -0300] "GET /cormun/static/gxui/gxui-all.js HTTP/1.1" 200 107772
186.103.159.187 - - [28/Feb/2018:09:52:28 -0300] "GET /cormun/static/RunJS/RunJS.js HTTP/1.1" 200 288
186.103.159.187 - - [28/Feb/2018:09:52:28 -0300] "GET /cormun/static/hhome.js?20175251212450 HTTP/1.1" 200 777
186.103.159.187 - - [28/Feb/2018:09:52:28 -0300] "GET /cormun/static/hpexe_recentlink.js?20177611595044 HTTP/1.1" 200 2144
186.103.159.187 - - [28/Feb/2018:09:52:29 -0300] "GET /cormun/static/hpexe_scripts.js?201752511465715 HTTP/1.1" 200 1544
186.103.159.187 - - [28/Feb/2018:09:52:29 -0300] "GET /cormun/static/hpexe_messagecontroller.js?20177611595012 HTTP/1.1" 200 870
186.103.159.187 - - [28/Feb/2018:09:52:29 -0300] "GET /cormun/static/hwchdr01.js?201752511465785 HTTP/1.1" 200 1183
186.103.159.187 - - [28/Feb/2018:09:52:29 -0300] "GET /cormun/static/cmcontrolpreferences.js?201752511465670 HTTP/1.1" 200 1375
186.103.159.187 - - [28/Feb/2018:09:52:29 -0300] "GET /cormun/static/hpexe_messagepopupcomponent.js?20161017169425 HTTP/1.1" 200 605
186.103.159.187 - - [28/Feb/2018:09:52:29 -0300] "GET /cormun/static/Shared/jquery/jquery-1.10.2.min.js HTTP/1.1" 200 273199
186.103.159.187 - - [28/Feb/2018:09:52:29 -0300] "GET /cormun/static/Shared/jquery/jquery-1.4.2.min.js HTTP/1.1" 200 72174
186.103.159.187 - - [28/Feb/2018:09:52:29 -0300] "GET /cormun/static/hpexe_messagegenexuscomponent.js?201752511465344 HTTP/1.1" 200 587
186.103.159.187 - - [28/Feb/2018:09:52:30 -0300] "GET /cormun/static/Shared/jqueryui/jquery-ui.min.js HTTP/1.1" 200 240427
186.103.159.187 - - [28/Feb/2018:09:52:30 -0300] "GET /cormun/static/SmoothNavMenu/resources/ddsmoothmenu.js HTTP/1.1" 200 12712
186.103.159.187 - - [28/Feb/2018:09:52:30 -0300] "GET /cormun/static/Resources/PXToolsFooterBackground2.png HTTP/1.1" 200 1172
186.103.159.187 - - [28/Feb/2018:09:52:30 -0300] "GET /cormun/static/Resources/PXToolsHeaderActionsBackground.png HTTP/1.1" 200 484
186.103.159.187 - - [28/Feb/2018:09:52:30 -0300] "GET /cormun/static/Resources/PXToolsHeaderActionsLeft.png HTTP/1.1" 200 1118
186.103.159.187 - - [28/Feb/2018:09:52:30 -0300] "GET /cormun/static/Resources/PXToolsHeaderSecurity.png HTTP/1.1" 200 4166
186.103.159.187 - - [28/Feb/2018:09:52:30 -0300] "GET /cormun/static/Resources/PXToolsHeaderPreferences.png HTTP/1.1" 200 4189
186.103.159.187 - - [28/Feb/2018:09:52:30 -0300] "GET /cormun/static/Resources/PXToolsHeaderHome.png HTTP/1.1" 200 4147
186.103.159.187 - - [28/Feb/2018:09:52:31 -0300] "GET /cormun/static/Resources/PXToolsHeaderLogin.png HTTP/1.1" 200 4279
186.103.159.187 - - [28/Feb/2018:09:52:31 -0300] "GET /cormun/static/Resources/PXToolsDataTitle.png HTTP/1.1" 200 1173
186.103.159.187 - - [28/Feb/2018:09:52:31 -0300] "GET /cormun/static/Resources/PXToolsHeaderActionsRight.png HTTP/1.1" 200 1201
186.103.159.187 - - [28/Feb/2018:09:52:31 -0300] "GET /cormun/static/Shared/ext/ext-all.js HTTP/1.1" 200 1289687
186.103.159.187 - - [28/Feb/2018:09:52:31 -0300] "GET /cormun/static/Resources/logo4.png HTTP/1.1" 200 6582
186.103.159.187 - - [28/Feb/2018:09:52:31 -0300] "GET /cormun/static/SmoothNavMenu/resources/SmoothNavMenuRender.js HTTP/1.1" 200 5951
186.103.159.187 - - [28/Feb/2018:09:52:31 -0300] "GET /cormun/static/Resources/PXToolsHeaderBackground2.png HTTP/1.1" 200 1174
186.103.159.187 - - [28/Feb/2018:09:52:31 -0300] "GET /cormun/static/scaMessage/scaMessageRender.js HTTP/1.1" 200 11977
186.103.159.187 - - [28/Feb/2018:09:52:31 -0300] "GET /cormun/static/scaMessage/js/jquery.pnotify.min.js HTTP/1.1" 200 13038
186.103.159.187 - - [28/Feb/2018:09:52:31 -0300] "GET /cormun/static/hmpwkw03.js?20177612122668 HTTP/1.1" 200 3965
186.103.159.187 - - [28/Feb/2018:09:52:33 -0300] "GET /cormun/servlet/hlogin HTTP/1.1" 200 1725
186.103.159.187 - - [28/Feb/2018:09:52:33 -0300] "GET /cormun/static/Resources/indicator.gif HTTP/1.1" 200 1553
186.103.159.187 - - [28/Feb/2018:09:52:33 -0300] "GET /cormun/static/Resources/ComunLogin.png HTTP/1.1" 200 17326
186.103.159.187 - - [28/Feb/2018:09:52:33 -0300] "GET /cormun/static/gxcfg.js?20175251213516 HTTP/1.1" 200 953
186.103.159.187 - - [28/Feb/2018:09:52:33 -0300] "GET /cormun/servlet/hhome HTTP/1.1" 200 3385
186.103.159.187 - - [28/Feb/2018:09:52:53 -0300] "GET /cormun/static/hlogin.js?20175251213537 HTTP/1.1" 200 2136
186.103.159.187 - - [28/Feb/2018:09:52:54 -0300] "GET /cormun/static/Resources/PXToolsLoginTop.png HTTP/1.1" 200 1337
186.103.159.187 - - [28/Feb/2018:09:52:54 -0300] "GET /cormun/static/Resources/indicator.gif HTTP/1.1" 200 1553
186.103.159.187 - - [28/Feb/2018:09:52:54 -0300] "GET /cormun/static/Resources/PXToolsLoginBackground.png HTTP/1.1" 200 1164
186.103.159.187 - - [28/Feb/2018:09:52:54 -0300] "GET /cormun/static/Resources/PXToolsButtonRight21.png HTTP/1.1" 200 1283
186.103.159.187 - - [28/Feb/2018:09:52:54 -0300] "GET /cormun/static/Resources/PXToolsButtonBackground2.png HTTP/1.1" 200 1181
186.103.159.187 - - [28/Feb/2018:09:52:54 -0300] "GET /cormun/static/Resources/PXToolsLoginBottom.png HTTP/1.1" 200 1389
186.103.159.187 - - [28/Feb/2018:09:52:57 -0300] "GET /cormun/static/Resources/PXToolsButtonLeft21.png HTTP/1.1" 200 1287
186.103.159.187 - - [28/Feb/2018:09:52:57 -0300] "GET /favicon.ico HTTP/1.1" 200 21630
186.67.172.234 - - [28/Feb/2018:09:53:00 -0300] "POST /cormun/servlet/trsolicitudot?d0b2cc3949d5338ef15cb4a6483571d4,,gx-no-cache=1519822328539 HTTP/1.1" 200 4481
186.67.172.234 - - [28/Feb/2018:09:53:07 -0300] "GET /cormun/servlet/trcontratounov2? HTTP/1.1" 200 17124
186.67.172.234 - - [28/Feb/2018:09:53:09 -0300] "GET /cormun/servlet/trcontratounov2? HTTP/1.1" 200 17134
186.67.172.234 - - [28/Feb/2018:09:53:43 -0300] "GET /cormun/servlet/trvisualizadoreventos? HTTP/1.1" 200 6974
186.67.172.234 - - [28/Feb/2018:09:53:43 -0300] "GET /cormun/static/gxcfg.js?20175251251426 HTTP/1.1" 200 953
186.67.172.234 - - [28/Feb/2018:09:53:43 -0300] "GET /cormun/static/trvisualizadoreventos.js?20175251251768 HTTP/1.1" 200 19318
186.67.172.234 - - [28/Feb/2018:09:53:43 -0300] "GET /cormun/static/Resources/PXToolsActionPrint.png HTTP/1.1" 200 3317
186.67.172.234 - - [28/Feb/2018:09:53:44 -0300] "GET /cormun/servlet/trvisualizadoreventos? HTTP/1.1" 200 6974
186.67.172.234 - - [28/Feb/2018:09:54:02 -0300] "GET /cormun/servlet/trsolicitudot? HTTP/1.1" 200 7441
186.67.172.234 - - [28/Feb/2018:09:54:03 -0300] "GET /cormun/servlet/trsolicitudot? HTTP/1.1" 200 7440
186.67.172.234 - - [28/Feb/2018:09:54:13 -0300] "POST /cormun/servlet/trsolicitudot?d0b2cc3949d5338ef15cb4a6483571d4,,gx-no-cache=1519822403379 HTTP/1.1" 200 103
186.67.172.234 - - [28/Feb/2018:09:54:13 -0300] "GET /cormun/SolicitudOT-1784.xls HTTP/1.1" 200 4608
186.67.172.234 - - [28/Feb/2018:09:54:15 -0300] "GET /cormun/servlet/licenciaspermisos?f7a379c925e65a56868ddf3a68a3526304fa8261fa03ee94841e17d8090996fd24c1aa97a08f9f041d792f2a0a231b8e4eab8dd1462ce486d233f83e452819fef561b6cdba68ffdd51cad090162854d5690fae4686ab2c0c74221096b0d0694f3a366fa826b1f930adf1df206b7375b75a2013a2149b41e7a66bdfadbce5872d776d2ec6b50e48a11b338fe45295cbf609784768372ee1fe868875eb4c91d638133361d66cf2b5c53c5b8755f1ca4c6b,gx-no-cache=1519822405088 HTTP/1.1" 200 30
186.67.172.234 - - [28/Feb/2018:09:54:15 -0300] "GET /cormun/servlet/licenciaspermisos?f7a379c925e65a56868ddf3a68a352632b95805ad1995c5835bc2aa1cf967343bfe576b560051f00736013609dddc6e2c43122529d159013addc8e04b9b7b88781fbe39f5881e2010057c8650a07be86d5165197d31f734f72e4a75e2e0ab77fa61b55ff309c20aa936f0d729f15fb06ccff9959d443de832993316ebe755c597ff46f7cb22f079cd9024d15208571242b15afe6bbca710914135a226d315c98c0c15aadda9e7dbdaec8ff93eaf4739c,gx-no-cache=1519822405350 HTTP/1.1" 200 29
186.67.172.234 - - [28/Feb/2018:09:54:15 -0300] "POST /cormun/servlet/licenciaspermisos?385100971aa133bf611ed8bb010a064f,INS,0,,,,gx-no-cache=1519822405388 HTTP/1.1" 200 93
186.67.172.234 - - [28/Feb/2018:09:54:15 -0300] "GET /cormun/servlet/hpexe_return? HTTP/1.1" 200 1014
186.67.172.234 - - [28/Feb/2018:09:54:15 -0300] "GET /cormun/static/gxcfg.js?2016101716175148 HTTP/1.1" 200 953
186.67.172.234 - - [28/Feb/2018:09:54:15 -0300] "GET /cormun/static/hpexe_return.js?2016101716175153 HTTP/1.1" 200 1633
186.67.172.234 - - [28/Feb/2018:09:54:15 -0300] "GET /cormun/static/Resources/Spanish/PXTools.css?167811 HTTP/1.1" 200 89042
186.67.172.234 - - [28/Feb/2018:09:54:16 -0300] "GET /cormun/servlet/trlicencias? HTTP/1.1" 200 10122
186.67.172.234 - - [28/Feb/2018:09:54:17 -0300] "GET /cormun//static/Resources/PXToolsGridUpdate.png HTTP/1.1" 200 2984
186.67.172.234 - - [28/Feb/2018:09:54:17 -0300] "GET /cormun//static/Resources/PXToolsGridDelete.png HTTP/1.1" 200 357
186.67.172.234 - - [28/Feb/2018:09:54:17 -0300] "GET /cormun/servlet/trlicencias? HTTP/1.1" 200 10117
186.67.172.234 - - [28/Feb/2018:09:54:26 -0300] "GET /cormun/servlet/alicenciaprn?13820373,L,20180228000000,PU HTTP/1.1" 200 1552
192.168.10.56 - - [28/Feb/2018:09:54:31 -0300] "POST /cormun/servlet/trsolicitudgral?1ed9820a91405bd8f069a708af1e2a5e,gx-no-cache=1519817557810,gx-no-cache=1519822312807 HTTP/1.1" 200 14223
186.67.172.234 - - [28/Feb/2018:09:54:47 -0300] "POST /cormun/servlet/trsolicitudot?d0b2cc3949d5338ef15cb4a6483571d4,,gx-no-cache=1519822436804 HTTP/1.1" 200 4482
192.168.10.56 - - [28/Feb/2018:09:54:52 -0300] "POST /cormun/servlet/trsolicitudgral?1ed9820a91405bd8f069a708af1e2a5e,gx-no-cache=1519817557810,gx-no-cache=1519822334439 HTTP/1.1" 200 5914
186.67.172.234 - - [28/Feb/2018:09:54:54 -0300] "GET /cormun/servlet/alicenciaprn?13820373,L,20180228000000,PU HTTP/1.1" 200 1550
186.67.172.234 - - [28/Feb/2018:09:54:57 -0300] "POST /cormun/servlet/trsolicitudot?d0b2cc3949d5338ef15cb4a6483571d4,,gx-no-cache=1519822447563 HTTP/1.1" 200 4483
192.168.10.56 - - [28/Feb/2018:09:54:58 -0300] "POST /cormun/servlet/trsolicitudgral?1ed9820a91405bd8f069a708af1e2a5e,gx-no-cache=1519817557810,gx-no-cache=1519822339565 HTTP/1.1" 200 9029
186.67.172.234 - - [28/Feb/2018:09:55:08 -0300] "POST /cormun/servlet/trsolicitudot?d0b2cc3949d5338ef15cb4a6483571d4,,gx-no-cache=1519822458548 HTTP/1.1" 200 4483
200.111.122.170 - - [28/Feb/2018:09:55:12 -0300] "GET /cormun/servlet/trvisualizadoreventos? HTTP/1.1" 200 6951
200.111.122.170 - - [28/Feb/2018:09:55:13 -0300] "GET /cormun/servlet/trvisualizadoreventos? HTTP/1.1" 200 6951
200.111.122.170 - - [28/Feb/2018:09:55:17 -0300] "GET /cormun/servlet/trautorizarsolicitud? HTTP/1.1" 200 7306
200.111.122.170 - - [28/Feb/2018:09:55:18 -0300] "GET /cormun/servlet/trautorizarsolicitud? HTTP/1.1" 200 7306
200.72.197.82 - - [28/Feb/2018:09:55:25 -0300] "GET /cormun/servlet/trcontratounov2? HTTP/1.1" 200 15064
200.72.197.82 - - [28/Feb/2018:09:55:26 -0300] "GET /cormun/servlet/trcontratounov2? HTTP/1.1" 200 15052
186.67.172.234 - - [28/Feb/2018:09:55:27 -0300] "POST /cormun/servlet/trsolicitudot?d0b2cc3949d5338ef15cb4a6483571d4,,gx-no-cache=1519822477196 HTTP/1.1" 200 4484
186.67.203.186 - - [28/Feb/2018:09:55:30 -0300] "GET /cormun/servlet/hlogin HTTP/1.1" 200 1720
186.103.161.206 - - [28/Feb/2018:09:55:31 -0300] "GET /cormun/servlet/trcontratosolicitud? HTTP/1.1" 200 9815
186.103.161.206 - - [28/Feb/2018:09:55:32 -0300] "GET /cormun/servlet/trcontratosolicitud? HTTP/1.1" 200 9821
186.67.203.186 - - [28/Feb/2018:09:55:43 -0300] "POST /cormun/servlet/hlogin?b1adb9345a5f6a1aaf3b97aeb24c2787,gx-no-cache=1519822498358 HTTP/1.1" 200 90
186.67.203.186 - - [28/Feb/2018:09:55:43 -0300] "GET /cormun/servlet/hpexe_link HTTP/1.1" 200 961
186.67.203.186 - - [28/Feb/2018:09:55:44 -0300] "GET /cormun/servlet/solicitudot?INS,0,0, HTTP/1.1" 200 13646
192.168.10.56 - - [28/Feb/2018:09:55:46 -0300] "POST /cormun/servlet/trsolicitudgral?1ed9820a91405bd8f069a708af1e2a5e,gx-no-cache=1519817557810,gx-no-cache=1519822387271 HTTP/1.1" 200 8846
186.67.203.186 - - [28/Feb/2018:09:55:46 -0300] "GET /cormun/servlet/solicitudot?INS,0,0, HTTP/1.1" 200 13649
186.67.172.234 - - [28/Feb/2018:09:55:53 -0300] "GET /cormun/servlet/trcontratoobservaciondir? HTTP/1.1" 200 7058
186.67.172.234 - - [28/Feb/2018:09:55:53 -0300] "GET /cormun/static/gxcfg.js?20175251262281 HTTP/1.1" 200 953
186.67.172.234 - - [28/Feb/2018:09:55:53 -0300] "GET /cormun/static/trcontratoobservaciondir.js?20175251262715 HTTP/1.1" 200 27185
186.67.172.234 - - [28/Feb/2018:09:55:54 -0300] "GET /cormun/servlet/trcontratoobservaciondir? HTTP/1.1" 200 7057
192.168.10.56 - - [28/Feb/2018:09:56:03 -0300] "POST /cormun/servlet/trsolicitudgral?1ed9820a91405bd8f069a708af1e2a5e,gx-no-cache=1519817557810,gx-no-cache=1519822405104 HTTP/1.1" 200 10073
186.67.172.234 - - [28/Feb/2018:09:56:06 -0300] "POST /cormun/servlet/trcontratoobservaciondir?d0b2cc3949d5338ef15cb4a6483571d4,,gx-no-cache=1519822516917 HTTP/1.1" 200 3974
192.168.10.56 - - [28/Feb/2018:09:56:12 -0300] "POST /cormun/servlet/trsolicitudgral?1ed9820a91405bd8f069a708af1e2a5e,gx-no-cache=1519817557810,gx-no-cache=1519822413632 HTTP/1.1" 200 8491
186.67.172.234 - - [28/Feb/2018:09:56:14 -0300] "GET /cormun/servlet/trcontratosolicitud? HTTP/1.1" 200 14453
186.67.172.234 - - [28/Feb/2018:09:56:15 -0300] "GET /cormun/servlet/trcontratosolicitud? HTTP/1.1" 200 14395
192.168.10.56 - - [28/Feb/2018:09:56:20 -0300] "POST /cormun/servlet/trsolicitudgral?1ed9820a91405bd8f069a708af1e2a5e,gx-no-cache=1519817557810,gx-no-cache=1519822421416 HTTP/1.1" 200 10073
192.168.10.56 - - [28/Feb/2018:09:56:42 -0300] "POST /cormun/servlet/trsolicitudgral?1ed9820a91405bd8f069a708af1e2a5e,gx-no-cache=1519817557810,gx-no-cache=1519822443420 HTTP/1.1" 200 14223
186.67.172.234 - - [28/Feb/2018:09:57:16 -0300] "POST /cormun/servlet/trlicencias?385100971aa133bf611ed8bb010a064f,,gx-no-cache=1519822585737 HTTP/1.1" 200 7571
186.67.172.234 - - [28/Feb/2018:09:57:16 -0300] "GET /cormun/static/Shared/jqueryui/images/ui-bg_highlight-soft_100_c6c2c8_1x100.png HTTP/1.1" 404 1117
186.67.172.234 - - [28/Feb/2018:09:57:16 -0300] "GET /cormun/static/Shared/jqueryui/images/ui-icons_82798d_256x240.png HTTP/1.1" 404 1089
186.67.172.234 - - [28/Feb/2018:09:57:16 -0300] "GET /cormun/static/Shared/jqueryui/images/ui-bg_flat_55_fafafa_40x100.png HTTP/1.1" 404 1097
186.67.172.234 - - [28/Feb/2018:09:57:16 -0300] "GET /cormun/static/Shared/jqueryui/images/ui-icons_8d78a5_256x240.png HTTP/1.1" 404 1089
186.67.172.234 - - [28/Feb/2018:09:57:31 -0300] "GET /cormun/servlet/trlicenciaspermisosadjuntos?13820373,20180228000000,L, HTTP/1.1" 200 6300
186.67.172.234 - - [28/Feb/2018:09:57:31 -0300] "GET /cormun/static/gxcfg.js?20177612163414 HTTP/1.1" 200 953
186.67.172.234 - - [28/Feb/2018:09:57:31 -0300] "GET /cormun/static/trlicenciaspermisosadjuntos.js?20177612163719 HTTP/1.1" 200 21036
186.67.172.234 - - [28/Feb/2018:09:57:32 -0300] "GET /cormun/servlet/trlicenciaspermisosadjuntos?13820373,20180228000000,L, HTTP/1.1" 200 6301
192.168.10.56 - - [28/Feb/2018:09:57:35 -0300] "POST /cormun/servlet/trsolicitudgral?1ed9820a91405bd8f069a708af1e2a5e,gx-no-cache=1519817557810,gx-no-cache=1519822496855 HTTP/1.1" 200 8861
186.67.172.234 - - [28/Feb/2018:09:57:37 -0300] "GET /cormun/servlet/licenciaspermisosadjuntos?INS,13820373,L,20180228000000,, HTTP/1.1" 200 5598
186.67.172.234 - - [28/Feb/2018:09:57:37 -0300] "GET /cormun/static/gxcfg.js?2017761263592 HTTP/1.1" 200 953
186.67.172.234 - - [28/Feb/2018:09:57:37 -0300] "GET /cormun/static/licenciaspermisosadjuntos.js?201776126362 HTTP/1.1" 200 8760
186.67.172.234 - - [28/Feb/2018:09:57:37 -0300] "GET /cormun/static/about:blank HTTP/1.1" 404 1011
186.67.172.234 - - [28/Feb/2018:09:57:38 -0300] "GET /cormun/servlet/licenciaspermisosadjuntos?INS,13820373,L,20180228000000,, HTTP/1.1" 200 5585
186.67.172.234 - - [28/Feb/2018:09:57:50 -0300] "POST /cormun/servlet/licenciaspermisosadjuntos?385100971aa133bf611ed8bb010a064f,INS,13820373,L,20180228000000,, HTTP/1.1" 200 116
186.67.172.234 - - [28/Feb/2018:09:57:50 -0300] "GET /cormun/servlet/hpexe_return? HTTP/1.1" 200 1043
186.67.172.234 - - [28/Feb/2018:09:57:51 -0300] "GET /cormun/servlet/trlicenciaspermisosadjuntos?13820373,20180228000000,L, HTTP/1.1" 200 6782
192.168.10.56 - - [28/Feb/2018:09:57:51 -0300] "POST /cormun/servlet/trsolicitudgral?1ed9820a91405bd8f069a708af1e2a5e,gx-no-cache=1519817557810,gx-no-cache=1519822513045 HTTP/1.1" 200 10647
186.67.172.234 - - [28/Feb/2018:09:57:51 -0300] "GET /cormun/servlet/trlicenciaspermisosadjuntos?13820373,20180228000000,L, HTTP/1.1" 200 6777
186.67.172.234 - - [28/Feb/2018:09:57:57 -0300] "GET /cormun/PublicTempStorage/estrella_neira0052605657.pdf HTTP/1.1" 200 178606
186.67.172.234 - - [28/Feb/2018:09:58:06 -0300] "GET /cormun/servlet/trlicenciaspermisosadjuntos?13820373,20180228000000,L, HTTP/1.1" 200 6783
186.67.172.234 - - [28/Feb/2018:09:58:07 -0300] "GET /cormun/servlet/trlicenciaspermisosadjuntos?13820373,20180228000000,L, HTTP/1.1" 200 6776
186.67.172.234 - - [28/Feb/2018:09:58:10 -0300] "POST /cormun/servlet/trlicenciaspermisosadjuntos?385100971aa133bf611ed8bb010a064f,13820373,20180228000000,L,,gx-no-cache=1519822640982 HTTP/1.1" 200 90
186.67.172.234 - - [28/Feb/2018:09:58:10 -0300] "GET /cormun/servlet/hpexe_link HTTP/1.1" 200 985
186.67.172.234 - - [28/Feb/2018:09:58:11 -0300] "GET /cormun/servlet/trlicencias? HTTP/1.1" 200 10119
186.67.172.234 - - [28/Feb/2018:09:58:12 -0300] "GET /cormun/servlet/trlicencias? HTTP/1.1" 200 10117
186.67.172.234 - - [28/Feb/2018:09:58:18 -0300] "POST /cormun/servlet/trlicencias?385100971aa133bf611ed8bb010a064f,,gx-no-cache=1519822647754 HTTP/1.1" 200 7476
186.67.172.234 - - [28/Feb/2018:09:58:19 -0300] "GET /cormun/static/Shared/jqueryui/images/ui-bg_highlight-soft_100_c6c2c8_1x100.png HTTP/1.1" 404 1117
186.67.172.234 - - [28/Feb/2018:09:58:19 -0300] "GET /cormun/static/Shared/jqueryui/images/ui-icons_82798d_256x240.png HTTP/1.1" 404 1089
186.67.172.234 - - [28/Feb/2018:09:58:19 -0300] "GET /cormun/static/Shared/jqueryui/images/ui-bg_flat_55_fafafa_40x100.png HTTP/1.1" 404 1097
186.67.172.234 - - [28/Feb/2018:09:58:19 -0300] "GET /cormun/static/Shared/jqueryui/images/ui-icons_8d78a5_256x240.png HTTP/1.1" 404 1089
192.168.10.56 - - [28/Feb/2018:09:58:37 -0300] "POST /cormun/servlet/trsolicitudgral?1ed9820a91405bd8f069a708af1e2a5e,gx-no-cache=1519817557810,gx-no-cache=1519822558454 HTTP/1.1" 200 14223
200.111.122.170 - - [28/Feb/2018:09:58:40 -0300] "POST /cormun/servlet/solicitudot?gx-no-cache=1519822675253 HTTP/1.1" 200 3293
192.168.10.56 - - [28/Feb/2018:09:58:41 -0300] "POST /cormun/servlet/trsolicitudgral?1ed9820a91405bd8f069a708af1e2a5e,gx-no-cache=1519817557810,gx-no-cache=1519822562469 HTTP/1.1" 200 9029
200.111.122.170 - - [28/Feb/2018:09:58:41 -0300] "POST /cormun/servlet/solicitudot?b1adb9345a5f6a1aaf3b97aeb24c2787,INS,0,0,,gx-no-cache=1519822675737 HTTP/1.1" 200 10443
200.111.122.170 - - [28/Feb/2018:09:58:43 -0300] "GET /cormun/servlet/solicitudot?e2debc309746756b5eb4a093b58d73866628e7392c47c55f32684bb84d8418091675e21ebd0c24f669e9fc48e2fe203c,gx-no-cache=1519822678673 HTTP/1.1" 200 30
186.79.217.118 - - [28/Feb/2018:09:59:35 -0300] "GET /cormun/servlet/hlogin HTTP/1.1" 200 1731
186.103.161.206 - - [28/Feb/2018:10:00:51 -0300] "GET /cormun/servlet/solicitudot?e2debc309746756b5eb4a093b58d7386c668fce3de2533fa3898f73828ec6789b65d3d1e5f21d9a7416dfd301595068c9c66f4c6f349820ec798a29133d92cdc,gx-no-cache=1519822805974 HTTP/1.1" 200 30
186.103.161.206 - - [28/Feb/2018:10:00:51 -0300] "GET /cormun/servlet/solicitudot?e2debc309746756b5eb4a093b58d7386d6c1acaec1b662d1d6ec80bbb504e05b,gx-no-cache=1519822806166 HTTP/1.1" 200 29
186.103.161.206 - - [28/Feb/2018:10:00:52 -0300] "POST /cormun/servlet/solicitudot?gx-no-cache=1519822807150 HTTP/1.1" 200 255
186.103.161.206 - - [28/Feb/2018:10:00:53 -0300] "GET /cormun/servlet/solicitudot?e2debc309746756b5eb4a093b58d7386d2dd4b0f980adf6d26918b2651f5a4b00eaf037e68b0fed25bb1cf71b51adbc79796d164f6186e0a6cf1eebfa63aa3ebae1cf1c2e4b75f9d4728149a8c86475314c0b24d98fcefdac22626f45897c8ab7ee8cd81b931a47caf0dca90cb753363862355f5bc95438c7f564118c10cf017a18efbad17886c9b36d435ef2584b4d77daac8bf726b0ba237e0a0a25e37a9280aaa45007e97325602d82e44a992e7b7559312fb766e4589647e5d4114057c4e4c5a715b61f919cfc9725e1a692156874b8e68bfa0eed916a7a215d7e7c6ab16537a98f84eb9de7e406051a6f897f754cd77504d8e56b48d13919b38e3f6d160fda9a8e468e82dcfe7a1b792bc8b041f0108e7dff3ec1889b3e9dc5c027144de8c81f63099ae5a72c9f410baeffcfaf20c8012e7506079f8106aa4194ed722465de5688e0304408e08fe8175172c447bd90bbb7cab497bdb214391120d388fddb62ef2d8d854e8b473c9bb438b8bbf5ba806c25b8d2b8633b6c2c40358f1ac83,gx-no-cache=1519822808729 HTTP/1.1" 200 30
186.103.161.206 - - [28/Feb/2018:10:00:55 -0300] "POST /cormun/servlet/solicitudot?gx-no-cache=1519822810852 HTTP/1.1" 200 30
186.103.161.206 - - [28/Feb/2018:10:00:58 -0300] "POST /cormun/servlet/solicitudot?gx-no-cache=1519822813055 HTTP/1.1" 200 1333
186.103.161.206 - - [28/Feb/2018:10:00:58 -0300] "POST /cormun/servlet/solicitudot?gx-no-cache=1519822813266 HTTP/1.1" 200 38
192.168.10.56 - - [28/Feb/2018:10:01:05 -0300] "POST /cormun/servlet/trsolicitudgral?1ed9820a91405bd8f069a708af1e2a5e,gx-no-cache=1519817557810,gx-no-cache=1519822706419 HTTP/1.1" 200 12490
186.103.161.206 - - [28/Feb/2018:10:01:15 -0300] "GET /cormun/servlet/solicitudot?e2debc309746756b5eb4a093b58d7386dfdf0eed7953a59fb812ca5a6be07b7d4a3f922f63413a53ebd9c6e58d24ac1942f6aa24e614077669dd2cd0b6939f9b00cb7a05e5a15656bd5604f34dafbd44e7ad13eb94f42c9a9413ed3f28cb80d8bdbb43f3afd4877f66b2fcf68b8e44a6,gx-no-cache=1519822830920 HTTP/1.1" 200 29
186.103.161.206 - - [28/Feb/2018:10:01:16 -0300] "POST /cormun/servlet/solicitudot?gx-no-cache=1519822831063 HTTP/1.1" 200 1318
186.103.161.206 - - [28/Feb/2018:10:01:16 -0300] "POST /cormun/servlet/solicitudot?gx-no-cache=1519822831411 HTTP/1.1" 200 1215
192.168.10.56 - - [28/Feb/2018:10:01:24 -0300] "POST /cormun/servlet/trsolicitudgral?1ed9820a91405bd8f069a708af1e2a5e,gx-no-cache=1519817557810,gx-no-cache=1519822725853 HTTP/1.1" 200 9351
186.103.161.206 - - [28/Feb/2018:10:01:38 -0300] "GET /cormun/static/menuarrow.gif HTTP/1.1" 404 1015
186.103.161.206 - - [28/Feb/2018:10:01:42 -0300] "GET /cormun/servlet/solicitudot?e2debc309746756b5eb4a093b58d7386b77c5131e6e95dc3d06cf2140000d9ccdcb8da3f248b82bea7be89f264743778,gx-no-cache=1519822857918 HTTP/1.1" 200 30
192.168.10.56 - - [28/Feb/2018:10:01:43 -0300] "POST /cormun/servlet/trsolicitudgral?1ed9820a91405bd8f069a708af1e2a5e,gx-no-cache=1519817557810,gx-no-cache=1519822745078 HTTP/1.1" 200 12490
186.103.161.206 - - [28/Feb/2018:10:01:53 -0300] "POST /cormun/servlet/solicitudot?gx-no-cache=1519822868299 HTTP/1.1" 200 30
186.103.161.206 - - [28/Feb/2018:10:02:10 -0300] "POST /cormun/servlet/solicitudot?b1adb9345a5f6a1aaf3b97aeb24c2787,INS,0,0,,gx-no-cache=1519822884512 HTTP/1.1" 200 93
186.103.161.206 - - [28/Feb/2018:10:02:10 -0300] "GET /cormun/servlet/hpexe_return? HTTP/1.1" 200 1004
186.103.161.206 - - [28/Feb/2018:10:02:10 -0300] "GET /cormun/servlet/trsolicitudot HTTP/1.1" 200 8773
186.103.161.206 - - [28/Feb/2018:10:02:12 -0300] "GET /cormun/servlet/trsolicitudot HTTP/1.1" 200 8769
200.72.197.82 - - [28/Feb/2018:10:02:29 -0300] "POST /cormun/servlet/trsolicitudot?b1adb9345a5f6a1aaf3b97aeb24c2787,gx-no-cache=1519822904439 HTTP/1.1" 200 4669
200.72.197.82 - - [28/Feb/2018:10:02:30 -0300] "GET /cormun/static/Shared/jqueryui/images/ui-bg_highlight-soft_100_c6c2c8_1x100.png HTTP/1.1" 404 1117
200.72.197.82 - - [28/Feb/2018:10:02:30 -0300] "GET /cormun/static/Shared/jqueryui/images/ui-icons_82798d_256x240.png HTTP/1.1" 404 1089
190.151.100.218 - - [28/Feb/2018:10:02:30 -0300] "GET /cormun/static/Shared/jqueryui/images/ui-bg_flat_55_fafafa_40x100.png HTTP/1.1" 404 1097
186.67.203.186 - - [28/Feb/2018:10:02:30 -0300] "GET /cormun/static/Shared/jqueryui/images/ui-icons_8d78a5_256x240.png HTTP/1.1" 404 1089
200.72.197.82 - - [28/Feb/2018:10:02:31 -0300] "POST /cormun/servlet/trsolicitudot?b1adb9345a5f6a1aaf3b97aeb24c2787,gx-no-cache=1519822905557 HTTP/1.1" 200 4449
200.72.197.82 - - [28/Feb/2018:10:02:39 -0300] "GET /cormun/servlet/trsolicitudot? HTTP/1.1" 200 7411
200.72.197.82 - - [28/Feb/2018:10:02:40 -0300] "GET /cormun/servlet/trsolicitudot? HTTP/1.1" 200 7411
200.72.197.82 - - [28/Feb/2018:10:02:47 -0300] "GET /cormun/servlet/solicitudot?INS,0,0, HTTP/1.1" 200 13644
200.72.197.82 - - [28/Feb/2018:10:02:48 -0300] "GET /cormun/servlet/solicitudot?INS,0,0, HTTP/1.1" 200 13649
200.111.122.170 - - [28/Feb/2018:10:02:59 -0300] "POST /cormun/servlet/solicitudot?gx-no-cache=1519822934416 HTTP/1.1" 200 3293
200.111.122.170 - - [28/Feb/2018:10:03:01 -0300] "POST /cormun/servlet/solicitudot?b1adb9345a5f6a1aaf3b97aeb24c2787,INS,0,0,,gx-no-cache=1519822934989 HTTP/1.1" 200 10443
200.111.122.170 - - [28/Feb/2018:10:03:03 -0300] "GET /cormun/servlet/solicitudot?e2debc309746756b5eb4a093b58d73866628e7392c47c55f32684bb84d8418091675e21ebd0c24f669e9fc48e2fe203c,gx-no-cache=1519822938797 HTTP/1.1" 200 30
192.168.10.56 - - [28/Feb/2018:10:03:29 -0300] "GET /cormun/servlet/hlogin HTTP/1.1" 200 1748
192.168.10.56 - - [28/Feb/2018:10:03:29 -0300] "GET /cormun/servlet/hlogin HTTP/1.1" 200 1717
186.103.132.155 - - [28/Feb/2018:10:04:25 -0300] "GET /cormun/servlet/solicitudot?e2debc309746756b5eb4a093b58d7386c668fce3de2533fa3898f73828ec6789b65d3d1e5f21d9a7416dfd301595068c9c66f4c6f349820ec798a29133d92cdc,gx-no-cache=1519823020616 HTTP/1.1" 200 30
186.103.132.155 - - [28/Feb/2018:10:04:25 -0300] "GET /cormun/servlet/solicitudot?e2debc309746756b5eb4a093b58d7386d6c1acaec1b662d1d6ec80bbb504e05b,gx-no-cache=1519823020840 HTTP/1.1" 200 29
186.103.132.155 - - [28/Feb/2018:10:04:27 -0300] "POST /cormun/servlet/solicitudot?gx-no-cache=1519823022303 HTTP/1.1" 200 255
186.103.132.155 - - [28/Feb/2018:10:04:29 -0300] "GET /cormun/servlet/solicitudot?e2debc309746756b5eb4a093b58d7386d2dd4b0f980adf6d26918b2651f5a4b00eaf037e68b0fed25bb1cf71b51adbc79796d164f6186e0a6cf1eebfa63aa3ebae1cf1c2e4b75f9d4728149a8c86475314c0b24d98fcefdac22626f45897c8ab7ee8cd81b931a47caf0dca90cb753363862355f5bc95438c7f564118c10cf017a18efbad17886c9b36d435ef2584b4d77daac8bf726b0ba237e0a0a25e37a9280aaa45007e97325602d82e44a992e7b7559312fb766e4589647e5d4114057c4e4c5a715b61f919cfc9725e1a692156874b8e68bfa0eed916a7a215d7e7c6ab16537a98f84eb9de7e406051a6f897f754cd77504d8e56b48d13919b38e3f6d160fda9a8e468e82dcfe7a1b792bc8b041f0108e7dff3ec1889b3e9dc5c027144de8c81f63099ae5a72c9f410baeffcfaf20c8012e7506079f8106aa4194ed722465de5688e0304408e08fe8175172c447bd90bbb7cab497bdb214391120d388fddb62ef2d8d854e8b473c9bb438b8bbf5ba806c25b8d2b8633b6c2c40358f1ac83,gx-no-cache=1519823024514 HTTP/1.1" 200 30
186.103.132.155 - - [28/Feb/2018:10:04:31 -0300] "POST /cormun/servlet/solicitudot?gx-no-cache=1519823026965 HTTP/1.1" 200 30
186.103.132.155 - - [28/Feb/2018:10:04:35 -0300] "POST /cormun/servlet/solicitudot?gx-no-cache=1519823029943 HTTP/1.1" 200 1333
186.103.132.155 - - [28/Feb/2018:10:04:35 -0300] "POST /cormun/servlet/solicitudot?gx-no-cache=1519823030149 HTTP/1.1" 200 38
200.111.122.170 - - [28/Feb/2018:10:05:13 -0300] "GET /cormun/servlet/solicitudot?e2debc309746756b5eb4a093b58d7386dfdf0eed7953a59fb812ca5a6be07b7d4a3f922f63413a53ebd9c6e58d24ac1942f6aa24e614077669dd2cd0b6939f9b00cb7a05e5a15656bd5604f34dafbd44e7ad13eb94f42c9a9413ed3f28cb80d8bdbb43f3afd4877f66b2fcf68b8e44a6,gx-no-cache=1519823067941 HTTP/1.1" 200 29
200.111.122.170 - - [28/Feb/2018:10:05:13 -0300] "POST /cormun/servlet/solicitudot?gx-no-cache=1519823068433 HTTP/1.1" 200 1317
200.111.122.170 - - [28/Feb/2018:10:05:14 -0300] "POST /cormun/servlet/solicitudot?gx-no-cache=1519823068751 HTTP/1.1" 200 1215
186.103.161.206 - - [28/Feb/2018:10:05:42 -0300] "GET /cormun/static/menuarrow.gif HTTP/1.1" 404 1015
186.103.161.206 - - [28/Feb/2018:10:05:50 -0300] "GET /cormun/servlet/solicitudot?e2debc309746756b5eb4a093b58d7386b77c5131e6e95dc3d06cf2140000d9ccdcb8da3f248b82bea7be89f264743778,gx-no-cache=1519823105013 HTTP/1.1" 200 30
186.103.161.206 - - [28/Feb/2018:10:05:58 -0300] "POST /cormun/servlet/solicitudot?gx-no-cache=1519823113055 HTTP/1.1" 200 30
186.67.203.186 - - [28/Feb/2018:10:06:28 -0300] "POST /cormun/servlet/solicitudot?b1adb9345a5f6a1aaf3b97aeb24c2787,INS,0,0,,gx-no-cache=1519823141977 HTTP/1.1" 200 93
186.67.203.186 - - [28/Feb/2018:10:06:28 -0300] "GET /cormun/servlet/hpexe_return? HTTP/1.1" 200 1004
186.67.203.186 - - [28/Feb/2018:10:06:29 -0300] "GET /cormun/servlet/trsolicitudot HTTP/1.1" 200 8783
186.67.203.186 - - [28/Feb/2018:10:06:30 -0300] "GET /cormun/servlet/trsolicitudot HTTP/1.1" 200 8779
186.67.203.186 - - [28/Feb/2018:10:06:37 -0300] "POST /cormun/servlet/trsolicitudot?b1adb9345a5f6a1aaf3b97aeb24c2787,gx-no-cache=1519823151897 HTTP/1.1" 200 4674
186.67.203.186 - - [28/Feb/2018:10:06:37 -0300] "GET /cormun/static/Shared/jqueryui/images/ui-bg_highlight-soft_100_c6c2c8_1x100.png HTTP/1.1" 404 1117
200.111.122.170 - - [28/Feb/2018:10:06:37 -0300] "GET /cormun/static/Shared/jqueryui/images/ui-icons_82798d_256x240.png HTTP/1.1" 404 1089
200.72.197.82 - - [28/Feb/2018:10:06:37 -0300] "GET /cormun/static/Shared/jqueryui/images/ui-icons_8d78a5_256x240.png HTTP/1.1" 404 1089
186.103.161.206 - - [28/Feb/2018:10:06:37 -0300] "GET /cormun/static/Shared/jqueryui/images/ui-bg_flat_55_fafafa_40x100.png HTTP/1.1" 404 1097
186.67.203.186 - - [28/Feb/2018:10:06:37 -0300] "POST /cormun/servlet/trsolicitudot?b1adb9345a5f6a1aaf3b97aeb24c2787,gx-no-cache=1519823152559 HTTP/1.1" 200 4449
186.67.203.186 - - [28/Feb/2018:10:06:43 -0300] "GET /cormun/servlet/trsolicitudot? HTTP/1.1" 200 7411
186.67.203.186 - - [28/Feb/2018:10:06:44 -0300] "GET /cormun/servlet/trsolicitudot? HTTP/1.1" 200 7411
186.103.161.206 - - [28/Feb/2018:10:06:51 -0300] "GET /cormun/servlet/solicitudot?INS,0,0, HTTP/1.1" 200 13646
186.103.161.206 - - [28/Feb/2018:10:06:52 -0300] "GET /cormun/servlet/solicitudot?INS,0,0, HTTP/1.1" 200 13651
190.151.100.218 - - [28/Feb/2018:10:07:03 -0300] "POST /cormun/servlet/solicitudot?gx-no-cache=1519823177738 HTTP/1.1" 200 3293
190.151.100.218 - - [28/Feb/2018:10:07:04 -0300] "POST /cormun/servlet/solicitudot?b1adb9345a5f6a1aaf3b97aeb24c2787,INS,0,0,,gx-no-cache=1519823178780 HTTP/1.1" 200 10445
190.151.100.218 - - [28/Feb/2018:10:07:06 -0300] "GET /cormun/servlet/solicitudot?e2debc309746756b5eb4a093b58d73866628e7392c47c55f32684bb84d8418091675e21ebd0c24f669e9fc48e2fe203c,gx-no-cache=1519823181796 HTTP/1.1" 200 30
190.151.100.218 - - [28/Feb/2018:10:08:12 -0300] "GET /cormun/servlet/solicitudot?e2debc309746756b5eb4a093b58d7386c668fce3de2533fa3898f73828ec6789b65d3d1e5f21d9a7416dfd301595068c9c66f4c6f349820ec798a29133d92cdc,gx-no-cache=1519823247860 HTTP/1.1" 200 30
190.151.100.218 - - [28/Feb/2018:10:08:13 -0300] "GET /cormun/servlet/solicitudot?e2debc309746756b5eb4a093b58d7386d6c1acaec1b662d1d6ec80bbb504e05b,gx-no-cache=1519823248036 HTTP/1.1" 200 29
190.151.100.218 - - [28/Feb/2018:10:08:14 -0300] "POST /cormun/servlet/solicitudot?gx-no-cache=1519823249200 HTTP/1.1" 200 255
190.151.100.218 - - [28/Feb/2018:10:08:15 -0300] "GET /cormun/servlet/solicitudot?e2debc309746756b5eb4a093b58d7386d2dd4b0f980adf6d26918b2651f5a4b00eaf037e68b0fed25bb1cf71b51adbc79796d164f6186e0a6cf1eebfa63aa3ebae1cf1c2e4b75f9d4728149a8c86475314c0b24d98fcefdac22626f45897c8ab7ee8cd81b931a47caf0dca90cb753363862355f5bc95438c7f564118c10cf017a18efbad17886c9b36d435ef2584b4d77daac8bf726b0ba237e0a0a25e37a9280aaa45007e97325602d82e44a992e7b7559312fb766e4589647e5d4114057c4e4c5a715b61f919cfc9725e1a692156874b8e68bfa0eed916a7a215d7e7c6ab16537a98f84eb9de7e406051a6f897f754cd77504d8e56b48d13919b38e3f6d160fda9a8e468e82dcfe7a1b792bc8b041f0108e7dff3ec1889b3e9dc5c027144de8c81f63099ae5a72c9f410baeffcfaf20c8012e7506079f8106aa4194ed722465de5688e0304408e08fe8175172c447bd90bbb7cab497bdb214391120d388fddb62ef2d8d854e8b473c9bb438b8bbf5ba806c25b8d2b8633b6c2c40358f1ac83,gx-no-cache=1519823250523 HTTP/1.1" 200 30
190.151.100.218 - - [28/Feb/2018:10:08:17 -0300] "POST /cormun/servlet/solicitudot?gx-no-cache=1519823252360 HTTP/1.1" 200 30
190.151.100.218 - - [28/Feb/2018:10:08:19 -0300] "POST /cormun/servlet/solicitudot?gx-no-cache=1519823254229 HTTP/1.1" 200 1333
190.151.100.218 - - [28/Feb/2018:10:08:19 -0300] "POST /cormun/servlet/solicitudot?gx-no-cache=1519823254469 HTTP/1.1" 200 38
186.67.203.186 - - [28/Feb/2018:10:09:13 -0300] "GET /cormun/servlet/solicitudot?e2debc309746756b5eb4a093b58d7386dfdf0eed7953a59fb812ca5a6be07b7d4a3f922f63413a53ebd9c6e58d24ac1942f6aa24e614077669dd2cd0b6939f9b00cb7a05e5a15656bd5604f34dafbd44e7ad13eb94f42c9a9413ed3f28cb80d8bdbb43f3afd4877f66b2fcf68b8e44a6,gx-no-cache=1519823307972 HTTP/1.1" 200 29
186.67.203.186 - - [28/Feb/2018:10:09:13 -0300] "POST /cormun/servlet/solicitudot?gx-no-cache=1519823308256 HTTP/1.1" 200 1319
186.67.203.186 - - [28/Feb/2018:10:09:13 -0300] "POST /cormun/servlet/solicitudot?gx-no-cache=1519823308486 HTTP/1.1" 200 1215
186.67.203.186 - - [28/Feb/2018:10:09:13 -0300] "GET /cormun/servlet/solicitudot?e2debc309746756b5eb4a093b58d7386d3938ac0d653bd4e1b5b1325016910bd,gx-no-cache=1519823308709 HTTP/1.1" 200 30
186.67.203.186 - - [28/Feb/2018:10:09:13 -0300] "POST /cormun/servlet/solicitudot?gx-no-cache=1519823308805 HTTP/1.1" 200 30
186.67.203.186 - - [28/Feb/2018:10:09:14 -0300] "POST /cormun/servlet/solicitudot?b1adb9345a5f6a1aaf3b97aeb24c2787,INS,0,0,,gx-no-cache=1519823308941 HTTP/1.1" 200 11926
186.67.203.186 - - [28/Feb/2018:10:09:14 -0300] "GET /cormun/static/Shared/jqueryui/images/ui-bg_highlight-soft_100_c6c2c8_1x100.png HTTP/1.1" 404 1117
186.67.203.186 - - [28/Feb/2018:10:09:14 -0300] "GET /cormun/static/Shared/jqueryui/images/ui-bg_flat_55_994d53_40x100.png HTTP/1.1" 404 1097
190.151.100.218 - - [28/Feb/2018:10:09:14 -0300] "GET /cormun/static/Shared/jqueryui/images/ui-icons_ebccce_256x240.png HTTP/1.1" 404 1089
186.67.203.186 - - [28/Feb/2018:10:09:14 -0300] "GET /cormun/static/Shared/jqueryui/images/ui-icons_82798d_256x240.png HTTP/1.1" 404 1089
186.67.203.186 - - [28/Feb/2018:10:09:18 -0300] "GET /cormun/static/menuarrow.gif HTTP/1.1" 404 1015
186.67.203.186 - - [28/Feb/2018:10:09:24 -0300] "GET /cormun/servlet/solicitudot?e2debc309746756b5eb4a093b58d7386b77c5131e6e95dc3d06cf2140000d9ccdcb8da3f248b82bea7be89f264743778,gx-no-cache=1519823319045 HTTP/1.1" 200 30
186.67.203.186 - - [28/Feb/2018:10:09:34 -0300] "POST /cormun/servlet/solicitudot?gx-no-cache=1519823329018 HTTP/1.1" 200 30
186.67.203.186 - - [28/Feb/2018:10:09:34 -0300] "POST /cormun/servlet/solicitudot?b1adb9345a5f6a1aaf3b97aeb24c2787,INS,0,0,,gx-no-cache=1519823329185 HTTP/1.1" 200 93
186.67.203.186 - - [28/Feb/2018:10:09:34 -0300] "GET /cormun/servlet/hpexe_return? HTTP/1.1" 200 1004
186.67.203.186 - - [28/Feb/2018:10:09:35 -0300] "GET /cormun/servlet/trsolicitudot HTTP/1.1" 200 8781
186.67.203.186 - - [28/Feb/2018:10:09:36 -0300] "GET /cormun/servlet/trsolicitudot HTTP/1.1" 200 8777
186.67.203.186 - - [28/Feb/2018:10:09:45 -0300] "POST /cormun/servlet/trsolicitudot?b1adb9345a5f6a1aaf3b97aeb24c2787,gx-no-cache=1519823340385 HTTP/1.1" 200 4674
186.67.203.186 - - [28/Feb/2018:10:09:45 -0300] "GET /cormun/static/Shared/jqueryui/images/ui-bg_highlight-soft_100_c6c2c8_1x100.png HTTP/1.1" 404 1117
186.67.203.186 - - [28/Feb/2018:10:09:45 -0300] "GET /cormun/static/Shared/jqueryui/images/ui-icons_82798d_256x240.png HTTP/1.1" 404 1089
186.67.203.186 - - [28/Feb/2018:10:09:46 -0300] "GET /cormun/static/Shared/jqueryui/images/ui-bg_flat_55_fafafa_40x100.png HTTP/1.1" 404 1097
186.103.132.155 - - [28/Feb/2018:10:09:46 -0300] "GET /cormun/static/Shared/jqueryui/images/ui-icons_8d78a5_256x240.png HTTP/1.1" 404 1089
190.151.100.218 - - [28/Feb/2018:10:09:46 -0300] "POST /cormun/servlet/trsolicitudot?b1adb9345a5f6a1aaf3b97aeb24c2787,gx-no-cache=1519823340942 HTTP/1.1" 200 4449
190.151.100.218 - - [28/Feb/2018:10:09:50 -0300] "GET /cormun/servlet/trautorizarsolicitud? HTTP/1.1" 200 9262
190.151.100.218 - - [28/Feb/2018:10:09:51 -0300] "GET /cormun/servlet/trautorizarsolicitud? HTTP/1.1" 200 9262
186.103.161.206 - - [28/Feb/2018:10:16:39 -0300] "POST /cormun/servlet/trautorizarsolicitud?b1adb9345a5f6a1aaf3b97aeb24c2787,,gx-no-cache=1519823753310 HTTP/1.1" 200 6101
186.103.161.206 - - [28/Feb/2018:10:16:39 -0300] "GET /cormun/static/Shared/jqueryui/images/ui-bg_highlight-soft_100_c6c2c8_1x100.png HTTP/1.1" 404 1117
186.103.161.206 - - [28/Feb/2018:10:16:39 -0300] "GET /cormun/static/Shared/jqueryui/images/ui-bg_flat_55_fafafa_40x100.png HTTP/1.1" 404 1097
186.67.203.186 - - [28/Feb/2018:10:16:39 -0300] "GET /cormun/static/Shared/jqueryui/images/ui-icons_82798d_256x240.png HTTP/1.1" 404 1089
186.67.203.186 - - [28/Feb/2018:10:16:39 -0300] "GET /cormun/static/Shared/jqueryui/images/ui-icons_8d78a5_256x240.png HTTP/1.1" 404 1089
186.67.203.186 - - [28/Feb/2018:10:16:39 -0300] "POST /cormun/servlet/trautorizarsolicitud?b1adb9345a5f6a1aaf3b97aeb24c2787,,gx-no-cache=1519823754242 HTTP/1.1" 200 6045
186.67.203.186 - - [28/Feb/2018:10:16:41 -0300] "POST /cormun/servlet/trautorizarsolicitud?b1adb9345a5f6a1aaf3b97aeb24c2787,,gx-no-cache=1519823755753 HTTP/1.1" 200 5790
186.67.203.186 - - [28/Feb/2018:10:16:41 -0300] "POST /cormun/servlet/trautorizarsolicitud?b1adb9345a5f6a1aaf3b97aeb24c2787,,gx-no-cache=1519823756283 HTTP/1.1" 200 5735
186.67.203.186 - - [28/Feb/2018:10:16:43 -0300] "POST /cormun/servlet/trautorizarsolicitud?b1adb9345a5f6a1aaf3b97aeb24c2787,,gx-no-cache=1519823757410 HTTP/1.1" 200 4601
186.79.217.118 - - [28/Feb/2018:10:16:44 -0300] "POST /cormun/servlet/hlogin?a8021b25d52a535760c58a4009d3ce38,gx-no-cache=1519823763167 HTTP/1.1" 200 90
186.79.217.118 - - [28/Feb/2018:10:16:45 -0300] "GET /cormun/servlet/hpexe_link HTTP/1.1" 200 952
186.67.203.186 - - [28/Feb/2018:10:16:45 -0300] "POST /cormun/servlet/trautorizarsolicitud?b1adb9345a5f6a1aaf3b97aeb24c2787,,gx-no-cache=1519823758723 HTTP/1.1" 200 4383
186.79.217.118 - - [28/Feb/2018:10:16:45 -0300] "GET /cormun/servlet/trsolicitudot HTTP/1.1" 200 7435
186.79.217.118 - - [28/Feb/2018:10:16:47 -0300] "GET /cormun/servlet/trsolicitudot HTTP/1.1" 200 7434
186.79.217.118 - - [28/Feb/2018:10:16:59 -0300] "GET /cormun/servlet/trsolicitudot? HTTP/1.1" 200 7434
186.79.217.118 - - [28/Feb/2018:10:17:00 -0300] "GET /cormun/servlet/trsolicitudot? HTTP/1.1" 200 7434
186.79.217.118 - - [28/Feb/2018:10:17:02 -0300] "GET /cormun/servlet/solicitudot?INS,0,0, HTTP/1.1" 200 13663
186.79.217.118 - - [28/Feb/2018:10:17:04 -0300] "GET /cormun/servlet/solicitudot?INS,0,0, HTTP/1.1" 200 13668
186.79.217.118 - - [28/Feb/2018:10:17:13 -0300] "POST /cormun/servlet/solicitudot?gx-no-cache=1519823791502 HTTP/1.1" 200 3293
186.79.217.118 - - [28/Feb/2018:10:17:14 -0300] "POST /cormun/servlet/solicitudot?a8021b25d52a535760c58a4009d3ce38,INS,0,0,,gx-no-cache=1519823792259 HTTP/1.1" 200 10438
186.79.217.118 - - [28/Feb/2018:10:17:16 -0300] "GET /cormun/servlet/solicitudot?2fdb225cc10e51280e6d010eafccc1b79157c2a36639346c177d860b1bce9d12a2c4c7be8c570dce01c3fc44a098d182,gx-no-cache=1519823794935 HTTP/1.1" 200 30
66.249.83.2 - - [28/Feb/2018:10:17:50 -0300] "GET /cormun/servlet/hlogin HTTP/1.1" 200 1716
66.249.83.2 - - [28/Feb/2018:10:17:51 -0300] "GET /cormun/servlet/hlogin?_escaped_fragment_= HTTP/1.1" 200 1719
66.249.83.5 - - [28/Feb/2018:10:17:51 -0300] "GET /favicon.ico HTTP/1.1" 200 21630
