186.103.157.98 - - [28/Feb/2018:16:48:27 -0300] "GET /cormun/static/PXToolsJavascripts/pexe_oav.js HTTP/1.1" 200 645
186.103.157.98 - - [28/Feb/2018:16:48:27 -0300] "GET /cormun/static/PXToolsJavascripts/pexe_tabdivfix.js HTTP/1.1" 200 876
186.103.157.98 - - [28/Feb/2018:16:48:27 -0300] "GET /cormun/static/PXToolsJavascripts/pexe_picture.js HTTP/1.1" 200 689
186.103.157.98 - - [28/Feb/2018:16:48:27 -0300] "GET /cormun/static/PXToolsJavascripts/PXToolsJavascriptsRender.js HTTP/1.1" 200 367
186.103.157.98 - - [28/Feb/2018:16:48:27 -0300] "GET /cormun/static/hhome.js?20175251212450 HTTP/1.1" 200 777
186.103.157.98 - - [28/Feb/2018:16:48:27 -0300] "GET /cormun/static/RunJS/RunJS.js HTTP/1.1" 200 288
186.103.157.98 - - [28/Feb/2018:16:48:27 -0300] "GET /cormun/static/Resources/PXToolsDataTitle.png HTTP/1.1" 200 1173
186.103.157.98 - - [28/Feb/2018:16:48:27 -0300] "GET /cormun/static/Resources/PXToolsHeaderActionsBackground.png HTTP/1.1" 200 484
186.103.157.98 - - [28/Feb/2018:16:48:27 -0300] "GET /cormun/static/Resources/PXToolsHeaderSecurity.png HTTP/1.1" 200 4166
186.103.157.98 - - [28/Feb/2018:16:48:27 -0300] "GET /cormun/static/Resources/PXToolsHeaderHome.png HTTP/1.1" 200 4147
186.103.157.98 - - [28/Feb/2018:16:48:27 -0300] "GET /cormun/static/Resources/PXToolsHeaderLogin.png HTTP/1.1" 200 4279
186.103.157.98 - - [28/Feb/2018:16:48:27 -0300] "GET /cormun/static/Resources/PXToolsFooterBackground2.png HTTP/1.1" 200 1172
186.103.157.98 - - [28/Feb/2018:16:48:27 -0300] "GET /cormun/static/Resources/PXToolsHeaderPreferences.png HTTP/1.1" 200 4189
186.103.157.98 - - [28/Feb/2018:16:48:27 -0300] "GET /cormun/static/Resources/PXToolsHeaderActionsLeft.png HTTP/1.1" 200 1118
186.103.157.98 - - [28/Feb/2018:16:48:27 -0300] "GET /cormun/static/Resources/PXToolsHeaderActionsRight.png HTTP/1.1" 200 1201
186.103.157.98 - - [28/Feb/2018:16:48:27 -0300] "GET /cormun/static/hpexe_messagecontroller.js?20177611595012 HTTP/1.1" 200 870
186.103.157.98 - - [28/Feb/2018:16:48:27 -0300] "GET /cormun/static/hpexe_messagepopupcomponent.js?20161017169425 HTTP/1.1" 200 605
186.103.157.98 - - [28/Feb/2018:16:48:27 -0300] "GET /cormun/static/hpexe_messagegenexuscomponent.js?201752511465344 HTTP/1.1" 200 587
186.103.157.98 - - [28/Feb/2018:16:48:27 -0300] "GET /cormun/static/Resources/PXToolsHeaderBackground2.png HTTP/1.1" 200 1174
186.103.157.98 - - [28/Feb/2018:16:48:27 -0300] "GET /cormun/static/SmoothNavMenu/resources/images/right.gif HTTP/1.1" 200 860
186.103.157.98 - - [28/Feb/2018:16:48:27 -0300] "GET /cormun/static/SmoothNavMenu/resources/images/down.gif HTTP/1.1" 200 854
186.103.157.98 - - [28/Feb/2018:16:48:27 -0300] "GET /cormun/static/Resources/logo4.png HTTP/1.1" 200 6582
186.103.157.98 - - [28/Feb/2018:16:48:28 -0300] "GET /cormun/servlet/hhome HTTP/1.1" 200 4251
200.54.247.70 - - [28/Feb/2018:16:48:34 -0300] "GET /cormun/servlet/solicitudot?3c6b42112a6a8ac8598b715a545ce95bd490040b1c9fe1e54f64fdb98babfe60,gx-no-cache=1519847266348 HTTP/1.1" 200 53
200.54.247.70 - - [28/Feb/2018:16:48:34 -0300] "GET /cormun/servlet/solicitudot?3c6b42112a6a8ac8598b715a545ce95b7d17c7faaf703944b2c1c146ba443065c5d4b0e5decaf84b991c7146560206d0eb27a0d7f801714813077b5d6f6d63538338494a0f1e2574a555332349523fde8473173cb33826859c748a8ed15b4fe3557d671f30f310eb44ee02f411a6361bf2934049c1e85138f8bb14735d108f836739d644c044a3a61ef5da22eaf1acf6430e386a354fc8b2eab41f884cf6fd263d13b9508eacc67bb841c889e78b745dd1571bbe2001ae9203dd4de85da9f3961a33ce7fe8d7739f3cb6cd9cc65cfd1f2d65298d2ec962f55495bf91e3f229522e5f9380b873fc93a0777c5089e4b00ecbe694198e23d1cc4c7d9ddc14254de78947deae64cd22766e7f1c61c8b67f3bcf0d0f1c94381760010e5507e0e3c4209d785c16007116672a6379ea50f172f88a6f4b6fe27550a868470b77d006c1193b7c81a2106c8d2d018c23c26ad15bafbbf9851e4d2d5e3dfa5f1d932b85e0a68d88a4b9cec2b411a2dfb3c46fc39ad28001483f4520554c65df65521901353b3316a09d6509fa5d4813eb86ba563545,gx-no-cache=1519847266482 HTTP/1.1" 200 30
200.54.247.70 - - [28/Feb/2018:16:48:34 -0300] "POST /cormun/servlet/solicitudot?gx-no-cache=1519847266573 HTTP/1.1" 200 30
200.54.247.70 - - [28/Feb/2018:16:48:34 -0300] "POST /cormun/servlet/solicitudot?gx-no-cache=1519847266644 HTTP/1.1" 200 1336
200.54.247.70 - - [28/Feb/2018:16:48:34 -0300] "POST /cormun/servlet/solicitudot?gx-no-cache=1519847266862 HTTP/1.1" 200 38
186.103.157.98 - - [28/Feb/2018:16:48:36 -0300] "GET /cormun/servlet/trcontratosolicitud? HTTP/1.1" 200 12182
186.103.157.98 - - [28/Feb/2018:16:48:36 -0300] "GET /cormun/static/gxcfg.js?20177612214014 HTTP/1.1" 200 953
186.103.157.98 - - [28/Feb/2018:16:48:36 -0300] "GET /cormun/static/calendar-setup.js?85251 HTTP/1.1" 304 -
186.103.157.98 - - [28/Feb/2018:16:48:36 -0300] "GET /cormun/static/calendar.js?85251 HTTP/1.1" 304 -
186.103.157.98 - - [28/Feb/2018:16:48:36 -0300] "GET /cormun/static/calendar-es.js?85251 HTTP/1.1" 304 -
186.103.157.98 - - [28/Feb/2018:16:48:36 -0300] "GET /cormun/static/gxdec.js?85251 HTTP/1.1" 304 -
186.103.157.98 - - [28/Feb/2018:16:48:36 -0300] "GET /cormun/static/Resources/PXToolsDataSearch.png HTTP/1.1" 200 419
186.103.157.98 - - [28/Feb/2018:16:48:36 -0300] "GET /cormun/static/Resources/PXToolsGridFirstDisabled.gif HTTP/1.1" 200 100
186.103.157.98 - - [28/Feb/2018:16:48:36 -0300] "GET /cormun/static/Resources/PXToolsGridNextDisabled.gif HTTP/1.1" 200 90
186.103.157.98 - - [28/Feb/2018:16:48:36 -0300] "GET /cormun/static/Resources/PXToolsGridPage.gif HTTP/1.1" 200 725
186.103.157.98 - - [28/Feb/2018:16:48:36 -0300] "GET /cormun/static/Resources/PXToolsGridPreviousDisabled.gif HTTP/1.1" 200 90
186.103.157.98 - - [28/Feb/2018:16:48:36 -0300] "GET /cormun/static/Resources/PXToolsGridLastDisabled.gif HTTP/1.1" 200 98
186.103.157.98 - - [28/Feb/2018:16:48:36 -0300] "GET /cormun/static/Resources/asc.gif HTTP/1.1" 200 67
186.103.157.98 - - [28/Feb/2018:16:48:36 -0300] "GET /cormun//static/Resources/PXToolsActionDisabled.gif HTTP/1.1" 200 53
186.103.157.98 - - [28/Feb/2018:16:48:36 -0300] "GET /cormun//static/Resources/PXToolsGridNew.png HTTP/1.1" 200 2949
186.103.157.98 - - [28/Feb/2018:16:48:36 -0300] "GET /cormun/static/Resources/desc.gif HTTP/1.1" 200 65
186.103.157.98 - - [28/Feb/2018:16:48:36 -0300] "GET /cormun/static/Shared/ext/resources/themes/images/default/tools/tool-sprites.gif HTTP/1.1" 200 5434
186.103.157.98 - - [28/Feb/2018:16:48:37 -0300] "GET /cormun/static/Shared/ext/resources/themes/images/default/panel/bg-headersPanel.png HTTP/1.1" 200 255
186.103.157.98 - - [28/Feb/2018:16:48:37 -0300] "GET /cormun/servlet/trcontratosolicitud? HTTP/1.1" 200 12179
200.86.96.247 - - [28/Feb/2018:16:48:54 -0300] "POST /cormun/servlet/solicitudot?bf0ed36a20cb61f835718cfdd5278c2c,INS,0,0,,gx-no-cache=1519847226950 HTTP/1.1" 200 93
200.86.96.247 - - [28/Feb/2018:16:48:54 -0300] "GET /cormun/servlet/hpexe_return? HTTP/1.1" 200 1012
200.86.96.247 - - [28/Feb/2018:16:48:55 -0300] "GET /cormun/static/gxcfg.js?2016101716175148 HTTP/1.1" 200 953
200.86.96.247 - - [28/Feb/2018:16:48:55 -0300] "GET /cormun/servlet/trsolicitudot HTTP/1.1" 200 9584
186.103.158.250 - - [28/Feb/2018:16:48:55 -0300] "POST /cormun/servlet/solicitudot?gx-no-cache=1519847102843 HTTP/1.1" 200 30
200.86.96.247 - - [28/Feb/2018:16:48:56 -0300] "GET /cormun/servlet/trsolicitudot HTTP/1.1" 200 9579
200.54.247.70 - - [28/Feb/2018:16:49:02 -0300] "GET /cormun/servlet/solicitudot?3c6b42112a6a8ac8598b715a545ce95b9eb291863980e0535ee1bddafd88f9a13888db32bdcf375f067437555c7fd8b29977db813ba1c106a5b3386e7946abb4bafc4aeb6b1d260d5c1850b6d60a0b4ab8f7061276b3d9b7c4f13a3d86945d1aece83bebc2d7453b3b7f133a067fae40,gx-no-cache=1519847294522 HTTP/1.1" 200 29
200.54.247.70 - - [28/Feb/2018:16:49:02 -0300] "POST /cormun/servlet/solicitudot?gx-no-cache=1519847294949 HTTP/1.1" 200 1319
200.54.247.70 - - [28/Feb/2018:16:49:03 -0300] "POST /cormun/servlet/solicitudot?gx-no-cache=1519847295123 HTTP/1.1" 200 1218
186.67.164.142 - - [28/Feb/2018:16:49:12 -0300] "GET /cormun/servlet/solicitudot?220dc49ef6beb90cc20f7feb7a7d96f6145755482095fb331892d9cb48a9aa19ff274da70167303075d2473b96d6ea611ff47bb24d9cddcc736a1e6c1f3acd25,gx-no-cache=1519847305187 HTTP/1.1" 200 30
186.67.164.142 - - [28/Feb/2018:16:49:12 -0300] "GET /cormun/servlet/solicitudot?220dc49ef6beb90cc20f7feb7a7d96f6dcae9de3cb85043cf7a9b752a97f7e0a,gx-no-cache=1519847305332 HTTP/1.1" 200 29
186.67.164.142 - - [28/Feb/2018:16:49:13 -0300] "POST /cormun/servlet/solicitudot?gx-no-cache=1519847306335 HTTP/1.1" 200 255
186.67.164.142 - - [28/Feb/2018:16:49:15 -0300] "GET /cormun/servlet/solicitudot?220dc49ef6beb90cc20f7feb7a7d96f6d717f7a25df4d5f6f5f8f14e1286c7a6366deeeb0872d09f67a9a016d351bb92c6d9c46d4659fb7812bc67d61053e6296f7d967cd4dd017e331428318d2a6e8d4745d4e0772f55b9e18f7799cee6e870d3a03c267d0ee927ebea02549e79137249fc8571f6a1decbab2d69715dc4bc33dd37477488475ae851da101608628c6fc3dc1c62b02d030e1359ea561b7fe946ecfa3cae108845345af002a366011ddedf0f71527a8d3ee4f0423317a8779adeaa8691a466743faf16224f2faa1267865531f6436ab2856c59e2d2f70ce09742ce6ddaafef15f8e3247a20dc8969281027cd42e7cfb4e7445daa9d570cd0c9d9163cac3e4600c288ce9e200497c870a89abeeb9dda53866d69ba5f31f9417028d45a046c11c2b325a4b5af466007ae61bc54e8dbc4fc65e17df627c518b981c171352787a65d90b647a225a260610e87725a654f85f8db826743676dcba0d8586752f2dfdb3f21eb1f60a2d83eb93f21f90cecc773b82306c0155efa75aab5a2,gx-no-cache=1519847308600 HTTP/1.1" 200 30
200.86.96.247 - - [28/Feb/2018:16:49:18 -0300] "GET /cormun/servlet/solicitudot?INS,0,0, HTTP/1.1" 200 13395
200.86.96.247 - - [28/Feb/2018:16:49:19 -0300] "GET /cormun/servlet/solicitudot?INS,0,0, HTTP/1.1" 200 13400
186.103.159.189 - - [28/Feb/2018:16:49:19 -0300] "POST /cormun/servlet/trautorizarsolicitud?d28c4428d81e38ae751c9561de89aa4b,,gx-no-cache=1519850904990 HTTP/1.1" 440 972
186.67.164.142 - - [28/Feb/2018:16:49:19 -0300] "POST /cormun/servlet/solicitudot?gx-no-cache=1519847312487 HTTP/1.1" 200 30
186.67.164.142 - - [28/Feb/2018:16:49:21 -0300] "GET /cormun/servlet/prsolicitudot?17107633,,,,,MD,,gxPopupLevel%3D0%3B HTTP/1.1" 200 5959
186.103.159.189 - - [28/Feb/2018:16:49:23 -0300] "GET /cormun/servlet/trautorizarsolicitud? HTTP/1.1" 200 6279
186.67.164.142 - - [28/Feb/2018:16:49:23 -0300] "POST /cormun/servlet/solicitudot?gx-no-cache=1519847316285 HTTP/1.1" 200 1333
186.67.164.142 - - [28/Feb/2018:16:49:23 -0300] "POST /cormun/servlet/solicitudot?gx-no-cache=1519847316445 HTTP/1.1" 200 38
186.67.164.142 - - [28/Feb/2018:16:49:23 -0300] "GET /cormun/servlet/solicitudot?220dc49ef6beb90cc20f7feb7a7d96f65287d5371e119f8a98594b74c08640f275a7fecceef928491e92d83725d05fc716b251b722518d8ba56b66a8ea9768164264485af9fbe638dc55a43c53bcd3e6737a97d341db0fd3a53f207cc0d3f5c868c4af28c66c59325fe2ec363b749e11,gx-no-cache=1519847316516 HTTP/1.1" 200 29
186.67.164.142 - - [28/Feb/2018:16:49:23 -0300] "POST /cormun/servlet/solicitudot?gx-no-cache=1519847316583 HTTP/1.1" 200 1318
186.67.164.142 - - [28/Feb/2018:16:49:24 -0300] "POST /cormun/servlet/solicitudot?gx-no-cache=1519847316734 HTTP/1.1" 200 1215
186.67.164.142 - - [28/Feb/2018:16:49:24 -0300] "GET /cormun/servlet/solicitudot?220dc49ef6beb90cc20f7feb7a7d96f6ba79ea798918a150b06991e6baab2d27116492ede1c9e852ec800c6e5266795e,gx-no-cache=1519847316897 HTTP/1.1" 200 30
186.103.159.189 - - [28/Feb/2018:16:49:26 -0300] "GET /cormun/servlet/hlogin HTTP/1.1" 200 1742
186.103.159.189 - - [28/Feb/2018:16:49:26 -0300] "GET /cormun/servlet/trautorizarsolicitud? HTTP/1.1" 200 6279
200.54.247.70 - - [28/Feb/2018:16:49:37 -0300] "POST /cormun/servlet/solicitudot?gx-no-cache=1519847329841 HTTP/1.1" 200 30
186.103.159.189 - - [28/Feb/2018:16:50:00 -0300] "POST /cormun/servlet/hlogin?0a4d5aabe7ff674000c6f4d284c0fa9a,gx-no-cache=1519850945677 HTTP/1.1" 200 455
186.103.159.189 - - [28/Feb/2018:16:50:17 -0300] "POST /cormun/servlet/hlogin?0a4d5aabe7ff674000c6f4d284c0fa9a,gx-no-cache=1519850963088 HTTP/1.1" 200 90
186.103.159.189 - - [28/Feb/2018:16:50:18 -0300] "GET /cormun/servlet/hpexe_link HTTP/1.1" 200 960
186.103.159.189 - - [28/Feb/2018:16:50:19 -0300] "GET /cormun/servlet/trautorizarsolicitud HTTP/1.1" 200 7109
186.67.164.142 - - [28/Feb/2018:16:50:21 -0300] "POST /cormun/servlet/solicitudot?gx-no-cache=1519847373831 HTTP/1.1" 200 1319
186.67.164.142 - - [28/Feb/2018:16:50:21 -0300] "POST /cormun/servlet/solicitudot?gx-no-cache=1519847374021 HTTP/1.1" 200 1215
186.103.159.189 - - [28/Feb/2018:16:50:21 -0300] "GET /cormun/servlet/trautorizarsolicitud HTTP/1.1" 200 7108
186.103.159.189 - - [28/Feb/2018:16:50:30 -0300] "GET /cormun/static/menuarrow.gif HTTP/1.1" 404 1015
186.103.159.189 - - [28/Feb/2018:16:50:34 -0300] "POST /cormun/servlet/trautorizarsolicitud?0a4d5aabe7ff674000c6f4d284c0fa9a,gx-no-cache=1519850978827 HTTP/1.1" 200 6395
186.103.159.189 - - [28/Feb/2018:16:50:50 -0300] "POST /cormun/servlet/trautorizarsolicitud?0a4d5aabe7ff674000c6f4d284c0fa9a,gx-no-cache=1519850994880 HTTP/1.1" 200 5991
186.103.159.189 - - [28/Feb/2018:16:50:50 -0300] "GET /cormun/static/Shared/jqueryui/images/ui-bg_highlight-soft_100_c6c2c8_1x100.png HTTP/1.1" 404 1117
186.103.159.189 - - [28/Feb/2018:16:50:50 -0300] "GET /cormun/static/Shared/jqueryui/images/ui-icons_82798d_256x240.png HTTP/1.1" 404 1089
186.103.159.189 - - [28/Feb/2018:16:50:50 -0300] "GET /cormun/static/Shared/jqueryui/images/ui-bg_flat_55_fafafa_40x100.png HTTP/1.1" 404 1097
186.103.159.189 - - [28/Feb/2018:16:50:50 -0300] "GET /cormun/static/Shared/jqueryui/images/ui-icons_8d78a5_256x240.png HTTP/1.1" 404 1089
186.103.159.189 - - [28/Feb/2018:16:50:52 -0300] "POST /cormun/servlet/trautorizarsolicitud?0a4d5aabe7ff674000c6f4d284c0fa9a,gx-no-cache=1519850996427 HTTP/1.1" 200 5935
186.67.164.142 - - [28/Feb/2018:16:50:54 -0300] "POST /cormun/servlet/solicitudot?gx-no-cache=1519847406957 HTTP/1.1" 200 33
200.54.247.70 - - [28/Feb/2018:16:50:59 -0300] "GET /cormun/servlet/prfichaempleado?,MD,,gxPopupLevel%3D0%3B HTTP/1.1" 200 9396
200.54.247.70 - - [28/Feb/2018:16:51:00 -0300] "GET /cormun/static/gxcfg.js?20177612134814 HTTP/1.1" 304 -
186.67.164.142 - - [28/Feb/2018:16:51:01 -0300] "POST /cormun/servlet/solicitudot?f6b49f07e28672046d5eed10671be0a2,INS,0,0,,gx-no-cache=1519847413628 HTTP/1.1" 200 93
186.67.164.142 - - [28/Feb/2018:16:51:01 -0300] "GET /cormun/servlet/hpexe_return? HTTP/1.1" 200 1029
186.67.164.142 - - [28/Feb/2018:16:51:02 -0300] "GET /cormun/servlet/trsolicitudot?gx-no-cache=1519846885556 HTTP/1.1" 200 9285
186.103.159.189 - - [28/Feb/2018:16:51:03 -0300] "POST /cormun/servlet/trautorizarsolicitud?0a4d5aabe7ff674000c6f4d284c0fa9a,gx-no-cache=1519851007834 HTTP/1.1" 200 5571
186.67.164.142 - - [28/Feb/2018:16:51:03 -0300] "GET /cormun/servlet/trsolicitudot?gx-no-cache=1519846885556 HTTP/1.1" 200 9302
186.103.159.189 - - [28/Feb/2018:16:51:04 -0300] "POST /cormun/servlet/trautorizarsolicitud?0a4d5aabe7ff674000c6f4d284c0fa9a,gx-no-cache=1519851008910 HTTP/1.1" 200 5515
186.103.159.189 - - [28/Feb/2018:16:51:16 -0300] "POST /cormun/servlet/trautorizarsolicitud?0a4d5aabe7ff674000c6f4d284c0fa9a,gx-no-cache=1519851021532 HTTP/1.1" 200 5979
186.67.164.142 - - [28/Feb/2018:16:51:17 -0300] "POST /cormun/servlet/trsolicitudot?f6b49f07e28672046d5eed10671be0a2,gx-no-cache=1519846885556,gx-no-cache=1519847429651 HTTP/1.1" 200 6048
186.67.164.142 - - [28/Feb/2018:16:51:17 -0300] "GET /cormun/static/Shared/jqueryui/images/ui-bg_highlight-soft_100_c6c2c8_1x100.png HTTP/1.1" 404 1117
186.67.164.142 - - [28/Feb/2018:16:51:17 -0300] "GET /cormun/static/Shared/jqueryui/images/ui-icons_82798d_256x240.png HTTP/1.1" 404 1089
186.67.164.142 - - [28/Feb/2018:16:51:17 -0300] "GET /cormun/static/Shared/jqueryui/images/ui-icons_8d78a5_256x240.png HTTP/1.1" 404 1089
186.67.164.142 - - [28/Feb/2018:16:51:17 -0300] "GET /cormun/static/Shared/jqueryui/images/ui-bg_flat_55_fafafa_40x100.png HTTP/1.1" 404 1097
186.67.164.142 - - [28/Feb/2018:16:51:18 -0300] "POST /cormun/servlet/trsolicitudot?f6b49f07e28672046d5eed10671be0a2,gx-no-cache=1519846885556,gx-no-cache=1519847430535 HTTP/1.1" 200 5991
186.67.164.142 - - [28/Feb/2018:16:51:20 -0300] "POST /cormun/servlet/trsolicitudot?f6b49f07e28672046d5eed10671be0a2,gx-no-cache=1519846885556,gx-no-cache=1519847431765 HTTP/1.1" 200 5727
186.67.164.142 - - [28/Feb/2018:16:51:21 -0300] "POST /cormun/servlet/trsolicitudot?f6b49f07e28672046d5eed10671be0a2,gx-no-cache=1519846885556,gx-no-cache=1519847433427 HTTP/1.1" 200 5671
186.67.164.142 - - [28/Feb/2018:16:51:22 -0300] "POST /cormun/servlet/trsolicitudot?f6b49f07e28672046d5eed10671be0a2,gx-no-cache=1519846885556,gx-no-cache=1519847434788 HTTP/1.1" 200 4493
186.67.164.142 - - [28/Feb/2018:16:51:23 -0300] "POST /cormun/servlet/trsolicitudot?f6b49f07e28672046d5eed10671be0a2,gx-no-cache=1519846885556,gx-no-cache=1519847435695 HTTP/1.1" 200 4271
200.54.247.70 - - [28/Feb/2018:16:51:25 -0300] "POST /cormun/servlet/prfichaempleado?92d9c43bb6fc84e84865a1bb20853d46,,MD,,gxPopupLevel%3D0%3B,gx-no-cache=1519847437243 HTTP/1.1" 200 3415
186.103.159.189 - - [28/Feb/2018:16:51:33 -0300] "POST /cormun/servlet/trautorizarsolicitud?0a4d5aabe7ff674000c6f4d284c0fa9a,gx-no-cache=1519851037907 HTTP/1.1" 200 5537
186.103.159.189 - - [28/Feb/2018:16:51:39 -0300] "POST /cormun/servlet/trautorizarsolicitud?0a4d5aabe7ff674000c6f4d284c0fa9a,gx-no-cache=1519851043517 HTTP/1.1" 200 13911
186.67.164.142 - - [28/Feb/2018:16:51:41 -0300] "GET /cormun/servlet/trautorizarsolicitud? HTTP/1.1" 200 9354
186.67.164.142 - - [28/Feb/2018:16:51:42 -0300] "GET /cormun/servlet/trautorizarsolicitud? HTTP/1.1" 200 9354
186.67.164.142 - - [28/Feb/2018:16:51:46 -0300] "POST /cormun/servlet/trautorizarsolicitud?eac13c31f6b39b5f8e0c590ae7b0e6b8,,gx-no-cache=1519847538259 HTTP/1.1" 200 6163
186.67.164.142 - - [28/Feb/2018:16:51:46 -0300] "GET /cormun/static/Shared/jqueryui/images/ui-bg_highlight-soft_100_c6c2c8_1x100.png HTTP/1.1" 404 1117
186.67.164.142 - - [28/Feb/2018:16:51:46 -0300] "GET /cormun/static/Shared/jqueryui/images/ui-icons_82798d_256x240.png HTTP/1.1" 404 1089
186.67.164.142 - - [28/Feb/2018:16:51:46 -0300] "GET /cormun/static/Shared/jqueryui/images/ui-bg_flat_55_fafafa_40x100.png HTTP/1.1" 404 1097
186.67.164.142 - - [28/Feb/2018:16:51:46 -0300] "GET /cormun/static/Shared/jqueryui/images/ui-icons_8d78a5_256x240.png HTTP/1.1" 404 1089
186.67.164.142 - - [28/Feb/2018:16:51:47 -0300] "POST /cormun/servlet/trautorizarsolicitud?eac13c31f6b39b5f8e0c590ae7b0e6b8,,gx-no-cache=1519847539092 HTTP/1.1" 200 6106
186.67.164.142 - - [28/Feb/2018:16:51:48 -0300] "POST /cormun/servlet/trautorizarsolicitud?eac13c31f6b39b5f8e0c590ae7b0e6b8,,gx-no-cache=1519847540373 HTTP/1.1" 200 5838
186.67.164.142 - - [28/Feb/2018:16:51:50 -0300] "POST /cormun/servlet/trautorizarsolicitud?eac13c31f6b39b5f8e0c590ae7b0e6b8,,gx-no-cache=1519847541150 HTTP/1.1" 200 5783
186.67.164.142 - - [28/Feb/2018:16:51:51 -0300] "POST /cormun/servlet/trautorizarsolicitud?eac13c31f6b39b5f8e0c590ae7b0e6b8,,gx-no-cache=1519847543637 HTTP/1.1" 200 4617
186.67.164.142 - - [28/Feb/2018:16:51:53 -0300] "POST /cormun/servlet/trautorizarsolicitud?eac13c31f6b39b5f8e0c590ae7b0e6b8,,gx-no-cache=1519847464374 HTTP/1.1" 200 4391
186.67.164.142 - - [28/Feb/2018:16:52:07 -0300] "GET /cormun/servlet/trcontratosolicitud? HTTP/1.1" 200 14914
186.67.164.142 - - [28/Feb/2018:16:52:07 -0300] "GET /cormun/static/gxui/gxui-all.css?110300 HTTP/1.1" 200 2179
186.67.164.142 - - [28/Feb/2018:16:52:07 -0300] "GET /cormun/static/gxcfg.js?20177612214014 HTTP/1.1" 200 953
186.67.164.142 - - [28/Feb/2018:16:52:07 -0300] "GET /cormun/static/trcontratosolicitud.js?20177612214349 HTTP/1.1" 200 28237
186.67.164.142 - - [28/Feb/2018:16:52:07 -0300] "GET /cormun/static/Shared/ext/resources/css/ext-all.css?205870 HTTP/1.1" 200 416045
186.67.164.142 - - [28/Feb/2018:16:52:08 -0300] "GET /cormun//static/Resources/PXToolsActionDisabled.gif HTTP/1.1" 200 53
186.67.164.142 - - [28/Feb/2018:16:52:08 -0300] "GET /cormun//static/Resources/PXToolsGridNew.png HTTP/1.1" 200 2949
186.67.164.142 - - [28/Feb/2018:16:52:09 -0300] "GET /cormun/servlet/trcontratosolicitud? HTTP/1.1" 200 14903
200.86.96.247 - - [28/Feb/2018:16:52:40 -0300] "POST /cormun/servlet/solicitudot?gx-no-cache=1519847450631 HTTP/1.1" 200 3293
200.86.96.247 - - [28/Feb/2018:16:52:41 -0300] "POST /cormun/servlet/solicitudot?bf0ed36a20cb61f835718cfdd5278c2c,INS,0,0,,gx-no-cache=1519847454314 HTTP/1.1" 200 10263
200.54.247.70 - - [28/Feb/2018:16:52:43 -0300] "GET /cormun/servlet/prlicenciaspermisos?16491379,L,,MD,,gxPopupLevel%3D0%3B HTTP/1.1" 200 5729
200.54.247.70 - - [28/Feb/2018:16:52:43 -0300] "GET /cormun/static/gxcfg.js?20176272053834 HTTP/1.1" 200 953
200.54.247.70 - - [28/Feb/2018:16:52:43 -0300] "GET /cormun/static/prlicenciaspermisos.js?20176272054050 HTTP/1.1" 200 13379
200.86.96.247 - - [28/Feb/2018:16:52:45 -0300] "GET /cormun/servlet/solicitudot?34678a691a08e42dc82ab5fd1551f6072a7a96acf8ee156266165f5b085a8952670fe9af6ec05da61aace734ace7e127,gx-no-cache=1519847459155 HTTP/1.1" 200 30
200.54.247.70 - - [28/Feb/2018:16:53:01 -0300] "POST /cormun/servlet/solicitudot?gx-no-cache=1519847533492 HTTP/1.1" 200 1337
200.54.247.70 - - [28/Feb/2018:16:53:10 -0300] "POST /cormun/servlet/solicitudot?gx-no-cache=1519847542742 HTTP/1.1" 200 41
200.54.247.70 - - [28/Feb/2018:16:53:10 -0300] "POST /cormun/servlet/solicitudot?gx-no-cache=1519847542847 HTTP/1.1" 200 1321
200.54.247.70 - - [28/Feb/2018:16:53:11 -0300] "POST /cormun/servlet/solicitudot?gx-no-cache=1519847543016 HTTP/1.1" 200 1218
200.54.247.70 - - [28/Feb/2018:16:53:11 -0300] "GET /cormun/static/menuarrow.gif HTTP/1.1" 404 1015
200.54.247.70 - - [28/Feb/2018:16:53:13 -0300] "POST /cormun/servlet/solicitudot?gx-no-cache=1519847545801 HTTP/1.1" 200 1321
200.54.247.70 - - [28/Feb/2018:16:53:13 -0300] "POST /cormun/servlet/solicitudot?gx-no-cache=1519847545978 HTTP/1.1" 200 1218
200.54.247.70 - - [28/Feb/2018:16:53:18 -0300] "GET /cormun/servlet/solicitudot?3c6b42112a6a8ac8598b715a545ce95b65a248d4a02a1fd3841c394f72e72256713fb2d0765e42ce7ef1d946eac1e9d2,gx-no-cache=1519847550799 HTTP/1.1" 200 30
200.54.247.70 - - [28/Feb/2018:16:53:18 -0300] "POST /cormun/servlet/solicitudot?gx-no-cache=1519847550873 HTTP/1.1" 200 34
200.54.247.70 - - [28/Feb/2018:16:54:19 -0300] "POST /cormun/servlet/solicitudot?92d9c43bb6fc84e84865a1bb20853d46,INS,0,0,,gx-no-cache=1519847609671 HTTP/1.1" 200 93
200.54.247.70 - - [28/Feb/2018:16:54:19 -0300] "GET /cormun/servlet/hpexe_return? HTTP/1.1" 200 1012
200.54.247.70 - - [28/Feb/2018:16:54:19 -0300] "GET /cormun/servlet/trsolicitudot HTTP/1.1" 200 8873
200.54.247.70 - - [28/Feb/2018:16:54:24 -0300] "POST /cormun/servlet/trsolicitudot?92d9c43bb6fc84e84865a1bb20853d46,gx-no-cache=1519847616682 HTTP/1.1" 200 107
200.54.247.70 - - [28/Feb/2018:16:54:25 -0300] "GET /cormun/servlet/trsolicitudadjuntos?2018,9753, HTTP/1.1" 200 6332
200.54.247.70 - - [28/Feb/2018:16:54:25 -0300] "GET /cormun/static/gxcfg.js?20177612135366 HTTP/1.1" 200 953
200.54.247.70 - - [28/Feb/2018:16:54:25 -0300] "GET /cormun/static/trsolicitudadjuntos.js?20177612135632 HTTP/1.1" 304 -
200.54.247.70 - - [28/Feb/2018:16:54:38 -0300] "GET /cormun/servlet/solicitudotadjuntos?INS,2018,9753,,1, HTTP/1.1" 200 6275
200.54.247.70 - - [28/Feb/2018:16:54:38 -0300] "GET /cormun/static/gxcfg.js?2017761244068 HTTP/1.1" 200 953
200.54.247.70 - - [28/Feb/2018:16:54:38 -0300] "GET /cormun/static/solicitudotadjuntos.js?2017761244086 HTTP/1.1" 304 -
200.54.247.70 - - [28/Feb/2018:16:54:38 -0300] "HEAD /cormun/static/about:blank HTTP/1.1" 404 -
200.54.247.70 - - [28/Feb/2018:16:54:39 -0300] "GET /cormun/servlet/solicitudotadjuntos?3c6b42112a6a8ac8598b715a545ce95b5b5acc3d1749c36bb1225b5b2b10612b37ad871715e20b2c1883dd07c94e130c,gx-no-cache=1519847631187 HTTP/1.1" 200 30
200.54.247.70 - - [28/Feb/2018:16:54:39 -0300] "POST /cormun/servlet/solicitudotadjuntos?92d9c43bb6fc84e84865a1bb20853d46,INS,2018,9753,,1,,gx-no-cache=1519847631253 HTTP/1.1" 200 3983
200.54.247.70 - - [28/Feb/2018:16:54:42 -0300] "POST /cormun/servlet/solicitudotadjuntos?gx-no-cache=1519847634445 HTTP/1.1" 200 26
200.86.171.207 - - [28/Feb/2018:16:55:39 -0300] "GET /cormun/servlet/trautorizarsolicitud? HTTP/1.1" 200 7439
200.86.171.207 - - [28/Feb/2018:16:55:45 -0300] "GET /cormun/servlet/trautorizarsolicitud? HTTP/1.1" 200 7439
200.86.96.247 - - [28/Feb/2018:16:56:32 -0300] "GET /cormun/servlet/prbanco?,MD,,gxPopupLevel%3D0%3B HTTP/1.1" 200 6577
200.86.96.247 - - [28/Feb/2018:16:56:32 -0300] "GET /cormun/static/gxcfg.js?20181161016094 HTTP/1.1" 200 953
200.86.96.247 - - [28/Feb/2018:16:56:32 -0300] "GET /cormun/static/prbanco.js?2018116101633 HTTP/1.1" 304 -
200.86.96.247 - - [28/Feb/2018:16:56:38 -0300] "GET /cormun/servlet/solicitudot?34678a691a08e42dc82ab5fd1551f607772eb1cd8868cdf3181b88ca66a87825,gx-no-cache=1519847692248 HTTP/1.1" 200 94
200.86.96.247 - - [28/Feb/2018:16:56:38 -0300] "GET /cormun/static/Shared/jqueryui/images/ui-bg_highlight-soft_100_c6c2c8_1x100.png HTTP/1.1" 404 1117
200.86.96.247 - - [28/Feb/2018:16:56:38 -0300] "GET /cormun/static/Shared/jqueryui/images/ui-icons_82798d_256x240.png HTTP/1.1" 404 1089
200.86.96.247 - - [28/Feb/2018:16:56:38 -0300] "GET /cormun/static/Shared/jqueryui/images/ui-icons_ebccce_256x240.png HTTP/1.1" 404 1089
200.86.96.247 - - [28/Feb/2018:16:56:38 -0300] "GET /cormun/static/Shared/jqueryui/images/ui-bg_flat_55_994d53_40x100.png HTTP/1.1" 404 1097
200.54.247.70 - - [28/Feb/2018:16:56:39 -0300] "GET /cormun/servlet/solicitudotadjuntos?3c6b42112a6a8ac8598b715a545ce95b33e22ff65c3cd950d265f7223c3eb9b9,gx-no-cache=1519847751602 HTTP/1.1" 200 30
200.54.247.70 - - [28/Feb/2018:16:56:39 -0300] "GET /cormun/servlet/solicitudotadjuntos?3c6b42112a6a8ac8598b715a545ce95b33e22ff65c3cd950d265f7223c3eb9b9,gx-no-cache=1519847751688 HTTP/1.1" 200 30
200.54.247.70 - - [28/Feb/2018:16:56:41 -0300] "POST /cormun/servlet/solicitudotadjuntos?92d9c43bb6fc84e84865a1bb20853d46,INS,2018,9753,,1, HTTP/1.1" 200 116
200.54.247.70 - - [28/Feb/2018:16:56:41 -0300] "GET /cormun/servlet/hpexe_return? HTTP/1.1" 200 1030
200.86.96.247 - - [28/Feb/2018:16:56:41 -0300] "GET /cormun/servlet/solicitudot?34678a691a08e42dc82ab5fd1551f607178ea91d06b824e1e008786b4595b9a4,gx-no-cache=1519847694674 HTTP/1.1" 200 53
200.54.247.70 - - [28/Feb/2018:16:56:41 -0300] "GET /cormun/servlet/trsolicitudadjuntos?2018,9753, HTTP/1.1" 200 8708
200.54.247.70 - - [28/Feb/2018:16:56:45 -0300] "GET /cormun/servlet/solicitudotadjuntos?INS,2018,9753,,1, HTTP/1.1" 200 6276
200.54.247.70 - - [28/Feb/2018:16:56:45 -0300] "HEAD /cormun/static/about:blank HTTP/1.1" 404 -
200.54.247.70 - - [28/Feb/2018:16:56:46 -0300] "GET /cormun/servlet/solicitudotadjuntos?3c6b42112a6a8ac8598b715a545ce95b5b5acc3d1749c36bb1225b5b2b10612b37ad871715e20b2c1883dd07c94e130c,gx-no-cache=1519847758338 HTTP/1.1" 200 30
200.54.247.70 - - [28/Feb/2018:16:56:46 -0300] "POST /cormun/servlet/solicitudotadjuntos?92d9c43bb6fc84e84865a1bb20853d46,INS,2018,9753,,1,,gx-no-cache=1519847758379 HTTP/1.1" 200 3985
186.67.164.142 - - [28/Feb/2018:16:56:49 -0300] "GET /cormun/servlet/trfichaempleado? HTTP/1.1" 200 14855
200.54.247.70 - - [28/Feb/2018:16:56:50 -0300] "POST /cormun/servlet/solicitudotadjuntos?gx-no-cache=1519847762272 HTTP/1.1" 200 26
200.86.96.247 - - [28/Feb/2018:16:57:00 -0300] "POST /cormun/servlet/solicitudot?bf0ed36a20cb61f835718cfdd5278c2c,INS,0,0,,gx-no-cache=1519847713609 HTTP/1.1" 200 10447
200.86.96.247 - - [28/Feb/2018:16:57:01 -0300] "GET /cormun/static/Shared/jqueryui/images/ui-icons_8d78a5_256x240.png HTTP/1.1" 404 1089
200.86.96.247 - - [28/Feb/2018:16:57:01 -0300] "GET /cormun/static/Shared/jqueryui/images/ui-bg_flat_55_fafafa_40x100.png HTTP/1.1" 404 1097
200.86.96.247 - - [28/Feb/2018:16:57:04 -0300] "GET /cormun/servlet/solicitudot?34678a691a08e42dc82ab5fd1551f607772eb1cd8868cdf3181b88ca66a87825,gx-no-cache=1519847717647 HTTP/1.1" 200 94
200.86.96.247 - - [28/Feb/2018:16:57:04 -0300] "GET /cormun/servlet/solicitudot?34678a691a08e42dc82ab5fd1551f60704e9a080f12a3a915150aa7b75f5b6bc66b59163a4bc99c0f6dcfbc7d24d193fbfde412a24a9240807d2d919869097eb,gx-no-cache=1519847717767 HTTP/1.1" 200 53
200.86.96.247 - - [28/Feb/2018:16:57:06 -0300] "POST /cormun/servlet/solicitudot?gx-no-cache=1519847719488 HTTP/1.1" 200 255
200.54.247.70 - - [28/Feb/2018:16:57:07 -0300] "GET /cormun/servlet/solicitudotadjuntos?3c6b42112a6a8ac8598b715a545ce95b33e22ff65c3cd950d265f7223c3eb9b9,gx-no-cache=1519847779368 HTTP/1.1" 200 30
200.54.247.70 - - [28/Feb/2018:16:57:07 -0300] "GET /cormun/servlet/solicitudotadjuntos?3c6b42112a6a8ac8598b715a545ce95b33e22ff65c3cd950d265f7223c3eb9b9,gx-no-cache=1519847779427 HTTP/1.1" 200 30
200.54.247.70 - - [28/Feb/2018:16:57:08 -0300] "POST /cormun/servlet/solicitudotadjuntos?92d9c43bb6fc84e84865a1bb20853d46,INS,2018,9753,,1, HTTP/1.1" 200 116
200.54.247.70 - - [28/Feb/2018:16:57:08 -0300] "GET /cormun/servlet/hpexe_return? HTTP/1.1" 200 1030
200.54.247.70 - - [28/Feb/2018:16:57:09 -0300] "GET /cormun/servlet/trsolicitudadjuntos?2018,9753, HTTP/1.1" 200 8940
200.54.247.70 - - [28/Feb/2018:16:57:12 -0300] "GET /cormun/servlet/solicitudotadjuntos?INS,2018,9753,,1, HTTP/1.1" 200 6276
200.54.247.70 - - [28/Feb/2018:16:57:12 -0300] "HEAD /cormun/static/about:blank HTTP/1.1" 404 -
200.54.247.70 - - [28/Feb/2018:16:57:13 -0300] "GET /cormun/servlet/solicitudotadjuntos?3c6b42112a6a8ac8598b715a545ce95b5b5acc3d1749c36bb1225b5b2b10612b37ad871715e20b2c1883dd07c94e130c,gx-no-cache=1519847785794 HTTP/1.1" 200 30
200.54.247.70 - - [28/Feb/2018:16:57:14 -0300] "POST /cormun/servlet/solicitudotadjuntos?92d9c43bb6fc84e84865a1bb20853d46,INS,2018,9753,,1,,gx-no-cache=1519847785874 HTTP/1.1" 200 3985
186.67.164.142 - - [28/Feb/2018:16:57:16 -0300] "GET /cormun/servlet/solicitudotcontratos?INS,2018,0,14332226,2,2,2015,3794,INTEGRACION,201801,36,M, HTTP/1.1" 200 9891
200.86.96.247 - - [28/Feb/2018:16:57:16 -0300] "GET /cormun/servlet/solicitudot?34678a691a08e42dc82ab5fd1551f607bceb4b9bc6757bd9aba3c32ec22c075414048e2d1051d432885d1c7c615e4c8b6c43fe916305f4c493e9e706aad8c6ef2b9965787c0d7fc1ab445c873d565af334e37eb2b6b3e9f963e309435bc379a4059fb6b6b1c9067b80fc7ed325f23c59f487b7b4d157229e952fea1ed1bc8f989b327d02d5479845d76a92ac02856974d2c1a444942ab827f5a29a126d45dcee6ca39507d509bc4f54bd804a995c7c4e104b0533d279366a96f222aa9bece2b88c4d45786e0a1a716f00ea90a6585e2e41e24d360c8f6c5341731e8f23dc14e0077adae8f1458e9373ffbad247d821bb9557a45055485257e61dafb3a71aeb96309f89812e5625b65a9b8195d0b5899417d42d449c2d3050dee3fb5841fbae633517ea9b1029f9d6197e4a308b68e112c537bc3e073876cee877efcabcf83c43942a6795350b7fd65420b6d78b21490d166224e7b454ffae5403aff5b3d3a69de7353e67fafdabb25c69ba15da50cd151b1148f7ee3f202d2fab8b4273af7844,gx-no-cache=1519847725388 HTTP/1.1" 200 30
186.67.164.142 - - [28/Feb/2018:16:57:16 -0300] "GET /cormun/static/gxcfg.js?2018191138350 HTTP/1.1" 200 953
186.67.164.142 - - [28/Feb/2018:16:57:16 -0300] "GET /cormun/static/solicitudotcontratos.js?20181911383611 HTTP/1.1" 200 43152
186.67.164.142 - - [28/Feb/2018:16:57:16 -0300] "GET /cormun/static/Resources/prompt.gif HTTP/1.1" 200 902
186.67.164.142 - - [28/Feb/2018:16:57:18 -0300] "GET /cormun/servlet/solicitudotcontratos?3735d5434f790f92710a132c1369d17d599a8c97460d88d2fe8e74e862eb5c9acffad06b6f32fafa2b50b9ad8afffcfe,gx-no-cache=1519847790357 HTTP/1.1" 200 30
186.67.164.142 - - [28/Feb/2018:16:57:18 -0300] "GET /cormun/servlet/solicitudotcontratos?3735d5434f790f92710a132c1369d17d168a8c5039d8e7a3cb5092982378600d8201f48654437a0eb12fcb5f3746645e,gx-no-cache=1519847790455 HTTP/1.1" 200 30
186.67.164.142 - - [28/Feb/2018:16:57:18 -0300] "GET /cormun/servlet/solicitudotcontratos?3735d5434f790f92710a132c1369d17db52f4e9844471b014a189859f4dce25768818008a82f356d089ac7731ee455336ff42d2049e66dffd769241968e943281701d624d7e226172fc981aed44b8c7df979530359d736eb42cc3e4f455c8b571c0369f6eea316d97f925d0ee829b3625972a5a8604153dbf9a5b2aa9e8d2be1,gx-no-cache=1519847790517 HTTP/1.1" 200 48
200.54.247.70 - - [28/Feb/2018:16:57:18 -0300] "POST /cormun/servlet/solicitudotadjuntos?gx-no-cache=1519847790331 HTTP/1.1" 200 26
186.67.164.142 - - [28/Feb/2018:16:57:18 -0300] "GET /cormun/servlet/solicitudotcontratos?3735d5434f790f92710a132c1369d17d1fedf66afdf0ca205135e54d48bb7a8d7a473fa6dd26731bd3af5b2599677585,gx-no-cache=1519847790578 HTTP/1.1" 200 30
186.67.164.142 - - [28/Feb/2018:16:57:18 -0300] "GET /cormun/servlet/solicitudotcontratos?3735d5434f790f92710a132c1369d17d42a9827f0fde8ee299b077c302dc7b076469e668f4cda3b2cbc03236280689613d72ffd7fd339e300f6baf111dd9d8fb9262bbe9025f5c7c6871dd7112240f79bf10ec91b09cc45a687a81a4f71b7e1542ac48a78ca18e06cce241f8dd34c23f,gx-no-cache=1519847790617 HTTP/1.1" 200 30
186.67.164.142 - - [28/Feb/2018:16:57:18 -0300] "GET /cormun/servlet/solicitudotcontratos?INS,2018,0,14332226,2,2,2015,3794,INTEGRACION,201801,36,M, HTTP/1.1" 200 9923
186.67.164.142 - - [28/Feb/2018:16:57:18 -0300] "GET /cormun/servlet/solicitudotcontratos?3735d5434f790f92710a132c1369d17dd7f9fe9f0e9d2db2306fe8908bd49c2bd4dce45cbfc3dcc1b9fdf3f8cb8e15d8928d4860f5a281172715bfbfff22fb4b49c28a4a7829c9a63fadf84364d8a1cae0091f28209d58f4cb2ce3336107f1a3be58c35c90fad62d67ec023acf3e4b6c9483f45b702e79ec6aa311e3201d12d768c5160e640bc88bd63e3398b68551ef7c22b656b2586b1b613d339ca3f502cb3b3644c9e2b5d90e37b0efe347bb51e99ec44f91fface10e67fd5dc031c0edbaf68cae65bd6fa38b67aaf2f8b74ec89de47e00b33b2f670fe7bb0b3135805a9fca3b157b2ab1edb8d48385e028a18f601967792eeccdd4325e17bfc3f1f511d61cf8b0b26d0f6dfd4f15ced6dc14bbe908774b3b47be331b5d25044c8409bbf260ec0b7b3c07228ef47943c858fa7c61af0f20f08fa365354e67ca5cb4a760a8fd90d084deb6abbcf0dbbbf155c37c296d660434c7ea58e8671de9e2836a9b9e0f117dbed7d0717a6c81bb2ef9e626b808774b3b47be331b5d25044c8409bbf2afa7a9e3bd5594c2a0dff596f1df128b01896a866bb86a891f929ddb0a1b0edd015fe0e1ea0ef2353b5edc91026028b5f1f59e118c8cf1fc6c7ac2c462014e5b,gx-no-cache=1519847790668 HTTP/1.1" 200 83
200.86.96.247 - - [28/Feb/2018:16:57:24 -0300] "POST /cormun/servlet/solicitudot?gx-no-cache=1519847738289 HTTP/1.1" 200 30
200.54.247.70 - - [28/Feb/2018:16:57:27 -0300] "GET /cormun/servlet/solicitudotadjuntos?3c6b42112a6a8ac8598b715a545ce95b33e22ff65c3cd950d265f7223c3eb9b9,gx-no-cache=1519847799355 HTTP/1.1" 200 30
200.54.247.70 - - [28/Feb/2018:16:57:27 -0300] "GET /cormun/servlet/solicitudotadjuntos?3c6b42112a6a8ac8598b715a545ce95b33e22ff65c3cd950d265f7223c3eb9b9,gx-no-cache=1519847799398 HTTP/1.1" 200 30
200.86.96.247 - - [28/Feb/2018:16:57:28 -0300] "POST /cormun/servlet/solicitudot?gx-no-cache=1519847741487 HTTP/1.1" 200 1333
200.86.96.247 - - [28/Feb/2018:16:57:28 -0300] "POST /cormun/servlet/solicitudot?gx-no-cache=1519847741711 HTTP/1.1" 200 38
200.54.247.70 - - [28/Feb/2018:16:57:28 -0300] "POST /cormun/servlet/solicitudotadjuntos?92d9c43bb6fc84e84865a1bb20853d46,INS,2018,9753,,1, HTTP/1.1" 200 116
200.54.247.70 - - [28/Feb/2018:16:57:28 -0300] "GET /cormun/servlet/hpexe_return? HTTP/1.1" 200 1030
186.67.164.142 - - [28/Feb/2018:16:57:29 -0300] "POST /cormun/servlet/solicitudotcontratos?eac13c31f6b39b5f8e0c590ae7b0e6b8,INS,2018,0,14332226,2,2,2015,3794,INTEGRACION,201801,36,M,,gx-no-cache=1519847799956 HTTP/1.1" 200 93
186.67.164.142 - - [28/Feb/2018:16:57:29 -0300] "GET /cormun/servlet/hpexe_return? HTTP/1.1" 200 1051
200.54.247.70 - - [28/Feb/2018:16:57:29 -0300] "GET /cormun/servlet/trsolicitudadjuntos?2018,9753, HTTP/1.1" 200 9107
186.67.164.142 - - [28/Feb/2018:16:57:30 -0300] "GET /cormun/servlet/trcontratosolicitud HTTP/1.1" 200 14902
200.54.247.70 - - [28/Feb/2018:16:57:33 -0300] "GET /cormun/servlet/solicitudotadjuntos?INS,2018,9753,,1, HTTP/1.1" 200 6276
200.54.247.70 - - [28/Feb/2018:16:57:33 -0300] "HEAD /cormun/static/about:blank HTTP/1.1" 404 -
186.67.164.142 - - [28/Feb/2018:16:57:33 -0300] "GET /cormun/servlet/trcontratosolicitud HTTP/1.1" 200 14909
200.54.247.70 - - [28/Feb/2018:16:57:34 -0300] "GET /cormun/servlet/solicitudotadjuntos?3c6b42112a6a8ac8598b715a545ce95b5b5acc3d1749c36bb1225b5b2b10612b37ad871715e20b2c1883dd07c94e130c,gx-no-cache=1519847806671 HTTP/1.1" 200 30
200.54.247.70 - - [28/Feb/2018:16:57:35 -0300] "POST /cormun/servlet/solicitudotadjuntos?92d9c43bb6fc84e84865a1bb20853d46,INS,2018,9753,,1,,gx-no-cache=1519847806721 HTTP/1.1" 200 3985
200.54.247.70 - - [28/Feb/2018:16:57:38 -0300] "POST /cormun/servlet/solicitudotadjuntos?gx-no-cache=1519847810861 HTTP/1.1" 200 26
200.54.247.70 - - [28/Feb/2018:16:57:47 -0300] "GET /cormun/servlet/solicitudotadjuntos?3c6b42112a6a8ac8598b715a545ce95b33e22ff65c3cd950d265f7223c3eb9b9,gx-no-cache=1519847819317 HTTP/1.1" 200 30
200.54.247.70 - - [28/Feb/2018:16:57:47 -0300] "GET /cormun/servlet/solicitudotadjuntos?3c6b42112a6a8ac8598b715a545ce95b33e22ff65c3cd950d265f7223c3eb9b9,gx-no-cache=1519847819374 HTTP/1.1" 200 30
200.54.247.70 - - [28/Feb/2018:16:57:47 -0300] "POST /cormun/servlet/solicitudotadjuntos?92d9c43bb6fc84e84865a1bb20853d46,INS,2018,9753,,1, HTTP/1.1" 200 116
200.54.247.70 - - [28/Feb/2018:16:57:47 -0300] "GET /cormun/servlet/hpexe_return? HTTP/1.1" 200 1030
200.54.247.70 - - [28/Feb/2018:16:57:48 -0300] "GET /cormun/servlet/trsolicitudadjuntos?2018,9753, HTTP/1.1" 200 9339
200.54.247.70 - - [28/Feb/2018:16:57:56 -0300] "GET /cormun/servlet/solicitudotadjuntos?INS,2018,9753,,1, HTTP/1.1" 200 6276
200.54.247.70 - - [28/Feb/2018:16:57:56 -0300] "HEAD /cormun/static/about:blank HTTP/1.1" 404 -
200.54.247.70 - - [28/Feb/2018:16:57:57 -0300] "GET /cormun/servlet/solicitudotadjuntos?3c6b42112a6a8ac8598b715a545ce95b5b5acc3d1749c36bb1225b5b2b10612b37ad871715e20b2c1883dd07c94e130c,gx-no-cache=1519847829876 HTTP/1.1" 200 30
200.54.247.70 - - [28/Feb/2018:16:57:58 -0300] "POST /cormun/servlet/solicitudotadjuntos?92d9c43bb6fc84e84865a1bb20853d46,INS,2018,9753,,1,,gx-no-cache=1519847829938 HTTP/1.1" 200 3985
200.54.247.70 - - [28/Feb/2018:16:58:01 -0300] "POST /cormun/servlet/solicitudotadjuntos?gx-no-cache=1519847833957 HTTP/1.1" 200 26
200.54.247.70 - - [28/Feb/2018:16:58:06 -0300] "GET /cormun/servlet/solicitudotadjuntos?3c6b42112a6a8ac8598b715a545ce95b33e22ff65c3cd950d265f7223c3eb9b9,gx-no-cache=1519847838365 HTTP/1.1" 200 30
200.54.247.70 - - [28/Feb/2018:16:58:06 -0300] "GET /cormun/servlet/solicitudotadjuntos?3c6b42112a6a8ac8598b715a545ce95b33e22ff65c3cd950d265f7223c3eb9b9,gx-no-cache=1519847838390 HTTP/1.1" 200 30
200.54.247.70 - - [28/Feb/2018:16:58:07 -0300] "POST /cormun/servlet/solicitudotadjuntos?92d9c43bb6fc84e84865a1bb20853d46,INS,2018,9753,,1, HTTP/1.1" 200 116
200.54.247.70 - - [28/Feb/2018:16:58:07 -0300] "GET /cormun/servlet/hpexe_return? HTTP/1.1" 200 1030
200.54.247.70 - - [28/Feb/2018:16:58:07 -0300] "GET /cormun/servlet/trsolicitudadjuntos?2018,9753, HTTP/1.1" 200 9559
200.54.247.70 - - [28/Feb/2018:16:58:11 -0300] "GET /cormun/servlet/solicitudotadjuntos?INS,2018,9753,,1, HTTP/1.1" 200 6276
200.54.247.70 - - [28/Feb/2018:16:58:11 -0300] "HEAD /cormun/static/about:blank HTTP/1.1" 404 -
200.54.247.70 - - [28/Feb/2018:16:58:12 -0300] "GET /cormun/servlet/solicitudotadjuntos?3c6b42112a6a8ac8598b715a545ce95b5b5acc3d1749c36bb1225b5b2b10612b37ad871715e20b2c1883dd07c94e130c,gx-no-cache=1519847844813 HTTP/1.1" 200 30
200.54.247.70 - - [28/Feb/2018:16:58:13 -0300] "POST /cormun/servlet/solicitudotadjuntos?92d9c43bb6fc84e84865a1bb20853d46,INS,2018,9753,,1,,gx-no-cache=1519847844864 HTTP/1.1" 200 3985
200.54.247.70 - - [28/Feb/2018:16:58:16 -0300] "POST /cormun/servlet/solicitudotadjuntos?gx-no-cache=1519847848738 HTTP/1.1" 200 26
200.54.247.70 - - [28/Feb/2018:16:58:22 -0300] "GET /cormun/servlet/solicitudotadjuntos?3c6b42112a6a8ac8598b715a545ce95b33e22ff65c3cd950d265f7223c3eb9b9,gx-no-cache=1519847854674 HTTP/1.1" 200 30
200.54.247.70 - - [28/Feb/2018:16:58:22 -0300] "GET /cormun/servlet/solicitudotadjuntos?3c6b42112a6a8ac8598b715a545ce95b33e22ff65c3cd950d265f7223c3eb9b9,gx-no-cache=1519847854728 HTTP/1.1" 200 30
200.54.247.70 - - [28/Feb/2018:16:58:23 -0300] "POST /cormun/servlet/solicitudotadjuntos?92d9c43bb6fc84e84865a1bb20853d46,INS,2018,9753,,1, HTTP/1.1" 200 116
200.54.247.70 - - [28/Feb/2018:16:58:23 -0300] "GET /cormun/servlet/hpexe_return? HTTP/1.1" 200 1030
200.54.247.70 - - [28/Feb/2018:16:58:24 -0300] "GET /cormun/servlet/trsolicitudadjuntos?2018,9753, HTTP/1.1" 200 9798
200.86.96.247 - - [28/Feb/2018:16:58:34 -0300] "GET /cormun/servlet/solicitudot?34678a691a08e42dc82ab5fd1551f607814175ff25f6927dc258bfb6c0be7a05e29815f0c535a781bc0600053ef16ccbef9add62175c093e6a0937d5ffded80a36e5d40edda119f9c85d1b9de73047d2b35560e26e3d24276e8fd05180d495329c4ca0698eb351d1377d51141c1d7178,gx-no-cache=1519847807857 HTTP/1.1" 200 29
200.86.96.247 - - [28/Feb/2018:16:58:34 -0300] "POST /cormun/servlet/solicitudot?gx-no-cache=1519847808005 HTTP/1.1" 200 1318
200.86.96.247 - - [28/Feb/2018:16:58:34 -0300] "POST /cormun/servlet/solicitudot?gx-no-cache=1519847808204 HTTP/1.1" 200 1215
200.54.247.70 - - [28/Feb/2018:16:58:45 -0300] "GET /cormun/servlet/trautorizarsolicitud? HTTP/1.1" 200 7354
200.54.247.70 - - [28/Feb/2018:16:58:48 -0300] "GET /cormun/servlet/trsolicitudot? HTTP/1.1" 200 8870
200.86.96.247 - - [28/Feb/2018:16:58:49 -0300] "GET /cormun/static/menuarrow.gif HTTP/1.1" 404 1015
200.54.247.70 - - [28/Feb/2018:16:58:54 -0300] "POST /cormun/servlet/trsolicitudot?92d9c43bb6fc84e84865a1bb20853d46,,gx-no-cache=1519847885645 HTTP/1.1" 200 4722
200.54.247.70 - - [28/Feb/2018:16:58:54 -0300] "POST /cormun/servlet/trsolicitudot?92d9c43bb6fc84e84865a1bb20853d46,,gx-no-cache=1519847886552 HTTP/1.1" 200 4460
200.54.247.70 - - [28/Feb/2018:16:58:55 -0300] "GET /cormun/static/Shared/jqueryui/images/ui-icons_8d78a5_256x240.png HTTP/1.1" 404 1089
200.54.247.70 - - [28/Feb/2018:16:58:55 -0300] "GET /cormun/static/Shared/jqueryui/images/ui-icons_82798d_256x240.png HTTP/1.1" 404 1089
200.54.247.70 - - [28/Feb/2018:16:58:55 -0300] "GET /cormun/static/Shared/jqueryui/images/ui-bg_flat_55_fafafa_40x100.png HTTP/1.1" 404 1097
200.54.247.70 - - [28/Feb/2018:16:58:55 -0300] "GET /cormun/static/Shared/jqueryui/images/ui-bg_highlight-soft_100_c6c2c8_1x100.png HTTP/1.1" 404 1117
200.86.96.247 - - [28/Feb/2018:16:58:58 -0300] "GET /cormun/servlet/solicitudot?34678a691a08e42dc82ab5fd1551f6075eb5c99287f27f69acfcfdcdaaba7e5e5ce9524ba5eae445e3585cd7c66f959c,gx-no-cache=1519847831880 HTTP/1.1" 200 30
200.54.247.70 - - [28/Feb/2018:16:59:00 -0300] "GET /cormun/servlet/trautorizarsolicitud? HTTP/1.1" 200 8767
200.54.247.70 - - [28/Feb/2018:16:59:05 -0300] "POST /cormun/servlet/trautorizarsolicitud?92d9c43bb6fc84e84865a1bb20853d46,,gx-no-cache=1519847897275 HTTP/1.1" 200 4653
200.54.247.70 - - [28/Feb/2018:16:59:06 -0300] "POST /cormun/servlet/trautorizarsolicitud?92d9c43bb6fc84e84865a1bb20853d46,,gx-no-cache=1519847898110 HTTP/1.1" 200 4391
200.54.247.70 - - [28/Feb/2018:16:59:06 -0300] "GET /cormun/static/Shared/jqueryui/images/ui-icons_82798d_256x240.png HTTP/1.1" 404 1089
200.54.247.70 - - [28/Feb/2018:16:59:06 -0300] "GET /cormun/static/Shared/jqueryui/images/ui-bg_highlight-soft_100_c6c2c8_1x100.png HTTP/1.1" 404 1117
200.54.247.70 - - [28/Feb/2018:16:59:06 -0300] "GET /cormun/static/Shared/jqueryui/images/ui-bg_flat_55_fafafa_40x100.png HTTP/1.1" 404 1097
200.54.247.70 - - [28/Feb/2018:16:59:06 -0300] "GET /cormun/static/Shared/jqueryui/images/ui-icons_8d78a5_256x240.png HTTP/1.1" 404 1089
200.86.96.247 - - [28/Feb/2018:16:59:11 -0300] "POST /cormun/servlet/solicitudot?gx-no-cache=1519847844596 HTTP/1.1" 200 30
200.86.96.247 - - [28/Feb/2018:17:00:13 -0300] "GET /cormun/servlet/solicitudot?34678a691a08e42dc82ab5fd1551f60768adbb0b4a5dfa58be52fbed8a0af38175a02da7bda211fde3a5578b095f5c6b9378fe2c0d4160c25ce939ef66f03213,gx-no-cache=1519847907198 HTTP/1.1" 200 30
200.86.96.247 - - [28/Feb/2018:17:00:14 -0300] "GET /cormun/servlet/solicitudot?34678a691a08e42dc82ab5fd1551f607bceb4b9bc6757bd9aba3c32ec22c075414048e2d1051d432885d1c7c615e4c8b6c43fe916305f4c493e9e706aad8c6ef2b9965787c0d7fc1ab445c873d565af334e37eb2b6b3e9f963e309435bc379a4059fb6b6b1c9067b80fc7ed325f23c59f487b7b4d157229e952fea1ed1bc8f989b327d02d5479845d76a92ac02856974d2c1a444942ab827f5a29a126d45dcee6ca39507d509bc4f54bd804a995c7c4e104b0533d279366a96f222aa9bece2b88c4d45786e0a1a716f00ea90a6585e2e41e24d360c8f6c5341731e8f23dc14e0077adae8f1458e9373ffbad247d821bb9557a45055485257e61dafb3a71aeb96309f89812e5625b65a9b8195d0b5899417d42d449c2d3050dee3fb5841fbae633517ea9b1029f9d6197e4a308b68e112c537bc3e073876cee877efcabcf83c43942a6795350b7fd65420b6d78b21490d166224e7b454ffae5403aff5b3d3a69de7353e67fafdabb25c69ba15da50cd15bc2504917c953e5a5e439d65c2a14349,gx-no-cache=1519847907446 HTTP/1.1" 200 30
200.86.96.247 - - [28/Feb/2018:17:00:14 -0300] "POST /cormun/servlet/solicitudot?gx-no-cache=1519847907553 HTTP/1.1" 200 30
200.86.96.247 - - [28/Feb/2018:17:00:14 -0300] "POST /cormun/servlet/solicitudot?gx-no-cache=1519847907695 HTTP/1.1" 200 1334
200.86.96.247 - - [28/Feb/2018:17:00:14 -0300] "POST /cormun/servlet/solicitudot?gx-no-cache=1519847907994 HTTP/1.1" 200 41
200.86.96.247 - - [28/Feb/2018:17:00:14 -0300] "POST /cormun/servlet/solicitudot?gx-no-cache=1519847908121 HTTP/1.1" 200 1319
200.86.96.247 - - [28/Feb/2018:17:00:15 -0300] "POST /cormun/servlet/solicitudot?gx-no-cache=1519847908344 HTTP/1.1" 200 1217
200.86.96.247 - - [28/Feb/2018:17:00:15 -0300] "GET /cormun/servlet/solicitudot?34678a691a08e42dc82ab5fd1551f6075eb5c99287f27f69acfcfdcdaaba7e5e5ce9524ba5eae445e3585cd7c66f959c,gx-no-cache=1519847909025 HTTP/1.1" 200 30
200.86.96.247 - - [28/Feb/2018:17:00:15 -0300] "POST /cormun/servlet/solicitudot?gx-no-cache=1519847909121 HTTP/1.1" 200 30
200.86.96.247 - - [28/Feb/2018:17:00:17 -0300] "POST /cormun/servlet/solicitudot?bf0ed36a20cb61f835718cfdd5278c2c,INS,0,0,,gx-no-cache=1519847909228 HTTP/1.1" 200 93
200.86.96.247 - - [28/Feb/2018:17:00:17 -0300] "GET /cormun/servlet/hpexe_return? HTTP/1.1" 200 1012
200.86.96.247 - - [28/Feb/2018:17:00:18 -0300] "GET /cormun/servlet/trsolicitudot HTTP/1.1" 200 9935
200.86.96.247 - - [28/Feb/2018:17:00:19 -0300] "GET /cormun/servlet/trsolicitudot HTTP/1.1" 200 9931
200.86.96.247 - - [28/Feb/2018:17:00:33 -0300] "POST /cormun/servlet/trsolicitudot?bf0ed36a20cb61f835718cfdd5278c2c,gx-no-cache=1519847926120 HTTP/1.1" 200 7338
200.86.96.247 - - [28/Feb/2018:17:00:33 -0300] "GET /cormun/static/Shared/jqueryui/images/ui-bg_highlight-soft_100_c6c2c8_1x100.png HTTP/1.1" 404 1117
200.86.96.247 - - [28/Feb/2018:17:00:33 -0300] "GET /cormun/static/Shared/jqueryui/images/ui-icons_82798d_256x240.png HTTP/1.1" 404 1089
200.86.96.247 - - [28/Feb/2018:17:00:33 -0300] "GET /cormun/static/Shared/jqueryui/images/ui-bg_flat_55_fafafa_40x100.png HTTP/1.1" 404 1097
200.86.96.247 - - [28/Feb/2018:17:00:33 -0300] "GET /cormun/static/Shared/jqueryui/images/ui-icons_8d78a5_256x240.png HTTP/1.1" 404 1089
200.86.96.247 - - [28/Feb/2018:17:00:57 -0300] "POST /cormun/servlet/trsolicitudot?bf0ed36a20cb61f835718cfdd5278c2c,gx-no-cache=1519847950780 HTTP/1.1" 200 107
200.86.96.247 - - [28/Feb/2018:17:00:58 -0300] "GET /cormun/servlet/trsolicitudadjuntos?2018,9754, HTTP/1.1" 200 6047
200.86.96.247 - - [28/Feb/2018:17:00:58 -0300] "GET /cormun/static/gxcfg.js?20177612135366 HTTP/1.1" 200 953
200.86.96.247 - - [28/Feb/2018:17:00:59 -0300] "GET /cormun/servlet/trsolicitudadjuntos?2018,9754, HTTP/1.1" 200 6047
200.86.96.247 - - [28/Feb/2018:17:01:05 -0300] "GET /cormun/servlet/solicitudotadjuntos?INS,2018,9754,,1, HTTP/1.1" 200 5991
200.86.96.247 - - [28/Feb/2018:17:01:05 -0300] "GET /cormun/static/gxcfg.js?2017761244068 HTTP/1.1" 200 953
200.86.96.247 - - [28/Feb/2018:17:01:05 -0300] "GET /cormun/static/about:blank HTTP/1.1" 404 1011
200.86.96.247 - - [28/Feb/2018:17:01:06 -0300] "GET /cormun/servlet/solicitudotadjuntos?INS,2018,9754,,1, HTTP/1.1" 200 5984
200.86.96.247 - - [28/Feb/2018:17:01:06 -0300] "GET /cormun/servlet/solicitudotadjuntos?34678a691a08e42dc82ab5fd1551f6071bc90a61297c5f0084709d388f1626d48fbe26fc21439afedb42a70fd814f697,gx-no-cache=1519847960027 HTTP/1.1" 200 30
200.86.96.247 - - [28/Feb/2018:17:01:07 -0300] "POST /cormun/servlet/solicitudotadjuntos?bf0ed36a20cb61f835718cfdd5278c2c,INS,2018,9754,,1,,gx-no-cache=1519847960142 HTTP/1.1" 200 3824
200.86.96.247 - - [28/Feb/2018:17:02:00 -0300] "POST /cormun/servlet/solicitudotadjuntos?gx-no-cache=1519848014350 HTTP/1.1" 200 26
200.86.96.247 - - [28/Feb/2018:17:02:37 -0300] "GET /cormun/servlet/solicitudotadjuntos?34678a691a08e42dc82ab5fd1551f60704fa40c783ffe319a8763c115023a648,gx-no-cache=1519848050871 HTTP/1.1" 200 30
200.86.96.247 - - [28/Feb/2018:17:02:37 -0300] "GET /cormun/servlet/solicitudotadjuntos?34678a691a08e42dc82ab5fd1551f60704fa40c783ffe319a8763c115023a648,gx-no-cache=1519848051013 HTTP/1.1" 200 30
200.86.96.247 - - [28/Feb/2018:17:02:38 -0300] "POST /cormun/servlet/solicitudotadjuntos?bf0ed36a20cb61f835718cfdd5278c2c,INS,2018,9754,,1, HTTP/1.1" 200 116
200.86.96.247 - - [28/Feb/2018:17:02:39 -0300] "GET /cormun/servlet/hpexe_return? HTTP/1.1" 200 1030
200.86.96.247 - - [28/Feb/2018:17:02:39 -0300] "GET /cormun/servlet/trsolicitudadjuntos?2018,9754, HTTP/1.1" 200 8376
200.86.96.247 - - [28/Feb/2018:17:02:40 -0300] "GET /cormun/servlet/trsolicitudadjuntos?2018,9754, HTTP/1.1" 200 8374
200.86.96.247 - - [28/Feb/2018:17:02:45 -0300] "GET /cormun/servlet/solicitudotadjuntos?INS,2018,9754,,2, HTTP/1.1" 200 5989
200.86.96.247 - - [28/Feb/2018:17:02:46 -0300] "GET /cormun/static/about:blank HTTP/1.1" 404 1011
200.86.96.247 - - [28/Feb/2018:17:02:46 -0300] "GET /cormun/servlet/solicitudotadjuntos?INS,2018,9754,,2, HTTP/1.1" 200 5982
200.86.96.247 - - [28/Feb/2018:17:02:46 -0300] "GET /cormun/servlet/solicitudotadjuntos?34678a691a08e42dc82ab5fd1551f6071bc90a61297c5f0084709d388f1626d48fbe26fc21439afedb42a70fd814f697,gx-no-cache=1519848060113 HTTP/1.1" 200 30
200.86.96.247 - - [28/Feb/2018:17:02:47 -0300] "POST /cormun/servlet/solicitudotadjuntos?bf0ed36a20cb61f835718cfdd5278c2c,INS,2018,9754,,2,,gx-no-cache=1519848060228 HTTP/1.1" 200 3963
200.86.96.247 - - [28/Feb/2018:17:02:52 -0300] "POST /cormun/servlet/solicitudotadjuntos?gx-no-cache=1519848064774 HTTP/1.1" 200 26
200.86.96.247 - - [28/Feb/2018:17:03:05 -0300] "GET /cormun/servlet/solicitudotadjuntos?34678a691a08e42dc82ab5fd1551f60704fa40c783ffe319a8763c115023a648,gx-no-cache=1519848079013 HTTP/1.1" 200 30
