181.201.188.197 - - [28/Feb/2018:15:25:41 -0300] "POST /cormun/servlet/solicitudot?gx-no-cache=1519842333925 HTTP/1.1" 200 30
181.201.188.197 - - [28/Feb/2018:15:26:33 -0300] "POST /cormun/servlet/solicitudot?6768d371c2554ae9f2a8d7ebce62491d,INS,0,0,,gx-no-cache=1519842382696 HTTP/1.1" 200 93
181.201.188.197 - - [28/Feb/2018:15:26:33 -0300] "GET /cormun/servlet/hpexe_return? HTTP/1.1" 200 1005
181.201.188.197 - - [28/Feb/2018:15:26:35 -0300] "GET /cormun/servlet/trsolicitudot HTTP/1.1" 200 21795
181.201.188.197 - - [28/Feb/2018:15:26:37 -0300] "GET /cormun/servlet/trsolicitudot HTTP/1.1" 200 21790
190.161.236.41 - - [28/Feb/2018:15:27:09 -0300] "POST /cormun/servlet/solicitudot?gx-no-cache=1519842380932 HTTP/1.1" 200 3295
190.161.236.41 - - [28/Feb/2018:15:27:10 -0300] "POST /cormun/servlet/solicitudot?332a1a4bd194a980d6a37e106bbe9c32,INS,0,0,,gx-no-cache=1519842382012 HTTP/1.1" 200 10450
190.161.236.41 - - [28/Feb/2018:15:27:13 -0300] "GET /cormun/servlet/solicitudot?9685b07fee08eda831ac00682471c5cc535d517bd5cab475fada15b2722e142c16679ac4bdf0b76df1d5413d9061cf3a,gx-no-cache=1519842385827 HTTP/1.1" 200 30
181.201.188.197 - - [28/Feb/2018:15:27:48 -0300] "POST /cormun/servlet/trsolicitudot?6768d371c2554ae9f2a8d7ebce62491d,gx-no-cache=1519842454271 HTTP/1.1" 200 106
181.201.188.197 - - [28/Feb/2018:15:27:49 -0300] "GET /cormun/servlet/solicitudot?UPD,2018,9675, HTTP/1.1" 200 15564
181.201.188.197 - - [28/Feb/2018:15:27:50 -0300] "GET /cormun/servlet/solicitudot?UPD,2018,9675, HTTP/1.1" 200 15573
181.201.188.197 - - [28/Feb/2018:15:27:51 -0300] "POST /cormun/servlet/solicitudot?gx-no-cache=1519842463838 HTTP/1.1" 200 3426
181.201.188.197 - - [28/Feb/2018:15:28:01 -0300] "POST /cormun/servlet/solicitudot?6768d371c2554ae9f2a8d7ebce62491d,UPD,2018,9675,,gx-no-cache=1519842464831 HTTP/1.1" 200 11715
181.201.188.197 - - [28/Feb/2018:15:28:01 -0300] "GET /cormun/servlet/solicitudot?5faf8b0c8d27b25c7fe737cdef91f73470bb5afa8faea8eb155d0c6121af4b63519846cb82c8ab5f276834c52886ad4b,gx-no-cache=1519842474919 HTTP/1.1" 200 30
181.201.188.197 - - [28/Feb/2018:15:28:01 -0300] "GET /cormun/servlet/solicitudot?5faf8b0c8d27b25c7fe737cdef91f734b823eda60e3455cf2f79b83bea41ac8c0d44bed9df832d6f6679cf12d727a2726f37046a6e5a4d6277e1d410cb66d7c9,gx-no-cache=1519842475072 HTTP/1.1" 200 30
181.201.188.197 - - [28/Feb/2018:15:28:01 -0300] "GET /cormun/servlet/solicitudot?5faf8b0c8d27b25c7fe737cdef91f734e9725ff5c1d7ae778860b5945f4e3bd8423b9c334f775022471fd09a4fe2ed2b0a354f92849ca1c69bdf1d9c0aa85b1f,gx-no-cache=1519842475222 HTTP/1.1" 200 53
181.201.188.197 - - [28/Feb/2018:15:28:02 -0300] "POST /cormun/servlet/solicitudot?gx-no-cache=1519842475495 HTTP/1.1" 200 257
181.201.188.197 - - [28/Feb/2018:15:28:03 -0300] "GET /cormun/servlet/solicitudot?5faf8b0c8d27b25c7fe737cdef91f734966528388b3c1276eed716c3de2af51b66f6d5cf51e50bf1b903c6675b720379e44cf3d9e5a61948b40ec8710b4dcbd2f0e7c8cc219ae28c6b2481e2ee96e744b6186fdacdac7027915c481d64e3a0185940cbbf67ae24d6f27f27f235002776cb417a261d61c876e7630afd4d3cc4c2d306ec042e58b5adc4a6a750aa8f82218034a9cdfe7d2da7762ab8cdd2cb51c5755b1d9c5797831882ee6dd27bbf47427c8f8a61c41c428f60114726551c3db5f9b582046f097ca65b2e18af98c5cd1fa65a405a4528aeaa775c78b050da3cb7802246e52aeef717cf9d08f93cee23279fcecd0d2191b9fd52098e9b5daa765d9cd2c594e077bb40e347963ea2101a5957eb2ca5e188fe5b03cc2c94c6c8279985d6baddc04d9c9036f9db3f18e670b36d59d3cbd61f38ad8f7a591647d7584bfdaa7dbdde5adca59479b2751735c064ae51c68f3a841f9f9967947fa3312c41bcab3e4e317697574a41fe5ea0b611d11b96b99cb6952eda4bbfbc5bf24cb921,gx-no-cache=1519842476627 HTTP/1.1" 200 30
181.201.188.197 - - [28/Feb/2018:15:28:04 -0300] "POST /cormun/servlet/solicitudot?gx-no-cache=1519842477412 HTTP/1.1" 200 30
181.201.188.197 - - [28/Feb/2018:15:28:04 -0300] "POST /cormun/servlet/solicitudot?gx-no-cache=1519842477606 HTTP/1.1" 200 1337
181.201.188.197 - - [28/Feb/2018:15:28:06 -0300] "POST /cormun/servlet/solicitudot?gx-no-cache=1519842477969 HTTP/1.1" 200 41
181.201.188.197 - - [28/Feb/2018:15:28:07 -0300] "GET /cormun/servlet/solicitudot?5faf8b0c8d27b25c7fe737cdef91f7346bac49f16705cc144b06a197655d8e434a458f7323a21e4e4a1c3e8ba2a1fa74e7fcd8f7def6ee5613e290821659befe3a35578864c43c45a1d7f7b02edc737b6873ff6572151ff560c0e2f214231661746d72f835e5c5a17ffef2da60df2f72,gx-no-cache=1519842481047 HTTP/1.1" 200 29
181.201.188.197 - - [28/Feb/2018:15:28:08 -0300] "POST /cormun/servlet/solicitudot?gx-no-cache=1519842481391 HTTP/1.1" 200 1319
181.201.188.197 - - [28/Feb/2018:15:28:11 -0300] "POST /cormun/servlet/solicitudot?gx-no-cache=1519842483394 HTTP/1.1" 200 1218
181.201.188.197 - - [28/Feb/2018:15:28:11 -0300] "GET /cormun/servlet/solicitudot?5faf8b0c8d27b25c7fe737cdef91f734017b657f36aa71ee73001cca2b453d6cfead7b71998b49e7c87cdc214b4eb05b,gx-no-cache=1519842484752 HTTP/1.1" 200 30
181.201.188.197 - - [28/Feb/2018:15:28:11 -0300] "POST /cormun/servlet/solicitudot?gx-no-cache=1519842485011 HTTP/1.1" 200 30
181.201.188.197 - - [28/Feb/2018:15:28:33 -0300] "POST /cormun/servlet/solicitudot?6768d371c2554ae9f2a8d7ebce62491d,UPD,2018,9675,,gx-no-cache=1519842502901 HTTP/1.1" 200 93
181.201.188.197 - - [28/Feb/2018:15:28:33 -0300] "GET /cormun/servlet/hpexe_return? HTTP/1.1" 200 1012
181.201.188.197 - - [28/Feb/2018:15:28:35 -0300] "GET /cormun/servlet/trsolicitudot HTTP/1.1" 200 21795
181.201.188.197 - - [28/Feb/2018:15:28:39 -0300] "GET /cormun/servlet/trsolicitudot HTTP/1.1" 200 21790
181.201.188.197 - - [28/Feb/2018:15:30:15 -0300] "GET /cormun/servlet/trcontratosolicitud? HTTP/1.1" 200 14803
181.201.188.197 - - [28/Feb/2018:15:30:19 -0300] "GET /cormun/servlet/trcontratosolicitud? HTTP/1.1" 200 14788
181.201.188.197 - - [28/Feb/2018:15:30:36 -0300] "POST /cormun/servlet/trcontratosolicitud?6768d371c2554ae9f2a8d7ebce62491d,,gx-no-cache=1519842620286 HTTP/1.1" 200 12144
181.201.188.197 - - [28/Feb/2018:15:31:03 -0300] "POST /cormun/servlet/trcontratosolicitud?6768d371c2554ae9f2a8d7ebce62491d,,gx-no-cache=1519842651532 HTTP/1.1" 200 12393
181.201.188.197 - - [28/Feb/2018:15:31:39 -0300] "GET /cormun/servlet/trcontratounov2? HTTP/1.1" 200 17503
181.201.188.197 - - [28/Feb/2018:15:31:39 -0300] "GET /cormun/static/gxcfg.js?201752512124396 HTTP/1.1" 200 953
181.201.188.197 - - [28/Feb/2018:15:31:39 -0300] "GET /cormun/static/Resources/PXToolsAddSelectedAction.png HTTP/1.1" 200 3660
181.201.188.197 - - [28/Feb/2018:15:31:39 -0300] "GET /cormun/static/trcontratounov2.js?201752512125146 HTTP/1.1" 200 38486
181.201.188.197 - - [28/Feb/2018:15:31:41 -0300] "GET /cormun/servlet/trcontratounov2? HTTP/1.1" 200 17503
181.201.188.197 - - [28/Feb/2018:15:32:34 -0300] "POST /cormun/servlet/trcontratounov2?6768d371c2554ae9f2a8d7ebce62491d,,gx-no-cache=1519842731802 HTTP/1.1" 200 16807
181.201.188.197 - - [28/Feb/2018:15:34:35 -0300] "POST /cormun/servlet/trcontratounov2?6768d371c2554ae9f2a8d7ebce62491d,,gx-no-cache=1519842842671 HTTP/1.1" 500 10
190.161.236.41 - - [28/Feb/2018:15:35:18 -0300] "GET /cormun/static/Resources/resize.gif HTTP/1.1" 200 77
186.103.159.188 - - [28/Feb/2018:15:35:18 -0300] "GET /cormun/servlet/prbanco?,MD,,gxPopupLevel%3D0%3B HTTP/1.1" 200 6564
186.103.159.188 - - [28/Feb/2018:15:35:18 -0300] "GET /cormun/static/gxcfg.js?20181161016094 HTTP/1.1" 200 953
190.161.236.41 - - [28/Feb/2018:15:35:18 -0300] "GET /cormun/static/prbanco.js?2018116101633 HTTP/1.1" 200 10693
186.103.159.188 - - [28/Feb/2018:15:35:19 -0300] "GET /cormun/static/menusearch.js?201610171694467 HTTP/1.1" 200 1424
186.103.159.188 - - [28/Feb/2018:15:35:19 -0300] "GET /cormun/static/hmpwkw011.js?20177612121862 HTTP/1.1" 200 1968
186.103.159.188 - - [28/Feb/2018:15:35:19 -0300] "GET /cormun/static/Resources/PXToolsMenuSearch.png HTTP/1.1" 200 2914
190.161.236.41 - - [28/Feb/2018:15:35:19 -0300] "GET /cormun/static/Resources/PXToolsMenuSearchCancel.png HTTP/1.1" 200 2972
190.161.236.41 - - [28/Feb/2018:15:35:23 -0300] "GET /cormun/servlet/solicitudot?9685b07fee08eda831ac00682471c5ccb8f24ae4544fb5d228cd1c150c87210a0a18a93c9a55c7d16a2a76c6f6990820a127e58b1329d12077dcd3c673209ab1,gx-no-cache=1519842875867 HTTP/1.1" 200 30
190.161.236.41 - - [28/Feb/2018:15:35:24 -0300] "GET /cormun/servlet/solicitudot?9685b07fee08eda831ac00682471c5ccf9263a723754282dea8c2e2ed37cbce1,gx-no-cache=1519842877177 HTTP/1.1" 200 53
181.201.188.197 - - [28/Feb/2018:15:35:31 -0300] "GET /cormun/servlet/hlogin HTTP/1.1" 200 1722
181.201.188.197 - - [28/Feb/2018:15:35:55 -0300] "POST /cormun/servlet/hlogin?6768d371c2554ae9f2a8d7ebce62491d,gx-no-cache=1519842937005 HTTP/1.1" 200 90
181.201.188.197 - - [28/Feb/2018:15:35:55 -0300] "GET /cormun/servlet/hpexe_link HTTP/1.1" 200 956
181.201.188.197 - - [28/Feb/2018:15:35:59 -0300] "GET /cormun/servlet/trcontratounov2? HTTP/1.1" 200 17362
181.201.188.197 - - [28/Feb/2018:15:36:01 -0300] "GET /cormun/servlet/trcontratounov2? HTTP/1.1" 200 17312
186.103.159.188 - - [28/Feb/2018:15:36:02 -0300] "POST /cormun/servlet/solicitudot?332a1a4bd194a980d6a37e106bbe9c32,INS,0,0,,gx-no-cache=1519842913427 HTTP/1.1" 200 10642
186.103.159.188 - - [28/Feb/2018:15:36:02 -0300] "GET /cormun/static/Shared/jqueryui/images/ui-bg_flat_55_fafafa_40x100.png HTTP/1.1" 404 1097
186.103.159.188 - - [28/Feb/2018:15:36:02 -0300] "GET /cormun/static/Shared/jqueryui/images/ui-icons_8d78a5_256x240.png HTTP/1.1" 404 1089
186.103.159.188 - - [28/Feb/2018:15:36:04 -0300] "GET /cormun/servlet/solicitudot?9685b07fee08eda831ac00682471c5cc8b3dbea06c9029a0030d78de02936a8e3bb5b2d9e1b8716df0ef5b08dce65233687be24e562acdea468b9333a9cd0a33,gx-no-cache=1519842917413 HTTP/1.1" 200 53
186.103.159.188 - - [28/Feb/2018:15:36:04 -0300] "POST /cormun/servlet/solicitudot?gx-no-cache=1519842917502 HTTP/1.1" 200 297
186.103.159.188 - - [28/Feb/2018:15:36:04 -0300] "GET /cormun/servlet/solicitudot?9685b07fee08eda831ac00682471c5cc0bd47ce179ed0b7ddd061981f88ba7e719fca19d70754b13cdca1acb0b5aad329746834f7e342be3474af958a19d358d9726879e6e8d89923eee58ab0391ba85f944aaba5c9a2682ec1a3db330a19e7ff9200cd33f1c86fab78a8e1d11e90445cd4815f605c35cac5bb784f7d1d7eaea15b55d0ed9c4f848b64dc3e468324e09aa806689dd253de5aea973fa7e00f3f54ba494134a1aab2d1f8e2dee6b6bddfe0eecf4ae2f01a68724b844c1bc44d44913333cfe192322511da21e60af723837adcd8ff03ae235e7dfc137e2af7e009a34f6fc80d74e5c38a157747d71c47c891f6c60f206c89dea51cbf7d0cd4c459a0ae4b0f49b6735b7eb76e6a863bcdc7e140a7d67b4d47544b10fbcc639c2f714bc36312f512ec8397126074c35b8dc48f6e7e6c7d7250495f6daec9dd45753681a192861607d759bb1a7d6413fb789e33f51827adc0e7b2b941e7e042c0889e33f5cd429d881f183db3a6da6466298f94857711ea7b8d428eeac2e8bea77ebf9a127e58b1329d12077dcd3c673209ab1,gx-no-cache=1519842917596 HTTP/1.1" 200 30
186.103.159.188 - - [28/Feb/2018:15:36:09 -0300] "POST /cormun/servlet/solicitudot?gx-no-cache=1519842922185 HTTP/1.1" 200 30
186.103.159.188 - - [28/Feb/2018:15:36:12 -0300] "POST /cormun/servlet/solicitudot?gx-no-cache=1519842924805 HTTP/1.1" 200 1333
186.103.159.188 - - [28/Feb/2018:15:36:12 -0300] "POST /cormun/servlet/solicitudot?gx-no-cache=1519842925425 HTTP/1.1" 200 38
186.103.159.46 - - [28/Feb/2018:15:37:02 -0300] "GET /cormun/servlet/hlogin HTTP/1.1" 200 1720
186.103.159.46 - - [28/Feb/2018:15:37:02 -0300] "GET /cormun/static/gxtimezone.js?85251 HTTP/1.1" 304 -
186.103.159.46 - - [28/Feb/2018:15:37:02 -0300] "GET /cormun/static/gxcfg.js?20175251213516 HTTP/1.1" 304 -
186.103.159.46 - - [28/Feb/2018:15:37:02 -0300] "GET /cormun/static/messages.spa.js?85251 HTTP/1.1" 304 -
186.103.159.46 - - [28/Feb/2018:15:37:03 -0300] "GET /cormun/servlet/hlogin HTTP/1.1" 200 1724
186.103.159.46 - - [28/Feb/2018:15:37:44 -0300] "POST /cormun/servlet/hlogin?fc397af8e441de40f03ce24c79a9e63d,gx-no-cache=1519843016506 HTTP/1.1" 200 90
186.103.159.46 - - [28/Feb/2018:15:37:45 -0300] "GET /cormun/servlet/hpexe_link HTTP/1.1" 200 946
186.103.159.188 - - [28/Feb/2018:15:37:45 -0300] "GET /cormun/servlet/solicitudot?9685b07fee08eda831ac00682471c5cc6e461ff109283df5d1c60e9a0e06994fe4f859beecef7358132a7dfafbfab799a923d7b891d8c9787a56b7459cc95417b334445b9006040b812eaf8d92773527b10951efd5f5300487147a181c63cbd67db6c9a1d31eb543ae652b3884d34775,gx-no-cache=1519843017929 HTTP/1.1" 200 29
186.103.159.46 - - [28/Feb/2018:15:37:45 -0300] "GET /cormun/static/gxcfg.js?20177612121792 HTTP/1.1" 304 -
186.103.159.46 - - [28/Feb/2018:15:37:46 -0300] "GET /cormun/servlet/hhome HTTP/1.1" 200 3947
186.103.159.188 - - [28/Feb/2018:15:37:46 -0300] "POST /cormun/servlet/solicitudot?gx-no-cache=1519843018084 HTTP/1.1" 200 1319
186.103.159.188 - - [28/Feb/2018:15:37:47 -0300] "POST /cormun/servlet/solicitudot?gx-no-cache=1519843019432 HTTP/1.1" 200 1215
186.103.159.46 - - [28/Feb/2018:15:37:48 -0300] "GET /cormun/static/gxcfg.js?20175251212442 HTTP/1.1" 304 -
186.103.159.46 - - [28/Feb/2018:15:37:49 -0300] "GET /cormun/servlet/hhome HTTP/1.1" 200 3943
186.103.159.188 - - [28/Feb/2018:15:37:59 -0300] "GET /cormun/servlet/solicitudot?9685b07fee08eda831ac00682471c5ccc708a61556b495bcad6b5fde54d6a22c0d8d4a9c61320a85946c848682795cb8,gx-no-cache=1519843032202 HTTP/1.1" 200 30
186.103.159.188 - - [28/Feb/2018:15:38:06 -0300] "POST /cormun/servlet/solicitudot?gx-no-cache=1519843038891 HTTP/1.1" 200 30
186.103.159.188 - - [28/Feb/2018:15:38:07 -0300] "POST /cormun/servlet/solicitudot?332a1a4bd194a980d6a37e106bbe9c32,INS,0,0,,gx-no-cache=1519843039000 HTTP/1.1" 200 93
186.103.159.188 - - [28/Feb/2018:15:38:07 -0300] "GET /cormun/servlet/hpexe_return? HTTP/1.1" 200 1005
186.103.159.188 - - [28/Feb/2018:15:38:07 -0300] "GET /cormun/static/gxcfg.js?2016101716175148 HTTP/1.1" 200 953
190.161.236.41 - - [28/Feb/2018:15:38:07 -0300] "GET /cormun/static/hpexe_return.js?2016101716175153 HTTP/1.1" 200 1633
186.103.159.188 - - [28/Feb/2018:15:38:07 -0300] "GET /cormun/static/Resources/Spanish/PXTools.css?167811 HTTP/1.1" 200 89042
186.103.159.188 - - [28/Feb/2018:15:38:08 -0300] "GET /cormun/servlet/trsolicitudot HTTP/1.1" 200 8706
190.161.236.41 - - [28/Feb/2018:15:38:09 -0300] "GET /cormun//static/Resources/PXToolsActionView.png HTTP/1.1" 200 2995
186.103.159.188 - - [28/Feb/2018:15:38:09 -0300] "GET /cormun//static/Resources/PXToolsRemoveAllAction.png HTTP/1.1" 200 3558
190.161.236.41 - - [28/Feb/2018:15:38:09 -0300] "GET /cormun//static/Resources/PXTools/ActionInsert.png HTTP/1.1" 200 1482
190.161.236.41 - - [28/Feb/2018:15:38:09 -0300] "GET /cormun//static/Resources/PXToolsGridDelete.png HTTP/1.1" 200 357
186.103.159.188 - - [28/Feb/2018:15:38:09 -0300] "GET /cormun//static/Resources/PXToolsGridUpdate.png HTTP/1.1" 200 2984
186.103.159.188 - - [28/Feb/2018:15:38:09 -0300] "GET /cormun/servlet/trsolicitudot HTTP/1.1" 200 8704
186.103.159.46 - - [28/Feb/2018:15:38:17 -0300] "GET /cormun/servlet/trsolicitudot? HTTP/1.1" 200 7163
186.103.159.46 - - [28/Feb/2018:15:38:17 -0300] "GET /cormun/static/gxui/gxui-all.css?120300 HTTP/1.1" 200 2179
186.103.159.46 - - [28/Feb/2018:15:38:17 -0300] "GET /cormun/static/gxcfg.js?2017111422585916 HTTP/1.1" 200 953
186.103.159.46 - - [28/Feb/2018:15:38:17 -0300] "GET /cormun/static/calendar.js?85251 HTTP/1.1" 304 -
186.103.159.46 - - [28/Feb/2018:15:38:17 -0300] "GET /cormun/static/calendar-setup.js?85251 HTTP/1.1" 304 -
186.103.159.46 - - [28/Feb/2018:15:38:17 -0300] "GET /cormun/static/calendar-es.js?85251 HTTP/1.1" 304 -
186.103.159.46 - - [28/Feb/2018:15:38:17 -0300] "GET /cormun/static/calendar-system.css?85620 HTTP/1.1" 200 5572
186.103.159.46 - - [28/Feb/2018:15:38:17 -0300] "GET /cormun/static/Resources/Spanish/PXTools.css?1255365 HTTP/1.1" 200 89042
186.103.159.46 - - [28/Feb/2018:15:38:17 -0300] "GET /cormun/static/Shared/ext/resources/css/ext-all.css?215870 HTTP/1.1" 200 416045
186.103.159.46 - - [28/Feb/2018:15:38:17 -0300] "GET /cormun/static/gxdec.js?85251 HTTP/1.1" 304 -
186.103.159.46 - - [28/Feb/2018:15:38:17 -0300] "GET /cormun/static/trsolicitudot.js?201711142259839 HTTP/1.1" 200 54041
186.103.159.46 - - [28/Feb/2018:15:38:18 -0300] "GET /cormun/servlet/trsolicitudot? HTTP/1.1" 200 7162
181.201.188.197 - - [28/Feb/2018:15:38:22 -0300] "GET /cormun/servlet/trsolicitudot? HTTP/1.1" 200 21791
186.103.159.46 - - [28/Feb/2018:15:38:24 -0300] "GET /cormun/servlet/trcontratoobservacion? HTTP/1.1" 200 6888
181.201.188.197 - - [28/Feb/2018:15:38:24 -0300] "GET /cormun/servlet/trsolicitudot? HTTP/1.1" 200 21790
186.103.159.46 - - [28/Feb/2018:15:38:24 -0300] "GET /cormun/static/gxcfg.js?2017525126861 HTTP/1.1" 200 953
186.103.159.46 - - [28/Feb/2018:15:38:24 -0300] "GET /cormun/static/trcontratoobservacion.js?20175251261223 HTTP/1.1" 200 25148
186.103.159.46 - - [28/Feb/2018:15:38:26 -0300] "GET /cormun/servlet/trcontratoobservacion? HTTP/1.1" 200 6888
186.103.159.46 - - [28/Feb/2018:15:38:45 -0300] "GET /cormun/servlet/trsolicitudot? HTTP/1.1" 200 7162
186.103.159.46 - - [28/Feb/2018:15:38:46 -0300] "GET /cormun/servlet/trsolicitudot? HTTP/1.1" 200 7162
181.201.188.197 - - [28/Feb/2018:15:38:52 -0300] "GET /cormun/servlet/solicitudot?INS,0,0, HTTP/1.1" 200 13786
181.201.188.197 - - [28/Feb/2018:15:38:53 -0300] "GET /cormun/servlet/solicitudot?INS,0,0, HTTP/1.1" 200 13791
186.103.159.46 - - [28/Feb/2018:15:38:57 -0300] "GET /cormun/servlet/hlogin HTTP/1.1" 200 1720
181.201.188.197 - - [28/Feb/2018:15:39:11 -0300] "POST /cormun/servlet/solicitudot?gx-no-cache=1519843142948 HTTP/1.1" 200 3409
181.201.188.197 - - [28/Feb/2018:15:39:14 -0300] "POST /cormun/servlet/solicitudot?6768d371c2554ae9f2a8d7ebce62491d,INS,0,0,,gx-no-cache=1519843145141 HTTP/1.1" 200 10574
181.201.188.197 - - [28/Feb/2018:15:39:22 -0300] "GET /cormun/servlet/solicitudot?5faf8b0c8d27b25c7fe737cdef91f734882683eca07ebddea59665c8ef38eab7d3a031da44145c61dd08fdc816c71cef,gx-no-cache=1519843153775 HTTP/1.1" 200 30
181.201.188.197 - - [28/Feb/2018:15:39:22 -0300] "GET /cormun/servlet/solicitudot?5faf8b0c8d27b25c7fe737cdef91f7340ed95fbcd2cbf560ad09268adcdd213141a82e667f025ec5ee9344042a9bf874d0e78e126c86edf984f6923e9b454c40,gx-no-cache=1519843155841 HTTP/1.1" 200 30
181.201.188.197 - - [28/Feb/2018:15:39:22 -0300] "GET /cormun/servlet/solicitudot?5faf8b0c8d27b25c7fe737cdef91f73464da3aa481c5655549724ebcfc08c1d9,gx-no-cache=1519843155976 HTTP/1.1" 200 53
181.201.188.197 - - [28/Feb/2018:15:39:23 -0300] "POST /cormun/servlet/solicitudot?gx-no-cache=1519843156125 HTTP/1.1" 200 255
181.201.188.197 - - [28/Feb/2018:15:39:24 -0300] "GET /cormun/servlet/solicitudot?5faf8b0c8d27b25c7fe737cdef91f734966528388b3c1276eed716c3de2af51bbba9ca2ea4d43485ee12121589b53c64e44cf3d9e5a61948b40ec8710b4dcbd2f0e7c8cc219ae28c6b2481e2ee96e744b6186fdacdac7027915c481d64e3a0185940cbbf67ae24d6f27f27f235002776cb417a261d61c876e7630afd4d3cc4c2d306ec042e58b5adc4a6a750aa8f82218034a9cdfe7d2da7762ab8cdd2cb51c5755b1d9c5797831882ee6dd27bbf47427c8f8a61c41c428f60114726551c3db5f9b582046f097ca65b2e18af98c5cd1fa65a405a4528aeaa775c78b050da3cb7802246e52aeef717cf9d08f93cee2327425a5270f1387f91c8a602fed7179fd59cd2c594e077bb40e347963ea2101a5963de37d8e5ef1cdd5270b464ae3f941d4dbd85b3fb51d7b97e2b257ad342d495052d81a9c3b001d761a133274c707d54555d9abcf8db2c807303e5c93711b2eab4fc7912825ae5853ed5fe4b32191ef6847aba2468ac1c53fda5d1b29e0f0d4e535f8c0ac79295f0166830d8371c558d,gx-no-cache=1519843157407 HTTP/1.1" 200 30
181.201.188.197 - - [28/Feb/2018:15:39:27 -0300] "POST /cormun/servlet/solicitudot?gx-no-cache=1519843159866 HTTP/1.1" 200 30
181.201.188.197 - - [28/Feb/2018:15:39:38 -0300] "POST /cormun/servlet/solicitudot?gx-no-cache=1519843171176 HTTP/1.1" 200 1337
181.201.188.197 - - [28/Feb/2018:15:39:38 -0300] "POST /cormun/servlet/solicitudot?gx-no-cache=1519843172163 HTTP/1.1" 200 38
186.103.159.188 - - [28/Feb/2018:15:39:45 -0300] "POST /cormun/servlet/trsolicitudot?332a1a4bd194a980d6a37e106bbe9c32,gx-no-cache=1519843137343 HTTP/1.1" 200 6045
186.103.159.188 - - [28/Feb/2018:15:39:45 -0300] "GET /cormun/static/Shared/jqueryui/images/ui-bg_highlight-soft_100_c6c2c8_1x100.png HTTP/1.1" 404 1117
186.103.159.188 - - [28/Feb/2018:15:39:45 -0300] "GET /cormun/static/Shared/jqueryui/images/ui-icons_82798d_256x240.png HTTP/1.1" 404 1089
186.103.159.188 - - [28/Feb/2018:15:39:45 -0300] "GET /cormun/static/Shared/jqueryui/images/ui-bg_flat_55_fafafa_40x100.png HTTP/1.1" 404 1097
190.161.236.41 - - [28/Feb/2018:15:39:45 -0300] "GET /cormun/static/Shared/jqueryui/images/ui-icons_8d78a5_256x240.png HTTP/1.1" 404 1089
181.201.188.197 - - [28/Feb/2018:15:39:48 -0300] "GET /cormun/servlet/solicitudot?5faf8b0c8d27b25c7fe737cdef91f734c2829e0a9d2c66bdd036bb91a8cac9ca60d18579e208dddd5b90aa8e062b97120d3101b35ae2045e0468fb7e1071021eca08b4d0b68730984057f72d2f8dd4a44fb39ce7ff85be0fae574c285be1a412eea4a65f9863ac4ff8622b20ed26c5d41571f2df116b9cfa16b35000a95ce30488e5a0e3daad6f67bcce94b06263f6311838faf96e11d7cec59787d45412910d,gx-no-cache=1519843180468 HTTP/1.1" 200 29
181.201.188.197 - - [28/Feb/2018:15:39:50 -0300] "POST /cormun/servlet/solicitudot?gx-no-cache=1519843181833 HTTP/1.1" 200 1320
181.201.188.197 - - [28/Feb/2018:15:39:51 -0300] "POST /cormun/servlet/solicitudot?gx-no-cache=1519843183719 HTTP/1.1" 200 1218
181.201.188.197 - - [28/Feb/2018:15:39:53 -0300] "GET /cormun/static/menuarrow.gif HTTP/1.1" 404 1015
181.201.188.197 - - [28/Feb/2018:15:39:57 -0300] "POST /cormun/servlet/solicitudot?gx-no-cache=1519843188477 HTTP/1.1" 200 1320
181.201.188.197 - - [28/Feb/2018:15:39:58 -0300] "POST /cormun/servlet/solicitudot?gx-no-cache=1519843190706 HTTP/1.1" 200 1218
190.161.236.41 - - [28/Feb/2018:15:39:59 -0300] "POST /cormun/servlet/trsolicitudot?332a1a4bd194a980d6a37e106bbe9c32,gx-no-cache=1519843151660 HTTP/1.1" 200 107
190.161.236.41 - - [28/Feb/2018:15:40:00 -0300] "GET /cormun/servlet/trsolicitudadjuntos?2018,9744, HTTP/1.1" 200 6235
186.103.159.188 - - [28/Feb/2018:15:40:00 -0300] "GET /cormun/static/gxui/gxui-all.css?110300 HTTP/1.1" 200 2179
186.103.159.188 - - [28/Feb/2018:15:40:00 -0300] "GET /cormun/static/gxcfg.js?20177612135366 HTTP/1.1" 200 953
186.103.159.188 - - [28/Feb/2018:15:40:00 -0300] "GET /cormun/static/calendar-system.css?75620 HTTP/1.1" 200 5572
186.103.159.188 - - [28/Feb/2018:15:40:00 -0300] "GET /cormun/static/trsolicitudadjuntos.js?20177612135632 HTTP/1.1" 200 17922
190.161.236.41 - - [28/Feb/2018:15:40:01 -0300] "GET /cormun/static/Shared/ext/resources/css/ext-all.css?205870 HTTP/1.1" 200 416045
181.201.188.197 - - [28/Feb/2018:15:40:01 -0300] "GET /cormun/servlet/solicitudot?5faf8b0c8d27b25c7fe737cdef91f734017b657f36aa71ee73001cca2b453d6cfead7b71998b49e7c87cdc214b4eb05b,gx-no-cache=1519843194709 HTTP/1.1" 200 30
190.161.236.41 - - [28/Feb/2018:15:40:02 -0300] "GET /cormun/servlet/trsolicitudadjuntos?2018,9744, HTTP/1.1" 200 6235
190.161.236.41 - - [28/Feb/2018:15:40:04 -0300] "GET /cormun/servlet/solicitudotadjuntos?INS,2018,9744,,1, HTTP/1.1" 200 6182
190.161.236.41 - - [28/Feb/2018:15:40:04 -0300] "GET /cormun/static/gxcfg.js?2017761244068 HTTP/1.1" 200 953
186.103.159.188 - - [28/Feb/2018:15:40:05 -0300] "GET /cormun/static/solicitudotadjuntos.js?2017761244086 HTTP/1.1" 200 11771
190.161.236.41 - - [28/Feb/2018:15:40:05 -0300] "GET /cormun/static/about:blank HTTP/1.1" 404 1011
186.103.159.188 - - [28/Feb/2018:15:40:05 -0300] "GET /cormun/servlet/solicitudotadjuntos?9685b07fee08eda831ac00682471c5cc451e432de460ddfadcc9eaebe7e01ee39623dad22e32803cf283d8cc90104306,gx-no-cache=1519843158516 HTTP/1.1" 200 30
190.161.236.41 - - [28/Feb/2018:15:40:05 -0300] "GET /cormun/servlet/solicitudotadjuntos?INS,2018,9744,,1, HTTP/1.1" 200 6175
186.103.159.188 - - [28/Feb/2018:15:40:06 -0300] "POST /cormun/servlet/solicitudotadjuntos?332a1a4bd194a980d6a37e106bbe9c32,INS,2018,9744,,1,,gx-no-cache=1519843158605 HTTP/1.1" 200 3987
181.201.188.197 - - [28/Feb/2018:15:40:12 -0300] "POST /cormun/servlet/solicitudot?gx-no-cache=1519843204929 HTTP/1.1" 200 30
186.103.159.188 - - [28/Feb/2018:15:40:17 -0300] "POST /cormun/servlet/solicitudotadjuntos?gx-no-cache=1519843170061 HTTP/1.1" 200 26
186.103.159.188 - - [28/Feb/2018:15:40:30 -0300] "GET /cormun/servlet/solicitudotadjuntos?9685b07fee08eda831ac00682471c5cc34123985647f667ba624400d6c34b8ec,gx-no-cache=1519843182921 HTTP/1.1" 200 30
186.103.159.188 - - [28/Feb/2018:15:40:31 -0300] "GET /cormun/servlet/solicitudotadjuntos?9685b07fee08eda831ac00682471c5cc34123985647f667ba624400d6c34b8ec,gx-no-cache=1519843182989 HTTP/1.1" 200 30
186.103.159.188 - - [28/Feb/2018:15:40:41 -0300] "POST /cormun/servlet/solicitudotadjuntos?332a1a4bd194a980d6a37e106bbe9c32,INS,2018,9744,,1, HTTP/1.1" 200 116
186.103.159.188 - - [28/Feb/2018:15:40:41 -0300] "GET /cormun/servlet/hpexe_return? HTTP/1.1" 200 1024
186.103.159.188 - - [28/Feb/2018:15:40:42 -0300] "GET /cormun/servlet/trsolicitudadjuntos?2018,9744, HTTP/1.1" 200 8580
186.103.159.188 - - [28/Feb/2018:15:40:42 -0300] "GET /cormun/servlet/trsolicitudadjuntos?2018,9744, HTTP/1.1" 200 8576
186.103.159.188 - - [28/Feb/2018:15:40:46 -0300] "GET /cormun/servlet/solicitudotadjuntos?INS,2018,9744,,1, HTTP/1.1" 200 6182
186.103.159.188 - - [28/Feb/2018:15:40:46 -0300] "GET /cormun/static/about:blank HTTP/1.1" 404 1011
186.103.159.188 - - [28/Feb/2018:15:40:47 -0300] "GET /cormun/servlet/solicitudotadjuntos?INS,2018,9744,,1, HTTP/1.1" 200 6175
186.103.159.188 - - [28/Feb/2018:15:40:47 -0300] "GET /cormun/servlet/solicitudotadjuntos?9685b07fee08eda831ac00682471c5cc451e432de460ddfadcc9eaebe7e01ee39623dad22e32803cf283d8cc90104306,gx-no-cache=1519843200146 HTTP/1.1" 200 30
186.103.159.188 - - [28/Feb/2018:15:40:48 -0300] "POST /cormun/servlet/solicitudotadjuntos?332a1a4bd194a980d6a37e106bbe9c32,INS,2018,9744,,1,,gx-no-cache=1519843200561 HTTP/1.1" 200 3986
186.103.159.188 - - [28/Feb/2018:15:40:51 -0300] "POST /cormun/servlet/solicitudotadjuntos?gx-no-cache=1519843203722 HTTP/1.1" 200 26
186.103.159.188 - - [28/Feb/2018:15:40:55 -0300] "GET /cormun/servlet/solicitudotadjuntos?9685b07fee08eda831ac00682471c5cc34123985647f667ba624400d6c34b8ec,gx-no-cache=1519843208329 HTTP/1.1" 200 30
186.103.159.188 - - [28/Feb/2018:15:40:55 -0300] "GET /cormun/servlet/solicitudotadjuntos?9685b07fee08eda831ac00682471c5cc34123985647f667ba624400d6c34b8ec,gx-no-cache=1519843208400 HTTP/1.1" 200 30
181.201.188.197 - - [28/Feb/2018:15:41:01 -0300] "POST /cormun/servlet/solicitudot?6768d371c2554ae9f2a8d7ebce62491d,INS,0,0,,gx-no-cache=1519843231727 HTTP/1.1" 200 93
186.103.159.188 - - [28/Feb/2018:15:41:02 -0300] "POST /cormun/servlet/solicitudotadjuntos?332a1a4bd194a980d6a37e106bbe9c32,INS,2018,9744,,1, HTTP/1.1" 200 116
186.103.159.188 - - [28/Feb/2018:15:41:02 -0300] "GET /cormun/servlet/hpexe_return? HTTP/1.1" 200 1024
186.103.159.188 - - [28/Feb/2018:15:41:04 -0300] "GET /cormun/servlet/trsolicitudadjuntos?2018,9744, HTTP/1.1" 200 8778
181.201.188.197 - - [28/Feb/2018:15:41:04 -0300] "GET /cormun/servlet/hpexe_return? HTTP/1.1" 200 1005
186.103.159.188 - - [28/Feb/2018:15:41:04 -0300] "GET /cormun/servlet/trsolicitudadjuntos?2018,9744, HTTP/1.1" 200 8777
181.201.188.197 - - [28/Feb/2018:15:41:10 -0300] "GET /cormun/servlet/trsolicitudot HTTP/1.1" 200 22150
186.103.159.188 - - [28/Feb/2018:15:41:10 -0300] "GET /cormun/servlet/solicitudotadjuntos?INS,2018,9744,,1, HTTP/1.1" 200 6182
186.103.159.188 - - [28/Feb/2018:15:41:10 -0300] "GET /cormun/static/about:blank HTTP/1.1" 404 1011
186.103.159.188 - - [28/Feb/2018:15:41:10 -0300] "GET /cormun/servlet/solicitudotadjuntos?INS,2018,9744,,1, HTTP/1.1" 200 6175
186.103.159.188 - - [28/Feb/2018:15:41:11 -0300] "GET /cormun/servlet/solicitudotadjuntos?9685b07fee08eda831ac00682471c5cc451e432de460ddfadcc9eaebe7e01ee39623dad22e32803cf283d8cc90104306,gx-no-cache=1519843223692 HTTP/1.1" 200 30
186.103.159.188 - - [28/Feb/2018:15:41:12 -0300] "POST /cormun/servlet/solicitudotadjuntos?332a1a4bd194a980d6a37e106bbe9c32,INS,2018,9744,,1,,gx-no-cache=1519843224062 HTTP/1.1" 200 3986
181.201.188.197 - - [28/Feb/2018:15:41:12 -0300] "GET /cormun/servlet/trsolicitudot HTTP/1.1" 200 22145
186.103.159.188 - - [28/Feb/2018:15:41:17 -0300] "POST /cormun/servlet/solicitudotadjuntos?gx-no-cache=1519843229745 HTTP/1.1" 200 26
186.103.159.188 - - [28/Feb/2018:15:41:22 -0300] "GET /cormun/servlet/solicitudotadjuntos?9685b07fee08eda831ac00682471c5cc34123985647f667ba624400d6c34b8ec,gx-no-cache=1519843235449 HTTP/1.1" 200 30
186.103.159.188 - - [28/Feb/2018:15:41:22 -0300] "GET /cormun/servlet/solicitudotadjuntos?9685b07fee08eda831ac00682471c5cc34123985647f667ba624400d6c34b8ec,gx-no-cache=1519843235518 HTTP/1.1" 200 30
186.103.159.188 - - [28/Feb/2018:15:41:27 -0300] "POST /cormun/servlet/solicitudotadjuntos?332a1a4bd194a980d6a37e106bbe9c32,INS,2018,9744,,1, HTTP/1.1" 200 116
186.103.159.188 - - [28/Feb/2018:15:41:27 -0300] "GET /cormun/servlet/hpexe_return? HTTP/1.1" 200 1024
186.103.159.188 - - [28/Feb/2018:15:41:28 -0300] "GET /cormun/servlet/trsolicitudadjuntos?2018,9744, HTTP/1.1" 200 8941
186.103.159.188 - - [28/Feb/2018:15:41:29 -0300] "GET /cormun/servlet/trsolicitudadjuntos?2018,9744, HTTP/1.1" 200 8940
186.103.159.188 - - [28/Feb/2018:15:41:31 -0300] "GET /cormun/servlet/solicitudotadjuntos?INS,2018,9744,,1, HTTP/1.1" 200 6182
186.103.159.188 - - [28/Feb/2018:15:41:31 -0300] "GET /cormun/static/about:blank HTTP/1.1" 404 1011
186.103.159.188 - - [28/Feb/2018:15:41:32 -0300] "GET /cormun/servlet/solicitudotadjuntos?INS,2018,9744,,1, HTTP/1.1" 200 6175
186.103.159.188 - - [28/Feb/2018:15:41:32 -0300] "GET /cormun/servlet/solicitudotadjuntos?9685b07fee08eda831ac00682471c5cc451e432de460ddfadcc9eaebe7e01ee39623dad22e32803cf283d8cc90104306,gx-no-cache=1519843245188 HTTP/1.1" 200 30
186.103.159.188 - - [28/Feb/2018:15:41:33 -0300] "POST /cormun/servlet/solicitudotadjuntos?332a1a4bd194a980d6a37e106bbe9c32,INS,2018,9744,,1,,gx-no-cache=1519843245290 HTTP/1.1" 200 3986
181.201.188.197 - - [28/Feb/2018:15:41:35 -0300] "GET /cormun/servlet/solicitudot?INS,0,0, HTTP/1.1" 200 13785
186.103.159.188 - - [28/Feb/2018:15:41:35 -0300] "POST /cormun/servlet/solicitudotadjuntos?gx-no-cache=1519843248584 HTTP/1.1" 200 26
181.201.188.197 - - [28/Feb/2018:15:41:36 -0300] "GET /cormun/servlet/solicitudot?INS,0,0, HTTP/1.1" 200 13790
186.103.159.188 - - [28/Feb/2018:15:41:40 -0300] "GET /cormun/servlet/solicitudotadjuntos?9685b07fee08eda831ac00682471c5cc34123985647f667ba624400d6c34b8ec,gx-no-cache=1519843253537 HTTP/1.1" 200 30
186.103.159.188 - - [28/Feb/2018:15:41:40 -0300] "GET /cormun/servlet/solicitudotadjuntos?9685b07fee08eda831ac00682471c5cc34123985647f667ba624400d6c34b8ec,gx-no-cache=1519843253586 HTTP/1.1" 200 30
186.103.159.188 - - [28/Feb/2018:15:41:43 -0300] "POST /cormun/servlet/solicitudotadjuntos?332a1a4bd194a980d6a37e106bbe9c32,INS,2018,9744,,1, HTTP/1.1" 200 116
186.103.159.188 - - [28/Feb/2018:15:41:44 -0300] "GET /cormun/servlet/hpexe_return? HTTP/1.1" 200 1024
186.103.159.188 - - [28/Feb/2018:15:41:44 -0300] "GET /cormun/servlet/trsolicitudadjuntos?2018,9744, HTTP/1.1" 200 9129
186.103.159.188 - - [28/Feb/2018:15:41:46 -0300] "GET /cormun/servlet/trsolicitudadjuntos?2018,9744, HTTP/1.1" 200 9126
186.103.159.188 - - [28/Feb/2018:15:41:50 -0300] "GET /cormun/servlet/solicitudotadjuntos?INS,2018,9744,,1, HTTP/1.1" 200 6182
186.103.159.188 - - [28/Feb/2018:15:41:50 -0300] "GET /cormun/static/about:blank HTTP/1.1" 404 1011
186.103.159.188 - - [28/Feb/2018:15:41:50 -0300] "GET /cormun/servlet/solicitudotadjuntos?INS,2018,9744,,1, HTTP/1.1" 200 6175
186.103.159.188 - - [28/Feb/2018:15:41:51 -0300] "GET /cormun/servlet/solicitudotadjuntos?9685b07fee08eda831ac00682471c5cc451e432de460ddfadcc9eaebe7e01ee39623dad22e32803cf283d8cc90104306,gx-no-cache=1519843263775 HTTP/1.1" 200 30
186.103.159.188 - - [28/Feb/2018:15:41:51 -0300] "POST /cormun/servlet/solicitudotadjuntos?332a1a4bd194a980d6a37e106bbe9c32,INS,2018,9744,,1,,gx-no-cache=1519843263848 HTTP/1.1" 200 3987
186.103.159.188 - - [28/Feb/2018:15:41:53 -0300] "POST /cormun/servlet/solicitudotadjuntos?gx-no-cache=1519843266704 HTTP/1.1" 200 26
181.201.188.197 - - [28/Feb/2018:15:41:55 -0300] "POST /cormun/servlet/solicitudot?gx-no-cache=1519843307453 HTTP/1.1" 200 3408
181.201.188.197 - - [28/Feb/2018:15:41:57 -0300] "POST /cormun/servlet/solicitudot?6768d371c2554ae9f2a8d7ebce62491d,INS,0,0,,gx-no-cache=1519843309509 HTTP/1.1" 200 10558
186.103.159.188 - - [28/Feb/2018:15:41:58 -0300] "GET /cormun/servlet/solicitudotadjuntos?9685b07fee08eda831ac00682471c5cc34123985647f667ba624400d6c34b8ec,gx-no-cache=1519843271361 HTTP/1.1" 200 30
186.103.159.188 - - [28/Feb/2018:15:41:58 -0300] "GET /cormun/servlet/solicitudotadjuntos?9685b07fee08eda831ac00682471c5cc34123985647f667ba624400d6c34b8ec,gx-no-cache=1519843271428 HTTP/1.1" 200 30
186.103.159.188 - - [28/Feb/2018:15:42:01 -0300] "POST /cormun/servlet/solicitudotadjuntos?332a1a4bd194a980d6a37e106bbe9c32,INS,2018,9744,,1, HTTP/1.1" 200 116
186.103.159.188 - - [28/Feb/2018:15:42:02 -0300] "GET /cormun/servlet/hpexe_return? HTTP/1.1" 200 1024
186.103.159.188 - - [28/Feb/2018:15:42:03 -0300] "GET /cormun/servlet/trsolicitudadjuntos?2018,9744, HTTP/1.1" 200 9326
181.201.188.197 - - [28/Feb/2018:15:42:03 -0300] "GET /cormun/servlet/solicitudot?5faf8b0c8d27b25c7fe737cdef91f7344443ee4a9321dce0968dfb594cfa2a85d3a031da44145c61dd08fdc816c71cef,gx-no-cache=1519843314652 HTTP/1.1" 200 30
181.201.188.197 - - [28/Feb/2018:15:42:03 -0300] "GET /cormun/servlet/solicitudot?5faf8b0c8d27b25c7fe737cdef91f73481a836bcad8fe60364d5d976081e74f9af9dd34e899a0c853934aa6d21daf49aefccd605179713223f07944d0e09e5b5,gx-no-cache=1519843316919 HTTP/1.1" 200 30
181.201.188.197 - - [28/Feb/2018:15:42:03 -0300] "GET /cormun/servlet/solicitudot?5faf8b0c8d27b25c7fe737cdef91f73464da3aa481c5655549724ebcfc08c1d9,gx-no-cache=1519843317061 HTTP/1.1" 200 53
181.201.188.197 - - [28/Feb/2018:15:42:04 -0300] "POST /cormun/servlet/solicitudot?gx-no-cache=1519843317305 HTTP/1.1" 200 255
181.201.188.197 - - [28/Feb/2018:15:42:04 -0300] "GET /cormun/servlet/solicitudot?5faf8b0c8d27b25c7fe737cdef91f734966528388b3c1276eed716c3de2af51bbba9ca2ea4d43485ee12121589b53c64e44cf3d9e5a61948b40ec8710b4dcbd2f0e7c8cc219ae28c6b2481e2ee96e744b6186fdacdac7027915c481d64e3a0185940cbbf67ae24d6f27f27f235002776cb417a261d61c876e7630afd4d3cc4c2d306ec042e58b5adc4a6a750aa8f82218034a9cdfe7d2da7762ab8cdd2cb51c5755b1d9c5797831882ee6dd27bbf47427c8f8a61c41c428f60114726551c3db5f9b582046f097ca65b2e18af98c5cd1fa65a405a4528aeaa775c78b050da3cb7802246e52aeef717cf9d08f93cee2327425a5270f1387f91c8a602fed7179fd59cd2c594e077bb40e347963ea2101a5963de37d8e5ef1cdd5270b464ae3f941d4dbd85b3fb51d7b97e2b257ad342d495052d81a9c3b001d761a133274c707d54555d9abcf8db2c807303e5c93711b2eab4fc7912825ae5853ed5fe4b32191ef6847aba2468ac1c53fda5d1b29e0f0d4e535f8c0ac79295f0166830d8371c558d,gx-no-cache=1519843317630 HTTP/1.1" 200 30
186.103.159.188 - - [28/Feb/2018:15:42:04 -0300] "GET /cormun/servlet/trsolicitudadjuntos?2018,9744, HTTP/1.1" 200 9323
181.201.188.197 - - [28/Feb/2018:15:42:14 -0300] "POST /cormun/servlet/solicitudot?gx-no-cache=1519843324584 HTTP/1.1" 200 30
181.201.188.197 - - [28/Feb/2018:15:42:31 -0300] "POST /cormun/servlet/solicitudot?gx-no-cache=1519843340417 HTTP/1.1" 200 1337
186.103.159.188 - - [28/Feb/2018:15:42:35 -0300] "GET /cormun/servlet/solicitudotadjuntos?INS,2018,9744,,1, HTTP/1.1" 200 6182
190.161.236.41 - - [28/Feb/2018:15:42:35 -0300] "GET /cormun/servlet/solicitudotadjuntos?INS,2018,9744,,1, HTTP/1.1" 200 6175
186.103.159.188 - - [28/Feb/2018:15:42:35 -0300] "GET /cormun/static/about:blank HTTP/1.1" 404 1011
186.103.159.188 - - [28/Feb/2018:15:42:35 -0300] "GET /cormun/servlet/solicitudotadjuntos?9685b07fee08eda831ac00682471c5cc451e432de460ddfadcc9eaebe7e01ee39623dad22e32803cf283d8cc90104306,gx-no-cache=1519843308633 HTTP/1.1" 200 30
186.103.159.188 - - [28/Feb/2018:15:42:36 -0300] "POST /cormun/servlet/solicitudotadjuntos?332a1a4bd194a980d6a37e106bbe9c32,INS,2018,9744,,1,,gx-no-cache=1519843308710 HTTP/1.1" 200 3987
181.201.188.197 - - [28/Feb/2018:15:42:39 -0300] "POST /cormun/servlet/solicitudot?gx-no-cache=1519843349579 HTTP/1.1" 200 38
186.103.159.188 - - [28/Feb/2018:15:42:39 -0300] "POST /cormun/servlet/solicitudotadjuntos?gx-no-cache=1519843311353 HTTP/1.1" 200 26
186.103.159.188 - - [28/Feb/2018:15:42:44 -0300] "GET /cormun/servlet/solicitudotadjuntos?9685b07fee08eda831ac00682471c5cc34123985647f667ba624400d6c34b8ec,gx-no-cache=1519843316705 HTTP/1.1" 200 30
186.103.159.188 - - [28/Feb/2018:15:42:44 -0300] "GET /cormun/servlet/solicitudotadjuntos?9685b07fee08eda831ac00682471c5cc34123985647f667ba624400d6c34b8ec,gx-no-cache=1519843316771 HTTP/1.1" 200 30
186.103.159.188 - - [28/Feb/2018:15:42:53 -0300] "POST /cormun/servlet/solicitudotadjuntos?332a1a4bd194a980d6a37e106bbe9c32,INS,2018,9744,,1, HTTP/1.1" 200 116
186.103.159.46 - - [28/Feb/2018:15:42:53 -0300] "GET /cormun/servlet/trsolicitudot? HTTP/1.1" 200 6549
181.201.188.197 - - [28/Feb/2018:15:42:53 -0300] "GET /cormun/servlet/solicitudot?5faf8b0c8d27b25c7fe737cdef91f734c2829e0a9d2c66bdd036bb91a8cac9ca60d18579e208dddd5b90aa8e062b97120d3101b35ae2045e0468fb7e1071021eca08b4d0b68730984057f72d2f8dd4a44fb39ce7ff85be0fae574c285be1a412eea4a65f9863ac4ff8622b20ed26c5d41571f2df116b9cfa16b35000a95ce30488e5a0e3daad6f67bcce94b06263f6311838faf96e11d7cec59787d45412910d,gx-no-cache=1519843362234 HTTP/1.1" 200 29
186.103.159.188 - - [28/Feb/2018:15:42:53 -0300] "GET /cormun/servlet/hpexe_return? HTTP/1.1" 200 1024
186.103.159.188 - - [28/Feb/2018:15:42:54 -0300] "GET /cormun/servlet/trsolicitudadjuntos?2018,9744, HTTP/1.1" 200 9593
186.103.159.46 - - [28/Feb/2018:15:42:54 -0300] "GET /cormun/servlet/hlogin HTTP/1.1" 200 1731
186.103.159.46 - - [28/Feb/2018:15:42:55 -0300] "GET /cormun/servlet/trsolicitudot? HTTP/1.1" 200 6549
186.103.159.188 - - [28/Feb/2018:15:42:55 -0300] "GET /cormun/servlet/trsolicitudadjuntos?2018,9744, HTTP/1.1" 200 9588
181.201.188.197 - - [28/Feb/2018:15:43:00 -0300] "POST /cormun/servlet/solicitudot?gx-no-cache=1519843367095 HTTP/1.1" 200 1321
186.103.159.46 - - [28/Feb/2018:15:43:05 -0300] "POST /cormun/servlet/hlogin?fc397af8e441de40f03ce24c79a9e63d,gx-no-cache=1519843337227 HTTP/1.1" 200 444
181.201.188.197 - - [28/Feb/2018:15:43:10 -0300] "POST /cormun/servlet/solicitudot?gx-no-cache=1519843373936 HTTP/1.1" 200 1219
181.201.188.197 - - [28/Feb/2018:15:43:10 -0300] "GET /cormun/static/menuarrow.gif HTTP/1.1" 404 1015
181.201.188.197 - - [28/Feb/2018:15:43:21 -0300] "POST /cormun/servlet/solicitudot?gx-no-cache=1519843393369 HTTP/1.1" 200 1321
181.201.188.197 - - [28/Feb/2018:15:43:21 -0300] "POST /cormun/servlet/solicitudot?gx-no-cache=1519843394711 HTTP/1.1" 200 1219
181.201.188.197 - - [28/Feb/2018:15:43:24 -0300] "GET /cormun/servlet/solicitudot?5faf8b0c8d27b25c7fe737cdef91f734017b657f36aa71ee73001cca2b453d6cfead7b71998b49e7c87cdc214b4eb05b,gx-no-cache=1519843397360 HTTP/1.1" 200 30
186.103.159.188 - - [28/Feb/2018:15:43:27 -0300] "GET /cormun/servlet/trsolicitudot? HTTP/1.1" 200 8710
186.103.159.46 - - [28/Feb/2018:15:43:27 -0300] "POST /cormun/servlet/hlogin?fc397af8e441de40f03ce24c79a9e63d,gx-no-cache=1519843358854 HTTP/1.1" 200 90
186.103.159.46 - - [28/Feb/2018:15:43:27 -0300] "GET /cormun/servlet/hpexe_link HTTP/1.1" 200 951
186.103.159.188 - - [28/Feb/2018:15:43:27 -0300] "GET /cormun/servlet/trsolicitudot? HTTP/1.1" 200 8704
186.103.159.46 - - [28/Feb/2018:15:43:28 -0300] "GET /cormun/servlet/trsolicitudot HTTP/1.1" 200 7164
186.103.159.46 - - [28/Feb/2018:15:43:29 -0300] "GET /cormun/servlet/trsolicitudot HTTP/1.1" 200 7162
186.103.159.188 - - [28/Feb/2018:15:43:32 -0300] "POST /cormun/servlet/trsolicitudot?332a1a4bd194a980d6a37e106bbe9c32,,gx-no-cache=1519843363465 HTTP/1.1" 200 4693
186.103.159.188 - - [28/Feb/2018:15:43:32 -0300] "GET /cormun/static/Shared/jqueryui/images/ui-bg_highlight-soft_100_c6c2c8_1x100.png HTTP/1.1" 404 1117
186.103.159.188 - - [28/Feb/2018:15:43:32 -0300] "GET /cormun/static/Shared/jqueryui/images/ui-bg_flat_55_fafafa_40x100.png HTTP/1.1" 404 1097
190.161.236.41 - - [28/Feb/2018:15:43:32 -0300] "GET /cormun/static/Shared/jqueryui/images/ui-icons_82798d_256x240.png HTTP/1.1" 404 1089
186.103.159.188 - - [28/Feb/2018:15:43:32 -0300] "GET /cormun/static/Shared/jqueryui/images/ui-icons_8d78a5_256x240.png HTTP/1.1" 404 1089
186.103.159.188 - - [28/Feb/2018:15:43:32 -0300] "POST /cormun/servlet/trsolicitudot?332a1a4bd194a980d6a37e106bbe9c32,,gx-no-cache=1519843364892 HTTP/1.1" 200 4471
186.103.159.46 - - [28/Feb/2018:15:43:37 -0300] "GET /cormun/servlet/trsolicitudot? HTTP/1.1" 200 7162
186.103.159.46 - - [28/Feb/2018:15:43:38 -0300] "GET /cormun/servlet/trsolicitudot? HTTP/1.1" 200 7162
186.103.159.46 - - [28/Feb/2018:15:43:41 -0300] "GET /cormun/servlet/trcontratoobservacion? HTTP/1.1" 200 6888
186.103.159.46 - - [28/Feb/2018:15:43:42 -0300] "GET /cormun/servlet/trcontratoobservacion? HTTP/1.1" 200 6888
181.201.188.197 - - [28/Feb/2018:15:43:45 -0300] "POST /cormun/servlet/solicitudot?gx-no-cache=1519843414495 HTTP/1.1" 200 33
186.103.159.46 - - [28/Feb/2018:15:44:05 -0300] "GET /cormun/servlet/trsolicitudot? HTTP/1.1" 200 7162
186.103.159.46 - - [28/Feb/2018:15:44:06 -0300] "GET /cormun/servlet/trsolicitudot? HTTP/1.1" 200 7162
181.201.188.197 - - [28/Feb/2018:15:44:09 -0300] "POST /cormun/servlet/solicitudot?6768d371c2554ae9f2a8d7ebce62491d,INS,0,0,,gx-no-cache=1519843440281 HTTP/1.1" 200 93
181.201.188.197 - - [28/Feb/2018:15:44:09 -0300] "GET /cormun/servlet/hpexe_return? HTTP/1.1" 200 1005
181.201.188.197 - - [28/Feb/2018:15:44:11 -0300] "GET /cormun/servlet/trsolicitudot HTTP/1.1" 200 22475
181.201.188.197 - - [28/Feb/2018:15:44:13 -0300] "GET /cormun/servlet/trsolicitudot HTTP/1.1" 200 22470
186.103.159.46 - - [28/Feb/2018:15:44:17 -0300] "POST /cormun/servlet/trsolicitudot?fc397af8e441de40f03ce24c79a9e63d,,gx-no-cache=1519843408499 HTTP/1.1" 200 90
186.103.159.46 - - [28/Feb/2018:15:44:17 -0300] "GET /cormun/servlet/hpexe_link HTTP/1.1" 200 951
186.103.159.46 - - [28/Feb/2018:15:44:17 -0300] "GET /cormun/servlet/hhome HTTP/1.1" 200 3947
186.103.159.46 - - [28/Feb/2018:15:44:18 -0300] "GET /cormun/servlet/hhome HTTP/1.1" 200 3943
181.201.188.197 - - [28/Feb/2018:15:44:22 -0300] "GET /cormun/servlet/solicitudot?INS,0,0, HTTP/1.1" 200 13786
186.103.159.46 - - [28/Feb/2018:15:44:23 -0300] "GET /cormun/servlet/trsolicitudot? HTTP/1.1" 200 7163
181.201.188.197 - - [28/Feb/2018:15:44:24 -0300] "GET /cormun/servlet/solicitudot?INS,0,0, HTTP/1.1" 200 13791
186.103.159.46 - - [28/Feb/2018:15:44:24 -0300] "GET /cormun/servlet/trsolicitudot? HTTP/1.1" 200 7162
186.103.159.46 - - [28/Feb/2018:15:44:29 -0300] "GET /cormun/servlet/solicitudot?INS,0,0, HTTP/1.1" 200 13400
186.103.159.46 - - [28/Feb/2018:15:44:29 -0300] "GET /cormun/static/gxcfg.js?201812313224582 HTTP/1.1" 200 953
186.103.159.46 - - [28/Feb/2018:15:44:29 -0300] "GET /cormun/static/Resources/prompt.gif HTTP/1.1" 200 902
186.103.159.46 - - [28/Feb/2018:15:44:29 -0300] "GET /cormun/static/solicitudot.js?201812313224831 HTTP/1.1" 200 72336
186.103.159.46 - - [28/Feb/2018:15:44:31 -0300] "GET /cormun/servlet/solicitudot?INS,0,0, HTTP/1.1" 200 13405
181.201.188.197 - - [28/Feb/2018:15:44:42 -0300] "POST /cormun/servlet/solicitudot?gx-no-cache=1519843474609 HTTP/1.1" 200 3421
181.201.188.197 - - [28/Feb/2018:15:44:43 -0300] "POST /cormun/servlet/solicitudot?6768d371c2554ae9f2a8d7ebce62491d,INS,0,0,,gx-no-cache=1519843475961 HTTP/1.1" 200 10587
181.201.188.197 - - [28/Feb/2018:15:44:49 -0300] "GET /cormun/servlet/solicitudot?5faf8b0c8d27b25c7fe737cdef91f734c6d8da0ff94cb8124707486d1bbd1ecbd3a031da44145c61dd08fdc816c71cef,gx-no-cache=1519843480387 HTTP/1.1" 200 30
181.201.188.197 - - [28/Feb/2018:15:44:49 -0300] "GET /cormun/servlet/solicitudot?5faf8b0c8d27b25c7fe737cdef91f734ce37871468ccac72c2d1d90f98f20cfc3001642c010ad416e02fee5ca1fa072096fe91e5db9c0b653a9136d8bb059cec,gx-no-cache=1519843482936 HTTP/1.1" 200 30
181.201.188.197 - - [28/Feb/2018:15:44:49 -0300] "GET /cormun/servlet/solicitudot?5faf8b0c8d27b25c7fe737cdef91f73464da3aa481c5655549724ebcfc08c1d9,gx-no-cache=1519843483077 HTTP/1.1" 200 53
181.201.188.197 - - [28/Feb/2018:15:44:51 -0300] "POST /cormun/servlet/solicitudot?gx-no-cache=1519843483212 HTTP/1.1" 200 255
181.201.188.197 - - [28/Feb/2018:15:44:51 -0300] "GET /cormun/servlet/solicitudot?5faf8b0c8d27b25c7fe737cdef91f734966528388b3c1276eed716c3de2af51bbba9ca2ea4d43485ee12121589b53c64e44cf3d9e5a61948b40ec8710b4dcbd2f0e7c8cc219ae28c6b2481e2ee96e744b6186fdacdac7027915c481d64e3a0185940cbbf67ae24d6f27f27f235002776cb417a261d61c876e7630afd4d3cc4c2d306ec042e58b5adc4a6a750aa8f82218034a9cdfe7d2da7762ab8cdd2cb51c5755b1d9c5797831882ee6dd27bbf47427c8f8a61c41c428f60114726551c3db5f9b582046f097ca65b2e18af98c5cd1fa65a405a4528aeaa775c78b050da3cb7802246e52aeef717cf9d08f93cee2327425a5270f1387f91c8a602fed7179fd59cd2c594e077bb40e347963ea2101a5963de37d8e5ef1cdd5270b464ae3f941d4dbd85b3fb51d7b97e2b257ad342d495052d81a9c3b001d761a133274c707d54555d9abcf8db2c807303e5c93711b2eab4fc7912825ae5853ed5fe4b32191ef6847aba2468ac1c53fda5d1b29e0f0d4e535f8c0ac79295f0166830d8371c558d,gx-no-cache=1519843484826 HTTP/1.1" 200 30
181.201.188.197 - - [28/Feb/2018:15:44:53 -0300] "POST /cormun/servlet/solicitudot?gx-no-cache=1519843486872 HTTP/1.1" 200 30
181.201.188.197 - - [28/Feb/2018:15:45:04 -0300] "POST /cormun/servlet/solicitudot?gx-no-cache=1519843497494 HTTP/1.1" 200 1337
181.201.188.197 - - [28/Feb/2018:15:45:05 -0300] "POST /cormun/servlet/solicitudot?gx-no-cache=1519843498323 HTTP/1.1" 200 38
181.201.188.197 - - [28/Feb/2018:15:45:12 -0300] "GET /cormun/servlet/solicitudot?5faf8b0c8d27b25c7fe737cdef91f734c2829e0a9d2c66bdd036bb91a8cac9ca60d18579e208dddd5b90aa8e062b97120d3101b35ae2045e0468fb7e1071021eca08b4d0b68730984057f72d2f8dd4a44fb39ce7ff85be0fae574c285be1a412eea4a65f9863ac4ff8622b20ed26c5d41571f2df116b9cfa16b35000a95ce30488e5a0e3daad6f67bcce94b06263f6311838faf96e11d7cec59787d45412910d,gx-no-cache=1519843505304 HTTP/1.1" 200 29
181.201.188.197 - - [28/Feb/2018:15:45:12 -0300] "POST /cormun/servlet/solicitudot?gx-no-cache=1519843506075 HTTP/1.1" 200 1321
181.201.188.197 - - [28/Feb/2018:15:45:21 -0300] "POST /cormun/servlet/solicitudot?gx-no-cache=1519843513773 HTTP/1.1" 200 1219
181.201.188.197 - - [28/Feb/2018:15:45:21 -0300] "GET /cormun/static/menuarrow.gif HTTP/1.1" 404 1015
181.201.188.197 - - [28/Feb/2018:15:45:25 -0300] "POST /cormun/servlet/solicitudot?gx-no-cache=1519843516554 HTTP/1.1" 200 1321
181.201.188.197 - - [28/Feb/2018:15:45:27 -0300] "POST /cormun/servlet/solicitudot?gx-no-cache=1519843518742 HTTP/1.1" 200 1219
181.201.188.197 - - [28/Feb/2018:15:45:30 -0300] "GET /cormun/servlet/solicitudot?5faf8b0c8d27b25c7fe737cdef91f734017b657f36aa71ee73001cca2b453d6cfead7b71998b49e7c87cdc214b4eb05b,gx-no-cache=1519843524193 HTTP/1.1" 200 30
181.201.188.197 - - [28/Feb/2018:15:45:38 -0300] "POST /cormun/servlet/solicitudot?gx-no-cache=1519843530741 HTTP/1.1" 200 30
186.103.159.46 - - [28/Feb/2018:15:46:02 -0300] "POST /cormun/servlet/solicitudot?gx-no-cache=1519843514308 HTTP/1.1" 200 3350
186.103.159.46 - - [28/Feb/2018:15:46:02 -0300] "GET /cormun/static/Shared/jqueryui/images/ui-bg_highlight-soft_100_c6c2c8_1x100.png HTTP/1.1" 404 1117
186.103.159.46 - - [28/Feb/2018:15:46:02 -0300] "GET /cormun/static/Shared/jqueryui/images/ui-icons_82798d_256x240.png HTTP/1.1" 404 1089
186.103.159.46 - - [28/Feb/2018:15:46:02 -0300] "GET /cormun/static/Shared/jqueryui/images/ui-icons_ebccce_256x240.png HTTP/1.1" 404 1089
186.103.159.46 - - [28/Feb/2018:15:46:02 -0300] "GET /cormun/static/Shared/jqueryui/images/ui-bg_flat_55_994d53_40x100.png HTTP/1.1" 404 1097
186.103.159.46 - - [28/Feb/2018:15:46:02 -0300] "GET /cormun/servlet/solicitudot?f433243a9e640a5ab1a0a3b23757122d8d6bd42b15320803b6e165655bf2b7bf,gx-no-cache=1519843514774 HTTP/1.1" 200 111
181.201.188.197 - - [28/Feb/2018:15:46:17 -0300] "POST /cormun/servlet/solicitudot?6768d371c2554ae9f2a8d7ebce62491d,INS,0,0,,gx-no-cache=1519843565225 HTTP/1.1" 200 93
181.201.188.197 - - [28/Feb/2018:15:46:20 -0300] "GET /cormun/servlet/hpexe_return? HTTP/1.1" 200 1005
181.201.188.197 - - [28/Feb/2018:15:46:23 -0300] "GET /cormun/servlet/trsolicitudot HTTP/1.1" 200 22789
181.201.188.197 - - [28/Feb/2018:15:46:25 -0300] "GET /cormun/servlet/trsolicitudot HTTP/1.1" 200 22784
181.201.188.197 - - [28/Feb/2018:15:46:38 -0300] "GET /cormun/servlet/solicitudot?INS,0,0, HTTP/1.1" 200 13786
181.201.188.197 - - [28/Feb/2018:15:46:39 -0300] "GET /cormun/servlet/solicitudot?INS,0,0, HTTP/1.1" 200 13791
181.201.188.197 - - [28/Feb/2018:15:46:57 -0300] "POST /cormun/servlet/solicitudot?gx-no-cache=1519843608985 HTTP/1.1" 200 3389
181.201.188.197 - - [28/Feb/2018:15:46:59 -0300] "POST /cormun/servlet/solicitudot?6768d371c2554ae9f2a8d7ebce62491d,INS,0,0,,gx-no-cache=1519843611109 HTTP/1.1" 200 10552
181.201.188.197 - - [28/Feb/2018:15:47:08 -0300] "GET /cormun/servlet/solicitudot?5faf8b0c8d27b25c7fe737cdef91f7346b9816b6c9119387d07eae8577511b86c8225cfd835b6822e9a3568e59c90d72,gx-no-cache=1519843619611 HTTP/1.1" 200 30
181.201.188.197 - - [28/Feb/2018:15:47:10 -0300] "GET /cormun/servlet/solicitudot?5faf8b0c8d27b25c7fe737cdef91f7342e0aece571f9b950d93e5847b5a5520360b7f666800ffdfd9b5a3df7b83c52ae,gx-no-cache=1519843621919 HTTP/1.1" 200 103
181.201.188.197 - - [28/Feb/2018:15:47:11 -0300] "GET /cormun/static/Shared/jqueryui/images/ui-bg_highlight-soft_100_c6c2c8_1x100.png HTTP/1.1" 404 1117
181.201.188.197 - - [28/Feb/2018:15:47:12 -0300] "GET /cormun/servlet/solicitudot?5faf8b0c8d27b25c7fe737cdef91f734ec0a35bfe30ef0978a9f5e450bfed1ec,gx-no-cache=1519843624083 HTTP/1.1" 200 51
181.201.188.197 - - [28/Feb/2018:15:47:14 -0300] "GET /cormun/static/Shared/jqueryui/images/ui-icons_82798d_256x240.png HTTP/1.1" 404 1089
181.201.188.197 - - [28/Feb/2018:15:47:14 -0300] "GET /cormun/static/Shared/jqueryui/images/ui-bg_flat_55_994d53_40x100.png HTTP/1.1" 404 1097
181.201.188.197 - - [28/Feb/2018:15:47:14 -0300] "GET /cormun/static/Shared/jqueryui/images/ui-icons_ebccce_256x240.png HTTP/1.1" 404 1089
181.201.188.197 - - [28/Feb/2018:15:47:14 -0300] "POST /cormun/servlet/solicitudot?gx-no-cache=1519843626440 HTTP/1.1" 200 255
