200.112.6.208 - - [28/Feb/2018:09:34:55 -0300] "GET /cormun/servlet/solicitudot?8605bf43a27d680e54d45f0442e6892b8b4684b503c05be8318b4cd2229b4200c62903adb1afd947ce832b40c6ae0a84cdcca9b1ff7b9d93845a8ffbb3ff624c,gx-no-cache=1519821249231 HTTP/1.1" 200 30
200.112.6.208 - - [28/Feb/2018:09:34:55 -0300] "GET /cormun/servlet/solicitudot?8605bf43a27d680e54d45f0442e6892b0194b6c389cf50e1d52d9e6b01af1868664e50491af01e073e9ad1e397e2f3118b6ebdb8ad01d68e0033206c8beb8399,gx-no-cache=1519821249334 HTTP/1.1" 200 53
200.112.6.208 - - [28/Feb/2018:09:34:55 -0300] "POST /cormun/servlet/solicitudot?gx-no-cache=1519821249428 HTTP/1.1" 200 254
200.112.6.208 - - [28/Feb/2018:09:34:55 -0300] "GET /cormun/servlet/solicitudot?8605bf43a27d680e54d45f0442e6892b0ef5a6deb547ae43deda7bca7a7ea93db7f2f6ac1536fd9e3b0d5efa19cdac481bb33f927c780cd53cd12d3bb4d544724eba9eaa3adf440275421795bd4bf0520c3dacae4f4f840f0eaaa62c54865291abceb353a066d4a8ebbff3075ce5d441fe884e169257d048e1b4a8474a5cc82516986913cf381f6366162a9b1592b70b74f690724b54c15f931ef438b23b2fa5fb013f6ff45eb45f1313a1113f96843696c92d53be756eef3dfc51405802629d8e3cf0e18f57c13ae0bd190a086545b6bb899301dc777916a099eff4dce7def3a92b6728f0b38cd6b0c3067df39d88e8ff80abd64ae821af669caa0d4bcd3f76e04ee9ec8f9b8e4dcadc86a72ea3fcc782c305b1670d7f6b1dde5b7158b02ea7e12b46d6e37835a99a0261cb01f237f5584d7f89df95e226c5602eb7785a5e9914b6aa86001b855f138068e9b0a41c1c51bca59db699167a523aa8904271e3d8be3f66cccc1ac6920db0f06ad97e34a131e0fd65fea7df770921cc041cc1a2b3,gx-no-cache=1519821249552 HTTP/1.1" 200 30
200.112.6.208 - - [28/Feb/2018:09:34:55 -0300] "POST /cormun/servlet/solicitudot?gx-no-cache=1519821249656 HTTP/1.1" 200 30
200.112.6.208 - - [28/Feb/2018:09:34:56 -0300] "POST /cormun/servlet/solicitudot?gx-no-cache=1519821249769 HTTP/1.1" 200 1335
200.112.6.208 - - [28/Feb/2018:09:34:56 -0300] "POST /cormun/servlet/solicitudot?gx-no-cache=1519821250072 HTTP/1.1" 200 41
200.54.247.70 - - [28/Feb/2018:09:35:54 -0300] "GET /cormun/servlet/trsolicitudot? HTTP/1.1" 200 7436
200.112.6.208 - - [28/Feb/2018:09:35:59 -0300] "POST /cormun/servlet/solicitudot?gx-no-cache=1519821313838 HTTP/1.1" 200 30
200.112.6.208 - - [28/Feb/2018:09:36:00 -0300] "POST /cormun/servlet/solicitudot?gx-no-cache=1519821314060 HTTP/1.1" 200 1335
200.112.6.208 - - [28/Feb/2018:09:36:00 -0300] "POST /cormun/servlet/solicitudot?gx-no-cache=1519821314360 HTTP/1.1" 200 41
200.112.6.208 - - [28/Feb/2018:09:36:03 -0300] "GET /cormun/servlet/solicitudot?8605bf43a27d680e54d45f0442e6892bd7e1324fc56fe206a8914b5bef8e9608fb560f3217cb6cb166ee6ec55289c7da6c624a79c0813348861be3ccc75326d4bb0a61ae34d488981ce09c26c345a924260d122c48759c63b97ae163aa399d4b2a2260bf25a014d5be2fd43be43cc44fbc75afc528a7f4c4be0b39a0fbae78f807b3af3dbd2664ba06f78f99f60f7540c61476e9d2b9ba2f8e7cdca6f7aa8e0b,gx-no-cache=1519821317520 HTTP/1.1" 200 29
200.112.6.208 - - [28/Feb/2018:09:36:04 -0300] "POST /cormun/servlet/solicitudot?gx-no-cache=1519821317612 HTTP/1.1" 200 1319
200.112.6.208 - - [28/Feb/2018:09:36:04 -0300] "POST /cormun/servlet/solicitudot?gx-no-cache=1519821318346 HTTP/1.1" 200 1219
200.112.6.208 - - [28/Feb/2018:09:36:04 -0300] "GET /cormun/servlet/solicitudot?8605bf43a27d680e54d45f0442e6892b64812f31f27d251a3a8ecbffb487ea42b58870f358e6861cf38eff3f14b8ce6c,gx-no-cache=1519821318669 HTTP/1.1" 200 30
200.54.247.70 - - [28/Feb/2018:09:36:04 -0300] "POST /cormun/servlet/trsolicitudot?038b316f85336b50abc994866ae98566,,gx-no-cache=1519821316866 HTTP/1.1" 200 4467
200.112.6.208 - - [28/Feb/2018:09:36:04 -0300] "POST /cormun/servlet/solicitudot?gx-no-cache=1519821318815 HTTP/1.1" 200 30
190.46.88.54 - - [28/Feb/2018:09:36:05 -0300] "POST /cormun/servlet/hlogin?bc4e1d3f4ed4f9ce57b00fc15b4644a2,gx-no-cache=1519821318215 HTTP/1.1" 200 90
190.46.88.54 - - [28/Feb/2018:09:36:05 -0300] "GET /cormun/servlet/hpexe_link HTTP/1.1" 200 956
190.46.88.54 - - [28/Feb/2018:09:36:06 -0300] "GET /cormun/servlet/hhome HTTP/1.1" 200 4189
190.46.88.54 - - [28/Feb/2018:09:36:07 -0300] "GET /cormun/servlet/hhome HTTP/1.1" 200 4186
200.112.6.208 - - [28/Feb/2018:09:36:10 -0300] "POST /cormun/servlet/solicitudot?82b03d40aeea2fe034e19a41511a71ed,UPD,2018,9676,,gx-no-cache=1519821323632 HTTP/1.1" 200 93
200.112.6.208 - - [28/Feb/2018:09:36:10 -0300] "GET /cormun/servlet/hpexe_return? HTTP/1.1" 200 1011
200.112.6.208 - - [28/Feb/2018:09:36:10 -0300] "GET /cormun/static/gxcfg.js?2016101716175148 HTTP/1.1" 304 -
200.112.6.208 - - [28/Feb/2018:09:36:11 -0300] "GET /cormun/servlet/trsolicitudot HTTP/1.1" 200 8571
200.112.6.208 - - [28/Feb/2018:09:36:11 -0300] "GET /cormun/servlet/trsolicitudot HTTP/1.1" 200 8567
200.54.247.70 - - [28/Feb/2018:09:36:21 -0300] "GET /cormun/servlet/trcontratosolicitud? HTTP/1.1" 200 14593
200.54.247.70 - - [28/Feb/2018:09:36:21 -0300] "GET /cormun/static/gxcfg.js?20177612214014 HTTP/1.1" 304 -
190.46.88.54 - - [28/Feb/2018:09:36:23 -0300] "GET /cormun/servlet/trcontratoobservaciondir? HTTP/1.1" 200 8096
190.46.88.54 - - [28/Feb/2018:09:36:23 -0300] "GET /cormun/static/gxcfg.js?20175251262281 HTTP/1.1" 200 953
190.46.88.54 - - [28/Feb/2018:09:36:23 -0300] "GET /cormun/static/trcontratoobservaciondir.js?20175251262715 HTTP/1.1" 200 27185
190.46.88.54 - - [28/Feb/2018:09:36:24 -0300] "GET /cormun/servlet/trcontratoobservaciondir? HTTP/1.1" 200 8095
200.112.6.208 - - [28/Feb/2018:09:36:24 -0300] "POST /cormun/servlet/trsolicitudot?82b03d40aeea2fe034e19a41511a71ed,gx-no-cache=1519821337853 HTTP/1.1" 200 4473
200.112.6.208 - - [28/Feb/2018:09:36:24 -0300] "GET /cormun/static/Shared/jqueryui/images/ui-icons_8d78a5_256x240.png HTTP/1.1" 404 1089
200.112.6.208 - - [28/Feb/2018:09:36:24 -0300] "GET /cormun/static/Shared/jqueryui/images/ui-icons_82798d_256x240.png HTTP/1.1" 404 1089
200.112.6.208 - - [28/Feb/2018:09:36:24 -0300] "GET /cormun/static/Shared/jqueryui/images/ui-bg_highlight-soft_100_c6c2c8_1x100.png HTTP/1.1" 404 1117
200.112.6.208 - - [28/Feb/2018:09:36:24 -0300] "GET /cormun/static/Shared/jqueryui/images/ui-bg_flat_55_fafafa_40x100.png HTTP/1.1" 404 1097
200.112.6.208 - - [28/Feb/2018:09:36:25 -0300] "POST /cormun/servlet/trsolicitudot?82b03d40aeea2fe034e19a41511a71ed,gx-no-cache=1519821338920 HTTP/1.1" 200 4258
200.54.247.70 - - [28/Feb/2018:09:36:30 -0300] "GET /cormun/servlet/trautorizarsolicitud? HTTP/1.1" 200 7328
200.54.247.70 - - [28/Feb/2018:09:36:40 -0300] "POST /cormun/servlet/trautorizarsolicitud?038b316f85336b50abc994866ae98566,,gx-no-cache=1519821352977 HTTP/1.1" 200 4392
200.112.6.208 - - [28/Feb/2018:09:36:46 -0300] "GET /cormun/servlet/trsolicitudot? HTTP/1.1" 200 7202
200.112.6.208 - - [28/Feb/2018:09:36:46 -0300] "GET /cormun/servlet/trsolicitudot? HTTP/1.1" 200 7202
200.112.6.208 - - [28/Feb/2018:09:37:10 -0300] "GET /cormun/servlet/hlogin HTTP/1.1" 200 1718
200.112.6.208 - - [28/Feb/2018:09:37:14 -0300] "POST /cormun/servlet/hlogin?82b03d40aeea2fe034e19a41511a71ed,gx-no-cache=1519821387901 HTTP/1.1" 200 90
200.112.6.208 - - [28/Feb/2018:09:37:14 -0300] "GET /cormun/servlet/hpexe_link HTTP/1.1" 200 949
200.112.6.208 - - [28/Feb/2018:09:37:14 -0300] "GET /cormun/servlet/hhome HTTP/1.1" 200 4203
200.112.6.208 - - [28/Feb/2018:09:37:15 -0300] "GET /cormun/servlet/hhome HTTP/1.1" 200 4199
200.112.6.208 - - [28/Feb/2018:09:37:20 -0300] "GET /cormun/servlet/trvisualizadoreventos? HTTP/1.1" 200 6960
200.112.6.208 - - [28/Feb/2018:09:37:20 -0300] "GET /cormun/static/gxcfg.js?20175251251426 HTTP/1.1" 200 953
200.112.6.208 - - [28/Feb/2018:09:37:20 -0300] "GET /cormun/static/Resources/PXToolsActionPrint.png HTTP/1.1" 200 3317
200.112.6.208 - - [28/Feb/2018:09:37:21 -0300] "GET /cormun/servlet/trvisualizadoreventos? HTTP/1.1" 200 6959
200.112.6.208 - - [28/Feb/2018:09:37:24 -0300] "GET /cormun/servlet/trautorizarsolicitud? HTTP/1.1" 200 8662
200.112.6.208 - - [28/Feb/2018:09:37:24 -0300] "GET /cormun/static/gxcfg.js?2017111423403364 HTTP/1.1" 200 953
200.112.6.208 - - [28/Feb/2018:09:37:25 -0300] "GET /cormun/servlet/trautorizarsolicitud? HTTP/1.1" 200 8661
200.112.6.208 - - [28/Feb/2018:09:37:35 -0300] "POST /cormun/servlet/trautorizarsolicitud?82b03d40aeea2fe034e19a41511a71ed,,gx-no-cache=1519821408537 HTTP/1.1" 200 4601
200.112.6.208 - - [28/Feb/2018:09:37:35 -0300] "GET /cormun/static/Shared/jqueryui/images/ui-bg_highlight-soft_100_c6c2c8_1x100.png HTTP/1.1" 404 1117
200.112.6.208 - - [28/Feb/2018:09:37:35 -0300] "GET /cormun/static/Shared/jqueryui/images/ui-icons_82798d_256x240.png HTTP/1.1" 404 1089
200.112.6.208 - - [28/Feb/2018:09:37:35 -0300] "GET /cormun/static/Shared/jqueryui/images/ui-bg_flat_55_fafafa_40x100.png HTTP/1.1" 404 1097
200.112.6.208 - - [28/Feb/2018:09:37:35 -0300] "GET /cormun/static/Shared/jqueryui/images/ui-icons_8d78a5_256x240.png HTTP/1.1" 404 1089
200.112.6.208 - - [28/Feb/2018:09:37:36 -0300] "POST /cormun/servlet/trautorizarsolicitud?82b03d40aeea2fe034e19a41511a71ed,,gx-no-cache=1519821409525 HTTP/1.1" 200 4387
186.103.132.155 - - [28/Feb/2018:09:38:02 -0300] "GET /cormun/servlet/trcontratounov2? HTTP/1.1" 200 15055
186.103.132.155 - - [28/Feb/2018:09:38:03 -0300] "GET /cormun/servlet/trcontratounov2? HTTP/1.1" 200 15051
186.103.161.206 - - [28/Feb/2018:09:38:11 -0300] "GET /cormun/servlet/trsolicitudot? HTTP/1.1" 200 7406
186.103.161.206 - - [28/Feb/2018:09:38:11 -0300] "GET /cormun/servlet/trsolicitudot? HTTP/1.1" 200 7405
186.103.161.206 - - [28/Feb/2018:09:38:19 -0300] "GET /cormun/servlet/trvisualizadoreventos? HTTP/1.1" 200 6951
200.111.122.170 - - [28/Feb/2018:09:38:20 -0300] "GET /cormun/servlet/trvisualizadoreventos? HTTP/1.1" 200 6951
192.168.10.56 - - [28/Feb/2018:09:40:28 -0300] "POST /cormun/servlet/trsolicitudgral?1ed9820a91405bd8f069a708af1e2a5e,gx-no-cache=1519817557810,gx-no-cache=1519821469429 HTTP/1.1" 200 14544
192.168.10.56 - - [28/Feb/2018:09:41:05 -0300] "POST /cormun/servlet/trsolicitudgral?1ed9820a91405bd8f069a708af1e2a5e,gx-no-cache=1519817557810,gx-no-cache=1519821506578 HTTP/1.1" 200 14246
192.168.10.56 - - [28/Feb/2018:09:41:14 -0300] "POST /cormun/servlet/trsolicitudgral?1ed9820a91405bd8f069a708af1e2a5e,gx-no-cache=1519817557810,gx-no-cache=1519821515472 HTTP/1.1" 200 13831
192.168.10.56 - - [28/Feb/2018:09:41:21 -0300] "POST /cormun/servlet/trsolicitudgral?1ed9820a91405bd8f069a708af1e2a5e,gx-no-cache=1519817557810,gx-no-cache=1519821522232 HTTP/1.1" 200 13481
192.168.10.56 - - [28/Feb/2018:09:41:29 -0300] "POST /cormun/servlet/trsolicitudgral?1ed9820a91405bd8f069a708af1e2a5e,gx-no-cache=1519817557810,gx-no-cache=1519821530464 HTTP/1.1" 200 13119
192.168.10.56 - - [28/Feb/2018:09:41:40 -0300] "POST /cormun/servlet/trsolicitudgral?1ed9820a91405bd8f069a708af1e2a5e,gx-no-cache=1519817557810,gx-no-cache=1519821541187 HTTP/1.1" 200 12783
192.168.10.56 - - [28/Feb/2018:09:41:56 -0300] "POST /cormun/servlet/trsolicitudgral?1ed9820a91405bd8f069a708af1e2a5e,gx-no-cache=1519817557810,gx-no-cache=1519821558176 HTTP/1.1" 200 8736
186.67.172.234 - - [28/Feb/2018:09:43:07 -0300] "GET /cormun/servlet/hlogin HTTP/1.1" 200 1722
186.67.172.234 - - [28/Feb/2018:09:43:10 -0300] "GET /cormun/static/gxtimezone.js?85251 HTTP/1.1" 200 5781
186.67.172.234 - - [28/Feb/2018:09:43:10 -0300] "GET /cormun/static/gxcfg.js?20175251213516 HTTP/1.1" 200 953
186.67.172.234 - - [28/Feb/2018:09:43:10 -0300] "GET /cormun/static/Resources/Spanish/PXTools.css?11423723 HTTP/1.1" 200 89042
186.67.172.234 - - [28/Feb/2018:09:43:10 -0300] "GET /cormun/static/gxgral.js?85251 HTTP/1.1" 200 384558
186.67.172.234 - - [28/Feb/2018:09:43:10 -0300] "GET /cormun/static/messages.spa.js?85251 HTTP/1.1" 200 30736
186.67.172.234 - - [28/Feb/2018:09:43:11 -0300] "GET /cormun/static/hlogin.js?20175251213537 HTTP/1.1" 200 2136
186.67.172.234 - - [28/Feb/2018:09:43:11 -0300] "GET /cormun/static/Resources/PXToolsLoginTop.png HTTP/1.1" 200 1337
186.67.172.234 - - [28/Feb/2018:09:43:11 -0300] "GET /cormun/static/Resources/PXToolsLoginBackground.png HTTP/1.1" 200 1164
186.67.172.234 - - [28/Feb/2018:09:43:11 -0300] "GET /cormun/static/Resources/PXToolsButtonLeft21.png HTTP/1.1" 200 1287
186.67.172.234 - - [28/Feb/2018:09:43:11 -0300] "GET /cormun/static/Resources/PXToolsButtonBackground2.png HTTP/1.1" 200 1181
186.67.172.234 - - [28/Feb/2018:09:43:11 -0300] "GET /cormun/static/Resources/PXToolsButtonRight21.png HTTP/1.1" 200 1283
186.67.172.234 - - [28/Feb/2018:09:43:11 -0300] "GET /cormun/static/Resources/PXToolsLoginBottom.png HTTP/1.1" 200 1389
186.67.172.234 - - [28/Feb/2018:09:43:11 -0300] "GET /cormun/static/Resources/ComunLogin.png HTTP/1.1" 200 17326
186.67.172.234 - - [28/Feb/2018:09:43:12 -0300] "GET /cormun/static/Resources/indicator.gif HTTP/1.1" 200 1553
186.67.172.234 - - [28/Feb/2018:09:43:12 -0300] "GET /cormun/servlet/hlogin HTTP/1.1" 200 1733
186.67.172.234 - - [28/Feb/2018:09:43:13 -0300] "GET /favicon.ico HTTP/1.1" 200 21630
186.67.172.234 - - [28/Feb/2018:09:43:26 -0300] "POST /cormun/servlet/hlogin?385100971aa133bf611ed8bb010a064f,gx-no-cache=1519821756145 HTTP/1.1" 200 90
186.67.172.234 - - [28/Feb/2018:09:43:26 -0300] "GET /cormun/servlet/hpexe_link HTTP/1.1" 200 952
186.67.172.234 - - [28/Feb/2018:09:43:26 -0300] "GET /cormun/static/Resources/Spanish/PXTools.css?1155365 HTTP/1.1" 200 89042
186.67.172.234 - - [28/Feb/2018:09:43:26 -0300] "GET /cormun/static/gxcfg.js?20177612121792 HTTP/1.1" 200 953
186.67.172.234 - - [28/Feb/2018:09:43:26 -0300] "GET /cormun/static/hpexe_link.js?20177612121795 HTTP/1.1" 200 625
186.67.172.234 - - [28/Feb/2018:09:43:26 -0300] "GET /cormun/servlet/hhome HTTP/1.1" 200 3957
186.67.172.234 - - [28/Feb/2018:09:43:27 -0300] "GET /cormun/static/gxcfg.js?20175251212442 HTTP/1.1" 200 953
186.67.172.234 - - [28/Feb/2018:09:43:27 -0300] "GET /cormun/static/scaMessage/css/jquery.pnotify.default.css?1716380 HTTP/1.1" 200 1707
186.67.172.234 - - [28/Feb/2018:09:43:27 -0300] "GET /cormun/static/SmoothNavMenu/resources/ddsmoothmenu.css?1012540 HTTP/1.1" 200 2223
186.67.172.234 - - [28/Feb/2018:09:43:27 -0300] "GET /cormun/static/SmoothNavMenu/resources/ddsmoothmenu-v.css?1012540 HTTP/1.1" 200 1188
186.67.172.234 - - [28/Feb/2018:09:43:27 -0300] "GET /cormun/static/PXToolsJavascripts/pexe_autoreload.js HTTP/1.1" 200 1762
186.67.172.234 - - [28/Feb/2018:09:43:27 -0300] "GET /cormun/static/PXToolsJavascripts/pexe_cookies.js HTTP/1.1" 200 792
186.67.172.234 - - [28/Feb/2018:09:43:27 -0300] "GET /cormun/static/PXToolsJavascripts/pexe_windows.js HTTP/1.1" 200 15207
186.67.172.234 - - [28/Feb/2018:09:43:27 -0300] "GET /cormun/static/PXToolsJavascripts/pexe_grid.js HTTP/1.1" 200 7559
186.67.172.234 - - [28/Feb/2018:09:43:27 -0300] "GET /cormun/static/PXToolsJavascripts/pexe_link.js HTTP/1.1" 200 5671
186.67.172.234 - - [28/Feb/2018:09:43:27 -0300] "GET /cormun/static/PXToolsJavascripts/pexe_griddivfix.js HTTP/1.1" 200 6644
186.67.172.234 - - [28/Feb/2018:09:43:27 -0300] "GET /cormun/static/PXToolsJavascripts/pexe_menudivfix.js HTTP/1.1" 200 333
186.67.172.234 - - [28/Feb/2018:09:43:27 -0300] "GET /cormun/static/PXToolsJavascripts/pexe_menus.js HTTP/1.1" 200 1286
186.67.172.234 - - [28/Feb/2018:09:43:27 -0300] "GET /cormun/static/PXToolsJavascripts/pexe_layers.js HTTP/1.1" 200 4114
186.67.172.234 - - [28/Feb/2018:09:43:27 -0300] "GET /cormun/static/PXToolsJavascripts/pexe_oav.js HTTP/1.1" 200 645
186.67.172.234 - - [28/Feb/2018:09:43:27 -0300] "GET /cormun/static/PXToolsJavascripts/pexe_oavdivfix.js HTTP/1.1" 200 639
186.67.172.234 - - [28/Feb/2018:09:43:27 -0300] "GET /cormun/static/PXToolsJavascripts/pexe_popup.js HTTP/1.1" 200 13458
186.67.172.234 - - [28/Feb/2018:09:43:27 -0300] "GET /cormun/static/PXToolsJavascripts/pexe_picture.js HTTP/1.1" 200 689
186.67.172.234 - - [28/Feb/2018:09:43:27 -0300] "GET /cormun/static/Shared/jqueryui/jquery-ui.min.css?1245370 HTTP/1.1" 200 30288
186.67.172.234 - - [28/Feb/2018:09:43:27 -0300] "GET /cormun/static/PXToolsJavascripts/pexe_scrolldiv.js HTTP/1.1" 200 4138
186.67.172.234 - - [28/Feb/2018:09:43:27 -0300] "GET /cormun/static/PXToolsJavascripts/pexe_tabdivfix.js HTTP/1.1" 200 876
186.67.172.234 - - [28/Feb/2018:09:43:27 -0300] "GET /cormun/static/PXToolsJavascripts/pexe_tabs.js HTTP/1.1" 200 3748
186.67.172.234 - - [28/Feb/2018:09:43:27 -0300] "GET /cormun/static/PXToolsJavascripts/PXToolsJavascriptsRender.js HTTP/1.1" 200 367
186.67.172.234 - - [28/Feb/2018:09:43:27 -0300] "GET /cormun/static/PXToolsJavascripts/pexe_upload.js HTTP/1.1" 200 1423
186.67.172.234 - - [28/Feb/2018:09:43:27 -0300] "GET /cormun/static/RunJS/RunJS.js HTTP/1.1" 200 288
186.67.172.234 - - [28/Feb/2018:09:43:27 -0300] "GET /cormun/static/Shared/ext/locale/ext-lang-en.js HTTP/1.1" 200 10940
186.67.172.234 - - [28/Feb/2018:09:43:27 -0300] "GET /cormun/static/hhome.js?20175251212450 HTTP/1.1" 200 777
186.67.172.234 - - [28/Feb/2018:09:43:27 -0300] "GET /cormun/static/hwchdr01.js?201752511465785 HTTP/1.1" 200 1183
186.67.172.234 - - [28/Feb/2018:09:43:27 -0300] "GET /cormun/static/hpexe_recentlink.js?20177611595044 HTTP/1.1" 200 2144
186.67.172.234 - - [28/Feb/2018:09:43:27 -0300] "GET /cormun/static/hpexe_scripts.js?201752511465715 HTTP/1.1" 200 1544
186.67.172.234 - - [28/Feb/2018:09:43:27 -0300] "GET /cormun/static/Resources/PXToolsHeaderSecurity.png HTTP/1.1" 200 4166
186.67.172.234 - - [28/Feb/2018:09:43:27 -0300] "GET /cormun/static/gxui/gxui-all.js HTTP/1.1" 200 107772
186.67.172.234 - - [28/Feb/2018:09:43:27 -0300] "GET /cormun/static/Resources/PXToolsHeaderBackground2.png HTTP/1.1" 200 1174
186.67.172.234 - - [28/Feb/2018:09:43:27 -0300] "GET /cormun/static/Resources/PXToolsHeaderLogin.png HTTP/1.1" 200 4279
186.67.172.234 - - [28/Feb/2018:09:43:27 -0300] "GET /cormun/static/Resources/PXToolsHeaderActionsRight.png HTTP/1.1" 200 1201
186.67.172.234 - - [28/Feb/2018:09:43:27 -0300] "GET /cormun/static/Resources/logo4.png HTTP/1.1" 200 6582
186.67.172.234 - - [28/Feb/2018:09:43:27 -0300] "GET /cormun/static/Resources/PXToolsFooterBackground2.png HTTP/1.1" 200 1172
186.67.172.234 - - [28/Feb/2018:09:43:27 -0300] "GET /cormun/static/Resources/PXToolsHeaderPreferences.png HTTP/1.1" 200 4189
186.67.172.234 - - [28/Feb/2018:09:43:27 -0300] "GET /cormun/static/Resources/PXToolsDataTitle.png HTTP/1.1" 200 1173
186.67.172.234 - - [28/Feb/2018:09:43:28 -0300] "GET /cormun/static/Resources/PXToolsHeaderHome.png HTTP/1.1" 200 4147
186.67.172.234 - - [28/Feb/2018:09:43:28 -0300] "GET /cormun/static/Resources/PXToolsHeaderActionsBackground.png HTTP/1.1" 200 484
186.67.172.234 - - [28/Feb/2018:09:43:28 -0300] "GET /cormun/static/Resources/PXToolsHeaderActionsLeft.png HTTP/1.1" 200 1118
186.67.172.234 - - [28/Feb/2018:09:43:28 -0300] "GET /cormun/static/hpexe_messagepopupcomponent.js?20161017169425 HTTP/1.1" 200 605
186.67.172.234 - - [28/Feb/2018:09:43:28 -0300] "GET /cormun/static/hpexe_messagegenexuscomponent.js?201752511465344 HTTP/1.1" 200 587
186.67.172.234 - - [28/Feb/2018:09:43:28 -0300] "GET /cormun/static/cmcontrolpreferences.js?201752511465670 HTTP/1.1" 200 1375
186.67.172.234 - - [28/Feb/2018:09:43:28 -0300] "GET /cormun/static/SmoothNavMenu/resources/ddsmoothmenu.js HTTP/1.1" 200 12712
186.67.172.234 - - [28/Feb/2018:09:43:28 -0300] "GET /cormun/static/Shared/jquery/jquery-1.4.2.min.js HTTP/1.1" 200 72174
186.67.172.234 - - [28/Feb/2018:09:43:28 -0300] "GET /cormun/static/hpexe_messagecontroller.js?20177611595012 HTTP/1.1" 200 870
186.67.172.234 - - [28/Feb/2018:09:43:28 -0300] "GET /cormun/static/Shared/ext/ext-all.js HTTP/1.1" 200 1289687
186.67.172.234 - - [28/Feb/2018:09:43:28 -0300] "GET /cormun/static/Shared/jqueryui/jquery-ui.min.js HTTP/1.1" 200 240427
186.67.172.234 - - [28/Feb/2018:09:43:28 -0300] "GET /cormun/static/SmoothNavMenu/resources/SmoothNavMenuRender.js HTTP/1.1" 200 5951
186.67.172.234 - - [28/Feb/2018:09:43:28 -0300] "GET /cormun/static/scaMessage/js/jquery.pnotify.min.js HTTP/1.1" 200 13038
186.67.172.234 - - [28/Feb/2018:09:43:28 -0300] "GET /cormun/static/scaMessage/scaMessageRender.js HTTP/1.1" 200 11977
186.67.172.234 - - [28/Feb/2018:09:43:28 -0300] "GET /cormun/static/hmpwkw03.js?20177612122668 HTTP/1.1" 200 3965
186.67.172.234 - - [28/Feb/2018:09:43:29 -0300] "GET /cormun/static/Shared/jquery/jquery-1.10.2.min.js HTTP/1.1" 200 273199
186.67.172.234 - - [28/Feb/2018:09:43:30 -0300] "GET /cormun/servlet/hhome HTTP/1.1" 200 3954
186.67.172.234 - - [28/Feb/2018:09:43:30 -0300] "GET /cormun/static/SmoothNavMenu/resources/images/down.gif HTTP/1.1" 200 854
186.67.172.234 - - [28/Feb/2018:09:43:39 -0300] "GET /cormun/servlet/trlicencias? HTTP/1.1" 200 9592
186.67.172.234 - - [28/Feb/2018:09:43:40 -0300] "GET /cormun/static/calendar.js?85251 HTTP/1.1" 200 26246
186.67.172.234 - - [28/Feb/2018:09:43:40 -0300] "GET /cormun/static/calendar-system.css?75620 HTTP/1.1" 200 5572
186.67.172.234 - - [28/Feb/2018:09:43:40 -0300] "GET /cormun/static/gxui/gxui-all.css?110300 HTTP/1.1" 200 2179
186.67.172.234 - - [28/Feb/2018:09:43:40 -0300] "GET /cormun/static/Resources/Spanish/PXTools.css?17315867 HTTP/1.1" 200 89042
186.67.172.234 - - [28/Feb/2018:09:43:40 -0300] "GET /cormun/static/gxcfg.js?20176272054169 HTTP/1.1" 200 953
186.67.172.234 - - [28/Feb/2018:09:43:40 -0300] "GET /cormun/static/calendar-setup.js?85251 HTTP/1.1" 200 2588
186.67.172.234 - - [28/Feb/2018:09:43:40 -0300] "GET /cormun/static/calendar-es.js?85251 HTTP/1.1" 200 1901
186.67.172.234 - - [28/Feb/2018:09:43:40 -0300] "GET /cormun/static/gxdec.js?85251 HTTP/1.1" 200 19579
186.67.172.234 - - [28/Feb/2018:09:43:40 -0300] "GET /cormun/static/trlicencias.js?20176272054837 HTTP/1.1" 200 41883
186.67.172.234 - - [28/Feb/2018:09:43:40 -0300] "GET /cormun/static/Shared/ext/resources/css/ext-all.css?205870 HTTP/1.1" 200 416045
186.67.172.234 - - [28/Feb/2018:09:43:40 -0300] "GET /cormun/static/Resources/PXTools/calendar.png HTTP/1.1" 200 1306
186.67.172.234 - - [28/Feb/2018:09:43:40 -0300] "GET /cormun/static/Resources/PXToolsDataSearch.png HTTP/1.1" 200 419
186.67.172.234 - - [28/Feb/2018:09:43:40 -0300] "GET /cormun/static/Resources/PXToolsGridFirstDisabled.gif HTTP/1.1" 200 100
186.67.172.234 - - [28/Feb/2018:09:43:41 -0300] "GET /cormun/static/Resources/PXToolsGridPreviousDisabled.gif HTTP/1.1" 200 90
186.67.172.234 - - [28/Feb/2018:09:43:41 -0300] "GET /cormun/static/Resources/PXToolsGridNextDisabled.gif HTTP/1.1" 200 90
186.67.172.234 - - [28/Feb/2018:09:43:41 -0300] "GET /cormun/static/Resources/PXToolsGridLastDisabled.gif HTTP/1.1" 200 98
186.67.172.234 - - [28/Feb/2018:09:43:41 -0300] "GET /cormun/static/Resources/PXToolsGridPage.gif HTTP/1.1" 200 725
186.67.172.234 - - [28/Feb/2018:09:43:41 -0300] "GET /cormun/static/Resources/PXToolsGridNew.png HTTP/1.1" 200 2949
186.67.172.234 - - [28/Feb/2018:09:43:41 -0300] "GET /cormun/static/Resources/PXToolsActionExcel.png HTTP/1.1" 200 3187
186.67.172.234 - - [28/Feb/2018:09:43:41 -0300] "GET /cormun/static/Resources/asc.gif HTTP/1.1" 200 67
186.67.172.234 - - [28/Feb/2018:09:43:41 -0300] "GET /cormun/static/Resources/desc.gif HTTP/1.1" 200 65
186.67.172.234 - - [28/Feb/2018:09:43:41 -0300] "GET /cormun//static/Resources/PXTools/ActionInsert.png HTTP/1.1" 200 1482
186.67.172.234 - - [28/Feb/2018:09:43:41 -0300] "GET /cormun//static/Resources/PXToolsGridDisplay.png HTTP/1.1" 200 362
186.67.172.234 - - [28/Feb/2018:09:43:41 -0300] "GET /cormun//static/Resources/PXToolsActionDisabled.gif HTTP/1.1" 200 53
186.67.172.234 - - [28/Feb/2018:09:43:41 -0300] "GET /cormun//static/Resources/PXToolsActionPrint.png HTTP/1.1" 200 3317
186.67.172.234 - - [28/Feb/2018:09:43:41 -0300] "GET /cormun//static/Resources/PXToolsHeaderHelp.png HTTP/1.1" 200 4055
186.67.172.234 - - [28/Feb/2018:09:43:41 -0300] "GET /cormun//static/Resources/PXToolsHeaderFavorites.png HTTP/1.1" 200 2744
186.67.172.234 - - [28/Feb/2018:09:43:42 -0300] "GET /cormun/static/Shared/ext/resources/themes/images/default/tools/tool-sprites.gif HTTP/1.1" 200 5434
186.67.172.234 - - [28/Feb/2018:09:43:42 -0300] "GET /cormun/static/Shared/ext/resources/themes/images/default/panel/bg-headersPanel.png HTTP/1.1" 200 255
186.67.172.234 - - [28/Feb/2018:09:43:42 -0300] "GET /cormun/servlet/trlicencias? HTTP/1.1" 200 9589
192.168.10.108 - - [28/Feb/2018:09:43:51 -0300] "GET /cormun/servlet/hlogin HTTP/1.1" 200 1729
192.168.10.108 - - [28/Feb/2018:09:43:51 -0300] "GET /cormun/static/gxtimezone.js?85251 HTTP/1.1" 200 5781
192.168.10.108 - - [28/Feb/2018:09:43:51 -0300] "GET /cormun/static/gxcfg.js?20175251213516 HTTP/1.1" 200 953
192.168.10.108 - - [28/Feb/2018:09:43:51 -0300] "GET /cormun/static/Resources/Spanish/PXTools.css?11423723 HTTP/1.1" 200 89042
192.168.10.108 - - [28/Feb/2018:09:43:51 -0300] "GET /cormun/static/messages.spa.js?85251 HTTP/1.1" 200 30736
192.168.10.108 - - [28/Feb/2018:09:43:51 -0300] "GET /cormun/static/hlogin.js?20175251213537 HTTP/1.1" 200 2136
192.168.10.108 - - [28/Feb/2018:09:43:51 -0300] "GET /cormun/static/gxgral.js?85251 HTTP/1.1" 200 384558
192.168.10.108 - - [28/Feb/2018:09:43:51 -0300] "GET /cormun/static/Resources/ComunLogin.png HTTP/1.1" 200 17326
192.168.10.108 - - [28/Feb/2018:09:43:51 -0300] "GET /cormun/static/Resources/PXToolsLoginTop.png HTTP/1.1" 200 1337
192.168.10.108 - - [28/Feb/2018:09:43:51 -0300] "GET /cormun/static/Resources/PXToolsButtonRight21.png HTTP/1.1" 200 1283
192.168.10.108 - - [28/Feb/2018:09:43:51 -0300] "GET /cormun/static/Resources/PXToolsLoginBackground.png HTTP/1.1" 200 1164
192.168.10.108 - - [28/Feb/2018:09:43:51 -0300] "GET /cormun/static/Resources/PXToolsButtonLeft21.png HTTP/1.1" 200 1287
192.168.10.108 - - [28/Feb/2018:09:43:51 -0300] "GET /cormun/static/Resources/PXToolsButtonBackground2.png HTTP/1.1" 200 1181
192.168.10.108 - - [28/Feb/2018:09:43:51 -0300] "GET /cormun/static/Resources/PXToolsLoginBottom.png HTTP/1.1" 200 1389
192.168.10.108 - - [28/Feb/2018:09:43:51 -0300] "GET /cormun/static/Resources/indicator.gif HTTP/1.1" 200 1553
192.168.10.108 - - [28/Feb/2018:09:43:51 -0300] "GET /cormun/servlet/hlogin HTTP/1.1" 200 1734
192.168.10.108 - - [28/Feb/2018:09:43:51 -0300] "GET /favicon.ico HTTP/1.1" 200 21630
190.46.88.54 - - [28/Feb/2018:09:44:13 -0300] "GET /cormun/servlet/trautorizarsolicitud? HTTP/1.1" 200 7299
190.46.88.54 - - [28/Feb/2018:09:44:14 -0300] "GET /cormun/servlet/trautorizarsolicitud? HTTP/1.1" 200 7298
190.46.88.54 - - [28/Feb/2018:09:44:18 -0300] "GET /cormun/servlet/trautorizarsolicitud? HTTP/1.1" 200 7298
190.46.88.54 - - [28/Feb/2018:09:44:19 -0300] "GET /cormun/servlet/trautorizarsolicitud? HTTP/1.1" 200 7298
190.46.88.54 - - [28/Feb/2018:09:44:26 -0300] "POST /cormun/servlet/trautorizarsolicitud?bc4e1d3f4ed4f9ce57b00fc15b4644a2,,gx-no-cache=1519821819080 HTTP/1.1" 200 4399
186.67.172.234 - - [28/Feb/2018:09:44:28 -0300] "POST /cormun/servlet/trlicencias?385100971aa133bf611ed8bb010a064f,,gx-no-cache=1519821817860 HTTP/1.1" 200 7034
186.67.172.234 - - [28/Feb/2018:09:44:31 -0300] "GET /cormun/servlet/licenciaspermisos?INS,0,,, HTTP/1.1" 200 7485
186.67.172.234 - - [28/Feb/2018:09:44:31 -0300] "GET /cormun/static/gxcfg.js?201762917281167 HTTP/1.1" 200 953
186.67.172.234 - - [28/Feb/2018:09:44:31 -0300] "GET /cormun/static/Resources/prompt.gif HTTP/1.1" 200 902
186.67.172.234 - - [28/Feb/2018:09:44:31 -0300] "GET /cormun/static/licenciaspermisos.js?201762917281260 HTTP/1.1" 200 37491
186.67.172.234 - - [28/Feb/2018:09:44:32 -0300] "GET /cormun/servlet/licenciaspermisos?INS,0,,, HTTP/1.1" 200 7485
190.46.88.54 - - [28/Feb/2018:09:44:34 -0300] "POST /cormun/servlet/trautorizarsolicitud?bc4e1d3f4ed4f9ce57b00fc15b4644a2,,gx-no-cache=1519821826875 HTTP/1.1" 200 4401
190.46.88.54 - - [28/Feb/2018:09:44:43 -0300] "POST /cormun/servlet/trautorizarsolicitud?bc4e1d3f4ed4f9ce57b00fc15b4644a2,,gx-no-cache=1519821835573 HTTP/1.1" 200 5789
186.67.203.186 - - [28/Feb/2018:09:45:08 -0300] "GET /cormun/servlet/hlogin HTTP/1.1" 200 1720
186.67.203.186 - - [28/Feb/2018:09:45:10 -0300] "GET /favicon.ico HTTP/1.1" 200 21630
190.46.88.54 - - [28/Feb/2018:09:45:11 -0300] "POST /cormun/servlet/trautorizarsolicitud?bc4e1d3f4ed4f9ce57b00fc15b4644a2,,gx-no-cache=1519821863954 HTTP/1.1" 200 5804
190.46.88.54 - - [28/Feb/2018:09:45:11 -0300] "GET /cormun/static/Shared/jqueryui/images/ui-bg_highlight-soft_100_c6c2c8_1x100.png HTTP/1.1" 404 1117
190.46.88.54 - - [28/Feb/2018:09:45:11 -0300] "GET /cormun/static/Shared/jqueryui/images/ui-icons_8d78a5_256x240.png HTTP/1.1" 404 1089
190.46.88.54 - - [28/Feb/2018:09:45:11 -0300] "GET /cormun/static/Shared/jqueryui/images/ui-icons_82798d_256x240.png HTTP/1.1" 404 1089
190.46.88.54 - - [28/Feb/2018:09:45:11 -0300] "GET /cormun/static/Shared/jqueryui/images/ui-bg_flat_55_fafafa_40x100.png HTTP/1.1" 404 1097
190.46.88.54 - - [28/Feb/2018:09:45:16 -0300] "POST /cormun/servlet/trautorizarsolicitud?bc4e1d3f4ed4f9ce57b00fc15b4644a2,,gx-no-cache=1519821869080 HTTP/1.1" 200 5801
190.46.88.54 - - [28/Feb/2018:09:45:20 -0300] "POST /cormun/servlet/trautorizarsolicitud?bc4e1d3f4ed4f9ce57b00fc15b4644a2,,gx-no-cache=1519821872869 HTTP/1.1" 200 5802
190.46.88.54 - - [28/Feb/2018:09:45:22 -0300] "GET /cormun/servlet/treventos?2018,9688, HTTP/1.1" 200 7984
190.46.88.54 - - [28/Feb/2018:09:45:24 -0300] "GET /cormun/servlet/treventos?2018,9688, HTTP/1.1" 200 7991
190.46.88.54 - - [28/Feb/2018:09:45:31 -0300] "GET /cormun/servlet/trautorizarsolicitud? HTTP/1.1" 200 8696
190.46.88.54 - - [28/Feb/2018:09:45:32 -0300] "GET /cormun/servlet/trautorizarsolicitud? HTTP/1.1" 200 8696
200.72.197.82 - - [28/Feb/2018:09:45:32 -0300] "POST /cormun/servlet/hlogin?b1adb9345a5f6a1aaf3b97aeb24c2787,gx-no-cache=1519821887404 HTTP/1.1" 200 90
200.72.197.82 - - [28/Feb/2018:09:45:32 -0300] "GET /cormun/servlet/hpexe_link HTTP/1.1" 200 949
200.72.197.82 - - [28/Feb/2018:09:45:33 -0300] "GET /cormun/servlet/hhome HTTP/1.1" 200 4196
200.72.197.82 - - [28/Feb/2018:09:45:33 -0300] "GET /cormun/static/gxcfg.js?20175251212442 HTTP/1.1" 200 953
200.72.197.82 - - [28/Feb/2018:09:45:33 -0300] "GET /cormun/static/hhome.js?20175251212450 HTTP/1.1" 200 777
200.72.197.82 - - [28/Feb/2018:09:45:35 -0300] "GET /cormun/servlet/hhome HTTP/1.1" 200 4192
190.46.88.54 - - [28/Feb/2018:09:45:40 -0300] "POST /cormun/servlet/trautorizarsolicitud?bc4e1d3f4ed4f9ce57b00fc15b4644a2,,gx-no-cache=1519821892995 HTTP/1.1" 200 5802
190.46.88.54 - - [28/Feb/2018:09:45:40 -0300] "GET /cormun/static/Shared/jqueryui/images/ui-icons_82798d_256x240.png HTTP/1.1" 404 1089
190.46.88.54 - - [28/Feb/2018:09:45:40 -0300] "GET /cormun/static/Shared/jqueryui/images/ui-bg_highlight-soft_100_c6c2c8_1x100.png HTTP/1.1" 404 1117
190.46.88.54 - - [28/Feb/2018:09:45:40 -0300] "GET /cormun/static/Shared/jqueryui/images/ui-bg_flat_55_fafafa_40x100.png HTTP/1.1" 404 1097
190.46.88.54 - - [28/Feb/2018:09:45:40 -0300] "GET /cormun/static/Shared/jqueryui/images/ui-icons_8d78a5_256x240.png HTTP/1.1" 404 1089
192.168.10.56 - - [28/Feb/2018:09:45:41 -0300] "POST /cormun/servlet/trsolicitudgral?1ed9820a91405bd8f069a708af1e2a5e,gx-no-cache=1519817557810,gx-no-cache=1519821782591 HTTP/1.1" 200 5915
186.103.161.206 - - [28/Feb/2018:09:45:41 -0300] "GET /cormun/servlet/trsolicitudot? HTTP/1.1" 200 7412
186.103.161.206 - - [28/Feb/2018:09:45:42 -0300] "GET /cormun/servlet/trsolicitudot? HTTP/1.1" 200 7411
192.168.10.56 - - [28/Feb/2018:09:45:45 -0300] "POST /cormun/servlet/trsolicitudgral?1ed9820a91405bd8f069a708af1e2a5e,gx-no-cache=1519817557810,gx-no-cache=1519821787293 HTTP/1.1" 200 8095
186.67.172.234 - - [28/Feb/2018:09:45:52 -0300] "GET /cormun/static/Resources/resize.gif HTTP/1.1" 200 77
190.46.88.54 - - [28/Feb/2018:09:45:55 -0300] "GET /cormun/servlet/hlogin HTTP/1.1" 200 1748
190.151.100.218 - - [28/Feb/2018:09:45:57 -0300] "GET /cormun/servlet/solicitudot?INS,0,0, HTTP/1.1" 200 13644
186.67.172.234 - - [28/Feb/2018:09:45:57 -0300] "GET /cormun/servlet/prfichaempleado?,MD,,gxPopupLevel%3D0%3B HTTP/1.1" 200 9300
186.67.172.234 - - [28/Feb/2018:09:45:57 -0300] "GET /cormun/static/gxcfg.js?20177612134814 HTTP/1.1" 200 953
186.67.172.234 - - [28/Feb/2018:09:45:57 -0300] "GET /cormun/static/menusearch.js?201610171694467 HTTP/1.1" 200 1424
186.67.172.234 - - [28/Feb/2018:09:45:57 -0300] "GET /cormun/static/Resources/PXToolsMenuSearch.png HTTP/1.1" 200 2914
186.67.172.234 - - [28/Feb/2018:09:45:57 -0300] "GET /cormun/static/hmpwkw011.js?20177612121862 HTTP/1.1" 200 1968
186.67.172.234 - - [28/Feb/2018:09:45:57 -0300] "GET /cormun/static/prfichaempleado.js?20177612134999 HTTP/1.1" 200 16006
186.67.172.234 - - [28/Feb/2018:09:45:57 -0300] "GET /cormun/static/Resources/PXToolsMenuSearchCancel.png HTTP/1.1" 200 2972
190.151.100.218 - - [28/Feb/2018:09:45:58 -0300] "GET /cormun/servlet/solicitudot?INS,0,0, HTTP/1.1" 200 13649
190.46.88.54 - - [28/Feb/2018:09:46:06 -0300] "POST /cormun/servlet/hlogin?bc4e1d3f4ed4f9ce57b00fc15b4644a2,gx-no-cache=1519821918839 HTTP/1.1" 200 90
190.46.88.54 - - [28/Feb/2018:09:46:06 -0300] "GET /cormun/servlet/hpexe_link HTTP/1.1" 200 956
190.46.88.54 - - [28/Feb/2018:09:46:06 -0300] "GET /cormun/servlet/hhome HTTP/1.1" 200 3986
190.46.88.54 - - [28/Feb/2018:09:46:07 -0300] "GET /cormun/servlet/hhome HTTP/1.1" 200 3984
186.103.132.155 - - [28/Feb/2018:09:46:13 -0300] "POST /cormun/servlet/solicitudot?gx-no-cache=1519821926515 HTTP/1.1" 200 3367
186.103.132.155 - - [28/Feb/2018:09:46:13 -0300] "GET /cormun/static/Shared/jqueryui/images/ui-bg_highlight-soft_100_c6c2c8_1x100.png HTTP/1.1" 404 1117
186.103.132.155 - - [28/Feb/2018:09:46:13 -0300] "GET /cormun/static/Shared/jqueryui/images/ui-icons_ebccce_256x240.png HTTP/1.1" 404 1089
200.72.197.82 - - [28/Feb/2018:09:46:13 -0300] "GET /cormun/static/Shared/jqueryui/images/ui-icons_82798d_256x240.png HTTP/1.1" 404 1089
186.103.132.155 - - [28/Feb/2018:09:46:14 -0300] "GET /cormun/static/Shared/jqueryui/images/ui-bg_flat_55_994d53_40x100.png HTTP/1.1" 404 1097
190.46.88.54 - - [28/Feb/2018:09:46:14 -0300] "GET /cormun/servlet/trsolicitudot? HTTP/1.1" 200 7196
190.46.88.54 - - [28/Feb/2018:09:46:15 -0300] "GET /cormun/servlet/trsolicitudot? HTTP/1.1" 200 7195
186.103.132.155 - - [28/Feb/2018:09:46:23 -0300] "GET /cormun/servlet/solicitudot?e2debc309746756b5eb4a093b58d73869bf4eb7f73d1708af54104dd42188e38cb45ad15458101d70b49fd0ab4146efd,gx-no-cache=1519821938281 HTTP/1.1" 200 111
192.168.10.56 - - [28/Feb/2018:09:46:26 -0300] "POST /cormun/servlet/trsolicitudgral?1ed9820a91405bd8f069a708af1e2a5e,gx-no-cache=1519817557810,gx-no-cache=1519821828005 HTTP/1.1" 200 7717
190.46.88.54 - - [28/Feb/2018:09:46:27 -0300] "POST /cormun/servlet/trsolicitudot?bc4e1d3f4ed4f9ce57b00fc15b4644a2,,gx-no-cache=1519821938253 HTTP/1.1" 200 4278
186.103.132.155 - - [28/Feb/2018:09:46:27 -0300] "GET /cormun/servlet/solicitudot?e2debc309746756b5eb4a093b58d73861a2e1f1a8d58ae82987599511194e7511675e21ebd0c24f669e9fc48e2fe203c,gx-no-cache=1519821942869 HTTP/1.1" 200 30
190.46.88.54 - - [28/Feb/2018:09:46:35 -0300] "POST /cormun/servlet/trsolicitudot?bc4e1d3f4ed4f9ce57b00fc15b4644a2,,gx-no-cache=1519821947634 HTTP/1.1" 200 5675
190.46.88.54 - - [28/Feb/2018:09:46:47 -0300] "POST /cormun/servlet/trsolicitudot?bc4e1d3f4ed4f9ce57b00fc15b4644a2,,gx-no-cache=1519821959650 HTTP/1.1" 200 5653
200.54.247.70 - - [28/Feb/2018:09:46:49 -0300] "GET /cormun/servlet/trvisualizadoreventos? HTTP/1.1" 200 6993
190.46.88.54 - - [28/Feb/2018:09:46:50 -0300] "POST /cormun/servlet/trsolicitudot?bc4e1d3f4ed4f9ce57b00fc15b4644a2,,gx-no-cache=1519821962709 HTTP/1.1" 200 5654
200.54.247.70 - - [28/Feb/2018:09:46:50 -0300] "GET /cormun/servlet/trvisualizadoreventos? HTTP/1.1" 200 6988
190.46.88.54 - - [28/Feb/2018:09:46:51 -0300] "POST /cormun/servlet/trsolicitudot?bc4e1d3f4ed4f9ce57b00fc15b4644a2,,gx-no-cache=1519821964263 HTTP/1.1" 200 5654
186.67.172.234 - - [28/Feb/2018:09:46:51 -0300] "POST /cormun/servlet/prfichaempleado?385100971aa133bf611ed8bb010a064f,,MD,,gxPopupLevel%3D0%3B,gx-no-cache=1519821961328 HTTP/1.1" 200 3430
190.46.88.54 - - [28/Feb/2018:09:46:55 -0300] "GET /cormun/servlet/solicitudot?INS,0,0, HTTP/1.1" 200 13446
190.46.88.54 - - [28/Feb/2018:09:46:56 -0300] "GET /cormun/servlet/solicitudot?INS,0,0, HTTP/1.1" 200 13451
186.67.172.234 - - [28/Feb/2018:09:46:58 -0300] "GET /cormun/servlet/licenciaspermisos?f7a379c925e65a56868ddf3a68a35263b8f90793824597080f41b742b3db6ac602ff38e084c6994761a2b25cf77c639f,gx-no-cache=1519821968783 HTTP/1.1" 200 95
186.67.172.234 - - [28/Feb/2018:09:46:59 -0300] "POST /cormun/servlet/licenciaspermisos?385100971aa133bf611ed8bb010a064f,INS,0,,,,gx-no-cache=1519821968993 HTTP/1.1" 200 4695
190.46.88.54 - - [28/Feb/2018:09:46:59 -0300] "GET /cormun/servlet/trsolicitudot? HTTP/1.1" 200 8616
190.46.88.54 - - [28/Feb/2018:09:47:00 -0300] "GET /cormun/servlet/trsolicitudot? HTTP/1.1" 200 8615
190.46.88.54 - - [28/Feb/2018:09:47:10 -0300] "POST /cormun/servlet/trsolicitudot?bc4e1d3f4ed4f9ce57b00fc15b4644a2,,gx-no-cache=1519821983128 HTTP/1.1" 200 5653
200.54.247.70 - - [28/Feb/2018:09:47:14 -0300] "GET /cormun/servlet/trsolicitudot? HTTP/1.1" 200 7435
200.54.247.70 - - [28/Feb/2018:09:47:15 -0300] "GET /cormun/servlet/trsolicitudot? HTTP/1.1" 200 7434
200.54.247.70 - - [28/Feb/2018:09:47:21 -0300] "GET /cormun/static/menuarrow.gif HTTP/1.1" 404 1015
192.168.10.56 - - [28/Feb/2018:09:47:22 -0300] "POST /cormun/servlet/trsolicitudgral?1ed9820a91405bd8f069a708af1e2a5e,gx-no-cache=1519817557810,gx-no-cache=1519821882711 HTTP/1.1" 200 23767
190.46.88.54 - - [28/Feb/2018:09:47:26 -0300] "POST /cormun/servlet/trsolicitudot?bc4e1d3f4ed4f9ce57b00fc15b4644a2,,gx-no-cache=1519821999268 HTTP/1.1" 200 5653
200.54.247.70 - - [28/Feb/2018:09:47:28 -0300] "POST /cormun/servlet/trsolicitudot?780ec0808315975e4070d3b58004d404,,gx-no-cache=1519821999173 HTTP/1.1" 200 22989
200.54.247.70 - - [28/Feb/2018:09:47:29 -0300] "GET /cormun/static/Resources/PXToolsGridNext.gif HTTP/1.1" 200 369
200.54.247.70 - - [28/Feb/2018:09:47:29 -0300] "GET /cormun/static/Resources/PXToolsGridLast.gif HTTP/1.1" 200 370
190.46.88.54 - - [28/Feb/2018:09:47:30 -0300] "GET /cormun/servlet/solicitudot?INS,0,0, HTTP/1.1" 200 13446
190.46.88.54 - - [28/Feb/2018:09:47:32 -0300] "GET /cormun/servlet/solicitudot?INS,0,0, HTTP/1.1" 200 13451
186.67.203.186 - - [28/Feb/2018:09:47:42 -0300] "GET /cormun/servlet/solicitudot?e2debc309746756b5eb4a093b58d73867ab8cb586804a0b654f87f35d32fc606cf6bbdffc71a2224a55f4ad5d214ea43,gx-no-cache=1519822017435 HTTP/1.1" 200 30
186.67.203.186 - - [28/Feb/2018:09:47:42 -0300] "GET /cormun/servlet/solicitudot?e2debc309746756b5eb4a093b58d7386d6c1acaec1b662d1d6ec80bbb504e05b,gx-no-cache=1519822017612 HTTP/1.1" 200 29
191.116.11.65 - - [28/Feb/2018:09:47:51 -0300] "GET /cormun/servlet/hlogin HTTP/1.1" 200 1725
191.116.11.65 - - [28/Feb/2018:09:47:53 -0300] "POST /cormun/servlet/hlogin?74164d1251c2eedf0530efde5dfe7561,gx-no-cache=1519822024942 HTTP/1.1" 200 90
191.116.11.65 - - [28/Feb/2018:09:47:53 -0300] "GET /cormun/servlet/hpexe_link HTTP/1.1" 200 963
186.67.203.186 - - [28/Feb/2018:09:47:54 -0300] "GET /cormun/servlet/solicitudot?e2debc309746756b5eb4a093b58d73861bdc45d5af7db2acf7167dec14debc613d1845c58bf2274fee2a570350088a24e4fd51f4c59248ec73aa6524bd55343f10424a29d5867cf0a15e880dd8903db15e0d32faf8c54dcea5916be4df8ff18f4ff830b30578b6debc9720115088858800e49287d77a0b7209100a557048328f753fbef0943a06ac467e8b870d16a6cf0042f96f081123b66491063d05ec22ca003bfcca0ddbf107f8997efdea9d0ae54bf69e581b7fead2b0abb80f37ddef119ce1fa6718088508682cb53ba9023ba352af520243267cdc6a61e8ac9563f8168543b4ed656e9e89ee94966c6762e5704a3f922f63413a53ebd9c6e58d24ac194d7fbffdfa2839b92e5796b87edf4bee64acde870bf6e6914fe3da0dd81623e9342fca4c53b9d72a23cf448305ffeb9dd861999ee9b9a0409db4a878568bc55fa1babeed64b30d41a858b41f6ed01eb5,gx-no-cache=1519822029402 HTTP/1.1" 200 297
191.116.11.65 - - [28/Feb/2018:09:47:54 -0300] "GET /cormun/servlet/solicitudot?INS,0,0, HTTP/1.1" 200 13785
200.54.247.70 - - [28/Feb/2018:09:47:54 -0300] "POST /cormun/servlet/trsolicitudot?780ec0808315975e4070d3b58004d404,,gx-no-cache=1519822024617 HTTP/1.1" 200 103
200.54.247.70 - - [28/Feb/2018:09:47:54 -0300] "GET /cormun/SolicitudOT-7613.xls HTTP/1.1" 200 35840
191.116.11.65 - - [28/Feb/2018:09:47:57 -0300] "GET /cormun/servlet/solicitudot?INS,0,0, HTTP/1.1" 200 13789
186.67.203.186 - - [28/Feb/2018:09:48:09 -0300] "GET /cormun/servlet/solicitudot?e2debc309746756b5eb4a093b58d7386d2dd4b0f980adf6d26918b2651f5a4b0c5d7aeccf55ed3720a742ebb6d214fdc9796d164f6186e0a6cf1eebfa63aa3ebae1cf1c2e4b75f9d4728149a8c86475314c0b24d98fcefdac22626f45897c8ab7ee8cd81b931a47caf0dca90cb753363862355f5bc95438c7f564118c10cf017a18efbad17886c9b36d435ef2584b4d77daac8bf726b0ba237e0a0a25e37a9280aaa45007e97325602d82e44a992e7b7559312fb766e4589647e5d4114057c4e4c5a715b61f919cfc9725e1a692156874b8e68bfa0eed916a7a215d7e7c6ab16537a98f84eb9de7e406051a6f897f754480786d87b4fe6b0da15c92d50715d61fda9a8e468e82dcfe7a1b792bc8b041f7a637ee8896e2af9b3678697e7b02fbf7daca8c8596c07b896be141f822b760c7cb123c3106a5bf09095c94221f6a59d4fb9076eda88e1ded14b6bc369102d020cf3a0eec6b8ed4952306f1d18d9a65b5187a54855da1bddc2d4dcc85f5575816665e6934de846949d766b33530a327ef090e5b28d3946d355af5b0cc0e7cda0,gx-no-cache=1519822044165 HTTP/1.1" 200 30
186.67.203.186 - - [28/Feb/2018:09:48:09 -0300] "POST /cormun/servlet/solicitudot?gx-no-cache=1519822044304 HTTP/1.1" 200 30
186.67.203.186 - - [28/Feb/2018:09:48:09 -0300] "POST /cormun/servlet/solicitudot?gx-no-cache=1519822044437 HTTP/1.1" 200 1331
186.67.203.186 - - [28/Feb/2018:09:48:09 -0300] "POST /cormun/servlet/solicitudot?gx-no-cache=1519822044618 HTTP/1.1" 200 38
191.116.11.65 - - [28/Feb/2018:09:48:13 -0300] "POST /cormun/servlet/solicitudot?gx-no-cache=1519822043824 HTTP/1.1" 200 3403
191.116.11.65 - - [28/Feb/2018:09:48:14 -0300] "POST /cormun/servlet/solicitudot?74164d1251c2eedf0530efde5dfe7561,INS,0,0,,gx-no-cache=1519822045754 HTTP/1.1" 200 10575
192.168.10.56 - - [28/Feb/2018:09:48:15 -0300] "POST /cormun/servlet/trsolicitudgral?1ed9820a91405bd8f069a708af1e2a5e,gx-no-cache=1519817557810,gx-no-cache=1519821936680 HTTP/1.1" 200 11107
186.67.203.186 - - [28/Feb/2018:09:48:18 -0300] "POST /cormun/servlet/solicitudot?gx-no-cache=1519822053969 HTTP/1.1" 200 30
191.116.11.65 - - [28/Feb/2018:09:48:20 -0300] "GET /cormun/servlet/solicitudot?28577a3bd3604f4ebda9b50af0719cd9cd7982bbfaddd33e3066a1688a75e1a1bc6498f4d7619e9c1cd2ef859bc4dac0,gx-no-cache=1519822051914 HTTP/1.1" 200 30
191.116.11.65 - - [28/Feb/2018:09:48:20 -0300] "GET /cormun/servlet/solicitudot?28577a3bd3604f4ebda9b50af0719cd99c1f7fd495946b8fd30962872aeb101118746cedfb8ac088104010ace14df87e,gx-no-cache=1519822052099 HTTP/1.1" 200 30
191.116.11.65 - - [28/Feb/2018:09:48:20 -0300] "GET /cormun/servlet/solicitudot?28577a3bd3604f4ebda9b50af0719cd9d806418b242678f6691f0b65b5e50e78,gx-no-cache=1519822052250 HTTP/1.1" 200 53
191.116.11.65 - - [28/Feb/2018:09:48:20 -0300] "POST /cormun/servlet/solicitudot?gx-no-cache=1519822052380 HTTP/1.1" 200 255
186.67.203.186 - - [28/Feb/2018:09:48:20 -0300] "POST /cormun/servlet/solicitudot?gx-no-cache=1519822055795 HTTP/1.1" 200 1331
191.116.11.65 - - [28/Feb/2018:09:48:20 -0300] "GET /cormun/servlet/solicitudot?28577a3bd3604f4ebda9b50af0719cd95fee0e50ac397b493d8c28bdec1d24e5e57a80823b92924e93db6b78c542895353560d78058e4d927c66005ea7166f9ee2f3efc79b3fc47180cae18757b158f50d06091fc0a26d0fd5bc1662f7b956ce8c76c5b18bbebcdbf7046549bd467581ee4c20c943591e31d17747f72310c9aa77c3e7a8176979e902a27ebe81e9744c4121b4fb6c24dcc8f29ca1af934906c2c6e1ae5a1c5243c928732988742bdd27d803da817c53adc931d2da0b3dd16a860a3eecd643f6857769e9284d21ff3780cc316a6778498be9ca802dffc592c9fe2f19a4909eaf9362c4763b884fa19f626ffc04766321d936c67982cf58c2e7785e06e950754685673c86b98fa940114abc509c9728043ce7ad53ec95e2c52d0be357315c70fa2daeb38bd02a4d5ff36538a53a9bd6f4d5a8eb7fcd33bf2f124630c29e52df519fb3c66220215249795d8dd307c737695254a8b5414c46de8fce412d85087d5b72f7ff22fff2aa0e1a727f5f091bedde673dd1a22f33efe6c8e1,gx-no-cache=1519822052602 HTTP/1.1" 200 30
186.67.203.186 - - [28/Feb/2018:09:48:21 -0300] "POST /cormun/servlet/solicitudot?gx-no-cache=1519822055998 HTTP/1.1" 200 38
191.116.11.65 - - [28/Feb/2018:09:48:21 -0300] "POST /cormun/servlet/solicitudot?gx-no-cache=1519822052762 HTTP/1.1" 200 30
191.116.11.65 - - [28/Feb/2018:09:48:21 -0300] "POST /cormun/servlet/solicitudot?gx-no-cache=1519822052929 HTTP/1.1" 200 1337
191.116.11.65 - - [28/Feb/2018:09:48:21 -0300] "POST /cormun/servlet/solicitudot?gx-no-cache=1519822053252 HTTP/1.1" 200 38
191.116.11.65 - - [28/Feb/2018:09:48:32 -0300] "POST /cormun/servlet/solicitudot?gx-no-cache=1519822063978 HTTP/1.1" 200 30
186.67.203.186 - - [28/Feb/2018:09:48:36 -0300] "GET /cormun/servlet/solicitudot?e2debc309746756b5eb4a093b58d7386dfdf0eed7953a59fb812ca5a6be07b7d4a3f922f63413a53ebd9c6e58d24ac194d7fbffdfa2839b92e5796b87edf4bee148dd0c21c9f5ce0707d913e270be489,gx-no-cache=1519822071291 HTTP/1.1" 200 29
186.67.203.186 - - [28/Feb/2018:09:48:36 -0300] "POST /cormun/servlet/solicitudot?gx-no-cache=1519822071413 HTTP/1.1" 200 1317
186.67.203.186 - - [28/Feb/2018:09:48:37 -0300] "POST /cormun/servlet/solicitudot?gx-no-cache=1519822071669 HTTP/1.1" 200 1215
200.120.230.197 - - [28/Feb/2018:09:48:52 -0300] "GET /cormun/servlet/hlogin HTTP/1.1" 200 1714
191.116.11.65 - - [28/Feb/2018:09:48:56 -0300] "POST /cormun/servlet/solicitudot?gx-no-cache=1519822086917 HTTP/1.1" 200 1337
191.116.11.65 - - [28/Feb/2018:09:48:56 -0300] "POST /cormun/servlet/solicitudot?gx-no-cache=1519822088268 HTTP/1.1" 200 38
192.168.10.56 - - [28/Feb/2018:09:49:00 -0300] "POST /cormun/servlet/trsolicitudgral?1ed9820a91405bd8f069a708af1e2a5e,gx-no-cache=1519817557810,gx-no-cache=1519821981466 HTTP/1.1" 200 105
192.168.10.56 - - [28/Feb/2018:09:49:00 -0300] "GET /cormun/SolicitudGral-3927.xls HTTP/1.1" 200 9728
190.151.100.218 - - [28/Feb/2018:09:49:01 -0300] "GET /cormun/static/menuarrow.gif HTTP/1.1" 404 1015
200.120.230.197 - - [28/Feb/2018:09:49:02 -0300] "POST /cormun/servlet/hlogin?a8021b25d52a535760c58a4009d3ce38,gx-no-cache=1519822101060 HTTP/1.1" 200 90
200.120.230.197 - - [28/Feb/2018:09:49:02 -0300] "GET /cormun/servlet/hpexe_link HTTP/1.1" 200 947
200.120.230.197 - - [28/Feb/2018:09:49:03 -0300] "GET /cormun/servlet/hhome HTTP/1.1" 200 4221
191.116.11.65 - - [28/Feb/2018:09:49:06 -0300] "GET /cormun/servlet/solicitudot?28577a3bd3604f4ebda9b50af0719cd9e28aef53a35f5a11aed0fdb65a92621a7c09a76bf487b924e9f847227acd44b40b1b5cef577411be04654f43585f2b9c4bb450886a086357d67260c8ff7c0eeb4944e9510e3a3977e5c1ee8650e40c3aa5dc6ca92e8b4adb7c8be1cb8f6e34403a9a3d473899e160f44e7573dc8480c12dab6067f576057b4f3fc8ba3bb772cb703634fdd3b8c98e44e7b37d8a6a708e,gx-no-cache=1519822097239 HTTP/1.1" 200 29
191.116.11.65 - - [28/Feb/2018:09:49:06 -0300] "POST /cormun/servlet/solicitudot?gx-no-cache=1519822097867 HTTP/1.1" 200 1319
191.116.11.65 - - [28/Feb/2018:09:49:06 -0300] "POST /cormun/servlet/solicitudot?gx-no-cache=1519822098271 HTTP/1.1" 200 1218
200.120.230.197 - - [28/Feb/2018:09:49:07 -0300] "GET /cormun/servlet/hhome HTTP/1.1" 200 4217
190.151.100.218 - - [28/Feb/2018:09:49:07 -0300] "GET /cormun/servlet/solicitudot?e2debc309746756b5eb4a093b58d7386b77c5131e6e95dc3d06cf2140000d9ccdcb8da3f248b82bea7be89f264743778,gx-no-cache=1519822102822 HTTP/1.1" 200 30
190.46.88.54 - - [28/Feb/2018:09:49:09 -0300] "POST /cormun/servlet/solicitudot?gx-no-cache=1519822102254 HTTP/1.1" 200 3411
190.46.88.54 - - [28/Feb/2018:09:49:10 -0300] "POST /cormun/servlet/solicitudot?bc4e1d3f4ed4f9ce57b00fc15b4644a2,INS,0,0,,gx-no-cache=1519822102872 HTTP/1.1" 200 10406
200.120.230.197 - - [28/Feb/2018:09:49:13 -0300] "GET /cormun/servlet/trsolicitudot? HTTP/1.1" 200 7435
200.120.230.197 - - [28/Feb/2018:09:49:13 -0300] "GET /cormun/static/gxui/gxui-all.css?120300 HTTP/1.1" 200 2179
200.120.230.197 - - [28/Feb/2018:09:49:13 -0300] "GET /cormun/static/calendar-system.css?85620 HTTP/1.1" 200 5572
186.79.217.118 - - [28/Feb/2018:09:49:13 -0300] "GET /cormun/static/gxcfg.js?2017111422585916 HTTP/1.1" 200 953
186.79.217.118 - - [28/Feb/2018:09:49:13 -0300] "GET /cormun/static/Resources/Spanish/PXTools.css?1255365 HTTP/1.1" 200 89042
186.79.217.118 - - [28/Feb/2018:09:49:14 -0300] "GET /cormun/static/trsolicitudot.js?201711142259839 HTTP/1.1" 200 54041
200.120.230.197 - - [28/Feb/2018:09:49:14 -0300] "GET /cormun/static/Shared/ext/resources/css/ext-all.css?215870 HTTP/1.1" 200 416045
190.46.88.54 - - [28/Feb/2018:09:49:14 -0300] "GET /cormun/servlet/prbanco?,MD,,gxPopupLevel%3D0%3B HTTP/1.1" 200 6616
200.120.230.197 - - [28/Feb/2018:09:49:17 -0300] "GET /cormun/servlet/trsolicitudot? HTTP/1.1" 200 7434
191.116.11.65 - - [28/Feb/2018:09:49:19 -0300] "GET /cormun/static/menuarrow.gif HTTP/1.1" 404 1015
190.151.100.218 - - [28/Feb/2018:09:49:19 -0300] "POST /cormun/servlet/solicitudot?gx-no-cache=1519822114292 HTTP/1.1" 200 30
190.46.88.54 - - [28/Feb/2018:09:49:19 -0300] "GET /cormun/servlet/solicitudot?83f648b9e1f4edfc311b5db4344dfb1a2f01c9fb30ab5785cdb501ca87b3fc96550a87ee40fcc48529c5471dd436c241,gx-no-cache=1519822112626 HTTP/1.1" 200 30
190.46.88.54 - - [28/Feb/2018:09:49:19 -0300] "GET /cormun/servlet/solicitudot?83f648b9e1f4edfc311b5db4344dfb1ae1e6ba8cf1c5451d2091baecbcf6711c5b30b8037f8228fd8a82ab7ea9a73bf3fbad302a1488eb3b9d1b025201aa9924,gx-no-cache=1519822112748 HTTP/1.1" 200 30
190.46.88.54 - - [28/Feb/2018:09:49:21 -0300] "GET /cormun/servlet/solicitudot?83f648b9e1f4edfc311b5db4344dfb1a58739e2f60978f8569be5a89bb557761,gx-no-cache=1519822114023 HTTP/1.1" 200 53
191.116.11.65 - - [28/Feb/2018:09:49:22 -0300] "GET /cormun/servlet/solicitudot?28577a3bd3604f4ebda9b50af0719cd9de8e3005d4cc288429313c28ac85678939e2e2ccdba7aeded41291db8dd69183,gx-no-cache=1519822114480 HTTP/1.1" 200 30
200.120.230.197 - - [28/Feb/2018:09:49:24 -0300] "GET /cormun/servlet/solicitudot?INS,0,0, HTTP/1.1" 200 13663
200.120.230.197 - - [28/Feb/2018:09:49:24 -0300] "GET /cormun/static/gxcfg.js?201812313224582 HTTP/1.1" 200 953
186.79.217.118 - - [28/Feb/2018:09:49:24 -0300] "GET /cormun/static/Resources/prompt.gif HTTP/1.1" 200 902
186.79.217.118 - - [28/Feb/2018:09:49:25 -0300] "GET /cormun/static/solicitudot.js?201812313224831 HTTP/1.1" 200 72336
186.79.217.118 - - [28/Feb/2018:09:49:26 -0300] "GET /cormun/servlet/solicitudot?INS,0,0, HTTP/1.1" 200 13668
190.46.88.54 - - [28/Feb/2018:09:49:37 -0300] "POST /cormun/servlet/solicitudot?gx-no-cache=1519822130801 HTTP/1.1" 200 297
