191.116.11.65 - - [28/Feb/2018:08:56:45 -0300] "POST /cormun/servlet/solicitudot?gx-no-cache=1519818956984 HTTP/1.1" 200 30
192.168.10.56 - - [28/Feb/2018:08:56:46 -0300] "POST /cormun/servlet/trsolicitudgral?1ed9820a91405bd8f069a708af1e2a5e,gx-no-cache=1519817557810,gx-no-cache=1519818848206 HTTP/1.1" 200 5915
191.116.11.65 - - [28/Feb/2018:08:56:48 -0300] "POST /cormun/servlet/solicitudot?gx-no-cache=1519818957188 HTTP/1.1" 200 1332
191.116.11.65 - - [28/Feb/2018:08:56:48 -0300] "POST /cormun/servlet/solicitudot?gx-no-cache=1519818940327 HTTP/1.1" 500 4102
192.168.10.56 - - [28/Feb/2018:08:56:50 -0300] "POST /cormun/servlet/trsolicitudgral?1ed9820a91405bd8f069a708af1e2a5e,gx-no-cache=1519817557810,gx-no-cache=1519818851997 HTTP/1.1" 200 8133
192.168.10.56 - - [28/Feb/2018:08:57:01 -0300] "POST /cormun/servlet/trsolicitudgral?1ed9820a91405bd8f069a708af1e2a5e,gx-no-cache=1519817557810,gx-no-cache=1519818862936 HTTP/1.1" 200 7788
191.116.11.65 - - [28/Feb/2018:08:57:18 -0300] "GET /cormun/servlet/hlogin HTTP/1.1" 200 1721
191.116.11.65 - - [28/Feb/2018:08:57:20 -0300] "POST /cormun/servlet/hlogin?1ec77dc84a90e19799c1a978d430a9b1,gx-no-cache=1519818992253 HTTP/1.1" 200 90
191.116.11.65 - - [28/Feb/2018:08:57:20 -0300] "GET /cormun/servlet/hpexe_link HTTP/1.1" 200 947
191.116.11.65 - - [28/Feb/2018:08:57:21 -0300] "GET /cormun/servlet/hhome HTTP/1.1" 200 4318
191.116.11.65 - - [28/Feb/2018:08:57:23 -0300] "GET /cormun/servlet/hhome HTTP/1.1" 200 4314
191.116.11.65 - - [28/Feb/2018:08:57:27 -0300] "GET /cormun/servlet/trsolicitudot? HTTP/1.1" 200 16908
191.116.11.65 - - [28/Feb/2018:08:57:30 -0300] "GET /cormun/servlet/trsolicitudot? HTTP/1.1" 200 16906
191.116.11.65 - - [28/Feb/2018:08:57:36 -0300] "POST /cormun/servlet/trsolicitudot?1ec77dc84a90e19799c1a978d430a9b1,,gx-no-cache=1519819007037 HTTP/1.1" 200 105
191.116.11.65 - - [28/Feb/2018:08:57:37 -0300] "GET /cormun/servlet/solicitudot?UPD,2018,9719, HTTP/1.1" 200 15602
191.116.11.65 - - [28/Feb/2018:08:57:40 -0300] "GET /cormun/servlet/solicitudot?UPD,2018,9719, HTTP/1.1" 200 15611
191.116.11.65 - - [28/Feb/2018:08:57:40 -0300] "POST /cormun/servlet/solicitudot?gx-no-cache=1519819012013 HTTP/1.1" 200 3416
191.116.11.65 - - [28/Feb/2018:08:57:41 -0300] "POST /cormun/servlet/solicitudot?1ec77dc84a90e19799c1a978d430a9b1,UPD,2018,9719,,gx-no-cache=1519819012834 HTTP/1.1" 200 11776
191.116.11.65 - - [28/Feb/2018:08:57:42 -0300] "GET /cormun/servlet/solicitudot?a3f98e8e70ffde9007a680fb9b7322af137b84b5c1ac6103cc9d39b91b9822bf38c214504587f1e0c5ba848920862e54,gx-no-cache=1519819013789 HTTP/1.1" 200 30
191.116.11.65 - - [28/Feb/2018:08:57:42 -0300] "GET /cormun/servlet/solicitudot?a3f98e8e70ffde9007a680fb9b7322afd895570cc7d32595c132dbfef0bedcc549bc388fb8946796970fdfc8133fc230,gx-no-cache=1519819013996 HTTP/1.1" 200 30
191.116.11.65 - - [28/Feb/2018:08:57:42 -0300] "GET /cormun/servlet/solicitudot?a3f98e8e70ffde9007a680fb9b7322af93ecb7fda7e9994f570a5fb7d3a38fa57176c5d74c62759aa654a0ad5b5ccc7b6a55907db27546ad5faaeea39624234da99c4648baa910500d1469f65bf376d2,gx-no-cache=1519819014167 HTTP/1.1" 200 59
191.116.11.65 - - [28/Feb/2018:08:57:42 -0300] "POST /cormun/servlet/solicitudot?gx-no-cache=1519819014332 HTTP/1.1" 200 254
191.116.11.65 - - [28/Feb/2018:08:57:43 -0300] "GET /cormun/servlet/solicitudot?a3f98e8e70ffde9007a680fb9b7322afb8c954d38c50102baefa1c865fdaf730b997e9ece9e6b606a56e33443778dc542dc8742bc84d60a3dd252a9de84bd3ac2e0bf9f99c3e5bc710780578bf0322f84530766a2675c1427141ebc93c9453158d8b8079b89100aa4796c326cc9caff4d9227402c20565f9106749d53cf0d8a4ea105da4019eb15b820d72fa7591979eb0d0df0409bcedd79d00bf4e1e59cf36ea3c73b0874da4536d1c5a79419159a41061dd011f2bdb9a22bd882da4c434d05f3b18c63b8fa1d2623cc0cc9549aea2a9170de6103f479172ecd7ff0e84c1cbe7f7517b32a060545ea5a23362bbb3ea9aa3c516dab8a02425c609e163bed915eac511ea3bea73d2c928ce6ff4329fce783cc4476701318ca2cdf81f522e1a74df448ef7c57b5c91df6cfa5a5aa8c31bc88e4ba371dd8046b968d357869054f7f5f7dffae94f4524664905f90b8e6bf9b6a1418f5ca98d059a037c3dd60f00d70f7011fb71cd53b96480d7c6b389e39bcbfa45c2e0e70da23229a1f802f3b336,gx-no-cache=1519819014525 HTTP/1.1" 200 30
191.116.11.65 - - [28/Feb/2018:08:57:43 -0300] "POST /cormun/servlet/solicitudot?gx-no-cache=1519819014740 HTTP/1.1" 200 30
191.116.11.65 - - [28/Feb/2018:08:57:43 -0300] "POST /cormun/servlet/solicitudot?gx-no-cache=1519819015404 HTTP/1.1" 200 1337
191.116.11.65 - - [28/Feb/2018:08:57:44 -0300] "POST /cormun/servlet/solicitudot?gx-no-cache=1519819015688 HTTP/1.1" 200 41
191.116.11.65 - - [28/Feb/2018:08:57:47 -0300] "GET /cormun/servlet/solicitudot?a3f98e8e70ffde9007a680fb9b7322af54865e254f0589cb66ba1f7bf816d0bf825742fa46eda6b1c7645fc11e6d9d0425b7e28294bead55fc5c5a51b5cfe8f321558a45ffe1b58a093713cd11e85c8aa45951cd0c6464247884bce497cc6ba4305b337dd8874ff0074864b97afffd120b9dfa980934faee332304db0ee5d46af4d7da28e8ae3b344ef96730174c4ab34a69c61fc3e372a7f28e706d63819df7,gx-no-cache=1519819018277 HTTP/1.1" 200 29
191.116.11.65 - - [28/Feb/2018:08:57:47 -0300] "POST /cormun/servlet/solicitudot?gx-no-cache=1519819019026 HTTP/1.1" 200 1321
191.116.11.65 - - [28/Feb/2018:08:57:48 -0300] "POST /cormun/servlet/solicitudot?gx-no-cache=1519819019450 HTTP/1.1" 200 1219
191.116.11.65 - - [28/Feb/2018:08:58:07 -0300] "GET /cormun/servlet/solicitudot?a3f98e8e70ffde9007a680fb9b7322af1128c5e30b82cf75a2c6a326587cf13e66902a4bd77272fbacea889c638a24d0,gx-no-cache=1519819038130 HTTP/1.1" 200 30
191.116.11.65 - - [28/Feb/2018:08:58:07 -0300] "POST /cormun/servlet/solicitudot?gx-no-cache=1519819038789 HTTP/1.1" 200 30
191.116.11.65 - - [28/Feb/2018:08:58:08 -0300] "POST /cormun/servlet/solicitudot?1ec77dc84a90e19799c1a978d430a9b1,UPD,2018,9719,,gx-no-cache=1519819038952 HTTP/1.1" 200 93
191.116.11.65 - - [28/Feb/2018:08:58:08 -0300] "GET /cormun/servlet/hpexe_return? HTTP/1.1" 200 1009
191.116.11.65 - - [28/Feb/2018:08:58:09 -0300] "GET /cormun/servlet/trsolicitudot HTTP/1.1" 200 16909
191.116.11.65 - - [28/Feb/2018:08:58:12 -0300] "GET /cormun/servlet/trsolicitudot HTTP/1.1" 200 16905
191.116.11.65 - - [28/Feb/2018:08:59:20 -0300] "POST /cormun/servlet/trsolicitudot?1ec77dc84a90e19799c1a978d430a9b1,gx-no-cache=1519819110632 HTTP/1.1" 200 105
191.116.11.65 - - [28/Feb/2018:08:59:21 -0300] "GET /cormun/servlet/solicitudot?UPD,2018,9717, HTTP/1.1" 200 15588
191.116.11.65 - - [28/Feb/2018:08:59:24 -0300] "GET /cormun/servlet/solicitudot?UPD,2018,9717, HTTP/1.1" 200 15598
191.116.11.65 - - [28/Feb/2018:08:59:25 -0300] "POST /cormun/servlet/solicitudot?gx-no-cache=1519819116435 HTTP/1.1" 200 3414
191.116.11.65 - - [28/Feb/2018:08:59:26 -0300] "POST /cormun/servlet/solicitudot?1ec77dc84a90e19799c1a978d430a9b1,UPD,2018,9717,,gx-no-cache=1519819117141 HTTP/1.1" 200 11747
191.116.11.65 - - [28/Feb/2018:08:59:26 -0300] "GET /cormun/servlet/solicitudot?a3f98e8e70ffde9007a680fb9b7322af252b9a9cf8c672ca204abd525359542cb66801ee7108dff031dd92dc0731caa0,gx-no-cache=1519819118133 HTTP/1.1" 200 30
191.116.11.65 - - [28/Feb/2018:08:59:26 -0300] "GET /cormun/servlet/solicitudot?a3f98e8e70ffde9007a680fb9b7322af77d3d45bc0f91d91310a6a2227def23ea842141c4bd6a6021c2f6b5bab7b0215d3197ae1e52534a88ef4071be31f39e9,gx-no-cache=1519819118329 HTTP/1.1" 200 30
191.116.11.65 - - [28/Feb/2018:08:59:26 -0300] "GET /cormun/servlet/solicitudot?a3f98e8e70ffde9007a680fb9b7322afd8899c4050b716414302b6a466a60336829d7da2e64373aa897be03dc0ae4c62851197668805374d9e5fb419f06e62ef,gx-no-cache=1519819118462 HTTP/1.1" 200 53
191.116.11.65 - - [28/Feb/2018:08:59:27 -0300] "POST /cormun/servlet/solicitudot?gx-no-cache=1519819118617 HTTP/1.1" 200 256
191.116.11.65 - - [28/Feb/2018:08:59:27 -0300] "GET /cormun/servlet/solicitudot?a3f98e8e70ffde9007a680fb9b7322afb8c954d38c50102baefa1c865fdaf730b997e9ece9e6b606a56e33443778dc542dc8742bc84d60a3dd252a9de84bd3ac2e0bf9f99c3e5bc710780578bf0322f84530766a2675c1427141ebc93c9453158d8b8079b89100aa4796c326cc9caff4d9227402c20565f9106749d53cf0d8a4ea105da4019eb15b820d72fa7591979eb0d0df0409bcedd79d00bf4e1e59cf36ea3c73b0874da4536d1c5a79419159a41061dd011f2bdb9a22bd882da4c434d05f3b18c63b8fa1d2623cc0cc9549aea2a9170de6103f479172ecd7ff0e84c1cbe7f7517b32a060545ea5a23362bbb3ea9aa3c516dab8a02425c609e163bed915eac511ea3bea73d2c928ce6ff4329fce783cc4476701318ca2cdf81f522e1a74df448ef7c57b5c91df6cfa5a5aa8c31bc88e4ba371dd8046b968d357869054f7f5f7dffae94f4524664905f90b8e6bf9b6a1418f5ca98d059a037c3dd60f00d70f7011fb71cd53b96480d7c6b389e39bcbfa45c2e0e70da23229a1f802f3b336,gx-no-cache=1519819118797 HTTP/1.1" 200 30
191.116.11.65 - - [28/Feb/2018:08:59:27 -0300] "POST /cormun/servlet/solicitudot?gx-no-cache=1519819118943 HTTP/1.1" 200 30
191.116.11.65 - - [28/Feb/2018:08:59:27 -0300] "POST /cormun/servlet/solicitudot?gx-no-cache=1519819119136 HTTP/1.1" 200 1337
191.116.11.65 - - [28/Feb/2018:08:59:27 -0300] "POST /cormun/servlet/solicitudot?gx-no-cache=1519819119451 HTTP/1.1" 200 41
191.116.11.65 - - [28/Feb/2018:08:59:32 -0300] "GET /cormun/servlet/solicitudot?a3f98e8e70ffde9007a680fb9b7322af54865e254f0589cb66ba1f7bf816d0bf825742fa46eda6b1c7645fc11e6d9d0425b7e28294bead55fc5c5a51b5cfe8f321558a45ffe1b58a093713cd11e85c8aa45951cd0c6464247884bce497cc6ba4305b337dd8874ff0074864b97afffd120b9dfa980934faee332304db0ee5d46af4d7da28e8ae3b344ef96730174c4ab34a69c61fc3e372a7f28e706d63819df7,gx-no-cache=1519819123683 HTTP/1.1" 200 29
191.116.11.65 - - [28/Feb/2018:08:59:34 -0300] "POST /cormun/servlet/solicitudot?gx-no-cache=1519819125508 HTTP/1.1" 200 1321
191.116.11.65 - - [28/Feb/2018:08:59:34 -0300] "POST /cormun/servlet/solicitudot?gx-no-cache=1519819125814 HTTP/1.1" 200 1219
191.116.11.65 - - [28/Feb/2018:09:00:36 -0300] "GET /cormun/servlet/solicitudot?a3f98e8e70ffde9007a680fb9b7322af1128c5e30b82cf75a2c6a326587cf13e66902a4bd77272fbacea889c638a24d0,gx-no-cache=1519819185861 HTTP/1.1" 200 30
191.116.11.65 - - [28/Feb/2018:09:00:36 -0300] "POST /cormun/servlet/solicitudot?gx-no-cache=1519819187931 HTTP/1.1" 200 30
191.116.11.65 - - [28/Feb/2018:09:00:57 -0300] "POST /cormun/servlet/solicitudot?1ec77dc84a90e19799c1a978d430a9b1,UPD,2018,9717,,gx-no-cache=1519819188187 HTTP/1.1" 500 10
191.116.11.65 - - [28/Feb/2018:09:01:38 -0300] "GET /cormun/servlet/hlogin HTTP/1.1" 200 1721
191.116.11.65 - - [28/Feb/2018:09:01:40 -0300] "POST /cormun/servlet/hlogin?1ec77dc84a90e19799c1a978d430a9b1,gx-no-cache=1519819251979 HTTP/1.1" 200 90
191.116.11.65 - - [28/Feb/2018:09:01:40 -0300] "GET /cormun/servlet/hpexe_link HTTP/1.1" 200 966
191.116.11.65 - - [28/Feb/2018:09:01:42 -0300] "GET /cormun/servlet/solicitudot?UPD,2018,9717, HTTP/1.1" 200 15589
192.168.10.56 - - [28/Feb/2018:09:01:43 -0300] "GET /cormun/servlet/solicitudgral?UPD,2018,8152, HTTP/1.1" 200 12928
192.168.10.56 - - [28/Feb/2018:09:01:44 -0300] "GET /cormun/servlet/solicitudgral?UPD,2018,8152, HTTP/1.1" 200 12917
192.168.10.56 - - [28/Feb/2018:09:01:44 -0300] "POST /cormun/servlet/solicitudgral?gx-no-cache=1519819145862 HTTP/1.1" 200 3893
192.168.10.56 - - [28/Feb/2018:09:01:44 -0300] "GET /cormun/servlet/solicitudgral?6c5471a6380a028b68b6ab2a83527a33d84076505e416a26e60f2afd3cb1e89cea98eb8c7e13a35f259754834ef56326cb09fc24c4191bd5f984e07120c0fc6b160c48c9574a9f610bfcc8a54da824f4e4d14be93a7b9c925902df78f6472903fbeaa9c0804122ed6bc6380bc629a34ab0ecc14c3f0a40bb333a162cf7190ea277a189788649c5d9fcbc1b9a97abb92a08a19d03b0638a64b55dec9f4e2386919fbd429a71f5612992136dfce2701107fb9cf2f11adafeae4646b8de716afae856612b1c5cf764852c9625a50d2d0ea527da2081eb7d2c91485772a1de1f95785f10561fb071b24eae72c22f39ea7c32460e9856ea5f5f22ea3cc8e9a308aa14c5016bcb3abfd22bf1f5250db345e66d575fb8e91cca3b832cc37d232b9ddad1942b71823bbe9de9b43598c967dceb665a163fc4502b83c09056733a5bfed43bf4dff8566750086f347e44618b5af78b,gx-no-cache=1519819146161 HTTP/1.1" 200 255
191.116.11.65 - - [28/Feb/2018:09:01:45 -0300] "GET /cormun/servlet/solicitudot?UPD,2018,9717, HTTP/1.1" 200 15598
191.116.11.65 - - [28/Feb/2018:09:01:46 -0300] "POST /cormun/servlet/solicitudot?gx-no-cache=1519819256570 HTTP/1.1" 200 3414
192.168.10.56 - - [28/Feb/2018:09:01:46 -0300] "GET /cormun/servlet/solicitudgral?6c5471a6380a028b68b6ab2a83527a33896c4a6f94292e8d7e3ad9739f234f8094ff5616bd72ee44498ee505ae5db1978bd99c792e14c0460eebc7f49ace59e51647525fba4e5cdb93cb522c3adf15aafc3de0401a8d33bf7d7852b9e9e93bd947abe4e94d720eecab7c32499b7c5202fb384d6b9a7195fb2e7ed0d7d4a7c5b0f91861de796944af8c496367d2468d14a8b25f280a952ba2c14a799e731e799e6df047707feb7365f2230a7a946527fa27513150e6a7b68dad821448f0c36c643e1188307c4fb3d87dd26284cd56b5a1c4880734173da342cdb56b3d7ca8c63ce148f16ba0d0937c50089aacbdb3a3795bf21c294c3e3b459f915e582d5a0a0279bb4489c79462522c451f249164c4397aa62c1dd927b479032ff84956f9a79af57b877dc626286a0e1a92ad1491c5c9ae8dc91c4a68691f0abda12ac115957a0b646785b36d3d53c83fedc1ea7d2fdabdc4db3345611f0b2791e7b4e39550414440a862089ab30710c239827151c84210d390477116ce1a837df418b6cd57c820004e1a679535d84186608e9952f93580c426aeddc761cd7fe500a1d1142c972cf9f2e79e6ecc7f65373fe6e376276e,gx-no-cache=1519819148417 HTTP/1.1" 200 48
192.168.10.56 - - [28/Feb/2018:09:01:47 -0300] "POST /cormun/servlet/solicitudgral?1ed9820a91405bd8f069a708af1e2a5e,UPD,2018,8152,,gx-no-cache=1519819148468 HTTP/1.1" 200 11818
192.168.10.56 - - [28/Feb/2018:09:01:47 -0300] "GET /cormun/servlet/solicitudgral?6c5471a6380a028b68b6ab2a83527a33f6b666d93107cd1d2f61052345109dd89a3d1080aaac34784c28aa69b5dc30139041f20d794116f778a6fdc7d741b62a630ebb2ffb29bcda7b0a6ad35530b19656c2ea8e6f8af6e551c37a224a3e33087829020746c1bb148dea0a31f9404e02c7c3096bd52ea5e7800cbaa613d858362a38b593a0f8d6a1fbe8bcc3e9b191d2dea0d1ed014ad905f7429048df16adce,gx-no-cache=1519819149197 HTTP/1.1" 200 29
192.168.10.56 - - [28/Feb/2018:09:01:47 -0300] "POST /cormun/servlet/solicitudgral?gx-no-cache=1519819149227 HTTP/1.1" 200 1297
191.116.11.65 - - [28/Feb/2018:09:01:47 -0300] "POST /cormun/servlet/solicitudot?1ec77dc84a90e19799c1a978d430a9b1,UPD,2018,9717,,gx-no-cache=1519819258222 HTTP/1.1" 200 11748
192.168.10.56 - - [28/Feb/2018:09:01:47 -0300] "POST /cormun/servlet/solicitudgral?gx-no-cache=1519819149349 HTTP/1.1" 200 1219
191.116.11.65 - - [28/Feb/2018:09:01:47 -0300] "GET /cormun/servlet/solicitudot?a3f98e8e70ffde9007a680fb9b7322af252b9a9cf8c672ca204abd525359542cb66801ee7108dff031dd92dc0731caa0,gx-no-cache=1519819259559 HTTP/1.1" 200 30
191.116.11.65 - - [28/Feb/2018:09:01:48 -0300] "GET /cormun/servlet/solicitudot?a3f98e8e70ffde9007a680fb9b7322af77d3d45bc0f91d91310a6a2227def23ea842141c4bd6a6021c2f6b5bab7b0215d3197ae1e52534a88ef4071be31f39e9,gx-no-cache=1519819259742 HTTP/1.1" 200 30
191.116.11.65 - - [28/Feb/2018:09:01:48 -0300] "GET /cormun/servlet/solicitudot?a3f98e8e70ffde9007a680fb9b7322afd8899c4050b716414302b6a466a60336829d7da2e64373aa897be03dc0ae4c62851197668805374d9e5fb419f06e62ef,gx-no-cache=1519819259905 HTTP/1.1" 200 53
191.116.11.65 - - [28/Feb/2018:09:01:48 -0300] "POST /cormun/servlet/solicitudot?gx-no-cache=1519819260073 HTTP/1.1" 200 256
191.116.11.65 - - [28/Feb/2018:09:01:48 -0300] "GET /cormun/servlet/solicitudot?a3f98e8e70ffde9007a680fb9b7322afb8c954d38c50102baefa1c865fdaf730b997e9ece9e6b606a56e33443778dc542dc8742bc84d60a3dd252a9de84bd3ac2e0bf9f99c3e5bc710780578bf0322f84530766a2675c1427141ebc93c9453158d8b8079b89100aa4796c326cc9caff4d9227402c20565f9106749d53cf0d8a4ea105da4019eb15b820d72fa7591979eb0d0df0409bcedd79d00bf4e1e59cf36ea3c73b0874da4536d1c5a79419159a41061dd011f2bdb9a22bd882da4c434d05f3b18c63b8fa1d2623cc0cc9549aea2a9170de6103f479172ecd7ff0e84c1cbe7f7517b32a060545ea5a23362bbb3ea9aa3c516dab8a02425c609e163bed915eac511ea3bea73d2c928ce6ff4329fce783cc4476701318ca2cdf81f522e1a74df448ef7c57b5c91df6cfa5a5aa8c31bc88e4ba371dd8046b968d357869054f7f5f7dffae94f4524664905f90b8e6bf9b6a1418f5ca98d059a037c3dd60f00d70f7011fb71cd53b96480d7c6b389e39bcbfa45c2e0e70da23229a1f802f3b336,gx-no-cache=1519819260271 HTTP/1.1" 200 30
191.116.11.65 - - [28/Feb/2018:09:01:48 -0300] "POST /cormun/servlet/solicitudot?gx-no-cache=1519819260421 HTTP/1.1" 200 30
192.168.10.56 - - [28/Feb/2018:09:01:55 -0300] "POST /cormun/servlet/solicitudgral?1ed9820a91405bd8f069a708af1e2a5e,UPD,2018,8152,,gx-no-cache=1519819157108 HTTP/1.1" 200 93
192.168.10.56 - - [28/Feb/2018:09:01:55 -0300] "GET /cormun/servlet/hpexe_return? HTTP/1.1" 200 1023
192.168.10.56 - - [28/Feb/2018:09:01:56 -0300] "GET /cormun/servlet/trsolicitudgral?gx-no-cache=1519817557810 HTTP/1.1" 200 10790
192.168.10.56 - - [28/Feb/2018:09:01:56 -0300] "GET /cormun/servlet/trsolicitudgral?gx-no-cache=1519817557810 HTTP/1.1" 200 10807
186.67.164.142 - - [28/Feb/2018:09:02:05 -0300] "GET /cormun/servlet/trsolicitudot? HTTP/1.1" 200 7205
186.67.164.142 - - [28/Feb/2018:09:02:05 -0300] "GET /cormun/servlet/trsolicitudot? HTTP/1.1" 200 7185
186.67.164.142 - - [28/Feb/2018:09:02:08 -0300] "GET /cormun/servlet/solicitudot?INS,0,0, HTTP/1.1" 200 13422
191.116.11.65 - - [28/Feb/2018:09:02:09 -0300] "POST /cormun/servlet/solicitudot?gx-no-cache=1519819260621 HTTP/1.1" 500 4102
186.67.164.142 - - [28/Feb/2018:09:02:09 -0300] "GET /cormun/servlet/solicitudot?INS,0,0, HTTP/1.1" 200 13427
191.116.11.65 - - [28/Feb/2018:09:02:09 -0300] "POST /cormun/servlet/solicitudot?gx-no-cache=1519819281387 HTTP/1.1" 200 41
192.168.10.56 - - [28/Feb/2018:09:02:12 -0300] "POST /cormun/servlet/trsolicitudgral?1ed9820a91405bd8f069a708af1e2a5e,gx-no-cache=1519817557810,gx-no-cache=1519819174395 HTTP/1.1" 200 6143
192.168.10.56 - - [28/Feb/2018:09:02:12 -0300] "GET /cormun/static/Shared/jqueryui/images/ui-icons_82798d_256x240.png HTTP/1.1" 404 1089
192.168.10.56 - - [28/Feb/2018:09:02:12 -0300] "GET /cormun/static/Shared/jqueryui/images/ui-bg_flat_55_fafafa_40x100.png HTTP/1.1" 404 1097
192.168.10.56 - - [28/Feb/2018:09:02:12 -0300] "GET /cormun/static/Shared/jqueryui/images/ui-bg_highlight-soft_100_c6c2c8_1x100.png HTTP/1.1" 404 1117
192.168.10.56 - - [28/Feb/2018:09:02:12 -0300] "GET /cormun/static/Shared/jqueryui/images/ui-icons_8d78a5_256x240.png HTTP/1.1" 404 1089
186.67.164.142 - - [28/Feb/2018:09:02:17 -0300] "POST /cormun/servlet/solicitudot?gx-no-cache=1519819289416 HTTP/1.1" 200 3350
186.67.164.142 - - [28/Feb/2018:09:02:17 -0300] "GET /cormun/static/Shared/jqueryui/images/ui-bg_highlight-soft_100_c6c2c8_1x100.png HTTP/1.1" 404 1117
186.67.164.142 - - [28/Feb/2018:09:02:17 -0300] "GET /cormun/static/Shared/jqueryui/images/ui-bg_flat_55_994d53_40x100.png HTTP/1.1" 404 1097
186.67.164.142 - - [28/Feb/2018:09:02:17 -0300] "GET /cormun/static/Shared/jqueryui/images/ui-icons_82798d_256x240.png HTTP/1.1" 404 1089
186.67.164.142 - - [28/Feb/2018:09:02:17 -0300] "GET /cormun/servlet/solicitudot?26e0d370e89a3d143c79b8d7211f3b289e63b4b591e92f07a6ae6314e82043b8,gx-no-cache=1519819289829 HTTP/1.1" 200 111
186.67.164.142 - - [28/Feb/2018:09:02:17 -0300] "GET /cormun/static/Shared/jqueryui/images/ui-icons_ebccce_256x240.png HTTP/1.1" 404 1089
186.67.164.142 - - [28/Feb/2018:09:02:17 -0300] "GET /cormun/servlet/solicitudot?26e0d370e89a3d143c79b8d7211f3b28a14ebc05dbe09ba574dae1796cd83379,gx-no-cache=1519819289971 HTTP/1.1" 200 94
186.67.164.142 - - [28/Feb/2018:09:02:17 -0300] "GET /cormun/servlet/solicitudot?26e0d370e89a3d143c79b8d7211f3b28e12d1fda67085ddf6131412d168e4fd8,gx-no-cache=1519819290057 HTTP/1.1" 200 29
186.67.164.142 - - [28/Feb/2018:09:02:17 -0300] "GET /cormun/servlet/solicitudot?26e0d370e89a3d143c79b8d7211f3b28ae243bee8240f0cb1956bfde3f0a8f0934947b0ac830758e77f65b9ac7fc7f22dac3ad7917cd0b6be52b383aef1fb1e93a47c884a03d8759201d2774876dc71e117d0d17c9b1af39f440a0b551cecf7580d33fcb18609f4037c013d0e0406517dc336465321dab1504a6a7f87eefb6f2353d0a4f02876fd1117c53b922ba638826a889ac757901141c5b31ce90fda85bbe2b0953ac715b45103641c4560591d4f534f0a56412af77670ca2907c51f090c087f9be2a1b8efb9505b4a6d920e15f26ec094823b330c9837021253bc70be2a4a286e52fe9e519ca6b3431b3bf55e73753ecd31b437afd97770e446eda5ec96f081f2c5fe081a9d3ab255411c0140d13c327edb9c9bf161e2b60cd9e5104c5e2f68a1af69173d763268a60657e5fa0d0e7c2a555448628d41db3c6f582aa39e45083430ad6e15901d9488f75501c6c,gx-no-cache=1519819290148 HTTP/1.1" 200 297
186.67.164.142 - - [28/Feb/2018:09:02:17 -0300] "GET /cormun/servlet/solicitudot?26e0d370e89a3d143c79b8d7211f3b287fc05692a1525ca325d1606663db92dd1002b20eec9b67c6133b834dc4b3e065c4e78b216b09328f7474734c7ef7435dbb5a811aabd7a7db6e067d9c9eeadd3183e4df576396464810ff6dc061884d90b9b52c8eb3a5eb86d9ae236d03972a5a946bf20625854a0a3554d7808c6dbbc23d824a57b1bccb0ef71f545f862cd76e2bf6a5791aec537fa59eb0ba2ee0576129c4e6085e9e2d8349d2ed0a77f44d650ff20ab2bda76bef9353afc3a5bf4358d41fd6595afdbe720e5d0a152891cae6d00cd71c9a0cb78ff510a218535233ca21efa9f7849b9ee8b12e2da88224b7b91821112e36dbbf5ba86c2c33ce38e071a165eadc224a0994bf6dcc8c220e9aedc834888b4c707a940fae859f5de586efc0d2c379eb6e1c019925698efc251839cd2420189823a49633a324c45100a8b1d8c2534fdb12cef0d25328de573751d02a13855d4e9adce47b5479c13687635d81f53e2ab75d3abb9d44d7ed0af2886bacef3cc8795b49b326516def4cb69ff442b93245e8335551bc6e2a8a87c42663,gx-no-cache=1519819290264 HTTP/1.1" 200 30
186.67.164.142 - - [28/Feb/2018:09:02:17 -0300] "POST /cormun/servlet/solicitudot?gx-no-cache=1519819290348 HTTP/1.1" 200 30
191.116.11.65 - - [28/Feb/2018:09:02:18 -0300] "GET /cormun/servlet/hlogin HTTP/1.1" 200 1721
186.67.164.142 - - [28/Feb/2018:09:02:18 -0300] "POST /cormun/servlet/solicitudot?gx-no-cache=1519819290458 HTTP/1.1" 200 1331
186.67.164.142 - - [28/Feb/2018:09:02:18 -0300] "POST /cormun/servlet/solicitudot?gx-no-cache=1519819290662 HTTP/1.1" 200 38
191.116.11.65 - - [28/Feb/2018:09:02:20 -0300] "POST /cormun/servlet/hlogin?1ec77dc84a90e19799c1a978d430a9b1,gx-no-cache=1519819292156 HTTP/1.1" 200 90
191.116.11.65 - - [28/Feb/2018:09:02:20 -0300] "GET /cormun/servlet/hpexe_link HTTP/1.1" 200 966
191.116.11.65 - - [28/Feb/2018:09:02:21 -0300] "GET /cormun/servlet/solicitudot?UPD,2018,9717, HTTP/1.1" 200 15589
192.168.10.56 - - [28/Feb/2018:09:02:22 -0300] "POST /cormun/servlet/trsolicitudgral?1ed9820a91405bd8f069a708af1e2a5e,gx-no-cache=1519817557810,gx-no-cache=1519819184126 HTTP/1.1" 200 8848
191.116.11.65 - - [28/Feb/2018:09:02:25 -0300] "POST /cormun/servlet/solicitudot?gx-no-cache=1519819296403 HTTP/1.1" 200 3414
191.116.11.65 - - [28/Feb/2018:09:02:25 -0300] "GET /cormun/servlet/solicitudot?UPD,2018,9717, HTTP/1.1" 200 15598
191.116.11.65 - - [28/Feb/2018:09:02:26 -0300] "POST /cormun/servlet/solicitudot?1ec77dc84a90e19799c1a978d430a9b1,UPD,2018,9717,,gx-no-cache=1519819297831 HTTP/1.1" 200 11748
191.116.11.65 - - [28/Feb/2018:09:02:28 -0300] "GET /cormun/servlet/solicitudot?a3f98e8e70ffde9007a680fb9b7322af252b9a9cf8c672ca204abd525359542cb66801ee7108dff031dd92dc0731caa0,gx-no-cache=1519819298846 HTTP/1.1" 200 30
191.116.11.65 - - [28/Feb/2018:09:02:28 -0300] "GET /cormun/servlet/solicitudot?a3f98e8e70ffde9007a680fb9b7322af77d3d45bc0f91d91310a6a2227def23ea842141c4bd6a6021c2f6b5bab7b0215d3197ae1e52534a88ef4071be31f39e9,gx-no-cache=1519819299909 HTTP/1.1" 200 30
191.116.11.65 - - [28/Feb/2018:09:02:28 -0300] "GET /cormun/servlet/solicitudot?a3f98e8e70ffde9007a680fb9b7322afd8899c4050b716414302b6a466a60336829d7da2e64373aa897be03dc0ae4c62851197668805374d9e5fb419f06e62ef,gx-no-cache=1519819300062 HTTP/1.1" 200 53
191.116.11.65 - - [28/Feb/2018:09:02:28 -0300] "POST /cormun/servlet/solicitudot?gx-no-cache=1519819300236 HTTP/1.1" 200 256
191.116.11.65 - - [28/Feb/2018:09:02:28 -0300] "GET /cormun/servlet/solicitudot?a3f98e8e70ffde9007a680fb9b7322afb8c954d38c50102baefa1c865fdaf730b997e9ece9e6b606a56e33443778dc542dc8742bc84d60a3dd252a9de84bd3ac2e0bf9f99c3e5bc710780578bf0322f84530766a2675c1427141ebc93c9453158d8b8079b89100aa4796c326cc9caff4d9227402c20565f9106749d53cf0d8a4ea105da4019eb15b820d72fa7591979eb0d0df0409bcedd79d00bf4e1e59cf36ea3c73b0874da4536d1c5a79419159a41061dd011f2bdb9a22bd882da4c434d05f3b18c63b8fa1d2623cc0cc9549aea2a9170de6103f479172ecd7ff0e84c1cbe7f7517b32a060545ea5a23362bbb3ea9aa3c516dab8a02425c609e163bed915eac511ea3bea73d2c928ce6ff4329fce783cc4476701318ca2cdf81f522e1a74df448ef7c57b5c91df6cfa5a5aa8c31bc88e4ba371dd8046b968d357869054f7f5f7dffae94f4524664905f90b8e6bf9b6a1418f5ca98d059a037c3dd60f00d70f7011fb71cd53b96480d7c6b389e39bcbfa45c2e0e70da23229a1f802f3b336,gx-no-cache=1519819300423 HTTP/1.1" 200 30
191.116.11.65 - - [28/Feb/2018:09:02:29 -0300] "POST /cormun/servlet/solicitudot?gx-no-cache=1519819300588 HTTP/1.1" 200 30
191.116.11.65 - - [28/Feb/2018:09:02:29 -0300] "POST /cormun/servlet/solicitudot?gx-no-cache=1519819300781 HTTP/1.1" 200 1337
191.116.11.65 - - [28/Feb/2018:09:02:29 -0300] "POST /cormun/servlet/solicitudot?gx-no-cache=1519819301141 HTTP/1.1" 200 41
191.116.11.65 - - [28/Feb/2018:09:02:41 -0300] "GET /cormun/servlet/solicitudot?a3f98e8e70ffde9007a680fb9b7322af54865e254f0589cb66ba1f7bf816d0bf825742fa46eda6b1c7645fc11e6d9d0425b7e28294bead55fc5c5a51b5cfe8f321558a45ffe1b58a093713cd11e85c8aa45951cd0c6464247884bce497cc6ba4305b337dd8874ff0074864b97afffd120b9dfa980934faee332304db0ee5d46af4d7da28e8ae3b344ef96730174c4ab34a69c61fc3e372a7f28e706d63819df7,gx-no-cache=1519819312382 HTTP/1.1" 200 29
191.116.11.65 - - [28/Feb/2018:09:02:42 -0300] "POST /cormun/servlet/solicitudot?gx-no-cache=1519819313504 HTTP/1.1" 200 1321
191.116.11.65 - - [28/Feb/2018:09:02:42 -0300] "POST /cormun/servlet/solicitudot?gx-no-cache=1519819313849 HTTP/1.1" 200 1219
191.116.11.65 - - [28/Feb/2018:09:02:42 -0300] "GET /cormun/servlet/solicitudot?a3f98e8e70ffde9007a680fb9b7322af1128c5e30b82cf75a2c6a326587cf13e66902a4bd77272fbacea889c638a24d0,gx-no-cache=1519819314136 HTTP/1.1" 200 30
191.116.11.65 - - [28/Feb/2018:09:02:42 -0300] "POST /cormun/servlet/solicitudot?gx-no-cache=1519819314257 HTTP/1.1" 200 30
191.116.11.65 - - [28/Feb/2018:09:02:43 -0300] "POST /cormun/servlet/solicitudot?1ec77dc84a90e19799c1a978d430a9b1,UPD,2018,9717,,gx-no-cache=1519819314458 HTTP/1.1" 200 93
191.116.11.65 - - [28/Feb/2018:09:02:43 -0300] "GET /cormun/servlet/hpexe_return? HTTP/1.1" 200 1009
191.116.11.65 - - [28/Feb/2018:09:02:44 -0300] "GET /cormun/servlet/trsolicitudot HTTP/1.1" 200 16909
192.168.10.56 - - [28/Feb/2018:09:02:45 -0300] "POST /cormun/servlet/trsolicitudgral?1ed9820a91405bd8f069a708af1e2a5e,gx-no-cache=1519817557810,gx-no-cache=1519819206767 HTTP/1.1" 200 5915
191.116.11.65 - - [28/Feb/2018:09:02:47 -0300] "GET /cormun/servlet/trsolicitudot HTTP/1.1" 200 16905
192.168.10.56 - - [28/Feb/2018:09:02:51 -0300] "POST /cormun/servlet/trsolicitudgral?1ed9820a91405bd8f069a708af1e2a5e,gx-no-cache=1519817557810,gx-no-cache=1519819213127 HTTP/1.1" 200 8846
191.116.11.65 - - [28/Feb/2018:09:02:54 -0300] "GET /cormun/servlet/solicitudot?INS,0,0, HTTP/1.1" 200 13778
191.116.11.65 - - [28/Feb/2018:09:02:57 -0300] "GET /cormun/servlet/solicitudot?INS,0,0, HTTP/1.1" 200 13783
192.168.10.56 - - [28/Feb/2018:09:03:10 -0300] "POST /cormun/servlet/trsolicitudgral?1ed9820a91405bd8f069a708af1e2a5e,gx-no-cache=1519817557810,gx-no-cache=1519819232255 HTTP/1.1" 200 10073
191.116.11.65 - - [28/Feb/2018:09:03:13 -0300] "POST /cormun/servlet/solicitudot?gx-no-cache=1519819343293 HTTP/1.1" 200 3398
192.168.10.56 - - [28/Feb/2018:09:03:26 -0300] "POST /cormun/servlet/trsolicitudgral?1ed9820a91405bd8f069a708af1e2a5e,gx-no-cache=1519817557810,gx-no-cache=1519819247593 HTTP/1.1" 200 8491
192.168.10.56 - - [28/Feb/2018:09:03:35 -0300] "POST /cormun/servlet/trsolicitudgral?1ed9820a91405bd8f069a708af1e2a5e,gx-no-cache=1519817557810,gx-no-cache=1519819256974 HTTP/1.1" 200 8846
191.116.11.65 - - [28/Feb/2018:09:03:37 -0300] "POST /cormun/servlet/solicitudot?1ec77dc84a90e19799c1a978d430a9b1,INS,0,0,,gx-no-cache=1519819345242 HTTP/1.1" 500 10
192.168.10.56 - - [28/Feb/2018:09:03:46 -0300] "POST /cormun/servlet/trsolicitudgral?1ed9820a91405bd8f069a708af1e2a5e,gx-no-cache=1519817557810,gx-no-cache=1519819267781 HTTP/1.1" 200 8848
192.168.10.56 - - [28/Feb/2018:09:04:01 -0300] "POST /cormun/servlet/trsolicitudgral?1ed9820a91405bd8f069a708af1e2a5e,gx-no-cache=1519817557810,gx-no-cache=1519819283221 HTTP/1.1" 200 5918
192.168.10.56 - - [28/Feb/2018:09:04:10 -0300] "POST /cormun/servlet/trsolicitudgral?1ed9820a91405bd8f069a708af1e2a5e,gx-no-cache=1519817557810,gx-no-cache=1519819292047 HTTP/1.1" 200 10073
192.168.10.56 - - [28/Feb/2018:09:04:17 -0300] "POST /cormun/servlet/trsolicitudgral?1ed9820a91405bd8f069a708af1e2a5e,gx-no-cache=1519817557810,gx-no-cache=1519819299129 HTTP/1.1" 200 8491
192.168.10.56 - - [28/Feb/2018:09:04:24 -0300] "POST /cormun/servlet/trsolicitudgral?1ed9820a91405bd8f069a708af1e2a5e,gx-no-cache=1519817557810,gx-no-cache=1519819305496 HTTP/1.1" 200 10073
191.116.11.65 - - [28/Feb/2018:09:04:39 -0300] "GET /cormun/servlet/hlogin HTTP/1.1" 200 1725
191.116.11.65 - - [28/Feb/2018:09:04:41 -0300] "POST /cormun/servlet/hlogin?74164d1251c2eedf0530efde5dfe7561,gx-no-cache=1519819432557 HTTP/1.1" 200 90
191.116.11.65 - - [28/Feb/2018:09:04:41 -0300] "GET /cormun/servlet/hpexe_link HTTP/1.1" 200 952
191.116.11.65 - - [28/Feb/2018:09:04:41 -0300] "GET /cormun/servlet/hhome HTTP/1.1" 200 4322
191.116.11.65 - - [28/Feb/2018:09:04:43 -0300] "GET /cormun/servlet/hhome HTTP/1.1" 200 4318
191.116.11.65 - - [28/Feb/2018:09:04:47 -0300] "GET /cormun/servlet/trsolicitudot? HTTP/1.1" 200 16911
191.116.11.65 - - [28/Feb/2018:09:04:50 -0300] "GET /cormun/servlet/trsolicitudot? HTTP/1.1" 200 16908
191.116.11.65 - - [28/Feb/2018:09:04:55 -0300] "GET /cormun/servlet/solicitudot?INS,0,0, HTTP/1.1" 200 13783
192.168.10.56 - - [28/Feb/2018:09:04:57 -0300] "POST /cormun/servlet/trsolicitudgral?1ed9820a91405bd8f069a708af1e2a5e,gx-no-cache=1519817557810,gx-no-cache=1519819339097 HTTP/1.1" 200 8491
191.116.11.65 - - [28/Feb/2018:09:04:57 -0300] "GET /cormun/servlet/solicitudot?INS,0,0, HTTP/1.1" 200 13788
192.168.10.56 - - [28/Feb/2018:09:05:06 -0300] "POST /cormun/servlet/trsolicitudgral?1ed9820a91405bd8f069a708af1e2a5e,gx-no-cache=1519817557810,gx-no-cache=1519819347832 HTTP/1.1" 200 10073
191.116.11.65 - - [28/Feb/2018:09:05:09 -0300] "POST /cormun/servlet/solicitudot?gx-no-cache=1519819460454 HTTP/1.1" 200 3398
191.116.11.65 - - [28/Feb/2018:09:05:10 -0300] "POST /cormun/servlet/solicitudot?74164d1251c2eedf0530efde5dfe7561,INS,0,0,,gx-no-cache=1519819461657 HTTP/1.1" 200 10564
191.116.11.65 - - [28/Feb/2018:09:05:15 -0300] "GET /cormun/servlet/solicitudot?28577a3bd3604f4ebda9b50af0719cd9d9271b11c928dae9316983239adbb315bc6498f4d7619e9c1cd2ef859bc4dac0,gx-no-cache=1519819465591 HTTP/1.1" 200 30
191.116.11.65 - - [28/Feb/2018:09:05:15 -0300] "GET /cormun/servlet/solicitudot?28577a3bd3604f4ebda9b50af0719cd9aac69016fce4e84926866d2014521356baede591d826fd51c6e5083280f680d60fbd061043762efb720463c858a39bd8,gx-no-cache=1519819467046 HTTP/1.1" 200 30
191.116.11.65 - - [28/Feb/2018:09:05:15 -0300] "GET /cormun/servlet/solicitudot?28577a3bd3604f4ebda9b50af0719cd9d806418b242678f6691f0b65b5e50e78,gx-no-cache=1519819467212 HTTP/1.1" 200 53
191.116.11.65 - - [28/Feb/2018:09:05:15 -0300] "POST /cormun/servlet/solicitudot?gx-no-cache=1519819467382 HTTP/1.1" 200 255
191.116.11.65 - - [28/Feb/2018:09:05:16 -0300] "GET /cormun/servlet/solicitudot?28577a3bd3604f4ebda9b50af0719cd95fee0e50ac397b493d8c28bdec1d24e5e57a80823b92924e93db6b78c542895353560d78058e4d927c66005ea7166f9ee2f3efc79b3fc47180cae18757b158f50d06091fc0a26d0fd5bc1662f7b956ce8c76c5b18bbebcdbf7046549bd467581ee4c20c943591e31d17747f72310c9aa77c3e7a8176979e902a27ebe81e9744c4121b4fb6c24dcc8f29ca1af934906c2c6e1ae5a1c5243c928732988742bdd27d803da817c53adc931d2da0b3dd16a860a3eecd643f6857769e9284d21ff3780cc316a6778498be9ca802dffc592c9fe2f19a4909eaf9362c4763b884fa19f626ffc04766321d936c67982cf58c2e7785e06e950754685673c86b98fa940114abc509c9728043ce7ad53ec95e2c52d0be357315c70fa2daeb38bd02a4d5ff36538a53a9bd6f4d5a8eb7fcd33bf2f124630c29e52df519fb3c66220215249795d8dd307c737695254a8b5414c46de8fce412d85087d5b72f7ff22fff2aa0e1a727f5f091bedde673dd1a22f33efe6c8e1,gx-no-cache=1519819467589 HTTP/1.1" 200 30
191.116.11.65 - - [28/Feb/2018:09:05:18 -0300] "POST /cormun/servlet/solicitudot?gx-no-cache=1519819470074 HTTP/1.1" 200 30
191.116.11.65 - - [28/Feb/2018:09:05:25 -0300] "POST /cormun/servlet/solicitudot?gx-no-cache=1519819476483 HTTP/1.1" 200 1337
191.116.11.65 - - [28/Feb/2018:09:05:25 -0300] "POST /cormun/servlet/solicitudot?gx-no-cache=1519819477380 HTTP/1.1" 200 38
192.168.10.56 - - [28/Feb/2018:09:05:33 -0300] "GET /cormun/servlet/vesolicitudgral?2018,9557,, HTTP/1.1" 200 9012
192.168.10.56 - - [28/Feb/2018:09:05:33 -0300] "GET /cormun/static/gxcfg.js?201711151294153 HTTP/1.1" 200 953
192.168.10.56 - - [28/Feb/2018:09:05:33 -0300] "GET /cormun/pexe_scrolldiv.js HTTP/1.1" 404 1009
192.168.10.56 - - [28/Feb/2018:09:05:33 -0300] "GET /cormun/static/hwcviewtabs.js?20177611594913 HTTP/1.1" 200 1074
192.168.10.56 - - [28/Feb/2018:09:05:33 -0300] "GET /cormun/static/hpexe_tabsview.js?201610171694228 HTTP/1.1" 200 1661
192.168.10.56 - - [28/Feb/2018:09:05:33 -0300] "GET /cormun/pexe_scrolldiv.js HTTP/1.1" 404 1009
192.168.10.56 - - [28/Feb/2018:09:05:33 -0300] "GET /cormun/static/vesolicitudgral.js?201711151294244 HTTP/1.1" 200 6721
192.168.10.56 - - [28/Feb/2018:09:05:33 -0300] "GET /cormun/static/Resources/PXToolsTabLastUnselected.png HTTP/1.1" 200 1291
192.168.10.56 - - [28/Feb/2018:09:05:33 -0300] "GET /cormun/static/Resources/PXToolsTabFirstSelected.png HTTP/1.1" 200 1259
192.168.10.56 - - [28/Feb/2018:09:05:33 -0300] "GET /cormun/static/Resources/PXToolsTabPrevious.gif HTTP/1.1" 200 172
192.168.10.56 - - [28/Feb/2018:09:05:33 -0300] "GET /cormun/static/Resources/PXToolsTabNext.gif HTTP/1.1" 200 168
192.168.10.56 - - [28/Feb/2018:09:05:33 -0300] "GET /cormun/static/tbsolicitudgral01.js?201813119422078 HTTP/1.1" 200 31320
192.168.10.56 - - [28/Feb/2018:09:05:34 -0300] "GET /cormun/static/calendar-system.css HTTP/1.1" 200 5572
192.168.10.56 - - [28/Feb/2018:09:05:34 -0300] "GET /cormun/static/Resources/PXToolsTabBackSelected.png HTTP/1.1" 200 1157
192.168.10.56 - - [28/Feb/2018:09:05:34 -0300] "GET /cormun/static/Resources/PXToolsTabBackUnselected.png HTTP/1.1" 200 1175
192.168.10.56 - - [28/Feb/2018:09:05:34 -0300] "GET /cormun/static/Resources/PXToolsTabSelectedUnselected.png HTTP/1.1" 200 1428
192.168.10.56 - - [28/Feb/2018:09:05:34 -0300] "GET /cormun/static/Resources/PXToolsTabUnselectedUnselected.png HTTP/1.1" 200 1459
192.168.10.56 - - [28/Feb/2018:09:05:34 -0300] "GET /cormun/servlet/vesolicitudgral?2018,9557,, HTTP/1.1" 200 8989
191.116.11.65 - - [28/Feb/2018:09:05:37 -0300] "GET /cormun/servlet/solicitudot?28577a3bd3604f4ebda9b50af0719cd9e28aef53a35f5a11aed0fdb65a92621a7c09a76bf487b924e9f847227acd44b40b1b5cef577411be04654f43585f2b9c4bb450886a086357d67260c8ff7c0eeb4944e9510e3a3977e5c1ee8650e40c3aa5dc6ca92e8b4adb7c8be1cb8f6e34403a9a3d473899e160f44e7573dc8480c12dab6067f576057b4f3fc8ba3bb772cb703634fdd3b8c98e44e7b37d8a6a708e,gx-no-cache=1519819488311 HTTP/1.1" 200 29
191.116.11.65 - - [28/Feb/2018:09:05:37 -0300] "POST /cormun/servlet/solicitudot?gx-no-cache=1519819489000 HTTP/1.1" 200 1318
191.116.11.65 - - [28/Feb/2018:09:05:37 -0300] "POST /cormun/servlet/solicitudot?gx-no-cache=1519819489387 HTTP/1.1" 200 1218
192.168.10.56 - - [28/Feb/2018:09:05:47 -0300] "GET /cormun/servlet/vesolicitudgral?2018,9557,,SolicitudOTLog HTTP/1.1" 200 9772
192.168.10.56 - - [28/Feb/2018:09:05:47 -0300] "GET /cormun/pexe_scrolldiv.js HTTP/1.1" 404 1009
192.168.10.56 - - [28/Feb/2018:09:05:47 -0300] "GET /cormun/static/tbsolicitudgral03.js?20177611585854 HTTP/1.1" 200 13342
192.168.10.56 - - [28/Feb/2018:09:05:47 -0300] "GET /cormun/pexe_scrolldiv.js HTTP/1.1" 404 1009
192.168.10.56 - - [28/Feb/2018:09:05:47 -0300] "GET /cormun/static/Resources/PXToolsTabLastSelected.png HTTP/1.1" 200 1262
192.168.10.56 - - [28/Feb/2018:09:05:47 -0300] "GET /cormun/static/gxui/gxui-all.css HTTP/1.1" 200 2179
192.168.10.56 - - [28/Feb/2018:09:05:47 -0300] "GET /cormun/static/Resources/PXToolsTabFirstUnselected.png HTTP/1.1" 200 1264
192.168.10.56 - - [28/Feb/2018:09:05:47 -0300] "GET /cormun/static/Resources/PXToolsTabUnselectedSelected.png HTTP/1.1" 200 1444
192.168.10.56 - - [28/Feb/2018:09:05:47 -0300] "GET /cormun/static/Shared/ext/resources/css/ext-all.css HTTP/1.1" 200 416045
192.168.10.56 - - [28/Feb/2018:09:05:48 -0300] "GET /cormun/servlet/vesolicitudgral?2018,9557,,SolicitudOTLog HTTP/1.1" 200 9772
192.168.10.56 - - [28/Feb/2018:09:05:48 -0300] "POST /cormun/servlet/acontrolpreferencessavestate?None,OVARGAS,true HTTP/1.1" 200 35
191.116.11.65 - - [28/Feb/2018:09:05:49 -0300] "GET /cormun/static/menuarrow.gif HTTP/1.1" 404 1015
191.116.11.65 - - [28/Feb/2018:09:05:53 -0300] "GET /cormun/servlet/solicitudot?28577a3bd3604f4ebda9b50af0719cd9de8e3005d4cc288429313c28ac85678939e2e2ccdba7aeded41291db8dd69183,gx-no-cache=1519819504941 HTTP/1.1" 200 30
192.168.10.56 - - [28/Feb/2018:09:05:58 -0300] "GET /cormun/servlet/vesolicitudgral?2018,9557,,General HTTP/1.1" 200 9003
192.168.10.56 - - [28/Feb/2018:09:05:58 -0300] "GET /cormun/pexe_scrolldiv.js HTTP/1.1" 404 1009
192.168.10.56 - - [28/Feb/2018:09:05:58 -0300] "GET /cormun/pexe_scrolldiv.js HTTP/1.1" 404 1009
192.168.10.56 - - [28/Feb/2018:09:05:59 -0300] "GET /cormun/servlet/vesolicitudgral?2018,9557,,General HTTP/1.1" 200 9002
192.168.10.56 - - [28/Feb/2018:09:06:01 -0300] "POST /cormun/servlet/vesolicitudgral?1ed9820a91405bd8f069a708af1e2a5e,2018,9557,,General,gx-no-cache=1519819403208 HTTP/1.1" 200 93
192.168.10.56 - - [28/Feb/2018:09:06:01 -0300] "GET /cormun/servlet/hpexe_return? HTTP/1.1" 200 1026
192.168.10.56 - - [28/Feb/2018:09:06:02 -0300] "GET /cormun/servlet/trsolicitudgral?gx-no-cache=1519817557810 HTTP/1.1" 200 13051
192.168.10.56 - - [28/Feb/2018:09:06:03 -0300] "GET /cormun/servlet/trsolicitudgral?gx-no-cache=1519817557810 HTTP/1.1" 200 13067
191.116.11.65 - - [28/Feb/2018:09:06:19 -0300] "POST /cormun/servlet/solicitudot?gx-no-cache=1519819530537 HTTP/1.1" 200 30
191.116.11.65 - - [28/Feb/2018:09:06:32 -0300] "POST /cormun/servlet/solicitudot?74164d1251c2eedf0530efde5dfe7561,INS,0,0,,gx-no-cache=1519819541778 HTTP/1.1" 200 93
191.116.11.65 - - [28/Feb/2018:09:06:32 -0300] "GET /cormun/servlet/hpexe_return? HTTP/1.1" 200 1007
191.116.11.65 - - [28/Feb/2018:09:06:33 -0300] "GET /cormun/servlet/trsolicitudot HTTP/1.1" 200 17274
191.116.11.65 - - [28/Feb/2018:09:06:36 -0300] "GET /cormun/servlet/trsolicitudot HTTP/1.1" 200 17270
192.168.10.56 - - [28/Feb/2018:09:06:40 -0300] "POST /cormun/servlet/trsolicitudgral?1ed9820a91405bd8f069a708af1e2a5e,gx-no-cache=1519817557810,gx-no-cache=1519819441584 HTTP/1.1" 200 9048
191.116.11.65 - - [28/Feb/2018:09:06:51 -0300] "GET /cormun/servlet/solicitudot?INS,0,0, HTTP/1.1" 200 13784
191.116.11.65 - - [28/Feb/2018:09:06:56 -0300] "GET /cormun/servlet/solicitudot?INS,0,0, HTTP/1.1" 200 13789
191.116.11.65 - - [28/Feb/2018:09:07:07 -0300] "POST /cormun/servlet/solicitudot?gx-no-cache=1519819576916 HTTP/1.1" 200 3398
191.116.11.65 - - [28/Feb/2018:09:07:09 -0300] "POST /cormun/servlet/solicitudot?74164d1251c2eedf0530efde5dfe7561,INS,0,0,,gx-no-cache=1519819579281 HTTP/1.1" 200 10564
191.116.11.65 - - [28/Feb/2018:09:07:14 -0300] "GET /cormun/servlet/solicitudot?28577a3bd3604f4ebda9b50af0719cd9d9271b11c928dae9316983239adbb315bc6498f4d7619e9c1cd2ef859bc4dac0,gx-no-cache=1519819585293 HTTP/1.1" 200 30
191.116.11.65 - - [28/Feb/2018:09:07:15 -0300] "GET /cormun/servlet/solicitudot?28577a3bd3604f4ebda9b50af0719cd9aac69016fce4e84926866d2014521356baede591d826fd51c6e5083280f680d60fbd061043762efb720463c858a39bd8,gx-no-cache=1519819586567 HTTP/1.1" 200 30
191.116.11.65 - - [28/Feb/2018:09:07:15 -0300] "GET /cormun/servlet/solicitudot?28577a3bd3604f4ebda9b50af0719cd9d806418b242678f6691f0b65b5e50e78,gx-no-cache=1519819586759 HTTP/1.1" 200 53
191.116.11.65 - - [28/Feb/2018:09:07:15 -0300] "POST /cormun/servlet/solicitudot?gx-no-cache=1519819586949 HTTP/1.1" 200 255
191.116.11.65 - - [28/Feb/2018:09:07:16 -0300] "GET /cormun/servlet/solicitudot?28577a3bd3604f4ebda9b50af0719cd95fee0e50ac397b493d8c28bdec1d24e5e57a80823b92924e93db6b78c542895353560d78058e4d927c66005ea7166f9ee2f3efc79b3fc47180cae18757b158f50d06091fc0a26d0fd5bc1662f7b956ce8c76c5b18bbebcdbf7046549bd467581ee4c20c943591e31d17747f72310c9aa77c3e7a8176979e902a27ebe81e9744c4121b4fb6c24dcc8f29ca1af934906c2c6e1ae5a1c5243c928732988742bdd27d803da817c53adc931d2da0b3dd16a860a3eecd643f6857769e9284d21ff3780cc316a6778498be9ca802dffc592c9fe2f19a4909eaf9362c4763b884fa19f626ffc04766321d936c67982cf58c2e7785e06e950754685673c86b98fa940114abc509c9728043ce7ad53ec95e2c52d0be357315c70fa2daeb38bd02a4d5ff36538a53a9bd6f4d5a8eb7fcd33bf2f124630c29e52df519fb3c66220215249795d8dd307c737695254a8b5414c46de8fce412d85087d5b72f7ff22fff2aa0e1a727f5f091bedde673dd1a22f33efe6c8e1,gx-no-cache=1519819587599 HTTP/1.1" 200 30
191.116.11.65 - - [28/Feb/2018:09:07:19 -0300] "POST /cormun/servlet/solicitudot?gx-no-cache=1519819590569 HTTP/1.1" 200 30
191.116.11.65 - - [28/Feb/2018:09:07:34 -0300] "POST /cormun/servlet/solicitudot?gx-no-cache=1519819605973 HTTP/1.1" 200 1337
191.116.11.65 - - [28/Feb/2018:09:07:35 -0300] "POST /cormun/servlet/solicitudot?gx-no-cache=1519819606742 HTTP/1.1" 200 38
191.116.11.65 - - [28/Feb/2018:09:07:43 -0300] "GET /cormun/servlet/solicitudot?28577a3bd3604f4ebda9b50af0719cd9e28aef53a35f5a11aed0fdb65a92621a7c09a76bf487b924e9f847227acd44b40b1b5cef577411be04654f43585f2b9c4bb450886a086357d67260c8ff7c0eeb4944e9510e3a3977e5c1ee8650e40c3aa5dc6ca92e8b4adb7c8be1cb8f6e34403a9a3d473899e160f44e7573dc8480c12dab6067f576057b4f3fc8ba3bb772cb703634fdd3b8c98e44e7b37d8a6a708e,gx-no-cache=1519819614307 HTTP/1.1" 200 29
191.116.11.65 - - [28/Feb/2018:09:07:43 -0300] "POST /cormun/servlet/solicitudot?gx-no-cache=1519819615063 HTTP/1.1" 200 1319
191.116.11.65 - - [28/Feb/2018:09:07:44 -0300] "POST /cormun/servlet/solicitudot?gx-no-cache=1519819615604 HTTP/1.1" 200 1218
191.116.11.65 - - [28/Feb/2018:09:09:10 -0300] "GET /cormun/static/menuarrow.gif HTTP/1.1" 404 1015
191.116.11.65 - - [28/Feb/2018:09:09:32 -0300] "GET /cormun/servlet/solicitudot?28577a3bd3604f4ebda9b50af0719cd9de8e3005d4cc288429313c28ac85678939e2e2ccdba7aeded41291db8dd69183,gx-no-cache=1519819701164 HTTP/1.1" 200 30
191.116.11.65 - - [28/Feb/2018:09:09:55 -0300] "POST /cormun/servlet/solicitudot?gx-no-cache=1519819745921 HTTP/1.1" 200 33
191.116.11.65 - - [28/Feb/2018:09:12:12 -0300] "POST /cormun/servlet/solicitudot?74164d1251c2eedf0530efde5dfe7561,INS,0,0,,gx-no-cache=1519819880920 HTTP/1.1" 200 93
191.116.11.65 - - [28/Feb/2018:09:12:13 -0300] "GET /cormun/servlet/hpexe_return? HTTP/1.1" 200 1007
191.116.11.65 - - [28/Feb/2018:09:12:14 -0300] "GET /cormun/servlet/trsolicitudot HTTP/1.1" 200 17548
191.116.11.65 - - [28/Feb/2018:09:12:18 -0300] "GET /cormun/servlet/trsolicitudot HTTP/1.1" 200 17544
190.46.88.54 - - [28/Feb/2018:09:12:27 -0300] "GET /cormun/servlet/trlicencias? HTTP/1.1" 200 7234
190.46.88.54 - - [28/Feb/2018:09:12:27 -0300] "GET /cormun/static/gxui/gxui-all.css?110300 HTTP/1.1" 200 2179
190.46.88.54 - - [28/Feb/2018:09:12:27 -0300] "GET /cormun/static/calendar-system.css?75620 HTTP/1.1" 200 5572
190.46.88.54 - - [28/Feb/2018:09:12:27 -0300] "GET /cormun/static/SmoothNavMenu/resources/ddsmoothmenu.css?1012540 HTTP/1.1" 200 2223
190.46.88.54 - - [28/Feb/2018:09:12:27 -0300] "GET /cormun/static/SmoothNavMenu/resources/ddsmoothmenu-v.css?1012540 HTTP/1.1" 200 1188
190.46.88.54 - - [28/Feb/2018:09:12:27 -0300] "GET /cormun/static/scaMessage/css/jquery.pnotify.default.css?1716380 HTTP/1.1" 200 1707
190.46.88.54 - - [28/Feb/2018:09:12:27 -0300] "GET /cormun/static/Shared/jqueryui/jquery-ui.min.css?1245370 HTTP/1.1" 200 30288
190.46.88.54 - - [28/Feb/2018:09:12:27 -0300] "GET /cormun/static/gxtimezone.js?85251 HTTP/1.1" 200 5781
190.46.88.54 - - [28/Feb/2018:09:12:27 -0300] "GET /cormun/static/gxcfg.js?20176272054169 HTTP/1.1" 200 953
190.46.88.54 - - [28/Feb/2018:09:12:27 -0300] "GET /cormun/static/Resources/Spanish/PXTools.css?17315867 HTTP/1.1" 200 89042
190.46.88.54 - - [28/Feb/2018:09:12:27 -0300] "GET /cormun/static/calendar-setup.js?85251 HTTP/1.1" 200 2588
190.46.88.54 - - [28/Feb/2018:09:12:27 -0300] "GET /cormun/static/calendar-es.js?85251 HTTP/1.1" 200 1901
190.46.88.54 - - [28/Feb/2018:09:12:27 -0300] "GET /cormun/static/calendar.js?85251 HTTP/1.1" 200 26246
190.46.88.54 - - [28/Feb/2018:09:12:28 -0300] "GET /cormun/static/RunJS/RunJS.js HTTP/1.1" 200 288
190.46.88.54 - - [28/Feb/2018:09:12:28 -0300] "GET /cormun/static/PXToolsJavascripts/pexe_autoreload.js HTTP/1.1" 200 1762
190.46.88.54 - - [28/Feb/2018:09:12:28 -0300] "GET /cormun/static/Shared/ext/resources/css/ext-all.css?205870 HTTP/1.1" 200 416045
190.46.88.54 - - [28/Feb/2018:09:12:28 -0300] "GET /cormun/static/gxui/gxui-all.js HTTP/1.1" 200 107772
190.46.88.54 - - [28/Feb/2018:09:12:28 -0300] "GET /cormun/static/PXToolsJavascripts/pexe_griddivfix.js HTTP/1.1" 200 6644
190.46.88.54 - - [28/Feb/2018:09:12:28 -0300] "GET /cormun/static/gxgral.js?85251 HTTP/1.1" 200 384558
190.46.88.54 - - [28/Feb/2018:09:12:28 -0300] "GET /cormun/static/PXToolsJavascripts/pexe_grid.js HTTP/1.1" 200 7559
190.46.88.54 - - [28/Feb/2018:09:12:28 -0300] "GET /cormun/static/PXToolsJavascripts/pexe_menudivfix.js HTTP/1.1" 200 333
190.46.88.54 - - [28/Feb/2018:09:12:28 -0300] "GET /cormun/static/PXToolsJavascripts/pexe_menus.js HTTP/1.1" 200 1286
190.46.88.54 - - [28/Feb/2018:09:12:29 -0300] "GET /cormun/static/PXToolsJavascripts/pexe_link.js HTTP/1.1" 200 5671
190.46.88.54 - - [28/Feb/2018:09:12:29 -0300] "GET /cormun/static/PXToolsJavascripts/pexe_windows.js HTTP/1.1" 200 15207
190.46.88.54 - - [28/Feb/2018:09:12:29 -0300] "GET /cormun/static/PXToolsJavascripts/pexe_layers.js HTTP/1.1" 200 4114
190.46.88.54 - - [28/Feb/2018:09:12:29 -0300] "GET /cormun/static/PXToolsJavascripts/pexe_oav.js HTTP/1.1" 200 645
190.46.88.54 - - [28/Feb/2018:09:12:29 -0300] "GET /cormun/static/PXToolsJavascripts/pexe_oavdivfix.js HTTP/1.1" 200 639
190.46.88.54 - - [28/Feb/2018:09:12:30 -0300] "GET /cormun/static/PXToolsJavascripts/pexe_tabdivfix.js HTTP/1.1" 200 876
190.46.88.54 - - [28/Feb/2018:09:12:30 -0300] "GET /cormun/static/PXToolsJavascripts/pexe_picture.js HTTP/1.1" 200 689
190.46.88.54 - - [28/Feb/2018:09:12:30 -0300] "GET /cormun/static/PXToolsJavascripts/pexe_cookies.js HTTP/1.1" 200 792
190.46.88.54 - - [28/Feb/2018:09:12:30 -0300] "GET /cormun/static/PXToolsJavascripts/pexe_tabs.js HTTP/1.1" 200 3748
190.46.88.54 - - [28/Feb/2018:09:12:30 -0300] "GET /cormun/static/PXToolsJavascripts/pexe_upload.js HTTP/1.1" 200 1423
190.46.88.54 - - [28/Feb/2018:09:12:30 -0300] "GET /cormun/static/PXToolsJavascripts/pexe_scrolldiv.js HTTP/1.1" 200 4138
190.46.88.54 - - [28/Feb/2018:09:12:32 -0300] "GET /cormun/static/PXToolsJavascripts/pexe_popup.js HTTP/1.1" 200 13458
190.46.88.54 - - [28/Feb/2018:09:12:32 -0300] "GET /cormun/static/Shared/ext/ext-all.js HTTP/1.1" 200 1289687
190.46.88.54 - - [28/Feb/2018:09:12:33 -0300] "GET /cormun/static/PXToolsJavascripts/PXToolsJavascriptsRender.js HTTP/1.1" 200 367
190.46.88.54 - - [28/Feb/2018:09:12:33 -0300] "GET /cormun/static/Shared/ext/locale/ext-lang-en.js HTTP/1.1" 200 10940
190.46.88.54 - - [28/Feb/2018:09:12:33 -0300] "GET /cormun/static/messages.spa.js?85251 HTTP/1.1" 200 30736
190.46.88.54 - - [28/Feb/2018:09:12:34 -0300] "GET /cormun/static/gxdec.js?85251 HTTP/1.1" 200 19579
190.46.88.54 - - [28/Feb/2018:09:12:34 -0300] "GET /cormun/static/hpexe_recentlink.js?20177611595044 HTTP/1.1" 200 2144
190.46.88.54 - - [28/Feb/2018:09:12:34 -0300] "GET /cormun/static/hwchdr01.js?201752511465785 HTTP/1.1" 200 1183
190.46.88.54 - - [28/Feb/2018:09:12:34 -0300] "GET /cormun/static/hpexe_scripts.js?201752511465715 HTTP/1.1" 200 1544
190.46.88.54 - - [28/Feb/2018:09:12:34 -0300] "GET /cormun/static/hpexe_messagecontroller.js?20177611595012 HTTP/1.1" 200 870
190.46.88.54 - - [28/Feb/2018:09:12:34 -0300] "GET /cormun/static/hpexe_messagepopupcomponent.js?20161017169425 HTTP/1.1" 200 605
190.46.88.54 - - [28/Feb/2018:09:12:34 -0300] "GET /cormun/static/hpexe_messagegenexuscomponent.js?201752511465344 HTTP/1.1" 200 587
190.46.88.54 - - [28/Feb/2018:09:12:34 -0300] "GET /cormun/static/cmcontrolpreferences.js?201752511465670 HTTP/1.1" 200 1375
190.46.88.54 - - [28/Feb/2018:09:12:34 -0300] "GET /cormun/static/SmoothNavMenu/resources/ddsmoothmenu.js HTTP/1.1" 200 12712
190.46.88.54 - - [28/Feb/2018:09:12:34 -0300] "GET /cormun/static/SmoothNavMenu/resources/SmoothNavMenuRender.js HTTP/1.1" 200 5951
190.46.88.54 - - [28/Feb/2018:09:12:34 -0300] "GET /cormun/static/trlicencias.js?20176272054837 HTTP/1.1" 200 41883
190.46.88.54 - - [28/Feb/2018:09:12:34 -0300] "GET /cormun/static/Shared/jquery/jquery-1.4.2.min.js HTTP/1.1" 200 72174
190.46.88.54 - - [28/Feb/2018:09:12:34 -0300] "GET /cormun/static/scaMessage/js/jquery.pnotify.min.js HTTP/1.1" 200 13038
190.46.88.54 - - [28/Feb/2018:09:12:34 -0300] "GET /cormun/static/scaMessage/scaMessageRender.js HTTP/1.1" 200 11977
190.46.88.54 - - [28/Feb/2018:09:12:34 -0300] "GET /cormun/static/hmpwkw03.js?20177612122668 HTTP/1.1" 200 3965
190.46.88.54 - - [28/Feb/2018:09:12:34 -0300] "GET /cormun/static/Resources/logo4.png HTTP/1.1" 200 6582
190.46.88.54 - - [28/Feb/2018:09:12:34 -0300] "GET /cormun/static/Resources/PXToolsHeaderHome.png HTTP/1.1" 200 4147
190.46.88.54 - - [28/Feb/2018:09:12:35 -0300] "GET /cormun/static/Resources/PXToolsHeaderPreferences.png HTTP/1.1" 200 4189
190.46.88.54 - - [28/Feb/2018:09:12:35 -0300] "GET /cormun/static/Resources/PXToolsHeaderSecurity.png HTTP/1.1" 200 4166
190.46.88.54 - - [28/Feb/2018:09:12:35 -0300] "GET /cormun/static/Resources/PXToolsHeaderActionsRight.png HTTP/1.1" 200 1201
190.46.88.54 - - [28/Feb/2018:09:12:35 -0300] "GET /cormun/static/Resources/PXTools/calendar.png HTTP/1.1" 200 1306
190.46.88.54 - - [28/Feb/2018:09:12:35 -0300] "GET /cormun/static/Resources/PXToolsDataSearch.png HTTP/1.1" 200 419
190.46.88.54 - - [28/Feb/2018:09:12:35 -0300] "GET /cormun/static/Resources/PXToolsGridFirstDisabled.gif HTTP/1.1" 200 100
190.46.88.54 - - [28/Feb/2018:09:12:35 -0300] "GET /cormun/static/Resources/PXToolsGridPreviousDisabled.gif HTTP/1.1" 200 90
190.46.88.54 - - [28/Feb/2018:09:12:35 -0300] "GET /cormun/static/Resources/PXToolsGridNextDisabled.gif HTTP/1.1" 200 90
190.46.88.54 - - [28/Feb/2018:09:12:35 -0300] "GET /cormun/static/Resources/PXToolsGridLastDisabled.gif HTTP/1.1" 200 98
190.46.88.54 - - [28/Feb/2018:09:12:35 -0300] "GET /cormun/static/Resources/PXToolsGridPage.gif HTTP/1.1" 200 725
