181.201.188.197 - - [28/Feb/2018:15:47:15 -0300] "GET /cormun/servlet/solicitudot?5faf8b0c8d27b25c7fe737cdef91f734966528388b3c1276eed716c3de2af51bbba9ca2ea4d43485ee12121589b53c64e44cf3d9e5a61948b40ec8710b4dcbd2f0e7c8cc219ae28c6b2481e2ee96e744b6186fdacdac7027915c481d64e3a0185940cbbf67ae24d6f27f27f235002776cb417a261d61c876e7630afd4d3cc4c2d306ec042e58b5adc4a6a750aa8f82218034a9cdfe7d2da7762ab8cdd2cb51c5755b1d9c5797831882ee6dd27bbf47427c8f8a61c41c428f60114726551c3db5f9b582046f097ca65b2e18af98c5cd1fa65a405a4528aeaa775c78b050da3cb7802246e52aeef717cf9d08f93cee2327425a5270f1387f91c8a602fed7179fd59cd2c594e077bb40e347963ea2101a5963de37d8e5ef1cdd5270b464ae3f941d4dbd85b3fb51d7b97e2b257ad342d495052d81a9c3b001d761a133274c707d54555d9abcf8db2c807303e5c93711b2eab4fc7912825ae5853ed5fe4b32191ef6847aba2468ac1c53fda5d1b29e0f0d4e535f8c0ac79295f0166830d8371c558d,gx-no-cache=1519843628301 HTTP/1.1" 200 30
181.201.188.197 - - [28/Feb/2018:15:47:22 -0300] "POST /cormun/servlet/solicitudot?gx-no-cache=1519843634723 HTTP/1.1" 200 30
186.103.159.46 - - [28/Feb/2018:15:47:35 -0300] "POST /cormun/servlet/solicitudot?gx-no-cache=1519843606974 HTTP/1.1" 200 3293
186.103.159.46 - - [28/Feb/2018:15:47:36 -0300] "POST /cormun/servlet/solicitudot?fc397af8e441de40f03ce24c79a9e63d,INS,0,0,,gx-no-cache=1519843607725 HTTP/1.1" 200 10241
186.103.159.46 - - [28/Feb/2018:15:47:38 -0300] "GET /cormun/static/Resources/resize.gif HTTP/1.1" 200 77
186.103.159.46 - - [28/Feb/2018:15:47:46 -0300] "GET /cormun/servlet/prfichaempleado?,MD,,gxPopupLevel%3D0%3B HTTP/1.1" 200 9298
186.103.159.46 - - [28/Feb/2018:15:47:46 -0300] "GET /cormun/static/Resources/PXToolsMenuSearch.png HTTP/1.1" 200 2914
186.103.159.46 - - [28/Feb/2018:15:47:46 -0300] "GET /cormun/static/menusearch.js?201610171694467 HTTP/1.1" 200 1424
186.103.159.46 - - [28/Feb/2018:15:47:46 -0300] "GET /cormun/static/hmpwkw011.js?20177612121862 HTTP/1.1" 200 1968
186.103.159.46 - - [28/Feb/2018:15:47:46 -0300] "GET /cormun/static/Resources/PXToolsMenuSearchCancel.png HTTP/1.1" 200 2972
186.103.159.46 - - [28/Feb/2018:15:47:47 -0300] "GET /cormun/static/prfichaempleado.js?20177612134999 HTTP/1.1" 200 16006
186.103.159.46 - - [28/Feb/2018:15:47:47 -0300] "GET /cormun/static/gxcfg.js?20177612134814 HTTP/1.1" 200 953
186.103.159.46 - - [28/Feb/2018:15:47:55 -0300] "GET /cormun/servlet/solicitudot?f433243a9e640a5ab1a0a3b23757122d2c1d63f2801ffc9ee2563858241ca3c8187d83c8b3c8a37d5e43cca53c817a80,gx-no-cache=1519843627083 HTTP/1.1" 200 30
181.201.188.197 - - [28/Feb/2018:15:50:46 -0300] "POST /cormun/servlet/solicitudot?gx-no-cache=1519843838057 HTTP/1.1" 200 1337
181.201.188.197 - - [28/Feb/2018:15:50:46 -0300] "POST /cormun/servlet/solicitudot?gx-no-cache=1519843839622 HTTP/1.1" 200 38
181.201.188.197 - - [28/Feb/2018:15:50:53 -0300] "GET /cormun/servlet/solicitudot?5faf8b0c8d27b25c7fe737cdef91f734c2829e0a9d2c66bdd036bb91a8cac9ca60d18579e208dddd5b90aa8e062b97120d3101b35ae2045e0468fb7e1071021eca08b4d0b68730984057f72d2f8dd4a44fb39ce7ff85be0fae574c285be1a412eea4a65f9863ac4ff8622b20ed26c5d41571f2df116b9cfa16b35000a95ce30488e5a0e3daad6f67bcce94b06263f6311838faf96e11d7cec59787d45412910d,gx-no-cache=1519843845940 HTTP/1.1" 200 29
181.201.188.197 - - [28/Feb/2018:15:50:53 -0300] "POST /cormun/servlet/solicitudot?gx-no-cache=1519843846844 HTTP/1.1" 200 1321
181.201.188.197 - - [28/Feb/2018:15:50:53 -0300] "POST /cormun/servlet/solicitudot?gx-no-cache=1519843847091 HTTP/1.1" 200 1219
181.201.188.197 - - [28/Feb/2018:15:50:54 -0300] "GET /cormun/static/menuarrow.gif HTTP/1.1" 404 1015
181.201.188.197 - - [28/Feb/2018:15:51:00 -0300] "POST /cormun/servlet/solicitudot?gx-no-cache=1519843849933 HTTP/1.1" 200 1321
181.201.188.197 - - [28/Feb/2018:15:51:02 -0300] "POST /cormun/servlet/solicitudot?gx-no-cache=1519843853957 HTTP/1.1" 200 1219
192.168.10.89 - - [28/Feb/2018:15:51:03 -0300] "GET /cormun/servlet/hlogin HTTP/1.1" 200 1715
192.168.10.89 - - [28/Feb/2018:15:51:04 -0300] "GET /cormun/static/gxtimezone.js?85251 HTTP/1.1" 304 -
192.168.10.89 - - [28/Feb/2018:15:51:04 -0300] "GET /cormun/static/gxcfg.js?20175251213516 HTTP/1.1" 304 -
192.168.10.89 - - [28/Feb/2018:15:51:04 -0300] "GET /cormun/static/messages.spa.js?85251 HTTP/1.1" 304 -
192.168.10.89 - - [28/Feb/2018:15:51:04 -0300] "GET /cormun/servlet/hlogin HTTP/1.1" 200 1726
181.201.188.197 - - [28/Feb/2018:15:51:07 -0300] "GET /cormun/servlet/solicitudot?5faf8b0c8d27b25c7fe737cdef91f734017b657f36aa71ee73001cca2b453d6cfead7b71998b49e7c87cdc214b4eb05b,gx-no-cache=1519843858207 HTTP/1.1" 200 30
192.168.10.89 - - [28/Feb/2018:15:51:11 -0300] "POST /cormun/servlet/hlogin?0b20442ab824ead5f4c8fb40b4ce4580,gx-no-cache=1519843713276 HTTP/1.1" 200 90
192.168.10.89 - - [28/Feb/2018:15:51:11 -0300] "GET /cormun/servlet/hpexe_link HTTP/1.1" 200 945
192.168.10.89 - - [28/Feb/2018:15:51:11 -0300] "GET /cormun/static/gxcfg.js?20177612121792 HTTP/1.1" 304 -
192.168.10.89 - - [28/Feb/2018:15:51:12 -0300] "GET /cormun/servlet/hhome HTTP/1.1" 200 4917
192.168.10.89 - - [28/Feb/2018:15:51:12 -0300] "GET /cormun/static/gxcfg.js?20175251212442 HTTP/1.1" 304 -
181.201.188.197 - - [28/Feb/2018:15:51:14 -0300] "POST /cormun/servlet/solicitudot?gx-no-cache=1519843866870 HTTP/1.1" 200 30
192.168.10.89 - - [28/Feb/2018:15:51:17 -0300] "GET /cormun/servlet/trsolicitudgral? HTTP/1.1" 200 27994
192.168.10.89 - - [28/Feb/2018:15:51:17 -0300] "GET /cormun/static/gxcfg.js?201813119461163 HTTP/1.1" 304 -
192.168.10.89 - - [28/Feb/2018:15:51:17 -0300] "GET /cormun/static/calendar-setup.js?85251 HTTP/1.1" 304 -
192.168.10.89 - - [28/Feb/2018:15:51:17 -0300] "GET /cormun/static/calendar.js?85251 HTTP/1.1" 304 -
192.168.10.89 - - [28/Feb/2018:15:51:17 -0300] "GET /cormun/static/calendar-es.js?85251 HTTP/1.1" 304 -
192.168.10.89 - - [28/Feb/2018:15:51:17 -0300] "GET /cormun/static/gxdec.js?85251 HTTP/1.1" 304 -
200.120.230.197 - - [28/Feb/2018:15:51:18 -0300] "GET /cormun/servlet/hlogin HTTP/1.1" 200 1727
200.120.230.197 - - [28/Feb/2018:15:51:19 -0300] "GET /cormun/servlet/hlogin HTTP/1.1" 200 1737
200.120.230.197 - - [28/Feb/2018:15:51:31 -0300] "POST /cormun/servlet/hlogin?f4543b8ba9c9bcccf34ba758e48006f2,gx-no-cache=1519843848834 HTTP/1.1" 200 90
200.120.230.197 - - [28/Feb/2018:15:51:31 -0300] "GET /cormun/servlet/hpexe_link HTTP/1.1" 200 955
200.120.230.197 - - [28/Feb/2018:15:51:32 -0300] "GET /cormun/servlet/hhome HTTP/1.1" 200 4232
200.120.230.197 - - [28/Feb/2018:15:51:34 -0300] "GET /cormun/servlet/hhome HTTP/1.1" 200 4228
200.120.230.197 - - [28/Feb/2018:15:51:36 -0300] "GET /cormun/servlet/trlicencias? HTTP/1.1" 200 10356
192.168.10.89 - - [28/Feb/2018:15:51:38 -0300] "POST /cormun/servlet/trsolicitudgral?0b20442ab824ead5f4c8fb40b4ce4580,,gx-no-cache=1519843727148 HTTP/1.1" 200 25067
200.120.230.197 - - [28/Feb/2018:15:51:38 -0300] "GET /cormun/servlet/trlicencias? HTTP/1.1" 200 10353
192.168.10.89 - - [28/Feb/2018:15:51:47 -0300] "POST /cormun/servlet/trsolicitudgral?0b20442ab824ead5f4c8fb40b4ce4580,,gx-no-cache=1519843747875 HTTP/1.1" 200 11393
192.168.10.89 - - [28/Feb/2018:15:51:56 -0300] "POST /cormun/servlet/trsolicitudgral?0b20442ab824ead5f4c8fb40b4ce4580,,gx-no-cache=1519843757381 HTTP/1.1" 200 5924
192.168.10.89 - - [28/Feb/2018:15:52:05 -0300] "POST /cormun/servlet/trsolicitudgral?0b20442ab824ead5f4c8fb40b4ce4580,,gx-no-cache=1519843766519 HTTP/1.1" 200 5926
192.168.10.89 - - [28/Feb/2018:15:52:09 -0300] "POST /cormun/servlet/trsolicitudgral?0b20442ab824ead5f4c8fb40b4ce4580,,gx-no-cache=1519843770846 HTTP/1.1" 200 5928
192.168.10.89 - - [28/Feb/2018:15:52:15 -0300] "POST /cormun/servlet/trsolicitudgral?0b20442ab824ead5f4c8fb40b4ce4580,,gx-no-cache=1519843776990 HTTP/1.1" 200 7312
181.201.188.197 - - [28/Feb/2018:15:52:22 -0300] "GET /cormun/servlet/solicitudot?5faf8b0c8d27b25c7fe737cdef91f7344d1b224e992bc9df51642c9367d50a6c458c25714cd01e8407a0e88f915a7381,gx-no-cache=1519843934353 HTTP/1.1" 200 30
181.201.188.197 - - [28/Feb/2018:15:52:22 -0300] "POST /cormun/servlet/solicitudot?gx-no-cache=1519843935655 HTTP/1.1" 200 256
181.201.188.197 - - [28/Feb/2018:15:52:22 -0300] "GET /cormun/servlet/solicitudot?5faf8b0c8d27b25c7fe737cdef91f734966528388b3c1276eed716c3de2af51bbba9ca2ea4d43485ee12121589b53c64e44cf3d9e5a61948b40ec8710b4dcbd2f0e7c8cc219ae28c6b2481e2ee96e744b6186fdacdac7027915c481d64e3a0185940cbbf67ae24d6f27f27f235002776cb417a261d61c876e7630afd4d3cc4c2d306ec042e58b5adc4a6a750aa8f82218034a9cdfe7d2da7762ab8cdd2cb51c5755b1d9c5797831882ee6dd27bbf47427c8f8a61c41c428f60114726551c3db5f9b582046f097ca65b2e18af98c5cd1fa65a405a4528aeaa775c78b050da3cb7802246e52aeef717cf9d08f93cee2327425a5270f1387f91c8a602fed7179fd59cd2c594e077bb40e347963ea2101a5963de37d8e5ef1cdd5270b464ae3f941d4dbd85b3fb51d7b97e2b257ad342d495052d81a9c3b001d761a133274c707d54555d9abcf8db2c807303e5c93711b2eab4fc7912825ae5853ed5fe4b32191ef6847aba2468ac1c53fda5d1b29e0f0d4ee83ffa5c666a5200cb548b03bee0012f,gx-no-cache=1519843935828 HTTP/1.1" 200 30
181.201.188.197 - - [28/Feb/2018:15:52:22 -0300] "POST /cormun/servlet/solicitudot?gx-no-cache=1519843936002 HTTP/1.1" 200 30
181.201.188.197 - - [28/Feb/2018:15:52:22 -0300] "POST /cormun/servlet/solicitudot?gx-no-cache=1519843936201 HTTP/1.1" 200 1337
181.201.188.197 - - [28/Feb/2018:15:52:23 -0300] "POST /cormun/servlet/solicitudot?gx-no-cache=1519843936507 HTTP/1.1" 200 41
181.201.188.197 - - [28/Feb/2018:15:52:23 -0300] "POST /cormun/servlet/solicitudot?gx-no-cache=1519843936659 HTTP/1.1" 200 1321
181.201.188.197 - - [28/Feb/2018:15:52:25 -0300] "POST /cormun/servlet/solicitudot?gx-no-cache=1519843937090 HTTP/1.1" 200 1219
181.201.188.197 - - [28/Feb/2018:15:52:25 -0300] "GET /cormun/servlet/solicitudot?5faf8b0c8d27b25c7fe737cdef91f734017b657f36aa71ee73001cca2b453d6cfead7b71998b49e7c87cdc214b4eb05b,gx-no-cache=1519843938906 HTTP/1.1" 200 30
181.201.188.197 - - [28/Feb/2018:15:52:25 -0300] "POST /cormun/servlet/solicitudot?gx-no-cache=1519843939053 HTTP/1.1" 200 30
181.201.188.197 - - [28/Feb/2018:15:52:27 -0300] "POST /cormun/servlet/solicitudot?6768d371c2554ae9f2a8d7ebce62491d,INS,0,0,,gx-no-cache=1519843939241 HTTP/1.1" 200 11994
192.168.10.89 - - [28/Feb/2018:15:52:28 -0300] "GET /cormun/servlet/hlogin HTTP/1.1" 200 1735
200.120.230.197 - - [28/Feb/2018:15:52:52 -0300] "GET /cormun/servlet/hlogin HTTP/1.1" 200 1743
181.201.188.197 - - [28/Feb/2018:15:52:58 -0300] "GET /cormun/servlet/solicitudot?5faf8b0c8d27b25c7fe737cdef91f734f3e9aaf7c6e45b58c1f2f65fe5b2e5fb0c19a24cc45ab890f08e90ec220ce266c8225cfd835b6822e9a3568e59c90d72,gx-no-cache=1519843967451 HTTP/1.1" 200 30
181.201.188.197 - - [28/Feb/2018:15:52:58 -0300] "POST /cormun/servlet/solicitudot?gx-no-cache=1519843971690 HTTP/1.1" 200 256
181.201.188.197 - - [28/Feb/2018:15:52:58 -0300] "GET /cormun/servlet/solicitudot?5faf8b0c8d27b25c7fe737cdef91f734966528388b3c1276eed716c3de2af51bbba9ca2ea4d43485ee12121589b53c64e44cf3d9e5a61948b40ec8710b4dcbd2f0e7c8cc219ae28c6b2481e2ee96e744b6186fdacdac7027915c481d64e3a0185940cbbf67ae24d6f27f27f235002776cb417a261d61c876e7630afd4d3cc4c2d306ec042e58b5adc4a6a750aa8f82218034a9cdfe7d2da7762ab8cdd2cb51c5755b1d9c5797831882ee6dd27bbf47427c8f8a61c41c428f60114726551c3db5f9b582046f097ca65b2e18af98c5cd1fa65a405a4528aeaa775c78b050da3cb7802246e52aeef717cf9d08f93cee2327425a5270f1387f91c8a602fed7179fd59cd2c594e077bb40e347963ea2101a5963de37d8e5ef1cdd5270b464ae3f941d4dbd85b3fb51d7b97e2b257ad342d495052d81a9c3b001d761a133274c707d54555d9abcf8db2c807303e5c93711b2eab4fc7912825ae5853ed5fe4b32191ef6847aba2468ac1c53fda5d1b29e0f0d4ee83ffa5c666a5200cb548b03bee0012f,gx-no-cache=1519843971847 HTTP/1.1" 200 30
181.201.188.197 - - [28/Feb/2018:15:52:58 -0300] "POST /cormun/servlet/solicitudot?gx-no-cache=1519843971997 HTTP/1.1" 200 30
181.201.188.197 - - [28/Feb/2018:15:53:02 -0300] "POST /cormun/servlet/solicitudot?gx-no-cache=1519843972176 HTTP/1.1" 200 1337
181.201.188.197 - - [28/Feb/2018:15:53:08 -0300] "POST /cormun/servlet/solicitudot?gx-no-cache=1519843977179 HTTP/1.1" 200 41
181.201.188.197 - - [28/Feb/2018:15:53:09 -0300] "POST /cormun/servlet/solicitudot?gx-no-cache=1519843982366 HTTP/1.1" 200 1321
181.201.188.197 - - [28/Feb/2018:15:53:10 -0300] "POST /cormun/servlet/solicitudot?gx-no-cache=1519843983428 HTTP/1.1" 200 1219
181.201.188.197 - - [28/Feb/2018:15:53:10 -0300] "GET /cormun/servlet/solicitudot?5faf8b0c8d27b25c7fe737cdef91f734017b657f36aa71ee73001cca2b453d6cfead7b71998b49e7c87cdc214b4eb05b,gx-no-cache=1519843983716 HTTP/1.1" 200 30
181.201.188.197 - - [28/Feb/2018:15:53:10 -0300] "POST /cormun/servlet/solicitudot?gx-no-cache=1519843983814 HTTP/1.1" 200 30
181.201.188.197 - - [28/Feb/2018:15:53:11 -0300] "POST /cormun/servlet/solicitudot?6768d371c2554ae9f2a8d7ebce62491d,INS,0,0,,gx-no-cache=1519843983967 HTTP/1.1" 200 12053
181.201.188.197 - - [28/Feb/2018:15:53:18 -0300] "POST /cormun/servlet/solicitudot?6768d371c2554ae9f2a8d7ebce62491d,INS,0,0,,gx-no-cache=1519843990214 HTTP/1.1" 200 93
181.201.188.197 - - [28/Feb/2018:15:53:18 -0300] "GET /cormun/servlet/hpexe_return? HTTP/1.1" 200 1005
181.201.188.197 - - [28/Feb/2018:15:53:20 -0300] "GET /cormun/servlet/trsolicitudot HTTP/1.1" 200 22789
181.201.188.197 - - [28/Feb/2018:15:53:22 -0300] "GET /cormun/servlet/trsolicitudot HTTP/1.1" 200 22784
181.201.188.197 - - [28/Feb/2018:15:53:27 -0300] "GET /cormun/servlet/solicitudot?INS,0,0, HTTP/1.1" 200 13785
181.201.188.197 - - [28/Feb/2018:15:53:30 -0300] "GET /cormun/servlet/solicitudot?INS,0,0, HTTP/1.1" 200 13790
181.201.188.197 - - [28/Feb/2018:15:53:39 -0300] "POST /cormun/servlet/solicitudot?gx-no-cache=1519844011836 HTTP/1.1" 200 3376
181.201.188.197 - - [28/Feb/2018:15:53:40 -0300] "POST /cormun/servlet/solicitudot?6768d371c2554ae9f2a8d7ebce62491d,INS,0,0,,gx-no-cache=1519844013370 HTTP/1.1" 200 10531
181.201.188.197 - - [28/Feb/2018:15:53:44 -0300] "GET /cormun/servlet/solicitudot?5faf8b0c8d27b25c7fe737cdef91f73432ac103bf180d6b5c13452963d0149d5c8225cfd835b6822e9a3568e59c90d72,gx-no-cache=1519844017661 HTTP/1.1" 200 30
181.201.188.197 - - [28/Feb/2018:15:54:06 -0300] "GET /cormun/servlet/solicitudot?5faf8b0c8d27b25c7fe737cdef91f734e65e889590ea3e9babdd8b8b3a1d977e1e33956bc1269e6f3239007cc007bf84c8225cfd835b6822e9a3568e59c90d72,gx-no-cache=1519844038962 HTTP/1.1" 200 30
181.201.188.197 - - [28/Feb/2018:15:54:06 -0300] "GET /cormun/servlet/solicitudot?5faf8b0c8d27b25c7fe737cdef91f734ec0a35bfe30ef0978a9f5e450bfed1ec,gx-no-cache=1519844040266 HTTP/1.1" 200 51
181.201.188.197 - - [28/Feb/2018:15:54:07 -0300] "POST /cormun/servlet/solicitudot?gx-no-cache=1519844040424 HTTP/1.1" 200 255
181.201.188.197 - - [28/Feb/2018:15:54:07 -0300] "GET /cormun/servlet/solicitudot?5faf8b0c8d27b25c7fe737cdef91f734966528388b3c1276eed716c3de2af51bbba9ca2ea4d43485ee12121589b53c64e44cf3d9e5a61948b40ec8710b4dcbd2f0e7c8cc219ae28c6b2481e2ee96e744b6186fdacdac7027915c481d64e3a0185940cbbf67ae24d6f27f27f235002776cb417a261d61c876e7630afd4d3cc4c2d306ec042e58b5adc4a6a750aa8f82218034a9cdfe7d2da7762ab8cdd2cb51c5755b1d9c5797831882ee6dd27bbf47427c8f8a61c41c428f60114726551c3db5f9b582046f097ca65b2e18af98c5cd1fa65a405a4528aeaa775c78b050da3cb7802246e52aeef717cf9d08f93cee2327425a5270f1387f91c8a602fed7179fd59cd2c594e077bb40e347963ea2101a5963de37d8e5ef1cdd5270b464ae3f941d4dbd85b3fb51d7b97e2b257ad342d495052d81a9c3b001d761a133274c707d54555d9abcf8db2c807303e5c93711b2eab4fc7912825ae5853ed5fe4b32191ef6847aba2468ac1c53fda5d1b29e0f0d4e535f8c0ac79295f0166830d8371c558d,gx-no-cache=1519844040718 HTTP/1.1" 200 30
181.201.188.197 - - [28/Feb/2018:15:54:13 -0300] "POST /cormun/servlet/solicitudot?gx-no-cache=1519844044967 HTTP/1.1" 200 30
181.201.188.197 - - [28/Feb/2018:15:54:29 -0300] "POST /cormun/servlet/solicitudot?gx-no-cache=1519844062116 HTTP/1.1" 200 1337
181.201.188.197 - - [28/Feb/2018:15:54:29 -0300] "POST /cormun/servlet/solicitudot?gx-no-cache=1519844063168 HTTP/1.1" 200 38
181.201.188.197 - - [28/Feb/2018:15:54:38 -0300] "GET /cormun/servlet/solicitudot?5faf8b0c8d27b25c7fe737cdef91f734c2829e0a9d2c66bdd036bb91a8cac9ca60d18579e208dddd5b90aa8e062b97120d3101b35ae2045e0468fb7e1071021eca08b4d0b68730984057f72d2f8dd4a44fb39ce7ff85be0fae574c285be1a412eea4a65f9863ac4ff8622b20ed26c5d41571f2df116b9cfa16b35000a95ce30488e5a0e3daad6f67bcce94b06263f6311838faf96e11d7cec59787d45412910d,gx-no-cache=1519844071124 HTTP/1.1" 200 29
181.201.188.197 - - [28/Feb/2018:15:54:38 -0300] "POST /cormun/servlet/solicitudot?gx-no-cache=1519844071977 HTTP/1.1" 200 1321
181.201.188.197 - - [28/Feb/2018:15:54:39 -0300] "POST /cormun/servlet/solicitudot?gx-no-cache=1519844072322 HTTP/1.1" 200 1219
181.201.188.197 - - [28/Feb/2018:15:54:57 -0300] "GET /cormun/static/menuarrow.gif HTTP/1.1" 404 1015
181.201.188.197 - - [28/Feb/2018:15:55:02 -0300] "GET /cormun/servlet/solicitudot?5faf8b0c8d27b25c7fe737cdef91f734017b657f36aa71ee73001cca2b453d6cfead7b71998b49e7c87cdc214b4eb05b,gx-no-cache=1519844093959 HTTP/1.1" 200 30
181.201.188.197 - - [28/Feb/2018:15:55:10 -0300] "POST /cormun/servlet/solicitudot?gx-no-cache=1519844103021 HTTP/1.1" 200 33
181.201.188.197 - - [28/Feb/2018:15:55:35 -0300] "POST /cormun/servlet/solicitudot?6768d371c2554ae9f2a8d7ebce62491d,INS,0,0,,gx-no-cache=1519844127385 HTTP/1.1" 200 11977
181.201.188.197 - - [28/Feb/2018:15:55:36 -0300] "GET /cormun/static/Shared/jqueryui/images/ui-bg_highlight-soft_100_c6c2c8_1x100.png HTTP/1.1" 404 1117
181.201.188.197 - - [28/Feb/2018:15:55:36 -0300] "GET /cormun/static/Shared/jqueryui/images/ui-icons_ebccce_256x240.png HTTP/1.1" 404 1089
181.201.188.197 - - [28/Feb/2018:15:55:36 -0300] "GET /cormun/static/Shared/jqueryui/images/ui-icons_82798d_256x240.png HTTP/1.1" 404 1089
181.201.188.197 - - [28/Feb/2018:15:55:36 -0300] "GET /cormun/static/Shared/jqueryui/images/ui-bg_flat_55_994d53_40x100.png HTTP/1.1" 404 1097
181.201.188.197 - - [28/Feb/2018:15:56:16 -0300] "GET /cormun/servlet/solicitudot?5faf8b0c8d27b25c7fe737cdef91f734e65e889590ea3e9babdd8b8b3a1d977e22b441d0e048d39a70c85eca986b7d1996fe91e5db9c0b653a9136d8bb059cec,gx-no-cache=1519844169044 HTTP/1.1" 200 30
181.201.188.197 - - [28/Feb/2018:15:56:16 -0300] "POST /cormun/servlet/solicitudot?gx-no-cache=1519844169994 HTTP/1.1" 200 256
181.201.188.197 - - [28/Feb/2018:15:56:19 -0300] "GET /cormun/servlet/solicitudot?5faf8b0c8d27b25c7fe737cdef91f734966528388b3c1276eed716c3de2af51bbba9ca2ea4d43485ee12121589b53c64e44cf3d9e5a61948b40ec8710b4dcbd2f0e7c8cc219ae28c6b2481e2ee96e744b6186fdacdac7027915c481d64e3a0185940cbbf67ae24d6f27f27f235002776cb417a261d61c876e7630afd4d3cc4c2d306ec042e58b5adc4a6a750aa8f82218034a9cdfe7d2da7762ab8cdd2cb51c5755b1d9c5797831882ee6dd27bbf47427c8f8a61c41c428f60114726551c3db5f9b582046f097ca65b2e18af98c5cd1fa65a405a4528aeaa775c78b050da3cb7802246e52aeef717cf9d08f93cee2327425a5270f1387f91c8a602fed7179fd59cd2c594e077bb40e347963ea2101a5963de37d8e5ef1cdd5270b464ae3f941d4dbd85b3fb51d7b97e2b257ad342d495052d81a9c3b001d761a133274c707d54555d9abcf8db2c807303e5c93711b2eab4fc7912825ae5853ed5fe4b32191ef6847aba2468ac1c53fda5d1b29e0f0d4ee83ffa5c666a5200cb548b03bee0012f,gx-no-cache=1519844170185 HTTP/1.1" 200 30
181.201.188.197 - - [28/Feb/2018:15:56:19 -0300] "POST /cormun/servlet/solicitudot?gx-no-cache=1519844172759 HTTP/1.1" 200 30
181.201.188.197 - - [28/Feb/2018:15:56:25 -0300] "POST /cormun/servlet/solicitudot?gx-no-cache=1519844173144 HTTP/1.1" 200 1337
181.201.188.197 - - [28/Feb/2018:15:56:25 -0300] "POST /cormun/servlet/solicitudot?gx-no-cache=1519844178824 HTTP/1.1" 200 41
181.201.188.197 - - [28/Feb/2018:15:56:28 -0300] "POST /cormun/servlet/solicitudot?gx-no-cache=1519844178996 HTTP/1.1" 200 1321
181.201.188.197 - - [28/Feb/2018:15:56:28 -0300] "POST /cormun/servlet/solicitudot?gx-no-cache=1519844181663 HTTP/1.1" 200 1219
181.201.188.197 - - [28/Feb/2018:15:56:28 -0300] "GET /cormun/servlet/solicitudot?5faf8b0c8d27b25c7fe737cdef91f734017b657f36aa71ee73001cca2b453d6cfead7b71998b49e7c87cdc214b4eb05b,gx-no-cache=1519844182094 HTTP/1.1" 200 30
181.201.188.197 - - [28/Feb/2018:15:56:28 -0300] "POST /cormun/servlet/solicitudot?gx-no-cache=1519844182251 HTTP/1.1" 200 33
181.201.188.197 - - [28/Feb/2018:15:56:30 -0300] "POST /cormun/servlet/solicitudot?6768d371c2554ae9f2a8d7ebce62491d,INS,0,0,,gx-no-cache=1519844182457 HTTP/1.1" 200 12032
181.201.188.197 - - [28/Feb/2018:15:56:37 -0300] "POST /cormun/servlet/solicitudot?6768d371c2554ae9f2a8d7ebce62491d,INS,0,0,,gx-no-cache=1519844187243 HTTP/1.1" 200 93
181.201.188.197 - - [28/Feb/2018:15:56:37 -0300] "GET /cormun/servlet/hpexe_return? HTTP/1.1" 200 1005
181.201.188.197 - - [28/Feb/2018:15:56:39 -0300] "GET /cormun/servlet/trsolicitudot HTTP/1.1" 200 22789
181.201.188.197 - - [28/Feb/2018:15:56:41 -0300] "GET /cormun/servlet/trsolicitudot HTTP/1.1" 200 22784
181.201.188.197 - - [28/Feb/2018:15:56:47 -0300] "GET /cormun/servlet/solicitudot?INS,0,0, HTTP/1.1" 200 13786
181.201.188.197 - - [28/Feb/2018:15:56:48 -0300] "GET /cormun/servlet/solicitudot?INS,0,0, HTTP/1.1" 200 13791
181.201.188.197 - - [28/Feb/2018:15:56:58 -0300] "POST /cormun/servlet/solicitudot?gx-no-cache=1519844210578 HTTP/1.1" 200 3405
181.201.188.197 - - [28/Feb/2018:15:57:05 -0300] "POST /cormun/servlet/solicitudot?6768d371c2554ae9f2a8d7ebce62491d,INS,0,0,,gx-no-cache=1519844212205 HTTP/1.1" 200 10563
181.201.188.197 - - [28/Feb/2018:15:57:08 -0300] "GET /cormun/servlet/solicitudot?5faf8b0c8d27b25c7fe737cdef91f7345ff47a8251b4fa8fdd52bb95a2b6fcbbd3a031da44145c61dd08fdc816c71cef,gx-no-cache=1519844222004 HTTP/1.1" 200 30
181.201.188.197 - - [28/Feb/2018:15:57:12 -0300] "GET /cormun/servlet/solicitudot?5faf8b0c8d27b25c7fe737cdef91f73498e3ed259cd5c42d25ad1d7dc1013de5c1f6a285ec4cafedde2fcf8c8110dc3d,gx-no-cache=1519844223022 HTTP/1.1" 200 30
181.201.188.197 - - [28/Feb/2018:15:57:14 -0300] "GET /cormun/servlet/solicitudot?5faf8b0c8d27b25c7fe737cdef91f734ec0a35bfe30ef0978a9f5e450bfed1ec,gx-no-cache=1519844225627 HTTP/1.1" 200 51
181.201.188.197 - - [28/Feb/2018:15:57:15 -0300] "POST /cormun/servlet/solicitudot?gx-no-cache=1519844228008 HTTP/1.1" 200 255
181.201.188.197 - - [28/Feb/2018:15:57:15 -0300] "GET /cormun/servlet/solicitudot?5faf8b0c8d27b25c7fe737cdef91f734966528388b3c1276eed716c3de2af51bbba9ca2ea4d43485ee12121589b53c64e44cf3d9e5a61948b40ec8710b4dcbd2f0e7c8cc219ae28c6b2481e2ee96e744b6186fdacdac7027915c481d64e3a0185940cbbf67ae24d6f27f27f235002776cb417a261d61c876e7630afd4d3cc4c2d306ec042e58b5adc4a6a750aa8f82218034a9cdfe7d2da7762ab8cdd2cb51c5755b1d9c5797831882ee6dd27bbf47427c8f8a61c41c428f60114726551c3db5f9b582046f097ca65b2e18af98c5cd1fa65a405a4528aeaa775c78b050da3cb7802246e52aeef717cf9d08f93cee2327425a5270f1387f91c8a602fed7179fd59cd2c594e077bb40e347963ea2101a5963de37d8e5ef1cdd5270b464ae3f941d4dbd85b3fb51d7b97e2b257ad342d495052d81a9c3b001d761a133274c707d54555d9abcf8db2c807303e5c93711b2eab4fc7912825ae5853ed5fe4b32191ef6847aba2468ac1c53fda5d1b29e0f0d4e535f8c0ac79295f0166830d8371c558d,gx-no-cache=1519844229066 HTTP/1.1" 200 30
181.201.188.197 - - [28/Feb/2018:15:57:20 -0300] "POST /cormun/servlet/solicitudot?gx-no-cache=1519844232950 HTTP/1.1" 200 30
186.103.159.189 - - [28/Feb/2018:15:57:22 -0300] "GET /cormun/servlet/hlogin HTTP/1.1" 200 1715
181.201.188.197 - - [28/Feb/2018:15:57:37 -0300] "POST /cormun/servlet/solicitudot?gx-no-cache=1519844249262 HTTP/1.1" 200 1337
181.201.188.197 - - [28/Feb/2018:15:57:40 -0300] "POST /cormun/servlet/solicitudot?gx-no-cache=1519844250654 HTTP/1.1" 200 38
181.201.188.197 - - [28/Feb/2018:15:57:49 -0300] "GET /cormun/servlet/solicitudot?5faf8b0c8d27b25c7fe737cdef91f734c2829e0a9d2c66bdd036bb91a8cac9ca60d18579e208dddd5b90aa8e062b97120d3101b35ae2045e0468fb7e1071021eca08b4d0b68730984057f72d2f8dd4a44fb39ce7ff85be0fae574c285be1a412eea4a65f9863ac4ff8622b20ed26c5d41571f2df116b9cfa16b35000a95ce30488e5a0e3daad6f67bcce94b06263f6311838faf96e11d7cec59787d45412910d,gx-no-cache=1519844262489 HTTP/1.1" 200 29
181.201.188.197 - - [28/Feb/2018:15:57:50 -0300] "POST /cormun/servlet/solicitudot?gx-no-cache=1519844263317 HTTP/1.1" 200 1321
181.201.188.197 - - [28/Feb/2018:15:57:50 -0300] "POST /cormun/servlet/solicitudot?gx-no-cache=1519844263704 HTTP/1.1" 200 1219
181.201.188.197 - - [28/Feb/2018:15:57:50 -0300] "GET /cormun/static/menuarrow.gif HTTP/1.1" 404 1015
181.201.188.197 - - [28/Feb/2018:15:57:55 -0300] "POST /cormun/servlet/solicitudot?gx-no-cache=1519844268401 HTTP/1.1" 200 1321
181.201.188.197 - - [28/Feb/2018:15:57:55 -0300] "POST /cormun/servlet/solicitudot?gx-no-cache=1519844268721 HTTP/1.1" 200 1219
181.201.188.197 - - [28/Feb/2018:15:57:58 -0300] "GET /cormun/servlet/solicitudot?5faf8b0c8d27b25c7fe737cdef91f734017b657f36aa71ee73001cca2b453d6cfead7b71998b49e7c87cdc214b4eb05b,gx-no-cache=1519844271586 HTTP/1.1" 200 30
186.103.159.189 - - [28/Feb/2018:15:57:58 -0300] "POST /cormun/servlet/hlogin?d28c4428d81e38ae751c9561de89aa4b,gx-no-cache=1519847823637 HTTP/1.1" 200 90
186.103.159.189 - - [28/Feb/2018:15:57:58 -0300] "GET /cormun/servlet/hpexe_link HTTP/1.1" 200 946
186.103.159.189 - - [28/Feb/2018:15:57:58 -0300] "GET /cormun/static/gxcfg.js?20177612121792 HTTP/1.1" 304 -
186.103.159.189 - - [28/Feb/2018:15:57:59 -0300] "GET /cormun/servlet/hhome HTTP/1.1" 200 4166
186.103.159.189 - - [28/Feb/2018:15:58:02 -0300] "GET /cormun/servlet/hhome HTTP/1.1" 200 4163
181.201.188.197 - - [28/Feb/2018:15:58:03 -0300] "POST /cormun/servlet/solicitudot?gx-no-cache=1519844277159 HTTP/1.1" 200 33
186.103.159.189 - - [28/Feb/2018:15:58:31 -0300] "GET /cormun/servlet/trcontratounov2? HTTP/1.1" 200 17537
186.103.159.189 - - [28/Feb/2018:15:58:31 -0300] "GET /cormun/static/gxcfg.js?201752512124396 HTTP/1.1" 200 953
186.103.159.189 - - [28/Feb/2018:15:58:31 -0300] "GET /cormun/static/Resources/PXToolsAddSelectedAction.png HTTP/1.1" 200 3660
186.103.159.189 - - [28/Feb/2018:15:58:38 -0300] "GET /cormun/servlet/trcontratounov2? HTTP/1.1" 200 17519
186.103.159.189 - - [28/Feb/2018:15:58:50 -0300] "POST /cormun/servlet/trcontratounov2?d28c4428d81e38ae751c9561de89aa4b,,gx-no-cache=1519847874042 HTTP/1.1" 200 7494
181.201.188.197 - - [28/Feb/2018:15:59:02 -0300] "POST /cormun/servlet/solicitudot?6768d371c2554ae9f2a8d7ebce62491d,INS,0,0,,gx-no-cache=1519844332985 HTTP/1.1" 200 93
181.201.188.197 - - [28/Feb/2018:15:59:02 -0300] "GET /cormun/servlet/hpexe_return? HTTP/1.1" 200 1005
181.201.188.197 - - [28/Feb/2018:15:59:04 -0300] "GET /cormun/servlet/trsolicitudot HTTP/1.1" 200 23149
181.201.188.197 - - [28/Feb/2018:15:59:06 -0300] "GET /cormun/servlet/trsolicitudot HTTP/1.1" 200 23144
186.103.159.46 - - [28/Feb/2018:15:59:07 -0300] "GET /cormun/servlet/solicitudot?f433243a9e640a5ab1a0a3b23757122d1c4e2f9f2122d3f09640fff8454bbb424846c120ddab0d2fe64d6d79f37ac33d187d83c8b3c8a37d5e43cca53c817a80,gx-no-cache=1519844299646 HTTP/1.1" 200 30
186.103.159.46 - - [28/Feb/2018:15:59:21 -0300] "GET /cormun/servlet/solicitudot?f433243a9e640a5ab1a0a3b23757122de9af3c56acc9904346bc8e28e7dbf90f,gx-no-cache=1519844312985 HTTP/1.1" 200 123
186.103.159.189 - - [28/Feb/2018:15:59:47 -0300] "GET /cormun/servlet/trcontratosolicitud? HTTP/1.1" 200 14804
186.103.159.189 - - [28/Feb/2018:15:59:47 -0300] "GET /cormun/static/gxcfg.js?20177612214014 HTTP/1.1" 200 953
186.103.159.46 - - [28/Feb/2018:15:59:48 -0300] "GET /cormun/servlet/prbanco?,MD,,gxPopupLevel%3D0%3B HTTP/1.1" 200 6580
186.103.159.46 - - [28/Feb/2018:15:59:48 -0300] "GET /cormun/static/gxcfg.js?20181161016094 HTTP/1.1" 200 953
186.103.159.46 - - [28/Feb/2018:15:59:48 -0300] "GET /cormun/static/prbanco.js?2018116101633 HTTP/1.1" 200 10693
186.103.159.189 - - [28/Feb/2018:15:59:49 -0300] "GET /cormun//static/Resources/PXToolsGridNew.png HTTP/1.1" 200 2949
186.103.159.189 - - [28/Feb/2018:15:59:50 -0300] "GET /cormun/servlet/trcontratosolicitud? HTTP/1.1" 200 14804
186.103.159.46 - - [28/Feb/2018:16:00:02 -0300] "POST /cormun/servlet/prbanco?fc397af8e441de40f03ce24c79a9e63d,,MD,,gxPopupLevel%3D0%3B,gx-no-cache=1519844353085 HTTP/1.1" 200 2538
181.201.188.197 - - [28/Feb/2018:16:00:03 -0300] "POST /cormun/servlet/trsolicitudot?6768d371c2554ae9f2a8d7ebce62491d,gx-no-cache=1519844390450 HTTP/1.1" 200 19971
181.201.188.197 - - [28/Feb/2018:16:00:03 -0300] "GET /cormun/static/Shared/jqueryui/images/ui-bg_highlight-soft_100_c6c2c8_1x100.png HTTP/1.1" 404 1117
181.201.188.197 - - [28/Feb/2018:16:00:03 -0300] "GET /cormun/static/Shared/jqueryui/images/ui-icons_82798d_256x240.png HTTP/1.1" 404 1089
181.201.188.197 - - [28/Feb/2018:16:00:05 -0300] "GET /cormun/static/Shared/jqueryui/images/ui-bg_flat_55_fafafa_40x100.png HTTP/1.1" 404 1097
181.201.188.197 - - [28/Feb/2018:16:00:05 -0300] "GET /cormun/static/Shared/jqueryui/images/ui-icons_8d78a5_256x240.png HTTP/1.1" 404 1089
186.103.159.189 - - [28/Feb/2018:16:00:05 -0300] "GET /cormun/servlet/solicitudotcontratos?INS,2018,0,11274732,K,6,2017,3553,INTEGRACION,201801,8,*, HTTP/1.1" 200 9916
186.103.159.189 - - [28/Feb/2018:16:00:06 -0300] "GET /cormun/static/gxcfg.js?2018191138350 HTTP/1.1" 200 953
186.103.159.189 - - [28/Feb/2018:16:00:06 -0300] "GET /cormun/static/solicitudotcontratos.js?20181911383611 HTTP/1.1" 200 43152
186.103.159.189 - - [28/Feb/2018:16:00:08 -0300] "GET /cormun/servlet/solicitudotcontratos?a44c2c12877da40ca493946415fe1312d8c331252a7680fb14681adccb1a0478e68d97fb17c4819bcb3b90ea98090bf1,gx-no-cache=1519847953493 HTTP/1.1" 200 30
186.103.159.189 - - [28/Feb/2018:16:00:08 -0300] "GET /cormun/servlet/solicitudotcontratos?INS,2018,0,11274732,K,6,2017,3553,INTEGRACION,201801,8,*, HTTP/1.1" 200 9947
186.103.159.189 - - [28/Feb/2018:16:00:08 -0300] "GET /cormun/servlet/solicitudotcontratos?a44c2c12877da40ca493946415fe1312123a7df5c5e519964f13cdb6290d37c9fcb3d826e09f567b1314ce3e147d8af9,gx-no-cache=1519847953656 HTTP/1.1" 200 30
186.103.159.189 - - [28/Feb/2018:16:00:08 -0300] "GET /cormun/servlet/solicitudotcontratos?a44c2c12877da40ca493946415fe131272de7c42201cb7df5a3302c4a7193e7b148f2b910ae52ca01af4015ee5ee4656f95e12b9d0beaeaf96ac0b595356fc04dcda79e2bfa2e501676a56b94f0476c254a7d042c2f3ba90b1bacf5e715a387e6965283ceb66ee5f6db96065e15a5161adbc2ab4a7ee7655ed8d3ad6e0c7c86e,gx-no-cache=1519847953813 HTTP/1.1" 200 50
181.201.188.197 - - [28/Feb/2018:16:00:08 -0300] "POST /cormun/servlet/trsolicitudot?6768d371c2554ae9f2a8d7ebce62491d,gx-no-cache=1519844397305 HTTP/1.1" 200 19909
186.103.159.189 - - [28/Feb/2018:16:00:08 -0300] "GET /cormun/servlet/solicitudotcontratos?a44c2c12877da40ca493946415fe13125b05effceb9e40cd1eeea50ceb046152c81f82b2e9ffacc588cbce8dab9024e7,gx-no-cache=1519847953932 HTTP/1.1" 200 30
186.103.159.189 - - [28/Feb/2018:16:00:09 -0300] "GET /cormun/servlet/solicitudotcontratos?a44c2c12877da40ca493946415fe131240b15bd07a9a6500dec2782c10718e8f98fd5518231c324891d70672e1db66e2a6f777cfa6562f4757ec67ccf5d1ceab5c97d4c47e4cb266a6ec7d999d240ae5304c37bfb8fcd28b6d892b94dd0baf76c45c076e30d80ad01102f87a7d8ca60b,gx-no-cache=1519847954339 HTTP/1.1" 200 30
186.103.159.189 - - [28/Feb/2018:16:00:09 -0300] "GET /cormun/servlet/solicitudotcontratos?a44c2c12877da40ca493946415fe1312c8ffe0c6275309b14ef955f9bae9d75c07cb1ec81c723504e77314743eec6d4d028fd0d9593734734f1785324e62cd1ff9ebce615d038f217f93e2c7129c2596cee8ce09f143d054dc06489edd0407d1199a681226a13be3bb3a7442694e7e21da5a33c9547dc2e35b1dc231e4f56ebab2df2a413c5ad4772d049e6aff5a9fde75dcd969d7123a166b89b8cf5b7fd33ad68880fb9be6e782c885f593142c1a0241d80641011a0d3645d511e7faafc121a5e29ea7ee7a363fb2371741cdedab132474152c3c954c91bbc4946af8a6639f0a0f6b5120a980b501827a78de3dab6d2e4ee9093b514bae8da58443e96aa3cc91e800e1d1d60f558c94229b476178f1b9844a34047bb6ca3c015033ac64b50697b9168a82093159c57b1a1d215f9fed2160a91e46c804be4d0e651dd80bf19b65ef177aa81b6012432edb1ea776aa71629b240413468b1eb8c2ed7b60620a3fac2ad51d3a857f4cf3100f10af4acabeb9844a34047bb6ca3c015033ac64b506518081abba44fa0c322ce91007bdbe4955118a448df7fbbb3462901915b750cbc78f72c951ec4f18a84a2131903a431cac496339454977c28eff36c0175c3a58,gx-no-cache=1519847954465 HTTP/1.1" 200 83
186.103.159.46 - - [28/Feb/2018:16:00:27 -0300] "GET /cormun/servlet/prbanco?,MD,,gxPopupLevel%3D0%3B HTTP/1.1" 200 6580
181.201.188.197 - - [28/Feb/2018:16:00:39 -0300] "POST /cormun/servlet/trsolicitudot?6768d371c2554ae9f2a8d7ebce62491d,gx-no-cache=1519844428296 HTTP/1.1" 200 19629
186.103.159.46 - - [28/Feb/2018:16:00:39 -0300] "GET /cormun/servlet/solicitudot?f433243a9e640a5ab1a0a3b23757122da57ef24de3b2a43b7925a7afb7c21bd4,gx-no-cache=1519844391463 HTTP/1.1" 200 70
186.103.159.46 - - [28/Feb/2018:16:00:40 -0300] "POST /cormun/servlet/solicitudot?gx-no-cache=1519844392655 HTTP/1.1" 200 255
186.103.159.46 - - [28/Feb/2018:16:00:44 -0300] "GET /cormun/servlet/solicitudot?f433243a9e640a5ab1a0a3b23757122ddd76b8fdd9988ab6fa236625b39e1f0ac4ee123242c3b0c8168495a0692e4f9ed1c1e8f8f61b2058ac26a40800e23c365eaba39626a6a22c3e64f334e04a84670948c594c346de98960d10e5dbf7c2d37103168c7f3e22f06ce1395d2624157aa6ebbbfdcdd2fed93f219f07950abbeede478b6af257fb4f93a6bd87389fef116766bcf590ba6364f32f4b0b7c57329ec1db6cf0153974e1e002f0bf95932549defb247f72cbf9a5fd401bf34f3d8b258f6b3249bc779f8ec38ed2e7585214b1337a400334f57a738db84ba0b03287a3a16c4fb7fb69705d0478f2cbe20d01fbdf1fafc3b935e6096454bdc0ba8021bb5f5fc3f925c0dcffdd5ebb2c4f9decb2fcc92b8bf15cd938c2b734d5f7800d67ab5feca9a4b39460ed528e54f2220cd16e34e90df7029d083f606999bbf1c8803e13296d49a1908d837bbc2038b22345289d764c815d2a22e55f29e44fd2034f5501be884035f7d784df3f2df932f671e21c13c6006cdb5bab824287d61a29f9,gx-no-cache=1519844395913 HTTP/1.1" 200 30
186.103.159.46 - - [28/Feb/2018:16:00:49 -0300] "POST /cormun/servlet/solicitudot?gx-no-cache=1519844401471 HTTP/1.1" 200 30
186.103.159.46 - - [28/Feb/2018:16:00:52 -0300] "POST /cormun/servlet/solicitudot?gx-no-cache=1519844403781 HTTP/1.1" 200 1333
186.103.159.46 - - [28/Feb/2018:16:00:52 -0300] "POST /cormun/servlet/solicitudot?gx-no-cache=1519844403977 HTTP/1.1" 200 38
181.201.188.197 - - [28/Feb/2018:16:01:04 -0300] "POST /cormun/servlet/trsolicitudot?6768d371c2554ae9f2a8d7ebce62491d,gx-no-cache=1519844433618 HTTP/1.1" 500 10
186.103.159.189 - - [28/Feb/2018:16:01:20 -0300] "GET /cormun/servlet/trcontratounov2? HTTP/1.1" 200 8232
186.103.159.189 - - [28/Feb/2018:16:01:22 -0300] "GET /cormun/servlet/trcontratounov2? HTTP/1.1" 200 8175
186.103.159.189 - - [28/Feb/2018:16:01:28 -0300] "GET /cormun/servlet/trcontratoobservaciondir? HTTP/1.1" 200 8881
186.103.159.189 - - [28/Feb/2018:16:01:29 -0300] "GET /cormun/static/gxcfg.js?20175251262281 HTTP/1.1" 200 953
186.103.159.189 - - [28/Feb/2018:16:01:29 -0300] "GET /cormun/static/trcontratoobservaciondir.js?20175251262715 HTTP/1.1" 200 27185
186.103.159.189 - - [28/Feb/2018:16:01:30 -0300] "GET /cormun/servlet/trcontratoobservaciondir? HTTP/1.1" 200 8879
181.201.188.197 - - [28/Feb/2018:16:01:31 -0300] "GET /cormun/servlet/hlogin HTTP/1.1" 200 1722
181.201.188.197 - - [28/Feb/2018:16:01:45 -0300] "POST /cormun/servlet/hlogin?6768d371c2554ae9f2a8d7ebce62491d,gx-no-cache=1519844497865 HTTP/1.1" 200 436
186.103.159.189 - - [28/Feb/2018:16:01:52 -0300] "GET /cormun/servlet/trautorizarsolicitud? HTTP/1.1" 200 7274
186.103.159.189 - - [28/Feb/2018:16:01:54 -0300] "GET /cormun/servlet/trautorizarsolicitud? HTTP/1.1" 200 7274
186.103.159.189 - - [28/Feb/2018:16:02:02 -0300] "GET /cormun/static/menuarrow.gif HTTP/1.1" 404 1015
186.103.159.189 - - [28/Feb/2018:16:02:09 -0300] "POST /cormun/servlet/trautorizarsolicitud?d28c4428d81e38ae751c9561de89aa4b,,gx-no-cache=1519848073998 HTTP/1.1" 200 6618
181.201.188.197 - - [28/Feb/2018:16:02:17 -0300] "POST /cormun/servlet/hlogin?6768d371c2554ae9f2a8d7ebce62491d,gx-no-cache=1519844529287 HTTP/1.1" 200 90
181.201.188.197 - - [28/Feb/2018:16:02:17 -0300] "GET /cormun/servlet/hpexe_link HTTP/1.1" 200 976
181.201.188.197 - - [28/Feb/2018:16:02:19 -0300] "GET /cormun/servlet/trsolicitudot?gx-no-cache=1519844428296 HTTP/1.1" 200 22455
181.201.188.197 - - [28/Feb/2018:16:02:21 -0300] "GET /cormun/servlet/trsolicitudot?gx-no-cache=1519844428296 HTTP/1.1" 200 22475
186.103.159.189 - - [28/Feb/2018:16:02:39 -0300] "POST /cormun/servlet/trautorizarsolicitud?d28c4428d81e38ae751c9561de89aa4b,,gx-no-cache=1519848103687 HTTP/1.1" 200 6205
181.201.188.197 - - [28/Feb/2018:16:02:45 -0300] "POST /cormun/servlet/trsolicitudot?6768d371c2554ae9f2a8d7ebce62491d,gx-no-cache=1519844428296,gx-no-cache=1519844554511 HTTP/1.1" 200 19267
181.201.188.197 - - [28/Feb/2018:16:02:46 -0300] "GET /cormun/static/Shared/jqueryui/images/ui-icons_82798d_256x240.png HTTP/1.1" 404 1089
181.201.188.197 - - [28/Feb/2018:16:02:46 -0300] "GET /cormun/static/Shared/jqueryui/images/ui-bg_flat_55_fafafa_40x100.png HTTP/1.1" 404 1097
181.201.188.197 - - [28/Feb/2018:16:02:46 -0300] "GET /cormun/static/Shared/jqueryui/images/ui-icons_8d78a5_256x240.png HTTP/1.1" 404 1089
181.201.188.197 - - [28/Feb/2018:16:02:47 -0300] "GET /cormun/static/Shared/jqueryui/images/ui-bg_highlight-soft_100_c6c2c8_1x100.png HTTP/1.1" 404 1117
186.103.159.189 - - [28/Feb/2018:16:02:50 -0300] "POST /cormun/servlet/trautorizarsolicitud?d28c4428d81e38ae751c9561de89aa4b,,gx-no-cache=1519848114317 HTTP/1.1" 200 13469
181.201.188.197 - - [28/Feb/2018:16:02:55 -0300] "POST /cormun/servlet/trsolicitudot?6768d371c2554ae9f2a8d7ebce62491d,gx-no-cache=1519844428296,gx-no-cache=1519844559565 HTTP/1.1" 200 19194
181.201.188.197 - - [28/Feb/2018:16:03:15 -0300] "POST /cormun/servlet/trsolicitudot?6768d371c2554ae9f2a8d7ebce62491d,gx-no-cache=1519844428296,gx-no-cache=1519844586425 HTTP/1.1" 200 106
181.201.188.197 - - [28/Feb/2018:16:03:16 -0300] "GET /cormun/servlet/solicitudot?UPD,2018,9683, HTTP/1.1" 200 15613
181.201.188.197 - - [28/Feb/2018:16:03:18 -0300] "GET /cormun/servlet/solicitudot?UPD,2018,9683, HTTP/1.1" 200 15601
181.201.188.197 - - [28/Feb/2018:16:03:18 -0300] "POST /cormun/servlet/solicitudot?gx-no-cache=1519844591138 HTTP/1.1" 200 3432
181.201.188.197 - - [28/Feb/2018:16:03:20 -0300] "POST /cormun/servlet/solicitudot?6768d371c2554ae9f2a8d7ebce62491d,UPD,2018,9683,,gx-no-cache=1519844592464 HTTP/1.1" 200 11766
181.201.188.197 - - [28/Feb/2018:16:03:20 -0300] "GET /cormun/servlet/solicitudot?5faf8b0c8d27b25c7fe737cdef91f734eaafa85089c55609bd76ab4ff49d244d519846cb82c8ab5f276834c52886ad4b,gx-no-cache=1519844594065 HTTP/1.1" 200 30
181.201.188.197 - - [28/Feb/2018:16:03:20 -0300] "GET /cormun/servlet/solicitudot?5faf8b0c8d27b25c7fe737cdef91f734d968f3c53b8a7095097b58a983be83a6c945be2f058f086aab4e85a6734d71a2602434910319fd56b24fd9fdad64dfdf,gx-no-cache=1519844594229 HTTP/1.1" 200 30
181.201.188.197 - - [28/Feb/2018:16:03:21 -0300] "GET /cormun/servlet/solicitudot?5faf8b0c8d27b25c7fe737cdef91f734e9725ff5c1d7ae778860b5945f4e3bd8423b9c334f775022471fd09a4fe2ed2b0a354f92849ca1c69bdf1d9c0aa85b1f,gx-no-cache=1519844594362 HTTP/1.1" 200 53
181.201.188.197 - - [28/Feb/2018:16:03:21 -0300] "POST /cormun/servlet/solicitudot?gx-no-cache=1519844594517 HTTP/1.1" 200 297
181.201.188.197 - - [28/Feb/2018:16:03:22 -0300] "GET /cormun/servlet/solicitudot?5faf8b0c8d27b25c7fe737cdef91f734966528388b3c1276eed716c3de2af51bc6e1789b3a7011ee4d2e67f691214b7ee44cf3d9e5a61948b40ec8710b4dcbd2f0e7c8cc219ae28c6b2481e2ee96e744b6186fdacdac7027915c481d64e3a0185940cbbf67ae24d6f27f27f235002776cb417a261d61c876e7630afd4d3cc4c2d306ec042e58b5adc4a6a750aa8f82218034a9cdfe7d2da7762ab8cdd2cb51c5755b1d9c5797831882ee6dd27bbf47427c8f8a61c41c428f60114726551c3db5f9b582046f097ca65b2e18af98c5cd1fa65a405a4528aeaa775c78b050da3cb7802246e52aeef717cf9d08f93cee23279fcecd0d2191b9fd52098e9b5daa765d9cd2c594e077bb40e347963ea2101a5957eb2ca5e188fe5b03cc2c94c6c8279985d6baddc04d9c9036f9db3f18e670b36d59d3cbd61f38ad8f7a591647d7584be8774f19df80dd0847e8ce37cb531d6bc443bf178dccc3cf3fc2659b8daefee812db7f03792849d197b941884b646459f48495ed80c0887366d08ae538a1bd0596fe91e5db9c0b653a9136d8bb059cec,gx-no-cache=1519844594747 HTTP/1.1" 200 30
181.201.188.197 - - [28/Feb/2018:16:03:22 -0300] "POST /cormun/servlet/solicitudot?gx-no-cache=1519844595552 HTTP/1.1" 200 30
181.201.188.197 - - [28/Feb/2018:16:03:23 -0300] "POST /cormun/servlet/solicitudot?gx-no-cache=1519844595868 HTTP/1.1" 200 1336
181.201.188.197 - - [28/Feb/2018:16:03:23 -0300] "POST /cormun/servlet/solicitudot?gx-no-cache=1519844596991 HTTP/1.1" 200 41
181.201.188.197 - - [28/Feb/2018:16:03:26 -0300] "GET /cormun/servlet/solicitudot?5faf8b0c8d27b25c7fe737cdef91f7346bac49f16705cc144b06a197655d8e434a458f7323a21e4e4a1c3e8ba2a1fa74e7fcd8f7def6ee5613e290821659befe3a35578864c43c45a1d7f7b02edc737b6873ff6572151ff560c0e2f214231661746d72f835e5c5a17ffef2da60df2f72,gx-no-cache=1519844599875 HTTP/1.1" 200 29
181.201.188.197 - - [28/Feb/2018:16:03:26 -0300] "POST /cormun/servlet/solicitudot?gx-no-cache=1519844600004 HTTP/1.1" 200 1319
181.201.188.197 - - [28/Feb/2018:16:03:27 -0300] "POST /cormun/servlet/solicitudot?gx-no-cache=1519844600330 HTTP/1.1" 200 1218
181.201.188.197 - - [28/Feb/2018:16:03:27 -0300] "GET /cormun/servlet/solicitudot?5faf8b0c8d27b25c7fe737cdef91f734017b657f36aa71ee73001cca2b453d6cfead7b71998b49e7c87cdc214b4eb05b,gx-no-cache=1519844600645 HTTP/1.1" 200 30
181.201.188.197 - - [28/Feb/2018:16:03:29 -0300] "POST /cormun/servlet/solicitudot?gx-no-cache=1519844600775 HTTP/1.1" 200 30
181.201.188.197 - - [28/Feb/2018:16:03:42 -0300] "POST /cormun/servlet/solicitudot?6768d371c2554ae9f2a8d7ebce62491d,UPD,2018,9683,,gx-no-cache=1519844614068 HTTP/1.1" 200 93
181.201.188.197 - - [28/Feb/2018:16:03:43 -0300] "GET /cormun/servlet/hpexe_return? HTTP/1.1" 200 1032
181.201.188.197 - - [28/Feb/2018:16:03:44 -0300] "GET /cormun/servlet/trsolicitudot?gx-no-cache=1519844428296 HTTP/1.1" 200 22093
181.201.188.197 - - [28/Feb/2018:16:03:47 -0300] "GET /cormun/servlet/trsolicitudot?gx-no-cache=1519844428296 HTTP/1.1" 200 22109
181.201.188.197 - - [28/Feb/2018:16:03:59 -0300] "POST /cormun/servlet/trsolicitudot?6768d371c2554ae9f2a8d7ebce62491d,gx-no-cache=1519844428296,gx-no-cache=1519844626237 HTTP/1.1" 200 18877
181.201.188.197 - - [28/Feb/2018:16:03:59 -0300] "GET /cormun/static/Shared/jqueryui/images/ui-bg_highlight-soft_100_c6c2c8_1x100.png HTTP/1.1" 404 1117
181.201.188.197 - - [28/Feb/2018:16:03:59 -0300] "GET /cormun/static/Shared/jqueryui/images/ui-icons_8d78a5_256x240.png HTTP/1.1" 404 1089
181.201.188.197 - - [28/Feb/2018:16:03:59 -0300] "GET /cormun/static/Shared/jqueryui/images/ui-icons_82798d_256x240.png HTTP/1.1" 404 1089
181.201.188.197 - - [28/Feb/2018:16:04:00 -0300] "GET /cormun/static/Shared/jqueryui/images/ui-bg_flat_55_fafafa_40x100.png HTTP/1.1" 404 1097
181.201.188.197 - - [28/Feb/2018:16:04:20 -0300] "POST /cormun/servlet/trsolicitudot?6768d371c2554ae9f2a8d7ebce62491d,gx-no-cache=1519844428296,gx-no-cache=1519844633423 HTTP/1.1" 500 10
181.201.188.197 - - [28/Feb/2018:16:04:23 -0300] "POST /cormun/servlet/trsolicitudot?6768d371c2554ae9f2a8d7ebce62491d,gx-no-cache=1519844428296,gx-no-cache=1519844633423 HTTP/1.1" 200 18813
181.201.188.197 - - [28/Feb/2018:16:04:46 -0300] "POST /cormun/servlet/trsolicitudot?6768d371c2554ae9f2a8d7ebce62491d,gx-no-cache=1519844428296,gx-no-cache=1519844674475 HTTP/1.1" 200 18513
181.201.188.197 - - [28/Feb/2018:16:04:52 -0300] "POST /cormun/servlet/trsolicitudot?6768d371c2554ae9f2a8d7ebce62491d,gx-no-cache=1519844428296,gx-no-cache=1519844680385 HTTP/1.1" 200 18451
181.201.188.197 - - [28/Feb/2018:16:05:25 -0300] "POST /cormun/servlet/trsolicitudot?6768d371c2554ae9f2a8d7ebce62491d,gx-no-cache=1519844428296,gx-no-cache=1519844710168 HTTP/1.1" 200 18170
181.201.188.197 - - [28/Feb/2018:16:05:34 -0300] "POST /cormun/servlet/trsolicitudot?6768d371c2554ae9f2a8d7ebce62491d,gx-no-cache=1519844428296,gx-no-cache=1519844720013 HTTP/1.1" 200 18107
186.103.159.189 - - [28/Feb/2018:16:05:34 -0300] "GET /cormun/servlet/trfichaempleado? HTTP/1.1" 200 14830
181.201.188.197 - - [28/Feb/2018:16:05:46 -0300] "POST /cormun/servlet/trsolicitudot?6768d371c2554ae9f2a8d7ebce62491d,gx-no-cache=1519844428296,gx-no-cache=1519844735524 HTTP/1.1" 200 17862
181.201.188.197 - - [28/Feb/2018:16:05:53 -0300] "POST /cormun/servlet/trsolicitudot?6768d371c2554ae9f2a8d7ebce62491d,gx-no-cache=1519844428296,gx-no-cache=1519844740763 HTTP/1.1" 200 17799
186.103.159.189 - - [28/Feb/2018:16:06:04 -0300] "POST /cormun/servlet/trautorizarsolicitud?d28c4428d81e38ae751c9561de89aa4b,,gx-no-cache=1519848306919 HTTP/1.1" 200 12378
181.201.188.197 - - [28/Feb/2018:16:06:17 -0300] "POST /cormun/servlet/trsolicitudot?6768d371c2554ae9f2a8d7ebce62491d,gx-no-cache=1519844428296,gx-no-cache=1519844765459 HTTP/1.1" 200 17498
181.201.188.197 - - [28/Feb/2018:16:06:20 -0300] "POST /cormun/servlet/trsolicitudot?6768d371c2554ae9f2a8d7ebce62491d,gx-no-cache=1519844428296,gx-no-cache=1519844771290 HTTP/1.1" 200 17435
181.201.188.197 - - [28/Feb/2018:16:06:33 -0300] "POST /cormun/servlet/trsolicitudot?6768d371c2554ae9f2a8d7ebce62491d,gx-no-cache=1519844428296,gx-no-cache=1519844783691 HTTP/1.1" 200 17162
181.201.188.197 - - [28/Feb/2018:16:06:37 -0300] "POST /cormun/servlet/trsolicitudot?6768d371c2554ae9f2a8d7ebce62491d,gx-no-cache=1519844428296,gx-no-cache=1519844788118 HTTP/1.1" 200 17099
186.103.159.189 - - [28/Feb/2018:16:06:40 -0300] "POST /cormun/servlet/trautorizarsolicitud?d28c4428d81e38ae751c9561de89aa4b,,gx-no-cache=1519848344411 HTTP/1.1" 200 13469
181.201.188.197 - - [28/Feb/2018:16:06:58 -0300] "POST /cormun/servlet/trsolicitudot?6768d371c2554ae9f2a8d7ebce62491d,gx-no-cache=1519844428296,gx-no-cache=1519844808973 HTTP/1.1" 200 16771
181.201.188.197 - - [28/Feb/2018:16:07:02 -0300] "POST /cormun/servlet/trsolicitudot?6768d371c2554ae9f2a8d7ebce62491d,gx-no-cache=1519844428296,gx-no-cache=1519844813195 HTTP/1.1" 200 16713
181.201.188.197 - - [28/Feb/2018:16:07:13 -0300] "POST /cormun/servlet/trsolicitudot?6768d371c2554ae9f2a8d7ebce62491d,gx-no-cache=1519844428296,gx-no-cache=1519844824135 HTTP/1.1" 200 16395
181.201.188.197 - - [28/Feb/2018:16:07:19 -0300] "POST /cormun/servlet/trsolicitudot?6768d371c2554ae9f2a8d7ebce62491d,gx-no-cache=1519844428296,gx-no-cache=1519844828105 HTTP/1.1" 200 16336
181.201.188.197 - - [28/Feb/2018:16:07:28 -0300] "POST /cormun/servlet/trsolicitudot?6768d371c2554ae9f2a8d7ebce62491d,gx-no-cache=1519844428296,gx-no-cache=1519844838180 HTTP/1.1" 200 16042
181.201.188.197 - - [28/Feb/2018:16:07:34 -0300] "POST /cormun/servlet/trsolicitudot?6768d371c2554ae9f2a8d7ebce62491d,gx-no-cache=1519844428296,gx-no-cache=1519844843229 HTTP/1.1" 200 15981
181.201.188.197 - - [28/Feb/2018:16:07:44 -0300] "POST /cormun/servlet/trsolicitudot?6768d371c2554ae9f2a8d7ebce62491d,gx-no-cache=1519844428296,gx-no-cache=1519844854016 HTTP/1.1" 200 15709
181.201.188.197 - - [28/Feb/2018:16:07:47 -0300] "POST /cormun/servlet/trsolicitudot?6768d371c2554ae9f2a8d7ebce62491d,gx-no-cache=1519844428296,gx-no-cache=1519844858912 HTTP/1.1" 200 15649
181.201.188.197 - - [28/Feb/2018:16:07:57 -0300] "POST /cormun/servlet/trsolicitudot?6768d371c2554ae9f2a8d7ebce62491d,gx-no-cache=1519844428296,gx-no-cache=1519844868085 HTTP/1.1" 200 15380
181.201.188.197 - - [28/Feb/2018:16:08:05 -0300] "POST /cormun/servlet/trsolicitudot?6768d371c2554ae9f2a8d7ebce62491d,gx-no-cache=1519844428296,gx-no-cache=1519844873278 HTTP/1.1" 200 15320
181.201.188.197 - - [28/Feb/2018:16:08:27 -0300] "POST /cormun/servlet/trsolicitudot?6768d371c2554ae9f2a8d7ebce62491d,gx-no-cache=1519844428296,gx-no-cache=1519844895053 HTTP/1.1" 200 15102
181.201.188.197 - - [28/Feb/2018:16:08:31 -0300] "POST /cormun/servlet/trsolicitudot?6768d371c2554ae9f2a8d7ebce62491d,gx-no-cache=1519844428296,gx-no-cache=1519844901796 HTTP/1.1" 200 15043
181.201.188.197 - - [28/Feb/2018:16:08:42 -0300] "POST /cormun/servlet/trsolicitudot?6768d371c2554ae9f2a8d7ebce62491d,gx-no-cache=1519844428296,gx-no-cache=1519844911398 HTTP/1.1" 200 14776
181.201.188.197 - - [28/Feb/2018:16:08:46 -0300] "POST /cormun/servlet/trsolicitudot?6768d371c2554ae9f2a8d7ebce62491d,gx-no-cache=1519844428296,gx-no-cache=1519844916940 HTTP/1.1" 200 14717
181.201.188.197 - - [28/Feb/2018:16:08:57 -0300] "POST /cormun/servlet/trsolicitudot?6768d371c2554ae9f2a8d7ebce62491d,gx-no-cache=1519844428296,gx-no-cache=1519844928173 HTTP/1.1" 200 105
181.201.188.197 - - [28/Feb/2018:16:08:59 -0300] "GET /cormun/servlet/solicitudot?UPD,2018,9717, HTTP/1.1" 200 15615
181.201.188.197 - - [28/Feb/2018:16:09:00 -0300] "GET /cormun/servlet/solicitudot?UPD,2018,9717, HTTP/1.1" 200 15603
181.201.188.197 - - [28/Feb/2018:16:09:02 -0300] "POST /cormun/servlet/solicitudot?gx-no-cache=1519844933594 HTTP/1.1" 200 3414
181.201.188.197 - - [28/Feb/2018:16:09:03 -0300] "POST /cormun/servlet/solicitudot?6768d371c2554ae9f2a8d7ebce62491d,UPD,2018,9717,,gx-no-cache=1519844935756 HTTP/1.1" 200 11769
181.201.188.197 - - [28/Feb/2018:16:09:04 -0300] "GET /cormun/servlet/solicitudot?5faf8b0c8d27b25c7fe737cdef91f734952db2ec25e2c5dda4c7d3c395f88db504aca8b49ef9f4a885c2390594837552,gx-no-cache=1519844937523 HTTP/1.1" 200 30
181.201.188.197 - - [28/Feb/2018:16:09:04 -0300] "GET /cormun/servlet/solicitudot?5faf8b0c8d27b25c7fe737cdef91f7345cb5d028784810a33db2172205e52dd48811fa72a35811ce8847b1085d3adcab96fe91e5db9c0b653a9136d8bb059cec,gx-no-cache=1519844937746 HTTP/1.1" 200 30
181.201.188.197 - - [28/Feb/2018:16:09:04 -0300] "GET /cormun/servlet/solicitudot?5faf8b0c8d27b25c7fe737cdef91f734e9725ff5c1d7ae778860b5945f4e3bd8423b9c334f775022471fd09a4fe2ed2b0a354f92849ca1c69bdf1d9c0aa85b1f,gx-no-cache=1519844937892 HTTP/1.1" 200 53
181.201.188.197 - - [28/Feb/2018:16:09:04 -0300] "POST /cormun/servlet/solicitudot?gx-no-cache=1519844938146 HTTP/1.1" 200 256
181.201.188.197 - - [28/Feb/2018:16:09:05 -0300] "GET /cormun/servlet/solicitudot?5faf8b0c8d27b25c7fe737cdef91f734966528388b3c1276eed716c3de2af51bbba9ca2ea4d43485ee12121589b53c64e44cf3d9e5a61948b40ec8710b4dcbd2f0e7c8cc219ae28c6b2481e2ee96e744b6186fdacdac7027915c481d64e3a0185940cbbf67ae24d6f27f27f235002776cb417a261d61c876e7630afd4d3cc4c2d306ec042e58b5adc4a6a750aa8f82218034a9cdfe7d2da7762ab8cdd2cb51c5755b1d9c5797831882ee6dd27bbf47427c8f8a61c41c428f60114726551c3db5f9b582046f097ca65b2e18af98c5cd1fa65a405a4528aeaa775c78b050da3cb7802246e52aeef717cf9d08f93cee2327425a5270f1387f91c8a602fed7179fd59cd2c594e077bb40e347963ea2101a5963de37d8e5ef1cdd5270b464ae3f941d4dbd85b3fb51d7b97e2b257ad342d495052d81a9c3b001d761a133274c707d54555d9abcf8db2c807303e5c93711b2eab4fc7912825ae5853ed5fe4b32191ef6847aba2468ac1c53fda5d1b29e0f0d4ee83ffa5c666a5200cb548b03bee0012f,gx-no-cache=1519844938437 HTTP/1.1" 200 30
