186.103.159.189 - - [28/Feb/2018:17:29:07 -0300] "GET /cormun/servlet/solicitudotadjuntos?80aee7bfae270874133ad0c28819b437a5053c418685bbeabfe266d675ce449d,gx-no-cache=1519853292647 HTTP/1.1" 200 30
186.103.158.250 - - [28/Feb/2018:17:29:07 -0300] "GET /cormun/servlet/solicitudotadjuntos?INS,2018,9760,,1, HTTP/1.1" 200 6017
186.103.159.189 - - [28/Feb/2018:17:29:07 -0300] "GET /cormun/servlet/solicitudotadjuntos?80aee7bfae270874133ad0c28819b437a5053c418685bbeabfe266d675ce449d,gx-no-cache=1519853292808 HTTP/1.1" 200 30
186.103.158.250 - - [28/Feb/2018:17:29:07 -0300] "GET /cormun/static/gxcfg.js?2017761244068 HTTP/1.1" 200 953
186.103.158.250 - - [28/Feb/2018:17:29:07 -0300] "GET /cormun/static/solicitudotadjuntos.js?2017761244086 HTTP/1.1" 200 11771
186.103.158.250 - - [28/Feb/2018:17:29:08 -0300] "GET /cormun/static/about:blank HTTP/1.1" 404 1011
186.103.158.250 - - [28/Feb/2018:17:29:08 -0300] "GET /cormun/servlet/solicitudotadjuntos?INS,2018,9760,,1, HTTP/1.1" 200 6011
186.103.158.250 - - [28/Feb/2018:17:29:08 -0300] "GET /cormun/servlet/solicitudotadjuntos?8de8abd9fa50ffdd6b0f0220846010e86bef764ab3626702881c3530a7dc14922c3c068fdb13e67ad220a69c827166e0,gx-no-cache=1519849516225 HTTP/1.1" 200 30
186.103.159.189 - - [28/Feb/2018:17:29:08 -0300] "POST /cormun/servlet/solicitudotadjuntos?1bee017a6262e11b1badcfce7ac88a86,INS,2018,9762,,1, HTTP/1.1" 200 116
186.103.159.189 - - [28/Feb/2018:17:29:09 -0300] "GET /cormun/servlet/hpexe_return? HTTP/1.1" 200 1024
186.103.158.250 - - [28/Feb/2018:17:29:09 -0300] "POST /cormun/servlet/solicitudotadjuntos?863f590d04dd0ba82a6fbaa9f7eca30a,INS,2018,9760,,1,,gx-no-cache=1519849516281 HTTP/1.1" 200 3824
186.103.159.189 - - [28/Feb/2018:17:29:10 -0300] "GET /cormun/servlet/trsolicitudadjuntos?2018,9762, HTTP/1.1" 200 9024
186.103.159.189 - - [28/Feb/2018:17:29:12 -0300] "GET /cormun/servlet/trsolicitudadjuntos?2018,9762, HTTP/1.1" 200 9023
186.103.158.250 - - [28/Feb/2018:17:29:14 -0300] "POST /cormun/servlet/solicitudotadjuntos?gx-no-cache=1519849521328 HTTP/1.1" 200 26
186.103.159.189 - - [28/Feb/2018:17:29:15 -0300] "GET /cormun/servlet/solicitudotadjuntos?INS,2018,9762,,1, HTTP/1.1" 200 6215
186.103.159.189 - - [28/Feb/2018:17:29:16 -0300] "GET /cormun/static/about:blank HTTP/1.1" 404 1011
186.103.159.189 - - [28/Feb/2018:17:29:17 -0300] "GET /cormun/servlet/solicitudotadjuntos?INS,2018,9762,,1, HTTP/1.1" 200 6209
186.103.159.189 - - [28/Feb/2018:17:29:17 -0300] "GET /cormun/servlet/solicitudotadjuntos?80aee7bfae270874133ad0c28819b437818b97c4c22b87a216bf9795f30072bb10647592a7b387d6218c5aff54cc5ee7,gx-no-cache=1519853303106 HTTP/1.1" 200 30
186.103.159.189 - - [28/Feb/2018:17:29:18 -0300] "POST /cormun/servlet/solicitudotadjuntos?1bee017a6262e11b1badcfce7ac88a86,INS,2018,9762,,1,,gx-no-cache=1519853303355 HTTP/1.1" 200 4018
186.103.159.189 - - [28/Feb/2018:17:29:21 -0300] "POST /cormun/servlet/solicitudotadjuntos?gx-no-cache=1519853307362 HTTP/1.1" 200 26
186.103.159.189 - - [28/Feb/2018:17:29:28 -0300] "GET /cormun/servlet/solicitudotadjuntos?80aee7bfae270874133ad0c28819b437a5053c418685bbeabfe266d675ce449d,gx-no-cache=1519853313452 HTTP/1.1" 200 30
186.103.159.189 - - [28/Feb/2018:17:29:28 -0300] "GET /cormun/servlet/solicitudotadjuntos?80aee7bfae270874133ad0c28819b437a5053c418685bbeabfe266d675ce449d,gx-no-cache=1519853313510 HTTP/1.1" 200 30
186.103.159.189 - - [28/Feb/2018:17:29:30 -0300] "POST /cormun/servlet/solicitudotadjuntos?1bee017a6262e11b1badcfce7ac88a86,INS,2018,9762,,1, HTTP/1.1" 200 116
186.103.159.189 - - [28/Feb/2018:17:29:30 -0300] "GET /cormun/servlet/hpexe_return? HTTP/1.1" 200 1024
186.103.159.189 - - [28/Feb/2018:17:29:31 -0300] "GET /cormun/servlet/trsolicitudadjuntos?2018,9762, HTTP/1.1" 200 9224
186.103.158.250 - - [28/Feb/2018:17:29:32 -0300] "POST /cormun/servlet/solicitudotadjuntos?863f590d04dd0ba82a6fbaa9f7eca30a,INS,2018,9760,,1, HTTP/1.1" 200 116
186.103.158.250 - - [28/Feb/2018:17:29:32 -0300] "GET /cormun/servlet/hpexe_return? HTTP/1.1" 200 1026
186.103.158.250 - - [28/Feb/2018:17:29:33 -0300] "GET /cormun/servlet/trsolicitudadjuntos?2018,9760, HTTP/1.1" 200 6075
186.103.159.189 - - [28/Feb/2018:17:29:34 -0300] "GET /cormun/servlet/trsolicitudadjuntos?2018,9762, HTTP/1.1" 200 9222
186.103.158.250 - - [28/Feb/2018:17:29:34 -0300] "GET /cormun/servlet/trsolicitudadjuntos?2018,9760, HTTP/1.1" 200 6071
186.103.159.189 - - [28/Feb/2018:17:29:37 -0300] "GET /cormun/servlet/solicitudotadjuntos?INS,2018,9762,,1, HTTP/1.1" 200 6215
186.103.159.189 - - [28/Feb/2018:17:29:37 -0300] "GET /cormun/static/about:blank HTTP/1.1" 404 1011
186.103.159.189 - - [28/Feb/2018:17:29:38 -0300] "GET /cormun/servlet/solicitudotadjuntos?INS,2018,9762,,1, HTTP/1.1" 200 6208
186.103.159.189 - - [28/Feb/2018:17:29:39 -0300] "GET /cormun/servlet/solicitudotadjuntos?80aee7bfae270874133ad0c28819b437818b97c4c22b87a216bf9795f30072bb10647592a7b387d6218c5aff54cc5ee7,gx-no-cache=1519853324644 HTTP/1.1" 200 30
186.103.159.189 - - [28/Feb/2018:17:29:39 -0300] "POST /cormun/servlet/solicitudotadjuntos?1bee017a6262e11b1badcfce7ac88a86,INS,2018,9762,,1,,gx-no-cache=1519853324711 HTTP/1.1" 200 4018
186.103.159.189 - - [28/Feb/2018:17:29:43 -0300] "POST /cormun/servlet/solicitudotadjuntos?gx-no-cache=1519853328729 HTTP/1.1" 200 26
192.168.10.96 - - [28/Feb/2018:17:29:45 -0300] "POST /cormun/servlet/trsolicitudgral?9358842a3bed196b676a3a1a15ae6027,,gx-no-cache=1519849626958 HTTP/1.1" 200 5921
186.103.159.189 - - [28/Feb/2018:17:29:50 -0300] "GET /cormun/servlet/solicitudotadjuntos?80aee7bfae270874133ad0c28819b437a5053c418685bbeabfe266d675ce449d,gx-no-cache=1519853335611 HTTP/1.1" 200 30
186.103.159.189 - - [28/Feb/2018:17:29:50 -0300] "GET /cormun/servlet/solicitudotadjuntos?80aee7bfae270874133ad0c28819b437a5053c418685bbeabfe266d675ce449d,gx-no-cache=1519853335672 HTTP/1.1" 200 30
186.103.159.189 - - [28/Feb/2018:17:29:55 -0300] "POST /cormun/servlet/solicitudotadjuntos?1bee017a6262e11b1badcfce7ac88a86,INS,2018,9762,,1, HTTP/1.1" 200 116
186.103.159.189 - - [28/Feb/2018:17:29:55 -0300] "GET /cormun/servlet/hpexe_return? HTTP/1.1" 200 1024
186.103.159.189 - - [28/Feb/2018:17:29:57 -0300] "GET /cormun/servlet/trsolicitudadjuntos?2018,9762, HTTP/1.1" 200 9455
186.103.159.189 - - [28/Feb/2018:17:30:00 -0300] "GET /cormun/servlet/trsolicitudadjuntos?2018,9762, HTTP/1.1" 200 9453
186.103.159.189 - - [28/Feb/2018:17:30:02 -0300] "GET /cormun/servlet/solicitudotadjuntos?INS,2018,9762,,1, HTTP/1.1" 200 6214
186.103.159.189 - - [28/Feb/2018:17:30:03 -0300] "GET /cormun/static/about:blank HTTP/1.1" 404 1011
186.103.159.189 - - [28/Feb/2018:17:30:04 -0300] "GET /cormun/servlet/solicitudotadjuntos?INS,2018,9762,,1, HTTP/1.1" 200 6208
186.103.159.189 - - [28/Feb/2018:17:30:04 -0300] "GET /cormun/servlet/solicitudotadjuntos?80aee7bfae270874133ad0c28819b437818b97c4c22b87a216bf9795f30072bb10647592a7b387d6218c5aff54cc5ee7,gx-no-cache=1519853350316 HTTP/1.1" 200 30
186.103.159.189 - - [28/Feb/2018:17:30:05 -0300] "POST /cormun/servlet/solicitudotadjuntos?1bee017a6262e11b1badcfce7ac88a86,INS,2018,9762,,1,,gx-no-cache=1519853350428 HTTP/1.1" 200 4017
186.103.159.189 - - [28/Feb/2018:17:30:10 -0300] "POST /cormun/servlet/solicitudotadjuntos?gx-no-cache=1519853356217 HTTP/1.1" 200 26
186.103.159.189 - - [28/Feb/2018:17:30:17 -0300] "GET /cormun/servlet/solicitudotadjuntos?80aee7bfae270874133ad0c28819b437a5053c418685bbeabfe266d675ce449d,gx-no-cache=1519853362469 HTTP/1.1" 200 30
186.103.159.189 - - [28/Feb/2018:17:30:17 -0300] "GET /cormun/servlet/solicitudotadjuntos?80aee7bfae270874133ad0c28819b437a5053c418685bbeabfe266d675ce449d,gx-no-cache=1519853362576 HTTP/1.1" 200 30
186.103.159.189 - - [28/Feb/2018:17:30:19 -0300] "POST /cormun/servlet/solicitudotadjuntos?1bee017a6262e11b1badcfce7ac88a86,INS,2018,9762,,1, HTTP/1.1" 200 116
186.103.159.189 - - [28/Feb/2018:17:30:19 -0300] "GET /cormun/servlet/hpexe_return? HTTP/1.1" 200 1024
186.103.159.189 - - [28/Feb/2018:17:30:21 -0300] "GET /cormun/servlet/trsolicitudadjuntos?2018,9762, HTTP/1.1" 200 9713
186.103.159.189 - - [28/Feb/2018:17:30:24 -0300] "GET /cormun/servlet/trsolicitudadjuntos?2018,9762, HTTP/1.1" 200 9711
186.103.159.189 - - [28/Feb/2018:17:30:25 -0300] "GET /cormun/servlet/solicitudotadjuntos?INS,2018,9762,,2, HTTP/1.1" 200 6211
186.103.159.189 - - [28/Feb/2018:17:30:27 -0300] "GET /cormun/static/about:blank HTTP/1.1" 404 1011
186.103.159.189 - - [28/Feb/2018:17:30:27 -0300] "GET /cormun/servlet/solicitudotadjuntos?INS,2018,9762,,2, HTTP/1.1" 200 6205
186.103.159.189 - - [28/Feb/2018:17:30:28 -0300] "GET /cormun/servlet/solicitudotadjuntos?80aee7bfae270874133ad0c28819b437818b97c4c22b87a216bf9795f30072bb10647592a7b387d6218c5aff54cc5ee7,gx-no-cache=1519853373529 HTTP/1.1" 200 30
192.168.10.96 - - [28/Feb/2018:17:30:28 -0300] "POST /cormun/servlet/trsolicitudgral?9358842a3bed196b676a3a1a15ae6027,,gx-no-cache=1519849669389 HTTP/1.1" 200 5924
186.103.159.189 - - [28/Feb/2018:17:30:28 -0300] "POST /cormun/servlet/solicitudotadjuntos?1bee017a6262e11b1badcfce7ac88a86,INS,2018,9762,,2,,gx-no-cache=1519853373602 HTTP/1.1" 200 4155
186.103.159.189 - - [28/Feb/2018:17:30:48 -0300] "POST /cormun/servlet/solicitudotadjuntos?gx-no-cache=1519853393476 HTTP/1.1" 200 26
186.103.159.189 - - [28/Feb/2018:17:30:58 -0300] "GET /cormun/servlet/solicitudotadjuntos?80aee7bfae270874133ad0c28819b437a5053c418685bbeabfe266d675ce449d,gx-no-cache=1519853404035 HTTP/1.1" 200 30
186.103.159.189 - - [28/Feb/2018:17:30:58 -0300] "GET /cormun/servlet/solicitudotadjuntos?80aee7bfae270874133ad0c28819b437a5053c418685bbeabfe266d675ce449d,gx-no-cache=1519853404169 HTTP/1.1" 200 30
192.168.10.96 - - [28/Feb/2018:17:31:02 -0300] "POST /cormun/servlet/trsolicitudgral?9358842a3bed196b676a3a1a15ae6027,,gx-no-cache=1519849703468 HTTP/1.1" 200 5923
186.103.159.189 - - [28/Feb/2018:17:31:03 -0300] "POST /cormun/servlet/solicitudotadjuntos?1bee017a6262e11b1badcfce7ac88a86,INS,2018,9762,,2, HTTP/1.1" 200 116
186.103.159.189 - - [28/Feb/2018:17:31:03 -0300] "GET /cormun/servlet/hpexe_return? HTTP/1.1" 200 1024
192.168.10.96 - - [28/Feb/2018:17:31:04 -0300] "POST /cormun/servlet/trsolicitudgral?9358842a3bed196b676a3a1a15ae6027,,gx-no-cache=1519849705515 HTTP/1.1" 200 5923
186.103.159.189 - - [28/Feb/2018:17:31:05 -0300] "GET /cormun/servlet/trsolicitudadjuntos?2018,9762, HTTP/1.1" 200 9861
186.103.159.189 - - [28/Feb/2018:17:31:08 -0300] "GET /cormun/servlet/trsolicitudadjuntos?2018,9762, HTTP/1.1" 200 9864
186.103.159.189 - - [28/Feb/2018:17:31:09 -0300] "GET /cormun/servlet/solicitudotadjuntos?INS,2018,9762,,2, HTTP/1.1" 200 6212
186.103.159.189 - - [28/Feb/2018:17:31:09 -0300] "GET /cormun/static/about:blank HTTP/1.1" 404 1011
186.103.159.189 - - [28/Feb/2018:17:31:11 -0300] "GET /cormun/servlet/solicitudotadjuntos?INS,2018,9762,,2, HTTP/1.1" 200 6206
186.103.159.189 - - [28/Feb/2018:17:31:11 -0300] "GET /cormun/servlet/solicitudotadjuntos?80aee7bfae270874133ad0c28819b437818b97c4c22b87a216bf9795f30072bb10647592a7b387d6218c5aff54cc5ee7,gx-no-cache=1519853417192 HTTP/1.1" 200 30
186.103.159.189 - - [28/Feb/2018:17:31:12 -0300] "POST /cormun/servlet/solicitudotadjuntos?1bee017a6262e11b1badcfce7ac88a86,INS,2018,9762,,2,,gx-no-cache=1519853417267 HTTP/1.1" 200 4155
186.103.159.189 - - [28/Feb/2018:17:31:16 -0300] "POST /cormun/servlet/solicitudotadjuntos?gx-no-cache=1519853422378 HTTP/1.1" 200 26
186.103.159.189 - - [28/Feb/2018:17:31:26 -0300] "GET /cormun/servlet/solicitudotadjuntos?80aee7bfae270874133ad0c28819b437a5053c418685bbeabfe266d675ce449d,gx-no-cache=1519853431500 HTTP/1.1" 200 30
186.103.159.189 - - [28/Feb/2018:17:31:26 -0300] "GET /cormun/servlet/solicitudotadjuntos?80aee7bfae270874133ad0c28819b437a5053c418685bbeabfe266d675ce449d,gx-no-cache=1519853431546 HTTP/1.1" 200 30
186.103.159.189 - - [28/Feb/2018:17:31:27 -0300] "POST /cormun/servlet/solicitudotadjuntos?1bee017a6262e11b1badcfce7ac88a86,INS,2018,9762,,2, HTTP/1.1" 200 116
186.103.159.189 - - [28/Feb/2018:17:31:27 -0300] "GET /cormun/servlet/hpexe_return? HTTP/1.1" 200 1024
186.103.159.189 - - [28/Feb/2018:17:31:29 -0300] "GET /cormun/servlet/trsolicitudadjuntos?2018,9762, HTTP/1.1" 200 10007
186.103.159.189 - - [28/Feb/2018:17:31:32 -0300] "GET /cormun/servlet/trsolicitudadjuntos?2018,9762, HTTP/1.1" 200 10005
186.103.159.189 - - [28/Feb/2018:17:31:38 -0300] "GET /cormun/servlet/solicitudotadjuntos?INS,2018,9762,,2, HTTP/1.1" 200 6212
186.103.159.189 - - [28/Feb/2018:17:31:39 -0300] "GET /cormun/static/about:blank HTTP/1.1" 404 1011
186.103.159.189 - - [28/Feb/2018:17:31:40 -0300] "GET /cormun/servlet/solicitudotadjuntos?INS,2018,9762,,2, HTTP/1.1" 200 6205
186.103.159.189 - - [28/Feb/2018:17:31:41 -0300] "GET /cormun/servlet/solicitudotadjuntos?80aee7bfae270874133ad0c28819b437818b97c4c22b87a216bf9795f30072bb10647592a7b387d6218c5aff54cc5ee7,gx-no-cache=1519853446518 HTTP/1.1" 200 30
186.103.159.189 - - [28/Feb/2018:17:31:41 -0300] "POST /cormun/servlet/solicitudotadjuntos?1bee017a6262e11b1badcfce7ac88a86,INS,2018,9762,,2,,gx-no-cache=1519853446642 HTTP/1.1" 200 4156
186.103.159.189 - - [28/Feb/2018:17:31:55 -0300] "POST /cormun/servlet/solicitudotadjuntos?gx-no-cache=1519853460830 HTTP/1.1" 200 26
186.103.159.189 - - [28/Feb/2018:17:32:03 -0300] "GET /cormun/servlet/solicitudotadjuntos?80aee7bfae270874133ad0c28819b437a5053c418685bbeabfe266d675ce449d,gx-no-cache=1519853468777 HTTP/1.1" 200 30
186.103.159.189 - - [28/Feb/2018:17:32:03 -0300] "GET /cormun/servlet/solicitudotadjuntos?80aee7bfae270874133ad0c28819b437a5053c418685bbeabfe266d675ce449d,gx-no-cache=1519853468826 HTTP/1.1" 200 30
186.103.159.189 - - [28/Feb/2018:17:32:06 -0300] "POST /cormun/servlet/solicitudotadjuntos?1bee017a6262e11b1badcfce7ac88a86,INS,2018,9762,,2, HTTP/1.1" 200 116
186.103.159.189 - - [28/Feb/2018:17:32:07 -0300] "GET /cormun/servlet/hpexe_return? HTTP/1.1" 200 1024
186.103.159.189 - - [28/Feb/2018:17:32:09 -0300] "GET /cormun/servlet/trsolicitudadjuntos?2018,9762, HTTP/1.1" 200 10175
192.168.10.96 - - [28/Feb/2018:17:32:09 -0300] "POST /cormun/servlet/trsolicitudgral?9358842a3bed196b676a3a1a15ae6027,,gx-no-cache=1519849770528 HTTP/1.1" 200 5924
186.103.159.189 - - [28/Feb/2018:17:32:12 -0300] "GET /cormun/servlet/trsolicitudadjuntos?2018,9762, HTTP/1.1" 200 10173
192.168.10.96 - - [28/Feb/2018:17:32:13 -0300] "POST /cormun/servlet/trsolicitudgral?9358842a3bed196b676a3a1a15ae6027,,gx-no-cache=1519849775055 HTTP/1.1" 200 5924
186.103.159.189 - - [28/Feb/2018:17:32:14 -0300] "POST /cormun/servlet/trsolicitudadjuntos?1bee017a6262e11b1badcfce7ac88a86,2018,9762,,gx-no-cache=1519853479897 HTTP/1.1" 200 90
186.103.159.189 - - [28/Feb/2018:17:32:15 -0300] "GET /cormun/servlet/hpexe_link HTTP/1.1" 200 968
186.103.159.189 - - [28/Feb/2018:17:32:15 -0300] "GET /cormun/servlet/trsolicitudot HTTP/1.1" 200 8745
186.103.159.189 - - [28/Feb/2018:17:32:17 -0300] "GET /cormun/servlet/trsolicitudot HTTP/1.1" 200 8746
186.103.159.189 - - [28/Feb/2018:17:32:32 -0300] "POST /cormun/servlet/trsolicitudot?1bee017a6262e11b1badcfce7ac88a86,gx-no-cache=1519853497850 HTTP/1.1" 200 106
186.103.159.189 - - [28/Feb/2018:17:32:33 -0300] "GET /cormun/servlet/solicitudot?UPD,2018,9762, HTTP/1.1" 200 15336
186.103.159.189 - - [28/Feb/2018:17:32:36 -0300] "GET /cormun/servlet/solicitudot?UPD,2018,9762, HTTP/1.1" 200 15346
186.103.159.189 - - [28/Feb/2018:17:32:36 -0300] "POST /cormun/servlet/solicitudot?gx-no-cache=1519853501761 HTTP/1.1" 200 3358
186.103.159.189 - - [28/Feb/2018:17:32:37 -0300] "POST /cormun/servlet/solicitudot?1bee017a6262e11b1badcfce7ac88a86,UPD,2018,9762,,gx-no-cache=1519853502239 HTTP/1.1" 200 11636
186.103.159.189 - - [28/Feb/2018:17:32:38 -0300] "GET /cormun/servlet/solicitudot?80aee7bfae270874133ad0c28819b4374a1c799de58201ceaa963ba1c85f22555570b7956234b791ee2dde04995eeaa6,gx-no-cache=1519853503420 HTTP/1.1" 200 30
186.103.159.189 - - [28/Feb/2018:17:32:38 -0300] "GET /cormun/servlet/solicitudot?80aee7bfae270874133ad0c28819b437fa741036fe35a055442326666cc3db6d574dbacae19496c4472ad87c3633d684da2f98f7805c30ec1da67f916a2ad850,gx-no-cache=1519853503546 HTTP/1.1" 200 30
186.103.159.189 - - [28/Feb/2018:17:32:38 -0300] "GET /cormun/servlet/solicitudot?80aee7bfae270874133ad0c28819b437dd2168ed3013b147ca7e4231762b36e6,gx-no-cache=1519853503628 HTTP/1.1" 200 29
186.103.159.189 - - [28/Feb/2018:17:32:38 -0300] "POST /cormun/servlet/solicitudot?gx-no-cache=1519853503737 HTTP/1.1" 200 254
186.103.159.189 - - [28/Feb/2018:17:32:38 -0300] "GET /cormun/servlet/solicitudot?80aee7bfae270874133ad0c28819b437293ac9949cad1ca4bc12ba0633780c8a0672ea2511fb93730f2b9ece57175fad9f9237a2080a81b40d0154bfbcea85974b09d1ce4eab78982840ef95b24bf6b35d4f6baa575e7b5d4bbc4ca04a46b1a39afe9b9c6e19d84e9a9262f1126f2d64beaec8d56205bb23d0d8d0c35871b59f980b63329d99152053420a3271dc4c1d4159d3cca88a8f4780ee94a22428486fd38c678b8ea6780bab96f3ee8fa55aea0856463f53af2019d7d94616206b1c7d51aab329fdadf21a8db4566174ea70ce09ee18bf0e876cb8cf3a550a8d848c4a4df66067f3a0add22e9ab19646c80fd221da29e17115695608a54130b953b8a6d348af3715293a520ca9e1c9d924ba58d39eef4b804198bfdea53c28e3b82a3fe4cca828db4e37288ddd8db2af285dc1e496ccef7b742e201aff20224476b79d5aedcd10e4aaa2c818f3aa4007b909abff7631fafd3c8c3bbc70deea4055ad12894341e28d071db30013217db20ed2691b5f2f78030943eb5ad462cdf7808335,gx-no-cache=1519853503860 HTTP/1.1" 200 30
186.103.159.189 - - [28/Feb/2018:17:32:38 -0300] "POST /cormun/servlet/solicitudot?gx-no-cache=1519853503943 HTTP/1.1" 200 30
186.103.159.189 - - [28/Feb/2018:17:32:38 -0300] "POST /cormun/servlet/solicitudot?gx-no-cache=1519853504052 HTTP/1.1" 200 1333
186.103.159.189 - - [28/Feb/2018:17:32:38 -0300] "POST /cormun/servlet/solicitudot?gx-no-cache=1519853504259 HTTP/1.1" 200 41
186.103.159.189 - - [28/Feb/2018:17:32:40 -0300] "GET /cormun/servlet/solicitudot?80aee7bfae270874133ad0c28819b437a17bdbd3b93784771da2b1e32363b35b49223d565421b4b9c8c2ca14d881d5f96ed6ba0afcfdcc14bbb5b317b25d839448997bd2f376a2c7924af16e506ce1815d514d02366cbc589a6b39e0388baa9b9124894fb9fc1ae54e54fd0eb007e6efb6ae29d1f27481bc6eefa4fe40703dbbbb4d20935eac21f4ebdca2a6496a8ca35031609f397b9af7d5f64af44fe9bb4a,gx-no-cache=1519853505982 HTTP/1.1" 200 29
186.103.159.189 - - [28/Feb/2018:17:32:40 -0300] "POST /cormun/servlet/solicitudot?gx-no-cache=1519853506079 HTTP/1.1" 200 1318
186.103.159.189 - - [28/Feb/2018:17:32:40 -0300] "POST /cormun/servlet/solicitudot?gx-no-cache=1519853506275 HTTP/1.1" 200 1215
192.168.10.96 - - [28/Feb/2018:17:33:05 -0300] "POST /cormun/servlet/trsolicitudgral?9358842a3bed196b676a3a1a15ae6027,,gx-no-cache=1519849826365 HTTP/1.1" 200 8149
192.168.10.96 - - [28/Feb/2018:17:33:13 -0300] "POST /cormun/servlet/trsolicitudgral?9358842a3bed196b676a3a1a15ae6027,,gx-no-cache=1519849834828 HTTP/1.1" 200 8147
192.168.10.96 - - [28/Feb/2018:17:33:16 -0300] "POST /cormun/servlet/trsolicitudgral?9358842a3bed196b676a3a1a15ae6027,,gx-no-cache=1519849836973 HTTP/1.1" 200 105
192.168.10.96 - - [28/Feb/2018:17:33:16 -0300] "GET /cormun/SolicitudGral-4549.xls HTTP/1.1" 200 6144
186.103.159.189 - - [28/Feb/2018:17:34:02 -0300] "GET /cormun/servlet/solicitudot?80aee7bfae270874133ad0c28819b4375926dbef605066d580a36070b227bcdfc4de94378d061d9d0d3fad4502fab05e,gx-no-cache=1519853587634 HTTP/1.1" 200 30
186.103.159.189 - - [28/Feb/2018:17:34:02 -0300] "POST /cormun/servlet/solicitudot?gx-no-cache=1519853587740 HTTP/1.1" 200 30
186.103.159.189 - - [28/Feb/2018:17:34:03 -0300] "POST /cormun/servlet/solicitudot?1bee017a6262e11b1badcfce7ac88a86,UPD,2018,9762,,gx-no-cache=1519853587838 HTTP/1.1" 200 93
186.103.159.189 - - [28/Feb/2018:17:34:03 -0300] "GET /cormun/servlet/hpexe_return? HTTP/1.1" 200 1012
186.103.159.189 - - [28/Feb/2018:17:34:04 -0300] "GET /cormun/servlet/trsolicitudot HTTP/1.1" 200 8750
186.103.159.189 - - [28/Feb/2018:17:34:06 -0300] "GET /cormun/servlet/trsolicitudot HTTP/1.1" 200 8746
186.103.159.189 - - [28/Feb/2018:17:34:16 -0300] "POST /cormun/servlet/trsolicitudot?1bee017a6262e11b1badcfce7ac88a86,gx-no-cache=1519853601241 HTTP/1.1" 200 4673
186.103.159.189 - - [28/Feb/2018:17:34:16 -0300] "GET /cormun/static/Shared/jqueryui/images/ui-bg_highlight-soft_100_c6c2c8_1x100.png HTTP/1.1" 404 1117
186.103.159.189 - - [28/Feb/2018:17:34:16 -0300] "GET /cormun/static/Shared/jqueryui/images/ui-icons_82798d_256x240.png HTTP/1.1" 404 1089
186.103.159.189 - - [28/Feb/2018:17:34:16 -0300] "GET /cormun/static/Shared/jqueryui/images/ui-icons_8d78a5_256x240.png HTTP/1.1" 404 1089
186.103.159.189 - - [28/Feb/2018:17:34:16 -0300] "GET /cormun/static/Shared/jqueryui/images/ui-bg_flat_55_fafafa_40x100.png HTTP/1.1" 404 1097
186.103.159.189 - - [28/Feb/2018:17:34:17 -0300] "POST /cormun/servlet/trsolicitudot?1bee017a6262e11b1badcfce7ac88a86,gx-no-cache=1519853602221 HTTP/1.1" 200 4452
186.103.159.189 - - [28/Feb/2018:17:34:40 -0300] "POST /cormun/servlet/trsolicitudot?1bee017a6262e11b1badcfce7ac88a86,gx-no-cache=1519853625398 HTTP/1.1" 200 5844
192.168.10.96 - - [28/Feb/2018:17:35:34 -0300] "POST /cormun/servlet/trsolicitudgral?9358842a3bed196b676a3a1a15ae6027,,gx-no-cache=1519849975249 HTTP/1.1" 200 7810
192.168.10.96 - - [28/Feb/2018:17:35:36 -0300] "POST /cormun/servlet/trsolicitudgral?9358842a3bed196b676a3a1a15ae6027,,gx-no-cache=1519849977593 HTTP/1.1" 200 105
192.168.10.96 - - [28/Feb/2018:17:35:36 -0300] "GET /cormun/SolicitudGral-4243.xls HTTP/1.1" 200 6144
192.168.10.96 - - [28/Feb/2018:17:37:05 -0300] "POST /cormun/servlet/trsolicitudgral?9358842a3bed196b676a3a1a15ae6027,,gx-no-cache=1519850066938 HTTP/1.1" 200 8005
186.103.159.46 - - [28/Feb/2018:17:37:06 -0300] "POST /cormun/servlet/solicitudot?gx-no-cache=1519850178173 HTTP/1.1" 440 972
192.168.10.96 - - [28/Feb/2018:17:37:15 -0300] "POST /cormun/servlet/trsolicitudgral?9358842a3bed196b676a3a1a15ae6027,,gx-no-cache=1519850076195 HTTP/1.1" 200 15431
192.168.10.96 - - [28/Feb/2018:17:37:23 -0300] "GET /cormun/servlet/solicitudgral?UPD,2018,8668, HTTP/1.1" 200 13096
192.168.10.96 - - [28/Feb/2018:17:37:23 -0300] "GET /cormun/static/gxcfg.js?20181911354237 HTTP/1.1" 304 -
192.168.10.96 - - [28/Feb/2018:17:37:23 -0300] "GET /cormun/static/solicitudgral.js?20181911354326 HTTP/1.1" 304 -
192.168.10.96 - - [28/Feb/2018:17:37:24 -0300] "POST /cormun/servlet/solicitudgral?gx-no-cache=1519850086141 HTTP/1.1" 200 3895
192.168.10.96 - - [28/Feb/2018:17:37:24 -0300] "GET /cormun/servlet/solicitudgral?UPD,2018,8668, HTTP/1.1" 200 13105
192.168.10.96 - - [28/Feb/2018:17:37:24 -0300] "GET /cormun/servlet/solicitudgral?3b764ac2a33d6ac26a4fffc05cbea4c0f9165eaf5d7671c30e5eae53c4b749a07867c82605ea0c257fc528361898ebdebebecec13ae966d3698f385ab7dd1d676b4e6e3dc83036740151953e6c5b70858e29bdfb2e5192e3f501893381b3489baa3884a37215202bf0a96c110e343847456138d7a986a376768d32ef7dce46ad18767067e8209c372ac19c2c2c405952eecc3763cd99ddfbad92f106416990450d94e99267e95af0302f3788a26dbe68a9b0dacc941926a72a45482925deca080e8323db84383e1146709fe06cdff7235d7305f820af39e4acda592693df8a54d73af483a9de31f8b09af3e8512b13f28f26723b43de619803fbcc8f35b8403b0483dd319fdfbc45e5a56ae9903310936e2f7d4f63f3194fca244f50d413831524191494e856c2a09249a56da4d2184d535dfc59c4deedd8009253e9034839f7b928ee9f8e8a63e76e012658ce58c8db,gx-no-cache=1519850086589 HTTP/1.1" 200 255
192.168.10.96 - - [28/Feb/2018:17:37:44 -0300] "POST /cormun/servlet/solicitudgral?9358842a3bed196b676a3a1a15ae6027,UPD,2018,8668,,gx-no-cache=1519850105623 HTTP/1.1" 200 90
192.168.10.96 - - [28/Feb/2018:17:37:44 -0300] "GET /cormun/servlet/hpexe_link HTTP/1.1" 200 968
192.168.10.96 - - [28/Feb/2018:17:37:45 -0300] "GET /cormun/servlet/trsolicitudgral? HTTP/1.1" 200 18612
192.168.10.96 - - [28/Feb/2018:17:37:47 -0300] "GET /cormun/servlet/trsolicitudgral? HTTP/1.1" 200 18611
192.168.10.56 - - [28/Feb/2018:17:38:24 -0300] "GET /cormun/servlet/hlogin HTTP/1.1" 200 1716
192.168.10.56 - - [28/Feb/2018:17:38:24 -0300] "GET /cormun/static/gxcfg.js?20175251213516 HTTP/1.1" 304 -
192.168.10.56 - - [28/Feb/2018:17:38:26 -0300] "POST /cormun/servlet/hlogin?7de2b3cd2b2eb07957ac570e9accc921,gx-no-cache=1519850148071 HTTP/1.1" 200 90
192.168.10.56 - - [28/Feb/2018:17:38:26 -0300] "GET /cormun/servlet/hpexe_link HTTP/1.1" 200 947
192.168.10.56 - - [28/Feb/2018:17:38:26 -0300] "GET /cormun/static/gxcfg.js?20177612121792 HTTP/1.1" 304 -
192.168.10.56 - - [28/Feb/2018:17:38:26 -0300] "GET /cormun/servlet/hhome HTTP/1.1" 200 4458
192.168.10.56 - - [28/Feb/2018:17:38:26 -0300] "GET /cormun/static/gxcfg.js?20175251212442 HTTP/1.1" 304 -
192.168.10.96 - - [28/Feb/2018:17:38:27 -0300] "POST /cormun/servlet/trsolicitudgral?9358842a3bed196b676a3a1a15ae6027,,gx-no-cache=1519850147565 HTTP/1.1" 200 15432
192.168.10.56 - - [28/Feb/2018:17:38:27 -0300] "GET /cormun/servlet/hhome HTTP/1.1" 200 4454
192.168.10.96 - - [28/Feb/2018:17:38:33 -0300] "GET /cormun/servlet/vesolicitudgral?2018,8668,, HTTP/1.1" 200 9275
192.168.10.96 - - [28/Feb/2018:17:38:33 -0300] "GET /cormun/static/gxcfg.js?201711151294153 HTTP/1.1" 304 -
192.168.10.96 - - [28/Feb/2018:17:38:33 -0300] "GET /cormun/pexe_scrolldiv.js HTTP/1.1" 404 1009
192.168.10.96 - - [28/Feb/2018:17:38:33 -0300] "GET /cormun/pexe_scrolldiv.js HTTP/1.1" 404 1009
192.168.10.96 - - [28/Feb/2018:17:38:34 -0300] "GET /cormun/servlet/vesolicitudgral?2018,8668,, HTTP/1.1" 200 9274
192.168.10.56 - - [28/Feb/2018:17:38:35 -0300] "GET /cormun/servlet/trsolicitudgral? HTTP/1.1" 200 27507
192.168.10.56 - - [28/Feb/2018:17:38:35 -0300] "GET /cormun/static/gxcfg.js?201813119461163 HTTP/1.1" 304 -
192.168.10.89 - - [28/Feb/2018:17:38:37 -0300] "GET /cormun/servlet/hlogin HTTP/1.1" 200 1720
192.168.10.56 - - [28/Feb/2018:17:38:38 -0300] "GET /cormun/servlet/trsolicitudgral? HTTP/1.1" 200 27507
192.168.10.56 - - [28/Feb/2018:17:38:39 -0300] "GET /cormun/static/menuarrow.gif HTTP/1.1" 404 1015
192.168.10.89 - - [28/Feb/2018:17:38:45 -0300] "POST /cormun/servlet/hlogin?70d27c3f3544cdf8bed4b232bbef580e,gx-no-cache=1519850166613 HTTP/1.1" 200 90
192.168.10.89 - - [28/Feb/2018:17:38:45 -0300] "GET /cormun/servlet/hpexe_link HTTP/1.1" 200 952
192.168.10.89 - - [28/Feb/2018:17:38:45 -0300] "GET /cormun/servlet/hhome HTTP/1.1" 200 4921
192.168.10.96 - - [28/Feb/2018:17:38:46 -0300] "POST /cormun/servlet/vesolicitudgral?9358842a3bed196b676a3a1a15ae6027,2018,8668,,,gx-no-cache=1519850168036 HTTP/1.1" 200 90
192.168.10.96 - - [28/Feb/2018:17:38:46 -0300] "GET /cormun/servlet/hpexe_link HTTP/1.1" 200 967
192.168.10.96 - - [28/Feb/2018:17:38:48 -0300] "GET /cormun/servlet/trsolicitudgral? HTTP/1.1" 200 18612
192.168.10.96 - - [28/Feb/2018:17:38:50 -0300] "GET /cormun/servlet/trsolicitudgral? HTTP/1.1" 200 18611
192.168.10.56 - - [28/Feb/2018:17:38:51 -0300] "POST /cormun/servlet/trsolicitudgral?7de2b3cd2b2eb07957ac570e9accc921,,gx-no-cache=1519850171790 HTTP/1.1" 200 10862
192.168.10.89 - - [28/Feb/2018:17:38:51 -0300] "GET /cormun/servlet/trsolicitudgral? HTTP/1.1" 200 27985
192.168.10.96 - - [28/Feb/2018:17:38:53 -0300] "POST /cormun/servlet/trsolicitudgral?9358842a3bed196b676a3a1a15ae6027,,gx-no-cache=1519850174164 HTTP/1.1" 200 7719
192.168.10.89 - - [28/Feb/2018:17:39:11 -0300] "POST /cormun/servlet/trsolicitudgral?70d27c3f3544cdf8bed4b232bbef580e,,gx-no-cache=1519850191531 HTTP/1.1" 200 19268
192.168.10.96 - - [28/Feb/2018:17:39:28 -0300] "POST /cormun/servlet/trsolicitudgral?9358842a3bed196b676a3a1a15ae6027,,gx-no-cache=1519850209416 HTTP/1.1" 200 7293
192.168.10.96 - - [28/Feb/2018:17:39:28 -0300] "GET /cormun/static/Shared/jqueryui/images/ui-icons_82798d_256x240.png HTTP/1.1" 404 1089
192.168.10.96 - - [28/Feb/2018:17:39:28 -0300] "GET /cormun/static/Shared/jqueryui/images/ui-bg_flat_55_fafafa_40x100.png HTTP/1.1" 404 1097
192.168.10.96 - - [28/Feb/2018:17:39:28 -0300] "GET /cormun/static/Shared/jqueryui/images/ui-icons_8d78a5_256x240.png HTTP/1.1" 404 1089
192.168.10.96 - - [28/Feb/2018:17:39:28 -0300] "GET /cormun/static/Shared/jqueryui/images/ui-bg_highlight-soft_100_c6c2c8_1x100.png HTTP/1.1" 404 1117
186.103.159.189 - - [28/Feb/2018:17:39:29 -0300] "POST /cormun/servlet/trsolicitudot?1bee017a6262e11b1badcfce7ac88a86,gx-no-cache=1519853914642 HTTP/1.1" 200 5844
192.168.10.56 - - [28/Feb/2018:17:39:37 -0300] "POST /cormun/servlet/trsolicitudgral?7de2b3cd2b2eb07957ac570e9accc921,,gx-no-cache=1519850217412 HTTP/1.1" 200 23181
192.168.10.96 - - [28/Feb/2018:17:39:46 -0300] "POST /cormun/servlet/trsolicitudgral?9358842a3bed196b676a3a1a15ae6027,,gx-no-cache=1519850227174 HTTP/1.1" 200 10964
192.168.10.96 - - [28/Feb/2018:17:41:34 -0300] "POST /cormun/servlet/trsolicitudgral?9358842a3bed196b676a3a1a15ae6027,,gx-no-cache=1519850335521 HTTP/1.1" 200 5931
192.168.10.96 - - [28/Feb/2018:17:41:38 -0300] "POST /cormun/servlet/trsolicitudgral?9358842a3bed196b676a3a1a15ae6027,,gx-no-cache=1519850339687 HTTP/1.1" 200 8442
186.103.159.189 - - [28/Feb/2018:17:42:15 -0300] "GET /cormun/servlet/hlogin HTTP/1.1" 200 1722
186.103.159.46 - - [28/Feb/2018:17:42:25 -0300] "POST /cormun/servlet/solicitudot?gx-no-cache=1519850496626 HTTP/1.1" 440 972
186.103.159.46 - - [28/Feb/2018:17:42:27 -0300] "POST /cormun/servlet/solicitudot?gx-no-cache=1519850499328 HTTP/1.1" 440 972
186.103.159.46 - - [28/Feb/2018:17:42:30 -0300] "GET /cormun/servlet/solicitudot?INS,0,0, HTTP/1.1" 200 12658
186.103.159.46 - - [28/Feb/2018:17:42:31 -0300] "GET /cormun/servlet/hlogin HTTP/1.1" 200 1746
186.103.159.46 - - [28/Feb/2018:17:42:32 -0300] "GET /cormun/servlet/solicitudot?INS,0,0, HTTP/1.1" 200 12658
186.103.159.189 - - [28/Feb/2018:17:42:37 -0300] "POST /cormun/servlet/hlogin?ae23179e29451e583f15a79ed4a116f0,gx-no-cache=1519850509752 HTTP/1.1" 200 90
186.103.159.189 - - [28/Feb/2018:17:42:37 -0300] "GET /cormun/servlet/hpexe_link HTTP/1.1" 200 954
186.103.159.189 - - [28/Feb/2018:17:42:37 -0300] "GET /cormun/servlet/hhome HTTP/1.1" 200 4174
186.103.159.189 - - [28/Feb/2018:17:42:39 -0300] "GET /cormun/servlet/hhome HTTP/1.1" 200 4170
192.168.10.56 - - [28/Feb/2018:17:42:40 -0300] "POST /cormun/servlet/trsolicitudgral?7de2b3cd2b2eb07957ac570e9accc921,,gx-no-cache=1519850400753 HTTP/1.1" 200 19262
192.168.10.56 - - [28/Feb/2018:17:42:47 -0300] "POST /cormun/servlet/trsolicitudgral?7de2b3cd2b2eb07957ac570e9accc921,,gx-no-cache=1519850407927 HTTP/1.1" 200 8743
192.168.10.56 - - [28/Feb/2018:17:42:59 -0300] "GET /cormun/servlet/solicitudgral?UPD,2018,9194, HTTP/1.1" 200 11683
192.168.10.56 - - [28/Feb/2018:17:43:00 -0300] "GET /cormun/servlet/solicitudgral?UPD,2018,9194, HTTP/1.1" 200 11692
192.168.10.56 - - [28/Feb/2018:17:43:00 -0300] "POST /cormun/servlet/solicitudgral?gx-no-cache=1519850422385 HTTP/1.1" 200 3901
192.168.10.56 - - [28/Feb/2018:17:43:00 -0300] "GET /cormun/servlet/solicitudgral?880ad133ca0f09dccbf59a8fb7ccaca6ff31bad6c221996ad71184e9a0bcf3c7e7c06cd88aaf1a89ac42fdfb1b5eb7754b1222a5e3c9dd3a808a01a69a6ae2c4058ebe5ee5acfd7adf185f3e4bd57c082abe67ba500bf53ed297e518b578f38b283d1c7527b07116bf86b06235a07f4bb63b7f4d7a8800f7d903d4be7bcb1f6ecd7094ab0e00c473213ad2ffca6740040a50a58dc5c97e112d693915cf8bb60bf69da62cde40a8b5f20f4d65518d90626835b919d1e2ead9597915ca9e2fa612c512f520dc5f7f4322c6b6fb47bf214f95bea4cd26eeb5bdfe1ea09764a2ef4596d6bd4ee0503af88cf2efafd93c2baababb30515fed263b669e5bda25d3c734b6d09bae16d3e4dd87a9e2d6da13225b6ec9fd75995981c676ef52f668c4dad5f29ad8e0c7d673e4b9b3424188d505ef0f5ac8134ad221f2e9f2b753a4cc8e1ab78961e7410c4bbd8d333e1f83543434,gx-no-cache=1519850422707 HTTP/1.1" 200 255
192.168.10.56 - - [28/Feb/2018:17:43:02 -0300] "GET /cormun/servlet/solicitudgral?880ad133ca0f09dccbf59a8fb7ccaca611a934e936c8dba234e65bf67644df79fb2c9c1066d27f85eba9f8e7678aa8b4d3c34e03fac051547e3379208e680ae36e43ed1bfb838c9a1c41b94f605fdf61299ee9d8cb3617c1fea330bde52b35752d2efa278c9be4fd84cfe7ffa8170353bc15730f1b0989978d477085bd83ad99a7e12968979c950ec96a811833020ab9c7714cf4270a5072fc2172a26163907fc065a93861c6929749ac674a525c15ad0fd9919a888a33a8a1f0fa95d85f98c5f3e4a5c46fe905dfa468f26b291103034718381f2d3b2e54c35103c043b6df2ac02bf8bade671227bef1f9ceabea5c2d35f884a4c980018a0b2531bc54b1bc405466a6a89e1dcb77379bf9bbe6a61a74af0106cd2212f9bb5a8b7789d9915809e3d3f9fb56df234eccba446593788154ba257a83bffaa09a6774b12af28e47f98b4501f46bf54928d0ba5e6a6a0e6de29c432deff5b6f13e7dc6fd2cb561cc0ee761847db53474d9854535c269d947c7a6ee7d8ca8888611a72d09b59b4a69b83395a46619a171ec5aeed8d65e9d5ca0e6b19e70a5a2c6dbd66aef915c05eecad592dcbe60945c9e72e5b85eb107d4ab,gx-no-cache=1519850424648 HTTP/1.1" 200 48
186.103.159.189 - - [28/Feb/2018:17:43:07 -0300] "GET /cormun/servlet/trautorizarsolicitud? HTTP/1.1" 200 8639
186.103.159.189 - - [28/Feb/2018:17:43:07 -0300] "GET /cormun/static/gxcfg.js?2017111423403364 HTTP/1.1" 304 -
186.103.159.189 - - [28/Feb/2018:17:43:09 -0300] "GET /cormun/servlet/trautorizarsolicitud? HTTP/1.1" 200 8637
192.168.10.56 - - [28/Feb/2018:17:43:10 -0300] "POST /cormun/servlet/solicitudgral?7de2b3cd2b2eb07957ac570e9accc921,UPD,2018,9194,,gx-no-cache=1519850431157 HTTP/1.1" 200 11274
192.168.10.56 - - [28/Feb/2018:17:43:10 -0300] "GET /cormun/servlet/solicitudgral?880ad133ca0f09dccbf59a8fb7ccaca61dd8b1b5457a6038965307a38f96efd717d8e0034325ab8054b2f81185f0740b9fc5f1570487f8e1d4b2d75d680a441f434f7b9e7302f5a0327c56b31610163432d8214086f337f4bbc7bf8de645dd781c530e8331df33e354df7c9cc80e20c8379caf21935e70747fd8d6080f786201bdf69091d32c12b2d89b12797de03440572923697692f60bc35ed061a3d5bec8,gx-no-cache=1519850432014 HTTP/1.1" 200 29
192.168.10.56 - - [28/Feb/2018:17:43:10 -0300] "POST /cormun/servlet/solicitudgral?gx-no-cache=1519850432040 HTTP/1.1" 200 704
192.168.10.56 - - [28/Feb/2018:17:43:10 -0300] "POST /cormun/servlet/solicitudgral?gx-no-cache=1519850432102 HTTP/1.1" 200 626
186.103.159.189 - - [28/Feb/2018:17:43:20 -0300] "POST /cormun/servlet/trautorizarsolicitud?ae23179e29451e583f15a79ed4a116f0,,gx-no-cache=1519850552633 HTTP/1.1" 200 4600
186.103.159.189 - - [28/Feb/2018:17:43:20 -0300] "GET /cormun/static/Shared/jqueryui/images/ui-bg_highlight-soft_100_c6c2c8_1x100.png HTTP/1.1" 404 1117
186.103.159.189 - - [28/Feb/2018:17:43:20 -0300] "GET /cormun/static/Shared/jqueryui/images/ui-icons_82798d_256x240.png HTTP/1.1" 404 1089
186.103.159.189 - - [28/Feb/2018:17:43:21 -0300] "GET /cormun/static/Shared/jqueryui/images/ui-bg_flat_55_fafafa_40x100.png HTTP/1.1" 404 1097
186.103.159.189 - - [28/Feb/2018:17:43:21 -0300] "GET /cormun/static/Shared/jqueryui/images/ui-icons_8d78a5_256x240.png HTTP/1.1" 404 1089
186.103.159.189 - - [28/Feb/2018:17:43:21 -0300] "POST /cormun/servlet/trautorizarsolicitud?ae23179e29451e583f15a79ed4a116f0,,gx-no-cache=1519850553916 HTTP/1.1" 200 4379
186.103.159.189 - - [28/Feb/2018:17:43:27 -0300] "GET /cormun/static/menuarrow.gif HTTP/1.1" 404 1015
186.103.159.189 - - [28/Feb/2018:17:43:31 -0300] "POST /cormun/servlet/trautorizarsolicitud?ae23179e29451e583f15a79ed4a116f0,,gx-no-cache=1519850563470 HTTP/1.1" 200 14130
192.168.10.56 - - [28/Feb/2018:17:43:33 -0300] "POST /cormun/servlet/solicitudgral?7de2b3cd2b2eb07957ac570e9accc921,UPD,2018,9194,,gx-no-cache=1519850454795 HTTP/1.1" 200 93
192.168.10.56 - - [28/Feb/2018:17:43:33 -0300] "GET /cormun/servlet/hpexe_return? HTTP/1.1" 200 1010
192.168.10.56 - - [28/Feb/2018:17:43:34 -0300] "GET /cormun/servlet/trsolicitudgral? HTTP/1.1" 200 11735
192.168.10.56 - - [28/Feb/2018:17:43:35 -0300] "GET /cormun/servlet/trsolicitudgral? HTTP/1.1" 200 11730
192.168.10.56 - - [28/Feb/2018:17:43:46 -0300] "POST /cormun/servlet/trsolicitudgral?7de2b3cd2b2eb07957ac570e9accc921,,gx-no-cache=1519850467512 HTTP/1.1" 200 115
192.168.10.56 - - [28/Feb/2018:17:43:46 -0300] "GET /cormun/servlet/solicitudotlog?INS,2018,9194,0,REC, HTTP/1.1" 200 6266
192.168.10.56 - - [28/Feb/2018:17:43:47 -0300] "GET /cormun/servlet/solicitudotlog?INS,2018,9194,0,REC, HTTP/1.1" 200 6266
192.168.10.56 - - [28/Feb/2018:17:43:47 -0300] "GET /cormun/servlet/solicitudotlog?880ad133ca0f09dccbf59a8fb7ccaca6be2ab3961ae82ad4635508838f5b689cbabb30515fed263b669e5bda25d3c734505d8ab090a8a1b79c0a9418fff91509fad981a9527c8d8089808900537f6e0af01a0de621d507a4d30049dcb7788ddd53eafc2de35593afe4b5a1ce874840de2ba46c0c3f5e67c754b9e218ea515d60b261060a55b538f3eea6dde1a326d82e555ff8f0b96471bf0308e6f9af50279c,gx-no-cache=1519850469227 HTTP/1.1" 200 94
186.103.159.189 - - [28/Feb/2018:17:43:48 -0300] "POST /cormun/servlet/trautorizarsolicitud?ae23179e29451e583f15a79ed4a116f0,,gx-no-cache=1519850580067 HTTP/1.1" 200 6969
192.168.10.96 - - [28/Feb/2018:17:43:54 -0300] "POST /cormun/servlet/trsolicitudgral?9358842a3bed196b676a3a1a15ae6027,,gx-no-cache=1519850475970 HTTP/1.1" 200 7299
192.168.10.96 - - [28/Feb/2018:17:43:57 -0300] "POST /cormun/servlet/trsolicitudgral?9358842a3bed196b676a3a1a15ae6027,,gx-no-cache=1519850478871 HTTP/1.1" 200 105
192.168.10.96 - - [28/Feb/2018:17:43:57 -0300] "GET /cormun/SolicitudGral-4733.xls HTTP/1.1" 200 5632
192.168.10.56 - - [28/Feb/2018:17:43:58 -0300] "POST /cormun/servlet/solicitudotlog?7de2b3cd2b2eb07957ac570e9accc921,INS,2018,9194,0,REC,,gx-no-cache=1519850479861 HTTP/1.1" 200 93
192.168.10.56 - - [28/Feb/2018:17:43:58 -0300] "GET /cormun/servlet/hpexe_return? HTTP/1.1" 200 1018
192.168.10.56 - - [28/Feb/2018:17:43:59 -0300] "GET /cormun/servlet/trsolicitudgral HTTP/1.1" 200 11411
192.168.10.56 - - [28/Feb/2018:17:44:00 -0300] "GET /cormun/servlet/trsolicitudgral HTTP/1.1" 200 11406
186.103.159.189 - - [28/Feb/2018:17:44:09 -0300] "POST /cormun/servlet/trautorizarsolicitud?ae23179e29451e583f15a79ed4a116f0,,gx-no-cache=1519850601171 HTTP/1.1" 200 5749
192.168.10.56 - - [28/Feb/2018:17:44:11 -0300] "POST /cormun/servlet/trsolicitudgral?7de2b3cd2b2eb07957ac570e9accc921,gx-no-cache=1519850491902 HTTP/1.1" 200 8049
192.168.10.56 - - [28/Feb/2018:17:44:11 -0300] "GET /cormun/static/Shared/jqueryui/images/ui-icons_82798d_256x240.png HTTP/1.1" 404 1089
192.168.10.56 - - [28/Feb/2018:17:44:11 -0300] "GET /cormun/static/Shared/jqueryui/images/ui-bg_flat_55_fafafa_40x100.png HTTP/1.1" 404 1097
192.168.10.56 - - [28/Feb/2018:17:44:11 -0300] "GET /cormun/static/Shared/jqueryui/images/ui-bg_highlight-soft_100_c6c2c8_1x100.png HTTP/1.1" 404 1117
192.168.10.56 - - [28/Feb/2018:17:44:11 -0300] "GET /cormun/static/Shared/jqueryui/images/ui-icons_8d78a5_256x240.png HTTP/1.1" 404 1089
192.168.10.56 - - [28/Feb/2018:17:44:18 -0300] "POST /cormun/servlet/trsolicitudgral?7de2b3cd2b2eb07957ac570e9accc921,gx-no-cache=1519850499581 HTTP/1.1" 200 7724
186.103.159.189 - - [28/Feb/2018:17:44:19 -0300] "POST /cormun/servlet/trautorizarsolicitud?ae23179e29451e583f15a79ed4a116f0,,gx-no-cache=1519850611023 HTTP/1.1" 200 14130
186.103.159.189 - - [28/Feb/2018:17:44:25 -0300] "POST /cormun/servlet/trautorizarsolicitud?ae23179e29451e583f15a79ed4a116f0,,gx-no-cache=1519850616983 HTTP/1.1" 200 14141
192.168.10.56 - - [28/Feb/2018:17:44:31 -0300] "POST /cormun/servlet/trsolicitudgral?7de2b3cd2b2eb07957ac570e9accc921,gx-no-cache=1519850512343 HTTP/1.1" 200 6130
192.168.10.56 - - [28/Feb/2018:17:44:36 -0300] "POST /cormun/servlet/trsolicitudgral?7de2b3cd2b2eb07957ac570e9accc921,gx-no-cache=1519850516964 HTTP/1.1" 200 12751
192.168.10.89 - - [28/Feb/2018:17:44:53 -0300] "POST /cormun/servlet/trsolicitudgral?70d27c3f3544cdf8bed4b232bbef580e,,gx-no-cache=1519850532984 HTTP/1.1" 200 22878
186.103.159.189 - - [28/Feb/2018:17:44:53 -0300] "POST /cormun/servlet/trautorizarsolicitud?ae23179e29451e583f15a79ed4a116f0,,gx-no-cache=1519850644671 HTTP/1.1" 200 14141
192.168.10.89 - - [28/Feb/2018:17:44:58 -0300] "GET /cormun/servlet/hlogin HTTP/1.1" 200 1740
186.103.159.189 - - [28/Feb/2018:17:45:06 -0300] "POST /cormun/servlet/trautorizarsolicitud?ae23179e29451e583f15a79ed4a116f0,,gx-no-cache=1519850658277 HTTP/1.1" 200 6969
192.168.10.96 - - [28/Feb/2018:17:45:07 -0300] "POST /cormun/servlet/trsolicitudgral?9358842a3bed196b676a3a1a15ae6027,,gx-no-cache=1519850548290 HTTP/1.1" 200 8488
192.168.10.96 - - [28/Feb/2018:17:45:10 -0300] "POST /cormun/servlet/trsolicitudgral?9358842a3bed196b676a3a1a15ae6027,,gx-no-cache=1519850551713 HTTP/1.1" 200 105
192.168.10.96 - - [28/Feb/2018:17:45:10 -0300] "GET /cormun/SolicitudGral-1910.xls HTTP/1.1" 200 6656
192.168.10.96 - - [28/Feb/2018:17:45:15 -0300] "POST /cormun/servlet/trsolicitudgral?9358842a3bed196b676a3a1a15ae6027,,gx-no-cache=1519850556313 HTTP/1.1" 200 105
192.168.10.96 - - [28/Feb/2018:17:45:15 -0300] "GET /cormun/SolicitudGral-3239.xls HTTP/1.1" 200 6656
186.103.159.189 - - [28/Feb/2018:17:45:21 -0300] "POST /cormun/servlet/trautorizarsolicitud?ae23179e29451e583f15a79ed4a116f0,,gx-no-cache=1519850672174 HTTP/1.1" 200 22691
186.103.159.189 - - [28/Feb/2018:17:45:24 -0300] "GET /cormun/static/Resources/PXToolsGridNext.gif HTTP/1.1" 200 369
186.103.159.189 - - [28/Feb/2018:17:45:24 -0300] "GET /cormun/static/Resources/PXToolsGridLast.gif HTTP/1.1" 200 370
192.168.10.56 - - [28/Feb/2018:17:45:24 -0300] "GET /cormun/servlet/vesolicitudgral?2018,8860,, HTTP/1.1" 200 9029
192.168.10.56 - - [28/Feb/2018:17:45:24 -0300] "GET /cormun/pexe_scrolldiv.js HTTP/1.1" 404 1009
192.168.10.56 - - [28/Feb/2018:17:45:24 -0300] "GET /cormun/pexe_scrolldiv.js HTTP/1.1" 404 1009
192.168.10.56 - - [28/Feb/2018:17:45:24 -0300] "GET /cormun/servlet/vesolicitudgral?2018,8860,, HTTP/1.1" 200 9029
192.168.10.56 - - [28/Feb/2018:17:45:32 -0300] "POST /cormun/servlet/vesolicitudgral?7de2b3cd2b2eb07957ac570e9accc921,2018,8860,,,gx-no-cache=1519850573524 HTTP/1.1" 200 93
192.168.10.56 - - [28/Feb/2018:17:45:32 -0300] "GET /cormun/servlet/hpexe_return? HTTP/1.1" 200 1029
192.168.10.56 - - [28/Feb/2018:17:45:33 -0300] "GET /cormun/servlet/trsolicitudgral?gx-no-cache=1519850516964 HTTP/1.1" 200 15744
186.103.159.189 - - [28/Feb/2018:17:45:34 -0300] "POST /cormun/servlet/trautorizarsolicitud?ae23179e29451e583f15a79ed4a116f0,,gx-no-cache=1519850684411 HTTP/1.1" 200 22704
192.168.10.56 - - [28/Feb/2018:17:45:35 -0300] "GET /cormun/servlet/trsolicitudgral?gx-no-cache=1519850516964 HTTP/1.1" 200 15760
186.67.172.234 - - [28/Feb/2018:17:45:37 -0300] "GET /cormun/servlet/hlogin HTTP/1.1" 200 1728
186.67.172.234 - - [28/Feb/2018:17:45:37 -0300] "GET /cormun/static/gxtimezone.js?85251 HTTP/1.1" 304 -
186.67.172.234 - - [28/Feb/2018:17:45:37 -0300] "GET /cormun/static/gxcfg.js?20175251213516 HTTP/1.1" 200 953
186.67.172.234 - - [28/Feb/2018:17:45:37 -0300] "GET /cormun/static/messages.spa.js?85251 HTTP/1.1" 304 -
186.67.172.234 - - [28/Feb/2018:17:45:37 -0300] "GET /cormun/static/Resources/PXToolsLoginBackground.png HTTP/1.1" 200 1164
186.67.172.234 - - [28/Feb/2018:17:45:37 -0300] "GET /cormun/static/Resources/ComunLogin.png HTTP/1.1" 200 17326
186.67.172.234 - - [28/Feb/2018:17:45:37 -0300] "GET /cormun/static/Resources/PXToolsLoginTop.png HTTP/1.1" 200 1337
186.67.172.234 - - [28/Feb/2018:17:45:37 -0300] "GET /cormun/static/Resources/PXToolsButtonLeft21.png HTTP/1.1" 200 1287
186.67.172.234 - - [28/Feb/2018:17:45:37 -0300] "GET /cormun/static/Resources/PXToolsButtonBackground2.png HTTP/1.1" 200 1181
186.67.172.234 - - [28/Feb/2018:17:45:37 -0300] "GET /cormun/static/Resources/PXToolsLoginBottom.png HTTP/1.1" 200 1389
186.67.172.234 - - [28/Feb/2018:17:45:37 -0300] "GET /cormun/static/Resources/PXToolsButtonRight21.png HTTP/1.1" 200 1283
186.67.172.234 - - [28/Feb/2018:17:45:37 -0300] "GET /cormun/servlet/hlogin HTTP/1.1" 200 1731
192.168.10.56 - - [28/Feb/2018:17:45:42 -0300] "POST /cormun/servlet/trsolicitudgral?7de2b3cd2b2eb07957ac570e9accc921,gx-no-cache=1519850516964,gx-no-cache=1519850582611 HTTP/1.1" 200 11746
192.168.10.56 - - [28/Feb/2018:17:45:42 -0300] "GET /cormun/static/Shared/jqueryui/images/ui-bg_highlight-soft_100_c6c2c8_1x100.png HTTP/1.1" 404 1117
192.168.10.56 - - [28/Feb/2018:17:45:42 -0300] "GET /cormun/static/Shared/jqueryui/images/ui-icons_82798d_256x240.png HTTP/1.1" 404 1089
192.168.10.56 - - [28/Feb/2018:17:45:42 -0300] "GET /cormun/static/Shared/jqueryui/images/ui-icons_8d78a5_256x240.png HTTP/1.1" 404 1089
192.168.10.56 - - [28/Feb/2018:17:45:42 -0300] "GET /cormun/static/Shared/jqueryui/images/ui-bg_flat_55_fafafa_40x100.png HTTP/1.1" 404 1097
186.67.172.234 - - [28/Feb/2018:17:45:42 -0300] "POST /cormun/servlet/hlogin?8c9cdedf9708f0bf6c4cf7f07d08395e,gx-no-cache=1519854332518 HTTP/1.1" 200 90
186.67.172.234 - - [28/Feb/2018:17:45:42 -0300] "GET /cormun/servlet/hpexe_link HTTP/1.1" 200 954
186.67.172.234 - - [28/Feb/2018:17:45:42 -0300] "GET /cormun/static/hpexe_link.js?20177612121795 HTTP/1.1" 200 625
186.67.172.234 - - [28/Feb/2018:17:45:42 -0300] "GET /cormun/static/gxcfg.js?20177612121792 HTTP/1.1" 200 953
186.67.172.234 - - [28/Feb/2018:17:45:42 -0300] "GET /cormun/static/Resources/Spanish/PXTools.css?1155365 HTTP/1.1" 200 89042
186.67.172.234 - - [28/Feb/2018:17:45:42 -0300] "GET /cormun/servlet/hhome HTTP/1.1" 200 4225
186.67.172.234 - - [28/Feb/2018:17:45:42 -0300] "GET /cormun/static/PXToolsJavascripts/pexe_menudivfix.js HTTP/1.1" 200 333
186.67.172.234 - - [28/Feb/2018:17:45:42 -0300] "GET /cormun/static/gxcfg.js?20175251212442 HTTP/1.1" 200 953
186.67.172.234 - - [28/Feb/2018:17:45:42 -0300] "GET /cormun/static/PXToolsJavascripts/pexe_cookies.js HTTP/1.1" 200 792
186.67.172.234 - - [28/Feb/2018:17:45:42 -0300] "GET /cormun/static/PXToolsJavascripts/pexe_oav.js HTTP/1.1" 200 645
186.67.172.234 - - [28/Feb/2018:17:45:42 -0300] "GET /cormun/static/PXToolsJavascripts/pexe_picture.js HTTP/1.1" 200 689
186.67.172.234 - - [28/Feb/2018:17:45:42 -0300] "GET /cormun/static/PXToolsJavascripts/pexe_oavdivfix.js HTTP/1.1" 200 639
186.67.172.234 - - [28/Feb/2018:17:45:42 -0300] "GET /cormun/static/PXToolsJavascripts/pexe_tabdivfix.js HTTP/1.1" 200 876
186.67.172.234 - - [28/Feb/2018:17:45:42 -0300] "GET /cormun/static/PXToolsJavascripts/PXToolsJavascriptsRender.js HTTP/1.1" 200 367
186.67.172.234 - - [28/Feb/2018:17:45:42 -0300] "GET /cormun/static/RunJS/RunJS.js HTTP/1.1" 200 288
186.67.172.234 - - [28/Feb/2018:17:45:42 -0300] "GET /cormun/static/hpexe_messagecontroller.js?20177611595012 HTTP/1.1" 200 870
186.67.172.234 - - [28/Feb/2018:17:45:42 -0300] "GET /cormun/static/hhome.js?20175251212450 HTTP/1.1" 200 777
186.67.172.234 - - [28/Feb/2018:17:45:42 -0300] "GET /cormun/static/hpexe_messagepopupcomponent.js?20161017169425 HTTP/1.1" 200 605
186.67.172.234 - - [28/Feb/2018:17:45:42 -0300] "GET /cormun/static/hpexe_messagegenexuscomponent.js?201752511465344 HTTP/1.1" 200 587
186.67.172.234 - - [28/Feb/2018:17:45:42 -0300] "GET /cormun/static/Resources/PXToolsHeaderBackground2.png HTTP/1.1" 200 1174
186.67.172.234 - - [28/Feb/2018:17:45:42 -0300] "GET /cormun/static/Resources/PXToolsHeaderActionsBackground.png HTTP/1.1" 200 484
186.67.172.234 - - [28/Feb/2018:17:45:42 -0300] "GET /cormun/static/Resources/PXToolsDataTitle.png HTTP/1.1" 200 1173
186.67.172.234 - - [28/Feb/2018:17:45:42 -0300] "GET /cormun/static/Resources/PXToolsHeaderPreferences.png HTTP/1.1" 200 4189
186.67.172.234 - - [28/Feb/2018:17:45:42 -0300] "GET /cormun/static/Resources/PXToolsHeaderHome.png HTTP/1.1" 200 4147
186.67.172.234 - - [28/Feb/2018:17:45:42 -0300] "GET /cormun/static/Resources/PXToolsHeaderLogin.png HTTP/1.1" 200 4279
186.67.172.234 - - [28/Feb/2018:17:45:42 -0300] "GET /cormun/static/Resources/PXToolsHeaderActionsRight.png HTTP/1.1" 200 1201
186.67.172.234 - - [28/Feb/2018:17:45:42 -0300] "GET /cormun/static/Resources/PXToolsHeaderActionsLeft.png HTTP/1.1" 200 1118
186.67.172.234 - - [28/Feb/2018:17:45:42 -0300] "GET /cormun/static/Resources/logo4.png HTTP/1.1" 200 6582
186.67.172.234 - - [28/Feb/2018:17:45:42 -0300] "GET /cormun/static/Resources/PXToolsHeaderSecurity.png HTTP/1.1" 200 4166
186.67.172.234 - - [28/Feb/2018:17:45:42 -0300] "GET /cormun/static/Resources/PXToolsFooterBackground2.png HTTP/1.1" 200 1172
186.67.172.234 - - [28/Feb/2018:17:45:43 -0300] "GET /cormun/static/SmoothNavMenu/resources/images/down.gif HTTP/1.1" 200 854
186.67.172.234 - - [28/Feb/2018:17:45:43 -0300] "GET /cormun/static/SmoothNavMenu/resources/images/right.gif HTTP/1.1" 200 860
186.67.172.234 - - [28/Feb/2018:17:45:43 -0300] "GET /cormun/servlet/hhome HTTP/1.1" 200 4222
186.67.172.234 - - [28/Feb/2018:17:45:52 -0300] "GET /cormun/servlet/trcontratosolicitud? HTTP/1.1" 200 14396
186.67.172.234 - - [28/Feb/2018:17:45:52 -0300] "GET /cormun/static/calendar.js?85251 HTTP/1.1" 304 -
186.67.172.234 - - [28/Feb/2018:17:45:52 -0300] "GET /cormun/static/calendar-setup.js?85251 HTTP/1.1" 304 -
186.67.172.234 - - [28/Feb/2018:17:45:52 -0300] "GET /cormun/static/calendar-es.js?85251 HTTP/1.1" 304 -
186.67.172.234 - - [28/Feb/2018:17:45:52 -0300] "GET /cormun/static/gxcfg.js?20177612214014 HTTP/1.1" 200 953
186.67.172.234 - - [28/Feb/2018:17:45:52 -0300] "GET /cormun/static/gxdec.js?85251 HTTP/1.1" 304 -
186.67.172.234 - - [28/Feb/2018:17:45:52 -0300] "GET /cormun/static/trcontratosolicitud.js?20177612214349 HTTP/1.1" 200 28237
186.67.172.234 - - [28/Feb/2018:17:45:52 -0300] "GET /cormun/static/Resources/PXToolsDataSearch.png HTTP/1.1" 200 419
186.67.172.234 - - [28/Feb/2018:17:45:52 -0300] "GET /cormun/static/Resources/PXToolsGridFirstDisabled.gif HTTP/1.1" 200 100
186.67.172.234 - - [28/Feb/2018:17:45:52 -0300] "GET /cormun/static/Resources/PXToolsGridPreviousDisabled.gif HTTP/1.1" 200 90
186.67.172.234 - - [28/Feb/2018:17:45:52 -0300] "GET /cormun/static/Resources/PXToolsGridNextDisabled.gif HTTP/1.1" 200 90
186.67.172.234 - - [28/Feb/2018:17:45:52 -0300] "GET /cormun/static/Resources/PXToolsGridLastDisabled.gif HTTP/1.1" 200 98
186.67.172.234 - - [28/Feb/2018:17:45:52 -0300] "GET /cormun/static/Resources/PXToolsGridPage.gif HTTP/1.1" 200 725
186.67.172.234 - - [28/Feb/2018:17:45:52 -0300] "GET /cormun//static/Resources/PXToolsActionDisabled.gif HTTP/1.1" 200 53
186.67.172.234 - - [28/Feb/2018:17:45:52 -0300] "GET /cormun//static/Resources/PXToolsGridNew.png HTTP/1.1" 200 2949
186.67.172.234 - - [28/Feb/2018:17:45:52 -0300] "GET /cormun/static/Shared/ext/resources/themes/images/default/panel/bg-headersPanel.png HTTP/1.1" 200 255
186.67.172.234 - - [28/Feb/2018:17:45:52 -0300] "GET /cormun/static/Shared/ext/resources/themes/images/default/tools/tool-sprites.gif HTTP/1.1" 200 5434
186.67.172.234 - - [28/Feb/2018:17:45:54 -0300] "GET /cormun/servlet/trcontratosolicitud? HTTP/1.1" 200 14466
186.103.159.189 - - [28/Feb/2018:17:46:00 -0300] "POST /cormun/servlet/trautorizarsolicitud?ae23179e29451e583f15a79ed4a116f0,,gx-no-cache=1519850712762 HTTP/1.1" 200 4400
