191.116.11.65 - - [28/Feb/2018:00:11:58 -0300] "GET /cormun/servlet/hlogin HTTP/1.1" 200 1715
191.116.11.65 - - [28/Feb/2018:00:12:01 -0300] "POST /cormun/servlet/hlogin?07538d9bff4a41cb05f29ab8283a9fd3,gx-no-cache=1519787473714 HTTP/1.1" 200 90
191.116.11.65 - - [28/Feb/2018:00:12:01 -0300] "GET /cormun/servlet/hpexe_link HTTP/1.1" 200 941
191.116.11.65 - - [28/Feb/2018:00:12:01 -0300] "GET /cormun/servlet/hhome HTTP/1.1" 200 4312
191.116.11.65 - - [28/Feb/2018:00:12:04 -0300] "GET /cormun/servlet/hhome HTTP/1.1" 200 4309
191.116.11.65 - - [28/Feb/2018:00:12:09 -0300] "GET /cormun/servlet/trsolicitudot? HTTP/1.1" 200 14425
191.116.11.65 - - [28/Feb/2018:00:12:11 -0300] "GET /cormun/servlet/trsolicitudot? HTTP/1.1" 200 14423
200.112.6.178 - - [28/Feb/2018:00:15:22 -0300] "GET /cormun/servlet/hlogin HTTP/1.1" 200 1728
200.112.6.178 - - [28/Feb/2018:00:15:23 -0300] "GET /cormun/static/gxtimezone.js?85251 HTTP/1.1" 200 5781
200.112.6.178 - - [28/Feb/2018:00:15:23 -0300] "GET /cormun/static/gxcfg.js?20175251213516 HTTP/1.1" 200 953
200.112.6.178 - - [28/Feb/2018:00:15:24 -0300] "GET /cormun/static/Resources/Spanish/PXTools.css?11423723 HTTP/1.1" 200 89042
200.112.6.178 - - [28/Feb/2018:00:15:25 -0300] "GET /cormun/static/messages.spa.js?85251 HTTP/1.1" 200 30736
200.112.6.178 - - [28/Feb/2018:00:15:26 -0300] "GET /cormun/static/hlogin.js?20175251213537 HTTP/1.1" 200 2136
200.112.6.178 - - [28/Feb/2018:00:15:26 -0300] "GET /cormun/static/Resources/ComunLogin.png HTTP/1.1" 200 17326
200.112.6.178 - - [28/Feb/2018:00:15:31 -0300] "GET /cormun/static/gxgral.js?85251 HTTP/1.1" 200 384558
200.112.6.178 - - [28/Feb/2018:00:15:31 -0300] "GET /cormun/static/Resources/PXToolsLoginTop.png HTTP/1.1" 200 1337
200.112.6.178 - - [28/Feb/2018:00:15:31 -0300] "GET /cormun/static/Resources/PXToolsLoginBackground.png HTTP/1.1" 200 1164
200.112.6.178 - - [28/Feb/2018:00:15:31 -0300] "GET /cormun/static/Resources/PXToolsButtonLeft21.png HTTP/1.1" 200 1287
200.112.6.178 - - [28/Feb/2018:00:15:31 -0300] "GET /cormun/static/Resources/PXToolsButtonRight21.png HTTP/1.1" 200 1283
200.112.6.178 - - [28/Feb/2018:00:15:31 -0300] "GET /cormun/static/Resources/PXToolsButtonBackground2.png HTTP/1.1" 200 1181
200.112.6.178 - - [28/Feb/2018:00:15:31 -0300] "GET /cormun/static/Resources/PXToolsLoginBottom.png HTTP/1.1" 200 1389
200.112.6.178 - - [28/Feb/2018:00:15:31 -0300] "GET /cormun/static/Resources/indicator.gif HTTP/1.1" 200 1553
200.112.6.178 - - [28/Feb/2018:00:15:31 -0300] "GET /cormun/servlet/hlogin HTTP/1.1" 200 1731
200.112.6.178 - - [28/Feb/2018:00:15:32 -0300] "GET /favicon.ico HTTP/1.1" 200 21630
200.112.6.178 - - [28/Feb/2018:00:15:40 -0300] "POST /cormun/servlet/hlogin?9f0d853c73505fe51f640d1ef9b4160b,gx-no-cache=1519787693344 HTTP/1.1" 200 448
200.112.6.178 - - [28/Feb/2018:00:15:41 -0300] "POST /cormun/servlet/hlogin?9f0d853c73505fe51f640d1ef9b4160b,gx-no-cache=1519787693704 HTTP/1.1" 200 447
186.103.159.182 - - [28/Feb/2018:01:49:02 -0300] "GET /cormun/servlet/trcontratosolicitud? HTTP/1.1" 200 5743
186.103.159.182 - - [28/Feb/2018:01:49:06 -0300] "GET /cormun/static/gxtimezone.js?85251 HTTP/1.1" 200 5781
186.103.159.182 - - [28/Feb/2018:01:49:06 -0300] "GET /cormun/static/calendar-es.js?85251 HTTP/1.1" 200 1901
186.103.159.182 - - [28/Feb/2018:01:49:06 -0300] "GET /cormun/static/Resources/Spanish/PXTools.css?1155365 HTTP/1.1" 304 -
186.103.159.182 - - [28/Feb/2018:01:49:06 -0300] "GET /cormun/static/gxcfg.js?20177612214014 HTTP/1.1" 200 953
186.103.159.182 - - [28/Feb/2018:01:49:06 -0300] "GET /cormun/static/calendar-setup.js?85251 HTTP/1.1" 200 2588
186.103.159.182 - - [28/Feb/2018:01:49:06 -0300] "GET /cormun/static/calendar.js?85251 HTTP/1.1" 200 26246
186.103.159.182 - - [28/Feb/2018:01:49:07 -0300] "GET /cormun/static/messages.spa.js?85251 HTTP/1.1" 200 30736
186.103.159.182 - - [28/Feb/2018:01:49:07 -0300] "GET /cormun/static/gxdec.js?85251 HTTP/1.1" 200 19579
186.103.159.182 - - [28/Feb/2018:01:49:07 -0300] "GET /cormun/static/trcontratosolicitud.js?20177612214349 HTTP/1.1" 304 -
186.103.159.182 - - [28/Feb/2018:01:49:07 -0300] "GET /cormun/static/hwchdr01.js?201752511465785 HTTP/1.1" 304 -
186.103.159.182 - - [28/Feb/2018:01:49:07 -0300] "GET /cormun/static/hpexe_recentlink.js?20177611595044 HTTP/1.1" 304 -
186.103.159.182 - - [28/Feb/2018:01:49:07 -0300] "GET /cormun/static/hpexe_scripts.js?201752511465715 HTTP/1.1" 304 -
186.103.159.182 - - [28/Feb/2018:01:49:07 -0300] "GET /cormun/static/hpexe_messagecontroller.js?20177611595012 HTTP/1.1" 304 -
186.103.159.182 - - [28/Feb/2018:01:49:07 -0300] "GET /cormun/static/hpexe_messagepopupcomponent.js?20161017169425 HTTP/1.1" 304 -
186.103.159.182 - - [28/Feb/2018:01:49:07 -0300] "GET /cormun/static/hpexe_messagegenexuscomponent.js?201752511465344 HTTP/1.1" 304 -
186.103.159.182 - - [28/Feb/2018:01:49:07 -0300] "GET /cormun/static/cmcontrolpreferences.js?201752511465670 HTTP/1.1" 304 -
186.103.159.182 - - [28/Feb/2018:01:49:08 -0300] "GET /cormun/static/hmpwkw03.js?20177612122668 HTTP/1.1" 304 -
186.103.159.182 - - [28/Feb/2018:01:49:09 -0300] "GET /cormun/servlet/hlogin HTTP/1.1" 200 1748
186.103.159.182 - - [28/Feb/2018:01:49:09 -0300] "GET /cormun/servlet/trcontratosolicitud? HTTP/1.1" 200 5739
186.103.159.182 - - [28/Feb/2018:01:49:09 -0300] "GET /cormun/static/Resources/Spanish/PXTools.css?11423723 HTTP/1.1" 304 -
186.103.159.182 - - [28/Feb/2018:01:49:09 -0300] "GET /cormun/static/gxcfg.js?20175251213516 HTTP/1.1" 200 953
186.103.159.182 - - [28/Feb/2018:01:49:09 -0300] "GET /cormun/static/hlogin.js?20175251213537 HTTP/1.1" 304 -
86.190.232.210 - - [28/Feb/2018:03:46:41 -0300] "GET / HTTP/1.1" 400 -
86.190.232.210 - - [28/Feb/2018:03:46:41 -0300] "GET / HTTP/1.1" 400 -
86.190.232.210 - - [28/Feb/2018:03:46:42 -0300] "GET / HTTP/1.1" 400 -
86.190.232.210 - - [28/Feb/2018:03:46:44 -0300] "GET / HTTP/1.1" 400 -
86.190.232.210 - - [28/Feb/2018:03:46:46 -0300] "GET / HTTP/1.1" 400 -
86.190.232.210 - - [28/Feb/2018:03:46:48 -0300] "GET / HTTP/1.1" 400 -
86.190.232.210 - - [28/Feb/2018:03:46:49 -0300] "GET / HTTP/1.1" 400 -
86.190.232.210 - - [28/Feb/2018:03:46:50 -0300] "GET / HTTP/1.1" 400 -
46.174.191.29 - - [28/Feb/2018:04:16:30 -0300] "GET / HTTP/1.0" 200 11197
66.249.64.29 - - [28/Feb/2018:05:20:49 -0300] "GET /robots.txt HTTP/1.1" 404 981
66.249.64.29 - - [28/Feb/2018:05:20:50 -0300] "GET /cormun/servlet/hlogin HTTP/1.1" 200 1704
66.249.64.27 - - [28/Feb/2018:05:20:50 -0300] "GET /cormun/servlet/hlogin?_escaped_fragment_= HTTP/1.1" 200 1715
66.249.64.28 - - [28/Feb/2018:05:23:22 -0300] "GET /cormun/static/Resources/Spanish/PXTools.css?11423723 HTTP/1.1" 200 89042
192.168.10.56 - - [28/Feb/2018:08:00:12 -0300] "GET /cormun/servlet/hlogin HTTP/1.1" 200 1707
192.168.10.56 - - [28/Feb/2018:08:00:34 -0300] "POST /cormun/servlet/hlogin?1ed9820a91405bd8f069a708af1e2a5e,gx-no-cache=1519815476646 HTTP/1.1" 200 90
192.168.10.56 - - [28/Feb/2018:08:00:35 -0300] "GET /cormun/servlet/hpexe_link HTTP/1.1" 200 940
192.168.10.56 - - [28/Feb/2018:08:00:35 -0300] "GET /cormun/servlet/hhome HTTP/1.1" 200 4437
192.168.10.56 - - [28/Feb/2018:08:00:36 -0300] "GET /cormun/servlet/hhome HTTP/1.1" 200 4433
192.168.10.56 - - [28/Feb/2018:08:01:58 -0300] "GET /cormun/servlet/trsolicitudgral? HTTP/1.1" 200 27761
192.168.10.56 - - [28/Feb/2018:08:02:01 -0300] "GET /cormun/servlet/trsolicitudgral? HTTP/1.1" 200 27759
46.174.191.30 - - [28/Feb/2018:08:22:05 -0300] "GET / HTTP/1.0" 200 11197
191.116.11.65 - - [28/Feb/2018:08:24:35 -0300] "GET /cormun/servlet/hlogin HTTP/1.1" 200 1723
191.116.11.65 - - [28/Feb/2018:08:24:37 -0300] "POST /cormun/servlet/hlogin?ea673c95e2d72a2ecd54d7734cdba3e9,gx-no-cache=1519817029141 HTTP/1.1" 200 90
191.116.11.65 - - [28/Feb/2018:08:24:38 -0300] "GET /cormun/servlet/hpexe_link HTTP/1.1" 200 951
191.116.11.65 - - [28/Feb/2018:08:24:38 -0300] "GET /cormun/servlet/hhome HTTP/1.1" 200 4318
191.116.11.65 - - [28/Feb/2018:08:24:41 -0300] "GET /cormun/servlet/hhome HTTP/1.1" 200 4317
191.116.11.65 - - [28/Feb/2018:08:24:45 -0300] "GET /cormun/servlet/trsolicitudot? HTTP/1.1" 200 14434
191.116.11.65 - - [28/Feb/2018:08:25:07 -0300] "GET /cormun/servlet/trsolicitudot? HTTP/1.1" 200 14432
191.116.11.65 - - [28/Feb/2018:08:25:24 -0300] "GET /cormun/servlet/solicitudot?INS,0,0, HTTP/1.1" 200 13780
191.116.11.65 - - [28/Feb/2018:08:25:26 -0300] "GET /cormun/servlet/solicitudot?INS,0,0, HTTP/1.1" 200 13785
191.116.11.65 - - [28/Feb/2018:08:25:37 -0300] "POST /cormun/servlet/solicitudot?gx-no-cache=1519817088333 HTTP/1.1" 200 3407
191.116.11.65 - - [28/Feb/2018:08:25:38 -0300] "POST /cormun/servlet/solicitudot?ea673c95e2d72a2ecd54d7734cdba3e9,INS,0,0,,gx-no-cache=1519817089134 HTTP/1.1" 200 10588
191.116.11.65 - - [28/Feb/2018:08:25:43 -0300] "GET /cormun/servlet/solicitudot?d9bf4276ef60b7e0685d39565021c3fc3c4f4e473fb48d05037c0bc9db63f146f38cb1c8650a7192658ad700f370ede3,gx-no-cache=1519817094160 HTTP/1.1" 200 30
191.116.11.65 - - [28/Feb/2018:08:25:43 -0300] "GET /cormun/servlet/solicitudot?d9bf4276ef60b7e0685d39565021c3fcdc224ab5553da2c4ec9d50fee41de0e409a1453c108394dd19c836c520ed5509,gx-no-cache=1519817094898 HTTP/1.1" 200 30
191.116.11.65 - - [28/Feb/2018:08:25:43 -0300] "GET /cormun/servlet/solicitudot?d9bf4276ef60b7e0685d39565021c3fc8ab506c466ee00f745758766ce656d38,gx-no-cache=1519817095036 HTTP/1.1" 200 53
191.116.11.65 - - [28/Feb/2018:08:25:43 -0300] "POST /cormun/servlet/solicitudot?gx-no-cache=1519817095227 HTTP/1.1" 200 255
191.116.11.65 - - [28/Feb/2018:08:25:43 -0300] "GET /cormun/servlet/solicitudot?d9bf4276ef60b7e0685d39565021c3fc61b4e5fd7ed5b01f526e9a4d6db81a3d24d4fe80077bccc45909b53c412f5fb9df26e8bd2f32cb29354e9e14dbe21010b5fb37f57c4bac363f11989e7ad29bca72f1a38b7cd99a8ed20b341a48b1459578f5273f5fa01d64ef71694de57bf683d59a5445850694fb3340de87ac95adb73bb151b29aae65e439fa5e2ccbb64d170accd3ef10f7257fec3b9b01999e93be73a8508db1a2cb2bb2727026d1ed8d5bdd0bc199ddb8a789756d0fb6136105155cd39aea9e097509338ca69a0e8e9aa36b3f10346714782c0ea75aa4f458b228bea254ecac5a8d2594a2546ddd2b0cfb4064891dc58d24f56b0d92281cf4d46fb5716eb1c8e0afad034a8060c9243510c8851798910905c6d8a6e9662e0286b46959dd434271415f79674540decac89694d31b860358fe818c2389069b38596f98f802a49f96b63f06ad24fa81559be7c10f8fe03510b052c03eec025e9e311aed7a38a078f5e39a7f63a962c17ba0d7bb178087443e7bcc239a05275c8b9ecd,gx-no-cache=1519817095431 HTTP/1.1" 200 30
191.116.11.65 - - [28/Feb/2018:08:25:46 -0300] "POST /cormun/servlet/solicitudot?gx-no-cache=1519817097729 HTTP/1.1" 200 30
186.67.164.142 - - [28/Feb/2018:08:25:53 -0300] "GET /cormun/servlet/hlogin HTTP/1.1" 200 1720
186.67.164.142 - - [28/Feb/2018:08:25:59 -0300] "POST /cormun/servlet/hlogin?eac6fc6ed3153534fd1ee590578df272,gx-no-cache=1519817111536 HTTP/1.1" 200 90
186.67.164.142 - - [28/Feb/2018:08:25:59 -0300] "GET /cormun/servlet/hpexe_link HTTP/1.1" 200 950
186.67.164.142 - - [28/Feb/2018:08:25:59 -0300] "GET /cormun/servlet/hhome HTTP/1.1" 200 3973
186.67.164.142 - - [28/Feb/2018:08:26:00 -0300] "GET /cormun/servlet/hhome HTTP/1.1" 200 3970
191.116.11.65 - - [28/Feb/2018:08:26:03 -0300] "POST /cormun/servlet/solicitudot?gx-no-cache=1519817114329 HTTP/1.1" 200 1337
191.116.11.65 - - [28/Feb/2018:08:26:03 -0300] "POST /cormun/servlet/solicitudot?gx-no-cache=1519817115272 HTTP/1.1" 200 38
191.116.11.65 - - [28/Feb/2018:08:26:16 -0300] "GET /cormun/servlet/solicitudot?d9bf4276ef60b7e0685d39565021c3fc6d891e3b51099c0f88d5eaa54f2a1168c6e1f4b94f40fa0cc6891eeb80c0c739363121ed5e9381d1afd8f0c18975963007eeee35a64c1440031c19273834d45f60bcd68fdd442985dcfe60182c7cc0de59c561f6806b622accbbe8f7a69280d13b17aa2c8c950c370eb1fdc60059cbafb954b542e8f789d5d00d11a63672d1f19b9e7a1829717b116eb1b4e8a68b5098,gx-no-cache=1519817128344 HTTP/1.1" 200 29
191.116.11.65 - - [28/Feb/2018:08:26:17 -0300] "POST /cormun/servlet/solicitudot?gx-no-cache=1519817128485 HTTP/1.1" 200 1321
191.116.11.65 - - [28/Feb/2018:08:26:17 -0300] "POST /cormun/servlet/solicitudot?gx-no-cache=1519817128732 HTTP/1.1" 200 1219
191.116.11.65 - - [28/Feb/2018:08:26:17 -0300] "GET /cormun/static/menuarrow.gif HTTP/1.1" 404 1015
191.116.11.65 - - [28/Feb/2018:08:26:19 -0300] "POST /cormun/servlet/solicitudot?gx-no-cache=1519817130403 HTTP/1.1" 200 1321
191.116.11.65 - - [28/Feb/2018:08:26:19 -0300] "POST /cormun/servlet/solicitudot?gx-no-cache=1519817130690 HTTP/1.1" 200 1219
191.116.11.65 - - [28/Feb/2018:08:26:21 -0300] "GET /cormun/servlet/solicitudot?d9bf4276ef60b7e0685d39565021c3fc35077402962402e782aa1922eee7f3c4eb1635002db82923fba51d250cabfa25,gx-no-cache=1519817133057 HTTP/1.1" 200 30
191.116.11.65 - - [28/Feb/2018:08:26:28 -0300] "POST /cormun/servlet/solicitudot?gx-no-cache=1519817139141 HTTP/1.1" 200 30
186.67.164.142 - - [28/Feb/2018:08:26:38 -0300] "GET /cormun/servlet/trsolicitudot? HTTP/1.1" 200 8574
186.67.164.142 - - [28/Feb/2018:08:26:39 -0300] "GET /cormun/servlet/trsolicitudot? HTTP/1.1" 200 8572
186.67.164.142 - - [28/Feb/2018:08:26:46 -0300] "GET /cormun/servlet/solicitudot?INS,0,0, HTTP/1.1" 200 13421
186.67.164.142 - - [28/Feb/2018:08:26:47 -0300] "GET /cormun/servlet/solicitudot?INS,0,0, HTTP/1.1" 200 13426
191.116.11.65 - - [28/Feb/2018:08:27:15 -0300] "POST /cormun/servlet/solicitudot?ea673c95e2d72a2ecd54d7734cdba3e9,INS,0,0,,gx-no-cache=1519817186260 HTTP/1.1" 200 93
186.67.164.142 - - [28/Feb/2018:08:27:15 -0300] "POST /cormun/servlet/solicitudot?gx-no-cache=1519817187611 HTTP/1.1" 200 3431
191.116.11.65 - - [28/Feb/2018:08:27:16 -0300] "GET /cormun/servlet/hpexe_return? HTTP/1.1" 200 1006
186.67.164.142 - - [28/Feb/2018:08:27:16 -0300] "POST /cormun/servlet/solicitudot?eac6fc6ed3153534fd1ee590578df272,INS,0,0,,gx-no-cache=1519817188571 HTTP/1.1" 200 10414
191.116.11.65 - - [28/Feb/2018:08:27:17 -0300] "GET /cormun/servlet/trsolicitudot HTTP/1.1" 200 14762
191.116.11.65 - - [28/Feb/2018:08:27:20 -0300] "GET /cormun/servlet/trsolicitudot HTTP/1.1" 200 14758
192.168.10.56 - - [28/Feb/2018:08:27:39 -0300] "GET /cormun/static/menuarrow.gif HTTP/1.1" 404 1015
192.168.10.56 - - [28/Feb/2018:08:27:48 -0300] "POST /cormun/servlet/trsolicitudgral?1ed9820a91405bd8f069a708af1e2a5e,,gx-no-cache=1519817109615 HTTP/1.1" 200 5912
192.168.10.56 - - [28/Feb/2018:08:28:03 -0300] "POST /cormun/servlet/trsolicitudgral?1ed9820a91405bd8f069a708af1e2a5e,,gx-no-cache=1519817124634 HTTP/1.1" 200 5913
192.168.10.56 - - [28/Feb/2018:08:28:08 -0300] "POST /cormun/servlet/trsolicitudgral?1ed9820a91405bd8f069a708af1e2a5e,,gx-no-cache=1519817130115 HTTP/1.1" 200 9030
191.116.11.65 - - [28/Feb/2018:08:28:11 -0300] "GET /cormun/servlet/solicitudot?INS,0,0, HTTP/1.1" 200 13780
191.116.11.65 - - [28/Feb/2018:08:28:14 -0300] "GET /cormun/servlet/solicitudot?INS,0,0, HTTP/1.1" 200 13785
191.116.11.65 - - [28/Feb/2018:08:28:28 -0300] "POST /cormun/servlet/solicitudot?gx-no-cache=1519817257994 HTTP/1.1" 200 3402
191.116.11.65 - - [28/Feb/2018:08:28:29 -0300] "POST /cormun/servlet/solicitudot?ea673c95e2d72a2ecd54d7734cdba3e9,INS,0,0,,gx-no-cache=1519817260087 HTTP/1.1" 200 10571
191.116.11.65 - - [28/Feb/2018:08:28:37 -0300] "GET /cormun/servlet/solicitudot?d9bf4276ef60b7e0685d39565021c3fcae355a06851c6305a8b6d173117457e9f68d5572a3bee39a13e07006692c0eaa,gx-no-cache=1519817268581 HTTP/1.1" 200 30
191.116.11.65 - - [28/Feb/2018:08:28:37 -0300] "GET /cormun/servlet/solicitudot?d9bf4276ef60b7e0685d39565021c3fcb2fa14830350fe875ebddeeabeeae11f02a83dabcdb9bf95ffbcd5aa1309ca6b9162983e3b087dcfa36cac92e6c3edb9,gx-no-cache=1519817269189 HTTP/1.1" 200 30
191.116.11.65 - - [28/Feb/2018:08:28:37 -0300] "GET /cormun/servlet/solicitudot?d9bf4276ef60b7e0685d39565021c3fc8ab506c466ee00f745758766ce656d38,gx-no-cache=1519817269310 HTTP/1.1" 200 53
191.116.11.65 - - [28/Feb/2018:08:28:37 -0300] "POST /cormun/servlet/solicitudot?gx-no-cache=1519817269433 HTTP/1.1" 200 255
191.116.11.65 - - [28/Feb/2018:08:28:38 -0300] "GET /cormun/servlet/solicitudot?d9bf4276ef60b7e0685d39565021c3fc61b4e5fd7ed5b01f526e9a4d6db81a3d24d4fe80077bccc45909b53c412f5fb9df26e8bd2f32cb29354e9e14dbe21010b5fb37f57c4bac363f11989e7ad29bca72f1a38b7cd99a8ed20b341a48b1459578f5273f5fa01d64ef71694de57bf683d59a5445850694fb3340de87ac95adb73bb151b29aae65e439fa5e2ccbb64d170accd3ef10f7257fec3b9b01999e93be73a8508db1a2cb2bb2727026d1ed8d5bdd0bc199ddb8a789756d0fb6136105155cd39aea9e097509338ca69a0e8e9aa36b3f10346714782c0ea75aa4f458b228bea254ecac5a8d2594a2546ddd2b0cfb4064891dc58d24f56b0d92281cf4d46fb5716eb1c8e0afad034a8060c9243510c8851798910905c6d8a6e9662e0286b46959dd434271415f79674540decac89694d31b860358fe818c2389069b38596f98f802a49f96b63f06ad24fa81559be7c10f8fe03510b052c03eec025e9e311aed7a38a078f5e39a7f63a962c17ba0d7bb178087443e7bcc239a05275c8b9ecd,gx-no-cache=1519817269591 HTTP/1.1" 200 30
192.168.10.56 - - [28/Feb/2018:08:28:39 -0300] "POST /cormun/servlet/trsolicitudgral?1ed9820a91405bd8f069a708af1e2a5e,,gx-no-cache=1519817161255 HTTP/1.1" 200 10914
191.116.11.65 - - [28/Feb/2018:08:28:40 -0300] "POST /cormun/servlet/solicitudot?gx-no-cache=1519817272167 HTTP/1.1" 200 30
191.116.11.65 - - [28/Feb/2018:08:29:05 -0300] "POST /cormun/servlet/solicitudot?gx-no-cache=1519817295913 HTTP/1.1" 200 1337
191.116.11.65 - - [28/Feb/2018:08:29:05 -0300] "POST /cormun/servlet/solicitudot?gx-no-cache=1519817297346 HTTP/1.1" 200 38
191.116.11.65 - - [28/Feb/2018:08:29:14 -0300] "GET /cormun/servlet/solicitudot?d9bf4276ef60b7e0685d39565021c3fc6d891e3b51099c0f88d5eaa54f2a1168c6e1f4b94f40fa0cc6891eeb80c0c739363121ed5e9381d1afd8f0c18975963007eeee35a64c1440031c19273834d45f60bcd68fdd442985dcfe60182c7cc0de59c561f6806b622accbbe8f7a69280d13b17aa2c8c950c370eb1fdc60059cbafb954b542e8f789d5d00d11a63672d1f19b9e7a1829717b116eb1b4e8a68b5098,gx-no-cache=1519817306213 HTTP/1.1" 200 29
191.116.11.65 - - [28/Feb/2018:08:29:15 -0300] "POST /cormun/servlet/solicitudot?gx-no-cache=1519817306412 HTTP/1.1" 200 1321
191.116.11.65 - - [28/Feb/2018:08:29:15 -0300] "POST /cormun/servlet/solicitudot?gx-no-cache=1519817306737 HTTP/1.1" 200 1219
191.116.11.65 - - [28/Feb/2018:08:29:15 -0300] "GET /cormun/static/menuarrow.gif HTTP/1.1" 404 1015
191.116.11.65 - - [28/Feb/2018:08:29:26 -0300] "POST /cormun/servlet/solicitudot?gx-no-cache=1519817317818 HTTP/1.1" 200 1321
191.116.11.65 - - [28/Feb/2018:08:29:27 -0300] "POST /cormun/servlet/solicitudot?gx-no-cache=1519817318593 HTTP/1.1" 200 1219
191.116.11.65 - - [28/Feb/2018:08:30:28 -0300] "GET /cormun/servlet/solicitudot?d9bf4276ef60b7e0685d39565021c3fc35077402962402e782aa1922eee7f3c4eb1635002db82923fba51d250cabfa25,gx-no-cache=1519817378802 HTTP/1.1" 200 30
191.116.11.65 - - [28/Feb/2018:08:30:41 -0300] "POST /cormun/servlet/solicitudot?gx-no-cache=1519817393415 HTTP/1.1" 200 30
191.116.11.65 - - [28/Feb/2018:08:31:20 -0300] "POST /cormun/servlet/solicitudot?ea673c95e2d72a2ecd54d7734cdba3e9,INS,0,0,,gx-no-cache=1519817429674 HTTP/1.1" 200 93
191.116.11.65 - - [28/Feb/2018:08:31:20 -0300] "GET /cormun/servlet/hpexe_return? HTTP/1.1" 200 1006
191.116.11.65 - - [28/Feb/2018:08:31:21 -0300] "GET /cormun/servlet/trsolicitudot HTTP/1.1" 200 15104
191.116.11.65 - - [28/Feb/2018:08:31:24 -0300] "GET /cormun/servlet/trsolicitudot HTTP/1.1" 200 15099
191.116.11.65 - - [28/Feb/2018:08:31:46 -0300] "GET /cormun/servlet/solicitudot?INS,0,0, HTTP/1.1" 200 13779
191.116.11.65 - - [28/Feb/2018:08:31:49 -0300] "GET /cormun/servlet/solicitudot?INS,0,0, HTTP/1.1" 200 13784
191.116.11.65 - - [28/Feb/2018:08:32:03 -0300] "POST /cormun/servlet/solicitudot?gx-no-cache=1519817473609 HTTP/1.1" 200 3403
191.116.11.65 - - [28/Feb/2018:08:32:04 -0300] "POST /cormun/servlet/solicitudot?ea673c95e2d72a2ecd54d7734cdba3e9,INS,0,0,,gx-no-cache=1519817475228 HTTP/1.1" 200 10571
191.116.11.65 - - [28/Feb/2018:08:32:09 -0300] "GET /cormun/servlet/solicitudot?d9bf4276ef60b7e0685d39565021c3fcd25d6cfa879e3f7fe576666539a62e02f38cb1c8650a7192658ad700f370ede3,gx-no-cache=1519817479898 HTTP/1.1" 200 30
191.116.11.65 - - [28/Feb/2018:08:32:09 -0300] "GET /cormun/servlet/solicitudot?d9bf4276ef60b7e0685d39565021c3fc1085aed532c4876275911869cdc0c929ac7cefcfbca0e69acf5069b40bf57bbb0ec040182bae6736196ab11687e95c8d,gx-no-cache=1519817480759 HTTP/1.1" 200 30
191.116.11.65 - - [28/Feb/2018:08:32:09 -0300] "GET /cormun/servlet/solicitudot?d9bf4276ef60b7e0685d39565021c3fcfd3296187b5de6f59b34ab33ce327934,gx-no-cache=1519817480914 HTTP/1.1" 200 51
191.116.11.65 - - [28/Feb/2018:08:32:09 -0300] "POST /cormun/servlet/solicitudot?gx-no-cache=1519817481052 HTTP/1.1" 200 255
191.116.11.65 - - [28/Feb/2018:08:32:09 -0300] "GET /cormun/servlet/solicitudot?d9bf4276ef60b7e0685d39565021c3fc61b4e5fd7ed5b01f526e9a4d6db81a3d24d4fe80077bccc45909b53c412f5fb9df26e8bd2f32cb29354e9e14dbe21010b5fb37f57c4bac363f11989e7ad29bca72f1a38b7cd99a8ed20b341a48b1459578f5273f5fa01d64ef71694de57bf683d59a5445850694fb3340de87ac95adb73bb151b29aae65e439fa5e2ccbb64d170accd3ef10f7257fec3b9b01999e93be73a8508db1a2cb2bb2727026d1ed8d5bdd0bc199ddb8a789756d0fb6136105155cd39aea9e097509338ca69a0e8e9aa36b3f10346714782c0ea75aa4f458b228bea254ecac5a8d2594a2546ddd2b0cfb4064891dc58d24f56b0d92281cf4d46fb5716eb1c8e0afad034a8060c9243510c8851798910905c6d8a6e9662e0286b46959dd434271415f79674540decac89694d31b860358fe818c2389069b38596f98f802a49f96b63f06ad24fa81559be7c10f8fe03510b052c03eec025e9e311aed7a38a078f5e39a7f63a962c17ba0d7bb178087443e7bcc239a05275c8b9ecd,gx-no-cache=1519817481196 HTTP/1.1" 200 30
191.116.11.65 - - [28/Feb/2018:08:32:13 -0300] "POST /cormun/servlet/solicitudot?gx-no-cache=1519817483372 HTTP/1.1" 200 30
191.116.11.65 - - [28/Feb/2018:08:32:16 -0300] "POST /cormun/servlet/solicitudot?gx-no-cache=1519817487540 HTTP/1.1" 200 30
192.168.10.56 - - [28/Feb/2018:08:32:23 -0300] "GET /cormun/servlet/solicitudgral?UPD,2018,9676, HTTP/1.1" 200 12833
192.168.10.56 - - [28/Feb/2018:08:32:25 -0300] "GET /cormun/servlet/solicitudgral?UPD,2018,9676, HTTP/1.1" 200 12842
192.168.10.56 - - [28/Feb/2018:08:32:25 -0300] "POST /cormun/servlet/solicitudgral?gx-no-cache=1519817386916 HTTP/1.1" 200 3854
192.168.10.56 - - [28/Feb/2018:08:32:25 -0300] "GET /cormun/servlet/solicitudgral?6c5471a6380a028b68b6ab2a83527a33d84076505e416a26e60f2afd3cb1e89cea98eb8c7e13a35f259754834ef56326cb09fc24c4191bd5f984e07120c0fc6b160c48c9574a9f610bfcc8a54da824f4e4d14be93a7b9c925902df78f6472903fbeaa9c0804122ed6bc6380bc629a34ab0ecc14c3f0a40bb333a162cf7190ea277a189788649c5d9fcbc1b9a97abb92a08a19d03b0638a64b55dec9f4e2386919fbd429a71f5612992136dfce2701107fb9cf2f11adafeae4646b8de716afae856612b1c5cf764852c9625a50d2d0ea527da2081eb7d2c91485772a1de1f95785f10561fb071b24eae72c22f39ea7c32460e9856ea5f5f22ea3cc8e9a308aa14c5016bcb3abfd22bf1f5250db345e66d575fb8e91cca3b832cc37d232b9ddad1942b71823bbe9de9b43598c967dceb665a163fc4502b83c09056733a5bfed43bf4dff8566750086f347e44618b5af78b,gx-no-cache=1519817387256 HTTP/1.1" 200 255
192.168.10.56 - - [28/Feb/2018:08:32:34 -0300] "POST /cormun/servlet/solicitudgral?1ed9820a91405bd8f069a708af1e2a5e,UPD,2018,9676,,gx-no-cache=1519817395970 HTTP/1.1" 200 93
192.168.10.56 - - [28/Feb/2018:08:32:34 -0300] "GET /cormun/servlet/hpexe_return? HTTP/1.1" 200 1003
192.168.10.56 - - [28/Feb/2018:08:32:35 -0300] "GET /cormun/servlet/trsolicitudgral? HTTP/1.1" 200 13957
192.168.10.56 - - [28/Feb/2018:08:32:36 -0300] "GET /cormun/servlet/trsolicitudgral? HTTP/1.1" 200 13953
191.116.11.65 - - [28/Feb/2018:08:32:38 -0300] "POST /cormun/servlet/solicitudot?gx-no-cache=1519817509250 HTTP/1.1" 200 1337
191.116.11.65 - - [28/Feb/2018:08:32:38 -0300] "POST /cormun/servlet/solicitudot?gx-no-cache=1519817510107 HTTP/1.1" 200 38
191.116.11.65 - - [28/Feb/2018:08:32:48 -0300] "GET /cormun/servlet/solicitudot?d9bf4276ef60b7e0685d39565021c3fc6d891e3b51099c0f88d5eaa54f2a1168c6e1f4b94f40fa0cc6891eeb80c0c739363121ed5e9381d1afd8f0c18975963007eeee35a64c1440031c19273834d45f60bcd68fdd442985dcfe60182c7cc0de59c561f6806b622accbbe8f7a69280d13b17aa2c8c950c370eb1fdc60059cbafb954b542e8f789d5d00d11a63672d1f19b9e7a1829717b116eb1b4e8a68b5098,gx-no-cache=1519817519604 HTTP/1.1" 200 29
191.116.11.65 - - [28/Feb/2018:08:32:49 -0300] "POST /cormun/servlet/solicitudot?gx-no-cache=1519817520321 HTTP/1.1" 200 1321
191.116.11.65 - - [28/Feb/2018:08:32:49 -0300] "POST /cormun/servlet/solicitudot?gx-no-cache=1519817520774 HTTP/1.1" 200 1218
191.116.11.65 - - [28/Feb/2018:08:33:18 -0300] "GET /cormun/static/menuarrow.gif HTTP/1.1" 404 1015
191.116.11.65 - - [28/Feb/2018:08:33:21 -0300] "GET /cormun/servlet/solicitudot?d9bf4276ef60b7e0685d39565021c3fc35077402962402e782aa1922eee7f3c4eb1635002db82923fba51d250cabfa25,gx-no-cache=1519817552590 HTTP/1.1" 200 30
191.116.11.65 - - [28/Feb/2018:08:33:29 -0300] "POST /cormun/servlet/solicitudot?gx-no-cache=1519817560538 HTTP/1.1" 200 33
192.168.10.56 - - [28/Feb/2018:08:33:58 -0300] "POST /cormun/servlet/trsolicitudgral?1ed9820a91405bd8f069a708af1e2a5e,,gx-no-cache=1519817480620 HTTP/1.1" 200 115
192.168.10.56 - - [28/Feb/2018:08:33:59 -0300] "GET /cormun/servlet/solicitudotlog?INS,2018,9676,0,REC, HTTP/1.1" 200 6245
192.168.10.56 - - [28/Feb/2018:08:33:59 -0300] "GET /cormun/servlet/solicitudotlog?INS,2018,9676,0,REC, HTTP/1.1" 200 6245
192.168.10.56 - - [28/Feb/2018:08:34:00 -0300] "GET /cormun/servlet/solicitudotlog?6c5471a6380a028b68b6ab2a83527a33366893e56e56ed02774d9b0c341f44df460e9856ea5f5f22ea3cc8e9a308aa14c0d985790dd54aaf36914e0666e98a679bf8d8959983e7973f11a3ccaa854c4a7620dda8b97c0b03877290ab006544e9a59dbc5242fe491e5a477b0e8868a135dd6d48a3a21804998c4c1f77c103ff87983b51df6ac66221d6a841d1f9780b2f66ddb600272f53dcd51336eb4055ca27,gx-no-cache=1519817481924 HTTP/1.1" 200 94
192.168.10.56 - - [28/Feb/2018:08:34:10 -0300] "POST /cormun/servlet/solicitudotlog?1ed9820a91405bd8f069a708af1e2a5e,INS,2018,9676,0,REC,,gx-no-cache=1519817492377 HTTP/1.1" 200 93
192.168.10.56 - - [28/Feb/2018:08:34:10 -0300] "GET /cormun/servlet/hpexe_return? HTTP/1.1" 200 1012
192.168.10.56 - - [28/Feb/2018:08:34:11 -0300] "GET /cormun/servlet/trsolicitudgral HTTP/1.1" 200 13618
192.168.10.56 - - [28/Feb/2018:08:34:12 -0300] "GET /cormun/servlet/trsolicitudgral HTTP/1.1" 200 13614
191.116.11.65 - - [28/Feb/2018:08:34:16 -0300] "POST /cormun/servlet/solicitudot?ea673c95e2d72a2ecd54d7734cdba3e9,INS,0,0,,gx-no-cache=1519817586943 HTTP/1.1" 500 10
192.168.10.56 - - [28/Feb/2018:08:34:37 -0300] "GET /cormun/servlet/solicitudgral?UPD,2018,9677, HTTP/1.1" 200 12830
192.168.10.56 - - [28/Feb/2018:08:34:38 -0300] "GET /cormun/servlet/solicitudgral?UPD,2018,9677, HTTP/1.1" 200 12840
192.168.10.56 - - [28/Feb/2018:08:34:38 -0300] "POST /cormun/servlet/solicitudgral?gx-no-cache=1519817520262 HTTP/1.1" 200 3851
192.168.10.56 - - [28/Feb/2018:08:34:38 -0300] "GET /cormun/servlet/solicitudgral?6c5471a6380a028b68b6ab2a83527a33d84076505e416a26e60f2afd3cb1e89cea98eb8c7e13a35f259754834ef56326cb09fc24c4191bd5f984e07120c0fc6b160c48c9574a9f610bfcc8a54da824f4e4d14be93a7b9c925902df78f6472903fbeaa9c0804122ed6bc6380bc629a34ab0ecc14c3f0a40bb333a162cf7190ea277a189788649c5d9fcbc1b9a97abb92a08a19d03b0638a64b55dec9f4e2386919fbd429a71f5612992136dfce2701107fb9cf2f11adafeae4646b8de716afae856612b1c5cf764852c9625a50d2d0ea527da2081eb7d2c91485772a1de1f95785f10561fb071b24eae72c22f39ea7c32460e9856ea5f5f22ea3cc8e9a308aa14c5016bcb3abfd22bf1f5250db345e66d575fb8e91cca3b832cc37d232b9ddad1942b71823bbe9de9b43598c967dceb665a163fc4502b83c09056733a5bfed43bf4dff8566750086f347e44618b5af78b,gx-no-cache=1519817520573 HTTP/1.1" 200 255
192.168.10.56 - - [28/Feb/2018:08:34:39 -0300] "GET /cormun/servlet/solicitudgral?6c5471a6380a028b68b6ab2a83527a33896c4a6f94292e8d7e3ad9739f234f800bf8f1faf8a823fa4d7a4e0f64899b45c5016bcb3abfd22bf1f5250db345e66db6b6d4c1c61c2a1a407a3e4cf5b5e77eae79e33eb7875310ffb6f3365852352dc5db09263c2ee085bcc85106cdb03eb968e54badbebae2dc1c06e80cd6b295025582c0dbb9877ea2722606b610bed7519ba87b18cb2d99fbf56d63b34db551ca72f6a0da429f0d59bc38859c81fd51f089961005dd5964d8ec85ef3098703c83c2d870168b86502a5ec3b2a055a6aa85056cb080b16b8704408afa17f192a598b2fc451014784398bf35db410410ce516de7703a25666b6d6095e2dc4df6e76f6ca86cad145a4ff836be839d817d5436a1f17425473e6f12382cc0fc8ab82fe4e54846f3c8e3a0a630828c4ab5e36152a48c1b6aec8ec78bc43d1b8794e470646f5c27ade4947850bf35ec5f53de12116102264ae35f6eea70707cc6da8fc0f06ca86cad145a4ff836be839d817d54363610166006e805b5d4f981a6f543bf1003cab7fa76873f661d3593f44df64757b01706a53f4b7a1adb5c313cb59538900090fcb35b59f6d9b1f2de1d3ab0ac4d,gx-no-cache=1519817520964 HTTP/1.1" 200 48
192.168.10.56 - - [28/Feb/2018:08:34:39 -0300] "POST /cormun/servlet/solicitudgral?1ed9820a91405bd8f069a708af1e2a5e,UPD,2018,9677,,gx-no-cache=1519817521005 HTTP/1.1" 200 11761
192.168.10.56 - - [28/Feb/2018:08:34:39 -0300] "GET /cormun/servlet/solicitudgral?6c5471a6380a028b68b6ab2a83527a33c8e863260c38e0be403c93b733cc95df9a3d1080aaac34784c28aa69b5dc301334cfba33669008fea995d50831a40351630ebb2ffb29bcda7b0a6ad35530b19656c2ea8e6f8af6e551c37a224a3e33087829020746c1bb148dea0a31f9404e02c7c3096bd52ea5e7800cbaa613d858362a38b593a0f8d6a1fbe8bcc3e9b191d2dea0d1ed014ad905f7429048df16adce,gx-no-cache=1519817521569 HTTP/1.1" 200 29
192.168.10.56 - - [28/Feb/2018:08:34:39 -0300] "POST /cormun/servlet/solicitudgral?gx-no-cache=1519817521594 HTTP/1.1" 200 1295
192.168.10.56 - - [28/Feb/2018:08:34:39 -0300] "POST /cormun/servlet/solicitudgral?gx-no-cache=1519817521696 HTTP/1.1" 200 1218
191.116.11.65 - - [28/Feb/2018:08:34:48 -0300] "GET /cormun/servlet/hlogin HTTP/1.1" 200 1723
191.116.11.65 - - [28/Feb/2018:08:34:50 -0300] "POST /cormun/servlet/hlogin?ea673c95e2d72a2ecd54d7734cdba3e9,gx-no-cache=1519817642361 HTTP/1.1" 200 90
191.116.11.65 - - [28/Feb/2018:08:34:51 -0300] "GET /cormun/servlet/hpexe_link HTTP/1.1" 200 961
191.116.11.65 - - [28/Feb/2018:08:34:52 -0300] "GET /cormun/servlet/solicitudot?INS,0,0, HTTP/1.1" 200 13781
192.168.10.56 - - [28/Feb/2018:08:34:54 -0300] "POST /cormun/servlet/solicitudgral?1ed9820a91405bd8f069a708af1e2a5e,UPD,2018,9677,,gx-no-cache=1519817535879 HTTP/1.1" 200 93
192.168.10.56 - - [28/Feb/2018:08:34:54 -0300] "GET /cormun/servlet/hpexe_return? HTTP/1.1" 200 1004
192.168.10.56 - - [28/Feb/2018:08:34:55 -0300] "GET /cormun/servlet/trsolicitudgral HTTP/1.1" 200 13631
192.168.10.56 - - [28/Feb/2018:08:34:56 -0300] "GET /cormun/servlet/trsolicitudgral HTTP/1.1" 200 13626
191.116.11.65 - - [28/Feb/2018:08:34:57 -0300] "GET /cormun/servlet/solicitudot?INS,0,0, HTTP/1.1" 200 13785
192.168.10.56 - - [28/Feb/2018:08:35:08 -0300] "POST /cormun/servlet/trsolicitudgral?1ed9820a91405bd8f069a708af1e2a5e,gx-no-cache=1519817550013 HTTP/1.1" 200 10244
192.168.10.56 - - [28/Feb/2018:08:35:09 -0300] "GET /cormun/static/Shared/jqueryui/images/ui-bg_flat_55_fafafa_40x100.png HTTP/1.1" 404 1097
192.168.10.56 - - [28/Feb/2018:08:35:09 -0300] "GET /cormun/static/Shared/jqueryui/images/ui-icons_8d78a5_256x240.png HTTP/1.1" 404 1089
192.168.10.56 - - [28/Feb/2018:08:35:09 -0300] "GET /cormun/static/Shared/jqueryui/images/ui-bg_highlight-soft_100_c6c2c8_1x100.png HTTP/1.1" 404 1117
192.168.10.56 - - [28/Feb/2018:08:35:09 -0300] "GET /cormun/static/Shared/jqueryui/images/ui-icons_82798d_256x240.png HTTP/1.1" 404 1089
191.116.11.65 - - [28/Feb/2018:08:35:10 -0300] "POST /cormun/servlet/solicitudot?gx-no-cache=1519817658704 HTTP/1.1" 200 3403
191.116.11.65 - - [28/Feb/2018:08:35:11 -0300] "POST /cormun/servlet/solicitudot?ea673c95e2d72a2ecd54d7734cdba3e9,INS,0,0,,gx-no-cache=1519817662580 HTTP/1.1" 200 10573
191.116.11.65 - - [28/Feb/2018:08:35:14 -0300] "GET /cormun/servlet/solicitudot?d9bf4276ef60b7e0685d39565021c3fcd25d6cfa879e3f7fe576666539a62e02f38cb1c8650a7192658ad700f370ede3,gx-no-cache=1519817666001 HTTP/1.1" 200 30
191.116.11.65 - - [28/Feb/2018:08:35:14 -0300] "GET /cormun/servlet/solicitudot?d9bf4276ef60b7e0685d39565021c3fc1085aed532c4876275911869cdc0c929ac7cefcfbca0e69acf5069b40bf57bbb0ec040182bae6736196ab11687e95c8d,gx-no-cache=1519817666196 HTTP/1.1" 200 30
191.116.11.65 - - [28/Feb/2018:08:35:14 -0300] "GET /cormun/servlet/solicitudot?d9bf4276ef60b7e0685d39565021c3fcfd3296187b5de6f59b34ab33ce327934,gx-no-cache=1519817666346 HTTP/1.1" 200 51
191.116.11.65 - - [28/Feb/2018:08:35:14 -0300] "POST /cormun/servlet/solicitudot?gx-no-cache=1519817666521 HTTP/1.1" 200 255
191.116.11.65 - - [28/Feb/2018:08:35:15 -0300] "GET /cormun/servlet/solicitudot?d9bf4276ef60b7e0685d39565021c3fc61b4e5fd7ed5b01f526e9a4d6db81a3d24d4fe80077bccc45909b53c412f5fb9df26e8bd2f32cb29354e9e14dbe21010b5fb37f57c4bac363f11989e7ad29bca72f1a38b7cd99a8ed20b341a48b1459578f5273f5fa01d64ef71694de57bf683d59a5445850694fb3340de87ac95adb73bb151b29aae65e439fa5e2ccbb64d170accd3ef10f7257fec3b9b01999e93be73a8508db1a2cb2bb2727026d1ed8d5bdd0bc199ddb8a789756d0fb6136105155cd39aea9e097509338ca69a0e8e9aa36b3f10346714782c0ea75aa4f458b228bea254ecac5a8d2594a2546ddd2b0cfb4064891dc58d24f56b0d92281cf4d46fb5716eb1c8e0afad034a8060c9243510c8851798910905c6d8a6e9662e0286b46959dd434271415f79674540decac89694d31b860358fe818c2389069b38596f98f802a49f96b63f06ad24fa81559be7c10f8fe03510b052c03eec025e9e311aed7a38a078f5e39a7f63a962c17ba0d7bb178087443e7bcc239a05275c8b9ecd,gx-no-cache=1519817666711 HTTP/1.1" 200 30
192.168.10.56 - - [28/Feb/2018:08:35:16 -0300] "POST /cormun/servlet/trsolicitudgral?1ed9820a91405bd8f069a708af1e2a5e,gx-no-cache=1519817557810 HTTP/1.1" 200 9875
191.116.11.65 - - [28/Feb/2018:08:35:17 -0300] "POST /cormun/servlet/solicitudot?gx-no-cache=1519817668669 HTTP/1.1" 200 30
191.116.11.65 - - [28/Feb/2018:08:35:27 -0300] "POST /cormun/servlet/solicitudot?gx-no-cache=1519817678555 HTTP/1.1" 200 1337
191.116.11.65 - - [28/Feb/2018:08:35:28 -0300] "POST /cormun/servlet/solicitudot?gx-no-cache=1519817679582 HTTP/1.1" 200 38
192.168.10.56 - - [28/Feb/2018:08:35:28 -0300] "GET /cormun/servlet/solicitudgral?UPD,2018,8561, HTTP/1.1" 200 12875
192.168.10.56 - - [28/Feb/2018:08:35:29 -0300] "GET /cormun/servlet/solicitudgral?UPD,2018,8561, HTTP/1.1" 200 12884
192.168.10.56 - - [28/Feb/2018:08:35:30 -0300] "POST /cormun/servlet/solicitudgral?gx-no-cache=1519817571678 HTTP/1.1" 200 3905
192.168.10.56 - - [28/Feb/2018:08:35:30 -0300] "GET /cormun/servlet/solicitudgral?6c5471a6380a028b68b6ab2a83527a33d84076505e416a26e60f2afd3cb1e89c34584f48ee3fbe3e7af733d52187da8fcb09fc24c4191bd5f984e07120c0fc6b160c48c9574a9f610bfcc8a54da824f4e4d14be93a7b9c925902df78f6472903fbeaa9c0804122ed6bc6380bc629a34ab0ecc14c3f0a40bb333a162cf7190ea277a189788649c5d9fcbc1b9a97abb92a08a19d03b0638a64b55dec9f4e2386919fbd429a71f5612992136dfce2701107fb9cf2f11adafeae4646b8de716afae856612b1c5cf764852c9625a50d2d0ea527da2081eb7d2c91485772a1de1f95785f10561fb071b24eae72c22f39ea7c32460e9856ea5f5f22ea3cc8e9a308aa14c5016bcb3abfd22bf1f5250db345e66d575fb8e91cca3b832cc37d232b9ddad1942b71823bbe9de9b43598c967dceb665a163fc4502b83c09056733a5bfed43bf4dff8566750086f347e44618b5af78b,gx-no-cache=1519817571937 HTTP/1.1" 200 297
192.168.10.56 - - [28/Feb/2018:08:35:30 -0300] "GET /cormun/servlet/solicitudgral?6c5471a6380a028b68b6ab2a83527a33896c4a6f94292e8d7e3ad9739f234f800bf8f1faf8a823fa4d7a4e0f64899b45c5016bcb3abfd22bf1f5250db345e66db6b6d4c1c61c2a1a407a3e4cf5b5e77eae79e33eb7875310ffb6f3365852352dc5db09263c2ee085bcc85106cdb03eb968e54badbebae2dc1c06e80cd6b295025582c0dbb9877ea2722606b610bed7519ba87b18cb2d99fbf56d63b34db551ca72f6a0da429f0d59bc38859c81fd51f089961005dd5964d8ec85ef3098703c83c2d870168b86502a5ec3b2a055a6aa85056cb080b16b8704408afa17f192a598b2fc451014784398bf35db410410ce516de7703a25666b6d6095e2dc4df6e76f6ca86cad145a4ff836be839d817d5436a1f17425473e6f12382cc0fc8ab82fe4e54846f3c8e3a0a630828c4ab5e36152a48c1b6aec8ec78bc43d1b8794e470646f5c27ade4947850bf35ec5f53de12116102264ae35f6eea70707cc6da8fc0f06ca86cad145a4ff836be839d817d54363610166006e805b5d4f981a6f543bf1003cab7fa76873f661d3593f44df64757b01706a53f4b7a1adb5c313cb59538900090fcb35b59f6d9b1f2de1d3ab0ac4d,gx-no-cache=1519817572392 HTTP/1.1" 200 48
192.168.10.56 - - [28/Feb/2018:08:35:31 -0300] "POST /cormun/servlet/solicitudgral?1ed9820a91405bd8f069a708af1e2a5e,UPD,2018,8561,,gx-no-cache=1519817572440 HTTP/1.1" 200 11800
192.168.10.56 - - [28/Feb/2018:08:35:31 -0300] "GET /cormun/servlet/solicitudgral?6c5471a6380a028b68b6ab2a83527a33c8e863260c38e0be403c93b733cc95df9a3d1080aaac34784c28aa69b5dc301334cfba33669008fea995d50831a4035108df002e5cee7ca3f907ab39ae6f85c23285237c4c69baf33ae68ed943aaf0432b80dbe5da0e1e51a9798428fa579b62,gx-no-cache=1519817572977 HTTP/1.1" 200 29
192.168.10.56 - - [28/Feb/2018:08:35:31 -0300] "POST /cormun/servlet/solicitudgral?gx-no-cache=1519817573020 HTTP/1.1" 200 1294
192.168.10.56 - - [28/Feb/2018:08:35:31 -0300] "POST /cormun/servlet/solicitudgral?gx-no-cache=1519817573114 HTTP/1.1" 200 1215
192.168.10.56 - - [28/Feb/2018:08:35:44 -0300] "POST /cormun/servlet/solicitudgral?1ed9820a91405bd8f069a708af1e2a5e,UPD,2018,8561,,gx-no-cache=1519817585706 HTTP/1.1" 200 93
192.168.10.56 - - [28/Feb/2018:08:35:44 -0300] "GET /cormun/servlet/hpexe_return? HTTP/1.1" 200 1023
192.168.10.56 - - [28/Feb/2018:08:35:44 -0300] "GET /cormun/servlet/trsolicitudgral?gx-no-cache=1519817557810 HTTP/1.1" 200 12829
192.168.10.56 - - [28/Feb/2018:08:35:45 -0300] "GET /cormun/servlet/trsolicitudgral?gx-no-cache=1519817557810 HTTP/1.1" 200 12845
192.168.10.56 - - [28/Feb/2018:08:35:52 -0300] "POST /cormun/servlet/trsolicitudgral?1ed9820a91405bd8f069a708af1e2a5e,gx-no-cache=1519817557810,gx-no-cache=1519817594238 HTTP/1.1" 200 9472
192.168.10.56 - - [28/Feb/2018:08:35:53 -0300] "GET /cormun/static/Shared/jqueryui/images/ui-bg_highlight-soft_100_c6c2c8_1x100.png HTTP/1.1" 404 1117
192.168.10.56 - - [28/Feb/2018:08:35:53 -0300] "GET /cormun/static/Shared/jqueryui/images/ui-icons_82798d_256x240.png HTTP/1.1" 404 1089
192.168.10.56 - - [28/Feb/2018:08:35:53 -0300] "GET /cormun/static/Shared/jqueryui/images/ui-icons_8d78a5_256x240.png HTTP/1.1" 404 1089
192.168.10.56 - - [28/Feb/2018:08:35:53 -0300] "GET /cormun/static/Shared/jqueryui/images/ui-bg_flat_55_fafafa_40x100.png HTTP/1.1" 404 1097
191.116.11.65 - - [28/Feb/2018:08:36:06 -0300] "GET /cormun/servlet/solicitudot?d9bf4276ef60b7e0685d39565021c3fc6d891e3b51099c0f88d5eaa54f2a1168c6e1f4b94f40fa0cc6891eeb80c0c739363121ed5e9381d1afd8f0c18975963007eeee35a64c1440031c19273834d45f60bcd68fdd442985dcfe60182c7cc0de59c561f6806b622accbbe8f7a69280d13b17aa2c8c950c370eb1fdc60059cbafb954b542e8f789d5d00d11a63672d1f19b9e7a1829717b116eb1b4e8a68b5098,gx-no-cache=1519817716747 HTTP/1.1" 200 29
191.116.11.65 - - [28/Feb/2018:08:36:07 -0300] "POST /cormun/servlet/solicitudot?gx-no-cache=1519817718648 HTTP/1.1" 200 1321
191.116.11.65 - - [28/Feb/2018:08:36:07 -0300] "POST /cormun/servlet/solicitudot?gx-no-cache=1519817719025 HTTP/1.1" 200 1218
191.116.11.65 - - [28/Feb/2018:08:36:08 -0300] "GET /cormun/static/menuarrow.gif HTTP/1.1" 404 1015
191.116.11.65 - - [28/Feb/2018:08:36:11 -0300] "POST /cormun/servlet/solicitudot?gx-no-cache=1519817721648 HTTP/1.1" 200 1321
191.116.11.65 - - [28/Feb/2018:08:36:11 -0300] "POST /cormun/servlet/solicitudot?gx-no-cache=1519817722911 HTTP/1.1" 200 1218
191.116.11.65 - - [28/Feb/2018:08:36:14 -0300] "GET /cormun/servlet/solicitudot?d9bf4276ef60b7e0685d39565021c3fc35077402962402e782aa1922eee7f3c4eb1635002db82923fba51d250cabfa25,gx-no-cache=1519817725355 HTTP/1.1" 200 30
192.168.10.56 - - [28/Feb/2018:08:36:17 -0300] "GET /cormun/servlet/solicitudgral?UPD,2018,8537, HTTP/1.1" 200 12917
192.168.10.56 - - [28/Feb/2018:08:36:18 -0300] "GET /cormun/servlet/solicitudgral?UPD,2018,8537, HTTP/1.1" 200 12906
192.168.10.56 - - [28/Feb/2018:08:36:18 -0300] "POST /cormun/servlet/solicitudgral?gx-no-cache=1519817620432 HTTP/1.1" 200 3918
192.168.10.56 - - [28/Feb/2018:08:36:18 -0300] "GET /cormun/servlet/solicitudgral?6c5471a6380a028b68b6ab2a83527a33d84076505e416a26e60f2afd3cb1e89ca95145657b29feae6cce5d9b24e43983cb09fc24c4191bd5f984e07120c0fc6b160c48c9574a9f610bfcc8a54da824f4e4d14be93a7b9c925902df78f6472903fbeaa9c0804122ed6bc6380bc629a34ab0ecc14c3f0a40bb333a162cf7190ea277a189788649c5d9fcbc1b9a97abb92a08a19d03b0638a64b55dec9f4e2386919fbd429a71f5612992136dfce2701107fb9cf2f11adafeae4646b8de716afae856612b1c5cf764852c9625a50d2d0ea527da2081eb7d2c91485772a1de1f95785f10561fb071b24eae72c22f39ea7c32460e9856ea5f5f22ea3cc8e9a308aa14c5016bcb3abfd22bf1f5250db345e66d575fb8e91cca3b832cc37d232b9ddad1942b71823bbe9de9b43598c967dceb665a163fc4502b83c09056733a5bfed43bf4dff8566750086f347e44618b5af78b,gx-no-cache=1519817620714 HTTP/1.1" 200 256
192.168.10.56 - - [28/Feb/2018:08:36:21 -0300] "GET /cormun/servlet/solicitudgral?6c5471a6380a028b68b6ab2a83527a33896c4a6f94292e8d7e3ad9739f234f8094ff5616bd72ee44498ee505ae5db1978bd99c792e14c0460eebc7f49ace59e51647525fba4e5cdb93cb522c3adf15aafc3de0401a8d33bf7d7852b9e9e93bd947abe4e94d720eecab7c32499b7c5202fb384d6b9a7195fb2e7ed0d7d4a7c5b0f91861de796944af8c496367d2468d14a8b25f280a952ba2c14a799e731e799e6df047707feb7365f2230a7a946527fa27513150e6a7b68dad821448f0c36c643e1188307c4fb3d87dd26284cd56b5a1c4880734173da342cdb56b3d7ca8c63ce148f16ba0d0937c50089aacbdb3a3795bf21c294c3e3b459f915e582d5a0a0279bb4489c79462522c451f249164c4397aa62c1dd927b479032ff84956f9a79af57b877dc626286a0e1a92ad1491c5c9ae8dc91c4a68691f0abda12ac115957a0b646785b36d3d53c83fedc1ea7d2fdabdc4db3345611f0b2791e7b4e39550414440a862089ab30710c239827151c84210d390477116ce1a837df418b6cd57c820004e1a679535d84186608e9952f93580c426aeddc761cd7fe500a1d1142c972cf9f2e79e6ecc7f65373fe6e376276e,gx-no-cache=1519817623265 HTTP/1.1" 200 48
192.168.10.56 - - [28/Feb/2018:08:36:23 -0300] "POST /cormun/servlet/solicitudgral?1ed9820a91405bd8f069a708af1e2a5e,UPD,2018,8537,,gx-no-cache=1519817624458 HTTP/1.1" 200 11814
192.168.10.56 - - [28/Feb/2018:08:36:23 -0300] "GET /cormun/servlet/solicitudgral?6c5471a6380a028b68b6ab2a83527a33c8e863260c38e0be403c93b733cc95df9a3d1080aaac34784c28aa69b5dc301334cfba33669008fea995d50831a4035108df002e5cee7ca3f907ab39ae6f85c23285237c4c69baf33ae68ed943aaf0432b80dbe5da0e1e51a9798428fa579b62,gx-no-cache=1519817624988 HTTP/1.1" 200 29
192.168.10.56 - - [28/Feb/2018:08:36:23 -0300] "POST /cormun/servlet/solicitudgral?gx-no-cache=1519817625013 HTTP/1.1" 200 1296
192.168.10.56 - - [28/Feb/2018:08:36:23 -0300] "POST /cormun/servlet/solicitudgral?gx-no-cache=1519817625116 HTTP/1.1" 200 1218
192.168.10.56 - - [28/Feb/2018:08:36:23 -0300] "POST /cormun/servlet/solicitudgral?1ed9820a91405bd8f069a708af1e2a5e,UPD,2018,8537,,gx-no-cache=1519817625224 HTTP/1.1" 200 93
192.168.10.56 - - [28/Feb/2018:08:36:23 -0300] "GET /cormun/servlet/hpexe_return? HTTP/1.1" 200 1023
192.168.10.56 - - [28/Feb/2018:08:36:24 -0300] "GET /cormun/servlet/trsolicitudgral?gx-no-cache=1519817557810 HTTP/1.1" 200 12015
192.168.10.56 - - [28/Feb/2018:08:36:25 -0300] "GET /cormun/servlet/trsolicitudgral?gx-no-cache=1519817557810 HTTP/1.1" 200 12032
191.116.11.65 - - [28/Feb/2018:08:36:42 -0300] "POST /cormun/servlet/solicitudot?gx-no-cache=1519817752157 HTTP/1.1" 200 30
192.168.10.56 - - [28/Feb/2018:08:36:52 -0300] "POST /cormun/servlet/trsolicitudgral?1ed9820a91405bd8f069a708af1e2a5e,gx-no-cache=1519817557810,gx-no-cache=1519817654220 HTTP/1.1" 200 8694
192.168.10.56 - - [28/Feb/2018:08:36:52 -0300] "GET /cormun/static/Shared/jqueryui/images/ui-bg_highlight-soft_100_c6c2c8_1x100.png HTTP/1.1" 404 1117
192.168.10.56 - - [28/Feb/2018:08:36:52 -0300] "GET /cormun/static/Shared/jqueryui/images/ui-icons_82798d_256x240.png HTTP/1.1" 404 1089
192.168.10.56 - - [28/Feb/2018:08:36:52 -0300] "GET /cormun/static/Shared/jqueryui/images/ui-bg_flat_55_fafafa_40x100.png HTTP/1.1" 404 1097
192.168.10.56 - - [28/Feb/2018:08:36:52 -0300] "GET /cormun/static/Shared/jqueryui/images/ui-icons_8d78a5_256x240.png HTTP/1.1" 404 1089
192.168.10.56 - - [28/Feb/2018:08:37:04 -0300] "POST /cormun/servlet/trsolicitudgral?1ed9820a91405bd8f069a708af1e2a5e,gx-no-cache=1519817557810,gx-no-cache=1519817665634 HTTP/1.1" 200 8378
192.168.10.56 - - [28/Feb/2018:08:37:14 -0300] "POST /cormun/servlet/trsolicitudgral?1ed9820a91405bd8f069a708af1e2a5e,gx-no-cache=1519817557810,gx-no-cache=1519817675510 HTTP/1.1" 200 8002
191.116.11.65 - - [28/Feb/2018:08:37:14 -0300] "POST /cormun/servlet/solicitudot?ea673c95e2d72a2ecd54d7734cdba3e9,INS,0,0,,gx-no-cache=1519817784398 HTTP/1.1" 200 93
191.116.11.65 - - [28/Feb/2018:08:37:15 -0300] "GET /cormun/servlet/hpexe_return? HTTP/1.1" 200 1006
191.116.11.65 - - [28/Feb/2018:08:37:16 -0300] "GET /cormun/servlet/trsolicitudot HTTP/1.1" 200 15438
191.116.11.65 - - [28/Feb/2018:08:37:19 -0300] "GET /cormun/servlet/trsolicitudot HTTP/1.1" 200 15434
192.168.10.56 - - [28/Feb/2018:08:37:20 -0300] "POST /cormun/servlet/trsolicitudgral?1ed9820a91405bd8f069a708af1e2a5e,gx-no-cache=1519817557810,gx-no-cache=1519817682195 HTTP/1.1" 200 7653
192.168.10.56 - - [28/Feb/2018:08:37:30 -0300] "POST /cormun/servlet/trsolicitudgral?1ed9820a91405bd8f069a708af1e2a5e,gx-no-cache=1519817557810,gx-no-cache=1519817692065 HTTP/1.1" 200 6126
192.168.10.56 - - [28/Feb/2018:08:37:35 -0300] "POST /cormun/servlet/trsolicitudgral?1ed9820a91405bd8f069a708af1e2a5e,gx-no-cache=1519817557810,gx-no-cache=1519817697110 HTTP/1.1" 200 11535
191.116.11.65 - - [28/Feb/2018:08:37:36 -0300] "GET /cormun/servlet/solicitudot?INS,0,0, HTTP/1.1" 200 13780
191.116.11.65 - - [28/Feb/2018:08:37:39 -0300] "GET /cormun/servlet/solicitudot?INS,0,0, HTTP/1.1" 200 13785
191.116.11.65 - - [28/Feb/2018:08:37:50 -0300] "POST /cormun/servlet/solicitudot?gx-no-cache=1519817821083 HTTP/1.1" 200 3403
191.116.11.65 - - [28/Feb/2018:08:37:50 -0300] "POST /cormun/servlet/solicitudot?ea673c95e2d72a2ecd54d7734cdba3e9,INS,0,0,,gx-no-cache=1519817822036 HTTP/1.1" 200 10574
192.168.10.56 - - [28/Feb/2018:08:38:05 -0300] "POST /cormun/servlet/trsolicitudgral?1ed9820a91405bd8f069a708af1e2a5e,gx-no-cache=1519817557810,gx-no-cache=1519817727456 HTTP/1.1" 200 115
192.168.10.56 - - [28/Feb/2018:08:38:06 -0300] "GET /cormun/servlet/solicitudotlog?INS,2018,8537,0,REC, HTTP/1.1" 200 6266
192.168.10.56 - - [28/Feb/2018:08:38:06 -0300] "GET /cormun/servlet/solicitudotlog?INS,2018,8537,0,REC, HTTP/1.1" 200 6244
192.168.10.56 - - [28/Feb/2018:08:38:06 -0300] "GET /cormun/servlet/solicitudotlog?6c5471a6380a028b68b6ab2a83527a33cc20763ccc16a47bec8c256ed0a6aac0460e9856ea5f5f22ea3cc8e9a308aa14c0d985790dd54aaf36914e0666e98a679bf8d8959983e7973f11a3ccaa854c4a7620dda8b97c0b03877290ab006544e9a59dbc5242fe491e5a477b0e8868a135dd6d48a3a21804998c4c1f77c103ff87983b51df6ac66221d6a841d1f9780b2f66ddb600272f53dcd51336eb4055ca27,gx-no-cache=1519817728764 HTTP/1.1" 200 94
191.116.11.65 - - [28/Feb/2018:08:38:12 -0300] "GET /cormun/servlet/solicitudot?d9bf4276ef60b7e0685d39565021c3fcd5203344883525e2aa08b4bb6890b161f38cb1c8650a7192658ad700f370ede3,gx-no-cache=1519817826024 HTTP/1.1" 200 30
191.116.11.65 - - [28/Feb/2018:08:38:13 -0300] "GET /cormun/servlet/solicitudot?d9bf4276ef60b7e0685d39565021c3fc6014f985dce93f2d7bcb47d08d3e9aa5b95713e7539d16e7d000aa854d41c3e2,gx-no-cache=1519817844538 HTTP/1.1" 200 30
191.116.11.65 - - [28/Feb/2018:08:38:13 -0300] "GET /cormun/servlet/solicitudot?d9bf4276ef60b7e0685d39565021c3fcb8877ba4d1f79c94d9a3f62a558dd5d8,gx-no-cache=1519817844696 HTTP/1.1" 200 59
191.116.11.65 - - [28/Feb/2018:08:38:13 -0300] "POST /cormun/servlet/solicitudot?gx-no-cache=1519817844858 HTTP/1.1" 200 255
191.116.11.65 - - [28/Feb/2018:08:38:13 -0300] "GET /cormun/servlet/solicitudot?d9bf4276ef60b7e0685d39565021c3fc61b4e5fd7ed5b01f526e9a4d6db81a3d24d4fe80077bccc45909b53c412f5fb9df26e8bd2f32cb29354e9e14dbe21010b5fb37f57c4bac363f11989e7ad29bca72f1a38b7cd99a8ed20b341a48b1459578f5273f5fa01d64ef71694de57bf683d59a5445850694fb3340de87ac95adb73bb151b29aae65e439fa5e2ccbb64d170accd3ef10f7257fec3b9b01999e93be73a8508db1a2cb2bb2727026d1ed8d5bdd0bc199ddb8a789756d0fb6136105155cd39aea9e097509338ca69a0e8e9aa36b3f10346714782c0ea75aa4f458b228bea254ecac5a8d2594a2546ddd2b0cfb4064891dc58d24f56b0d92281cf4d46fb5716eb1c8e0afad034a8060c9243510c8851798910905c6d8a6e9662e0286b46959dd434271415f79674540decac89694d31b860358fe818c2389069b38596f98f802a49f96b63f06ad24fa81559be7c10f8fe03510b052c03eec025e9e311aed7a38a078f5e39a7f63a962c17ba0d7bb178087443e7bcc239a05275c8b9ecd,gx-no-cache=1519817845055 HTTP/1.1" 200 30
192.168.10.56 - - [28/Feb/2018:08:38:18 -0300] "POST /cormun/servlet/solicitudotlog?1ed9820a91405bd8f069a708af1e2a5e,INS,2018,8537,0,REC,,gx-no-cache=1519817740520 HTTP/1.1" 200 93
192.168.10.56 - - [28/Feb/2018:08:38:18 -0300] "GET /cormun/servlet/hpexe_return? HTTP/1.1" 200 1032
191.116.11.65 - - [28/Feb/2018:08:38:19 -0300] "POST /cormun/servlet/solicitudot?gx-no-cache=1519817850265 HTTP/1.1" 200 30
192.168.10.56 - - [28/Feb/2018:08:38:19 -0300] "GET /cormun/servlet/trsolicitudgral?gx-no-cache=1519817557810 HTTP/1.1" 200 14349
192.168.10.56 - - [28/Feb/2018:08:38:20 -0300] "GET /cormun/servlet/trsolicitudgral?gx-no-cache=1519817557810 HTTP/1.1" 200 14365
191.116.11.65 - - [28/Feb/2018:08:38:23 -0300] "POST /cormun/servlet/solicitudot?gx-no-cache=1519817854596 HTTP/1.1" 200 1337
191.116.11.65 - - [28/Feb/2018:08:38:24 -0300] "POST /cormun/servlet/solicitudot?gx-no-cache=1519817855550 HTTP/1.1" 200 38
192.168.10.56 - - [28/Feb/2018:08:38:24 -0300] "GET /cormun/servlet/solicitudgral?UPD,2018,8536, HTTP/1.1" 200 12924
192.168.10.56 - - [28/Feb/2018:08:38:25 -0300] "GET /cormun/servlet/solicitudgral?UPD,2018,8536, HTTP/1.1" 200 12914
192.168.10.56 - - [28/Feb/2018:08:38:25 -0300] "POST /cormun/servlet/solicitudgral?gx-no-cache=1519817747276 HTTP/1.1" 200 3918
192.168.10.56 - - [28/Feb/2018:08:38:25 -0300] "GET /cormun/servlet/solicitudgral?6c5471a6380a028b68b6ab2a83527a33d84076505e416a26e60f2afd3cb1e89ca95145657b29feae6cce5d9b24e43983cb09fc24c4191bd5f984e07120c0fc6b160c48c9574a9f610bfcc8a54da824f4e4d14be93a7b9c925902df78f6472903fbeaa9c0804122ed6bc6380bc629a34ab0ecc14c3f0a40bb333a162cf7190ea277a189788649c5d9fcbc1b9a97abb92a08a19d03b0638a64b55dec9f4e2386919fbd429a71f5612992136dfce2701107fb9cf2f11adafeae4646b8de716afae856612b1c5cf764852c9625a50d2d0ea527da2081eb7d2c91485772a1de1f95785f10561fb071b24eae72c22f39ea7c32460e9856ea5f5f22ea3cc8e9a308aa14c5016bcb3abfd22bf1f5250db345e66d575fb8e91cca3b832cc37d232b9ddad1942b71823bbe9de9b43598c967dceb665a163fc4502b83c09056733a5bfed43bf4dff8566750086f347e44618b5af78b,gx-no-cache=1519817747560 HTTP/1.1" 200 256
