200.86.96.247 - - [28/Feb/2018:17:16:26 -0300] "GET /cormun/static/Shared/jqueryui/images/ui-icons_8d78a5_256x240.png HTTP/1.1" 404 1089
200.86.96.247 - - [28/Feb/2018:17:16:26 -0300] "GET /cormun/static/Shared/jqueryui/images/ui-icons_82798d_256x240.png HTTP/1.1" 404 1089
200.86.96.247 - - [28/Feb/2018:17:16:27 -0300] "POST /cormun/servlet/trautorizarsolicitud?98cd9e402275415585b99f65366b53f5,,gx-no-cache=1519848879902 HTTP/1.1" 200 6818
186.103.158.250 - - [28/Feb/2018:17:16:28 -0300] "POST /cormun/servlet/solicitudot?gx-no-cache=1519848755372 HTTP/1.1" 200 1319
186.103.158.250 - - [28/Feb/2018:17:16:28 -0300] "POST /cormun/servlet/solicitudot?gx-no-cache=1519848755536 HTTP/1.1" 200 1219
200.86.96.247 - - [28/Feb/2018:17:16:32 -0300] "POST /cormun/servlet/trautorizarsolicitud?98cd9e402275415585b99f65366b53f5,,gx-no-cache=1519848882064 HTTP/1.1" 200 6591
200.86.96.247 - - [28/Feb/2018:17:16:33 -0300] "POST /cormun/servlet/trautorizarsolicitud?98cd9e402275415585b99f65366b53f5,,gx-no-cache=1519848886061 HTTP/1.1" 200 6535
186.103.158.250 - - [28/Feb/2018:17:16:33 -0300] "GET /cormun/servlet/solicitudot?8de8abd9fa50ffdd6b0f0220846010e8cd31604f11b12f129b7a807b62eb6b022f7095361dedee3d53192a9b97d9a670,gx-no-cache=1519848761131 HTTP/1.1" 200 30
200.86.96.247 - - [28/Feb/2018:17:16:36 -0300] "POST /cormun/servlet/trautorizarsolicitud?98cd9e402275415585b99f65366b53f5,,gx-no-cache=1519848888447 HTTP/1.1" 200 6169
186.67.164.142 - - [28/Feb/2018:17:16:36 -0300] "GET /cormun/servlet/solicitudotcontratos?INS,2018,0,16370519,2,6,2017,6847,NADA,201801,2,M, HTTP/1.1" 200 9893
200.86.96.247 - - [28/Feb/2018:17:16:37 -0300] "POST /cormun/servlet/trautorizarsolicitud?98cd9e402275415585b99f65366b53f5,,gx-no-cache=1519848890019 HTTP/1.1" 200 6113
186.67.164.142 - - [28/Feb/2018:17:16:37 -0300] "GET /cormun/servlet/solicitudotcontratos?3735d5434f790f92710a132c1369d17d3774e46cce9b8949c342628bb2e8b62bcffad06b6f32fafa2b50b9ad8afffcfe,gx-no-cache=1519848949950 HTTP/1.1" 200 30
186.67.164.142 - - [28/Feb/2018:17:16:37 -0300] "GET /cormun/servlet/solicitudotcontratos?3735d5434f790f92710a132c1369d17dfa1a854980d0c2a39a266b20be7b3aa08201f48654437a0eb12fcb5f3746645e,gx-no-cache=1519848949999 HTTP/1.1" 200 30
186.67.164.142 - - [28/Feb/2018:17:16:37 -0300] "GET /cormun/servlet/solicitudotcontratos?3735d5434f790f92710a132c1369d17db52f4e9844471b014a189859f4dce25768818008a82f356d089ac7731ee455336ff42d2049e66dffd769241968e943281701d624d7e226172fc981aed44b8c7d973e76ab641faacda9b54e28b7d1418f465a6d14d62e1bc37df3c368cd295e2f9ee3e1d706346901962787d94430aa7c,gx-no-cache=1519848950036 HTTP/1.1" 200 50
186.67.164.142 - - [28/Feb/2018:17:16:37 -0300] "GET /cormun/servlet/solicitudotcontratos?3735d5434f790f92710a132c1369d17df2d153af9b9e8532bd57b87fc11cb16f560287ea8667bf38fb1a45ed03911a48,gx-no-cache=1519848950088 HTTP/1.1" 200 30
186.67.164.142 - - [28/Feb/2018:17:16:37 -0300] "GET /cormun/servlet/solicitudotcontratos?INS,2018,0,16370519,2,6,2017,6847,NADA,201801,2,M, HTTP/1.1" 200 9924
186.67.164.142 - - [28/Feb/2018:17:16:37 -0300] "GET /cormun/servlet/solicitudotcontratos?3735d5434f790f92710a132c1369d17d42a9827f0fde8ee299b077c302dc7b076469e668f4cda3b2cbc03236280689613d72ffd7fd339e300f6baf111dd9d8fb9262bbe9025f5c7c6871dd7112240f7957421ca539416f27bae9743476d1fd7742ac48a78ca18e06cce241f8dd34c23f,gx-no-cache=1519848950134 HTTP/1.1" 200 30
186.67.164.142 - - [28/Feb/2018:17:16:37 -0300] "GET /cormun/servlet/solicitudotcontratos?3735d5434f790f92710a132c1369d17dd7f9fe9f0e9d2db2306fe8908bd49c2bd4dce45cbfc3dcc1b9fdf3f8cb8e15d8527e22ebaf7c0711310180b322f6d303293b12b6b3110158930d96c3e5f2af3a98334b889fc73b6e63af44203714560bebca39c762a90bb5cd252bc4eb827b0cd31e37e38b58458ec535fe1cd24b9e3221bbba6d044196297be085995ebf0d1d71446fc26b89a8b7adc2a586ce1a6c32f7107f410bec6e837b7c343a88d9e2453b1969c368993251b8c6c3a9030f915c40af12946a023d0201b4e482cf1ce26b2c1f03f4bf0c1cabcb28ff87034df799df8e7a75735744cbe719fbde670d7c18498ea460e807f7e18ccd3668b8af67cbc7180837883bac26d4843a0dac1862b51d8dabf8c3f7e4f17bb33de50f8d73a31be35cfce99d35b095e896d1b4aeef4060ec0b7b3c07228ef47943c858fa7c6116bbba7bc19ca3c91a4e635c0f4a59f496447475ff99e9c6daabee3e52eb9c02973b304b3e74414a3adcfcb974d7d45738f289e8f3c369e8a16028df2528f2e0ea61ca4b438737535793370d0e3e281ef2dbf0d6ce94db27875c71e83350e5c7972841cf7edb71dd1a59ef1f38e60ec3,gx-no-cache=1519848950170 HTTP/1.1" 200 72
200.86.96.247 - - [28/Feb/2018:17:16:42 -0300] "POST /cormun/servlet/trautorizarsolicitud?98cd9e402275415585b99f65366b53f5,,gx-no-cache=1519848894899 HTTP/1.1" 200 5807
200.86.96.247 - - [28/Feb/2018:17:16:42 -0300] "POST /cormun/servlet/trautorizarsolicitud?98cd9e402275415585b99f65366b53f5,,gx-no-cache=1519848895778 HTTP/1.1" 200 5753
200.86.96.247 - - [28/Feb/2018:17:16:45 -0300] "POST /cormun/servlet/trautorizarsolicitud?98cd9e402275415585b99f65366b53f5,,gx-no-cache=1519848898776 HTTP/1.1" 200 4599
186.103.158.250 - - [28/Feb/2018:17:16:46 -0300] "POST /cormun/servlet/solicitudot?gx-no-cache=1519848773738 HTTP/1.1" 200 30
200.86.96.247 - - [28/Feb/2018:17:16:46 -0300] "POST /cormun/servlet/trautorizarsolicitud?98cd9e402275415585b99f65366b53f5,,gx-no-cache=1519848899638 HTTP/1.1" 200 4374
186.67.164.142 - - [28/Feb/2018:17:17:16 -0300] "POST /cormun/servlet/solicitudotcontratos?eac13c31f6b39b5f8e0c590ae7b0e6b8,INS,2018,0,16370519,2,6,2017,6847,NADA,201801,2,M,,gx-no-cache=1519848987470 HTTP/1.1" 200 10797
186.67.164.142 - - [28/Feb/2018:17:17:16 -0300] "POST /cormun/servlet/solicitudotcontratos?gx-no-cache=1519848988820 HTTP/1.1" 200 1320
186.67.164.142 - - [28/Feb/2018:17:17:16 -0300] "POST /cormun/servlet/solicitudotcontratos?gx-no-cache=1519848988949 HTTP/1.1" 200 1218
186.67.164.142 - - [28/Feb/2018:17:17:16 -0300] "GET /cormun/servlet/solicitudotcontratos?3735d5434f790f92710a132c1369d17d4aeb08c360c0abff3151181dc1dde99027cdd53502a8f8845289a62fa046c0f043d2084ba7f0efad76d567f62637a07e0b36f5699b883a2b46597065ce50eee56a739a3688b9f3223904145f670df45845fc4cecebcaf72853a2c9eaa39eb61d983988a77f1b41513f720692ad38ba3c,gx-no-cache=1519848989065 HTTP/1.1" 200 30
186.67.164.142 - - [28/Feb/2018:17:17:17 -0300] "POST /cormun/servlet/solicitudotcontratos?eac13c31f6b39b5f8e0c590ae7b0e6b8,INS,2018,0,16370519,2,6,2017,6847,NADA,201801,2,M,,gx-no-cache=1519848989118 HTTP/1.1" 200 93
186.67.164.142 - - [28/Feb/2018:17:17:17 -0300] "GET /cormun/servlet/hpexe_return? HTTP/1.1" 200 1043
186.67.164.142 - - [28/Feb/2018:17:17:18 -0300] "GET /cormun/servlet/trcontratosolicitud HTTP/1.1" 200 14446
186.67.164.142 - - [28/Feb/2018:17:17:19 -0300] "GET /cormun/servlet/trcontratosolicitud HTTP/1.1" 200 14438
186.67.164.142 - - [28/Feb/2018:17:17:28 -0300] "GET /cormun/servlet/solicitudotcontratos?INS,2018,0,16494691,6,2,2017,8442,LEY+SEP,201801,30,M, HTTP/1.1" 200 9887
186.67.164.142 - - [28/Feb/2018:17:17:30 -0300] "GET /cormun/servlet/solicitudotcontratos?3735d5434f790f92710a132c1369d17d8c627169d449fe8cbcdccc4ed562e659cffad06b6f32fafa2b50b9ad8afffcfe,gx-no-cache=1519849002464 HTTP/1.1" 200 30
186.67.164.142 - - [28/Feb/2018:17:17:30 -0300] "GET /cormun/servlet/solicitudotcontratos?3735d5434f790f92710a132c1369d17dacc6f17b8288cf974abdc78b7af4b6e48201f48654437a0eb12fcb5f3746645e,gx-no-cache=1519849002509 HTTP/1.1" 200 30
186.67.164.142 - - [28/Feb/2018:17:17:30 -0300] "GET /cormun/servlet/solicitudotcontratos?INS,2018,0,16494691,6,2,2017,8442,LEY+SEP,201801,30,M, HTTP/1.1" 200 9923
186.67.164.142 - - [28/Feb/2018:17:17:30 -0300] "GET /cormun/servlet/solicitudotcontratos?3735d5434f790f92710a132c1369d17db52f4e9844471b014a189859f4dce25768818008a82f356d089ac7731ee455336ff42d2049e66dffd769241968e943281701d624d7e226172fc981aed44b8c7df979530359d736eb42cc3e4f455c8b571c0369f6eea316d97f925d0ee829b3625972a5a8604153dbf9a5b2aa9e8d2be1,gx-no-cache=1519849002550 HTTP/1.1" 200 48
186.67.164.142 - - [28/Feb/2018:17:17:30 -0300] "GET /cormun/servlet/solicitudotcontratos?3735d5434f790f92710a132c1369d17d9d59295f7b982bda12ffd2b83a8cdbb54c38294cb26e01db1c17163ed3b683ae,gx-no-cache=1519849002590 HTTP/1.1" 200 30
186.67.164.142 - - [28/Feb/2018:17:17:30 -0300] "GET /cormun/servlet/solicitudotcontratos?3735d5434f790f92710a132c1369d17d42a9827f0fde8ee299b077c302dc7b076469e668f4cda3b2cbc03236280689613d72ffd7fd339e300f6baf111dd9d8fb9262bbe9025f5c7c6871dd7112240f79bf10ec91b09cc45a687a81a4f71b7e1542ac48a78ca18e06cce241f8dd34c23f,gx-no-cache=1519849002629 HTTP/1.1" 200 30
186.67.164.142 - - [28/Feb/2018:17:17:30 -0300] "GET /cormun/servlet/solicitudotcontratos?3735d5434f790f92710a132c1369d17dd7f9fe9f0e9d2db2306fe8908bd49c2bd4dce45cbfc3dcc1b9fdf3f8cb8e15d878ee277ccc60be14c5848577ae9e37113d72ffd7fd339e300f6baf111dd9d8fbc30cb7b6a3566dc3b2bbaf6355b4c81a6dd8e26a087516f1b0f915c745d52b7ab6656a1005fcb965f26b6df92d7d8d8004e63749dcae7929c38550d407d9a3424e51cfb37d926161d77ee9c2517b0a9078ee277ccc60be14c5848577ae9e37110482b089d10f15df9c457a230e3f27a03ee11c5c45e5155052e25d317391ae0a6e301cdbd8244f7d278e0182d6f4efbe39ed063f2c37ad1aca14af43fed0ef48b6f44db0dc984ecc64d0a137b0b832dbd7bb9e2a9e132b3ca00a53686750d1dfdc45ed24b87a944ec3b9c47b7fc241b8c54e879327baf184d098d43a82f4795c591c2d2a4291235bdd48e088647f8e6ac7a395f8a2e80d04e57801abeead3b466e211eb78252dc6774a8c7052a79f1f11d4c193de5ac32e57848a116df36fd9a2394cc82330effafcb995b334e34deb7a4d51dae74da9a29c8cef00f8e903197d77ce3735f68153879f40e0e984e79b4fe548e9f364527fcffc48df475c59cf6,gx-no-cache=1519849002683 HTTP/1.1" 200 79
186.67.164.142 - - [28/Feb/2018:17:18:34 -0300] "POST /cormun/servlet/solicitudotcontratos?eac13c31f6b39b5f8e0c590ae7b0e6b8,INS,2018,0,16494691,6,2,2017,8442,LEY+SEP,201801,30,M,,gx-no-cache=1519849065773 HTTP/1.1" 200 10786
186.67.164.142 - - [28/Feb/2018:17:18:34 -0300] "POST /cormun/servlet/solicitudotcontratos?gx-no-cache=1519849066656 HTTP/1.1" 200 1321
186.67.164.142 - - [28/Feb/2018:17:18:34 -0300] "POST /cormun/servlet/solicitudotcontratos?gx-no-cache=1519849066775 HTTP/1.1" 200 1218
186.67.164.142 - - [28/Feb/2018:17:18:34 -0300] "GET /cormun/servlet/solicitudotcontratos?3735d5434f790f92710a132c1369d17d4aeb08c360c0abff3151181dc1dde99027cdd53502a8f8845289a62fa046c0f043d2084ba7f0efad76d567f62637a07e0b36f5699b883a2b46597065ce50eee56a739a3688b9f3223904145f670df45845fc4cecebcaf72853a2c9eaa39eb61d983988a77f1b41513f720692ad38ba3c,gx-no-cache=1519849066887 HTTP/1.1" 200 30
186.67.164.142 - - [28/Feb/2018:17:18:35 -0300] "POST /cormun/servlet/solicitudotcontratos?eac13c31f6b39b5f8e0c590ae7b0e6b8,INS,2018,0,16494691,6,2,2017,8442,LEY+SEP,201801,30,M,,gx-no-cache=1519849066924 HTTP/1.1" 200 93
186.67.164.142 - - [28/Feb/2018:17:18:35 -0300] "GET /cormun/servlet/hpexe_return? HTTP/1.1" 200 1047
186.67.164.142 - - [28/Feb/2018:17:18:36 -0300] "GET /cormun/servlet/trcontratosolicitud HTTP/1.1" 200 14300
186.67.164.142 - - [28/Feb/2018:17:18:38 -0300] "GET /cormun/servlet/trcontratosolicitud HTTP/1.1" 200 14288
186.67.164.142 - - [28/Feb/2018:17:19:05 -0300] "GET /cormun/servlet/solicitudotcontratos?INS,2018,0,14332458,3,2,2017,5634,NADA,201801,25,B, HTTP/1.1" 200 9892
186.67.164.142 - - [28/Feb/2018:17:19:06 -0300] "GET /cormun/servlet/solicitudotcontratos?3735d5434f790f92710a132c1369d17d0b586d4dbb2877362b98ba66c5e5219fad414bba395260c3b1d080139df7c827,gx-no-cache=1519849099205 HTTP/1.1" 200 133
186.67.164.142 - - [28/Feb/2018:17:19:06 -0300] "GET /cormun/servlet/solicitudotcontratos?INS,2018,0,14332458,3,2,2017,5634,NADA,201801,25,B, HTTP/1.1" 200 9925
186.67.164.142 - - [28/Feb/2018:17:19:06 -0300] "GET /cormun/static/Shared/jqueryui/images/ui-bg_highlight-soft_100_c6c2c8_1x100.png HTTP/1.1" 404 1117
186.67.164.142 - - [28/Feb/2018:17:19:06 -0300] "GET /cormun/static/Shared/jqueryui/images/ui-icons_82798d_256x240.png HTTP/1.1" 404 1089
186.67.164.142 - - [28/Feb/2018:17:19:06 -0300] "GET /cormun/static/Shared/jqueryui/images/ui-bg_flat_55_994d53_40x100.png HTTP/1.1" 404 1097
186.67.164.142 - - [28/Feb/2018:17:19:06 -0300] "GET /cormun/static/Shared/jqueryui/images/ui-icons_ebccce_256x240.png HTTP/1.1" 404 1089
186.67.164.142 - - [28/Feb/2018:17:19:07 -0300] "GET /cormun/servlet/solicitudotcontratos?3735d5434f790f92710a132c1369d17d1e3f2016892898739d65b6a73a131c6b8201f48654437a0eb12fcb5f3746645e,gx-no-cache=1519849099346 HTTP/1.1" 200 30
186.67.164.142 - - [28/Feb/2018:17:19:07 -0300] "GET /cormun/servlet/solicitudotcontratos?3735d5434f790f92710a132c1369d17db52f4e9844471b014a189859f4dce25768818008a82f356d089ac7731ee455336ff42d2049e66dffd769241968e943281701d624d7e226172fc981aed44b8c7df979530359d736eb42cc3e4f455c8b571c0369f6eea316d97f925d0ee829b3625972a5a8604153dbf9a5b2aa9e8d2be1,gx-no-cache=1519849099420 HTTP/1.1" 200 48
186.67.164.142 - - [28/Feb/2018:17:19:07 -0300] "GET /cormun/servlet/solicitudotcontratos?3735d5434f790f92710a132c1369d17d1fedf66afdf0ca205135e54d48bb7a8d1afd9d9cd8147cf6051f6f31816d9dcf,gx-no-cache=1519849099474 HTTP/1.1" 200 30
186.67.164.142 - - [28/Feb/2018:17:19:07 -0300] "GET /cormun/servlet/solicitudotcontratos?3735d5434f790f92710a132c1369d17d42a9827f0fde8ee299b077c302dc7b076469e668f4cda3b2cbc03236280689613d72ffd7fd339e300f6baf111dd9d8fb9262bbe9025f5c7c6871dd7112240f79bf10ec91b09cc45a687a81a4f71b7e1542ac48a78ca18e06cce241f8dd34c23f,gx-no-cache=1519849099521 HTTP/1.1" 200 30
186.67.164.142 - - [28/Feb/2018:17:19:07 -0300] "GET /cormun/servlet/solicitudotcontratos?3735d5434f790f92710a132c1369d17dd7f9fe9f0e9d2db2306fe8908bd49c2bd4dce45cbfc3dcc1b9fdf3f8cb8e15d8527e22ebaf7c0711310180b322f6d303293b12b6b3110158930d96c3e5f2af3a98334b889fc73b6e63af44203714560bebca39c762a90bb5cd252bc4eb827b0cd31e37e38b58458ec535fe1cd24b9e3221bbba6d044196297be085995ebf0d1d71446fc26b89a8b7adc2a586ce1a6c32f7107f410bec6e837b7c343a88d9e2453b1969c368993251b8c6c3a9030f915c40af12946a023d0201b4e482cf1ce26b2c1f03f4bf0c1cabcb28ff87034df799df8e7a75735744cbe719fbde670d7c18498ea460e807f7e18ccd3668b8af67cbc7180837883bac26d4843a0dac1862b51d8dabf8c3f7e4f17bb33de50f8d73a31be35cfce99d35b095e896d1b4aeef4060ec0b7b3c07228ef47943c858fa7c6116bbba7bc19ca3c91a4e635c0f4a59f496447475ff99e9c6daabee3e52eb9c02973b304b3e74414a3adcfcb974d7d45738f289e8f3c369e8a16028df2528f2e0ea61ca4b438737535793370d0e3e281ef2dbf0d6ce94db27875c71e83350e5c7972841cf7edb71dd1a59ef1f38e60ec3,gx-no-cache=1519849099570 HTTP/1.1" 200 72
186.67.164.142 - - [28/Feb/2018:17:19:16 -0300] "POST /cormun/servlet/solicitudotcontratos?eac13c31f6b39b5f8e0c590ae7b0e6b8,INS,2018,0,14332458,3,2,2017,5634,NADA,201801,25,B,,gx-no-cache=1519849108139 HTTP/1.1" 200 10804
186.67.164.142 - - [28/Feb/2018:17:19:16 -0300] "POST /cormun/servlet/solicitudotcontratos?gx-no-cache=1519849108987 HTTP/1.1" 200 1320
186.67.164.142 - - [28/Feb/2018:17:19:17 -0300] "POST /cormun/servlet/solicitudotcontratos?gx-no-cache=1519849109145 HTTP/1.1" 200 1218
186.67.164.142 - - [28/Feb/2018:17:19:17 -0300] "GET /cormun/servlet/solicitudotcontratos?3735d5434f790f92710a132c1369d17d4aeb08c360c0abff3151181dc1dde99027cdd53502a8f8845289a62fa046c0f043d2084ba7f0efad76d567f62637a07e0b36f5699b883a2b46597065ce50eee56a739a3688b9f3223904145f670df45845fc4cecebcaf72853a2c9eaa39eb61d983988a77f1b41513f720692ad38ba3c,gx-no-cache=1519849109752 HTTP/1.1" 200 30
186.67.164.142 - - [28/Feb/2018:17:19:18 -0300] "POST /cormun/servlet/solicitudotcontratos?eac13c31f6b39b5f8e0c590ae7b0e6b8,INS,2018,0,14332458,3,2,2017,5634,NADA,201801,25,B,,gx-no-cache=1519849109803 HTTP/1.1" 200 11012
186.67.164.142 - - [28/Feb/2018:17:19:26 -0300] "POST /cormun/servlet/solicitudotcontratos?eac13c31f6b39b5f8e0c590ae7b0e6b8,INS,2018,0,14332458,3,2,2017,5634,NADA,201801,25,B,,gx-no-cache=1519849118529 HTTP/1.1" 200 11012
186.67.164.142 - - [28/Feb/2018:17:19:30 -0300] "POST /cormun/servlet/solicitudotcontratos?eac13c31f6b39b5f8e0c590ae7b0e6b8,INS,2018,0,14332458,3,2,2017,5634,NADA,201801,25,B,,gx-no-cache=1519849121919 HTTP/1.1" 200 93
186.67.164.142 - - [28/Feb/2018:17:19:30 -0300] "GET /cormun/servlet/hpexe_return? HTTP/1.1" 200 1045
186.67.164.142 - - [28/Feb/2018:17:19:31 -0300] "GET /cormun/servlet/trcontratosolicitud HTTP/1.1" 200 14289
186.67.164.142 - - [28/Feb/2018:17:19:32 -0300] "GET /cormun/servlet/trcontratosolicitud HTTP/1.1" 200 14287
186.67.164.142 - - [28/Feb/2018:17:20:15 -0300] "GET /cormun/servlet/solicitudotcontratos?INS,2018,0,16494338,0,6,2017,4189,NADA,201801,7,M, HTTP/1.1" 200 9895
186.67.164.142 - - [28/Feb/2018:17:20:16 -0300] "GET /cormun/servlet/solicitudotcontratos?3735d5434f790f92710a132c1369d17df2257c6ebed7383955219c3fe844b49ccffad06b6f32fafa2b50b9ad8afffcfe,gx-no-cache=1519849168842 HTTP/1.1" 200 30
186.67.164.142 - - [28/Feb/2018:17:20:16 -0300] "GET /cormun/servlet/solicitudotcontratos?3735d5434f790f92710a132c1369d17d16fc6c50a9677eebbba289016515ade78201f48654437a0eb12fcb5f3746645e,gx-no-cache=1519849168892 HTTP/1.1" 200 30
186.67.164.142 - - [28/Feb/2018:17:20:16 -0300] "GET /cormun/servlet/solicitudotcontratos?INS,2018,0,16494338,0,6,2017,4189,NADA,201801,7,M, HTTP/1.1" 200 9925
186.67.164.142 - - [28/Feb/2018:17:20:16 -0300] "GET /cormun/servlet/solicitudotcontratos?3735d5434f790f92710a132c1369d17db52f4e9844471b014a189859f4dce25768818008a82f356d089ac7731ee455336ff42d2049e66dffd769241968e943281701d624d7e226172fc981aed44b8c7d973e76ab641faacda9b54e28b7d1418f465a6d14d62e1bc37df3c368cd295e2f9ee3e1d706346901962787d94430aa7c,gx-no-cache=1519849168927 HTTP/1.1" 200 50
186.67.164.142 - - [28/Feb/2018:17:20:16 -0300] "GET /cormun/servlet/solicitudotcontratos?3735d5434f790f92710a132c1369d17d9d59295f7b982bda12ffd2b83a8cdbb5536394fe23c2b609333ac90398db6f4a,gx-no-cache=1519849168977 HTTP/1.1" 200 30
186.67.164.142 - - [28/Feb/2018:17:20:16 -0300] "GET /cormun/servlet/solicitudotcontratos?3735d5434f790f92710a132c1369d17d42a9827f0fde8ee299b077c302dc7b076469e668f4cda3b2cbc03236280689613d72ffd7fd339e300f6baf111dd9d8fb9262bbe9025f5c7c6871dd7112240f7957421ca539416f27bae9743476d1fd7742ac48a78ca18e06cce241f8dd34c23f,gx-no-cache=1519849169012 HTTP/1.1" 200 30
186.67.164.142 - - [28/Feb/2018:17:20:16 -0300] "GET /cormun/servlet/solicitudotcontratos?3735d5434f790f92710a132c1369d17dd7f9fe9f0e9d2db2306fe8908bd49c2bd4dce45cbfc3dcc1b9fdf3f8cb8e15d8527e22ebaf7c0711310180b322f6d303293b12b6b3110158930d96c3e5f2af3a98334b889fc73b6e63af44203714560bebca39c762a90bb5cd252bc4eb827b0cd31e37e38b58458ec535fe1cd24b9e3221bbba6d044196297be085995ebf0d1d71446fc26b89a8b7adc2a586ce1a6c32f7107f410bec6e837b7c343a88d9e2453b1969c368993251b8c6c3a9030f915c40af12946a023d0201b4e482cf1ce26b2c1f03f4bf0c1cabcb28ff87034df799df8e7a75735744cbe719fbde670d7c18498ea460e807f7e18ccd3668b8af67cbc7180837883bac26d4843a0dac1862b51d8dabf8c3f7e4f17bb33de50f8d73a31be35cfce99d35b095e896d1b4aeef4060ec0b7b3c07228ef47943c858fa7c6116bbba7bc19ca3c91a4e635c0f4a59f496447475ff99e9c6daabee3e52eb9c02973b304b3e74414a3adcfcb974d7d45738f289e8f3c369e8a16028df2528f2e0ea61ca4b438737535793370d0e3e281ef2dbf0d6ce94db27875c71e83350e5c7972841cf7edb71dd1a59ef1f38e60ec3,gx-no-cache=1519849169050 HTTP/1.1" 200 72
186.67.164.142 - - [28/Feb/2018:17:20:21 -0300] "GET /cormun/servlet/solicitudotcontratos?3735d5434f790f92710a132c1369d17d18c7280208c4394269c398590e306a9cd4e941906b8d711b7dfb57cd072e8cadd4dce45cbfc3dcc1b9fdf3f8cb8e15d878ee277ccc60be14c5848577ae9e37113d72ffd7fd339e300f6baf111dd9d8fbc30cb7b6a3566dc3b2bbaf6355b4c81a6dd8e26a087516f1b0f915c745d52b7ab6656a1005fcb965f26b6df92d7d8d8004e63749dcae7929c38550d407d9a3424e51cfb37d926161d77ee9c2517b0a9078ee277ccc60be14c5848577ae9e37110482b089d10f15df9c457a230e3f27a03ee11c5c45e5155052e25d317391ae0a6e301cdbd8244f7d278e0182d6f4efbe39ed063f2c37ad1aca14af43fed0ef48b6f44db0dc984ecc64d0a137b0b832dbd7bb9e2a9e132b3ca00a53686750d1dfdc45ed24b87a944ec3b9c47b7fc241b8c54e879327baf184d098d43a82f4795c591c2d2a4291235bdd48e088647f8e6ac7a395f8a2e80d04e57801abeead3b466e211eb78252dc6774a8c7052a79f1f11d4c193de5ac32e57848a116df36fd9a2394cc82330effafcb995b334e34deb7a4d51dae74da9a29c8cef00f8e903197d77ce3735f68153879f40e0e984e79b4285711ed1986a457e75f41e04dbb9aead2d02de42d32ecf27b8edcccc367d6ba1e949fb35d0bc6822ac70d899ccc7e3871d8fad493c3ca5a0e85ef4160bcf510,gx-no-cache=1519849174254 HTTP/1.1" 200 79
186.67.164.142 - - [28/Feb/2018:17:20:30 -0300] "POST /cormun/servlet/solicitudotcontratos?eac13c31f6b39b5f8e0c590ae7b0e6b8,INS,2018,0,16494338,0,6,2017,4189,NADA,201801,7,M,,gx-no-cache=1519849182399 HTTP/1.1" 200 10790
186.67.164.142 - - [28/Feb/2018:17:20:30 -0300] "POST /cormun/servlet/solicitudotcontratos?gx-no-cache=1519849183275 HTTP/1.1" 200 1321
186.67.164.142 - - [28/Feb/2018:17:20:31 -0300] "POST /cormun/servlet/solicitudotcontratos?gx-no-cache=1519849183409 HTTP/1.1" 200 1219
186.103.158.250 - - [28/Feb/2018:17:20:36 -0300] "POST /cormun/servlet/solicitudot?863f590d04dd0ba82a6fbaa9f7eca30a,INS,0,0,,gx-no-cache=1519849003000 HTTP/1.1" 200 93
186.103.158.250 - - [28/Feb/2018:17:20:36 -0300] "GET /cormun/servlet/hpexe_return? HTTP/1.1" 200 1006
186.103.158.250 - - [28/Feb/2018:17:20:36 -0300] "GET /cormun/static/gxcfg.js?2016101716175148 HTTP/1.1" 304 -
186.103.158.250 - - [28/Feb/2018:17:20:37 -0300] "GET /cormun/servlet/trsolicitudot HTTP/1.1" 200 8552
186.103.158.250 - - [28/Feb/2018:17:20:38 -0300] "GET /cormun//static/Resources/PXToolsRemoveAllAction.png HTTP/1.1" 200 3558
186.103.158.250 - - [28/Feb/2018:17:20:38 -0300] "GET /cormun//static/Resources/PXToolsActionView.png HTTP/1.1" 200 2995
186.103.158.250 - - [28/Feb/2018:17:20:38 -0300] "GET /cormun//static/Resources/PXToolsGridUpdate.png HTTP/1.1" 200 2984
186.103.158.250 - - [28/Feb/2018:17:20:38 -0300] "GET /cormun//static/Resources/PXToolsGridDelete.png HTTP/1.1" 200 357
186.103.158.250 - - [28/Feb/2018:17:20:39 -0300] "GET /cormun/servlet/trsolicitudot HTTP/1.1" 200 8548
186.103.158.250 - - [28/Feb/2018:17:21:00 -0300] "GET /cormun/servlet/solicitudot?INS,0,0, HTTP/1.1" 200 13424
186.103.158.250 - - [28/Feb/2018:17:21:02 -0300] "GET /cormun/servlet/solicitudot?INS,0,0, HTTP/1.1" 200 13429
186.103.158.250 - - [28/Feb/2018:17:21:09 -0300] "GET /cormun/servlet/trsolicitudot HTTP/1.1" 200 8552
186.103.158.250 - - [28/Feb/2018:17:21:10 -0300] "GET /cormun/servlet/trsolicitudot HTTP/1.1" 200 8548
186.103.158.250 - - [28/Feb/2018:17:21:14 -0300] "POST /cormun/servlet/trsolicitudot?863f590d04dd0ba82a6fbaa9f7eca30a,gx-no-cache=1519849041892 HTTP/1.1" 200 106
186.103.158.250 - - [28/Feb/2018:17:21:15 -0300] "GET /cormun/servlet/solicitudot?UPD,2018,9760, HTTP/1.1" 200 15221
186.103.158.250 - - [28/Feb/2018:17:21:17 -0300] "GET /cormun/servlet/solicitudot?UPD,2018,9760, HTTP/1.1" 200 15231
186.103.158.250 - - [28/Feb/2018:17:21:17 -0300] "POST /cormun/servlet/solicitudot?gx-no-cache=1519849044711 HTTP/1.1" 200 3396
186.103.158.250 - - [28/Feb/2018:17:21:18 -0300] "POST /cormun/servlet/solicitudot?863f590d04dd0ba82a6fbaa9f7eca30a,UPD,2018,9760,,gx-no-cache=1519849045197 HTTP/1.1" 200 11537
186.103.158.250 - - [28/Feb/2018:17:21:18 -0300] "GET /cormun/servlet/solicitudot?8de8abd9fa50ffdd6b0f0220846010e80d083f20dfd01215b012e7a71977b59418db57e894c1e53bb8622fcc1da0911c,gx-no-cache=1519849046182 HTTP/1.1" 200 30
186.103.158.250 - - [28/Feb/2018:17:21:18 -0300] "GET /cormun/servlet/solicitudot?8de8abd9fa50ffdd6b0f0220846010e859a6151647f25ad5635cb69d1bf8857a11c33f416d8e1d635d4a6afbd76c3009,gx-no-cache=1519849046284 HTTP/1.1" 200 30
186.103.158.250 - - [28/Feb/2018:17:21:19 -0300] "GET /cormun/servlet/solicitudot?8de8abd9fa50ffdd6b0f0220846010e8499880de0f5cc0ba2baad444bb53b7daca4253b3f790428b6c6c6463604d1fe1a602b4363a965de5162e4b23abbd0763,gx-no-cache=1519849046343 HTTP/1.1" 200 53
186.103.158.250 - - [28/Feb/2018:17:21:19 -0300] "POST /cormun/servlet/solicitudot?gx-no-cache=1519849046413 HTTP/1.1" 200 254
186.103.158.250 - - [28/Feb/2018:17:21:19 -0300] "GET /cormun/servlet/solicitudot?8de8abd9fa50ffdd6b0f0220846010e82de11c7aa53127072b96239b7df0455f823a6825338cce79284e81e3a481633ac048f45167b5393130655524c4fdb8ab86304d70c6aeb96b43269f01a1fab9628659f40c608f382b99f336a0276d1ef7ad76eca224e04746570ee8287ab4f61884df7e5d38835de8b82b8f2ef795582d14fadb6a2b66bf1221a4e44c996dda964490d0c862237fd484b578b92f89987a59db9ab6079e885d75f28d4748841e606f7487638808d49c4d3e71558ad7c2ce2d5fc43df500048fdaab0206cb21e2026d3fb11f760c63cc2a0d498a4c1cb95b4b52537de3c3e058f5913ce4b294095947b01fff12e4873c47de68269aeb1ddd1bb6fdb2d975987223ddd20e619922d45881ef18a54171590b86d52495ebbe3588102b9f43bbd7f5a6e2d93061179a6dd98adb568d895679b6c52bbbeabcd4b1fd1ad23603254c79945613337fcea4242740bbf4109b8683f497fb156c39c36d70ed8c0b958d01b81283a66ef6cb7e0e97b0d42de4ff7f2f6339ebe328c5478c,gx-no-cache=1519849046507 HTTP/1.1" 200 30
186.103.158.250 - - [28/Feb/2018:17:21:19 -0300] "POST /cormun/servlet/solicitudot?gx-no-cache=1519849046574 HTTP/1.1" 200 30
186.103.158.250 - - [28/Feb/2018:17:21:19 -0300] "POST /cormun/servlet/solicitudot?gx-no-cache=1519849046658 HTTP/1.1" 200 1337
186.103.158.250 - - [28/Feb/2018:17:21:19 -0300] "POST /cormun/servlet/solicitudot?gx-no-cache=1519849046834 HTTP/1.1" 200 41
186.103.158.250 - - [28/Feb/2018:17:21:43 -0300] "GET /cormun/servlet/solicitudot?8de8abd9fa50ffdd6b0f0220846010e816feaed3b79f393b45e4241311504e35c61a38a28d1f52edb76fc951aa6efb77d390a639c5b2638d011f24015521c039b79ccfab8a4224d0be786f98da00da476f57645154bbf0cc9d2ace69b91c8974d396dd40b76f9c040433008651b6017b5046dab0b8b1c769c5309a36afb5308fde945dfd36caa0cc15db4d7018e02ea9aea73b7c38aa2cc245ab66a21e759abd,gx-no-cache=1519849070525 HTTP/1.1" 200 29
186.103.158.250 - - [28/Feb/2018:17:21:43 -0300] "POST /cormun/servlet/solicitudot?gx-no-cache=1519849070626 HTTP/1.1" 200 1319
186.103.158.250 - - [28/Feb/2018:17:21:43 -0300] "POST /cormun/servlet/solicitudot?gx-no-cache=1519849070814 HTTP/1.1" 200 1219
186.103.158.250 - - [28/Feb/2018:17:21:43 -0300] "GET /cormun/servlet/solicitudot?8de8abd9fa50ffdd6b0f0220846010e8cd31604f11b12f129b7a807b62eb6b022f7095361dedee3d53192a9b97d9a670,gx-no-cache=1519849070956 HTTP/1.1" 200 30
186.103.158.250 - - [28/Feb/2018:17:21:43 -0300] "POST /cormun/servlet/solicitudot?gx-no-cache=1519849071046 HTTP/1.1" 200 30
186.103.158.250 - - [28/Feb/2018:17:21:59 -0300] "POST /cormun/servlet/solicitudot?863f590d04dd0ba82a6fbaa9f7eca30a,UPD,2018,9760,,gx-no-cache=1519849086455 HTTP/1.1" 200 93
186.103.158.250 - - [28/Feb/2018:17:21:59 -0300] "GET /cormun/servlet/hpexe_return? HTTP/1.1" 200 1012
186.103.158.250 - - [28/Feb/2018:17:22:00 -0300] "GET /cormun/servlet/trsolicitudot HTTP/1.1" 200 8552
186.103.158.250 - - [28/Feb/2018:17:22:02 -0300] "GET /cormun/servlet/trsolicitudot HTTP/1.1" 200 8548
186.103.158.250 - - [28/Feb/2018:17:22:21 -0300] "POST /cormun/servlet/trsolicitudot?863f590d04dd0ba82a6fbaa9f7eca30a,gx-no-cache=1519849108171 HTTP/1.1" 200 107
186.103.158.250 - - [28/Feb/2018:17:22:21 -0300] "GET /cormun/servlet/trsolicitudadjuntos?2018,9760, HTTP/1.1" 200 6071
186.103.158.250 - - [28/Feb/2018:17:22:21 -0300] "GET /cormun/static/gxcfg.js?20177612135366 HTTP/1.1" 200 953
186.103.158.250 - - [28/Feb/2018:17:22:21 -0300] "GET /cormun/static/trsolicitudadjuntos.js?20177612135632 HTTP/1.1" 200 17922
186.103.158.250 - - [28/Feb/2018:17:22:23 -0300] "GET /cormun/servlet/trsolicitudadjuntos?2018,9760, HTTP/1.1" 200 6071
186.103.159.189 - - [28/Feb/2018:17:22:44 -0300] "GET /cormun/servlet/hlogin HTTP/1.1" 200 1718
186.67.164.142 - - [28/Feb/2018:17:22:47 -0300] "GET /cormun/servlet/solicitudotcontratos?3735d5434f790f92710a132c1369d17d4aeb08c360c0abff3151181dc1dde99027cdd53502a8f8845289a62fa046c0f043d2084ba7f0efad76d567f62637a07e0b36f5699b883a2b46597065ce50eee56a739a3688b9f3223904145f670df45845fc4cecebcaf72853a2c9eaa39eb61d983988a77f1b41513f720692ad38ba3c,gx-no-cache=1519849320103 HTTP/1.1" 200 30
186.67.164.142 - - [28/Feb/2018:17:22:48 -0300] "POST /cormun/servlet/solicitudotcontratos?eac13c31f6b39b5f8e0c590ae7b0e6b8,INS,2018,0,16494338,0,6,2017,4189,NADA,201801,7,M,,gx-no-cache=1519849320152 HTTP/1.1" 200 93
186.67.164.142 - - [28/Feb/2018:17:22:48 -0300] "GET /cormun/servlet/hpexe_return? HTTP/1.1" 200 1042
186.67.164.142 - - [28/Feb/2018:17:22:49 -0300] "GET /cormun/servlet/trcontratosolicitud HTTP/1.1" 200 14148
186.67.164.142 - - [28/Feb/2018:17:22:51 -0300] "GET /cormun/servlet/trcontratosolicitud HTTP/1.1" 200 14150
186.103.159.189 - - [28/Feb/2018:17:23:20 -0300] "POST /cormun/servlet/hlogin?1bee017a6262e11b1badcfce7ac88a86,gx-no-cache=1519852946006 HTTP/1.1" 200 90
186.103.159.189 - - [28/Feb/2018:17:23:20 -0300] "GET /cormun/servlet/hpexe_link HTTP/1.1" 200 950
186.103.159.189 - - [28/Feb/2018:17:23:21 -0300] "GET /cormun/servlet/hhome HTTP/1.1" 200 4170
186.103.159.189 - - [28/Feb/2018:17:23:23 -0300] "GET /cormun/servlet/hhome HTTP/1.1" 200 4167
186.103.159.189 - - [28/Feb/2018:17:23:31 -0300] "GET /cormun/servlet/trsolicitudot? HTTP/1.1" 200 7386
186.103.159.189 - - [28/Feb/2018:17:23:32 -0300] "GET /cormun/static/gxcfg.js?2017111422585916 HTTP/1.1" 304 -
186.103.159.189 - - [28/Feb/2018:17:23:33 -0300] "GET /cormun/servlet/trsolicitudot? HTTP/1.1" 200 7386
186.103.159.189 - - [28/Feb/2018:17:23:38 -0300] "GET /cormun/servlet/solicitudot?INS,0,0, HTTP/1.1" 200 13620
186.103.159.189 - - [28/Feb/2018:17:23:38 -0300] "GET /cormun/static/gxcfg.js?201812313224582 HTTP/1.1" 304 -
186.103.159.189 - - [28/Feb/2018:17:23:41 -0300] "GET /cormun/servlet/solicitudot?INS,0,0, HTTP/1.1" 200 13624
186.67.164.142 - - [28/Feb/2018:17:23:46 -0300] "GET /cormun/servlet/solicitudotcontratos?INS,2018,0,17107852,0,6,2017,4608,INTEGRACION,201801,2,M, HTTP/1.1" 200 9901
186.67.164.142 - - [28/Feb/2018:17:23:48 -0300] "GET /cormun/servlet/solicitudotcontratos?3735d5434f790f92710a132c1369d17de3db20845ef59b09ad113f06e4ec8412cffad06b6f32fafa2b50b9ad8afffcfe,gx-no-cache=1519849380578 HTTP/1.1" 200 30
186.67.164.142 - - [28/Feb/2018:17:23:48 -0300] "GET /cormun/servlet/solicitudotcontratos?INS,2018,0,17107852,0,6,2017,4608,INTEGRACION,201801,2,M, HTTP/1.1" 200 9933
186.67.164.142 - - [28/Feb/2018:17:23:48 -0300] "GET /cormun/servlet/solicitudotcontratos?3735d5434f790f92710a132c1369d17d23e5d3d1dd0ff880033f68a4600ab6328201f48654437a0eb12fcb5f3746645e,gx-no-cache=1519849380634 HTTP/1.1" 200 30
186.67.164.142 - - [28/Feb/2018:17:23:48 -0300] "GET /cormun/servlet/solicitudotcontratos?3735d5434f790f92710a132c1369d17db52f4e9844471b014a189859f4dce25768818008a82f356d089ac7731ee455336ff42d2049e66dffd769241968e943281701d624d7e226172fc981aed44b8c7d973e76ab641faacda9b54e28b7d1418f465a6d14d62e1bc37df3c368cd295e2f9ee3e1d706346901962787d94430aa7c,gx-no-cache=1519849380665 HTTP/1.1" 200 50
186.67.164.142 - - [28/Feb/2018:17:23:48 -0300] "GET /cormun/servlet/solicitudotcontratos?3735d5434f790f92710a132c1369d17d6ebc9a7ddf100e754e4763318d66f45b3e0e5366637896ee7aa0b32e765be9b3,gx-no-cache=1519849380706 HTTP/1.1" 200 30
186.67.164.142 - - [28/Feb/2018:17:23:48 -0300] "GET /cormun/servlet/solicitudotcontratos?3735d5434f790f92710a132c1369d17d42a9827f0fde8ee299b077c302dc7b076469e668f4cda3b2cbc03236280689613d72ffd7fd339e300f6baf111dd9d8fb9262bbe9025f5c7c6871dd7112240f7957421ca539416f27bae9743476d1fd7742ac48a78ca18e06cce241f8dd34c23f,gx-no-cache=1519849380742 HTTP/1.1" 200 30
186.67.164.142 - - [28/Feb/2018:17:23:48 -0300] "GET /cormun/servlet/solicitudotcontratos?3735d5434f790f92710a132c1369d17dd7f9fe9f0e9d2db2306fe8908bd49c2bd4dce45cbfc3dcc1b9fdf3f8cb8e15d8928d4860f5a281172715bfbfff22fb4b49c28a4a7829c9a63fadf84364d8a1cae0091f28209d58f4cb2ce3336107f1a3be58c35c90fad62d67ec023acf3e4b6c9483f45b702e79ec6aa311e3201d12d768c5160e640bc88bd63e3398b68551ef7c22b656b2586b1b613d339ca3f502cb3b3644c9e2b5d90e37b0efe347bb51e99ec44f91fface10e67fd5dc031c0edbaf68cae65bd6fa38b67aaf2f8b74ec89de47e00b33b2f670fe7bb0b3135805a9fca3b157b2ab1edb8d48385e028a18f601967792eeccdd4325e17bfc3f1f511d61cf8b0b26d0f6dfd4f15ced6dc14bbe908774b3b47be331b5d25044c8409bbf260ec0b7b3c07228ef47943c858fa7c61af0f20f08fa365354e67ca5cb4a760a8fd90d084deb6abbcf0dbbbf155c37c296d660434c7ea58e8671de9e2836a9b9e0f117dbed7d0717a6c81bb2ef9e626b808774b3b47be331b5d25044c8409bbf2afa7a9e3bd5594c2a0dff596f1df128b01896a866bb86a891f929ddb0a1b0edd015fe0e1ea0ef2353b5edc91026028b5f1f59e118c8cf1fc6c7ac2c462014e5b,gx-no-cache=1519849380779 HTTP/1.1" 200 83
186.103.159.189 - - [28/Feb/2018:17:23:57 -0300] "POST /cormun/servlet/solicitudot?gx-no-cache=1519852982658 HTTP/1.1" 200 3293
186.103.159.189 - - [28/Feb/2018:17:23:58 -0300] "POST /cormun/servlet/solicitudot?1bee017a6262e11b1badcfce7ac88a86,INS,0,0,,gx-no-cache=1519852983108 HTTP/1.1" 200 10450
186.103.159.189 - - [28/Feb/2018:17:24:12 -0300] "POST /cormun/servlet/solicitudot?gx-no-cache=1519852997578 HTTP/1.1" 200 3295
186.103.159.189 - - [28/Feb/2018:17:24:13 -0300] "POST /cormun/servlet/solicitudot?1bee017a6262e11b1badcfce7ac88a86,INS,0,0,,gx-no-cache=1519852998115 HTTP/1.1" 200 10504
186.103.159.189 - - [28/Feb/2018:17:24:13 -0300] "GET /cormun/servlet/solicitudot?80aee7bfae270874133ad0c28819b4374a1c799de58201ceaa963ba1c85f22552ee85bce893e31f270d9fe64dd81acd5,gx-no-cache=1519852999133 HTTP/1.1" 200 30
192.168.10.96 - - [28/Feb/2018:17:24:42 -0300] "POST /cormun/servlet/trsolicitudgral?9358842a3bed196b676a3a1a15ae6027,,gx-no-cache=1519849323564 HTTP/1.1" 200 8416
192.168.10.96 - - [28/Feb/2018:17:24:45 -0300] "POST /cormun/servlet/trsolicitudgral?9358842a3bed196b676a3a1a15ae6027,,gx-no-cache=1519849326148 HTTP/1.1" 200 105
192.168.10.96 - - [28/Feb/2018:17:24:45 -0300] "GET /cormun/SolicitudGral-1178.xls HTTP/1.1" 200 6144
186.67.164.142 - - [28/Feb/2018:17:24:54 -0300] "POST /cormun/servlet/solicitudotcontratos?eac13c31f6b39b5f8e0c590ae7b0e6b8,INS,2018,0,17107852,0,6,2017,4608,INTEGRACION,201801,2,M,,gx-no-cache=1519849446340 HTTP/1.1" 200 93
186.67.164.142 - - [28/Feb/2018:17:24:54 -0300] "GET /cormun/servlet/hpexe_return? HTTP/1.1" 200 1048
186.67.164.142 - - [28/Feb/2018:17:24:55 -0300] "GET /cormun/servlet/trcontratosolicitud HTTP/1.1" 200 14164
186.67.164.142 - - [28/Feb/2018:17:24:57 -0300] "GET /cormun/servlet/trcontratosolicitud HTTP/1.1" 200 14152
186.103.159.189 - - [28/Feb/2018:17:25:38 -0300] "GET /cormun/servlet/solicitudot?80aee7bfae270874133ad0c28819b437fa741036fe35a055442326666cc3db6d574dbacae19496c4472ad87c3633d68494299eb17c9bec79e8a72c2acded25ba,gx-no-cache=1519853084339 HTTP/1.1" 200 30
186.103.159.189 - - [28/Feb/2018:17:25:39 -0300] "GET /cormun/servlet/solicitudot?80aee7bfae270874133ad0c28819b437dd2168ed3013b147ca7e4231762b36e6,gx-no-cache=1519853084439 HTTP/1.1" 200 29
186.103.159.189 - - [28/Feb/2018:17:25:42 -0300] "POST /cormun/servlet/solicitudot?1bee017a6262e11b1badcfce7ac88a86,INS,0,0,,gx-no-cache=1519853087257 HTTP/1.1" 200 10681
186.103.159.189 - - [28/Feb/2018:17:25:42 -0300] "GET /cormun/static/Shared/jqueryui/images/ui-bg_highlight-soft_100_c6c2c8_1x100.png HTTP/1.1" 404 1117
186.103.159.189 - - [28/Feb/2018:17:25:42 -0300] "GET /cormun/static/Shared/jqueryui/images/ui-icons_82798d_256x240.png HTTP/1.1" 404 1089
186.103.159.189 - - [28/Feb/2018:17:25:43 -0300] "GET /cormun/static/Shared/jqueryui/images/ui-bg_flat_55_fafafa_40x100.png HTTP/1.1" 404 1097
186.103.159.189 - - [28/Feb/2018:17:25:43 -0300] "GET /cormun/static/Shared/jqueryui/images/ui-icons_8d78a5_256x240.png HTTP/1.1" 404 1089
186.103.159.189 - - [28/Feb/2018:17:25:48 -0300] "GET /cormun/servlet/solicitudot?80aee7bfae270874133ad0c28819b437dd2168ed3013b147ca7e4231762b36e6,gx-no-cache=1519853093099 HTTP/1.1" 200 29
186.103.159.189 - - [28/Feb/2018:17:25:49 -0300] "POST /cormun/servlet/solicitudot?gx-no-cache=1519853094742 HTTP/1.1" 200 255
186.103.159.189 - - [28/Feb/2018:17:25:53 -0300] "GET /cormun/servlet/solicitudot?80aee7bfae270874133ad0c28819b437293ac9949cad1ca4bc12ba0633780c8a0672ea2511fb93730f2b9ece57175fad9f9237a2080a81b40d0154bfbcea85974b09d1ce4eab78982840ef95b24bf6b35d4f6baa575e7b5d4bbc4ca04a46b1a39afe9b9c6e19d84e9a9262f1126f2d64beaec8d56205bb23d0d8d0c35871b59f980b63329d99152053420a3271dc4c1d4159d3cca88a8f4780ee94a22428486fd38c678b8ea6780bab96f3ee8fa55aea0856463f53af2019d7d94616206b1c7d51aab329fdadf21a8db4566174ea70ce09ee18bf0e876cb8cf3a550a8d848c4a4df66067f3a0add22e9ab19646c80fd221da29e17115695608a54130b953b8a6d348af3715293a520ca9e1c9d924ba58d39eef4b804198bfdea53c28e3b82a3fe4cca828db4e37288ddd8db2af285dc1e496ccef7b742e201aff20224476b79d5aedcd10e4aaa2c818f3aa4007b909abff7631fafd3c8c3bbc70deea4055ad12894341e28d071db30013217db20ed269e4d2ca020e783ff1c558933d915ecf3b,gx-no-cache=1519853098171 HTTP/1.1" 200 30
186.103.159.189 - - [28/Feb/2018:17:25:57 -0300] "POST /cormun/servlet/solicitudot?gx-no-cache=1519853102937 HTTP/1.1" 200 30
186.103.159.189 - - [28/Feb/2018:17:26:00 -0300] "POST /cormun/servlet/solicitudot?gx-no-cache=1519853105729 HTTP/1.1" 200 1333
186.103.159.189 - - [28/Feb/2018:17:26:00 -0300] "POST /cormun/servlet/solicitudot?gx-no-cache=1519853105982 HTTP/1.1" 200 38
192.168.10.96 - - [28/Feb/2018:17:26:13 -0300] "POST /cormun/servlet/trsolicitudgral?9358842a3bed196b676a3a1a15ae6027,,gx-no-cache=1519849414583 HTTP/1.1" 200 8143
192.168.10.96 - - [28/Feb/2018:17:26:16 -0300] "POST /cormun/servlet/trsolicitudgral?9358842a3bed196b676a3a1a15ae6027,,gx-no-cache=1519849417463 HTTP/1.1" 200 105
192.168.10.96 - - [28/Feb/2018:17:26:16 -0300] "GET /cormun/SolicitudGral-5425.xls HTTP/1.1" 200 6144
186.103.159.189 - - [28/Feb/2018:17:26:29 -0300] "GET /cormun/servlet/solicitudot?80aee7bfae270874133ad0c28819b437246462e030bad68ce9bfd83c90bdd39f2cc82af1b449724d17044fac47850d49c3aceb79d231e26324ffe0537ec6a9f98c8f91bc481a47212952c833280dc553a5e2c62e656b7b1e8c91c442372eac7fdd33d11394b3dbc23b89416422009914,gx-no-cache=1519853134975 HTTP/1.1" 200 29
186.103.159.189 - - [28/Feb/2018:17:26:29 -0300] "POST /cormun/servlet/solicitudot?gx-no-cache=1519853135071 HTTP/1.1" 200 1318
186.103.159.189 - - [28/Feb/2018:17:26:29 -0300] "POST /cormun/servlet/solicitudot?gx-no-cache=1519853135249 HTTP/1.1" 200 1215
186.103.159.189 - - [28/Feb/2018:17:26:29 -0300] "GET /cormun/static/menuarrow.gif HTTP/1.1" 404 1015
186.103.159.189 - - [28/Feb/2018:17:26:33 -0300] "POST /cormun/servlet/solicitudot?gx-no-cache=1519853138392 HTTP/1.1" 200 1318
186.103.159.189 - - [28/Feb/2018:17:26:33 -0300] "POST /cormun/servlet/solicitudot?gx-no-cache=1519853138600 HTTP/1.1" 200 1215
186.103.159.189 - - [28/Feb/2018:17:26:36 -0300] "GET /cormun/servlet/solicitudot?80aee7bfae270874133ad0c28819b4375926dbef605066d580a36070b227bcdfc4de94378d061d9d0d3fad4502fab05e,gx-no-cache=1519853142260 HTTP/1.1" 200 30
186.67.164.142 - - [28/Feb/2018:17:27:25 -0300] "GET /cormun/servlet/solicitudotcontratos?INS,2018,0,17107852,0,6,2017,4608,INTEGRACION,201801,2,M, HTTP/1.1" 200 9901
186.67.164.142 - - [28/Feb/2018:17:27:27 -0300] "GET /cormun/servlet/solicitudotcontratos?3735d5434f790f92710a132c1369d17de3db20845ef59b09ad113f06e4ec8412cffad06b6f32fafa2b50b9ad8afffcfe,gx-no-cache=1519849599348 HTTP/1.1" 200 30
186.67.164.142 - - [28/Feb/2018:17:27:27 -0300] "GET /cormun/servlet/solicitudotcontratos?INS,2018,0,17107852,0,6,2017,4608,INTEGRACION,201801,2,M, HTTP/1.1" 200 9933
186.67.164.142 - - [28/Feb/2018:17:27:27 -0300] "GET /cormun/servlet/solicitudotcontratos?3735d5434f790f92710a132c1369d17d23e5d3d1dd0ff880033f68a4600ab6328201f48654437a0eb12fcb5f3746645e,gx-no-cache=1519849599397 HTTP/1.1" 200 30
186.67.164.142 - - [28/Feb/2018:17:27:27 -0300] "GET /cormun/servlet/solicitudotcontratos?3735d5434f790f92710a132c1369d17db52f4e9844471b014a189859f4dce25768818008a82f356d089ac7731ee455336ff42d2049e66dffd769241968e943281701d624d7e226172fc981aed44b8c7d973e76ab641faacda9b54e28b7d1418f465a6d14d62e1bc37df3c368cd295e2f9ee3e1d706346901962787d94430aa7c,gx-no-cache=1519849599441 HTTP/1.1" 200 50
186.67.164.142 - - [28/Feb/2018:17:27:27 -0300] "GET /cormun/servlet/solicitudotcontratos?3735d5434f790f92710a132c1369d17d6ebc9a7ddf100e754e4763318d66f45b3e0e5366637896ee7aa0b32e765be9b3,gx-no-cache=1519849599485 HTTP/1.1" 200 30
186.67.164.142 - - [28/Feb/2018:17:27:27 -0300] "GET /cormun/servlet/solicitudotcontratos?3735d5434f790f92710a132c1369d17d42a9827f0fde8ee299b077c302dc7b076469e668f4cda3b2cbc03236280689613d72ffd7fd339e300f6baf111dd9d8fb9262bbe9025f5c7c6871dd7112240f7957421ca539416f27bae9743476d1fd7742ac48a78ca18e06cce241f8dd34c23f,gx-no-cache=1519849599522 HTTP/1.1" 200 30
186.67.164.142 - - [28/Feb/2018:17:27:27 -0300] "GET /cormun/servlet/solicitudotcontratos?3735d5434f790f92710a132c1369d17dd7f9fe9f0e9d2db2306fe8908bd49c2bd4dce45cbfc3dcc1b9fdf3f8cb8e15d8928d4860f5a281172715bfbfff22fb4b49c28a4a7829c9a63fadf84364d8a1cae0091f28209d58f4cb2ce3336107f1a3be58c35c90fad62d67ec023acf3e4b6c9483f45b702e79ec6aa311e3201d12d768c5160e640bc88bd63e3398b68551ef7c22b656b2586b1b613d339ca3f502cb3b3644c9e2b5d90e37b0efe347bb51e99ec44f91fface10e67fd5dc031c0edbaf68cae65bd6fa38b67aaf2f8b74ec89de47e00b33b2f670fe7bb0b3135805a9fca3b157b2ab1edb8d48385e028a18f601967792eeccdd4325e17bfc3f1f511d61cf8b0b26d0f6dfd4f15ced6dc14bbe908774b3b47be331b5d25044c8409bbf260ec0b7b3c07228ef47943c858fa7c61af0f20f08fa365354e67ca5cb4a760a8fd90d084deb6abbcf0dbbbf155c37c296d660434c7ea58e8671de9e2836a9b9e0f117dbed7d0717a6c81bb2ef9e626b808774b3b47be331b5d25044c8409bbf2afa7a9e3bd5594c2a0dff596f1df128b01896a866bb86a891f929ddb0a1b0edd015fe0e1ea0ef2353b5edc91026028b5f1f59e118c8cf1fc6c7ac2c462014e5b,gx-no-cache=1519849599559 HTTP/1.1" 200 83
186.103.159.189 - - [28/Feb/2018:17:27:39 -0300] "POST /cormun/servlet/solicitudot?gx-no-cache=1519853204974 HTTP/1.1" 200 30
186.67.164.142 - - [28/Feb/2018:17:27:39 -0300] "POST /cormun/servlet/solicitudotcontratos?eac13c31f6b39b5f8e0c590ae7b0e6b8,INS,2018,0,17107852,0,6,2017,4608,INTEGRACION,201801,2,M,,gx-no-cache=1519849611413 HTTP/1.1" 200 10818
186.67.164.142 - - [28/Feb/2018:17:27:40 -0300] "POST /cormun/servlet/solicitudotcontratos?gx-no-cache=1519849612387 HTTP/1.1" 200 1320
186.67.164.142 - - [28/Feb/2018:17:27:40 -0300] "POST /cormun/servlet/solicitudotcontratos?gx-no-cache=1519849612516 HTTP/1.1" 200 1218
186.67.164.142 - - [28/Feb/2018:17:27:40 -0300] "GET /cormun/servlet/solicitudotcontratos?3735d5434f790f92710a132c1369d17d4aeb08c360c0abff3151181dc1dde99027cdd53502a8f8845289a62fa046c0f043d2084ba7f0efad76d567f62637a07e0b36f5699b883a2b46597065ce50eee56a739a3688b9f3223904145f670df45845fc4cecebcaf72853a2c9eaa39eb61d983988a77f1b41513f720692ad38ba3c,gx-no-cache=1519849612637 HTTP/1.1" 200 30
186.103.159.189 - - [28/Feb/2018:17:27:40 -0300] "POST /cormun/servlet/solicitudot?1bee017a6262e11b1badcfce7ac88a86,INS,0,0,,gx-no-cache=1519853205212 HTTP/1.1" 200 93
186.103.159.189 - - [28/Feb/2018:17:27:40 -0300] "GET /cormun/servlet/hpexe_return? HTTP/1.1" 200 1005
186.103.159.189 - - [28/Feb/2018:17:27:40 -0300] "GET /cormun/static/gxcfg.js?2016101716175148 HTTP/1.1" 304 -
186.67.164.142 - - [28/Feb/2018:17:27:41 -0300] "POST /cormun/servlet/solicitudotcontratos?eac13c31f6b39b5f8e0c590ae7b0e6b8,INS,2018,0,17107852,0,6,2017,4608,INTEGRACION,201801,2,M,,gx-no-cache=1519849612682 HTTP/1.1" 200 93
186.67.164.142 - - [28/Feb/2018:17:27:41 -0300] "GET /cormun/servlet/hpexe_return? HTTP/1.1" 200 1048
186.103.159.189 - - [28/Feb/2018:17:27:41 -0300] "GET /cormun/servlet/trsolicitudot HTTP/1.1" 200 8748
186.67.164.142 - - [28/Feb/2018:17:27:42 -0300] "GET /cormun/servlet/trcontratosolicitud HTTP/1.1" 200 14018
186.67.164.142 - - [28/Feb/2018:17:27:43 -0300] "GET /cormun/servlet/trcontratosolicitud HTTP/1.1" 200 14015
186.103.159.189 - - [28/Feb/2018:17:27:43 -0300] "GET /cormun/servlet/trsolicitudot HTTP/1.1" 200 8746
192.168.10.96 - - [28/Feb/2018:17:27:45 -0300] "POST /cormun/servlet/trsolicitudgral?9358842a3bed196b676a3a1a15ae6027,,gx-no-cache=1519849506497 HTTP/1.1" 200 8965
192.168.10.96 - - [28/Feb/2018:17:27:48 -0300] "POST /cormun/servlet/trsolicitudgral?9358842a3bed196b676a3a1a15ae6027,,gx-no-cache=1519849509672 HTTP/1.1" 200 104
192.168.10.96 - - [28/Feb/2018:17:27:48 -0300] "GET /cormun/SolicitudGral-848.xls HTTP/1.1" 200 7168
186.103.159.189 - - [28/Feb/2018:17:27:49 -0300] "POST /cormun/servlet/trsolicitudot?1bee017a6262e11b1badcfce7ac88a86,gx-no-cache=1519853214230 HTTP/1.1" 200 107
186.103.159.189 - - [28/Feb/2018:17:27:49 -0300] "GET /cormun/servlet/trsolicitudadjuntos?2018,9762, HTTP/1.1" 200 6265
186.103.159.189 - - [28/Feb/2018:17:27:49 -0300] "GET /cormun/static/gxcfg.js?20177612135366 HTTP/1.1" 304 -
186.103.159.189 - - [28/Feb/2018:17:27:51 -0300] "GET /cormun/servlet/trsolicitudadjuntos?2018,9762, HTTP/1.1" 200 6265
186.103.159.189 - - [28/Feb/2018:17:27:56 -0300] "GET /cormun/servlet/solicitudotadjuntos?INS,2018,9762,,1, HTTP/1.1" 200 6215
186.103.159.189 - - [28/Feb/2018:17:27:56 -0300] "GET /cormun/static/gxcfg.js?2017761244068 HTTP/1.1" 304 -
186.103.159.189 - - [28/Feb/2018:17:27:57 -0300] "GET /cormun/static/about:blank HTTP/1.1" 404 1011
186.103.159.189 - - [28/Feb/2018:17:27:58 -0300] "GET /cormun/servlet/solicitudotadjuntos?INS,2018,9762,,1, HTTP/1.1" 200 6208
186.103.159.189 - - [28/Feb/2018:17:27:58 -0300] "GET /cormun/servlet/solicitudotadjuntos?80aee7bfae270874133ad0c28819b437818b97c4c22b87a216bf9795f30072bb10647592a7b387d6218c5aff54cc5ee7,gx-no-cache=1519853224349 HTTP/1.1" 200 30
186.103.159.189 - - [28/Feb/2018:17:27:59 -0300] "POST /cormun/servlet/solicitudotadjuntos?1bee017a6262e11b1badcfce7ac88a86,INS,2018,9762,,1,,gx-no-cache=1519853224430 HTTP/1.1" 200 4018
186.103.159.189 - - [28/Feb/2018:17:28:04 -0300] "POST /cormun/servlet/solicitudotadjuntos?gx-no-cache=1519853229783 HTTP/1.1" 200 26
157.55.39.42 - - [28/Feb/2018:17:28:09 -0300] "GET /cormun/servlet/trcontratounov2 HTTP/1.1" 200 6009
186.103.159.189 - - [28/Feb/2018:17:28:18 -0300] "GET /cormun/servlet/solicitudotadjuntos?80aee7bfae270874133ad0c28819b437a5053c418685bbeabfe266d675ce449d,gx-no-cache=1519853243468 HTTP/1.1" 200 30
186.103.159.189 - - [28/Feb/2018:17:28:18 -0300] "GET /cormun/servlet/solicitudotadjuntos?80aee7bfae270874133ad0c28819b437a5053c418685bbeabfe266d675ce449d,gx-no-cache=1519853243514 HTTP/1.1" 200 30
186.103.159.189 - - [28/Feb/2018:17:28:20 -0300] "POST /cormun/servlet/solicitudotadjuntos?1bee017a6262e11b1badcfce7ac88a86,INS,2018,9762,,1, HTTP/1.1" 200 116
186.103.159.189 - - [28/Feb/2018:17:28:20 -0300] "GET /cormun/servlet/hpexe_return? HTTP/1.1" 200 1024
186.103.159.189 - - [28/Feb/2018:17:28:21 -0300] "GET /cormun/servlet/trsolicitudadjuntos?2018,9762, HTTP/1.1" 200 8637
186.103.159.189 - - [28/Feb/2018:17:28:23 -0300] "GET /cormun/servlet/trsolicitudadjuntos?2018,9762, HTTP/1.1" 200 8634
186.103.159.189 - - [28/Feb/2018:17:28:26 -0300] "GET /cormun/servlet/solicitudotadjuntos?INS,2018,9762,,1, HTTP/1.1" 200 6215
186.103.158.250 - - [28/Feb/2018:17:28:27 -0300] "GET /cormun/servlet/hlogin HTTP/1.1" 200 1721
186.103.159.189 - - [28/Feb/2018:17:28:28 -0300] "GET /cormun/static/about:blank HTTP/1.1" 404 1011
186.103.159.189 - - [28/Feb/2018:17:28:28 -0300] "GET /cormun/servlet/solicitudotadjuntos?INS,2018,9762,,1, HTTP/1.1" 200 6208
186.103.159.189 - - [28/Feb/2018:17:28:28 -0300] "GET /cormun/servlet/solicitudotadjuntos?80aee7bfae270874133ad0c28819b437818b97c4c22b87a216bf9795f30072bb10647592a7b387d6218c5aff54cc5ee7,gx-no-cache=1519853254049 HTTP/1.1" 200 30
186.103.159.189 - - [28/Feb/2018:17:28:29 -0300] "POST /cormun/servlet/solicitudotadjuntos?1bee017a6262e11b1badcfce7ac88a86,INS,2018,9762,,1,,gx-no-cache=1519853254115 HTTP/1.1" 200 4018
186.103.159.189 - - [28/Feb/2018:17:28:33 -0300] "POST /cormun/servlet/solicitudotadjuntos?gx-no-cache=1519853258601 HTTP/1.1" 200 26
186.103.158.250 - - [28/Feb/2018:17:28:45 -0300] "POST /cormun/servlet/hlogin?863f590d04dd0ba82a6fbaa9f7eca30a,gx-no-cache=1519849492904 HTTP/1.1" 200 90
186.103.158.250 - - [28/Feb/2018:17:28:45 -0300] "GET /cormun/servlet/hpexe_link HTTP/1.1" 200 970
186.103.159.189 - - [28/Feb/2018:17:28:46 -0300] "GET /cormun/servlet/solicitudotadjuntos?80aee7bfae270874133ad0c28819b437a5053c418685bbeabfe266d675ce449d,gx-no-cache=1519853271555 HTTP/1.1" 200 30
186.103.159.189 - - [28/Feb/2018:17:28:46 -0300] "GET /cormun/servlet/solicitudotadjuntos?80aee7bfae270874133ad0c28819b437a5053c418685bbeabfe266d675ce449d,gx-no-cache=1519853271608 HTTP/1.1" 200 30
186.103.158.250 - - [28/Feb/2018:17:28:46 -0300] "GET /cormun/servlet/trsolicitudadjuntos?2018,9760, HTTP/1.1" 200 6073
186.103.159.189 - - [28/Feb/2018:17:28:47 -0300] "POST /cormun/servlet/solicitudotadjuntos?1bee017a6262e11b1badcfce7ac88a86,INS,2018,9762,,1, HTTP/1.1" 200 116
186.103.159.189 - - [28/Feb/2018:17:28:47 -0300] "GET /cormun/servlet/hpexe_return? HTTP/1.1" 200 1024
192.168.10.96 - - [28/Feb/2018:17:28:47 -0300] "POST /cormun/servlet/trsolicitudgral?9358842a3bed196b676a3a1a15ae6027,,gx-no-cache=1519849568871 HTTP/1.1" 200 5925
186.103.158.250 - - [28/Feb/2018:17:28:48 -0300] "GET /cormun/servlet/trsolicitudadjuntos?2018,9760, HTTP/1.1" 200 6071
186.103.159.189 - - [28/Feb/2018:17:28:48 -0300] "GET /cormun/servlet/trsolicitudadjuntos?2018,9762, HTTP/1.1" 200 8853
186.103.159.189 - - [28/Feb/2018:17:28:50 -0300] "GET /cormun/servlet/trsolicitudadjuntos?2018,9762, HTTP/1.1" 200 8852
186.103.159.189 - - [28/Feb/2018:17:28:54 -0300] "GET /cormun/servlet/solicitudotadjuntos?INS,2018,9762,,1, HTTP/1.1" 200 6215
186.103.159.189 - - [28/Feb/2018:17:28:54 -0300] "GET /cormun/static/about:blank HTTP/1.1" 404 1011
186.103.158.250 - - [28/Feb/2018:17:28:55 -0300] "GET /cormun/servlet/trsolicitudot? HTTP/1.1" 200 8555
186.103.159.189 - - [28/Feb/2018:17:28:56 -0300] "GET /cormun/servlet/solicitudotadjuntos?INS,2018,9762,,1, HTTP/1.1" 200 6209
186.103.159.189 - - [28/Feb/2018:17:28:56 -0300] "GET /cormun/servlet/solicitudotadjuntos?80aee7bfae270874133ad0c28819b437818b97c4c22b87a216bf9795f30072bb10647592a7b387d6218c5aff54cc5ee7,gx-no-cache=1519853281758 HTTP/1.1" 200 30
186.103.158.250 - - [28/Feb/2018:17:28:56 -0300] "GET /cormun/servlet/trsolicitudot? HTTP/1.1" 200 8548
186.103.159.189 - - [28/Feb/2018:17:28:56 -0300] "POST /cormun/servlet/solicitudotadjuntos?1bee017a6262e11b1badcfce7ac88a86,INS,2018,9762,,1,,gx-no-cache=1519853281831 HTTP/1.1" 200 4018
186.103.159.189 - - [28/Feb/2018:17:29:00 -0300] "POST /cormun/servlet/solicitudotadjuntos?gx-no-cache=1519853285904 HTTP/1.1" 200 26
186.103.158.250 - - [28/Feb/2018:17:29:02 -0300] "POST /cormun/servlet/trsolicitudot?863f590d04dd0ba82a6fbaa9f7eca30a,,gx-no-cache=1519849509221 HTTP/1.1" 200 107
186.103.158.250 - - [28/Feb/2018:17:29:02 -0300] "GET /cormun/servlet/trsolicitudadjuntos?2018,9760, HTTP/1.1" 200 6071
186.103.158.250 - - [28/Feb/2018:17:29:03 -0300] "GET /cormun/servlet/trsolicitudadjuntos?2018,9760, HTTP/1.1" 200 6071
