192.168.10.56 - - [28/Feb/2018:08:38:26 -0300] "GET /cormun/servlet/solicitudgral?6c5471a6380a028b68b6ab2a83527a33896c4a6f94292e8d7e3ad9739f234f8094ff5616bd72ee44498ee505ae5db1978bd99c792e14c0460eebc7f49ace59e51647525fba4e5cdb93cb522c3adf15aafc3de0401a8d33bf7d7852b9e9e93bd947abe4e94d720eecab7c32499b7c5202fb384d6b9a7195fb2e7ed0d7d4a7c5b0f91861de796944af8c496367d2468d14a8b25f280a952ba2c14a799e731e799e6df047707feb7365f2230a7a946527fa27513150e6a7b68dad821448f0c36c643e1188307c4fb3d87dd26284cd56b5a1c4880734173da342cdb56b3d7ca8c63ce148f16ba0d0937c50089aacbdb3a3795bf21c294c3e3b459f915e582d5a0a0279bb4489c79462522c451f249164c4397aa62c1dd927b479032ff84956f9a79af57b877dc626286a0e1a92ad1491c5c9ae8dc91c4a68691f0abda12ac115957a0b646785b36d3d53c83fedc1ea7d2fdabdc4db3345611f0b2791e7b4e39550414440a862089ab30710c239827151c84210d390477116ce1a837df418b6cd57c820004e1a679535d84186608e9952f93580c426aeddc761cd7fe500a1d1142c972cf9f2e79e6ecc7f65373fe6e376276e,gx-no-cache=1519817748807 HTTP/1.1" 200 48
192.168.10.56 - - [28/Feb/2018:08:38:30 -0300] "POST /cormun/servlet/solicitudgral?1ed9820a91405bd8f069a708af1e2a5e,UPD,2018,8536,,gx-no-cache=1519817752262 HTTP/1.1" 200 11824
192.168.10.56 - - [28/Feb/2018:08:38:30 -0300] "GET /cormun/servlet/solicitudgral?6c5471a6380a028b68b6ab2a83527a33c8e863260c38e0be403c93b733cc95df9a3d1080aaac34784c28aa69b5dc301334cfba33669008fea995d50831a4035108df002e5cee7ca3f907ab39ae6f85c23285237c4c69baf33ae68ed943aaf0432b80dbe5da0e1e51a9798428fa579b62,gx-no-cache=1519817752791 HTTP/1.1" 200 29
192.168.10.56 - - [28/Feb/2018:08:38:31 -0300] "POST /cormun/servlet/solicitudgral?gx-no-cache=1519817752817 HTTP/1.1" 200 1296
192.168.10.56 - - [28/Feb/2018:08:38:31 -0300] "POST /cormun/servlet/solicitudgral?gx-no-cache=1519817752912 HTTP/1.1" 200 1218
192.168.10.56 - - [28/Feb/2018:08:38:31 -0300] "POST /cormun/servlet/solicitudgral?1ed9820a91405bd8f069a708af1e2a5e,UPD,2018,8536,,gx-no-cache=1519817753015 HTTP/1.1" 200 93
192.168.10.56 - - [28/Feb/2018:08:38:31 -0300] "GET /cormun/servlet/hpexe_return? HTTP/1.1" 200 1023
192.168.10.56 - - [28/Feb/2018:08:38:32 -0300] "GET /cormun/servlet/trsolicitudgral?gx-no-cache=1519817557810 HTTP/1.1" 200 14351
192.168.10.56 - - [28/Feb/2018:08:38:33 -0300] "GET /cormun/servlet/trsolicitudgral?gx-no-cache=1519817557810 HTTP/1.1" 200 14367
191.116.11.65 - - [28/Feb/2018:08:38:36 -0300] "GET /cormun/servlet/solicitudot?d9bf4276ef60b7e0685d39565021c3fc6d891e3b51099c0f88d5eaa54f2a1168c6e1f4b94f40fa0cc6891eeb80c0c739363121ed5e9381d1afd8f0c18975963007eeee35a64c1440031c19273834d45f60bcd68fdd442985dcfe60182c7cc0de59c561f6806b622accbbe8f7a69280d13b17aa2c8c950c370eb1fdc60059cbafb954b542e8f789d5d00d11a63672d1f19b9e7a1829717b116eb1b4e8a68b5098,gx-no-cache=1519817867648 HTTP/1.1" 200 29
191.116.11.65 - - [28/Feb/2018:08:38:36 -0300] "POST /cormun/servlet/solicitudot?gx-no-cache=1519817868261 HTTP/1.1" 200 1321
191.116.11.65 - - [28/Feb/2018:08:38:37 -0300] "POST /cormun/servlet/solicitudot?gx-no-cache=1519817868675 HTTP/1.1" 200 1219
191.116.11.65 - - [28/Feb/2018:08:38:37 -0300] "GET /cormun/static/menuarrow.gif HTTP/1.1" 404 1015
191.116.11.65 - - [28/Feb/2018:08:38:41 -0300] "POST /cormun/servlet/solicitudot?gx-no-cache=1519817870770 HTTP/1.1" 200 1321
191.116.11.65 - - [28/Feb/2018:08:38:41 -0300] "POST /cormun/servlet/solicitudot?gx-no-cache=1519817872902 HTTP/1.1" 200 1219
191.116.11.65 - - [28/Feb/2018:08:38:46 -0300] "GET /cormun/servlet/solicitudot?d9bf4276ef60b7e0685d39565021c3fc35077402962402e782aa1922eee7f3c4eb1635002db82923fba51d250cabfa25,gx-no-cache=1519817876788 HTTP/1.1" 200 30
192.168.10.56 - - [28/Feb/2018:08:38:48 -0300] "GET /cormun/servlet/solicitudgral?UPD,2018,8817, HTTP/1.1" 200 11692
192.168.10.56 - - [28/Feb/2018:08:38:49 -0300] "GET /cormun/servlet/solicitudgral?UPD,2018,8817, HTTP/1.1" 200 11680
192.168.10.56 - - [28/Feb/2018:08:38:49 -0300] "POST /cormun/servlet/solicitudgral?gx-no-cache=1519817770913 HTTP/1.1" 200 3871
192.168.10.56 - - [28/Feb/2018:08:38:49 -0300] "GET /cormun/servlet/solicitudgral?6c5471a6380a028b68b6ab2a83527a33d84076505e416a26e60f2afd3cb1e89ca95145657b29feae6cce5d9b24e43983cb09fc24c4191bd5f984e07120c0fc6b160c48c9574a9f610bfcc8a54da824f4e4d14be93a7b9c925902df78f6472903fbeaa9c0804122ed6bc6380bc629a34ab0ecc14c3f0a40bb333a162cf7190ea277a189788649c5d9fcbc1b9a97abb92a08a19d03b0638a64b55dec9f4e2386919fbd429a71f5612992136dfce2701107fb9cf2f11adafeae4646b8de716afae856612b1c5cf764852c9625a50d2d0ea527da2081eb7d2c91485772a1de1f95785f10561fb071b24eae72c22f39ea7c32460e9856ea5f5f22ea3cc8e9a308aa14c5016bcb3abfd22bf1f5250db345e66d575fb8e91cca3b832cc37d232b9ddad1942b71823bbe9de9b43598c967dceb665a163fc4502b83c09056733a5bfed43bf4dff8566750086f347e44618b5af78b,gx-no-cache=1519817771189 HTTP/1.1" 200 256
192.168.10.56 - - [28/Feb/2018:08:38:51 -0300] "GET /cormun/servlet/solicitudgral?6c5471a6380a028b68b6ab2a83527a33896c4a6f94292e8d7e3ad9739f234f8094ff5616bd72ee44498ee505ae5db1978bd99c792e14c0460eebc7f49ace59e51647525fba4e5cdb93cb522c3adf15aafc3de0401a8d33bf7d7852b9e9e93bd947abe4e94d720eecab7c32499b7c5202fb384d6b9a7195fb2e7ed0d7d4a7c5b0f91861de796944af8c496367d2468d14a8b25f280a952ba2c14a799e731e799e6df047707feb7365f2230a7a946527fa27513150e6a7b68dad821448f0c36c643e1188307c4fb3d87dd26284cd56b5a1c4880734173da342cdb56b3d7ca8c63ce148f16ba0d0937c50089aacbdb3a3795bf21c294c3e3b459f915e582d5a0a0279bb4489c79462522c451f249164c4397aa62c1dd927b479032ff84956f9a79af57b877dc626286a0e1a92ad1491c5c9ae8dc91c4a68691f0abda12ac115957a0b646785b36d3d53c83fedc1ea7d2fdabdc4db3345611f0b2791e7b4e39550414440a862089ab30710c239827151c84210d390477116ce1a837df418b6cd57c820004e1a679535d84186608e9952f93580c426aeddc761cd7fe500a1d1142c972cf9f2e79e6ecc7f65373fe6e376276e,gx-no-cache=1519817773231 HTTP/1.1" 200 48
192.168.10.56 - - [28/Feb/2018:08:38:51 -0300] "POST /cormun/servlet/solicitudgral?1ed9820a91405bd8f069a708af1e2a5e,UPD,2018,8817,,gx-no-cache=1519817773274 HTTP/1.1" 200 11304
192.168.10.56 - - [28/Feb/2018:08:38:51 -0300] "GET /cormun/servlet/solicitudgral?6c5471a6380a028b68b6ab2a83527a33c8e863260c38e0be403c93b733cc95df9a3d1080aaac34784c28aa69b5dc301334cfba33669008fea995d50831a40351630ebb2ffb29bcda7b0a6ad35530b19656c2ea8e6f8af6e551c37a224a3e33087829020746c1bb148dea0a31f9404e02c7c3096bd52ea5e7800cbaa613d858362a38b593a0f8d6a1fbe8bcc3e9b191d2dea0d1ed014ad905f7429048df16adce,gx-no-cache=1519817773811 HTTP/1.1" 200 29
192.168.10.56 - - [28/Feb/2018:08:38:51 -0300] "POST /cormun/servlet/solicitudgral?gx-no-cache=1519817773834 HTTP/1.1" 200 704
186.103.158.250 - - [28/Feb/2018:08:38:52 -0300] "GET /cormun/servlet/hlogin HTTP/1.1" 200 1726
192.168.10.56 - - [28/Feb/2018:08:38:52 -0300] "POST /cormun/servlet/solicitudgral?gx-no-cache=1519817773881 HTTP/1.1" 200 626
191.116.11.65 - - [28/Feb/2018:08:38:53 -0300] "POST /cormun/servlet/solicitudot?gx-no-cache=1519817884447 HTTP/1.1" 200 30
186.103.158.250 - - [28/Feb/2018:08:38:56 -0300] "GET /cormun/static/gxcfg.js?20175251213516 HTTP/1.1" 304 -
186.103.158.250 - - [28/Feb/2018:08:38:56 -0300] "GET /cormun/static/messages.spa.js?85251 HTTP/1.1" 304 -
186.103.158.250 - - [28/Feb/2018:08:39:01 -0300] "GET /cormun/servlet/hlogin HTTP/1.1" 200 1736
191.116.11.65 - - [28/Feb/2018:08:39:18 -0300] "POST /cormun/servlet/solicitudot?ea673c95e2d72a2ecd54d7734cdba3e9,INS,0,0,,gx-no-cache=1519817908213 HTTP/1.1" 200 93
191.116.11.65 - - [28/Feb/2018:08:39:19 -0300] "GET /cormun/servlet/hpexe_return? HTTP/1.1" 200 1006
191.116.11.65 - - [28/Feb/2018:08:39:20 -0300] "GET /cormun/servlet/trsolicitudot HTTP/1.1" 200 15864
191.116.11.65 - - [28/Feb/2018:08:39:23 -0300] "GET /cormun/servlet/trsolicitudot HTTP/1.1" 200 15859
192.168.10.56 - - [28/Feb/2018:08:39:26 -0300] "POST /cormun/servlet/solicitudgral?1ed9820a91405bd8f069a708af1e2a5e,UPD,2018,8817,,gx-no-cache=1519817808156 HTTP/1.1" 200 93
192.168.10.56 - - [28/Feb/2018:08:39:26 -0300] "GET /cormun/servlet/hpexe_return? HTTP/1.1" 200 1022
192.168.10.56 - - [28/Feb/2018:08:39:27 -0300] "GET /cormun/servlet/trsolicitudgral?gx-no-cache=1519817557810 HTTP/1.1" 200 14351
192.168.10.56 - - [28/Feb/2018:08:39:28 -0300] "GET /cormun/servlet/trsolicitudgral?gx-no-cache=1519817557810 HTTP/1.1" 200 14367
186.103.158.250 - - [28/Feb/2018:08:39:30 -0300] "GET /cormun/servlet/hlogin HTTP/1.1" 200 1726
192.168.10.56 - - [28/Feb/2018:08:39:31 -0300] "POST /cormun/servlet/trsolicitudgral?1ed9820a91405bd8f069a708af1e2a5e,gx-no-cache=1519817557810,gx-no-cache=1519817813457 HTTP/1.1" 200 115
192.168.10.56 - - [28/Feb/2018:08:39:32 -0300] "GET /cormun/servlet/solicitudotlog?INS,2018,8817,0,REC, HTTP/1.1" 200 6266
192.168.10.56 - - [28/Feb/2018:08:39:32 -0300] "GET /cormun/servlet/solicitudotlog?INS,2018,8817,0,REC, HTTP/1.1" 200 6245
192.168.10.56 - - [28/Feb/2018:08:39:32 -0300] "GET /cormun/servlet/solicitudotlog?6c5471a6380a028b68b6ab2a83527a33f2f18367b29f7a4860915d769faa9663460e9856ea5f5f22ea3cc8e9a308aa14c0d985790dd54aaf36914e0666e98a679bf8d8959983e7973f11a3ccaa854c4a7620dda8b97c0b03877290ab006544e9a59dbc5242fe491e5a477b0e8868a135dd6d48a3a21804998c4c1f77c103ff87983b51df6ac66221d6a841d1f9780b2f66ddb600272f53dcd51336eb4055ca27,gx-no-cache=1519817814711 HTTP/1.1" 200 94
191.116.11.65 - - [28/Feb/2018:08:39:40 -0300] "GET /cormun/servlet/solicitudot?INS,0,0, HTTP/1.1" 200 13780
191.116.11.65 - - [28/Feb/2018:08:39:43 -0300] "GET /cormun/servlet/solicitudot?INS,0,0, HTTP/1.1" 200 13785
186.103.158.250 - - [28/Feb/2018:08:39:53 -0300] "POST /cormun/servlet/hlogin?4a8772ec5d0eeee4a7a93e0a38c35988,gx-no-cache=1519817945689 HTTP/1.1" 200 90
186.103.158.250 - - [28/Feb/2018:08:39:53 -0300] "GET /cormun/servlet/hpexe_link HTTP/1.1" 200 955
186.103.158.250 - - [28/Feb/2018:08:39:53 -0300] "GET /cormun/static/gxcfg.js?20177612121792 HTTP/1.1" 304 -
186.103.158.250 - - [28/Feb/2018:08:39:53 -0300] "GET /cormun/servlet/hhome HTTP/1.1" 200 4194
186.103.158.250 - - [28/Feb/2018:08:39:53 -0300] "GET /cormun/static/gxcfg.js?20175251212442 HTTP/1.1" 304 -
192.168.10.56 - - [28/Feb/2018:08:39:54 -0300] "POST /cormun/servlet/solicitudotlog?1ed9820a91405bd8f069a708af1e2a5e,INS,2018,8817,0,REC,,gx-no-cache=1519817836292 HTTP/1.1" 200 93
192.168.10.56 - - [28/Feb/2018:08:39:54 -0300] "GET /cormun/servlet/hpexe_return? HTTP/1.1" 200 1032
191.116.11.65 - - [28/Feb/2018:08:39:55 -0300] "POST /cormun/servlet/solicitudot?gx-no-cache=1519817946278 HTTP/1.1" 200 3423
192.168.10.56 - - [28/Feb/2018:08:39:55 -0300] "GET /cormun/servlet/trsolicitudgral?gx-no-cache=1519817557810 HTTP/1.1" 200 13967
191.116.11.65 - - [28/Feb/2018:08:39:56 -0300] "POST /cormun/servlet/solicitudot?ea673c95e2d72a2ecd54d7734cdba3e9,INS,0,0,,gx-no-cache=1519817947182 HTTP/1.1" 200 10596
192.168.10.56 - - [28/Feb/2018:08:39:56 -0300] "GET /cormun/servlet/trsolicitudgral?gx-no-cache=1519817557810 HTTP/1.1" 200 13983
186.103.158.250 - - [28/Feb/2018:08:39:58 -0300] "GET /cormun/servlet/hhome HTTP/1.1" 200 4190
191.116.11.65 - - [28/Feb/2018:08:40:03 -0300] "GET /cormun/servlet/solicitudot?d9bf4276ef60b7e0685d39565021c3fcdc04a78ff166bfd269147f44b479b37df38cb1c8650a7192658ad700f370ede3,gx-no-cache=1519817954997 HTTP/1.1" 200 30
191.116.11.65 - - [28/Feb/2018:08:40:04 -0300] "GET /cormun/servlet/solicitudot?d9bf4276ef60b7e0685d39565021c3fc171d85e31b93378aa7191a42679afc02bd3a7a6e8365ea350fba961081d8082cdfbfa5cb224f86274c6bee6735605954,gx-no-cache=1519817955630 HTTP/1.1" 200 30
191.116.11.65 - - [28/Feb/2018:08:40:04 -0300] "GET /cormun/servlet/solicitudot?d9bf4276ef60b7e0685d39565021c3fc8ab506c466ee00f745758766ce656d38,gx-no-cache=1519817955826 HTTP/1.1" 200 53
191.116.11.65 - - [28/Feb/2018:08:40:04 -0300] "POST /cormun/servlet/solicitudot?gx-no-cache=1519817955984 HTTP/1.1" 200 255
191.116.11.65 - - [28/Feb/2018:08:40:04 -0300] "GET /cormun/servlet/solicitudot?d9bf4276ef60b7e0685d39565021c3fc61b4e5fd7ed5b01f526e9a4d6db81a3d24d4fe80077bccc45909b53c412f5fb9df26e8bd2f32cb29354e9e14dbe21010b5fb37f57c4bac363f11989e7ad29bca72f1a38b7cd99a8ed20b341a48b1459578f5273f5fa01d64ef71694de57bf683d59a5445850694fb3340de87ac95adb73bb151b29aae65e439fa5e2ccbb64d170accd3ef10f7257fec3b9b01999e93be73a8508db1a2cb2bb2727026d1ed8d5bdd0bc199ddb8a789756d0fb6136105155cd39aea9e097509338ca69a0e8e9aa36b3f10346714782c0ea75aa4f458b228bea254ecac5a8d2594a2546ddd2b0cfb4064891dc58d24f56b0d92281cf4d46fb5716eb1c8e0afad034a8060c9243510c8851798910905c6d8a6e9662e0286b46959dd434271415f79674540decac89694d31b860358fe818c2389069b38596f98f802a49f96b63f06ad24fa81559be7c10f8fe03510b052c03eec025e9e311aed7a38a078f5e39a7f63a962c17ba0d7bb178087443e7bcc239a05275c8b9ecd,gx-no-cache=1519817956161 HTTP/1.1" 200 30
191.116.11.65 - - [28/Feb/2018:08:40:07 -0300] "POST /cormun/servlet/solicitudot?gx-no-cache=1519817959479 HTTP/1.1" 200 30
186.103.158.250 - - [28/Feb/2018:08:40:11 -0300] "GET /cormun/servlet/trvisualizadoreventos? HTTP/1.1" 200 6949
186.103.158.250 - - [28/Feb/2018:08:40:11 -0300] "GET /cormun/static/gxcfg.js?20175251251426 HTTP/1.1" 304 -
191.116.11.65 - - [28/Feb/2018:08:40:12 -0300] "POST /cormun/servlet/solicitudot?gx-no-cache=1519817963005 HTTP/1.1" 200 1336
191.116.11.65 - - [28/Feb/2018:08:40:12 -0300] "POST /cormun/servlet/solicitudot?gx-no-cache=1519817964112 HTTP/1.1" 200 38
186.103.158.250 - - [28/Feb/2018:08:40:15 -0300] "GET /cormun/servlet/trvisualizadoreventos? HTTP/1.1" 200 6948
192.168.10.56 - - [28/Feb/2018:08:40:18 -0300] "POST /cormun/servlet/trsolicitudgral?1ed9820a91405bd8f069a708af1e2a5e,gx-no-cache=1519817557810,gx-no-cache=1519817859353 HTTP/1.1" 200 9381
192.168.10.56 - - [28/Feb/2018:08:40:18 -0300] "GET /cormun/static/Shared/jqueryui/images/ui-bg_highlight-soft_100_c6c2c8_1x100.png HTTP/1.1" 404 1117
192.168.10.56 - - [28/Feb/2018:08:40:18 -0300] "GET /cormun/static/Shared/jqueryui/images/ui-icons_82798d_256x240.png HTTP/1.1" 404 1089
192.168.10.56 - - [28/Feb/2018:08:40:18 -0300] "GET /cormun/static/Shared/jqueryui/images/ui-bg_flat_55_fafafa_40x100.png HTTP/1.1" 404 1097
192.168.10.56 - - [28/Feb/2018:08:40:18 -0300] "GET /cormun/static/Shared/jqueryui/images/ui-icons_8d78a5_256x240.png HTTP/1.1" 404 1089
186.103.158.250 - - [28/Feb/2018:08:40:20 -0300] "POST /cormun/servlet/trvisualizadoreventos?4a8772ec5d0eeee4a7a93e0a38c35988,,gx-no-cache=1519817972293 HTTP/1.1" 200 4131
191.116.11.65 - - [28/Feb/2018:08:40:28 -0300] "GET /cormun/servlet/solicitudot?d9bf4276ef60b7e0685d39565021c3fc6d891e3b51099c0f88d5eaa54f2a1168c6e1f4b94f40fa0cc6891eeb80c0c739363121ed5e9381d1afd8f0c18975963007eeee35a64c1440031c19273834d45f60bcd68fdd442985dcfe60182c7cc0de59c561f6806b622accbbe8f7a69280d13b17aa2c8c950c370eb1fdc60059cbafb954b542e8f789d5d00d11a63672d1f19b9e7a1829717b116eb1b4e8a68b5098,gx-no-cache=1519817980222 HTTP/1.1" 200 29
191.116.11.65 - - [28/Feb/2018:08:40:28 -0300] "POST /cormun/servlet/solicitudot?gx-no-cache=1519817980394 HTTP/1.1" 200 1319
191.116.11.65 - - [28/Feb/2018:08:40:29 -0300] "POST /cormun/servlet/solicitudot?gx-no-cache=1519817980698 HTTP/1.1" 200 1219
191.116.11.65 - - [28/Feb/2018:08:40:29 -0300] "GET /cormun/static/menuarrow.gif HTTP/1.1" 404 1015
191.116.11.65 - - [28/Feb/2018:08:40:32 -0300] "POST /cormun/servlet/solicitudot?gx-no-cache=1519817984187 HTTP/1.1" 200 1319
191.116.11.65 - - [28/Feb/2018:08:40:32 -0300] "POST /cormun/servlet/solicitudot?gx-no-cache=1519817984475 HTTP/1.1" 200 1219
186.103.158.250 - - [28/Feb/2018:08:40:41 -0300] "POST /cormun/servlet/trvisualizadoreventos?4a8772ec5d0eeee4a7a93e0a38c35988,,gx-no-cache=1519817993604 HTTP/1.1" 200 4140
186.103.158.250 - - [28/Feb/2018:08:40:51 -0300] "GET /cormun/servlet/trcontratounov2? HTTP/1.1" 200 17907
186.103.158.250 - - [28/Feb/2018:08:40:51 -0300] "GET /cormun/static/gxcfg.js?201752512124396 HTTP/1.1" 304 -
192.168.10.56 - - [28/Feb/2018:08:40:53 -0300] "POST /cormun/servlet/trsolicitudgral?1ed9820a91405bd8f069a708af1e2a5e,gx-no-cache=1519817557810,gx-no-cache=1519817894904 HTTP/1.1" 200 10597
191.116.11.65 - - [28/Feb/2018:08:40:54 -0300] "GET /cormun/servlet/solicitudot?d9bf4276ef60b7e0685d39565021c3fc35077402962402e782aa1922eee7f3c4eb1635002db82923fba51d250cabfa25,gx-no-cache=1519817987998 HTTP/1.1" 200 30
186.103.158.250 - - [28/Feb/2018:08:40:54 -0300] "GET /cormun/servlet/trcontratounov2? HTTP/1.1" 200 17900
191.116.11.65 - - [28/Feb/2018:08:40:54 -0300] "POST /cormun/servlet/solicitudot?gx-no-cache=1519818006017 HTTP/1.1" 200 30
191.116.11.65 - - [28/Feb/2018:08:41:06 -0300] "POST /cormun/servlet/solicitudot?gx-no-cache=1519818017431 HTTP/1.1" 200 30
191.116.11.65 - - [28/Feb/2018:08:41:24 -0300] "POST /cormun/servlet/solicitudot?ea673c95e2d72a2ecd54d7734cdba3e9,INS,0,0,,gx-no-cache=1519818034535 HTTP/1.1" 200 93
191.116.11.65 - - [28/Feb/2018:08:41:24 -0300] "GET /cormun/servlet/hpexe_return? HTTP/1.1" 200 1006
191.116.11.65 - - [28/Feb/2018:08:41:25 -0300] "GET /cormun/servlet/trsolicitudot HTTP/1.1" 200 16253
191.116.11.65 - - [28/Feb/2018:08:41:28 -0300] "GET /cormun/servlet/trsolicitudot HTTP/1.1" 200 16248
186.103.158.250 - - [28/Feb/2018:08:41:39 -0300] "GET /cormun/servlet/trsolicitudot? HTTP/1.1" 200 7405
186.103.158.250 - - [28/Feb/2018:08:41:39 -0300] "GET /cormun/static/gxcfg.js?2017111422585916 HTTP/1.1" 200 953
186.103.158.250 - - [28/Feb/2018:08:41:39 -0300] "GET /cormun/static/trsolicitudot.js?201711142259839 HTTP/1.1" 304 -
186.103.158.250 - - [28/Feb/2018:08:41:41 -0300] "GET /cormun/servlet/trsolicitudot? HTTP/1.1" 200 7405
186.103.158.250 - - [28/Feb/2018:08:41:46 -0300] "POST /cormun/servlet/trsolicitudot?4a8772ec5d0eeee4a7a93e0a38c35988,,gx-no-cache=1519818059004 HTTP/1.1" 200 4477
186.103.158.250 - - [28/Feb/2018:08:42:00 -0300] "POST /cormun/servlet/trsolicitudot?4a8772ec5d0eeee4a7a93e0a38c35988,,gx-no-cache=1519818072956 HTTP/1.1" 200 4480
186.103.158.250 - - [28/Feb/2018:08:42:11 -0300] "POST /cormun/servlet/trsolicitudot?4a8772ec5d0eeee4a7a93e0a38c35988,,gx-no-cache=1519818084010 HTTP/1.1" 200 4481
191.116.11.65 - - [28/Feb/2018:08:42:17 -0300] "GET /cormun/servlet/solicitudot?INS,0,0, HTTP/1.1" 200 13780
191.116.11.65 - - [28/Feb/2018:08:42:20 -0300] "GET /cormun/servlet/solicitudot?INS,0,0, HTTP/1.1" 200 13785
191.116.11.65 - - [28/Feb/2018:08:42:35 -0300] "POST /cormun/servlet/solicitudot?gx-no-cache=1519818104904 HTTP/1.1" 200 3404
191.116.11.65 - - [28/Feb/2018:08:42:36 -0300] "POST /cormun/servlet/solicitudot?ea673c95e2d72a2ecd54d7734cdba3e9,INS,0,0,,gx-no-cache=1519818107388 HTTP/1.1" 200 10585
191.116.11.65 - - [28/Feb/2018:08:42:50 -0300] "GET /cormun/servlet/solicitudot?d9bf4276ef60b7e0685d39565021c3fcb4fceb977a85672079d0677b7c58e392f38cb1c8650a7192658ad700f370ede3,gx-no-cache=1519818114075 HTTP/1.1" 200 30
191.116.11.65 - - [28/Feb/2018:08:42:51 -0300] "GET /cormun/servlet/solicitudot?d9bf4276ef60b7e0685d39565021c3fc35dbed9be956f057753587735adcc4a0ceb4e4c94f565e895b3f1e53eb409fa90ec040182bae6736196ab11687e95c8d,gx-no-cache=1519818122339 HTTP/1.1" 200 30
191.116.11.65 - - [28/Feb/2018:08:42:53 -0300] "GET /cormun/servlet/solicitudot?d9bf4276ef60b7e0685d39565021c3fcfd3296187b5de6f59b34ab33ce327934,gx-no-cache=1519818123052 HTTP/1.1" 200 51
191.116.11.65 - - [28/Feb/2018:08:42:53 -0300] "POST /cormun/servlet/solicitudot?gx-no-cache=1519818124888 HTTP/1.1" 200 255
191.116.11.65 - - [28/Feb/2018:08:42:59 -0300] "GET /cormun/servlet/solicitudot?d9bf4276ef60b7e0685d39565021c3fc61b4e5fd7ed5b01f526e9a4d6db81a3d24d4fe80077bccc45909b53c412f5fb9df26e8bd2f32cb29354e9e14dbe21010b5fb37f57c4bac363f11989e7ad29bca72f1a38b7cd99a8ed20b341a48b1459578f5273f5fa01d64ef71694de57bf683d59a5445850694fb3340de87ac95adb73bb151b29aae65e439fa5e2ccbb64d170accd3ef10f7257fec3b9b01999e93be73a8508db1a2cb2bb2727026d1ed8d5bdd0bc199ddb8a789756d0fb6136105155cd39aea9e097509338ca69a0e8e9aa36b3f10346714782c0ea75aa4f458b228bea254ecac5a8d2594a2546ddd2b0cfb4064891dc58d24f56b0d92281cf4d46fb5716eb1c8e0afad034a8060c9243510c8851798910905c6d8a6e9662e0286b46959dd434271415f79674540decac89694d31b860358fe818c2389069b38596f98f802a49f96b63f06ad24fa81559be7c10f8fe03510b052c03eec025e9e311aed7a38a078f5e39a7f63a962c17ba0d7bb178087443e7bcc239a05275c8b9ecd,gx-no-cache=1519818125110 HTTP/1.1" 200 30
191.116.11.65 - - [28/Feb/2018:08:43:06 -0300] "POST /cormun/servlet/solicitudot?gx-no-cache=1519818134961 HTTP/1.1" 200 30
191.116.11.65 - - [28/Feb/2018:08:43:09 -0300] "POST /cormun/servlet/solicitudot?gx-no-cache=1519818141279 HTTP/1.1" 200 1337
191.116.11.65 - - [28/Feb/2018:08:43:10 -0300] "POST /cormun/servlet/solicitudot?gx-no-cache=1519818141709 HTTP/1.1" 200 38
191.116.11.65 - - [28/Feb/2018:08:43:24 -0300] "GET /cormun/servlet/solicitudot?d9bf4276ef60b7e0685d39565021c3fc6d891e3b51099c0f88d5eaa54f2a1168c6e1f4b94f40fa0cc6891eeb80c0c739363121ed5e9381d1afd8f0c18975963007eeee35a64c1440031c19273834d45f60bcd68fdd442985dcfe60182c7cc0de59c561f6806b622accbbe8f7a69280d13b17aa2c8c950c370eb1fdc60059cbafb954b542e8f789d5d00d11a63672d1f19b9e7a1829717b116eb1b4e8a68b5098,gx-no-cache=1519818155160 HTTP/1.1" 200 29
191.116.11.65 - - [28/Feb/2018:08:43:29 -0300] "POST /cormun/servlet/solicitudot?gx-no-cache=1519818155942 HTTP/1.1" 200 1318
191.116.11.65 - - [28/Feb/2018:08:43:33 -0300] "POST /cormun/servlet/solicitudot?gx-no-cache=1519818161158 HTTP/1.1" 200 1218
186.67.164.142 - - [28/Feb/2018:08:44:03 -0300] "POST /cormun/servlet/solicitudot?eac6fc6ed3153534fd1ee590578df272,INS,0,0,,gx-no-cache=1519818194373 HTTP/1.1" 200 11768
186.67.164.142 - - [28/Feb/2018:08:44:03 -0300] "GET /cormun/static/Shared/jqueryui/images/ui-bg_highlight-soft_100_c6c2c8_1x100.png HTTP/1.1" 404 1117
186.67.164.142 - - [28/Feb/2018:08:44:03 -0300] "GET /cormun/static/Shared/jqueryui/images/ui-icons_82798d_256x240.png HTTP/1.1" 404 1089
186.67.164.142 - - [28/Feb/2018:08:44:03 -0300] "GET /cormun/static/Shared/jqueryui/images/ui-icons_ebccce_256x240.png HTTP/1.1" 404 1089
186.67.164.142 - - [28/Feb/2018:08:44:03 -0300] "GET /cormun/static/Shared/jqueryui/images/ui-bg_flat_55_994d53_40x100.png HTTP/1.1" 404 1097
186.67.164.142 - - [28/Feb/2018:08:44:05 -0300] "POST /cormun/servlet/solicitudot?eac6fc6ed3153534fd1ee590578df272,INS,0,0,,gx-no-cache=1519818196379 HTTP/1.1" 200 11828
186.67.164.142 - - [28/Feb/2018:08:44:13 -0300] "GET /cormun/servlet/solicitudot?26e0d370e89a3d143c79b8d7211f3b28a222c5c76ffae3eb93d9d1731ce411343c532cdba3ad80678a45f04a1d19ab92,gx-no-cache=1519818205910 HTTP/1.1" 200 30
186.67.164.142 - - [28/Feb/2018:08:44:13 -0300] "GET /cormun/servlet/solicitudot?26e0d370e89a3d143c79b8d7211f3b28426d5555eb2b6af644c29aaeddb5f1c394b5075a799fe8a52db639d966303246b7ad71a672b0dc6e6094c98ccd2fd136,gx-no-cache=1519818206039 HTTP/1.1" 200 30
186.67.164.142 - - [28/Feb/2018:08:44:13 -0300] "GET /cormun/servlet/solicitudot?26e0d370e89a3d143c79b8d7211f3b2849dcd3b4e285d780a0e7d13abe2ab2a4bf1900c1bca283484f60bc20fab792719a5c7abecf02cff83ff89cc5d8d3390c5c5cc7f377e4edd0a8f6d305ddd0a4477c7fcb49ea69364b6e8851b0365b579a9a5c7abecf02cff83ff89cc5d8d3390ceb8af66299b3a2a74e8c76542900521e,gx-no-cache=1519818206133 HTTP/1.1" 200 45
186.67.164.142 - - [28/Feb/2018:08:44:14 -0300] "POST /cormun/servlet/solicitudot?gx-no-cache=1519818206230 HTTP/1.1" 200 297
186.67.164.142 - - [28/Feb/2018:08:44:14 -0300] "GET /cormun/servlet/solicitudot?26e0d370e89a3d143c79b8d7211f3b287fc05692a1525ca325d1606663db92dd1002b20eec9b67c6133b834dc4b3e065c4e78b216b09328f7474734c7ef7435dbb5a811aabd7a7db6e067d9c9eeadd3183e4df576396464810ff6dc061884d90b9b52c8eb3a5eb86d9ae236d03972a5a946bf20625854a0a3554d7808c6dbbc23d824a57b1bccb0ef71f545f862cd76e2bf6a5791aec537fa59eb0ba2ee0576129c4e6085e9e2d8349d2ed0a77f44d650ff20ab2bda76bef9353afc3a5bf4358d41fd6595afdbe720e5d0a152891cae6d00cd71c9a0cb78ff510a218535233ca21efa9f7849b9ee8b12e2da88224b7b91821112e36dbbf5ba86c2c33ce38e071a165eadc224a0994bf6dcc8c220e9aedc834888b4c707a940fae859f5de586efc0d2c379eb6e1c019925698efc251839cd2420189823a49633a324c45100a8b1d8c2534fdb12cef0d25328de573751d02a13855d4e9adce47b5479c13687635d81f53e2ab75d3abb9d44d7ed0af2886bbad8283dddabaaaa52f89312eadcb64f42b93245e8335551bc6e2a8a87c42663,gx-no-cache=1519818206725 HTTP/1.1" 200 30
186.67.164.142 - - [28/Feb/2018:08:44:16 -0300] "POST /cormun/servlet/solicitudot?gx-no-cache=1519818208637 HTTP/1.1" 200 30
191.116.11.65 - - [28/Feb/2018:08:44:58 -0300] "GET /cormun/static/menuarrow.gif HTTP/1.1" 404 1015
191.116.11.65 - - [28/Feb/2018:08:45:02 -0300] "GET /cormun/servlet/solicitudot?d9bf4276ef60b7e0685d39565021c3fc35077402962402e782aa1922eee7f3c4eb1635002db82923fba51d250cabfa25,gx-no-cache=1519818253449 HTTP/1.1" 200 30
191.116.11.65 - - [28/Feb/2018:08:45:14 -0300] "POST /cormun/servlet/solicitudot?gx-no-cache=1519818265406 HTTP/1.1" 200 30
191.116.11.65 - - [28/Feb/2018:08:45:41 -0300] "POST /cormun/servlet/solicitudot?ea673c95e2d72a2ecd54d7734cdba3e9,INS,0,0,,gx-no-cache=1519818288414 HTTP/1.1" 200 93
191.116.11.65 - - [28/Feb/2018:08:45:41 -0300] "GET /cormun/servlet/hpexe_return? HTTP/1.1" 200 1006
191.116.11.65 - - [28/Feb/2018:08:45:42 -0300] "GET /cormun/servlet/trsolicitudot HTTP/1.1" 200 16606
191.116.11.65 - - [28/Feb/2018:08:45:45 -0300] "GET /cormun/servlet/trsolicitudot HTTP/1.1" 200 16602
191.116.11.65 - - [28/Feb/2018:08:46:05 -0300] "GET /cormun/servlet/solicitudot?INS,0,0, HTTP/1.1" 200 13780
191.116.11.65 - - [28/Feb/2018:08:46:08 -0300] "GET /cormun/servlet/solicitudot?INS,0,0, HTTP/1.1" 200 13785
191.116.11.65 - - [28/Feb/2018:08:46:24 -0300] "POST /cormun/servlet/solicitudot?gx-no-cache=1519818331842 HTTP/1.1" 200 3404
191.116.11.65 - - [28/Feb/2018:08:46:25 -0300] "POST /cormun/servlet/solicitudot?ea673c95e2d72a2ecd54d7734cdba3e9,INS,0,0,,gx-no-cache=1519818335987 HTTP/1.1" 200 10584
191.116.11.65 - - [28/Feb/2018:08:46:31 -0300] "GET /cormun/servlet/solicitudot?d9bf4276ef60b7e0685d39565021c3fcb4fceb977a85672079d0677b7c58e392f38cb1c8650a7192658ad700f370ede3,gx-no-cache=1519818340240 HTTP/1.1" 200 30
191.116.11.65 - - [28/Feb/2018:08:46:33 -0300] "GET /cormun/servlet/solicitudot?d9bf4276ef60b7e0685d39565021c3fc35dbed9be956f057753587735adcc4a0ceb4e4c94f565e895b3f1e53eb409fa90ec040182bae6736196ab11687e95c8d,gx-no-cache=1519818342974 HTTP/1.1" 200 30
191.116.11.65 - - [28/Feb/2018:08:46:34 -0300] "GET /cormun/servlet/solicitudot?d9bf4276ef60b7e0685d39565021c3fcfd3296187b5de6f59b34ab33ce327934,gx-no-cache=1519818345018 HTTP/1.1" 200 51
191.116.11.65 - - [28/Feb/2018:08:46:37 -0300] "POST /cormun/servlet/solicitudot?gx-no-cache=1519818346888 HTTP/1.1" 200 255
191.116.11.65 - - [28/Feb/2018:08:46:37 -0300] "GET /cormun/servlet/solicitudot?d9bf4276ef60b7e0685d39565021c3fc61b4e5fd7ed5b01f526e9a4d6db81a3d24d4fe80077bccc45909b53c412f5fb9df26e8bd2f32cb29354e9e14dbe21010b5fb37f57c4bac363f11989e7ad29bca72f1a38b7cd99a8ed20b341a48b1459578f5273f5fa01d64ef71694de57bf683d59a5445850694fb3340de87ac95adb73bb151b29aae65e439fa5e2ccbb64d170accd3ef10f7257fec3b9b01999e93be73a8508db1a2cb2bb2727026d1ed8d5bdd0bc199ddb8a789756d0fb6136105155cd39aea9e097509338ca69a0e8e9aa36b3f10346714782c0ea75aa4f458b228bea254ecac5a8d2594a2546ddd2b0cfb4064891dc58d24f56b0d92281cf4d46fb5716eb1c8e0afad034a8060c9243510c8851798910905c6d8a6e9662e0286b46959dd434271415f79674540decac89694d31b860358fe818c2389069b38596f98f802a49f96b63f06ad24fa81559be7c10f8fe03510b052c03eec025e9e311aed7a38a078f5e39a7f63a962c17ba0d7bb178087443e7bcc239a05275c8b9ecd,gx-no-cache=1519818349173 HTTP/1.1" 200 30
191.116.11.65 - - [28/Feb/2018:08:46:45 -0300] "POST /cormun/servlet/solicitudot?gx-no-cache=1519818356996 HTTP/1.1" 200 30
192.168.10.56 - - [28/Feb/2018:08:46:48 -0300] "POST /cormun/servlet/trsolicitudgral?1ed9820a91405bd8f069a708af1e2a5e,gx-no-cache=1519817557810,gx-no-cache=1519818249910 HTTP/1.1" 200 10239
191.116.11.65 - - [28/Feb/2018:08:47:06 -0300] "POST /cormun/servlet/solicitudot?gx-no-cache=1519818376665 HTTP/1.1" 200 1337
191.116.11.65 - - [28/Feb/2018:08:47:20 -0300] "POST /cormun/servlet/solicitudot?gx-no-cache=1519818391512 HTTP/1.1" 200 38
192.168.10.56 - - [28/Feb/2018:08:47:37 -0300] "GET /cormun/servlet/solicitudgral?UPD,2018,9171, HTTP/1.1" 200 12740
192.168.10.56 - - [28/Feb/2018:08:47:38 -0300] "GET /cormun/servlet/solicitudgral?UPD,2018,9171, HTTP/1.1" 200 12729
192.168.10.56 - - [28/Feb/2018:08:47:38 -0300] "POST /cormun/servlet/solicitudgral?gx-no-cache=1519818299823 HTTP/1.1" 200 3889
192.168.10.56 - - [28/Feb/2018:08:47:38 -0300] "GET /cormun/servlet/solicitudgral?6c5471a6380a028b68b6ab2a83527a33d84076505e416a26e60f2afd3cb1e89cea98eb8c7e13a35f259754834ef56326cb09fc24c4191bd5f984e07120c0fc6b160c48c9574a9f610bfcc8a54da824f4e4d14be93a7b9c925902df78f6472903fbeaa9c0804122ed6bc6380bc629a34ab0ecc14c3f0a40bb333a162cf7190ea277a189788649c5d9fcbc1b9a97abb92a08a19d03b0638a64b55dec9f4e2386919fbd429a71f5612992136dfce2701107fb9cf2f11adafeae4646b8de716afae856612b1c5cf764852c9625a50d2d0ea527da2081eb7d2c91485772a1de1f95785f10561fb071b24eae72c22f39ea7c32460e9856ea5f5f22ea3cc8e9a308aa14c5016bcb3abfd22bf1f5250db345e66d575fb8e91cca3b832cc37d232b9ddad1942b71823bbe9de9b43598c967dceb665a163fc4502b83c09056733a5bfed43bf4dff8566750086f347e44618b5af78b,gx-no-cache=1519818300103 HTTP/1.1" 200 255
192.168.10.56 - - [28/Feb/2018:08:47:40 -0300] "GET /cormun/servlet/solicitudgral?6c5471a6380a028b68b6ab2a83527a33896c4a6f94292e8d7e3ad9739f234f800bf8f1faf8a823fa4d7a4e0f64899b45c5016bcb3abfd22bf1f5250db345e66db6b6d4c1c61c2a1a407a3e4cf5b5e77eae79e33eb7875310ffb6f3365852352dc5db09263c2ee085bcc85106cdb03eb968e54badbebae2dc1c06e80cd6b295025582c0dbb9877ea2722606b610bed7519ba87b18cb2d99fbf56d63b34db551ca72f6a0da429f0d59bc38859c81fd51f089961005dd5964d8ec85ef3098703c83c2d870168b86502a5ec3b2a055a6aa85056cb080b16b8704408afa17f192a598b2fc451014784398bf35db410410ce516de7703a25666b6d6095e2dc4df6e76f6ca86cad145a4ff836be839d817d5436a1f17425473e6f12382cc0fc8ab82fe4e54846f3c8e3a0a630828c4ab5e36152a48c1b6aec8ec78bc43d1b8794e470646f5c27ade4947850bf35ec5f53de12116102264ae35f6eea70707cc6da8fc0f06ca86cad145a4ff836be839d817d54363610166006e805b5d4f981a6f543bf1003cab7fa76873f661d3593f44df64757b01706a53f4b7a1adb5c313cb59538900090fcb35b59f6d9b1f2de1d3ab0ac4d,gx-no-cache=1519818302275 HTTP/1.1" 200 48
186.67.164.142 - - [28/Feb/2018:08:47:41 -0300] "POST /cormun/servlet/solicitudot?gx-no-cache=1519818414086 HTTP/1.1" 200 1336
186.67.164.142 - - [28/Feb/2018:08:47:41 -0300] "POST /cormun/servlet/solicitudot?gx-no-cache=1519818414299 HTTP/1.1" 200 38
192.168.10.56 - - [28/Feb/2018:08:47:44 -0300] "POST /cormun/servlet/solicitudgral?1ed9820a91405bd8f069a708af1e2a5e,UPD,2018,9171,,gx-no-cache=1519818306181 HTTP/1.1" 200 11800
192.168.10.56 - - [28/Feb/2018:08:47:44 -0300] "GET /cormun/servlet/solicitudgral?6c5471a6380a028b68b6ab2a83527a33f6b666d93107cd1d2f61052345109dd89a3d1080aaac34784c28aa69b5dc30139041f20d794116f778a6fdc7d741b62a630ebb2ffb29bcda7b0a6ad35530b19656c2ea8e6f8af6e551c37a224a3e33087829020746c1bb148dea0a31f9404e02c7c3096bd52ea5e7800cbaa613d858362a38b593a0f8d6a1fbe8bcc3e9b191d2dea0d1ed014ad905f7429048df16adce,gx-no-cache=1519818306812 HTTP/1.1" 200 29
192.168.10.56 - - [28/Feb/2018:08:47:45 -0300] "POST /cormun/servlet/solicitudgral?gx-no-cache=1519818306840 HTTP/1.1" 200 1296
192.168.10.56 - - [28/Feb/2018:08:47:45 -0300] "POST /cormun/servlet/solicitudgral?gx-no-cache=1519818306943 HTTP/1.1" 200 1219
192.168.10.56 - - [28/Feb/2018:08:47:45 -0300] "POST /cormun/servlet/solicitudgral?1ed9820a91405bd8f069a708af1e2a5e,UPD,2018,9171,,gx-no-cache=1519818307053 HTTP/1.1" 200 93
192.168.10.56 - - [28/Feb/2018:08:47:45 -0300] "GET /cormun/servlet/hpexe_return? HTTP/1.1" 200 1022
192.168.10.56 - - [28/Feb/2018:08:47:46 -0300] "GET /cormun/servlet/trsolicitudgral?gx-no-cache=1519817557810 HTTP/1.1" 200 13190
192.168.10.56 - - [28/Feb/2018:08:47:47 -0300] "GET /cormun/servlet/trsolicitudgral?gx-no-cache=1519817557810 HTTP/1.1" 200 13207
186.67.164.142 - - [28/Feb/2018:08:47:57 -0300] "GET /cormun/servlet/solicitudot?26e0d370e89a3d143c79b8d7211f3b285a6937c1a9c166d2f375d86128571acd3753ecd31b437afd97770e446eda5ec912deabe375bd7caa011fd1592453540ba7c1a80908710d3148df498a57eda949b4eaf348824e03044f8583212f20f4ebce81b214d5315213dd3a993b147469a5,gx-no-cache=1519818429789 HTTP/1.1" 200 29
186.67.164.142 - - [28/Feb/2018:08:47:57 -0300] "POST /cormun/servlet/solicitudot?gx-no-cache=1519818429921 HTTP/1.1" 200 1318
186.67.164.142 - - [28/Feb/2018:08:47:57 -0300] "POST /cormun/servlet/solicitudot?gx-no-cache=1519818430100 HTTP/1.1" 200 1219
186.67.164.142 - - [28/Feb/2018:08:48:04 -0300] "GET /cormun/static/menuarrow.gif HTTP/1.1" 404 1015
186.67.164.142 - - [28/Feb/2018:08:48:10 -0300] "GET /cormun/servlet/solicitudot?26e0d370e89a3d143c79b8d7211f3b28a5242ec76fbb48eb0e894a463381f1cb763c9878801be9d16773f570c024f01b,gx-no-cache=1519818442664 HTTP/1.1" 200 30
186.67.164.142 - - [28/Feb/2018:08:48:14 -0300] "POST /cormun/servlet/solicitudot?gx-no-cache=1519818446635 HTTP/1.1" 200 30
191.116.11.65 - - [28/Feb/2018:08:48:24 -0300] "GET /cormun/servlet/solicitudot?d9bf4276ef60b7e0685d39565021c3fc6d891e3b51099c0f88d5eaa54f2a1168c6e1f4b94f40fa0cc6891eeb80c0c739363121ed5e9381d1afd8f0c18975963007eeee35a64c1440031c19273834d45f60bcd68fdd442985dcfe60182c7cc0de59c561f6806b622accbbe8f7a69280d13b17aa2c8c950c370eb1fdc60059cbafb954b542e8f789d5d00d11a63672d1f19b9e7a1829717b116eb1b4e8a68b5098,gx-no-cache=1519818454801 HTTP/1.1" 200 29
191.116.11.65 - - [28/Feb/2018:08:48:24 -0300] "POST /cormun/servlet/solicitudot?gx-no-cache=1519818456187 HTTP/1.1" 200 1319
191.116.11.65 - - [28/Feb/2018:08:48:25 -0300] "POST /cormun/servlet/solicitudot?gx-no-cache=1519818456641 HTTP/1.1" 200 1218
192.168.10.56 - - [28/Feb/2018:08:48:25 -0300] "POST /cormun/servlet/trsolicitudgral?1ed9820a91405bd8f069a708af1e2a5e,gx-no-cache=1519817557810,gx-no-cache=1519818347171 HTTP/1.1" 200 9168
192.168.10.56 - - [28/Feb/2018:08:48:25 -0300] "GET /cormun/static/Shared/jqueryui/images/ui-icons_82798d_256x240.png HTTP/1.1" 404 1089
192.168.10.56 - - [28/Feb/2018:08:48:25 -0300] "GET /cormun/static/Shared/jqueryui/images/ui-bg_highlight-soft_100_c6c2c8_1x100.png HTTP/1.1" 404 1117
192.168.10.56 - - [28/Feb/2018:08:48:26 -0300] "GET /cormun/static/Shared/jqueryui/images/ui-bg_flat_55_fafafa_40x100.png HTTP/1.1" 404 1097
192.168.10.56 - - [28/Feb/2018:08:48:26 -0300] "GET /cormun/static/Shared/jqueryui/images/ui-icons_8d78a5_256x240.png HTTP/1.1" 404 1089
192.168.10.56 - - [28/Feb/2018:08:48:43 -0300] "POST /cormun/servlet/trsolicitudgral?1ed9820a91405bd8f069a708af1e2a5e,gx-no-cache=1519817557810,gx-no-cache=1519818364609 HTTP/1.1" 200 8735
191.116.11.65 - - [28/Feb/2018:08:49:18 -0300] "GET /cormun/static/menuarrow.gif HTTP/1.1" 404 1015
186.67.164.142 - - [28/Feb/2018:08:49:21 -0300] "POST /cormun/servlet/solicitudot?eac6fc6ed3153534fd1ee590578df272,INS,0,0,,gx-no-cache=1519818513139 HTTP/1.1" 200 93
186.67.164.142 - - [28/Feb/2018:08:49:21 -0300] "GET /cormun/servlet/hpexe_return? HTTP/1.1" 200 1006
186.67.164.142 - - [28/Feb/2018:08:49:21 -0300] "GET /cormun/servlet/trsolicitudot HTTP/1.1" 200 9042
191.116.11.65 - - [28/Feb/2018:08:49:22 -0300] "GET /cormun/servlet/solicitudot?d9bf4276ef60b7e0685d39565021c3fc35077402962402e782aa1922eee7f3c4eb1635002db82923fba51d250cabfa25,gx-no-cache=1519818513060 HTTP/1.1" 200 30
186.67.164.142 - - [28/Feb/2018:08:49:22 -0300] "GET /cormun/servlet/trsolicitudot HTTP/1.1" 200 9038
191.116.11.65 - - [28/Feb/2018:08:49:32 -0300] "POST /cormun/servlet/solicitudot?gx-no-cache=1519818523203 HTTP/1.1" 200 30
186.67.164.142 - - [28/Feb/2018:08:49:43 -0300] "POST /cormun/servlet/trsolicitudot?eac6fc6ed3153534fd1ee590578df272,gx-no-cache=1519818535314 HTTP/1.1" 200 5711
186.67.164.142 - - [28/Feb/2018:08:49:43 -0300] "GET /cormun/static/Shared/jqueryui/images/ui-bg_highlight-soft_100_c6c2c8_1x100.png HTTP/1.1" 404 1117
186.67.164.142 - - [28/Feb/2018:08:49:43 -0300] "GET /cormun/static/Shared/jqueryui/images/ui-icons_82798d_256x240.png HTTP/1.1" 404 1089
186.67.164.142 - - [28/Feb/2018:08:49:43 -0300] "GET /cormun/static/Shared/jqueryui/images/ui-icons_8d78a5_256x240.png HTTP/1.1" 404 1089
186.67.164.142 - - [28/Feb/2018:08:49:43 -0300] "GET /cormun/static/Shared/jqueryui/images/ui-bg_flat_55_fafafa_40x100.png HTTP/1.1" 404 1097
186.67.164.142 - - [28/Feb/2018:08:49:43 -0300] "POST /cormun/servlet/trsolicitudot?eac6fc6ed3153534fd1ee590578df272,gx-no-cache=1519818536003 HTTP/1.1" 200 5653
191.116.11.65 - - [28/Feb/2018:08:50:13 -0300] "POST /cormun/servlet/solicitudot?ea673c95e2d72a2ecd54d7734cdba3e9,INS,0,0,,gx-no-cache=1519818563063 HTTP/1.1" 200 93
191.116.11.65 - - [28/Feb/2018:08:50:13 -0300] "GET /cormun/servlet/hpexe_return? HTTP/1.1" 200 1006
191.116.11.65 - - [28/Feb/2018:08:50:15 -0300] "GET /cormun/servlet/trsolicitudot HTTP/1.1" 200 16912
191.116.11.65 - - [28/Feb/2018:08:50:18 -0300] "GET /cormun/servlet/trsolicitudot HTTP/1.1" 200 16908
186.67.164.142 - - [28/Feb/2018:08:50:40 -0300] "POST /cormun/servlet/trsolicitudot?eac6fc6ed3153534fd1ee590578df272,gx-no-cache=1519818592293 HTTP/1.1" 200 106
186.67.164.142 - - [28/Feb/2018:08:50:41 -0300] "GET /cormun/servlet/trsolicitudadjuntos?2018,9700, HTTP/1.1" 200 9265
186.67.164.142 - - [28/Feb/2018:08:50:42 -0300] "GET /cormun/servlet/trsolicitudadjuntos?2018,9700, HTTP/1.1" 200 9266
186.67.164.142 - - [28/Feb/2018:08:50:46 -0300] "GET /cormun/servlet/solicitudotadjuntos?INS,2018,9700,,1, HTTP/1.1" 200 6014
186.67.164.142 - - [28/Feb/2018:08:50:46 -0300] "GET /cormun/static/about:blank HTTP/1.1" 404 1011
186.67.164.142 - - [28/Feb/2018:08:50:46 -0300] "GET /cormun/servlet/solicitudotadjuntos?INS,2018,9700,,1, HTTP/1.1" 200 6007
186.67.164.142 - - [28/Feb/2018:08:50:46 -0300] "GET /cormun/servlet/solicitudotadjuntos?26e0d370e89a3d143c79b8d7211f3b28a664a0047ae671d351ba4160482196e517d6b31f230c32095302145d70c2e767,gx-no-cache=1519818599401 HTTP/1.1" 200 30
186.67.164.142 - - [28/Feb/2018:08:50:47 -0300] "POST /cormun/servlet/solicitudotadjuntos?eac6fc6ed3153534fd1ee590578df272,INS,2018,9700,,1,,gx-no-cache=1519818599540 HTTP/1.1" 200 3834
186.67.164.142 - - [28/Feb/2018:08:50:50 -0300] "POST /cormun/servlet/solicitudotadjuntos?gx-no-cache=1519818602700 HTTP/1.1" 200 26
192.168.10.56 - - [28/Feb/2018:08:50:57 -0300] "POST /cormun/servlet/trsolicitudgral?1ed9820a91405bd8f069a708af1e2a5e,gx-no-cache=1519817557810,gx-no-cache=1519818498980 HTTP/1.1" 200 8402
186.67.164.142 - - [28/Feb/2018:08:50:59 -0300] "GET /cormun/servlet/solicitudotadjuntos?26e0d370e89a3d143c79b8d7211f3b28d4f25c94f8cbc5f5295a08eb31904554,gx-no-cache=1519818612419 HTTP/1.1" 200 30
186.67.164.142 - - [28/Feb/2018:08:51:00 -0300] "GET /cormun/servlet/solicitudotadjuntos?26e0d370e89a3d143c79b8d7211f3b28d4f25c94f8cbc5f5295a08eb31904554,gx-no-cache=1519818612478 HTTP/1.1" 200 30
186.67.164.142 - - [28/Feb/2018:08:51:01 -0300] "POST /cormun/servlet/solicitudotadjuntos?eac6fc6ed3153534fd1ee590578df272,INS,2018,9700,,1, HTTP/1.1" 200 116
186.67.164.142 - - [28/Feb/2018:08:51:01 -0300] "GET /cormun/servlet/hpexe_return? HTTP/1.1" 200 1025
186.67.164.142 - - [28/Feb/2018:08:51:02 -0300] "GET /cormun/servlet/trsolicitudadjuntos?2018,9700, HTTP/1.1" 200 9525
186.67.164.142 - - [28/Feb/2018:08:51:03 -0300] "GET /cormun/servlet/trsolicitudadjuntos?2018,9700, HTTP/1.1" 200 9521
186.67.164.142 - - [28/Feb/2018:08:51:09 -0300] "POST /cormun/servlet/trsolicitudadjuntos?eac6fc6ed3153534fd1ee590578df272,2018,9700,,gx-no-cache=1519818620676 HTTP/1.1" 200 90
186.67.164.142 - - [28/Feb/2018:08:51:10 -0300] "GET /cormun/servlet/hpexe_link HTTP/1.1" 200 986
186.67.164.142 - - [28/Feb/2018:08:51:12 -0300] "GET /cormun/servlet/trsolicitudot?gx-no-cache=1519818536003 HTTP/1.1" 200 8573
186.67.164.142 - - [28/Feb/2018:08:51:13 -0300] "GET /cormun/servlet/trsolicitudot?gx-no-cache=1519818536003 HTTP/1.1" 200 8592
186.67.164.142 - - [28/Feb/2018:08:51:33 -0300] "POST /cormun/servlet/trsolicitudot?eac6fc6ed3153534fd1ee590578df272,gx-no-cache=1519818536003,gx-no-cache=1519818644530 HTTP/1.1" 200 4478
186.67.164.142 - - [28/Feb/2018:08:51:33 -0300] "GET /cormun/static/Shared/jqueryui/images/ui-bg_highlight-soft_100_c6c2c8_1x100.png HTTP/1.1" 404 1117
186.67.164.142 - - [28/Feb/2018:08:51:33 -0300] "GET /cormun/static/Shared/jqueryui/images/ui-icons_8d78a5_256x240.png HTTP/1.1" 404 1089
186.67.164.142 - - [28/Feb/2018:08:51:33 -0300] "GET /cormun/static/Shared/jqueryui/images/ui-icons_82798d_256x240.png HTTP/1.1" 404 1089
186.67.164.142 - - [28/Feb/2018:08:51:34 -0300] "POST /cormun/servlet/trsolicitudot?eac6fc6ed3153534fd1ee590578df272,gx-no-cache=1519818536003,gx-no-cache=1519818645816 HTTP/1.1" 200 4265
186.67.164.142 - - [28/Feb/2018:08:51:34 -0300] "GET /cormun/static/Shared/jqueryui/images/ui-bg_flat_55_fafafa_40x100.png HTTP/1.1" 404 1097
200.54.247.70 - - [28/Feb/2018:08:51:58 -0300] "GET /cormun/servlet/hlogin HTTP/1.1" 200 1717
200.54.247.70 - - [28/Feb/2018:08:51:59 -0300] "GET /cormun/static/Resources/Spanish/PXTools.css?11423723 HTTP/1.1" 304 -
200.54.247.70 - - [28/Feb/2018:08:51:59 -0300] "GET /cormun/static/gxgral.js?85251 HTTP/1.1" 304 -
200.54.247.70 - - [28/Feb/2018:08:51:59 -0300] "GET /cormun/static/gxcfg.js?20175251213516 HTTP/1.1" 304 -
200.54.247.70 - - [28/Feb/2018:08:51:59 -0300] "GET /cormun/static/messages.spa.js?85251 HTTP/1.1" 304 -
200.54.247.70 - - [28/Feb/2018:08:51:59 -0300] "GET /cormun/static/hlogin.js?20175251213537 HTTP/1.1" 304 -
200.54.247.70 - - [28/Feb/2018:08:51:59 -0300] "GET /cormun/static/Resources/ComunLogin.png HTTP/1.1" 304 -
200.54.247.70 - - [28/Feb/2018:08:51:59 -0300] "GET /cormun/static/gxtimezone.js?85251 HTTP/1.1" 304 -
200.54.247.70 - - [28/Feb/2018:08:51:59 -0300] "GET /cormun/static/Resources/indicator.gif HTTP/1.1" 304 -
192.168.10.56 - - [28/Feb/2018:08:52:58 -0300] "POST /cormun/servlet/trsolicitudgral?1ed9820a91405bd8f069a708af1e2a5e,gx-no-cache=1519817557810,gx-no-cache=1519818620035 HTTP/1.1" 200 7974
191.116.11.65 - - [28/Feb/2018:08:53:08 -0300] "POST /cormun/servlet/trsolicitudot?ea673c95e2d72a2ecd54d7734cdba3e9,gx-no-cache=1519818738089 HTTP/1.1" 200 105
191.116.11.65 - - [28/Feb/2018:08:53:09 -0300] "GET /cormun/servlet/solicitudot?UPD,2018,9719, HTTP/1.1" 200 15603
191.116.11.65 - - [28/Feb/2018:08:53:12 -0300] "GET /cormun/servlet/solicitudot?UPD,2018,9719, HTTP/1.1" 200 15613
191.116.11.65 - - [28/Feb/2018:08:53:12 -0300] "POST /cormun/servlet/solicitudot?gx-no-cache=1519818743669 HTTP/1.1" 200 3416
191.116.11.65 - - [28/Feb/2018:08:53:13 -0300] "POST /cormun/servlet/solicitudot?ea673c95e2d72a2ecd54d7734cdba3e9,UPD,2018,9719,,gx-no-cache=1519818744494 HTTP/1.1" 200 11775
191.116.11.65 - - [28/Feb/2018:08:53:13 -0300] "GET /cormun/servlet/solicitudot?d9bf4276ef60b7e0685d39565021c3fcd5203344883525e2aa08b4bb6890b1613d17af704887f001c3a28c2a39409f1a,gx-no-cache=1519818745497 HTTP/1.1" 200 30
191.116.11.65 - - [28/Feb/2018:08:53:14 -0300] "GET /cormun/servlet/solicitudot?d9bf4276ef60b7e0685d39565021c3fc6014f985dce93f2d7bcb47d08d3e9aa5afbefd2de1df5495f0feb80b2e4fbcbe,gx-no-cache=1519818745696 HTTP/1.1" 200 30
191.116.11.65 - - [28/Feb/2018:08:53:16 -0300] "GET /cormun/servlet/solicitudot?d9bf4276ef60b7e0685d39565021c3fc67af3c49a3ccedd8d3425bf3e052fe576422dc838e48e453cbdf1a437f803891dbb5c93676f49c9427cb5cf7b860b99fcff8d279047bbad16347717845f6ea9c,gx-no-cache=1519818747778 HTTP/1.1" 200 59
191.116.11.65 - - [28/Feb/2018:08:53:16 -0300] "POST /cormun/servlet/solicitudot?gx-no-cache=1519818747931 HTTP/1.1" 200 254
191.116.11.65 - - [28/Feb/2018:08:53:37 -0300] "GET /cormun/servlet/solicitudot?d9bf4276ef60b7e0685d39565021c3fc61b4e5fd7ed5b01f526e9a4d6db81a3d24d4fe80077bccc45909b53c412f5fb9df26e8bd2f32cb29354e9e14dbe21010b5fb37f57c4bac363f11989e7ad29bca72f1a38b7cd99a8ed20b341a48b1459578f5273f5fa01d64ef71694de57bf683d59a5445850694fb3340de87ac95adb73bb151b29aae65e439fa5e2ccbb64d170accd3ef10f7257fec3b9b01999e93be73a8508db1a2cb2bb2727026d1ed8d5bdd0bc199ddb8a789756d0fb6136105155cd39aea9e097509338ca69a0e8e9aa36b3f10346714782c0ea75aa4f458b228bea254ecac5a8d2594a2546ddd2b0cfb4064891dc58d24f56b0d92281cf4d46fb5716eb1c8e0afad034a8060c9243510c8851798910905c6d8a6e9662e0286b46959dd434271415f79674540decac89694d31b860358fe818c2389069b38596f98f802a49f96b63f06ad24fa81559be7c10f8fe03510b052c03eec025e9e311aed7a38a078f5e39a7f63a962c17ba0d7bd7d0b6d549f72f5fb794d78da2bb81d,gx-no-cache=1519818748150 HTTP/1.1" 200 30
191.116.11.65 - - [28/Feb/2018:08:53:37 -0300] "POST /cormun/servlet/solicitudot?gx-no-cache=1519818769284 HTTP/1.1" 200 30
191.116.11.65 - - [28/Feb/2018:08:53:38 -0300] "POST /cormun/servlet/solicitudot?gx-no-cache=1519818769495 HTTP/1.1" 200 1337
191.116.11.65 - - [28/Feb/2018:08:53:38 -0300] "POST /cormun/servlet/solicitudot?gx-no-cache=1519818769890 HTTP/1.1" 200 41
191.116.11.65 - - [28/Feb/2018:08:53:45 -0300] "GET /cormun/servlet/solicitudot?d9bf4276ef60b7e0685d39565021c3fcdb88e3402f4e8c749f1e150bec56949eb1fdeb20ad2146d4ef1bd94c9cd44d6380f76112627da57ac034f885ffcd8c4cb49aba7272bcdd450f67023ee662ce8399ebbcedb513c55bdd37f63781d2f1e9be4737c32cd30dc69d12106f01534d343772f9867707404c9726798d0a64674c14ac9e0da869df8496d0a676d91deec7f037618bff534e29705fde00b442d35f,gx-no-cache=1519818776211 HTTP/1.1" 200 29
191.116.11.65 - - [28/Feb/2018:08:53:45 -0300] "POST /cormun/servlet/solicitudot?gx-no-cache=1519818777004 HTTP/1.1" 200 1321
191.116.11.65 - - [28/Feb/2018:08:53:46 -0300] "POST /cormun/servlet/solicitudot?gx-no-cache=1519818777412 HTTP/1.1" 200 1219
192.168.10.56 - - [28/Feb/2018:08:53:53 -0300] "POST /cormun/servlet/trsolicitudgral?1ed9820a91405bd8f069a708af1e2a5e,gx-no-cache=1519817557810,gx-no-cache=1519818674891 HTTP/1.1" 200 7575
192.168.10.56 - - [28/Feb/2018:08:53:58 -0300] "POST /cormun/servlet/trsolicitudgral?1ed9820a91405bd8f069a708af1e2a5e,gx-no-cache=1519817557810,gx-no-cache=1519818679976 HTTP/1.1" 200 10165
191.116.11.65 - - [28/Feb/2018:08:54:05 -0300] "GET /cormun/servlet/solicitudot?d9bf4276ef60b7e0685d39565021c3fc35077402962402e782aa1922eee7f3c4eb1635002db82923fba51d250cabfa25,gx-no-cache=1519818796769 HTTP/1.1" 200 30
191.116.11.65 - - [28/Feb/2018:08:54:28 -0300] "POST /cormun/servlet/solicitudot?gx-no-cache=1519818797407 HTTP/1.1" 200 30
191.116.11.65 - - [28/Feb/2018:08:54:48 -0300] "POST /cormun/servlet/solicitudot?ea673c95e2d72a2ecd54d7734cdba3e9,UPD,2018,9719,,gx-no-cache=1519818819996 HTTP/1.1" 500 10
192.168.10.56 - - [28/Feb/2018:08:55:01 -0300] "POST /cormun/servlet/trsolicitudgral?1ed9820a91405bd8f069a708af1e2a5e,gx-no-cache=1519817557810,gx-no-cache=1519818742808 HTTP/1.1" 200 9855
192.168.10.56 - - [28/Feb/2018:08:55:13 -0300] "POST /cormun/servlet/trsolicitudgral?1ed9820a91405bd8f069a708af1e2a5e,gx-no-cache=1519817557810,gx-no-cache=1519818754847 HTTP/1.1" 200 9482
192.168.10.56 - - [28/Feb/2018:08:55:27 -0300] "POST /cormun/servlet/trsolicitudgral?1ed9820a91405bd8f069a708af1e2a5e,gx-no-cache=1519817557810,gx-no-cache=1519818769078 HTTP/1.1" 200 5913
192.168.10.56 - - [28/Feb/2018:08:55:31 -0300] "POST /cormun/servlet/trsolicitudgral?1ed9820a91405bd8f069a708af1e2a5e,gx-no-cache=1519817557810,gx-no-cache=1519818772822 HTTP/1.1" 200 10095
192.168.10.56 - - [28/Feb/2018:08:55:47 -0300] "POST /cormun/servlet/trsolicitudgral?1ed9820a91405bd8f069a708af1e2a5e,gx-no-cache=1519817557810,gx-no-cache=1519818788639 HTTP/1.1" 200 5915
192.168.10.56 - - [28/Feb/2018:08:55:51 -0300] "POST /cormun/servlet/trsolicitudgral?1ed9820a91405bd8f069a708af1e2a5e,gx-no-cache=1519817557810,gx-no-cache=1519818792630 HTTP/1.1" 200 10708
191.116.11.65 - - [28/Feb/2018:08:55:55 -0300] "GET /cormun/servlet/hlogin HTTP/1.1" 200 1723
191.116.11.65 - - [28/Feb/2018:08:55:59 -0300] "POST /cormun/servlet/hlogin?ea673c95e2d72a2ecd54d7734cdba3e9,gx-no-cache=1519818908892 HTTP/1.1" 200 90
191.116.11.65 - - [28/Feb/2018:08:55:59 -0300] "GET /cormun/servlet/hpexe_link HTTP/1.1" 200 969
191.116.11.65 - - [28/Feb/2018:08:56:00 -0300] "GET /cormun/servlet/solicitudot?UPD,2018,9719, HTTP/1.1" 200 15605
191.116.11.65 - - [28/Feb/2018:08:56:04 -0300] "GET /cormun/servlet/solicitudot?UPD,2018,9719, HTTP/1.1" 200 15613
192.168.10.56 - - [28/Feb/2018:08:56:09 -0300] "POST /cormun/servlet/trsolicitudgral?1ed9820a91405bd8f069a708af1e2a5e,gx-no-cache=1519817557810,gx-no-cache=1519818810592 HTTP/1.1" 200 5913
192.168.10.56 - - [28/Feb/2018:08:56:12 -0300] "POST /cormun/servlet/trsolicitudgral?1ed9820a91405bd8f069a708af1e2a5e,gx-no-cache=1519817557810,gx-no-cache=1519818814255 HTTP/1.1" 200 10357
191.116.11.65 - - [28/Feb/2018:08:56:24 -0300] "POST /cormun/servlet/solicitudot?gx-no-cache=1519818914960 HTTP/1.1" 500 4102
191.116.11.65 - - [28/Feb/2018:08:56:27 -0300] "POST /cormun/servlet/solicitudot?ea673c95e2d72a2ecd54d7734cdba3e9,UPD,2018,9719,,gx-no-cache=1519818938008 HTTP/1.1" 200 11740
191.116.11.65 - - [28/Feb/2018:08:56:28 -0300] "GET /cormun/servlet/solicitudot?d9bf4276ef60b7e0685d39565021c3fcd5203344883525e2aa08b4bb6890b1613d17af704887f001c3a28c2a39409f1a,gx-no-cache=1519818939790 HTTP/1.1" 200 30
191.116.11.65 - - [28/Feb/2018:08:56:28 -0300] "GET /cormun/servlet/solicitudot?d9bf4276ef60b7e0685d39565021c3fc6014f985dce93f2d7bcb47d08d3e9aa5afbefd2de1df5495f0feb80b2e4fbcbe,gx-no-cache=1519818939976 HTTP/1.1" 200 30
191.116.11.65 - - [28/Feb/2018:08:56:28 -0300] "GET /cormun/servlet/solicitudot?d9bf4276ef60b7e0685d39565021c3fc67af3c49a3ccedd8d3425bf3e052fe576422dc838e48e453cbdf1a437f803891dbb5c93676f49c9427cb5cf7b860b99fcff8d279047bbad16347717845f6ea9c,gx-no-cache=1519818940141 HTTP/1.1" 200 59
192.168.10.56 - - [28/Feb/2018:08:56:34 -0300] "POST /cormun/servlet/trsolicitudgral?1ed9820a91405bd8f069a708af1e2a5e,gx-no-cache=1519817557810,gx-no-cache=1519818835644 HTTP/1.1" 200 8894
191.116.11.65 - - [28/Feb/2018:08:56:45 -0300] "GET /cormun/servlet/solicitudot?d9bf4276ef60b7e0685d39565021c3fc61b4e5fd7ed5b01f526e9a4d6db81a3d24d4fe80077bccc45909b53c412f5fb9df26e8bd2f32cb29354e9e14dbe21010b5fb37f57c4bac363f11989e7ad29bca72f1a38b7cd99a8ed20b341a48b1459578f5273f5fa01d64ef71694de57bf683d59a5445850694fb3340de87ac95adb73bb151b29aae65e439fa5e2ccbb64d170accd3ef10f7257fec3b9b01999e93be73a8508db1a2cb2bb2727026d1ed8d5bdd0bc199ddb8a789756d0fb6136105155cd39aea9e097509338ca69a0e8e9aa36b3f10346714782c0ea75aa4f458b228bea254ecac5a8d2594a2546ddd2b0cfb4064891dc58d24f56b0d92281cf4d46fb5716eb1c8e0afad034a8060c9243510c8851798910905c6d8a6e9662e0286b46959dd434271415f79674540decac89694d31b860358fe818c2389069b38596f98f802a49f96b63f06ad24fa81559be7c10f8fe03510b052c03eec025e9e311aed7a38a078f5e39a7f63a962c17ba0d7bd7d0b6d549f72f5fb794d78da2bb81d,gx-no-cache=1519818953853 HTTP/1.1" 200 30
