186.103.159.189 - - [28/Feb/2018:17:46:06 -0300] "POST /cormun/servlet/trautorizarsolicitud?ae23179e29451e583f15a79ed4a116f0,,gx-no-cache=1519850718440 HTTP/1.1" 200 12361
186.67.172.234 - - [28/Feb/2018:17:46:18 -0300] "GET /cormun/servlet/trcontratoobservaciondir? HTTP/1.1" 200 7043
186.67.172.234 - - [28/Feb/2018:17:46:18 -0300] "GET /cormun/static/gxcfg.js?20175251262281 HTTP/1.1" 200 953
186.67.172.234 - - [28/Feb/2018:17:46:18 -0300] "GET /cormun/static/trcontratoobservaciondir.js?20175251262715 HTTP/1.1" 200 27185
186.67.172.234 - - [28/Feb/2018:17:46:18 -0300] "GET /cormun/static/Resources/PXToolsActionExcel.png HTTP/1.1" 200 3187
186.67.172.234 - - [28/Feb/2018:17:46:18 -0300] "GET /cormun/servlet/trcontratoobservaciondir? HTTP/1.1" 200 7042
186.67.172.234 - - [28/Feb/2018:17:46:27 -0300] "GET /cormun/servlet/trcontratounov2? HTTP/1.1" 200 17107
186.67.172.234 - - [28/Feb/2018:17:46:27 -0300] "GET /cormun/static/gxcfg.js?201752512124396 HTTP/1.1" 200 953
186.67.172.234 - - [28/Feb/2018:17:46:27 -0300] "GET /cormun/static/trcontratounov2.js?201752512125146 HTTP/1.1" 200 38486
186.67.172.234 - - [28/Feb/2018:17:46:27 -0300] "GET /cormun/static/Resources/PXToolsGridNew.png HTTP/1.1" 200 2949
186.67.172.234 - - [28/Feb/2018:17:46:27 -0300] "GET /cormun/static/Resources/PXToolsAddSelectedAction.png HTTP/1.1" 200 3660
186.67.172.234 - - [28/Feb/2018:17:46:29 -0300] "GET /cormun/servlet/trcontratounov2? HTTP/1.1" 200 17112
186.67.172.234 - - [28/Feb/2018:17:46:37 -0300] "GET /cormun/servlet/hlogin HTTP/1.1" 200 1740
192.168.10.56 - - [28/Feb/2018:17:47:01 -0300] "POST /cormun/servlet/trsolicitudgral?7de2b3cd2b2eb07957ac570e9accc921,gx-no-cache=1519850516964,gx-no-cache=1519850662473 HTTP/1.1" 200 7649
192.168.10.96 - - [28/Feb/2018:17:47:05 -0300] "POST /cormun/servlet/trsolicitudgral?9358842a3bed196b676a3a1a15ae6027,,gx-no-cache=1519850666544 HTTP/1.1" 200 5922
192.168.10.56 - - [28/Feb/2018:17:47:18 -0300] "POST /cormun/servlet/trsolicitudgral?7de2b3cd2b2eb07957ac570e9accc921,gx-no-cache=1519850516964,gx-no-cache=1519850679788 HTTP/1.1" 200 7305
192.168.10.56 - - [28/Feb/2018:17:47:27 -0300] "POST /cormun/servlet/trsolicitudgral?7de2b3cd2b2eb07957ac570e9accc921,gx-no-cache=1519850516964,gx-no-cache=1519850688554 HTTP/1.1" 200 6120
192.168.10.56 - - [28/Feb/2018:17:47:33 -0300] "POST /cormun/servlet/trsolicitudgral?7de2b3cd2b2eb07957ac570e9accc921,gx-no-cache=1519850516964,gx-no-cache=1519850694560 HTTP/1.1" 200 10958
186.103.158.250 - - [28/Feb/2018:17:47:45 -0300] "GET /cormun/servlet/hlogin HTTP/1.1" 200 1716
192.168.10.96 - - [28/Feb/2018:17:47:55 -0300] "POST /cormun/servlet/trsolicitudgral?9358842a3bed196b676a3a1a15ae6027,,gx-no-cache=1519850716056 HTTP/1.1" 200 5925
192.168.10.96 - - [28/Feb/2018:17:47:56 -0300] "POST /cormun/servlet/trsolicitudgral?9358842a3bed196b676a3a1a15ae6027,,gx-no-cache=1519850718006 HTTP/1.1" 200 5926
186.103.158.250 - - [28/Feb/2018:17:48:18 -0300] "POST /cormun/servlet/hlogin?9cc8a4e6e778c667891aaa7ba3c67530,gx-no-cache=1519850665654 HTTP/1.1" 200 90
186.103.158.250 - - [28/Feb/2018:17:48:18 -0300] "GET /cormun/servlet/hpexe_link HTTP/1.1" 200 944
186.103.158.250 - - [28/Feb/2018:17:48:18 -0300] "GET /cormun/servlet/hhome HTTP/1.1" 200 3963
186.103.158.250 - - [28/Feb/2018:17:48:20 -0300] "GET /cormun/servlet/hhome HTTP/1.1" 200 3961
186.103.158.250 - - [28/Feb/2018:17:48:33 -0300] "GET /cormun/servlet/trsolicitudot? HTTP/1.1" 200 8544
186.103.158.250 - - [28/Feb/2018:17:48:35 -0300] "GET /cormun/servlet/trsolicitudot? HTTP/1.1" 200 8543
186.103.158.250 - - [28/Feb/2018:17:48:40 -0300] "POST /cormun/servlet/trsolicitudot?9cc8a4e6e778c667891aaa7ba3c67530,,gx-no-cache=1519850687941 HTTP/1.1" 200 107
186.103.158.250 - - [28/Feb/2018:17:48:41 -0300] "GET /cormun/servlet/trsolicitudadjuntos?2018,9760, HTTP/1.1" 200 6066
186.103.158.250 - - [28/Feb/2018:17:48:42 -0300] "GET /cormun/servlet/trsolicitudadjuntos?2018,9760, HTTP/1.1" 200 6066
186.103.158.250 - - [28/Feb/2018:17:48:45 -0300] "GET /cormun/servlet/trsolicitudot? HTTP/1.1" 200 8544
186.103.158.250 - - [28/Feb/2018:17:48:47 -0300] "GET /cormun/servlet/trsolicitudot? HTTP/1.1" 200 8543
186.103.158.250 - - [28/Feb/2018:17:48:51 -0300] "POST /cormun/servlet/trsolicitudot?9cc8a4e6e778c667891aaa7ba3c67530,,gx-no-cache=1519850698824 HTTP/1.1" 200 107
186.103.158.250 - - [28/Feb/2018:17:48:52 -0300] "GET /cormun/servlet/trsolicitudadjuntos?2018,9760, HTTP/1.1" 200 6066
186.103.158.250 - - [28/Feb/2018:17:48:53 -0300] "GET /cormun/servlet/trsolicitudadjuntos?2018,9760, HTTP/1.1" 200 6066
186.103.158.250 - - [28/Feb/2018:17:48:56 -0300] "GET /cormun/servlet/solicitudotadjuntos?INS,2018,9760,,1, HTTP/1.1" 200 6011
186.103.158.250 - - [28/Feb/2018:17:48:57 -0300] "GET /cormun/static/about:blank HTTP/1.1" 404 1011
186.103.158.250 - - [28/Feb/2018:17:48:58 -0300] "GET /cormun/servlet/solicitudotadjuntos?INS,2018,9760,,1, HTTP/1.1" 200 6005
186.103.158.250 - - [28/Feb/2018:17:48:58 -0300] "GET /cormun/servlet/solicitudotadjuntos?4a2c6360d354dae3c6f92c1a513c1cdbca590213566d12218ddf2125b809068378cab801a285b94c9d96cf57949d270f,gx-no-cache=1519850705601 HTTP/1.1" 200 30
186.103.158.250 - - [28/Feb/2018:17:48:58 -0300] "POST /cormun/servlet/solicitudotadjuntos?9cc8a4e6e778c667891aaa7ba3c67530,INS,2018,9760,,1,,gx-no-cache=1519850705652 HTTP/1.1" 200 3820
186.103.158.250 - - [28/Feb/2018:17:49:01 -0300] "POST /cormun/servlet/solicitudotadjuntos?gx-no-cache=1519850709096 HTTP/1.1" 200 26
186.103.158.250 - - [28/Feb/2018:17:49:10 -0300] "GET /cormun/servlet/solicitudotadjuntos?4a2c6360d354dae3c6f92c1a513c1cdb29b0d53a85a6ba20a5409977d5d4bb1b,gx-no-cache=1519850717887 HTTP/1.1" 200 30
186.103.158.250 - - [28/Feb/2018:17:49:10 -0300] "GET /cormun/servlet/solicitudotadjuntos?4a2c6360d354dae3c6f92c1a513c1cdb29b0d53a85a6ba20a5409977d5d4bb1b,gx-no-cache=1519850717918 HTTP/1.1" 200 30
186.103.158.250 - - [28/Feb/2018:17:49:11 -0300] "POST /cormun/servlet/solicitudotadjuntos?9cc8a4e6e778c667891aaa7ba3c67530,INS,2018,9760,,1, HTTP/1.1" 200 116
186.103.158.250 - - [28/Feb/2018:17:49:11 -0300] "GET /cormun/servlet/hpexe_return? HTTP/1.1" 200 1022
186.103.158.250 - - [28/Feb/2018:17:49:11 -0300] "GET /cormun/servlet/trsolicitudadjuntos?2018,9760, HTTP/1.1" 200 8405
192.168.10.96 - - [28/Feb/2018:17:49:12 -0300] "POST /cormun/servlet/trsolicitudgral?9358842a3bed196b676a3a1a15ae6027,,gx-no-cache=1519850793453 HTTP/1.1" 200 5926
186.103.158.250 - - [28/Feb/2018:17:49:13 -0300] "GET /cormun/servlet/trsolicitudadjuntos?2018,9760, HTTP/1.1" 200 8401
186.103.158.250 - - [28/Feb/2018:17:49:23 -0300] "GET /cormun/servlet/solicitudotadjuntos?INS,2018,9760,,1, HTTP/1.1" 200 6011
186.103.158.250 - - [28/Feb/2018:17:49:24 -0300] "GET /cormun/static/about:blank HTTP/1.1" 404 1011
192.168.10.56 - - [28/Feb/2018:17:49:25 -0300] "POST /cormun/servlet/trsolicitudgral?7de2b3cd2b2eb07957ac570e9accc921,gx-no-cache=1519850516964,gx-no-cache=1519850805788 HTTP/1.1" 200 10628
186.103.158.250 - - [28/Feb/2018:17:49:25 -0300] "GET /cormun/servlet/solicitudotadjuntos?INS,2018,9760,,1, HTTP/1.1" 200 6005
186.103.158.250 - - [28/Feb/2018:17:49:25 -0300] "GET /cormun/servlet/solicitudotadjuntos?4a2c6360d354dae3c6f92c1a513c1cdbca590213566d12218ddf2125b809068378cab801a285b94c9d96cf57949d270f,gx-no-cache=1519850732739 HTTP/1.1" 200 30
186.103.158.250 - - [28/Feb/2018:17:49:25 -0300] "POST /cormun/servlet/solicitudotadjuntos?9cc8a4e6e778c667891aaa7ba3c67530,INS,2018,9760,,1,,gx-no-cache=1519850732793 HTTP/1.1" 200 3820
186.103.158.250 - - [28/Feb/2018:17:49:34 -0300] "POST /cormun/servlet/solicitudotadjuntos?gx-no-cache=1519850741971 HTTP/1.1" 200 26
186.103.158.250 - - [28/Feb/2018:17:49:49 -0300] "GET /cormun/servlet/solicitudotadjuntos?4a2c6360d354dae3c6f92c1a513c1cdb29b0d53a85a6ba20a5409977d5d4bb1b,gx-no-cache=1519850756390 HTTP/1.1" 200 30
186.103.158.250 - - [28/Feb/2018:17:49:49 -0300] "GET /cormun/servlet/solicitudotadjuntos?4a2c6360d354dae3c6f92c1a513c1cdb29b0d53a85a6ba20a5409977d5d4bb1b,gx-no-cache=1519850756420 HTTP/1.1" 200 30
186.103.158.250 - - [28/Feb/2018:17:49:49 -0300] "POST /cormun/servlet/solicitudotadjuntos?9cc8a4e6e778c667891aaa7ba3c67530,INS,2018,9760,,1, HTTP/1.1" 200 116
186.103.158.250 - - [28/Feb/2018:17:49:49 -0300] "GET /cormun/servlet/hpexe_return? HTTP/1.1" 200 1022
186.103.158.250 - - [28/Feb/2018:17:49:50 -0300] "GET /cormun/servlet/trsolicitudadjuntos?2018,9760, HTTP/1.1" 200 8625
186.103.158.250 - - [28/Feb/2018:17:49:52 -0300] "GET /cormun/servlet/trsolicitudadjuntos?2018,9760, HTTP/1.1" 200 8623
186.103.158.250 - - [28/Feb/2018:17:49:56 -0300] "GET /cormun/servlet/solicitudotadjuntos?INS,2018,9760,,1, HTTP/1.1" 200 6011
186.103.158.250 - - [28/Feb/2018:17:49:57 -0300] "GET /cormun/static/about:blank HTTP/1.1" 404 1011
186.103.158.250 - - [28/Feb/2018:17:49:58 -0300] "GET /cormun/servlet/solicitudotadjuntos?INS,2018,9760,,1, HTTP/1.1" 200 6005
186.103.158.250 - - [28/Feb/2018:17:49:58 -0300] "GET /cormun/servlet/solicitudotadjuntos?4a2c6360d354dae3c6f92c1a513c1cdbca590213566d12218ddf2125b809068378cab801a285b94c9d96cf57949d270f,gx-no-cache=1519850765724 HTTP/1.1" 200 30
186.103.158.250 - - [28/Feb/2018:17:49:59 -0300] "POST /cormun/servlet/solicitudotadjuntos?9cc8a4e6e778c667891aaa7ba3c67530,INS,2018,9760,,1,,gx-no-cache=1519850765781 HTTP/1.1" 200 3820
186.103.158.250 - - [28/Feb/2018:17:50:05 -0300] "POST /cormun/servlet/solicitudotadjuntos?gx-no-cache=1519850772398 HTTP/1.1" 200 26
186.103.158.250 - - [28/Feb/2018:17:50:16 -0300] "GET /cormun/servlet/solicitudotadjuntos?4a2c6360d354dae3c6f92c1a513c1cdb29b0d53a85a6ba20a5409977d5d4bb1b,gx-no-cache=1519850783959 HTTP/1.1" 200 30
186.103.158.250 - - [28/Feb/2018:17:50:16 -0300] "GET /cormun/servlet/solicitudotadjuntos?4a2c6360d354dae3c6f92c1a513c1cdb29b0d53a85a6ba20a5409977d5d4bb1b,gx-no-cache=1519850783990 HTTP/1.1" 200 30
186.103.158.250 - - [28/Feb/2018:17:50:19 -0300] "POST /cormun/servlet/solicitudotadjuntos?9cc8a4e6e778c667891aaa7ba3c67530,INS,2018,9760,,1, HTTP/1.1" 200 116
186.103.158.250 - - [28/Feb/2018:17:50:19 -0300] "GET /cormun/servlet/hpexe_return? HTTP/1.1" 200 1022
186.103.158.250 - - [28/Feb/2018:17:50:20 -0300] "GET /cormun/servlet/trsolicitudadjuntos?2018,9760, HTTP/1.1" 200 8805
186.103.158.250 - - [28/Feb/2018:17:50:21 -0300] "GET /cormun/servlet/trsolicitudadjuntos?2018,9760, HTTP/1.1" 200 8803
186.103.158.250 - - [28/Feb/2018:17:50:26 -0300] "GET /cormun/servlet/solicitudotadjuntos?INS,2018,9760,,1, HTTP/1.1" 200 6011
186.103.158.250 - - [28/Feb/2018:17:50:26 -0300] "GET /cormun/static/about:blank HTTP/1.1" 404 1011
186.103.158.250 - - [28/Feb/2018:17:50:27 -0300] "GET /cormun/servlet/solicitudotadjuntos?INS,2018,9760,,1, HTTP/1.1" 200 6005
186.103.158.250 - - [28/Feb/2018:17:50:28 -0300] "GET /cormun/servlet/solicitudotadjuntos?4a2c6360d354dae3c6f92c1a513c1cdbca590213566d12218ddf2125b809068378cab801a285b94c9d96cf57949d270f,gx-no-cache=1519850795442 HTTP/1.1" 200 30
186.103.158.250 - - [28/Feb/2018:17:50:28 -0300] "POST /cormun/servlet/solicitudotadjuntos?9cc8a4e6e778c667891aaa7ba3c67530,INS,2018,9760,,1,,gx-no-cache=1519850795488 HTTP/1.1" 200 3820
186.103.158.250 - - [28/Feb/2018:17:50:39 -0300] "POST /cormun/servlet/solicitudotadjuntos?gx-no-cache=1519850806412 HTTP/1.1" 200 26
186.103.158.250 - - [28/Feb/2018:17:51:03 -0300] "GET /cormun/servlet/solicitudotadjuntos?4a2c6360d354dae3c6f92c1a513c1cdb29b0d53a85a6ba20a5409977d5d4bb1b,gx-no-cache=1519850831191 HTTP/1.1" 200 30
186.103.158.250 - - [28/Feb/2018:17:51:04 -0300] "GET /cormun/servlet/solicitudotadjuntos?4a2c6360d354dae3c6f92c1a513c1cdb29b0d53a85a6ba20a5409977d5d4bb1b,gx-no-cache=1519850831313 HTTP/1.1" 200 30
186.103.158.250 - - [28/Feb/2018:17:51:04 -0300] "POST /cormun/servlet/solicitudotadjuntos?9cc8a4e6e778c667891aaa7ba3c67530,INS,2018,9760,,1, HTTP/1.1" 200 116
186.103.158.250 - - [28/Feb/2018:17:51:04 -0300] "GET /cormun/servlet/hpexe_return? HTTP/1.1" 200 1022
186.103.158.250 - - [28/Feb/2018:17:51:05 -0300] "GET /cormun/servlet/trsolicitudadjuntos?2018,9760, HTTP/1.1" 200 8958
186.103.158.250 - - [28/Feb/2018:17:51:07 -0300] "GET /cormun/servlet/trsolicitudadjuntos?2018,9760, HTTP/1.1" 200 8956
186.103.158.250 - - [28/Feb/2018:17:51:14 -0300] "GET /cormun/servlet/solicitudotadjuntos?INS,2018,9760,,1, HTTP/1.1" 200 6012
186.103.158.250 - - [28/Feb/2018:17:51:15 -0300] "GET /cormun/static/about:blank HTTP/1.1" 404 1011
186.103.158.250 - - [28/Feb/2018:17:51:16 -0300] "GET /cormun/servlet/solicitudotadjuntos?INS,2018,9760,,1, HTTP/1.1" 200 6005
186.103.158.250 - - [28/Feb/2018:17:51:16 -0300] "GET /cormun/servlet/solicitudotadjuntos?4a2c6360d354dae3c6f92c1a513c1cdbca590213566d12218ddf2125b809068378cab801a285b94c9d96cf57949d270f,gx-no-cache=1519850843596 HTTP/1.1" 200 30
186.103.158.250 - - [28/Feb/2018:17:51:17 -0300] "POST /cormun/servlet/solicitudotadjuntos?9cc8a4e6e778c667891aaa7ba3c67530,INS,2018,9760,,1,,gx-no-cache=1519850844005 HTTP/1.1" 200 3819
186.103.158.250 - - [28/Feb/2018:17:51:26 -0300] "POST /cormun/servlet/solicitudotadjuntos?gx-no-cache=1519850853415 HTTP/1.1" 200 26
186.103.158.250 - - [28/Feb/2018:17:51:38 -0300] "GET /cormun/servlet/solicitudotadjuntos?4a2c6360d354dae3c6f92c1a513c1cdb29b0d53a85a6ba20a5409977d5d4bb1b,gx-no-cache=1519850865288 HTTP/1.1" 200 30
186.103.158.250 - - [28/Feb/2018:17:51:38 -0300] "GET /cormun/servlet/solicitudotadjuntos?4a2c6360d354dae3c6f92c1a513c1cdb29b0d53a85a6ba20a5409977d5d4bb1b,gx-no-cache=1519850865362 HTTP/1.1" 200 30
186.103.158.250 - - [28/Feb/2018:17:51:40 -0300] "POST /cormun/servlet/solicitudotadjuntos?9cc8a4e6e778c667891aaa7ba3c67530,INS,2018,9760,,1, HTTP/1.1" 200 116
186.103.158.250 - - [28/Feb/2018:17:51:40 -0300] "GET /cormun/servlet/hpexe_return? HTTP/1.1" 200 1022
186.103.158.250 - - [28/Feb/2018:17:51:41 -0300] "GET /cormun/servlet/trsolicitudadjuntos?2018,9760, HTTP/1.1" 200 9239
186.103.158.250 - - [28/Feb/2018:17:51:43 -0300] "GET /cormun/servlet/trsolicitudadjuntos?2018,9760, HTTP/1.1" 200 9238
186.103.158.250 - - [28/Feb/2018:17:51:49 -0300] "GET /cormun/servlet/solicitudotadjuntos?INS,2018,9760,,1, HTTP/1.1" 200 6011
186.103.158.250 - - [28/Feb/2018:17:51:49 -0300] "GET /cormun/static/about:blank HTTP/1.1" 404 1011
186.103.158.250 - - [28/Feb/2018:17:51:50 -0300] "GET /cormun/servlet/solicitudotadjuntos?INS,2018,9760,,1, HTTP/1.1" 200 6005
186.103.158.250 - - [28/Feb/2018:17:51:51 -0300] "GET /cormun/servlet/solicitudotadjuntos?4a2c6360d354dae3c6f92c1a513c1cdbca590213566d12218ddf2125b809068378cab801a285b94c9d96cf57949d270f,gx-no-cache=1519850878383 HTTP/1.1" 200 30
186.103.158.250 - - [28/Feb/2018:17:51:51 -0300] "POST /cormun/servlet/solicitudotadjuntos?9cc8a4e6e778c667891aaa7ba3c67530,INS,2018,9760,,1,,gx-no-cache=1519850878430 HTTP/1.1" 200 3820
186.103.158.250 - - [28/Feb/2018:17:51:57 -0300] "POST /cormun/servlet/solicitudotadjuntos?gx-no-cache=1519850884708 HTTP/1.1" 200 26
186.103.158.250 - - [28/Feb/2018:17:52:04 -0300] "GET /cormun/servlet/solicitudotadjuntos?4a2c6360d354dae3c6f92c1a513c1cdb29b0d53a85a6ba20a5409977d5d4bb1b,gx-no-cache=1519850891830 HTTP/1.1" 200 30
186.103.158.250 - - [28/Feb/2018:17:52:04 -0300] "GET /cormun/servlet/solicitudotadjuntos?4a2c6360d354dae3c6f92c1a513c1cdb29b0d53a85a6ba20a5409977d5d4bb1b,gx-no-cache=1519850891881 HTTP/1.1" 200 30
186.103.158.250 - - [28/Feb/2018:17:52:05 -0300] "POST /cormun/servlet/solicitudotadjuntos?9cc8a4e6e778c667891aaa7ba3c67530,INS,2018,9760,,1, HTTP/1.1" 200 116
186.103.158.250 - - [28/Feb/2018:17:52:05 -0300] "GET /cormun/servlet/hpexe_return? HTTP/1.1" 200 1022
186.103.158.250 - - [28/Feb/2018:17:52:06 -0300] "GET /cormun/servlet/trsolicitudadjuntos?2018,9760, HTTP/1.1" 200 9472
186.103.158.250 - - [28/Feb/2018:17:52:08 -0300] "GET /cormun/servlet/trsolicitudadjuntos?2018,9760, HTTP/1.1" 200 9472
186.103.158.250 - - [28/Feb/2018:17:52:15 -0300] "GET /cormun/servlet/trsolicitudot? HTTP/1.1" 200 8550
186.103.158.250 - - [28/Feb/2018:17:52:16 -0300] "GET /cormun/servlet/trsolicitudot? HTTP/1.1" 200 8543
192.168.10.56 - - [28/Feb/2018:17:52:22 -0300] "POST /cormun/servlet/trsolicitudgral?7de2b3cd2b2eb07957ac570e9accc921,gx-no-cache=1519850516964,gx-no-cache=1519850983383 HTTP/1.1" 200 9313
186.103.158.250 - - [28/Feb/2018:17:52:31 -0300] "POST /cormun/servlet/trsolicitudot?9cc8a4e6e778c667891aaa7ba3c67530,,gx-no-cache=1519850918091 HTTP/1.1" 200 4469
186.103.158.250 - - [28/Feb/2018:17:52:31 -0300] "GET /cormun/static/Shared/jqueryui/images/ui-bg_highlight-soft_100_c6c2c8_1x100.png HTTP/1.1" 404 1117
186.103.158.250 - - [28/Feb/2018:17:52:31 -0300] "GET /cormun/static/Shared/jqueryui/images/ui-icons_82798d_256x240.png HTTP/1.1" 404 1089
186.103.158.250 - - [28/Feb/2018:17:52:31 -0300] "GET /cormun/static/Shared/jqueryui/images/ui-bg_flat_55_fafafa_40x100.png HTTP/1.1" 404 1097
186.103.158.250 - - [28/Feb/2018:17:52:31 -0300] "GET /cormun/static/Shared/jqueryui/images/ui-icons_8d78a5_256x240.png HTTP/1.1" 404 1089
186.103.158.250 - - [28/Feb/2018:17:52:32 -0300] "POST /cormun/servlet/trsolicitudot?9cc8a4e6e778c667891aaa7ba3c67530,,gx-no-cache=1519850918864 HTTP/1.1" 200 4262
192.168.10.96 - - [28/Feb/2018:17:52:43 -0300] "POST /cormun/servlet/trsolicitudgral?9358842a3bed196b676a3a1a15ae6027,,gx-no-cache=1519851003986 HTTP/1.1" 200 10865
192.168.10.96 - - [28/Feb/2018:17:52:49 -0300] "GET /cormun/servlet/vesolicitudgral?2018,8707,, HTTP/1.1" 200 9277
192.168.10.96 - - [28/Feb/2018:17:52:49 -0300] "GET /cormun/pexe_scrolldiv.js HTTP/1.1" 404 1009
192.168.10.96 - - [28/Feb/2018:17:52:49 -0300] "GET /cormun/pexe_scrolldiv.js HTTP/1.1" 404 1009
192.168.10.96 - - [28/Feb/2018:17:52:50 -0300] "GET /cormun/servlet/vesolicitudgral?2018,8707,, HTTP/1.1" 200 9277
192.168.10.96 - - [28/Feb/2018:17:52:52 -0300] "GET /cormun/servlet/vesolicitudgral?2018,8707,,SolicitudOTAdjuntos HTTP/1.1" 200 11552
192.168.10.96 - - [28/Feb/2018:17:52:52 -0300] "GET /cormun/pexe_scrolldiv.js HTTP/1.1" 404 1009
192.168.10.96 - - [28/Feb/2018:17:52:52 -0300] "GET /cormun/pexe_scrolldiv.js HTTP/1.1" 404 1009
192.168.10.96 - - [28/Feb/2018:17:52:54 -0300] "POST /cormun/servlet/acontrolpreferencessavestate?None,DZAMUDIO,true HTTP/1.1" 200 35
192.168.10.96 - - [28/Feb/2018:17:52:54 -0300] "GET /cormun/servlet/vesolicitudgral?2018,8707,,SolicitudOTAdjuntos HTTP/1.1" 200 11553
192.168.10.56 - - [28/Feb/2018:17:52:55 -0300] "POST /cormun/servlet/trsolicitudgral?7de2b3cd2b2eb07957ac570e9accc921,gx-no-cache=1519850516964,gx-no-cache=1519851016634 HTTP/1.1" 200 8234
192.168.10.96 - - [28/Feb/2018:17:52:59 -0300] "GET /cormun/PublicTempStorage/fotocopia_carnet9578623.pdf HTTP/1.1" 200 338369
186.103.158.250 - - [28/Feb/2018:17:53:00 -0300] "GET /cormun/servlet/trvisualizadoreventos? HTTP/1.1" 200 6704
186.103.158.250 - - [28/Feb/2018:17:53:00 -0300] "GET /cormun/static/gxcfg.js?20175251251426 HTTP/1.1" 200 953
186.103.158.250 - - [28/Feb/2018:17:53:00 -0300] "GET /cormun/static/trvisualizadoreventos.js?20175251251768 HTTP/1.1" 200 19318
186.103.158.250 - - [28/Feb/2018:17:53:00 -0300] "GET /cormun/static/Resources/PXToolsActionPrint.png HTTP/1.1" 200 3317
186.103.158.250 - - [28/Feb/2018:17:53:02 -0300] "GET /cormun/servlet/trvisualizadoreventos? HTTP/1.1" 200 6704
192.168.10.96 - - [28/Feb/2018:17:53:09 -0300] "GET /cormun/servlet/vesolicitudgral?2018,8707,,SolicitudOTAdjuntos HTTP/1.1" 200 11548
192.168.10.56 - - [28/Feb/2018:17:53:09 -0300] "POST /cormun/servlet/trsolicitudgral?7de2b3cd2b2eb07957ac570e9accc921,gx-no-cache=1519850516964,gx-no-cache=1519851030720 HTTP/1.1" 200 6156
192.168.10.96 - - [28/Feb/2018:17:53:11 -0300] "POST /cormun/servlet/acontrolpreferencessavestate?None,DZAMUDIO,true HTTP/1.1" 200 35
192.168.10.96 - - [28/Feb/2018:17:53:12 -0300] "GET /cormun/servlet/vesolicitudgral?2018,8707,,SolicitudOTAdjuntos HTTP/1.1" 200 11553
192.168.10.96 - - [28/Feb/2018:17:53:13 -0300] "GET /cormun/PublicTempStorage/certificado_anual_de_estudios5612870.pdf HTTP/1.1" 200 462043
192.168.10.56 - - [28/Feb/2018:17:53:17 -0300] "POST /cormun/servlet/trsolicitudgral?7de2b3cd2b2eb07957ac570e9accc921,gx-no-cache=1519850516964,gx-no-cache=1519851038694 HTTP/1.1" 200 11707
192.168.10.96 - - [28/Feb/2018:17:53:20 -0300] "GET /cormun/servlet/vesolicitudgral?2018,8707,,SolicitudOTAdjuntos HTTP/1.1" 200 11549
192.168.10.96 - - [28/Feb/2018:17:53:21 -0300] "POST /cormun/servlet/acontrolpreferencessavestate?None,DZAMUDIO,true HTTP/1.1" 200 35
192.168.10.96 - - [28/Feb/2018:17:53:22 -0300] "GET /cormun/servlet/vesolicitudgral?2018,8707,,SolicitudOTAdjuntos HTTP/1.1" 200 11552
192.168.10.96 - - [28/Feb/2018:17:53:22 -0300] "GET /cormun/PublicTempStorage/curriculum_vitae6063802.pdf HTTP/1.1" 200 427376
186.103.158.250 - - [28/Feb/2018:17:53:33 -0300] "GET /cormun/servlet/hlogin HTTP/1.1" 200 1724
192.168.10.96 - - [28/Feb/2018:17:53:37 -0300] "GET /cormun/servlet/vesolicitudgral?2018,8707,,SolicitudOTAdjuntos HTTP/1.1" 200 11548
192.168.10.96 - - [28/Feb/2018:17:53:38 -0300] "POST /cormun/servlet/acontrolpreferencessavestate?None,DZAMUDIO,true HTTP/1.1" 200 35
192.168.10.96 - - [28/Feb/2018:17:53:39 -0300] "GET /cormun/servlet/vesolicitudgral?2018,8707,,SolicitudOTAdjuntos HTTP/1.1" 200 11549
192.168.10.96 - - [28/Feb/2018:17:53:41 -0300] "GET /cormun/servlet/trsolicitudgral? HTTP/1.1" 200 16393
192.168.10.96 - - [28/Feb/2018:17:53:43 -0300] "GET /cormun/servlet/trsolicitudgral? HTTP/1.1" 200 16382
192.168.10.56 - - [28/Feb/2018:17:53:45 -0300] "POST /cormun/servlet/trsolicitudgral?7de2b3cd2b2eb07957ac570e9accc921,gx-no-cache=1519850516964,gx-no-cache=1519851066199 HTTP/1.1" 200 6133
192.168.10.96 - - [28/Feb/2018:17:53:47 -0300] "POST /cormun/servlet/trsolicitudgral?9358842a3bed196b676a3a1a15ae6027,,gx-no-cache=1519851067422 HTTP/1.1" 200 13169
192.168.10.56 - - [28/Feb/2018:17:53:56 -0300] "POST /cormun/servlet/trsolicitudgral?7de2b3cd2b2eb07957ac570e9accc921,gx-no-cache=1519850516964,gx-no-cache=1519851077192 HTTP/1.1" 200 12856
192.168.10.96 - - [28/Feb/2018:17:54:23 -0300] "POST /cormun/servlet/trsolicitudgral?9358842a3bed196b676a3a1a15ae6027,,gx-no-cache=1519851104490 HTTP/1.1" 200 9495
192.168.10.96 - - [28/Feb/2018:17:54:26 -0300] "POST /cormun/servlet/trsolicitudgral?9358842a3bed196b676a3a1a15ae6027,,gx-no-cache=1519851107858 HTTP/1.1" 200 105
192.168.10.96 - - [28/Feb/2018:17:54:26 -0300] "GET /cormun/SolicitudGral-3031.xls HTTP/1.1" 200 7680
192.168.10.56 - - [28/Feb/2018:17:54:31 -0300] "POST /cormun/servlet/trsolicitudgral?7de2b3cd2b2eb07957ac570e9accc921,gx-no-cache=1519850516964,gx-no-cache=1519851111866 HTTP/1.1" 200 11286
186.103.158.250 - - [28/Feb/2018:17:54:31 -0300] "POST /cormun/servlet/hlogin?5c8073d1ac70e1931795d9c42277c8f8,gx-no-cache=1519851038535 HTTP/1.1" 200 90
186.103.158.250 - - [28/Feb/2018:17:54:31 -0300] "GET /cormun/servlet/hpexe_link HTTP/1.1" 200 955
186.103.158.250 - - [28/Feb/2018:17:54:31 -0300] "GET /cormun/servlet/hhome HTTP/1.1" 200 4194
186.103.158.250 - - [28/Feb/2018:17:54:33 -0300] "GET /cormun/static/SmoothNavMenu/resources/images/right.gif HTTP/1.1" 200 860
186.103.158.250 - - [28/Feb/2018:17:54:33 -0300] "GET /cormun/servlet/hhome HTTP/1.1" 200 4191
186.103.158.250 - - [28/Feb/2018:17:54:40 -0300] "GET /cormun/servlet/trautorizarsolicitud? HTTP/1.1" 200 8657
186.103.158.250 - - [28/Feb/2018:17:54:40 -0300] "GET /cormun/static/gxcfg.js?2017111423403364 HTTP/1.1" 200 953
186.103.158.250 - - [28/Feb/2018:17:54:41 -0300] "GET /cormun/static/trautorizarsolicitud.js?201711142340425 HTTP/1.1" 200 53910
186.103.158.250 - - [28/Feb/2018:17:54:42 -0300] "GET /cormun/servlet/trautorizarsolicitud? HTTP/1.1" 200 8655
192.168.10.96 - - [28/Feb/2018:17:55:00 -0300] "POST /cormun/servlet/trsolicitudgral?9358842a3bed196b676a3a1a15ae6027,,gx-no-cache=1519851140745 HTTP/1.1" 200 14051
192.168.10.96 - - [28/Feb/2018:17:55:13 -0300] "POST /cormun/servlet/trsolicitudgral?9358842a3bed196b676a3a1a15ae6027,,gx-no-cache=1519851153891 HTTP/1.1" 200 8558
192.168.10.96 - - [28/Feb/2018:17:55:18 -0300] "POST /cormun/servlet/trsolicitudgral?9358842a3bed196b676a3a1a15ae6027,,gx-no-cache=1519851159378 HTTP/1.1" 200 9834
186.103.158.250 - - [28/Feb/2018:17:55:24 -0300] "GET /cormun/servlet/treventos?2018,9760, HTTP/1.1" 200 7862
186.103.158.250 - - [28/Feb/2018:17:55:24 -0300] "GET /cormun/static/gxcfg.js?2016101716195975 HTTP/1.1" 200 953
186.103.158.250 - - [28/Feb/2018:17:55:25 -0300] "GET /cormun/static/treventos.js?201610171620222 HTTP/1.1" 200 16064
186.103.158.250 - - [28/Feb/2018:17:55:26 -0300] "GET /cormun/servlet/treventos?2018,9760, HTTP/1.1" 200 7861
192.168.10.96 - - [28/Feb/2018:17:55:29 -0300] "POST /cormun/servlet/trsolicitudgral?9358842a3bed196b676a3a1a15ae6027,,gx-no-cache=1519851169985 HTTP/1.1" 200 11134
186.103.158.250 - - [28/Feb/2018:17:55:31 -0300] "GET /cormun/servlet/trautorizarsolicitud? HTTP/1.1" 200 8657
186.103.158.250 - - [28/Feb/2018:17:55:33 -0300] "GET /cormun/servlet/trautorizarsolicitud? HTTP/1.1" 200 8655
192.168.10.96 - - [28/Feb/2018:17:55:44 -0300] "POST /cormun/servlet/trsolicitudgral?9358842a3bed196b676a3a1a15ae6027,,gx-no-cache=1519851185520 HTTP/1.1" 200 11907
186.103.158.250 - - [28/Feb/2018:17:55:45 -0300] "POST /cormun/servlet/trautorizarsolicitud?5c8073d1ac70e1931795d9c42277c8f8,,gx-no-cache=1519851111710 HTTP/1.1" 200 115
186.103.158.250 - - [28/Feb/2018:17:55:45 -0300] "GET /cormun/servlet/solicitudotlog?INS,2018,9760,0,REC, HTTP/1.1" 200 6012
186.103.158.250 - - [28/Feb/2018:17:55:45 -0300] "GET /cormun/static/gxcfg.js?2017761245646 HTTP/1.1" 200 953
186.103.158.250 - - [28/Feb/2018:17:55:45 -0300] "GET /cormun/static/solicitudotlog.js?2017761245655 HTTP/1.1" 200 8934
186.103.158.250 - - [28/Feb/2018:17:55:46 -0300] "GET /cormun/servlet/solicitudotlog?INS,2018,9760,0,REC, HTTP/1.1" 200 6012
186.103.158.250 - - [28/Feb/2018:17:55:46 -0300] "GET /cormun/servlet/solicitudotlog?cda3699f20aad9c1c2cb28c1e54ce1dcfe6cdb4782a0dda64e5881a1d78099baa01c21aa7ebeac41363a95d2a14da0a464aedb53f5175d9178dc91db64d0d8bb76c6906f80d4b1a66ba6bf234e18fe661ddcc7cbff44aa288001716112386039c306ffae8cfbabcc4d6460f0295b04b47ac79116066b86a65c686e4694a2fcfc18413249409c4a9f1ca87ec2ca84bbd52a80d2f902f10f03882808ec28a9449b,gx-no-cache=1519851114130 HTTP/1.1" 200 94
192.168.10.96 - - [28/Feb/2018:17:55:51 -0300] "POST /cormun/servlet/trsolicitudgral?9358842a3bed196b676a3a1a15ae6027,,gx-no-cache=1519851192283 HTTP/1.1" 200 13609
192.168.10.96 - - [28/Feb/2018:17:56:02 -0300] "POST /cormun/servlet/trsolicitudgral?9358842a3bed196b676a3a1a15ae6027,,gx-no-cache=1519851202960 HTTP/1.1" 200 8437
192.168.10.96 - - [28/Feb/2018:17:56:08 -0300] "POST /cormun/servlet/trsolicitudgral?9358842a3bed196b676a3a1a15ae6027,,gx-no-cache=1519851209616 HTTP/1.1" 200 7296
192.168.10.96 - - [28/Feb/2018:17:56:12 -0300] "POST /cormun/servlet/trsolicitudgral?9358842a3bed196b676a3a1a15ae6027,,gx-no-cache=1519851213506 HTTP/1.1" 200 11908
186.103.159.189 - - [28/Feb/2018:17:56:22 -0300] "POST /cormun/servlet/trautorizarsolicitud?ae23179e29451e583f15a79ed4a116f0,,gx-no-cache=1519851333453 HTTP/1.1" 200 22692
192.168.10.56 - - [28/Feb/2018:17:56:24 -0300] "GET /cormun/servlet/hlogin HTTP/1.1" 200 1753
186.103.158.250 - - [28/Feb/2018:17:56:24 -0300] "POST /cormun/servlet/solicitudotlog?5c8073d1ac70e1931795d9c42277c8f8,INS,2018,9760,0,REC,,gx-no-cache=1519851151450 HTTP/1.1" 200 93
186.103.158.250 - - [28/Feb/2018:17:56:24 -0300] "GET /cormun/servlet/hpexe_return? HTTP/1.1" 200 1032
186.103.158.250 - - [28/Feb/2018:17:56:25 -0300] "GET /cormun/servlet/trautorizarsolicitud HTTP/1.1" 200 7313
186.103.158.250 - - [28/Feb/2018:17:56:26 -0300] "GET /cormun/servlet/trautorizarsolicitud HTTP/1.1" 200 7309
192.168.10.89 - - [28/Feb/2018:17:56:28 -0300] "POST /cormun/servlet/hlogin?70d27c3f3544cdf8bed4b232bbef580e,gx-no-cache=1519851230020 HTTP/1.1" 200 90
192.168.10.89 - - [28/Feb/2018:17:56:28 -0300] "GET /cormun/servlet/hpexe_link HTTP/1.1" 200 961
192.168.10.89 - - [28/Feb/2018:17:56:30 -0300] "GET /cormun/servlet/trsolicitudgral? HTTP/1.1" 200 25813
186.103.158.250 - - [28/Feb/2018:17:56:32 -0300] "GET /cormun/servlet/trsolicitudot? HTTP/1.1" 200 8765
186.103.158.250 - - [28/Feb/2018:17:56:33 -0300] "GET /cormun/servlet/trsolicitudot? HTTP/1.1" 200 8764
186.103.158.250 - - [28/Feb/2018:17:56:43 -0300] "POST /cormun/servlet/trsolicitudot?5c8073d1ac70e1931795d9c42277c8f8,,gx-no-cache=1519851170391 HTTP/1.1" 200 106
186.103.158.250 - - [28/Feb/2018:17:56:44 -0300] "GET /cormun/servlet/solicitudot?UPD,2018,9760, HTTP/1.1" 200 15453
186.103.158.250 - - [28/Feb/2018:17:56:46 -0300] "GET /cormun/servlet/solicitudot?UPD,2018,9760, HTTP/1.1" 200 15462
186.103.158.250 - - [28/Feb/2018:17:56:46 -0300] "POST /cormun/servlet/solicitudot?gx-no-cache=1519851173396 HTTP/1.1" 200 3396
186.103.158.250 - - [28/Feb/2018:17:56:47 -0300] "POST /cormun/servlet/solicitudot?5c8073d1ac70e1931795d9c42277c8f8,UPD,2018,9760,,gx-no-cache=1519851173888 HTTP/1.1" 200 11745
186.103.158.250 - - [28/Feb/2018:17:56:47 -0300] "GET /cormun/servlet/solicitudot?cda3699f20aad9c1c2cb28c1e54ce1dc4fa3ee818b6c11479e0b7dde2adfc88064e04783fc40a752dde835ec3350bd21,gx-no-cache=1519851174952 HTTP/1.1" 200 30
186.103.158.250 - - [28/Feb/2018:17:56:47 -0300] "GET /cormun/servlet/solicitudot?cda3699f20aad9c1c2cb28c1e54ce1dc7de63c311eb0a0043f07342f157c251f82fe3eb73eefc237d012d67b7e56970c,gx-no-cache=1519851175047 HTTP/1.1" 200 30
186.103.158.250 - - [28/Feb/2018:17:56:47 -0300] "GET /cormun/servlet/solicitudot?cda3699f20aad9c1c2cb28c1e54ce1dc55b1275d8019defb0dbd8172633671b30c0567222bcdfb1ac004a94a9eb08246fb9750ea84d607b9631f01a50682647f,gx-no-cache=1519851175105 HTTP/1.1" 200 53
186.103.158.250 - - [28/Feb/2018:17:56:47 -0300] "POST /cormun/servlet/solicitudot?gx-no-cache=1519851175174 HTTP/1.1" 200 254
186.103.158.250 - - [28/Feb/2018:17:56:48 -0300] "GET /cormun/servlet/solicitudot?cda3699f20aad9c1c2cb28c1e54ce1dcc385aaf9642ab00d2158ce7a830333e847ae934e12ccc0064c1610a72b0fc7749b126940051284ed8099899efd72082b8f68299c426d4dee3aa21134c2b851435aa73be33f6b9138524e345fba6790ba6c6178b9703e82e5d9bda8009178b63ea5d321d0e1a7b48c23a4a0d702b3474522c2a09d0c610fbf322a6263d836c3de931328bd9e2c6cf8a2428e86ed83c626db1991e749522031f99ebc04371bce8e7fcdb5c4f4a1a6fdd82e3be9a320d8adcf2a76cddc893e7dce0852d327bbd11fe1e9b12e5cb71cffe9f7f0ffc6a95b6d38f0ec8115ea0478e89727e0bb0a27cda9405b1a9c6e39442f371140ff08543598e528b8021fa07851987e440cdcb0931119cbbbaf835c7663906b5ed45dcbb50c2851a2ca6b3b86396a67b9219e34eb245d9cf8d55d3672c20508e262621c44da2263fbff198f6d36bee2db67968849a5d3af6745ebbb7a211d28cdbd6cde5b92ef822bb05ce0cfc2acc828305a9fe30bc3cee5c6c21e32f2d7c0e49be7478b,gx-no-cache=1519851175267 HTTP/1.1" 200 30
186.103.158.250 - - [28/Feb/2018:17:56:48 -0300] "POST /cormun/servlet/solicitudot?gx-no-cache=1519851175631 HTTP/1.1" 200 30
186.103.158.250 - - [28/Feb/2018:17:56:48 -0300] "POST /cormun/servlet/solicitudot?gx-no-cache=1519851175725 HTTP/1.1" 200 1337
186.103.158.250 - - [28/Feb/2018:17:56:48 -0300] "POST /cormun/servlet/solicitudot?gx-no-cache=1519851175920 HTTP/1.1" 200 41
192.168.10.89 - - [28/Feb/2018:17:56:49 -0300] "POST /cormun/servlet/trsolicitudgral?70d27c3f3544cdf8bed4b232bbef580e,,gx-no-cache=1519851250028 HTTP/1.1" 200 17300
192.168.10.89 - - [28/Feb/2018:17:56:55 -0300] "POST /cormun/servlet/trsolicitudgral?70d27c3f3544cdf8bed4b232bbef580e,,gx-no-cache=1519851256437 HTTP/1.1" 200 105
192.168.10.89 - - [28/Feb/2018:17:56:56 -0300] "GET /cormun/SolicitudGral-9439.xls HTTP/1.1" 200 17920
186.103.158.250 - - [28/Feb/2018:17:56:59 -0300] "GET /cormun/servlet/solicitudot?cda3699f20aad9c1c2cb28c1e54ce1dc26886f8638adfacbbe02c6c34e37bbd930164a06edda90a738042cb7679250aad391976c52a2bd54fa797aba3c64cbd21d43007efcce4713bbcea5b9dfb4878f699d746af5938f44f435836821d6e101c473d90a52421f2c55191ec4c6c535b3394174d2fa1d750e3cd62cda064c99baf303b8d7d30b5a459032f1457f5dbea03bf2dc7caba2d4c99c0db96726e82998,gx-no-cache=1519851186367 HTTP/1.1" 200 29
186.103.158.250 - - [28/Feb/2018:17:56:59 -0300] "POST /cormun/servlet/solicitudot?gx-no-cache=1519851186427 HTTP/1.1" 200 1319
186.103.158.250 - - [28/Feb/2018:17:56:59 -0300] "POST /cormun/servlet/solicitudot?gx-no-cache=1519851186573 HTTP/1.1" 200 1219
186.103.158.250 - - [28/Feb/2018:17:56:59 -0300] "GET /cormun/servlet/solicitudot?cda3699f20aad9c1c2cb28c1e54ce1dc7e459e920448c03034f93a2ac976eeaa0c50b85a9ef2ff164cdfe61a9794d881,gx-no-cache=1519851186709 HTTP/1.1" 200 30
186.103.158.250 - - [28/Feb/2018:17:56:59 -0300] "POST /cormun/servlet/solicitudot?gx-no-cache=1519851186766 HTTP/1.1" 200 30
192.168.10.89 - - [28/Feb/2018:17:57:02 -0300] "OPTIONS /cormun/ HTTP/1.1" 200 -
192.168.10.89 - - [28/Feb/2018:17:57:02 -0300] "OPTIONS /cormun/ HTTP/1.1" 200 -
192.168.10.89 - - [28/Feb/2018:17:57:06 -0300] "HEAD /cormun/SolicitudGral-9439.xls HTTP/1.1" 200 -
192.168.10.89 - - [28/Feb/2018:17:57:07 -0300] "HEAD /cormun/SolicitudGral-9439.xls HTTP/1.1" 200 -
192.168.10.89 - - [28/Feb/2018:17:57:14 -0300] "GET /cormun/SolicitudGral-9439.xls HTTP/1.1" 200 17920
192.168.10.89 - - [28/Feb/2018:17:57:14 -0300] "HEAD /cormun/SolicitudGral-9439.xls HTTP/1.1" 200 -
186.103.158.250 - - [28/Feb/2018:17:57:52 -0300] "POST /cormun/servlet/solicitudot?5c8073d1ac70e1931795d9c42277c8f8,UPD,2018,9760,,gx-no-cache=1519851239414 HTTP/1.1" 200 93
186.103.158.250 - - [28/Feb/2018:17:57:52 -0300] "GET /cormun/servlet/hpexe_return? HTTP/1.1" 200 1017
186.103.158.250 - - [28/Feb/2018:17:57:53 -0300] "GET /cormun/servlet/trsolicitudot HTTP/1.1" 200 8768
186.103.158.250 - - [28/Feb/2018:17:57:55 -0300] "GET /cormun/servlet/trsolicitudot HTTP/1.1" 200 8764
186.103.158.250 - - [28/Feb/2018:17:57:59 -0300] "POST /cormun/servlet/trsolicitudot?5c8073d1ac70e1931795d9c42277c8f8,gx-no-cache=1519851246058 HTTP/1.1" 200 107
186.103.158.250 - - [28/Feb/2018:17:58:00 -0300] "GET /cormun/servlet/trsolicitudadjuntos?2018,9760, HTTP/1.1" 200 9694
186.103.158.250 - - [28/Feb/2018:17:58:01 -0300] "GET /cormun/servlet/trsolicitudadjuntos?2018,9760, HTTP/1.1" 200 9698
186.103.158.250 - - [28/Feb/2018:17:58:04 -0300] "GET /cormun/servlet/trsolicitudot HTTP/1.1" 200 8768
186.103.158.250 - - [28/Feb/2018:17:58:05 -0300] "GET /cormun/servlet/trsolicitudot HTTP/1.1" 200 8764
186.103.158.250 - - [28/Feb/2018:17:58:18 -0300] "POST /cormun/servlet/trsolicitudot?5c8073d1ac70e1931795d9c42277c8f8,gx-no-cache=1519851264911 HTTP/1.1" 200 4671
186.103.158.250 - - [28/Feb/2018:17:58:18 -0300] "GET /cormun/static/Shared/jqueryui/images/ui-bg_highlight-soft_100_c6c2c8_1x100.png HTTP/1.1" 404 1117
186.103.158.250 - - [28/Feb/2018:17:58:18 -0300] "GET /cormun/static/Shared/jqueryui/images/ui-icons_82798d_256x240.png HTTP/1.1" 404 1089
186.103.158.250 - - [28/Feb/2018:17:58:18 -0300] "GET /cormun/static/Shared/jqueryui/images/ui-bg_flat_55_fafafa_40x100.png HTTP/1.1" 404 1097
186.103.158.250 - - [28/Feb/2018:17:58:18 -0300] "GET /cormun/static/Shared/jqueryui/images/ui-icons_8d78a5_256x240.png HTTP/1.1" 404 1089
186.103.158.250 - - [28/Feb/2018:17:58:19 -0300] "POST /cormun/servlet/trsolicitudot?5c8073d1ac70e1931795d9c42277c8f8,gx-no-cache=1519851266186 HTTP/1.1" 200 4459
186.103.158.250 - - [28/Feb/2018:17:58:33 -0300] "GET /cormun/servlet/hlogin HTTP/1.1" 200 1724
186.103.159.189 - - [28/Feb/2018:17:58:36 -0300] "POST /cormun/servlet/trsolicitudot?1bee017a6262e11b1badcfce7ac88a86,gx-no-cache=1519855061427 HTTP/1.1" 200 4474
186.103.159.189 - - [28/Feb/2018:17:58:46 -0300] "POST /cormun/servlet/trsolicitudot?1bee017a6262e11b1badcfce7ac88a86,gx-no-cache=1519855071009 HTTP/1.1" 200 4473
186.103.158.250 - - [28/Feb/2018:17:58:49 -0300] "POST /cormun/servlet/hlogin?5c8073d1ac70e1931795d9c42277c8f8,gx-no-cache=1519851296672 HTTP/1.1" 200 430
186.103.159.189 - - [28/Feb/2018:17:58:55 -0300] "POST /cormun/servlet/trsolicitudot?1bee017a6262e11b1badcfce7ac88a86,gx-no-cache=1519855080040 HTTP/1.1" 200 4474
186.103.159.189 - - [28/Feb/2018:17:59:02 -0300] "POST /cormun/servlet/trsolicitudot?1bee017a6262e11b1badcfce7ac88a86,gx-no-cache=1519855087679 HTTP/1.1" 200 4475
186.103.158.250 - - [28/Feb/2018:17:59:08 -0300] "POST /cormun/servlet/hlogin?5c8073d1ac70e1931795d9c42277c8f8,gx-no-cache=1519851315372 HTTP/1.1" 200 90
186.103.158.250 - - [28/Feb/2018:17:59:08 -0300] "GET /cormun/servlet/hpexe_link HTTP/1.1" 200 981
186.103.158.250 - - [28/Feb/2018:17:59:08 -0300] "GET /cormun/servlet/trsolicitudot?gx-no-cache=1519851266186 HTTP/1.1" 200 7412
186.103.159.189 - - [28/Feb/2018:17:59:09 -0300] "POST /cormun/servlet/trsolicitudot?1bee017a6262e11b1badcfce7ac88a86,gx-no-cache=1519855094656 HTTP/1.1" 200 6609
186.103.158.250 - - [28/Feb/2018:17:59:10 -0300] "GET /cormun/servlet/trsolicitudot?gx-no-cache=1519851266186 HTTP/1.1" 200 7431
186.103.158.250 - - [28/Feb/2018:17:59:18 -0300] "GET /cormun/servlet/trautorizarsolicitud? HTTP/1.1" 200 8676
186.103.158.250 - - [28/Feb/2018:17:59:19 -0300] "GET /cormun/servlet/trautorizarsolicitud? HTTP/1.1" 200 8655
186.103.159.189 - - [28/Feb/2018:17:59:21 -0300] "POST /cormun/servlet/trsolicitudot?1bee017a6262e11b1badcfce7ac88a86,gx-no-cache=1519855105952 HTTP/1.1" 200 6587
186.103.159.189 - - [28/Feb/2018:17:59:24 -0300] "POST /cormun/servlet/trsolicitudot?1bee017a6262e11b1badcfce7ac88a86,gx-no-cache=1519855109133 HTTP/1.1" 200 6587
186.103.158.250 - - [28/Feb/2018:17:59:26 -0300] "POST /cormun/servlet/trautorizarsolicitud?5c8073d1ac70e1931795d9c42277c8f8,,gx-no-cache=1519851333273 HTTP/1.1" 200 4606
186.103.158.250 - - [28/Feb/2018:17:59:26 -0300] "GET /cormun/static/Shared/jqueryui/images/ui-bg_highlight-soft_100_c6c2c8_1x100.png HTTP/1.1" 404 1117
186.103.158.250 - - [28/Feb/2018:17:59:26 -0300] "GET /cormun/static/Shared/jqueryui/images/ui-icons_82798d_256x240.png HTTP/1.1" 404 1089
186.103.158.250 - - [28/Feb/2018:17:59:26 -0300] "GET /cormun/static/Shared/jqueryui/images/ui-bg_flat_55_fafafa_40x100.png HTTP/1.1" 404 1097
186.103.158.250 - - [28/Feb/2018:17:59:26 -0300] "GET /cormun/static/Shared/jqueryui/images/ui-icons_8d78a5_256x240.png HTTP/1.1" 404 1089
186.103.158.250 - - [28/Feb/2018:17:59:27 -0300] "POST /cormun/servlet/trautorizarsolicitud?5c8073d1ac70e1931795d9c42277c8f8,,gx-no-cache=1519851334129 HTTP/1.1" 200 4397
192.168.10.96 - - [28/Feb/2018:17:59:31 -0300] "POST /cormun/servlet/trsolicitudgral?9358842a3bed196b676a3a1a15ae6027,,gx-no-cache=1519851412275 HTTP/1.1" 200 9495
192.168.10.96 - - [28/Feb/2018:17:59:34 -0300] "POST /cormun/servlet/trsolicitudgral?9358842a3bed196b676a3a1a15ae6027,,gx-no-cache=1519851415467 HTTP/1.1" 200 105
192.168.10.96 - - [28/Feb/2018:17:59:34 -0300] "GET /cormun/SolicitudGral-4976.xls HTTP/1.1" 200 7680
186.103.159.189 - - [28/Feb/2018:18:00:02 -0300] "POST /cormun/servlet/trsolicitudot?1bee017a6262e11b1badcfce7ac88a86,gx-no-cache=1519855147469 HTTP/1.1" 200 4477
186.103.159.189 - - [28/Feb/2018:18:00:13 -0300] "POST /cormun/servlet/trsolicitudot?1bee017a6262e11b1badcfce7ac88a86,gx-no-cache=1519855158787 HTTP/1.1" 200 4476
186.103.159.189 - - [28/Feb/2018:18:00:17 -0300] "GET /cormun/static/menuarrow.gif HTTP/1.1" 404 1015
186.103.159.189 - - [28/Feb/2018:18:00:23 -0300] "POST /cormun/servlet/trsolicitudot?1bee017a6262e11b1badcfce7ac88a86,gx-no-cache=1519855168369 HTTP/1.1" 200 6283
186.103.159.189 - - [28/Feb/2018:18:00:34 -0300] "POST /cormun/servlet/trsolicitudot?1bee017a6262e11b1badcfce7ac88a86,gx-no-cache=1519855179342 HTTP/1.1" 200 5836
186.103.159.189 - - [28/Feb/2018:18:00:42 -0300] "POST /cormun/servlet/trsolicitudot?1bee017a6262e11b1badcfce7ac88a86,gx-no-cache=1519855187312 HTTP/1.1" 200 10001
192.168.10.96 - - [28/Feb/2018:18:00:45 -0300] "POST /cormun/servlet/trsolicitudgral?9358842a3bed196b676a3a1a15ae6027,,gx-no-cache=1519851485907 HTTP/1.1" 200 13514
192.168.10.96 - - [28/Feb/2018:18:00:48 -0300] "POST /cormun/servlet/trsolicitudgral?9358842a3bed196b676a3a1a15ae6027,,gx-no-cache=1519851488939 HTTP/1.1" 200 105
192.168.10.96 - - [28/Feb/2018:18:00:48 -0300] "GET /cormun/SolicitudGral-9969.xls HTTP/1.1" 200 12288
186.103.159.189 - - [28/Feb/2018:18:01:23 -0300] "POST /cormun/servlet/trsolicitudot?1bee017a6262e11b1badcfce7ac88a86,gx-no-cache=1519855227955 HTTP/1.1" 200 4475
157.55.39.42 - - [28/Feb/2018:18:01:43 -0300] "GET /cormun/servlet/hlogin HTTP/1.1" 200 1707
192.168.10.96 - - [28/Feb/2018:18:01:47 -0300] "POST /cormun/servlet/trsolicitudgral?9358842a3bed196b676a3a1a15ae6027,,gx-no-cache=1519851548881 HTTP/1.1" 200 5948
192.168.10.96 - - [28/Feb/2018:18:01:52 -0300] "POST /cormun/servlet/trsolicitudgral?9358842a3bed196b676a3a1a15ae6027,,gx-no-cache=1519851552983 HTTP/1.1" 200 9869
186.103.159.189 - - [28/Feb/2018:18:01:59 -0300] "POST /cormun/servlet/trsolicitudot?1bee017a6262e11b1badcfce7ac88a86,gx-no-cache=1519855263996 HTTP/1.1" 200 4475
186.103.159.189 - - [28/Feb/2018:18:02:07 -0300] "POST /cormun/servlet/trsolicitudot?1bee017a6262e11b1badcfce7ac88a86,gx-no-cache=1519855272393 HTTP/1.1" 200 6379
186.103.159.189 - - [28/Feb/2018:18:02:14 -0300] "POST /cormun/servlet/trsolicitudot?1bee017a6262e11b1badcfce7ac88a86,gx-no-cache=1519855279104 HTTP/1.1" 200 12495
186.103.159.189 - - [28/Feb/2018:18:02:18 -0300] "POST /cormun/servlet/trautorizarsolicitud?ae23179e29451e583f15a79ed4a116f0,,gx-no-cache=1519851690644 HTTP/1.1" 200 6295
186.103.159.189 - - [28/Feb/2018:18:02:27 -0300] "POST /cormun/servlet/trautorizarsolicitud?ae23179e29451e583f15a79ed4a116f0,,gx-no-cache=1519851699295 HTTP/1.1" 200 12361
157.55.39.190 - - [28/Feb/2018:18:02:29 -0300] "GET /cormun/static/PXToolsJavascripts/pexe_tabs.js HTTP/1.1" 200 3748
157.55.39.190 - - [28/Feb/2018:18:02:29 -0300] "GET /cormun/static/PXToolsJavascripts/pexe_windows.js HTTP/1.1" 200 15207
157.55.39.190 - - [28/Feb/2018:18:02:30 -0300] "GET /cormun/static/Resources/PXToolsDataTitle.png HTTP/1.1" 200 1173
157.55.39.190 - - [28/Feb/2018:18:02:30 -0300] "GET /cormun/static/calendar-system.css?75620 HTTP/1.1" 200 5572
157.55.39.190 - - [28/Feb/2018:18:02:30 -0300] "GET /cormun/static/calendar.js?85251 HTTP/1.1" 200 26246
157.55.39.190 - - [28/Feb/2018:18:02:31 -0300] "GET /cormun/static/cmcontrolpreferences.js?201752511465670 HTTP/1.1" 200 1375
157.55.39.190 - - [28/Feb/2018:18:02:31 -0300] "GET /cormun/static/gxpopupSD.js?85251 HTTP/1.1" 200 22377
157.55.39.190 - - [28/Feb/2018:18:02:32 -0300] "GET /cormun/static/hpexe_scripts.js?201752511465715 HTTP/1.1" 200 1544
157.55.39.190 - - [28/Feb/2018:18:02:32 -0300] "GET /cormun/static/rijndaelSD.js?85251 HTTP/1.1" 200 6763
207.46.13.82 - - [28/Feb/2018:18:02:32 -0300] "GET /cormun/static/PXToolsJavascripts/PXToolsJavascriptsRender.js HTTP/1.1" 200 367
207.46.13.82 - - [28/Feb/2018:18:02:32 -0300] "GET /cormun/static/PXToolsJavascripts/pexe_menus.js HTTP/1.1" 200 1286
207.46.13.82 - - [28/Feb/2018:18:02:33 -0300] "GET /cormun/static/Resources/PXToolsDataSearch.png HTTP/1.1" 200 419
186.103.159.189 - - [28/Feb/2018:18:02:34 -0300] "POST /cormun/servlet/trsolicitudot?1bee017a6262e11b1badcfce7ac88a86,gx-no-cache=1519855299219 HTTP/1.1" 200 4474
207.46.13.82 - - [28/Feb/2018:18:02:34 -0300] "GET /cormun/static/Shared/jqueryui/jquery-ui.min.js HTTP/1.1" 200 240427
207.46.13.82 - - [28/Feb/2018:18:02:35 -0300] "GET /cormun/static/gxapiSD.js?85251 HTTP/1.1" 200 78773
207.46.13.82 - - [28/Feb/2018:18:02:35 -0300] "GET /cormun/static/gxgralSD.js?85251 HTTP/1.1" 200 20927
207.46.13.82 - - [28/Feb/2018:18:02:36 -0300] "GET /cormun/static/gxui/gxui-all.css?110300 HTTP/1.1" 200 2179
207.46.13.82 - - [28/Feb/2018:18:02:36 -0300] "GET /cormun/static/scaMessage/scaMessageRender.js HTTP/1.1" 200 11977
157.55.39.42 - - [28/Feb/2018:18:02:40 -0300] "GET /cormun/static/JavaScripTableSD.js?85251 HTTP/1.1" 200 25100
186.103.159.189 - - [28/Feb/2018:18:02:40 -0300] "POST /cormun/servlet/trsolicitudot?1bee017a6262e11b1badcfce7ac88a86,gx-no-cache=1519855305681 HTTP/1.1" 200 6283
157.55.39.42 - - [28/Feb/2018:18:02:40 -0300] "GET /cormun/static/PXToolsJavascripts/pexe_griddivfix.js HTTP/1.1" 200 6644
157.55.39.42 - - [28/Feb/2018:18:02:41 -0300] "GET /cormun/static/PXToolsJavascripts/pexe_cookies.js HTTP/1.1" 200 792
157.55.39.42 - - [28/Feb/2018:18:02:41 -0300] "GET /cormun/static/PXToolsJavascripts/pexe_layers.js HTTP/1.1" 200 4114
157.55.39.42 - - [28/Feb/2018:18:02:41 -0300] "GET /cormun/static/PXToolsJavascripts/pexe_scrolldiv.js HTTP/1.1" 200 4138
157.55.39.42 - - [28/Feb/2018:18:02:41 -0300] "GET /cormun/static/Resources/PXToolsButtonLeft21.png HTTP/1.1" 200 1287
157.55.39.42 - - [28/Feb/2018:18:02:42 -0300] "GET /cormun/static/Resources/PXToolsButtonRight21.png HTTP/1.1" 200 1283
157.55.39.42 - - [28/Feb/2018:18:02:42 -0300] "GET /cormun/static/Resources/PXToolsGridFirstDisabled.gif HTTP/1.1" 200 100
157.55.39.42 - - [28/Feb/2018:18:02:42 -0300] "GET /cormun/static/SmoothNavMenu/resources/ddsmoothmenu.css?1012540 HTTP/1.1" 200 2223
157.55.39.42 - - [28/Feb/2018:18:02:42 -0300] "GET /cormun/static/gxcfg.js?85251 HTTP/1.1" 200 953
157.55.39.42 - - [28/Feb/2018:18:02:43 -0300] "GET /cormun/static/gxfrmutlSD.js?85251 HTTP/1.1" 200 89044
157.55.39.42 - - [28/Feb/2018:18:02:44 -0300] "GET /cormun/static/gxgridSD.js?85251 HTTP/1.1" 200 50735
157.55.39.42 - - [28/Feb/2018:18:02:44 -0300] "GET /cormun/static/gxhtmlSD.js?85251 HTTP/1.1" 200 50424
157.55.39.42 - - [28/Feb/2018:18:02:45 -0300] "GET /cormun/static/gxui/gxui-all.js HTTP/1.1" 200 107772
157.55.39.42 - - [28/Feb/2018:18:02:46 -0300] "GET /cormun/static/hpexe_recentlink.js?20177611595044 HTTP/1.1" 200 2144
157.55.39.42 - - [28/Feb/2018:18:02:46 -0300] "GET /cormun/static/messages.spa.js?85251 HTTP/1.1" 200 30736
157.55.39.42 - - [28/Feb/2018:18:02:46 -0300] "GET /cormun/static/scaMessage/css/jquery.pnotify.default.css?1716380 HTTP/1.1" 200 1707
186.103.159.189 - - [28/Feb/2018:18:02:47 -0300] "POST /cormun/servlet/trsolicitudot?1bee017a6262e11b1badcfce7ac88a86,gx-no-cache=1519855311602 HTTP/1.1" 200 5835
40.77.167.102 - - [28/Feb/2018:18:02:49 -0300] "GET /cormun/static/PXToolsJavascripts/pexe_menudivfix.js HTTP/1.1" 200 333
40.77.167.102 - - [28/Feb/2018:18:02:50 -0300] "GET /cormun/static/PXToolsJavascripts/pexe_tabdivfix.js HTTP/1.1" 200 876
40.77.167.102 - - [28/Feb/2018:18:02:50 -0300] "GET /cormun/static/Resources/PXToolsActionExcel.png HTTP/1.1" 200 3187
40.77.167.102 - - [28/Feb/2018:18:02:50 -0300] "GET /cormun/static/Resources/PXToolsFooterBackground2.png HTTP/1.1" 200 1172
40.77.167.102 - - [28/Feb/2018:18:02:50 -0300] "GET /cormun/static/Resources/PXToolsHeaderBackground2.png HTTP/1.1" 200 1174
40.77.167.102 - - [28/Feb/2018:18:02:50 -0300] "GET /cormun/static/Resources/logo4.png HTTP/1.1" 200 6582
40.77.167.102 - - [28/Feb/2018:18:02:52 -0300] "GET /cormun/static/Shared/ext/resources/css/ext-all.css?205870 HTTP/1.1" 200 416045
40.77.167.102 - - [28/Feb/2018:18:02:53 -0300] "GET /cormun/static/SmoothNavMenu/resources/SmoothNavMenuRender.js HTTP/1.1" 200 5951
186.103.159.189 - - [28/Feb/2018:18:02:53 -0300] "POST /cormun/servlet/trsolicitudot?1bee017a6262e11b1badcfce7ac88a86,gx-no-cache=1519855318112 HTTP/1.1" 200 10001
40.77.167.102 - - [28/Feb/2018:18:02:53 -0300] "GET /cormun/static/gxdec.js?85251 HTTP/1.1" 200 19579
40.77.167.102 - - [28/Feb/2018:18:02:53 -0300] "GET /cormun/static/gxfxSD.js?85251 HTTP/1.1" 200 15384
40.77.167.102 - - [28/Feb/2018:18:02:54 -0300] "GET /cormun/static/hpexe_messagegenexuscomponent.js?201752511465344 HTTP/1.1" 200 587
181.73.124.116 - - [28/Feb/2018:18:03:36 -0300] "GET /cormun/servlet/trcontratosolicitud? HTTP/1.1" 200 5723
181.73.124.116 - - [28/Feb/2018:18:03:42 -0300] "GET /cormun/servlet/hlogin HTTP/1.1" 200 1742
181.73.124.116 - - [28/Feb/2018:18:03:42 -0300] "GET /cormun/servlet/trcontratosolicitud? HTTP/1.1" 200 5733
186.103.159.189 - - [28/Feb/2018:18:04:30 -0300] "GET /cormun/servlet/hlogin HTTP/1.1" 200 1723
186.103.159.189 - - [28/Feb/2018:18:04:45 -0300] "POST /cormun/servlet/hlogin?72b823267273a2498321e6153a025a4a,gx-no-cache=1519851837714 HTTP/1.1" 200 90
186.103.159.189 - - [28/Feb/2018:18:04:45 -0300] "GET /cormun/servlet/hpexe_link HTTP/1.1" 200 951
186.103.159.189 - - [28/Feb/2018:18:04:45 -0300] "GET /cormun/servlet/hhome HTTP/1.1" 200 4173
186.103.159.189 - - [28/Feb/2018:18:04:47 -0300] "GET /cormun/servlet/hhome HTTP/1.1" 200 4170
186.103.159.189 - - [28/Feb/2018:18:04:53 -0300] "GET /cormun/servlet/trvisualizadoreventos? HTTP/1.1" 200 6927
186.103.159.189 - - [28/Feb/2018:18:04:54 -0300] "GET /cormun/servlet/trvisualizadoreventos? HTTP/1.1" 200 6926
186.103.159.189 - - [28/Feb/2018:18:04:56 -0300] "GET /cormun/static/menuarrow.gif HTTP/1.1" 404 1015
186.103.159.189 - - [28/Feb/2018:18:05:12 -0300] "POST /cormun/servlet/trvisualizadoreventos?72b823267273a2498321e6153a025a4a,,gx-no-cache=1519851864259 HTTP/1.1" 200 5595
186.103.159.189 - - [28/Feb/2018:18:05:55 -0300] "POST /cormun/servlet/trvisualizadoreventos?72b823267273a2498321e6153a025a4a,,gx-no-cache=1519851907888 HTTP/1.1" 200 4138
186.103.159.189 - - [28/Feb/2018:18:05:58 -0300] "POST /cormun/servlet/trvisualizadoreventos?72b823267273a2498321e6153a025a4a,,gx-no-cache=1519851910926 HTTP/1.1" 200 4138
186.103.159.189 - - [28/Feb/2018:18:06:05 -0300] "POST /cormun/servlet/trvisualizadoreventos?72b823267273a2498321e6153a025a4a,,gx-no-cache=1519851918031 HTTP/1.1" 200 5595
186.103.159.189 - - [28/Feb/2018:18:06:17 -0300] "POST /cormun/servlet/trvisualizadoreventos?72b823267273a2498321e6153a025a4a,,gx-no-cache=1519851929766 HTTP/1.1" 200 5476
192.168.10.96 - - [28/Feb/2018:18:06:21 -0300] "POST /cormun/servlet/trsolicitudgral?9358842a3bed196b676a3a1a15ae6027,,gx-no-cache=1519851821945 HTTP/1.1" 200 13515
192.168.10.96 - - [28/Feb/2018:18:06:32 -0300] "POST /cormun/servlet/trsolicitudgral?9358842a3bed196b676a3a1a15ae6027,,gx-no-cache=1519851833416 HTTP/1.1" 200 13514
192.168.10.96 - - [28/Feb/2018:18:06:36 -0300] "POST /cormun/servlet/trsolicitudgral?9358842a3bed196b676a3a1a15ae6027,,gx-no-cache=1519851837400 HTTP/1.1" 200 105
192.168.10.96 - - [28/Feb/2018:18:06:36 -0300] "GET /cormun/SolicitudGral-6801.xls HTTP/1.1" 200 12288
186.103.159.189 - - [28/Feb/2018:18:06:51 -0300] "POST /cormun/servlet/trvisualizadoreventos?72b823267273a2498321e6153a025a4a,,gx-no-cache=1519851962652 HTTP/1.1" 200 6529
