181.201.188.197 - - [28/Feb/2018:16:39:18 -0300] "POST /cormun/servlet/trautorizarsolicitud?6768d371c2554ae9f2a8d7ebce62491d,,gx-no-cache=1519846748731 HTTP/1.1" 200 13959
181.201.188.197 - - [28/Feb/2018:16:39:23 -0300] "POST /cormun/servlet/trautorizarsolicitud?6768d371c2554ae9f2a8d7ebce62491d,,gx-no-cache=1519846753094 HTTP/1.1" 200 13902
186.67.164.142 - - [28/Feb/2018:16:39:23 -0300] "GET /cormun/servlet/trautorizarsolicitud? HTTP/1.1" 200 9505
186.67.164.142 - - [28/Feb/2018:16:39:24 -0300] "GET /cormun/static/gxui/gxui-all.css?120300 HTTP/1.1" 200 2179
186.67.164.142 - - [28/Feb/2018:16:39:24 -0300] "GET /cormun/static/calendar-system.css?85620 HTTP/1.1" 200 5572
186.67.164.142 - - [28/Feb/2018:16:39:24 -0300] "GET /cormun/static/Resources/Spanish/PXTools.css?1255365 HTTP/1.1" 200 89042
186.67.164.142 - - [28/Feb/2018:16:39:24 -0300] "GET /cormun/static/gxcfg.js?2017111423403364 HTTP/1.1" 200 953
186.67.164.142 - - [28/Feb/2018:16:39:24 -0300] "GET /cormun/static/calendar.js?85251 HTTP/1.1" 200 26246
186.67.164.142 - - [28/Feb/2018:16:39:24 -0300] "GET /cormun/static/calendar-setup.js?85251 HTTP/1.1" 200 2588
186.67.164.142 - - [28/Feb/2018:16:39:24 -0300] "GET /cormun/static/Shared/ext/resources/css/ext-all.css?215870 HTTP/1.1" 200 416045
186.67.164.142 - - [28/Feb/2018:16:39:24 -0300] "GET /cormun/static/calendar-es.js?85251 HTTP/1.1" 200 1901
186.67.164.142 - - [28/Feb/2018:16:39:24 -0300] "GET /cormun/static/gxdec.js?85251 HTTP/1.1" 200 19579
186.67.164.142 - - [28/Feb/2018:16:39:24 -0300] "GET /cormun/static/trautorizarsolicitud.js?201711142340425 HTTP/1.1" 200 53910
186.67.164.142 - - [28/Feb/2018:16:39:24 -0300] "GET /cormun/static/Resources/PXTools/calendar.png HTTP/1.1" 200 1306
186.67.164.142 - - [28/Feb/2018:16:39:24 -0300] "GET /cormun/static/Resources/PXToolsDataSearch.png HTTP/1.1" 200 419
186.67.164.142 - - [28/Feb/2018:16:39:24 -0300] "GET /cormun/static/Resources/PXToolsGridFirstDisabled.gif HTTP/1.1" 200 100
186.67.164.142 - - [28/Feb/2018:16:39:24 -0300] "GET /cormun/static/Resources/PXToolsGridPreviousDisabled.gif HTTP/1.1" 200 90
186.67.164.142 - - [28/Feb/2018:16:39:24 -0300] "GET /cormun/static/Resources/PXToolsGridNextDisabled.gif HTTP/1.1" 200 90
186.67.164.142 - - [28/Feb/2018:16:39:24 -0300] "GET /cormun/static/Resources/PXToolsGridLastDisabled.gif HTTP/1.1" 200 98
186.67.164.142 - - [28/Feb/2018:16:39:24 -0300] "GET /cormun/static/Resources/PXToolsGridPage.gif HTTP/1.1" 200 725
186.67.164.142 - - [28/Feb/2018:16:39:24 -0300] "GET /cormun/static/Resources/PXToolsActionExcel.png HTTP/1.1" 200 3187
186.67.164.142 - - [28/Feb/2018:16:39:25 -0300] "GET /cormun/static/Resources/asc.gif HTTP/1.1" 200 67
186.67.164.142 - - [28/Feb/2018:16:39:25 -0300] "GET /cormun/static/Resources/desc.gif HTTP/1.1" 200 65
186.67.164.142 - - [28/Feb/2018:16:39:25 -0300] "GET /cormun//static/Resources/PXToolsGridDelete.png HTTP/1.1" 200 357
186.67.164.142 - - [28/Feb/2018:16:39:25 -0300] "GET /cormun//static/Resources/PXToolsActionView.png HTTP/1.1" 200 2995
186.67.164.142 - - [28/Feb/2018:16:39:25 -0300] "GET /cormun//static/Resources/PXToolsRemoveAllAction.png HTTP/1.1" 200 3558
186.67.164.142 - - [28/Feb/2018:16:39:25 -0300] "GET /cormun//static/Resources/PXToolsGridUpdate.png HTTP/1.1" 200 2984
186.67.164.142 - - [28/Feb/2018:16:39:25 -0300] "GET /cormun//static/Resources/PXTools/ActionInsert.png HTTP/1.1" 200 1482
186.67.164.142 - - [28/Feb/2018:16:39:25 -0300] "GET /cormun/static/Shared/ext/resources/themes/images/default/panel/bg-headersPanel.png HTTP/1.1" 200 255
186.67.164.142 - - [28/Feb/2018:16:39:25 -0300] "GET /cormun/static/Shared/ext/resources/themes/images/default/tools/tool-sprites.gif HTTP/1.1" 200 5434
186.67.164.142 - - [28/Feb/2018:16:39:25 -0300] "GET /cormun/servlet/trautorizarsolicitud? HTTP/1.1" 200 9504
181.201.188.197 - - [28/Feb/2018:16:39:32 -0300] "POST /cormun/servlet/trautorizarsolicitud?6768d371c2554ae9f2a8d7ebce62491d,,gx-no-cache=1519846761729 HTTP/1.1" 200 13566
181.201.188.197 - - [28/Feb/2018:16:39:35 -0300] "POST /cormun/servlet/trautorizarsolicitud?6768d371c2554ae9f2a8d7ebce62491d,,gx-no-cache=1519846766980 HTTP/1.1" 200 13508
186.67.164.142 - - [28/Feb/2018:16:39:40 -0300] "POST /cormun/servlet/trautorizarsolicitud?eac13c31f6b39b5f8e0c590ae7b0e6b8,,gx-no-cache=1519846812260 HTTP/1.1" 200 115
186.67.164.142 - - [28/Feb/2018:16:39:40 -0300] "GET /cormun/servlet/solicitudotlog?INS,2018,9699,0,REC, HTTP/1.1" 200 5959
186.67.164.142 - - [28/Feb/2018:16:39:40 -0300] "GET /cormun/static/calendar-system.css?75620 HTTP/1.1" 200 5572
186.67.164.142 - - [28/Feb/2018:16:39:40 -0300] "GET /cormun/static/gxcfg.js?2017761245646 HTTP/1.1" 200 953
186.67.164.142 - - [28/Feb/2018:16:39:40 -0300] "GET /cormun/static/solicitudotlog.js?2017761245655 HTTP/1.1" 200 8934
186.67.164.142 - - [28/Feb/2018:16:39:41 -0300] "GET /cormun/servlet/solicitudotlog?INS,2018,9699,0,REC, HTTP/1.1" 200 5960
186.67.164.142 - - [28/Feb/2018:16:39:42 -0300] "GET /cormun/servlet/solicitudotlog?3735d5434f790f92710a132c1369d17d1a7adc0f65885a0f91425542a3b5ac0f250b9ca934195beabae9afb87253229b0f87b81d460b9e76b667028aa1c39ff8ed484fbb5cbc763528340d7463f3659546c8ca97ed32c038a995da2d3853a2602447dbe9bdc49129e96d4b72dbe4d41654a520f679c2ca8c33c2d1cdf57e66ba7d44536f3ab9c8ee2dae03ae2e985529871c9f31da7bde5d47d5f69482aae69e,gx-no-cache=1519846814488 HTTP/1.1" 200 94
181.201.188.197 - - [28/Feb/2018:16:39:45 -0300] "POST /cormun/servlet/trautorizarsolicitud?6768d371c2554ae9f2a8d7ebce62491d,,gx-no-cache=1519846775464 HTTP/1.1" 200 13301
181.201.188.197 - - [28/Feb/2018:16:39:48 -0300] "POST /cormun/servlet/trautorizarsolicitud?6768d371c2554ae9f2a8d7ebce62491d,,gx-no-cache=1519846780032 HTTP/1.1" 200 13243
186.67.164.142 - - [28/Feb/2018:16:39:56 -0300] "POST /cormun/servlet/solicitudotlog?eac13c31f6b39b5f8e0c590ae7b0e6b8,INS,2018,9699,0,REC,,gx-no-cache=1519846828338 HTTP/1.1" 200 93
186.67.164.142 - - [28/Feb/2018:16:39:56 -0300] "GET /cormun/servlet/hpexe_return? HTTP/1.1" 200 1024
186.67.164.142 - - [28/Feb/2018:16:39:56 -0300] "GET /cormun/static/gxcfg.js?2016101716175148 HTTP/1.1" 200 953
186.67.164.142 - - [28/Feb/2018:16:39:57 -0300] "GET /cormun/static/hpexe_return.js?2016101716175153 HTTP/1.1" 200 1633
186.67.164.142 - - [28/Feb/2018:16:39:57 -0300] "GET /cormun/static/Resources/Spanish/PXTools.css?167811 HTTP/1.1" 200 89042
186.67.164.142 - - [28/Feb/2018:16:39:57 -0300] "GET /cormun/servlet/trautorizarsolicitud HTTP/1.1" 200 9125
181.201.188.197 - - [28/Feb/2018:16:39:57 -0300] "POST /cormun/servlet/trautorizarsolicitud?6768d371c2554ae9f2a8d7ebce62491d,,gx-no-cache=1519846787952 HTTP/1.1" 200 12823
186.67.164.142 - - [28/Feb/2018:16:39:58 -0300] "GET /cormun/servlet/trautorizarsolicitud HTTP/1.1" 200 9122
181.201.188.197 - - [28/Feb/2018:16:40:01 -0300] "POST /cormun/servlet/trautorizarsolicitud?6768d371c2554ae9f2a8d7ebce62491d,,gx-no-cache=1519846793098 HTTP/1.1" 200 12765
181.201.188.197 - - [28/Feb/2018:16:40:14 -0300] "POST /cormun/servlet/trautorizarsolicitud?6768d371c2554ae9f2a8d7ebce62491d,,gx-no-cache=1519846799671 HTTP/1.1" 200 12543
186.67.164.142 - - [28/Feb/2018:16:40:15 -0300] "POST /cormun/servlet/trautorizarsolicitud?eac13c31f6b39b5f8e0c590ae7b0e6b8,gx-no-cache=1519846846669 HTTP/1.1" 200 5823
186.67.164.142 - - [28/Feb/2018:16:40:15 -0300] "GET /cormun/static/Shared/jqueryui/images/ui-bg_highlight-soft_100_c6c2c8_1x100.png HTTP/1.1" 404 1117
186.67.164.142 - - [28/Feb/2018:16:40:15 -0300] "GET /cormun/static/Shared/jqueryui/images/ui-icons_82798d_256x240.png HTTP/1.1" 404 1089
186.67.164.142 - - [28/Feb/2018:16:40:15 -0300] "GET /cormun/static/Shared/jqueryui/images/ui-bg_flat_55_fafafa_40x100.png HTTP/1.1" 404 1097
186.67.164.142 - - [28/Feb/2018:16:40:15 -0300] "GET /cormun/static/Shared/jqueryui/images/ui-icons_8d78a5_256x240.png HTTP/1.1" 404 1089
186.67.164.142 - - [28/Feb/2018:16:40:15 -0300] "POST /cormun/servlet/trautorizarsolicitud?eac13c31f6b39b5f8e0c590ae7b0e6b8,gx-no-cache=1519846847787 HTTP/1.1" 200 5771
181.201.188.197 - - [28/Feb/2018:16:40:18 -0300] "POST /cormun/servlet/trautorizarsolicitud?6768d371c2554ae9f2a8d7ebce62491d,,gx-no-cache=1519846809760 HTTP/1.1" 200 12459
186.67.164.142 - - [28/Feb/2018:16:40:25 -0300] "POST /cormun/servlet/trautorizarsolicitud?eac13c31f6b39b5f8e0c590ae7b0e6b8,gx-no-cache=1519846857086 HTTP/1.1" 200 4610
186.67.164.142 - - [28/Feb/2018:16:40:25 -0300] "POST /cormun/servlet/trautorizarsolicitud?eac13c31f6b39b5f8e0c590ae7b0e6b8,gx-no-cache=1519846857804 HTTP/1.1" 200 4392
181.201.188.197 - - [28/Feb/2018:16:40:27 -0300] "POST /cormun/servlet/trautorizarsolicitud?6768d371c2554ae9f2a8d7ebce62491d,,gx-no-cache=1519846816333 HTTP/1.1" 200 12055
181.201.188.197 - - [28/Feb/2018:16:40:30 -0300] "POST /cormun/servlet/trautorizarsolicitud?6768d371c2554ae9f2a8d7ebce62491d,,gx-no-cache=1519846822012 HTTP/1.1" 200 11998
181.201.188.197 - - [28/Feb/2018:16:40:35 -0300] "POST /cormun/servlet/trautorizarsolicitud?6768d371c2554ae9f2a8d7ebce62491d,,gx-no-cache=1519846826203 HTTP/1.1" 200 11716
181.201.188.197 - - [28/Feb/2018:16:40:38 -0300] "POST /cormun/servlet/trautorizarsolicitud?6768d371c2554ae9f2a8d7ebce62491d,,gx-no-cache=1519846830563 HTTP/1.1" 200 11655
181.201.188.197 - - [28/Feb/2018:16:40:49 -0300] "POST /cormun/servlet/trautorizarsolicitud?6768d371c2554ae9f2a8d7ebce62491d,,gx-no-cache=1519846838688 HTTP/1.1" 200 11378
181.201.188.197 - - [28/Feb/2018:16:40:55 -0300] "POST /cormun/servlet/trautorizarsolicitud?6768d371c2554ae9f2a8d7ebce62491d,,gx-no-cache=1519846844569 HTTP/1.1" 200 11320
181.201.188.197 - - [28/Feb/2018:16:41:08 -0300] "POST /cormun/servlet/trautorizarsolicitud?6768d371c2554ae9f2a8d7ebce62491d,,gx-no-cache=1519846853273 HTTP/1.1" 200 10919
181.201.188.197 - - [28/Feb/2018:16:41:11 -0300] "POST /cormun/servlet/trautorizarsolicitud?6768d371c2554ae9f2a8d7ebce62491d,,gx-no-cache=1519846863339 HTTP/1.1" 200 10862
186.67.164.142 - - [28/Feb/2018:16:41:15 -0300] "GET /cormun/servlet/hlogin HTTP/1.1" 200 1721
186.67.164.142 - - [28/Feb/2018:16:41:16 -0300] "GET /cormun/static/gxcfg.js?20175251213516 HTTP/1.1" 304 -
181.201.188.197 - - [28/Feb/2018:16:41:20 -0300] "POST /cormun/servlet/trautorizarsolicitud?6768d371c2554ae9f2a8d7ebce62491d,,gx-no-cache=1519846871198 HTTP/1.1" 200 10556
186.67.164.142 - - [28/Feb/2018:16:41:22 -0300] "POST /cormun/servlet/hlogin?f6b49f07e28672046d5eed10671be0a2,gx-no-cache=1519846835544 HTTP/1.1" 200 90
186.67.164.142 - - [28/Feb/2018:16:41:23 -0300] "GET /cormun/servlet/hpexe_link HTTP/1.1" 200 952
186.67.164.142 - - [28/Feb/2018:16:41:23 -0300] "GET /cormun/static/gxcfg.js?20177612121792 HTTP/1.1" 304 -
186.67.164.142 - - [28/Feb/2018:16:41:23 -0300] "GET /cormun/servlet/hhome HTTP/1.1" 200 3975
186.67.164.142 - - [28/Feb/2018:16:41:23 -0300] "GET /cormun/static/gxcfg.js?20175251212442 HTTP/1.1" 304 -
181.201.188.197 - - [28/Feb/2018:16:41:23 -0300] "POST /cormun/servlet/trautorizarsolicitud?6768d371c2554ae9f2a8d7ebce62491d,,gx-no-cache=1519846874760 HTTP/1.1" 200 10487
186.67.164.142 - - [28/Feb/2018:16:41:24 -0300] "GET /cormun/servlet/hhome HTTP/1.1" 200 3973
186.67.164.142 - - [28/Feb/2018:16:41:28 -0300] "GET /cormun/servlet/trsolicitudot? HTTP/1.1" 200 8570
186.67.164.142 - - [28/Feb/2018:16:41:28 -0300] "GET /cormun/static/gxcfg.js?2017111422585916 HTTP/1.1" 304 -
186.67.164.142 - - [28/Feb/2018:16:41:29 -0300] "GET /cormun/servlet/trsolicitudot? HTTP/1.1" 200 8569
186.67.164.142 - - [28/Feb/2018:16:41:34 -0300] "POST /cormun/servlet/trsolicitudot?f6b49f07e28672046d5eed10671be0a2,,gx-no-cache=1519846847354 HTTP/1.1" 200 105
186.67.164.142 - - [28/Feb/2018:16:41:35 -0300] "GET /cormun/servlet/solicitudot?UPD,2018,9699, HTTP/1.1" 200 15158
186.67.164.142 - - [28/Feb/2018:16:41:37 -0300] "GET /cormun/servlet/solicitudot?UPD,2018,9699, HTTP/1.1" 200 15167
186.67.164.142 - - [28/Feb/2018:16:41:37 -0300] "POST /cormun/servlet/solicitudot?gx-no-cache=1519846849559 HTTP/1.1" 200 3359
186.67.164.142 - - [28/Feb/2018:16:41:37 -0300] "POST /cormun/servlet/solicitudot?f6b49f07e28672046d5eed10671be0a2,UPD,2018,9699,,gx-no-cache=1519846849969 HTTP/1.1" 200 11460
186.67.164.142 - - [28/Feb/2018:16:41:38 -0300] "GET /cormun/servlet/solicitudot?220dc49ef6beb90cc20f7feb7a7d96f6c18a56cafc9febf1f13d2d6f0c5871e4533d63ab6fc1ea78e13b6d9dcfdda1e7,gx-no-cache=1519846850840 HTTP/1.1" 200 30
186.67.164.142 - - [28/Feb/2018:16:41:38 -0300] "GET /cormun/servlet/solicitudot?220dc49ef6beb90cc20f7feb7a7d96f6145755482095fb331892d9cb48a9aa19ff274da70167303075d2473b96d6ea619ea7ec46764cbcf3aaebc9a0f214fed2,gx-no-cache=1519846850954 HTTP/1.1" 200 30
186.67.164.142 - - [28/Feb/2018:16:41:38 -0300] "GET /cormun/servlet/solicitudot?220dc49ef6beb90cc20f7feb7a7d96f6dcae9de3cb85043cf7a9b752a97f7e0a,gx-no-cache=1519846851033 HTTP/1.1" 200 29
186.67.164.142 - - [28/Feb/2018:16:41:38 -0300] "POST /cormun/servlet/solicitudot?gx-no-cache=1519846851104 HTTP/1.1" 200 254
186.67.164.142 - - [28/Feb/2018:16:41:38 -0300] "GET /cormun/servlet/solicitudot?220dc49ef6beb90cc20f7feb7a7d96f6d717f7a25df4d5f6f5f8f14e1286c7a6366deeeb0872d09f67a9a016d351bb92c6d9c46d4659fb7812bc67d61053e6296f7d967cd4dd017e331428318d2a6e8d4745d4e0772f55b9e18f7799cee6e870d3a03c267d0ee927ebea02549e79137249fc8571f6a1decbab2d69715dc4bc33dd37477488475ae851da101608628c6fc3dc1c62b02d030e1359ea561b7fe946ecfa3cae108845345af002a366011ddedf0f71527a8d3ee4f0423317a8779adeaa8691a466743faf16224f2faa1267865531f6436ab2856c59e2d2f70ce09742ce6ddaafef15f8e3247a20dc8969281027cd42e7cfb4e7445daa9d570cd0c9d9163cac3e4600c288ce9e200497c870a89abeeb9dda53866d69ba5f31f9417028d45a046c11c2b325a4b5af466007ae61bc54e8dbc4fc65e17df627c518b981c171352787a65d90b647a225a260610e87725a654f85f8db826743676dcba0d8586752f2dfdb3f21eb1f60a2d83eb93f21ab6894ac2f395def39e955e3744ca6b7,gx-no-cache=1519846851224 HTTP/1.1" 200 30
186.67.164.142 - - [28/Feb/2018:16:41:38 -0300] "POST /cormun/servlet/solicitudot?gx-no-cache=1519846851320 HTTP/1.1" 200 30
186.67.164.142 - - [28/Feb/2018:16:41:38 -0300] "POST /cormun/servlet/solicitudot?gx-no-cache=1519846851429 HTTP/1.1" 200 1334
186.67.164.142 - - [28/Feb/2018:16:41:38 -0300] "POST /cormun/servlet/solicitudot?gx-no-cache=1519846851603 HTTP/1.1" 200 41
181.201.188.197 - - [28/Feb/2018:16:41:57 -0300] "POST /cormun/servlet/trautorizarsolicitud?6768d371c2554ae9f2a8d7ebce62491d,,gx-no-cache=1519846908531 HTTP/1.1" 200 10100
181.201.188.197 - - [28/Feb/2018:16:42:00 -0300] "POST /cormun/servlet/trautorizarsolicitud?6768d371c2554ae9f2a8d7ebce62491d,,gx-no-cache=1519846912619 HTTP/1.1" 200 10038
186.67.164.142 - - [28/Feb/2018:16:42:01 -0300] "GET /cormun/servlet/solicitudot?220dc49ef6beb90cc20f7feb7a7d96f6a9ec05da7d18d6df283a00cfeb46dcea0063623dc09a572bb912dc7e75a2132055d0670a05e2da1f6d704484d37330d4ace989b7a1b586ac603f97fc1a1f2c678a4fbbacd05ad2455245c54add0ec04c22c9b7c82db4359b650f1bf514c548a0b90d88dc9f6044dd0b2619a3df94ade150cae1c82252d930be653f93c7ab0695ffb57e2909403d8c1130845f49b01c4a7f47375d65dbf73546957a484529a87c6416082370dc3596ce373c607bc2dd66b6903fbff807332737865f45eba96458,gx-no-cache=1519846873946 HTTP/1.1" 200 30
186.67.164.142 - - [28/Feb/2018:16:42:02 -0300] "POST /cormun/servlet/solicitudot?gx-no-cache=1519846875110 HTTP/1.1" 200 1321
186.67.164.142 - - [28/Feb/2018:16:42:02 -0300] "POST /cormun/servlet/solicitudot?gx-no-cache=1519846875321 HTTP/1.1" 200 1218
186.67.164.142 - - [28/Feb/2018:16:42:02 -0300] "GET /cormun/servlet/solicitudot?220dc49ef6beb90cc20f7feb7a7d96f6ba79ea798918a150b06991e6baab2d27116492ede1c9e852ec800c6e5266795e,gx-no-cache=1519846875473 HTTP/1.1" 200 30
186.67.164.142 - - [28/Feb/2018:16:42:02 -0300] "POST /cormun/servlet/solicitudot?gx-no-cache=1519846875544 HTTP/1.1" 200 30
186.67.164.142 - - [28/Feb/2018:16:42:03 -0300] "POST /cormun/servlet/solicitudot?f6b49f07e28672046d5eed10671be0a2,UPD,2018,9699,,gx-no-cache=1519846875630 HTTP/1.1" 200 93
186.67.164.142 - - [28/Feb/2018:16:42:03 -0300] "GET /cormun/servlet/hpexe_return? HTTP/1.1" 200 1013
186.67.164.142 - - [28/Feb/2018:16:42:04 -0300] "GET /cormun/servlet/trsolicitudot HTTP/1.1" 200 8574
186.67.164.142 - - [28/Feb/2018:16:42:04 -0300] "GET /cormun/servlet/trsolicitudot HTTP/1.1" 200 8570
186.67.164.142 - - [28/Feb/2018:16:42:12 -0300] "POST /cormun/servlet/trsolicitudot?f6b49f07e28672046d5eed10671be0a2,gx-no-cache=1519846882811 HTTP/1.1" 200 4488
186.67.164.142 - - [28/Feb/2018:16:42:12 -0300] "GET /cormun/static/Shared/jqueryui/images/ui-bg_highlight-soft_100_c6c2c8_1x100.png HTTP/1.1" 404 1117
186.67.164.142 - - [28/Feb/2018:16:42:12 -0300] "GET /cormun/static/Shared/jqueryui/images/ui-icons_82798d_256x240.png HTTP/1.1" 404 1089
186.67.164.142 - - [28/Feb/2018:16:42:12 -0300] "GET /cormun/static/Shared/jqueryui/images/ui-icons_8d78a5_256x240.png HTTP/1.1" 404 1089
186.67.164.142 - - [28/Feb/2018:16:42:12 -0300] "GET /cormun/static/Shared/jqueryui/images/ui-bg_flat_55_fafafa_40x100.png HTTP/1.1" 404 1097
181.201.188.197 - - [28/Feb/2018:16:42:13 -0300] "POST /cormun/servlet/trautorizarsolicitud?6768d371c2554ae9f2a8d7ebce62491d,,gx-no-cache=1519846923607 HTTP/1.1" 200 9721
186.67.164.142 - - [28/Feb/2018:16:42:13 -0300] "POST /cormun/servlet/trsolicitudot?f6b49f07e28672046d5eed10671be0a2,gx-no-cache=1519846885556 HTTP/1.1" 200 4271
181.201.188.197 - - [28/Feb/2018:16:42:15 -0300] "POST /cormun/servlet/trautorizarsolicitud?6768d371c2554ae9f2a8d7ebce62491d,,gx-no-cache=1519846927723 HTTP/1.1" 200 9662
181.201.188.197 - - [28/Feb/2018:16:42:21 -0300] "POST /cormun/servlet/trautorizarsolicitud?6768d371c2554ae9f2a8d7ebce62491d,,gx-no-cache=1519846933817 HTTP/1.1" 200 9331
181.201.188.197 - - [28/Feb/2018:16:42:27 -0300] "POST /cormun/servlet/trautorizarsolicitud?6768d371c2554ae9f2a8d7ebce62491d,,gx-no-cache=1519846939271 HTTP/1.1" 200 9274
186.67.164.142 - - [28/Feb/2018:16:42:29 -0300] "GET /cormun/servlet/trautorizarsolicitud? HTTP/1.1" 200 8638
186.67.164.142 - - [28/Feb/2018:16:42:31 -0300] "GET /cormun/servlet/trautorizarsolicitud? HTTP/1.1" 200 8638
181.201.188.197 - - [28/Feb/2018:16:42:34 -0300] "POST /cormun/servlet/trautorizarsolicitud?6768d371c2554ae9f2a8d7ebce62491d,,gx-no-cache=1519846944333 HTTP/1.1" 200 8932
186.67.164.142 - - [28/Feb/2018:16:42:36 -0300] "POST /cormun/servlet/trautorizarsolicitud?eac13c31f6b39b5f8e0c590ae7b0e6b8,,gx-no-cache=1519846988448 HTTP/1.1" 200 4612
186.67.164.142 - - [28/Feb/2018:16:42:36 -0300] "GET /cormun/static/Shared/jqueryui/images/ui-bg_highlight-soft_100_c6c2c8_1x100.png HTTP/1.1" 404 1117
186.67.164.142 - - [28/Feb/2018:16:42:36 -0300] "GET /cormun/static/Shared/jqueryui/images/ui-icons_82798d_256x240.png HTTP/1.1" 404 1089
186.67.164.142 - - [28/Feb/2018:16:42:36 -0300] "GET /cormun/static/Shared/jqueryui/images/ui-bg_flat_55_fafafa_40x100.png HTTP/1.1" 404 1097
186.67.164.142 - - [28/Feb/2018:16:42:36 -0300] "GET /cormun/static/Shared/jqueryui/images/ui-icons_8d78a5_256x240.png HTTP/1.1" 404 1089
181.201.188.197 - - [28/Feb/2018:16:42:37 -0300] "POST /cormun/servlet/trautorizarsolicitud?6768d371c2554ae9f2a8d7ebce62491d,,gx-no-cache=1519846948730 HTTP/1.1" 200 8866
186.67.164.142 - - [28/Feb/2018:16:42:37 -0300] "POST /cormun/servlet/trautorizarsolicitud?eac13c31f6b39b5f8e0c590ae7b0e6b8,,gx-no-cache=1519846989247 HTTP/1.1" 200 4391
181.201.188.197 - - [28/Feb/2018:16:42:48 -0300] "POST /cormun/servlet/trautorizarsolicitud?6768d371c2554ae9f2a8d7ebce62491d,,gx-no-cache=1519846959257 HTTP/1.1" 200 8550
181.201.188.197 - - [28/Feb/2018:16:42:50 -0300] "POST /cormun/servlet/trautorizarsolicitud?6768d371c2554ae9f2a8d7ebce62491d,,gx-no-cache=1519846962968 HTTP/1.1" 200 8490
186.67.164.142 - - [28/Feb/2018:16:42:56 -0300] "GET /cormun/servlet/solicitudot?INS,0,0, HTTP/1.1" 200 13425
186.67.164.142 - - [28/Feb/2018:16:42:57 -0300] "GET /cormun/servlet/solicitudot?INS,0,0, HTTP/1.1" 200 13430
181.201.188.197 - - [28/Feb/2018:16:43:02 -0300] "POST /cormun/servlet/trautorizarsolicitud?6768d371c2554ae9f2a8d7ebce62491d,,gx-no-cache=1519846973416 HTTP/1.1" 200 8173
181.201.188.197 - - [28/Feb/2018:16:43:04 -0300] "POST /cormun/servlet/trautorizarsolicitud?6768d371c2554ae9f2a8d7ebce62491d,,gx-no-cache=1519846976704 HTTP/1.1" 200 8117
200.54.247.70 - - [28/Feb/2018:16:43:07 -0300] "GET /cormun/servlet/hlogin HTTP/1.1" 200 1726
200.54.247.70 - - [28/Feb/2018:16:43:07 -0300] "GET /cormun/static/Resources/Spanish/PXTools.css?11423723 HTTP/1.1" 304 -
200.54.247.70 - - [28/Feb/2018:16:43:07 -0300] "GET /cormun/static/gxgral.js?85251 HTTP/1.1" 304 -
200.54.247.70 - - [28/Feb/2018:16:43:07 -0300] "GET /cormun/static/gxcfg.js?20175251213516 HTTP/1.1" 304 -
200.54.247.70 - - [28/Feb/2018:16:43:07 -0300] "GET /cormun/static/Resources/ComunLogin.png HTTP/1.1" 304 -
200.54.247.70 - - [28/Feb/2018:16:43:07 -0300] "GET /cormun/static/gxtimezone.js?85251 HTTP/1.1" 304 -
200.54.247.70 - - [28/Feb/2018:16:43:07 -0300] "GET /cormun/static/messages.spa.js?85251 HTTP/1.1" 304 -
200.54.247.70 - - [28/Feb/2018:16:43:07 -0300] "GET /cormun/static/hlogin.js?20175251213537 HTTP/1.1" 304 -
200.54.247.70 - - [28/Feb/2018:16:43:07 -0300] "GET /cormun/static/Resources/indicator.gif HTTP/1.1" 304 -
186.67.164.142 - - [28/Feb/2018:16:43:08 -0300] "POST /cormun/servlet/solicitudot?gx-no-cache=1519846940713 HTTP/1.1" 200 3293
186.67.164.142 - - [28/Feb/2018:16:43:09 -0300] "POST /cormun/servlet/solicitudot?f6b49f07e28672046d5eed10671be0a2,INS,0,0,,gx-no-cache=1519846941178 HTTP/1.1" 200 10251
186.67.164.142 - - [28/Feb/2018:16:43:09 -0300] "GET /cormun/servlet/solicitudot?220dc49ef6beb90cc20f7feb7a7d96f63cf392e04bfd69d0e82a2564d7ac1e623f5cf53ccdc900fbd33ac64406a82a65,gx-no-cache=1519846941957 HTTP/1.1" 200 30
181.201.188.197 - - [28/Feb/2018:16:43:12 -0300] "POST /cormun/servlet/trautorizarsolicitud?6768d371c2554ae9f2a8d7ebce62491d,,gx-no-cache=1519846983111 HTTP/1.1" 200 7823
181.201.188.197 - - [28/Feb/2018:16:43:14 -0300] "POST /cormun/servlet/trautorizarsolicitud?6768d371c2554ae9f2a8d7ebce62491d,,gx-no-cache=1519846986871 HTTP/1.1" 200 7768
181.201.188.197 - - [28/Feb/2018:16:43:22 -0300] "POST /cormun/servlet/trautorizarsolicitud?6768d371c2554ae9f2a8d7ebce62491d,,gx-no-cache=1519846993597 HTTP/1.1" 200 7392
181.201.188.197 - - [28/Feb/2018:16:43:25 -0300] "POST /cormun/servlet/trautorizarsolicitud?6768d371c2554ae9f2a8d7ebce62491d,,gx-no-cache=1519846996733 HTTP/1.1" 200 7336
200.54.247.70 - - [28/Feb/2018:16:43:34 -0300] "POST /cormun/servlet/hlogin?92d9c43bb6fc84e84865a1bb20853d46,gx-no-cache=1519846966285 HTTP/1.1" 200 90
200.54.247.70 - - [28/Feb/2018:16:43:34 -0300] "GET /cormun/servlet/hpexe_link HTTP/1.1" 200 956
200.54.247.70 - - [28/Feb/2018:16:43:34 -0300] "GET /cormun/servlet/hhome HTTP/1.1" 200 4229
200.86.96.247 - - [28/Feb/2018:16:43:38 -0300] "GET /cormun/servlet/hlogin HTTP/1.1" 200 1725
181.201.188.197 - - [28/Feb/2018:16:43:40 -0300] "POST /cormun/servlet/trautorizarsolicitud?6768d371c2554ae9f2a8d7ebce62491d,,gx-no-cache=1519847011132 HTTP/1.1" 200 6905
181.201.188.197 - - [28/Feb/2018:16:43:42 -0300] "POST /cormun/servlet/trautorizarsolicitud?6768d371c2554ae9f2a8d7ebce62491d,,gx-no-cache=1519847014432 HTTP/1.1" 200 6848
200.86.96.247 - - [28/Feb/2018:16:43:46 -0300] "POST /cormun/servlet/hlogin?bf0ed36a20cb61f835718cfdd5278c2c,gx-no-cache=1519846920313 HTTP/1.1" 200 90
200.86.96.247 - - [28/Feb/2018:16:43:47 -0300] "GET /cormun/servlet/hpexe_link HTTP/1.1" 200 955
192.168.10.96 - - [28/Feb/2018:16:43:47 -0300] "GET /cormun/servlet/trsolicitudgral? HTTP/1.1" 500 10
200.86.96.247 - - [28/Feb/2018:16:43:47 -0300] "GET /cormun/servlet/hhome HTTP/1.1" 200 3947
200.86.96.247 - - [28/Feb/2018:16:43:49 -0300] "GET /cormun/servlet/hhome HTTP/1.1" 200 3944
181.201.188.197 - - [28/Feb/2018:16:43:49 -0300] "POST /cormun/servlet/trautorizarsolicitud?6768d371c2554ae9f2a8d7ebce62491d,,gx-no-cache=1519847020919 HTTP/1.1" 200 6572
181.201.188.197 - - [28/Feb/2018:16:43:51 -0300] "POST /cormun/servlet/trautorizarsolicitud?6768d371c2554ae9f2a8d7ebce62491d,,gx-no-cache=1519847023629 HTTP/1.1" 200 6517
200.86.96.247 - - [28/Feb/2018:16:43:52 -0300] "GET /cormun/servlet/trsolicitudot? HTTP/1.1" 200 9310
200.86.96.247 - - [28/Feb/2018:16:43:54 -0300] "GET /cormun/servlet/trsolicitudot? HTTP/1.1" 200 9308
181.201.188.197 - - [28/Feb/2018:16:43:55 -0300] "POST /cormun/servlet/trautorizarsolicitud?6768d371c2554ae9f2a8d7ebce62491d,,gx-no-cache=1519847027317 HTTP/1.1" 200 6176
192.168.10.96 - - [28/Feb/2018:16:43:57 -0300] "GET /cormun/servlet/hlogin HTTP/1.1" 200 1720
192.168.10.96 - - [28/Feb/2018:16:43:57 -0300] "GET /cormun/servlet/hlogin HTTP/1.1" 200 1720
181.201.188.197 - - [28/Feb/2018:16:43:58 -0300] "POST /cormun/servlet/trautorizarsolicitud?6768d371c2554ae9f2a8d7ebce62491d,,gx-no-cache=1519847029244 HTTP/1.1" 200 6118
192.168.10.96 - - [28/Feb/2018:16:44:03 -0300] "POST /cormun/servlet/hlogin?9358842a3bed196b676a3a1a15ae6027,gx-no-cache=1519846885402 HTTP/1.1" 200 90
192.168.10.96 - - [28/Feb/2018:16:44:03 -0300] "GET /cormun/servlet/hpexe_link HTTP/1.1" 200 950
192.168.10.96 - - [28/Feb/2018:16:44:04 -0300] "GET /cormun/servlet/hhome HTTP/1.1" 200 4703
192.168.10.96 - - [28/Feb/2018:16:44:04 -0300] "GET /cormun/servlet/hhome HTTP/1.1" 200 4703
181.201.188.197 - - [28/Feb/2018:16:44:05 -0300] "POST /cormun/servlet/trautorizarsolicitud?6768d371c2554ae9f2a8d7ebce62491d,,gx-no-cache=1519847036045 HTTP/1.1" 200 5787
186.67.164.142 - - [28/Feb/2018:16:44:05 -0300] "GET /cormun/servlet/solicitudot?220dc49ef6beb90cc20f7feb7a7d96f67e21105c83be4efc21d9d08c7b68b72f889794dd9dc58215bf1f9ffc46d40de4,gx-no-cache=1519846998466 HTTP/1.1" 200 30
186.67.164.142 - - [28/Feb/2018:16:44:05 -0300] "GET /cormun/servlet/solicitudot?220dc49ef6beb90cc20f7feb7a7d96f6dcae9de3cb85043cf7a9b752a97f7e0a,gx-no-cache=1519846998577 HTTP/1.1" 200 29
181.201.188.197 - - [28/Feb/2018:16:44:06 -0300] "POST /cormun/servlet/trautorizarsolicitud?6768d371c2554ae9f2a8d7ebce62491d,,gx-no-cache=1519847038904 HTTP/1.1" 200 5731
186.67.164.142 - - [28/Feb/2018:16:44:07 -0300] "POST /cormun/servlet/solicitudot?gx-no-cache=1519847000352 HTTP/1.1" 200 255
186.67.164.142 - - [28/Feb/2018:16:44:10 -0300] "GET /cormun/servlet/solicitudot?220dc49ef6beb90cc20f7feb7a7d96f6d717f7a25df4d5f6f5f8f14e1286c7a6366deeeb0872d09f67a9a016d351bb92c6d9c46d4659fb7812bc67d61053e6296f7d967cd4dd017e331428318d2a6e8d4745d4e0772f55b9e18f7799cee6e870d3a03c267d0ee927ebea02549e79137249fc8571f6a1decbab2d69715dc4bc33dd37477488475ae851da101608628c6fc3dc1c62b02d030e1359ea561b7fe946ecfa3cae108845345af002a366011ddedf0f71527a8d3ee4f0423317a8779adeaa8691a466743faf16224f2faa1267865531f6436ab2856c59e2d2f70ce09742ce6ddaafef15f8e3247a20dc8969281027cd42e7cfb4e7445daa9d570cd0c9d9163cac3e4600c288ce9e200497c870a89abeeb9dda53866d69ba5f31f9417028d45a046c11c2b325a4b5af466007ae61bc54e8dbc4fc65e17df627c518b981c171352787a65d90b647a225a260610e87725a654f85f8db826743676dcba0d8586752f2dfdb3f21eb1f60a2d83eb93f21f90cecc773b82306c0155efa75aab5a2,gx-no-cache=1519847002821 HTTP/1.1" 200 30
181.201.188.197 - - [28/Feb/2018:16:44:14 -0300] "POST /cormun/servlet/trautorizarsolicitud?6768d371c2554ae9f2a8d7ebce62491d,,gx-no-cache=1519847042997 HTTP/1.1" 200 4615
186.67.164.142 - - [28/Feb/2018:16:44:15 -0300] "POST /cormun/servlet/solicitudot?gx-no-cache=1519847007912 HTTP/1.1" 200 30
186.67.164.142 - - [28/Feb/2018:16:44:17 -0300] "GET /cormun/servlet/prsolicitudot?18040542,,,,,MD,,gxPopupLevel%3D0%3B HTTP/1.1" 200 5962
186.67.164.142 - - [28/Feb/2018:16:44:17 -0300] "GET /cormun/static/Resources/resize.gif HTTP/1.1" 200 77
186.67.164.142 - - [28/Feb/2018:16:44:17 -0300] "GET /cormun/static/gxcfg.js?2017111422591492 HTTP/1.1" 200 953
186.67.164.142 - - [28/Feb/2018:16:44:17 -0300] "GET /cormun/static/Resources/PXToolsMenuSearch.png HTTP/1.1" 200 2914
186.67.164.142 - - [28/Feb/2018:16:44:17 -0300] "GET /cormun/static/Resources/PXToolsMenuSearchCancel.png HTTP/1.1" 200 2972
186.67.164.142 - - [28/Feb/2018:16:44:17 -0300] "GET /cormun/static/prsolicitudot.js?2017111422591715 HTTP/1.1" 200 13680
181.201.188.197 - - [28/Feb/2018:16:44:17 -0300] "POST /cormun/servlet/trautorizarsolicitud?6768d371c2554ae9f2a8d7ebce62491d,,gx-no-cache=1519847048550 HTTP/1.1" 200 4393
186.67.164.142 - - [28/Feb/2018:16:44:20 -0300] "POST /cormun/servlet/solicitudot?gx-no-cache=1519847012447 HTTP/1.1" 200 1333
186.67.164.142 - - [28/Feb/2018:16:44:20 -0300] "POST /cormun/servlet/solicitudot?gx-no-cache=1519847013033 HTTP/1.1" 200 38
186.67.164.142 - - [28/Feb/2018:16:44:20 -0300] "GET /cormun/servlet/solicitudot?220dc49ef6beb90cc20f7feb7a7d96f65287d5371e119f8a98594b74c08640f275a7fecceef928491e92d83725d05fc716b251b722518d8ba56b66a8ea9768164264485af9fbe638dc55a43c53bcd3e6737a97d341db0fd3a53f207cc0d3f5c868c4af28c66c59325fe2ec363b749e11,gx-no-cache=1519847013120 HTTP/1.1" 200 29
186.67.164.142 - - [28/Feb/2018:16:44:21 -0300] "POST /cormun/servlet/solicitudot?gx-no-cache=1519847013239 HTTP/1.1" 200 1318
186.67.164.142 - - [28/Feb/2018:16:44:22 -0300] "POST /cormun/servlet/solicitudot?gx-no-cache=1519847014459 HTTP/1.1" 200 1215
186.67.164.142 - - [28/Feb/2018:16:44:22 -0300] "GET /cormun/servlet/solicitudot?220dc49ef6beb90cc20f7feb7a7d96f6ba79ea798918a150b06991e6baab2d27116492ede1c9e852ec800c6e5266795e,gx-no-cache=1519847014915 HTTP/1.1" 200 30
192.168.10.96 - - [28/Feb/2018:16:44:24 -0300] "GET /cormun/servlet/trsolicitudgral? HTTP/1.1" 200 27778
192.168.10.96 - - [28/Feb/2018:16:44:27 -0300] "GET /cormun/servlet/trsolicitudgral? HTTP/1.1" 200 27776
192.168.10.96 - - [28/Feb/2018:16:44:43 -0300] "POST /cormun/servlet/trsolicitudgral?9358842a3bed196b676a3a1a15ae6027,,gx-no-cache=1519846912633 HTTP/1.1" 200 25030
192.168.10.96 - - [28/Feb/2018:16:44:59 -0300] "POST /cormun/servlet/trsolicitudgral?9358842a3bed196b676a3a1a15ae6027,,gx-no-cache=1519846938654 HTTP/1.1" 200 25774
192.168.10.96 - - [28/Feb/2018:16:45:06 -0300] "POST /cormun/servlet/trsolicitudgral?9358842a3bed196b676a3a1a15ae6027,,gx-no-cache=1519846945287 HTTP/1.1" 200 105
192.168.10.96 - - [28/Feb/2018:16:45:06 -0300] "GET /cormun/SolicitudGral-4667.xls HTTP/1.1" 200 54272
186.103.158.250 - - [28/Feb/2018:16:45:15 -0300] "GET /cormun/servlet/solicitudot?8de8abd9fa50ffdd6b0f0220846010e80d083f20dfd01215b012e7a71977b594a814bf2fbd4618ada57be2ed2a36563e,gx-no-cache=1519846882878 HTTP/1.1" 200 30
186.103.158.250 - - [28/Feb/2018:16:45:15 -0300] "GET /cormun/servlet/solicitudot?8de8abd9fa50ffdd6b0f0220846010e80d825a2bfb3ffbbb3f78a12ce2190c90,gx-no-cache=1519846883007 HTTP/1.1" 200 94
186.103.158.250 - - [28/Feb/2018:16:45:15 -0300] "GET /cormun/static/Shared/jqueryui/images/ui-bg_highlight-soft_100_c6c2c8_1x100.png HTTP/1.1" 404 1117
186.103.158.250 - - [28/Feb/2018:16:45:15 -0300] "GET /cormun/static/Shared/jqueryui/images/ui-bg_flat_55_994d53_40x100.png HTTP/1.1" 404 1097
186.103.158.250 - - [28/Feb/2018:16:45:15 -0300] "GET /cormun/static/Shared/jqueryui/images/ui-icons_ebccce_256x240.png HTTP/1.1" 404 1089
186.103.158.250 - - [28/Feb/2018:16:45:16 -0300] "GET /cormun/servlet/solicitudot?8de8abd9fa50ffdd6b0f0220846010e815f3b80cc68920b82ca22d4d5d5f3c07,gx-no-cache=1519846883338 HTTP/1.1" 200 123
186.103.158.250 - - [28/Feb/2018:16:45:16 -0300] "GET /cormun/static/Shared/jqueryui/images/ui-icons_82798d_256x240.png HTTP/1.1" 404 1089
200.54.247.70 - - [28/Feb/2018:16:45:27 -0300] "GET /cormun/servlet/trsolicitudot? HTTP/1.1" 200 7443
200.54.247.70 - - [28/Feb/2018:16:45:30 -0300] "GET /cormun/servlet/solicitudot?INS,0,0, HTTP/1.1" 200 13678
186.67.164.142 - - [28/Feb/2018:16:45:31 -0300] "POST /cormun/servlet/solicitudot?gx-no-cache=1519847083759 HTTP/1.1" 200 1317
186.67.164.142 - - [28/Feb/2018:16:45:31 -0300] "POST /cormun/servlet/solicitudot?gx-no-cache=1519847084375 HTTP/1.1" 200 1215
186.103.158.250 - - [28/Feb/2018:16:45:35 -0300] "GET /cormun/servlet/solicitudot?8de8abd9fa50ffdd6b0f0220846010e815f3b80cc68920b82ca22d4d5d5f3c07,gx-no-cache=1519846902679 HTTP/1.1" 200 123
200.54.247.70 - - [28/Feb/2018:16:45:37 -0300] "POST /cormun/servlet/solicitudot?gx-no-cache=1519847089762 HTTP/1.1" 200 3300
200.54.247.70 - - [28/Feb/2018:16:45:39 -0300] "POST /cormun/servlet/solicitudot?92d9c43bb6fc84e84865a1bb20853d46,INS,0,0,,gx-no-cache=1519847090246 HTTP/1.1" 200 10460
200.54.247.70 - - [28/Feb/2018:16:45:43 -0300] "GET /cormun/servlet/solicitudot?3c6b42112a6a8ac8598b715a545ce95b4dc6cd0aa0cc276ca17c84acc3bc7cff6724dd9570b630900a35f683976fe38c,gx-no-cache=1519847095670 HTTP/1.1" 200 30
186.67.164.142 - - [28/Feb/2018:16:45:45 -0300] "POST /cormun/servlet/solicitudot?gx-no-cache=1519847098022 HTTP/1.1" 200 33
200.86.96.247 - - [28/Feb/2018:16:45:51 -0300] "GET /cormun/servlet/solicitudot?INS,0,0, HTTP/1.1" 200 13395
200.86.96.247 - - [28/Feb/2018:16:45:51 -0300] "GET /cormun/static/gxcfg.js?201812313224582 HTTP/1.1" 200 953
200.86.96.247 - - [28/Feb/2018:16:45:51 -0300] "GET /cormun/static/solicitudot.js?201812313224831 HTTP/1.1" 304 -
200.86.96.247 - - [28/Feb/2018:16:45:55 -0300] "GET /cormun/servlet/solicitudot?INS,0,0, HTTP/1.1" 200 13400
186.67.164.142 - - [28/Feb/2018:16:46:00 -0300] "POST /cormun/servlet/solicitudot?f6b49f07e28672046d5eed10671be0a2,INS,0,0,,gx-no-cache=1519847111762 HTTP/1.1" 200 93
186.67.164.142 - - [28/Feb/2018:16:46:00 -0300] "GET /cormun/servlet/hpexe_return? HTTP/1.1" 200 1029
186.67.164.142 - - [28/Feb/2018:16:46:00 -0300] "GET /cormun/servlet/trsolicitudot?gx-no-cache=1519846885556 HTTP/1.1" 200 8594
186.67.164.142 - - [28/Feb/2018:16:46:01 -0300] "GET /cormun/servlet/trsolicitudot?gx-no-cache=1519846885556 HTTP/1.1" 200 8611
186.103.158.250 - - [28/Feb/2018:16:46:01 -0300] "GET /cormun/servlet/solicitudot?8de8abd9fa50ffdd6b0f0220846010e815f3b80cc68920b82ca22d4d5d5f3c07,gx-no-cache=1519846926220 HTTP/1.1" 200 123
186.67.164.142 - - [28/Feb/2018:16:46:05 -0300] "GET /cormun/servlet/solicitudot?INS,0,0, HTTP/1.1" 200 13449
186.67.164.142 - - [28/Feb/2018:16:46:06 -0300] "GET /cormun/servlet/solicitudot?INS,0,0, HTTP/1.1" 200 13431
186.67.164.142 - - [28/Feb/2018:16:46:15 -0300] "POST /cormun/servlet/solicitudot?gx-no-cache=1519847127819 HTTP/1.1" 200 3293
186.67.164.142 - - [28/Feb/2018:16:46:16 -0300] "POST /cormun/servlet/solicitudot?f6b49f07e28672046d5eed10671be0a2,INS,0,0,,gx-no-cache=1519847128187 HTTP/1.1" 200 10275
186.67.164.142 - - [28/Feb/2018:16:46:16 -0300] "GET /cormun/servlet/solicitudot?220dc49ef6beb90cc20f7feb7a7d96f63cf392e04bfd69d0e82a2564d7ac1e623f5cf53ccdc900fbd33ac64406a82a65,gx-no-cache=1519847128999 HTTP/1.1" 200 30
186.103.158.250 - - [28/Feb/2018:16:46:23 -0300] "POST /cormun/servlet/solicitudot?gx-no-cache=1519846950403 HTTP/1.1" 200 255
186.103.158.250 - - [28/Feb/2018:16:46:23 -0300] "GET /cormun/servlet/solicitudot?8de8abd9fa50ffdd6b0f0220846010e82de11c7aa53127072b96239b7df0455f823a6825338cce79284e81e3a481633ac048f45167b5393130655524c4fdb8ab86304d70c6aeb96b43269f01a1fab9628659f40c608f382b99f336a0276d1ef7ad76eca224e04746570ee8287ab4f61884df7e5d38835de8b82b8f2ef795582d14fadb6a2b66bf1221a4e44c996dda964490d0c862237fd484b578b92f89987a59db9ab6079e885d75f28d4748841e606f7487638808d49c4d3e71558ad7c2ce2d5fc43df500048fdaab0206cb21e2026d3fb11f760c63cc2a0d498a4c1cb95b4b52537de3c3e058f5913ce4b294095947b01fff12e4873c47de68269aeb1ddd1bb6fdb2d975987223ddd20e619922d45881ef18a54171590b86d52495ebbe3588102b9f43bbd7f5a6e2d93061179a6dd98adb568d895679b6c52bbbeabcd4b1fd1ad23603254c79945613337fcea4242740bbf4109b8683f497fb156c39c36d70ed8c0b958d01b81283a66ef6cb7e0ea52dc60490b16b2e8e01d80a4126829b,gx-no-cache=1519846950506 HTTP/1.1" 200 30
200.86.96.247 - - [28/Feb/2018:16:46:30 -0300] "POST /cormun/servlet/solicitudot?gx-no-cache=1519847082926 HTTP/1.1" 200 3403
186.103.158.250 - - [28/Feb/2018:16:46:30 -0300] "POST /cormun/servlet/solicitudot?gx-no-cache=1519846958246 HTTP/1.1" 200 30
200.86.96.247 - - [28/Feb/2018:16:46:31 -0300] "POST /cormun/servlet/solicitudot?bf0ed36a20cb61f835718cfdd5278c2c,INS,0,0,,gx-no-cache=1519847083865 HTTP/1.1" 200 10397
186.103.158.250 - - [28/Feb/2018:16:46:35 -0300] "POST /cormun/servlet/solicitudot?gx-no-cache=1519846962386 HTTP/1.1" 200 1337
186.103.158.250 - - [28/Feb/2018:16:46:35 -0300] "POST /cormun/servlet/solicitudot?gx-no-cache=1519846962602 HTTP/1.1" 200 38
186.67.164.142 - - [28/Feb/2018:16:47:00 -0300] "GET /cormun/servlet/solicitudot?220dc49ef6beb90cc20f7feb7a7d96f67e21105c83be4efc21d9d08c7b68b72f889794dd9dc58215bf1f9ffc46d40de4,gx-no-cache=1519847173185 HTTP/1.1" 200 30
186.67.164.142 - - [28/Feb/2018:16:47:00 -0300] "GET /cormun/servlet/solicitudot?220dc49ef6beb90cc20f7feb7a7d96f6dcae9de3cb85043cf7a9b752a97f7e0a,gx-no-cache=1519847173310 HTTP/1.1" 200 29
186.67.164.142 - - [28/Feb/2018:16:47:01 -0300] "POST /cormun/servlet/solicitudot?gx-no-cache=1519847174199 HTTP/1.1" 200 255
186.67.164.142 - - [28/Feb/2018:16:47:03 -0300] "GET /cormun/servlet/solicitudot?220dc49ef6beb90cc20f7feb7a7d96f6d717f7a25df4d5f6f5f8f14e1286c7a6366deeeb0872d09f67a9a016d351bb92c6d9c46d4659fb7812bc67d61053e6296f7d967cd4dd017e331428318d2a6e8d4745d4e0772f55b9e18f7799cee6e870d3a03c267d0ee927ebea02549e79137249fc8571f6a1decbab2d69715dc4bc33dd37477488475ae851da101608628c6fc3dc1c62b02d030e1359ea561b7fe946ecfa3cae108845345af002a366011ddedf0f71527a8d3ee4f0423317a8779adeaa8691a466743faf16224f2faa1267865531f6436ab2856c59e2d2f70ce09742ce6ddaafef15f8e3247a20dc8969281027cd42e7cfb4e7445daa9d570cd0c9d9163cac3e4600c288ce9e200497c870a89abeeb9dda53866d69ba5f31f9417028d45a046c11c2b325a4b5af466007ae61bc54e8dbc4fc65e17df627c518b981c171352787a65d90b647a225a260610e87725a654f85f8db826743676dcba0d8586752f2dfdb3f21eb1f60a2d83eb93f21f90cecc773b82306c0155efa75aab5a2,gx-no-cache=1519847175943 HTTP/1.1" 200 30
186.67.164.142 - - [28/Feb/2018:16:47:05 -0300] "POST /cormun/servlet/solicitudot?gx-no-cache=1519847178360 HTTP/1.1" 200 30
186.67.164.142 - - [28/Feb/2018:16:47:07 -0300] "GET /cormun/servlet/prsolicitudot?18040542,,,,,MD,,gxPopupLevel%3D0%3B HTTP/1.1" 200 6003
192.168.10.96 - - [28/Feb/2018:16:47:10 -0300] "POST /cormun/servlet/trsolicitudgral?9358842a3bed196b676a3a1a15ae6027,,gx-no-cache=1519847059935 HTTP/1.1" 200 25543
186.67.164.142 - - [28/Feb/2018:16:47:11 -0300] "POST /cormun/servlet/solicitudot?gx-no-cache=1519847184317 HTTP/1.1" 200 1333
186.67.164.142 - - [28/Feb/2018:16:47:11 -0300] "POST /cormun/servlet/solicitudot?gx-no-cache=1519847184555 HTTP/1.1" 200 38
186.67.164.142 - - [28/Feb/2018:16:47:11 -0300] "GET /cormun/servlet/solicitudot?220dc49ef6beb90cc20f7feb7a7d96f65287d5371e119f8a98594b74c08640f275a7fecceef928491e92d83725d05fc716b251b722518d8ba56b66a8ea9768164264485af9fbe638dc55a43c53bcd3e6737a97d341db0fd3a53f207cc0d3f5c868c4af28c66c59325fe2ec363b749e11,gx-no-cache=1519847184648 HTTP/1.1" 200 29
186.67.164.142 - - [28/Feb/2018:16:47:12 -0300] "POST /cormun/servlet/solicitudot?gx-no-cache=1519847184741 HTTP/1.1" 200 1318
186.67.164.142 - - [28/Feb/2018:16:47:12 -0300] "POST /cormun/servlet/solicitudot?gx-no-cache=1519847184904 HTTP/1.1" 200 1215
186.67.164.142 - - [28/Feb/2018:16:47:12 -0300] "GET /cormun/servlet/solicitudot?220dc49ef6beb90cc20f7feb7a7d96f6ba79ea798918a150b06991e6baab2d27116492ede1c9e852ec800c6e5266795e,gx-no-cache=1519847185082 HTTP/1.1" 200 30
200.54.247.70 - - [28/Feb/2018:16:47:15 -0300] "GET /cormun/servlet/solicitudot?3c6b42112a6a8ac8598b715a545ce95b613d0b572b939f4966ff9b7872be854383f8a4251ef4533331f459a1246838b8bd4e7b85d33c268ad489f575aeffcb6e,gx-no-cache=1519847187757 HTTP/1.1" 200 30
200.54.247.70 - - [28/Feb/2018:16:47:28 -0300] "GET /cormun/servlet/solicitudot?3c6b42112a6a8ac8598b715a545ce95b5c03843b6cb3d7e0064f17ec09337f35,gx-no-cache=1519847200404 HTTP/1.1" 200 29
200.86.96.247 - - [28/Feb/2018:16:47:29 -0300] "GET /cormun/servlet/solicitudot?34678a691a08e42dc82ab5fd1551f6073a76bbe02a166f9547079213b2590014670fe9af6ec05da61aace734ace7e127,gx-no-cache=1519847142853 HTTP/1.1" 200 30
200.86.96.247 - - [28/Feb/2018:16:47:29 -0300] "GET /cormun/servlet/solicitudot?34678a691a08e42dc82ab5fd1551f6072d27d93c7189a24513868a7e4eb20432c36ae8fd119674cfcb19228947afbd4383200fc938ee1de493d439df6d610b77,gx-no-cache=1519847143014 HTTP/1.1" 200 30
200.86.96.247 - - [28/Feb/2018:16:47:29 -0300] "GET /cormun/servlet/solicitudot?34678a691a08e42dc82ab5fd1551f607743b8db333b77e3b16d9e3915d4ba1e3,gx-no-cache=1519847143085 HTTP/1.1" 200 70
200.86.96.247 - - [28/Feb/2018:16:47:29 -0300] "POST /cormun/servlet/solicitudot?gx-no-cache=1519847143158 HTTP/1.1" 200 255
200.86.96.247 - - [28/Feb/2018:16:47:29 -0300] "GET /cormun/servlet/solicitudot?34678a691a08e42dc82ab5fd1551f607bceb4b9bc6757bd9aba3c32ec22c075414048e2d1051d432885d1c7c615e4c8b6c43fe916305f4c493e9e706aad8c6ef2b9965787c0d7fc1ab445c873d565af334e37eb2b6b3e9f963e309435bc379a4059fb6b6b1c9067b80fc7ed325f23c59f487b7b4d157229e952fea1ed1bc8f989b327d02d5479845d76a92ac02856974d2c1a444942ab827f5a29a126d45dcee6ca39507d509bc4f54bd804a995c7c4e104b0533d279366a96f222aa9bece2b88c4d45786e0a1a716f00ea90a6585e2e41e24d360c8f6c5341731e8f23dc14e0077adae8f1458e9373ffbad247d821bb9557a45055485257e61dafb3a71aeb96309f89812e5625b65a9b8195d0b5899417d42d449c2d3050dee3fb5841fbae633517ea9b1029f9d6197e4a308b68e112c537bc3e073876cee877efcabcf83c43942a6795350b7fd65420b6d78b21490d166224e7b454ffae5403aff5b3d3a69de7353e67fafdabb25c69ba15da50cd151b1148f7ee3f202d2fab8b4273af7844,gx-no-cache=1519847143253 HTTP/1.1" 200 30
200.54.247.70 - - [28/Feb/2018:16:47:30 -0300] "POST /cormun/servlet/solicitudot?gx-no-cache=1519847202709 HTTP/1.1" 200 297
200.86.96.247 - - [28/Feb/2018:16:47:34 -0300] "POST /cormun/servlet/solicitudot?gx-no-cache=1519847148114 HTTP/1.1" 200 30
186.67.164.142 - - [28/Feb/2018:16:47:38 -0300] "POST /cormun/servlet/solicitudot?gx-no-cache=1519847211021 HTTP/1.1" 200 1319
186.67.164.142 - - [28/Feb/2018:16:47:38 -0300] "POST /cormun/servlet/solicitudot?gx-no-cache=1519847211243 HTTP/1.1" 200 1215
200.86.96.247 - - [28/Feb/2018:16:47:44 -0300] "GET /cormun/servlet/prsolicitudot?16816564,,,,,MD,,gxPopupLevel%3D0%3B HTTP/1.1" 200 6091
200.86.96.247 - - [28/Feb/2018:16:47:44 -0300] "GET /cormun/static/gxcfg.js?2017111422591492 HTTP/1.1" 200 953
200.86.96.247 - - [28/Feb/2018:16:47:44 -0300] "GET /cormun/static/prsolicitudot.js?2017111422591715 HTTP/1.1" 304 -
186.67.164.142 - - [28/Feb/2018:16:47:46 -0300] "POST /cormun/servlet/solicitudot?gx-no-cache=1519847219231 HTTP/1.1" 200 33
200.86.96.247 - - [28/Feb/2018:16:47:51 -0300] "POST /cormun/servlet/solicitudot?gx-no-cache=1519847164474 HTTP/1.1" 200 1336
200.86.96.247 - - [28/Feb/2018:16:47:51 -0300] "POST /cormun/servlet/solicitudot?gx-no-cache=1519847164756 HTTP/1.1" 200 38
200.86.96.247 - - [28/Feb/2018:16:47:51 -0300] "GET /cormun/servlet/solicitudot?34678a691a08e42dc82ab5fd1551f607814175ff25f6927dc258bfb6c0be7a05e29815f0c535a781bc0600053ef16ccbab18e39ab1b16027b47113ae2bed363a1eb0db2de29b5fb9bdefa6cadfbeeb6d9f0dfa62cb9dace7521e28f606dd01d1726aeca136f8396ee5c8a0ad7e0ef5d5c595b6abc91b61eeec8b9a8ed893ea492a291461a70b9f11db94b0412cc81ec88aba640cc71a874e990b7604280c3194e5582d05e1f43eae4fd3edf31e0bc6090d4aefe01c51a7b6d2aea33446f6dde1417cf5eca7b9d6601e474fcf793b3599,gx-no-cache=1519847164856 HTTP/1.1" 200 29
200.86.96.247 - - [28/Feb/2018:16:47:51 -0300] "POST /cormun/servlet/solicitudot?gx-no-cache=1519847164940 HTTP/1.1" 200 1318
200.86.96.247 - - [28/Feb/2018:16:47:51 -0300] "POST /cormun/servlet/solicitudot?gx-no-cache=1519847165147 HTTP/1.1" 200 1218
200.86.96.247 - - [28/Feb/2018:16:47:51 -0300] "GET /cormun/servlet/solicitudot?34678a691a08e42dc82ab5fd1551f6075eb5c99287f27f69acfcfdcdaaba7e5e5ce9524ba5eae445e3585cd7c66f959c,gx-no-cache=1519847165364 HTTP/1.1" 200 30
186.67.164.142 - - [28/Feb/2018:16:47:53 -0300] "POST /cormun/servlet/solicitudot?f6b49f07e28672046d5eed10671be0a2,INS,0,0,,gx-no-cache=1519847225660 HTTP/1.1" 200 93
186.67.164.142 - - [28/Feb/2018:16:47:53 -0300] "GET /cormun/servlet/hpexe_return? HTTP/1.1" 200 1029
186.67.164.142 - - [28/Feb/2018:16:47:54 -0300] "GET /cormun/servlet/trsolicitudot?gx-no-cache=1519846885556 HTTP/1.1" 200 8906
186.67.164.142 - - [28/Feb/2018:16:47:55 -0300] "GET /cormun/servlet/trsolicitudot?gx-no-cache=1519846885556 HTTP/1.1" 200 8923
192.168.10.96 - - [28/Feb/2018:16:47:59 -0300] "POST /cormun/servlet/trsolicitudgral?9358842a3bed196b676a3a1a15ae6027,,gx-no-cache=1519847104772 HTTP/1.1" 200 105
192.168.10.96 - - [28/Feb/2018:16:47:59 -0300] "GET /cormun/SolicitudGral-1021.xls HTTP/1.1" 200 345600
186.103.158.250 - - [28/Feb/2018:16:48:01 -0300] "GET /cormun/servlet/solicitudot?8de8abd9fa50ffdd6b0f0220846010e8c2c43b78a61b7fc2470b8415d4c72d7b1cfc585853ba5b54edee9ea85ce52138cafd94c7ac2cb629df0c6dd337ffb2db9646f6d022a71cdfe1dbbf44ac146b5db1ef4e89d6a65620c706e02c822c9d488355ff1d99ab2df4822aa9429d8666d862588f5f3cde38135f12905ceba5af2069438029dfc69d6bfc215a5615f40779cd1a5fbfe01e9f4527042ac616b04873,gx-no-cache=1519847048582 HTTP/1.1" 200 29
186.103.158.250 - - [28/Feb/2018:16:48:01 -0300] "POST /cormun/servlet/solicitudot?gx-no-cache=1519847048710 HTTP/1.1" 200 1319
186.103.158.250 - - [28/Feb/2018:16:48:02 -0300] "POST /cormun/servlet/solicitudot?gx-no-cache=1519847049382 HTTP/1.1" 200 1219
186.103.158.250 - - [28/Feb/2018:16:48:02 -0300] "GET /cormun/static/menuarrow.gif HTTP/1.1" 404 1015
186.103.157.98 - - [28/Feb/2018:16:48:02 -0300] "GET /cormun/servlet/hlogin HTTP/1.1" 200 1727
186.103.157.98 - - [28/Feb/2018:16:48:02 -0300] "GET /cormun/static/gxcfg.js?20175251213516 HTTP/1.1" 200 953
186.103.157.98 - - [28/Feb/2018:16:48:02 -0300] "GET /cormun/static/gxtimezone.js?85251 HTTP/1.1" 304 -
186.103.157.98 - - [28/Feb/2018:16:48:02 -0300] "GET /cormun/static/messages.spa.js?85251 HTTP/1.1" 304 -
186.103.157.98 - - [28/Feb/2018:16:48:02 -0300] "GET /cormun/static/Resources/ComunLogin.png HTTP/1.1" 200 17326
186.103.157.98 - - [28/Feb/2018:16:48:02 -0300] "GET /cormun/static/Resources/PXToolsLoginTop.png HTTP/1.1" 200 1337
186.103.157.98 - - [28/Feb/2018:16:48:02 -0300] "GET /cormun/static/Resources/PXToolsButtonLeft21.png HTTP/1.1" 200 1287
186.103.157.98 - - [28/Feb/2018:16:48:02 -0300] "GET /cormun/static/Resources/PXToolsButtonBackground2.png HTTP/1.1" 200 1181
186.103.157.98 - - [28/Feb/2018:16:48:02 -0300] "GET /cormun/static/Resources/PXToolsLoginBackground.png HTTP/1.1" 200 1164
186.103.157.98 - - [28/Feb/2018:16:48:02 -0300] "GET /cormun/static/Resources/PXToolsButtonRight21.png HTTP/1.1" 200 1283
186.103.157.98 - - [28/Feb/2018:16:48:02 -0300] "GET /cormun/static/Resources/PXToolsLoginBottom.png HTTP/1.1" 200 1389
186.103.157.98 - - [28/Feb/2018:16:48:02 -0300] "GET /cormun/static/Resources/indicator.gif HTTP/1.1" 200 1553
186.103.157.98 - - [28/Feb/2018:16:48:03 -0300] "GET /cormun/servlet/hlogin HTTP/1.1" 200 1735
186.103.158.250 - - [28/Feb/2018:16:48:05 -0300] "POST /cormun/servlet/solicitudot?gx-no-cache=1519847052549 HTTP/1.1" 200 1319
186.103.158.250 - - [28/Feb/2018:16:48:05 -0300] "POST /cormun/servlet/solicitudot?gx-no-cache=1519847052824 HTTP/1.1" 200 1219
200.54.247.70 - - [28/Feb/2018:16:48:06 -0300] "GET /cormun/servlet/prbanco?,MD,,gxPopupLevel%3D0%3B HTTP/1.1" 200 6669
200.54.247.70 - - [28/Feb/2018:16:48:06 -0300] "GET /cormun/static/gxcfg.js?20181161016094 HTTP/1.1" 200 953
200.54.247.70 - - [28/Feb/2018:16:48:06 -0300] "GET /cormun/static/prbanco.js?2018116101633 HTTP/1.1" 200 10693
200.54.247.70 - - [28/Feb/2018:16:48:08 -0300] "POST /cormun/servlet/acontrolpreferencessavestate?None,MGALVEZ,true HTTP/1.1" 200 35
192.168.10.96 - - [28/Feb/2018:16:48:11 -0300] "POST /cormun/servlet/trsolicitudgral?9358842a3bed196b676a3a1a15ae6027,,gx-no-cache=1519847129342 HTTP/1.1" 200 25792
186.67.164.142 - - [28/Feb/2018:16:48:12 -0300] "GET /cormun/servlet/solicitudot?INS,0,0, HTTP/1.1" 200 13449
186.67.164.142 - - [28/Feb/2018:16:48:13 -0300] "GET /cormun/servlet/solicitudot?INS,0,0, HTTP/1.1" 200 13431
186.103.158.250 - - [28/Feb/2018:16:48:13 -0300] "GET /cormun/servlet/solicitudot?8de8abd9fa50ffdd6b0f0220846010e8cd31604f11b12f129b7a807b62eb6b022f7095361dedee3d53192a9b97d9a670,gx-no-cache=1519847060925 HTTP/1.1" 200 30
200.86.96.247 - - [28/Feb/2018:16:48:16 -0300] "POST /cormun/servlet/solicitudot?gx-no-cache=1519847189446 HTTP/1.1" 200 1319
200.86.96.247 - - [28/Feb/2018:16:48:16 -0300] "POST /cormun/servlet/solicitudot?gx-no-cache=1519847189721 HTTP/1.1" 200 1218
200.86.96.247 - - [28/Feb/2018:16:48:16 -0300] "POST /cormun/servlet/solicitudot?gx-no-cache=1519847189945 HTTP/1.1" 200 33
192.168.10.96 - - [28/Feb/2018:16:48:19 -0300] "POST /cormun/servlet/trsolicitudgral?9358842a3bed196b676a3a1a15ae6027,,gx-no-cache=1519847137508 HTTP/1.1" 200 105
192.168.10.96 - - [28/Feb/2018:16:48:19 -0300] "GET /cormun/SolicitudGral-1142.xls HTTP/1.1" 200 83968
186.67.164.142 - - [28/Feb/2018:16:48:23 -0300] "POST /cormun/servlet/solicitudot?gx-no-cache=1519847256204 HTTP/1.1" 200 3293
186.103.157.98 - - [28/Feb/2018:16:48:24 -0300] "GET /cormun/servlet/hlogin HTTP/1.1" 200 1727
186.67.164.142 - - [28/Feb/2018:16:48:24 -0300] "POST /cormun/servlet/solicitudot?f6b49f07e28672046d5eed10671be0a2,INS,0,0,,gx-no-cache=1519847256555 HTTP/1.1" 200 10276
186.67.164.142 - - [28/Feb/2018:16:48:24 -0300] "GET /cormun/servlet/solicitudot?220dc49ef6beb90cc20f7feb7a7d96f6c18a56cafc9febf1f13d2d6f0c5871e43f5cf53ccdc900fbd33ac64406a82a65,gx-no-cache=1519847257427 HTTP/1.1" 200 30
186.103.157.98 - - [28/Feb/2018:16:48:26 -0300] "POST /cormun/servlet/hlogin?84cf51a2dd3f8a3ba33a25f21baf07be,gx-no-cache=1519847258470 HTTP/1.1" 200 90
186.103.157.98 - - [28/Feb/2018:16:48:26 -0300] "GET /cormun/servlet/hpexe_link HTTP/1.1" 200 953
186.103.157.98 - - [28/Feb/2018:16:48:26 -0300] "GET /cormun/static/hpexe_link.js?20177612121795 HTTP/1.1" 200 625
186.103.157.98 - - [28/Feb/2018:16:48:26 -0300] "GET /cormun/static/gxcfg.js?20177612121792 HTTP/1.1" 200 953
186.103.157.98 - - [28/Feb/2018:16:48:27 -0300] "GET /cormun/servlet/hhome HTTP/1.1" 200 4255
186.103.157.98 - - [28/Feb/2018:16:48:27 -0300] "GET /cormun/static/PXToolsJavascripts/pexe_cookies.js HTTP/1.1" 200 792
186.103.157.98 - - [28/Feb/2018:16:48:27 -0300] "GET /cormun/static/gxcfg.js?20175251212442 HTTP/1.1" 200 953
186.103.157.98 - - [28/Feb/2018:16:48:27 -0300] "GET /cormun/static/PXToolsJavascripts/pexe_menudivfix.js HTTP/1.1" 200 333
186.103.157.98 - - [28/Feb/2018:16:48:27 -0300] "GET /cormun/static/PXToolsJavascripts/pexe_oavdivfix.js HTTP/1.1" 200 639
