200.111.122.170 - - [27/Feb/2018:12:37:59 -0300] "GET /cormun/servlet/solicitudot?UPD,2018,9692, HTTP/1.1" 200 15473
186.103.161.206 - - [27/Feb/2018:12:38:00 -0300] "POST /cormun/servlet/solicitudot?gx-no-cache=1519745833418 HTTP/1.1" 200 3442
186.103.161.206 - - [27/Feb/2018:12:38:01 -0300] "POST /cormun/servlet/solicitudot?6c16949fff86b203e53647e90faec2cc,UPD,2018,9692,,gx-no-cache=1519745834711 HTTP/1.1" 200 11753
186.103.161.206 - - [27/Feb/2018:12:38:02 -0300] "GET /cormun/servlet/solicitudot?2eac4b82f64fb105b76995973e34ad5bb307b233c1cc3e11bc82ddc50756bc97583ed9a0800c40486921ba978f7ea9a9,gx-no-cache=1519745836213 HTTP/1.1" 200 30
186.103.161.206 - - [27/Feb/2018:12:38:02 -0300] "GET /cormun/servlet/solicitudot?2eac4b82f64fb105b76995973e34ad5b0a1d76ce72f49af03af79822159d6dca8b33be24dd16b47c6a24a4a514f4f19511c88716a66068a1550fcaa444bec7e2,gx-no-cache=1519745836387 HTTP/1.1" 200 30
186.103.161.206 - - [27/Feb/2018:12:38:02 -0300] "GET /cormun/servlet/solicitudot?2eac4b82f64fb105b76995973e34ad5b737b1c2da7cefd58561f564fd0c604944d36aca5fa8e123db9030081da6a5d45672d8c1c65d6651045ba91211ae1b30d,gx-no-cache=1519745836477 HTTP/1.1" 200 53
186.103.161.206 - - [27/Feb/2018:12:38:02 -0300] "POST /cormun/servlet/solicitudot?gx-no-cache=1519745836646 HTTP/1.1" 200 297
186.103.159.189 - - [27/Feb/2018:12:38:02 -0300] "POST /cormun/servlet/trvisualizadoreventos?fcb1aeef56e1db2c09d2ce98c021dc35,,gx-no-cache=1519745836081 HTTP/1.1" 200 4518
186.103.161.206 - - [27/Feb/2018:12:38:03 -0300] "GET /cormun/servlet/solicitudot?2eac4b82f64fb105b76995973e34ad5b6f226b82ee13f032b0c327af6579ba5baae6223ebeb6c7341cde1af4cb81670d724553f512e55099916850279f8944669f7986367ccd92d8df574227c3c88ec3ec20a236272f96de3fa8d8f30ef6a0f8f7a2bdf11f70ed4f228c8634fc7d91b23803a8f7dcac20837b9e0b31eae74132304d442a1ce1a5043f25b7da7198e0604b8d5bad29274cc3f8313f4b09387f3693475f8cd484079cf299d4df5267bdc8f0d77b3c111b8856047ea63f9492408d42f02dca12a48857e86b915e339640ca1db0b963485cc7dd92f19dc09db00cadaf68a37d0dba53a282fa50aa78a62d879cfa01f569bbe544664f2ce175e44274c33770e74a9a51e80270bccbc9c003e371f33f6e473582a5a0701d7a903ab27109aca374d1e13f260e55276e9c19d39fb11184bb5756e8d7282cef9439fdb09fcf3a99eec48beee061e390b277076746ae494c2901a55f74501c9ae955eaf46a250c552c764dbc8c36f8a611ab03b3e8c79e12b2ba18e41a15c8670d7ac9f7f1bdb9ce164eea4cf6f4539e72831c626b,gx-no-cache=1519745836972 HTTP/1.1" 200 30
186.103.161.206 - - [27/Feb/2018:12:38:03 -0300] "POST /cormun/servlet/solicitudot?gx-no-cache=1519745837558 HTTP/1.1" 200 30
186.103.161.206 - - [27/Feb/2018:12:38:04 -0300] "POST /cormun/servlet/solicitudot?gx-no-cache=1519745837803 HTTP/1.1" 200 1336
186.103.161.206 - - [27/Feb/2018:12:38:04 -0300] "POST /cormun/servlet/solicitudot?gx-no-cache=1519745838445 HTTP/1.1" 200 41
186.103.132.155 - - [27/Feb/2018:12:38:11 -0300] "GET /cormun/servlet/solicitudot?2eac4b82f64fb105b76995973e34ad5bfa74ff1f44e7156e44ac9f4280db4352172c0eba256a85d29a65eb29a8ab63504f6969d85c30861a7464c3e01fcede896d8596188a8cd00e820e528fcfb3ced4d4964c7dccf2056ab55868e8b6696ba7ca48fdd78ac90112360ad178e808406d,gx-no-cache=1519745845267 HTTP/1.1" 200 29
186.103.132.155 - - [27/Feb/2018:12:38:11 -0300] "POST /cormun/servlet/solicitudot?gx-no-cache=1519745845541 HTTP/1.1" 200 1319
186.103.132.155 - - [27/Feb/2018:12:38:12 -0300] "POST /cormun/servlet/solicitudot?gx-no-cache=1519745845986 HTTP/1.1" 200 1218
186.103.132.155 - - [27/Feb/2018:12:38:13 -0300] "GET /cormun/servlet/solicitudot?2eac4b82f64fb105b76995973e34ad5bacfc895684ebc8225ea14fa169bf7f3b56e9f469b772b02b7de5508a9337e83a,gx-no-cache=1519745846870 HTTP/1.1" 200 30
186.103.132.155 - - [27/Feb/2018:12:38:13 -0300] "GET /cormun/static/menuarrow.gif HTTP/1.1" 404 1015
200.72.197.82 - - [27/Feb/2018:12:38:18 -0300] "POST /cormun/servlet/solicitudot?gx-no-cache=1519745851616 HTTP/1.1" 200 1319
186.103.159.189 - - [27/Feb/2018:12:38:19 -0300] "POST /cormun/servlet/trvisualizadoreventos?fcb1aeef56e1db2c09d2ce98c021dc35,,gx-no-cache=1519745850550 HTTP/1.1" 200 4149
200.72.197.82 - - [27/Feb/2018:12:38:19 -0300] "POST /cormun/servlet/solicitudot?gx-no-cache=1519745852919 HTTP/1.1" 200 1218
190.151.100.218 - - [27/Feb/2018:12:38:28 -0300] "POST /cormun/servlet/solicitudot?gx-no-cache=1519745860726 HTTP/1.1" 200 30
186.103.159.189 - - [27/Feb/2018:12:38:30 -0300] "POST /cormun/servlet/trvisualizadoreventos?fcb1aeef56e1db2c09d2ce98c021dc35,,gx-no-cache=1519745862714 HTTP/1.1" 200 4150
190.151.100.218 - - [27/Feb/2018:12:38:32 -0300] "POST /cormun/servlet/solicitudot?6c16949fff86b203e53647e90faec2cc,UPD,2018,9692,,gx-no-cache=1519745862320 HTTP/1.1" 200 93
190.151.100.218 - - [27/Feb/2018:12:38:33 -0300] "GET /cormun/servlet/hpexe_return? HTTP/1.1" 200 1013
190.151.100.218 - - [27/Feb/2018:12:38:33 -0300] "GET /cormun/servlet/trsolicitudot HTTP/1.1" 200 9225
190.151.100.218 - - [27/Feb/2018:12:38:35 -0300] "GET /cormun/servlet/trsolicitudot HTTP/1.1" 200 9221
200.54.247.70 - - [27/Feb/2018:12:38:41 -0300] "GET /cormun/servlet/solicitudot?dde39e800cf5813b98aef7d8af45ebf9e3f63b8e34b37e2fdf5a6d7cbda10c3f945041cd41413918bb82777ddcb31074ebed9632ce8e17ab0743ceb6799b7bef,gx-no-cache=1519745870015 HTTP/1.1" 200 30
200.54.247.70 - - [27/Feb/2018:12:38:41 -0300] "POST /cormun/servlet/solicitudot?gx-no-cache=1519745870157 HTTP/1.1" 200 257
200.54.247.70 - - [27/Feb/2018:12:38:42 -0300] "GET /cormun/servlet/solicitudot?dde39e800cf5813b98aef7d8af45ebf9552e728f50cad3409152ba07614eec1d4d14f2c6589a4adff5f7951ce0d4124bb9fd50d05a683fd086663dcf3d148e89e6e23206900706a49ab4620197a4424513578658354e1001b6090709b31e7b2617ba4971d097cd5fb895a2b3e0c6ec39170e76e8b2f087d58bd6fa2310ea64c348e75a705653ab18a56714fca364f80bd9f54da09384f59df1bf58cf5f743c166da3f6d7c4def2fbee9765b24ee7ac70453ad08e97813eb9c226287b23c4c025fa40e24a1c20aa3ac0b50a28741ba01e55484253365aa7144be6366f347bb570e5f3b5cac87fa18acf508841b2f8479441677bc5bf3944b85e4e2d527b8503349acaa1c81ad0d04bf1ee4ea6030292ad468610c97d3006d998965829baec6049998aec081ff0b40fe9d22c8d422f2e6033fecc3141bfaea982f1ad5d4c32f94ffaa6c9e5d83a80e05f43451f9e0b178b571061bb8d1e4aa8a6b401af8d2695d65a63c3ca1e018242f647c058cac2581eee30940ddbbd85cb2a3e6ab0fe31dd4c,gx-no-cache=1519745870260 HTTP/1.1" 200 30
200.54.247.70 - - [27/Feb/2018:12:38:43 -0300] "POST /cormun/servlet/solicitudot?gx-no-cache=1519745870653 HTTP/1.1" 200 30
186.103.132.155 - - [27/Feb/2018:12:38:43 -0300] "GET /cormun/servlet/solicitudot?INS,0,0, HTTP/1.1" 200 13645
200.54.247.70 - - [27/Feb/2018:12:38:43 -0300] "POST /cormun/servlet/solicitudot?gx-no-cache=1519745871690 HTTP/1.1" 200 1337
200.54.247.70 - - [27/Feb/2018:12:38:43 -0300] "POST /cormun/servlet/solicitudot?gx-no-cache=1519745871949 HTTP/1.1" 200 41
200.54.247.70 - - [27/Feb/2018:12:38:43 -0300] "POST /cormun/servlet/solicitudot?gx-no-cache=1519745872002 HTTP/1.1" 200 1319
200.54.247.70 - - [27/Feb/2018:12:38:43 -0300] "POST /cormun/servlet/solicitudot?gx-no-cache=1519745872175 HTTP/1.1" 200 1218
200.54.247.70 - - [27/Feb/2018:12:38:43 -0300] "GET /cormun/servlet/solicitudot?dde39e800cf5813b98aef7d8af45ebf9a7a5a36f51e2a0ed85f6ae36f8ab00030736f682f87feba7a926adb57d28c182,gx-no-cache=1519745872352 HTTP/1.1" 200 30
200.54.247.70 - - [27/Feb/2018:12:38:44 -0300] "POST /cormun/servlet/solicitudot?gx-no-cache=1519745872411 HTTP/1.1" 200 30
200.54.247.70 - - [27/Feb/2018:12:38:45 -0300] "POST /cormun/servlet/solicitudot?9243fd6fc3962d0d78f9e43a169b0a0a,INS,0,0,,gx-no-cache=1519745872512 HTTP/1.1" 200 12652
186.103.132.155 - - [27/Feb/2018:12:38:45 -0300] "GET /cormun/servlet/solicitudot?INS,0,0, HTTP/1.1" 200 13650
200.72.197.82 - - [27/Feb/2018:12:39:03 -0300] "GET /cormun/servlet/trcontratosolicitud? HTTP/1.1" 200 10691
200.111.122.170 - - [27/Feb/2018:12:39:04 -0300] "GET /cormun/static/calendar-system.css?75620 HTTP/1.1" 200 5572
200.111.122.170 - - [27/Feb/2018:12:39:04 -0300] "GET /cormun/static/gxcfg.js?20177612214014 HTTP/1.1" 200 953
200.72.197.82 - - [27/Feb/2018:12:39:04 -0300] "GET /cormun/static/gxui/gxui-all.css?110300 HTTP/1.1" 200 2179
200.111.122.170 - - [27/Feb/2018:12:39:04 -0300] "GET /cormun/static/trcontratosolicitud.js?20177612214349 HTTP/1.1" 200 28237
186.103.156.166 - - [27/Feb/2018:12:39:07 -0300] "POST /cormun/servlet/solicitudot?gx-no-cache=1519745901955 HTTP/1.1" 200 1412
186.103.132.155 - - [27/Feb/2018:12:39:11 -0300] "GET /cormun/static/Shared/ext/resources/css/ext-all.css?205870 HTTP/1.1" 200 416045
186.67.203.186 - - [27/Feb/2018:12:39:13 -0300] "GET /cormun//static/Resources/PXToolsActionDisabled.gif HTTP/1.1" 200 53
186.67.203.186 - - [27/Feb/2018:12:39:13 -0300] "GET /cormun//static/Resources/PXToolsGridNew.png HTTP/1.1" 200 2949
186.103.132.155 - - [27/Feb/2018:12:39:13 -0300] "GET /cormun/servlet/trcontratosolicitud? HTTP/1.1" 200 10681
186.103.159.189 - - [27/Feb/2018:12:39:16 -0300] "GET /cormun/servlet/trcontratosolicitud? HTTP/1.1" 200 14800
186.103.156.166 - - [27/Feb/2018:12:39:17 -0300] "GET /cormun/static/menuarrow.gif HTTP/1.1" 404 1015
186.103.159.189 - - [27/Feb/2018:12:39:18 -0300] "GET /cormun/servlet/trcontratosolicitud? HTTP/1.1" 200 14808
200.54.247.70 - - [27/Feb/2018:12:39:32 -0300] "GET /cormun/servlet/hlogin HTTP/1.1" 200 1717
200.54.247.70 - - [27/Feb/2018:12:39:32 -0300] "GET /cormun/static/Resources/Spanish/PXTools.css?11423723 HTTP/1.1" 304 -
200.54.247.70 - - [27/Feb/2018:12:39:32 -0300] "GET /cormun/static/gxgral.js?85251 HTTP/1.1" 304 -
200.54.247.70 - - [27/Feb/2018:12:39:32 -0300] "GET /cormun/static/Resources/ComunLogin.png HTTP/1.1" 304 -
200.54.247.70 - - [27/Feb/2018:12:39:32 -0300] "GET /cormun/static/gxcfg.js?20175251213516 HTTP/1.1" 304 -
200.54.247.70 - - [27/Feb/2018:12:39:32 -0300] "GET /cormun/static/gxtimezone.js?85251 HTTP/1.1" 304 -
200.54.247.70 - - [27/Feb/2018:12:39:32 -0300] "GET /cormun/static/hlogin.js?20175251213537 HTTP/1.1" 304 -
200.54.247.70 - - [27/Feb/2018:12:39:32 -0300] "GET /cormun/static/messages.spa.js?85251 HTTP/1.1" 304 -
200.54.247.70 - - [27/Feb/2018:12:39:32 -0300] "GET /cormun/static/Resources/indicator.gif HTTP/1.1" 304 -
200.54.247.70 - - [27/Feb/2018:12:39:42 -0300] "POST /cormun/servlet/hlogin?f82ccf8ce565aa15073b855a4281fffa,gx-no-cache=1519745930721 HTTP/1.1" 200 90
200.54.247.70 - - [27/Feb/2018:12:39:42 -0300] "GET /cormun/servlet/hpexe_link HTTP/1.1" 200 947
200.54.247.70 - - [27/Feb/2018:12:39:42 -0300] "GET /cormun/servlet/hhome HTTP/1.1" 200 4222
186.103.159.189 - - [27/Feb/2018:12:39:47 -0300] "GET /cormun/servlet/trautorizarsolicitud? HTTP/1.1" 200 9009
186.103.159.189 - - [27/Feb/2018:12:39:49 -0300] "GET /cormun/servlet/trautorizarsolicitud? HTTP/1.1" 200 9009
186.103.159.189 - - [27/Feb/2018:12:39:52 -0300] "POST /cormun/servlet/trautorizarsolicitud?fcb1aeef56e1db2c09d2ce98c021dc35,,gx-no-cache=1519745945771 HTTP/1.1" 200 5785
186.103.159.189 - - [27/Feb/2018:12:39:52 -0300] "GET /cormun/static/Shared/jqueryui/images/ui-icons_82798d_256x240.png HTTP/1.1" 404 1089
186.103.159.189 - - [27/Feb/2018:12:39:52 -0300] "GET /cormun/static/Shared/jqueryui/images/ui-bg_flat_55_fafafa_40x100.png HTTP/1.1" 404 1097
186.103.159.189 - - [27/Feb/2018:12:39:52 -0300] "GET /cormun/static/Shared/jqueryui/images/ui-icons_8d78a5_256x240.png HTTP/1.1" 404 1089
186.103.159.189 - - [27/Feb/2018:12:39:53 -0300] "GET /cormun/static/Shared/jqueryui/images/ui-bg_highlight-soft_100_c6c2c8_1x100.png HTTP/1.1" 404 1117
186.103.159.189 - - [27/Feb/2018:12:39:53 -0300] "POST /cormun/servlet/trautorizarsolicitud?fcb1aeef56e1db2c09d2ce98c021dc35,,gx-no-cache=1519745946593 HTTP/1.1" 200 5731
186.103.159.189 - - [27/Feb/2018:12:39:55 -0300] "POST /cormun/servlet/trautorizarsolicitud?fcb1aeef56e1db2c09d2ce98c021dc35,,gx-no-cache=1519745948887 HTTP/1.1" 200 4597
186.103.159.189 - - [27/Feb/2018:12:39:56 -0300] "POST /cormun/servlet/trautorizarsolicitud?fcb1aeef56e1db2c09d2ce98c021dc35,,gx-no-cache=1519745949393 HTTP/1.1" 200 4383
186.103.159.189 - - [27/Feb/2018:12:39:59 -0300] "GET /cormun/servlet/trcontratosolicitud? HTTP/1.1" 200 14799
186.103.156.166 - - [27/Feb/2018:12:40:00 -0300] "POST /cormun/servlet/solicitudot?gx-no-cache=1519745955675 HTTP/1.1" 200 1412
186.103.156.166 - - [27/Feb/2018:12:40:01 -0300] "POST /cormun/servlet/solicitudot?gx-no-cache=1519745956016 HTTP/1.1" 200 118
186.103.159.189 - - [27/Feb/2018:12:40:01 -0300] "GET /cormun/servlet/trcontratosolicitud? HTTP/1.1" 200 14802
200.54.247.70 - - [27/Feb/2018:12:40:05 -0300] "GET /cormun/servlet/trsolicitudot? HTTP/1.1" 200 7436
200.54.247.70 - - [27/Feb/2018:12:40:11 -0300] "GET /cormun/servlet/solicitudot?INS,0,0, HTTP/1.1" 200 13671
200.54.247.70 - - [27/Feb/2018:12:40:23 -0300] "POST /cormun/servlet/solicitudot?gx-no-cache=1519745971241 HTTP/1.1" 200 3394
200.54.247.70 - - [27/Feb/2018:12:40:23 -0300] "POST /cormun/servlet/solicitudot?f82ccf8ce565aa15073b855a4281fffa,INS,0,0,,gx-no-cache=1519745971691 HTTP/1.1" 200 10537
200.54.247.70 - - [27/Feb/2018:12:40:26 -0300] "GET /cormun/servlet/solicitudot?755cc18ecab29ea2329d439b8be3abf8f478a5e23e7ec6099023b8fea241743e3a2c00ad013033759a56d8bb67e1a8dc,gx-no-cache=1519745974954 HTTP/1.1" 200 30
186.103.159.189 - - [27/Feb/2018:12:40:28 -0300] "GET /cormun/servlet/trautorizarsolicitud? HTTP/1.1" 200 7271
186.103.159.189 - - [27/Feb/2018:12:40:31 -0300] "GET /cormun/servlet/trautorizarsolicitud? HTTP/1.1" 200 7271
186.103.159.189 - - [27/Feb/2018:12:40:37 -0300] "POST /cormun/servlet/trautorizarsolicitud?fcb1aeef56e1db2c09d2ce98c021dc35,,gx-no-cache=1519745989230 HTTP/1.1" 200 6153
186.103.156.166 - - [27/Feb/2018:12:40:45 -0300] "GET /cormun/servlet/trsolicitudot? HTTP/1.1" 200 7384
186.103.156.166 - - [27/Feb/2018:12:40:46 -0300] "GET /cormun/servlet/trsolicitudot? HTTP/1.1" 200 7383
186.103.159.189 - - [27/Feb/2018:12:40:54 -0300] "POST /cormun/servlet/trautorizarsolicitud?fcb1aeef56e1db2c09d2ce98c021dc35,,gx-no-cache=1519746007206 HTTP/1.1" 200 6166
186.103.159.189 - - [27/Feb/2018:12:40:54 -0300] "GET /cormun/static/Shared/jqueryui/images/ui-icons_82798d_256x240.png HTTP/1.1" 404 1089
186.103.159.189 - - [27/Feb/2018:12:40:54 -0300] "GET /cormun/static/Shared/jqueryui/images/ui-bg_flat_55_fafafa_40x100.png HTTP/1.1" 404 1097
186.103.159.189 - - [27/Feb/2018:12:40:54 -0300] "GET /cormun/static/Shared/jqueryui/images/ui-icons_8d78a5_256x240.png HTTP/1.1" 404 1089
186.103.159.189 - - [27/Feb/2018:12:40:54 -0300] "GET /cormun/static/Shared/jqueryui/images/ui-bg_highlight-soft_100_c6c2c8_1x100.png HTTP/1.1" 404 1117
200.54.247.70 - - [27/Feb/2018:12:40:59 -0300] "GET /cormun/servlet/solicitudot?755cc18ecab29ea2329d439b8be3abf86e55cc3f6191399f369c42b86b902c05579587659ae2eec34d4457a1672f0e9c7df576b839378d0cf1dc5db5e2f0831e,gx-no-cache=1519746008192 HTTP/1.1" 200 30
200.54.247.70 - - [27/Feb/2018:12:40:59 -0300] "GET /cormun/servlet/solicitudot?755cc18ecab29ea2329d439b8be3abf8b9ad9675b0e21cbe46644db4da634d9e,gx-no-cache=1519746008336 HTTP/1.1" 200 56
200.54.247.70 - - [27/Feb/2018:12:41:00 -0300] "POST /cormun/servlet/solicitudot?gx-no-cache=1519746008423 HTTP/1.1" 200 256
200.54.247.70 - - [27/Feb/2018:12:41:00 -0300] "GET /cormun/servlet/solicitudot?755cc18ecab29ea2329d439b8be3abf834a40a22f967f2a433b3c20352ac3fe91e3d80709bf710db1d23970beb5c6529b1e38e313031d18234c352244c2195448e2e1f77d8ec34c2683837c60abab510cbcc960a2664000179e7beebeed029ddfce1dbbf075ef8090403f6311fd1fd17bc548de3518c2e176e418c91e8cd9e2cd18dd1bd7aba7f2287580ef4b42f265f3e5e774130e959195a47b31602dd0d1920930c43311b6d87b302bd1fbe3ebd9a87ce08244070a41d5195ef2360a3e28d14212ecd5ea6ba12b2b89906759ff34373bba8b904569176afa4a581b752f3857fb29de9c5445194dec9ef7316a8f87df5f601dc0d91c41ca1e18069f6a8b803ed66296a76e6fecc4e7b881e28ec129444af8e90b6c1de2b0ddeb840aa59e97f3e4943d7d86e5eec63c2886c07d156c5ddd89cf1ccea4605df7704f41f2412751bc7a0d1fdf9776679520ba935911df62fb8c3a37c003f8c8356b7a19879a0cb901d9def7031c79a2e06460cd97bb49e0bb9d2061ec93bbe8b30b2cc47e0ba63,gx-no-cache=1519746008524 HTTP/1.1" 200 30
200.54.247.70 - - [27/Feb/2018:12:41:00 -0300] "POST /cormun/servlet/solicitudot?gx-no-cache=1519746008605 HTTP/1.1" 200 30
200.54.247.70 - - [27/Feb/2018:12:41:00 -0300] "POST /cormun/servlet/solicitudot?gx-no-cache=1519746008704 HTTP/1.1" 200 1336
200.54.247.70 - - [27/Feb/2018:12:41:00 -0300] "POST /cormun/servlet/solicitudot?gx-no-cache=1519746009268 HTTP/1.1" 200 38
186.103.156.166 - - [27/Feb/2018:12:41:02 -0300] "GET /cormun/servlet/trvisualizadoreventos? HTTP/1.1" 200 6925
186.103.156.166 - - [27/Feb/2018:12:41:02 -0300] "GET /cormun/static/gxcfg.js?20175251251426 HTTP/1.1" 200 953
186.103.156.166 - - [27/Feb/2018:12:41:02 -0300] "GET /cormun/static/trvisualizadoreventos.js?20175251251768 HTTP/1.1" 304 -
186.103.156.166 - - [27/Feb/2018:12:41:03 -0300] "GET /cormun/servlet/trvisualizadoreventos? HTTP/1.1" 200 6925
200.54.247.70 - - [27/Feb/2018:12:41:05 -0300] "POST /cormun/servlet/solicitudot?gx-no-cache=1519746013912 HTTP/1.1" 200 30
200.54.247.70 - - [27/Feb/2018:12:41:09 -0300] "POST /cormun/servlet/solicitudot?gx-no-cache=1519746017313 HTTP/1.1" 200 1336
200.54.247.70 - - [27/Feb/2018:12:41:09 -0300] "POST /cormun/servlet/solicitudot?gx-no-cache=1519746017521 HTTP/1.1" 200 38
200.54.247.70 - - [27/Feb/2018:12:41:12 -0300] "GET /cormun/servlet/solicitudot?755cc18ecab29ea2329d439b8be3abf8fac4b4aed64c62758d926a06c177719860198c612b33842ff15b1d5d0068da584860a08dd4584267e748ff5ad2a278f3a420d95d450fc69c717ce0ed38eec2b3a07fd452a3b550e3e1faa099367dd7c1e94282e2da5bd5c6af79d11803a61169,gx-no-cache=1519746021368 HTTP/1.1" 200 29
200.54.247.70 - - [27/Feb/2018:12:41:13 -0300] "POST /cormun/servlet/solicitudot?gx-no-cache=1519746021433 HTTP/1.1" 200 1319
200.54.247.70 - - [27/Feb/2018:12:41:13 -0300] "POST /cormun/servlet/solicitudot?gx-no-cache=1519746021603 HTTP/1.1" 200 1218
200.54.247.70 - - [27/Feb/2018:12:41:13 -0300] "GET /cormun/static/menuarrow.gif HTTP/1.1" 404 1015
200.54.247.70 - - [27/Feb/2018:12:41:14 -0300] "POST /cormun/servlet/solicitudot?gx-no-cache=1519746023245 HTTP/1.1" 200 1319
200.54.247.70 - - [27/Feb/2018:12:41:15 -0300] "POST /cormun/servlet/solicitudot?gx-no-cache=1519746023413 HTTP/1.1" 200 1218
186.103.156.166 - - [27/Feb/2018:12:41:15 -0300] "GET /cormun/servlet/trsolicitudot? HTTP/1.1" 200 7383
186.103.156.166 - - [27/Feb/2018:12:41:15 -0300] "GET /cormun/servlet/trsolicitudot? HTTP/1.1" 200 7383
200.72.197.82 - - [27/Feb/2018:12:41:18 -0300] "GET /cormun/servlet/trcontratoobservaciondir? HTTP/1.1" 200 6390
200.72.197.82 - - [27/Feb/2018:12:41:18 -0300] "GET /cormun/static/gxcfg.js?20175251262281 HTTP/1.1" 200 953
186.103.132.155 - - [27/Feb/2018:12:41:18 -0300] "GET /cormun/static/trcontratoobservaciondir.js?20175251262715 HTTP/1.1" 200 27185
186.103.132.155 - - [27/Feb/2018:12:41:19 -0300] "GET /cormun/servlet/trcontratoobservaciondir? HTTP/1.1" 200 6389
200.54.247.70 - - [27/Feb/2018:12:41:20 -0300] "GET /cormun/servlet/solicitudot?755cc18ecab29ea2329d439b8be3abf846348936fdc9641e8f0d98159576fe91264bb04056cf25aa2ed40e27a24859ea,gx-no-cache=1519746029076 HTTP/1.1" 200 30
186.103.132.155 - - [27/Feb/2018:12:41:25 -0300] "GET /cormun/servlet/trsolicitudot? HTTP/1.1" 200 9222
186.103.132.155 - - [27/Feb/2018:12:41:26 -0300] "GET /cormun/servlet/trsolicitudot? HTTP/1.1" 200 9221
186.67.203.186 - - [27/Feb/2018:12:41:30 -0300] "GET /cormun/servlet/solicitudot?INS,0,0, HTTP/1.1" 200 13643
200.54.247.70 - - [27/Feb/2018:12:41:31 -0300] "POST /cormun/servlet/solicitudot?gx-no-cache=1519746039356 HTTP/1.1" 200 30
186.67.203.186 - - [27/Feb/2018:12:41:31 -0300] "GET /cormun/servlet/solicitudot?INS,0,0, HTTP/1.1" 200 13648
186.103.159.189 - - [27/Feb/2018:12:41:35 -0300] "GET /cormun/servlet/trcontratosolicitud? HTTP/1.1" 200 14795
186.103.159.189 - - [27/Feb/2018:12:41:38 -0300] "GET /cormun/servlet/trcontratosolicitud? HTTP/1.1" 200 14799
200.54.247.70 - - [27/Feb/2018:12:41:55 -0300] "POST /cormun/servlet/solicitudot?f82ccf8ce565aa15073b855a4281fffa,INS,0,0,,gx-no-cache=1519746063792 HTTP/1.1" 200 11975
200.54.247.70 - - [27/Feb/2018:12:41:56 -0300] "GET /cormun/static/Shared/jqueryui/images/ui-icons_ebccce_256x240.png HTTP/1.1" 404 1089
200.54.247.70 - - [27/Feb/2018:12:41:56 -0300] "GET /cormun/static/Shared/jqueryui/images/ui-icons_82798d_256x240.png HTTP/1.1" 404 1089
200.54.247.70 - - [27/Feb/2018:12:41:56 -0300] "GET /cormun/static/Shared/jqueryui/images/ui-bg_flat_55_994d53_40x100.png HTTP/1.1" 404 1097
200.54.247.70 - - [27/Feb/2018:12:41:56 -0300] "GET /cormun/static/Shared/jqueryui/images/ui-bg_highlight-soft_100_c6c2c8_1x100.png HTTP/1.1" 404 1117
200.54.247.70 - - [27/Feb/2018:12:41:59 -0300] "GET /cormun/static/Shared/jqueryui/images/ui-bg_highlight-soft_100_eae6ea_1x100.png HTTP/1.1" 404 1117
186.67.203.186 - - [27/Feb/2018:12:41:59 -0300] "POST /cormun/servlet/solicitudot?gx-no-cache=1519746072759 HTTP/1.1" 200 3416
186.67.203.186 - - [27/Feb/2018:12:42:02 -0300] "POST /cormun/servlet/solicitudot?6c16949fff86b203e53647e90faec2cc,INS,0,0,,gx-no-cache=1519746074055 HTTP/1.1" 200 10595
186.103.159.189 - - [27/Feb/2018:12:42:06 -0300] "GET /cormun/servlet/trautorizarsolicitud? HTTP/1.1" 200 9011
186.103.159.189 - - [27/Feb/2018:12:42:09 -0300] "GET /cormun/servlet/trautorizarsolicitud? HTTP/1.1" 200 9010
186.103.156.166 - - [27/Feb/2018:12:42:18 -0300] "GET /cormun/servlet/solicitudot?INS,0,0, HTTP/1.1" 200 13606
186.103.156.166 - - [27/Feb/2018:12:42:19 -0300] "GET /cormun/servlet/solicitudot?INS,0,0, HTTP/1.1" 200 13611
200.72.197.82 - - [27/Feb/2018:12:42:22 -0300] "GET /cormun/servlet/solicitudot?2eac4b82f64fb105b76995973e34ad5ba3dd0f6c502767de0e877e28019d82632c77b13ebee7e139cb85ae3e2a426f0e,gx-no-cache=1519746096359 HTTP/1.1" 200 30
200.72.197.82 - - [27/Feb/2018:12:42:22 -0300] "GET /cormun/servlet/solicitudot?2eac4b82f64fb105b76995973e34ad5b8bf0bd4880037d0b1a2cbbf179d7d25968de81734190a70f6bee3df596f552052c77b13ebee7e139cb85ae3e2a426f0e,gx-no-cache=1519746096583 HTTP/1.1" 200 30
200.72.197.82 - - [27/Feb/2018:12:42:22 -0300] "GET /cormun/servlet/solicitudot?2eac4b82f64fb105b76995973e34ad5bb89895ce05e3e6eafec2f175e5b87ba0,gx-no-cache=1519746096710 HTTP/1.1" 200 53
200.72.197.82 - - [27/Feb/2018:12:42:23 -0300] "POST /cormun/servlet/solicitudot?gx-no-cache=1519746096856 HTTP/1.1" 200 297
200.72.197.82 - - [27/Feb/2018:12:42:23 -0300] "GET /cormun/servlet/solicitudot?2eac4b82f64fb105b76995973e34ad5b6f226b82ee13f032b0c327af6579ba5baae6223ebeb6c7341cde1af4cb81670d724553f512e55099916850279f8944669f7986367ccd92d8df574227c3c88ec3ec20a236272f96de3fa8d8f30ef6a0f8f7a2bdf11f70ed4f228c8634fc7d91b23803a8f7dcac20837b9e0b31eae74132304d442a1ce1a5043f25b7da7198e0604b8d5bad29274cc3f8313f4b09387f3693475f8cd484079cf299d4df5267bdc8f0d77b3c111b8856047ea63f9492408d42f02dca12a48857e86b915e339640ca1db0b963485cc7dd92f19dc09db00cadaf68a37d0dba53a282fa50aa78a62d879cfa01f569bbe544664f2ce175e44274c33770e74a9a51e80270bccbc9c003e371f33f6e473582a5a0701d7a903ab27109aca374d1e13f260e55276e9c19d39fb11184bb5756e8d7282cef9439fdb09fcf3a99eec48beee061e390b277076746ae494c2901a55f74501c9ae955eaf46a250c552c764dbc8c36f8a611ab03b3e8f368426fc9ff7a5d3e79565bb994f75bbdb9ce164eea4cf6f4539e72831c626b,gx-no-cache=1519746097223 HTTP/1.1" 200 30
200.72.197.82 - - [27/Feb/2018:12:42:25 -0300] "POST /cormun/servlet/solicitudot?gx-no-cache=1519746099416 HTTP/1.1" 200 30
186.103.156.166 - - [27/Feb/2018:12:42:29 -0300] "GET /cormun/servlet/trsolicitudot? HTTP/1.1" 200 7383
186.103.156.166 - - [27/Feb/2018:12:42:29 -0300] "GET /cormun/servlet/trsolicitudot? HTTP/1.1" 200 7383
186.103.156.166 - - [27/Feb/2018:12:42:33 -0300] "GET /cormun/servlet/solicitudot?INS,0,0, HTTP/1.1" 200 13606
186.103.156.166 - - [27/Feb/2018:12:42:34 -0300] "GET /cormun/servlet/solicitudot?INS,0,0, HTTP/1.1" 200 13611
200.54.247.70 - - [27/Feb/2018:12:42:35 -0300] "GET /cormun/servlet/hlogin HTTP/1.1" 200 1716
200.54.247.70 - - [27/Feb/2018:12:42:35 -0300] "GET /cormun/static/gxtimezone.js?85251 HTTP/1.1" 304 -
200.54.247.70 - - [27/Feb/2018:12:42:35 -0300] "GET /cormun/static/gxgral.js?85251 HTTP/1.1" 304 -
200.54.247.70 - - [27/Feb/2018:12:42:35 -0300] "GET /cormun/static/Resources/ComunLogin.png HTTP/1.1" 304 -
200.54.247.70 - - [27/Feb/2018:12:42:35 -0300] "GET /cormun/static/Resources/Spanish/PXTools.css?11423723 HTTP/1.1" 304 -
200.54.247.70 - - [27/Feb/2018:12:42:35 -0300] "GET /cormun/static/gxcfg.js?20175251213516 HTTP/1.1" 304 -
200.54.247.70 - - [27/Feb/2018:12:42:35 -0300] "GET /cormun/static/messages.spa.js?85251 HTTP/1.1" 304 -
200.54.247.70 - - [27/Feb/2018:12:42:35 -0300] "GET /cormun/static/hlogin.js?20175251213537 HTTP/1.1" 304 -
200.54.247.70 - - [27/Feb/2018:12:42:35 -0300] "GET /cormun/static/Resources/PXToolsLoginBackground.png HTTP/1.1" 304 -
200.54.247.70 - - [27/Feb/2018:12:42:35 -0300] "GET /cormun/static/Resources/PXToolsButtonLeft21.png HTTP/1.1" 304 -
200.54.247.70 - - [27/Feb/2018:12:42:35 -0300] "GET /cormun/static/Resources/PXToolsButtonBackground2.png HTTP/1.1" 304 -
200.54.247.70 - - [27/Feb/2018:12:42:35 -0300] "GET /cormun/static/Resources/PXToolsButtonRight21.png HTTP/1.1" 304 -
200.54.247.70 - - [27/Feb/2018:12:42:35 -0300] "GET /cormun/static/Resources/PXToolsLoginBottom.png HTTP/1.1" 304 -
200.54.247.70 - - [27/Feb/2018:12:42:35 -0300] "GET /cormun/static/Resources/PXToolsLoginTop.png HTTP/1.1" 304 -
200.54.247.70 - - [27/Feb/2018:12:42:35 -0300] "GET /cormun/static/Resources/indicator.gif HTTP/1.1" 304 -
186.103.156.166 - - [27/Feb/2018:12:42:38 -0300] "POST /cormun/servlet/solicitudot?gx-no-cache=1519746112907 HTTP/1.1" 200 3350
186.103.156.166 - - [27/Feb/2018:12:42:38 -0300] "GET /cormun/static/Shared/jqueryui/images/ui-bg_highlight-soft_100_c6c2c8_1x100.png HTTP/1.1" 404 1117
186.103.156.166 - - [27/Feb/2018:12:42:38 -0300] "GET /cormun/static/Shared/jqueryui/images/ui-icons_82798d_256x240.png HTTP/1.1" 404 1089
186.103.156.166 - - [27/Feb/2018:12:42:38 -0300] "GET /cormun/static/Shared/jqueryui/images/ui-bg_flat_55_994d53_40x100.png HTTP/1.1" 404 1097
186.103.156.166 - - [27/Feb/2018:12:42:38 -0300] "GET /cormun/static/Shared/jqueryui/images/ui-icons_ebccce_256x240.png HTTP/1.1" 404 1089
186.103.156.166 - - [27/Feb/2018:12:42:38 -0300] "GET /cormun/servlet/solicitudot?33188576ae52495090c4a6ab22970b5bd448ba9df796ba26f11fd170ecd6c1ae,gx-no-cache=1519746113292 HTTP/1.1" 200 111
186.103.159.189 - - [27/Feb/2018:12:42:44 -0300] "POST /cormun/servlet/trautorizarsolicitud?fcb1aeef56e1db2c09d2ce98c021dc35,,gx-no-cache=1519746117154 HTTP/1.1" 200 4402
200.54.247.70 - - [27/Feb/2018:12:42:44 -0300] "POST /cormun/servlet/hlogin?162108f1e1254f615c4dd75f3c9ad776,gx-no-cache=1519746113004 HTTP/1.1" 200 90
200.54.247.70 - - [27/Feb/2018:12:42:44 -0300] "GET /cormun/servlet/hpexe_link HTTP/1.1" 200 946
200.54.247.70 - - [27/Feb/2018:12:42:45 -0300] "GET /cormun/servlet/hhome HTTP/1.1" 200 4219
200.54.247.70 - - [27/Feb/2018:12:42:48 -0300] "GET /cormun/servlet/hlogin HTTP/1.1" 200 1728
186.103.159.189 - - [27/Feb/2018:12:42:50 -0300] "POST /cormun/servlet/trautorizarsolicitud?fcb1aeef56e1db2c09d2ce98c021dc35,,gx-no-cache=1519746123587 HTTP/1.1" 200 4403
186.103.159.189 - - [27/Feb/2018:12:42:56 -0300] "POST /cormun/servlet/trautorizarsolicitud?fcb1aeef56e1db2c09d2ce98c021dc35,,gx-no-cache=1519746129238 HTTP/1.1" 200 4404
186.103.156.166 - - [27/Feb/2018:12:42:58 -0300] "POST /cormun/servlet/solicitudot?gx-no-cache=1519746133097 HTTP/1.1" 200 3505
200.54.247.70 - - [27/Feb/2018:12:43:00 -0300] "POST /cormun/servlet/hlogin?162108f1e1254f615c4dd75f3c9ad776,gx-no-cache=1519746129227 HTTP/1.1" 200 90
200.54.247.70 - - [27/Feb/2018:12:43:01 -0300] "GET /cormun/servlet/hpexe_link HTTP/1.1" 200 946
186.103.159.189 - - [27/Feb/2018:12:43:01 -0300] "POST /cormun/servlet/trautorizarsolicitud?fcb1aeef56e1db2c09d2ce98c021dc35,,gx-no-cache=1519746134310 HTTP/1.1" 200 4403
200.54.247.70 - - [27/Feb/2018:12:43:01 -0300] "GET /cormun/servlet/hhome HTTP/1.1" 200 4219
186.103.159.189 - - [27/Feb/2018:12:43:04 -0300] "GET /cormun/static/menuarrow.gif HTTP/1.1" 404 1015
186.103.156.166 - - [27/Feb/2018:12:43:04 -0300] "GET /cormun/servlet/solicitudot?33188576ae52495090c4a6ab22970b5b0a6baf3b7e8b2f676c0aad19f353735ccd63078ee76e193f9b350e75cadaba47,gx-no-cache=1519746139035 HTTP/1.1" 200 30
200.54.247.70 - - [27/Feb/2018:12:43:06 -0300] "GET /cormun/servlet/trsolicitudot? HTTP/1.1" 200 7435
200.54.247.70 - - [27/Feb/2018:12:43:10 -0300] "GET /cormun/servlet/solicitudot?INS,0,0, HTTP/1.1" 200 13666
186.103.159.189 - - [27/Feb/2018:12:43:14 -0300] "POST /cormun/servlet/trautorizarsolicitud?fcb1aeef56e1db2c09d2ce98c021dc35,,gx-no-cache=1519746147436 HTTP/1.1" 200 4401
186.67.203.186 - - [27/Feb/2018:12:43:16 -0300] "POST /cormun/servlet/solicitudot?gx-no-cache=1519746150002 HTTP/1.1" 200 1336
186.103.159.189 - - [27/Feb/2018:12:43:19 -0300] "POST /cormun/servlet/trautorizarsolicitud?fcb1aeef56e1db2c09d2ce98c021dc35,,gx-no-cache=1519746151143 HTTP/1.1" 200 15902
186.67.203.186 - - [27/Feb/2018:12:43:19 -0300] "POST /cormun/servlet/solicitudot?gx-no-cache=1519746150361 HTTP/1.1" 200 38
200.54.247.70 - - [27/Feb/2018:12:43:22 -0300] "POST /cormun/servlet/solicitudot?gx-no-cache=1519746149995 HTTP/1.1" 200 3394
200.54.247.70 - - [27/Feb/2018:12:43:23 -0300] "POST /cormun/servlet/solicitudot?162108f1e1254f615c4dd75f3c9ad776,INS,0,0,,gx-no-cache=1519746151006 HTTP/1.1" 200 10532
200.54.247.70 - - [27/Feb/2018:12:43:27 -0300] "GET /cormun/servlet/solicitudot?77f87592f3f334179a5b336a5da1c4a685f413d8f3459b7bb5b652400b32ac16270b40a9305e0d9977472dc78fbf533d,gx-no-cache=1519746155990 HTTP/1.1" 200 30
200.54.247.70 - - [27/Feb/2018:12:43:59 -0300] "GET /cormun/servlet/solicitudot?77f87592f3f334179a5b336a5da1c4a61ed298a78eeb77799f732e9c279687234e13d2495d76dfedc6576fc443f0433de7156ed24c4fc8911f659972cccb2ff7,gx-no-cache=1519746187607 HTTP/1.1" 200 30
200.54.247.70 - - [27/Feb/2018:12:43:59 -0300] "GET /cormun/servlet/solicitudot?77f87592f3f334179a5b336a5da1c4a6dec752511a5437ede8c0889d3914a0b9,gx-no-cache=1519746187748 HTTP/1.1" 200 56
200.54.247.70 - - [27/Feb/2018:12:43:59 -0300] "POST /cormun/servlet/solicitudot?gx-no-cache=1519746187836 HTTP/1.1" 200 256
200.54.247.70 - - [27/Feb/2018:12:43:59 -0300] "GET /cormun/servlet/solicitudot?77f87592f3f334179a5b336a5da1c4a6d2ce9692f1b662591d8eac15241d0c3625e9a990b708f31503b84941b00505ee7285ce64a7ad8f135e76ea17bdd649f5bed600bc17a63e32434df82d04e30781af8d66b5dd364ceae309817a822d58c36a6b45463f2913bbefaebbbcaf852f683c68df857b07afdc728e7f9566d64b85b276cdcf94026d0ba4a63c407e033476363627072b5d0cbb63d58a8aacc26cd26f3a32b56281449c31b42f24edeab682c97062465da71aba25440d159c5b1770aaa08b13577a155259e5cc970ad78e37746fa1c4de9fcd077a79f8821be2c933496e5e808709ef017f5d205784a4816250902798b77acd9ad16cc87528b99e83d89318c452c1e2dc3f338286d188dd470d5ba964dba55c400a78a2d84d61dce6a8fa7c0e9261a13dfbaf134f01c90c6a4a20e81ba0d415964feddeab83259caebb39c96f35828594868103b5500a8a90548f1f3ec21daa5dfbe48d6c880790f05ba73f9faa43da106bb5aefe8fe27b12659f256a490d90a57e44d088014850ac,gx-no-cache=1519746187938 HTTP/1.1" 200 30
200.54.247.70 - - [27/Feb/2018:12:44:02 -0300] "POST /cormun/servlet/solicitudot?gx-no-cache=1519746190109 HTTP/1.1" 200 30
200.54.247.70 - - [27/Feb/2018:12:44:05 -0300] "POST /cormun/servlet/solicitudot?gx-no-cache=1519746194191 HTTP/1.1" 200 1336
200.54.247.70 - - [27/Feb/2018:12:44:06 -0300] "POST /cormun/servlet/solicitudot?gx-no-cache=1519746194438 HTTP/1.1" 200 38
200.54.247.70 - - [27/Feb/2018:12:44:20 -0300] "GET /cormun/servlet/solicitudot?77f87592f3f334179a5b336a5da1c4a6282023d110362587432a8231d4a792f86be63ecf3230a95a55f952af63ffd4a42e1010227e217c07d1da6a05ade804371ef4da094db1ee42bfcbc6268f062f735fc553a5ade84422a99cbd0a73e38d5fee995089c8991c57e322f88b31fd5b94,gx-no-cache=1519746208431 HTTP/1.1" 200 29
200.54.247.70 - - [27/Feb/2018:12:44:20 -0300] "POST /cormun/servlet/solicitudot?gx-no-cache=1519746208490 HTTP/1.1" 200 1319
200.54.247.70 - - [27/Feb/2018:12:44:20 -0300] "POST /cormun/servlet/solicitudot?gx-no-cache=1519746208633 HTTP/1.1" 200 1218
200.54.247.70 - - [27/Feb/2018:12:44:20 -0300] "GET /cormun/static/menuarrow.gif HTTP/1.1" 404 1015
186.103.159.189 - - [27/Feb/2018:12:44:21 -0300] "GET /cormun/servlet/veautorizarsolicitud?2018,9689,, HTTP/1.1" 200 8491
186.103.159.189 - - [27/Feb/2018:12:44:21 -0300] "GET /cormun/servlet/veautorizarsolicitud?2018,9689,, HTTP/1.1" 200 8497
186.103.159.189 - - [27/Feb/2018:12:44:21 -0300] "GET /cormun/static/gxcfg.js?2017111423404691 HTTP/1.1" 200 953
186.103.159.189 - - [27/Feb/2018:12:44:21 -0300] "GET /cormun/pexe_scrolldiv.js HTTP/1.1" 404 1009
186.103.159.189 - - [27/Feb/2018:12:44:21 -0300] "GET /cormun/static/veautorizarsolicitud.js?2017111423404756 HTTP/1.1" 200 6140
186.103.159.189 - - [27/Feb/2018:12:44:21 -0300] "GET /cormun/static/hwcviewtabs.js?20177611594913 HTTP/1.1" 200 1074
186.103.159.189 - - [27/Feb/2018:12:44:21 -0300] "GET /cormun/static/hpexe_tabsview.js?201610171694228 HTTP/1.1" 200 1661
186.103.159.189 - - [27/Feb/2018:12:44:21 -0300] "GET /cormun/static/Resources/PXToolsTabLastUnselected.png HTTP/1.1" 200 1291
186.103.159.189 - - [27/Feb/2018:12:44:21 -0300] "GET /cormun/static/Resources/PXToolsTabPrevious.gif HTTP/1.1" 200 172
186.103.159.189 - - [27/Feb/2018:12:44:21 -0300] "GET /cormun/static/Resources/PXToolsTabFirstSelected.png HTTP/1.1" 200 1259
186.103.159.189 - - [27/Feb/2018:12:44:21 -0300] "GET /cormun/static/Resources/PXToolsTabNext.gif HTTP/1.1" 200 168
186.103.159.189 - - [27/Feb/2018:12:44:21 -0300] "GET /cormun/pexe_scrolldiv.js HTTP/1.1" 404 1009
186.103.159.189 - - [27/Feb/2018:12:44:21 -0300] "GET /cormun/static/tbautorizarsolicitud01.js?2017111423392092 HTTP/1.1" 200 30580
200.54.247.70 - - [27/Feb/2018:12:44:22 -0300] "POST /cormun/servlet/solicitudot?gx-no-cache=1519746210411 HTTP/1.1" 200 1319
200.54.247.70 - - [27/Feb/2018:12:44:22 -0300] "POST /cormun/servlet/solicitudot?gx-no-cache=1519746210987 HTTP/1.1" 200 1218
186.103.159.189 - - [27/Feb/2018:12:44:23 -0300] "GET /cormun/static/calendar-system.css HTTP/1.1" 200 5572
186.103.159.189 - - [27/Feb/2018:12:44:23 -0300] "GET /cormun/static/Resources/PXToolsTabBackSelected.png HTTP/1.1" 200 1157
186.103.159.189 - - [27/Feb/2018:12:44:23 -0300] "GET /cormun/static/Resources/PXToolsTabBackUnselected.png HTTP/1.1" 200 1175
186.103.159.189 - - [27/Feb/2018:12:44:23 -0300] "GET /cormun/static/Resources/PXToolsTabSelectedUnselected.png HTTP/1.1" 200 1428
186.103.159.189 - - [27/Feb/2018:12:44:23 -0300] "GET /cormun/static/Resources/PXToolsTabUnselectedUnselected.png HTTP/1.1" 200 1459
186.103.159.189 - - [27/Feb/2018:12:44:23 -0300] "GET /cormun/servlet/veautorizarsolicitud?2018,9689,, HTTP/1.1" 200 8490
200.54.247.70 - - [27/Feb/2018:12:44:25 -0300] "GET /cormun/servlet/solicitudot?77f87592f3f334179a5b336a5da1c4a6997b4478509749ed2d69d8f36190decc640590bc1a0ec19ac68ac1f861b07b3d,gx-no-cache=1519746213739 HTTP/1.1" 200 30
200.54.247.70 - - [27/Feb/2018:12:44:35 -0300] "POST /cormun/servlet/solicitudot?gx-no-cache=1519746223978 HTTP/1.1" 200 30
186.103.159.189 - - [27/Feb/2018:12:44:39 -0300] "GET /cormun/servlet/veautorizarsolicitud?2018,9689,,SolicitudOTLog HTTP/1.1" 200 9135
186.103.159.189 - - [27/Feb/2018:12:44:40 -0300] "GET /cormun/pexe_scrolldiv.js HTTP/1.1" 404 1009
186.103.159.189 - - [27/Feb/2018:12:44:40 -0300] "GET /cormun/static/Resources/PXToolsTabLastSelected.png HTTP/1.1" 200 1262
186.103.159.189 - - [27/Feb/2018:12:44:40 -0300] "GET /cormun/static/tbautorizarsolicitud03.js?2017761159755 HTTP/1.1" 200 13367
186.103.159.189 - - [27/Feb/2018:12:44:40 -0300] "GET /cormun/pexe_scrolldiv.js HTTP/1.1" 404 1009
186.103.159.189 - - [27/Feb/2018:12:44:41 -0300] "GET /cormun/static/gxui/gxui-all.css HTTP/1.1" 200 2179
186.103.159.189 - - [27/Feb/2018:12:44:41 -0300] "GET /cormun/static/Resources/PXToolsTabFirstUnselected.png HTTP/1.1" 200 1264
186.103.159.189 - - [27/Feb/2018:12:44:41 -0300] "GET /cormun/static/Resources/PXToolsTabUnselectedSelected.png HTTP/1.1" 200 1444
186.103.159.189 - - [27/Feb/2018:12:44:41 -0300] "GET /cormun/static/Shared/ext/resources/css/ext-all.css HTTP/1.1" 200 416045
186.103.159.189 - - [27/Feb/2018:12:44:41 -0300] "GET /cormun/servlet/veautorizarsolicitud?2018,9689,,SolicitudOTLog HTTP/1.1" 200 9136
186.103.159.189 - - [27/Feb/2018:12:44:42 -0300] "POST /cormun/servlet/acontrolpreferencessavestate?None,CJACQRG,true HTTP/1.1" 200 35
186.103.156.166 - - [27/Feb/2018:12:44:44 -0300] "GET /cormun/servlet/solicitudot?33188576ae52495090c4a6ab22970b5b0e97982781c09f150f93918f2719f6ba9dacc2140f7f841c9e0cd57939e93d26e10615fcb890b8cfcc3ce97eb5b18afd,gx-no-cache=1519746239556 HTTP/1.1" 200 30
186.103.156.166 - - [27/Feb/2018:12:44:44 -0300] "GET /cormun/servlet/solicitudot?33188576ae52495090c4a6ab22970b5b4b1c600b27e7a5904769d3dcbbb8a3db,gx-no-cache=1519746239651 HTTP/1.1" 200 29
186.103.156.166 - - [27/Feb/2018:12:44:44 -0300] "GET /cormun/servlet/solicitudot?33188576ae52495090c4a6ab22970b5b0a8dcfa945cf061efc1be4a32974a012adf1f039cc82f55adf46eee00521410de472f2230ba3c6a05a86fff6fbdb3783308fe0dcfa24c05f035740f0cd76418b7b8e54acafb8c73a3326f3fb42eee2132cc71960832b071addec4266b1b67703021648c5fabd32fcffd099a048b47759443b01bb2e0a5674eff8f7f6394ff55a9c77dd8bd4a5472a60ca4187bd3371bac15ee417bfac52e9cf16370eb821069348ffb28ce24771d04182168fdbb1b177ad1ecf1da9ba9a007b3a2d417b0ee3b3689a73ab50f5f66b3447bb7a4a122d53dc7642ba3f3529056bb74cd4de80806c17789a8df27c56bd6569999b723368e240a53b7582847fcd1b2f573888ea1985d5ce71f458342d752de17852949443ec6b3782074eba609fc28af300424dfddea1e2a017e7d4f73215a7ae8907e1e3b8169446e08228e0c7380306949577df72,gx-no-cache=1519746239745 HTTP/1.1" 200 297
186.103.156.166 - - [27/Feb/2018:12:44:44 -0300] "GET /cormun/servlet/solicitudot?33188576ae52495090c4a6ab22970b5b426965190624e501ea2baf1800eb8dabe5a2bd1528931b46f712aafa66a8b8cde541b501503217ef8d0684442bc2b1a1212d6361caf5e2fcd9073db73afb1b0fb5a0313f5ea9653a5a63f7ffee08f8071711d801e9b1c0471e0427ca670d1c3fe1d48f0cd10e8fbe7d279037e0f5155a8c4865ecfc6dd9c559d6470e907adfc7f09cdcb8c15b32d33f7c7bd46eae6876a72b37c3ba9599de26b7b41a5660866a4739ebb0dcf7a52593625f0d313b3307edb2804429903894e6cfa446132963fdbf1060acb5522b0d35d6d45ef9905bc2ff7bbbff8cd2b8a3b24e7099a7a54ce796c74f70963e2d297fc034940449e69695727db6db13175ea50b3508675925693dcc3aa2fd62182435616b16b2c7b80d8bd942b425be7b78f88e359f89713b267d340dc28fe0099226598cb34ddbbcdda659004a379820e10bbb2a3d46420ef96f4c5ec9c2ce15b46a0bb7a018634a26b3d43fb4780a0d3319de21c9326a4797725864fced238ab9421497f1c869220ef28caf55b00b05064a2036009d20cfa8,gx-no-cache=1519746239875 HTTP/1.1" 200 30
186.103.156.166 - - [27/Feb/2018:12:44:45 -0300] "POST /cormun/servlet/solicitudot?gx-no-cache=1519746239992 HTTP/1.1" 200 30
186.103.156.166 - - [27/Feb/2018:12:44:45 -0300] "POST /cormun/servlet/solicitudot?gx-no-cache=1519746240091 HTTP/1.1" 200 1331
186.103.156.166 - - [27/Feb/2018:12:44:45 -0300] "POST /cormun/servlet/solicitudot?gx-no-cache=1519746240283 HTTP/1.1" 200 38
200.54.247.70 - - [27/Feb/2018:12:44:50 -0300] "POST /cormun/servlet/solicitudot?162108f1e1254f615c4dd75f3c9ad776,INS,0,0,,gx-no-cache=1519746238116 HTTP/1.1" 200 11959
200.54.247.70 - - [27/Feb/2018:12:44:50 -0300] "GET /cormun/static/Shared/jqueryui/images/ui-bg_highlight-soft_100_c6c2c8_1x100.png HTTP/1.1" 404 1117
200.54.247.70 - - [27/Feb/2018:12:44:50 -0300] "GET /cormun/static/Shared/jqueryui/images/ui-icons_82798d_256x240.png HTTP/1.1" 404 1089
200.54.247.70 - - [27/Feb/2018:12:44:50 -0300] "GET /cormun/static/Shared/jqueryui/images/ui-bg_flat_55_994d53_40x100.png HTTP/1.1" 404 1097
200.54.247.70 - - [27/Feb/2018:12:44:50 -0300] "GET /cormun/static/Shared/jqueryui/images/ui-icons_ebccce_256x240.png HTTP/1.1" 404 1089
186.103.159.189 - - [27/Feb/2018:12:45:06 -0300] "GET /cormun/servlet/veautorizarsolicitud?2018,9689,,General HTTP/1.1" 200 8496
186.103.159.189 - - [27/Feb/2018:12:45:06 -0300] "GET /cormun/pexe_scrolldiv.js HTTP/1.1" 404 1009
186.103.159.189 - - [27/Feb/2018:12:45:08 -0300] "GET /cormun/servlet/veautorizarsolicitud?2018,9689,,General HTTP/1.1" 200 8496
186.103.159.189 - - [27/Feb/2018:12:45:17 -0300] "POST /cormun/servlet/veautorizarsolicitud?fcb1aeef56e1db2c09d2ce98c021dc35,2018,9689,,General,gx-no-cache=1519746270412 HTTP/1.1" 200 93
186.103.159.189 - - [27/Feb/2018:12:45:17 -0300] "GET /cormun/servlet/hpexe_return? HTTP/1.1" 200 1022
186.103.159.189 - - [27/Feb/2018:12:45:18 -0300] "GET /cormun/servlet/trautorizarsolicitud? HTTP/1.1" 200 18780
186.103.159.189 - - [27/Feb/2018:12:45:21 -0300] "GET /cormun/servlet/trautorizarsolicitud? HTTP/1.1" 200 18776
200.54.247.70 - - [27/Feb/2018:12:45:26 -0300] "GET /cormun/servlet/solicitudot?77f87592f3f334179a5b336a5da1c4a6330e7a202e375df2688b5c4611acc557bc0b67305cb43a0bc14b3be78e1e4c9e0ebef6bde47d74b8ec258e12ab2a3bc2,gx-no-cache=1519746274670 HTTP/1.1" 200 30
200.54.247.70 - - [27/Feb/2018:12:45:26 -0300] "POST /cormun/servlet/solicitudot?gx-no-cache=1519746274774 HTTP/1.1" 200 257
200.54.247.70 - - [27/Feb/2018:12:45:26 -0300] "GET /cormun/servlet/solicitudot?77f87592f3f334179a5b336a5da1c4a6d2ce9692f1b662591d8eac15241d0c3625e9a990b708f31503b84941b00505ee7285ce64a7ad8f135e76ea17bdd649f5bed600bc17a63e32434df82d04e30781af8d66b5dd364ceae309817a822d58c36a6b45463f2913bbefaebbbcaf852f683c68df857b07afdc728e7f9566d64b85b276cdcf94026d0ba4a63c407e033476363627072b5d0cbb63d58a8aacc26cd26f3a32b56281449c31b42f24edeab682c97062465da71aba25440d159c5b1770aaa08b13577a155259e5cc970ad78e37746fa1c4de9fcd077a79f8821be2c933496e5e808709ef017f5d205784a4816250902798b77acd9ad16cc87528b99e83d89318c452c1e2dc3f338286d188dd470d5ba964dba55c400a78a2d84d61dce6a8fa7c0e9261a13dfbaf134f01c90c6a4a20e81ba0d415964feddeab83259caebb39c96f35828594868103b5500a8a90548f1f3ec21daa5dfbe48d6c880790f05ba73f9faa43da106bb5aefe8fe27b12b6ea79f3b9c6867b4b5e821ba678195f,gx-no-cache=1519746274862 HTTP/1.1" 200 30
200.54.247.70 - - [27/Feb/2018:12:45:26 -0300] "POST /cormun/servlet/solicitudot?gx-no-cache=1519746274942 HTTP/1.1" 200 30
200.54.247.70 - - [27/Feb/2018:12:45:26 -0300] "POST /cormun/servlet/solicitudot?gx-no-cache=1519746275015 HTTP/1.1" 200 1336
200.54.247.70 - - [27/Feb/2018:12:45:26 -0300] "POST /cormun/servlet/solicitudot?gx-no-cache=1519746275162 HTTP/1.1" 200 41
186.103.159.189 - - [27/Feb/2018:12:45:40 -0300] "POST /cormun/servlet/trautorizarsolicitud?fcb1aeef56e1db2c09d2ce98c021dc35,,gx-no-cache=1519746291281 HTTP/1.1" 200 15916
186.103.159.189 - - [27/Feb/2018:12:45:41 -0300] "GET /cormun/static/Shared/jqueryui/images/ui-bg_highlight-soft_100_c6c2c8_1x100.png HTTP/1.1" 404 1117
186.103.159.189 - - [27/Feb/2018:12:45:41 -0300] "GET /cormun/static/Shared/jqueryui/images/ui-icons_82798d_256x240.png HTTP/1.1" 404 1089
186.103.159.189 - - [27/Feb/2018:12:45:41 -0300] "GET /cormun/static/Shared/jqueryui/images/ui-bg_flat_55_fafafa_40x100.png HTTP/1.1" 404 1097
186.103.159.189 - - [27/Feb/2018:12:45:41 -0300] "GET /cormun/static/Shared/jqueryui/images/ui-icons_8d78a5_256x240.png HTTP/1.1" 404 1089
186.67.203.186 - - [27/Feb/2018:12:45:49 -0300] "GET /cormun/servlet/solicitudot?2eac4b82f64fb105b76995973e34ad5bf547dfe2f4782fa0d46a6fafd9b4da4a6a5c82543cb666df15935d0df56d1803a80667af1382b12839d045bbeea872403ecc88717cb8c985aa8653d27b6676ef78fd842e7bd1b5348d63f041845e0ec7888ff5c2f9f1eb68a38468cd2dbd54e7,gx-no-cache=1519746299204 HTTP/1.1" 200 29
186.67.203.186 - - [27/Feb/2018:12:45:50 -0300] "POST /cormun/servlet/solicitudot?gx-no-cache=1519746303473 HTTP/1.1" 200 1319
186.67.203.186 - - [27/Feb/2018:12:45:52 -0300] "POST /cormun/servlet/solicitudot?gx-no-cache=1519746304617 HTTP/1.1" 200 1218
186.67.203.186 - - [27/Feb/2018:12:45:52 -0300] "GET /cormun/static/menuarrow.gif HTTP/1.1" 404 1015
186.103.159.189 - - [27/Feb/2018:12:45:52 -0300] "POST /cormun/servlet/trautorizarsolicitud?fcb1aeef56e1db2c09d2ce98c021dc35,,gx-no-cache=1519746300986 HTTP/1.1" 200 15916
200.54.247.70 - - [27/Feb/2018:12:45:53 -0300] "GET /cormun/servlet/solicitudot?77f87592f3f334179a5b336a5da1c4a6330e7a202e375df2688b5c4611acc557bc0b67305cb43a0bc14b3be78e1e4c9e622dbf0b2f46679fdb598e86b691a911,gx-no-cache=1519746301266 HTTP/1.1" 200 30
200.54.247.70 - - [27/Feb/2018:12:45:54 -0300] "POST /cormun/servlet/solicitudot?gx-no-cache=1519746302404 HTTP/1.1" 200 257
200.54.247.70 - - [27/Feb/2018:12:45:54 -0300] "GET /cormun/servlet/solicitudot?77f87592f3f334179a5b336a5da1c4a6d2ce9692f1b662591d8eac15241d0c3625e9a990b708f31503b84941b00505ee7285ce64a7ad8f135e76ea17bdd649f5bed600bc17a63e32434df82d04e30781af8d66b5dd364ceae309817a822d58c36a6b45463f2913bbefaebbbcaf852f683c68df857b07afdc728e7f9566d64b85b276cdcf94026d0ba4a63c407e033476363627072b5d0cbb63d58a8aacc26cd26f3a32b56281449c31b42f24edeab682c97062465da71aba25440d159c5b1770aaa08b13577a155259e5cc970ad78e37746fa1c4de9fcd077a79f8821be2c933496e5e808709ef017f5d205784a4816250902798b77acd9ad16cc87528b99e83d89318c452c1e2dc3f338286d188dd470d5ba964dba55c400a78a2d84d61dce6a8fa7c0e9261a13dfbaf134f01c90c6a4a20e81ba0d415964feddeab83259caebb39c96f35828594868103b5500a8a90548f1f3ec21daa5dfbe48d6c880790f05ba73f9faa43da106bb5aefe8fe27b12b6ea79f3b9c6867b4b5e821ba678195f,gx-no-cache=1519746302498 HTTP/1.1" 200 30
200.54.247.70 - - [27/Feb/2018:12:45:54 -0300] "POST /cormun/servlet/solicitudot?gx-no-cache=1519746302589 HTTP/1.1" 200 30
200.54.247.70 - - [27/Feb/2018:12:45:55 -0300] "POST /cormun/servlet/solicitudot?gx-no-cache=1519746303013 HTTP/1.1" 200 1336
200.54.247.70 - - [27/Feb/2018:12:45:55 -0300] "POST /cormun/servlet/solicitudot?gx-no-cache=1519746304211 HTTP/1.1" 200 41
200.54.247.70 - - [27/Feb/2018:12:45:56 -0300] "POST /cormun/servlet/solicitudot?gx-no-cache=1519746304316 HTTP/1.1" 200 1319
200.54.247.70 - - [27/Feb/2018:12:45:56 -0300] "POST /cormun/servlet/solicitudot?gx-no-cache=1519746304513 HTTP/1.1" 200 1218
200.54.247.70 - - [27/Feb/2018:12:45:56 -0300] "GET /cormun/servlet/solicitudot?77f87592f3f334179a5b336a5da1c4a6997b4478509749ed2d69d8f36190decc640590bc1a0ec19ac68ac1f861b07b3d,gx-no-cache=1519746305017 HTTP/1.1" 200 30
200.54.247.70 - - [27/Feb/2018:12:45:56 -0300] "POST /cormun/servlet/solicitudot?gx-no-cache=1519746305102 HTTP/1.1" 200 30
200.54.247.70 - - [27/Feb/2018:12:45:58 -0300] "POST /cormun/servlet/solicitudot?162108f1e1254f615c4dd75f3c9ad776,INS,0,0,,gx-no-cache=1519746305194 HTTP/1.1" 200 12016
190.151.100.218 - - [27/Feb/2018:12:46:07 -0300] "POST /cormun/servlet/solicitudot?gx-no-cache=1519746321195 HTTP/1.1" 200 1319
190.151.100.218 - - [27/Feb/2018:12:46:08 -0300] "POST /cormun/servlet/solicitudot?gx-no-cache=1519746321784 HTTP/1.1" 200 1218
190.151.100.218 - - [27/Feb/2018:12:46:12 -0300] "GET /cormun/servlet/solicitudot?2eac4b82f64fb105b76995973e34ad5bacfc895684ebc8225ea14fa169bf7f3b56e9f469b772b02b7de5508a9337e83a,gx-no-cache=1519746326800 HTTP/1.1" 200 30
186.103.159.189 - - [27/Feb/2018:12:46:19 -0300] "GET /cormun/servlet/treventos?2018,9689, HTTP/1.1" 200 7965
186.103.159.189 - - [27/Feb/2018:12:46:19 -0300] "GET /cormun/static/gxcfg.js?2016101716195975 HTTP/1.1" 200 953
186.103.159.189 - - [27/Feb/2018:12:46:19 -0300] "GET /cormun/static/treventos.js?201610171620222 HTTP/1.1" 200 16064
186.103.159.189 - - [27/Feb/2018:12:46:21 -0300] "GET /cormun/servlet/treventos?2018,9689, HTTP/1.1" 200 7970
186.103.159.189 - - [27/Feb/2018:12:46:28 -0300] "GET /cormun/servlet/trautorizarsolicitud? HTTP/1.1" 200 18779
186.103.159.189 - - [27/Feb/2018:12:46:31 -0300] "GET /cormun/servlet/trautorizarsolicitud? HTTP/1.1" 200 18776
186.103.132.155 - - [27/Feb/2018:12:46:34 -0300] "POST /cormun/servlet/solicitudot?gx-no-cache=1519746347676 HTTP/1.1" 200 30
186.103.159.189 - - [27/Feb/2018:12:46:41 -0300] "POST /cormun/servlet/trautorizarsolicitud?fcb1aeef56e1db2c09d2ce98c021dc35,,gx-no-cache=1519746352218 HTTP/1.1" 200 15915
186.103.159.189 - - [27/Feb/2018:12:46:42 -0300] "GET /cormun/static/Shared/jqueryui/images/ui-bg_highlight-soft_100_c6c2c8_1x100.png HTTP/1.1" 404 1117
186.103.159.189 - - [27/Feb/2018:12:46:42 -0300] "GET /cormun/static/Shared/jqueryui/images/ui-icons_82798d_256x240.png HTTP/1.1" 404 1089
186.103.159.189 - - [27/Feb/2018:12:46:42 -0300] "GET /cormun/static/Shared/jqueryui/images/ui-bg_flat_55_fafafa_40x100.png HTTP/1.1" 404 1097
186.103.159.189 - - [27/Feb/2018:12:46:42 -0300] "GET /cormun/static/Shared/jqueryui/images/ui-icons_8d78a5_256x240.png HTTP/1.1" 404 1089
186.103.159.189 - - [27/Feb/2018:12:46:47 -0300] "POST /cormun/servlet/trautorizarsolicitud?fcb1aeef56e1db2c09d2ce98c021dc35,,gx-no-cache=1519746359196 HTTP/1.1" 200 15916
200.54.247.70 - - [27/Feb/2018:12:46:48 -0300] "GET /cormun/servlet/solicitudot?77f87592f3f334179a5b336a5da1c4a67eb1ca09ce4080c54e18576e1e9294b30dad99e4ddf4ae569a2ea698ef893c13,gx-no-cache=1519746356905 HTTP/1.1" 200 30
200.54.247.70 - - [27/Feb/2018:12:46:48 -0300] "POST /cormun/servlet/solicitudot?gx-no-cache=1519746357020 HTTP/1.1" 200 257
200.54.247.70 - - [27/Feb/2018:12:46:48 -0300] "GET /cormun/servlet/solicitudot?77f87592f3f334179a5b336a5da1c4a6d2ce9692f1b662591d8eac15241d0c3625e9a990b708f31503b84941b00505ee7285ce64a7ad8f135e76ea17bdd649f5bed600bc17a63e32434df82d04e30781af8d66b5dd364ceae309817a822d58c36a6b45463f2913bbefaebbbcaf852f683c68df857b07afdc728e7f9566d64b85b276cdcf94026d0ba4a63c407e033476363627072b5d0cbb63d58a8aacc26cd26f3a32b56281449c31b42f24edeab682c97062465da71aba25440d159c5b1770aaa08b13577a155259e5cc970ad78e37746fa1c4de9fcd077a79f8821be2c933496e5e808709ef017f5d205784a4816250902798b77acd9ad16cc87528b99e83d89318c452c1e2dc3f338286d188dd470d5ba964dba55c400a78a2d84d61dce6a8fa7c0e9261a13dfbaf134f01c90c6a4a20e81ba0d415964feddeab83259caebb39c96f35828594868103b5500a8a90548f1f3ec21daa5dfbe48d6c880790f05ba73f9faa43da106bb5aefe8fe27b12b6ea79f3b9c6867b4b5e821ba678195f,gx-no-cache=1519746357108 HTTP/1.1" 200 30
200.54.247.70 - - [27/Feb/2018:12:46:48 -0300] "POST /cormun/servlet/solicitudot?gx-no-cache=1519746357196 HTTP/1.1" 200 30
200.54.247.70 - - [27/Feb/2018:12:46:49 -0300] "POST /cormun/servlet/solicitudot?gx-no-cache=1519746357312 HTTP/1.1" 200 1336
200.54.247.70 - - [27/Feb/2018:12:46:49 -0300] "POST /cormun/servlet/solicitudot?gx-no-cache=1519746357480 HTTP/1.1" 200 41
200.54.247.70 - - [27/Feb/2018:12:46:49 -0300] "POST /cormun/servlet/solicitudot?gx-no-cache=1519746357853 HTTP/1.1" 200 1319
200.54.247.70 - - [27/Feb/2018:12:46:49 -0300] "POST /cormun/servlet/solicitudot?gx-no-cache=1519746358029 HTTP/1.1" 200 1218
