194.88.106.43 - - [27/Feb/2018:16:58:09 -0300] " œ kpÀâ!6ÂêÛáål…&x•kX¾8°}¤âÇÆÍb<À,À " 400 -
194.88.106.43 - - [27/Feb/2018:16:58:23 -0300] "GET /elastix_warning_authentication.php HTTP/1.1" 404 1029
194.88.106.43 - - [27/Feb/2018:16:58:26 -0300] "-" 400 -
192.168.10.56 - - [27/Feb/2018:17:00:20 -0300] "POST /cormun/servlet/trsolicitudgral?072496a4cdb624c87bc3984b13541d66,,gx-no-cache=1519761462051 HTTP/1.1" 200 8737
192.168.10.56 - - [27/Feb/2018:17:00:28 -0300] "POST /cormun/servlet/trsolicitudgral?072496a4cdb624c87bc3984b13541d66,,gx-no-cache=1519761469912 HTTP/1.1" 200 8414
192.168.10.56 - - [27/Feb/2018:17:00:42 -0300] "GET /cormun/servlet/solicitudgral?UPD,2018,8821, HTTP/1.1" 200 11629
192.168.10.56 - - [27/Feb/2018:17:00:43 -0300] "GET /cormun/servlet/solicitudgral?UPD,2018,8821, HTTP/1.1" 200 11638
192.168.10.56 - - [27/Feb/2018:17:00:43 -0300] "POST /cormun/servlet/solicitudgral?gx-no-cache=1519761485617 HTTP/1.1" 200 3844
192.168.10.56 - - [27/Feb/2018:17:00:43 -0300] "GET /cormun/servlet/solicitudgral?126d12a7270ec13f73ffc742600ada4418baaa32cc5e539daaedb8a41a80da5073caee42557773f8f48a3d991ce4d2cb9ca28636846ba22510d03438bf627f267cd571e9c5182336c62029bd8c4ac1c5220723dd4dde4d12438959853e52accf564d2e24d994eb148decf9e3dd47c03261175c035705057e0c46addcf2be1243081657180097aab1f539b9b977b6073d3b2a112b5dd89eb9acadaad50e5bef8bb9477fce0db3e33a6f20fa3293c97724dfd6631ff7e4b926f9d74d015cf4798de5e4e488fa75f23da84ea65e782ffaa8e3cf7a5048bdff36a188d4491dcfa4c5a860cbf080ec50ffd65564cfb166564753da527483eb8c8c2aaeb619158c9331115eef0eeec248d676a6b2dc11f7b2380ac29d8946e8c5d73e52aff9146a9e5ccfd1a6e78b56d71cc7193c091bfb508aa29ac1d6917508e37abe1735f97b3ed94767ed3a4bff9c8b039abe7f7f8cff13,gx-no-cache=1519761485895 HTTP/1.1" 200 255
192.168.10.56 - - [27/Feb/2018:17:00:52 -0300] "GET /cormun/servlet/solicitudgral?126d12a7270ec13f73ffc742600ada44196feda33722999992edd886ebf080a11382b617a5fb1eadd1354e8d8ab33c24115eef0eeec248d676a6b2dc11f7b23817527098336549e95b5be37d29cfb108b73f1b02380acd6b3b57b5b8930aa85f9744b058e451aeec106cbcb65ba2e6436eab0e6949eb9975a3806d6f7ca9b7ecf4f45f2ccd4842ff980bae0a0cfa964d2316d152e38d285b67cec6eff98d00c96c73e33e8270a11aa2e2dde20c1c9b7d543ce4bd9235b4bef42e867b79e0657bebae146249550e267ead0c696adf5c047be3e7eb62fddcb46998e51355373f1adb42a7e3c0d95b7995e7f044bc01d173641a2e228a38833e26cc5275bf57cf0c97af7b0d0301c63718e0d845e793e90ab8d3d459506a7563b041a7181c1573aa90e29f04af796fa78904a038c9794a7721b1c2e422d1154cab3116bb10bae760d4909b1c4c0558e2bc75456f61060f71b20cd68648fd92835aa82c248e10aa2197af7b0d0301c63718e0d845e793e90acf83705d22c5a73c43f68a61aead2c111ac0b01f2f1217b45c61ba309a3ee9cf53993c38d743527877c521d67862af9dfb07525823dd412d8302eeb7239ca604,gx-no-cache=1519761494273 HTTP/1.1" 200 48
192.168.10.56 - - [27/Feb/2018:17:00:52 -0300] "POST /cormun/servlet/solicitudgral?072496a4cdb624c87bc3984b13541d66,UPD,2018,8821,,gx-no-cache=1519761494323 HTTP/1.1" 200 11256
192.168.10.56 - - [27/Feb/2018:17:00:52 -0300] "GET /cormun/servlet/solicitudgral?126d12a7270ec13f73ffc742600ada4404b971cc7c2dfda787713815325a0b4f6037874d92d2b97f306c134b1bd15c70b367bcbd6058fd1a87e441fd07e35a44f257933dadcb7f82e3d38dc6663fef50467eba31062f415d579869457ec7c39738ca59a8eed662290db83ea8dce6e483cf054f48436137cc5ed8c6f37a4f68fd65ad03e72e64a527d4c1bcea97de72fd48a636772abacf620a78c43078b64f6b,gx-no-cache=1519761494928 HTTP/1.1" 200 29
192.168.10.56 - - [27/Feb/2018:17:00:52 -0300] "POST /cormun/servlet/solicitudgral?gx-no-cache=1519761494952 HTTP/1.1" 200 704
192.168.10.56 - - [27/Feb/2018:17:00:52 -0300] "POST /cormun/servlet/solicitudgral?gx-no-cache=1519761495006 HTTP/1.1" 200 626
192.168.10.56 - - [27/Feb/2018:17:01:37 -0300] "POST /cormun/servlet/solicitudgral?072496a4cdb624c87bc3984b13541d66,UPD,2018,8821,,gx-no-cache=1519761539618 HTTP/1.1" 200 93
192.168.10.56 - - [27/Feb/2018:17:01:37 -0300] "GET /cormun/servlet/hpexe_return? HTTP/1.1" 200 1014
192.168.10.56 - - [27/Feb/2018:17:01:38 -0300] "GET /cormun/servlet/trsolicitudgral? HTTP/1.1" 200 11371
192.168.10.56 - - [27/Feb/2018:17:01:39 -0300] "GET /cormun/servlet/trsolicitudgral? HTTP/1.1" 200 11367
186.67.164.142 - - [27/Feb/2018:17:01:44 -0300] "POST /cormun/servlet/solicitudotadjuntos?gx-no-cache=1519761656805 HTTP/1.1" 200 26
192.168.10.56 - - [27/Feb/2018:17:01:50 -0300] "GET /cormun/servlet/solicitudgral?UPD,2018,8821, HTTP/1.1" 200 11629
192.168.10.56 - - [27/Feb/2018:17:01:51 -0300] "GET /cormun/servlet/solicitudgral?UPD,2018,8821, HTTP/1.1" 200 11638
192.168.10.56 - - [27/Feb/2018:17:01:51 -0300] "POST /cormun/servlet/solicitudgral?gx-no-cache=1519761553575 HTTP/1.1" 200 3844
192.168.10.56 - - [27/Feb/2018:17:01:51 -0300] "GET /cormun/servlet/solicitudgral?126d12a7270ec13f73ffc742600ada4418baaa32cc5e539daaedb8a41a80da5073caee42557773f8f48a3d991ce4d2cb9ca28636846ba22510d03438bf627f267cd571e9c5182336c62029bd8c4ac1c5220723dd4dde4d12438959853e52accf564d2e24d994eb148decf9e3dd47c03261175c035705057e0c46addcf2be1243081657180097aab1f539b9b977b6073d3b2a112b5dd89eb9acadaad50e5bef8bb9477fce0db3e33a6f20fa3293c97724dfd6631ff7e4b926f9d74d015cf4798de5e4e488fa75f23da84ea65e782ffaa8e3cf7a5048bdff36a188d4491dcfa4c5a860cbf080ec50ffd65564cfb166564753da527483eb8c8c2aaeb619158c9331115eef0eeec248d676a6b2dc11f7b2380ac29d8946e8c5d73e52aff9146a9e5ccfd1a6e78b56d71cc7193c091bfb508aa29ac1d6917508e37abe1735f97b3ed94767ed3a4bff9c8b039abe7f7f8cff13,gx-no-cache=1519761553859 HTTP/1.1" 200 255
192.168.10.56 - - [27/Feb/2018:17:01:54 -0300] "GET /cormun/servlet/solicitudgral?126d12a7270ec13f73ffc742600ada44196feda33722999992edd886ebf080a11382b617a5fb1eadd1354e8d8ab33c24115eef0eeec248d676a6b2dc11f7b23817527098336549e95b5be37d29cfb108b73f1b02380acd6b3b57b5b8930aa85f9744b058e451aeec106cbcb65ba2e6436eab0e6949eb9975a3806d6f7ca9b7ecf4f45f2ccd4842ff980bae0a0cfa964d2316d152e38d285b67cec6eff98d00c96c73e33e8270a11aa2e2dde20c1c9b7d543ce4bd9235b4bef42e867b79e0657bebae146249550e267ead0c696adf5c047be3e7eb62fddcb46998e51355373f1adb42a7e3c0d95b7995e7f044bc01d173641a2e228a38833e26cc5275bf57cf0c97af7b0d0301c63718e0d845e793e90ab8d3d459506a7563b041a7181c1573aa90e29f04af796fa78904a038c9794a7721b1c2e422d1154cab3116bb10bae760d4909b1c4c0558e2bc75456f61060f71b20cd68648fd92835aa82c248e10aa2197af7b0d0301c63718e0d845e793e90acf83705d22c5a73c43f68a61aead2c111ac0b01f2f1217b45c61ba309a3ee9cf53993c38d743527877c521d67862af9dfb07525823dd412d8302eeb7239ca604,gx-no-cache=1519761556161 HTTP/1.1" 200 48
192.168.10.56 - - [27/Feb/2018:17:01:54 -0300] "POST /cormun/servlet/solicitudgral?072496a4cdb624c87bc3984b13541d66,UPD,2018,8821,,gx-no-cache=1519761556204 HTTP/1.1" 200 11256
192.168.10.56 - - [27/Feb/2018:17:01:54 -0300] "GET /cormun/servlet/solicitudgral?126d12a7270ec13f73ffc742600ada4404b971cc7c2dfda787713815325a0b4f6037874d92d2b97f306c134b1bd15c70b367bcbd6058fd1a87e441fd07e35a44f257933dadcb7f82e3d38dc6663fef50467eba31062f415d579869457ec7c39738ca59a8eed662290db83ea8dce6e483cf054f48436137cc5ed8c6f37a4f68fd65ad03e72e64a527d4c1bcea97de72fd48a636772abacf620a78c43078b64f6b,gx-no-cache=1519761556711 HTTP/1.1" 200 29
192.168.10.56 - - [27/Feb/2018:17:01:54 -0300] "POST /cormun/servlet/solicitudgral?gx-no-cache=1519761556735 HTTP/1.1" 200 704
192.168.10.56 - - [27/Feb/2018:17:01:54 -0300] "POST /cormun/servlet/solicitudgral?gx-no-cache=1519761556786 HTTP/1.1" 200 626
186.103.159.43 - - [27/Feb/2018:17:01:55 -0300] "GET /cormun/servlet/hlogin HTTP/1.1" 200 1721
186.67.164.142 - - [27/Feb/2018:17:01:56 -0300] "GET /cormun/servlet/solicitudotadjuntos?e3c6413b562d421c6bec78ecc5448dae2ba380a4c2c6a540cc72752ad836cf3b,gx-no-cache=1519761668964 HTTP/1.1" 200 30
186.67.164.142 - - [27/Feb/2018:17:01:56 -0300] "GET /cormun/servlet/solicitudotadjuntos?e3c6413b562d421c6bec78ecc5448dae2ba380a4c2c6a540cc72752ad836cf3b,gx-no-cache=1519761669027 HTTP/1.1" 200 30
186.103.159.43 - - [27/Feb/2018:17:01:58 -0300] "POST /cormun/servlet/hlogin?fc08916ca711eb93cff91b1922a6ac6e,gx-no-cache=1519761671347 HTTP/1.1" 200 90
186.103.159.43 - - [27/Feb/2018:17:01:58 -0300] "GET /cormun/servlet/hpexe_link HTTP/1.1" 200 945
186.67.164.142 - - [27/Feb/2018:17:01:58 -0300] "POST /cormun/servlet/solicitudotadjuntos?bf42795224c7b2a19bef5711eeb63cf1,INS,2018,9699,,1, HTTP/1.1" 200 116
186.103.159.43 - - [27/Feb/2018:17:01:58 -0300] "GET /cormun/servlet/hhome HTTP/1.1" 200 4143
186.67.164.142 - - [27/Feb/2018:17:01:58 -0300] "GET /cormun/servlet/hpexe_return? HTTP/1.1" 200 1021
186.103.159.43 - - [27/Feb/2018:17:01:59 -0300] "GET /cormun/servlet/hhome HTTP/1.1" 200 4140
186.67.164.142 - - [27/Feb/2018:17:01:59 -0300] "GET /cormun/servlet/trsolicitudadjuntos?2018,9699, HTTP/1.1" 200 9249
186.67.164.142 - - [27/Feb/2018:17:02:01 -0300] "GET /cormun/servlet/trsolicitudadjuntos?2018,9699, HTTP/1.1" 200 9245
192.168.10.56 - - [27/Feb/2018:17:02:05 -0300] "POST /cormun/servlet/solicitudgral?072496a4cdb624c87bc3984b13541d66,UPD,2018,8821,,gx-no-cache=1519761566889 HTTP/1.1" 200 93
192.168.10.56 - - [27/Feb/2018:17:02:05 -0300] "GET /cormun/servlet/hpexe_return? HTTP/1.1" 200 1014
192.168.10.56 - - [27/Feb/2018:17:02:05 -0300] "GET /cormun/servlet/trsolicitudgral HTTP/1.1" 200 11371
192.168.10.56 - - [27/Feb/2018:17:02:06 -0300] "GET /cormun/servlet/trsolicitudgral HTTP/1.1" 200 11367
192.168.10.96 - - [27/Feb/2018:17:02:11 -0300] "GET /cormun/servlet/hhome HTTP/1.1" 200 4704
192.168.10.96 - - [27/Feb/2018:17:02:12 -0300] "GET /cormun/servlet/hhome HTTP/1.1" 200 4703
192.168.10.56 - - [27/Feb/2018:17:02:30 -0300] "POST /cormun/servlet/trsolicitudgral?072496a4cdb624c87bc3984b13541d66,gx-no-cache=1519761592464 HTTP/1.1" 200 8046
192.168.10.56 - - [27/Feb/2018:17:02:30 -0300] "GET /cormun/static/Shared/jqueryui/images/ui-bg_highlight-soft_100_c6c2c8_1x100.png HTTP/1.1" 404 1117
192.168.10.56 - - [27/Feb/2018:17:02:30 -0300] "GET /cormun/static/Shared/jqueryui/images/ui-icons_82798d_256x240.png HTTP/1.1" 404 1089
192.168.10.56 - - [27/Feb/2018:17:02:30 -0300] "GET /cormun/static/Shared/jqueryui/images/ui-icons_8d78a5_256x240.png HTTP/1.1" 404 1089
192.168.10.56 - - [27/Feb/2018:17:02:30 -0300] "GET /cormun/static/Shared/jqueryui/images/ui-bg_flat_55_fafafa_40x100.png HTTP/1.1" 404 1097
186.103.159.43 - - [27/Feb/2018:17:02:32 -0300] "GET /cormun/servlet/trsolicitudot? HTTP/1.1" 200 8741
186.103.159.43 - - [27/Feb/2018:17:02:34 -0300] "GET /cormun/servlet/trsolicitudot? HTTP/1.1" 200 8740
186.67.164.142 - - [27/Feb/2018:17:02:40 -0300] "GET /cormun/servlet/solicitudotadjuntos?INS,2018,9699,,1, HTTP/1.1" 200 6010
186.67.164.142 - - [27/Feb/2018:17:02:41 -0300] "GET /cormun/static/about:blank HTTP/1.1" 404 1011
186.67.164.142 - - [27/Feb/2018:17:02:41 -0300] "GET /cormun/servlet/solicitudotadjuntos?INS,2018,9699,,1, HTTP/1.1" 200 6003
186.67.164.142 - - [27/Feb/2018:17:02:42 -0300] "GET /cormun/servlet/solicitudotadjuntos?e3c6413b562d421c6bec78ecc5448daeff5ee1ff611a0d5fb540fd9926997ee74ad6254fea4715441d23744fdd7b8153,gx-no-cache=1519761714610 HTTP/1.1" 200 30
186.67.164.142 - - [27/Feb/2018:17:02:44 -0300] "POST /cormun/servlet/solicitudotadjuntos?bf42795224c7b2a19bef5711eeb63cf1,INS,2018,9699,,1,,gx-no-cache=1519761715289 HTTP/1.1" 200 3832
186.67.164.142 - - [27/Feb/2018:17:02:47 -0300] "POST /cormun/servlet/solicitudotadjuntos?gx-no-cache=1519761720085 HTTP/1.1" 200 26
192.168.10.56 - - [27/Feb/2018:17:02:59 -0300] "GET /cormun/servlet/solicitudgral?UPD,2018,8668, HTTP/1.1" 200 11653
192.168.10.56 - - [27/Feb/2018:17:03:00 -0300] "GET /cormun/servlet/solicitudgral?UPD,2018,8668, HTTP/1.1" 200 11663
192.168.10.56 - - [27/Feb/2018:17:03:00 -0300] "POST /cormun/servlet/solicitudgral?gx-no-cache=1519761622468 HTTP/1.1" 200 3895
192.168.10.56 - - [27/Feb/2018:17:03:00 -0300] "GET /cormun/servlet/solicitudgral?126d12a7270ec13f73ffc742600ada4418baaa32cc5e539daaedb8a41a80da5073caee42557773f8f48a3d991ce4d2cb9ca28636846ba22510d03438bf627f267cd571e9c5182336c62029bd8c4ac1c5220723dd4dde4d12438959853e52accf564d2e24d994eb148decf9e3dd47c03261175c035705057e0c46addcf2be1243081657180097aab1f539b9b977b6073d3b2a112b5dd89eb9acadaad50e5bef8bb9477fce0db3e33a6f20fa3293c97724dfd6631ff7e4b926f9d74d015cf4798de5e4e488fa75f23da84ea65e782ffaa8e3cf7a5048bdff36a188d4491dcfa4c5a860cbf080ec50ffd65564cfb166564753da527483eb8c8c2aaeb619158c9331115eef0eeec248d676a6b2dc11f7b2380ac29d8946e8c5d73e52aff9146a9e5ccfd1a6e78b56d71cc7193c091bfb508aa29ac1d6917508e37abe1735f97b3ed94767ed3a4bff9c8b039abe7f7f8cff13,gx-no-cache=1519761622756 HTTP/1.1" 200 255
186.67.164.142 - - [27/Feb/2018:17:03:00 -0300] "GET /cormun/servlet/solicitudotadjuntos?e3c6413b562d421c6bec78ecc5448dae2ba380a4c2c6a540cc72752ad836cf3b,gx-no-cache=1519761733454 HTTP/1.1" 200 30
186.67.164.142 - - [27/Feb/2018:17:03:00 -0300] "GET /cormun/servlet/solicitudotadjuntos?e3c6413b562d421c6bec78ecc5448dae2ba380a4c2c6a540cc72752ad836cf3b,gx-no-cache=1519761733517 HTTP/1.1" 200 30
186.67.164.142 - - [27/Feb/2018:17:03:03 -0300] "POST /cormun/servlet/solicitudotadjuntos?bf42795224c7b2a19bef5711eeb63cf1,INS,2018,9699,,1, HTTP/1.1" 200 116
186.67.164.142 - - [27/Feb/2018:17:03:03 -0300] "GET /cormun/servlet/hpexe_return? HTTP/1.1" 200 1021
192.168.10.56 - - [27/Feb/2018:17:03:04 -0300] "GET /cormun/servlet/solicitudgral?126d12a7270ec13f73ffc742600ada44196feda33722999992edd886ebf080a11382b617a5fb1eadd1354e8d8ab33c24115eef0eeec248d676a6b2dc11f7b23817527098336549e95b5be37d29cfb108b73f1b02380acd6b3b57b5b8930aa85f9744b058e451aeec106cbcb65ba2e6436eab0e6949eb9975a3806d6f7ca9b7ecf4f45f2ccd4842ff980bae0a0cfa964d2316d152e38d285b67cec6eff98d00c96c73e33e8270a11aa2e2dde20c1c9b7d543ce4bd9235b4bef42e867b79e0657bebae146249550e267ead0c696adf5c047be3e7eb62fddcb46998e51355373f1adb42a7e3c0d95b7995e7f044bc01d173641a2e228a38833e26cc5275bf57cf0c97af7b0d0301c63718e0d845e793e90ab8d3d459506a7563b041a7181c1573aa90e29f04af796fa78904a038c9794a7721b1c2e422d1154cab3116bb10bae760d4909b1c4c0558e2bc75456f61060f71b20cd68648fd92835aa82c248e10aa2197af7b0d0301c63718e0d845e793e90acf83705d22c5a73c43f68a61aead2c111ac0b01f2f1217b45c61ba309a3ee9cf53993c38d743527877c521d67862af9dfb07525823dd412d8302eeb7239ca604,gx-no-cache=1519761626372 HTTP/1.1" 200 48
192.168.10.56 - - [27/Feb/2018:17:03:04 -0300] "POST /cormun/servlet/solicitudgral?072496a4cdb624c87bc3984b13541d66,UPD,2018,8668,,gx-no-cache=1519761626427 HTTP/1.1" 200 11282
186.67.164.142 - - [27/Feb/2018:17:03:04 -0300] "GET /cormun/servlet/trsolicitudadjuntos?2018,9699, HTTP/1.1" 200 9494
192.168.10.56 - - [27/Feb/2018:17:03:04 -0300] "GET /cormun/servlet/solicitudgral?126d12a7270ec13f73ffc742600ada4453eaba57ad625b839f2b80cdb15f00d16037874d92d2b97f306c134b1bd15c7019bf4c7504f12456299c6c838d8cb25bf257933dadcb7f82e3d38dc6663fef50467eba31062f415d579869457ec7c39738ca59a8eed662290db83ea8dce6e483cf054f48436137cc5ed8c6f37a4f68fd65ad03e72e64a527d4c1bcea97de72fd48a636772abacf620a78c43078b64f6b,gx-no-cache=1519761627114 HTTP/1.1" 200 29
192.168.10.56 - - [27/Feb/2018:17:03:05 -0300] "POST /cormun/servlet/solicitudgral?gx-no-cache=1519761627137 HTTP/1.1" 200 704
192.168.10.56 - - [27/Feb/2018:17:03:05 -0300] "POST /cormun/servlet/solicitudgral?gx-no-cache=1519761627189 HTTP/1.1" 200 626
186.67.164.142 - - [27/Feb/2018:17:03:06 -0300] "GET /cormun/servlet/trsolicitudadjuntos?2018,9699, HTTP/1.1" 200 9496
192.168.10.56 - - [27/Feb/2018:17:03:31 -0300] "POST /cormun/servlet/solicitudgral?072496a4cdb624c87bc3984b13541d66,UPD,2018,8668,,gx-no-cache=1519761653604 HTTP/1.1" 200 93
192.168.10.56 - - [27/Feb/2018:17:03:31 -0300] "GET /cormun/servlet/hpexe_return? HTTP/1.1" 200 1036
192.168.10.56 - - [27/Feb/2018:17:03:32 -0300] "GET /cormun/servlet/trsolicitudgral?gx-no-cache=1519761592464 HTTP/1.1" 200 11031
192.168.10.56 - - [27/Feb/2018:17:03:33 -0300] "GET /cormun/servlet/trsolicitudgral?gx-no-cache=1519761592464 HTTP/1.1" 200 11046
192.168.10.56 - - [27/Feb/2018:17:03:43 -0300] "GET /cormun/servlet/solicitudgral?UPD,2018,8635, HTTP/1.1" 200 12862
192.168.10.56 - - [27/Feb/2018:17:03:44 -0300] "GET /cormun/servlet/solicitudgral?UPD,2018,8635, HTTP/1.1" 200 12852
192.168.10.56 - - [27/Feb/2018:17:03:45 -0300] "POST /cormun/servlet/solicitudgral?gx-no-cache=1519761667006 HTTP/1.1" 200 3857
192.168.10.56 - - [27/Feb/2018:17:03:45 -0300] "GET /cormun/servlet/solicitudgral?126d12a7270ec13f73ffc742600ada4418baaa32cc5e539daaedb8a41a80da5073caee42557773f8f48a3d991ce4d2cb9ca28636846ba22510d03438bf627f267cd571e9c5182336c62029bd8c4ac1c5220723dd4dde4d12438959853e52accf564d2e24d994eb148decf9e3dd47c03261175c035705057e0c46addcf2be1243081657180097aab1f539b9b977b6073d3b2a112b5dd89eb9acadaad50e5bef8bb9477fce0db3e33a6f20fa3293c97724dfd6631ff7e4b926f9d74d015cf4798de5e4e488fa75f23da84ea65e782ffaa8e3cf7a5048bdff36a188d4491dcfa4c5a860cbf080ec50ffd65564cfb166564753da527483eb8c8c2aaeb619158c9331115eef0eeec248d676a6b2dc11f7b2380ac29d8946e8c5d73e52aff9146a9e5ccfd1a6e78b56d71cc7193c091bfb508aa29ac1d6917508e37abe1735f97b3ed94767ed3a4bff9c8b039abe7f7f8cff13,gx-no-cache=1519761667321 HTTP/1.1" 200 255
192.168.10.56 - - [27/Feb/2018:17:03:58 -0300] "GET /cormun/servlet/solicitudgral?126d12a7270ec13f73ffc742600ada44196feda33722999992edd886ebf080a11382b617a5fb1eadd1354e8d8ab33c24115eef0eeec248d676a6b2dc11f7b23817527098336549e95b5be37d29cfb108b73f1b02380acd6b3b57b5b8930aa85f9744b058e451aeec106cbcb65ba2e6436eab0e6949eb9975a3806d6f7ca9b7ecf4f45f2ccd4842ff980bae0a0cfa964d2316d152e38d285b67cec6eff98d00c96c73e33e8270a11aa2e2dde20c1c9b7d543ce4bd9235b4bef42e867b79e0657bebae146249550e267ead0c696adf5c047be3e7eb62fddcb46998e51355373f1adb42a7e3c0d95b7995e7f044bc01d173641a2e228a38833e26cc5275bf57cf0c97af7b0d0301c63718e0d845e793e90ab8d3d459506a7563b041a7181c1573aa90e29f04af796fa78904a038c9794a7721b1c2e422d1154cab3116bb10bae760d4909b1c4c0558e2bc75456f61060f71b20cd68648fd92835aa82c248e10aa2197af7b0d0301c63718e0d845e793e90acf83705d22c5a73c43f68a61aead2c111ac0b01f2f1217b45c61ba309a3ee9cf53993c38d743527877c521d67862af9dfb07525823dd412d8302eeb7239ca604,gx-no-cache=1519761680197 HTTP/1.1" 200 48
192.168.10.56 - - [27/Feb/2018:17:03:58 -0300] "POST /cormun/servlet/solicitudgral?072496a4cdb624c87bc3984b13541d66,UPD,2018,8635,,gx-no-cache=1519761680246 HTTP/1.1" 200 11795
192.168.10.56 - - [27/Feb/2018:17:03:58 -0300] "GET /cormun/servlet/solicitudgral?126d12a7270ec13f73ffc742600ada4404b971cc7c2dfda787713815325a0b4f6037874d92d2b97f306c134b1bd15c70b367bcbd6058fd1a87e441fd07e35a44f257933dadcb7f82e3d38dc6663fef50467eba31062f415d579869457ec7c39738ca59a8eed662290db83ea8dce6e483cf054f48436137cc5ed8c6f37a4f68fd65ad03e72e64a527d4c1bcea97de72fd48a636772abacf620a78c43078b64f6b,gx-no-cache=1519761680769 HTTP/1.1" 200 29
192.168.10.56 - - [27/Feb/2018:17:03:58 -0300] "POST /cormun/servlet/solicitudgral?gx-no-cache=1519761680794 HTTP/1.1" 200 1294
192.168.10.56 - - [27/Feb/2018:17:03:58 -0300] "POST /cormun/servlet/solicitudgral?gx-no-cache=1519761680896 HTTP/1.1" 200 1215
192.168.10.56 - - [27/Feb/2018:17:04:23 -0300] "POST /cormun/servlet/solicitudgral?072496a4cdb624c87bc3984b13541d66,UPD,2018,8635,,gx-no-cache=1519761705324 HTTP/1.1" 200 93
192.168.10.56 - - [27/Feb/2018:17:04:23 -0300] "GET /cormun/servlet/hpexe_return? HTTP/1.1" 200 1036
192.168.10.56 - - [27/Feb/2018:17:04:23 -0300] "GET /cormun/servlet/trsolicitudgral?gx-no-cache=1519761592464 HTTP/1.1" 200 11031
192.168.10.56 - - [27/Feb/2018:17:04:24 -0300] "GET /cormun/servlet/trsolicitudgral?gx-no-cache=1519761592464 HTTP/1.1" 200 11046
192.168.10.56 - - [27/Feb/2018:17:04:33 -0300] "POST /cormun/servlet/trsolicitudgral?072496a4cdb624c87bc3984b13541d66,gx-no-cache=1519761592464,gx-no-cache=1519761715505 HTTP/1.1" 200 115
192.168.10.56 - - [27/Feb/2018:17:04:33 -0300] "GET /cormun/servlet/solicitudotlog?INS,2018,8635,0,REC, HTTP/1.1" 200 6281
192.168.10.56 - - [27/Feb/2018:17:04:33 -0300] "GET /cormun/static/gxcfg.js?2017761245646 HTTP/1.1" 200 953
192.168.10.56 - - [27/Feb/2018:17:04:33 -0300] "GET /cormun/static/solicitudotlog.js?2017761245655 HTTP/1.1" 304 -
192.168.10.56 - - [27/Feb/2018:17:04:34 -0300] "GET /cormun/servlet/solicitudotlog?INS,2018,8635,0,REC, HTTP/1.1" 200 6259
192.168.10.56 - - [27/Feb/2018:17:04:34 -0300] "GET /cormun/servlet/solicitudotlog?126d12a7270ec13f73ffc742600ada446310bfce4a916422ae49d5c6f6542c9353da527483eb8c8c2aaeb619158c9331d6d52d529e329b0a6d2d287940d74e54445e219e3fbcfe611e600249b83e0d022229ae3da3b48d2a5f73c231c373c11f7a119b1caf70bf82ca1c4c8c0a4b39fea7bda24849afcd163fa1ad54d78011c4a56e6551174e8ab0e15aae9314c8f5700dffd11659733e55abda8293619bc17d,gx-no-cache=1519761716886 HTTP/1.1" 200 94
192.168.10.56 - - [27/Feb/2018:17:04:55 -0300] "POST /cormun/servlet/solicitudotlog?072496a4cdb624c87bc3984b13541d66,INS,2018,8635,0,REC,,gx-no-cache=1519761737518 HTTP/1.1" 200 93
192.168.10.56 - - [27/Feb/2018:17:04:55 -0300] "GET /cormun/servlet/hpexe_return? HTTP/1.1" 200 1045
192.168.10.56 - - [27/Feb/2018:17:04:56 -0300] "GET /cormun/servlet/trsolicitudgral?gx-no-cache=1519761592464 HTTP/1.1" 200 10679
192.168.10.56 - - [27/Feb/2018:17:04:56 -0300] "GET /cormun/servlet/trsolicitudgral?gx-no-cache=1519761592464 HTTP/1.1" 200 10695
192.168.10.56 - - [27/Feb/2018:17:05:31 -0300] "POST /cormun/servlet/trsolicitudgral?072496a4cdb624c87bc3984b13541d66,gx-no-cache=1519761592464,gx-no-cache=1519761773264 HTTP/1.1" 200 115
192.168.10.56 - - [27/Feb/2018:17:05:31 -0300] "GET /cormun/servlet/solicitudotlog?INS,2018,8821,0,REC, HTTP/1.1" 200 6283
192.168.10.56 - - [27/Feb/2018:17:05:32 -0300] "GET /cormun/servlet/solicitudotlog?INS,2018,8821,0,REC, HTTP/1.1" 200 6260
192.168.10.56 - - [27/Feb/2018:17:05:32 -0300] "GET /cormun/servlet/solicitudotlog?126d12a7270ec13f73ffc742600ada448f244506ba4f96639ddee2317c7665f953da527483eb8c8c2aaeb619158c9331d6d52d529e329b0a6d2d287940d74e54445e219e3fbcfe611e600249b83e0d022229ae3da3b48d2a5f73c231c373c11f7a119b1caf70bf82ca1c4c8c0a4b39fea7bda24849afcd163fa1ad54d78011c4a56e6551174e8ab0e15aae9314c8f5700dffd11659733e55abda8293619bc17d,gx-no-cache=1519761774525 HTTP/1.1" 200 94
192.168.10.56 - - [27/Feb/2018:17:06:19 -0300] "POST /cormun/servlet/solicitudotlog?072496a4cdb624c87bc3984b13541d66,INS,2018,8821,0,REC,,gx-no-cache=1519761821384 HTTP/1.1" 200 93
192.168.10.56 - - [27/Feb/2018:17:06:19 -0300] "GET /cormun/servlet/hpexe_return? HTTP/1.1" 200 1045
192.168.10.56 - - [27/Feb/2018:17:06:19 -0300] "GET /cormun/servlet/trsolicitudgral?gx-no-cache=1519761592464 HTTP/1.1" 200 10276
192.168.10.56 - - [27/Feb/2018:17:06:20 -0300] "GET /cormun/servlet/trsolicitudgral?gx-no-cache=1519761592464 HTTP/1.1" 200 10292
192.168.10.56 - - [27/Feb/2018:17:06:22 -0300] "POST /cormun/servlet/trsolicitudgral?072496a4cdb624c87bc3984b13541d66,gx-no-cache=1519761592464,gx-no-cache=1519761824634 HTTP/1.1" 200 115
192.168.10.56 - - [27/Feb/2018:17:06:22 -0300] "GET /cormun/servlet/solicitudotlog?INS,2018,8668,0,REC, HTTP/1.1" 200 6282
192.168.10.56 - - [27/Feb/2018:17:06:23 -0300] "GET /cormun/servlet/solicitudotlog?INS,2018,8668,0,REC, HTTP/1.1" 200 6259
192.168.10.56 - - [27/Feb/2018:17:06:23 -0300] "GET /cormun/servlet/solicitudotlog?126d12a7270ec13f73ffc742600ada4411210790de37bbcb1ed6ae27d28050a253da527483eb8c8c2aaeb619158c9331d6d52d529e329b0a6d2d287940d74e54445e219e3fbcfe611e600249b83e0d022229ae3da3b48d2a5f73c231c373c11f7a119b1caf70bf82ca1c4c8c0a4b39fea7bda24849afcd163fa1ad54d78011c4a56e6551174e8ab0e15aae9314c8f5700dffd11659733e55abda8293619bc17d,gx-no-cache=1519761825977 HTTP/1.1" 200 94
192.168.10.56 - - [27/Feb/2018:17:06:42 -0300] "POST /cormun/servlet/solicitudotlog?072496a4cdb624c87bc3984b13541d66,INS,2018,8668,0,REC,,gx-no-cache=1519761844852 HTTP/1.1" 200 93
192.168.10.56 - - [27/Feb/2018:17:06:42 -0300] "GET /cormun/servlet/hpexe_return? HTTP/1.1" 200 1045
192.168.10.56 - - [27/Feb/2018:17:06:43 -0300] "GET /cormun/servlet/trsolicitudgral?gx-no-cache=1519761592464 HTTP/1.1" 200 8971
192.168.10.56 - - [27/Feb/2018:17:06:43 -0300] "GET /cormun/servlet/trsolicitudgral?gx-no-cache=1519761592464 HTTP/1.1" 200 8987
192.168.10.56 - - [27/Feb/2018:17:06:48 -0300] "POST /cormun/servlet/trsolicitudgral?072496a4cdb624c87bc3984b13541d66,gx-no-cache=1519761592464,gx-no-cache=1519761849725 HTTP/1.1" 200 11378
192.168.10.56 - - [27/Feb/2018:17:08:04 -0300] "GET /cormun/servlet/solicitudgral?UPD,2018,8707, HTTP/1.1" 200 11704
192.168.10.56 - - [27/Feb/2018:17:08:05 -0300] "GET /cormun/servlet/solicitudgral?UPD,2018,8707, HTTP/1.1" 200 11693
192.168.10.56 - - [27/Feb/2018:17:08:05 -0300] "POST /cormun/servlet/solicitudgral?gx-no-cache=1519761927216 HTTP/1.1" 200 3927
192.168.10.56 - - [27/Feb/2018:17:08:05 -0300] "GET /cormun/servlet/solicitudgral?126d12a7270ec13f73ffc742600ada4418baaa32cc5e539daaedb8a41a80da506eca626864cf3ec07a670b4fd2f2c87a9ca28636846ba22510d03438bf627f267cd571e9c5182336c62029bd8c4ac1c5220723dd4dde4d12438959853e52accf564d2e24d994eb148decf9e3dd47c03261175c035705057e0c46addcf2be1243081657180097aab1f539b9b977b6073d3b2a112b5dd89eb9acadaad50e5bef8bb9477fce0db3e33a6f20fa3293c97724dfd6631ff7e4b926f9d74d015cf4798de5e4e488fa75f23da84ea65e782ffaa8e3cf7a5048bdff36a188d4491dcfa4c5a860cbf080ec50ffd65564cfb166564753da527483eb8c8c2aaeb619158c9331115eef0eeec248d676a6b2dc11f7b2380ac29d8946e8c5d73e52aff9146a9e5ccfd1a6e78b56d71cc7193c091bfb508aa29ac1d6917508e37abe1735f97b3ed94767ed3a4bff9c8b039abe7f7f8cff13,gx-no-cache=1519761927496 HTTP/1.1" 200 297
192.168.10.56 - - [27/Feb/2018:17:08:08 -0300] "GET /cormun/servlet/solicitudgral?126d12a7270ec13f73ffc742600ada44196feda33722999992edd886ebf080a1b3094d6a8539c084405fb790f141ff28d33b839fb0c9b5fe623f0da5ffe2d2d1d380d3e8811fe8c5043eb4bb65880f1bae77df714a6f40f3b37d9151a6dc8dfea19a6f413ef4231ebbadf28a76c497d836c589c0506b0db849693866f8716c52ac3d327dd1f59381d742d8bba0bffb38ef4168e179f5f0d2c844e505b236c730f071ddd565eaa84a863df5487abff4c3a339ed0b7b608b535e4e1c042a8304cc97469b8eecc708c60303444986aa8f0eaca7f644f8642c304d482f875a23f53785f3df939f1a96dd30c40fa2d8dc09f8af0827492db1a4589c916c6526be873f215943920f852e6c48fe37ced805c1abe35ce689600e021ca860535b50f5ecc47f9a217d98565b193d20936987effc4d49b7467373e07bcad383f110d03298e90abb3b50d102f06f5efa02a26b3da321699684a84ffab038ead617d671b901becbb0566420aa043946bb53ec058a34c8099606ffd9256b889e3debe9fcfbd654918310432972b0219ad809ead61c992938f6df874b89a30b643ba13f131acb94e62c0bd02a95e099b6748ef14f119ef0,gx-no-cache=1519761930865 HTTP/1.1" 200 48
192.168.10.56 - - [27/Feb/2018:17:08:09 -0300] "POST /cormun/servlet/solicitudgral?072496a4cdb624c87bc3984b13541d66,UPD,2018,8707,,gx-no-cache=1519761930911 HTTP/1.1" 200 11344
192.168.10.56 - - [27/Feb/2018:17:08:09 -0300] "GET /cormun/servlet/solicitudgral?126d12a7270ec13f73ffc742600ada4404b971cc7c2dfda787713815325a0b4f6037874d92d2b97f306c134b1bd15c70b367bcbd6058fd1a87e441fd07e35a446b89db7940016d87abe187cc194ce71f335ffcfd38d8432074534537f0e31becdf63f4ecea999ce40c7f6195680d1254,gx-no-cache=1519761931413 HTTP/1.1" 200 29
192.168.10.56 - - [27/Feb/2018:17:08:09 -0300] "POST /cormun/servlet/solicitudgral?gx-no-cache=1519761931436 HTTP/1.1" 200 704
192.168.10.56 - - [27/Feb/2018:17:08:09 -0300] "POST /cormun/servlet/solicitudgral?gx-no-cache=1519761931489 HTTP/1.1" 200 626
192.168.10.56 - - [27/Feb/2018:17:08:17 -0300] "POST /cormun/servlet/solicitudgral?072496a4cdb624c87bc3984b13541d66,UPD,2018,8707,,gx-no-cache=1519761939662 HTTP/1.1" 200 93
192.168.10.56 - - [27/Feb/2018:17:08:17 -0300] "GET /cormun/servlet/hpexe_return? HTTP/1.1" 200 1035
192.168.10.56 - - [27/Feb/2018:17:08:18 -0300] "GET /cormun/servlet/trsolicitudgral?gx-no-cache=1519761592464 HTTP/1.1" 200 14435
192.168.10.56 - - [27/Feb/2018:17:08:19 -0300] "GET /cormun/servlet/trsolicitudgral?gx-no-cache=1519761592464 HTTP/1.1" 200 14450
192.168.10.56 - - [27/Feb/2018:17:08:56 -0300] "POST /cormun/servlet/trsolicitudgral?072496a4cdb624c87bc3984b13541d66,gx-no-cache=1519761592464,gx-no-cache=1519761978082 HTTP/1.1" 200 115
192.168.10.56 - - [27/Feb/2018:17:08:56 -0300] "GET /cormun/servlet/solicitudotlog?INS,2018,8707,0,REC, HTTP/1.1" 200 6282
192.168.10.56 - - [27/Feb/2018:17:08:56 -0300] "GET /cormun/servlet/solicitudotlog?INS,2018,8707,0,REC, HTTP/1.1" 200 6259
192.168.10.56 - - [27/Feb/2018:17:08:57 -0300] "GET /cormun/servlet/solicitudotlog?126d12a7270ec13f73ffc742600ada44d119a275eb035c2ca50a47cbdfe9151553da527483eb8c8c2aaeb619158c9331d6d52d529e329b0a6d2d287940d74e54445e219e3fbcfe611e600249b83e0d022229ae3da3b48d2a5f73c231c373c11f7a119b1caf70bf82ca1c4c8c0a4b39fea7bda24849afcd163fa1ad54d78011c4a56e6551174e8ab0e15aae9314c8f5700dffd11659733e55abda8293619bc17d,gx-no-cache=1519761979394 HTTP/1.1" 200 94
192.168.10.56 - - [27/Feb/2018:17:09:17 -0300] "POST /cormun/servlet/solicitudotlog?072496a4cdb624c87bc3984b13541d66,INS,2018,8707,0,REC,,gx-no-cache=1519761999151 HTTP/1.1" 200 93
192.168.10.56 - - [27/Feb/2018:17:09:17 -0300] "GET /cormun/servlet/hpexe_return? HTTP/1.1" 200 1044
192.168.10.56 - - [27/Feb/2018:17:09:17 -0300] "GET /cormun/servlet/trsolicitudgral?gx-no-cache=1519761592464 HTTP/1.1" 200 14007
192.168.10.56 - - [27/Feb/2018:17:09:18 -0300] "GET /cormun/servlet/trsolicitudgral?gx-no-cache=1519761592464 HTTP/1.1" 200 14022
192.168.10.56 - - [27/Feb/2018:17:11:04 -0300] "POST /cormun/servlet/trsolicitudgral?072496a4cdb624c87bc3984b13541d66,gx-no-cache=1519761592464,gx-no-cache=1519762106087 HTTP/1.1" 200 5929
192.168.10.56 - - [27/Feb/2018:17:11:08 -0300] "POST /cormun/servlet/trsolicitudgral?072496a4cdb624c87bc3984b13541d66,gx-no-cache=1519761592464,gx-no-cache=1519762109884 HTTP/1.1" 200 10967
192.168.10.56 - - [27/Feb/2018:17:11:27 -0300] "POST /cormun/servlet/trsolicitudgral?072496a4cdb624c87bc3984b13541d66,gx-no-cache=1519761592464,gx-no-cache=1519762128830 HTTP/1.1" 200 10129
186.67.164.142 - - [27/Feb/2018:17:11:30 -0300] "POST /cormun/servlet/trsolicitudadjuntos?bf42795224c7b2a19bef5711eeb63cf1,2018,9699,,gx-no-cache=1519762241060 HTTP/1.1" 200 90
186.67.164.142 - - [27/Feb/2018:17:11:30 -0300] "GET /cormun/servlet/hpexe_link HTTP/1.1" 200 964
186.67.164.142 - - [27/Feb/2018:17:11:31 -0300] "GET /cormun/servlet/trsolicitudot HTTP/1.1" 200 8559
186.67.164.142 - - [27/Feb/2018:17:11:32 -0300] "GET /cormun/servlet/trsolicitudot HTTP/1.1" 200 8558
186.67.164.142 - - [27/Feb/2018:17:11:47 -0300] "POST /cormun/servlet/trsolicitudot?bf42795224c7b2a19bef5711eeb63cf1,gx-no-cache=1519762259725 HTTP/1.1" 200 4478
186.67.164.142 - - [27/Feb/2018:17:11:47 -0300] "GET /cormun/static/Shared/jqueryui/images/ui-bg_highlight-soft_100_c6c2c8_1x100.png HTTP/1.1" 404 1117
186.67.164.142 - - [27/Feb/2018:17:11:47 -0300] "GET /cormun/static/Shared/jqueryui/images/ui-icons_82798d_256x240.png HTTP/1.1" 404 1089
186.67.164.142 - - [27/Feb/2018:17:11:47 -0300] "GET /cormun/static/Shared/jqueryui/images/ui-bg_flat_55_fafafa_40x100.png HTTP/1.1" 404 1097
186.67.164.142 - - [27/Feb/2018:17:11:47 -0300] "GET /cormun/static/Shared/jqueryui/images/ui-icons_8d78a5_256x240.png HTTP/1.1" 404 1089
186.67.164.142 - - [27/Feb/2018:17:11:49 -0300] "POST /cormun/servlet/trsolicitudot?bf42795224c7b2a19bef5711eeb63cf1,gx-no-cache=1519762260312 HTTP/1.1" 200 4261
186.67.164.142 - - [27/Feb/2018:17:12:29 -0300] "GET /cormun/servlet/solicitudot?INS,0,0, HTTP/1.1" 200 13420
186.67.164.142 - - [27/Feb/2018:17:12:31 -0300] "GET /cormun/servlet/solicitudot?INS,0,0, HTTP/1.1" 200 13425
186.103.159.189 - - [27/Feb/2018:17:12:43 -0300] "GET /cormun/servlet/hlogin HTTP/1.1" 200 1717
66.249.64.29 - - [27/Feb/2018:17:12:54 -0300] "GET /robots.txt HTTP/1.1" 404 981
66.249.64.28 - - [27/Feb/2018:17:12:55 -0300] "GET /cormun/servlet/hlogin HTTP/1.1" 200 1705
66.249.64.27 - - [27/Feb/2018:17:12:56 -0300] "GET /favicon.ico HTTP/1.1" 200 21630
186.103.159.189 - - [27/Feb/2018:17:12:57 -0300] "GET /cormun/servlet/hlogin HTTP/1.1" 200 1717
186.103.159.189 - - [27/Feb/2018:17:13:09 -0300] "POST /cormun/servlet/hlogin?6bd3041610f99306cb74fab9b38d4eab,gx-no-cache=1519762342331 HTTP/1.1" 200 90
186.103.159.189 - - [27/Feb/2018:17:13:09 -0300] "GET /cormun/servlet/hpexe_link HTTP/1.1" 200 950
186.103.159.189 - - [27/Feb/2018:17:13:09 -0300] "GET /cormun/static/gxcfg.js?20177612121792 HTTP/1.1" 304 -
186.103.159.189 - - [27/Feb/2018:17:13:10 -0300] "GET /cormun/servlet/hhome HTTP/1.1" 200 3962
186.103.159.189 - - [27/Feb/2018:17:13:10 -0300] "GET /cormun/static/gxcfg.js?20175251212442 HTTP/1.1" 304 -
186.103.159.189 - - [27/Feb/2018:17:13:12 -0300] "GET /cormun/servlet/hhome HTTP/1.1" 200 3959
186.103.159.189 - - [27/Feb/2018:17:13:31 -0300] "GET /cormun/servlet/trsolicitudot? HTTP/1.1" 200 7173
186.103.159.189 - - [27/Feb/2018:17:13:32 -0300] "GET /cormun/static/gxcfg.js?2017111422585916 HTTP/1.1" 304 -
186.103.159.189 - - [27/Feb/2018:17:13:33 -0300] "GET /cormun/servlet/trsolicitudot? HTTP/1.1" 200 7173
186.103.159.189 - - [27/Feb/2018:17:13:37 -0300] "GET /cormun/static/menuarrow.gif HTTP/1.1" 404 1015
186.103.159.189 - - [27/Feb/2018:17:13:48 -0300] "GET /cormun/servlet/trvisualizadoreventos? HTTP/1.1" 200 6696
186.103.159.189 - - [27/Feb/2018:17:13:48 -0300] "GET /cormun/static/gxcfg.js?20175251251426 HTTP/1.1" 304 -
186.103.159.189 - - [27/Feb/2018:17:13:49 -0300] "GET /cormun/servlet/trvisualizadoreventos? HTTP/1.1" 200 6696
186.67.164.142 - - [27/Feb/2018:17:13:54 -0300] "POST /cormun/servlet/solicitudot?gx-no-cache=1519762386172 HTTP/1.1" 200 3293
186.67.164.142 - - [27/Feb/2018:17:13:55 -0300] "POST /cormun/servlet/solicitudot?bf42795224c7b2a19bef5711eeb63cf1,INS,0,0,,gx-no-cache=1519762386739 HTTP/1.1" 200 10248
186.103.159.189 - - [27/Feb/2018:17:13:55 -0300] "GET /cormun/static/menuarrow.gif HTTP/1.1" 404 1015
186.67.164.142 - - [27/Feb/2018:17:13:57 -0300] "GET /cormun/servlet/solicitudot?e3c6413b562d421c6bec78ecc5448daed4012e8e3d6312946c0406ee9c982d15c3d1399c6cca35e124809e49fe8df396,gx-no-cache=1519762390469 HTTP/1.1" 200 30
186.103.159.189 - - [27/Feb/2018:17:14:06 -0300] "POST /cormun/servlet/trvisualizadoreventos?6bd3041610f99306cb74fab9b38d4eab,,gx-no-cache=1519762398122 HTTP/1.1" 200 5017
192.168.10.56 - - [27/Feb/2018:17:14:16 -0300] "POST /cormun/servlet/trsolicitudgral?072496a4cdb624c87bc3984b13541d66,gx-no-cache=1519761592464,gx-no-cache=1519762297941 HTTP/1.1" 200 10129
192.168.10.56 - - [27/Feb/2018:17:14:39 -0300] "GET /cormun/servlet/hlogin HTTP/1.1" 200 1761
192.168.10.56 - - [27/Feb/2018:17:14:40 -0300] "POST /cormun/servlet/hlogin?072496a4cdb624c87bc3984b13541d66,gx-no-cache=1519762322948 HTTP/1.1" 200 90
192.168.10.56 - - [27/Feb/2018:17:14:40 -0300] "GET /cormun/servlet/hpexe_link HTTP/1.1" 200 979
192.168.10.56 - - [27/Feb/2018:17:14:41 -0300] "GET /cormun/servlet/trsolicitudgral?gx-no-cache=1519761592464 HTTP/1.1" 200 13097
192.168.10.56 - - [27/Feb/2018:17:14:42 -0300] "GET /cormun/servlet/trsolicitudgral?gx-no-cache=1519761592464 HTTP/1.1" 200 13116
186.67.164.142 - - [27/Feb/2018:17:15:05 -0300] "GET /cormun/servlet/solicitudot?e3c6413b562d421c6bec78ecc5448dae2159bc74fe7ada34f17f254b8338297f8a6163aab17dfb14012055ae6f8ea490c3d1399c6cca35e124809e49fe8df396,gx-no-cache=1519762458483 HTTP/1.1" 200 30
186.67.164.142 - - [27/Feb/2018:17:15:06 -0300] "GET /cormun/servlet/solicitudot?e3c6413b562d421c6bec78ecc5448dae5d83732f84fb9cbbbefe5d26de3f9eda,gx-no-cache=1519762458602 HTTP/1.1" 200 29
186.67.164.142 - - [27/Feb/2018:17:15:07 -0300] "POST /cormun/servlet/solicitudot?gx-no-cache=1519762460079 HTTP/1.1" 200 255
192.168.10.56 - - [27/Feb/2018:17:15:25 -0300] "POST /cormun/servlet/trsolicitudgral?072496a4cdb624c87bc3984b13541d66,gx-no-cache=1519761592464,gx-no-cache=1519762367543 HTTP/1.1" 200 115
192.168.10.56 - - [27/Feb/2018:17:15:25 -0300] "GET /cormun/servlet/solicitudotlog?INS,2018,8448,0,REC, HTTP/1.1" 200 6282
192.168.10.56 - - [27/Feb/2018:17:15:26 -0300] "GET /cormun/servlet/solicitudotlog?INS,2018,8448,0,REC, HTTP/1.1" 200 6259
192.168.10.56 - - [27/Feb/2018:17:15:26 -0300] "GET /cormun/servlet/solicitudotlog?126d12a7270ec13f73ffc742600ada44f87169f126668dbcc05f4542afddf29153da527483eb8c8c2aaeb619158c9331d6d52d529e329b0a6d2d287940d74e54445e219e3fbcfe611e600249b83e0d022229ae3da3b48d2a5f73c231c373c11f7a119b1caf70bf82ca1c4c8c0a4b39fea7bda24849afcd163fa1ad54d78011c4a56e6551174e8ab0e15aae9314c8f5700dffd11659733e55abda8293619bc17d,gx-no-cache=1519762368803 HTTP/1.1" 200 94
192.168.10.56 - - [27/Feb/2018:17:15:27 -0300] "POST /cormun/servlet/solicitudotlog?072496a4cdb624c87bc3984b13541d66,INS,2018,8448,0,REC,,gx-no-cache=1519762369326 HTTP/1.1" 200 93
192.168.10.56 - - [27/Feb/2018:17:15:27 -0300] "GET /cormun/servlet/hpexe_return? HTTP/1.1" 200 1045
192.168.10.56 - - [27/Feb/2018:17:15:27 -0300] "GET /cormun/servlet/trsolicitudgral?gx-no-cache=1519761592464 HTTP/1.1" 200 13101
192.168.10.56 - - [27/Feb/2018:17:15:28 -0300] "GET /cormun/servlet/trsolicitudgral?gx-no-cache=1519761592464 HTTP/1.1" 200 13116
192.168.10.56 - - [27/Feb/2018:17:15:41 -0300] "GET /cormun/servlet/solicitudgral?UPD,2018,8448, HTTP/1.1" 200 12780
192.168.10.56 - - [27/Feb/2018:17:15:42 -0300] "GET /cormun/servlet/solicitudgral?UPD,2018,8448, HTTP/1.1" 200 12769
192.168.10.56 - - [27/Feb/2018:17:15:42 -0300] "POST /cormun/servlet/solicitudgral?gx-no-cache=1519762384846 HTTP/1.1" 200 3859
192.168.10.56 - - [27/Feb/2018:17:15:43 -0300] "GET /cormun/servlet/solicitudgral?126d12a7270ec13f73ffc742600ada4418baaa32cc5e539daaedb8a41a80da506eca626864cf3ec07a670b4fd2f2c87a9ca28636846ba22510d03438bf627f267cd571e9c5182336c62029bd8c4ac1c5220723dd4dde4d12438959853e52accf564d2e24d994eb148decf9e3dd47c03261175c035705057e0c46addcf2be1243081657180097aab1f539b9b977b6073d3b2a112b5dd89eb9acadaad50e5bef8bb9477fce0db3e33a6f20fa3293c97724dfd6631ff7e4b926f9d74d015cf4798de5e4e488fa75f23da84ea65e782ffaa8e3cf7a5048bdff36a188d4491dcfa4c5a860cbf080ec50ffd65564cfb166564753da527483eb8c8c2aaeb619158c9331115eef0eeec248d676a6b2dc11f7b2380ac29d8946e8c5d73e52aff9146a9e5ccfd1a6e78b56d71cc7193c091bfb508aa29ac1d6917508e37abe1735f97b3ed94767ed3a4bff9c8b039abe7f7f8cff13,gx-no-cache=1519762385180 HTTP/1.1" 200 297
192.168.10.56 - - [27/Feb/2018:17:15:44 -0300] "GET /cormun/servlet/solicitudgral?126d12a7270ec13f73ffc742600ada44196feda33722999992edd886ebf080a11382b617a5fb1eadd1354e8d8ab33c24115eef0eeec248d676a6b2dc11f7b23817527098336549e95b5be37d29cfb108b73f1b02380acd6b3b57b5b8930aa85f9744b058e451aeec106cbcb65ba2e6436eab0e6949eb9975a3806d6f7ca9b7ecf4f45f2ccd4842ff980bae0a0cfa964d2316d152e38d285b67cec6eff98d00c96c73e33e8270a11aa2e2dde20c1c9b7d543ce4bd9235b4bef42e867b79e0657bebae146249550e267ead0c696adf5c047be3e7eb62fddcb46998e51355373f1adb42a7e3c0d95b7995e7f044bc01d173641a2e228a38833e26cc5275bf57cf0c97af7b0d0301c63718e0d845e793e90ab8d3d459506a7563b041a7181c1573aa90e29f04af796fa78904a038c9794a7721b1c2e422d1154cab3116bb10bae760d4909b1c4c0558e2bc75456f61060f71b20cd68648fd92835aa82c248e10aa2197af7b0d0301c63718e0d845e793e90acf83705d22c5a73c43f68a61aead2c111ac0b01f2f1217b45c61ba309a3ee9cf53993c38d743527877c521d67862af9dfb07525823dd412d8302eeb7239ca604,gx-no-cache=1519762386213 HTTP/1.1" 200 48
192.168.10.56 - - [27/Feb/2018:17:15:44 -0300] "POST /cormun/servlet/solicitudgral?072496a4cdb624c87bc3984b13541d66,UPD,2018,8448,,gx-no-cache=1519762386257 HTTP/1.1" 200 11806
192.168.10.56 - - [27/Feb/2018:17:15:44 -0300] "GET /cormun/servlet/solicitudgral?126d12a7270ec13f73ffc742600ada4404b971cc7c2dfda787713815325a0b4f6037874d92d2b97f306c134b1bd15c70b367bcbd6058fd1a87e441fd07e35a446b89db7940016d87abe187cc194ce71f335ffcfd38d8432074534537f0e31becdf63f4ecea999ce40c7f6195680d1254,gx-no-cache=1519762386793 HTTP/1.1" 200 29
192.168.10.56 - - [27/Feb/2018:17:15:44 -0300] "POST /cormun/servlet/solicitudgral?gx-no-cache=1519762386818 HTTP/1.1" 200 1294
192.168.10.56 - - [27/Feb/2018:17:15:44 -0300] "POST /cormun/servlet/solicitudgral?gx-no-cache=1519762386922 HTTP/1.1" 200 1215
192.168.10.56 - - [27/Feb/2018:17:15:50 -0300] "POST /cormun/servlet/solicitudgral?072496a4cdb624c87bc3984b13541d66,UPD,2018,8448,,gx-no-cache=1519762392293 HTTP/1.1" 200 93
192.168.10.56 - - [27/Feb/2018:17:15:50 -0300] "GET /cormun/servlet/hpexe_return? HTTP/1.1" 200 1036
192.168.10.56 - - [27/Feb/2018:17:15:51 -0300] "GET /cormun/servlet/trsolicitudgral?gx-no-cache=1519761592464 HTTP/1.1" 200 13111
192.168.10.56 - - [27/Feb/2018:17:15:52 -0300] "GET /cormun/servlet/trsolicitudgral?gx-no-cache=1519761592464 HTTP/1.1" 200 13127
192.168.10.56 - - [27/Feb/2018:17:15:59 -0300] "POST /cormun/servlet/trsolicitudgral?072496a4cdb624c87bc3984b13541d66,gx-no-cache=1519761592464,gx-no-cache=1519762401563 HTTP/1.1" 200 9808
192.168.10.56 - - [27/Feb/2018:17:16:00 -0300] "GET /cormun/static/Shared/jqueryui/images/ui-bg_highlight-soft_100_c6c2c8_1x100.png HTTP/1.1" 404 1117
192.168.10.56 - - [27/Feb/2018:17:16:00 -0300] "GET /cormun/static/Shared/jqueryui/images/ui-icons_82798d_256x240.png HTTP/1.1" 404 1089
192.168.10.56 - - [27/Feb/2018:17:16:00 -0300] "GET /cormun/static/Shared/jqueryui/images/ui-bg_flat_55_fafafa_40x100.png HTTP/1.1" 404 1097
192.168.10.56 - - [27/Feb/2018:17:16:00 -0300] "GET /cormun/static/Shared/jqueryui/images/ui-icons_8d78a5_256x240.png HTTP/1.1" 404 1089
192.168.10.56 - - [27/Feb/2018:17:16:30 -0300] "POST /cormun/servlet/trsolicitudgral?072496a4cdb624c87bc3984b13541d66,gx-no-cache=1519761592464,gx-no-cache=1519762431935 HTTP/1.1" 200 9405
192.168.10.56 - - [27/Feb/2018:17:16:40 -0300] "POST /cormun/servlet/trsolicitudgral?072496a4cdb624c87bc3984b13541d66,gx-no-cache=1519761592464,gx-no-cache=1519762441905 HTTP/1.1" 200 8963
192.168.10.56 - - [27/Feb/2018:17:16:49 -0300] "POST /cormun/servlet/trsolicitudgral?072496a4cdb624c87bc3984b13541d66,gx-no-cache=1519761592464,gx-no-cache=1519762451062 HTTP/1.1" 200 8577
192.168.10.56 - - [27/Feb/2018:17:17:00 -0300] "POST /cormun/servlet/trsolicitudgral?072496a4cdb624c87bc3984b13541d66,gx-no-cache=1519761592464,gx-no-cache=1519762462128 HTTP/1.1" 200 8223
192.168.10.56 - - [27/Feb/2018:17:17:10 -0300] "GET /cormun/servlet/solicitudgral2?UPD,2018,7963, HTTP/1.1" 200 12917
192.168.10.56 - - [27/Feb/2018:17:17:11 -0300] "GET /cormun/servlet/solicitudgral2?UPD,2018,7963, HTTP/1.1" 200 12907
192.168.10.56 - - [27/Feb/2018:17:17:11 -0300] "POST /cormun/servlet/solicitudgral2?gx-no-cache=1519762473116 HTTP/1.1" 200 3916
192.168.10.56 - - [27/Feb/2018:17:17:11 -0300] "GET /cormun/servlet/solicitudgral2?126d12a7270ec13f73ffc742600ada4418baaa32cc5e539daaedb8a41a80da506eca626864cf3ec07a670b4fd2f2c87a9ca28636846ba22510d03438bf627f267cd571e9c5182336c62029bd8c4ac1c5220723dd4dde4d12438959853e52accf564d2e24d994eb148decf9e3dd47c03261175c035705057e0c46addcf2be1243081657180097aab1f539b9b977b6073d3b2a112b5dd89eb9acadaad50e5bef8bb9477fce0db3e33a6f20fa3293c97724dfd6631ff7e4b926f9d74d015cf4798de5e4e488fa75f23da84ea65e782ffaa8e3cf7a5048bdff36a188d4491dcfa4c5a860cbf080ec50ffd65564cfb166564753da527483eb8c8c2aaeb619158c9331115eef0eeec248d676a6b2dc11f7b2380ac29d8946e8c5d73e52aff9146a9e5ccfd1a6e78b56d71cc7193c091bfb508aa29ac1d6917508e37abe1735f97b3ed94767ed3a4bff9c8b039abe7f7f8cff13,gx-no-cache=1519762473411 HTTP/1.1" 200 297
192.168.10.56 - - [27/Feb/2018:17:17:11 -0300] "POST /cormun/servlet/solicitudgral2?gx-no-cache=1519762473465 HTTP/1.1" 200 1398
192.168.10.56 - - [27/Feb/2018:17:17:11 -0300] "GET /cormun/servlet/solicitudgral2?126d12a7270ec13f73ffc742600ada44116d26c2e324fc54ca8cf6b50e16d54a510ede7450a43e1967cd2d3085c0d34b0843bd08920a1e04233521e97d2b5db9d26d90d072e5840ba605a49969f6fe433034b132d688feb424ee5a08a7a88e53034c2c13b72d0c6b18a27d2f3c081d25,gx-no-cache=1519762473591 HTTP/1.1" 200 41
192.168.10.56 - - [27/Feb/2018:17:17:14 -0300] "POST /cormun/servlet/solicitudgral2?072496a4cdb624c87bc3984b13541d66,UPD,2018,7963,,gx-no-cache=1519762475890 HTTP/1.1" 200 11903
192.168.10.56 - - [27/Feb/2018:17:17:14 -0300] "GET /cormun/servlet/solicitudgral2?126d12a7270ec13f73ffc742600ada4404b971cc7c2dfda787713815325a0b4f6037874d92d2b97f306c134b1bd15c70b367bcbd6058fd1a87e441fd07e35a446b89db7940016d87abe187cc194ce71f335ffcfd38d8432074534537f0e31becdf63f4ecea999ce40c7f6195680d1254,gx-no-cache=1519762476424 HTTP/1.1" 200 29
192.168.10.56 - - [27/Feb/2018:17:17:14 -0300] "POST /cormun/servlet/solicitudgral2?gx-no-cache=1519762476448 HTTP/1.1" 200 1295
192.168.10.56 - - [27/Feb/2018:17:17:14 -0300] "POST /cormun/servlet/solicitudgral2?gx-no-cache=1519762476551 HTTP/1.1" 200 1218
186.103.159.43 - - [27/Feb/2018:17:17:15 -0300] "GET /cormun/servlet/solicitudot?INS,0,0, HTTP/1.1" 200 13602
186.103.159.43 - - [27/Feb/2018:17:17:15 -0300] "GET /cormun/static/solicitudot.js?201812313224831 HTTP/1.1" 304 -
186.103.159.43 - - [27/Feb/2018:17:17:15 -0300] "GET /cormun/static/gxcfg.js?201812313224582 HTTP/1.1" 200 953
186.103.159.43 - - [27/Feb/2018:17:17:16 -0300] "GET /cormun/servlet/solicitudot?INS,0,0, HTTP/1.1" 200 13607
186.103.159.43 - - [27/Feb/2018:17:17:24 -0300] "POST /cormun/servlet/solicitudot?gx-no-cache=1519762597237 HTTP/1.1" 200 3293
186.103.159.43 - - [27/Feb/2018:17:17:25 -0300] "POST /cormun/servlet/solicitudot?fc08916ca711eb93cff91b1922a6ac6e,INS,0,0,,gx-no-cache=1519762598165 HTTP/1.1" 200 10446
186.103.159.43 - - [27/Feb/2018:17:17:26 -0300] "GET /cormun/servlet/solicitudot?04ba3a82ed1fa4699d66382e68b5fbeb02bc3e34799d72289077a008682e8fa560180badd3b43f9c744a12441c72a51f,gx-no-cache=1519762599510 HTTP/1.1" 200 30
192.168.10.56 - - [27/Feb/2018:17:18:04 -0300] "GET /cormun/servlet/solicitudgral2?126d12a7270ec13f73ffc742600ada442c9de6335186d53216ea37a64b3f8a79e4a1c314dc7b216c564e06523198a1f11a6776963568bb0bf97adf121baa1c742a80c48824c7a8f7c87f8ece0dec690fc35d84eb12c97ce0b51a94b47449779272ea881b8c8b6a93392fc3ddbf328f9685aceff369d9aa6e047cce23390051fd,gx-no-cache=1519762526285 HTTP/1.1" 200 30
192.168.10.56 - - [27/Feb/2018:17:18:04 -0300] "POST /cormun/servlet/solicitudgral2?072496a4cdb624c87bc3984b13541d66,UPD,2018,7963,,gx-no-cache=1519762526315 HTTP/1.1" 200 93
192.168.10.56 - - [27/Feb/2018:17:18:04 -0300] "GET /cormun/servlet/hpexe_return? HTTP/1.1" 200 1038
192.168.10.56 - - [27/Feb/2018:17:18:05 -0300] "GET /cormun/servlet/trsolicitudgral?gx-no-cache=1519761592464 HTTP/1.1" 200 11207
192.168.10.56 - - [27/Feb/2018:17:18:06 -0300] "GET /cormun/servlet/trsolicitudgral?gx-no-cache=1519761592464 HTTP/1.1" 200 11222
192.168.10.56 - - [27/Feb/2018:17:18:14 -0300] "POST /cormun/servlet/trsolicitudgral?072496a4cdb624c87bc3984b13541d66,gx-no-cache=1519761592464,gx-no-cache=1519762536547 HTTP/1.1" 200 7803
192.168.10.56 - - [27/Feb/2018:17:18:14 -0300] "GET /cormun/static/Shared/jqueryui/images/ui-bg_highlight-soft_100_c6c2c8_1x100.png HTTP/1.1" 404 1117
192.168.10.56 - - [27/Feb/2018:17:18:14 -0300] "GET /cormun/static/Shared/jqueryui/images/ui-icons_82798d_256x240.png HTTP/1.1" 404 1089
192.168.10.56 - - [27/Feb/2018:17:18:14 -0300] "GET /cormun/static/Shared/jqueryui/images/ui-bg_flat_55_fafafa_40x100.png HTTP/1.1" 404 1097
192.168.10.56 - - [27/Feb/2018:17:18:14 -0300] "GET /cormun/static/Shared/jqueryui/images/ui-icons_8d78a5_256x240.png HTTP/1.1" 404 1089
192.168.10.56 - - [27/Feb/2018:17:18:24 -0300] "GET /cormun/servlet/solicitudgral?UPD,2018,7955, HTTP/1.1" 200 12804
192.168.10.56 - - [27/Feb/2018:17:18:25 -0300] "GET /cormun/servlet/solicitudgral?UPD,2018,7955, HTTP/1.1" 200 12793
192.168.10.56 - - [27/Feb/2018:17:18:26 -0300] "POST /cormun/servlet/solicitudgral?gx-no-cache=1519762547943 HTTP/1.1" 200 3925
192.168.10.56 - - [27/Feb/2018:17:18:26 -0300] "GET /cormun/servlet/solicitudgral?126d12a7270ec13f73ffc742600ada4418baaa32cc5e539daaedb8a41a80da506eca626864cf3ec07a670b4fd2f2c87a9ca28636846ba22510d03438bf627f267cd571e9c5182336c62029bd8c4ac1c5220723dd4dde4d12438959853e52accf564d2e24d994eb148decf9e3dd47c03261175c035705057e0c46addcf2be1243081657180097aab1f539b9b977b6073d3b2a112b5dd89eb9acadaad50e5bef8bb9477fce0db3e33a6f20fa3293c97724dfd6631ff7e4b926f9d74d015cf4798de5e4e488fa75f23da84ea65e782ffaa8e3cf7a5048bdff36a188d4491dcfa4c5a860cbf080ec50ffd65564cfb166564753da527483eb8c8c2aaeb619158c9331115eef0eeec248d676a6b2dc11f7b2380ac29d8946e8c5d73e52aff9146a9e5ccfd1a6e78b56d71cc7193c091bfb508aa29ac1d6917508e37abe1735f97b3ed94767ed3a4bff9c8b039abe7f7f8cff13,gx-no-cache=1519762548230 HTTP/1.1" 200 297
192.168.10.56 - - [27/Feb/2018:17:18:26 -0300] "GET /cormun/servlet/solicitudgral?126d12a7270ec13f73ffc742600ada44196feda33722999992edd886ebf080a11382b617a5fb1eadd1354e8d8ab33c24115eef0eeec248d676a6b2dc11f7b23817527098336549e95b5be37d29cfb108b73f1b02380acd6b3b57b5b8930aa85f9744b058e451aeec106cbcb65ba2e6436eab0e6949eb9975a3806d6f7ca9b7ecf4f45f2ccd4842ff980bae0a0cfa964d2316d152e38d285b67cec6eff98d00c96c73e33e8270a11aa2e2dde20c1c9b7d543ce4bd9235b4bef42e867b79e0657bebae146249550e267ead0c696adf5c047be3e7eb62fddcb46998e51355373f1adb42a7e3c0d95b7995e7f044bc01d173641a2e228a38833e26cc5275bf57cf0c97af7b0d0301c63718e0d845e793e90ab8d3d459506a7563b041a7181c1573aa90e29f04af796fa78904a038c9794a7721b1c2e422d1154cab3116bb10bae760d4909b1c4c0558e2bc75456f61060f71b20cd68648fd92835aa82c248e10aa2197af7b0d0301c63718e0d845e793e90acf83705d22c5a73c43f68a61aead2c111ac0b01f2f1217b45c61ba309a3ee9cf53993c38d743527877c521d67862af9dfb07525823dd412d8302eeb7239ca604,gx-no-cache=1519762548718 HTTP/1.1" 200 48
192.168.10.56 - - [27/Feb/2018:17:18:27 -0300] "POST /cormun/servlet/solicitudgral?072496a4cdb624c87bc3984b13541d66,UPD,2018,7955,,gx-no-cache=1519762548766 HTTP/1.1" 200 11867
192.168.10.56 - - [27/Feb/2018:17:18:27 -0300] "GET /cormun/servlet/solicitudgral?126d12a7270ec13f73ffc742600ada4404b971cc7c2dfda787713815325a0b4f6037874d92d2b97f306c134b1bd15c70b367bcbd6058fd1a87e441fd07e35a446b89db7940016d87abe187cc194ce71f335ffcfd38d8432074534537f0e31becdf63f4ecea999ce40c7f6195680d1254,gx-no-cache=1519762549297 HTTP/1.1" 200 29
192.168.10.56 - - [27/Feb/2018:17:18:27 -0300] "POST /cormun/servlet/solicitudgral?gx-no-cache=1519762549320 HTTP/1.1" 200 1296
192.168.10.56 - - [27/Feb/2018:17:18:27 -0300] "POST /cormun/servlet/solicitudgral?gx-no-cache=1519762549422 HTTP/1.1" 200 1219
186.103.159.43 - - [27/Feb/2018:17:18:30 -0300] "GET /cormun/servlet/solicitudot?04ba3a82ed1fa4699d66382e68b5fbebe8296880d737a3430029413fc8c66cbfa9f735c846eaba62a5b0e01ecb7b50df,gx-no-cache=1519762664019 HTTP/1.1" 200 30
186.103.159.43 - - [27/Feb/2018:17:18:37 -0300] "GET /cormun/servlet/solicitudot?04ba3a82ed1fa4699d66382e68b5fbebe8296880d737a3430029413fc8c66cbf0120d048a77e69dbf24368ed6c919e34,gx-no-cache=1519762670595 HTTP/1.1" 200 30
192.168.10.56 - - [27/Feb/2018:17:18:37 -0300] "POST /cormun/servlet/solicitudgral?072496a4cdb624c87bc3984b13541d66,UPD,2018,7955,,gx-no-cache=1519762559152 HTTP/1.1" 200 93
