186.103.132.155 - - [27/Feb/2018:14:38:34 -0300] "GET /cormun/servlet/trsolicitudot? HTTP/1.1" 200 7410
186.103.161.206 - - [27/Feb/2018:14:38:40 -0300] "GET /cormun/servlet/trcontratounov2? HTTP/1.1" 200 15050
186.103.161.206 - - [27/Feb/2018:14:38:40 -0300] "GET /cormun/static/gxcfg.js?201752512124396 HTTP/1.1" 200 953
186.103.132.155 - - [27/Feb/2018:14:38:40 -0300] "GET /cormun/static/Resources/PXToolsAddSelectedAction.png HTTP/1.1" 200 3660
186.103.161.206 - - [27/Feb/2018:14:38:41 -0300] "GET /cormun/static/trcontratounov2.js?201752512125146 HTTP/1.1" 200 38486
186.103.161.206 - - [27/Feb/2018:14:38:42 -0300] "GET /cormun/servlet/trcontratounov2? HTTP/1.1" 200 15049
186.103.161.206 - - [27/Feb/2018:14:38:52 -0300] "GET /cormun/servlet/trautorizarsolicitud? HTTP/1.1" 200 8653
186.103.161.206 - - [27/Feb/2018:14:38:53 -0300] "GET /cormun/servlet/trautorizarsolicitud? HTTP/1.1" 200 8653
186.103.132.155 - - [27/Feb/2018:14:39:00 -0300] "GET /cormun/servlet/trvisualizadoreventos? HTTP/1.1" 200 6956
186.103.132.155 - - [27/Feb/2018:14:39:01 -0300] "GET /cormun/servlet/trvisualizadoreventos? HTTP/1.1" 200 6955
186.103.132.155 - - [27/Feb/2018:14:39:19 -0300] "POST /cormun/servlet/trvisualizadoreventos?d8a0ec32185b17504af0566aca4b8d3e,,gx-no-cache=1519753112719 HTTP/1.1" 200 4485
186.103.132.155 - - [27/Feb/2018:14:39:34 -0300] "POST /cormun/servlet/trvisualizadoreventos?d8a0ec32185b17504af0566aca4b8d3e,,gx-no-cache=1519753126899 HTTP/1.1" 200 4129
186.103.132.155 - - [27/Feb/2018:14:39:36 -0300] "POST /cormun/servlet/trvisualizadoreventos?d8a0ec32185b17504af0566aca4b8d3e,,gx-no-cache=1519753129923 HTTP/1.1" 200 4129
186.103.132.155 - - [27/Feb/2018:14:39:40 -0300] "GET /cormun/servlet/trautorizarsolicitud? HTTP/1.1" 200 8653
186.103.132.155 - - [27/Feb/2018:14:39:41 -0300] "GET /cormun/servlet/trautorizarsolicitud? HTTP/1.1" 200 8653
186.103.132.155 - - [27/Feb/2018:14:39:49 -0300] "GET /cormun/servlet/treventos?2018,9697, HTTP/1.1" 200 7871
186.103.132.155 - - [27/Feb/2018:14:39:49 -0300] "GET /cormun/static/gxcfg.js?2016101716195975 HTTP/1.1" 200 953
186.103.132.155 - - [27/Feb/2018:14:39:50 -0300] "GET /cormun/static/treventos.js?201610171620222 HTTP/1.1" 200 16064
186.103.132.155 - - [27/Feb/2018:14:39:51 -0300] "GET /cormun/servlet/treventos?2018,9697, HTTP/1.1" 200 7870
186.103.161.206 - - [27/Feb/2018:14:39:56 -0300] "GET /cormun/servlet/trvisualizadoreventos? HTTP/1.1" 200 6959
186.103.161.206 - - [27/Feb/2018:14:39:57 -0300] "GET /cormun/servlet/trvisualizadoreventos? HTTP/1.1" 200 6949
200.72.197.82 - - [27/Feb/2018:14:40:02 -0300] "POST /cormun/servlet/trvisualizadoreventos?d8a0ec32185b17504af0566aca4b8d3e,,gx-no-cache=1519753155346 HTTP/1.1" 200 4131
200.72.197.82 - - [27/Feb/2018:14:40:12 -0300] "GET /cormun/servlet/trautorizarsolicitud? HTTP/1.1" 200 8653
200.72.197.82 - - [27/Feb/2018:14:40:17 -0300] "GET /cormun/servlet/trautorizarsolicitud? HTTP/1.1" 200 8653
190.151.100.218 - - [27/Feb/2018:14:40:35 -0300] "POST /cormun/servlet/trautorizarsolicitud?d8a0ec32185b17504af0566aca4b8d3e,,gx-no-cache=1519753187817 HTTP/1.1" 200 4611
190.151.100.218 - - [27/Feb/2018:14:40:35 -0300] "GET /cormun/static/Shared/jqueryui/images/ui-bg_highlight-soft_100_c6c2c8_1x100.png HTTP/1.1" 404 1117
200.111.122.170 - - [27/Feb/2018:14:40:35 -0300] "GET /cormun/static/Shared/jqueryui/images/ui-bg_flat_55_fafafa_40x100.png HTTP/1.1" 404 1097
190.151.100.218 - - [27/Feb/2018:14:40:35 -0300] "GET /cormun/static/Shared/jqueryui/images/ui-icons_8d78a5_256x240.png HTTP/1.1" 404 1089
190.151.100.218 - - [27/Feb/2018:14:40:35 -0300] "GET /cormun/static/Shared/jqueryui/images/ui-icons_82798d_256x240.png HTTP/1.1" 404 1089
186.67.203.186 - - [27/Feb/2018:14:40:36 -0300] "POST /cormun/servlet/trautorizarsolicitud?d8a0ec32185b17504af0566aca4b8d3e,,gx-no-cache=1519753189792 HTTP/1.1" 200 4385
186.67.203.186 - - [27/Feb/2018:14:40:50 -0300] "GET /cormun/servlet/trsolicitudot? HTTP/1.1" 200 7410
186.67.203.186 - - [27/Feb/2018:14:40:51 -0300] "GET /cormun/servlet/trsolicitudot? HTTP/1.1" 200 7410
186.103.161.206 - - [27/Feb/2018:14:41:00 -0300] "GET /cormun/servlet/trsolicitudot? HTTP/1.1" 200 7410
186.103.161.206 - - [27/Feb/2018:14:41:01 -0300] "GET /cormun/servlet/trsolicitudot? HTTP/1.1" 200 7410
190.151.100.218 - - [27/Feb/2018:14:41:18 -0300] "GET /cormun/servlet/solicitudot?INS,0,0, HTTP/1.1" 200 13646
190.151.100.218 - - [27/Feb/2018:14:41:19 -0300] "GET /cormun/servlet/solicitudot?INS,0,0, HTTP/1.1" 200 13651
190.151.100.218 - - [27/Feb/2018:14:41:22 -0300] "POST /cormun/servlet/solicitudot?gx-no-cache=1519753236221 HTTP/1.1" 200 3350
190.151.100.218 - - [27/Feb/2018:14:41:22 -0300] "GET /cormun/static/Shared/jqueryui/images/ui-bg_highlight-soft_100_c6c2c8_1x100.png HTTP/1.1" 404 1117
186.103.132.155 - - [27/Feb/2018:14:41:22 -0300] "GET /cormun/static/Shared/jqueryui/images/ui-bg_flat_55_994d53_40x100.png HTTP/1.1" 404 1097
186.103.161.206 - - [27/Feb/2018:14:41:22 -0300] "GET /cormun/static/Shared/jqueryui/images/ui-icons_ebccce_256x240.png HTTP/1.1" 404 1089
190.151.100.218 - - [27/Feb/2018:14:41:22 -0300] "GET /cormun/servlet/solicitudot?95c3a9b0e3599059bbc347521232e9b5c7466a52e6841d3652993f815aeeb0e4,gx-no-cache=1519753236663 HTTP/1.1" 200 111
190.151.100.218 - - [27/Feb/2018:14:41:23 -0300] "GET /cormun/servlet/solicitudot?95c3a9b0e3599059bbc347521232e9b5eb8c3ffa7bf6b57ead41baf35d128f00,gx-no-cache=1519753236888 HTTP/1.1" 200 94
186.67.203.186 - - [27/Feb/2018:14:41:23 -0300] "GET /cormun/static/Shared/jqueryui/images/ui-icons_82798d_256x240.png HTTP/1.1" 404 1089
190.151.100.218 - - [27/Feb/2018:14:41:23 -0300] "GET /cormun/servlet/solicitudot?95c3a9b0e3599059bbc347521232e9b55340bb072d6a508cac158975284edcab,gx-no-cache=1519753237000 HTTP/1.1" 200 29
190.151.100.218 - - [27/Feb/2018:14:41:34 -0300] "GET /cormun/servlet/prfichaempleado?,MD,,gxPopupLevel%3D0%3B HTTP/1.1" 200 9353
186.103.132.155 - - [27/Feb/2018:14:42:00 -0300] "POST /cormun/servlet/prfichaempleado?d8a0ec32185b17504af0566aca4b8d3e,,MD,,gxPopupLevel%3D0%3B,gx-no-cache=1519753272574 HTTP/1.1" 200 3809
186.67.203.186 - - [27/Feb/2018:14:42:55 -0300] "GET /cormun/servlet/hlogin HTTP/1.1" 200 1718
186.67.203.186 - - [27/Feb/2018:14:43:07 -0300] "POST /cormun/servlet/hlogin?d8a0ec32185b17504af0566aca4b8d3e,gx-no-cache=1519753340836 HTTP/1.1" 200 90
186.67.203.186 - - [27/Feb/2018:14:43:07 -0300] "GET /cormun/servlet/hpexe_link HTTP/1.1" 200 963
186.67.203.186 - - [27/Feb/2018:14:43:13 -0300] "GET /cormun/servlet/prfichaempleado?,MD, HTTP/1.1" 200 9350
186.67.203.186 - - [27/Feb/2018:14:43:22 -0300] "GET /cormun/servlet/hlogin HTTP/1.1" 200 1718
186.67.203.186 - - [27/Feb/2018:14:43:28 -0300] "POST /cormun/servlet/hlogin?d8a0ec32185b17504af0566aca4b8d3e,gx-no-cache=1519753362696 HTTP/1.1" 200 90
186.67.203.186 - - [27/Feb/2018:14:43:29 -0300] "GET /cormun/servlet/hpexe_link HTTP/1.1" 200 963
186.67.203.186 - - [27/Feb/2018:14:43:34 -0300] "GET /cormun/servlet/prfichaempleado?,MD, HTTP/1.1" 200 9350
190.151.100.218 - - [27/Feb/2018:14:44:05 -0300] "GET /cormun/servlet/hlogin HTTP/1.1" 200 1743
192.168.10.56 - - [27/Feb/2018:14:44:44 -0300] "GET /cormun/servlet/hlogin HTTP/1.1" 200 1743
181.201.161.183 - - [27/Feb/2018:14:45:14 -0300] "GET /cormun/servlet/hlogin HTTP/1.1" 200 1719
181.201.161.183 - - [27/Feb/2018:14:45:16 -0300] "POST /cormun/servlet/hlogin?269dc602f5c36dd0d034cbdba5628a34,gx-no-cache=1519753469508 HTTP/1.1" 200 90
181.201.161.183 - - [27/Feb/2018:14:45:16 -0300] "GET /cormun/servlet/hpexe_link HTTP/1.1" 200 950
181.201.161.183 - - [27/Feb/2018:14:45:17 -0300] "GET /cormun/servlet/hhome HTTP/1.1" 200 4318
181.201.161.183 - - [27/Feb/2018:14:45:18 -0300] "GET /cormun/servlet/hhome HTTP/1.1" 200 4318
181.201.161.183 - - [27/Feb/2018:14:45:22 -0300] "GET /cormun/servlet/trlicencias? HTTP/1.1" 200 10118
181.201.161.183 - - [27/Feb/2018:14:45:24 -0300] "GET /cormun/servlet/trlicencias? HTTP/1.1" 200 10116
181.201.161.183 - - [27/Feb/2018:14:45:28 -0300] "GET /cormun/servlet/trcontratounov2? HTTP/1.1" 200 17509
181.201.161.183 - - [27/Feb/2018:14:45:28 -0300] "GET /cormun/static/Resources/PXToolsAddSelectedAction.png HTTP/1.1" 200 3660
181.201.161.183 - - [27/Feb/2018:14:45:29 -0300] "GET /cormun/static/trcontratounov2.js?201752512125146 HTTP/1.1" 200 38486
181.201.161.183 - - [27/Feb/2018:14:45:29 -0300] "GET /cormun/static/gxcfg.js?201752512124396 HTTP/1.1" 200 953
181.201.161.183 - - [27/Feb/2018:14:45:31 -0300] "GET /cormun/servlet/trcontratounov2? HTTP/1.1" 200 17516
190.151.100.218 - - [27/Feb/2018:14:45:41 -0300] "POST /cormun/servlet/hlogin?d8a0ec32185b17504af0566aca4b8d3e,gx-no-cache=1519753495026 HTTP/1.1" 200 90
190.151.100.218 - - [27/Feb/2018:14:45:41 -0300] "GET /cormun/servlet/hpexe_link HTTP/1.1" 200 963
190.151.100.218 - - [27/Feb/2018:14:45:46 -0300] "GET /cormun/servlet/prfichaempleado?,MD, HTTP/1.1" 200 9350
190.151.100.218 - - [27/Feb/2018:14:45:52 -0300] "GET /cormun/servlet/hlogin HTTP/1.1" 200 1743
190.151.100.218 - - [27/Feb/2018:14:45:53 -0300] "GET /cormun/servlet/prfichaempleado?,MD, HTTP/1.1" 302 -
200.111.122.170 - - [27/Feb/2018:14:45:54 -0300] "GET /cormun/servlet/hlogin HTTP/1.1" 200 1756
190.151.100.218 - - [27/Feb/2018:14:45:54 -0300] "GET /cormun/servlet/hlogin HTTP/1.1" 200 1734
95.24.9.133 - - [27/Feb/2018:14:47:30 -0300] "GET /cormun/servlet/hlogin HTTP/1.1" 200 2434
95.24.9.133 - - [27/Feb/2018:14:47:32 -0300] "GET /cormun/static/gxtimezone.js?85251 HTTP/1.1" 200 5781
95.24.9.133 - - [27/Feb/2018:14:47:32 -0300] "GET /cormun/static/messages.spa.js?85251 HTTP/1.1" 200 30736
95.24.9.133 - - [27/Feb/2018:14:47:32 -0300] "GET /cormun/static/Resources/Spanish/PXTools.css?11423723 HTTP/1.1" 200 89042
95.24.9.133 - - [27/Feb/2018:14:47:32 -0300] "GET /cormun/static/hlogin.js?20175251213537 HTTP/1.1" 200 2136
95.24.9.133 - - [27/Feb/2018:14:47:33 -0300] "GET /cormun/static/gxcfg.js?20175251213516 HTTP/1.1" 200 953
95.24.9.133 - - [27/Feb/2018:14:47:33 -0300] "GET /cormun/static/Resources/ComunLogin.png HTTP/1.1" 200 17326
95.24.9.133 - - [27/Feb/2018:14:47:33 -0300] "GET /cormun/static/gxgral.js?85251 HTTP/1.1" 200 384558
95.24.9.133 - - [27/Feb/2018:14:47:35 -0300] "GET /cormun/static/Resources/indicator.gif HTTP/1.1" 200 1553
95.24.9.133 - - [27/Feb/2018:14:47:35 -0300] "GET /cormun/static/Resources/PXToolsLoginBackground.png HTTP/1.1" 200 1164
95.24.9.133 - - [27/Feb/2018:14:47:35 -0300] "GET /cormun/static/Resources/PXToolsButtonBackground2.png HTTP/1.1" 200 1181
95.24.9.133 - - [27/Feb/2018:14:47:35 -0300] "GET /cormun/static/Resources/PXToolsButtonLeft21.png HTTP/1.1" 200 1287
95.24.9.133 - - [27/Feb/2018:14:47:35 -0300] "GET /cormun/static/Resources/PXToolsLoginTop.png HTTP/1.1" 200 1337
95.24.9.133 - - [27/Feb/2018:14:47:36 -0300] "GET /cormun/static/Resources/PXToolsButtonRight21.png HTTP/1.1" 200 1283
95.24.9.133 - - [27/Feb/2018:14:47:36 -0300] "GET /cormun/static/Resources/PXToolsLoginBottom.png HTTP/1.1" 200 1389
200.120.230.197 - - [27/Feb/2018:14:54:23 -0300] "GET /cormun/servlet/hlogin HTTP/1.1" 200 1728
200.120.230.197 - - [27/Feb/2018:14:54:24 -0300] "GET /cormun/static/Resources/Spanish/PXTools.css?11423723 HTTP/1.1" 200 89042
200.120.230.197 - - [27/Feb/2018:14:54:29 -0300] "GET /cormun/static/hlogin.js?20175251213537 HTTP/1.1" 200 2136
200.120.230.197 - - [27/Feb/2018:14:54:29 -0300] "GET /cormun/static/Resources/ComunLogin.png HTTP/1.1" 200 17326
186.79.217.118 - - [27/Feb/2018:14:54:33 -0300] "GET /cormun/static/gxcfg.js?20175251213516 HTTP/1.1" 200 953
186.79.217.118 - - [27/Feb/2018:14:54:33 -0300] "GET /cormun/static/Resources/PXToolsLoginTop.png HTTP/1.1" 200 1337
200.120.230.197 - - [27/Feb/2018:14:54:34 -0300] "GET /cormun/static/Resources/PXToolsButtonRight21.png HTTP/1.1" 200 1283
186.79.217.118 - - [27/Feb/2018:14:54:34 -0300] "GET /cormun/static/Resources/PXToolsButtonBackground2.png HTTP/1.1" 200 1181
200.120.230.197 - - [27/Feb/2018:14:54:34 -0300] "GET /cormun/static/Resources/PXToolsButtonLeft21.png HTTP/1.1" 200 1287
186.79.217.118 - - [27/Feb/2018:14:54:34 -0300] "GET /cormun/static/Resources/PXToolsLoginBottom.png HTTP/1.1" 200 1389
186.79.217.118 - - [27/Feb/2018:14:54:34 -0300] "GET /cormun/servlet/hlogin HTTP/1.1" 200 1736
200.120.230.197 - - [27/Feb/2018:14:54:35 -0300] "GET /cormun/static/Resources/PXToolsLoginBackground.png HTTP/1.1" 200 1164
186.79.217.118 - - [27/Feb/2018:14:54:36 -0300] "GET /cormun/static/Resources/PXToolsLoginBackground.png HTTP/1.1" 200 1164
186.79.217.118 - - [27/Feb/2018:14:54:37 -0300] "GET /cormun/static/Resources/indicator.gif HTTP/1.1" 200 1553
200.120.230.197 - - [27/Feb/2018:14:54:37 -0300] "GET /cormun/static/Resources/indicator.gif HTTP/1.1" 200 1553
200.120.230.197 - - [27/Feb/2018:14:54:37 -0300] "GET /favicon.ico HTTP/1.1" 200 21630
200.120.230.197 - - [27/Feb/2018:14:54:49 -0300] "POST /cormun/servlet/hlogin?485e23df33f27f4b0cc919393cdec35e,gx-no-cache=1519754062340 HTTP/1.1" 200 90
200.120.230.197 - - [27/Feb/2018:14:54:49 -0300] "GET /cormun/servlet/hpexe_link HTTP/1.1" 200 955
186.79.217.118 - - [27/Feb/2018:14:54:49 -0300] "GET /cormun/static/gxcfg.js?20177612121792 HTTP/1.1" 200 953
200.120.230.197 - - [27/Feb/2018:14:54:49 -0300] "GET /cormun/static/hpexe_link.js?20177612121795 HTTP/1.1" 200 625
200.120.230.197 - - [27/Feb/2018:14:54:50 -0300] "GET /cormun/static/Resources/Spanish/PXTools.css?1155365 HTTP/1.1" 200 89042
200.120.230.197 - - [27/Feb/2018:14:54:50 -0300] "GET /cormun/servlet/hhome HTTP/1.1" 200 4228
200.120.230.197 - - [27/Feb/2018:14:54:51 -0300] "GET /cormun/static/gxcfg.js?20175251212442 HTTP/1.1" 200 953
200.120.230.197 - - [27/Feb/2018:14:54:51 -0300] "GET /cormun/static/Shared/ext/ext-all.js HTTP/1.1" 206 1
200.120.230.197 - - [27/Feb/2018:14:54:51 -0300] "GET /cormun/static/hhome.js?20175251212450 HTTP/1.1" 200 777
200.120.230.197 - - [27/Feb/2018:14:54:52 -0300] "GET /cormun/static/Resources/logo4.png HTTP/1.1" 200 6582
186.79.217.118 - - [27/Feb/2018:14:54:52 -0300] "GET /cormun/static/Resources/PXToolsHeaderSecurity.png HTTP/1.1" 200 4166
200.120.230.197 - - [27/Feb/2018:14:54:52 -0300] "GET /cormun/static/Resources/PXToolsHeaderActionsBackground.png HTTP/1.1" 200 484
186.79.217.118 - - [27/Feb/2018:14:54:54 -0300] "GET /cormun/static/Resources/PXToolsHeaderActionsLeft.png HTTP/1.1" 200 1118
186.79.217.118 - - [27/Feb/2018:14:54:54 -0300] "GET /cormun/static/Resources/PXToolsHeaderPreferences.png HTTP/1.1" 200 4189
200.120.230.197 - - [27/Feb/2018:14:54:54 -0300] "GET /cormun/static/Resources/PXToolsHeaderBackground2.png HTTP/1.1" 200 1174
186.79.217.118 - - [27/Feb/2018:14:54:54 -0300] "GET /cormun/static/Resources/PXToolsFooterBackground2.png HTTP/1.1" 200 1172
186.79.217.118 - - [27/Feb/2018:14:54:55 -0300] "GET /cormun/static/Resources/PXToolsHeaderHome.png HTTP/1.1" 200 4147
200.120.230.197 - - [27/Feb/2018:14:54:55 -0300] "GET /cormun/static/Resources/PXToolsDataTitle.png HTTP/1.1" 200 1173
186.79.217.118 - - [27/Feb/2018:14:54:55 -0300] "GET /cormun/static/Resources/PXToolsHeaderActionsRight.png HTTP/1.1" 200 1201
186.79.217.118 - - [27/Feb/2018:14:54:55 -0300] "GET /cormun/static/Resources/PXToolsHeaderLogin.png HTTP/1.1" 200 4279
186.79.217.118 - - [27/Feb/2018:14:54:55 -0300] "GET /cormun/static/Shared/jquery/jquery-1.10.2.min.js HTTP/1.1" 206 1
186.79.217.118 - - [27/Feb/2018:14:54:55 -0300] "GET /cormun/static/SmoothNavMenu/resources/ddsmoothmenu.js HTTP/1.1" 200 12712
186.79.217.118 - - [27/Feb/2018:14:54:55 -0300] "GET /cormun/static/SmoothNavMenu/resources/SmoothNavMenuRender.js HTTP/1.1" 200 5951
186.79.217.118 - - [27/Feb/2018:14:54:56 -0300] "GET /cormun/static/Shared/jquery/jquery-1.10.2.min.js HTTP/1.1" 206 190844
186.79.217.118 - - [27/Feb/2018:14:54:56 -0300] "GET /cormun/static/scaMessage/js/jquery.pnotify.min.js HTTP/1.1" 200 13038
200.120.230.197 - - [27/Feb/2018:14:54:56 -0300] "GET /cormun/static/scaMessage/scaMessageRender.js HTTP/1.1" 200 11977
186.79.217.118 - - [27/Feb/2018:14:54:56 -0300] "GET /cormun/static/hmpwkw03.js?20177612122668 HTTP/1.1" 200 3965
186.79.217.118 - - [27/Feb/2018:14:54:56 -0300] "GET /cormun/static/Shared/ext/ext-all.js HTTP/1.1" 206 280534
200.120.230.197 - - [27/Feb/2018:14:55:13 -0300] "GET /cormun/static/Shared/jqueryui/jquery-ui.min.js HTTP/1.1" 200 240427
200.120.230.197 - - [27/Feb/2018:14:55:14 -0300] "GET /cormun/servlet/hhome HTTP/1.1" 200 4224
186.79.217.118 - - [27/Feb/2018:14:55:14 -0300] "GET /cormun/static/SmoothNavMenu/resources/images/down.gif HTTP/1.1" 200 854
186.79.217.118 - - [27/Feb/2018:14:55:15 -0300] "GET /cormun/static/SmoothNavMenu/resources/images/right.gif HTTP/1.1" 200 860
186.79.217.118 - - [27/Feb/2018:14:55:29 -0300] "GET /cormun/servlet/trcontratosolicitud? HTTP/1.1" 200 14822
200.120.230.197 - - [27/Feb/2018:14:55:30 -0300] "GET /cormun/static/gxcfg.js?20177612214014 HTTP/1.1" 200 953
186.79.217.118 - - [27/Feb/2018:14:55:30 -0300] "GET /cormun/static/Resources/PXToolsDataSearch.png HTTP/1.1" 200 419
186.79.217.118 - - [27/Feb/2018:14:55:31 -0300] "GET /cormun/static/Resources/PXToolsGridPreviousDisabled.gif HTTP/1.1" 200 90
186.79.217.118 - - [27/Feb/2018:14:55:31 -0300] "GET /cormun/static/Resources/PXToolsGridNextDisabled.gif HTTP/1.1" 200 90
186.79.217.118 - - [27/Feb/2018:14:55:31 -0300] "GET /cormun/static/Resources/PXToolsGridLastDisabled.gif HTTP/1.1" 200 98
186.79.217.118 - - [27/Feb/2018:14:55:31 -0300] "GET /cormun/static/Resources/PXToolsGridPage.gif HTTP/1.1" 200 725
186.79.217.118 - - [27/Feb/2018:14:55:31 -0300] "GET /cormun/static/trcontratosolicitud.js?20177612214349 HTTP/1.1" 200 28237
186.79.217.118 - - [27/Feb/2018:14:55:33 -0300] "GET /cormun/static/Resources/desc.gif HTTP/1.1" 200 65
200.120.230.197 - - [27/Feb/2018:14:55:33 -0300] "GET /cormun//static/Resources/PXToolsActionDisabled.gif HTTP/1.1" 200 53
186.79.217.118 - - [27/Feb/2018:14:55:33 -0300] "GET /cormun//static/Resources/PXToolsGridNew.png HTTP/1.1" 200 2949
200.120.230.197 - - [27/Feb/2018:14:55:33 -0300] "GET /cormun/static/Shared/ext/resources/themes/images/default/tools/tool-sprites.gif HTTP/1.1" 200 5434
186.79.217.118 - - [27/Feb/2018:14:55:33 -0300] "GET /cormun/static/Shared/ext/resources/themes/images/default/panel/bg-headersPanel.png HTTP/1.1" 200 255
200.120.230.197 - - [27/Feb/2018:14:55:33 -0300] "GET /cormun/static/Resources/PXToolsGridFirstDisabled.gif HTTP/1.1" 200 100
186.79.217.118 - - [27/Feb/2018:14:55:35 -0300] "GET /cormun/static/Resources/asc.gif HTTP/1.1" 200 67
186.79.217.118 - - [27/Feb/2018:14:55:36 -0300] "GET /cormun/servlet/trcontratosolicitud? HTTP/1.1" 200 14834
186.103.159.189 - - [27/Feb/2018:14:55:54 -0300] "POST /cormun/servlet/trsolicitudot?392aecb8bf76279d94dff2591eee5e3c,gx-no-cache=1519743940067,gx-no-cache=1519757700698 HTTP/1.1" 440 972
186.79.217.118 - - [27/Feb/2018:14:56:19 -0300] "POST /cormun/servlet/trcontratosolicitud?485e23df33f27f4b0cc919393cdec35e,,gx-no-cache=1519754151885 HTTP/1.1" 200 12482
186.79.217.118 - - [27/Feb/2018:14:56:21 -0300] "GET /cormun/static/Resources/PXToolsGridNext.gif HTTP/1.1" 200 369
186.79.217.118 - - [27/Feb/2018:14:56:21 -0300] "GET /cormun/static/Resources/PXToolsGridLast.gif HTTP/1.1" 200 370
186.79.217.118 - - [27/Feb/2018:14:56:33 -0300] "POST /cormun/servlet/trcontratosolicitud?485e23df33f27f4b0cc919393cdec35e,,gx-no-cache=1519754165617 HTTP/1.1" 200 5535
186.79.217.118 - - [27/Feb/2018:14:56:34 -0300] "GET /cormun/static/Resources/PXToolsGridFirst.gif HTTP/1.1" 200 379
200.120.230.197 - - [27/Feb/2018:14:56:34 -0300] "GET /cormun/static/Resources/PXToolsGridPrevious.gif HTTP/1.1" 200 369
200.120.230.197 - - [27/Feb/2018:14:56:59 -0300] "POST /cormun/servlet/trcontratosolicitud?485e23df33f27f4b0cc919393cdec35e,,gx-no-cache=1519754190829 HTTP/1.1" 200 12483
186.103.159.189 - - [27/Feb/2018:14:59:30 -0300] "POST /cormun/servlet/trsolicitudot?392aecb8bf76279d94dff2591eee5e3c,gx-no-cache=1519743940067,gx-no-cache=1519757915650 HTTP/1.1" 440 972
186.103.159.189 - - [27/Feb/2018:14:59:33 -0300] "GET /cormun/servlet/trsolicitudot?gx-no-cache=1519743940067 HTTP/1.1" 200 6396
186.103.159.189 - - [27/Feb/2018:14:59:37 -0300] "GET /cormun/servlet/trsolicitudot?gx-no-cache=1519743940067 HTTP/1.1" 200 6396
186.103.159.189 - - [27/Feb/2018:14:59:37 -0300] "GET /cormun/servlet/hlogin HTTP/1.1" 200 1754
186.103.159.189 - - [27/Feb/2018:14:59:55 -0300] "POST /cormun/servlet/hlogin?a14cb672c737fa6722be7b2089e415bd,gx-no-cache=1519757941127 HTTP/1.1" 200 90
186.103.159.189 - - [27/Feb/2018:14:59:55 -0300] "GET /cormun/servlet/hpexe_link HTTP/1.1" 200 972
186.103.159.189 - - [27/Feb/2018:14:59:56 -0300] "GET /cormun/servlet/trsolicitudot?gx-no-cache=1519743940067 HTTP/1.1" 200 7197
186.103.159.189 - - [27/Feb/2018:14:59:58 -0300] "GET /cormun/servlet/trsolicitudot?gx-no-cache=1519743940067 HTTP/1.1" 200 7218
200.120.230.197 - - [27/Feb/2018:15:00:34 -0300] "POST /cormun/servlet/trcontratosolicitud?485e23df33f27f4b0cc919393cdec35e,,gx-no-cache=1519754407204 HTTP/1.1" 200 5535
200.120.230.197 - - [27/Feb/2018:15:01:42 -0300] "POST /cormun/servlet/trcontratosolicitud?485e23df33f27f4b0cc919393cdec35e,,gx-no-cache=1519754473177 HTTP/1.1" 200 12463
200.120.230.197 - - [27/Feb/2018:15:01:49 -0300] "GET /cormun/servlet/trlicencias? HTTP/1.1" 200 10053
200.120.230.197 - - [27/Feb/2018:15:01:49 -0300] "GET /cormun/static/gxcfg.js?20176272054169 HTTP/1.1" 304 -
200.120.230.197 - - [27/Feb/2018:15:01:49 -0300] "GET /cormun/static/Resources/PXTools/calendar.png HTTP/1.1" 200 1306
200.120.230.197 - - [27/Feb/2018:15:01:49 -0300] "GET /cormun/static/Resources/PXToolsActionExcel.png HTTP/1.1" 200 3187
200.120.230.197 - - [27/Feb/2018:15:01:49 -0300] "GET /cormun/static/Resources/PXToolsGridNew.png HTTP/1.1" 200 2949
200.120.230.197 - - [27/Feb/2018:15:01:51 -0300] "GET /cormun//static/Resources/PXTools/ActionInsert.png HTTP/1.1" 200 1482
186.79.217.118 - - [27/Feb/2018:15:01:51 -0300] "GET /cormun//static/Resources/PXToolsHeaderHelp.png HTTP/1.1" 200 4055
186.79.217.118 - - [27/Feb/2018:15:01:51 -0300] "GET /cormun//static/Resources/PXToolsActionPrint.png HTTP/1.1" 200 3317
200.120.230.197 - - [27/Feb/2018:15:01:51 -0300] "GET /cormun//static/Resources/PXToolsHeaderFavorites.png HTTP/1.1" 200 2744
186.79.217.118 - - [27/Feb/2018:15:01:51 -0300] "GET /cormun//static/Resources/PXToolsGridDelete.png HTTP/1.1" 200 357
200.120.230.197 - - [27/Feb/2018:15:01:51 -0300] "GET /cormun/servlet/trlicencias? HTTP/1.1" 200 10054
200.120.230.197 - - [27/Feb/2018:15:01:54 -0300] "GET /cormun//static/Resources/PXToolsGridDisplay.png HTTP/1.1" 200 362
200.120.230.197 - - [27/Feb/2018:15:01:54 -0300] "GET /cormun//static/Resources/PXToolsGridUpdate.png HTTP/1.1" 200 2984
200.120.230.197 - - [27/Feb/2018:15:02:04 -0300] "POST /cormun/servlet/trlicencias?485e23df33f27f4b0cc919393cdec35e,,gx-no-cache=1519754496420 HTTP/1.1" 200 7441
181.201.161.183 - - [27/Feb/2018:15:02:35 -0300] "POST /cormun/servlet/trcontratounov2?269dc602f5c36dd0d034cbdba5628a34,,gx-no-cache=1519753503430 HTTP/1.1" 200 16729
200.72.197.82 - - [27/Feb/2018:15:05:29 -0300] "GET /cormun/servlet/trcontratosolicitud? HTTP/1.1" 200 5722
200.111.122.170 - - [27/Feb/2018:15:05:30 -0300] "GET /cormun/servlet/hlogin HTTP/1.1" 200 1739
200.72.197.82 - - [27/Feb/2018:15:05:31 -0300] "GET /cormun/servlet/trcontratosolicitud? HTTP/1.1" 200 5733
200.111.122.170 - - [27/Feb/2018:15:06:10 -0300] "POST /cormun/servlet/hlogin?d8a0ec32185b17504af0566aca4b8d3e,gx-no-cache=1519754724076 HTTP/1.1" 200 453
200.111.122.170 - - [27/Feb/2018:15:06:17 -0300] "POST /cormun/servlet/hlogin?d8a0ec32185b17504af0566aca4b8d3e,gx-no-cache=1519754731464 HTTP/1.1" 200 90
200.111.122.170 - - [27/Feb/2018:15:06:17 -0300] "GET /cormun/servlet/hpexe_link HTTP/1.1" 200 959
200.111.122.170 - - [27/Feb/2018:15:06:18 -0300] "GET /cormun/servlet/trcontratosolicitud HTTP/1.1" 200 9687
200.111.122.170 - - [27/Feb/2018:15:06:19 -0300] "GET /cormun/servlet/trcontratosolicitud HTTP/1.1" 200 9693
200.111.122.170 - - [27/Feb/2018:15:06:25 -0300] "GET /cormun/servlet/trsolicitudot? HTTP/1.1" 200 7411
200.111.122.170 - - [27/Feb/2018:15:06:26 -0300] "GET /cormun/servlet/trsolicitudot? HTTP/1.1" 200 7410
190.151.100.218 - - [27/Feb/2018:15:06:29 -0300] "GET /cormun/servlet/solicitudot?INS,0,0, HTTP/1.1" 200 13648
190.151.100.218 - - [27/Feb/2018:15:06:30 -0300] "GET /cormun/servlet/solicitudot?INS,0,0, HTTP/1.1" 200 13653
200.111.122.170 - - [27/Feb/2018:15:06:43 -0300] "POST /cormun/servlet/solicitudot?gx-no-cache=1519754756746 HTTP/1.1" 200 3367
200.111.122.170 - - [27/Feb/2018:15:06:43 -0300] "GET /cormun/static/Shared/jqueryui/images/ui-bg_highlight-soft_100_c6c2c8_1x100.png HTTP/1.1" 404 1117
200.72.197.82 - - [27/Feb/2018:15:06:43 -0300] "GET /cormun/static/Shared/jqueryui/images/ui-icons_82798d_256x240.png HTTP/1.1" 404 1089
186.103.132.155 - - [27/Feb/2018:15:06:43 -0300] "GET /cormun/static/Shared/jqueryui/images/ui-icons_ebccce_256x240.png HTTP/1.1" 404 1089
186.103.132.155 - - [27/Feb/2018:15:06:43 -0300] "GET /cormun/static/Shared/jqueryui/images/ui-bg_flat_55_994d53_40x100.png HTTP/1.1" 404 1097
186.103.132.155 - - [27/Feb/2018:15:06:48 -0300] "GET /cormun/servlet/solicitudot?95c3a9b0e3599059bbc347521232e9b5cc7b82cf9fa265fc40b9b68f1ead6f63261f42824711b95a4921188787c78e85,gx-no-cache=1519754762272 HTTP/1.1" 200 30
186.103.159.189 - - [27/Feb/2018:15:08:19 -0300] "GET /cormun/static/menuarrow.gif HTTP/1.1" 404 1015
186.103.159.189 - - [27/Feb/2018:15:08:21 -0300] "POST /cormun/servlet/trsolicitudot?a14cb672c737fa6722be7b2089e415bd,gx-no-cache=1519743940067,gx-no-cache=1519758447617 HTTP/1.1" 200 6058
186.103.159.189 - - [27/Feb/2018:15:08:46 -0300] "POST /cormun/servlet/trsolicitudot?a14cb672c737fa6722be7b2089e415bd,gx-no-cache=1519743940067,gx-no-cache=1519758472624 HTTP/1.1" 200 4203
192.168.10.96 - - [27/Feb/2018:15:09:11 -0300] "GET /cormun/servlet/hlogin HTTP/1.1" 200 1718
192.168.10.96 - - [27/Feb/2018:15:09:11 -0300] "GET /cormun/static/gxcfg.js?20175251213516 HTTP/1.1" 304 -
192.168.10.96 - - [27/Feb/2018:15:09:18 -0300] "POST /cormun/servlet/hlogin?2dc7497851a858c9d6281ac6640152d0,gx-no-cache=1519754800690 HTTP/1.1" 200 90
192.168.10.96 - - [27/Feb/2018:15:09:18 -0300] "GET /cormun/servlet/hpexe_link HTTP/1.1" 200 947
192.168.10.96 - - [27/Feb/2018:15:09:18 -0300] "GET /cormun/static/gxcfg.js?20177612121792 HTTP/1.1" 304 -
192.168.10.96 - - [27/Feb/2018:15:09:18 -0300] "GET /cormun/servlet/hhome HTTP/1.1" 200 4700
192.168.10.96 - - [27/Feb/2018:15:09:19 -0300] "GET /cormun/static/gxcfg.js?20175251212442 HTTP/1.1" 304 -
192.168.10.96 - - [27/Feb/2018:15:09:19 -0300] "GET /cormun/servlet/hhome HTTP/1.1" 200 4699
192.168.10.96 - - [27/Feb/2018:15:09:24 -0300] "GET /cormun/servlet/trsolicitudgral? HTTP/1.1" 200 28092
192.168.10.96 - - [27/Feb/2018:15:09:24 -0300] "GET /cormun/static/gxcfg.js?201813119461163 HTTP/1.1" 304 -
192.168.10.96 - - [27/Feb/2018:15:09:26 -0300] "GET /cormun/servlet/trsolicitudgral? HTTP/1.1" 200 28090
200.72.197.82 - - [27/Feb/2018:15:09:28 -0300] "GET /cormun/servlet/solicitudot?95c3a9b0e3599059bbc347521232e9b5817ef615ebaf910436eb608564ad086bb8a18fdde00074353064cd506336f077,gx-no-cache=1519754922630 HTTP/1.1" 200 30
200.72.197.82 - - [27/Feb/2018:15:09:29 -0300] "GET /cormun/servlet/solicitudot?95c3a9b0e3599059bbc347521232e9b55340bb072d6a508cac158975284edcab,gx-no-cache=1519754922853 HTTP/1.1" 200 29
192.168.10.96 - - [27/Feb/2018:15:09:29 -0300] "POST /cormun/servlet/trsolicitudgral?2dc7497851a858c9d6281ac6640152d0,,gx-no-cache=1519754811320 HTTP/1.1" 200 5921
200.72.197.82 - - [27/Feb/2018:15:09:31 -0300] "GET /cormun/servlet/solicitudot?95c3a9b0e3599059bbc347521232e9b5881bf87fc2aa8379f9f9315181fb38b9632eb08113ad980c89b53c1e61ab256d52fa26d3f6c390c4c250746ab32afdc450d19dd5b71fb411766174272f75e0322443d0c4222969004007ff5dfa2a0957af81bb7c9635474edf1c6ecbfc8f07768124a4fe9d2f75ff831bed11be76bf437cb7656741105a50639acd27546e0f11ebfbc4065e776eebadd63bf5ade446c37116d494fb61f319595082f0ae2c088c4138e3529c12efdec5f8e8e90732f71dab644ba12a2e2f97e608c783da04d2a1651b5b26b61695b18d4344b6b6a474b9b6196382a1e48f816559208e374acdcd1afbaab842022ad0af819e55b7cb4122c608e69a4d3d48ad71d9d73bc80aab6d786e5bd7d59e7f287c0cb44114d77473e0bcaf5e492485ce509982f4fb72b4cbf6f385b75aac1fb11dd96897b85784f0ae579a2c60044aa32f48ac12a80575b3,gx-no-cache=1519754924688 HTTP/1.1" 200 256
200.72.197.82 - - [27/Feb/2018:15:09:35 -0300] "GET /cormun/servlet/solicitudot?95c3a9b0e3599059bbc347521232e9b5c3891b5e52434676a4b3e03077c4d9f4c7dd614076a1b0008a67acc364b1b1d2daf5dab1125dd22acf11aaecbd3f8ef25253aad5b7a8e7d5c4979bbdb9f22adf1cdd1d4fea823ec29dfe14291936cd8c6b656ee345e63e1b31a7a96eedd1acba28796630f8d0e3e6a857c35d25a3bdde479c5f4cb3c156207ac0c31134e87fc2b045fb622848df6f0e77581e3734c83932f2b0407b47cba0d00b1dd24fac17d527e81e7f3b0e22c41b3ac9bdf517c639fdf43b43c325b4b4c01f7cf7a825bc94d513c53f776d8714d65df029c3eedb96a517ec34ccf1552bc30efa19fccc3c29b7306eb81dd76d9506f5cc6cfc24a552183bca97b8be737f576f83371ecfcf6124d5a489fd99618a2b3b272d4e0e73392616dd76a3fa7d67555991960fb82b1e4d6cecdd0e1fb9e445e4e0df92dda1d1aae2d5e7da448668174866f99625185363b2a2bff836e2d72a56e9f7fd72f76757b54af1e93286310687149370a59d3e4a2035d7645240d3331f3bd46380188b,gx-no-cache=1519754928521 HTTP/1.1" 200 30
192.168.10.96 - - [27/Feb/2018:15:09:36 -0300] "POST /cormun/servlet/trsolicitudgral?2dc7497851a858c9d6281ac6640152d0,,gx-no-cache=1519754817491 HTTP/1.1" 200 24747
200.72.197.82 - - [27/Feb/2018:15:09:36 -0300] "POST /cormun/servlet/solicitudot?gx-no-cache=1519754930807 HTTP/1.1" 200 30
192.168.10.96 - - [27/Feb/2018:15:09:47 -0300] "POST /cormun/servlet/trsolicitudgral?2dc7497851a858c9d6281ac6640152d0,,gx-no-cache=1519754829606 HTTP/1.1" 200 5931
200.72.197.82 - - [27/Feb/2018:15:09:47 -0300] "POST /cormun/servlet/solicitudot?gx-no-cache=1519754941282 HTTP/1.1" 200 297
192.168.10.96 - - [27/Feb/2018:15:09:51 -0300] "POST /cormun/servlet/trsolicitudgral?2dc7497851a858c9d6281ac6640152d0,,gx-no-cache=1519754832882 HTTP/1.1" 200 5936
192.168.10.96 - - [27/Feb/2018:15:09:55 -0300] "POST /cormun/servlet/trsolicitudgral?2dc7497851a858c9d6281ac6640152d0,,gx-no-cache=1519754837065 HTTP/1.1" 200 5933
200.72.197.82 - - [27/Feb/2018:15:09:55 -0300] "GET /cormun/servlet/solicitudot?95c3a9b0e3599059bbc347521232e9b5c3891b5e52434676a4b3e03077c4d9f4a055f879807000719724cc3bdd9fd160daf5dab1125dd22acf11aaecbd3f8ef25253aad5b7a8e7d5c4979bbdb9f22adf1cdd1d4fea823ec29dfe14291936cd8c6b656ee345e63e1b31a7a96eedd1acba28796630f8d0e3e6a857c35d25a3bdde479c5f4cb3c156207ac0c31134e87fc2b045fb622848df6f0e77581e3734c83932f2b0407b47cba0d00b1dd24fac17d527e81e7f3b0e22c41b3ac9bdf517c639fdf43b43c325b4b4c01f7cf7a825bc94d513c53f776d8714d65df029c3eedb96a517ec34ccf1552bc30efa19fccc3c29b7306eb81dd76d9506f5cc6cfc24a552183bca97b8be737f576f83371ecfcf6124d5a489fd99618a2b3b272d4e0e73392616dd76a3fa7d67555991960fb82b1e4d6cecdd0e1fb9e445e4e0df92dda1d150e384d8ddc544e45ab06310bb7b90465bdd6a9dbe7a12459beb048dddb6111c36aa6b7221da53a57ea4567425865e7613d1a694fbed3e7313a7b659796b9b273bc1ad72e685b98f7bf01090dcc71b7a,gx-no-cache=1519754949684 HTTP/1.1" 200 30
192.168.10.96 - - [27/Feb/2018:15:09:57 -0300] "POST /cormun/servlet/trsolicitudgral?2dc7497851a858c9d6281ac6640152d0,,gx-no-cache=1519754839697 HTTP/1.1" 200 5934
200.72.197.82 - - [27/Feb/2018:15:10:00 -0300] "POST /cormun/servlet/solicitudot?gx-no-cache=1519754953864 HTTP/1.1" 200 30
200.72.197.82 - - [27/Feb/2018:15:10:00 -0300] "POST /cormun/servlet/solicitudot?gx-no-cache=1519754953972 HTTP/1.1" 200 1331
192.168.10.96 - - [27/Feb/2018:15:10:00 -0300] "POST /cormun/servlet/trsolicitudgral?2dc7497851a858c9d6281ac6640152d0,,gx-no-cache=1519754842457 HTTP/1.1" 200 5934
200.72.197.82 - - [27/Feb/2018:15:10:00 -0300] "POST /cormun/servlet/solicitudot?gx-no-cache=1519754954525 HTTP/1.1" 200 38
192.168.10.96 - - [27/Feb/2018:15:10:02 -0300] "POST /cormun/servlet/trsolicitudgral?2dc7497851a858c9d6281ac6640152d0,,gx-no-cache=1519754844809 HTTP/1.1" 200 5932
186.103.159.189 - - [27/Feb/2018:15:10:04 -0300] "POST /cormun/servlet/trsolicitudot?a14cb672c737fa6722be7b2089e415bd,gx-no-cache=1519743940067,gx-no-cache=1519758549791 HTTP/1.1" 200 4203
192.168.10.96 - - [27/Feb/2018:15:10:07 -0300] "POST /cormun/servlet/trsolicitudgral?2dc7497851a858c9d6281ac6640152d0,,gx-no-cache=1519754849768 HTTP/1.1" 200 7307
186.103.159.189 - - [27/Feb/2018:15:10:12 -0300] "POST /cormun/servlet/trsolicitudot?a14cb672c737fa6722be7b2089e415bd,gx-no-cache=1519743940067,gx-no-cache=1519758556879 HTTP/1.1" 200 15722
192.168.10.96 - - [27/Feb/2018:15:10:13 -0300] "POST /cormun/servlet/trsolicitudgral?2dc7497851a858c9d6281ac6640152d0,,gx-no-cache=1519754855215 HTTP/1.1" 200 5920
200.72.197.82 - - [27/Feb/2018:15:10:13 -0300] "GET /cormun/servlet/solicitudot?95c3a9b0e3599059bbc347521232e9b5ada71c70016843d50b67ed043430bf7e1afbaab842022ad0af819e55b7cb4122c608e69a4d3d48ad71d9d73bc80aab6df4ce0e0a9756a8c54074fe0e93f8b821,gx-no-cache=1519754967655 HTTP/1.1" 200 29
200.72.197.82 - - [27/Feb/2018:15:10:14 -0300] "POST /cormun/servlet/solicitudot?gx-no-cache=1519754967751 HTTP/1.1" 200 1317
200.72.197.82 - - [27/Feb/2018:15:10:14 -0300] "POST /cormun/servlet/solicitudot?gx-no-cache=1519754968131 HTTP/1.1" 200 1215
192.168.10.96 - - [27/Feb/2018:15:10:18 -0300] "POST /cormun/servlet/trsolicitudgral?2dc7497851a858c9d6281ac6640152d0,,gx-no-cache=1519754859217 HTTP/1.1" 200 24748
200.72.197.82 - - [27/Feb/2018:15:10:26 -0300] "GET /cormun/static/menuarrow.gif HTTP/1.1" 404 1015
186.103.159.189 - - [27/Feb/2018:15:10:27 -0300] "POST /cormun/servlet/trsolicitudot?a14cb672c737fa6722be7b2089e415bd,gx-no-cache=1519743940067,gx-no-cache=1519758571588 HTTP/1.1" 200 15699
200.72.197.82 - - [27/Feb/2018:15:10:32 -0300] "GET /cormun/servlet/solicitudot?95c3a9b0e3599059bbc347521232e9b571a661fbea02dc731f5336a83293afb30ab53d56c94382cba6bc0e96e7962acf,gx-no-cache=1519754985969 HTTP/1.1" 200 30
186.103.159.189 - - [27/Feb/2018:15:10:42 -0300] "POST /cormun/servlet/trsolicitudot?a14cb672c737fa6722be7b2089e415bd,gx-no-cache=1519743940067,gx-no-cache=1519758587737 HTTP/1.1" 200 15699
200.72.197.82 - - [27/Feb/2018:15:10:45 -0300] "POST /cormun/servlet/solicitudot?gx-no-cache=1519754999509 HTTP/1.1" 200 30
186.103.132.155 - - [27/Feb/2018:15:11:11 -0300] "POST /cormun/servlet/solicitudot?d8a0ec32185b17504af0566aca4b8d3e,INS,0,0,,gx-no-cache=1519755024786 HTTP/1.1" 200 11882
181.201.79.182 - - [27/Feb/2018:15:11:15 -0300] "GET /cormun/servlet/hlogin HTTP/1.1" 200 1713
181.201.79.182 - - [27/Feb/2018:15:11:15 -0300] "GET /cormun/static/Resources/Spanish/PXTools.css?11423723 HTTP/1.1" 304 -
181.201.79.182 - - [27/Feb/2018:15:11:15 -0300] "GET /cormun/static/gxtimezone.js?85251 HTTP/1.1" 200 5781
181.201.79.182 - - [27/Feb/2018:15:11:15 -0300] "GET /cormun/static/gxcfg.js?20175251213516 HTTP/1.1" 200 953
181.201.79.182 - - [27/Feb/2018:15:11:15 -0300] "GET /cormun/static/hlogin.js?20175251213537 HTTP/1.1" 304 -
181.201.79.182 - - [27/Feb/2018:15:11:16 -0300] "GET /cormun/static/messages.spa.js?85251 HTTP/1.1" 200 30736
181.201.79.182 - - [27/Feb/2018:15:11:16 -0300] "GET /cormun/servlet/hlogin HTTP/1.1" 200 1723
186.103.132.155 - - [27/Feb/2018:15:11:19 -0300] "POST /cormun/servlet/solicitudot?d8a0ec32185b17504af0566aca4b8d3e,INS,0,0,,gx-no-cache=1519755032421 HTTP/1.1" 200 11941
200.111.122.170 - - [27/Feb/2018:15:11:24 -0300] "POST /cormun/servlet/solicitudot?d8a0ec32185b17504af0566aca4b8d3e,INS,0,0,,gx-no-cache=1519755037158 HTTP/1.1" 200 11999
186.103.159.189 - - [27/Feb/2018:15:11:26 -0300] "POST /cormun/servlet/trsolicitudot?a14cb672c737fa6722be7b2089e415bd,gx-no-cache=1519743940067,gx-no-cache=1519758609316 HTTP/1.1" 200 15699
200.111.122.170 - - [27/Feb/2018:15:11:39 -0300] "GET /cormun/servlet/solicitudot?95c3a9b0e3599059bbc347521232e9b5c3891b5e52434676a4b3e03077c4d9f4a055f879807000719724cc3bdd9fd160daf5dab1125dd22acf11aaecbd3f8ef25253aad5b7a8e7d5c4979bbdb9f22adf1cdd1d4fea823ec29dfe14291936cd8c6b656ee345e63e1b31a7a96eedd1acba28796630f8d0e3e6a857c35d25a3bdde479c5f4cb3c156207ac0c31134e87fc2b045fb622848df6f0e77581e3734c83932f2b0407b47cba0d00b1dd24fac17d527e81e7f3b0e22c41b3ac9bdf517c639fdf43b43c325b4b4c01f7cf7a825bc94d513c53f776d8714d65df029c3eedb96a517ec34ccf1552bc30efa19fccc3c29b7306eb81dd76d9506f5cc6cfc24a552183bca97b8be737f576f83371ecfcf6124d5a489fd99618a2b3b272d4e0e73392616dd76a3fa7d67555991960fb82b1e4d6cecdd0e1fb9e445e4e0df92dda1d150e384d8ddc544e45ab06310bb7b90465bdd6a9dbe7a12459beb048dddb6111c36aa6b7221da53a57ea4567425865e7613d1a694fbed3e7313a7b659796b9b273bc1ad72e685b98f7bf01090dcc71b7a,gx-no-cache=1519755053467 HTTP/1.1" 200 30
200.111.122.170 - - [27/Feb/2018:15:11:39 -0300] "POST /cormun/servlet/solicitudot?gx-no-cache=1519755053572 HTTP/1.1" 200 30
200.111.122.170 - - [27/Feb/2018:15:11:40 -0300] "POST /cormun/servlet/solicitudot?gx-no-cache=1519755053702 HTTP/1.1" 200 1332
200.111.122.170 - - [27/Feb/2018:15:11:40 -0300] "POST /cormun/servlet/solicitudot?gx-no-cache=1519755054541 HTTP/1.1" 200 41
181.201.79.182 - - [27/Feb/2018:15:11:45 -0300] "POST /cormun/servlet/hlogin?408e3037ca8f312686c1c242179e845b,gx-no-cache=1519755096816 HTTP/1.1" 200 90
181.201.79.182 - - [27/Feb/2018:15:11:45 -0300] "GET /cormun/servlet/hpexe_link HTTP/1.1" 200 947
181.201.79.182 - - [27/Feb/2018:15:11:45 -0300] "GET /cormun/static/Resources/Spanish/PXTools.css?1155365 HTTP/1.1" 304 -
181.201.79.182 - - [27/Feb/2018:15:11:45 -0300] "GET /cormun/static/gxcfg.js?20177612121792 HTTP/1.1" 200 953
181.201.79.182 - - [27/Feb/2018:15:11:45 -0300] "GET /cormun/static/hpexe_link.js?20177612121795 HTTP/1.1" 304 -
181.201.79.182 - - [27/Feb/2018:15:11:46 -0300] "GET /cormun/servlet/hhome HTTP/1.1" 200 4317
181.201.79.182 - - [27/Feb/2018:15:11:46 -0300] "GET /cormun/static/gxcfg.js?20175251212442 HTTP/1.1" 200 953
181.201.79.182 - - [27/Feb/2018:15:11:46 -0300] "GET /cormun/static/hhome.js?20175251212450 HTTP/1.1" 304 -
181.201.79.182 - - [27/Feb/2018:15:11:46 -0300] "GET /cormun/static/hwchdr01.js?201752511465785 HTTP/1.1" 304 -
181.201.79.182 - - [27/Feb/2018:15:11:46 -0300] "GET /cormun/static/hpexe_recentlink.js?20177611595044 HTTP/1.1" 304 -
181.201.79.182 - - [27/Feb/2018:15:11:46 -0300] "GET /cormun/static/hpexe_messagecontroller.js?20177611595012 HTTP/1.1" 304 -
181.201.79.182 - - [27/Feb/2018:15:11:46 -0300] "GET /cormun/static/hpexe_messagepopupcomponent.js?20161017169425 HTTP/1.1" 304 -
181.201.79.182 - - [27/Feb/2018:15:11:46 -0300] "GET /cormun/static/hpexe_messagegenexuscomponent.js?201752511465344 HTTP/1.1" 304 -
181.201.79.182 - - [27/Feb/2018:15:11:46 -0300] "GET /cormun/static/hpexe_scripts.js?201752511465715 HTTP/1.1" 304 -
181.201.79.182 - - [27/Feb/2018:15:11:46 -0300] "GET /cormun/static/cmcontrolpreferences.js?201752511465670 HTTP/1.1" 304 -
181.201.79.182 - - [27/Feb/2018:15:11:46 -0300] "GET /cormun/static/hmpwkw03.js?20177612122668 HTTP/1.1" 304 -
181.201.79.182 - - [27/Feb/2018:15:11:47 -0300] "GET /cormun/servlet/hhome HTTP/1.1" 200 4313
186.67.203.186 - - [27/Feb/2018:15:12:17 -0300] "POST /cormun/servlet/solicitudot?gx-no-cache=1519755090405 HTTP/1.1" 200 1318
186.67.203.186 - - [27/Feb/2018:15:12:18 -0300] "POST /cormun/servlet/solicitudot?gx-no-cache=1519755091479 HTTP/1.1" 200 1218
186.67.203.186 - - [27/Feb/2018:15:12:18 -0300] "GET /cormun/servlet/solicitudot?95c3a9b0e3599059bbc347521232e9b571a661fbea02dc731f5336a83293afb30ab53d56c94382cba6bc0e96e7962acf,gx-no-cache=1519755092293 HTTP/1.1" 200 30
186.67.203.186 - - [27/Feb/2018:15:12:18 -0300] "POST /cormun/servlet/solicitudot?gx-no-cache=1519755092417 HTTP/1.1" 200 30
186.67.203.186 - - [27/Feb/2018:15:12:19 -0300] "POST /cormun/servlet/solicitudot?d8a0ec32185b17504af0566aca4b8d3e,INS,0,0,,gx-no-cache=1519755092507 HTTP/1.1" 200 12041
186.67.203.186 - - [27/Feb/2018:15:12:30 -0300] "GET /cormun/servlet/prfichaempleado?,MD,,gxPopupLevel%3D0%3B HTTP/1.1" 200 9353
186.67.203.186 - - [27/Feb/2018:15:12:38 -0300] "GET /cormun/servlet/trsolicitudot? HTTP/1.1" 200 7411
186.67.203.186 - - [27/Feb/2018:15:12:39 -0300] "GET /cormun/servlet/trsolicitudot? HTTP/1.1" 200 7410
181.201.79.182 - - [27/Feb/2018:15:12:51 -0300] "GET /cormun/servlet/trsolicitudot? HTTP/1.1" 200 9994
181.201.79.182 - - [27/Feb/2018:15:12:51 -0300] "GET /cormun/static/Resources/Spanish/PXTools.css?1255365 HTTP/1.1" 304 -
181.201.79.182 - - [27/Feb/2018:15:12:52 -0300] "GET /cormun/static/gxcfg.js?2017111422585916 HTTP/1.1" 200 953
181.201.79.182 - - [27/Feb/2018:15:12:52 -0300] "GET /cormun/static/calendar-es.js?85251 HTTP/1.1" 200 1901
181.201.79.182 - - [27/Feb/2018:15:12:52 -0300] "GET /cormun/static/calendar-setup.js?85251 HTTP/1.1" 200 2588
181.201.79.182 - - [27/Feb/2018:15:12:52 -0300] "GET /cormun/static/calendar.js?85251 HTTP/1.1" 200 26246
181.201.79.182 - - [27/Feb/2018:15:12:53 -0300] "GET /cormun/static/gxdec.js?85251 HTTP/1.1" 200 19579
181.201.79.182 - - [27/Feb/2018:15:12:53 -0300] "GET /cormun/static/trsolicitudot.js?201711142259839 HTTP/1.1" 304 -
181.201.79.182 - - [27/Feb/2018:15:12:54 -0300] "GET /cormun/servlet/trsolicitudot? HTTP/1.1" 200 9992
181.201.79.182 - - [27/Feb/2018:15:13:05 -0300] "POST /cormun/servlet/trsolicitudot?408e3037ca8f312686c1c242179e845b,,gx-no-cache=1519755173426 HTTP/1.1" 200 106
181.201.79.182 - - [27/Feb/2018:15:13:06 -0300] "GET /cormun/servlet/solicitudot?UPD,2018,9679, HTTP/1.1" 200 15600
181.201.79.182 - - [27/Feb/2018:15:13:06 -0300] "GET /cormun/static/gxcfg.js?201812313224582 HTTP/1.1" 200 953
181.201.79.182 - - [27/Feb/2018:15:13:06 -0300] "GET /cormun/static/Resources/prompt.gif HTTP/1.1" 200 902
181.201.79.182 - - [27/Feb/2018:15:13:07 -0300] "GET /cormun/static/solicitudot.js?201812313224831 HTTP/1.1" 200 72336
181.201.79.182 - - [27/Feb/2018:15:13:08 -0300] "GET /cormun/servlet/solicitudot?UPD,2018,9679, HTTP/1.1" 200 15610
181.201.79.182 - - [27/Feb/2018:15:13:09 -0300] "POST /cormun/servlet/solicitudot?gx-no-cache=1519755180554 HTTP/1.1" 200 3418
181.201.79.182 - - [27/Feb/2018:15:13:11 -0300] "POST /cormun/servlet/solicitudot?408e3037ca8f312686c1c242179e845b,UPD,2018,9679,,gx-no-cache=1519755181698 HTTP/1.1" 200 11712
181.201.79.182 - - [27/Feb/2018:15:13:11 -0300] "GET /cormun/servlet/solicitudot?28f1d83bd11a4e083005989369e1bed87e7b2a9294b409e7bd1fe430df66efd13c8347e771f8ede0a3bc8ac0a975ac21,gx-no-cache=1519755183869 HTTP/1.1" 200 30
181.201.79.182 - - [27/Feb/2018:15:13:12 -0300] "GET /cormun/servlet/solicitudot?28f1d83bd11a4e083005989369e1bed83822ef776782511d421c5156e9874f197ccdcf4e5714377a46f255bfc96a1840db933a09edfee7f1afb27af667bcb579,gx-no-cache=1519755184089 HTTP/1.1" 200 30
181.201.79.182 - - [27/Feb/2018:15:13:12 -0300] "GET /cormun/servlet/solicitudot?28f1d83bd11a4e083005989369e1bed87dc6d32ac6cb20be87f7f610879562d19b752451ca046c6042ba199bd5f7bbb82e0cf5b8a9f7ba39ad1b9b31cd01734f,gx-no-cache=1519755184300 HTTP/1.1" 200 53
181.201.79.182 - - [27/Feb/2018:15:13:13 -0300] "POST /cormun/servlet/solicitudot?gx-no-cache=1519755185207 HTTP/1.1" 200 257
181.201.79.182 - - [27/Feb/2018:15:13:13 -0300] "GET /cormun/servlet/solicitudot?28f1d83bd11a4e083005989369e1bed85885e64ee2ec2730c926db7946ddb74d9a7c61321caddf6831f0fd1222f2e140e27c10ee1557e6cfa21b826462afff1db51fadcdd215e47b0fa8a664d6775a5c6ba4398b11eff246f68260ee948bd76fcec3d2550be8fa72e4b298fbc11b6c9370b54f809927f770cff8b82c11899fd16d902d48d14b158b66631cb1f2c1f65b6b0dddc3309d07636b0a6521bfe94fc1878311f4b1d0de59ee376132671362697d5825f0e1b0cc848d5f7b4524319a60e5e5ff4b7902efab4d5775b81b32f6246a158b8468893da35f431ab7bb7e86737436a4958a8e11c91bf6c55b941026285929b81917ffcd04e43305f111fed07e0d216cc2e899795aa07dbad28523c6e626b4089c021a918b186d2e3e3e3bc922d8d08d07f97ee00cb0b154222428ff4e60a7d2a3250f3df91535bed68ab82c55e6b7d1c753cccb9eea2f77f29dbeb9b15713d861c80dc12fd1784fde788771099830b4d536ea622f9e2b2424f313ce7f0bad7d0c37f7244158ad4cfc17e5dce8,gx-no-cache=1519755185796 HTTP/1.1" 200 30
181.201.79.182 - - [27/Feb/2018:15:13:14 -0300] "POST /cormun/servlet/solicitudot?gx-no-cache=1519755186285 HTTP/1.1" 200 30
181.201.79.182 - - [27/Feb/2018:15:13:16 -0300] "POST /cormun/servlet/solicitudot?gx-no-cache=1519755187631 HTTP/1.1" 200 1337
181.201.79.182 - - [27/Feb/2018:15:13:16 -0300] "POST /cormun/servlet/solicitudot?gx-no-cache=1519755189037 HTTP/1.1" 200 41
181.201.79.182 - - [27/Feb/2018:15:13:28 -0300] "GET /cormun/servlet/solicitudot?28f1d83bd11a4e083005989369e1bed8f09a6f44d0c6fafa0e0f9799169332a15a372f90a197b40cf059793451337d77a31f8105b59a6054daf3d6f8a968f05562f159e71eb3816190de2fedbaff0f0661ed76f69145e3ba7d8d5e146fb77eac465749e432e5090ab7391db5e4af0910,gx-no-cache=1519755200145 HTTP/1.1" 200 29
181.201.79.182 - - [27/Feb/2018:15:13:28 -0300] "POST /cormun/servlet/solicitudot?gx-no-cache=1519755200482 HTTP/1.1" 200 1319
181.201.79.182 - - [27/Feb/2018:15:13:29 -0300] "POST /cormun/servlet/solicitudot?gx-no-cache=1519755201024 HTTP/1.1" 200 1218
181.201.79.182 - - [27/Feb/2018:15:13:29 -0300] "GET /cormun/servlet/solicitudot?28f1d83bd11a4e083005989369e1bed88978057293b45de2e15b17403678e3549ac49618fdac288b7dfe5bf998e5fde8,gx-no-cache=1519755201383 HTTP/1.1" 200 30
181.201.79.182 - - [27/Feb/2018:15:13:31 -0300] "POST /cormun/servlet/solicitudot?gx-no-cache=1519755202137 HTTP/1.1" 200 30
181.201.79.182 - - [27/Feb/2018:15:13:59 -0300] "POST /cormun/servlet/solicitudot?408e3037ca8f312686c1c242179e845b,UPD,2018,9679,,gx-no-cache=1519755230516 HTTP/1.1" 200 93
181.201.79.182 - - [27/Feb/2018:15:16:09 -0300] "GET /cormun/servlet/solicitudot?UPD,2018,9679, HTTP/1.1" 200 15637
181.201.79.182 - - [27/Feb/2018:15:16:14 -0300] "GET /cormun/servlet/solicitudot?UPD,2018,9679, HTTP/1.1" 200 15637
181.201.79.182 - - [27/Feb/2018:15:16:14 -0300] "POST /cormun/servlet/solicitudot?gx-no-cache=1519755362863 HTTP/1.1" 200 3418
181.201.79.182 - - [27/Feb/2018:15:16:29 -0300] "POST /cormun/servlet/solicitudot?408e3037ca8f312686c1c242179e845b,UPD,2018,9679,,gx-no-cache=1519755368616 HTTP/1.1" 200 11753
181.201.79.182 - - [27/Feb/2018:15:16:30 -0300] "GET /cormun/servlet/solicitudot?28f1d83bd11a4e083005989369e1bed87e7b2a9294b409e7bd1fe430df66efd13c8347e771f8ede0a3bc8ac0a975ac21,gx-no-cache=1519755382372 HTTP/1.1" 200 30
181.201.79.182 - - [27/Feb/2018:15:16:31 -0300] "GET /cormun/servlet/solicitudot?28f1d83bd11a4e083005989369e1bed83822ef776782511d421c5156e9874f197ccdcf4e5714377a46f255bfc96a1840db933a09edfee7f1afb27af667bcb579,gx-no-cache=1519755383529 HTTP/1.1" 200 30
181.201.79.182 - - [27/Feb/2018:15:16:31 -0300] "GET /cormun/servlet/solicitudot?28f1d83bd11a4e083005989369e1bed87dc6d32ac6cb20be87f7f610879562d19b752451ca046c6042ba199bd5f7bbb82e0cf5b8a9f7ba39ad1b9b31cd01734f,gx-no-cache=1519755383675 HTTP/1.1" 200 53
181.201.79.182 - - [27/Feb/2018:15:16:32 -0300] "POST /cormun/servlet/solicitudot?gx-no-cache=1519755384710 HTTP/1.1" 200 257
181.201.79.182 - - [27/Feb/2018:15:16:34 -0300] "GET /cormun/servlet/solicitudot?28f1d83bd11a4e083005989369e1bed85885e64ee2ec2730c926db7946ddb74d9a7c61321caddf6831f0fd1222f2e140e27c10ee1557e6cfa21b826462afff1db51fadcdd215e47b0fa8a664d6775a5c6ba4398b11eff246f68260ee948bd76fcec3d2550be8fa72e4b298fbc11b6c9370b54f809927f770cff8b82c11899fd16d902d48d14b158b66631cb1f2c1f65b6b0dddc3309d07636b0a6521bfe94fc1878311f4b1d0de59ee376132671362697d5825f0e1b0cc848d5f7b4524319a60e5e5ff4b7902efab4d5775b81b32f6246a158b8468893da35f431ab7bb7e86737436a4958a8e11c91bf6c55b941026285929b81917ffcd04e43305f111fed07e0d216cc2e899795aa07dbad28523c6e626b4089c021a918b186d2e3e3e3bc922d8d08d07f97ee00cb0b154222428ff4e60a7d2a3250f3df91535bed68ab82c55e6b7d1c753cccb9eea2f77f29dbeb9b15713d861c80dc12fd1784fde788771099830b4d536ea622f9e2b2424f313ce7f0bad7d0c37f7244158ad4cfc17e5dce8,gx-no-cache=1519755384916 HTTP/1.1" 200 30
181.201.79.182 - - [27/Feb/2018:15:16:35 -0300] "POST /cormun/servlet/solicitudot?gx-no-cache=1519755387415 HTTP/1.1" 200 30
181.201.79.182 - - [27/Feb/2018:15:16:40 -0300] "POST /cormun/servlet/solicitudot?gx-no-cache=1519755390489 HTTP/1.1" 200 1337
181.201.79.182 - - [27/Feb/2018:15:16:43 -0300] "POST /cormun/servlet/solicitudot?gx-no-cache=1519755395475 HTTP/1.1" 200 41
200.112.233.47 - - [27/Feb/2018:15:18:30 -0300] "GET /cormun/servlet/hlogin HTTP/1.1" 200 1715
200.112.233.47 - - [27/Feb/2018:15:18:30 -0300] "GET /cormun/static/gxtimezone.js?85251 HTTP/1.1" 304 -
200.112.233.47 - - [27/Feb/2018:15:18:30 -0300] "GET /cormun/static/gxcfg.js?20175251213516 HTTP/1.1" 304 -
200.112.233.47 - - [27/Feb/2018:15:18:30 -0300] "GET /cormun/static/messages.spa.js?85251 HTTP/1.1" 304 -
200.112.233.47 - - [27/Feb/2018:15:18:30 -0300] "GET /cormun/servlet/hlogin HTTP/1.1" 200 1725
200.112.233.47 - - [27/Feb/2018:15:18:48 -0300] "POST /cormun/servlet/hlogin?8d93842039bc3778070d3f91e5cb3768,gx-no-cache=1519755484270 HTTP/1.1" 200 90
200.112.233.47 - - [27/Feb/2018:15:18:48 -0300] "GET /cormun/servlet/hpexe_link HTTP/1.1" 200 944
200.112.233.47 - - [27/Feb/2018:15:18:48 -0300] "GET /cormun/static/gxcfg.js?20177612121792 HTTP/1.1" 304 -
200.112.233.47 - - [27/Feb/2018:15:18:48 -0300] "GET /cormun/static/Resources/Spanish/PXTools.css?1155365 HTTP/1.1" 304 -
200.112.233.47 - - [27/Feb/2018:15:18:48 -0300] "GET /cormun/static/hpexe_link.js?20177612121795 HTTP/1.1" 304 -
200.112.233.47 - - [27/Feb/2018:15:18:48 -0300] "GET /cormun/servlet/hhome HTTP/1.1" 200 4092
200.112.233.47 - - [27/Feb/2018:15:18:49 -0300] "GET /cormun/static/gxcfg.js?20175251212442 HTTP/1.1" 304 -
200.112.233.47 - - [27/Feb/2018:15:18:49 -0300] "GET /cormun/static/PXToolsJavascripts/pexe_windows.js HTTP/1.1" 200 15207
200.112.233.47 - - [27/Feb/2018:15:18:49 -0300] "GET /cormun/static/PXToolsJavascripts/pexe_griddivfix.js HTTP/1.1" 200 6644
200.112.233.47 - - [27/Feb/2018:15:18:49 -0300] "GET /cormun/static/PXToolsJavascripts/pexe_link.js HTTP/1.1" 200 5671
200.112.233.47 - - [27/Feb/2018:15:18:49 -0300] "GET /cormun/static/PXToolsJavascripts/pexe_tabs.js HTTP/1.1" 200 3748
200.112.233.47 - - [27/Feb/2018:15:18:49 -0300] "GET /cormun/static/PXToolsJavascripts/pexe_popup.js HTTP/1.1" 200 13458
200.112.233.47 - - [27/Feb/2018:15:18:49 -0300] "GET /cormun/static/hwchdr01.js?201752511465785 HTTP/1.1" 304 -
200.112.233.47 - - [27/Feb/2018:15:18:49 -0300] "GET /cormun/static/hhome.js?20175251212450 HTTP/1.1" 304 -
