186.103.156.166 - - [27/Feb/2018:12:31:09 -0300] "GET /cormun/static/hpexe_recentlink.js?20177611595044 HTTP/1.1" 304 -
186.103.156.166 - - [27/Feb/2018:12:31:09 -0300] "GET /cormun/static/hhome.js?20175251212450 HTTP/1.1" 304 -
186.103.156.166 - - [27/Feb/2018:12:31:09 -0300] "GET /cormun/static/hpexe_messagecontroller.js?20177611595012 HTTP/1.1" 304 -
186.103.156.166 - - [27/Feb/2018:12:31:09 -0300] "GET /cormun/static/hpexe_scripts.js?201752511465715 HTTP/1.1" 304 -
186.103.156.166 - - [27/Feb/2018:12:31:09 -0300] "GET /cormun/static/hpexe_messagepopupcomponent.js?20161017169425 HTTP/1.1" 304 -
186.103.156.166 - - [27/Feb/2018:12:31:09 -0300] "GET /cormun/static/hpexe_messagegenexuscomponent.js?201752511465344 HTTP/1.1" 304 -
186.103.156.166 - - [27/Feb/2018:12:31:09 -0300] "GET /cormun/static/cmcontrolpreferences.js?201752511465670 HTTP/1.1" 304 -
186.103.156.166 - - [27/Feb/2018:12:31:09 -0300] "GET /cormun/static/hmpwkw03.js?20177612122668 HTTP/1.1" 304 -
186.103.156.166 - - [27/Feb/2018:12:31:10 -0300] "GET /cormun/servlet/hhome HTTP/1.1" 200 4164
200.72.197.82 - - [27/Feb/2018:12:31:10 -0300] "GET /cormun/servlet/trsolicitudot HTTP/1.1" 200 8745
186.67.203.186 - - [27/Feb/2018:12:31:25 -0300] "GET /cormun/servlet/solicitudot?INS,0,0, HTTP/1.1" 200 13637
200.111.122.170 - - [27/Feb/2018:12:31:30 -0300] "GET /cormun/servlet/solicitudot?INS,0,0, HTTP/1.1" 200 13642
186.103.132.155 - - [27/Feb/2018:12:31:59 -0300] "POST /cormun/servlet/solicitudot?gx-no-cache=1519745473050 HTTP/1.1" 200 3409
186.103.132.155 - - [27/Feb/2018:12:32:01 -0300] "POST /cormun/servlet/solicitudot?6c16949fff86b203e53647e90faec2cc,INS,0,0,,gx-no-cache=1519745473867 HTTP/1.1" 200 10578
200.54.247.70 - - [27/Feb/2018:12:32:06 -0300] "GET /cormun/servlet/solicitudot?dde39e800cf5813b98aef7d8af45ebf9e3f63b8e34b37e2fdf5a6d7cbda10c3f945041cd41413918bb82777ddcb31074ebed9632ce8e17ab0743ceb6799b7bef,gx-no-cache=1519745474596 HTTP/1.1" 200 30
200.54.247.70 - - [27/Feb/2018:12:32:06 -0300] "POST /cormun/servlet/solicitudot?gx-no-cache=1519745474969 HTTP/1.1" 200 257
200.54.247.70 - - [27/Feb/2018:12:32:06 -0300] "GET /cormun/servlet/solicitudot?dde39e800cf5813b98aef7d8af45ebf9552e728f50cad3409152ba07614eec1d4d14f2c6589a4adff5f7951ce0d4124bb9fd50d05a683fd086663dcf3d148e89e6e23206900706a49ab4620197a4424513578658354e1001b6090709b31e7b2617ba4971d097cd5fb895a2b3e0c6ec39170e76e8b2f087d58bd6fa2310ea64c348e75a705653ab18a56714fca364f80bd9f54da09384f59df1bf58cf5f743c166da3f6d7c4def2fbee9765b24ee7ac70453ad08e97813eb9c226287b23c4c025fa40e24a1c20aa3ac0b50a28741ba01e55484253365aa7144be6366f347bb570e5f3b5cac87fa18acf508841b2f8479441677bc5bf3944b85e4e2d527b8503349acaa1c81ad0d04bf1ee4ea6030292ad468610c97d3006d998965829baec6049998aec081ff0b40fe9d22c8d422f2e6033fecc3141bfaea982f1ad5d4c32f94ffaa6c9e5d83a80e05f43451f9e0b178b571061bb8d1e4aa8a6b401af8d2695d65a63c3ca1e018242f647c058cac2581eee30940ddbbd85cb2a3e6ab0fe31dd4c,gx-no-cache=1519745475035 HTTP/1.1" 200 30
200.54.247.70 - - [27/Feb/2018:12:32:06 -0300] "POST /cormun/servlet/solicitudot?gx-no-cache=1519745475127 HTTP/1.1" 200 30
200.54.247.70 - - [27/Feb/2018:12:32:06 -0300] "POST /cormun/servlet/solicitudot?gx-no-cache=1519745475219 HTTP/1.1" 200 1337
200.54.247.70 - - [27/Feb/2018:12:32:07 -0300] "POST /cormun/servlet/solicitudot?gx-no-cache=1519745475428 HTTP/1.1" 200 41
200.54.247.70 - - [27/Feb/2018:12:32:07 -0300] "POST /cormun/servlet/solicitudot?gx-no-cache=1519745475817 HTTP/1.1" 200 1319
200.111.122.170 - - [27/Feb/2018:12:32:07 -0300] "GET /cormun/servlet/solicitudot?2eac4b82f64fb105b76995973e34ad5b8f5a3d2fde9a588df9870d58ab9a16a22c77b13ebee7e139cb85ae3e2a426f0e,gx-no-cache=1519745481851 HTTP/1.1" 200 30
200.54.247.70 - - [27/Feb/2018:12:32:08 -0300] "POST /cormun/servlet/solicitudot?gx-no-cache=1519745476009 HTTP/1.1" 200 1218
200.54.247.70 - - [27/Feb/2018:12:32:08 -0300] "GET /cormun/servlet/solicitudot?dde39e800cf5813b98aef7d8af45ebf9a7a5a36f51e2a0ed85f6ae36f8ab00030736f682f87feba7a926adb57d28c182,gx-no-cache=1519745476538 HTTP/1.1" 200 30
200.54.247.70 - - [27/Feb/2018:12:32:08 -0300] "POST /cormun/servlet/solicitudot?gx-no-cache=1519745476617 HTTP/1.1" 200 30
200.111.122.170 - - [27/Feb/2018:12:32:08 -0300] "GET /cormun/servlet/solicitudot?2eac4b82f64fb105b76995973e34ad5b201472c803c179b44e36e56c446aadff369245c5f50979ed73f2f9979aed502548760b3ee6b7be7e64d36d162dd4bf57,gx-no-cache=1519745482044 HTTP/1.1" 200 30
200.111.122.170 - - [27/Feb/2018:12:32:08 -0300] "GET /cormun/servlet/solicitudot?2eac4b82f64fb105b76995973e34ad5bea6a6f254e85e7fb5ec521071938f755,gx-no-cache=1519745482302 HTTP/1.1" 200 123
200.111.122.170 - - [27/Feb/2018:12:32:08 -0300] "GET /cormun/static/Shared/jqueryui/images/ui-bg_highlight-soft_100_c6c2c8_1x100.png HTTP/1.1" 404 1117
200.72.197.82 - - [27/Feb/2018:12:32:08 -0300] "GET /cormun/static/Shared/jqueryui/images/ui-icons_82798d_256x240.png HTTP/1.1" 404 1089
186.103.161.206 - - [27/Feb/2018:12:32:08 -0300] "GET /cormun/static/Shared/jqueryui/images/ui-bg_flat_55_994d53_40x100.png HTTP/1.1" 404 1097
200.111.122.170 - - [27/Feb/2018:12:32:09 -0300] "POST /cormun/servlet/solicitudot?gx-no-cache=1519745482526 HTTP/1.1" 200 255
200.111.122.170 - - [27/Feb/2018:12:32:09 -0300] "GET /cormun/servlet/solicitudot?2eac4b82f64fb105b76995973e34ad5b6f226b82ee13f032b0c327af6579ba5b1b60a183d196cf6c507364ffe1f0f4ff724553f512e55099916850279f8944669f7986367ccd92d8df574227c3c88ec3ec20a236272f96de3fa8d8f30ef6a0f8f7a2bdf11f70ed4f228c8634fc7d91b23803a8f7dcac20837b9e0b31eae74132304d442a1ce1a5043f25b7da7198e0604b8d5bad29274cc3f8313f4b09387f3693475f8cd484079cf299d4df5267bdc8f0d77b3c111b8856047ea63f9492408d42f02dca12a48857e86b915e339640ca1db0b963485cc7dd92f19dc09db00cadaf68a37d0dba53a282fa50aa78a62d8717de3fe2de244eb797c67c7d4a453767c33770e74a9a51e80270bccbc9c003e3367c572945732ba3c438d3f34d69a654137a6ec1b211ad5b8e00398113d36df2349ed55a32b62a97e0e60144a18d513b1af25a273eb9a38cc9a3786dfc3379483f7706c1ebaa6ccd4b1677480cf7749339cef10f75d68125b1badd33693acf56bc22f7ea14fb5ab1b493c74317212bef,gx-no-cache=1519745483184 HTTP/1.1" 200 30
200.54.247.70 - - [27/Feb/2018:12:32:09 -0300] "POST /cormun/servlet/solicitudot?9243fd6fc3962d0d78f9e43a169b0a0a,INS,0,0,,gx-no-cache=1519745476703 HTTP/1.1" 200 12036
186.103.161.206 - - [27/Feb/2018:12:32:11 -0300] "GET /cormun/static/Shared/jqueryui/images/ui-icons_ebccce_256x240.png HTTP/1.1" 404 1089
186.103.156.166 - - [27/Feb/2018:12:32:16 -0300] "GET /cormun/servlet/trsolicitudot? HTTP/1.1" 200 7383
186.103.156.166 - - [27/Feb/2018:12:32:16 -0300] "GET /cormun/static/gxcfg.js?2017111422585916 HTTP/1.1" 200 953
186.103.156.166 - - [27/Feb/2018:12:32:16 -0300] "GET /cormun/static/calendar-setup.js?85251 HTTP/1.1" 200 2588
186.103.156.166 - - [27/Feb/2018:12:32:16 -0300] "GET /cormun/static/calendar.js?85251 HTTP/1.1" 200 26246
186.103.156.166 - - [27/Feb/2018:12:32:16 -0300] "GET /cormun/static/calendar-es.js?85251 HTTP/1.1" 200 1901
186.103.156.166 - - [27/Feb/2018:12:32:16 -0300] "GET /cormun/static/gxdec.js?85251 HTTP/1.1" 200 19579
186.103.156.166 - - [27/Feb/2018:12:32:16 -0300] "GET /cormun/static/trsolicitudot.js?201711142259839 HTTP/1.1" 304 -
186.103.156.166 - - [27/Feb/2018:12:32:16 -0300] "GET /cormun/static/Resources/Spanish/PXTools.css?1255365 HTTP/1.1" 304 -
186.103.156.166 - - [27/Feb/2018:12:32:18 -0300] "GET /cormun/servlet/trsolicitudot? HTTP/1.1" 200 7383
186.103.159.189 - - [27/Feb/2018:12:32:38 -0300] "GET /cormun/servlet/hlogin HTTP/1.1" 200 1718
200.54.247.70 - - [27/Feb/2018:12:32:39 -0300] "GET /cormun/servlet/solicitudot?dde39e800cf5813b98aef7d8af45ebf9d552feacd059913f2b324392b2778f40970f293e139970cd9456838b019f5e79,gx-no-cache=1519745507603 HTTP/1.1" 200 103
200.54.247.70 - - [27/Feb/2018:12:32:39 -0300] "POST /cormun/servlet/solicitudot?gx-no-cache=1519745507700 HTTP/1.1" 200 257
200.54.247.70 - - [27/Feb/2018:12:32:39 -0300] "GET /cormun/servlet/solicitudot?dde39e800cf5813b98aef7d8af45ebf9552e728f50cad3409152ba07614eec1d4d14f2c6589a4adff5f7951ce0d4124bb9fd50d05a683fd086663dcf3d148e89e6e23206900706a49ab4620197a4424513578658354e1001b6090709b31e7b2617ba4971d097cd5fb895a2b3e0c6ec39170e76e8b2f087d58bd6fa2310ea64c348e75a705653ab18a56714fca364f80bd9f54da09384f59df1bf58cf5f743c166da3f6d7c4def2fbee9765b24ee7ac70453ad08e97813eb9c226287b23c4c025fa40e24a1c20aa3ac0b50a28741ba01e55484253365aa7144be6366f347bb570e5f3b5cac87fa18acf508841b2f8479441677bc5bf3944b85e4e2d527b8503349acaa1c81ad0d04bf1ee4ea6030292ad468610c97d3006d998965829baec6049998aec081ff0b40fe9d22c8d422f2e6033fecc3141bfaea982f1ad5d4c32f94ffaa6c9e5d83a80e05f43451f9e0b178b571061bb8d1e4aa8a6b401af8d2695d65a63c3ca1e018242f647c058cac2581eee30940ddbbd85cb2a3e6ab0fe31dd4c,gx-no-cache=1519745507798 HTTP/1.1" 200 30
200.54.247.70 - - [27/Feb/2018:12:32:39 -0300] "POST /cormun/servlet/solicitudot?gx-no-cache=1519745507865 HTTP/1.1" 200 30
200.54.247.70 - - [27/Feb/2018:12:32:39 -0300] "POST /cormun/servlet/solicitudot?gx-no-cache=1519745507934 HTTP/1.1" 200 1337
200.54.247.70 - - [27/Feb/2018:12:32:39 -0300] "POST /cormun/servlet/solicitudot?gx-no-cache=1519745508094 HTTP/1.1" 200 41
200.54.247.70 - - [27/Feb/2018:12:32:39 -0300] "POST /cormun/servlet/solicitudot?gx-no-cache=1519745508174 HTTP/1.1" 200 1319
200.54.247.70 - - [27/Feb/2018:12:32:40 -0300] "POST /cormun/servlet/solicitudot?gx-no-cache=1519745508315 HTTP/1.1" 200 1218
200.54.247.70 - - [27/Feb/2018:12:32:40 -0300] "GET /cormun/servlet/solicitudot?dde39e800cf5813b98aef7d8af45ebf9a7a5a36f51e2a0ed85f6ae36f8ab00030736f682f87feba7a926adb57d28c182,gx-no-cache=1519745508457 HTTP/1.1" 200 30
200.54.247.70 - - [27/Feb/2018:12:32:40 -0300] "POST /cormun/servlet/solicitudot?gx-no-cache=1519745508539 HTTP/1.1" 200 30
200.54.247.70 - - [27/Feb/2018:12:32:40 -0300] "POST /cormun/servlet/solicitudot?9243fd6fc3962d0d78f9e43a169b0a0a,INS,0,0,,gx-no-cache=1519745508604 HTTP/1.1" 200 12083
186.103.161.206 - - [27/Feb/2018:12:32:56 -0300] "POST /cormun/servlet/solicitudot?gx-no-cache=1519745530317 HTTP/1.1" 200 30
200.54.247.70 - - [27/Feb/2018:12:33:07 -0300] "GET /cormun/servlet/solicitudot?dde39e800cf5813b98aef7d8af45ebf9e3f63b8e34b37e2fdf5a6d7cbda10c3f945041cd41413918bb82777ddcb31074ebed9632ce8e17ab0743ceb6799b7bef,gx-no-cache=1519745535662 HTTP/1.1" 200 30
200.54.247.70 - - [27/Feb/2018:12:33:07 -0300] "POST /cormun/servlet/solicitudot?gx-no-cache=1519745535819 HTTP/1.1" 200 257
200.54.247.70 - - [27/Feb/2018:12:33:07 -0300] "GET /cormun/servlet/solicitudot?dde39e800cf5813b98aef7d8af45ebf9552e728f50cad3409152ba07614eec1d4d14f2c6589a4adff5f7951ce0d4124bb9fd50d05a683fd086663dcf3d148e89e6e23206900706a49ab4620197a4424513578658354e1001b6090709b31e7b2617ba4971d097cd5fb895a2b3e0c6ec39170e76e8b2f087d58bd6fa2310ea64c348e75a705653ab18a56714fca364f80bd9f54da09384f59df1bf58cf5f743c166da3f6d7c4def2fbee9765b24ee7ac70453ad08e97813eb9c226287b23c4c025fa40e24a1c20aa3ac0b50a28741ba01e55484253365aa7144be6366f347bb570e5f3b5cac87fa18acf508841b2f8479441677bc5bf3944b85e4e2d527b8503349acaa1c81ad0d04bf1ee4ea6030292ad468610c97d3006d998965829baec6049998aec081ff0b40fe9d22c8d422f2e6033fecc3141bfaea982f1ad5d4c32f94ffaa6c9e5d83a80e05f43451f9e0b178b571061bb8d1e4aa8a6b401af8d2695d65a63c3ca1e018242f647c058cac2581eee30940ddbbd85cb2a3e6ab0fe31dd4c,gx-no-cache=1519745535911 HTTP/1.1" 200 30
200.54.247.70 - - [27/Feb/2018:12:33:07 -0300] "POST /cormun/servlet/solicitudot?gx-no-cache=1519745535967 HTTP/1.1" 200 30
200.54.247.70 - - [27/Feb/2018:12:33:07 -0300] "POST /cormun/servlet/solicitudot?gx-no-cache=1519745536047 HTTP/1.1" 200 1337
200.54.247.70 - - [27/Feb/2018:12:33:07 -0300] "POST /cormun/servlet/solicitudot?gx-no-cache=1519745536209 HTTP/1.1" 200 41
200.54.247.70 - - [27/Feb/2018:12:33:07 -0300] "POST /cormun/servlet/solicitudot?gx-no-cache=1519745536271 HTTP/1.1" 200 1319
200.54.247.70 - - [27/Feb/2018:12:33:08 -0300] "POST /cormun/servlet/solicitudot?gx-no-cache=1519745536411 HTTP/1.1" 200 1218
200.54.247.70 - - [27/Feb/2018:12:33:08 -0300] "GET /cormun/servlet/solicitudot?dde39e800cf5813b98aef7d8af45ebf9a7a5a36f51e2a0ed85f6ae36f8ab00030736f682f87feba7a926adb57d28c182,gx-no-cache=1519745536536 HTTP/1.1" 200 30
200.54.247.70 - - [27/Feb/2018:12:33:08 -0300] "POST /cormun/servlet/solicitudot?gx-no-cache=1519745536589 HTTP/1.1" 200 30
200.54.247.70 - - [27/Feb/2018:12:33:08 -0300] "POST /cormun/servlet/solicitudot?9243fd6fc3962d0d78f9e43a169b0a0a,INS,0,0,,gx-no-cache=1519745536677 HTTP/1.1" 200 12143
190.151.100.218 - - [27/Feb/2018:12:33:25 -0300] "POST /cormun/servlet/solicitudot?gx-no-cache=1519745559284 HTTP/1.1" 200 1336
190.151.100.218 - - [27/Feb/2018:12:33:26 -0300] "POST /cormun/servlet/solicitudot?gx-no-cache=1519745560484 HTTP/1.1" 200 38
190.151.100.218 - - [27/Feb/2018:12:33:26 -0300] "GET /cormun/servlet/solicitudot?2eac4b82f64fb105b76995973e34ad5bf547dfe2f4782fa0d46a6fafd9b4da4a6a5c82543cb666df15935d0df56d1803785e2a3afaf112280b03513c08b08f3fa91e7837bf476789e01e2017935390a3b1f1e5b4b7f31ef60352483c23c906fa8ce4110b0dd9e1e77a1ff62432d75f1c7eb73171de170361ab8ec43ceb605abfe740299a9ec7ec6890d0bb59a7060099823cce1b295c54d826ae0ce66bc6e294,gx-no-cache=1519745560716 HTTP/1.1" 200 29
190.151.100.218 - - [27/Feb/2018:12:33:27 -0300] "POST /cormun/servlet/solicitudot?gx-no-cache=1519745560832 HTTP/1.1" 200 1319
190.151.100.218 - - [27/Feb/2018:12:33:27 -0300] "POST /cormun/servlet/solicitudot?gx-no-cache=1519745561129 HTTP/1.1" 200 1219
186.103.159.189 - - [27/Feb/2018:12:33:28 -0300] "GET /cormun/servlet/hlogin HTTP/1.1" 200 1718
186.103.159.189 - - [27/Feb/2018:12:33:30 -0300] "GET /cormun/servlet/hlogin HTTP/1.1" 200 1727
190.151.100.218 - - [27/Feb/2018:12:33:41 -0300] "POST /cormun/servlet/solicitudot?gx-no-cache=1519745575304 HTTP/1.1" 200 1319
190.151.100.218 - - [27/Feb/2018:12:33:42 -0300] "POST /cormun/servlet/solicitudot?gx-no-cache=1519745575977 HTTP/1.1" 200 1219
190.151.100.218 - - [27/Feb/2018:12:33:42 -0300] "GET /cormun/static/menuarrow.gif HTTP/1.1" 404 1015
186.103.159.189 - - [27/Feb/2018:12:33:44 -0300] "POST /cormun/servlet/hlogin?fcb1aeef56e1db2c09d2ce98c021dc35,gx-no-cache=1519745577600 HTTP/1.1" 200 444
186.67.203.186 - - [27/Feb/2018:12:33:50 -0300] "POST /cormun/servlet/solicitudot?gx-no-cache=1519745584708 HTTP/1.1" 200 30
186.67.203.186 - - [27/Feb/2018:12:33:51 -0300] "POST /cormun/servlet/solicitudot?gx-no-cache=1519745584923 HTTP/1.1" 200 1337
186.67.203.186 - - [27/Feb/2018:12:33:51 -0300] "POST /cormun/servlet/solicitudot?gx-no-cache=1519745585299 HTTP/1.1" 200 38
186.67.203.186 - - [27/Feb/2018:12:33:51 -0300] "POST /cormun/servlet/solicitudot?gx-no-cache=1519745585612 HTTP/1.1" 200 1319
186.67.203.186 - - [27/Feb/2018:12:33:52 -0300] "POST /cormun/servlet/solicitudot?gx-no-cache=1519745585910 HTTP/1.1" 200 1219
186.103.159.189 - - [27/Feb/2018:12:34:01 -0300] "POST /cormun/servlet/hlogin?fcb1aeef56e1db2c09d2ce98c021dc35,gx-no-cache=1519745594935 HTTP/1.1" 200 90
186.103.159.189 - - [27/Feb/2018:12:34:01 -0300] "GET /cormun/servlet/hpexe_link HTTP/1.1" 200 950
186.103.159.189 - - [27/Feb/2018:12:34:02 -0300] "GET /cormun/servlet/hhome HTTP/1.1" 200 3963
190.151.100.218 - - [27/Feb/2018:12:34:03 -0300] "GET /cormun/servlet/solicitudot?2eac4b82f64fb105b76995973e34ad5bacfc895684ebc8225ea14fa169bf7f3b56e9f469b772b02b7de5508a9337e83a,gx-no-cache=1519745597550 HTTP/1.1" 200 30
200.54.247.70 - - [27/Feb/2018:12:34:04 -0300] "GET /cormun/servlet/solicitudot?dde39e800cf5813b98aef7d8af45ebf9d552feacd059913f2b324392b2778f40fd5fefb321242b16193fd6e4488b2061d3ef582c17799be2abc3af9d37ce7c4f,gx-no-cache=1519745592658 HTTP/1.1" 200 30
200.54.247.70 - - [27/Feb/2018:12:34:04 -0300] "POST /cormun/servlet/solicitudot?gx-no-cache=1519745592713 HTTP/1.1" 200 257
200.54.247.70 - - [27/Feb/2018:12:34:04 -0300] "GET /cormun/servlet/solicitudot?dde39e800cf5813b98aef7d8af45ebf9552e728f50cad3409152ba07614eec1d4d14f2c6589a4adff5f7951ce0d4124bb9fd50d05a683fd086663dcf3d148e89e6e23206900706a49ab4620197a4424513578658354e1001b6090709b31e7b2617ba4971d097cd5fb895a2b3e0c6ec39170e76e8b2f087d58bd6fa2310ea64c348e75a705653ab18a56714fca364f80bd9f54da09384f59df1bf58cf5f743c166da3f6d7c4def2fbee9765b24ee7ac70453ad08e97813eb9c226287b23c4c025fa40e24a1c20aa3ac0b50a28741ba01e55484253365aa7144be6366f347bb570e5f3b5cac87fa18acf508841b2f8479441677bc5bf3944b85e4e2d527b8503349acaa1c81ad0d04bf1ee4ea6030292ad468610c97d3006d998965829baec6049998aec081ff0b40fe9d22c8d422f2e6033fecc3141bfaea982f1ad5d4c32f94ffaa6c9e5d83a80e05f43451f9e0b178b571061bb8d1e4aa8a6b401af8d2695d65a63c3ca1e018242f647c058cac2581eee30940ddbbd85cb2a3e6ab0fe31dd4c,gx-no-cache=1519745592776 HTTP/1.1" 200 30
200.54.247.70 - - [27/Feb/2018:12:34:04 -0300] "POST /cormun/servlet/solicitudot?gx-no-cache=1519745592861 HTTP/1.1" 200 30
200.54.247.70 - - [27/Feb/2018:12:34:04 -0300] "POST /cormun/servlet/solicitudot?gx-no-cache=1519745592946 HTTP/1.1" 200 1337
200.54.247.70 - - [27/Feb/2018:12:34:04 -0300] "POST /cormun/servlet/solicitudot?gx-no-cache=1519745593089 HTTP/1.1" 200 41
200.54.247.70 - - [27/Feb/2018:12:34:04 -0300] "POST /cormun/servlet/solicitudot?gx-no-cache=1519745593184 HTTP/1.1" 200 1319
200.54.247.70 - - [27/Feb/2018:12:34:04 -0300] "POST /cormun/servlet/solicitudot?gx-no-cache=1519745593310 HTTP/1.1" 200 1218
200.54.247.70 - - [27/Feb/2018:12:34:05 -0300] "GET /cormun/servlet/solicitudot?dde39e800cf5813b98aef7d8af45ebf9a7a5a36f51e2a0ed85f6ae36f8ab00030736f682f87feba7a926adb57d28c182,gx-no-cache=1519745593424 HTTP/1.1" 200 30
200.54.247.70 - - [27/Feb/2018:12:34:05 -0300] "POST /cormun/servlet/solicitudot?gx-no-cache=1519745593480 HTTP/1.1" 200 30
186.103.159.189 - - [27/Feb/2018:12:34:05 -0300] "GET /cormun/servlet/hhome HTTP/1.1" 200 3960
200.54.247.70 - - [27/Feb/2018:12:34:05 -0300] "POST /cormun/servlet/solicitudot?9243fd6fc3962d0d78f9e43a169b0a0a,INS,0,0,,gx-no-cache=1519745593538 HTTP/1.1" 200 12186
200.54.247.70 - - [27/Feb/2018:12:34:14 -0300] "GET /cormun/servlet/solicitudot?dde39e800cf5813b98aef7d8af45ebf98a82e3a6aee7611a39d3846b02655b02,gx-no-cache=1519745602989 HTTP/1.1" 200 94
200.54.247.70 - - [27/Feb/2018:12:34:14 -0300] "POST /cormun/servlet/solicitudot?gx-no-cache=1519745603042 HTTP/1.1" 200 257
200.54.247.70 - - [27/Feb/2018:12:34:14 -0300] "GET /cormun/servlet/solicitudot?dde39e800cf5813b98aef7d8af45ebf9552e728f50cad3409152ba07614eec1d4d14f2c6589a4adff5f7951ce0d4124bb9fd50d05a683fd086663dcf3d148e89e6e23206900706a49ab4620197a4424513578658354e1001b6090709b31e7b2617ba4971d097cd5fb895a2b3e0c6ec39170e76e8b2f087d58bd6fa2310ea64c348e75a705653ab18a56714fca364f80bd9f54da09384f59df1bf58cf5f743c166da3f6d7c4def2fbee9765b24ee7ac70453ad08e97813eb9c226287b23c4c025fa40e24a1c20aa3ac0b50a28741ba01e55484253365aa7144be6366f347bb570e5f3b5cac87fa18acf508841b2f8479441677bc5bf3944b85e4e2d527b8503349acaa1c81ad0d04bf1ee4ea6030292ad468610c97d3006d998965829baec6049998aec081ff0b40fe9d22c8d422f2e6033fecc3141bfaea982f1ad5d4c32f94ffaa6c9e5d83a80e05f43451f9e0b178b571061bb8d1e4aa8a6b401af8d2695d65a63c3ca1e018242f647c058cac2581eee30940ddbbd85cb2a3e6ab0fe31dd4c,gx-no-cache=1519745603121 HTTP/1.1" 200 30
200.54.247.70 - - [27/Feb/2018:12:34:14 -0300] "POST /cormun/servlet/solicitudot?gx-no-cache=1519745603178 HTTP/1.1" 200 30
200.54.247.70 - - [27/Feb/2018:12:34:14 -0300] "POST /cormun/servlet/solicitudot?gx-no-cache=1519745603260 HTTP/1.1" 200 1337
200.54.247.70 - - [27/Feb/2018:12:34:15 -0300] "POST /cormun/servlet/solicitudot?gx-no-cache=1519745603436 HTTP/1.1" 200 41
200.54.247.70 - - [27/Feb/2018:12:34:15 -0300] "POST /cormun/servlet/solicitudot?gx-no-cache=1519745603506 HTTP/1.1" 200 1319
200.54.247.70 - - [27/Feb/2018:12:34:15 -0300] "POST /cormun/servlet/solicitudot?gx-no-cache=1519745603694 HTTP/1.1" 200 1218
200.54.247.70 - - [27/Feb/2018:12:34:15 -0300] "GET /cormun/servlet/solicitudot?dde39e800cf5813b98aef7d8af45ebf9a7a5a36f51e2a0ed85f6ae36f8ab00030736f682f87feba7a926adb57d28c182,gx-no-cache=1519745603859 HTTP/1.1" 200 30
200.54.247.70 - - [27/Feb/2018:12:34:15 -0300] "POST /cormun/servlet/solicitudot?gx-no-cache=1519745603937 HTTP/1.1" 200 30
186.103.156.166 - - [27/Feb/2018:12:34:15 -0300] "GET /cormun/servlet/solicitudot?INS,0,0, HTTP/1.1" 200 13606
186.103.156.166 - - [27/Feb/2018:12:34:15 -0300] "GET /cormun/static/gxcfg.js?201812313224582 HTTP/1.1" 200 953
186.103.156.166 - - [27/Feb/2018:12:34:16 -0300] "GET /cormun/static/solicitudot.js?201812313224831 HTTP/1.1" 200 72336
200.54.247.70 - - [27/Feb/2018:12:34:16 -0300] "POST /cormun/servlet/solicitudot?9243fd6fc3962d0d78f9e43a169b0a0a,INS,0,0,,gx-no-cache=1519745604021 HTTP/1.1" 200 12267
186.103.156.166 - - [27/Feb/2018:12:34:17 -0300] "GET /cormun/servlet/solicitudot?INS,0,0, HTTP/1.1" 200 13611
186.103.156.166 - - [27/Feb/2018:12:34:33 -0300] "POST /cormun/servlet/solicitudot?gx-no-cache=1519745628317 HTTP/1.1" 200 3505
186.103.156.166 - - [27/Feb/2018:12:34:33 -0300] "GET /cormun/static/Shared/jqueryui/images/ui-bg_highlight-soft_100_c6c2c8_1x100.png HTTP/1.1" 404 1117
186.103.156.166 - - [27/Feb/2018:12:34:33 -0300] "GET /cormun/static/Shared/jqueryui/images/ui-bg_flat_55_994d53_40x100.png HTTP/1.1" 404 1097
186.103.156.166 - - [27/Feb/2018:12:34:33 -0300] "GET /cormun/static/Shared/jqueryui/images/ui-icons_82798d_256x240.png HTTP/1.1" 404 1089
186.103.156.166 - - [27/Feb/2018:12:34:33 -0300] "GET /cormun/static/Shared/jqueryui/images/ui-icons_ebccce_256x240.png HTTP/1.1" 404 1089
186.103.156.166 - - [27/Feb/2018:12:34:36 -0300] "GET /cormun/servlet/solicitudot?33188576ae52495090c4a6ab22970b5ba27ce61302f1f1846b36101d9e87106c3cd212d477ea57c20928a770bf029a54,gx-no-cache=1519745631289 HTTP/1.1" 200 111
186.103.156.166 - - [27/Feb/2018:12:34:40 -0300] "GET /cormun/servlet/solicitudot?33188576ae52495090c4a6ab22970b5b0a6baf3b7e8b2f676c0aad19f353735ccd63078ee76e193f9b350e75cadaba47,gx-no-cache=1519745635528 HTTP/1.1" 200 30
200.54.247.70 - - [27/Feb/2018:12:34:47 -0300] "GET /cormun/servlet/solicitudot?dde39e800cf5813b98aef7d8af45ebf92d4394ab792e2635eb0d4484093aee56291998acf15e842bc46eee608f528c42f57e70192c2c755ddc4a527e1d760621,gx-no-cache=1519745635833 HTTP/1.1" 200 30
200.54.247.70 - - [27/Feb/2018:12:34:47 -0300] "POST /cormun/servlet/solicitudot?gx-no-cache=1519745635974 HTTP/1.1" 200 257
200.54.247.70 - - [27/Feb/2018:12:34:47 -0300] "GET /cormun/servlet/solicitudot?dde39e800cf5813b98aef7d8af45ebf9552e728f50cad3409152ba07614eec1d4d14f2c6589a4adff5f7951ce0d4124bb9fd50d05a683fd086663dcf3d148e89e6e23206900706a49ab4620197a4424513578658354e1001b6090709b31e7b2617ba4971d097cd5fb895a2b3e0c6ec39170e76e8b2f087d58bd6fa2310ea64c348e75a705653ab18a56714fca364f80bd9f54da09384f59df1bf58cf5f743c166da3f6d7c4def2fbee9765b24ee7ac70453ad08e97813eb9c226287b23c4c025fa40e24a1c20aa3ac0b50a28741ba01e55484253365aa7144be6366f347bb570e5f3b5cac87fa18acf508841b2f8479441677bc5bf3944b85e4e2d527b8503349acaa1c81ad0d04bf1ee4ea6030292ad468610c97d3006d998965829baec6049998aec081ff0b40fe9d22c8d422f2e6033fecc3141bfaea982f1ad5d4c32f94ffaa6c9e5d83a80e05f43451f9e0b178b571061bb8d1e4aa8a6b401af8d2695d65a63c3ca1e018242f647c058cac2581eee30940ddbbd85cb2a3e6ab0fe31dd4c,gx-no-cache=1519745636055 HTTP/1.1" 200 30
200.54.247.70 - - [27/Feb/2018:12:34:48 -0300] "POST /cormun/servlet/solicitudot?gx-no-cache=1519745636118 HTTP/1.1" 200 30
200.54.247.70 - - [27/Feb/2018:12:34:48 -0300] "POST /cormun/servlet/solicitudot?gx-no-cache=1519745636627 HTTP/1.1" 200 1337
200.54.247.70 - - [27/Feb/2018:12:34:48 -0300] "POST /cormun/servlet/solicitudot?gx-no-cache=1519745636874 HTTP/1.1" 200 41
200.54.247.70 - - [27/Feb/2018:12:34:49 -0300] "POST /cormun/servlet/solicitudot?gx-no-cache=1519745637267 HTTP/1.1" 200 1319
200.54.247.70 - - [27/Feb/2018:12:34:49 -0300] "POST /cormun/servlet/solicitudot?gx-no-cache=1519745637942 HTTP/1.1" 200 1218
200.54.247.70 - - [27/Feb/2018:12:34:49 -0300] "GET /cormun/servlet/solicitudot?dde39e800cf5813b98aef7d8af45ebf9a7a5a36f51e2a0ed85f6ae36f8ab00030736f682f87feba7a926adb57d28c182,gx-no-cache=1519745638124 HTTP/1.1" 200 30
200.54.247.70 - - [27/Feb/2018:12:34:50 -0300] "POST /cormun/servlet/solicitudot?gx-no-cache=1519745638216 HTTP/1.1" 200 30
200.54.247.70 - - [27/Feb/2018:12:34:54 -0300] "POST /cormun/servlet/solicitudot?9243fd6fc3962d0d78f9e43a169b0a0a,INS,0,0,,gx-no-cache=1519745638771 HTTP/1.1" 200 12320
190.151.100.218 - - [27/Feb/2018:12:35:03 -0300] "POST /cormun/servlet/solicitudot?gx-no-cache=1519745656178 HTTP/1.1" 200 30
186.103.161.206 - - [27/Feb/2018:12:35:18 -0300] "POST /cormun/servlet/solicitudot?6c16949fff86b203e53647e90faec2cc,INS,0,0,,gx-no-cache=1519745670820 HTTP/1.1" 200 11962
200.54.247.70 - - [27/Feb/2018:12:35:26 -0300] "GET /cormun/servlet/solicitudot?dde39e800cf5813b98aef7d8af45ebf9e3f63b8e34b37e2fdf5a6d7cbda10c3f945041cd41413918bb82777ddcb31074ebed9632ce8e17ab0743ceb6799b7bef,gx-no-cache=1519745674753 HTTP/1.1" 200 30
200.54.247.70 - - [27/Feb/2018:12:35:26 -0300] "POST /cormun/servlet/solicitudot?gx-no-cache=1519745674853 HTTP/1.1" 200 257
200.54.247.70 - - [27/Feb/2018:12:35:26 -0300] "GET /cormun/servlet/solicitudot?dde39e800cf5813b98aef7d8af45ebf9552e728f50cad3409152ba07614eec1d4d14f2c6589a4adff5f7951ce0d4124bb9fd50d05a683fd086663dcf3d148e89e6e23206900706a49ab4620197a4424513578658354e1001b6090709b31e7b2617ba4971d097cd5fb895a2b3e0c6ec39170e76e8b2f087d58bd6fa2310ea64c348e75a705653ab18a56714fca364f80bd9f54da09384f59df1bf58cf5f743c166da3f6d7c4def2fbee9765b24ee7ac70453ad08e97813eb9c226287b23c4c025fa40e24a1c20aa3ac0b50a28741ba01e55484253365aa7144be6366f347bb570e5f3b5cac87fa18acf508841b2f8479441677bc5bf3944b85e4e2d527b8503349acaa1c81ad0d04bf1ee4ea6030292ad468610c97d3006d998965829baec6049998aec081ff0b40fe9d22c8d422f2e6033fecc3141bfaea982f1ad5d4c32f94ffaa6c9e5d83a80e05f43451f9e0b178b571061bb8d1e4aa8a6b401af8d2695d65a63c3ca1e018242f647c058cac2581eee30940ddbbd85cb2a3e6ab0fe31dd4c,gx-no-cache=1519745674954 HTTP/1.1" 200 30
200.54.247.70 - - [27/Feb/2018:12:35:26 -0300] "POST /cormun/servlet/solicitudot?gx-no-cache=1519745675041 HTTP/1.1" 200 30
200.54.247.70 - - [27/Feb/2018:12:35:26 -0300] "POST /cormun/servlet/solicitudot?gx-no-cache=1519745675159 HTTP/1.1" 200 1337
200.54.247.70 - - [27/Feb/2018:12:35:26 -0300] "POST /cormun/servlet/solicitudot?gx-no-cache=1519745675319 HTTP/1.1" 200 41
200.54.247.70 - - [27/Feb/2018:12:35:27 -0300] "POST /cormun/servlet/solicitudot?gx-no-cache=1519745675394 HTTP/1.1" 200 1319
200.54.247.70 - - [27/Feb/2018:12:35:27 -0300] "POST /cormun/servlet/solicitudot?gx-no-cache=1519745675519 HTTP/1.1" 200 1218
200.54.247.70 - - [27/Feb/2018:12:35:27 -0300] "GET /cormun/servlet/solicitudot?dde39e800cf5813b98aef7d8af45ebf9a7a5a36f51e2a0ed85f6ae36f8ab00030736f682f87feba7a926adb57d28c182,gx-no-cache=1519745675655 HTTP/1.1" 200 30
200.54.247.70 - - [27/Feb/2018:12:35:27 -0300] "POST /cormun/servlet/solicitudot?gx-no-cache=1519745675700 HTTP/1.1" 200 30
200.54.247.70 - - [27/Feb/2018:12:35:27 -0300] "POST /cormun/servlet/solicitudot?9243fd6fc3962d0d78f9e43a169b0a0a,INS,0,0,,gx-no-cache=1519745675797 HTTP/1.1" 200 12372
186.103.159.189 - - [27/Feb/2018:12:35:28 -0300] "GET /cormun/servlet/hlogin HTTP/1.1" 200 1718
186.67.203.186 - - [27/Feb/2018:12:35:32 -0300] "GET /cormun/static/Resources/resize.gif HTTP/1.1" 200 77
186.67.203.186 - - [27/Feb/2018:12:35:33 -0300] "GET /cormun/servlet/prbanco?,MD,,gxPopupLevel%3D0%3B HTTP/1.1" 200 6628
186.67.203.186 - - [27/Feb/2018:12:35:33 -0300] "GET /cormun/static/gxcfg.js?20181161016094 HTTP/1.1" 200 953
186.67.203.186 - - [27/Feb/2018:12:35:33 -0300] "GET /cormun/static/prbanco.js?2018116101633 HTTP/1.1" 200 10693
200.111.122.170 - - [27/Feb/2018:12:35:33 -0300] "GET /cormun/static/menusearch.js?201610171694467 HTTP/1.1" 200 1424
186.103.161.206 - - [27/Feb/2018:12:35:33 -0300] "GET /cormun/static/Resources/PXToolsMenuSearchCancel.png HTTP/1.1" 200 2972
190.151.100.218 - - [27/Feb/2018:12:35:33 -0300] "GET /cormun/static/Resources/PXToolsMenuSearch.png HTTP/1.1" 200 2914
186.103.132.155 - - [27/Feb/2018:12:35:33 -0300] "GET /cormun/static/hmpwkw011.js?20177612121862 HTTP/1.1" 200 1968
186.103.132.155 - - [27/Feb/2018:12:35:35 -0300] "POST /cormun/servlet/acontrolpreferencessavestate?None,MQUEZADA,true HTTP/1.1" 200 35
190.151.100.218 - - [27/Feb/2018:12:35:38 -0300] "GET /cormun/servlet/solicitudot?2eac4b82f64fb105b76995973e34ad5babe5df67b74193f0988340cca8734062,gx-no-cache=1519745691911 HTTP/1.1" 200 123
190.151.100.218 - - [27/Feb/2018:12:35:38 -0300] "POST /cormun/servlet/solicitudot?gx-no-cache=1519745692129 HTTP/1.1" 200 254
190.151.100.218 - - [27/Feb/2018:12:35:38 -0300] "GET /cormun/servlet/solicitudot?2eac4b82f64fb105b76995973e34ad5b6f226b82ee13f032b0c327af6579ba5b1b60a183d196cf6c507364ffe1f0f4ff724553f512e55099916850279f8944669f7986367ccd92d8df574227c3c88ec3ec20a236272f96de3fa8d8f30ef6a0f8f7a2bdf11f70ed4f228c8634fc7d91b23803a8f7dcac20837b9e0b31eae74132304d442a1ce1a5043f25b7da7198e0604b8d5bad29274cc3f8313f4b09387f3693475f8cd484079cf299d4df5267bdc8f0d77b3c111b8856047ea63f9492408d42f02dca12a48857e86b915e339640ca1db0b963485cc7dd92f19dc09db00cadaf68a37d0dba53a282fa50aa78a62d8717de3fe2de244eb797c67c7d4a453767c33770e74a9a51e80270bccbc9c003e3367c572945732ba3c438d3f34d69a654137a6ec1b211ad5b8e00398113d36df2349ed55a32b62a97e0e60144a18d513b1af25a273eb9a38cc9a3786dfc3379483f7706c1ebaa6ccd4b1677480cf7749339cef10f75d68125b1badd33693acf56e54d73c65170286432539504ec4404a2,gx-no-cache=1519745692461 HTTP/1.1" 200 30
190.151.100.218 - - [27/Feb/2018:12:35:38 -0300] "POST /cormun/servlet/solicitudot?gx-no-cache=1519745692585 HTTP/1.1" 200 30
190.151.100.218 - - [27/Feb/2018:12:35:39 -0300] "POST /cormun/servlet/solicitudot?gx-no-cache=1519745692902 HTTP/1.1" 200 1337
190.151.100.218 - - [27/Feb/2018:12:35:39 -0300] "POST /cormun/servlet/solicitudot?gx-no-cache=1519745693788 HTTP/1.1" 200 41
190.151.100.218 - - [27/Feb/2018:12:35:43 -0300] "POST /cormun/servlet/solicitudot?gx-no-cache=1519745694048 HTTP/1.1" 200 1319
186.103.159.189 - - [27/Feb/2018:12:35:43 -0300] "POST /cormun/servlet/hlogin?fcb1aeef56e1db2c09d2ce98c021dc35,gx-no-cache=1519745697051 HTTP/1.1" 200 90
186.103.159.189 - - [27/Feb/2018:12:35:43 -0300] "GET /cormun/servlet/hpexe_link HTTP/1.1" 200 950
186.103.159.189 - - [27/Feb/2018:12:35:44 -0300] "GET /cormun/servlet/hhome HTTP/1.1" 200 4159
190.151.100.218 - - [27/Feb/2018:12:35:44 -0300] "POST /cormun/servlet/solicitudot?gx-no-cache=1519745697716 HTTP/1.1" 200 1219
190.151.100.218 - - [27/Feb/2018:12:35:44 -0300] "GET /cormun/servlet/solicitudot?2eac4b82f64fb105b76995973e34ad5bacfc895684ebc8225ea14fa169bf7f3b56e9f469b772b02b7de5508a9337e83a,gx-no-cache=1519745698640 HTTP/1.1" 200 30
190.151.100.218 - - [27/Feb/2018:12:35:45 -0300] "POST /cormun/servlet/solicitudot?gx-no-cache=1519745698755 HTTP/1.1" 200 30
186.103.159.189 - - [27/Feb/2018:12:35:46 -0300] "GET /cormun/servlet/hhome HTTP/1.1" 200 4155
190.151.100.218 - - [27/Feb/2018:12:35:49 -0300] "POST /cormun/servlet/solicitudot?6c16949fff86b203e53647e90faec2cc,INS,0,0,,gx-no-cache=1519745699240 HTTP/1.1" 200 12019
186.103.159.189 - - [27/Feb/2018:12:36:00 -0300] "GET /cormun/servlet/trautorizarsolicitud? HTTP/1.1" 200 9011
186.103.159.189 - - [27/Feb/2018:12:36:03 -0300] "GET /cormun/servlet/trautorizarsolicitud? HTTP/1.1" 200 9009
190.151.100.218 - - [27/Feb/2018:12:36:04 -0300] "GET /cormun/servlet/prbanco?,MD,,gxPopupLevel%3D0%3B HTTP/1.1" 200 6631
200.111.122.170 - - [27/Feb/2018:12:36:30 -0300] "GET /cormun/servlet/solicitudot?2eac4b82f64fb105b76995973e34ad5b0c93c25f5b3f3c7516af8ef04f9bf7b1,gx-no-cache=1519745743992 HTTP/1.1" 200 51
200.111.122.170 - - [27/Feb/2018:12:36:30 -0300] "POST /cormun/servlet/solicitudot?gx-no-cache=1519745744205 HTTP/1.1" 200 254
200.111.122.170 - - [27/Feb/2018:12:36:30 -0300] "GET /cormun/servlet/solicitudot?2eac4b82f64fb105b76995973e34ad5b6f226b82ee13f032b0c327af6579ba5b1b60a183d196cf6c507364ffe1f0f4ff724553f512e55099916850279f8944669f7986367ccd92d8df574227c3c88ec3ec20a236272f96de3fa8d8f30ef6a0f8f7a2bdf11f70ed4f228c8634fc7d91b23803a8f7dcac20837b9e0b31eae74132304d442a1ce1a5043f25b7da7198e0604b8d5bad29274cc3f8313f4b09387f3693475f8cd484079cf299d4df5267bdc8f0d77b3c111b8856047ea63f9492408d42f02dca12a48857e86b915e339640ca1db0b963485cc7dd92f19dc09db00cadaf68a37d0dba53a282fa50aa78a62d8717de3fe2de244eb797c67c7d4a453767c33770e74a9a51e80270bccbc9c003e3367c572945732ba3c438d3f34d69a654137a6ec1b211ad5b8e00398113d36df2349ed55a32b62a97e0e60144a18d513b1af25a273eb9a38cc9a3786dfc3379483f7706c1ebaa6ccd4b1677480cf7749339cef10f75d68125b1badd33693acf56e54d73c65170286432539504ec4404a2,gx-no-cache=1519745744663 HTTP/1.1" 200 30
200.111.122.170 - - [27/Feb/2018:12:36:31 -0300] "POST /cormun/servlet/solicitudot?gx-no-cache=1519745744798 HTTP/1.1" 200 30
200.111.122.170 - - [27/Feb/2018:12:36:31 -0300] "POST /cormun/servlet/solicitudot?gx-no-cache=1519745745123 HTTP/1.1" 200 1337
200.111.122.170 - - [27/Feb/2018:12:36:31 -0300] "POST /cormun/servlet/solicitudot?gx-no-cache=1519745745541 HTTP/1.1" 200 41
200.111.122.170 - - [27/Feb/2018:12:36:32 -0300] "POST /cormun/servlet/solicitudot?gx-no-cache=1519745745933 HTTP/1.1" 200 1319
200.111.122.170 - - [27/Feb/2018:12:36:32 -0300] "POST /cormun/servlet/solicitudot?gx-no-cache=1519745746190 HTTP/1.1" 200 1219
200.111.122.170 - - [27/Feb/2018:12:36:33 -0300] "GET /cormun/servlet/solicitudot?2eac4b82f64fb105b76995973e34ad5bacfc895684ebc8225ea14fa169bf7f3b56e9f469b772b02b7de5508a9337e83a,gx-no-cache=1519745746948 HTTP/1.1" 200 30
200.111.122.170 - - [27/Feb/2018:12:36:33 -0300] "POST /cormun/servlet/solicitudot?gx-no-cache=1519745747072 HTTP/1.1" 200 30
186.103.156.166 - - [27/Feb/2018:12:36:36 -0300] "GET /cormun/servlet/solicitudot?33188576ae52495090c4a6ab22970b5b0e97982781c09f150f93918f2719f6ba9dacc2140f7f841c9e0cd57939e93d26e10615fcb890b8cfcc3ce97eb5b18afd,gx-no-cache=1519745751149 HTTP/1.1" 200 30
186.103.156.166 - - [27/Feb/2018:12:36:36 -0300] "GET /cormun/servlet/solicitudot?33188576ae52495090c4a6ab22970b5b4b1c600b27e7a5904769d3dcbbb8a3db,gx-no-cache=1519745751563 HTTP/1.1" 200 29
186.103.156.166 - - [27/Feb/2018:12:36:37 -0300] "GET /cormun/servlet/solicitudot?33188576ae52495090c4a6ab22970b5b0a8dcfa945cf061efc1be4a32974a012adf1f039cc82f55adf46eee00521410de472f2230ba3c6a05a86fff6fbdb3783308fe0dcfa24c05f035740f0cd76418b7b8e54acafb8c73a3326f3fb42eee2132cc71960832b071addec4266b1b67703021648c5fabd32fcffd099a048b47759443b01bb2e0a5674eff8f7f6394ff55a9c77dd8bd4a5472a60ca4187bd3371bac15ee417bfac52e9cf16370eb821069348ffb28ce24771d04182168fdbb1b177ad1ecf1da9ba9a007b3a2d417b0ee3b3689a73ab50f5f66b3447bb7a4a122d53dc7642ba3f3529056bb74cd4de80806c17789a8df27c56bd6569999b723368e240a53b7582847fcd1b2f573888ea1985d5ce71f458342d752de17852949443ec6b3782074eba609fc28af300424dfddea1e2a017e7d4f73215a7ae8907e1e3b8169446e08228e0c7380306949577df72,gx-no-cache=1519745751634 HTTP/1.1" 200 297
200.111.122.170 - - [27/Feb/2018:12:36:37 -0300] "POST /cormun/servlet/solicitudot?6c16949fff86b203e53647e90faec2cc,INS,0,0,,gx-no-cache=1519745747332 HTTP/1.1" 200 93
186.103.156.166 - - [27/Feb/2018:12:36:37 -0300] "GET /cormun/servlet/solicitudot?33188576ae52495090c4a6ab22970b5b426965190624e501ea2baf1800eb8dabe5a2bd1528931b46f712aafa66a8b8cde541b501503217ef8d0684442bc2b1a1212d6361caf5e2fcd9073db73afb1b0fb5a0313f5ea9653a5a63f7ffee08f8071711d801e9b1c0471e0427ca670d1c3fe1d48f0cd10e8fbe7d279037e0f5155a8c4865ecfc6dd9c559d6470e907adfc7f09cdcb8c15b32d33f7c7bd46eae6876a72b37c3ba9599de26b7b41a5660866a4739ebb0dcf7a52593625f0d313b3307edb2804429903894e6cfa446132963fdbf1060acb5522b0d35d6d45ef9905bc2ff7bbbff8cd2b8a3b24e7099a7a54ce796c74f70963e2d297fc034940449e69695727db6db13175ea50b3508675925693dcc3aa2fd62182435616b16b2c7b80d8bd942b425be7b78f88e359f89713b267d340dc28fe0099226598cb34ddbbcdda659004a379820e10bbb2a3d46420ef96f4c5ec9c2ce15b46a0bb7a018634a26b3d43fb4780a0d3319de21c9326a4797725864fced238ab9421497f1c869220ef28caf55b00b05064a2036009d20cfa8,gx-no-cache=1519745752083 HTTP/1.1" 200 30
186.103.156.166 - - [27/Feb/2018:12:36:37 -0300] "POST /cormun/servlet/solicitudot?gx-no-cache=1519745752534 HTTP/1.1" 200 30
186.103.156.166 - - [27/Feb/2018:12:36:38 -0300] "POST /cormun/servlet/solicitudot?gx-no-cache=1519745752679 HTTP/1.1" 200 1331
186.103.156.166 - - [27/Feb/2018:12:36:38 -0300] "POST /cormun/servlet/solicitudot?gx-no-cache=1519745753237 HTTP/1.1" 200 38
200.111.122.170 - - [27/Feb/2018:12:36:41 -0300] "GET /cormun/servlet/hpexe_return? HTTP/1.1" 200 1006
200.111.122.170 - - [27/Feb/2018:12:36:42 -0300] "GET /cormun/servlet/trsolicitudot HTTP/1.1" 200 9235
200.54.247.70 - - [27/Feb/2018:12:36:43 -0300] "GET /cormun/servlet/solicitudot?dde39e800cf5813b98aef7d8af45ebf94f6f906986ec1dec236296d0b6632a35d9d918039fe8a3c0c9e3d3988684fd43,gx-no-cache=1519745751608 HTTP/1.1" 200 103
200.111.122.170 - - [27/Feb/2018:12:36:44 -0300] "GET /cormun/servlet/trsolicitudot HTTP/1.1" 200 9231
200.54.247.70 - - [27/Feb/2018:12:36:44 -0300] "POST /cormun/servlet/solicitudot?gx-no-cache=1519745751765 HTTP/1.1" 200 257
200.54.247.70 - - [27/Feb/2018:12:36:46 -0300] "GET /cormun/servlet/solicitudot?dde39e800cf5813b98aef7d8af45ebf9552e728f50cad3409152ba07614eec1d4d14f2c6589a4adff5f7951ce0d4124bb9fd50d05a683fd086663dcf3d148e89e6e23206900706a49ab4620197a4424513578658354e1001b6090709b31e7b2617ba4971d097cd5fb895a2b3e0c6ec39170e76e8b2f087d58bd6fa2310ea64c348e75a705653ab18a56714fca364f80bd9f54da09384f59df1bf58cf5f743c166da3f6d7c4def2fbee9765b24ee7ac70453ad08e97813eb9c226287b23c4c025fa40e24a1c20aa3ac0b50a28741ba01e55484253365aa7144be6366f347bb570e5f3b5cac87fa18acf508841b2f8479441677bc5bf3944b85e4e2d527b8503349acaa1c81ad0d04bf1ee4ea6030292ad468610c97d3006d998965829baec6049998aec081ff0b40fe9d22c8d422f2e6033fecc3141bfaea982f1ad5d4c32f94ffaa6c9e5d83a80e05f43451f9e0b178b571061bb8d1e4aa8a6b401af8d2695d65a63c3ca1e018242f647c058cac2581eee30940ddbbd85cb2a3e6ab0fe31dd4c,gx-no-cache=1519745752864 HTTP/1.1" 200 30
200.54.247.70 - - [27/Feb/2018:12:36:46 -0300] "POST /cormun/servlet/solicitudot?gx-no-cache=1519745755049 HTTP/1.1" 200 30
200.54.247.70 - - [27/Feb/2018:12:36:47 -0300] "POST /cormun/servlet/solicitudot?gx-no-cache=1519745755175 HTTP/1.1" 200 1337
200.54.247.70 - - [27/Feb/2018:12:36:47 -0300] "POST /cormun/servlet/solicitudot?gx-no-cache=1519745755730 HTTP/1.1" 200 41
200.54.247.70 - - [27/Feb/2018:12:36:47 -0300] "POST /cormun/servlet/solicitudot?gx-no-cache=1519745755813 HTTP/1.1" 200 1319
200.54.247.70 - - [27/Feb/2018:12:36:47 -0300] "POST /cormun/servlet/solicitudot?gx-no-cache=1519745756057 HTTP/1.1" 200 1218
200.54.247.70 - - [27/Feb/2018:12:36:47 -0300] "GET /cormun/servlet/solicitudot?dde39e800cf5813b98aef7d8af45ebf9a7a5a36f51e2a0ed85f6ae36f8ab00030736f682f87feba7a926adb57d28c182,gx-no-cache=1519745756243 HTTP/1.1" 200 30
200.54.247.70 - - [27/Feb/2018:12:36:47 -0300] "POST /cormun/servlet/solicitudot?gx-no-cache=1519745756325 HTTP/1.1" 200 30
200.54.247.70 - - [27/Feb/2018:12:36:48 -0300] "POST /cormun/servlet/solicitudot?9243fd6fc3962d0d78f9e43a169b0a0a,INS,0,0,,gx-no-cache=1519745756400 HTTP/1.1" 200 12402
186.103.159.189 - - [27/Feb/2018:12:36:53 -0300] "GET /cormun/servlet/trvisualizadoreventos? HTTP/1.1" 200 6913
186.103.159.189 - - [27/Feb/2018:12:36:55 -0300] "GET /cormun/servlet/trvisualizadoreventos? HTTP/1.1" 200 6912
186.103.159.189 - - [27/Feb/2018:12:37:04 -0300] "GET /cormun/servlet/trautorizarsolicitud? HTTP/1.1" 200 9009
186.103.159.189 - - [27/Feb/2018:12:37:05 -0300] "GET /cormun/servlet/trautorizarsolicitud? HTTP/1.1" 200 9009
186.103.156.166 - - [27/Feb/2018:12:37:05 -0300] "POST /cormun/servlet/solicitudot?gx-no-cache=1519745780858 HTTP/1.1" 200 30
200.54.247.70 - - [27/Feb/2018:12:37:12 -0300] "GET /cormun/servlet/solicitudot?dde39e800cf5813b98aef7d8af45ebf9d552feacd059913f2b324392b2778f40fd5fefb321242b16193fd6e4488b2061d3ef582c17799be2abc3af9d37ce7c4f,gx-no-cache=1519745780616 HTTP/1.1" 200 30
200.54.247.70 - - [27/Feb/2018:12:37:12 -0300] "POST /cormun/servlet/solicitudot?gx-no-cache=1519745780681 HTTP/1.1" 200 257
200.54.247.70 - - [27/Feb/2018:12:37:12 -0300] "GET /cormun/servlet/solicitudot?dde39e800cf5813b98aef7d8af45ebf9552e728f50cad3409152ba07614eec1d4d14f2c6589a4adff5f7951ce0d4124bb9fd50d05a683fd086663dcf3d148e89e6e23206900706a49ab4620197a4424513578658354e1001b6090709b31e7b2617ba4971d097cd5fb895a2b3e0c6ec39170e76e8b2f087d58bd6fa2310ea64c348e75a705653ab18a56714fca364f80bd9f54da09384f59df1bf58cf5f743c166da3f6d7c4def2fbee9765b24ee7ac70453ad08e97813eb9c226287b23c4c025fa40e24a1c20aa3ac0b50a28741ba01e55484253365aa7144be6366f347bb570e5f3b5cac87fa18acf508841b2f8479441677bc5bf3944b85e4e2d527b8503349acaa1c81ad0d04bf1ee4ea6030292ad468610c97d3006d998965829baec6049998aec081ff0b40fe9d22c8d422f2e6033fecc3141bfaea982f1ad5d4c32f94ffaa6c9e5d83a80e05f43451f9e0b178b571061bb8d1e4aa8a6b401af8d2695d65a63c3ca1e018242f647c058cac2581eee30940ddbbd85cb2a3e6ab0fe31dd4c,gx-no-cache=1519745780748 HTTP/1.1" 200 30
200.54.247.70 - - [27/Feb/2018:12:37:12 -0300] "POST /cormun/servlet/solicitudot?gx-no-cache=1519745780799 HTTP/1.1" 200 30
200.54.247.70 - - [27/Feb/2018:12:37:12 -0300] "POST /cormun/servlet/solicitudot?gx-no-cache=1519745780900 HTTP/1.1" 200 1337
200.54.247.70 - - [27/Feb/2018:12:37:13 -0300] "POST /cormun/servlet/solicitudot?gx-no-cache=1519745781442 HTTP/1.1" 200 41
200.54.247.70 - - [27/Feb/2018:12:37:13 -0300] "POST /cormun/servlet/solicitudot?gx-no-cache=1519745781509 HTTP/1.1" 200 1319
200.54.247.70 - - [27/Feb/2018:12:37:13 -0300] "POST /cormun/servlet/solicitudot?gx-no-cache=1519745781708 HTTP/1.1" 200 1218
200.54.247.70 - - [27/Feb/2018:12:37:13 -0300] "GET /cormun/servlet/solicitudot?dde39e800cf5813b98aef7d8af45ebf9a7a5a36f51e2a0ed85f6ae36f8ab00030736f682f87feba7a926adb57d28c182,gx-no-cache=1519745782243 HTTP/1.1" 200 30
200.54.247.70 - - [27/Feb/2018:12:37:13 -0300] "POST /cormun/servlet/solicitudot?gx-no-cache=1519745782313 HTTP/1.1" 200 30
200.111.122.170 - - [27/Feb/2018:12:37:14 -0300] "POST /cormun/servlet/trsolicitudot?6c16949fff86b203e53647e90faec2cc,gx-no-cache=1519745784411 HTTP/1.1" 200 106
200.111.122.170 - - [27/Feb/2018:12:37:14 -0300] "GET /cormun/servlet/solicitudot?UPD,2018,9693, HTTP/1.1" 200 15422
200.54.247.70 - - [27/Feb/2018:12:37:15 -0300] "POST /cormun/servlet/solicitudot?9243fd6fc3962d0d78f9e43a169b0a0a,INS,0,0,,gx-no-cache=1519745782419 HTTP/1.1" 200 12533
200.111.122.170 - - [27/Feb/2018:12:37:16 -0300] "GET /cormun/servlet/solicitudot?UPD,2018,9693, HTTP/1.1" 200 15431
186.103.161.206 - - [27/Feb/2018:12:37:17 -0300] "POST /cormun/servlet/solicitudot?gx-no-cache=1519745790418 HTTP/1.1" 200 3426
186.103.161.206 - - [27/Feb/2018:12:37:19 -0300] "POST /cormun/servlet/solicitudot?6c16949fff86b203e53647e90faec2cc,UPD,2018,9693,,gx-no-cache=1519745791902 HTTP/1.1" 200 11730
186.103.161.206 - - [27/Feb/2018:12:37:20 -0300] "GET /cormun/servlet/solicitudot?2eac4b82f64fb105b76995973e34ad5b8f5a3d2fde9a588df9870d58ab9a16a2583ed9a0800c40486921ba978f7ea9a9,gx-no-cache=1519745794115 HTTP/1.1" 200 30
186.103.161.206 - - [27/Feb/2018:12:37:20 -0300] "GET /cormun/servlet/solicitudot?2eac4b82f64fb105b76995973e34ad5b201472c803c179b44e36e56c446aadff369245c5f50979ed73f2f9979aed502586f590c07d16275bae4aaaf2f9dc8bdc,gx-no-cache=1519745794320 HTTP/1.1" 200 30
186.103.161.206 - - [27/Feb/2018:12:37:20 -0300] "GET /cormun/servlet/solicitudot?2eac4b82f64fb105b76995973e34ad5bdd4b3bbd5c9173dee7348016a80a8a15849ca3de51aa5dfea19afceb277976f797af89fd32f0c9c7b84b216e478e5f55,gx-no-cache=1519745794483 HTTP/1.1" 200 51
186.103.161.206 - - [27/Feb/2018:12:37:20 -0300] "POST /cormun/servlet/solicitudot?gx-no-cache=1519745794605 HTTP/1.1" 200 254
186.103.161.206 - - [27/Feb/2018:12:37:20 -0300] "GET /cormun/servlet/solicitudot?2eac4b82f64fb105b76995973e34ad5b6f226b82ee13f032b0c327af6579ba5b1b60a183d196cf6c507364ffe1f0f4ff724553f512e55099916850279f8944669f7986367ccd92d8df574227c3c88ec3ec20a236272f96de3fa8d8f30ef6a0f8f7a2bdf11f70ed4f228c8634fc7d91b23803a8f7dcac20837b9e0b31eae74132304d442a1ce1a5043f25b7da7198e0604b8d5bad29274cc3f8313f4b09387f3693475f8cd484079cf299d4df5267bdc8f0d77b3c111b8856047ea63f9492408d42f02dca12a48857e86b915e339640ca1db0b963485cc7dd92f19dc09db00cadaf68a37d0dba53a282fa50aa78a62d8717de3fe2de244eb797c67c7d4a453767c33770e74a9a51e80270bccbc9c003e3367c572945732ba3c438d3f34d69a654137a6ec1b211ad5b8e00398113d36df2349ed55a32b62a97e0e60144a18d513b1af25a273eb9a38cc9a3786dfc3379483f7706c1ebaa6ccd4b1677480cf7749339cef10f75d68125b1badd33693acf56e54d73c65170286432539504ec4404a2,gx-no-cache=1519745794918 HTTP/1.1" 200 30
186.103.161.206 - - [27/Feb/2018:12:37:21 -0300] "POST /cormun/servlet/solicitudot?gx-no-cache=1519745795041 HTTP/1.1" 200 30
186.103.161.206 - - [27/Feb/2018:12:37:22 -0300] "POST /cormun/servlet/solicitudot?gx-no-cache=1519745795327 HTTP/1.1" 200 1337
186.103.161.206 - - [27/Feb/2018:12:37:23 -0300] "POST /cormun/servlet/solicitudot?gx-no-cache=1519745796246 HTTP/1.1" 200 41
186.103.159.189 - - [27/Feb/2018:12:37:26 -0300] "GET /cormun/servlet/trvisualizadoreventos? HTTP/1.1" 200 6913
186.103.159.189 - - [27/Feb/2018:12:37:28 -0300] "GET /cormun/servlet/trvisualizadoreventos? HTTP/1.1" 200 6912
190.151.100.218 - - [27/Feb/2018:12:37:28 -0300] "GET /cormun/servlet/solicitudot?2eac4b82f64fb105b76995973e34ad5bafe07e27f30001f4dc14a52d4da91075172c0eba256a85d29a65eb29a8ab6350d4a1d62cbc97f4607f74813ef9dea65aa2fc7d9282b28b2c840e135294093300a35ff7a9d2ed6ba3e068bc7bbc34a53d8c8d2e748358b31cbd068f7498663321fabc4ef0d73c4f0b4c7890fc9e62d20e517f534954d54bc84b68a24d291bab8bad9c29368cb889c22ec580f88c8cc29d,gx-no-cache=1519745802157 HTTP/1.1" 200 29
190.151.100.218 - - [27/Feb/2018:12:37:29 -0300] "POST /cormun/servlet/solicitudot?gx-no-cache=1519745802593 HTTP/1.1" 200 1319
190.151.100.218 - - [27/Feb/2018:12:37:29 -0300] "POST /cormun/servlet/solicitudot?gx-no-cache=1519745803224 HTTP/1.1" 200 1219
190.151.100.218 - - [27/Feb/2018:12:37:29 -0300] "GET /cormun/servlet/solicitudot?2eac4b82f64fb105b76995973e34ad5bacfc895684ebc8225ea14fa169bf7f3b56e9f469b772b02b7de5508a9337e83a,gx-no-cache=1519745803498 HTTP/1.1" 200 30
190.151.100.218 - - [27/Feb/2018:12:37:30 -0300] "POST /cormun/servlet/solicitudot?gx-no-cache=1519745804184 HTTP/1.1" 200 30
190.151.100.218 - - [27/Feb/2018:12:37:32 -0300] "POST /cormun/servlet/solicitudot?6c16949fff86b203e53647e90faec2cc,UPD,2018,9693,,gx-no-cache=1519745804526 HTTP/1.1" 200 93
190.151.100.218 - - [27/Feb/2018:12:37:33 -0300] "GET /cormun/servlet/hpexe_return? HTTP/1.1" 200 1013
190.151.100.218 - - [27/Feb/2018:12:37:34 -0300] "GET /cormun/servlet/trsolicitudot HTTP/1.1" 200 9235
190.151.100.218 - - [27/Feb/2018:12:37:35 -0300] "GET /cormun/servlet/trsolicitudot HTTP/1.1" 200 9231
186.103.159.189 - - [27/Feb/2018:12:37:37 -0300] "POST /cormun/servlet/trvisualizadoreventos?fcb1aeef56e1db2c09d2ce98c021dc35,,gx-no-cache=1519745810870 HTTP/1.1" 200 4138
186.103.159.189 - - [27/Feb/2018:12:37:42 -0300] "POST /cormun/servlet/trvisualizadoreventos?fcb1aeef56e1db2c09d2ce98c021dc35,,gx-no-cache=1519745815897 HTTP/1.1" 200 4138
200.54.247.70 - - [27/Feb/2018:12:37:44 -0300] "GET /cormun/servlet/solicitudot?dde39e800cf5813b98aef7d8af45ebf9e3f63b8e34b37e2fdf5a6d7cbda10c3f945041cd41413918bb82777ddcb31074ebed9632ce8e17ab0743ceb6799b7bef,gx-no-cache=1519745812616 HTTP/1.1" 200 30
200.54.247.70 - - [27/Feb/2018:12:37:44 -0300] "POST /cormun/servlet/solicitudot?gx-no-cache=1519745812768 HTTP/1.1" 200 257
200.54.247.70 - - [27/Feb/2018:12:37:44 -0300] "GET /cormun/servlet/solicitudot?dde39e800cf5813b98aef7d8af45ebf9552e728f50cad3409152ba07614eec1d4d14f2c6589a4adff5f7951ce0d4124bb9fd50d05a683fd086663dcf3d148e89e6e23206900706a49ab4620197a4424513578658354e1001b6090709b31e7b2617ba4971d097cd5fb895a2b3e0c6ec39170e76e8b2f087d58bd6fa2310ea64c348e75a705653ab18a56714fca364f80bd9f54da09384f59df1bf58cf5f743c166da3f6d7c4def2fbee9765b24ee7ac70453ad08e97813eb9c226287b23c4c025fa40e24a1c20aa3ac0b50a28741ba01e55484253365aa7144be6366f347bb570e5f3b5cac87fa18acf508841b2f8479441677bc5bf3944b85e4e2d527b8503349acaa1c81ad0d04bf1ee4ea6030292ad468610c97d3006d998965829baec6049998aec081ff0b40fe9d22c8d422f2e6033fecc3141bfaea982f1ad5d4c32f94ffaa6c9e5d83a80e05f43451f9e0b178b571061bb8d1e4aa8a6b401af8d2695d65a63c3ca1e018242f647c058cac2581eee30940ddbbd85cb2a3e6ab0fe31dd4c,gx-no-cache=1519745812855 HTTP/1.1" 200 30
200.54.247.70 - - [27/Feb/2018:12:37:44 -0300] "POST /cormun/servlet/solicitudot?gx-no-cache=1519745812952 HTTP/1.1" 200 30
200.54.247.70 - - [27/Feb/2018:12:37:44 -0300] "POST /cormun/servlet/solicitudot?gx-no-cache=1519745813074 HTTP/1.1" 200 1337
200.54.247.70 - - [27/Feb/2018:12:37:44 -0300] "POST /cormun/servlet/solicitudot?gx-no-cache=1519745813235 HTTP/1.1" 200 41
200.54.247.70 - - [27/Feb/2018:12:37:45 -0300] "POST /cormun/servlet/solicitudot?gx-no-cache=1519745813310 HTTP/1.1" 200 1319
200.54.247.70 - - [27/Feb/2018:12:37:45 -0300] "POST /cormun/servlet/solicitudot?gx-no-cache=1519745813472 HTTP/1.1" 200 1218
200.54.247.70 - - [27/Feb/2018:12:37:45 -0300] "GET /cormun/servlet/solicitudot?dde39e800cf5813b98aef7d8af45ebf9a7a5a36f51e2a0ed85f6ae36f8ab00030736f682f87feba7a926adb57d28c182,gx-no-cache=1519745814142 HTTP/1.1" 200 30
200.54.247.70 - - [27/Feb/2018:12:37:45 -0300] "POST /cormun/servlet/solicitudot?gx-no-cache=1519745814237 HTTP/1.1" 200 30
200.54.247.70 - - [27/Feb/2018:12:37:46 -0300] "POST /cormun/servlet/solicitudot?9243fd6fc3962d0d78f9e43a169b0a0a,INS,0,0,,gx-no-cache=1519745814303 HTTP/1.1" 200 12611
186.103.156.166 - - [27/Feb/2018:12:37:50 -0300] "POST /cormun/servlet/solicitudot?gx-no-cache=1519745824279 HTTP/1.1" 200 1412
186.103.159.189 - - [27/Feb/2018:12:37:50 -0300] "GET /cormun/static/menuarrow.gif HTTP/1.1" 404 1015
186.103.156.166 - - [27/Feb/2018:12:37:55 -0300] "POST /cormun/servlet/solicitudot?gx-no-cache=1519745830320 HTTP/1.1" 200 117
200.111.122.170 - - [27/Feb/2018:12:37:55 -0300] "POST /cormun/servlet/trsolicitudot?6c16949fff86b203e53647e90faec2cc,gx-no-cache=1519745825303 HTTP/1.1" 200 105
186.103.159.189 - - [27/Feb/2018:12:37:56 -0300] "POST /cormun/servlet/trvisualizadoreventos?fcb1aeef56e1db2c09d2ce98c021dc35,,gx-no-cache=1519745829405 HTTP/1.1" 200 4147
200.111.122.170 - - [27/Feb/2018:12:37:57 -0300] "GET /cormun/servlet/solicitudot?UPD,2018,9692, HTTP/1.1" 200 15464
186.103.159.189 - - [27/Feb/2018:12:37:58 -0300] "POST /cormun/servlet/trvisualizadoreventos?fcb1aeef56e1db2c09d2ce98c021dc35,,gx-no-cache=1519745831674 HTTP/1.1" 200 4147
