192.168.10.56 - - [27/Feb/2018:17:18:37 -0300] "GET /cormun/servlet/hpexe_return? HTTP/1.1" 200 1035
192.168.10.56 - - [27/Feb/2018:17:18:37 -0300] "GET /cormun/servlet/trsolicitudgral?gx-no-cache=1519761592464 HTTP/1.1" 200 10801
192.168.10.56 - - [27/Feb/2018:17:18:38 -0300] "GET /cormun/servlet/trsolicitudgral?gx-no-cache=1519761592464 HTTP/1.1" 200 10817
186.103.159.43 - - [27/Feb/2018:17:18:41 -0300] "GET /cormun/static/Resources/resize.gif HTTP/1.1" 200 77
186.103.159.43 - - [27/Feb/2018:17:18:41 -0300] "GET /cormun/servlet/prbanco?,MD,,gxPopupLevel%3D0%3B HTTP/1.1" 200 6585
186.103.159.43 - - [27/Feb/2018:17:18:41 -0300] "GET /cormun/static/gxcfg.js?20181161016094 HTTP/1.1" 200 953
186.103.159.43 - - [27/Feb/2018:17:18:41 -0300] "GET /cormun/static/prbanco.js?2018116101633 HTTP/1.1" 200 10693
186.103.159.43 - - [27/Feb/2018:17:18:41 -0300] "GET /cormun/static/Resources/PXToolsMenuSearch.png HTTP/1.1" 200 2914
186.103.159.43 - - [27/Feb/2018:17:18:42 -0300] "GET /cormun/static/Resources/PXToolsMenuSearchCancel.png HTTP/1.1" 200 2972
192.168.10.56 - - [27/Feb/2018:17:18:43 -0300] "POST /cormun/servlet/trsolicitudgral?072496a4cdb624c87bc3984b13541d66,gx-no-cache=1519761592464,gx-no-cache=1519762565368 HTTP/1.1" 200 7354
192.168.10.56 - - [27/Feb/2018:17:18:43 -0300] "GET /cormun/static/Shared/jqueryui/images/ui-icons_82798d_256x240.png HTTP/1.1" 404 1089
192.168.10.56 - - [27/Feb/2018:17:18:43 -0300] "GET /cormun/static/Shared/jqueryui/images/ui-bg_highlight-soft_100_c6c2c8_1x100.png HTTP/1.1" 404 1117
192.168.10.56 - - [27/Feb/2018:17:18:43 -0300] "GET /cormun/static/Shared/jqueryui/images/ui-icons_8d78a5_256x240.png HTTP/1.1" 404 1089
192.168.10.56 - - [27/Feb/2018:17:18:43 -0300] "GET /cormun/static/Shared/jqueryui/images/ui-bg_flat_55_fafafa_40x100.png HTTP/1.1" 404 1097
186.103.159.43 - - [27/Feb/2018:17:18:57 -0300] "GET /cormun/servlet/solicitudot?04ba3a82ed1fa4699d66382e68b5fbeb78a770528d30e4d1e39286bb841aed45,gx-no-cache=1519762691340 HTTP/1.1" 200 60
192.168.10.56 - - [27/Feb/2018:17:19:09 -0300] "GET /cormun/servlet/hlogin HTTP/1.1" 200 1761
192.168.10.56 - - [27/Feb/2018:17:19:15 -0300] "POST /cormun/servlet/hlogin?072496a4cdb624c87bc3984b13541d66,gx-no-cache=1519762597194 HTTP/1.1" 200 90
192.168.10.56 - - [27/Feb/2018:17:19:15 -0300] "GET /cormun/servlet/hpexe_link HTTP/1.1" 200 979
192.168.10.56 - - [27/Feb/2018:17:19:15 -0300] "GET /cormun/servlet/trsolicitudgral?gx-no-cache=1519761592464 HTTP/1.1" 200 10363
192.168.10.56 - - [27/Feb/2018:17:19:16 -0300] "GET /cormun/servlet/trsolicitudgral?gx-no-cache=1519761592464 HTTP/1.1" 200 10382
192.168.10.56 - - [27/Feb/2018:17:19:22 -0300] "POST /cormun/servlet/trsolicitudgral?072496a4cdb624c87bc3984b13541d66,gx-no-cache=1519761592464,gx-no-cache=1519762604563 HTTP/1.1" 200 5927
192.168.10.56 - - [27/Feb/2018:17:19:27 -0300] "POST /cormun/servlet/trsolicitudgral?072496a4cdb624c87bc3984b13541d66,gx-no-cache=1519761592464,gx-no-cache=1519762608867 HTTP/1.1" 200 5930
192.168.10.56 - - [27/Feb/2018:17:19:31 -0300] "POST /cormun/servlet/trsolicitudgral?072496a4cdb624c87bc3984b13541d66,gx-no-cache=1519761592464,gx-no-cache=1519762613282 HTTP/1.1" 200 5929
192.168.10.56 - - [27/Feb/2018:17:19:37 -0300] "POST /cormun/servlet/trsolicitudgral?072496a4cdb624c87bc3984b13541d66,gx-no-cache=1519761592464,gx-no-cache=1519762619498 HTTP/1.1" 200 5927
192.168.10.56 - - [27/Feb/2018:17:19:42 -0300] "POST /cormun/servlet/trsolicitudgral?072496a4cdb624c87bc3984b13541d66,gx-no-cache=1519761592464,gx-no-cache=1519762624611 HTTP/1.1" 200 8064
192.168.10.56 - - [27/Feb/2018:17:19:54 -0300] "POST /cormun/servlet/trsolicitudgral?072496a4cdb624c87bc3984b13541d66,gx-no-cache=1519761592464,gx-no-cache=1519762636597 HTTP/1.1" 200 5927
192.168.10.56 - - [27/Feb/2018:17:20:00 -0300] "POST /cormun/servlet/trsolicitudgral?072496a4cdb624c87bc3984b13541d66,gx-no-cache=1519761592464,gx-no-cache=1519762641805 HTTP/1.1" 200 9041
186.103.159.43 - - [27/Feb/2018:17:20:34 -0300] "POST /cormun/servlet/solicitudot?fc08916ca711eb93cff91b1922a6ac6e,INS,0,0,,gx-no-cache=1519762786504 HTTP/1.1" 200 10670
186.103.159.43 - - [27/Feb/2018:17:20:34 -0300] "GET /cormun/static/Shared/jqueryui/images/ui-icons_82798d_256x240.png HTTP/1.1" 404 1089
186.103.159.43 - - [27/Feb/2018:17:20:34 -0300] "GET /cormun/static/Shared/jqueryui/images/ui-bg_highlight-soft_100_c6c2c8_1x100.png HTTP/1.1" 404 1117
186.103.159.43 - - [27/Feb/2018:17:20:35 -0300] "GET /cormun/static/Shared/jqueryui/images/ui-bg_flat_55_fafafa_40x100.png HTTP/1.1" 404 1097
186.103.159.43 - - [27/Feb/2018:17:20:38 -0300] "GET /cormun/servlet/solicitudot?04ba3a82ed1fa4699d66382e68b5fbebe8296880d737a3430029413fc8c66cbf0120d048a77e69dbf24368ed6c919e34,gx-no-cache=1519762791935 HTTP/1.1" 200 30
186.103.159.43 - - [27/Feb/2018:17:20:38 -0300] "GET /cormun/servlet/solicitudot?04ba3a82ed1fa4699d66382e68b5fbeb70d2eac92b98d2d2918ba47fed6f14bb99bf0dc998e165d842400364d38fc50eada1532a17e05d32ca2475b3bc6e8c15b25e55ce1985f053437273f6a9de2057,gx-no-cache=1519762792013 HTTP/1.1" 200 60
186.103.159.43 - - [27/Feb/2018:17:20:40 -0300] "POST /cormun/servlet/solicitudot?gx-no-cache=1519762793163 HTTP/1.1" 200 255
186.103.159.43 - - [27/Feb/2018:17:20:42 -0300] "GET /cormun/servlet/solicitudot?04ba3a82ed1fa4699d66382e68b5fbeb46cdf4102ec3d79dc69d59ce152fba8698e7a726c7e913cb9a76137606110081a169205b54ff74255a00e99cbfbc5886f397c4869b93d6ca3c90538a37d89ffa9021e8d294e42a0de26ca40a51c36602947d9c666e3bf0ab078d37832d8c5fdc6f29fa25fc60cc474412f60dff1a4f7165128cb915428c5a4a705a902ec1efa2617271f90dc00735400e6986b40af5b9a33bce52f7c85b7b14c6485793fdba2199747711fc6088e526856266d3698559901fe0b274d5aaaa30d059725b5772ada8b76b9e4bcfbc2d33be895ef392e41e0fb6fa7f2221138f1ed1c1fb5746a3d1d766cc36aac9bdf4747b422a0d4bc01919f8b588652b6d0c7af3d3328273d12efa418f2d62fbd97c2acf4e8601405da8deed86226639fd3ce566b25bcf55ec2efd35fcbdabb0954cf48418d3e9ad2a9bac2f9acc9fdf4f91c3ce84b460acbefd8e5d1eabfce4bd8e6ea9991ac377e68e1aeb4a1a24a297f62f8c2934804d9c1ff48f26de46904365d10dfb607a6687c7,gx-no-cache=1519762795853 HTTP/1.1" 200 30
186.103.159.43 - - [27/Feb/2018:17:20:50 -0300] "POST /cormun/servlet/solicitudot?gx-no-cache=1519762803794 HTTP/1.1" 200 30
186.103.159.43 - - [27/Feb/2018:17:20:52 -0300] "POST /cormun/servlet/solicitudot?gx-no-cache=1519762805567 HTTP/1.1" 200 1333
186.103.159.43 - - [27/Feb/2018:17:20:52 -0300] "POST /cormun/servlet/solicitudot?gx-no-cache=1519762805705 HTTP/1.1" 200 38
186.103.159.189 - - [27/Feb/2018:17:21:52 -0300] "GET /cormun/servlet/hlogin HTTP/1.1" 200 1723
186.103.159.189 - - [27/Feb/2018:17:21:53 -0300] "GET /cormun/static/gxcfg.js?20175251213516 HTTP/1.1" 200 953
186.103.159.189 - - [27/Feb/2018:17:21:53 -0300] "GET /cormun/static/Resources/Spanish/PXTools.css?11423723 HTTP/1.1" 200 89042
186.103.159.189 - - [27/Feb/2018:17:21:53 -0300] "GET /cormun/static/Resources/ComunLogin.png HTTP/1.1" 200 17326
186.103.159.189 - - [27/Feb/2018:17:21:53 -0300] "GET /cormun/static/Resources/PXToolsLoginTop.png HTTP/1.1" 200 1337
186.103.159.189 - - [27/Feb/2018:17:21:53 -0300] "GET /cormun/static/Resources/PXToolsLoginBackground.png HTTP/1.1" 200 1164
186.103.159.189 - - [27/Feb/2018:17:21:53 -0300] "GET /cormun/static/Resources/PXToolsButtonLeft21.png HTTP/1.1" 200 1287
186.103.159.189 - - [27/Feb/2018:17:21:53 -0300] "GET /cormun/static/Resources/PXToolsButtonRight21.png HTTP/1.1" 200 1283
186.103.159.189 - - [27/Feb/2018:17:21:54 -0300] "GET /cormun/static/Resources/PXToolsLoginBottom.png HTTP/1.1" 200 1389
186.103.159.189 - - [27/Feb/2018:17:21:54 -0300] "GET /cormun/static/Resources/PXToolsButtonBackground2.png HTTP/1.1" 200 1181
186.103.159.43 - - [27/Feb/2018:17:21:54 -0300] "GET /cormun/servlet/solicitudot?04ba3a82ed1fa4699d66382e68b5fbeb4b6006b1d81d125580af30b6e582215ec63713dd189df3768d26b2b4537d40bb937e072c14f72c1156dcc08c16f3c173ba3e212e9fdbd2b01dbaf464913a142379fa499f1ad08dbdd09be2357c3b3ed49e5f77ec28ff9728a4a51030ef15d2c1,gx-no-cache=1519762868140 HTTP/1.1" 200 29
186.103.159.43 - - [27/Feb/2018:17:21:54 -0300] "POST /cormun/servlet/solicitudot?gx-no-cache=1519762868266 HTTP/1.1" 200 1318
186.103.159.43 - - [27/Feb/2018:17:21:55 -0300] "POST /cormun/servlet/solicitudot?gx-no-cache=1519762868525 HTTP/1.1" 200 1215
186.103.159.189 - - [27/Feb/2018:17:22:06 -0300] "POST /cormun/servlet/hlogin?552b71a243177ff77d17df8255dfbfd4,gx-no-cache=1519766472699 HTTP/1.1" 200 90
186.103.159.189 - - [27/Feb/2018:17:22:06 -0300] "GET /cormun/servlet/hpexe_link HTTP/1.1" 200 956
186.103.159.189 - - [27/Feb/2018:17:22:07 -0300] "GET /cormun/servlet/hhome HTTP/1.1" 200 4175
186.103.159.189 - - [27/Feb/2018:17:22:07 -0300] "GET /cormun/static/gxcfg.js?20175251212442 HTTP/1.1" 200 953
186.103.159.189 - - [27/Feb/2018:17:22:07 -0300] "GET /cormun/static/PXToolsJavascripts/pexe_oav.js HTTP/1.1" 200 645
186.103.159.189 - - [27/Feb/2018:17:22:07 -0300] "GET /cormun/static/PXToolsJavascripts/pexe_menudivfix.js HTTP/1.1" 200 333
186.103.159.189 - - [27/Feb/2018:17:22:07 -0300] "GET /cormun/static/PXToolsJavascripts/pexe_cookies.js HTTP/1.1" 200 792
186.103.159.189 - - [27/Feb/2018:17:22:07 -0300] "GET /cormun/static/PXToolsJavascripts/pexe_oavdivfix.js HTTP/1.1" 200 639
186.103.159.189 - - [27/Feb/2018:17:22:07 -0300] "GET /cormun/static/PXToolsJavascripts/pexe_picture.js HTTP/1.1" 200 689
186.103.159.189 - - [27/Feb/2018:17:22:07 -0300] "GET /cormun/static/PXToolsJavascripts/pexe_tabdivfix.js HTTP/1.1" 200 876
186.103.159.189 - - [27/Feb/2018:17:22:07 -0300] "GET /cormun/static/RunJS/RunJS.js HTTP/1.1" 200 288
186.103.159.189 - - [27/Feb/2018:17:22:08 -0300] "GET /cormun/static/PXToolsJavascripts/PXToolsJavascriptsRender.js HTTP/1.1" 200 367
186.103.159.189 - - [27/Feb/2018:17:22:08 -0300] "GET /cormun/static/hhome.js?20175251212450 HTTP/1.1" 200 777
186.103.159.189 - - [27/Feb/2018:17:22:08 -0300] "GET /cormun/static/hpexe_messagecontroller.js?20177611595012 HTTP/1.1" 200 870
186.103.159.189 - - [27/Feb/2018:17:22:08 -0300] "GET /cormun/static/hpexe_messagegenexuscomponent.js?201752511465344 HTTP/1.1" 200 587
186.103.159.189 - - [27/Feb/2018:17:22:08 -0300] "GET /cormun/static/hpexe_messagepopupcomponent.js?20161017169425 HTTP/1.1" 200 605
186.103.159.189 - - [27/Feb/2018:17:22:08 -0300] "GET /cormun/static/Resources/PXToolsHeaderActionsLeft.png HTTP/1.1" 200 1118
186.103.159.189 - - [27/Feb/2018:17:22:08 -0300] "GET /cormun/static/Resources/PXToolsHeaderHome.png HTTP/1.1" 200 4147
186.103.159.189 - - [27/Feb/2018:17:22:08 -0300] "GET /cormun/static/Resources/logo4.png HTTP/1.1" 200 6582
186.103.159.189 - - [27/Feb/2018:17:22:08 -0300] "GET /cormun/static/Resources/PXToolsHeaderLogin.png HTTP/1.1" 200 4279
186.103.159.189 - - [27/Feb/2018:17:22:08 -0300] "GET /cormun/static/Resources/PXToolsHeaderPreferences.png HTTP/1.1" 200 4189
186.103.159.189 - - [27/Feb/2018:17:22:08 -0300] "GET /cormun/static/Resources/PXToolsHeaderSecurity.png HTTP/1.1" 200 4166
186.103.159.189 - - [27/Feb/2018:17:22:08 -0300] "GET /cormun/static/Resources/PXToolsHeaderActionsRight.png HTTP/1.1" 200 1201
186.103.159.189 - - [27/Feb/2018:17:22:08 -0300] "GET /cormun/static/Resources/PXToolsFooterBackground2.png HTTP/1.1" 200 1172
186.103.159.189 - - [27/Feb/2018:17:22:08 -0300] "GET /cormun/static/Resources/PXToolsHeaderBackground2.png HTTP/1.1" 200 1174
186.103.159.189 - - [27/Feb/2018:17:22:08 -0300] "GET /cormun/static/Resources/PXToolsHeaderActionsBackground.png HTTP/1.1" 200 484
186.103.159.189 - - [27/Feb/2018:17:22:08 -0300] "GET /cormun/static/Resources/PXToolsDataTitle.png HTTP/1.1" 200 1173
186.103.159.189 - - [27/Feb/2018:17:22:10 -0300] "GET /cormun/servlet/hhome HTTP/1.1" 200 4172
186.103.159.189 - - [27/Feb/2018:17:22:10 -0300] "GET /cormun/static/SmoothNavMenu/resources/images/down.gif HTTP/1.1" 200 854
186.103.159.189 - - [27/Feb/2018:17:22:10 -0300] "GET /cormun/static/SmoothNavMenu/resources/images/right.gif HTTP/1.1" 200 860
186.67.164.142 - - [27/Feb/2018:17:22:10 -0300] "GET /cormun/servlet/solicitudot?e3c6413b562d421c6bec78ecc5448dae4fd42df0cfcc47bd094730361efa73a8592363cca70f46a4a82dbcd0eec29dddf5d6e6d0752fcaf0cca37a192b0fc95c7fc225deea2f6954d176c8e0014f61f252eb5086d21698c65160b4dafcb74d06addb55dbe371136dcdcd471e407ffa107c0e7f1acd3681cebe652964d94f9b0addeadc3f4430e91173e77eb6f1c40229f55126304ba8018ccfd1a0fa70439a40cd60989f307a86c25077db13a20d051e9a77aa4f185b78d5afe11c28a885134ec92f48f1ce6b9bf180ddc04fa23c15f9a9a179cb96941199b57cdeb4258c71be9a93a62128405f08df9a4ebbbd66f934f3078c3b1c7727fc05e6601ac1e089661350e95d8b0b92beb82af0ae98f4a8a14dc5e75db47f1a49441b6890c2ab5202d0d40a44c731809628f71977933b4f330ef0979c4a6bae5fb3cfecb64cd3ae14c0b870eb750730c99c44f646b09e054195952c09020032fe32291819cd5f4f86392412d48cb8efc8241adec2badf30ea87d05501d2f5ae60093a592ebd6171c8,gx-no-cache=1519762882515 HTTP/1.1" 200 30
186.67.164.142 - - [27/Feb/2018:17:22:14 -0300] "POST /cormun/servlet/solicitudot?gx-no-cache=1519762886302 HTTP/1.1" 200 30
186.67.164.142 - - [27/Feb/2018:17:22:16 -0300] "POST /cormun/servlet/solicitudot?gx-no-cache=1519762888802 HTTP/1.1" 200 1333
186.67.164.142 - - [27/Feb/2018:17:22:16 -0300] "POST /cormun/servlet/solicitudot?gx-no-cache=1519762888993 HTTP/1.1" 200 38
186.103.159.189 - - [27/Feb/2018:17:22:17 -0300] "GET /cormun/servlet/trsolicitudot? HTTP/1.1" 200 7391
186.103.159.189 - - [27/Feb/2018:17:22:19 -0300] "GET /cormun/servlet/trsolicitudot? HTTP/1.1" 200 7390
186.103.159.189 - - [27/Feb/2018:17:22:27 -0300] "GET /cormun/servlet/trautorizarsolicitud? HTTP/1.1" 200 7292
186.103.159.189 - - [27/Feb/2018:17:22:27 -0300] "GET /cormun/static/gxcfg.js?2017111423403364 HTTP/1.1" 200 953
186.103.159.189 - - [27/Feb/2018:17:22:28 -0300] "GET /cormun/servlet/trautorizarsolicitud? HTTP/1.1" 200 7292
186.103.159.189 - - [27/Feb/2018:17:22:38 -0300] "POST /cormun/servlet/trautorizarsolicitud?552b71a243177ff77d17df8255dfbfd4,,gx-no-cache=1519766504637 HTTP/1.1" 200 4415
186.103.159.189 - - [27/Feb/2018:17:22:41 -0300] "POST /cormun/servlet/trautorizarsolicitud?552b71a243177ff77d17df8255dfbfd4,,gx-no-cache=1519766507340 HTTP/1.1" 200 4415
186.103.159.189 - - [27/Feb/2018:17:22:46 -0300] "POST /cormun/servlet/trautorizarsolicitud?552b71a243177ff77d17df8255dfbfd4,,gx-no-cache=1519766512076 HTTP/1.1" 200 4414
186.103.159.189 - - [27/Feb/2018:17:22:50 -0300] "GET /cormun/servlet/trsolicitudot? HTTP/1.1" 200 7391
186.103.159.189 - - [27/Feb/2018:17:22:52 -0300] "GET /cormun/servlet/trsolicitudot? HTTP/1.1" 200 7390
186.103.159.189 - - [27/Feb/2018:17:23:04 -0300] "GET /cormun/servlet/solicitudot?INS,0,0, HTTP/1.1" 200 13620
186.103.159.189 - - [27/Feb/2018:17:23:07 -0300] "GET /cormun/servlet/solicitudot?INS,0,0, HTTP/1.1" 200 13625
186.103.159.43 - - [27/Feb/2018:17:23:09 -0300] "GET /cormun/servlet/solicitudot?04ba3a82ed1fa4699d66382e68b5fbeb3922e12ca2d23bf48c1f9951f87cbedef72f53cd4a0f21ff514bfce7ee7cb8b9,gx-no-cache=1519762942887 HTTP/1.1" 200 30
186.103.159.43 - - [27/Feb/2018:17:23:17 -0300] "POST /cormun/servlet/solicitudot?gx-no-cache=1519762950886 HTTP/1.1" 200 30
192.168.10.56 - - [27/Feb/2018:17:23:17 -0300] "POST /cormun/servlet/trsolicitudgral?072496a4cdb624c87bc3984b13541d66,gx-no-cache=1519761592464,gx-no-cache=1519762839518 HTTP/1.1" 200 10930
186.67.164.142 - - [27/Feb/2018:17:23:20 -0300] "GET /cormun/servlet/solicitudot?e3c6413b562d421c6bec78ecc5448daec27f68a000c3368e08f8465e0343296d0e53d2038950d5fdf4becb629a88374875fc726ccc29e9885b47f8e345039b44811f5ba403a2115509543b4db96fbfc417d0cd44aac0b3cfd344d58c2551869e5e181455845cd882960fb420aa684ff6,gx-no-cache=1519762952971 HTTP/1.1" 200 29
186.67.164.142 - - [27/Feb/2018:17:23:21 -0300] "POST /cormun/servlet/solicitudot?gx-no-cache=1519762953116 HTTP/1.1" 200 1318
186.67.164.142 - - [27/Feb/2018:17:23:21 -0300] "POST /cormun/servlet/solicitudot?gx-no-cache=1519762953778 HTTP/1.1" 200 1215
186.103.159.189 - - [27/Feb/2018:17:23:24 -0300] "POST /cormun/servlet/solicitudot?gx-no-cache=1519766549298 HTTP/1.1" 200 3430
186.103.159.189 - - [27/Feb/2018:17:23:26 -0300] "POST /cormun/servlet/solicitudot?552b71a243177ff77d17df8255dfbfd4,INS,0,0,,gx-no-cache=1519766551467 HTTP/1.1" 200 10612
186.103.159.189 - - [27/Feb/2018:17:23:44 -0300] "GET /cormun/servlet/solicitudot?7e16a1b1736eb33c804681749e607226b80e121ce28747389d02b9d3957b5ee2f67dd623a4bf506c33f65ceb4d5335e8,gx-no-cache=1519766570754 HTTP/1.1" 200 30
186.103.159.189 - - [27/Feb/2018:17:23:44 -0300] "GET /cormun/servlet/solicitudot?7e16a1b1736eb33c804681749e607226527d3664dd375c972b0644d98ec95e941a57f44f63c30dc05304a26f1d9dad8bf5c38e5d00eb0575153a00ac73d998d5,gx-no-cache=1519766571210 HTTP/1.1" 200 30
186.103.159.189 - - [27/Feb/2018:17:23:45 -0300] "GET /cormun/servlet/solicitudot?7e16a1b1736eb33c804681749e607226a7b507e1cbf48949d2668fe108390957,gx-no-cache=1519766571327 HTTP/1.1" 200 51
186.103.159.189 - - [27/Feb/2018:17:23:45 -0300] "POST /cormun/servlet/solicitudot?gx-no-cache=1519766571476 HTTP/1.1" 200 297
186.103.159.189 - - [27/Feb/2018:17:23:45 -0300] "GET /cormun/servlet/solicitudot?7e16a1b1736eb33c804681749e6072265c22a42b781d08479af3eb246e24f48c9176808271abd54ed6c6b230cd9b9dc1c1264f324795d05860949f6c4b5c313d3eb9fbb00a99767b0b33a363b403dbcefcd431c60704b6efd7474268e5fb2e01f89a0a81e84187258d979e8f9479e36c030669407237ddce10930a0f2cd18fcc65edfe70522555e87dbcf0bab41d07c5ac632375ad413e7f18ec3c67ecb39bb551c1f93e03486ae0e048a22a9b941910ebbd704b3f70aea56f5aaa3f23aead1737b956e9bc5c91b1e2a2d0ff95f1a3929f3e0a0f2912b77200e309a686c02a18ca16cea9fb002e941375014a49d9eadd77440b15f0eaaa7184ce440a5b6368581f26f75483fe85b8c2117bf85014e1398edcd1a301a217157f7dcce8fbeb2d8c40e34958d00ab02bb167ae418a8c9df76747b52a3485fc9461e473b85321def4833325191c11b22b4d1de336c9e4d3e6c2b8f1bad054740e755acbf9d99c03a2185a80d1d3208f64228b68407f97cf451eaede13d15baa5016cc88d67fd5908d43df1ed5ca707052520f34f9f5adfa5c,gx-no-cache=1519766571636 HTTP/1.1" 200 30
186.103.159.43 - - [27/Feb/2018:17:23:49 -0300] "POST /cormun/servlet/solicitudot?fc08916ca711eb93cff91b1922a6ac6e,INS,0,0,,gx-no-cache=1519762963162 HTTP/1.1" 500 10
186.103.159.189 - - [27/Feb/2018:17:23:50 -0300] "POST /cormun/servlet/solicitudot?gx-no-cache=1519766576564 HTTP/1.1" 200 30
192.168.10.56 - - [27/Feb/2018:17:24:20 -0300] "POST /cormun/servlet/trsolicitudgral?072496a4cdb624c87bc3984b13541d66,gx-no-cache=1519761592464,gx-no-cache=1519762902366 HTTP/1.1" 200 5927
186.103.159.43 - - [27/Feb/2018:17:24:23 -0300] "GET /cormun/servlet/solicitudot?INS,0,0, HTTP/1.1" 200 13602
186.103.159.43 - - [27/Feb/2018:17:24:24 -0300] "GET /cormun/servlet/solicitudot?INS,0,0, HTTP/1.1" 200 13607
186.103.159.43 - - [27/Feb/2018:17:24:24 -0300] "GET /favicon.ico HTTP/1.1" 200 21630
192.168.10.56 - - [27/Feb/2018:17:24:26 -0300] "POST /cormun/servlet/trsolicitudgral?072496a4cdb624c87bc3984b13541d66,gx-no-cache=1519761592464,gx-no-cache=1519762907372 HTTP/1.1" 200 24751
186.103.159.43 - - [27/Feb/2018:17:24:31 -0300] "GET /cormun/servlet/trsolicitudot? HTTP/1.1" 200 8741
186.103.159.189 - - [27/Feb/2018:17:24:32 -0300] "POST /cormun/servlet/solicitudot?gx-no-cache=1519766617824 HTTP/1.1" 200 1337
186.103.159.43 - - [27/Feb/2018:17:24:32 -0300] "GET /cormun/servlet/trsolicitudot? HTTP/1.1" 200 8740
186.103.159.189 - - [27/Feb/2018:17:24:32 -0300] "POST /cormun/servlet/solicitudot?gx-no-cache=1519766618590 HTTP/1.1" 200 38
186.103.159.43 - - [27/Feb/2018:17:24:47 -0300] "GET /cormun/servlet/solicitudot?INS,0,0, HTTP/1.1" 200 13602
186.103.159.43 - - [27/Feb/2018:17:24:48 -0300] "GET /cormun/servlet/solicitudot?INS,0,0, HTTP/1.1" 200 13607
192.168.10.56 - - [27/Feb/2018:17:24:50 -0300] "POST /cormun/servlet/trsolicitudgral?072496a4cdb624c87bc3984b13541d66,gx-no-cache=1519761592464,gx-no-cache=1519762931052 HTTP/1.1" 200 12338
186.67.164.142 - - [27/Feb/2018:17:24:54 -0300] "GET /cormun/static/menuarrow.gif HTTP/1.1" 404 1015
186.67.164.142 - - [27/Feb/2018:17:24:58 -0300] "GET /cormun/servlet/solicitudot?e3c6413b562d421c6bec78ecc5448dae5ad31ecd7a551cbee077e99040ac8d6c67b8364e9727be0758d23c0ae7dcf863,gx-no-cache=1519763051494 HTTP/1.1" 200 30
186.103.159.43 - - [27/Feb/2018:17:25:01 -0300] "POST /cormun/servlet/solicitudot?gx-no-cache=1519763053977 HTTP/1.1" 200 3293
186.103.159.43 - - [27/Feb/2018:17:25:02 -0300] "POST /cormun/servlet/solicitudot?fc08916ca711eb93cff91b1922a6ac6e,INS,0,0,,gx-no-cache=1519763055206 HTTP/1.1" 200 10445
186.103.159.43 - - [27/Feb/2018:17:25:02 -0300] "GET /cormun/servlet/solicitudot?04ba3a82ed1fa4699d66382e68b5fbeb88ebefbebb79813839bdfca20da7b89fba6c88100978211039cbf8236baf5129,gx-no-cache=1519763055816 HTTP/1.1" 200 111
186.103.159.43 - - [27/Feb/2018:17:25:02 -0300] "GET /cormun/static/Shared/jqueryui/images/ui-bg_highlight-soft_100_c6c2c8_1x100.png HTTP/1.1" 404 1117
186.67.164.142 - - [27/Feb/2018:17:25:02 -0300] "POST /cormun/servlet/solicitudot?gx-no-cache=1519763054996 HTTP/1.1" 200 30
186.103.159.43 - - [27/Feb/2018:17:25:02 -0300] "GET /cormun/static/Shared/jqueryui/images/ui-icons_82798d_256x240.png HTTP/1.1" 404 1089
186.103.159.43 - - [27/Feb/2018:17:25:02 -0300] "GET /cormun/static/Shared/jqueryui/images/ui-bg_flat_55_994d53_40x100.png HTTP/1.1" 404 1097
186.103.159.43 - - [27/Feb/2018:17:25:02 -0300] "GET /cormun/static/Shared/jqueryui/images/ui-icons_ebccce_256x240.png HTTP/1.1" 404 1089
186.67.164.142 - - [27/Feb/2018:17:25:12 -0300] "POST /cormun/servlet/solicitudot?bf42795224c7b2a19bef5711eeb63cf1,INS,0,0,,gx-no-cache=1519763063683 HTTP/1.1" 200 93
186.67.164.142 - - [27/Feb/2018:17:25:12 -0300] "GET /cormun/servlet/hpexe_return? HTTP/1.1" 200 1024
186.103.159.43 - - [27/Feb/2018:17:25:12 -0300] "GET /cormun/servlet/solicitudot?04ba3a82ed1fa4699d66382e68b5fbeb02bc3e34799d72289077a008682e8fa560180badd3b43f9c744a12441c72a51f,gx-no-cache=1519763065836 HTTP/1.1" 200 30
192.168.10.56 - - [27/Feb/2018:17:25:12 -0300] "POST /cormun/servlet/trsolicitudgral?072496a4cdb624c87bc3984b13541d66,gx-no-cache=1519761592464,gx-no-cache=1519762954606 HTTP/1.1" 200 5929
186.67.164.142 - - [27/Feb/2018:17:25:12 -0300] "GET /cormun/servlet/trsolicitudot?gx-no-cache=1519762260312 HTTP/1.1" 200 8567
186.67.164.142 - - [27/Feb/2018:17:25:13 -0300] "GET /cormun/servlet/trsolicitudot?gx-no-cache=1519762260312 HTTP/1.1" 200 8584
192.168.10.56 - - [27/Feb/2018:17:25:17 -0300] "POST /cormun/servlet/trsolicitudgral?072496a4cdb624c87bc3984b13541d66,gx-no-cache=1519761592464,gx-no-cache=1519762958685 HTTP/1.1" 200 8084
192.168.10.56 - - [27/Feb/2018:17:25:43 -0300] "POST /cormun/servlet/trsolicitudgral?072496a4cdb624c87bc3984b13541d66,gx-no-cache=1519761592464,gx-no-cache=1519762984525 HTTP/1.1" 200 12046
186.103.159.43 - - [27/Feb/2018:17:26:09 -0300] "GET /cormun/servlet/solicitudot?04ba3a82ed1fa4699d66382e68b5fbebe8296880d737a3430029413fc8c66cbfd12e30886d31ec1e5bd159835591201f,gx-no-cache=1519763123282 HTTP/1.1" 200 30
192.168.10.56 - - [27/Feb/2018:17:26:10 -0300] "POST /cormun/servlet/trsolicitudgral?072496a4cdb624c87bc3984b13541d66,gx-no-cache=1519761592464,gx-no-cache=1519763012750 HTTP/1.1" 200 5928
186.103.159.43 - - [27/Feb/2018:17:26:15 -0300] "GET /cormun/servlet/prbanco?,MD,,gxPopupLevel%3D0%3B HTTP/1.1" 200 6585
186.67.164.142 - - [27/Feb/2018:17:26:17 -0300] "POST /cormun/servlet/trsolicitudot?bf42795224c7b2a19bef5711eeb63cf1,gx-no-cache=1519762260312,gx-no-cache=1519763129679 HTTP/1.1" 200 106
186.67.164.142 - - [27/Feb/2018:17:26:18 -0300] "GET /cormun/servlet/trsolicitudadjuntos?2018,9700, HTTP/1.1" 200 6090
186.67.164.142 - - [27/Feb/2018:17:26:18 -0300] "GET /cormun/servlet/trsolicitudadjuntos?2018,9700, HTTP/1.1" 200 6069
186.103.159.189 - - [27/Feb/2018:17:26:19 -0300] "POST /cormun/servlet/solicitudot?gx-no-cache=1519766725745 HTTP/1.1" 200 30
186.103.159.189 - - [27/Feb/2018:17:26:19 -0300] "POST /cormun/servlet/solicitudot?gx-no-cache=1519766725998 HTTP/1.1" 200 1337
186.103.159.189 - - [27/Feb/2018:17:26:20 -0300] "POST /cormun/servlet/solicitudot?gx-no-cache=1519766726392 HTTP/1.1" 200 38
186.103.159.43 - - [27/Feb/2018:17:26:21 -0300] "GET /cormun/servlet/solicitudot?04ba3a82ed1fa4699d66382e68b5fbeb78a770528d30e4d1e39286bb841aed45,gx-no-cache=1519763134859 HTTP/1.1" 200 60
186.67.164.142 - - [27/Feb/2018:17:26:22 -0300] "GET /cormun/servlet/solicitudotadjuntos?INS,2018,9700,,1, HTTP/1.1" 200 6009
186.67.164.142 - - [27/Feb/2018:17:26:22 -0300] "GET /cormun/static/about:blank HTTP/1.1" 404 1011
186.67.164.142 - - [27/Feb/2018:17:26:22 -0300] "GET /cormun/servlet/solicitudotadjuntos?INS,2018,9700,,1, HTTP/1.1" 200 6003
186.67.164.142 - - [27/Feb/2018:17:26:23 -0300] "GET /cormun/servlet/solicitudotadjuntos?e3c6413b562d421c6bec78ecc5448dae1996b17ccac4e9946ef14221c8438fa84ad6254fea4715441d23744fdd7b8153,gx-no-cache=1519763135802 HTTP/1.1" 200 30
186.67.164.142 - - [27/Feb/2018:17:26:23 -0300] "POST /cormun/servlet/solicitudotadjuntos?bf42795224c7b2a19bef5711eeb63cf1,INS,2018,9700,,1,,gx-no-cache=1519763135887 HTTP/1.1" 200 3833
186.67.164.142 - - [27/Feb/2018:17:26:30 -0300] "POST /cormun/servlet/solicitudotadjuntos?gx-no-cache=1519763142567 HTTP/1.1" 200 26
186.103.159.43 - - [27/Feb/2018:17:26:32 -0300] "POST /cormun/servlet/solicitudot?fc08916ca711eb93cff91b1922a6ac6e,INS,0,0,,gx-no-cache=1519763145092 HTTP/1.1" 200 10669
186.103.159.43 - - [27/Feb/2018:17:26:32 -0300] "GET /cormun/static/Shared/jqueryui/images/ui-bg_flat_55_fafafa_40x100.png HTTP/1.1" 404 1097
186.103.159.43 - - [27/Feb/2018:17:26:32 -0300] "GET /cormun/static/Shared/jqueryui/images/ui-icons_8d78a5_256x240.png HTTP/1.1" 404 1089
192.168.10.56 - - [27/Feb/2018:17:26:34 -0300] "POST /cormun/servlet/trsolicitudgral?072496a4cdb624c87bc3984b13541d66,gx-no-cache=1519761592464,gx-no-cache=1519763034941 HTTP/1.1" 200 20594
186.103.159.43 - - [27/Feb/2018:17:26:35 -0300] "GET /cormun/servlet/solicitudot?04ba3a82ed1fa4699d66382e68b5fbebe8296880d737a3430029413fc8c66cbf0120d048a77e69dbf24368ed6c919e34,gx-no-cache=1519763148759 HTTP/1.1" 200 30
186.103.159.43 - - [27/Feb/2018:17:26:35 -0300] "GET /cormun/servlet/solicitudot?04ba3a82ed1fa4699d66382e68b5fbeb70d2eac92b98d2d2918ba47fed6f14bb99bf0dc998e165d842400364d38fc50eada1532a17e05d32ca2475b3bc6e8c15b25e55ce1985f053437273f6a9de2057,gx-no-cache=1519763148838 HTTP/1.1" 200 60
186.103.159.189 - - [27/Feb/2018:17:26:37 -0300] "GET /cormun/servlet/solicitudot?7e16a1b1736eb33c804681749e60722670112f6a007120938417cabf31efface383236c769f14b546dcfec1768d2469a1b5f3b3fcd40cae000a24f5cd56cbfd69f989ddfd307a6f5d0f1d473190abad4a31369bd23f48d44f88214dc9faaf96e74a372595b5f7dfcd817e05c72aa474f,gx-no-cache=1519766744066 HTTP/1.1" 200 29
186.103.159.189 - - [27/Feb/2018:17:26:38 -0300] "POST /cormun/servlet/solicitudot?gx-no-cache=1519766744258 HTTP/1.1" 200 1319
186.103.159.189 - - [27/Feb/2018:17:26:39 -0300] "POST /cormun/servlet/solicitudot?gx-no-cache=1519766744910 HTTP/1.1" 200 1218
186.103.159.189 - - [27/Feb/2018:17:26:39 -0300] "GET /cormun/static/menuarrow.gif HTTP/1.1" 404 1015
186.103.159.43 - - [27/Feb/2018:17:26:40 -0300] "POST /cormun/servlet/solicitudot?gx-no-cache=1519763154057 HTTP/1.1" 200 255
186.103.159.43 - - [27/Feb/2018:17:26:43 -0300] "GET /cormun/servlet/solicitudot?04ba3a82ed1fa4699d66382e68b5fbeb46cdf4102ec3d79dc69d59ce152fba8698e7a726c7e913cb9a76137606110081a169205b54ff74255a00e99cbfbc5886f397c4869b93d6ca3c90538a37d89ffa9021e8d294e42a0de26ca40a51c36602947d9c666e3bf0ab078d37832d8c5fdc6f29fa25fc60cc474412f60dff1a4f7165128cb915428c5a4a705a902ec1efa2617271f90dc00735400e6986b40af5b9a33bce52f7c85b7b14c6485793fdba2199747711fc6088e526856266d3698559901fe0b274d5aaaa30d059725b5772ada8b76b9e4bcfbc2d33be895ef392e41e0fb6fa7f2221138f1ed1c1fb5746a3d1d766cc36aac9bdf4747b422a0d4bc01919f8b588652b6d0c7af3d3328273d12efa418f2d62fbd97c2acf4e8601405da8deed86226639fd3ce566b25bcf55ec2efd35fcbdabb0954cf48418d3e9ad2a9bac2f9acc9fdf4f91c3ce84b460acbefd8e5d1eabfce4bd8e6ea9991ac377e68e1aeb4a1a24a297f62f8c2934804d9c1ff48f26de46904365d10dfb607a6687c7,gx-no-cache=1519763156443 HTTP/1.1" 200 30
186.103.159.43 - - [27/Feb/2018:17:26:46 -0300] "POST /cormun/servlet/solicitudot?gx-no-cache=1519763160153 HTTP/1.1" 200 30
186.103.159.43 - - [27/Feb/2018:17:26:50 -0300] "POST /cormun/servlet/solicitudot?gx-no-cache=1519763163245 HTTP/1.1" 200 1333
186.103.159.43 - - [27/Feb/2018:17:26:50 -0300] "POST /cormun/servlet/solicitudot?gx-no-cache=1519763163565 HTTP/1.1" 200 38
186.103.159.189 - - [27/Feb/2018:17:26:52 -0300] "POST /cormun/servlet/solicitudot?gx-no-cache=1519766759098 HTTP/1.1" 200 1319
186.103.159.189 - - [27/Feb/2018:17:26:53 -0300] "POST /cormun/servlet/solicitudot?gx-no-cache=1519766759396 HTTP/1.1" 200 1218
186.103.159.189 - - [27/Feb/2018:17:26:56 -0300] "GET /cormun/servlet/solicitudot?7e16a1b1736eb33c804681749e607226075adc852e7cd8c8ff49947baa660ee192401790673a68ccf623f62d1086195e,gx-no-cache=1519766763230 HTTP/1.1" 200 30
186.103.159.43 - - [27/Feb/2018:17:26:59 -0300] "GET /cormun/servlet/solicitudot?04ba3a82ed1fa4699d66382e68b5fbeb4b6006b1d81d125580af30b6e582215ec63713dd189df3768d26b2b4537d40bb937e072c14f72c1156dcc08c16f3c173ba3e212e9fdbd2b01dbaf464913a142379fa499f1ad08dbdd09be2357c3b3ed49e5f77ec28ff9728a4a51030ef15d2c1,gx-no-cache=1519763172772 HTTP/1.1" 200 29
186.103.159.43 - - [27/Feb/2018:17:27:00 -0300] "POST /cormun/servlet/solicitudot?gx-no-cache=1519763172853 HTTP/1.1" 200 1318
186.103.159.43 - - [27/Feb/2018:17:27:00 -0300] "POST /cormun/servlet/solicitudot?gx-no-cache=1519763173688 HTTP/1.1" 200 1215
192.168.10.56 - - [27/Feb/2018:17:27:07 -0300] "POST /cormun/servlet/trsolicitudgral?072496a4cdb624c87bc3984b13541d66,gx-no-cache=1519761592464,gx-no-cache=1519763067820 HTTP/1.1" 200 20093
192.168.10.56 - - [27/Feb/2018:17:27:07 -0300] "GET /cormun/static/Shared/jqueryui/images/ui-bg_highlight-soft_100_c6c2c8_1x100.png HTTP/1.1" 404 1117
192.168.10.56 - - [27/Feb/2018:17:27:07 -0300] "GET /cormun/static/Shared/jqueryui/images/ui-icons_82798d_256x240.png HTTP/1.1" 404 1089
186.67.164.142 - - [27/Feb/2018:17:27:07 -0300] "GET /cormun/servlet/solicitudotadjuntos?e3c6413b562d421c6bec78ecc5448dae2ba380a4c2c6a540cc72752ad836cf3b,gx-no-cache=1519763180033 HTTP/1.1" 200 30
186.67.164.142 - - [27/Feb/2018:17:27:07 -0300] "GET /cormun/servlet/solicitudotadjuntos?e3c6413b562d421c6bec78ecc5448dae2ba380a4c2c6a540cc72752ad836cf3b,gx-no-cache=1519763180143 HTTP/1.1" 200 30
192.168.10.56 - - [27/Feb/2018:17:27:07 -0300] "GET /cormun/static/Shared/jqueryui/images/ui-icons_8d78a5_256x240.png HTTP/1.1" 404 1089
192.168.10.56 - - [27/Feb/2018:17:27:07 -0300] "GET /cormun/static/Shared/jqueryui/images/ui-bg_flat_55_fafafa_40x100.png HTTP/1.1" 404 1097
186.67.164.142 - - [27/Feb/2018:17:27:08 -0300] "POST /cormun/servlet/solicitudotadjuntos?bf42795224c7b2a19bef5711eeb63cf1,INS,2018,9700,,1, HTTP/1.1" 200 116
186.67.164.142 - - [27/Feb/2018:17:27:08 -0300] "GET /cormun/servlet/hpexe_return? HTTP/1.1" 200 1022
186.67.164.142 - - [27/Feb/2018:17:27:09 -0300] "GET /cormun/servlet/trsolicitudadjuntos?2018,9700, HTTP/1.1" 200 8446
186.67.164.142 - - [27/Feb/2018:17:27:10 -0300] "GET /cormun/servlet/trsolicitudadjuntos?2018,9700, HTTP/1.1" 200 8443
186.67.164.142 - - [27/Feb/2018:17:27:16 -0300] "GET /cormun/servlet/solicitudotadjuntos?INS,2018,9700,,1, HTTP/1.1" 200 6009
186.67.164.142 - - [27/Feb/2018:17:27:16 -0300] "GET /cormun/static/about:blank HTTP/1.1" 404 1011
186.67.164.142 - - [27/Feb/2018:17:27:17 -0300] "GET /cormun/servlet/solicitudotadjuntos?INS,2018,9700,,1, HTTP/1.1" 200 6003
186.67.164.142 - - [27/Feb/2018:17:27:18 -0300] "GET /cormun/servlet/solicitudotadjuntos?e3c6413b562d421c6bec78ecc5448dae1996b17ccac4e9946ef14221c8438fa84ad6254fea4715441d23744fdd7b8153,gx-no-cache=1519763190258 HTTP/1.1" 200 30
186.67.164.142 - - [27/Feb/2018:17:27:18 -0300] "POST /cormun/servlet/solicitudotadjuntos?bf42795224c7b2a19bef5711eeb63cf1,INS,2018,9700,,1,,gx-no-cache=1519763190777 HTTP/1.1" 200 3833
186.67.164.142 - - [27/Feb/2018:17:27:20 -0300] "POST /cormun/servlet/solicitudotadjuntos?gx-no-cache=1519763193058 HTTP/1.1" 200 26
186.67.164.142 - - [27/Feb/2018:17:27:25 -0300] "GET /cormun/servlet/solicitudotadjuntos?e3c6413b562d421c6bec78ecc5448dae2ba380a4c2c6a540cc72752ad836cf3b,gx-no-cache=1519763198385 HTTP/1.1" 200 30
186.67.164.142 - - [27/Feb/2018:17:27:25 -0300] "GET /cormun/servlet/solicitudotadjuntos?e3c6413b562d421c6bec78ecc5448dae2ba380a4c2c6a540cc72752ad836cf3b,gx-no-cache=1519763198452 HTTP/1.1" 200 30
186.67.164.142 - - [27/Feb/2018:17:27:26 -0300] "POST /cormun/servlet/solicitudotadjuntos?bf42795224c7b2a19bef5711eeb63cf1,INS,2018,9700,,1, HTTP/1.1" 200 116
186.67.164.142 - - [27/Feb/2018:17:27:26 -0300] "GET /cormun/servlet/hpexe_return? HTTP/1.1" 200 1022
186.67.164.142 - - [27/Feb/2018:17:27:27 -0300] "GET /cormun/servlet/trsolicitudadjuntos?2018,9700, HTTP/1.1" 200 8665
186.67.164.142 - - [27/Feb/2018:17:27:28 -0300] "GET /cormun/servlet/trsolicitudadjuntos?2018,9700, HTTP/1.1" 200 8665
192.168.10.56 - - [27/Feb/2018:17:27:30 -0300] "POST /cormun/servlet/trsolicitudgral?072496a4cdb624c87bc3984b13541d66,gx-no-cache=1519761592464,gx-no-cache=1519763090946 HTTP/1.1" 200 19798
186.67.164.142 - - [27/Feb/2018:17:27:30 -0300] "GET /cormun/servlet/solicitudotadjuntos?INS,2018,9700,,1, HTTP/1.1" 200 6009
186.67.164.142 - - [27/Feb/2018:17:27:31 -0300] "GET /cormun/static/about:blank HTTP/1.1" 404 1011
186.67.164.142 - - [27/Feb/2018:17:27:31 -0300] "GET /cormun/servlet/solicitudotadjuntos?INS,2018,9700,,1, HTTP/1.1" 200 6003
186.67.164.142 - - [27/Feb/2018:17:27:31 -0300] "GET /cormun/servlet/solicitudotadjuntos?e3c6413b562d421c6bec78ecc5448dae1996b17ccac4e9946ef14221c8438fa84ad6254fea4715441d23744fdd7b8153,gx-no-cache=1519763204297 HTTP/1.1" 200 30
186.67.164.142 - - [27/Feb/2018:17:27:32 -0300] "POST /cormun/servlet/solicitudotadjuntos?bf42795224c7b2a19bef5711eeb63cf1,INS,2018,9700,,1,,gx-no-cache=1519763204376 HTTP/1.1" 200 3833
186.67.164.142 - - [27/Feb/2018:17:27:40 -0300] "POST /cormun/servlet/solicitudotadjuntos?gx-no-cache=1519763213207 HTTP/1.1" 200 26
186.67.164.142 - - [27/Feb/2018:17:27:47 -0300] "GET /cormun/servlet/solicitudotadjuntos?e3c6413b562d421c6bec78ecc5448dae2ba380a4c2c6a540cc72752ad836cf3b,gx-no-cache=1519763219846 HTTP/1.1" 200 30
186.67.164.142 - - [27/Feb/2018:17:27:47 -0300] "GET /cormun/servlet/solicitudotadjuntos?e3c6413b562d421c6bec78ecc5448dae2ba380a4c2c6a540cc72752ad836cf3b,gx-no-cache=1519763219910 HTTP/1.1" 200 30
186.67.164.142 - - [27/Feb/2018:17:27:50 -0300] "POST /cormun/servlet/solicitudotadjuntos?bf42795224c7b2a19bef5711eeb63cf1,INS,2018,9700,,1, HTTP/1.1" 200 116
186.67.164.142 - - [27/Feb/2018:17:27:50 -0300] "GET /cormun/servlet/hpexe_return? HTTP/1.1" 200 1022
186.67.164.142 - - [27/Feb/2018:17:27:51 -0300] "GET /cormun/servlet/trsolicitudadjuntos?2018,9700, HTTP/1.1" 200 8848
186.67.164.142 - - [27/Feb/2018:17:27:52 -0300] "GET /cormun/servlet/trsolicitudadjuntos?2018,9700, HTTP/1.1" 200 8848
186.67.164.142 - - [27/Feb/2018:17:27:54 -0300] "GET /cormun/servlet/solicitudotadjuntos?INS,2018,9700,,1, HTTP/1.1" 200 6009
186.67.164.142 - - [27/Feb/2018:17:27:54 -0300] "GET /cormun/static/about:blank HTTP/1.1" 404 1011
186.67.164.142 - - [27/Feb/2018:17:27:55 -0300] "GET /cormun/servlet/solicitudotadjuntos?e3c6413b562d421c6bec78ecc5448dae1996b17ccac4e9946ef14221c8438fa84ad6254fea4715441d23744fdd7b8153,gx-no-cache=1519763227608 HTTP/1.1" 200 30
186.67.164.142 - - [27/Feb/2018:17:27:55 -0300] "GET /cormun/servlet/solicitudotadjuntos?INS,2018,9700,,1, HTTP/1.1" 200 6003
186.67.164.142 - - [27/Feb/2018:17:27:55 -0300] "POST /cormun/servlet/solicitudotadjuntos?bf42795224c7b2a19bef5711eeb63cf1,INS,2018,9700,,1,,gx-no-cache=1519763227691 HTTP/1.1" 200 3833
192.168.10.56 - - [27/Feb/2018:17:27:57 -0300] "POST /cormun/servlet/trsolicitudgral?072496a4cdb624c87bc3984b13541d66,gx-no-cache=1519761592464,gx-no-cache=1519763117809 HTTP/1.1" 200 19130
186.67.164.142 - - [27/Feb/2018:17:27:57 -0300] "POST /cormun/servlet/solicitudotadjuntos?gx-no-cache=1519763230511 HTTP/1.1" 200 26
186.67.164.142 - - [27/Feb/2018:17:28:03 -0300] "GET /cormun/servlet/solicitudotadjuntos?e3c6413b562d421c6bec78ecc5448dae2ba380a4c2c6a540cc72752ad836cf3b,gx-no-cache=1519763236104 HTTP/1.1" 200 30
186.67.164.142 - - [27/Feb/2018:17:28:03 -0300] "GET /cormun/servlet/solicitudotadjuntos?e3c6413b562d421c6bec78ecc5448dae2ba380a4c2c6a540cc72752ad836cf3b,gx-no-cache=1519763236173 HTTP/1.1" 200 30
186.103.159.43 - - [27/Feb/2018:17:28:04 -0300] "POST /cormun/servlet/solicitudot?gx-no-cache=1519763237468 HTTP/1.1" 200 1319
186.103.159.43 - - [27/Feb/2018:17:28:04 -0300] "POST /cormun/servlet/solicitudot?gx-no-cache=1519763238023 HTTP/1.1" 200 1219
186.67.164.142 - - [27/Feb/2018:17:28:05 -0300] "POST /cormun/servlet/solicitudotadjuntos?bf42795224c7b2a19bef5711eeb63cf1,INS,2018,9700,,1, HTTP/1.1" 200 116
186.67.164.142 - - [27/Feb/2018:17:28:05 -0300] "GET /cormun/servlet/hpexe_return? HTTP/1.1" 200 1022
186.67.164.142 - - [27/Feb/2018:17:28:06 -0300] "GET /cormun/servlet/trsolicitudadjuntos?2018,9700, HTTP/1.1" 200 9006
186.67.164.142 - - [27/Feb/2018:17:28:07 -0300] "GET /cormun/servlet/trsolicitudadjuntos?2018,9700, HTTP/1.1" 200 9005
186.67.164.142 - - [27/Feb/2018:17:28:09 -0300] "GET /cormun/servlet/solicitudotadjuntos?INS,2018,9700,,1, HTTP/1.1" 200 6009
186.67.164.142 - - [27/Feb/2018:17:28:09 -0300] "GET /cormun/static/about:blank HTTP/1.1" 404 1011
186.67.164.142 - - [27/Feb/2018:17:28:09 -0300] "GET /cormun/servlet/solicitudotadjuntos?INS,2018,9700,,1, HTTP/1.1" 200 6003
186.67.164.142 - - [27/Feb/2018:17:28:10 -0300] "GET /cormun/servlet/solicitudotadjuntos?e3c6413b562d421c6bec78ecc5448dae1996b17ccac4e9946ef14221c8438fa84ad6254fea4715441d23744fdd7b8153,gx-no-cache=1519763242525 HTTP/1.1" 200 30
186.67.164.142 - - [27/Feb/2018:17:28:10 -0300] "POST /cormun/servlet/solicitudotadjuntos?bf42795224c7b2a19bef5711eeb63cf1,INS,2018,9700,,1,,gx-no-cache=1519763242908 HTTP/1.1" 200 3833
186.67.164.142 - - [27/Feb/2018:17:28:13 -0300] "POST /cormun/servlet/solicitudotadjuntos?gx-no-cache=1519763246030 HTTP/1.1" 200 26
186.103.159.43 - - [27/Feb/2018:17:28:19 -0300] "GET /cormun/servlet/solicitudot?04ba3a82ed1fa4699d66382e68b5fbeb3922e12ca2d23bf48c1f9951f87cbedef72f53cd4a0f21ff514bfce7ee7cb8b9,gx-no-cache=1519763252789 HTTP/1.1" 200 30
186.67.164.142 - - [27/Feb/2018:17:28:20 -0300] "GET /cormun/servlet/solicitudotadjuntos?e3c6413b562d421c6bec78ecc5448dae2ba380a4c2c6a540cc72752ad836cf3b,gx-no-cache=1519763252913 HTTP/1.1" 200 30
186.67.164.142 - - [27/Feb/2018:17:28:20 -0300] "GET /cormun/servlet/solicitudotadjuntos?e3c6413b562d421c6bec78ecc5448dae2ba380a4c2c6a540cc72752ad836cf3b,gx-no-cache=1519763252980 HTTP/1.1" 200 30
186.67.164.142 - - [27/Feb/2018:17:28:22 -0300] "POST /cormun/servlet/solicitudotadjuntos?bf42795224c7b2a19bef5711eeb63cf1,INS,2018,9700,,1, HTTP/1.1" 200 116
186.67.164.142 - - [27/Feb/2018:17:28:23 -0300] "GET /cormun/servlet/hpexe_return? HTTP/1.1" 200 1022
186.67.164.142 - - [27/Feb/2018:17:28:23 -0300] "GET /cormun/servlet/trsolicitudadjuntos?2018,9700, HTTP/1.1" 200 9263
186.67.164.142 - - [27/Feb/2018:17:28:25 -0300] "GET /cormun/servlet/trsolicitudadjuntos?2018,9700, HTTP/1.1" 200 9260
192.168.10.56 - - [27/Feb/2018:17:28:26 -0300] "POST /cormun/servlet/trsolicitudgral?072496a4cdb624c87bc3984b13541d66,gx-no-cache=1519761592464,gx-no-cache=1519763147705 HTTP/1.1" 200 17898
186.103.159.43 - - [27/Feb/2018:17:28:27 -0300] "POST /cormun/servlet/solicitudot?gx-no-cache=1519763260514 HTTP/1.1" 200 30
186.103.159.43 - - [27/Feb/2018:17:28:37 -0300] "POST /cormun/servlet/solicitudot?fc08916ca711eb93cff91b1922a6ac6e,INS,0,0,,gx-no-cache=1519763269255 HTTP/1.1" 200 93
186.103.159.43 - - [27/Feb/2018:17:28:37 -0300] "GET /cormun/servlet/hpexe_return? HTTP/1.1" 200 1002
186.103.159.43 - - [27/Feb/2018:17:28:37 -0300] "GET /cormun/static/gxcfg.js?2016101716175148 HTTP/1.1" 304 -
186.103.159.43 - - [27/Feb/2018:17:28:38 -0300] "GET /cormun/servlet/trsolicitudot HTTP/1.1" 200 9233
186.103.159.43 - - [27/Feb/2018:17:28:39 -0300] "GET /cormun/servlet/trsolicitudot HTTP/1.1" 200 9229
192.168.10.56 - - [27/Feb/2018:17:28:42 -0300] "POST /cormun/servlet/trsolicitudgral?072496a4cdb624c87bc3984b13541d66,gx-no-cache=1519761592464,gx-no-cache=1519763163879 HTTP/1.1" 200 5928
186.103.159.43 - - [27/Feb/2018:17:28:43 -0300] "POST /cormun/servlet/trsolicitudot?fc08916ca711eb93cff91b1922a6ac6e,gx-no-cache=1519763276105 HTTP/1.1" 200 106
186.103.159.43 - - [27/Feb/2018:17:28:43 -0300] "GET /cormun/servlet/trsolicitudadjuntos?2018,9701, HTTP/1.1" 200 6241
186.103.159.43 - - [27/Feb/2018:17:28:43 -0300] "GET /cormun/static/gxcfg.js?20177612135366 HTTP/1.1" 304 -
186.103.159.43 - - [27/Feb/2018:17:28:44 -0300] "GET /cormun/servlet/trsolicitudadjuntos?2018,9701, HTTP/1.1" 200 6241
186.103.159.43 - - [27/Feb/2018:17:28:45 -0300] "GET /cormun/servlet/solicitudotadjuntos?INS,2018,9701,,1, HTTP/1.1" 200 6186
186.103.159.43 - - [27/Feb/2018:17:28:45 -0300] "GET /cormun/static/about:blank HTTP/1.1" 404 1011
186.103.159.43 - - [27/Feb/2018:17:28:46 -0300] "GET /cormun/servlet/solicitudotadjuntos?INS,2018,9701,,1, HTTP/1.1" 200 6179
186.103.159.43 - - [27/Feb/2018:17:28:46 -0300] "GET /cormun/servlet/solicitudotadjuntos?04ba3a82ed1fa4699d66382e68b5fbeba8e19334dc47f41b30cb187ab4f2c49c8f9b05d9ef73709d3acbbad8627b5895,gx-no-cache=1519763279781 HTTP/1.1" 200 30
186.103.159.43 - - [27/Feb/2018:17:28:46 -0300] "POST /cormun/servlet/solicitudotadjuntos?fc08916ca711eb93cff91b1922a6ac6e,INS,2018,9701,,1,,gx-no-cache=1519763279854 HTTP/1.1" 200 4019
192.168.10.56 - - [27/Feb/2018:17:28:47 -0300] "POST /cormun/servlet/trsolicitudgral?072496a4cdb624c87bc3984b13541d66,gx-no-cache=1519761592464,gx-no-cache=1519763169213 HTTP/1.1" 200 7294
192.168.10.56 - - [27/Feb/2018:17:29:06 -0300] "POST /cormun/servlet/trsolicitudgral?072496a4cdb624c87bc3984b13541d66,gx-no-cache=1519761592464,gx-no-cache=1519763188253 HTTP/1.1" 200 13067
186.103.159.189 - - [27/Feb/2018:17:29:21 -0300] "POST /cormun/servlet/solicitudot?552b71a243177ff77d17df8255dfbfd4,INS,0,0,,gx-no-cache=1519766906675 HTTP/1.1" 200 93
186.103.159.189 - - [27/Feb/2018:17:29:21 -0300] "GET /cormun/servlet/hpexe_return? HTTP/1.1" 200 1011
186.103.159.189 - - [27/Feb/2018:17:29:24 -0300] "GET /cormun/servlet/trsolicitudot HTTP/1.1" 200 7394
186.103.159.189 - - [27/Feb/2018:17:29:26 -0300] "GET /cormun/servlet/trsolicitudot HTTP/1.1" 200 7390
192.168.10.56 - - [27/Feb/2018:17:29:27 -0300] "POST /cormun/servlet/trsolicitudgral?072496a4cdb624c87bc3984b13541d66,gx-no-cache=1519761592464,gx-no-cache=1519763208055 HTTP/1.1" 200 22030
186.103.159.43 - - [27/Feb/2018:17:29:35 -0300] "POST /cormun/servlet/solicitudotadjuntos?gx-no-cache=1519763328152 HTTP/1.1" 200 26
186.67.164.142 - - [27/Feb/2018:17:29:39 -0300] "POST /cormun/servlet/trsolicitudadjuntos?bf42795224c7b2a19bef5711eeb63cf1,2018,9700,,gx-no-cache=1519763331955 HTTP/1.1" 200 90
186.67.164.142 - - [27/Feb/2018:17:29:39 -0300] "GET /cormun/servlet/hpexe_link HTTP/1.1" 200 985
186.67.164.142 - - [27/Feb/2018:17:29:40 -0300] "GET /cormun/servlet/trsolicitudot?gx-no-cache=1519762260312 HTTP/1.1" 200 8564
186.67.164.142 - - [27/Feb/2018:17:29:41 -0300] "GET /cormun/servlet/trsolicitudot?gx-no-cache=1519762260312 HTTP/1.1" 200 8584
192.168.10.56 - - [27/Feb/2018:17:29:51 -0300] "POST /cormun/servlet/trsolicitudgral?072496a4cdb624c87bc3984b13541d66,gx-no-cache=1519761592464,gx-no-cache=1519763233112 HTTP/1.1" 200 5924
186.103.159.189 - - [27/Feb/2018:17:29:51 -0300] "GET /cormun/static/menuarrow.gif HTTP/1.1" 404 1015
192.168.10.56 - - [27/Feb/2018:17:29:56 -0300] "POST /cormun/servlet/trsolicitudgral?072496a4cdb624c87bc3984b13541d66,gx-no-cache=1519761592464,gx-no-cache=1519763237414 HTTP/1.1" 200 14585
186.103.159.189 - - [27/Feb/2018:17:29:58 -0300] "POST /cormun/servlet/trsolicitudot?552b71a243177ff77d17df8255dfbfd4,gx-no-cache=1519766943551 HTTP/1.1" 200 4475
186.103.159.189 - - [27/Feb/2018:17:30:04 -0300] "POST /cormun/servlet/trsolicitudot?552b71a243177ff77d17df8255dfbfd4,gx-no-cache=1519766949227 HTTP/1.1" 200 13592
186.103.159.43 - - [27/Feb/2018:17:30:07 -0300] "GET /cormun/servlet/solicitudotadjuntos?04ba3a82ed1fa4699d66382e68b5fbebeec2cac35f4d2785b3c9a8f5d3c6744b,gx-no-cache=1519763360533 HTTP/1.1" 200 30
186.103.159.43 - - [27/Feb/2018:17:30:07 -0300] "GET /cormun/servlet/solicitudotadjuntos?04ba3a82ed1fa4699d66382e68b5fbebeec2cac35f4d2785b3c9a8f5d3c6744b,gx-no-cache=1519763360652 HTTP/1.1" 200 30
192.168.10.56 - - [27/Feb/2018:17:30:14 -0300] "POST /cormun/servlet/trsolicitudgral?072496a4cdb624c87bc3984b13541d66,gx-no-cache=1519761592464,gx-no-cache=1519763256070 HTTP/1.1" 200 5927
192.168.10.56 - - [27/Feb/2018:17:30:19 -0300] "POST /cormun/servlet/trsolicitudgral?072496a4cdb624c87bc3984b13541d66,gx-no-cache=1519761592464,gx-no-cache=1519763260205 HTTP/1.1" 200 25341
186.103.159.43 - - [27/Feb/2018:17:30:27 -0300] "POST /cormun/servlet/solicitudotadjuntos?fc08916ca711eb93cff91b1922a6ac6e,INS,2018,9701,,1, HTTP/1.1" 200 6990
186.103.159.189 - - [27/Feb/2018:17:30:36 -0300] "POST /cormun/servlet/trsolicitudot?552b71a243177ff77d17df8255dfbfd4,gx-no-cache=1519766979494 HTTP/1.1" 200 4477
192.168.10.56 - - [27/Feb/2018:17:30:40 -0300] "POST /cormun/servlet/trsolicitudgral?072496a4cdb624c87bc3984b13541d66,gx-no-cache=1519761592464,gx-no-cache=1519763281722 HTTP/1.1" 200 8413
186.103.159.189 - - [27/Feb/2018:17:30:42 -0300] "POST /cormun/servlet/trsolicitudot?552b71a243177ff77d17df8255dfbfd4,gx-no-cache=1519766987834 HTTP/1.1" 200 4477
186.103.159.189 - - [27/Feb/2018:17:30:51 -0300] "POST /cormun/servlet/trsolicitudot?552b71a243177ff77d17df8255dfbfd4,gx-no-cache=1519766995427 HTTP/1.1" 200 6617
186.103.159.189 - - [27/Feb/2018:17:31:33 -0300] "POST /cormun/servlet/trsolicitudot?552b71a243177ff77d17df8255dfbfd4,gx-no-cache=1519767038572 HTTP/1.1" 200 12494
186.103.159.189 - - [27/Feb/2018:17:31:54 -0300] "POST /cormun/servlet/trsolicitudot?552b71a243177ff77d17df8255dfbfd4,gx-no-cache=1519767059948 HTTP/1.1" 200 4478
186.103.159.189 - - [27/Feb/2018:17:32:01 -0300] "POST /cormun/servlet/trsolicitudot?552b71a243177ff77d17df8255dfbfd4,gx-no-cache=1519767065912 HTTP/1.1" 200 4476
186.103.159.189 - - [27/Feb/2018:17:32:07 -0300] "POST /cormun/servlet/trsolicitudot?552b71a243177ff77d17df8255dfbfd4,gx-no-cache=1519767072269 HTTP/1.1" 200 22775
186.103.159.189 - - [27/Feb/2018:17:32:11 -0300] "GET /cormun/static/Resources/PXToolsGridNext.gif HTTP/1.1" 200 369
186.103.159.189 - - [27/Feb/2018:17:32:11 -0300] "GET /cormun/static/Resources/PXToolsGridLast.gif HTTP/1.1" 200 370
186.103.159.189 - - [27/Feb/2018:17:32:27 -0300] "POST /cormun/servlet/trsolicitudot?552b71a243177ff77d17df8255dfbfd4,gx-no-cache=1519767090663 HTTP/1.1" 200 104
186.103.159.189 - - [27/Feb/2018:17:32:28 -0300] "GET /cormun/servlet/solicitudot?UPD,2018,8821, HTTP/1.1" 200 14210
186.103.159.189 - - [27/Feb/2018:17:32:31 -0300] "GET /cormun/servlet/solicitudot?UPD,2018,8821, HTTP/1.1" 200 14220
186.103.159.189 - - [27/Feb/2018:17:32:32 -0300] "POST /cormun/servlet/solicitudot?gx-no-cache=1519767098073 HTTP/1.1" 200 3349
186.103.159.189 - - [27/Feb/2018:17:32:34 -0300] "POST /cormun/servlet/solicitudot?552b71a243177ff77d17df8255dfbfd4,UPD,2018,8821,,gx-no-cache=1519767098978 HTTP/1.1" 200 10678
186.103.159.189 - - [27/Feb/2018:17:32:34 -0300] "GET /cormun/servlet/solicitudot?7e16a1b1736eb33c804681749e6072264754b540298cd457b3c6b83bf51ef0623bec668c791e0551024697718e981cf0,gx-no-cache=1519767101061 HTTP/1.1" 200 30
186.103.159.189 - - [27/Feb/2018:17:32:34 -0300] "GET /cormun/servlet/solicitudot?7e16a1b1736eb33c804681749e607226fb8aab1a27cfbd281eb7d98a2beee2c431142d37d381df4c110c0822126ace67cf4e9d5ec74704db217802cbcc0475c6,gx-no-cache=1519767101199 HTTP/1.1" 200 30
186.103.159.189 - - [27/Feb/2018:17:32:35 -0300] "GET /cormun/servlet/solicitudot?7e16a1b1736eb33c804681749e60722620fe4b5b3bc158a543db98b355a9e3212ccfd3f816fece959265bbe043e5a28e,gx-no-cache=1519767101307 HTTP/1.1" 200 43
186.103.159.189 - - [27/Feb/2018:17:32:35 -0300] "POST /cormun/servlet/solicitudot?gx-no-cache=1519767101447 HTTP/1.1" 200 254
186.103.159.189 - - [27/Feb/2018:17:32:35 -0300] "GET /cormun/servlet/solicitudot?7e16a1b1736eb33c804681749e6072265c22a42b781d08479af3eb246e24f48c8d32d5ac0c7bbf8533b50782f9a5cb85c1264f324795d05860949f6c4b5c313d3eb9fbb00a99767b0b33a363b403dbcefcd431c60704b6efd7474268e5fb2e01f89a0a81e84187258d979e8f9479e36c030669407237ddce10930a0f2cd18fcc65edfe70522555e87dbcf0bab41d07c5ac632375ad413e7f18ec3c67ecb39bb551c1f93e03486ae0e048a22a9b941910ebbd704b3f70aea56f5aaa3f23aead1737b956e9bc5c91b1e2a2d0ff95f1a3929f3e0a0f2912b77200e309a686c02a18ca16cea9fb002e941375014a49d9eadd4466006c67d2a313bbebda8e35dfae181f26f75483fe85b8c2117bf85014e139a3f68b23de33facff54afa596cd6c0d09493cda64472aeab2663e05a1399393429c6d6f4f0f33f9d69e4c767f0a66fedd575061f33307bfaed049aa84e95ca403eb82560b8e1956c04352c2b6b2548fcf115120f1cbff5b4a60359df2683f899ca832e522ad52ac50849e1cd0ec82791,gx-no-cache=1519767101602 HTTP/1.1" 200 30
186.103.159.189 - - [27/Feb/2018:17:32:36 -0300] "POST /cormun/servlet/solicitudot?gx-no-cache=1519767102005 HTTP/1.1" 200 30
186.103.159.189 - - [27/Feb/2018:17:32:36 -0300] "POST /cormun/servlet/solicitudot?gx-no-cache=1519767103113 HTTP/1.1" 200 212
186.103.159.189 - - [27/Feb/2018:17:32:37 -0300] "POST /cormun/servlet/solicitudot?gx-no-cache=1519767103337 HTTP/1.1" 200 41
186.103.159.189 - - [27/Feb/2018:17:33:31 -0300] "POST /cormun/servlet/solicitudot?gx-no-cache=1519767157622 HTTP/1.1" 200 30
186.103.159.189 - - [27/Feb/2018:17:33:31 -0300] "POST /cormun/servlet/solicitudot?gx-no-cache=1519767157797 HTTP/1.1" 200 212
186.103.159.189 - - [27/Feb/2018:17:33:31 -0300] "POST /cormun/servlet/solicitudot?gx-no-cache=1519767157942 HTTP/1.1" 200 41
186.103.159.189 - - [27/Feb/2018:17:33:31 -0300] "GET /cormun/servlet/solicitudot?7e16a1b1736eb33c804681749e607226fb9cf02eb8630c82d8d9a54f91cd153628f57dea1be4f1fcb4cb36884f895e28a69a272da8281901c122e07dd5de1be9b8726e09f249e0026585d4031604985519809d5c48f7dd650c5a8617fcd58c96a87d2fc7ba452ea6bc8ab1a07fdafa8a8b4bdb174e890daf9e5fa0463244ad43705cf7347936c560626e74953b2faaef8a8090dfee79ea54144cd410ed20773b,gx-no-cache=1519767158043 HTTP/1.1" 200 29
