200.54.247.70 - - [26/Feb/2018:13:05:35 -0300] "POST /cormun/servlet/trsolicitudot?d7ae9788feb70ad0b4d4d0a8818d951d,,gx-no-cache=1519661084091 HTTP/1.1" 200 4206
186.103.159.46 - - [26/Feb/2018:13:05:35 -0300] "POST /cormun/servlet/hlogin?dd586607ae9b3161d5c4f72727d733af,gx-no-cache=1519661087712 HTTP/1.1" 200 90
186.103.159.46 - - [26/Feb/2018:13:05:35 -0300] "GET /cormun/servlet/hpexe_link HTTP/1.1" 200 945
186.103.159.46 - - [26/Feb/2018:13:05:35 -0300] "GET /cormun/static/gxcfg.js?20177612121792 HTTP/1.1" 304 -
186.103.159.46 - - [26/Feb/2018:13:05:36 -0300] "GET /cormun/servlet/hhome HTTP/1.1" 200 4187
186.103.159.46 - - [26/Feb/2018:13:05:36 -0300] "GET /cormun/static/gxcfg.js?20175251212442 HTTP/1.1" 304 -
186.103.159.46 - - [26/Feb/2018:13:05:37 -0300] "GET /cormun/servlet/hhome HTTP/1.1" 200 4183
186.103.159.46 - - [26/Feb/2018:13:05:42 -0300] "GET /cormun/servlet/trlicencias? HTTP/1.1" 200 9315
186.103.159.46 - - [26/Feb/2018:13:05:43 -0300] "GET /cormun/static/gxcfg.js?20176272054169 HTTP/1.1" 304 -
186.103.159.46 - - [26/Feb/2018:13:05:43 -0300] "GET /cormun/static/calendar-setup.js?85251 HTTP/1.1" 304 -
186.103.159.46 - - [26/Feb/2018:13:05:43 -0300] "GET /cormun/static/calendar.js?85251 HTTP/1.1" 304 -
186.103.159.46 - - [26/Feb/2018:13:05:43 -0300] "GET /cormun/static/calendar-es.js?85251 HTTP/1.1" 304 -
186.103.159.46 - - [26/Feb/2018:13:05:43 -0300] "GET /cormun/static/gxdec.js?85251 HTTP/1.1" 304 -
186.103.159.46 - - [26/Feb/2018:13:05:44 -0300] "GET /cormun/servlet/trlicencias? HTTP/1.1" 200 9313
186.67.203.186 - - [26/Feb/2018:13:05:54 -0300] "GET /cormun/servlet/hlogin HTTP/1.1" 200 1724
186.67.203.186 - - [26/Feb/2018:13:05:57 -0300] "POST /cormun/servlet/hlogin?83caf97a22f898857303784c0b3de33a,gx-no-cache=1519661110320 HTTP/1.1" 200 90
186.67.203.186 - - [26/Feb/2018:13:05:58 -0300] "GET /cormun/servlet/hpexe_link HTTP/1.1" 200 954
186.67.203.186 - - [26/Feb/2018:13:05:58 -0300] "GET /cormun/servlet/hhome HTTP/1.1" 200 4206
186.67.203.186 - - [26/Feb/2018:13:05:59 -0300] "GET /cormun/servlet/hhome HTTP/1.1" 200 4202
186.67.203.186 - - [26/Feb/2018:13:06:04 -0300] "GET /cormun/servlet/trsolicitudot? HTTP/1.1" 200 9121
186.67.203.186 - - [26/Feb/2018:13:06:05 -0300] "GET /cormun/servlet/trsolicitudot? HTTP/1.1" 200 9119
186.67.203.186 - - [26/Feb/2018:13:06:15 -0300] "POST /cormun/servlet/trsolicitudot?83caf97a22f898857303784c0b3de33a,,gx-no-cache=1519661127009 HTTP/1.1" 200 6159
200.54.247.70 - - [26/Feb/2018:13:06:15 -0300] "POST /cormun/servlet/trsolicitudot?d7ae9788feb70ad0b4d4d0a8818d951d,,gx-no-cache=1519661123406 HTTP/1.1" 200 6111
200.54.247.70 - - [26/Feb/2018:13:07:01 -0300] "POST /cormun/servlet/trsolicitudot?d7ae9788feb70ad0b4d4d0a8818d951d,,gx-no-cache=1519661168253 HTTP/1.1" 200 22711
192.168.10.96 - - [26/Feb/2018:13:07:10 -0300] "POST /cormun/servlet/trsolicitudgral?a9ff59691d47260360f10b3a45853866,gx-no-cache=1519661072123 HTTP/1.1" 200 16583
200.54.247.70 - - [26/Feb/2018:13:07:12 -0300] "POST /cormun/servlet/trsolicitudot?d7ae9788feb70ad0b4d4d0a8818d951d,,gx-no-cache=1519661179323 HTTP/1.1" 200 101
200.54.247.70 - - [26/Feb/2018:13:07:12 -0300] "GET /cormun/SolicitudOT-28.xls HTTP/1.1" 200 35840
200.54.247.70 - - [26/Feb/2018:13:07:23 -0300] "POST /cormun/servlet/trsolicitudot?d7ae9788feb70ad0b4d4d0a8818d951d,,gx-no-cache=1519661190792 HTTP/1.1" 200 103
200.54.247.70 - - [26/Feb/2018:13:07:23 -0300] "GET /cormun/SolicitudOT-1648.xls HTTP/1.1" 200 35840
192.168.10.96 - - [26/Feb/2018:13:07:29 -0300] "POST /cormun/servlet/trsolicitudgral?a9ff59691d47260360f10b3a45853866,gx-no-cache=1519661091806 HTTP/1.1" 200 7288
192.168.10.96 - - [26/Feb/2018:13:07:32 -0300] "POST /cormun/servlet/trsolicitudgral?a9ff59691d47260360f10b3a45853866,gx-no-cache=1519661095155 HTTP/1.1" 200 7596
186.67.203.186 - - [26/Feb/2018:13:08:05 -0300] "GET /cormun/servlet/trautorizarsolicitud? HTTP/1.1" 200 9013
186.67.203.186 - - [26/Feb/2018:13:08:05 -0300] "GET /cormun/static/gxcfg.js?2017111423403364 HTTP/1.1" 200 953
190.151.100.218 - - [26/Feb/2018:13:08:06 -0300] "GET /cormun/static/trautorizarsolicitud.js?201711142340425 HTTP/1.1" 200 53910
190.151.100.218 - - [26/Feb/2018:13:08:06 -0300] "GET /cormun/servlet/trautorizarsolicitud? HTTP/1.1" 200 9013
190.151.100.218 - - [26/Feb/2018:13:08:13 -0300] "POST /cormun/servlet/trautorizarsolicitud?83caf97a22f898857303784c0b3de33a,,gx-no-cache=1519661245301 HTTP/1.1" 200 5786
190.151.100.218 - - [26/Feb/2018:13:08:13 -0300] "GET /cormun/static/Shared/jqueryui/images/ui-bg_highlight-soft_100_c6c2c8_1x100.png HTTP/1.1" 404 1117
186.67.203.186 - - [26/Feb/2018:13:08:13 -0300] "GET /cormun/static/Shared/jqueryui/images/ui-icons_82798d_256x240.png HTTP/1.1" 404 1089
190.151.100.218 - - [26/Feb/2018:13:08:13 -0300] "GET /cormun/static/Shared/jqueryui/images/ui-bg_flat_55_fafafa_40x100.png HTTP/1.1" 404 1097
186.67.203.186 - - [26/Feb/2018:13:08:14 -0300] "GET /cormun/static/Shared/jqueryui/images/ui-icons_8d78a5_256x240.png HTTP/1.1" 404 1089
200.111.122.170 - - [26/Feb/2018:13:08:14 -0300] "POST /cormun/servlet/trautorizarsolicitud?83caf97a22f898857303784c0b3de33a,,gx-no-cache=1519661246502 HTTP/1.1" 200 5732
200.111.122.170 - - [26/Feb/2018:13:08:17 -0300] "POST /cormun/servlet/trautorizarsolicitud?83caf97a22f898857303784c0b3de33a,,gx-no-cache=1519661248868 HTTP/1.1" 200 4606
200.111.122.170 - - [26/Feb/2018:13:08:18 -0300] "POST /cormun/servlet/trautorizarsolicitud?83caf97a22f898857303784c0b3de33a,,gx-no-cache=1519661249968 HTTP/1.1" 200 4396
192.168.10.96 - - [26/Feb/2018:13:08:20 -0300] "GET /cormun/servlet/trsolicitudgral? HTTP/1.1" 200 9204
192.168.10.96 - - [26/Feb/2018:13:08:21 -0300] "GET /cormun/servlet/trsolicitudgral? HTTP/1.1" 200 9204
192.168.10.96 - - [26/Feb/2018:13:08:30 -0300] "POST /cormun/servlet/trsolicitudgral?a9ff59691d47260360f10b3a45853866,,gx-no-cache=1519661151959 HTTP/1.1" 200 17245
181.201.74.220 - - [26/Feb/2018:13:11:44 -0300] "GET /cormun/servlet/solicitudot?6bc267d34fbac86cad6a6a03f5e4fb459d7941255d57998258e918696dd8eec0265ece7967a01b5709f3ad8e0d56438021d78ad640549da7af0f966b79c94c0f,gx-no-cache=1519661453495 HTTP/1.1" 200 30
181.201.74.220 - - [26/Feb/2018:13:11:45 -0300] "GET /cormun/servlet/solicitudot?6bc267d34fbac86cad6a6a03f5e4fb45acd5d9e14a3cfe7896574699263e0da8,gx-no-cache=1519661456900 HTTP/1.1" 200 53
181.201.74.220 - - [26/Feb/2018:13:11:47 -0300] "POST /cormun/servlet/solicitudot?gx-no-cache=1519661457804 HTTP/1.1" 200 256
181.201.74.220 - - [26/Feb/2018:13:11:47 -0300] "GET /cormun/servlet/solicitudot?6bc267d34fbac86cad6a6a03f5e4fb4504e2458ab121836624ffec9673ee09f8235c6de3057160278c8d6386ff77fce97b4fefa33c553fba9896c4ce093524628cc130b85bd8a936c4510fc3f8282e6bf7baa7900226db6291c32367e938ceb2dde405663a75b9af2b6eda022d71a2729b7d522bdc151367e61ca06012aa7926beac038d741090cc65b1f0b8c99221eb01a6366b31267214122c7398eecb7010104dcb2861da11242ce0f5d56fbfcf307f4616b6c8c1793bd159dcbfe7ef7b7e84fc252904b27775b60c7300cd66e47a8531c08cb0975a0633f48568d798b5ab2b4f49af1ce2de8064507b859825a15dc6e76ee5c57e6731c95d41e4254a0159a96e4d70168a797b0d740b6042e489276c7961723d0a9dd18acdd92be1b6a08e080aff20ef1e87ffe69aaed8ed9fbbbe98fa8fb99401212d5b0b12e2fe46142adae6b99b1b937f143c740a75fa4d956dadbd999081ab28f518a781c43a8741a77eab309c29fb26631a598f8fc21258b329a6392e81707589ee5afad1df4706ed,gx-no-cache=1519661459770 HTTP/1.1" 200 30
181.201.74.220 - - [26/Feb/2018:13:11:48 -0300] "GET /cormun/servlet/solicitudot?INS,0,0, HTTP/1.1" 200 13793
181.201.74.220 - - [26/Feb/2018:13:11:51 -0300] "GET /cormun/servlet/solicitudot?INS,0,0, HTTP/1.1" 200 13793
181.201.74.220 - - [26/Feb/2018:13:12:08 -0300] "POST /cormun/servlet/solicitudot?gx-no-cache=1519661479448 HTTP/1.1" 200 3418
181.201.74.220 - - [26/Feb/2018:13:12:09 -0300] "POST /cormun/servlet/solicitudot?15eea1d57e819a69114e60a0161f5e8d,INS,0,0,,gx-no-cache=1519661481282 HTTP/1.1" 200 10576
181.201.74.220 - - [26/Feb/2018:13:12:19 -0300] "GET /cormun/servlet/solicitudot?6bc267d34fbac86cad6a6a03f5e4fb456ed76422f8b31d40157e400ec66eeed96e7dfe8dab3709c05e0163d46249dfa2,gx-no-cache=1519661490423 HTTP/1.1" 200 30
181.201.74.220 - - [26/Feb/2018:13:12:20 -0300] "GET /cormun/servlet/solicitudot?6bc267d34fbac86cad6a6a03f5e4fb459d7941255d57998258e918696dd8eec0265ece7967a01b5709f3ad8e0d56438021d78ad640549da7af0f966b79c94c0f,gx-no-cache=1519661492386 HTTP/1.1" 200 30
181.201.74.220 - - [26/Feb/2018:13:12:20 -0300] "GET /cormun/servlet/solicitudot?6bc267d34fbac86cad6a6a03f5e4fb45acd5d9e14a3cfe7896574699263e0da8,gx-no-cache=1519661492650 HTTP/1.1" 200 53
181.201.74.220 - - [26/Feb/2018:13:12:20 -0300] "POST /cormun/servlet/solicitudot?gx-no-cache=1519661492920 HTTP/1.1" 200 256
181.201.74.220 - - [26/Feb/2018:13:12:20 -0300] "GET /cormun/servlet/solicitudot?6bc267d34fbac86cad6a6a03f5e4fb4504e2458ab121836624ffec9673ee09f8235c6de3057160278c8d6386ff77fce97b4fefa33c553fba9896c4ce093524628cc130b85bd8a936c4510fc3f8282e6bf7baa7900226db6291c32367e938ceb2dde405663a75b9af2b6eda022d71a2729b7d522bdc151367e61ca06012aa7926beac038d741090cc65b1f0b8c99221eb01a6366b31267214122c7398eecb7010104dcb2861da11242ce0f5d56fbfcf307f4616b6c8c1793bd159dcbfe7ef7b7e84fc252904b27775b60c7300cd66e47a8531c08cb0975a0633f48568d798b5ab2b4f49af1ce2de8064507b859825a15dc6e76ee5c57e6731c95d41e4254a0159a96e4d70168a797b0d740b6042e489276c7961723d0a9dd18acdd92be1b6a08e080aff20ef1e87ffe69aaed8ed9fbbbe98fa8fb99401212d5b0b12e2fe46142adae6b99b1b937f143c740a75fa4d956dadbd999081ab28f518a781c43a8741a77eab309c29fb26631a598f8fc21258b329a6392e81707589ee5afad1df4706ed,gx-no-cache=1519661493235 HTTP/1.1" 200 30
181.201.74.220 - - [26/Feb/2018:13:12:27 -0300] "POST /cormun/servlet/solicitudot?gx-no-cache=1519661498333 HTTP/1.1" 200 30
181.201.74.220 - - [26/Feb/2018:13:12:32 -0300] "POST /cormun/servlet/solicitudot?gx-no-cache=1519661503278 HTTP/1.1" 200 1337
181.201.74.220 - - [26/Feb/2018:13:12:32 -0300] "POST /cormun/servlet/solicitudot?gx-no-cache=1519661505014 HTTP/1.1" 200 38
181.201.74.220 - - [26/Feb/2018:13:12:45 -0300] "GET /cormun/servlet/solicitudot?6bc267d34fbac86cad6a6a03f5e4fb457b05131ddd5bbe6657142168b20ab7c092884b131ebdd9060f3052d34dd001f56fa15921b839d728d25cfcfb0e59c8fa63d615ffa5a9c5193594f6e8cfbd77492e847597d57321e23069be6cbc99c93c6f7f79f5f9f9d1bba1c577c2db0afe7b,gx-no-cache=1519661514898 HTTP/1.1" 200 29
181.201.74.220 - - [26/Feb/2018:13:12:46 -0300] "POST /cormun/servlet/solicitudot?gx-no-cache=1519661517832 HTTP/1.1" 200 1319
181.201.74.220 - - [26/Feb/2018:13:12:46 -0300] "POST /cormun/servlet/solicitudot?gx-no-cache=1519661519075 HTTP/1.1" 200 1218
181.201.74.220 - - [26/Feb/2018:13:12:47 -0300] "GET /cormun/static/menuarrow.gif HTTP/1.1" 404 1015
200.54.247.70 - - [26/Feb/2018:13:12:49 -0300] "POST /cormun/servlet/trsolicitudot?d7ae9788feb70ad0b4d4d0a8818d951d,,gx-no-cache=1519661516635 HTTP/1.1" 200 6111
181.201.74.220 - - [26/Feb/2018:13:12:52 -0300] "POST /cormun/servlet/solicitudot?gx-no-cache=1519661523593 HTTP/1.1" 200 1319
181.201.74.220 - - [26/Feb/2018:13:12:52 -0300] "POST /cormun/servlet/solicitudot?gx-no-cache=1519661525157 HTTP/1.1" 200 1218
200.54.247.70 - - [26/Feb/2018:13:14:44 -0300] "POST /cormun/servlet/trsolicitudot?d7ae9788feb70ad0b4d4d0a8818d951d,,gx-no-cache=1519661632937 HTTP/1.1" 200 4203
200.54.247.70 - - [26/Feb/2018:13:14:53 -0300] "POST /cormun/servlet/trsolicitudot?d7ae9788feb70ad0b4d4d0a8818d951d,,gx-no-cache=1519661640375 HTTP/1.1" 200 22709
200.54.247.70 - - [26/Feb/2018:13:17:09 -0300] "GET /cormun/servlet/trsolicitudot? HTTP/1.1" 200 25640
200.54.247.70 - - [26/Feb/2018:13:17:24 -0300] "POST /cormun/servlet/trsolicitudot?d7ae9788feb70ad0b4d4d0a8818d951d,,gx-no-cache=1519661790996 HTTP/1.1" 200 4205
200.54.247.70 - - [26/Feb/2018:13:18:25 -0300] "POST /cormun/servlet/trsolicitudot?d7ae9788feb70ad0b4d4d0a8818d951d,,gx-no-cache=1519661853775 HTTP/1.1" 200 4206
200.54.247.70 - - [26/Feb/2018:13:18:27 -0300] "POST /cormun/servlet/trsolicitudot?d7ae9788feb70ad0b4d4d0a8818d951d,,gx-no-cache=1519661855794 HTTP/1.1" 200 4206
181.201.74.220 - - [26/Feb/2018:13:18:27 -0300] "GET /cormun/servlet/solicitudot?6bc267d34fbac86cad6a6a03f5e4fb459a3394510aab07b242220737b5528ea64606104f8dae6b72b7386a69802ef175,gx-no-cache=1519661860054 HTTP/1.1" 200 30
181.201.74.220 - - [26/Feb/2018:13:18:34 -0300] "POST /cormun/servlet/solicitudot?gx-no-cache=1519661866598 HTTP/1.1" 200 30
200.54.247.70 - - [26/Feb/2018:13:18:41 -0300] "POST /cormun/servlet/trsolicitudot?d7ae9788feb70ad0b4d4d0a8818d951d,,gx-no-cache=1519661870551 HTTP/1.1" 200 6111
181.201.74.220 - - [26/Feb/2018:13:18:51 -0300] "POST /cormun/servlet/solicitudot?15eea1d57e819a69114e60a0161f5e8d,INS,0,0,,gx-no-cache=1519661882372 HTTP/1.1" 200 93
181.201.74.220 - - [26/Feb/2018:13:18:51 -0300] "GET /cormun/servlet/hpexe_return? HTTP/1.1" 200 1013
181.201.74.220 - - [26/Feb/2018:13:18:52 -0300] "GET /cormun/servlet/trsolicitudot HTTP/1.1" 200 9289
181.201.74.220 - - [26/Feb/2018:13:18:55 -0300] "GET /cormun/servlet/trsolicitudot HTTP/1.1" 200 9283
181.201.74.220 - - [26/Feb/2018:13:19:05 -0300] "GET /cormun/servlet/solicitudot?INS,0,0, HTTP/1.1" 200 13788
181.201.74.220 - - [26/Feb/2018:13:19:10 -0300] "GET /cormun/servlet/solicitudot?INS,0,0, HTTP/1.1" 200 13793
181.201.74.220 - - [26/Feb/2018:13:19:30 -0300] "POST /cormun/servlet/solicitudot?gx-no-cache=1519661920537 HTTP/1.1" 200 3418
181.201.74.220 - - [26/Feb/2018:13:19:30 -0300] "POST /cormun/servlet/solicitudot?15eea1d57e819a69114e60a0161f5e8d,INS,0,0,,gx-no-cache=1519661922749 HTTP/1.1" 200 10599
200.54.247.70 - - [26/Feb/2018:13:19:32 -0300] "GET /cormun/servlet/trcontratosolicitud? HTTP/1.1" 200 14587
200.54.247.70 - - [26/Feb/2018:13:19:53 -0300] "POST /cormun/servlet/trcontratosolicitud?d7ae9788feb70ad0b4d4d0a8818d951d,,gx-no-cache=1519661941205 HTTP/1.1" 200 4934
181.201.74.220 - - [26/Feb/2018:13:19:55 -0300] "GET /cormun/servlet/solicitudot?6bc267d34fbac86cad6a6a03f5e4fb454664e83da5cd9aa39ed793f9bc631c8a6e7dfe8dab3709c05e0163d46249dfa2,gx-no-cache=1519661947942 HTTP/1.1" 200 30
181.201.74.220 - - [26/Feb/2018:13:19:55 -0300] "GET /cormun/servlet/solicitudot?6bc267d34fbac86cad6a6a03f5e4fb450772734c719710c6aab06c1a479a70a0a659a50e97a14a712da54c4a458cc52e1768a3c91f661d4e82b04d12199d0da0,gx-no-cache=1519661948242 HTTP/1.1" 200 30
181.201.74.220 - - [26/Feb/2018:13:19:56 -0300] "GET /cormun/servlet/solicitudot?6bc267d34fbac86cad6a6a03f5e4fb45acd5d9e14a3cfe7896574699263e0da8,gx-no-cache=1519661948419 HTTP/1.1" 200 53
181.201.74.220 - - [26/Feb/2018:13:19:56 -0300] "POST /cormun/servlet/solicitudot?gx-no-cache=1519661948606 HTTP/1.1" 200 297
181.201.74.220 - - [26/Feb/2018:13:19:56 -0300] "GET /cormun/servlet/solicitudot?6bc267d34fbac86cad6a6a03f5e4fb4504e2458ab121836624ffec9673ee09f8d94469c998458e37cce8e1617c29ee227b4fefa33c553fba9896c4ce093524628cc130b85bd8a936c4510fc3f8282e6bf7baa7900226db6291c32367e938ceb2dde405663a75b9af2b6eda022d71a2729b7d522bdc151367e61ca06012aa7926beac038d741090cc65b1f0b8c99221eb01a6366b31267214122c7398eecb7010104dcb2861da11242ce0f5d56fbfcf307f4616b6c8c1793bd159dcbfe7ef7b7e84fc252904b27775b60c7300cd66e47a8531c08cb0975a0633f48568d798b5ab2b4f49af1ce2de8064507b859825a15dc6e76ee5c57e6731c95d41e4254a0159a96e4d70168a797b0d740b6042e489276c7961723d0a9dd18acdd92be1b6a08e080aff20ef1e87ffe69aaed8ed9fbbbe98fa8fb99401212d5b0b12e2fe46142a22eaac62fb40dacee29014a01d185e26b1a91ff384a03204d85c156c1e370f02136cbe671f419ef9f7a59445e64b82182c728bc69b79be9656cd3939600b53563625cc595b981030417629d4dc8a3dff,gx-no-cache=1519661948831 HTTP/1.1" 200 30
181.201.74.220 - - [26/Feb/2018:13:19:59 -0300] "POST /cormun/servlet/solicitudot?gx-no-cache=1519661951531 HTTP/1.1" 200 30
181.201.74.220 - - [26/Feb/2018:13:20:05 -0300] "POST /cormun/servlet/solicitudot?gx-no-cache=1519661955932 HTTP/1.1" 200 1336
181.201.74.220 - - [26/Feb/2018:13:20:05 -0300] "POST /cormun/servlet/solicitudot?gx-no-cache=1519661958128 HTTP/1.1" 200 38
181.201.74.220 - - [26/Feb/2018:13:20:24 -0300] "GET /cormun/servlet/solicitudot?6bc267d34fbac86cad6a6a03f5e4fb457b05131ddd5bbe6657142168b20ab7c092884b131ebdd9060f3052d34dd001f56fa15921b839d728d25cfcfb0e59c8fa63d615ffa5a9c5193594f6e8cfbd77492e847597d57321e23069be6cbc99c93c6f7f79f5f9f9d1bba1c577c2db0afe7b,gx-no-cache=1519661975410 HTTP/1.1" 200 29
181.201.74.220 - - [26/Feb/2018:13:20:26 -0300] "POST /cormun/servlet/solicitudot?gx-no-cache=1519661977556 HTTP/1.1" 200 1319
181.201.74.220 - - [26/Feb/2018:13:20:26 -0300] "POST /cormun/servlet/solicitudot?gx-no-cache=1519661979035 HTTP/1.1" 200 1218
181.201.74.220 - - [26/Feb/2018:13:20:27 -0300] "GET /cormun/static/menuarrow.gif HTTP/1.1" 404 1015
181.201.74.220 - - [26/Feb/2018:13:20:32 -0300] "POST /cormun/servlet/solicitudot?gx-no-cache=1519661982812 HTTP/1.1" 200 1319
181.201.74.220 - - [26/Feb/2018:13:20:32 -0300] "POST /cormun/servlet/solicitudot?gx-no-cache=1519661985061 HTTP/1.1" 200 1218
181.201.74.220 - - [26/Feb/2018:13:20:38 -0300] "GET /cormun/servlet/solicitudot?6bc267d34fbac86cad6a6a03f5e4fb459a3394510aab07b242220737b5528ea64606104f8dae6b72b7386a69802ef175,gx-no-cache=1519661989010 HTTP/1.1" 200 30
181.201.74.220 - - [26/Feb/2018:13:20:59 -0300] "POST /cormun/servlet/solicitudot?gx-no-cache=1519662010607 HTTP/1.1" 200 30
181.201.74.220 - - [26/Feb/2018:13:21:22 -0300] "POST /cormun/servlet/solicitudot?15eea1d57e819a69114e60a0161f5e8d,INS,0,0,,gx-no-cache=1519662033351 HTTP/1.1" 200 93
192.168.10.96 - - [26/Feb/2018:13:21:28 -0300] "GET /cormun/servlet/trsolicitudgral? HTTP/1.1" 200 20381
192.168.10.96 - - [26/Feb/2018:13:21:30 -0300] "GET /cormun/servlet/trsolicitudgral? HTTP/1.1" 200 20381
192.168.10.96 - - [26/Feb/2018:13:21:34 -0300] "POST /cormun/servlet/trsolicitudgral?a9ff59691d47260360f10b3a45853866,,gx-no-cache=1519661936230 HTTP/1.1" 200 12977
200.54.247.70 - - [26/Feb/2018:13:21:42 -0300] "GET /cormun/servlet/trsolicitudot? HTTP/1.1" 200 9156
192.168.10.96 - - [26/Feb/2018:13:21:43 -0300] "POST /cormun/servlet/trsolicitudgral?a9ff59691d47260360f10b3a45853866,,gx-no-cache=1519661945626 HTTP/1.1" 200 9732
200.54.247.70 - - [26/Feb/2018:13:21:47 -0300] "GET /cormun/servlet/solicitudot?INS,0,0, HTTP/1.1" 200 13675
192.168.10.96 - - [26/Feb/2018:13:21:51 -0300] "POST /cormun/servlet/trsolicitudgral?a9ff59691d47260360f10b3a45853866,,gx-no-cache=1519661953458 HTTP/1.1" 200 5919
192.168.10.96 - - [26/Feb/2018:13:21:54 -0300] "POST /cormun/servlet/trsolicitudgral?a9ff59691d47260360f10b3a45853866,,gx-no-cache=1519661956601 HTTP/1.1" 200 7711
192.168.10.96 - - [26/Feb/2018:13:21:57 -0300] "GET /cormun/servlet/vesolicitudgral?2018,9224,, HTTP/1.1" 200 9269
192.168.10.96 - - [26/Feb/2018:13:21:57 -0300] "GET /cormun/pexe_scrolldiv.js HTTP/1.1" 404 1009
192.168.10.96 - - [26/Feb/2018:13:21:57 -0300] "GET /cormun/static/gxcfg.js?201711151294153 HTTP/1.1" 304 -
192.168.10.96 - - [26/Feb/2018:13:21:57 -0300] "GET /cormun/pexe_scrolldiv.js HTTP/1.1" 404 1009
192.168.10.96 - - [26/Feb/2018:13:21:57 -0300] "GET /cormun/static/tbsolicitudgral01.js?201813119422078 HTTP/1.1" 304 -
192.168.10.96 - - [26/Feb/2018:13:21:58 -0300] "GET /cormun/servlet/vesolicitudgral?2018,9224,, HTTP/1.1" 200 9269
192.168.10.96 - - [26/Feb/2018:13:22:00 -0300] "GET /cormun/servlet/vesolicitudgral?2018,9224,,SolicitudOTAdjuntos HTTP/1.1" 200 11361
192.168.10.96 - - [26/Feb/2018:13:22:00 -0300] "GET /cormun/pexe_scrolldiv.js HTTP/1.1" 404 1009
192.168.10.96 - - [26/Feb/2018:13:22:00 -0300] "GET /cormun/pexe_scrolldiv.js HTTP/1.1" 404 1009
192.168.10.96 - - [26/Feb/2018:13:22:00 -0300] "GET /cormun/static/tbsolicitudgral02.js?20171115129853 HTTP/1.1" 304 -
192.168.10.96 - - [26/Feb/2018:13:22:01 -0300] "POST /cormun/servlet/acontrolpreferencessavestate?None,DZAMUDIO,true HTTP/1.1" 200 35
192.168.10.96 - - [26/Feb/2018:13:22:01 -0300] "GET /cormun/servlet/vesolicitudgral?2018,9224,,SolicitudOTAdjuntos HTTP/1.1" 200 11362
192.168.10.96 - - [26/Feb/2018:13:22:02 -0300] "GET /cormun/PublicTempStorage/isapre_daniel_arevalo8386337.pdf HTTP/1.1" 200 623749
200.54.247.70 - - [26/Feb/2018:13:22:24 -0300] "GET /cormun/servlet/prfichaempleado?,MD,,gxPopupLevel%3D0%3B HTTP/1.1" 200 9387
200.54.247.70 - - [26/Feb/2018:13:22:24 -0300] "GET /cormun/static/gxcfg.js?20177612134814 HTTP/1.1" 200 953
200.54.247.70 - - [26/Feb/2018:13:22:24 -0300] "GET /cormun/static/prfichaempleado.js?20177612134999 HTTP/1.1" 304 -
200.54.247.70 - - [26/Feb/2018:13:22:24 -0300] "GET /cormun/static/menusearch.js?201610171694467 HTTP/1.1" 304 -
200.54.247.70 - - [26/Feb/2018:13:22:24 -0300] "GET /cormun/static/hmpwkw011.js?20177612121862 HTTP/1.1" 304 -
181.201.74.220 - - [26/Feb/2018:13:22:24 -0300] "GET /cormun/servlet/solicitudot?INS,0,0, HTTP/1.1" 200 13793
192.168.10.96 - - [26/Feb/2018:13:22:26 -0300] "GET /cormun/servlet/vesolicitudgral?2018,9224,,SolicitudOTAdjuntos HTTP/1.1" 200 11362
181.201.74.220 - - [26/Feb/2018:13:22:26 -0300] "GET /cormun/servlet/solicitudot?INS,0,0, HTTP/1.1" 200 13793
192.168.10.96 - - [26/Feb/2018:13:22:27 -0300] "POST /cormun/servlet/acontrolpreferencessavestate?None,DZAMUDIO,true HTTP/1.1" 200 35
192.168.10.96 - - [26/Feb/2018:13:22:27 -0300] "GET /cormun/servlet/vesolicitudgral?2018,9224,,SolicitudOTAdjuntos HTTP/1.1" 200 11360
192.168.10.96 - - [26/Feb/2018:13:22:29 -0300] "POST /cormun/servlet/vesolicitudgral?a9ff59691d47260360f10b3a45853866,2018,9224,,SolicitudOTAdjuntos,gx-no-cache=1519661991825 HTTP/1.1" 200 90
192.168.10.96 - - [26/Feb/2018:13:22:29 -0300] "GET /cormun/servlet/hpexe_link HTTP/1.1" 200 973
192.168.10.96 - - [26/Feb/2018:13:22:29 -0300] "GET /cormun/servlet/trsolicitudgral? HTTP/1.1" 200 10969
192.168.10.96 - - [26/Feb/2018:13:22:30 -0300] "GET /cormun/servlet/trsolicitudgral? HTTP/1.1" 200 10968
181.201.74.220 - - [26/Feb/2018:13:22:42 -0300] "POST /cormun/servlet/solicitudot?gx-no-cache=1519662113150 HTTP/1.1" 200 3418
181.201.74.220 - - [26/Feb/2018:13:22:43 -0300] "POST /cormun/servlet/solicitudot?15eea1d57e819a69114e60a0161f5e8d,INS,0,0,,gx-no-cache=1519662115398 HTTP/1.1" 200 10606
181.201.74.220 - - [26/Feb/2018:13:22:54 -0300] "GET /cormun/servlet/solicitudot?6bc267d34fbac86cad6a6a03f5e4fb454664e83da5cd9aa39ed793f9bc631c8a6e7dfe8dab3709c05e0163d46249dfa2,gx-no-cache=1519662124728 HTTP/1.1" 200 30
181.201.74.220 - - [26/Feb/2018:13:22:54 -0300] "GET /cormun/servlet/solicitudot?6bc267d34fbac86cad6a6a03f5e4fb450772734c719710c6aab06c1a479a70a0a659a50e97a14a712da54c4a458cc52e1768a3c91f661d4e82b04d12199d0da0,gx-no-cache=1519662126903 HTTP/1.1" 200 30
181.201.74.220 - - [26/Feb/2018:13:22:54 -0300] "GET /cormun/servlet/solicitudot?6bc267d34fbac86cad6a6a03f5e4fb45acd5d9e14a3cfe7896574699263e0da8,gx-no-cache=1519662127118 HTTP/1.1" 200 53
181.201.74.220 - - [26/Feb/2018:13:22:54 -0300] "POST /cormun/servlet/solicitudot?gx-no-cache=1519662127310 HTTP/1.1" 200 297
181.201.74.220 - - [26/Feb/2018:13:22:55 -0300] "GET /cormun/servlet/solicitudot?6bc267d34fbac86cad6a6a03f5e4fb4504e2458ab121836624ffec9673ee09f8d94469c998458e37cce8e1617c29ee227b4fefa33c553fba9896c4ce093524628cc130b85bd8a936c4510fc3f8282e6bf7baa7900226db6291c32367e938ceb2dde405663a75b9af2b6eda022d71a2729b7d522bdc151367e61ca06012aa7926beac038d741090cc65b1f0b8c99221eb01a6366b31267214122c7398eecb7010104dcb2861da11242ce0f5d56fbfcf307f4616b6c8c1793bd159dcbfe7ef7b7e84fc252904b27775b60c7300cd66e47a8531c08cb0975a0633f48568d798b5ab2b4f49af1ce2de8064507b859825a15dc6e76ee5c57e6731c95d41e4254a0159a96e4d70168a797b0d740b6042e489276c7961723d0a9dd18acdd92be1b6a08e080aff20ef1e87ffe69aaed8ed9fbbbe98fa8fb99401212d5b0b12e2fe46142a22eaac62fb40dacee29014a01d185e26b1a91ff384a03204d85c156c1e370f02136cbe671f419ef9f7a59445e64b82182c728bc69b79be9656cd3939600b53563625cc595b981030417629d4dc8a3dff,gx-no-cache=1519662127567 HTTP/1.1" 200 30
181.201.74.220 - - [26/Feb/2018:13:22:57 -0300] "POST /cormun/servlet/solicitudot?gx-no-cache=1519662130019 HTTP/1.1" 200 30
200.54.247.70 - - [26/Feb/2018:13:23:00 -0300] "POST /cormun/servlet/solicitudot?gx-no-cache=1519662128843 HTTP/1.1" 200 3398
200.54.247.70 - - [26/Feb/2018:13:23:01 -0300] "POST /cormun/servlet/solicitudot?d7ae9788feb70ad0b4d4d0a8818d951d,INS,0,0,,gx-no-cache=1519662129649 HTTP/1.1" 200 10545
200.54.247.70 - - [26/Feb/2018:13:23:01 -0300] "GET /cormun/servlet/solicitudot?b4ec87092c0291199a8a207c2f67ba159a60671f3173c833b372e0ccbcb58f4d7826a50d0c85e4b1672e58eae5f2b689,gx-no-cache=1519662130232 HTTP/1.1" 200 30
181.201.74.220 - - [26/Feb/2018:13:23:02 -0300] "POST /cormun/servlet/solicitudot?gx-no-cache=1519662133097 HTTP/1.1" 200 1336
181.201.74.220 - - [26/Feb/2018:13:23:02 -0300] "POST /cormun/servlet/solicitudot?gx-no-cache=1519662134692 HTTP/1.1" 200 38
181.201.74.220 - - [26/Feb/2018:13:23:13 -0300] "GET /cormun/servlet/solicitudot?6bc267d34fbac86cad6a6a03f5e4fb457b05131ddd5bbe6657142168b20ab7c092884b131ebdd9060f3052d34dd001f56fa15921b839d728d25cfcfb0e59c8fa63d615ffa5a9c5193594f6e8cfbd77492e847597d57321e23069be6cbc99c93c6f7f79f5f9f9d1bba1c577c2db0afe7b,gx-no-cache=1519662143630 HTTP/1.1" 200 29
181.201.74.220 - - [26/Feb/2018:13:23:14 -0300] "POST /cormun/servlet/solicitudot?gx-no-cache=1519662146331 HTTP/1.1" 200 1319
181.201.74.220 - - [26/Feb/2018:13:23:14 -0300] "POST /cormun/servlet/solicitudot?gx-no-cache=1519662146819 HTTP/1.1" 200 1218
181.201.74.220 - - [26/Feb/2018:13:23:14 -0300] "GET /cormun/static/menuarrow.gif HTTP/1.1" 404 1015
200.54.247.70 - - [26/Feb/2018:13:23:15 -0300] "GET /cormun/servlet/solicitudot?b4ec87092c0291199a8a207c2f67ba1592fd9c7124bf3c391e98cea80c6a8be744545804ef5643540e15f33847928272,gx-no-cache=1519662143893 HTTP/1.1" 200 30
200.54.247.70 - - [26/Feb/2018:13:23:15 -0300] "GET /cormun/servlet/solicitudot?b4ec87092c0291199a8a207c2f67ba158e762112bc2cc0c2864ff3b7af1988e4,gx-no-cache=1519662143977 HTTP/1.1" 200 51
200.54.247.70 - - [26/Feb/2018:13:23:15 -0300] "POST /cormun/servlet/solicitudot?gx-no-cache=1519662144072 HTTP/1.1" 200 240
200.54.247.70 - - [26/Feb/2018:13:23:15 -0300] "GET /cormun/servlet/solicitudot?b4ec87092c0291199a8a207c2f67ba1557b89c31f7eba28ce381dd7d5f3f569c32658e95996ab8f01e5b3a5ec27baadb5f25ee4ad208b9c46fec80f3cf02ef92f067ec6784a22901d91c8cca05b18d5db17ccde42cab294afae874010cc1a4ed11bda03c5383dea041cb91f47804ecc77985c2dc88ad5da36672efeb04c10c40477e1ffc51aeea9662badeb6f7170c99129276021d8a7aaafb0640a13eb303cde62eaa6bb2b88cb9856523a23ad974ea369f7d8740b2f2d4e0cf7f477796ee0122ea784c91bc898a0bb86ab729bc1cc3da787ec89e2db03294bdbbd34aa32c85de96859ad2ded4f3f1d0edaee7cdc5803e2f3d1edc2c948125625c90eba9cba4e58d13abcabeac19da8b94022c4b3d797ef8d0008a6e6a202312f3fccf21d7399020d0a1ba7c0b694ccb77d723c59f4709354e17f9a1ba9f0a88e8dfda62b5fb8bb2039d1d71508ccf1e41079f51e6618eeef323a279a33277289b885cc64ea012a5647c00fb488341e674b2654615173c7817e16fe3788fc083f4885eee3185,gx-no-cache=1519662144170 HTTP/1.1" 200 30
200.54.247.70 - - [26/Feb/2018:13:23:15 -0300] "POST /cormun/servlet/solicitudot?gx-no-cache=1519662144254 HTTP/1.1" 200 30
200.54.247.70 - - [26/Feb/2018:13:23:15 -0300] "POST /cormun/servlet/solicitudot?gx-no-cache=1519662144354 HTTP/1.1" 200 1337
200.54.247.70 - - [26/Feb/2018:13:23:15 -0300] "POST /cormun/servlet/solicitudot?gx-no-cache=1519662144598 HTTP/1.1" 200 38
181.201.74.220 - - [26/Feb/2018:13:23:19 -0300] "POST /cormun/servlet/solicitudot?gx-no-cache=1519662150312 HTTP/1.1" 200 1319
181.201.74.220 - - [26/Feb/2018:13:23:20 -0300] "POST /cormun/servlet/solicitudot?gx-no-cache=1519662152537 HTTP/1.1" 200 1218
181.201.74.220 - - [26/Feb/2018:13:23:25 -0300] "GET /cormun/servlet/solicitudot?6bc267d34fbac86cad6a6a03f5e4fb459a3394510aab07b242220737b5528ea64606104f8dae6b72b7386a69802ef175,gx-no-cache=1519662156374 HTTP/1.1" 200 30
181.201.74.220 - - [26/Feb/2018:13:23:32 -0300] "POST /cormun/servlet/solicitudot?gx-no-cache=1519662164093 HTTP/1.1" 200 30
200.54.247.70 - - [26/Feb/2018:13:23:35 -0300] "GET /cormun/servlet/prfichaempleado?,MD,,gxPopupLevel%3D0%3B HTTP/1.1" 200 9387
181.201.74.220 - - [26/Feb/2018:13:23:46 -0300] "POST /cormun/servlet/solicitudot?15eea1d57e819a69114e60a0161f5e8d,INS,0,0,,gx-no-cache=1519662176441 HTTP/1.1" 200 93
181.201.74.220 - - [26/Feb/2018:13:23:46 -0300] "GET /cormun/servlet/hpexe_return? HTTP/1.1" 200 1013
181.201.74.220 - - [26/Feb/2018:13:23:47 -0300] "GET /cormun/servlet/trsolicitudot HTTP/1.1" 200 9918
181.201.74.220 - - [26/Feb/2018:13:23:49 -0300] "GET /cormun/servlet/trsolicitudot HTTP/1.1" 200 9912
200.54.247.70 - - [26/Feb/2018:13:24:03 -0300] "POST /cormun/servlet/prfichaempleado?d7ae9788feb70ad0b4d4d0a8818d951d,,MD,,gxPopupLevel%3D0%3B,gx-no-cache=1519662189016 HTTP/1.1" 200 3424
181.201.74.220 - - [26/Feb/2018:13:24:57 -0300] "POST /cormun/servlet/trsolicitudot?15eea1d57e819a69114e60a0161f5e8d,gx-no-cache=1519662247619 HTTP/1.1" 200 6618
181.201.74.220 - - [26/Feb/2018:13:24:58 -0300] "POST /cormun/servlet/trsolicitudot?15eea1d57e819a69114e60a0161f5e8d,gx-no-cache=1519662250114 HTTP/1.1" 200 6598
200.54.247.70 - - [26/Feb/2018:13:25:31 -0300] "GET /cormun/servlet/prfichaempleado?,MD,,gxPopupLevel%3D0%3B HTTP/1.1" 200 9387
200.54.247.70 - - [26/Feb/2018:13:25:57 -0300] "POST /cormun/servlet/prfichaempleado?d7ae9788feb70ad0b4d4d0a8818d951d,,MD,,gxPopupLevel%3D0%3B,gx-no-cache=1519662305965 HTTP/1.1" 200 3424
200.54.247.70 - - [26/Feb/2018:13:26:38 -0300] "GET /cormun/servlet/trcontratounov2? HTTP/1.1" 200 17420
200.54.247.70 - - [26/Feb/2018:13:27:02 -0300] "POST /cormun/servlet/trcontratounov2?d7ae9788feb70ad0b4d4d0a8818d951d,,gx-no-cache=1519662368262 HTTP/1.1" 200 7680
200.54.247.70 - - [26/Feb/2018:13:27:33 -0300] "GET /cormun/servlet/trsolicitudot? HTTP/1.1" 200 9156
200.54.247.70 - - [26/Feb/2018:13:27:37 -0300] "GET /cormun/servlet/solicitudot?INS,0,0, HTTP/1.1" 200 13675
200.54.247.70 - - [26/Feb/2018:13:27:49 -0300] "POST /cormun/servlet/solicitudot?gx-no-cache=1519662417499 HTTP/1.1" 200 3398
200.54.247.70 - - [26/Feb/2018:13:27:49 -0300] "POST /cormun/servlet/solicitudot?d7ae9788feb70ad0b4d4d0a8818d951d,INS,0,0,,gx-no-cache=1519662418360 HTTP/1.1" 200 10548
200.54.247.70 - - [26/Feb/2018:13:27:58 -0300] "GET /cormun/servlet/solicitudot?b4ec87092c0291199a8a207c2f67ba159a60671f3173c833b372e0ccbcb58f4d7826a50d0c85e4b1672e58eae5f2b689,gx-no-cache=1519662427614 HTTP/1.1" 200 30
200.54.247.70 - - [26/Feb/2018:13:27:58 -0300] "GET /cormun/servlet/solicitudot?b4ec87092c0291199a8a207c2f67ba1592fd9c7124bf3c391e98cea80c6a8be744545804ef5643540e15f33847928272,gx-no-cache=1519662427713 HTTP/1.1" 200 30
200.54.247.70 - - [26/Feb/2018:13:27:58 -0300] "GET /cormun/servlet/solicitudot?b4ec87092c0291199a8a207c2f67ba158e762112bc2cc0c2864ff3b7af1988e4,gx-no-cache=1519662427805 HTTP/1.1" 200 51
200.54.247.70 - - [26/Feb/2018:13:27:59 -0300] "POST /cormun/servlet/solicitudot?gx-no-cache=1519662427895 HTTP/1.1" 200 240
200.54.247.70 - - [26/Feb/2018:13:27:59 -0300] "GET /cormun/servlet/solicitudot?b4ec87092c0291199a8a207c2f67ba1557b89c31f7eba28ce381dd7d5f3f569c32658e95996ab8f01e5b3a5ec27baadb5f25ee4ad208b9c46fec80f3cf02ef92f067ec6784a22901d91c8cca05b18d5db17ccde42cab294afae874010cc1a4ed11bda03c5383dea041cb91f47804ecc77985c2dc88ad5da36672efeb04c10c40477e1ffc51aeea9662badeb6f7170c99129276021d8a7aaafb0640a13eb303cde62eaa6bb2b88cb9856523a23ad974ea369f7d8740b2f2d4e0cf7f477796ee0122ea784c91bc898a0bb86ab729bc1cc3da787ec89e2db03294bdbbd34aa32c85de96859ad2ded4f3f1d0edaee7cdc5803e2f3d1edc2c948125625c90eba9cba4e58d13abcabeac19da8b94022c4b3d797ef8d0008a6e6a202312f3fccf21d7399020d0a1ba7c0b694ccb77d723c59f4709354e17f9a1ba9f0a88e8dfda62b5fb8bb2039d1d71508ccf1e41079f51e6618eeef323a279a33277289b885cc64ea012a5647c00fb488341e674b2654615173c7817e16fe3788fc083f4885eee3185,gx-no-cache=1519662428398 HTTP/1.1" 200 30
200.54.247.70 - - [26/Feb/2018:13:27:59 -0300] "POST /cormun/servlet/solicitudot?gx-no-cache=1519662428493 HTTP/1.1" 200 30
200.54.247.70 - - [26/Feb/2018:13:27:59 -0300] "POST /cormun/servlet/solicitudot?gx-no-cache=1519662428601 HTTP/1.1" 200 1337
200.54.247.70 - - [26/Feb/2018:13:28:00 -0300] "POST /cormun/servlet/solicitudot?gx-no-cache=1519662428838 HTTP/1.1" 200 38
200.54.247.70 - - [26/Feb/2018:13:29:11 -0300] "POST /cormun/servlet/solicitudot?gx-no-cache=1519662499897 HTTP/1.1" 200 1337
200.54.247.70 - - [26/Feb/2018:13:29:11 -0300] "POST /cormun/servlet/solicitudot?gx-no-cache=1519662500098 HTTP/1.1" 200 38
200.54.247.70 - - [26/Feb/2018:13:29:11 -0300] "GET /cormun/servlet/solicitudot?b4ec87092c0291199a8a207c2f67ba154b7b96bf8679acae20de982e146a5b9f5b088ffabf1bb9288ebd3cb2d936c919303b337fb70079103c7cbdab89afbe249a14b94ca4c675f36e4eb950a1ba16e5760442dc070fb31d44e7ed9e2d3740a9805e7f4592f6c097079d9b9ba5407f69fabc045fb3086d526b47e633c3ab07c4ed3b1a0aaf6a8b1a1db0954a6f24bb71b2fe549d602eabad24b6777cdc555668,gx-no-cache=1519662500173 HTTP/1.1" 200 29
200.54.247.70 - - [26/Feb/2018:13:29:11 -0300] "POST /cormun/servlet/solicitudot?gx-no-cache=1519662500241 HTTP/1.1" 200 1319
200.54.247.70 - - [26/Feb/2018:13:29:11 -0300] "POST /cormun/servlet/solicitudot?gx-no-cache=1519662500387 HTTP/1.1" 200 1218
200.54.247.70 - - [26/Feb/2018:13:29:12 -0300] "GET /cormun/static/menuarrow.gif HTTP/1.1" 404 1015
200.54.247.70 - - [26/Feb/2018:13:29:14 -0300] "POST /cormun/servlet/solicitudot?gx-no-cache=1519662503230 HTTP/1.1" 200 1337
200.54.247.70 - - [26/Feb/2018:13:29:14 -0300] "POST /cormun/servlet/solicitudot?gx-no-cache=1519662503455 HTTP/1.1" 200 38
200.54.247.70 - - [26/Feb/2018:13:29:15 -0300] "POST /cormun/servlet/solicitudot?gx-no-cache=1519662503549 HTTP/1.1" 200 1319
200.54.247.70 - - [26/Feb/2018:13:29:15 -0300] "POST /cormun/servlet/solicitudot?gx-no-cache=1519662504108 HTTP/1.1" 200 1218
200.54.247.70 - - [26/Feb/2018:13:29:25 -0300] "GET /cormun/servlet/solicitudot?b4ec87092c0291199a8a207c2f67ba1552bffeb3ee8c2e82e20de9fffbf24873271d25a47cfc2ef5a15aa5309eeb717e,gx-no-cache=1519662514325 HTTP/1.1" 200 30
200.54.247.70 - - [26/Feb/2018:13:29:32 -0300] "POST /cormun/servlet/solicitudot?gx-no-cache=1519662521188 HTTP/1.1" 200 30
200.54.247.70 - - [26/Feb/2018:13:30:01 -0300] "POST /cormun/servlet/solicitudot?d7ae9788feb70ad0b4d4d0a8818d951d,INS,0,0,,gx-no-cache=1519662549536 HTTP/1.1" 200 93
200.54.247.70 - - [26/Feb/2018:13:30:01 -0300] "GET /cormun/servlet/hpexe_return? HTTP/1.1" 200 1011
200.54.247.70 - - [26/Feb/2018:13:30:01 -0300] "GET /cormun/servlet/trsolicitudot HTTP/1.1" 200 9159
200.54.247.70 - - [26/Feb/2018:13:30:07 -0300] "GET /cormun/servlet/trautorizarsolicitud? HTTP/1.1" 200 7344
200.54.247.70 - - [26/Feb/2018:13:30:12 -0300] "GET /cormun/servlet/trvisualizadoreventos? HTTP/1.1" 200 6983
200.54.247.70 - - [26/Feb/2018:13:30:28 -0300] "GET /cormun/servlet/trautorizarsolicitud? HTTP/1.1" 200 7344
200.54.247.70 - - [26/Feb/2018:13:30:34 -0300] "GET /cormun/servlet/trvisualizadoreventos? HTTP/1.1" 200 6983
181.201.74.220 - - [26/Feb/2018:13:30:47 -0300] "GET /cormun/servlet/solicitudot?INS,0,0, HTTP/1.1" 200 13786
181.201.74.220 - - [26/Feb/2018:13:30:49 -0300] "GET /cormun/servlet/solicitudot?INS,0,0, HTTP/1.1" 200 13791
200.54.247.70 - - [26/Feb/2018:13:30:56 -0300] "GET /cormun/servlet/trautorizarsolicitud? HTTP/1.1" 200 7344
200.54.247.70 - - [26/Feb/2018:13:31:00 -0300] "GET /cormun/servlet/trsolicitudot? HTTP/1.1" 200 9156
181.201.74.220 - - [26/Feb/2018:13:31:04 -0300] "POST /cormun/servlet/solicitudot?gx-no-cache=1519662615817 HTTP/1.1" 200 3420
181.201.74.220 - - [26/Feb/2018:13:31:05 -0300] "POST /cormun/servlet/solicitudot?15eea1d57e819a69114e60a0161f5e8d,INS,0,0,,gx-no-cache=1519662617537 HTTP/1.1" 200 10597
200.54.247.70 - - [26/Feb/2018:13:31:10 -0300] "GET /cormun/servlet/trvisualizadoreventos? HTTP/1.1" 200 6991
181.201.74.220 - - [26/Feb/2018:13:31:14 -0300] "GET /cormun/servlet/solicitudot?6bc267d34fbac86cad6a6a03f5e4fb45b008af6c73345707113a13ec6359afb36e7dfe8dab3709c05e0163d46249dfa2,gx-no-cache=1519662625048 HTTP/1.1" 200 30
181.201.74.220 - - [26/Feb/2018:13:31:15 -0300] "GET /cormun/servlet/solicitudot?6bc267d34fbac86cad6a6a03f5e4fb453fdbdcc86372abecdd4f7680a1908f2c02f5c6fdc456ed46c8576ea3777df1185d67c070018545e1cd43cf1b03b28991,gx-no-cache=1519662627052 HTTP/1.1" 200 30
181.201.74.220 - - [26/Feb/2018:13:31:15 -0300] "GET /cormun/servlet/solicitudot?6bc267d34fbac86cad6a6a03f5e4fb45acd5d9e14a3cfe7896574699263e0da8,gx-no-cache=1519662627847 HTTP/1.1" 200 53
181.201.74.220 - - [26/Feb/2018:13:31:15 -0300] "POST /cormun/servlet/solicitudot?gx-no-cache=1519662628019 HTTP/1.1" 200 297
181.201.74.220 - - [26/Feb/2018:13:31:15 -0300] "GET /cormun/servlet/solicitudot?6bc267d34fbac86cad6a6a03f5e4fb4504e2458ab121836624ffec9673ee09f8d94469c998458e37cce8e1617c29ee227b4fefa33c553fba9896c4ce093524628cc130b85bd8a936c4510fc3f8282e6bf7baa7900226db6291c32367e938ceb2dde405663a75b9af2b6eda022d71a2729b7d522bdc151367e61ca06012aa7926beac038d741090cc65b1f0b8c99221eb01a6366b31267214122c7398eecb7010104dcb2861da11242ce0f5d56fbfcf307f4616b6c8c1793bd159dcbfe7ef7b7e84fc252904b27775b60c7300cd66e47a8531c08cb0975a0633f48568d798b5ab2b4f49af1ce2de8064507b859825a15dc6e76ee5c57e6731c95d41e4254a0159a96e4d70168a797b0d740b6042e489276c7961723d0a9dd18acdd92be1b6a08e080aff20ef1e87ffe69aaed8ed9fbbbe98fa8fb99401212d5b0b12e2fe46142a22eaac62fb40dacee29014a01d185e26b1a91ff384a03204d85c156c1e370f02136cbe671f419ef9f7a59445e64b82182c728bc69b79be9656cd3939600b53563625cc595b981030417629d4dc8a3dff,gx-no-cache=1519662628290 HTTP/1.1" 200 30
181.201.74.220 - - [26/Feb/2018:13:31:19 -0300] "POST /cormun/servlet/solicitudot?gx-no-cache=1519662631308 HTTP/1.1" 200 30
200.54.247.70 - - [26/Feb/2018:13:31:19 -0300] "GET /cormun/servlet/trsolicitudot? HTTP/1.1" 200 9156
200.54.247.70 - - [26/Feb/2018:13:31:24 -0300] "GET /cormun/servlet/trautorizarsolicitud? HTTP/1.1" 200 7343
181.201.74.220 - - [26/Feb/2018:13:31:25 -0300] "POST /cormun/servlet/solicitudot?gx-no-cache=1519662636580 HTTP/1.1" 200 1336
181.201.74.220 - - [26/Feb/2018:13:31:25 -0300] "POST /cormun/servlet/solicitudot?gx-no-cache=1519662637652 HTTP/1.1" 200 38
181.201.74.220 - - [26/Feb/2018:13:31:39 -0300] "GET /cormun/servlet/solicitudot?6bc267d34fbac86cad6a6a03f5e4fb457b05131ddd5bbe6657142168b20ab7c092884b131ebdd9060f3052d34dd001f56fa15921b839d728d25cfcfb0e59c8fa63d615ffa5a9c5193594f6e8cfbd77492e847597d57321e23069be6cbc99c93c6f7f79f5f9f9d1bba1c577c2db0afe7b,gx-no-cache=1519662648795 HTTP/1.1" 200 29
181.201.74.220 - - [26/Feb/2018:13:31:40 -0300] "POST /cormun/servlet/solicitudot?gx-no-cache=1519662652211 HTTP/1.1" 200 1319
181.201.74.220 - - [26/Feb/2018:13:31:40 -0300] "POST /cormun/servlet/solicitudot?gx-no-cache=1519662652645 HTTP/1.1" 200 1218
200.54.247.70 - - [26/Feb/2018:13:32:03 -0300] "GET /cormun/servlet/trautorizarsolicitud? HTTP/1.1" 200 7343
200.54.247.70 - - [26/Feb/2018:13:32:25 -0300] "GET /cormun/servlet/trautorizarsolicitud? HTTP/1.1" 200 7343
200.54.247.70 - - [26/Feb/2018:13:32:29 -0300] "GET /cormun/servlet/trvisualizadoreventos? HTTP/1.1" 200 6983
181.201.74.220 - - [26/Feb/2018:13:32:33 -0300] "GET /cormun/static/menuarrow.gif HTTP/1.1" 404 1015
181.201.74.220 - - [26/Feb/2018:13:32:34 -0300] "GET /cormun/servlet/solicitudot?6bc267d34fbac86cad6a6a03f5e4fb459a3394510aab07b242220737b5528ea64606104f8dae6b72b7386a69802ef175,gx-no-cache=1519662706909 HTTP/1.1" 200 30
200.54.247.70 - - [26/Feb/2018:13:32:40 -0300] "GET /cormun/servlet/trsolicitudot? HTTP/1.1" 200 9156
181.201.74.220 - - [26/Feb/2018:13:32:43 -0300] "POST /cormun/servlet/solicitudot?gx-no-cache=1519662714919 HTTP/1.1" 200 30
181.201.74.220 - - [26/Feb/2018:13:33:03 -0300] "POST /cormun/servlet/solicitudot?15eea1d57e819a69114e60a0161f5e8d,INS,0,0,,gx-no-cache=1519662734262 HTTP/1.1" 200 93
181.201.74.220 - - [26/Feb/2018:13:33:03 -0300] "GET /cormun/servlet/hpexe_return? HTTP/1.1" 200 1035
181.201.74.220 - - [26/Feb/2018:13:33:04 -0300] "GET /cormun/servlet/trsolicitudot?gx-no-cache=1519662250114 HTTP/1.1" 200 10006
181.201.74.220 - - [26/Feb/2018:13:33:06 -0300] "GET /cormun/servlet/trsolicitudot?gx-no-cache=1519662250114 HTTP/1.1" 200 10022
200.54.247.70 - - [26/Feb/2018:13:33:26 -0300] "GET /cormun/servlet/trsolicitudot? HTTP/1.1" 200 9155
200.54.247.70 - - [26/Feb/2018:13:33:29 -0300] "GET /cormun/servlet/solicitudot?INS,0,0, HTTP/1.1" 200 13674
200.54.247.70 - - [26/Feb/2018:13:33:36 -0300] "POST /cormun/servlet/solicitudot?gx-no-cache=1519662765134 HTTP/1.1" 200 3402
200.54.247.70 - - [26/Feb/2018:13:33:37 -0300] "POST /cormun/servlet/solicitudot?d7ae9788feb70ad0b4d4d0a8818d951d,INS,0,0,,gx-no-cache=1519662765584 HTTP/1.1" 200 10550
200.54.247.70 - - [26/Feb/2018:13:33:41 -0300] "GET /cormun/servlet/solicitudot?b4ec87092c0291199a8a207c2f67ba15796358851e79f0cb7882e51f93f6534e7826a50d0c85e4b1672e58eae5f2b689,gx-no-cache=1519662770262 HTTP/1.1" 200 30
200.54.247.70 - - [26/Feb/2018:13:33:41 -0300] "GET /cormun/servlet/solicitudot?b4ec87092c0291199a8a207c2f67ba15c3aa687e6a86306b631dfe10680b945bde3315cf8e3c441849cc60c5de84a90bdbd08724a4c602236c0724e70d52eb7a,gx-no-cache=1519662770311 HTTP/1.1" 200 30
200.54.247.70 - - [26/Feb/2018:13:33:41 -0300] "GET /cormun/servlet/solicitudot?b4ec87092c0291199a8a207c2f67ba15cf6d64b8a5c7ec807d83134f8e58a666,gx-no-cache=1519662770351 HTTP/1.1" 200 53
200.54.247.70 - - [26/Feb/2018:13:33:41 -0300] "POST /cormun/servlet/solicitudot?gx-no-cache=1519662770413 HTTP/1.1" 200 256
200.54.247.70 - - [26/Feb/2018:13:33:41 -0300] "GET /cormun/servlet/solicitudot?b4ec87092c0291199a8a207c2f67ba1557b89c31f7eba28ce381dd7d5f3f569c70e842fb49ec5888b74d84b9ce8a5b4e5f25ee4ad208b9c46fec80f3cf02ef92f067ec6784a22901d91c8cca05b18d5db17ccde42cab294afae874010cc1a4ed11bda03c5383dea041cb91f47804ecc77985c2dc88ad5da36672efeb04c10c40477e1ffc51aeea9662badeb6f7170c99129276021d8a7aaafb0640a13eb303cde62eaa6bb2b88cb9856523a23ad974ea369f7d8740b2f2d4e0cf7f477796ee0122ea784c91bc898a0bb86ab729bc1cc3da787ec89e2db03294bdbbd34aa32c85de96859ad2ded4f3f1d0edaee7cdc580611e63c8f3ea330b835d05ccc1c42c63e58d13abcabeac19da8b94022c4b3d797ef8d0008a6e6a202312f3fccf21d7399020d0a1ba7c0b694ccb77d723c59f4709354e17f9a1ba9f0a88e8dfda62b5fb8bb2039d1d71508ccf1e41079f51e6618eeef323a279a33277289b885cc64ea012a5647c00fb488341e674b2654615173c7817e16fe3788fc083f4885eee3185,gx-no-cache=1519662770469 HTTP/1.1" 200 30
200.54.247.70 - - [26/Feb/2018:13:33:45 -0300] "POST /cormun/servlet/solicitudot?gx-no-cache=1519662774849 HTTP/1.1" 200 30
200.54.247.70 - - [26/Feb/2018:13:33:49 -0300] "POST /cormun/servlet/solicitudot?gx-no-cache=1519662778691 HTTP/1.1" 200 1337
200.54.247.70 - - [26/Feb/2018:13:33:50 -0300] "POST /cormun/servlet/solicitudot?gx-no-cache=1519662778927 HTTP/1.1" 200 38
200.54.247.70 - - [26/Feb/2018:13:34:06 -0300] "GET /cormun/servlet/trsolicitudot? HTTP/1.1" 200 9156
200.54.247.70 - - [26/Feb/2018:13:34:32 -0300] "GET /cormun/servlet/trsolicitudot? HTTP/1.1" 200 9155
200.54.247.70 - - [26/Feb/2018:13:34:34 -0300] "GET /cormun/servlet/solicitudot?INS,0,0, HTTP/1.1" 200 13676
200.54.247.70 - - [26/Feb/2018:13:34:44 -0300] "POST /cormun/servlet/solicitudot?gx-no-cache=1519662833575 HTTP/1.1" 200 3402
200.54.247.70 - - [26/Feb/2018:13:34:45 -0300] "POST /cormun/servlet/solicitudot?d7ae9788feb70ad0b4d4d0a8818d951d,INS,0,0,,gx-no-cache=1519662834009 HTTP/1.1" 200 10550
200.54.247.70 - - [26/Feb/2018:13:34:49 -0300] "GET /cormun/servlet/solicitudot?b4ec87092c0291199a8a207c2f67ba15796358851e79f0cb7882e51f93f6534e7826a50d0c85e4b1672e58eae5f2b689,gx-no-cache=1519662838161 HTTP/1.1" 200 30
200.54.247.70 - - [26/Feb/2018:13:34:49 -0300] "GET /cormun/servlet/solicitudot?b4ec87092c0291199a8a207c2f67ba15c3aa687e6a86306b631dfe10680b945bde3315cf8e3c441849cc60c5de84a90bdbd08724a4c602236c0724e70d52eb7a,gx-no-cache=1519662838216 HTTP/1.1" 200 30
200.54.247.70 - - [26/Feb/2018:13:34:49 -0300] "GET /cormun/servlet/solicitudot?b4ec87092c0291199a8a207c2f67ba15cf6d64b8a5c7ec807d83134f8e58a666,gx-no-cache=1519662838276 HTTP/1.1" 200 53
200.54.247.70 - - [26/Feb/2018:13:34:49 -0300] "POST /cormun/servlet/solicitudot?gx-no-cache=1519662838330 HTTP/1.1" 200 256
200.54.247.70 - - [26/Feb/2018:13:34:49 -0300] "GET /cormun/servlet/solicitudot?b4ec87092c0291199a8a207c2f67ba1557b89c31f7eba28ce381dd7d5f3f569c70e842fb49ec5888b74d84b9ce8a5b4e5f25ee4ad208b9c46fec80f3cf02ef92f067ec6784a22901d91c8cca05b18d5db17ccde42cab294afae874010cc1a4ed11bda03c5383dea041cb91f47804ecc77985c2dc88ad5da36672efeb04c10c40477e1ffc51aeea9662badeb6f7170c99129276021d8a7aaafb0640a13eb303cde62eaa6bb2b88cb9856523a23ad974ea369f7d8740b2f2d4e0cf7f477796ee0122ea784c91bc898a0bb86ab729bc1cc3da787ec89e2db03294bdbbd34aa32c85de96859ad2ded4f3f1d0edaee7cdc580611e63c8f3ea330b835d05ccc1c42c63e58d13abcabeac19da8b94022c4b3d797ef8d0008a6e6a202312f3fccf21d7399020d0a1ba7c0b694ccb77d723c59f4709354e17f9a1ba9f0a88e8dfda62b5fb8bb2039d1d71508ccf1e41079f51e6618eeef323a279a33277289b885cc64ea012a5647c00fb488341e674b2654615173c7817e16fe3788fc083f4885eee3185,gx-no-cache=1519662838391 HTTP/1.1" 200 30
200.54.247.70 - - [26/Feb/2018:13:34:53 -0300] "POST /cormun/servlet/solicitudot?gx-no-cache=1519662842720 HTTP/1.1" 200 30
200.54.247.70 - - [26/Feb/2018:13:34:57 -0300] "POST /cormun/servlet/solicitudot?gx-no-cache=1519662846235 HTTP/1.1" 200 1337
200.54.247.70 - - [26/Feb/2018:13:34:57 -0300] "POST /cormun/servlet/solicitudot?gx-no-cache=1519662846461 HTTP/1.1" 200 38
200.54.247.70 - - [26/Feb/2018:13:36:00 -0300] "GET /cormun/servlet/solicitudot?b4ec87092c0291199a8a207c2f67ba154b7b96bf8679acae20de982e146a5b9f5b088ffabf1bb9288ebd3cb2d936c919ac944862c23500204d558ed140a6df5bd0b7034df42cbd9bbf6e762f494c49de4131d1841fa5c2b377ee1f1f513836fa221201be4186546ea43b6af5fdddfa54,gx-no-cache=1519662909066 HTTP/1.1" 200 29
200.54.247.70 - - [26/Feb/2018:13:36:00 -0300] "POST /cormun/servlet/solicitudot?gx-no-cache=1519662909158 HTTP/1.1" 200 1318
200.54.247.70 - - [26/Feb/2018:13:36:00 -0300] "POST /cormun/servlet/solicitudot?gx-no-cache=1519662909287 HTTP/1.1" 200 1219
200.54.247.70 - - [26/Feb/2018:13:36:00 -0300] "GET /cormun/static/menuarrow.gif HTTP/1.1" 404 1015
200.54.247.70 - - [26/Feb/2018:13:36:05 -0300] "POST /cormun/servlet/solicitudot?gx-no-cache=1519662914814 HTTP/1.1" 200 1318
200.54.247.70 - - [26/Feb/2018:13:36:06 -0300] "POST /cormun/servlet/solicitudot?gx-no-cache=1519662914950 HTTP/1.1" 200 1219
200.54.247.70 - - [26/Feb/2018:13:36:09 -0300] "GET /cormun/servlet/solicitudot?b4ec87092c0291199a8a207c2f67ba1552bffeb3ee8c2e82e20de9fffbf24873271d25a47cfc2ef5a15aa5309eeb717e,gx-no-cache=1519662918573 HTTP/1.1" 200 30
200.54.247.70 - - [26/Feb/2018:13:36:22 -0300] "POST /cormun/servlet/solicitudot?gx-no-cache=1519662931220 HTTP/1.1" 200 30
200.54.247.70 - - [26/Feb/2018:13:36:35 -0300] "POST /cormun/servlet/solicitudot?d7ae9788feb70ad0b4d4d0a8818d951d,INS,0,0,,gx-no-cache=1519662943767 HTTP/1.1" 200 93
200.54.247.70 - - [26/Feb/2018:13:36:35 -0300] "GET /cormun/servlet/hpexe_return? HTTP/1.1" 200 1011
200.54.247.70 - - [26/Feb/2018:13:36:35 -0300] "GET /cormun/servlet/trsolicitudot HTTP/1.1" 200 9159
200.54.247.70 - - [26/Feb/2018:13:36:44 -0300] "GET /cormun/servlet/trautorizarsolicitud? HTTP/1.1" 200 7344
200.54.247.70 - - [26/Feb/2018:13:36:56 -0300] "GET /cormun/servlet/trsolicitudot? HTTP/1.1" 200 9156
200.54.247.70 - - [26/Feb/2018:13:37:13 -0300] "POST /cormun/servlet/trsolicitudot?d7ae9788feb70ad0b4d4d0a8818d951d,,gx-no-cache=1519662981909 HTTP/1.1" 200 4209
200.54.247.70 - - [26/Feb/2018:13:37:15 -0300] "POST /cormun/servlet/trsolicitudot?d7ae9788feb70ad0b4d4d0a8818d951d,,gx-no-cache=1519662984495 HTTP/1.1" 200 4209
200.54.247.70 - - [26/Feb/2018:13:37:22 -0300] "GET /cormun/servlet/trautorizarsolicitud? HTTP/1.1" 200 7343
200.54.247.70 - - [26/Feb/2018:13:37:27 -0300] "POST /cormun/servlet/trautorizarsolicitud?d7ae9788feb70ad0b4d4d0a8818d951d,,gx-no-cache=1519662995970 HTTP/1.1" 200 4410
200.54.247.70 - - [26/Feb/2018:13:37:32 -0300] "GET /cormun/servlet/trvisualizadoreventos? HTTP/1.1" 200 6983
200.54.247.70 - - [26/Feb/2018:13:37:40 -0300] "POST /cormun/servlet/trvisualizadoreventos?d7ae9788feb70ad0b4d4d0a8818d951d,,gx-no-cache=1519663009449 HTTP/1.1" 200 4490
200.54.247.70 - - [26/Feb/2018:13:38:20 -0300] "POST /cormun/servlet/trvisualizadoreventos?d7ae9788feb70ad0b4d4d0a8818d951d,,gx-no-cache=1519663049270 HTTP/1.1" 200 4490
200.54.247.70 - - [26/Feb/2018:13:38:31 -0300] "POST /cormun/servlet/trvisualizadoreventos?d7ae9788feb70ad0b4d4d0a8818d951d,,gx-no-cache=1519663059803 HTTP/1.1" 200 4135
200.54.247.70 - - [26/Feb/2018:13:38:34 -0300] "POST /cormun/servlet/trvisualizadoreventos?d7ae9788feb70ad0b4d4d0a8818d951d,,gx-no-cache=1519663062666 HTTP/1.1" 200 4135
192.168.10.96 - - [26/Feb/2018:13:38:34 -0300] "POST /cormun/servlet/trsolicitudgral?a9ff59691d47260360f10b3a45853866,,gx-no-cache=1519662956307 HTTP/1.1" 200 9583
200.54.247.70 - - [26/Feb/2018:13:38:37 -0300] "GET /cormun/static/menuarrow.gif HTTP/1.1" 404 1015
200.54.247.70 - - [26/Feb/2018:13:38:40 -0300] "POST /cormun/servlet/trvisualizadoreventos?d7ae9788feb70ad0b4d4d0a8818d951d,,gx-no-cache=1519663069189 HTTP/1.1" 200 4140
192.168.10.96 - - [26/Feb/2018:13:38:53 -0300] "POST /cormun/servlet/trsolicitudgral?a9ff59691d47260360f10b3a45853866,,gx-no-cache=1519662975402 HTTP/1.1" 200 11782
200.54.247.70 - - [26/Feb/2018:13:38:54 -0300] "GET /cormun/servlet/trvisualizadoreventos? HTTP/1.1" 200 6986
200.54.247.70 - - [26/Feb/2018:13:38:56 -0300] "POST /cormun/servlet/trvisualizadoreventos?d7ae9788feb70ad0b4d4d0a8818d951d,,gx-no-cache=1519663085565 HTTP/1.1" 200 4136
200.54.247.70 - - [26/Feb/2018:13:39:05 -0300] "GET /cormun/servlet/trautorizarsolicitud? HTTP/1.1" 200 7344
200.54.247.70 - - [26/Feb/2018:13:39:09 -0300] "POST /cormun/servlet/trautorizarsolicitud?d7ae9788feb70ad0b4d4d0a8818d951d,,gx-no-cache=1519663097817 HTTP/1.1" 200 4415
192.168.10.96 - - [26/Feb/2018:13:39:13 -0300] "POST /cormun/servlet/trsolicitudgral?a9ff59691d47260360f10b3a45853866,,gx-no-cache=1519662995998 HTTP/1.1" 200 9582
200.54.247.70 - - [26/Feb/2018:13:39:15 -0300] "POST /cormun/servlet/trautorizarsolicitud?d7ae9788feb70ad0b4d4d0a8818d951d,,gx-no-cache=1519663104527 HTTP/1.1" 200 6705
192.168.10.96 - - [26/Feb/2018:13:39:18 -0300] "POST /cormun/servlet/trsolicitudgral?a9ff59691d47260360f10b3a45853866,,gx-no-cache=1519663000244 HTTP/1.1" 200 12756
192.168.10.96 - - [26/Feb/2018:13:39:27 -0300] "POST /cormun/servlet/trsolicitudgral?a9ff59691d47260360f10b3a45853866,,gx-no-cache=1519663009497 HTTP/1.1" 200 11781
