186.103.161.206 - - [26/Feb/2018:12:52:50 -0300] "POST /cormun/servlet/solicitudot?83caf97a22f898857303784c0b3de33a,INS,0,0,,gx-no-cache=1519660320180 HTTP/1.1" 200 93
186.103.161.206 - - [26/Feb/2018:12:52:50 -0300] "GET /cormun/servlet/hpexe_return? HTTP/1.1" 200 1009
186.103.161.206 - - [26/Feb/2018:12:52:51 -0300] "GET /cormun/servlet/trsolicitudot HTTP/1.1" 200 9231
186.103.161.206 - - [26/Feb/2018:12:52:53 -0300] "GET /cormun/servlet/trsolicitudot HTTP/1.1" 200 9227
186.103.159.188 - - [26/Feb/2018:12:53:02 -0300] "GET /cormun/servlet/solicitudot?2ef7f13a7610584c9116b73b93fea370e3469c4229f1e43577cc300c7eefece9b9207538518bd2eacd350b0ec19e4ccaba795a65aa36a7b9e78669a09afd7855,gx-no-cache=1519660335520 HTTP/1.1" 200 30
186.103.159.188 - - [26/Feb/2018:12:53:04 -0300] "GET /cormun/static/Resources/resize.gif HTTP/1.1" 200 77
186.103.159.188 - - [26/Feb/2018:12:53:04 -0300] "GET /cormun/servlet/prbanco?,MD,,gxPopupLevel%3D0%3B HTTP/1.1" 200 6569
186.103.159.188 - - [26/Feb/2018:12:53:04 -0300] "GET /cormun/static/gxcfg.js?20181161016094 HTTP/1.1" 200 953
190.161.236.41 - - [26/Feb/2018:12:53:04 -0300] "GET /cormun/static/prbanco.js?2018116101633 HTTP/1.1" 200 10693
186.103.159.188 - - [26/Feb/2018:12:53:04 -0300] "GET /cormun/static/hmpwkw011.js?20177612121862 HTTP/1.1" 200 1968
186.103.159.188 - - [26/Feb/2018:12:53:04 -0300] "GET /cormun/static/Resources/PXToolsMenuSearch.png HTTP/1.1" 200 2914
190.161.236.41 - - [26/Feb/2018:12:53:04 -0300] "GET /cormun/static/Resources/PXToolsMenuSearchCancel.png HTTP/1.1" 200 2972
186.103.159.188 - - [26/Feb/2018:12:53:05 -0300] "GET /cormun/static/menusearch.js?201610171694467 HTTP/1.1" 200 1424
200.111.122.170 - - [26/Feb/2018:12:53:09 -0300] "POST /cormun/servlet/trsolicitudot?83caf97a22f898857303784c0b3de33a,gx-no-cache=1519660341505 HTTP/1.1" 200 6538
200.111.122.170 - - [26/Feb/2018:12:53:09 -0300] "GET /cormun/static/Shared/jqueryui/images/ui-bg_highlight-soft_100_c6c2c8_1x100.png HTTP/1.1" 404 1117
200.111.122.170 - - [26/Feb/2018:12:53:09 -0300] "GET /cormun/static/Shared/jqueryui/images/ui-bg_flat_55_fafafa_40x100.png HTTP/1.1" 404 1097
190.151.100.218 - - [26/Feb/2018:12:53:09 -0300] "GET /cormun/static/Shared/jqueryui/images/ui-icons_8d78a5_256x240.png HTTP/1.1" 404 1089
200.72.197.82 - - [26/Feb/2018:12:53:09 -0300] "GET /cormun/static/Shared/jqueryui/images/ui-icons_82798d_256x240.png HTTP/1.1" 404 1089
186.103.159.188 - - [26/Feb/2018:12:53:12 -0300] "GET /cormun/servlet/solicitudot?2ef7f13a7610584c9116b73b93fea3706a0357cc141ab7ed1076f031b19495e1,gx-no-cache=1519660344826 HTTP/1.1" 200 53
190.151.100.218 - - [26/Feb/2018:12:53:16 -0300] "POST /cormun/servlet/trsolicitudot?83caf97a22f898857303784c0b3de33a,gx-no-cache=1519660348246 HTTP/1.1" 200 107
190.151.100.218 - - [26/Feb/2018:12:53:16 -0300] "GET /cormun/servlet/trsolicitudadjuntos?2018,9677, HTTP/1.1" 200 6303
190.151.100.218 - - [26/Feb/2018:12:53:17 -0300] "GET /cormun/servlet/trsolicitudadjuntos?2018,9677, HTTP/1.1" 200 6303
200.72.197.82 - - [26/Feb/2018:12:53:18 -0300] "GET /cormun/servlet/solicitudotadjuntos?INS,2018,9677,,1, HTTP/1.1" 200 6251
200.72.197.82 - - [26/Feb/2018:12:53:19 -0300] "GET /cormun/static/about:blank HTTP/1.1" 404 1011
200.111.122.170 - - [26/Feb/2018:12:53:19 -0300] "GET /cormun/servlet/solicitudotadjuntos?INS,2018,9677,,1, HTTP/1.1" 200 6245
200.72.197.82 - - [26/Feb/2018:12:53:20 -0300] "GET /cormun/servlet/solicitudotadjuntos?dc47d576be72a27c361d58cc328904bbb68e721e71b31c6433b5b7cdc896d630e85a0ca4541ab793e7abae847c8a9fe3,gx-no-cache=1519660352768 HTTP/1.1" 200 30
200.72.197.82 - - [26/Feb/2018:12:53:20 -0300] "POST /cormun/servlet/solicitudotadjuntos?83caf97a22f898857303784c0b3de33a,INS,2018,9677,,1,,gx-no-cache=1519660352927 HTTP/1.1" 200 4025
200.72.197.82 - - [26/Feb/2018:12:53:22 -0300] "POST /cormun/servlet/solicitudotadjuntos?gx-no-cache=1519660355413 HTTP/1.1" 200 26
186.103.159.188 - - [26/Feb/2018:12:53:23 -0300] "POST /cormun/servlet/solicitudot?66fb17824c0e4b41327130325c689757,INS,0,0,,gx-no-cache=1519660355967 HTTP/1.1" 200 10664
186.103.159.188 - - [26/Feb/2018:12:53:24 -0300] "GET /cormun/static/Shared/jqueryui/images/ui-icons_8d78a5_256x240.png HTTP/1.1" 404 1089
186.103.159.188 - - [26/Feb/2018:12:53:24 -0300] "GET /cormun/static/Shared/jqueryui/images/ui-bg_flat_55_fafafa_40x100.png HTTP/1.1" 404 1097
190.161.236.41 - - [26/Feb/2018:12:53:24 -0300] "GET /cormun/static/Shared/jqueryui/images/ui-icons_82798d_256x240.png HTTP/1.1" 404 1089
186.103.159.188 - - [26/Feb/2018:12:53:24 -0300] "GET /cormun/static/Shared/jqueryui/images/ui-bg_highlight-soft_100_c6c2c8_1x100.png HTTP/1.1" 404 1117
200.72.197.82 - - [26/Feb/2018:12:53:28 -0300] "GET /cormun/servlet/solicitudotadjuntos?dc47d576be72a27c361d58cc328904bb022362afb1544307de9a2072cbfc3eb8,gx-no-cache=1519660361433 HTTP/1.1" 200 30
200.72.197.82 - - [26/Feb/2018:12:53:28 -0300] "GET /cormun/servlet/solicitudotadjuntos?dc47d576be72a27c361d58cc328904bb022362afb1544307de9a2072cbfc3eb8,gx-no-cache=1519660361499 HTTP/1.1" 200 30
200.72.197.82 - - [26/Feb/2018:12:53:30 -0300] "POST /cormun/servlet/solicitudotadjuntos?83caf97a22f898857303784c0b3de33a,INS,2018,9677,,1, HTTP/1.1" 200 116
200.72.197.82 - - [26/Feb/2018:12:53:31 -0300] "GET /cormun/servlet/hpexe_return? HTTP/1.1" 200 1029
200.72.197.82 - - [26/Feb/2018:12:53:31 -0300] "GET /cormun/servlet/trsolicitudadjuntos?2018,9677, HTTP/1.1" 200 8675
200.72.197.82 - - [26/Feb/2018:12:53:32 -0300] "GET /cormun/servlet/trsolicitudadjuntos?2018,9677, HTTP/1.1" 200 8668
186.103.132.155 - - [26/Feb/2018:12:53:34 -0300] "GET /cormun/servlet/solicitudotadjuntos?INS,2018,9677,,1, HTTP/1.1" 200 6251
186.103.132.155 - - [26/Feb/2018:12:53:35 -0300] "GET /cormun/static/about:blank HTTP/1.1" 404 1011
190.151.100.218 - - [26/Feb/2018:12:53:35 -0300] "GET /cormun/servlet/solicitudotadjuntos?INS,2018,9677,,1, HTTP/1.1" 200 6245
186.103.132.155 - - [26/Feb/2018:12:53:35 -0300] "GET /cormun/servlet/solicitudotadjuntos?dc47d576be72a27c361d58cc328904bbb68e721e71b31c6433b5b7cdc896d630e85a0ca4541ab793e7abae847c8a9fe3,gx-no-cache=1519660368086 HTTP/1.1" 200 30
186.103.132.155 - - [26/Feb/2018:12:53:35 -0300] "POST /cormun/servlet/solicitudotadjuntos?83caf97a22f898857303784c0b3de33a,INS,2018,9677,,1,,gx-no-cache=1519660368178 HTTP/1.1" 200 4025
186.103.132.155 - - [26/Feb/2018:12:53:39 -0300] "POST /cormun/servlet/solicitudotadjuntos?gx-no-cache=1519660371856 HTTP/1.1" 200 26
186.103.132.155 - - [26/Feb/2018:12:53:44 -0300] "GET /cormun/servlet/solicitudotadjuntos?dc47d576be72a27c361d58cc328904bb022362afb1544307de9a2072cbfc3eb8,gx-no-cache=1519660377461 HTTP/1.1" 200 30
186.103.132.155 - - [26/Feb/2018:12:53:45 -0300] "GET /cormun/servlet/solicitudotadjuntos?dc47d576be72a27c361d58cc328904bb022362afb1544307de9a2072cbfc3eb8,gx-no-cache=1519660377624 HTTP/1.1" 200 30
186.103.132.155 - - [26/Feb/2018:12:53:50 -0300] "POST /cormun/servlet/solicitudotadjuntos?83caf97a22f898857303784c0b3de33a,INS,2018,9677,,1, HTTP/1.1" 200 116
186.103.132.155 - - [26/Feb/2018:12:53:50 -0300] "GET /cormun/servlet/hpexe_return? HTTP/1.1" 200 1029
192.168.10.96 - - [26/Feb/2018:12:53:50 -0300] "POST /cormun/servlet/trsolicitudgral?a9ff59691d47260360f10b3a45853866,,gx-no-cache=1519660273261 HTTP/1.1" 200 115
192.168.10.96 - - [26/Feb/2018:12:53:51 -0300] "GET /cormun/servlet/solicitudotlog?INS,2018,9567,0,REC, HTTP/1.1" 200 6496
192.168.10.96 - - [26/Feb/2018:12:53:51 -0300] "GET /cormun/static/gxcfg.js?2017761245646 HTTP/1.1" 304 -
186.103.132.155 - - [26/Feb/2018:12:53:51 -0300] "GET /cormun/servlet/trsolicitudadjuntos?2018,9677, HTTP/1.1" 200 8888
192.168.10.96 - - [26/Feb/2018:12:53:51 -0300] "GET /cormun/servlet/solicitudotlog?INS,2018,9567,0,REC, HTTP/1.1" 200 6496
192.168.10.96 - - [26/Feb/2018:12:53:52 -0300] "GET /cormun/servlet/solicitudotlog?706b07cf842aff671e4aa37498ec72d0ae3d0359f79f4b1d42eb918ca39aea2c800c1e036013ff1466a7ce3763630c2d450c991eea20ee1907cda50367c434fa69632e728ce84cbb4a01fab0b3bd35cfa9b783d7e81b9aed9cd250f0589d9a5297352ffbdc319813fcb50e2fde016da3119e2409d72de281168b2c9e915d519147811855bc90cbd35ae84090568008ddf3c27fa7f82d0c6858b4af64b21a48ba,gx-no-cache=1519660274842 HTTP/1.1" 200 94
186.103.132.155 - - [26/Feb/2018:12:53:53 -0300] "GET /cormun/servlet/trsolicitudadjuntos?2018,9677, HTTP/1.1" 200 8883
192.168.10.96 - - [26/Feb/2018:12:53:56 -0300] "POST /cormun/servlet/solicitudotlog?a9ff59691d47260360f10b3a45853866,INS,2018,9567,0,REC,,gx-no-cache=1519660278374 HTTP/1.1" 200 93
192.168.10.96 - - [26/Feb/2018:12:53:56 -0300] "GET /cormun/servlet/hpexe_return? HTTP/1.1" 200 1017
190.161.236.41 - - [26/Feb/2018:12:53:56 -0300] "GET /cormun/servlet/solicitudot?2ef7f13a7610584c9116b73b93fea3704e983a86087b065ac60e6de0cb79d4ab308e7304e84aaae7e12434518e28de10d29d6dfac244a340752567b58b5cf7cc,gx-no-cache=1519660388733 HTTP/1.1" 200 53
200.111.122.170 - - [26/Feb/2018:12:53:56 -0300] "GET /cormun/servlet/solicitudotadjuntos?INS,2018,9677,,1, HTTP/1.1" 200 6251
192.168.10.96 - - [26/Feb/2018:12:53:56 -0300] "GET /cormun/static/gxcfg.js?2016101716175148 HTTP/1.1" 304 -
200.111.122.170 - - [26/Feb/2018:12:53:56 -0300] "GET /cormun/static/about:blank HTTP/1.1" 404 1011
192.168.10.96 - - [26/Feb/2018:12:53:56 -0300] "GET /cormun/servlet/trsolicitudgral? HTTP/1.1" 200 13463
186.67.203.186 - - [26/Feb/2018:12:53:56 -0300] "GET /cormun/servlet/solicitudotadjuntos?INS,2018,9677,,1, HTTP/1.1" 200 6244
186.67.203.186 - - [26/Feb/2018:12:53:57 -0300] "GET /cormun/servlet/solicitudotadjuntos?dc47d576be72a27c361d58cc328904bbb68e721e71b31c6433b5b7cdc896d630e85a0ca4541ab793e7abae847c8a9fe3,gx-no-cache=1519660389609 HTTP/1.1" 200 30
186.67.203.186 - - [26/Feb/2018:12:53:57 -0300] "POST /cormun/servlet/solicitudotadjuntos?83caf97a22f898857303784c0b3de33a,INS,2018,9677,,1,,gx-no-cache=1519660389726 HTTP/1.1" 200 4024
192.168.10.96 - - [26/Feb/2018:12:53:57 -0300] "GET /cormun/servlet/trsolicitudgral? HTTP/1.1" 200 13458
186.67.203.186 - - [26/Feb/2018:12:54:00 -0300] "POST /cormun/servlet/solicitudotadjuntos?gx-no-cache=1519660393160 HTTP/1.1" 200 26
190.161.236.41 - - [26/Feb/2018:12:54:00 -0300] "POST /cormun/servlet/solicitudot?gx-no-cache=1519660393410 HTTP/1.1" 200 255
186.67.203.186 - - [26/Feb/2018:12:54:08 -0300] "GET /cormun/servlet/solicitudotadjuntos?dc47d576be72a27c361d58cc328904bb022362afb1544307de9a2072cbfc3eb8,gx-no-cache=1519660400433 HTTP/1.1" 200 30
186.67.203.186 - - [26/Feb/2018:12:54:08 -0300] "GET /cormun/servlet/solicitudotadjuntos?dc47d576be72a27c361d58cc328904bb022362afb1544307de9a2072cbfc3eb8,gx-no-cache=1519660400834 HTTP/1.1" 200 30
190.161.236.41 - - [26/Feb/2018:12:54:08 -0300] "GET /cormun/servlet/solicitudot?2ef7f13a7610584c9116b73b93fea370f0648c24d3650f1b7ef9f203eed7a3532eb9e6d0f26522f94b1c4bf7f966155c6c4deee9da7976e9db765aa3440f404ee5807bf4bac27d0a276f87d2c58f302c4888ee5af74c8adc72b2cbfa23f5fc1e3693d150c1e5a225beb6e077eaea672da21bf11a65f1ce363cf6cf7df6924b88444d2ea2d0d4ca75de2f615a1230918f3f490ff4cdb40069aca099b32c40a7c45919866488ccc26772b43f20d48c00c9991581464a5b90ba15d7a181adf3dc1e9dacea1aea5468edb91c499d48e28538dcf188efb8285351b8cec1c1dc2a4e2616945bb03f6ddc8038f0f748ae41c8adc4eee0bd6aa7ac91b71d3ed8c2f3885c571f2420262033e793e642114fcf9ec17c6013ea0bc7fa681b3cb46e8ef1a1194b5912e242174e64d587c85bfa1458ad95689cfea4bd5d54d8935c87fec0f8685b7f3a0dfabae4c16b3277094918393e514c61448e4df354efd638b13aac82f6b7d5f9599543cad219aa69ee0f54340a9ad2bb3f3d434165f430a0504ea4151c,gx-no-cache=1519660401323 HTTP/1.1" 200 30
186.67.203.186 - - [26/Feb/2018:12:54:11 -0300] "POST /cormun/servlet/solicitudotadjuntos?83caf97a22f898857303784c0b3de33a,INS,2018,9677,,1, HTTP/1.1" 200 116
186.67.203.186 - - [26/Feb/2018:12:54:11 -0300] "GET /cormun/servlet/hpexe_return? HTTP/1.1" 200 1029
186.67.203.186 - - [26/Feb/2018:12:54:12 -0300] "GET /cormun/servlet/trsolicitudadjuntos?2018,9677, HTTP/1.1" 200 9043
186.67.203.186 - - [26/Feb/2018:12:54:13 -0300] "GET /cormun/servlet/trsolicitudadjuntos?2018,9677, HTTP/1.1" 200 9044
200.111.122.170 - - [26/Feb/2018:12:54:18 -0300] "GET /cormun/servlet/solicitudotadjuntos?INS,2018,9677,,1, HTTP/1.1" 200 6251
200.111.122.170 - - [26/Feb/2018:12:54:18 -0300] "GET /cormun/static/about:blank HTTP/1.1" 404 1011
200.111.122.170 - - [26/Feb/2018:12:54:18 -0300] "GET /cormun/servlet/solicitudotadjuntos?INS,2018,9677,,1, HTTP/1.1" 200 6244
200.111.122.170 - - [26/Feb/2018:12:54:19 -0300] "GET /cormun/servlet/solicitudotadjuntos?dc47d576be72a27c361d58cc328904bbb68e721e71b31c6433b5b7cdc896d630e85a0ca4541ab793e7abae847c8a9fe3,gx-no-cache=1519660411740 HTTP/1.1" 200 30
200.111.122.170 - - [26/Feb/2018:12:54:19 -0300] "POST /cormun/servlet/solicitudotadjuntos?83caf97a22f898857303784c0b3de33a,INS,2018,9677,,1,,gx-no-cache=1519660411858 HTTP/1.1" 200 4024
200.111.122.170 - - [26/Feb/2018:12:54:23 -0300] "POST /cormun/servlet/solicitudotadjuntos?gx-no-cache=1519660415541 HTTP/1.1" 200 26
200.111.122.170 - - [26/Feb/2018:12:54:28 -0300] "GET /cormun/servlet/solicitudotadjuntos?dc47d576be72a27c361d58cc328904bb022362afb1544307de9a2072cbfc3eb8,gx-no-cache=1519660421525 HTTP/1.1" 200 30
200.111.122.170 - - [26/Feb/2018:12:54:29 -0300] "GET /cormun/servlet/solicitudotadjuntos?dc47d576be72a27c361d58cc328904bb022362afb1544307de9a2072cbfc3eb8,gx-no-cache=1519660421605 HTTP/1.1" 200 30
200.111.122.170 - - [26/Feb/2018:12:54:32 -0300] "POST /cormun/servlet/solicitudotadjuntos?83caf97a22f898857303784c0b3de33a,INS,2018,9677,,1, HTTP/1.1" 200 116
200.111.122.170 - - [26/Feb/2018:12:54:32 -0300] "GET /cormun/servlet/hpexe_return? HTTP/1.1" 200 1029
200.111.122.170 - - [26/Feb/2018:12:54:33 -0300] "GET /cormun/servlet/trsolicitudadjuntos?2018,9677, HTTP/1.1" 200 9241
200.111.122.170 - - [26/Feb/2018:12:54:34 -0300] "GET /cormun/servlet/trsolicitudadjuntos?2018,9677, HTTP/1.1" 200 9241
200.111.122.170 - - [26/Feb/2018:12:54:35 -0300] "GET /cormun/servlet/solicitudotadjuntos?INS,2018,9677,,1, HTTP/1.1" 200 6251
200.111.122.170 - - [26/Feb/2018:12:54:36 -0300] "GET /cormun/static/about:blank HTTP/1.1" 404 1011
200.111.122.170 - - [26/Feb/2018:12:54:36 -0300] "GET /cormun/servlet/solicitudotadjuntos?INS,2018,9677,,1, HTTP/1.1" 200 6244
200.111.122.170 - - [26/Feb/2018:12:54:36 -0300] "GET /cormun/servlet/solicitudotadjuntos?dc47d576be72a27c361d58cc328904bbb68e721e71b31c6433b5b7cdc896d630e85a0ca4541ab793e7abae847c8a9fe3,gx-no-cache=1519660429182 HTTP/1.1" 200 30
200.111.122.170 - - [26/Feb/2018:12:54:37 -0300] "POST /cormun/servlet/solicitudotadjuntos?83caf97a22f898857303784c0b3de33a,INS,2018,9677,,1,,gx-no-cache=1519660429402 HTTP/1.1" 200 4024
200.111.122.170 - - [26/Feb/2018:12:54:39 -0300] "POST /cormun/servlet/solicitudotadjuntos?gx-no-cache=1519660432382 HTTP/1.1" 200 26
200.111.122.170 - - [26/Feb/2018:12:54:44 -0300] "GET /cormun/servlet/solicitudotadjuntos?dc47d576be72a27c361d58cc328904bb022362afb1544307de9a2072cbfc3eb8,gx-no-cache=1519660437373 HTTP/1.1" 200 30
200.111.122.170 - - [26/Feb/2018:12:54:44 -0300] "GET /cormun/servlet/solicitudotadjuntos?dc47d576be72a27c361d58cc328904bb022362afb1544307de9a2072cbfc3eb8,gx-no-cache=1519660437463 HTTP/1.1" 200 30
190.161.236.41 - - [26/Feb/2018:12:54:48 -0300] "POST /cormun/servlet/solicitudot?gx-no-cache=1519660441187 HTTP/1.1" 200 30
200.111.122.170 - - [26/Feb/2018:12:54:50 -0300] "POST /cormun/servlet/solicitudotadjuntos?83caf97a22f898857303784c0b3de33a,INS,2018,9677,,1, HTTP/1.1" 200 116
200.111.122.170 - - [26/Feb/2018:12:54:50 -0300] "GET /cormun/servlet/hpexe_return? HTTP/1.1" 200 1029
200.111.122.170 - - [26/Feb/2018:12:54:51 -0300] "GET /cormun/servlet/trsolicitudadjuntos?2018,9677, HTTP/1.1" 200 9464
200.111.122.170 - - [26/Feb/2018:12:54:52 -0300] "GET /cormun/servlet/trsolicitudadjuntos?2018,9677, HTTP/1.1" 200 9464
186.103.161.206 - - [26/Feb/2018:12:54:54 -0300] "GET /cormun/servlet/solicitudotadjuntos?INS,2018,9677,,1, HTTP/1.1" 200 6251
186.103.161.206 - - [26/Feb/2018:12:54:54 -0300] "GET /cormun/static/about:blank HTTP/1.1" 404 1011
200.111.122.170 - - [26/Feb/2018:12:54:55 -0300] "GET /cormun/servlet/solicitudotadjuntos?dc47d576be72a27c361d58cc328904bbb68e721e71b31c6433b5b7cdc896d630e85a0ca4541ab793e7abae847c8a9fe3,gx-no-cache=1519660447581 HTTP/1.1" 200 30
200.111.122.170 - - [26/Feb/2018:12:54:55 -0300] "GET /cormun/servlet/solicitudotadjuntos?INS,2018,9677,,1, HTTP/1.1" 200 6245
200.72.197.82 - - [26/Feb/2018:12:54:55 -0300] "POST /cormun/servlet/solicitudotadjuntos?83caf97a22f898857303784c0b3de33a,INS,2018,9677,,1,,gx-no-cache=1519660447708 HTTP/1.1" 200 4025
200.72.197.82 - - [26/Feb/2018:12:54:58 -0300] "POST /cormun/servlet/solicitudotadjuntos?gx-no-cache=1519660451148 HTTP/1.1" 200 26
190.161.236.41 - - [26/Feb/2018:12:55:04 -0300] "POST /cormun/servlet/solicitudot?gx-no-cache=1519660456892 HTTP/1.1" 200 1333
190.161.236.41 - - [26/Feb/2018:12:55:04 -0300] "POST /cormun/servlet/solicitudot?gx-no-cache=1519660457080 HTTP/1.1" 200 38
192.168.10.96 - - [26/Feb/2018:12:55:04 -0300] "POST /cormun/servlet/trsolicitudgral?a9ff59691d47260360f10b3a45853866,,gx-no-cache=1519660347125 HTTP/1.1" 200 115
192.168.10.96 - - [26/Feb/2018:12:55:05 -0300] "GET /cormun/servlet/solicitudotlog?INS,2018,8354,0,REC, HTTP/1.1" 200 6496
192.168.10.96 - - [26/Feb/2018:12:55:05 -0300] "GET /cormun/servlet/solicitudotlog?INS,2018,8354,0,REC, HTTP/1.1" 200 6496
192.168.10.96 - - [26/Feb/2018:12:55:05 -0300] "GET /cormun/servlet/solicitudotlog?706b07cf842aff671e4aa37498ec72d09a2638909cb480d89d0d1141e2ceaf2f800c1e036013ff1466a7ce3763630c2d450c991eea20ee1907cda50367c434fa69632e728ce84cbb4a01fab0b3bd35cfa9b783d7e81b9aed9cd250f0589d9a5297352ffbdc319813fcb50e2fde016da3119e2409d72de281168b2c9e915d519147811855bc90cbd35ae84090568008ddf3c27fa7f82d0c6858b4af64b21a48ba,gx-no-cache=1519660348485 HTTP/1.1" 200 94
192.168.10.96 - - [26/Feb/2018:12:55:08 -0300] "POST /cormun/servlet/solicitudotlog?a9ff59691d47260360f10b3a45853866,INS,2018,8354,0,REC,,gx-no-cache=1519660351386 HTTP/1.1" 200 93
192.168.10.96 - - [26/Feb/2018:12:55:09 -0300] "GET /cormun/servlet/hpexe_return? HTTP/1.1" 200 1016
192.168.10.96 - - [26/Feb/2018:12:55:09 -0300] "GET /cormun/servlet/trsolicitudgral HTTP/1.1" 200 13031
192.168.10.96 - - [26/Feb/2018:12:55:10 -0300] "GET /cormun/servlet/trsolicitudgral HTTP/1.1" 200 13026
200.72.197.82 - - [26/Feb/2018:12:55:15 -0300] "GET /cormun/servlet/solicitudotadjuntos?dc47d576be72a27c361d58cc328904bb022362afb1544307de9a2072cbfc3eb8,gx-no-cache=1519660468221 HTTP/1.1" 200 30
200.72.197.82 - - [26/Feb/2018:12:55:15 -0300] "GET /cormun/servlet/solicitudotadjuntos?dc47d576be72a27c361d58cc328904bb022362afb1544307de9a2072cbfc3eb8,gx-no-cache=1519660468267 HTTP/1.1" 200 30
200.72.197.82 - - [26/Feb/2018:12:55:18 -0300] "POST /cormun/servlet/solicitudotadjuntos?83caf97a22f898857303784c0b3de33a,INS,2018,9677,,1, HTTP/1.1" 200 116
200.72.197.82 - - [26/Feb/2018:12:55:18 -0300] "GET /cormun/servlet/hpexe_return? HTTP/1.1" 200 1029
200.72.197.82 - - [26/Feb/2018:12:55:19 -0300] "GET /cormun/servlet/trsolicitudadjuntos?2018,9677, HTTP/1.1" 200 9713
200.72.197.82 - - [26/Feb/2018:12:55:21 -0300] "GET /cormun/servlet/trsolicitudadjuntos?2018,9677, HTTP/1.1" 200 9713
200.72.197.82 - - [26/Feb/2018:12:55:24 -0300] "GET /cormun/servlet/trsolicitudot? HTTP/1.1" 200 9234
200.72.197.82 - - [26/Feb/2018:12:55:25 -0300] "GET /cormun/servlet/trsolicitudot? HTTP/1.1" 200 9227
190.151.100.218 - - [26/Feb/2018:12:55:32 -0300] "POST /cormun/servlet/trsolicitudot?83caf97a22f898857303784c0b3de33a,,gx-no-cache=1519660484298 HTTP/1.1" 200 5911
190.151.100.218 - - [26/Feb/2018:12:55:32 -0300] "GET /cormun/static/Shared/jqueryui/images/ui-bg_highlight-soft_100_c6c2c8_1x100.png HTTP/1.1" 404 1117
186.103.161.206 - - [26/Feb/2018:12:55:32 -0300] "GET /cormun/static/Shared/jqueryui/images/ui-bg_flat_55_fafafa_40x100.png HTTP/1.1" 404 1097
186.67.203.186 - - [26/Feb/2018:12:55:32 -0300] "GET /cormun/static/Shared/jqueryui/images/ui-icons_8d78a5_256x240.png HTTP/1.1" 404 1089
186.67.203.186 - - [26/Feb/2018:12:55:32 -0300] "GET /cormun/static/Shared/jqueryui/images/ui-icons_82798d_256x240.png HTTP/1.1" 404 1089
186.103.132.155 - - [26/Feb/2018:12:55:33 -0300] "POST /cormun/servlet/trsolicitudot?83caf97a22f898857303784c0b3de33a,,gx-no-cache=1519660485215 HTTP/1.1" 200 5857
186.103.132.155 - - [26/Feb/2018:12:55:38 -0300] "GET /cormun/servlet/hlogin HTTP/1.1" 200 1724
186.103.132.155 - - [26/Feb/2018:12:55:39 -0300] "POST /cormun/servlet/hlogin?83caf97a22f898857303784c0b3de33a,gx-no-cache=1519660492207 HTTP/1.1" 200 90
186.103.132.155 - - [26/Feb/2018:12:55:39 -0300] "GET /cormun/servlet/hpexe_link HTTP/1.1" 200 961
186.103.132.155 - - [26/Feb/2018:12:55:40 -0300] "GET /cormun/servlet/trsolicitudot? HTTP/1.1" 200 8809
186.103.132.155 - - [26/Feb/2018:12:55:41 -0300] "GET /cormun/servlet/trsolicitudot? HTTP/1.1" 200 8807
186.67.203.186 - - [26/Feb/2018:12:55:57 -0300] "POST /cormun/servlet/trsolicitudot?83caf97a22f898857303784c0b3de33a,,gx-no-cache=1519660508937 HTTP/1.1" 200 6182
186.67.203.186 - - [26/Feb/2018:12:56:07 -0300] "POST /cormun/servlet/trsolicitudot?83caf97a22f898857303784c0b3de33a,,gx-no-cache=1519660519721 HTTP/1.1" 200 6159
186.103.159.188 - - [26/Feb/2018:12:56:17 -0300] "POST /cormun/servlet/solicitudot?66fb17824c0e4b41327130325c689757,INS,0,0,,gx-no-cache=1519660529426 HTTP/1.1" 200 11777
186.103.159.188 - - [26/Feb/2018:12:56:21 -0300] "POST /cormun/servlet/solicitudot?gx-no-cache=1519660533979 HTTP/1.1" 200 3372
186.103.159.188 - - [26/Feb/2018:12:56:22 -0300] "POST /cormun/servlet/solicitudot?66fb17824c0e4b41327130325c689757,INS,0,0,,gx-no-cache=1519660534288 HTTP/1.1" 200 11789
186.103.159.188 - - [26/Feb/2018:12:56:22 -0300] "GET /cormun/servlet/solicitudot?2ef7f13a7610584c9116b73b93fea37061a65d9f9a11f1720560d2bc7d2fabc04e38eda7e1fb9b8bfce45cca1b50402e,gx-no-cache=1519660535195 HTTP/1.1" 200 30
186.103.159.188 - - [26/Feb/2018:12:56:22 -0300] "GET /cormun/servlet/solicitudot?2ef7f13a7610584c9116b73b93fea370e3469c4229f1e43577cc300c7eefece9b9207538518bd2eacd350b0ec19e4ccac929cbe6a93ce0cdb4d7fbac71a407cf,gx-no-cache=1519660535291 HTTP/1.1" 200 30
186.103.159.188 - - [26/Feb/2018:12:56:22 -0300] "GET /cormun/servlet/solicitudot?2ef7f13a7610584c9116b73b93fea3704e983a86087b065ac60e6de0cb79d4ab308e7304e84aaae7e12434518e28de10d29d6dfac244a340752567b58b5cf7cc,gx-no-cache=1519660535388 HTTP/1.1" 200 53
186.103.159.188 - - [26/Feb/2018:12:56:22 -0300] "POST /cormun/servlet/solicitudot?gx-no-cache=1519660535471 HTTP/1.1" 200 254
186.103.159.188 - - [26/Feb/2018:12:56:22 -0300] "GET /cormun/servlet/solicitudot?2ef7f13a7610584c9116b73b93fea370f0648c24d3650f1b7ef9f203eed7a3532eb9e6d0f26522f94b1c4bf7f966155c6c4deee9da7976e9db765aa3440f404ee5807bf4bac27d0a276f87d2c58f302c4888ee5af74c8adc72b2cbfa23f5fc1e3693d150c1e5a225beb6e077eaea672da21bf11a65f1ce363cf6cf7df6924b88444d2ea2d0d4ca75de2f615a1230918f3f490ff4cdb40069aca099b32c40a7c45919866488ccc26772b43f20d48c00c9991581464a5b90ba15d7a181adf3dc1e9dacea1aea5468edb91c499d48e28538dcf188efb8285351b8cec1c1dc2a4e2616945bb03f6ddc8038f0f748ae41c8adc4eee0bd6aa7ac91b71d3ed8c2f3885c571f2420262033e793e642114fcf9ec17c6013ea0bc7fa681b3cb46e8ef1a1194b5912e242174e64d587c85bfa1458ad95689cfea4bd5d54d8935c87fec0f8685b7f3a0dfabae4c16b3277094918393e514c61448e4df354efd638b13aac82f6b7d5f9599543cad219aa69ee0f54340a2192c02cc9a1c6fa5ed34780330ba0ce,gx-no-cache=1519660535577 HTTP/1.1" 200 30
186.103.159.188 - - [26/Feb/2018:12:56:23 -0300] "POST /cormun/servlet/solicitudot?gx-no-cache=1519660535679 HTTP/1.1" 200 30
192.168.10.96 - - [26/Feb/2018:12:56:23 -0300] "POST /cormun/servlet/trsolicitudgral?a9ff59691d47260360f10b3a45853866,gx-no-cache=1519660425885 HTTP/1.1" 200 115
192.168.10.96 - - [26/Feb/2018:12:56:23 -0300] "GET /cormun/servlet/solicitudotlog?INS,2018,8139,0,REC, HTTP/1.1" 200 6496
186.103.159.188 - - [26/Feb/2018:12:56:23 -0300] "POST /cormun/servlet/solicitudot?gx-no-cache=1519660535774 HTTP/1.1" 200 1333
186.103.159.188 - - [26/Feb/2018:12:56:23 -0300] "POST /cormun/servlet/solicitudot?gx-no-cache=1519660536619 HTTP/1.1" 200 38
186.103.159.188 - - [26/Feb/2018:12:56:24 -0300] "GET /cormun/servlet/solicitudot?2ef7f13a7610584c9116b73b93fea370b18b1c770f95fd8f57d5e097f29f7745d2e925fe1867d843bb2552cc52544a12c662b5c3dc26a906f1d5b8092fa95c685aafcf1cf7cae11316542bc4e48fb47b7c6a6a2c118d40e977765bf4fe3580c0b205f7501b0936b567d2222fbdcabb1bad756bd2c92868d015e06960fe5fe1c732510506d5fbc59462991a88f1a75999d69bec33a195f5ff3464c9d208e8ce12,gx-no-cache=1519660536736 HTTP/1.1" 200 29
186.103.159.188 - - [26/Feb/2018:12:56:24 -0300] "POST /cormun/servlet/solicitudot?gx-no-cache=1519660536844 HTTP/1.1" 200 1319
192.168.10.96 - - [26/Feb/2018:12:56:24 -0300] "GET /cormun/servlet/solicitudotlog?INS,2018,8139,0,REC, HTTP/1.1" 200 6496
186.103.159.188 - - [26/Feb/2018:12:56:24 -0300] "POST /cormun/servlet/solicitudot?gx-no-cache=1519660537056 HTTP/1.1" 200 1215
192.168.10.96 - - [26/Feb/2018:12:56:24 -0300] "GET /cormun/servlet/solicitudotlog?706b07cf842aff671e4aa37498ec72d0d8cafb04a51b08bf70730226cc408c5b800c1e036013ff1466a7ce3763630c2d450c991eea20ee1907cda50367c434fa69632e728ce84cbb4a01fab0b3bd35cfa9b783d7e81b9aed9cd250f0589d9a5297352ffbdc319813fcb50e2fde016da3119e2409d72de281168b2c9e915d519147811855bc90cbd35ae84090568008ddf3c27fa7f82d0c6858b4af64b21a48ba,gx-no-cache=1519660427203 HTTP/1.1" 200 94
186.67.203.186 - - [26/Feb/2018:12:56:25 -0300] "POST /cormun/servlet/trsolicitudot?83caf97a22f898857303784c0b3de33a,,gx-no-cache=1519660537495 HTTP/1.1" 200 6161
186.67.203.186 - - [26/Feb/2018:12:56:28 -0300] "POST /cormun/servlet/trsolicitudot?83caf97a22f898857303784c0b3de33a,,gx-no-cache=1519660540151 HTTP/1.1" 200 6159
186.67.203.186 - - [26/Feb/2018:12:56:29 -0300] "POST /cormun/servlet/trsolicitudot?83caf97a22f898857303784c0b3de33a,,gx-no-cache=1519660542125 HTTP/1.1" 200 6161
192.168.10.96 - - [26/Feb/2018:12:56:36 -0300] "POST /cormun/servlet/solicitudotlog?a9ff59691d47260360f10b3a45853866,INS,2018,8139,0,REC,,gx-no-cache=1519660438686 HTTP/1.1" 200 93
192.168.10.96 - - [26/Feb/2018:12:56:36 -0300] "GET /cormun/servlet/hpexe_return? HTTP/1.1" 200 1016
192.168.10.96 - - [26/Feb/2018:12:56:36 -0300] "GET /cormun/servlet/trsolicitudgral HTTP/1.1" 200 12771
192.168.10.96 - - [26/Feb/2018:12:56:37 -0300] "GET /cormun/servlet/trsolicitudgral HTTP/1.1" 200 12766
186.67.203.186 - - [26/Feb/2018:12:56:43 -0300] "GET /cormun/servlet/hlogin HTTP/1.1" 200 1724
186.67.203.186 - - [26/Feb/2018:12:56:45 -0300] "POST /cormun/servlet/hlogin?83caf97a22f898857303784c0b3de33a,gx-no-cache=1519660558103 HTTP/1.1" 200 90
186.67.203.186 - - [26/Feb/2018:12:56:45 -0300] "GET /cormun/servlet/hpexe_link HTTP/1.1" 200 961
186.67.203.186 - - [26/Feb/2018:12:56:46 -0300] "GET /cormun/servlet/trsolicitudot? HTTP/1.1" 200 9120
186.67.203.186 - - [26/Feb/2018:12:56:47 -0300] "GET /cormun/servlet/trsolicitudot? HTTP/1.1" 200 9119
200.111.122.170 - - [26/Feb/2018:12:56:53 -0300] "POST /cormun/servlet/trsolicitudot?83caf97a22f898857303784c0b3de33a,,gx-no-cache=1519660565691 HTTP/1.1" 200 6160
186.103.159.188 - - [26/Feb/2018:12:57:07 -0300] "GET /cormun/servlet/solicitudot?2ef7f13a7610584c9116b73b93fea370c7f5a3e0afb2697de4f158411fc6b1a9fe14b0a420edd17f23bafa64e5ec3435,gx-no-cache=1519660580490 HTTP/1.1" 200 30
186.103.159.188 - - [26/Feb/2018:12:57:49 -0300] "GET /cormun/servlet/solicitudot?2ef7f13a7610584c9116b73b93fea370f0648c24d3650f1b7ef9f203eed7a3532eb9e6d0f26522f94b1c4bf7f966155c6c4deee9da7976e9db765aa3440f404ee5807bf4bac27d0a276f87d2c58f302c4888ee5af74c8adc72b2cbfa23f5fc1e3693d150c1e5a225beb6e077eaea672da21bf11a65f1ce363cf6cf7df6924b88444d2ea2d0d4ca75de2f615a1230918f3f490ff4cdb40069aca099b32c40a7c45919866488ccc26772b43f20d48c00c9991581464a5b90ba15d7a181adf3dc1e9dacea1aea5468edb91c499d48e28538dcf188efb8285351b8cec1c1dc2a4e2616945bb03f6ddc8038f0f748ae41c8adc4eee0bd6aa7ac91b71d3ed8c2f3885c571f2420262033e793e642114fcf9ec17c6013ea0bc7fa681b3cb46e8ef1a1194b5912e242174e64d587c85bfa1458ad95689cfea4bd5d54d8935c87fec0f8685b7f3a0dfabae4c16b3277094918393e514c61448e4df354efd638b13aac82f6b7d5f9599543cad219aa69ee0f54340a2192c02cc9a1c6fa5ed34780330ba0ce,gx-no-cache=1519660621996 HTTP/1.1" 200 30
186.103.159.188 - - [26/Feb/2018:12:57:49 -0300] "POST /cormun/servlet/solicitudot?gx-no-cache=1519660622498 HTTP/1.1" 200 30
186.103.159.188 - - [26/Feb/2018:12:57:50 -0300] "POST /cormun/servlet/solicitudot?gx-no-cache=1519660622611 HTTP/1.1" 200 1335
186.103.159.188 - - [26/Feb/2018:12:57:50 -0300] "POST /cormun/servlet/solicitudot?gx-no-cache=1519660623189 HTTP/1.1" 200 41
186.103.159.188 - - [26/Feb/2018:12:57:50 -0300] "POST /cormun/servlet/solicitudot?gx-no-cache=1519660623271 HTTP/1.1" 200 1321
186.103.159.188 - - [26/Feb/2018:12:57:50 -0300] "POST /cormun/servlet/solicitudot?gx-no-cache=1519660623491 HTTP/1.1" 200 1219
186.103.159.188 - - [26/Feb/2018:12:57:51 -0300] "POST /cormun/servlet/solicitudot?gx-no-cache=1519660623685 HTTP/1.1" 200 30
186.103.159.188 - - [26/Feb/2018:12:57:51 -0300] "POST /cormun/servlet/solicitudot?66fb17824c0e4b41327130325c689757,INS,0,0,,gx-no-cache=1519660623782 HTTP/1.1" 200 93
186.103.159.188 - - [26/Feb/2018:12:57:51 -0300] "GET /cormun/servlet/hpexe_return? HTTP/1.1" 200 1008
186.103.159.188 - - [26/Feb/2018:12:57:52 -0300] "GET /cormun/static/gxcfg.js?2016101716175148 HTTP/1.1" 200 953
190.161.236.41 - - [26/Feb/2018:12:57:52 -0300] "GET /cormun/static/hpexe_return.js?2016101716175153 HTTP/1.1" 200 1633
186.103.159.188 - - [26/Feb/2018:12:57:52 -0300] "GET /cormun/static/Resources/Spanish/PXTools.css?167811 HTTP/1.1" 200 89042
186.103.159.188 - - [26/Feb/2018:12:57:52 -0300] "GET /cormun/servlet/trsolicitudot HTTP/1.1" 200 8741
186.103.159.188 - - [26/Feb/2018:12:57:53 -0300] "GET /cormun//static/Resources/PXToolsGridUpdate.png HTTP/1.1" 200 2984
190.161.236.41 - - [26/Feb/2018:12:57:53 -0300] "GET /cormun//static/Resources/PXToolsActionView.png HTTP/1.1" 200 2995
186.103.159.188 - - [26/Feb/2018:12:57:53 -0300] "GET /cormun//static/Resources/PXToolsGridDelete.png HTTP/1.1" 200 357
186.103.159.188 - - [26/Feb/2018:12:57:53 -0300] "GET /cormun//static/Resources/PXToolsRemoveAllAction.png HTTP/1.1" 200 3558
186.103.159.188 - - [26/Feb/2018:12:57:53 -0300] "GET /cormun//static/Resources/PXTools/ActionInsert.png HTTP/1.1" 200 1482
186.103.159.188 - - [26/Feb/2018:12:57:53 -0300] "GET /cormun/servlet/trsolicitudot HTTP/1.1" 200 8737
200.111.122.170 - - [26/Feb/2018:12:58:14 -0300] "GET /cormun/servlet/hlogin HTTP/1.1" 200 1724
200.111.122.170 - - [26/Feb/2018:12:58:17 -0300] "POST /cormun/servlet/hlogin?83caf97a22f898857303784c0b3de33a,gx-no-cache=1519660649776 HTTP/1.1" 200 90
200.111.122.170 - - [26/Feb/2018:12:58:17 -0300] "GET /cormun/servlet/hpexe_link HTTP/1.1" 200 954
200.111.122.170 - - [26/Feb/2018:12:58:17 -0300] "GET /cormun/servlet/hhome HTTP/1.1" 200 3986
200.111.122.170 - - [26/Feb/2018:12:58:18 -0300] "GET /cormun/servlet/hhome HTTP/1.1" 200 3982
200.111.122.170 - - [26/Feb/2018:12:58:23 -0300] "GET /cormun/servlet/trsolicitudot? HTTP/1.1" 200 8902
200.111.122.170 - - [26/Feb/2018:12:58:24 -0300] "GET /cormun/servlet/trsolicitudot? HTTP/1.1" 200 8900
200.111.122.170 - - [26/Feb/2018:12:58:26 -0300] "POST /cormun/servlet/trsolicitudot?83caf97a22f898857303784c0b3de33a,,gx-no-cache=1519660659050 HTTP/1.1" 200 5957
200.111.122.170 - - [26/Feb/2018:12:58:30 -0300] "POST /cormun/servlet/trsolicitudot?83caf97a22f898857303784c0b3de33a,,gx-no-cache=1519660660887 HTTP/1.1" 200 5957
200.111.122.170 - - [26/Feb/2018:12:58:48 -0300] "POST /cormun/servlet/trsolicitudot?83caf97a22f898857303784c0b3de33a,,gx-no-cache=1519660680656 HTTP/1.1" 200 5958
200.111.122.170 - - [26/Feb/2018:12:58:50 -0300] "POST /cormun/servlet/trsolicitudot?83caf97a22f898857303784c0b3de33a,,gx-no-cache=1519660682487 HTTP/1.1" 200 5958
200.111.122.170 - - [26/Feb/2018:12:59:31 -0300] "GET /cormun/servlet/hlogin HTTP/1.1" 200 1724
200.111.122.170 - - [26/Feb/2018:12:59:41 -0300] "POST /cormun/servlet/hlogin?83caf97a22f898857303784c0b3de33a,gx-no-cache=1519660734136 HTTP/1.1" 200 90
200.111.122.170 - - [26/Feb/2018:12:59:41 -0300] "GET /cormun/servlet/hpexe_link HTTP/1.1" 200 961
200.111.122.170 - - [26/Feb/2018:12:59:42 -0300] "GET /cormun/servlet/trsolicitudot? HTTP/1.1" 200 8902
200.111.122.170 - - [26/Feb/2018:12:59:43 -0300] "GET /cormun/servlet/trsolicitudot? HTTP/1.1" 200 8900
190.161.236.41 - - [26/Feb/2018:13:00:31 -0300] "POST /cormun/servlet/trsolicitudot?66fb17824c0e4b41327130325c689757,gx-no-cache=1519660783265 HTTP/1.1" 200 6114
190.161.236.41 - - [26/Feb/2018:13:00:31 -0300] "GET /cormun/static/Shared/jqueryui/images/ui-bg_highlight-soft_100_c6c2c8_1x100.png HTTP/1.1" 404 1117
186.103.159.188 - - [26/Feb/2018:13:00:31 -0300] "GET /cormun/static/Shared/jqueryui/images/ui-icons_82798d_256x240.png HTTP/1.1" 404 1089
186.103.159.188 - - [26/Feb/2018:13:00:31 -0300] "GET /cormun/static/Shared/jqueryui/images/ui-bg_flat_55_fafafa_40x100.png HTTP/1.1" 404 1097
190.161.236.41 - - [26/Feb/2018:13:00:31 -0300] "GET /cormun/static/Shared/jqueryui/images/ui-icons_8d78a5_256x240.png HTTP/1.1" 404 1089
190.151.100.218 - - [26/Feb/2018:13:00:32 -0300] "POST /cormun/servlet/trsolicitudot?83caf97a22f898857303784c0b3de33a,,gx-no-cache=1519660784617 HTTP/1.1" 200 5959
190.151.100.218 - - [26/Feb/2018:13:00:35 -0300] "POST /cormun/servlet/trsolicitudot?83caf97a22f898857303784c0b3de33a,,gx-no-cache=1519660786670 HTTP/1.1" 200 5959
190.161.236.41 - - [26/Feb/2018:13:00:37 -0300] "POST /cormun/servlet/trsolicitudot?66fb17824c0e4b41327130325c689757,gx-no-cache=1519660789848 HTTP/1.1" 200 107
190.161.236.41 - - [26/Feb/2018:13:00:38 -0300] "GET /cormun/servlet/trsolicitudadjuntos?2018,9678, HTTP/1.1" 200 6239
186.103.159.188 - - [26/Feb/2018:13:00:38 -0300] "GET /cormun/static/gxui/gxui-all.css?110300 HTTP/1.1" 200 2179
186.103.159.188 - - [26/Feb/2018:13:00:38 -0300] "GET /cormun/static/calendar-system.css?75620 HTTP/1.1" 200 5572
190.161.236.41 - - [26/Feb/2018:13:00:38 -0300] "GET /cormun/static/gxcfg.js?20177612135366 HTTP/1.1" 200 953
190.161.236.41 - - [26/Feb/2018:13:00:38 -0300] "GET /cormun/static/trsolicitudadjuntos.js?20177612135632 HTTP/1.1" 200 17922
190.161.236.41 - - [26/Feb/2018:13:00:38 -0300] "GET /cormun/static/Shared/ext/resources/css/ext-all.css?205870 HTTP/1.1" 200 416045
190.161.236.41 - - [26/Feb/2018:13:00:39 -0300] "GET /cormun/servlet/trsolicitudadjuntos?2018,9678, HTTP/1.1" 200 6239
190.161.236.41 - - [26/Feb/2018:13:00:47 -0300] "GET /cormun/servlet/solicitudotadjuntos?INS,2018,9678,,1, HTTP/1.1" 200 6186
190.161.236.41 - - [26/Feb/2018:13:00:47 -0300] "GET /cormun/static/gxcfg.js?2017761244068 HTTP/1.1" 200 953
186.103.159.188 - - [26/Feb/2018:13:00:47 -0300] "GET /cormun/static/solicitudotadjuntos.js?2017761244086 HTTP/1.1" 200 11771
186.103.159.188 - - [26/Feb/2018:13:00:48 -0300] "GET /cormun/static/about:blank HTTP/1.1" 404 1011
186.103.159.188 - - [26/Feb/2018:13:00:48 -0300] "GET /cormun/servlet/solicitudotadjuntos?INS,2018,9678,,1, HTTP/1.1" 200 6179
190.161.236.41 - - [26/Feb/2018:13:00:48 -0300] "GET /cormun/servlet/solicitudotadjuntos?2ef7f13a7610584c9116b73b93fea3706496ecddd3d0a5da1ae302fd6706d3e058e8395dc93cf3ce90bf87d81bf2d731,gx-no-cache=1519660801587 HTTP/1.1" 200 30
190.161.236.41 - - [26/Feb/2018:13:00:49 -0300] "POST /cormun/servlet/solicitudotadjuntos?66fb17824c0e4b41327130325c689757,INS,2018,9678,,1,,gx-no-cache=1519660801692 HTTP/1.1" 200 4027
190.161.236.41 - - [26/Feb/2018:13:00:52 -0300] "POST /cormun/servlet/solicitudotadjuntos?gx-no-cache=1519660804748 HTTP/1.1" 200 26
181.201.74.220 - - [26/Feb/2018:13:01:04 -0300] "GET /cormun/servlet/hlogin HTTP/1.1" 200 1725
192.168.10.96 - - [26/Feb/2018:13:01:05 -0300] "POST /cormun/servlet/trsolicitudgral?a9ff59691d47260360f10b3a45853866,gx-no-cache=1519660707332 HTTP/1.1" 200 8507
190.161.236.41 - - [26/Feb/2018:13:01:09 -0300] "GET /cormun/servlet/solicitudotadjuntos?2ef7f13a7610584c9116b73b93fea370f4ec05b9e27df61848651fe2211bccf2,gx-no-cache=1519660822188 HTTP/1.1" 200 30
190.161.236.41 - - [26/Feb/2018:13:01:09 -0300] "GET /cormun/servlet/solicitudotadjuntos?2ef7f13a7610584c9116b73b93fea370f4ec05b9e27df61848651fe2211bccf2,gx-no-cache=1519660822267 HTTP/1.1" 200 30
190.161.236.41 - - [26/Feb/2018:13:01:11 -0300] "POST /cormun/servlet/solicitudotadjuntos?66fb17824c0e4b41327130325c689757,INS,2018,9678,,1, HTTP/1.1" 200 116
190.161.236.41 - - [26/Feb/2018:13:01:11 -0300] "GET /cormun/servlet/hpexe_return? HTTP/1.1" 200 1027
190.161.236.41 - - [26/Feb/2018:13:01:12 -0300] "GET /cormun/servlet/trsolicitudadjuntos?2018,9678, HTTP/1.1" 200 8590
190.161.236.41 - - [26/Feb/2018:13:01:13 -0300] "GET /cormun/servlet/trsolicitudadjuntos?2018,9678, HTTP/1.1" 200 8586
186.103.159.188 - - [26/Feb/2018:13:01:18 -0300] "GET /cormun/servlet/solicitudotadjuntos?INS,2018,9678,,1, HTTP/1.1" 200 6186
186.103.159.188 - - [26/Feb/2018:13:01:18 -0300] "GET /cormun/static/about:blank HTTP/1.1" 404 1011
186.103.159.188 - - [26/Feb/2018:13:01:19 -0300] "GET /cormun/servlet/solicitudotadjuntos?INS,2018,9678,,1, HTTP/1.1" 200 6179
190.161.236.41 - - [26/Feb/2018:13:01:19 -0300] "GET /cormun/servlet/solicitudotadjuntos?2ef7f13a7610584c9116b73b93fea3706496ecddd3d0a5da1ae302fd6706d3e058e8395dc93cf3ce90bf87d81bf2d731,gx-no-cache=1519660832013 HTTP/1.1" 200 30
190.161.236.41 - - [26/Feb/2018:13:01:19 -0300] "POST /cormun/servlet/solicitudotadjuntos?66fb17824c0e4b41327130325c689757,INS,2018,9678,,1,,gx-no-cache=1519660832107 HTTP/1.1" 200 4027
190.161.236.41 - - [26/Feb/2018:13:01:21 -0300] "POST /cormun/servlet/solicitudotadjuntos?gx-no-cache=1519660834577 HTTP/1.1" 200 26
192.168.10.96 - - [26/Feb/2018:13:01:26 -0300] "POST /cormun/servlet/trsolicitudgral?a9ff59691d47260360f10b3a45853866,gx-no-cache=1519660728147 HTTP/1.1" 200 10087
181.201.74.220 - - [26/Feb/2018:13:01:27 -0300] "POST /cormun/servlet/hlogin?15eea1d57e819a69114e60a0161f5e8d,gx-no-cache=1519660839541 HTTP/1.1" 200 90
181.201.74.220 - - [26/Feb/2018:13:01:27 -0300] "GET /cormun/servlet/hpexe_link HTTP/1.1" 200 958
181.201.74.220 - - [26/Feb/2018:13:01:28 -0300] "GET /cormun/servlet/hhome HTTP/1.1" 200 4329
190.161.236.41 - - [26/Feb/2018:13:01:29 -0300] "GET /cormun/servlet/solicitudotadjuntos?2ef7f13a7610584c9116b73b93fea370f4ec05b9e27df61848651fe2211bccf2,gx-no-cache=1519660841667 HTTP/1.1" 200 30
190.161.236.41 - - [26/Feb/2018:13:01:29 -0300] "GET /cormun/servlet/solicitudotadjuntos?2ef7f13a7610584c9116b73b93fea370f4ec05b9e27df61848651fe2211bccf2,gx-no-cache=1519660841740 HTTP/1.1" 200 30
181.201.74.220 - - [26/Feb/2018:13:01:30 -0300] "GET /cormun/servlet/hhome HTTP/1.1" 200 4325
190.161.236.41 - - [26/Feb/2018:13:01:31 -0300] "POST /cormun/servlet/solicitudotadjuntos?66fb17824c0e4b41327130325c689757,INS,2018,9678,,1, HTTP/1.1" 200 116
190.161.236.41 - - [26/Feb/2018:13:01:31 -0300] "GET /cormun/servlet/hpexe_return? HTTP/1.1" 200 1027
190.161.236.41 - - [26/Feb/2018:13:01:32 -0300] "GET /cormun/servlet/trsolicitudadjuntos?2018,9678, HTTP/1.1" 200 8797
190.161.236.41 - - [26/Feb/2018:13:01:33 -0300] "GET /cormun/servlet/trsolicitudadjuntos?2018,9678, HTTP/1.1" 200 8797
190.161.236.41 - - [26/Feb/2018:13:01:35 -0300] "GET /cormun/servlet/solicitudotadjuntos?INS,2018,9678,,1, HTTP/1.1" 200 6186
190.161.236.41 - - [26/Feb/2018:13:01:36 -0300] "GET /cormun/static/about:blank HTTP/1.1" 404 1011
186.103.159.188 - - [26/Feb/2018:13:01:36 -0300] "GET /cormun/servlet/solicitudotadjuntos?INS,2018,9678,,1, HTTP/1.1" 200 6179
186.103.159.188 - - [26/Feb/2018:13:01:36 -0300] "GET /cormun/servlet/solicitudotadjuntos?2ef7f13a7610584c9116b73b93fea3706496ecddd3d0a5da1ae302fd6706d3e058e8395dc93cf3ce90bf87d81bf2d731,gx-no-cache=1519660849258 HTTP/1.1" 200 30
186.103.159.188 - - [26/Feb/2018:13:01:37 -0300] "POST /cormun/servlet/solicitudotadjuntos?66fb17824c0e4b41327130325c689757,INS,2018,9678,,1,,gx-no-cache=1519660849341 HTTP/1.1" 200 4027
186.103.159.188 - - [26/Feb/2018:13:01:39 -0300] "POST /cormun/servlet/solicitudotadjuntos?gx-no-cache=1519660852011 HTTP/1.1" 200 26
186.103.159.188 - - [26/Feb/2018:13:01:46 -0300] "GET /cormun/servlet/solicitudotadjuntos?2ef7f13a7610584c9116b73b93fea370f4ec05b9e27df61848651fe2211bccf2,gx-no-cache=1519660859146 HTTP/1.1" 200 30
186.103.159.188 - - [26/Feb/2018:13:01:46 -0300] "GET /cormun/servlet/solicitudotadjuntos?2ef7f13a7610584c9116b73b93fea370f4ec05b9e27df61848651fe2211bccf2,gx-no-cache=1519660859179 HTTP/1.1" 200 30
186.103.159.188 - - [26/Feb/2018:13:01:50 -0300] "POST /cormun/servlet/solicitudotadjuntos?66fb17824c0e4b41327130325c689757,INS,2018,9678,,1, HTTP/1.1" 200 116
186.103.159.188 - - [26/Feb/2018:13:01:50 -0300] "GET /cormun/servlet/hpexe_return? HTTP/1.1" 200 1027
186.103.159.188 - - [26/Feb/2018:13:01:50 -0300] "GET /cormun/servlet/trsolicitudadjuntos?2018,9678, HTTP/1.1" 200 8970
186.103.159.188 - - [26/Feb/2018:13:01:51 -0300] "GET /cormun/servlet/trsolicitudadjuntos?2018,9678, HTTP/1.1" 200 8968
190.161.236.41 - - [26/Feb/2018:13:01:54 -0300] "GET /cormun/servlet/solicitudotadjuntos?INS,2018,9678,,1, HTTP/1.1" 200 6186
190.161.236.41 - - [26/Feb/2018:13:01:54 -0300] "GET /cormun/static/about:blank HTTP/1.1" 404 1011
190.161.236.41 - - [26/Feb/2018:13:01:54 -0300] "GET /cormun/servlet/solicitudotadjuntos?INS,2018,9678,,1, HTTP/1.1" 200 6180
190.161.236.41 - - [26/Feb/2018:13:01:55 -0300] "GET /cormun/servlet/solicitudotadjuntos?2ef7f13a7610584c9116b73b93fea3706496ecddd3d0a5da1ae302fd6706d3e058e8395dc93cf3ce90bf87d81bf2d731,gx-no-cache=1519660867660 HTTP/1.1" 200 30
190.161.236.41 - - [26/Feb/2018:13:01:55 -0300] "POST /cormun/servlet/solicitudotadjuntos?66fb17824c0e4b41327130325c689757,INS,2018,9678,,1,,gx-no-cache=1519660867738 HTTP/1.1" 200 4028
192.168.10.96 - - [26/Feb/2018:13:01:58 -0300] "POST /cormun/servlet/trsolicitudgral?a9ff59691d47260360f10b3a45853866,gx-no-cache=1519660760229 HTTP/1.1" 200 9552
190.161.236.41 - - [26/Feb/2018:13:01:59 -0300] "POST /cormun/servlet/solicitudotadjuntos?gx-no-cache=1519660871658 HTTP/1.1" 200 26
181.201.74.220 - - [26/Feb/2018:13:02:05 -0300] "GET /cormun/servlet/trsolicitudot? HTTP/1.1" 200 8902
190.161.236.41 - - [26/Feb/2018:13:02:06 -0300] "GET /cormun/servlet/solicitudotadjuntos?2ef7f13a7610584c9116b73b93fea370f4ec05b9e27df61848651fe2211bccf2,gx-no-cache=1519660879636 HTTP/1.1" 200 30
190.161.236.41 - - [26/Feb/2018:13:02:07 -0300] "GET /cormun/servlet/solicitudotadjuntos?2ef7f13a7610584c9116b73b93fea370f4ec05b9e27df61848651fe2211bccf2,gx-no-cache=1519660879676 HTTP/1.1" 200 30
181.201.74.220 - - [26/Feb/2018:13:02:07 -0300] "GET /cormun/servlet/trsolicitudot? HTTP/1.1" 200 8903
190.161.236.41 - - [26/Feb/2018:13:02:09 -0300] "POST /cormun/servlet/solicitudotadjuntos?66fb17824c0e4b41327130325c689757,INS,2018,9678,,1, HTTP/1.1" 200 116
190.161.236.41 - - [26/Feb/2018:13:02:09 -0300] "GET /cormun/servlet/hpexe_return? HTTP/1.1" 200 1027
190.161.236.41 - - [26/Feb/2018:13:02:10 -0300] "GET /cormun/servlet/trsolicitudadjuntos?2018,9678, HTTP/1.1" 200 9170
190.161.236.41 - - [26/Feb/2018:13:02:11 -0300] "GET /cormun/servlet/trsolicitudadjuntos?2018,9678, HTTP/1.1" 200 9170
186.103.159.188 - - [26/Feb/2018:13:02:14 -0300] "GET /cormun/servlet/solicitudotadjuntos?INS,2018,9678,,1, HTTP/1.1" 200 6186
186.103.159.188 - - [26/Feb/2018:13:02:14 -0300] "GET /cormun/static/about:blank HTTP/1.1" 404 1011
186.103.159.188 - - [26/Feb/2018:13:02:15 -0300] "GET /cormun/servlet/solicitudotadjuntos?INS,2018,9678,,1, HTTP/1.1" 200 6180
186.103.159.188 - - [26/Feb/2018:13:02:15 -0300] "GET /cormun/servlet/solicitudotadjuntos?2ef7f13a7610584c9116b73b93fea3706496ecddd3d0a5da1ae302fd6706d3e058e8395dc93cf3ce90bf87d81bf2d731,gx-no-cache=1519660888139 HTTP/1.1" 200 30
186.103.159.188 - - [26/Feb/2018:13:02:15 -0300] "POST /cormun/servlet/solicitudotadjuntos?66fb17824c0e4b41327130325c689757,INS,2018,9678,,1,,gx-no-cache=1519660888207 HTTP/1.1" 200 4028
186.103.159.188 - - [26/Feb/2018:13:02:22 -0300] "POST /cormun/servlet/solicitudotadjuntos?gx-no-cache=1519660895097 HTTP/1.1" 200 26
186.103.159.188 - - [26/Feb/2018:13:02:28 -0300] "GET /cormun/servlet/solicitudotadjuntos?2ef7f13a7610584c9116b73b93fea370f4ec05b9e27df61848651fe2211bccf2,gx-no-cache=1519660901300 HTTP/1.1" 200 30
186.103.159.188 - - [26/Feb/2018:13:02:28 -0300] "GET /cormun/servlet/solicitudotadjuntos?2ef7f13a7610584c9116b73b93fea370f4ec05b9e27df61848651fe2211bccf2,gx-no-cache=1519660901342 HTTP/1.1" 200 30
186.103.159.188 - - [26/Feb/2018:13:02:36 -0300] "POST /cormun/servlet/solicitudotadjuntos?66fb17824c0e4b41327130325c689757,INS,2018,9678,,1, HTTP/1.1" 200 116
186.103.159.188 - - [26/Feb/2018:13:02:36 -0300] "GET /cormun/servlet/hpexe_return? HTTP/1.1" 200 1027
186.103.159.188 - - [26/Feb/2018:13:02:37 -0300] "GET /cormun/servlet/trsolicitudadjuntos?2018,9678, HTTP/1.1" 200 9364
186.103.159.188 - - [26/Feb/2018:13:02:38 -0300] "GET /cormun/servlet/trsolicitudadjuntos?2018,9678, HTTP/1.1" 200 9360
181.201.74.220 - - [26/Feb/2018:13:02:54 -0300] "GET /cormun/servlet/solicitudot?INS,0,0, HTTP/1.1" 200 13786
181.201.74.220 - - [26/Feb/2018:13:02:56 -0300] "GET /cormun/servlet/solicitudot?INS,0,0, HTTP/1.1" 200 13791
186.103.159.188 - - [26/Feb/2018:13:03:00 -0300] "GET /cormun/servlet/solicitudotadjuntos?INS,2018,9678,,1, HTTP/1.1" 200 6186
186.103.159.188 - - [26/Feb/2018:13:03:00 -0300] "GET /cormun/static/about:blank HTTP/1.1" 404 1011
186.103.159.188 - - [26/Feb/2018:13:03:00 -0300] "GET /cormun/servlet/solicitudotadjuntos?INS,2018,9678,,1, HTTP/1.1" 200 6180
190.161.236.41 - - [26/Feb/2018:13:03:01 -0300] "GET /cormun/servlet/solicitudotadjuntos?2ef7f13a7610584c9116b73b93fea3706496ecddd3d0a5da1ae302fd6706d3e058e8395dc93cf3ce90bf87d81bf2d731,gx-no-cache=1519660933661 HTTP/1.1" 200 30
190.161.236.41 - - [26/Feb/2018:13:03:01 -0300] "POST /cormun/servlet/solicitudotadjuntos?66fb17824c0e4b41327130325c689757,INS,2018,9678,,1,,gx-no-cache=1519660933770 HTTP/1.1" 200 4025
190.161.236.41 - - [26/Feb/2018:13:03:04 -0300] "POST /cormun/servlet/solicitudotadjuntos?gx-no-cache=1519660937450 HTTP/1.1" 200 26
190.161.236.41 - - [26/Feb/2018:13:03:10 -0300] "GET /cormun/servlet/solicitudotadjuntos?2ef7f13a7610584c9116b73b93fea370f4ec05b9e27df61848651fe2211bccf2,gx-no-cache=1519660943059 HTTP/1.1" 200 30
190.161.236.41 - - [26/Feb/2018:13:03:10 -0300] "GET /cormun/servlet/solicitudotadjuntos?2ef7f13a7610584c9116b73b93fea370f4ec05b9e27df61848651fe2211bccf2,gx-no-cache=1519660943137 HTTP/1.1" 200 30
190.161.236.41 - - [26/Feb/2018:13:03:12 -0300] "POST /cormun/servlet/solicitudotadjuntos?66fb17824c0e4b41327130325c689757,INS,2018,9678,,1, HTTP/1.1" 200 116
190.161.236.41 - - [26/Feb/2018:13:03:12 -0300] "GET /cormun/servlet/hpexe_return? HTTP/1.1" 200 1027
190.161.236.41 - - [26/Feb/2018:13:03:13 -0300] "GET /cormun/servlet/trsolicitudadjuntos?2018,9678, HTTP/1.1" 200 9629
190.161.236.41 - - [26/Feb/2018:13:03:14 -0300] "GET /cormun/servlet/trsolicitudadjuntos?2018,9678, HTTP/1.1" 200 9626
181.201.74.220 - - [26/Feb/2018:13:03:20 -0300] "POST /cormun/servlet/solicitudot?gx-no-cache=1519660951713 HTTP/1.1" 200 3418
181.201.74.220 - - [26/Feb/2018:13:03:21 -0300] "POST /cormun/servlet/solicitudot?15eea1d57e819a69114e60a0161f5e8d,INS,0,0,,gx-no-cache=1519660953522 HTTP/1.1" 200 10571
186.103.159.188 - - [26/Feb/2018:13:03:24 -0300] "GET /cormun/servlet/trsolicitudot? HTTP/1.1" 200 8743
186.103.159.188 - - [26/Feb/2018:13:03:25 -0300] "GET /cormun/servlet/trsolicitudot? HTTP/1.1" 200 8737
190.161.236.41 - - [26/Feb/2018:13:04:15 -0300] "POST /cormun/servlet/trsolicitudot?66fb17824c0e4b41327130325c689757,,gx-no-cache=1519661007426 HTTP/1.1" 200 4709
190.161.236.41 - - [26/Feb/2018:13:04:15 -0300] "GET /cormun/static/Shared/jqueryui/images/ui-bg_highlight-soft_100_c6c2c8_1x100.png HTTP/1.1" 404 1117
186.103.159.188 - - [26/Feb/2018:13:04:15 -0300] "GET /cormun/static/Shared/jqueryui/images/ui-bg_flat_55_fafafa_40x100.png HTTP/1.1" 404 1097
190.161.236.41 - - [26/Feb/2018:13:04:15 -0300] "GET /cormun/static/Shared/jqueryui/images/ui-icons_8d78a5_256x240.png HTTP/1.1" 404 1089
190.161.236.41 - - [26/Feb/2018:13:04:15 -0300] "GET /cormun/static/Shared/jqueryui/images/ui-icons_82798d_256x240.png HTTP/1.1" 404 1089
186.103.159.188 - - [26/Feb/2018:13:04:15 -0300] "POST /cormun/servlet/trsolicitudot?66fb17824c0e4b41327130325c689757,,gx-no-cache=1519661007962 HTTP/1.1" 200 4478
200.54.247.70 - - [26/Feb/2018:13:04:19 -0300] "GET /cormun/servlet/trsolicitudot? HTTP/1.1" 200 6388
200.54.247.70 - - [26/Feb/2018:13:04:20 -0300] "GET /cormun/servlet/hlogin HTTP/1.1" 200 1743
200.54.247.70 - - [26/Feb/2018:13:04:35 -0300] "POST /cormun/servlet/hlogin?d7ae9788feb70ad0b4d4d0a8818d951d,gx-no-cache=1519661024173 HTTP/1.1" 200 90
200.54.247.70 - - [26/Feb/2018:13:04:35 -0300] "GET /cormun/servlet/hpexe_link HTTP/1.1" 200 961
200.54.247.70 - - [26/Feb/2018:13:04:35 -0300] "GET /cormun/servlet/trsolicitudot HTTP/1.1" 200 7267
200.54.247.70 - - [26/Feb/2018:13:04:40 -0300] "GET /cormun/servlet/trsolicitudot? HTTP/1.1" 200 7266
192.168.10.96 - - [26/Feb/2018:13:04:45 -0300] "POST /cormun/servlet/trsolicitudgral?a9ff59691d47260360f10b3a45853866,gx-no-cache=1519660927923 HTTP/1.1" 200 105
192.168.10.96 - - [26/Feb/2018:13:04:45 -0300] "GET /cormun/SolicitudGral-7877.xls HTTP/1.1" 200 7680
200.54.247.70 - - [26/Feb/2018:13:04:47 -0300] "GET /cormun/servlet/solicitudot?INS,0,0, HTTP/1.1" 200 13676
200.54.247.70 - - [26/Feb/2018:13:05:05 -0300] "GET /cormun/servlet/trsolicitudot? HTTP/1.1" 200 7266
186.103.159.46 - - [26/Feb/2018:13:05:15 -0300] "GET /cormun/servlet/hlogin HTTP/1.1" 200 1725
200.54.247.70 - - [26/Feb/2018:13:05:19 -0300] "POST /cormun/servlet/trsolicitudot?d7ae9788feb70ad0b4d4d0a8818d951d,,gx-no-cache=1519661068125 HTTP/1.1" 200 4202
200.54.247.70 - - [26/Feb/2018:13:05:21 -0300] "POST /cormun/servlet/trsolicitudot?d7ae9788feb70ad0b4d4d0a8818d951d,,gx-no-cache=1519661070543 HTTP/1.1" 200 4201
186.103.159.46 - - [26/Feb/2018:13:05:25 -0300] "POST /cormun/servlet/hlogin?dd586607ae9b3161d5c4f72727d733af,gx-no-cache=1519661078189 HTTP/1.1" 200 442
200.54.247.70 - - [26/Feb/2018:13:05:31 -0300] "POST /cormun/servlet/trsolicitudot?d7ae9788feb70ad0b4d4d0a8818d951d,,gx-no-cache=1519661080574 HTTP/1.1" 200 4206
