192.168.10.60 - - [29/Jan/2018:11:38:45 -0300] "GET /cormun/servlet/solicitudgral?7ea675950233e09daf5e5b84c12fbf9dcab855617437784ad37f286b70544159daf21c13a93a88b2a2a6d38102ae35517eea1ac92f4a6e05d285f3f5655b2b7b2cf626ef1891d0e1c102aeb4d105bfa88b482bd75a6ba00bee9a646ed6528b18a8978745fb9db2e35453f4abf2d613ffa134d542c942bf139feee79c4c214f4727e05e3109f9e1fb6c76137ee2357927090863257d387519e6436cfdb96b8cb0072d55d314f1f165801e87b0f70467ba7da646e152d1653507de9e79bda85f745856ece52bb2ff7c8190ae0ee86775b145784014aeed0dab626c2f0502bab1e2f9399cdd820580f6cca9c3cc08bd7796ff4fe3445a59a4b4aa9dd2fb642925db4f3f0959d0ff8a8b622555e46f5a448aed101d0224c435dbb23e01a2d4a4dc5a208db6f65930cd04e7a3d65c6f581a699d5d9750fdf313d10591e777a6d4902441b2662a334332dd5fb5fa5a7c6e096601ac376b2cdb26feff071129ac01b44df391602861599258ca98bb331f13ed8c192464a3aea8a395055b3f4d5b117a3f35c71cb85b6bb9eb4509ce557a8446544c758cd838e27295746a4f9a89cbee57bf1e14238d56005dda9cc64d9fff6c1d,gx-no-cache=1517236578083 HTTP/1.1" 200 48
192.168.10.60 - - [29/Jan/2018:11:38:50 -0300] "POST /cormun/servlet/solicitudgral?6434a3c6afb3c438d26fc575271d6e1a,UPD,2018,8722,,gx-no-cache=1517236583291 HTTP/1.1" 200 93
192.168.10.60 - - [29/Jan/2018:11:38:50 -0300] "GET /cormun/servlet/hpexe_return? HTTP/1.1" 200 1011
192.168.10.60 - - [29/Jan/2018:11:38:51 -0300] "GET /cormun/servlet/trsolicitudgral HTTP/1.1" 200 26575
192.168.10.60 - - [29/Jan/2018:11:38:51 -0300] "GET /cormun/servlet/trsolicitudgral HTTP/1.1" 200 26570
192.168.10.60 - - [29/Jan/2018:11:38:58 -0300] "GET /cormun/servlet/solicitudgral?UPD,2018,8720, HTTP/1.1" 200 12739
192.168.10.60 - - [29/Jan/2018:11:38:59 -0300] "GET /cormun/servlet/solicitudgral?UPD,2018,8720, HTTP/1.1" 200 12748
192.168.10.60 - - [29/Jan/2018:11:38:59 -0300] "POST /cormun/servlet/solicitudgral?gx-no-cache=1517236592617 HTTP/1.1" 200 3915
192.168.10.60 - - [29/Jan/2018:11:38:59 -0300] "GET /cormun/servlet/solicitudgral?7ea675950233e09daf5e5b84c12fbf9d20537b25e9ef8b007e0d05fc6ce1a1b13ec4e4ceb55426f9b16a69307cf1ad7dec8a027c737e5d44e1c06ae8d06acbff46d87a4f14415a0409ecfb692a60dbb57271bd843a18e69437af280da925a841494a6d81d4f19fe377d1dd55752532a3694d0aba3a95fc0d11860d27b1d5624d3f000193422dcf616d2143f8a118bfddf64c0fb7b978f7e76c7a4f611bfbb8c88305ddc8aa1be562731303c3db13a32f5d8ae173e62a93b462e25bdd86cb77a2e1609e39c4088d0934667a16c0843b93a2aa7f69b868f75fb0b7ab89ce65d799e4e8e82242fcdf1d4df7a1a0291dc758d4a066a462d7b4c8a53273b1b7d19001bc54559e2fa500df78e8d1ef8ad07586b5542bccac0e5ac3a55915090daf1d247c8d4ba57e6177199e612103c7715810e1f00d49bc5f1a19c192d6880db8b7d335d6a1544bff28ce9d56f84d0dcddd12,gx-no-cache=1517236592848 HTTP/1.1" 200 256
192.168.10.60 - - [29/Jan/2018:11:39:01 -0300] "GET /cormun/servlet/solicitudgral?7ea675950233e09daf5e5b84c12fbf9dcab855617437784ad37f286b70544159daf21c13a93a88b2a2a6d38102ae35517eea1ac92f4a6e05d285f3f5655b2b7b2cf626ef1891d0e1c102aeb4d105bfa88b482bd75a6ba00bee9a646ed6528b18a8978745fb9db2e35453f4abf2d613ffa134d542c942bf139feee79c4c214f4727e05e3109f9e1fb6c76137ee2357927090863257d387519e6436cfdb96b8cb0072d55d314f1f165801e87b0f70467ba7da646e152d1653507de9e79bda85f745856ece52bb2ff7c8190ae0ee86775b145784014aeed0dab626c2f0502bab1e2f9399cdd820580f6cca9c3cc08bd7796ff4fe3445a59a4b4aa9dd2fb642925db4f3f0959d0ff8a8b622555e46f5a448aed101d0224c435dbb23e01a2d4a4dc5a208db6f65930cd04e7a3d65c6f581a699d5d9750fdf313d10591e777a6d4902441b2662a334332dd5fb5fa5a7c6e096601ac376b2cdb26feff071129ac01b44df391602861599258ca98bb331f13ed8c192464a3aea8a395055b3f4d5b117a3f35c71cb85b6bb9eb4509ce557a8446544c758cd838e27295746a4f9a89cbee57bf1e14238d56005dda9cc64d9fff6c1d,gx-no-cache=1517236593968 HTTP/1.1" 200 48
200.112.233.47 - - [29/Jan/2018:11:39:02 -0300] "GET /cormun/servlet/hlogin HTTP/1.1" 200 1720
192.168.10.60 - - [29/Jan/2018:11:39:10 -0300] "POST /cormun/servlet/solicitudgral?6434a3c6afb3c438d26fc575271d6e1a,UPD,2018,8720,,gx-no-cache=1517236603741 HTTP/1.1" 200 11767
192.168.10.60 - - [29/Jan/2018:11:39:10 -0300] "GET /cormun/servlet/solicitudgral?7ea675950233e09daf5e5b84c12fbf9df1dfcdae10769891e2aa24e76a06123902ce971e5d6cf29217215f5bdb8edf547d64a9e2cf56bbbe14ac41e4c43854c26a9afdefff48841c98c207db5b2a35e4eda3183da367503dc3808e670fd523b41d477d678a37802aea7d143c4bace574,gx-no-cache=1517236603916 HTTP/1.1" 200 29
192.168.10.60 - - [29/Jan/2018:11:39:11 -0300] "POST /cormun/servlet/solicitudgral?gx-no-cache=1517236603944 HTTP/1.1" 200 1299
192.168.10.60 - - [29/Jan/2018:11:39:11 -0300] "POST /cormun/servlet/solicitudgral?gx-no-cache=1517236603989 HTTP/1.1" 200 1220
200.112.233.47 - - [29/Jan/2018:11:39:16 -0300] "POST /cormun/servlet/hlogin?8754690016d44a82e61e535fbb3cd572,gx-no-cache=1517236713392 HTTP/1.1" 200 90
200.112.233.47 - - [29/Jan/2018:11:39:16 -0300] "GET /cormun/servlet/hpexe_link HTTP/1.1" 200 948
200.112.233.47 - - [29/Jan/2018:11:39:16 -0300] "GET /cormun/static/gxcfg.js?20177612121792 HTTP/1.1" 200 953
200.112.233.47 - - [29/Jan/2018:11:39:16 -0300] "GET /cormun/servlet/hhome HTTP/1.1" 200 4094
200.112.233.47 - - [29/Jan/2018:11:39:16 -0300] "GET /cormun/static/gxcfg.js?20175251212442 HTTP/1.1" 200 953
200.112.233.47 - - [29/Jan/2018:11:39:17 -0300] "GET /cormun/servlet/hhome HTTP/1.1" 200 4090
200.112.233.47 - - [29/Jan/2018:11:39:17 -0300] "GET /cormun/static/SmoothNavMenu/resources/images/right.gif HTTP/1.1" 200 860
200.112.233.47 - - [29/Jan/2018:11:39:23 -0300] "GET /cormun/servlet/trsolicitudot? HTTP/1.1" 200 13122
200.112.233.47 - - [29/Jan/2018:11:39:23 -0300] "GET /cormun/static/gxcfg.js?2017111422585916 HTTP/1.1" 200 953
200.112.233.47 - - [29/Jan/2018:11:39:23 -0300] "GET /cormun/static/calendar.js?85251 HTTP/1.1" 304 -
200.112.233.47 - - [29/Jan/2018:11:39:23 -0300] "GET /cormun/static/calendar-setup.js?85251 HTTP/1.1" 304 -
200.112.233.47 - - [29/Jan/2018:11:39:23 -0300] "GET /cormun/static/calendar-es.js?85251 HTTP/1.1" 304 -
200.112.233.47 - - [29/Jan/2018:11:39:23 -0300] "GET /cormun/static/gxdec.js?85251 HTTP/1.1" 304 -
200.112.233.47 - - [29/Jan/2018:11:39:23 -0300] "GET /cormun/static/trsolicitudot.js?201711142259839 HTTP/1.1" 304 -
200.112.233.47 - - [29/Jan/2018:11:39:24 -0300] "GET /cormun/servlet/trsolicitudot? HTTP/1.1" 200 13120
192.168.10.60 - - [29/Jan/2018:11:39:26 -0300] "POST /cormun/servlet/solicitudgral?6434a3c6afb3c438d26fc575271d6e1a,UPD,2018,8720,,gx-no-cache=1517236619456 HTTP/1.1" 200 93
192.168.10.60 - - [29/Jan/2018:11:39:26 -0300] "GET /cormun/servlet/hpexe_return? HTTP/1.1" 200 1011
192.168.10.60 - - [29/Jan/2018:11:39:27 -0300] "GET /cormun/servlet/trsolicitudgral HTTP/1.1" 200 26566
192.168.10.60 - - [29/Jan/2018:11:39:28 -0300] "GET /cormun/servlet/trsolicitudgral HTTP/1.1" 200 26561
200.112.233.47 - - [29/Jan/2018:11:39:35 -0300] "POST /cormun/servlet/trsolicitudot?8754690016d44a82e61e535fbb3cd572,,gx-no-cache=1517236732212 HTTP/1.1" 200 106
200.112.233.47 - - [29/Jan/2018:11:39:35 -0300] "GET /cormun/servlet/trsolicitudadjuntos?2018,9481, HTTP/1.1" 200 6189
200.112.233.47 - - [29/Jan/2018:11:39:35 -0300] "GET /cormun/static/gxcfg.js?20177612135366 HTTP/1.1" 200 953
200.112.233.47 - - [29/Jan/2018:11:39:36 -0300] "GET /cormun/servlet/trsolicitudadjuntos?2018,9481, HTTP/1.1" 200 6189
200.112.233.47 - - [29/Jan/2018:11:39:42 -0300] "GET /cormun/servlet/trsolicitudot? HTTP/1.1" 200 13122
200.112.233.47 - - [29/Jan/2018:11:39:43 -0300] "GET /cormun/servlet/trsolicitudot? HTTP/1.1" 200 13120
200.112.233.47 - - [29/Jan/2018:11:39:47 -0300] "POST /cormun/servlet/trsolicitudot?8754690016d44a82e61e535fbb3cd572,,gx-no-cache=1517236744557 HTTP/1.1" 200 105
200.112.233.47 - - [29/Jan/2018:11:39:47 -0300] "GET /cormun/servlet/solicitudot?UPD,2018,9481, HTTP/1.1" 200 15346
200.112.233.47 - - [29/Jan/2018:11:39:47 -0300] "GET /cormun/static/gxcfg.js?201812313224582 HTTP/1.1" 200 953
200.112.233.47 - - [29/Jan/2018:11:39:48 -0300] "GET /cormun/static/solicitudot.js?201812313224831 HTTP/1.1" 200 72336
200.112.233.47 - - [29/Jan/2018:11:39:48 -0300] "GET /cormun/servlet/solicitudot?UPD,2018,9481, HTTP/1.1" 200 15355
192.168.10.60 - - [29/Jan/2018:11:39:48 -0300] "POST /cormun/servlet/trsolicitudgral?6434a3c6afb3c438d26fc575271d6e1a,gx-no-cache=1517236641435 HTTP/1.1" 200 115
192.168.10.60 - - [29/Jan/2018:11:39:48 -0300] "GET /cormun/servlet/solicitudotlog?INS,2018,8719,0,REC, HTTP/1.1" 200 6243
200.112.233.47 - - [29/Jan/2018:11:39:48 -0300] "POST /cormun/servlet/solicitudot?gx-no-cache=1517236745943 HTTP/1.1" 200 3431
200.112.233.47 - - [29/Jan/2018:11:39:49 -0300] "POST /cormun/servlet/solicitudot?8754690016d44a82e61e535fbb3cd572,UPD,2018,9481,,gx-no-cache=1517236746135 HTTP/1.1" 200 11743
192.168.10.60 - - [29/Jan/2018:11:39:49 -0300] "GET /cormun/servlet/solicitudotlog?INS,2018,8719,0,REC, HTTP/1.1" 200 6243
200.112.233.47 - - [29/Jan/2018:11:39:49 -0300] "GET /cormun/servlet/solicitudot?9a11aad545066b0db34d9bd118db375ac381698980b8041af3bad5f87322030d4b8bd9645a2239da0c2167ac7d6e7bee,gx-no-cache=1517236746350 HTTP/1.1" 200 30
200.112.233.47 - - [29/Jan/2018:11:39:49 -0300] "GET /cormun/servlet/solicitudot?9a11aad545066b0db34d9bd118db375a9c401b6ee2b17960d3ef55155d389f3540fae56580538866722e375c6632a5bbe6917fb9d1eaa3d085875fd5bf87b1ff,gx-no-cache=1517236746396 HTTP/1.1" 200 30
200.112.233.47 - - [29/Jan/2018:11:39:49 -0300] "GET /cormun/servlet/solicitudot?9a11aad545066b0db34d9bd118db375a17e8aae488714f20007e82942fa702cf53099885aa992e674bfd7db31a3b79110087dea6bb3a75119fe733899ae099c6,gx-no-cache=1517236746440 HTTP/1.1" 200 51
200.112.233.47 - - [29/Jan/2018:11:39:49 -0300] "POST /cormun/servlet/solicitudot?gx-no-cache=1517236746474 HTTP/1.1" 200 255
200.112.233.47 - - [29/Jan/2018:11:39:49 -0300] "GET /cormun/servlet/solicitudot?9a11aad545066b0db34d9bd118db375a612a4c8b98214b9a498f2088d6853ac8c1503d02c38ab1cd3a52f09d1db60483934ba0d0958d1411ea0972b52497241fc0a88697958d4b37a08e2dc012c4a073f0f584aa1d473745f65d470121966019cf40160f403298fe4e6d3f747616cb5704bb213ff59b0b0e2bc48b2054b4552f370ef4deb03f9caa0aed73e710b7cfcb050f467857916a0e0736bc3ec29dd546ab0125bac6536dd599a2b7c156e76a0ea5a7a66657e6fb6e0e71a9c66428f0c31d34ba0e23e6088b0081d199105c8f334e2ec3d87237ad858dbf2b0cd127dc8ba42eef68c5929ca025df18ad19d2ab3e760c4f27276e512611e460e7879a2cd6f1e1d5d42ec3dcc35b8bef543578dce2a052d0a2a7b64ec5dc9afb7e01e5cb09e57ff85b7197ae850abc2caff6fb55b3956404ed4fb0d4bed5ad597c8916ce5305bb8c7c07ab8c033967affa98d30b2c4d65b05ca9cd22d40668fc7b36a53892fa0dd8aeb10d77c4e0708b3eb7f49696e12751ffd1814e214653ba31118d5d51,gx-no-cache=1517236746511 HTTP/1.1" 200 30
200.112.233.47 - - [29/Jan/2018:11:39:49 -0300] "POST /cormun/servlet/solicitudot?gx-no-cache=1517236746544 HTTP/1.1" 200 30
200.112.233.47 - - [29/Jan/2018:11:39:49 -0300] "POST /cormun/servlet/solicitudot?gx-no-cache=1517236746580 HTTP/1.1" 200 1339
200.112.233.47 - - [29/Jan/2018:11:39:49 -0300] "POST /cormun/servlet/solicitudot?gx-no-cache=1517236746645 HTTP/1.1" 200 41
192.168.10.60 - - [29/Jan/2018:11:39:49 -0300] "GET /cormun/servlet/solicitudotlog?7ea675950233e09daf5e5b84c12fbf9d4b744e15ec35b4cf2dfb839373bc58b5d4a066a462d7b4c8a53273b1b7d190016cd3a7b89feca48916e86cec0e7028f0adcf5f8265f6565aaa62b2ba2ba86296cadb1513d111fc91a53a8e648a7cff9fcd187a28c7e1f10496e833acab414557d2a3a42ac225e6e0b3a6cf8cb484bea2e56f25d6338ffc39d71bbc4ca492cbffc6fb01425db756e3134cd6df85bdb075,gx-no-cache=1517236642516 HTTP/1.1" 200 94
200.112.233.47 - - [29/Jan/2018:11:40:07 -0300] "POST /cormun/servlet/solicitudot?8754690016d44a82e61e535fbb3cd572,UPD,2018,9481,,gx-no-cache=1517236763793 HTTP/1.1" 200 93
200.112.233.47 - - [29/Jan/2018:11:40:07 -0300] "GET /cormun/servlet/hpexe_return? HTTP/1.1" 200 1009
200.112.233.47 - - [29/Jan/2018:11:40:07 -0300] "GET /cormun/static/gxcfg.js?2016101716175148 HTTP/1.1" 200 953
200.112.233.47 - - [29/Jan/2018:11:40:07 -0300] "GET /cormun/servlet/trsolicitudot HTTP/1.1" 200 13124
200.112.233.47 - - [29/Jan/2018:11:40:07 -0300] "GET /cormun/servlet/trsolicitudot HTTP/1.1" 200 13120
192.168.10.60 - - [29/Jan/2018:11:40:46 -0300] "POST /cormun/servlet/solicitudotlog?6434a3c6afb3c438d26fc575271d6e1a,INS,2018,8719,0,REC,,gx-no-cache=1517236699127 HTTP/1.1" 200 93
192.168.10.60 - - [29/Jan/2018:11:40:46 -0300] "GET /cormun/servlet/hpexe_return? HTTP/1.1" 200 1020
192.168.10.60 - - [29/Jan/2018:11:40:46 -0300] "GET /cormun/servlet/trsolicitudgral HTTP/1.1" 200 26501
192.168.10.60 - - [29/Jan/2018:11:40:47 -0300] "GET /cormun/servlet/trsolicitudgral HTTP/1.1" 200 26496
200.112.233.47 - - [29/Jan/2018:11:41:00 -0300] "POST /cormun/servlet/trsolicitudot?8754690016d44a82e61e535fbb3cd572,gx-no-cache=1517236817038 HTTP/1.1" 200 105
200.112.233.47 - - [29/Jan/2018:11:41:00 -0300] "GET /cormun/servlet/solicitudot?UPD,2018,9481, HTTP/1.1" 200 15346
200.112.233.47 - - [29/Jan/2018:11:41:00 -0300] "GET /cormun/servlet/solicitudot?UPD,2018,9481, HTTP/1.1" 200 15355
200.112.233.47 - - [29/Jan/2018:11:41:01 -0300] "POST /cormun/servlet/solicitudot?gx-no-cache=1517236818451 HTTP/1.1" 200 3431
200.112.233.47 - - [29/Jan/2018:11:41:01 -0300] "POST /cormun/servlet/solicitudot?8754690016d44a82e61e535fbb3cd572,UPD,2018,9481,,gx-no-cache=1517236818654 HTTP/1.1" 200 11742
200.112.233.47 - - [29/Jan/2018:11:41:01 -0300] "GET /cormun/servlet/solicitudot?9a11aad545066b0db34d9bd118db375ac381698980b8041af3bad5f87322030d4b8bd9645a2239da0c2167ac7d6e7bee,gx-no-cache=1517236818842 HTTP/1.1" 200 30
200.112.233.47 - - [29/Jan/2018:11:41:01 -0300] "GET /cormun/servlet/solicitudot?9a11aad545066b0db34d9bd118db375a9c401b6ee2b17960d3ef55155d389f3540fae56580538866722e375c6632a5bbe6917fb9d1eaa3d085875fd5bf87b1ff,gx-no-cache=1517236818881 HTTP/1.1" 200 30
200.112.233.47 - - [29/Jan/2018:11:41:01 -0300] "GET /cormun/servlet/solicitudot?9a11aad545066b0db34d9bd118db375a17e8aae488714f20007e82942fa702cf53099885aa992e674bfd7db31a3b79110087dea6bb3a75119fe733899ae099c6,gx-no-cache=1517236818914 HTTP/1.1" 200 51
200.112.233.47 - - [29/Jan/2018:11:41:01 -0300] "POST /cormun/servlet/solicitudot?gx-no-cache=1517236818948 HTTP/1.1" 200 255
200.112.233.47 - - [29/Jan/2018:11:41:01 -0300] "GET /cormun/servlet/solicitudot?9a11aad545066b0db34d9bd118db375a612a4c8b98214b9a498f2088d6853ac8c1503d02c38ab1cd3a52f09d1db60483934ba0d0958d1411ea0972b52497241fc0a88697958d4b37a08e2dc012c4a073f0f584aa1d473745f65d470121966019cf40160f403298fe4e6d3f747616cb5704bb213ff59b0b0e2bc48b2054b4552f370ef4deb03f9caa0aed73e710b7cfcb050f467857916a0e0736bc3ec29dd546ab0125bac6536dd599a2b7c156e76a0ea5a7a66657e6fb6e0e71a9c66428f0c31d34ba0e23e6088b0081d199105c8f334e2ec3d87237ad858dbf2b0cd127dc8ba42eef68c5929ca025df18ad19d2ab3e760c4f27276e512611e460e7879a2cd6f1e1d5d42ec3dcc35b8bef543578dce2a052d0a2a7b64ec5dc9afb7e01e5cb09e57ff85b7197ae850abc2caff6fb55b3956404ed4fb0d4bed5ad597c8916ce5305bb8c7c07ab8c033967affa98d30b2c4d65b05ca9cd22d40668fc7b36a53892fa0dd8aeb10d77c4e0708b3eb7f49696e12751ffd1814e214653ba31118d5d51,gx-no-cache=1517236818987 HTTP/1.1" 200 30
200.112.233.47 - - [29/Jan/2018:11:41:01 -0300] "POST /cormun/servlet/solicitudot?gx-no-cache=1517236819019 HTTP/1.1" 200 30
200.112.233.47 - - [29/Jan/2018:11:41:01 -0300] "POST /cormun/servlet/solicitudot?gx-no-cache=1517236819078 HTTP/1.1" 200 1339
200.112.233.47 - - [29/Jan/2018:11:41:01 -0300] "POST /cormun/servlet/solicitudot?gx-no-cache=1517236819128 HTTP/1.1" 200 41
186.103.159.189 - - [29/Jan/2018:11:41:05 -0300] "GET /cormun/servlet/hlogin HTTP/1.1" 200 1720
186.103.159.189 - - [29/Jan/2018:11:41:06 -0300] "GET /cormun/static/gxtimezone.js?85251 HTTP/1.1" 200 5781
186.103.159.189 - - [29/Jan/2018:11:41:06 -0300] "GET /cormun/static/gxcfg.js?20175251213516 HTTP/1.1" 200 953
186.103.159.189 - - [29/Jan/2018:11:41:06 -0300] "GET /cormun/static/Resources/Spanish/PXTools.css?11423723 HTTP/1.1" 200 89042
186.103.159.189 - - [29/Jan/2018:11:41:06 -0300] "GET /cormun/static/messages.spa.js?85251 HTTP/1.1" 200 30736
186.103.159.189 - - [29/Jan/2018:11:41:06 -0300] "GET /cormun/static/hlogin.js?20175251213537 HTTP/1.1" 200 2136
186.103.159.189 - - [29/Jan/2018:11:41:06 -0300] "GET /cormun/static/Resources/ComunLogin.png HTTP/1.1" 200 17326
186.103.159.189 - - [29/Jan/2018:11:41:06 -0300] "GET /cormun/static/Resources/PXToolsLoginTop.png HTTP/1.1" 200 1337
186.103.159.189 - - [29/Jan/2018:11:41:06 -0300] "GET /cormun/static/Resources/PXToolsLoginBackground.png HTTP/1.1" 200 1164
186.103.159.189 - - [29/Jan/2018:11:41:06 -0300] "GET /cormun/static/Resources/PXToolsLoginBottom.png HTTP/1.1" 200 1389
186.103.159.189 - - [29/Jan/2018:11:41:06 -0300] "GET /cormun/static/Resources/indicator.gif HTTP/1.1" 200 1553
186.103.159.189 - - [29/Jan/2018:11:41:06 -0300] "GET /cormun/servlet/hlogin HTTP/1.1" 200 1731
186.103.159.189 - - [29/Jan/2018:11:41:06 -0300] "GET /favicon.ico HTTP/1.1" 200 21630
200.112.233.47 - - [29/Jan/2018:11:41:13 -0300] "GET /cormun/servlet/solicitudot?9a11aad545066b0db34d9bd118db375ac2234939a2841f6e809772ac716a3e9780aae939eef23bb8ab8cb2570bfb61d5c2d0fc456956b64bbfdb15f9414492c0346da8487654c125a1034bf64a3c1d5bc00232d32e0434d47a05fe354d9acc0209ee8fa25f1f5cbcf7e0ff3debbb9de3696a35a76ab11d092c49101da796f3657b5dfc8deb06ca51dc5bb490fe5a5d523f4f3700d76bde5147647c725319e98c,gx-no-cache=1517236830396 HTTP/1.1" 200 29
200.112.233.47 - - [29/Jan/2018:11:41:13 -0300] "POST /cormun/servlet/solicitudot?gx-no-cache=1517236830423 HTTP/1.1" 200 1322
200.112.233.47 - - [29/Jan/2018:11:41:13 -0300] "POST /cormun/servlet/solicitudot?gx-no-cache=1517236830464 HTTP/1.1" 200 1221
192.168.10.60 - - [29/Jan/2018:11:41:26 -0300] "GET /cormun/servlet/solicitudgral2?UPD,2018,8723, HTTP/1.1" 200 12885
192.168.10.60 - - [29/Jan/2018:11:41:26 -0300] "GET /cormun/servlet/solicitudgral2?UPD,2018,8723, HTTP/1.1" 200 12896
192.168.10.60 - - [29/Jan/2018:11:41:27 -0300] "POST /cormun/servlet/solicitudgral2?gx-no-cache=1517236739932 HTTP/1.1" 200 3905
192.168.10.60 - - [29/Jan/2018:11:41:27 -0300] "GET /cormun/servlet/solicitudgral2?7ea675950233e09daf5e5b84c12fbf9d20537b25e9ef8b007e0d05fc6ce1a1b16f19153b6c191425ec83f13ca3e07fc8ec8a027c737e5d44e1c06ae8d06acbff46d87a4f14415a0409ecfb692a60dbb57271bd843a18e69437af280da925a841494a6d81d4f19fe377d1dd55752532a3694d0aba3a95fc0d11860d27b1d5624d3f000193422dcf616d2143f8a118bfddf64c0fb7b978f7e76c7a4f611bfbb8c88305ddc8aa1be562731303c3db13a32f5d8ae173e62a93b462e25bdd86cb77a2e1609e39c4088d0934667a16c0843b93a2aa7f69b868f75fb0b7ab89ce65d799e4e8e82242fcdf1d4df7a1a0291dc758d4a066a462d7b4c8a53273b1b7d19001bc54559e2fa500df78e8d1ef8ad07586b5542bccac0e5ac3a55915090daf1d247c8d4ba57e6177199e612103c7715810e1f00d49bc5f1a19c192d6880db8b7d335d6a1544bff28ce9d56f84d0dcddd12,gx-no-cache=1517236740080 HTTP/1.1" 200 297
192.168.10.60 - - [29/Jan/2018:11:41:27 -0300] "POST /cormun/servlet/solicitudgral2?gx-no-cache=1517236740107 HTTP/1.1" 200 1400
192.168.10.60 - - [29/Jan/2018:11:41:27 -0300] "GET /cormun/servlet/solicitudgral2?7ea675950233e09daf5e5b84c12fbf9d11b37abe7b9c115c5a3d09c8fa3b8ab00dab93b9c7a479f2579d7b89a8e6355a2db3167321d62a71bf83ad9ec243d8ec9758c8d2125171ab1a5be5ec6c52a12273a451b92e0170a8bbff9023f1589aefae5708a1da5fe7e0666306a82db559cc,gx-no-cache=1517236740164 HTTP/1.1" 200 41
186.103.159.189 - - [29/Jan/2018:11:41:32 -0300] "POST /cormun/servlet/hlogin?7d6abc1e5ee8e1a0912495eb0a4ddf1b,gx-no-cache=1517236850752 HTTP/1.1" 200 90
186.103.159.189 - - [29/Jan/2018:11:41:32 -0300] "GET /cormun/servlet/hpexe_link HTTP/1.1" 200 954
186.103.159.189 - - [29/Jan/2018:11:41:32 -0300] "GET /cormun/static/gxcfg.js?20177612121792 HTTP/1.1" 200 953
186.103.159.189 - - [29/Jan/2018:11:41:32 -0300] "GET /cormun/static/Resources/Spanish/PXTools.css?1155365 HTTP/1.1" 304 -
186.103.159.189 - - [29/Jan/2018:11:41:32 -0300] "GET /cormun/static/hpexe_link.js?20177612121795 HTTP/1.1" 304 -
186.103.159.189 - - [29/Jan/2018:11:41:33 -0300] "GET /cormun/servlet/hhome HTTP/1.1" 200 4183
186.103.159.189 - - [29/Jan/2018:11:41:33 -0300] "GET /cormun/static/PXToolsJavascripts/pexe_griddivfix.js HTTP/1.1" 200 6644
186.103.159.189 - - [29/Jan/2018:11:41:33 -0300] "GET /cormun/static/gxcfg.js?20175251212442 HTTP/1.1" 200 953
186.103.159.189 - - [29/Jan/2018:11:41:33 -0300] "GET /cormun/static/PXToolsJavascripts/pexe_windows.js HTTP/1.1" 200 15207
186.103.159.189 - - [29/Jan/2018:11:41:33 -0300] "GET /cormun/static/PXToolsJavascripts/pexe_link.js HTTP/1.1" 200 5671
186.103.159.189 - - [29/Jan/2018:11:41:33 -0300] "GET /cormun/static/Shared/jqueryui/jquery-ui.min.css?1245370 HTTP/1.1" 200 30288
186.103.159.189 - - [29/Jan/2018:11:41:33 -0300] "GET /cormun/static/PXToolsJavascripts/pexe_layers.js HTTP/1.1" 200 4114
186.103.159.189 - - [29/Jan/2018:11:41:33 -0300] "GET /cormun/static/PXToolsJavascripts/pexe_popup.js HTTP/1.1" 200 13458
186.103.159.189 - - [29/Jan/2018:11:41:33 -0300] "GET /cormun/static/PXToolsJavascripts/pexe_tabdivfix.js HTTP/1.1" 200 876
186.103.159.189 - - [29/Jan/2018:11:41:33 -0300] "GET /cormun/static/PXToolsJavascripts/pexe_tabs.js HTTP/1.1" 200 3748
186.103.159.189 - - [29/Jan/2018:11:41:33 -0300] "GET /cormun/static/hwchdr01.js?201752511465785 HTTP/1.1" 304 -
186.103.159.189 - - [29/Jan/2018:11:41:33 -0300] "GET /cormun/static/hpexe_recentlink.js?20177611595044 HTTP/1.1" 304 -
186.103.159.189 - - [29/Jan/2018:11:41:33 -0300] "GET /cormun/static/hhome.js?20175251212450 HTTP/1.1" 304 -
186.103.159.189 - - [29/Jan/2018:11:41:33 -0300] "GET /cormun/static/hpexe_scripts.js?201752511465715 HTTP/1.1" 304 -
186.103.159.189 - - [29/Jan/2018:11:41:33 -0300] "GET /cormun/static/hpexe_messagecontroller.js?20177611595012 HTTP/1.1" 304 -
186.103.159.189 - - [29/Jan/2018:11:41:33 -0300] "GET /cormun/static/hpexe_messagepopupcomponent.js?20161017169425 HTTP/1.1" 304 -
186.103.159.189 - - [29/Jan/2018:11:41:33 -0300] "GET /cormun/static/cmcontrolpreferences.js?201752511465670 HTTP/1.1" 304 -
186.103.159.189 - - [29/Jan/2018:11:41:33 -0300] "GET /cormun/static/hpexe_messagegenexuscomponent.js?201752511465344 HTTP/1.1" 304 -
186.103.159.189 - - [29/Jan/2018:11:41:33 -0300] "GET /cormun/static/Resources/PXToolsHeaderPreferences.png HTTP/1.1" 200 4189
186.103.159.189 - - [29/Jan/2018:11:41:33 -0300] "GET /cormun/static/Resources/PXToolsDataTitle.png HTTP/1.1" 200 1173
186.103.159.189 - - [29/Jan/2018:11:41:33 -0300] "GET /cormun/static/Resources/PXToolsHeaderLogin.png HTTP/1.1" 200 4279
186.103.159.189 - - [29/Jan/2018:11:41:33 -0300] "GET /cormun/static/Resources/PXToolsHeaderSecurity.png HTTP/1.1" 200 4166
186.103.159.189 - - [29/Jan/2018:11:41:33 -0300] "GET /cormun/static/Resources/PXToolsHeaderHome.png HTTP/1.1" 200 4147
186.103.159.189 - - [29/Jan/2018:11:41:33 -0300] "GET /cormun/static/Resources/PXToolsHeaderActionsLeft.png HTTP/1.1" 200 1118
186.103.159.189 - - [29/Jan/2018:11:41:33 -0300] "GET /cormun/static/Resources/PXToolsHeaderActionsRight.png HTTP/1.1" 200 1201
186.103.159.189 - - [29/Jan/2018:11:41:33 -0300] "GET /cormun/static/Resources/PXToolsHeaderActionsBackground.png HTTP/1.1" 200 484
186.103.159.189 - - [29/Jan/2018:11:41:33 -0300] "GET /cormun/static/hmpwkw03.js?20177612122668 HTTP/1.1" 304 -
186.103.159.189 - - [29/Jan/2018:11:41:33 -0300] "GET /cormun/static/scaMessage/scaMessageRender.js HTTP/1.1" 200 11977
186.103.159.189 - - [29/Jan/2018:11:41:34 -0300] "GET /cormun/servlet/hhome HTTP/1.1" 200 4179
186.103.159.189 - - [29/Jan/2018:11:41:34 -0300] "GET /cormun/static/SmoothNavMenu/resources/images/right.gif HTTP/1.1" 200 860
192.168.10.60 - - [29/Jan/2018:11:41:38 -0300] "GET /cormun/servlet/trsolicitudgral HTTP/1.1" 200 26501
192.168.10.60 - - [29/Jan/2018:11:41:39 -0300] "GET /cormun/servlet/trsolicitudgral HTTP/1.1" 200 26496
186.103.159.189 - - [29/Jan/2018:11:41:42 -0300] "GET /cormun/servlet/trcontratosolicitud? HTTP/1.1" 200 14828
186.103.159.189 - - [29/Jan/2018:11:41:42 -0300] "GET /cormun/static/gxcfg.js?20177612214014 HTTP/1.1" 200 953
186.103.159.189 - - [29/Jan/2018:11:41:42 -0300] "GET /cormun/static/calendar.js?85251 HTTP/1.1" 304 -
186.103.159.189 - - [29/Jan/2018:11:41:42 -0300] "GET /cormun/static/calendar-es.js?85251 HTTP/1.1" 304 -
186.103.159.189 - - [29/Jan/2018:11:41:42 -0300] "GET /cormun/static/calendar-setup.js?85251 HTTP/1.1" 304 -
186.103.159.189 - - [29/Jan/2018:11:41:42 -0300] "GET /cormun/static/gxdec.js?85251 HTTP/1.1" 304 -
186.103.159.189 - - [29/Jan/2018:11:41:42 -0300] "GET /cormun/static/trcontratosolicitud.js?20177612214349 HTTP/1.1" 200 28237
186.103.159.189 - - [29/Jan/2018:11:41:42 -0300] "GET /cormun/static/Resources/PXToolsDataSearch.png HTTP/1.1" 200 419
186.103.159.189 - - [29/Jan/2018:11:41:42 -0300] "GET /cormun/static/Resources/PXToolsGridPage.gif HTTP/1.1" 200 725
186.103.159.189 - - [29/Jan/2018:11:41:43 -0300] "GET /cormun/servlet/trcontratosolicitud? HTTP/1.1" 200 14813
186.103.159.189 - - [29/Jan/2018:11:41:43 -0300] "GET /cormun/static/Resources/asc.gif HTTP/1.1" 200 67
186.103.159.189 - - [29/Jan/2018:11:41:43 -0300] "GET /cormun//static/Resources/PXToolsGridNew.png HTTP/1.1" 200 2949
186.103.159.189 - - [29/Jan/2018:11:41:43 -0300] "GET /cormun/static/Resources/desc.gif HTTP/1.1" 200 65
186.103.159.189 - - [29/Jan/2018:11:41:43 -0300] "GET /cormun//static/Resources/PXToolsActionDisabled.gif HTTP/1.1" 200 53
192.168.10.60 - - [29/Jan/2018:11:42:09 -0300] "POST /cormun/servlet/trsolicitudgral?6434a3c6afb3c438d26fc575271d6e1a,gx-no-cache=1517236782506 HTTP/1.1" 200 115
192.168.10.60 - - [29/Jan/2018:11:42:09 -0300] "GET /cormun/servlet/solicitudotlog?INS,2018,8724,0,REC, HTTP/1.1" 200 6243
192.168.10.60 - - [29/Jan/2018:11:42:10 -0300] "GET /cormun/servlet/solicitudotlog?INS,2018,8724,0,REC, HTTP/1.1" 200 6243
192.168.10.60 - - [29/Jan/2018:11:42:10 -0300] "GET /cormun/servlet/solicitudotlog?7ea675950233e09daf5e5b84c12fbf9d629004975f5ed82edeb1334ce8355936d4a066a462d7b4c8a53273b1b7d190016cd3a7b89feca48916e86cec0e7028f0adcf5f8265f6565aaa62b2ba2ba86296cadb1513d111fc91a53a8e648a7cff9fcd187a28c7e1f10496e833acab414557d2a3a42ac225e6e0b3a6cf8cb484bea2e56f25d6338ffc39d71bbc4ca492cbffc6fb01425db756e3134cd6df85bdb075,gx-no-cache=1517236783537 HTTP/1.1" 200 94
192.168.10.60 - - [29/Jan/2018:11:42:30 -0300] "POST /cormun/servlet/solicitudotlog?6434a3c6afb3c438d26fc575271d6e1a,INS,2018,8724,0,REC,,gx-no-cache=1517236802929 HTTP/1.1" 200 93
192.168.10.60 - - [29/Jan/2018:11:42:30 -0300] "GET /cormun/servlet/hpexe_return? HTTP/1.1" 200 1019
192.168.10.60 - - [29/Jan/2018:11:42:30 -0300] "GET /cormun/servlet/trsolicitudgral HTTP/1.1" 200 26517
192.168.10.60 - - [29/Jan/2018:11:42:31 -0300] "GET /cormun/servlet/trsolicitudgral HTTP/1.1" 200 26512
200.112.233.47 - - [29/Jan/2018:11:42:38 -0300] "POST /cormun/servlet/solicitudot?8754690016d44a82e61e535fbb3cd572,UPD,2018,9481,,gx-no-cache=1517236914521 HTTP/1.1" 200 93
200.112.233.47 - - [29/Jan/2018:11:42:38 -0300] "GET /cormun/servlet/hpexe_return? HTTP/1.1" 200 1009
200.112.233.47 - - [29/Jan/2018:11:42:38 -0300] "GET /cormun/servlet/trsolicitudot HTTP/1.1" 200 13124
200.112.233.47 - - [29/Jan/2018:11:42:38 -0300] "GET /cormun/servlet/trsolicitudot HTTP/1.1" 200 13120
200.112.233.47 - - [29/Jan/2018:11:42:41 -0300] "POST /cormun/servlet/trsolicitudot?8754690016d44a82e61e535fbb3cd572,gx-no-cache=1517236918390 HTTP/1.1" 200 105
200.112.233.47 - - [29/Jan/2018:11:42:41 -0300] "GET /cormun/servlet/solicitudot?UPD,2018,9481, HTTP/1.1" 200 15346
200.112.233.47 - - [29/Jan/2018:11:42:42 -0300] "GET /cormun/servlet/solicitudot?UPD,2018,9481, HTTP/1.1" 200 15355
200.112.233.47 - - [29/Jan/2018:11:42:44 -0300] "POST /cormun/servlet/solicitudot?gx-no-cache=1517236919616 HTTP/1.1" 200 3431
200.112.233.47 - - [29/Jan/2018:11:42:44 -0300] "POST /cormun/servlet/solicitudot?8754690016d44a82e61e535fbb3cd572,UPD,2018,9481,,gx-no-cache=1517236921295 HTTP/1.1" 200 11742
200.112.233.47 - - [29/Jan/2018:11:42:44 -0300] "GET /cormun/servlet/solicitudot?9a11aad545066b0db34d9bd118db375ac381698980b8041af3bad5f87322030d4b8bd9645a2239da0c2167ac7d6e7bee,gx-no-cache=1517236921885 HTTP/1.1" 200 30
200.112.233.47 - - [29/Jan/2018:11:42:45 -0300] "GET /cormun/servlet/solicitudot?9a11aad545066b0db34d9bd118db375a9c401b6ee2b17960d3ef55155d389f3540fae56580538866722e375c6632a5bbe6917fb9d1eaa3d085875fd5bf87b1ff,gx-no-cache=1517236921961 HTTP/1.1" 200 30
200.112.233.47 - - [29/Jan/2018:11:42:45 -0300] "GET /cormun/servlet/solicitudot?9a11aad545066b0db34d9bd118db375a17e8aae488714f20007e82942fa702cf53099885aa992e674bfd7db31a3b79110087dea6bb3a75119fe733899ae099c6,gx-no-cache=1517236922417 HTTP/1.1" 200 51
200.112.233.47 - - [29/Jan/2018:11:42:45 -0300] "POST /cormun/servlet/solicitudot?gx-no-cache=1517236922493 HTTP/1.1" 200 255
200.112.233.47 - - [29/Jan/2018:11:42:46 -0300] "GET /cormun/servlet/solicitudot?9a11aad545066b0db34d9bd118db375a612a4c8b98214b9a498f2088d6853ac8c1503d02c38ab1cd3a52f09d1db60483934ba0d0958d1411ea0972b52497241fc0a88697958d4b37a08e2dc012c4a073f0f584aa1d473745f65d470121966019cf40160f403298fe4e6d3f747616cb5704bb213ff59b0b0e2bc48b2054b4552f370ef4deb03f9caa0aed73e710b7cfcb050f467857916a0e0736bc3ec29dd546ab0125bac6536dd599a2b7c156e76a0ea5a7a66657e6fb6e0e71a9c66428f0c31d34ba0e23e6088b0081d199105c8f334e2ec3d87237ad858dbf2b0cd127dc8ba42eef68c5929ca025df18ad19d2ab3e760c4f27276e512611e460e7879a2cd6f1e1d5d42ec3dcc35b8bef543578dce2a052d0a2a7b64ec5dc9afb7e01e5cb09e57ff85b7197ae850abc2caff6fb55b3956404ed4fb0d4bed5ad597c8916ce5305bb8c7c07ab8c033967affa98d30b2c4d65b05ca9cd22d40668fc7b36a53892fa0dd8aeb10d77c4e0708b3eb7f49696e12751ffd1814e214653ba31118d5d51,gx-no-cache=1517236922575 HTTP/1.1" 200 30
200.112.233.47 - - [29/Jan/2018:11:42:46 -0300] "POST /cormun/servlet/solicitudot?gx-no-cache=1517236923290 HTTP/1.1" 200 30
200.112.233.47 - - [29/Jan/2018:11:42:46 -0300] "POST /cormun/servlet/solicitudot?gx-no-cache=1517236923366 HTTP/1.1" 200 1339
200.112.233.47 - - [29/Jan/2018:11:42:46 -0300] "POST /cormun/servlet/solicitudot?gx-no-cache=1517236923510 HTTP/1.1" 200 41
200.112.233.47 - - [29/Jan/2018:11:42:48 -0300] "GET /cormun/servlet/solicitudot?9a11aad545066b0db34d9bd118db375ac2234939a2841f6e809772ac716a3e9780aae939eef23bb8ab8cb2570bfb61d5c2d0fc456956b64bbfdb15f9414492c0346da8487654c125a1034bf64a3c1d5bc00232d32e0434d47a05fe354d9acc0209ee8fa25f1f5cbcf7e0ff3debbb9de3696a35a76ab11d092c49101da796f3657b5dfc8deb06ca51dc5bb490fe5a5d523f4f3700d76bde5147647c725319e98c,gx-no-cache=1517236925465 HTTP/1.1" 200 29
200.112.233.47 - - [29/Jan/2018:11:42:48 -0300] "POST /cormun/servlet/solicitudot?gx-no-cache=1517236925523 HTTP/1.1" 200 1322
200.112.233.47 - - [29/Jan/2018:11:42:48 -0300] "POST /cormun/servlet/solicitudot?gx-no-cache=1517236925608 HTTP/1.1" 200 1221
192.168.10.60 - - [29/Jan/2018:11:42:50 -0300] "GET /cormun/servlet/solicitudgral2?UPD,2018,8723, HTTP/1.1" 200 12885
192.168.10.60 - - [29/Jan/2018:11:42:50 -0300] "GET /cormun/servlet/solicitudgral2?UPD,2018,8723, HTTP/1.1" 200 12896
192.168.10.60 - - [29/Jan/2018:11:42:51 -0300] "POST /cormun/servlet/solicitudgral2?gx-no-cache=1517236824365 HTTP/1.1" 200 3905
192.168.10.60 - - [29/Jan/2018:11:42:51 -0300] "GET /cormun/servlet/solicitudgral2?7ea675950233e09daf5e5b84c12fbf9d20537b25e9ef8b007e0d05fc6ce1a1b16f19153b6c191425ec83f13ca3e07fc8ec8a027c737e5d44e1c06ae8d06acbff46d87a4f14415a0409ecfb692a60dbb57271bd843a18e69437af280da925a841494a6d81d4f19fe377d1dd55752532a3694d0aba3a95fc0d11860d27b1d5624d3f000193422dcf616d2143f8a118bfddf64c0fb7b978f7e76c7a4f611bfbb8c88305ddc8aa1be562731303c3db13a32f5d8ae173e62a93b462e25bdd86cb77a2e1609e39c4088d0934667a16c0843b93a2aa7f69b868f75fb0b7ab89ce65d799e4e8e82242fcdf1d4df7a1a0291dc758d4a066a462d7b4c8a53273b1b7d19001bc54559e2fa500df78e8d1ef8ad07586b5542bccac0e5ac3a55915090daf1d247c8d4ba57e6177199e612103c7715810e1f00d49bc5f1a19c192d6880db8b7d335d6a1544bff28ce9d56f84d0dcddd12,gx-no-cache=1517236824512 HTTP/1.1" 200 297
192.168.10.60 - - [29/Jan/2018:11:42:51 -0300] "POST /cormun/servlet/solicitudgral2?gx-no-cache=1517236824541 HTTP/1.1" 200 1400
192.168.10.60 - - [29/Jan/2018:11:42:51 -0300] "GET /cormun/servlet/solicitudgral2?7ea675950233e09daf5e5b84c12fbf9d11b37abe7b9c115c5a3d09c8fa3b8ab00dab93b9c7a479f2579d7b89a8e6355a2db3167321d62a71bf83ad9ec243d8ec9758c8d2125171ab1a5be5ec6c52a12273a451b92e0170a8bbff9023f1589aefae5708a1da5fe7e0666306a82db559cc,gx-no-cache=1517236824601 HTTP/1.1" 200 41
200.112.233.47 - - [29/Jan/2018:11:42:52 -0300] "GET /cormun/servlet/solicitudot?9a11aad545066b0db34d9bd118db375a723f8a4648e119e35767ee238a335a8339c5b91332206877b8c8e30d4b4173f9,gx-no-cache=1517236929247 HTTP/1.1" 200 30
200.112.233.47 - - [29/Jan/2018:11:42:52 -0300] "POST /cormun/servlet/solicitudot?gx-no-cache=1517236929308 HTTP/1.1" 200 30
200.112.233.47 - - [29/Jan/2018:11:42:53 -0300] "POST /cormun/servlet/solicitudot?8754690016d44a82e61e535fbb3cd572,UPD,2018,9481,,gx-no-cache=1517236929375 HTTP/1.1" 200 93
200.112.233.47 - - [29/Jan/2018:11:42:53 -0300] "GET /cormun/servlet/hpexe_return? HTTP/1.1" 200 1009
200.112.233.47 - - [29/Jan/2018:11:42:53 -0300] "GET /cormun/servlet/trsolicitudot HTTP/1.1" 200 13136
200.112.233.47 - - [29/Jan/2018:11:42:54 -0300] "GET /cormun/servlet/trsolicitudot HTTP/1.1" 200 13131
192.168.10.60 - - [29/Jan/2018:11:43:02 -0300] "POST /cormun/servlet/solicitudgral2?6434a3c6afb3c438d26fc575271d6e1a,UPD,2018,8723,,gx-no-cache=1517236835047 HTTP/1.1" 200 11827
192.168.10.60 - - [29/Jan/2018:11:43:02 -0300] "GET /cormun/servlet/solicitudgral2?7ea675950233e09daf5e5b84c12fbf9df1dfcdae10769891e2aa24e76a06123902ce971e5d6cf29217215f5bdb8edf547d64a9e2cf56bbbe14ac41e4c43854c26a9afdefff48841c98c207db5b2a35e4eda3183da367503dc3808e670fd523b41d477d678a37802aea7d143c4bace574,gx-no-cache=1517236835259 HTTP/1.1" 200 29
192.168.10.60 - - [29/Jan/2018:11:43:02 -0300] "POST /cormun/servlet/solicitudgral2?gx-no-cache=1517236835276 HTTP/1.1" 200 1299
192.168.10.60 - - [29/Jan/2018:11:43:02 -0300] "POST /cormun/servlet/solicitudgral2?gx-no-cache=1517236835311 HTTP/1.1" 200 1220
192.168.10.60 - - [29/Jan/2018:11:43:02 -0300] "GET /cormun/servlet/solicitudgral2?7ea675950233e09daf5e5b84c12fbf9dc0ba857ae23fb61ee41d95c3e70fcbc3dceb5833e815ecce8705f4e06cb27126450d78127f0d474e616701fdb3895e82a2cf6a096cb73435cc2aad79f59d8d3d2c53b6e1a9c02cdc0b266d105ab81856cab0ca185a2b78c536ab3d2d840a67e6f5b90c7e48ea8b53b2144a067d04dd4e,gx-no-cache=1517236835348 HTTP/1.1" 200 30
192.168.10.60 - - [29/Jan/2018:11:43:23 -0300] "POST /cormun/servlet/solicitudgral2?6434a3c6afb3c438d26fc575271d6e1a,UPD,2018,8723,,gx-no-cache=1517236856215 HTTP/1.1" 200 93
192.168.10.60 - - [29/Jan/2018:11:43:23 -0300] "GET /cormun/servlet/hpexe_return? HTTP/1.1" 200 1012
186.103.159.189 - - [29/Jan/2018:11:43:23 -0300] "GET /cormun/servlet/trcontratounov2? HTTP/1.1" 200 17524
186.103.159.189 - - [29/Jan/2018:11:43:23 -0300] "GET /cormun/static/gxcfg.js?201752512124396 HTTP/1.1" 200 953
192.168.10.60 - - [29/Jan/2018:11:43:23 -0300] "GET /cormun/servlet/trsolicitudgral HTTP/1.1" 200 26513
186.103.159.189 - - [29/Jan/2018:11:43:23 -0300] "GET /cormun/static/Resources/PXToolsActionExcel.png HTTP/1.1" 200 3187
186.103.159.189 - - [29/Jan/2018:11:43:24 -0300] "GET /cormun/static/trcontratounov2.js?201752512125146 HTTP/1.1" 200 38486
186.103.159.189 - - [29/Jan/2018:11:43:24 -0300] "GET /cormun/static/Resources/PXToolsGridNew.png HTTP/1.1" 200 2949
186.103.159.189 - - [29/Jan/2018:11:43:24 -0300] "GET /cormun/static/Resources/PXToolsAddSelectedAction.png HTTP/1.1" 200 3660
192.168.10.60 - - [29/Jan/2018:11:43:24 -0300] "GET /cormun/servlet/trsolicitudgral HTTP/1.1" 200 26508
186.103.159.189 - - [29/Jan/2018:11:43:25 -0300] "GET /cormun/servlet/trcontratounov2? HTTP/1.1" 200 17527
200.112.233.47 - - [29/Jan/2018:11:43:26 -0300] "POST /cormun/servlet/trsolicitudot?8754690016d44a82e61e535fbb3cd572,gx-no-cache=1517236962772 HTTP/1.1" 200 9943
200.112.233.47 - - [29/Jan/2018:11:43:26 -0300] "GET /cormun/static/Shared/jqueryui/images/ui-bg_highlight-soft_100_c6c2c8_1x100.png HTTP/1.1" 404 1117
200.112.233.47 - - [29/Jan/2018:11:43:26 -0300] "GET /cormun/static/Shared/jqueryui/images/ui-icons_82798d_256x240.png HTTP/1.1" 404 1089
200.112.233.47 - - [29/Jan/2018:11:43:26 -0300] "GET /cormun/static/Shared/jqueryui/images/ui-bg_flat_55_fafafa_40x100.png HTTP/1.1" 404 1097
200.112.233.47 - - [29/Jan/2018:11:43:26 -0300] "GET /cormun/static/Shared/jqueryui/images/ui-icons_8d78a5_256x240.png HTTP/1.1" 404 1089
200.112.233.47 - - [29/Jan/2018:11:43:27 -0300] "POST /cormun/servlet/trsolicitudot?8754690016d44a82e61e535fbb3cd572,gx-no-cache=1517236964149 HTTP/1.1" 200 9887
207.46.13.167 - - [29/Jan/2018:11:43:38 -0300] "GET /cormun/servlet/hpexe_return HTTP/1.1" 200 1038
200.112.233.47 - - [29/Jan/2018:11:43:39 -0300] "POST /cormun/servlet/trsolicitudot?8754690016d44a82e61e535fbb3cd572,gx-no-cache=1517236976347 HTTP/1.1" 200 106
200.112.233.47 - - [29/Jan/2018:11:43:39 -0300] "GET /cormun/servlet/solicitudot?UPD,2018,9473, HTTP/1.1" 200 15345
200.112.233.47 - - [29/Jan/2018:11:43:40 -0300] "GET /cormun/servlet/solicitudot?UPD,2018,9473, HTTP/1.1" 200 15354
200.112.233.47 - - [29/Jan/2018:11:43:40 -0300] "POST /cormun/servlet/solicitudot?gx-no-cache=1517236977922 HTTP/1.1" 200 3401
186.103.159.189 - - [29/Jan/2018:11:43:40 -0300] "POST /cormun/servlet/trcontratounov2?7d6abc1e5ee8e1a0912495eb0a4ddf1b,,gx-no-cache=1517236978634 HTTP/1.1" 200 14992
200.112.233.47 - - [29/Jan/2018:11:43:41 -0300] "POST /cormun/servlet/solicitudot?8754690016d44a82e61e535fbb3cd572,UPD,2018,9473,,gx-no-cache=1517236978111 HTTP/1.1" 200 11739
200.112.233.47 - - [29/Jan/2018:11:43:41 -0300] "GET /cormun/servlet/solicitudot?9a11aad545066b0db34d9bd118db375a4540aed97b45266d0598d8ce0e2c7d5f4b8bd9645a2239da0c2167ac7d6e7bee,gx-no-cache=1517236978726 HTTP/1.1" 200 30
200.112.233.47 - - [29/Jan/2018:11:43:41 -0300] "GET /cormun/servlet/solicitudot?9a11aad545066b0db34d9bd118db375ae918eaf3a47395362e3c960365648b327e2fde5539df86490136cd340c34d92d,gx-no-cache=1517236978775 HTTP/1.1" 200 30
200.112.233.47 - - [29/Jan/2018:11:43:41 -0300] "GET /cormun/servlet/solicitudot?9a11aad545066b0db34d9bd118db375a5b4e220e5cd9f84ecd64436e301da5f690eadc3972a5a43a91a90e76f75989a3eb0cc997b6638ae72f542b940c5f47e7,gx-no-cache=1517236978814 HTTP/1.1" 200 53
200.112.233.47 - - [29/Jan/2018:11:43:41 -0300] "POST /cormun/servlet/solicitudot?gx-no-cache=1517236978849 HTTP/1.1" 200 255
200.112.233.47 - - [29/Jan/2018:11:43:41 -0300] "GET /cormun/servlet/solicitudot?9a11aad545066b0db34d9bd118db375a612a4c8b98214b9a498f2088d6853ac8d4b78178a05f39f7c5f53736c146ab27934ba0d0958d1411ea0972b52497241fc0a88697958d4b37a08e2dc012c4a073f0f584aa1d473745f65d470121966019cf40160f403298fe4e6d3f747616cb5704bb213ff59b0b0e2bc48b2054b4552f370ef4deb03f9caa0aed73e710b7cfcb050f467857916a0e0736bc3ec29dd546ab0125bac6536dd599a2b7c156e76a0ea5a7a66657e6fb6e0e71a9c66428f0c31d34ba0e23e6088b0081d199105c8f334e2ec3d87237ad858dbf2b0cd127dc8ba42eef68c5929ca025df18ad19d2ab3e760c4f27276e512611e460e7879a2cd6f1e1d5d42ec3dcc35b8bef543578dce27df5066aa99f464d203979cb06ceaffd251d00d631250b1dc100e286db9076442f1e51ec9cd7105535344b5d989d6047a5bcc97327d4dde054e675773ef10064ad5de51fe5a62a9fe45ae0d769d8d57054b70c20231da93a2b1b07a4d3d79eed10c84a8398946cd4fe9b04b114ed1fcd,gx-no-cache=1517236978892 HTTP/1.1" 200 30
200.112.233.47 - - [29/Jan/2018:11:43:41 -0300] "POST /cormun/servlet/solicitudot?gx-no-cache=1517236978923 HTTP/1.1" 200 30
186.103.159.189 - - [29/Jan/2018:11:43:41 -0300] "GET /cormun/static/Resources/PXToolsGridFirst.gif HTTP/1.1" 200 379
186.103.159.189 - - [29/Jan/2018:11:43:41 -0300] "GET /cormun/static/Resources/PXToolsGridPrevious.gif HTTP/1.1" 200 369
200.112.233.47 - - [29/Jan/2018:11:43:41 -0300] "POST /cormun/servlet/solicitudot?gx-no-cache=1517236978957 HTTP/1.1" 200 1338
200.112.233.47 - - [29/Jan/2018:11:43:41 -0300] "POST /cormun/servlet/solicitudot?gx-no-cache=1517236979008 HTTP/1.1" 200 41
200.112.233.47 - - [29/Jan/2018:11:43:55 -0300] "POST /cormun/servlet/solicitudot?gx-no-cache=1517236992647 HTTP/1.1" 200 30
207.46.13.167 - - [29/Jan/2018:11:43:59 -0300] "GET /cormun/static/Resources/Spanish/PXTools.css?167811 HTTP/1.1" 200 89042
207.46.13.167 - - [29/Jan/2018:11:43:59 -0300] "GET /cormun/static/hpexe_return.js?2016101716175153 HTTP/1.1" 200 1633
200.112.233.47 - - [29/Jan/2018:11:44:08 -0300] "POST /cormun/servlet/solicitudot?gx-no-cache=1517237005747 HTTP/1.1" 200 1338
200.112.233.47 - - [29/Jan/2018:11:44:08 -0300] "POST /cormun/servlet/solicitudot?gx-no-cache=1517237005812 HTTP/1.1" 200 41
200.112.233.47 - - [29/Jan/2018:11:44:08 -0300] "GET /cormun/servlet/solicitudot?9a11aad545066b0db34d9bd118db375a31e55dc58a22b6a17740b9341f026f0c80aae939eef23bb8ab8cb2570bfb61d5a48b4edfdd22e4945f110325ab2ec212346da8487654c125a1034bf64a3c1d5bc00232d32e0434d47a05fe354d9acc0209ee8fa25f1f5cbcf7e0ff3debbb9de3696a35a76ab11d092c49101da796f3657b5dfc8deb06ca51dc5bb490fe5a5d523f4f3700d76bde5147647c725319e98c,gx-no-cache=1517237005844 HTTP/1.1" 200 29
200.112.233.47 - - [29/Jan/2018:11:44:08 -0300] "POST /cormun/servlet/solicitudot?gx-no-cache=1517237005876 HTTP/1.1" 200 1321
200.112.233.47 - - [29/Jan/2018:11:44:08 -0300] "POST /cormun/servlet/solicitudot?gx-no-cache=1517237005934 HTTP/1.1" 200 1220
186.103.159.189 - - [29/Jan/2018:11:44:34 -0300] "GET /cormun/servlet/trcontratoobservaciondir? HTTP/1.1" 200 8892
186.103.159.189 - - [29/Jan/2018:11:44:34 -0300] "GET /cormun/static/gxcfg.js?20175251262281 HTTP/1.1" 200 953
186.103.159.189 - - [29/Jan/2018:11:44:34 -0300] "GET /cormun/static/trcontratoobservaciondir.js?20175251262715 HTTP/1.1" 200 27185
186.103.159.189 - - [29/Jan/2018:11:44:35 -0300] "GET /cormun//static/Resources/PXToolsGridUpdate.png HTTP/1.1" 200 2984
186.103.159.189 - - [29/Jan/2018:11:44:35 -0300] "GET /cormun/servlet/trcontratoobservaciondir? HTTP/1.1" 200 8892
186.103.159.189 - - [29/Jan/2018:11:44:35 -0300] "GET /cormun//static/Resources/PXToolsGridDelete.png HTTP/1.1" 200 357
186.103.159.189 - - [29/Jan/2018:11:44:55 -0300] "POST /cormun/servlet/trcontratoobservaciondir?7d6abc1e5ee8e1a0912495eb0a4ddf1b,,gx-no-cache=1517237052947 HTTP/1.1" 200 3970
186.103.159.189 - - [29/Jan/2018:11:45:03 -0300] "GET /cormun/servlet/trcontratosolicitud? HTTP/1.1" 200 14826
186.103.159.189 - - [29/Jan/2018:11:45:04 -0300] "GET /cormun/servlet/trcontratosolicitud? HTTP/1.1" 200 14829
186.103.159.189 - - [29/Jan/2018:11:45:15 -0300] "POST /cormun/servlet/acontrolpreferencessavestate?None,CJACQRG,true HTTP/1.1" 200 35
200.112.233.47 - - [29/Jan/2018:11:45:24 -0300] "GET /cormun/servlet/solicitudot?9a11aad545066b0db34d9bd118db375a723f8a4648e119e35767ee238a335a8339c5b91332206877b8c8e30d4b4173f9,gx-no-cache=1517237082063 HTTP/1.1" 200 30
200.112.233.47 - - [29/Jan/2018:11:45:25 -0300] "POST /cormun/servlet/solicitudot?gx-no-cache=1517237082221 HTTP/1.1" 200 30
186.103.159.189 - - [29/Jan/2018:11:45:25 -0300] "POST /cormun/servlet/trcontratosolicitud?7d6abc1e5ee8e1a0912495eb0a4ddf1b,,gx-no-cache=1517237083367 HTTP/1.1" 200 4151
186.103.159.189 - - [29/Jan/2018:11:45:33 -0300] "GET /cormun/servlet/trcontratoobservaciondir? HTTP/1.1" 200 6381
186.103.159.189 - - [29/Jan/2018:11:45:34 -0300] "GET /cormun/servlet/trcontratoobservaciondir? HTTP/1.1" 200 6381
186.103.159.189 - - [29/Jan/2018:11:45:47 -0300] "GET /cormun/servlet/trcontratosolicitud? HTTP/1.1" 200 6710
200.112.233.47 - - [29/Jan/2018:11:45:48 -0300] "POST /cormun/servlet/solicitudot?8754690016d44a82e61e535fbb3cd572,UPD,2018,9473,,gx-no-cache=1517237105098 HTTP/1.1" 200 93
200.112.233.47 - - [29/Jan/2018:11:45:48 -0300] "GET /cormun/servlet/hpexe_return? HTTP/1.1" 200 1031
186.103.159.189 - - [29/Jan/2018:11:45:48 -0300] "GET /cormun/servlet/trcontratosolicitud? HTTP/1.1" 200 6709
200.112.233.47 - - [29/Jan/2018:11:45:48 -0300] "GET /cormun/servlet/trsolicitudot?gx-no-cache=1517236964149 HTTP/1.1" 200 12784
200.112.233.47 - - [29/Jan/2018:11:45:49 -0300] "GET /cormun/servlet/trsolicitudot?gx-no-cache=1517236964149 HTTP/1.1" 200 12801
200.112.233.47 - - [29/Jan/2018:11:45:59 -0300] "POST /cormun/servlet/trsolicitudot?8754690016d44a82e61e535fbb3cd572,gx-no-cache=1517236964149,gx-no-cache=1517237115862 HTTP/1.1" 200 106
200.112.233.47 - - [29/Jan/2018:11:45:59 -0300] "GET /cormun/servlet/solicitudot?UPD,2018,9465, HTTP/1.1" 200 15324
200.112.233.47 - - [29/Jan/2018:11:45:59 -0300] "GET /cormun/servlet/solicitudot?UPD,2018,9465, HTTP/1.1" 200 15313
200.112.233.47 - - [29/Jan/2018:11:46:00 -0300] "POST /cormun/servlet/solicitudot?gx-no-cache=1517237117487 HTTP/1.1" 200 3401
200.112.233.47 - - [29/Jan/2018:11:46:00 -0300] "POST /cormun/servlet/solicitudot?8754690016d44a82e61e535fbb3cd572,UPD,2018,9465,,gx-no-cache=1517237117636 HTTP/1.1" 200 11730
200.112.233.47 - - [29/Jan/2018:11:46:00 -0300] "GET /cormun/servlet/solicitudot?9a11aad545066b0db34d9bd118db375a4540aed97b45266d0598d8ce0e2c7d5f4b8bd9645a2239da0c2167ac7d6e7bee,gx-no-cache=1517237117848 HTTP/1.1" 200 30
200.112.233.47 - - [29/Jan/2018:11:46:00 -0300] "GET /cormun/servlet/solicitudot?9a11aad545066b0db34d9bd118db375ae918eaf3a47395362e3c960365648b327e2fde5539df86490136cd340c34d92d,gx-no-cache=1517237117887 HTTP/1.1" 200 30
200.112.233.47 - - [29/Jan/2018:11:46:00 -0300] "GET /cormun/servlet/solicitudot?9a11aad545066b0db34d9bd118db375a5b4e220e5cd9f84ecd64436e301da5f690eadc3972a5a43a91a90e76f75989a3eb0cc997b6638ae72f542b940c5f47e7,gx-no-cache=1517237117923 HTTP/1.1" 200 53
200.112.233.47 - - [29/Jan/2018:11:46:00 -0300] "POST /cormun/servlet/solicitudot?gx-no-cache=1517237117951 HTTP/1.1" 200 254
200.112.233.47 - - [29/Jan/2018:11:46:00 -0300] "GET /cormun/servlet/solicitudot?9a11aad545066b0db34d9bd118db375a612a4c8b98214b9a498f2088d6853ac8d4b78178a05f39f7c5f53736c146ab27934ba0d0958d1411ea0972b52497241fc0a88697958d4b37a08e2dc012c4a073f0f584aa1d473745f65d470121966019cf40160f403298fe4e6d3f747616cb5704bb213ff59b0b0e2bc48b2054b4552f370ef4deb03f9caa0aed73e710b7cfcb050f467857916a0e0736bc3ec29dd546ab0125bac6536dd599a2b7c156e76a0ea5a7a66657e6fb6e0e71a9c66428f0c31d34ba0e23e6088b0081d199105c8f334e2ec3d87237ad858dbf2b0cd127dc8ba42eef68c5929ca025df18ad19d2ab3e760c4f27276e512611e460e7879a2cd6f1e1d5d42ec3dcc35b8bef543578dce27df5066aa99f464d203979cb06ceaffd251d00d631250b1dc100e286db9076442f1e51ec9cd7105535344b5d989d6047a5bcc97327d4dde054e675773ef10064ad5de51fe5a62a9fe45ae0d769d8d57054b70c20231da93a2b1b07a4d3d79eed10c84a8398946cd4fe9b04b114ed1fcd,gx-no-cache=1517237117986 HTTP/1.1" 200 30
200.112.233.47 - - [29/Jan/2018:11:46:00 -0300] "POST /cormun/servlet/solicitudot?gx-no-cache=1517237118025 HTTP/1.1" 200 30
200.112.233.47 - - [29/Jan/2018:11:46:00 -0300] "POST /cormun/servlet/solicitudot?gx-no-cache=1517237118058 HTTP/1.1" 200 1337
200.112.233.47 - - [29/Jan/2018:11:46:00 -0300] "POST /cormun/servlet/solicitudot?gx-no-cache=1517237118108 HTTP/1.1" 200 41
186.103.159.189 - - [29/Jan/2018:11:46:02 -0300] "POST /cormun/servlet/trcontratosolicitud?7d6abc1e5ee8e1a0912495eb0a4ddf1b,,gx-no-cache=1517237120595 HTTP/1.1" 200 4237
186.103.159.189 - - [29/Jan/2018:11:46:02 -0300] "GET /cormun/static/Resources/PXToolsGridNext.gif HTTP/1.1" 200 369
186.103.159.189 - - [29/Jan/2018:11:46:02 -0300] "GET /cormun/static/Resources/PXToolsGridLast.gif HTTP/1.1" 200 370
186.103.159.189 - - [29/Jan/2018:11:46:17 -0300] "POST /cormun/servlet/trcontratosolicitud?7d6abc1e5ee8e1a0912495eb0a4ddf1b,,gx-no-cache=1517237135223 HTTP/1.1" 200 4914
200.112.233.47 - - [29/Jan/2018:11:46:19 -0300] "POST /cormun/servlet/solicitudot?8754690016d44a82e61e535fbb3cd572,UPD,2018,9465,,gx-no-cache=1517237136659 HTTP/1.1" 200 93
200.112.233.47 - - [29/Jan/2018:11:46:19 -0300] "GET /cormun/servlet/hpexe_return? HTTP/1.1" 200 1031
200.112.233.47 - - [29/Jan/2018:11:46:20 -0300] "GET /cormun/servlet/trsolicitudot?gx-no-cache=1517236964149 HTTP/1.1" 200 12784
200.112.233.47 - - [29/Jan/2018:11:46:20 -0300] "GET /cormun/servlet/trsolicitudot?gx-no-cache=1517236964149 HTTP/1.1" 200 12801
200.112.233.47 - - [29/Jan/2018:11:46:30 -0300] "POST /cormun/servlet/trsolicitudot?8754690016d44a82e61e535fbb3cd572,gx-no-cache=1517236964149,gx-no-cache=1517237147534 HTTP/1.1" 200 106
200.112.233.47 - - [29/Jan/2018:11:46:30 -0300] "GET /cormun/servlet/solicitudot?UPD,2018,9465, HTTP/1.1" 200 15324
200.112.233.47 - - [29/Jan/2018:11:46:31 -0300] "GET /cormun/servlet/solicitudot?UPD,2018,9465, HTTP/1.1" 200 15313
200.112.233.47 - - [29/Jan/2018:11:46:31 -0300] "POST /cormun/servlet/solicitudot?gx-no-cache=1517237148674 HTTP/1.1" 200 3401
200.112.233.47 - - [29/Jan/2018:11:46:31 -0300] "POST /cormun/servlet/solicitudot?8754690016d44a82e61e535fbb3cd572,UPD,2018,9465,,gx-no-cache=1517237148827 HTTP/1.1" 200 11730
200.112.233.47 - - [29/Jan/2018:11:46:31 -0300] "GET /cormun/servlet/solicitudot?9a11aad545066b0db34d9bd118db375a4540aed97b45266d0598d8ce0e2c7d5f4b8bd9645a2239da0c2167ac7d6e7bee,gx-no-cache=1517237149019 HTTP/1.1" 200 30
200.112.233.47 - - [29/Jan/2018:11:46:31 -0300] "GET /cormun/servlet/solicitudot?9a11aad545066b0db34d9bd118db375ae918eaf3a47395362e3c960365648b327e2fde5539df86490136cd340c34d92d,gx-no-cache=1517237149054 HTTP/1.1" 200 30
200.112.233.47 - - [29/Jan/2018:11:46:31 -0300] "GET /cormun/servlet/solicitudot?9a11aad545066b0db34d9bd118db375a5b4e220e5cd9f84ecd64436e301da5f690eadc3972a5a43a91a90e76f75989a3eb0cc997b6638ae72f542b940c5f47e7,gx-no-cache=1517237149081 HTTP/1.1" 200 53
200.112.233.47 - - [29/Jan/2018:11:46:31 -0300] "POST /cormun/servlet/solicitudot?gx-no-cache=1517237149111 HTTP/1.1" 200 254
200.112.233.47 - - [29/Jan/2018:11:46:31 -0300] "GET /cormun/servlet/solicitudot?9a11aad545066b0db34d9bd118db375a612a4c8b98214b9a498f2088d6853ac8d4b78178a05f39f7c5f53736c146ab27934ba0d0958d1411ea0972b52497241fc0a88697958d4b37a08e2dc012c4a073f0f584aa1d473745f65d470121966019cf40160f403298fe4e6d3f747616cb5704bb213ff59b0b0e2bc48b2054b4552f370ef4deb03f9caa0aed73e710b7cfcb050f467857916a0e0736bc3ec29dd546ab0125bac6536dd599a2b7c156e76a0ea5a7a66657e6fb6e0e71a9c66428f0c31d34ba0e23e6088b0081d199105c8f334e2ec3d87237ad858dbf2b0cd127dc8ba42eef68c5929ca025df18ad19d2ab3e760c4f27276e512611e460e7879a2cd6f1e1d5d42ec3dcc35b8bef543578dce27df5066aa99f464d203979cb06ceaffd251d00d631250b1dc100e286db9076442f1e51ec9cd7105535344b5d989d6047a5bcc97327d4dde054e675773ef10064ad5de51fe5a62a9fe45ae0d769d8d57054b70c20231da93a2b1b07a4d3d79eed10c84a8398946cd4fe9b04b114ed1fcd,gx-no-cache=1517237149148 HTTP/1.1" 200 30
200.112.233.47 - - [29/Jan/2018:11:46:31 -0300] "POST /cormun/servlet/solicitudot?gx-no-cache=1517237149180 HTTP/1.1" 200 30
