200.86.12.160 - - [24/Jan/2018:11:20:23 -0300] "GET /cormun/servlet/trsolicitudadjuntos?2018,9549, HTTP/1.1" 200 6307
200.86.12.160 - - [24/Jan/2018:11:20:28 -0300] "GET /cormun/servlet/solicitudotadjuntos?INS,2018,9549,,1, HTTP/1.1" 200 6249
200.86.12.160 - - [24/Jan/2018:11:20:28 -0300] "GET /cormun/static/gxcfg.js?2017761244068 HTTP/1.1" 200 953
200.86.12.160 - - [24/Jan/2018:11:20:28 -0300] "GET /cormun/static/solicitudotadjuntos.js?2017761244086 HTTP/1.1" 200 11771
200.86.12.160 - - [24/Jan/2018:11:20:29 -0300] "GET /cormun/static/about:blank HTTP/1.1" 404 1011
200.86.12.160 - - [24/Jan/2018:11:20:30 -0300] "GET /cormun/servlet/solicitudotadjuntos?INS,2018,9549,,1, HTTP/1.1" 200 6243
200.86.12.160 - - [24/Jan/2018:11:20:31 -0300] "GET /cormun/servlet/solicitudotadjuntos?6dac077025ed8a2f46a1ecdf6e61c3bc3c5fc85668cf08922b84c4b19fa58983f4b6b218b794a033edf81a79de42f4ee,gx-no-cache=1516803597696 HTTP/1.1" 200 30
200.86.12.160 - - [24/Jan/2018:11:20:32 -0300] "POST /cormun/servlet/solicitudotadjuntos?89f7e1f66074e3b43d7bc4ec996519f3,INS,2018,9549,,1,,gx-no-cache=1516803598772 HTTP/1.1" 200 4008
200.86.12.160 - - [24/Jan/2018:11:20:38 -0300] "POST /cormun/servlet/solicitudotadjuntos?gx-no-cache=1516803605409 HTTP/1.1" 200 26
200.86.12.160 - - [24/Jan/2018:11:20:52 -0300] "GET /cormun/servlet/solicitudotadjuntos?6dac077025ed8a2f46a1ecdf6e61c3bc3e825b1ce998b93a9a719c106aa246d8,gx-no-cache=1516803619288 HTTP/1.1" 200 30
200.86.12.160 - - [24/Jan/2018:11:20:52 -0300] "GET /cormun/servlet/solicitudotadjuntos?6dac077025ed8a2f46a1ecdf6e61c3bc3e825b1ce998b93a9a719c106aa246d8,gx-no-cache=1516803619351 HTTP/1.1" 200 30
192.168.10.60 - - [24/Jan/2018:11:21:06 -0300] "GET /cormun/servlet/solicitudgral?UPD,2018,7891, HTTP/1.1" 200 12912
192.168.10.60 - - [24/Jan/2018:11:21:06 -0300] "GET /cormun/servlet/solicitudgral?UPD,2018,7891, HTTP/1.1" 200 12900
200.54.247.70 - - [24/Jan/2018:11:21:06 -0300] "POST /cormun/servlet/solicitudot?059e117b3041e6279c6189d995dc8b5b,UPD,2018,8274,,gx-no-cache=1516803616514 HTTP/1.1" 200 93
200.54.247.70 - - [24/Jan/2018:11:21:06 -0300] "GET /cormun/servlet/hpexe_return? HTTP/1.1" 200 1036
192.168.10.60 - - [24/Jan/2018:11:21:07 -0300] "POST /cormun/servlet/solicitudgral?gx-no-cache=1516803522055 HTTP/1.1" 200 3893
192.168.10.60 - - [24/Jan/2018:11:21:07 -0300] "GET /cormun/servlet/solicitudgral?26640414a3f70cd9c2b46fff1f4e3b46ba626a597b5113551ac7b202804e4f4ce1fedb7302d962a7ac23840c2ca055fd039c86e0a6d70bc2abae8b53fdcad5c8735fcd49fa7056f20f4eeb918201356a31a537fcb55aa560dd40c14b233526a877f8e7d53710d259e24aa5d1cefc10d7f546490857e146839e97f08a4d2bec9f644ffb44122ad775d2fa3c8b7b48f308a9fd218af61c33fa15c59c9c81fae6e1787bd192b3e423c8d669ad6f6f25c55dd65853a9fe7dc463746d2ef1dd312bc5e8ed8a4d868d9e9a4d7ad641255fd1ca6ad24fb94d83791a9199254ff37e74a960c6aa1afda4973dab53bda62e59e385ea555d94d05977132fbf354bb39db9a4be6c529b46dcb2235d5f6a0a4a4151dc172124c339797ec3d51e1bcb6b34c333c1a8a52eb6440139f1a1a9546d8880c4740727b0b185dd4533fc7b35c6155f97570fb2d8778a37c445a4500e74647e64,gx-no-cache=1516803522201 HTTP/1.1" 200 255
200.54.247.70 - - [24/Jan/2018:11:21:07 -0300] "GET /cormun/servlet/trsolicitudot?gx-no-cache=1516802702523 HTTP/1.1" 200 25133
192.168.10.60 - - [24/Jan/2018:11:21:14 -0300] "GET /cormun/servlet/solicitudgral?26640414a3f70cd9c2b46fff1f4e3b4656702ca151c39165bb3040434fab303e71f0b91ce2e2b8a23e9704a53910d67717d56ebaf131ef4a2cfef097e85bcbf7ce0d4017c109fdca2519d43e43cc64d1feaf9ae57d993fc1d5ced3503a9af7c75c66690488d491be781c5eadda42364cc0f19ec6aeb606df91534bab2113e0288420ec49510a4f544cfedbe5d67a9afe8e294135451ac55fc370c8b7d5df39e104a4342867eb1cf54b8c5ac0e4817b42a80bfac05fe18edf4e48a257e467033900fba36b34113ab2816be83c31e7a9930cce9f755099b478a2bb3b1399ef0aea08cd3f3a3da18787c59a67021eafdb6a947b37c2e785d2ad44033a75d8fb19fb165c6e3f8a777497b0ecf202eeb179a5d22c7273ccc5ee9dedd8ef946cbe5f835fe8db47b45d6bbbe3bf392641e82863db077bad5ff9a57fdd7f1df1d14e59001f94be33b6bddb13ca235a97e26edec46d1ee8d3666a39c415f33047fbf52f2c0a0bcec8848e104b43f0ddec3cfa3d7ddb808d5e30ed5a75d27340f64b2ca47a05a87bde70590586d6333136f2e74eabe445e0f9c3fc8e8b7558a8ebf58734712f8f60446e445dfc133972bffe09ec78,gx-no-cache=1516803529754 HTTP/1.1" 200 48
192.168.10.60 - - [24/Jan/2018:11:21:19 -0300] "POST /cormun/servlet/solicitudgral?184e36bc3717c8f60c9e9a79ca7f1ac9,UPD,2018,7891,,gx-no-cache=1516803534211 HTTP/1.1" 200 11788
192.168.10.60 - - [24/Jan/2018:11:21:19 -0300] "GET /cormun/servlet/solicitudgral?26640414a3f70cd9c2b46fff1f4e3b4683329199ee093e21204e4e6c1fa8c952379519998c30675aafd78eb8f2f3df1d39c3e0e62f8550d509825e25e72e423da01ca05284873f1330c679c53f3d55c884f03740ab8eedca7d321867ac6f0707a8cd39cc627da9bb48e39c01f7f05e70969ed11a47bec450f59b0e172592d5ed10888822fc4344bcd678fa659eb111017918dc675834c817450111c7f78590f0d1adb6923fbef2bfb5edbaab6035cb3eb915fddcde9103af048e860fb59c73e35862b06a2516f8e051e094730d410230,gx-no-cache=1516803534404 HTTP/1.1" 200 29
192.168.10.60 - - [24/Jan/2018:11:21:19 -0300] "POST /cormun/servlet/solicitudgral?gx-no-cache=1516803534419 HTTP/1.1" 200 1298
192.168.10.60 - - [24/Jan/2018:11:21:19 -0300] "POST /cormun/servlet/solicitudgral?gx-no-cache=1516803534448 HTTP/1.1" 200 1220
192.168.10.60 - - [24/Jan/2018:11:21:19 -0300] "POST /cormun/servlet/solicitudgral?184e36bc3717c8f60c9e9a79ca7f1ac9,UPD,2018,7891,,gx-no-cache=1516803534492 HTTP/1.1" 200 93
192.168.10.60 - - [24/Jan/2018:11:21:19 -0300] "GET /cormun/servlet/hpexe_return? HTTP/1.1" 200 1034
192.168.10.60 - - [24/Jan/2018:11:21:20 -0300] "GET /cormun/servlet/trsolicitudgral?gx-no-cache=1516803080139 HTTP/1.1" 200 20182
192.168.10.60 - - [24/Jan/2018:11:21:20 -0300] "GET /cormun/servlet/trsolicitudgral?gx-no-cache=1516803080139 HTTP/1.1" 200 20197
200.86.12.160 - - [24/Jan/2018:11:21:22 -0300] "POST /cormun/servlet/solicitudotadjuntos?89f7e1f66074e3b43d7bc4ec996519f3,INS,2018,9549,,1, HTTP/1.1" 200 116
200.86.12.160 - - [24/Jan/2018:11:21:23 -0300] "GET /cormun/servlet/hpexe_return? HTTP/1.1" 200 1016
200.86.12.160 - - [24/Jan/2018:11:21:23 -0300] "GET /cormun/servlet/trsolicitudadjuntos?2018,9549, HTTP/1.1" 200 8665
200.86.12.160 - - [24/Jan/2018:11:21:25 -0300] "GET /cormun/servlet/trsolicitudadjuntos?2018,9549, HTTP/1.1" 200 8657
200.86.12.160 - - [24/Jan/2018:11:21:30 -0300] "GET /cormun/servlet/solicitudotadjuntos?INS,2018,9549,,1, HTTP/1.1" 200 6249
200.86.12.160 - - [24/Jan/2018:11:21:31 -0300] "GET /cormun/static/about:blank HTTP/1.1" 404 1011
200.86.12.160 - - [24/Jan/2018:11:21:32 -0300] "GET /cormun/servlet/solicitudotadjuntos?INS,2018,9549,,1, HTTP/1.1" 200 6243
200.86.12.160 - - [24/Jan/2018:11:21:32 -0300] "GET /cormun/servlet/solicitudotadjuntos?6dac077025ed8a2f46a1ecdf6e61c3bc3c5fc85668cf08922b84c4b19fa58983f4b6b218b794a033edf81a79de42f4ee,gx-no-cache=1516803659670 HTTP/1.1" 200 30
200.86.12.160 - - [24/Jan/2018:11:21:32 -0300] "POST /cormun/servlet/solicitudotadjuntos?89f7e1f66074e3b43d7bc4ec996519f3,INS,2018,9549,,1,,gx-no-cache=1516803659775 HTTP/1.1" 200 4009
200.86.12.160 - - [24/Jan/2018:11:21:36 -0300] "POST /cormun/servlet/solicitudotadjuntos?gx-no-cache=1516803663144 HTTP/1.1" 200 26
200.86.12.160 - - [24/Jan/2018:11:21:45 -0300] "GET /cormun/servlet/solicitudotadjuntos?6dac077025ed8a2f46a1ecdf6e61c3bc3e825b1ce998b93a9a719c106aa246d8,gx-no-cache=1516803672511 HTTP/1.1" 200 30
200.86.12.160 - - [24/Jan/2018:11:21:46 -0300] "GET /cormun/servlet/solicitudotadjuntos?6dac077025ed8a2f46a1ecdf6e61c3bc3e825b1ce998b93a9a719c106aa246d8,gx-no-cache=1516803672936 HTTP/1.1" 200 30
200.86.12.160 - - [24/Jan/2018:11:21:58 -0300] "POST /cormun/servlet/solicitudotadjuntos?89f7e1f66074e3b43d7bc4ec996519f3,INS,2018,9549,,1, HTTP/1.1" 200 116
200.86.12.160 - - [24/Jan/2018:11:21:59 -0300] "GET /cormun/servlet/hpexe_return? HTTP/1.1" 200 1016
200.86.12.160 - - [24/Jan/2018:11:22:00 -0300] "GET /cormun/servlet/trsolicitudadjuntos?2018,9549, HTTP/1.1" 200 8882
200.86.12.160 - - [24/Jan/2018:11:22:02 -0300] "GET /cormun/servlet/trsolicitudadjuntos?2018,9549, HTTP/1.1" 200 8880
200.86.12.160 - - [24/Jan/2018:11:22:06 -0300] "GET /cormun/servlet/solicitudotadjuntos?INS,2018,9549,,1, HTTP/1.1" 200 6249
200.86.12.160 - - [24/Jan/2018:11:22:06 -0300] "GET /cormun/static/about:blank HTTP/1.1" 404 1011
200.86.12.160 - - [24/Jan/2018:11:22:07 -0300] "GET /cormun/servlet/solicitudotadjuntos?INS,2018,9549,,1, HTTP/1.1" 200 6243
200.86.12.160 - - [24/Jan/2018:11:22:07 -0300] "GET /cormun/servlet/solicitudotadjuntos?6dac077025ed8a2f46a1ecdf6e61c3bc3c5fc85668cf08922b84c4b19fa58983f4b6b218b794a033edf81a79de42f4ee,gx-no-cache=1516803694960 HTTP/1.1" 200 30
200.86.12.160 - - [24/Jan/2018:11:22:08 -0300] "POST /cormun/servlet/solicitudotadjuntos?89f7e1f66074e3b43d7bc4ec996519f3,INS,2018,9549,,1,,gx-no-cache=1516803695071 HTTP/1.1" 200 4009
192.168.10.60 - - [24/Jan/2018:11:22:08 -0300] "GET /cormun/servlet/hlogin HTTP/1.1" 200 1720
200.86.12.160 - - [24/Jan/2018:11:22:10 -0300] "POST /cormun/servlet/solicitudotadjuntos?gx-no-cache=1516803697862 HTTP/1.1" 200 26
192.168.10.60 - - [24/Jan/2018:11:22:14 -0300] "GET /cormun/servlet/hlogin HTTP/1.1" 200 1720
192.168.10.60 - - [24/Jan/2018:11:22:16 -0300] "POST /cormun/servlet/hlogin?184e36bc3717c8f60c9e9a79ca7f1ac9,gx-no-cache=1516803591224 HTTP/1.1" 200 90
192.168.10.60 - - [24/Jan/2018:11:22:16 -0300] "GET /cormun/servlet/hpexe_link HTTP/1.1" 200 949
192.168.10.60 - - [24/Jan/2018:11:22:16 -0300] "GET /cormun/servlet/hhome HTTP/1.1" 200 3793
200.86.12.160 - - [24/Jan/2018:11:22:16 -0300] "GET /cormun/servlet/solicitudotadjuntos?6dac077025ed8a2f46a1ecdf6e61c3bc3e825b1ce998b93a9a719c106aa246d8,gx-no-cache=1516803703948 HTTP/1.1" 200 30
200.86.12.160 - - [24/Jan/2018:11:22:16 -0300] "GET /cormun/servlet/solicitudotadjuntos?6dac077025ed8a2f46a1ecdf6e61c3bc3e825b1ce998b93a9a719c106aa246d8,gx-no-cache=1516803704022 HTTP/1.1" 200 30
200.54.247.70 - - [24/Jan/2018:11:22:16 -0300] "POST /cormun/servlet/trsolicitudot?059e117b3041e6279c6189d995dc8b5b,gx-no-cache=1516802702523,gx-no-cache=1516803686041 HTTP/1.1" 200 22406
192.168.10.60 - - [24/Jan/2018:11:22:17 -0300] "GET /cormun/servlet/hhome HTTP/1.1" 200 3792
200.54.247.70 - - [24/Jan/2018:11:22:19 -0300] "POST /cormun/servlet/trsolicitudot?059e117b3041e6279c6189d995dc8b5b,gx-no-cache=1516802702523,gx-no-cache=1516803688767 HTTP/1.1" 200 22343
200.54.247.70 - - [24/Jan/2018:11:22:21 -0300] "GET /cormun/static/Shared/jqueryui/images/ui-bg_highlight-soft_100_c6c2c8_1x100.png HTTP/1.1" 404 1117
200.54.247.70 - - [24/Jan/2018:11:22:21 -0300] "GET /cormun/static/Shared/jqueryui/images/ui-icons_8d78a5_256x240.png HTTP/1.1" 404 1089
200.54.247.70 - - [24/Jan/2018:11:22:21 -0300] "GET /cormun/static/Shared/jqueryui/images/ui-icons_82798d_256x240.png HTTP/1.1" 404 1089
200.54.247.70 - - [24/Jan/2018:11:22:21 -0300] "GET /cormun/static/Shared/jqueryui/images/ui-bg_flat_55_fafafa_40x100.png HTTP/1.1" 404 1097
192.168.10.60 - - [24/Jan/2018:11:22:30 -0300] "GET /cormun/servlet/trautorizarot? HTTP/1.1" 200 20141
192.168.10.60 - - [24/Jan/2018:11:22:30 -0300] "GET /cormun/static/gxcfg.js?201711151294486 HTTP/1.1" 200 953
192.168.10.60 - - [24/Jan/2018:11:22:30 -0300] "GET /cormun/servlet/trautorizarot? HTTP/1.1" 200 20138
200.86.12.160 - - [24/Jan/2018:11:22:31 -0300] "POST /cormun/servlet/solicitudotadjuntos?89f7e1f66074e3b43d7bc4ec996519f3,INS,2018,9549,,1, HTTP/1.1" 200 116
200.86.12.160 - - [24/Jan/2018:11:22:31 -0300] "GET /cormun/servlet/hpexe_return? HTTP/1.1" 200 1016
200.86.12.160 - - [24/Jan/2018:11:22:32 -0300] "GET /cormun/servlet/trsolicitudadjuntos?2018,9549, HTTP/1.1" 200 9055
200.86.12.160 - - [24/Jan/2018:11:22:34 -0300] "GET /cormun/servlet/trsolicitudadjuntos?2018,9549, HTTP/1.1" 200 9055
200.86.12.160 - - [24/Jan/2018:11:22:37 -0300] "GET /cormun/servlet/solicitudotadjuntos?INS,2018,9549,,1, HTTP/1.1" 200 6251
200.86.12.160 - - [24/Jan/2018:11:22:37 -0300] "GET /cormun/static/about:blank HTTP/1.1" 404 1011
200.54.247.70 - - [24/Jan/2018:11:22:38 -0300] "POST /cormun/servlet/trsolicitudot?059e117b3041e6279c6189d995dc8b5b,gx-no-cache=1516802702523,gx-no-cache=1516803708455 HTTP/1.1" 200 105
200.54.247.70 - - [24/Jan/2018:11:22:38 -0300] "GET /cormun/servlet/solicitudot?UPD,2018,8273, HTTP/1.1" 200 15421
200.86.12.160 - - [24/Jan/2018:11:22:38 -0300] "GET /cormun/servlet/solicitudotadjuntos?INS,2018,9549,,1, HTTP/1.1" 200 6245
200.86.12.160 - - [24/Jan/2018:11:22:39 -0300] "GET /cormun/servlet/solicitudotadjuntos?6dac077025ed8a2f46a1ecdf6e61c3bc3c5fc85668cf08922b84c4b19fa58983f4b6b218b794a033edf81a79de42f4ee,gx-no-cache=1516803726437 HTTP/1.1" 200 30
200.86.12.160 - - [24/Jan/2018:11:22:39 -0300] "POST /cormun/servlet/solicitudotadjuntos?89f7e1f66074e3b43d7bc4ec996519f3,INS,2018,9549,,1,,gx-no-cache=1516803726498 HTTP/1.1" 200 4009
200.54.247.70 - - [24/Jan/2018:11:22:39 -0300] "POST /cormun/servlet/solicitudot?gx-no-cache=1516803709949 HTTP/1.1" 200 3410
200.54.247.70 - - [24/Jan/2018:11:22:40 -0300] "POST /cormun/servlet/solicitudot?059e117b3041e6279c6189d995dc8b5b,UPD,2018,8273,,gx-no-cache=1516803710239 HTTP/1.1" 200 11744
200.54.247.70 - - [24/Jan/2018:11:22:40 -0300] "GET /cormun/servlet/solicitudot?2d4e89f5b55c9ddc6fa3d5a246d237003138619803c7bad329738215861957004ad92d4ba45bff1da1319ba28d66df97,gx-no-cache=1516803710522 HTTP/1.1" 200 30
200.54.247.70 - - [24/Jan/2018:11:22:40 -0300] "GET /cormun/servlet/solicitudot?2d4e89f5b55c9ddc6fa3d5a246d23700a0cc609761d6602d48aaba20641578c1b45c459ab6d4e085fa4818de133147d7,gx-no-cache=1516803710924 HTTP/1.1" 200 30
200.54.247.70 - - [24/Jan/2018:11:22:40 -0300] "GET /cormun/servlet/solicitudot?2d4e89f5b55c9ddc6fa3d5a246d237008d77d3943b3b3c95bede284405e78593,gx-no-cache=1516803710984 HTTP/1.1" 200 29
200.54.247.70 - - [24/Jan/2018:11:22:41 -0300] "POST /cormun/servlet/solicitudot?gx-no-cache=1516803711044 HTTP/1.1" 200 254
200.54.247.70 - - [24/Jan/2018:11:22:41 -0300] "GET /cormun/servlet/solicitudot?2d4e89f5b55c9ddc6fa3d5a246d23700b116874f82c6a67b57df4c750b932536302f9fef3691ec77f9c974753074f0fd282f729976317182f779283c38ff02b57d00245ca9a36046198f7e7120688209dd518d79a425bd95698cf15482ed1d51776588ce1647e9981a12a3693850d6957823d3c515577ac546600b342fe01cb57d1720361422efcf82d101606e00c628b9e6cf4f62b94b919f0daadfd78b7162541921d12b827c3368e48149c31661d1eee02923a610254c2e767ff7542b209903dde125376ff157d4274eb9d61951f844d5ad390c5c86cebe1693eaa4d8a233be5063b128820624b3365e209fbf4400140a599ab504f354581eb074b8447b4c5ed99723ae024a7b4c2f4ba5c80d72aa1ff4042697a4bbf1f1f1daaa4485c4b70bb1e8248cc174ec803a244e9c9ce8f1400183bf576f3ea0450296f311852611a9516506602a0df4c72251d60f98eeee6c5fad5d9408089af2a0b2a1c81387770e28d42fe835280504fd9504706d31eb816735b418a8d3b6831173938c623a03,gx-no-cache=1516803711111 HTTP/1.1" 200 30
200.54.247.70 - - [24/Jan/2018:11:22:41 -0300] "POST /cormun/servlet/solicitudot?gx-no-cache=1516803711170 HTTP/1.1" 200 30
200.54.247.70 - - [24/Jan/2018:11:22:41 -0300] "POST /cormun/servlet/solicitudot?gx-no-cache=1516803711257 HTTP/1.1" 200 1339
200.54.247.70 - - [24/Jan/2018:11:22:41 -0300] "POST /cormun/servlet/solicitudot?gx-no-cache=1516803711404 HTTP/1.1" 200 41
200.86.12.160 - - [24/Jan/2018:11:22:42 -0300] "POST /cormun/servlet/solicitudotadjuntos?gx-no-cache=1516803729625 HTTP/1.1" 200 26
200.86.12.160 - - [24/Jan/2018:11:22:48 -0300] "GET /cormun/servlet/solicitudotadjuntos?6dac077025ed8a2f46a1ecdf6e61c3bc3e825b1ce998b93a9a719c106aa246d8,gx-no-cache=1516803735667 HTTP/1.1" 200 30
200.86.12.160 - - [24/Jan/2018:11:22:48 -0300] "GET /cormun/servlet/solicitudotadjuntos?6dac077025ed8a2f46a1ecdf6e61c3bc3e825b1ce998b93a9a719c106aa246d8,gx-no-cache=1516803735805 HTTP/1.1" 200 30
192.168.10.60 - - [24/Jan/2018:11:22:53 -0300] "POST /cormun/servlet/trautorizarot?184e36bc3717c8f60c9e9a79ca7f1ac9,,gx-no-cache=1516803627568 HTTP/1.1" 200 16000
200.86.12.160 - - [24/Jan/2018:11:22:58 -0300] "POST /cormun/servlet/solicitudotadjuntos?89f7e1f66074e3b43d7bc4ec996519f3,INS,2018,9549,,1, HTTP/1.1" 200 116
200.86.12.160 - - [24/Jan/2018:11:22:59 -0300] "GET /cormun/servlet/hpexe_return? HTTP/1.1" 200 1016
200.86.12.160 - - [24/Jan/2018:11:23:00 -0300] "GET /cormun/servlet/trsolicitudadjuntos?2018,9549, HTTP/1.1" 200 9273
200.86.12.160 - - [24/Jan/2018:11:23:03 -0300] "GET /cormun/servlet/trsolicitudadjuntos?2018,9549, HTTP/1.1" 200 9272
200.86.12.160 - - [24/Jan/2018:11:23:04 -0300] "GET /cormun/servlet/solicitudotadjuntos?INS,2018,9549,,1, HTTP/1.1" 200 6251
200.86.12.160 - - [24/Jan/2018:11:23:05 -0300] "GET /cormun/static/about:blank HTTP/1.1" 404 1011
200.86.12.160 - - [24/Jan/2018:11:23:06 -0300] "GET /cormun/servlet/solicitudotadjuntos?INS,2018,9549,,1, HTTP/1.1" 200 6245
200.86.12.160 - - [24/Jan/2018:11:23:06 -0300] "GET /cormun/servlet/solicitudotadjuntos?6dac077025ed8a2f46a1ecdf6e61c3bc3c5fc85668cf08922b84c4b19fa58983f4b6b218b794a033edf81a79de42f4ee,gx-no-cache=1516803753624 HTTP/1.1" 200 30
200.86.12.160 - - [24/Jan/2018:11:23:06 -0300] "POST /cormun/servlet/solicitudotadjuntos?89f7e1f66074e3b43d7bc4ec996519f3,INS,2018,9549,,1,,gx-no-cache=1516803753709 HTTP/1.1" 200 4009
200.86.12.160 - - [24/Jan/2018:11:23:10 -0300] "POST /cormun/servlet/solicitudotadjuntos?gx-no-cache=1516803757480 HTTP/1.1" 200 26
200.86.12.160 - - [24/Jan/2018:11:23:16 -0300] "GET /cormun/servlet/solicitudotadjuntos?6dac077025ed8a2f46a1ecdf6e61c3bc3e825b1ce998b93a9a719c106aa246d8,gx-no-cache=1516803763258 HTTP/1.1" 200 30
200.86.12.160 - - [24/Jan/2018:11:23:16 -0300] "GET /cormun/servlet/solicitudotadjuntos?6dac077025ed8a2f46a1ecdf6e61c3bc3e825b1ce998b93a9a719c106aa246d8,gx-no-cache=1516803763403 HTTP/1.1" 200 30
200.86.12.160 - - [24/Jan/2018:11:23:18 -0300] "POST /cormun/servlet/solicitudotadjuntos?89f7e1f66074e3b43d7bc4ec996519f3,INS,2018,9549,,1, HTTP/1.1" 200 116
200.86.12.160 - - [24/Jan/2018:11:23:18 -0300] "GET /cormun/servlet/hpexe_return? HTTP/1.1" 200 1016
200.86.12.160 - - [24/Jan/2018:11:23:19 -0300] "GET /cormun/servlet/trsolicitudadjuntos?2018,9549, HTTP/1.1" 200 9468
200.86.12.160 - - [24/Jan/2018:11:23:22 -0300] "GET /cormun/servlet/trsolicitudadjuntos?2018,9549, HTTP/1.1" 200 9466
200.86.12.160 - - [24/Jan/2018:11:23:27 -0300] "GET /cormun/servlet/solicitudotadjuntos?INS,2018,9549,,1, HTTP/1.1" 200 6250
200.86.12.160 - - [24/Jan/2018:11:23:29 -0300] "GET /cormun/servlet/solicitudotadjuntos?INS,2018,9549,,1, HTTP/1.1" 200 6244
200.86.12.160 - - [24/Jan/2018:11:23:29 -0300] "GET /cormun/static/about:blank HTTP/1.1" 404 1011
200.86.12.160 - - [24/Jan/2018:11:23:29 -0300] "GET /cormun/servlet/solicitudotadjuntos?6dac077025ed8a2f46a1ecdf6e61c3bc3c5fc85668cf08922b84c4b19fa58983f4b6b218b794a033edf81a79de42f4ee,gx-no-cache=1516803776636 HTTP/1.1" 200 30
200.86.12.160 - - [24/Jan/2018:11:23:29 -0300] "POST /cormun/servlet/solicitudotadjuntos?89f7e1f66074e3b43d7bc4ec996519f3,INS,2018,9549,,1,,gx-no-cache=1516803776716 HTTP/1.1" 200 4007
200.86.12.160 - - [24/Jan/2018:11:23:32 -0300] "POST /cormun/servlet/solicitudotadjuntos?gx-no-cache=1516803779618 HTTP/1.1" 200 26
200.86.12.160 - - [24/Jan/2018:11:23:37 -0300] "GET /cormun/servlet/solicitudotadjuntos?6dac077025ed8a2f46a1ecdf6e61c3bc3e825b1ce998b93a9a719c106aa246d8,gx-no-cache=1516803784732 HTTP/1.1" 200 30
200.86.12.160 - - [24/Jan/2018:11:23:37 -0300] "GET /cormun/servlet/solicitudotadjuntos?6dac077025ed8a2f46a1ecdf6e61c3bc3e825b1ce998b93a9a719c106aa246d8,gx-no-cache=1516803784888 HTTP/1.1" 200 30
200.86.12.160 - - [24/Jan/2018:11:23:40 -0300] "POST /cormun/servlet/solicitudotadjuntos?89f7e1f66074e3b43d7bc4ec996519f3,INS,2018,9549,,1, HTTP/1.1" 200 116
200.86.12.160 - - [24/Jan/2018:11:23:41 -0300] "GET /cormun/servlet/hpexe_return? HTTP/1.1" 200 1016
200.86.12.160 - - [24/Jan/2018:11:23:42 -0300] "GET /cormun/servlet/trsolicitudadjuntos?2018,9549, HTTP/1.1" 200 9709
200.86.12.160 - - [24/Jan/2018:11:23:45 -0300] "GET /cormun/servlet/trsolicitudadjuntos?2018,9549, HTTP/1.1" 200 9706
200.86.12.160 - - [24/Jan/2018:11:23:49 -0300] "GET /cormun/servlet/trsolicitudot? HTTP/1.1" 200 9560
200.54.247.70 - - [24/Jan/2018:11:23:50 -0300] "GET /cormun/servlet/solicitudot?2d4e89f5b55c9ddc6fa3d5a246d23700930093386eb6ef3ce1b7fbfb052a21dd76a509909786b9a555722036ad717df3abbeccaf5bf3b4934a10fb3166b9b1fb32195cd3ab9247a283ca1086ec5886a5bb0687e4e2bd6ac1c7d16405a757aa12c2566fff89be1587b0db28d8620846c6a479f339d48f8d35ab0f3c662862dc931cc0acbab34d0500922ee50cf9744e99559f0e7d4819765059e218f7f49bc5ee,gx-no-cache=1516803780923 HTTP/1.1" 200 29
200.54.247.70 - - [24/Jan/2018:11:23:51 -0300] "POST /cormun/servlet/solicitudot?gx-no-cache=1516803781038 HTTP/1.1" 200 1321
200.86.12.160 - - [24/Jan/2018:11:23:51 -0300] "GET /cormun/servlet/trsolicitudot? HTTP/1.1" 200 9553
200.54.247.70 - - [24/Jan/2018:11:23:51 -0300] "POST /cormun/servlet/solicitudot?gx-no-cache=1516803781131 HTTP/1.1" 200 1221
200.54.247.70 - - [24/Jan/2018:11:23:51 -0300] "GET /cormun/servlet/solicitudot?2d4e89f5b55c9ddc6fa3d5a246d23700f850fe9e3c33af1bbe42863aa58a63c12bbfb199c3495372724a07e8f1a7054f,gx-no-cache=1516803781212 HTTP/1.1" 200 30
200.54.247.70 - - [24/Jan/2018:11:23:51 -0300] "POST /cormun/servlet/solicitudot?gx-no-cache=1516803781248 HTTP/1.1" 200 30
200.54.247.70 - - [24/Jan/2018:11:23:51 -0300] "POST /cormun/servlet/solicitudot?059e117b3041e6279c6189d995dc8b5b,UPD,2018,8273,,gx-no-cache=1516803781297 HTTP/1.1" 200 93
200.54.247.70 - - [24/Jan/2018:11:23:51 -0300] "GET /cormun/servlet/hpexe_return? HTTP/1.1" 200 1036
200.54.247.70 - - [24/Jan/2018:11:23:52 -0300] "GET /cormun/servlet/trsolicitudot?gx-no-cache=1516802702523 HTTP/1.1" 200 25092
200.54.247.70 - - [24/Jan/2018:11:24:03 -0300] "POST /cormun/servlet/trsolicitudot?059e117b3041e6279c6189d995dc8b5b,gx-no-cache=1516802702523,gx-no-cache=1516803790681 HTTP/1.1" 200 22447
200.54.247.70 - - [24/Jan/2018:11:24:10 -0300] "POST /cormun/servlet/trsolicitudot?059e117b3041e6279c6189d995dc8b5b,gx-no-cache=1516802702523,gx-no-cache=1516803795842 HTTP/1.1" 200 22380
200.54.247.70 - - [24/Jan/2018:11:24:11 -0300] "GET /cormun/static/Shared/jqueryui/images/ui-bg_highlight-soft_100_c6c2c8_1x100.png HTTP/1.1" 404 1117
200.54.247.70 - - [24/Jan/2018:11:24:11 -0300] "GET /cormun/static/Shared/jqueryui/images/ui-icons_8d78a5_256x240.png HTTP/1.1" 404 1089
200.54.247.70 - - [24/Jan/2018:11:24:11 -0300] "GET /cormun/static/Shared/jqueryui/images/ui-bg_flat_55_fafafa_40x100.png HTTP/1.1" 404 1097
200.54.247.70 - - [24/Jan/2018:11:24:12 -0300] "GET /cormun/static/Shared/jqueryui/images/ui-icons_82798d_256x240.png HTTP/1.1" 404 1089
200.86.12.160 - - [24/Jan/2018:11:24:19 -0300] "POST /cormun/servlet/trsolicitudot?89f7e1f66074e3b43d7bc4ec996519f3,,gx-no-cache=1516803825158 HTTP/1.1" 200 106
200.86.12.160 - - [24/Jan/2018:11:24:19 -0300] "GET /cormun/servlet/solicitudot?UPD,2018,9549, HTTP/1.1" 200 15443
200.86.12.160 - - [24/Jan/2018:11:24:21 -0300] "GET /cormun/servlet/solicitudot?UPD,2018,9549, HTTP/1.1" 200 15452
200.54.247.70 - - [24/Jan/2018:11:24:21 -0300] "GET /cormun/servlet/trautorizarsolicitud? HTTP/1.1" 200 15163
200.86.12.160 - - [24/Jan/2018:11:24:22 -0300] "POST /cormun/servlet/solicitudot?gx-no-cache=1516803828938 HTTP/1.1" 200 3447
200.86.12.160 - - [24/Jan/2018:11:24:24 -0300] "POST /cormun/servlet/solicitudot?89f7e1f66074e3b43d7bc4ec996519f3,UPD,2018,9549,,gx-no-cache=1516803829822 HTTP/1.1" 200 11731
200.86.12.160 - - [24/Jan/2018:11:24:24 -0300] "GET /cormun/servlet/solicitudot?6dac077025ed8a2f46a1ecdf6e61c3bc5c571e845c2863e03af7de9535aac67eab665a8498709142ed960cd8c5dd615f,gx-no-cache=1516803831925 HTTP/1.1" 200 30
200.86.12.160 - - [24/Jan/2018:11:24:24 -0300] "GET /cormun/servlet/solicitudot?6dac077025ed8a2f46a1ecdf6e61c3bcc6ee9902f9e86e0a20815ded7cd0bf4a1f8d94e7831c4db13b0560dcc417aafd8ce9d2b30532b7ca265d258d28d706fb,gx-no-cache=1516803832061 HTTP/1.1" 200 30
200.86.12.160 - - [24/Jan/2018:11:24:25 -0300] "GET /cormun/servlet/solicitudot?6dac077025ed8a2f46a1ecdf6e61c3bc11d79bce2b624a08da1caee71af15a0df2de3e0965aa34aed852c5bdf3e18e91bbceacf76fa1298a7a618300809dbe8a,gx-no-cache=1516803832156 HTTP/1.1" 200 53
200.86.12.160 - - [24/Jan/2018:11:24:25 -0300] "POST /cormun/servlet/solicitudot?gx-no-cache=1516803832587 HTTP/1.1" 200 254
200.86.12.160 - - [24/Jan/2018:11:24:26 -0300] "GET /cormun/servlet/solicitudot?6dac077025ed8a2f46a1ecdf6e61c3bc3725da53741a3de396624e202226a198581a96c8735489d49bf0643b12816be2089c4eb689249b8d00160a248efb2d82266faeb51fbf582f791e31394c3c1de6e9db795c75f3a566bb695b91ee80ba9e5e438cc66a97b84e3794ea7ec7f49883e9f64abdc3051deffaa86d7a031b832f519ff75ebec529466fe01902a0f3ac2f1bde23513702bc3a651ebb1bf91ff8dfa62aa7404c9ad3535b474a80aabe7566897858b2844bda4222387cf183c567927d791f4cf10ae9c75f935bd56a941eaf16ecb2cf795641b2aca62ab0171d9ab85a932fef1e9250fea473100d9a0e23f777b773e2507c332fb7eaac5752297baafc707e9beceaafa043e93a65e5d3bb7bd61d8a8b5ed01ac4eb1c6f6c89bf8c3530238c63e15336e83cafc3f66916a72133be6f78941fc5b2b11a6c474f638a338e64685237592040be609a0554e8dcb388dc652a187ec46bcaf1c2e79034cf4016e91020c184fbd1af22b281eae49154a90c37fcd286afdefc5c89dce8a07c23,gx-no-cache=1516803832712 HTTP/1.1" 200 30
200.86.12.160 - - [24/Jan/2018:11:24:27 -0300] "POST /cormun/servlet/solicitudot?gx-no-cache=1516803834192 HTTP/1.1" 200 30
200.54.247.70 - - [24/Jan/2018:11:24:27 -0300] "GET /cormun/servlet/trsolicitudot? HTTP/1.1" 200 25072
200.86.12.160 - - [24/Jan/2018:11:24:27 -0300] "POST /cormun/servlet/solicitudot?gx-no-cache=1516803834451 HTTP/1.1" 200 1340
200.86.12.160 - - [24/Jan/2018:11:24:28 -0300] "POST /cormun/servlet/solicitudot?gx-no-cache=1516803835119 HTTP/1.1" 200 41
200.54.247.70 - - [24/Jan/2018:11:24:40 -0300] "POST /cormun/servlet/trsolicitudot?059e117b3041e6279c6189d995dc8b5b,,gx-no-cache=1516803825627 HTTP/1.1" 200 105
200.54.247.70 - - [24/Jan/2018:11:24:40 -0300] "GET /cormun/servlet/solicitudot?UPD,2018,8271, HTTP/1.1" 200 15391
200.54.247.70 - - [24/Jan/2018:11:24:42 -0300] "POST /cormun/servlet/solicitudot?gx-no-cache=1516803831638 HTTP/1.1" 200 3403
200.54.247.70 - - [24/Jan/2018:11:24:43 -0300] "POST /cormun/servlet/solicitudot?059e117b3041e6279c6189d995dc8b5b,UPD,2018,8271,,gx-no-cache=1516803833219 HTTP/1.1" 200 11707
200.54.247.70 - - [24/Jan/2018:11:24:43 -0300] "GET /cormun/servlet/solicitudot?2d4e89f5b55c9ddc6fa3d5a246d237000ccd3b6a7b7a7d7cf76fb9a84f3d489f4ad92d4ba45bff1da1319ba28d66df97,gx-no-cache=1516803833991 HTTP/1.1" 200 30
200.54.247.70 - - [24/Jan/2018:11:24:44 -0300] "GET /cormun/servlet/solicitudot?2d4e89f5b55c9ddc6fa3d5a246d23700794e15bb68cc26f0b5c0359584050172ea1591dbc30947f7089b9c58a1b4fd5f0969f817eefa43e2c4f34bd722658a5a,gx-no-cache=1516803834107 HTTP/1.1" 200 30
200.54.247.70 - - [24/Jan/2018:11:24:44 -0300] "GET /cormun/servlet/solicitudot?2d4e89f5b55c9ddc6fa3d5a246d237008d77d3943b3b3c95bede284405e78593,gx-no-cache=1516803834178 HTTP/1.1" 200 29
200.54.247.70 - - [24/Jan/2018:11:24:44 -0300] "POST /cormun/servlet/solicitudot?gx-no-cache=1516803834250 HTTP/1.1" 200 254
200.54.247.70 - - [24/Jan/2018:11:24:44 -0300] "GET /cormun/servlet/solicitudot?2d4e89f5b55c9ddc6fa3d5a246d23700b116874f82c6a67b57df4c750b932536302f9fef3691ec77f9c974753074f0fd282f729976317182f779283c38ff02b57d00245ca9a36046198f7e7120688209dd518d79a425bd95698cf15482ed1d51776588ce1647e9981a12a3693850d6957823d3c515577ac546600b342fe01cb57d1720361422efcf82d101606e00c628b9e6cf4f62b94b919f0daadfd78b7162541921d12b827c3368e48149c31661d1eee02923a610254c2e767ff7542b209903dde125376ff157d4274eb9d61951f844d5ad390c5c86cebe1693eaa4d8a233be5063b128820624b3365e209fbf4400140a599ab504f354581eb074b8447b4c5ed99723ae024a7b4c2f4ba5c80d72aa1ff4042697a4bbf1f1f1daaa4485c4b70bb1e8248cc174ec803a244e9c9ce8f1400183bf576f3ea0450296f311852611a9516506602a0df4c72251d60f98eeee6c5fad5d9408089af2a0b2a1c81387770e28d42fe835280504fd9504706d31eb816735b418a8d3b6831173938c623a03,gx-no-cache=1516803834336 HTTP/1.1" 200 30
200.54.247.70 - - [24/Jan/2018:11:24:44 -0300] "POST /cormun/servlet/solicitudot?gx-no-cache=1516803834431 HTTP/1.1" 200 30
200.54.247.70 - - [24/Jan/2018:11:24:45 -0300] "POST /cormun/servlet/solicitudot?gx-no-cache=1516803834937 HTTP/1.1" 200 1339
200.54.247.70 - - [24/Jan/2018:11:24:45 -0300] "POST /cormun/servlet/solicitudot?gx-no-cache=1516803835136 HTTP/1.1" 200 41
200.86.12.160 - - [24/Jan/2018:11:24:49 -0300] "GET /cormun/servlet/solicitudot?6dac077025ed8a2f46a1ecdf6e61c3bca1cf39d96e38d4d70716a7abff0dcf1d5f111389c45bfdbf6f9b50ac82774fc19bab623deb45d7df93bb6d08d07a424b3079d67bd6b7c04b89d4702a27b589bbf05f25afe3be8fa04b6d4f8fd7a223f35694eec970cd0a6e496ee5103f728c968c74b336755293de84b719be088f89d0948194c2c188a9aaa45effe6005dbac62d46b74b1a757d0e941f9502024eb0ecc0f2ad76a702e7b517dc601d5d732facb0b29e929653246c5f470cc4815dba7b0545a41ed83edfe2df9a49615d2de2af,gx-no-cache=1516803856391 HTTP/1.1" 200 29
200.86.12.160 - - [24/Jan/2018:11:24:49 -0300] "POST /cormun/servlet/solicitudot?gx-no-cache=1516803856656 HTTP/1.1" 200 1322
200.86.12.160 - - [24/Jan/2018:11:24:50 -0300] "POST /cormun/servlet/solicitudot?gx-no-cache=1516803857162 HTTP/1.1" 200 1221
200.86.12.160 - - [24/Jan/2018:11:24:50 -0300] "GET /cormun/servlet/solicitudot?6dac077025ed8a2f46a1ecdf6e61c3bc4f040c1815682b4b2b19868b14d7b3deb9dd76cd14135b31640d75eb4a623b36,gx-no-cache=1516803857703 HTTP/1.1" 200 30
200.86.12.160 - - [24/Jan/2018:11:24:50 -0300] "POST /cormun/servlet/solicitudot?gx-no-cache=1516803857799 HTTP/1.1" 200 30
200.86.12.160 - - [24/Jan/2018:11:24:51 -0300] "POST /cormun/servlet/solicitudot?89f7e1f66074e3b43d7bc4ec996519f3,UPD,2018,9549,,gx-no-cache=1516803857911 HTTP/1.1" 200 93
200.86.12.160 - - [24/Jan/2018:11:24:51 -0300] "GET /cormun/servlet/hpexe_return? HTTP/1.1" 200 1003
200.86.12.160 - - [24/Jan/2018:11:24:52 -0300] "GET /cormun/servlet/trsolicitudot HTTP/1.1" 200 9575
200.86.12.160 - - [24/Jan/2018:11:24:53 -0300] "GET /cormun/servlet/trsolicitudot HTTP/1.1" 200 9571
200.86.12.160 - - [24/Jan/2018:11:25:06 -0300] "POST /cormun/servlet/trsolicitudot?89f7e1f66074e3b43d7bc4ec996519f3,gx-no-cache=1516803871471 HTTP/1.1" 200 105
200.86.12.160 - - [24/Jan/2018:11:25:06 -0300] "GET /cormun/servlet/solicitudot?UPD,2018,9550, HTTP/1.1" 200 15501
200.86.12.160 - - [24/Jan/2018:11:25:08 -0300] "GET /cormun/servlet/solicitudot?UPD,2018,9550, HTTP/1.1" 200 15510
200.86.12.160 - - [24/Jan/2018:11:25:09 -0300] "POST /cormun/servlet/solicitudot?gx-no-cache=1516803875654 HTTP/1.1" 200 3447
200.86.12.160 - - [24/Jan/2018:11:25:09 -0300] "POST /cormun/servlet/solicitudot?89f7e1f66074e3b43d7bc4ec996519f3,UPD,2018,9550,,gx-no-cache=1516803876420 HTTP/1.1" 200 11788
200.86.12.160 - - [24/Jan/2018:11:25:10 -0300] "GET /cormun/servlet/solicitudot?6dac077025ed8a2f46a1ecdf6e61c3bc5c571e845c2863e03af7de9535aac67eab665a8498709142ed960cd8c5dd615f,gx-no-cache=1516803877321 HTTP/1.1" 200 30
200.86.12.160 - - [24/Jan/2018:11:25:10 -0300] "GET /cormun/servlet/solicitudot?6dac077025ed8a2f46a1ecdf6e61c3bcc6ee9902f9e86e0a20815ded7cd0bf4a1f8d94e7831c4db13b0560dcc417aafd8ce9d2b30532b7ca265d258d28d706fb,gx-no-cache=1516803877494 HTTP/1.1" 200 30
200.86.12.160 - - [24/Jan/2018:11:25:10 -0300] "GET /cormun/servlet/solicitudot?6dac077025ed8a2f46a1ecdf6e61c3bc11d79bce2b624a08da1caee71af15a0df2de3e0965aa34aed852c5bdf3e18e91bbceacf76fa1298a7a618300809dbe8a,gx-no-cache=1516803877604 HTTP/1.1" 200 53
200.86.12.160 - - [24/Jan/2018:11:25:10 -0300] "POST /cormun/servlet/solicitudot?gx-no-cache=1516803877721 HTTP/1.1" 200 254
200.86.12.160 - - [24/Jan/2018:11:25:11 -0300] "GET /cormun/servlet/solicitudot?6dac077025ed8a2f46a1ecdf6e61c3bc3725da53741a3de396624e202226a198581a96c8735489d49bf0643b12816be2089c4eb689249b8d00160a248efb2d82266faeb51fbf582f791e31394c3c1de6e9db795c75f3a566bb695b91ee80ba9e5e438cc66a97b84e3794ea7ec7f49883e9f64abdc3051deffaa86d7a031b832f519ff75ebec529466fe01902a0f3ac2f1bde23513702bc3a651ebb1bf91ff8dfa62aa7404c9ad3535b474a80aabe7566897858b2844bda4222387cf183c567927d791f4cf10ae9c75f935bd56a941eaf16ecb2cf795641b2aca62ab0171d9ab85a932fef1e9250fea473100d9a0e23f777b773e2507c332fb7eaac5752297baafc707e9beceaafa043e93a65e5d3bb7bd61d8a8b5ed01ac4eb1c6f6c89bf8c3530238c63e15336e83cafc3f66916a72133be6f78941fc5b2b11a6c474f638a338e64685237592040be609a0554e8dcb388dc652a187ec46bcaf1c2e79034cf4016e91020c184fbd1af22b281eae49154a90c37fcd286afdefc5c89dce8a07c23,gx-no-cache=1516803878159 HTTP/1.1" 200 30
200.86.12.160 - - [24/Jan/2018:11:25:11 -0300] "POST /cormun/servlet/solicitudot?gx-no-cache=1516803878667 HTTP/1.1" 200 30
200.86.12.160 - - [24/Jan/2018:11:25:12 -0300] "POST /cormun/servlet/solicitudot?gx-no-cache=1516803878921 HTTP/1.1" 200 1341
200.86.12.160 - - [24/Jan/2018:11:25:12 -0300] "POST /cormun/servlet/solicitudot?gx-no-cache=1516803879539 HTTP/1.1" 200 41
192.168.10.60 - - [24/Jan/2018:11:25:20 -0300] "GET /cormun/servlet/solicitudgral?UPD,2018,8680, HTTP/1.1" 200 12225
192.168.10.60 - - [24/Jan/2018:11:25:21 -0300] "GET /cormun/servlet/solicitudgral?UPD,2018,8680, HTTP/1.1" 200 12213
192.168.10.60 - - [24/Jan/2018:11:25:21 -0300] "POST /cormun/servlet/solicitudgral?gx-no-cache=1516803776446 HTTP/1.1" 200 3865
192.168.10.60 - - [24/Jan/2018:11:25:21 -0300] "GET /cormun/servlet/solicitudgral?26640414a3f70cd9c2b46fff1f4e3b46ba626a597b5113551ac7b202804e4f4ccfff5bc1efce4c965111d473cd5e458b039c86e0a6d70bc2abae8b53fdcad5c8735fcd49fa7056f20f4eeb918201356a31a537fcb55aa560dd40c14b233526a877f8e7d53710d259e24aa5d1cefc10d7f546490857e146839e97f08a4d2bec9f644ffb44122ad775d2fa3c8b7b48f308a9fd218af61c33fa15c59c9c81fae6e1787bd192b3e423c8d669ad6f6f25c55dd65853a9fe7dc463746d2ef1dd312bc5e8ed8a4d868d9e9a4d7ad641255fd1ca6ad24fb94d83791a9199254ff37e74a960c6aa1afda4973dab53bda62e59e385ea555d94d05977132fbf354bb39db9a4be6c529b46dcb2235d5f6a0a4a4151dc172124c339797ec3d51e1bcb6b34c333c1a8a52eb6440139f1a1a9546d8880c4740727b0b185dd4533fc7b35c6155f97570fb2d8778a37c445a4500e74647e64,gx-no-cache=1516803776596 HTTP/1.1" 200 240
200.86.12.160 - - [24/Jan/2018:11:25:25 -0300] "GET /cormun/servlet/solicitudot?6dac077025ed8a2f46a1ecdf6e61c3bca1cf39d96e38d4d70716a7abff0dcf1d5f111389c45bfdbf6f9b50ac82774fc19bab623deb45d7df93bb6d08d07a424b3079d67bd6b7c04b89d4702a27b589bbf05f25afe3be8fa04b6d4f8fd7a223f35694eec970cd0a6e496ee5103f728c968c74b336755293de84b719be088f89d0948194c2c188a9aaa45effe6005dbac62d46b74b1a757d0e941f9502024eb0ecc0f2ad76a702e7b517dc601d5d732facb0b29e929653246c5f470cc4815dba7b0545a41ed83edfe2df9a49615d2de2af,gx-no-cache=1516803892126 HTTP/1.1" 200 29
200.86.12.160 - - [24/Jan/2018:11:25:25 -0300] "POST /cormun/servlet/solicitudot?gx-no-cache=1516803892276 HTTP/1.1" 200 1323
200.86.12.160 - - [24/Jan/2018:11:25:26 -0300] "POST /cormun/servlet/solicitudot?gx-no-cache=1516803892820 HTTP/1.1" 200 1221
200.86.12.160 - - [24/Jan/2018:11:25:26 -0300] "GET /cormun/servlet/solicitudot?6dac077025ed8a2f46a1ecdf6e61c3bc4f040c1815682b4b2b19868b14d7b3deb9dd76cd14135b31640d75eb4a623b36,gx-no-cache=1516803894025 HTTP/1.1" 200 30
200.86.12.160 - - [24/Jan/2018:11:25:27 -0300] "POST /cormun/servlet/solicitudot?gx-no-cache=1516803894150 HTTP/1.1" 200 30
192.168.10.60 - - [24/Jan/2018:11:25:27 -0300] "GET /cormun/servlet/solicitudgral?26640414a3f70cd9c2b46fff1f4e3b4656702ca151c39165bb3040434fab303e80f743c8612d05d4372d2cea9135df38be6c529b46dcb2235d5f6a0a4a4151dcb6a05a99e9c67c81ff84164839ae06099afd7ab7d7eacc6fa97adfd1d65218264380fe4c37400c269790b8f9595cded0b26a6b232e7600827ce17596d0fe441fd93cba848d2f8bef8382c92d13131aba952e41f1b52aaa3a43d0b3f6a1418b88f59860bb6e23cb95e938fab57a433acc57d96cb99b321dcf4aa86694a9e6dcd68d3c91afc8973ea8a465ea68a36d0149cd92118671a3b24222dd8cf543944a069eef49e9fb214b3d51b60fdc826ff084aff4f4ed2b75c8c574916da1adeae301f9de2490c474b461589945f5da3190d77ace4fa06262b3ef84d90e34e89beea2e48e2ba09006439d5ee3649f0b5d10b2fbe876db757a4adfc78cccd39b805a9f51695717b785ecec63260c5f63c8c3851c26d23041c497595993d56233955abef9de2490c474b461589945f5da3190d7db5f3dc8a99f5e95f793cbd80cd9acdc07d0e9b4dda9a7a491d2c89b4375f083f67c5739657754223c0209e2df796d911cf4af7d5b847e388526fb67dbf81874,gx-no-cache=1516803782335 HTTP/1.1" 200 48
200.86.12.160 - - [24/Jan/2018:11:25:30 -0300] "POST /cormun/servlet/solicitudot?89f7e1f66074e3b43d7bc4ec996519f3,UPD,2018,9550,,gx-no-cache=1516803897240 HTTP/1.1" 200 93
192.168.10.60 - - [24/Jan/2018:11:25:30 -0300] "POST /cormun/servlet/solicitudgral?184e36bc3717c8f60c9e9a79ca7f1ac9,UPD,2018,8680,,gx-no-cache=1516803785570 HTTP/1.1" 200 11100
200.86.12.160 - - [24/Jan/2018:11:25:30 -0300] "GET /cormun/servlet/hpexe_return? HTTP/1.1" 200 1003
192.168.10.60 - - [24/Jan/2018:11:25:30 -0300] "GET /cormun/servlet/solicitudgral?26640414a3f70cd9c2b46fff1f4e3b4669e292c4f9bd8ac76ae0ae01b462a441379519998c30675aafd78eb8f2f3df1df3dbc75d44b45aaa1624813841f5bc514b5311209360b6f56bdc50e12fc0cf08ee6b9fe667bf39c85f7b4ea52d88d2289470c9d62331ced22949593a316102a2,gx-no-cache=1516803785759 HTTP/1.1" 200 29
192.168.10.60 - - [24/Jan/2018:11:25:30 -0300] "POST /cormun/servlet/solicitudgral?gx-no-cache=1516803785774 HTTP/1.1" 200 1298
192.168.10.60 - - [24/Jan/2018:11:25:31 -0300] "POST /cormun/servlet/solicitudgral?gx-no-cache=1516803785803 HTTP/1.1" 200 1220
192.168.10.60 - - [24/Jan/2018:11:25:31 -0300] "POST /cormun/servlet/solicitudgral?184e36bc3717c8f60c9e9a79ca7f1ac9,UPD,2018,8680,,gx-no-cache=1516803785879 HTTP/1.1" 200 93
192.168.10.60 - - [24/Jan/2018:11:25:31 -0300] "GET /cormun/servlet/hpexe_return? HTTP/1.1" 200 1020
200.86.12.160 - - [24/Jan/2018:11:25:31 -0300] "GET /cormun/servlet/trsolicitudot HTTP/1.1" 200 9554
192.168.10.60 - - [24/Jan/2018:11:25:31 -0300] "GET /cormun/servlet/trautorizarot? HTTP/1.1" 200 19004
192.168.10.60 - - [24/Jan/2018:11:25:32 -0300] "GET /cormun/servlet/trautorizarot? HTTP/1.1" 200 18999
200.86.12.160 - - [24/Jan/2018:11:25:32 -0300] "GET /cormun/servlet/trsolicitudot HTTP/1.1" 200 9550
200.86.12.160 - - [24/Jan/2018:11:25:41 -0300] "POST /cormun/servlet/trsolicitudot?89f7e1f66074e3b43d7bc4ec996519f3,gx-no-cache=1516803908667 HTTP/1.1" 200 6365
200.86.12.160 - - [24/Jan/2018:11:25:42 -0300] "GET /cormun/static/Shared/jqueryui/images/ui-bg_highlight-soft_100_c6c2c8_1x100.png HTTP/1.1" 404 1117
200.86.12.160 - - [24/Jan/2018:11:25:42 -0300] "GET /cormun/static/Shared/jqueryui/images/ui-icons_82798d_256x240.png HTTP/1.1" 404 1089
200.86.12.160 - - [24/Jan/2018:11:25:42 -0300] "GET /cormun/static/Shared/jqueryui/images/ui-bg_flat_55_fafafa_40x100.png HTTP/1.1" 404 1097
200.86.12.160 - - [24/Jan/2018:11:25:42 -0300] "GET /cormun/static/Shared/jqueryui/images/ui-icons_8d78a5_256x240.png HTTP/1.1" 404 1089
200.86.12.160 - - [24/Jan/2018:11:25:43 -0300] "POST /cormun/servlet/trsolicitudot?89f7e1f66074e3b43d7bc4ec996519f3,gx-no-cache=1516803909642 HTTP/1.1" 200 6308
200.86.12.160 - - [24/Jan/2018:11:25:46 -0300] "POST /cormun/servlet/trsolicitudot?89f7e1f66074e3b43d7bc4ec996519f3,gx-no-cache=1516803913098 HTTP/1.1" 200 5932
200.86.12.160 - - [24/Jan/2018:11:25:48 -0300] "POST /cormun/servlet/trsolicitudot?89f7e1f66074e3b43d7bc4ec996519f3,gx-no-cache=1516803914209 HTTP/1.1" 200 5876
200.86.12.160 - - [24/Jan/2018:11:26:08 -0300] "GET /cormun/servlet/trautorizarsolicitud? HTTP/1.1" 200 9016
200.86.12.160 - - [24/Jan/2018:11:26:08 -0300] "GET /cormun/static/gxcfg.js?2017111423403364 HTTP/1.1" 200 953
200.86.12.160 - - [24/Jan/2018:11:26:08 -0300] "GET /cormun/static/trautorizarsolicitud.js?201711142340425 HTTP/1.1" 200 53910
200.86.12.160 - - [24/Jan/2018:11:26:09 -0300] "GET /cormun/servlet/trautorizarsolicitud? HTTP/1.1" 200 9016
192.168.10.60 - - [24/Jan/2018:11:26:23 -0300] "GET /cormun/servlet/hlogin HTTP/1.1" 200 1720
200.86.12.160 - - [24/Jan/2018:11:26:30 -0300] "POST /cormun/servlet/trautorizarsolicitud?89f7e1f66074e3b43d7bc4ec996519f3,,gx-no-cache=1516803956829 HTTP/1.1" 200 5821
200.86.12.160 - - [24/Jan/2018:11:26:30 -0300] "GET /cormun/static/Shared/jqueryui/images/ui-bg_highlight-soft_100_c6c2c8_1x100.png HTTP/1.1" 404 1117
200.86.12.160 - - [24/Jan/2018:11:26:30 -0300] "GET /cormun/static/Shared/jqueryui/images/ui-bg_flat_55_fafafa_40x100.png HTTP/1.1" 404 1097
200.86.12.160 - - [24/Jan/2018:11:26:30 -0300] "GET /cormun/static/Shared/jqueryui/images/ui-icons_8d78a5_256x240.png HTTP/1.1" 404 1089
200.86.12.160 - - [24/Jan/2018:11:26:30 -0300] "GET /cormun/static/Shared/jqueryui/images/ui-icons_82798d_256x240.png HTTP/1.1" 404 1089
200.86.12.160 - - [24/Jan/2018:11:26:30 -0300] "POST /cormun/servlet/trautorizarsolicitud?89f7e1f66074e3b43d7bc4ec996519f3,,gx-no-cache=1516803957825 HTTP/1.1" 200 5766
192.168.10.60 - - [24/Jan/2018:11:26:33 -0300] "GET /cormun/servlet/hlogin HTTP/1.1" 200 1720
200.86.12.160 - - [24/Jan/2018:11:26:35 -0300] "POST /cormun/servlet/trautorizarsolicitud?89f7e1f66074e3b43d7bc4ec996519f3,,gx-no-cache=1516803962380 HTTP/1.1" 200 4612
200.86.12.160 - - [24/Jan/2018:11:26:36 -0300] "POST /cormun/servlet/trautorizarsolicitud?89f7e1f66074e3b43d7bc4ec996519f3,,gx-no-cache=1516803962971 HTTP/1.1" 200 4380
200.86.12.160 - - [24/Jan/2018:11:26:41 -0300] "GET /cormun/servlet/trautorizarsolicitud? HTTP/1.1" 200 7329
200.86.12.160 - - [24/Jan/2018:11:26:43 -0300] "GET /cormun/servlet/trautorizarsolicitud? HTTP/1.1" 200 7329
192.168.10.60 - - [24/Jan/2018:11:27:00 -0300] "POST /cormun/servlet/hlogin?184e36bc3717c8f60c9e9a79ca7f1ac9,gx-no-cache=1516803875710 HTTP/1.1" 200 90
192.168.10.60 - - [24/Jan/2018:11:27:00 -0300] "GET /cormun/servlet/hpexe_link HTTP/1.1" 200 949
192.168.10.60 - - [24/Jan/2018:11:27:01 -0300] "GET /cormun/servlet/hhome HTTP/1.1" 200 4444
192.168.10.60 - - [24/Jan/2018:11:27:01 -0300] "GET /cormun/servlet/hhome HTTP/1.1" 200 4440
192.168.10.60 - - [24/Jan/2018:11:27:08 -0300] "GET /cormun/servlet/trsolicitudgral? HTTP/1.1" 200 20190
192.168.10.60 - - [24/Jan/2018:11:27:08 -0300] "GET /cormun/servlet/trsolicitudgral? HTTP/1.1" 200 20187
192.168.10.60 - - [24/Jan/2018:11:27:23 -0300] "POST /cormun/servlet/trsolicitudgral?184e36bc3717c8f60c9e9a79ca7f1ac9,,gx-no-cache=1516803897930 HTTP/1.1" 200 105
192.168.10.60 - - [24/Jan/2018:11:27:23 -0300] "GET /cormun/SolicitudGral-1721.xls HTTP/1.1" 200 17920
192.168.10.60 - - [24/Jan/2018:11:27:31 -0300] "POST /cormun/servlet/trsolicitudgral?184e36bc3717c8f60c9e9a79ca7f1ac9,,gx-no-cache=1516803906114 HTTP/1.1" 200 16860
192.168.10.60 - - [24/Jan/2018:11:27:31 -0300] "GET /cormun/static/Shared/jqueryui/images/ui-bg_highlight-soft_100_c6c2c8_1x100.png HTTP/1.1" 404 1117
192.168.10.60 - - [24/Jan/2018:11:27:31 -0300] "GET /cormun/static/Shared/jqueryui/images/ui-icons_82798d_256x240.png HTTP/1.1" 404 1089
192.168.10.60 - - [24/Jan/2018:11:27:31 -0300] "GET /cormun/static/Shared/jqueryui/images/ui-bg_flat_55_fafafa_40x100.png HTTP/1.1" 404 1097
192.168.10.60 - - [24/Jan/2018:11:27:31 -0300] "GET /cormun/static/Shared/jqueryui/images/ui-icons_8d78a5_256x240.png HTTP/1.1" 404 1089
200.86.12.160 - - [24/Jan/2018:11:28:16 -0300] "GET /cormun/servlet/trsolicitudot? HTTP/1.1" 200 8857
200.86.12.160 - - [24/Jan/2018:11:28:18 -0300] "GET /cormun/servlet/trsolicitudot? HTTP/1.1" 200 8855
200.54.247.70 - - [24/Jan/2018:11:29:00 -0300] "GET /cormun/servlet/solicitudot?2d4e89f5b55c9ddc6fa3d5a246d23700930093386eb6ef3ce1b7fbfb052a21dd76a509909786b9a555722036ad717df3abbeccaf5bf3b4934a10fb3166b9b1fb32195cd3ab9247a283ca1086ec5886a5bb0687e4e2bd6ac1c7d16405a757aa12c2566fff89be1587b0db28d8620846c6a479f339d48f8d35ab0f3c662862dc931cc0acbab34d0500922ee50cf9744e99559f0e7d4819765059e218f7f49bc5ee,gx-no-cache=1516804090334 HTTP/1.1" 200 29
200.54.247.70 - - [24/Jan/2018:11:29:00 -0300] "POST /cormun/servlet/solicitudot?gx-no-cache=1516804090415 HTTP/1.1" 200 1321
200.54.247.70 - - [24/Jan/2018:11:29:00 -0300] "POST /cormun/servlet/solicitudot?gx-no-cache=1516804090488 HTTP/1.1" 200 1220
200.54.247.70 - - [24/Jan/2018:11:29:00 -0300] "GET /cormun/servlet/solicitudot?2d4e89f5b55c9ddc6fa3d5a246d23700f850fe9e3c33af1bbe42863aa58a63c12bbfb199c3495372724a07e8f1a7054f,gx-no-cache=1516804090533 HTTP/1.1" 200 30
200.54.247.70 - - [24/Jan/2018:11:29:00 -0300] "POST /cormun/servlet/solicitudot?gx-no-cache=1516804090564 HTTP/1.1" 200 30
200.54.247.70 - - [24/Jan/2018:11:29:00 -0300] "POST /cormun/servlet/solicitudot?059e117b3041e6279c6189d995dc8b5b,UPD,2018,8271,,gx-no-cache=1516804090606 HTTP/1.1" 200 93
200.54.247.70 - - [24/Jan/2018:11:29:00 -0300] "GET /cormun/servlet/hpexe_return? HTTP/1.1" 200 1014
200.54.247.70 - - [24/Jan/2018:11:29:01 -0300] "GET /cormun/servlet/trsolicitudot HTTP/1.1" 200 25071
200.54.247.70 - - [24/Jan/2018:11:29:09 -0300] "POST /cormun/servlet/trsolicitudot?059e117b3041e6279c6189d995dc8b5b,gx-no-cache=1516804099190 HTTP/1.1" 200 22263
200.54.247.70 - - [24/Jan/2018:11:29:12 -0300] "POST /cormun/servlet/trsolicitudot?059e117b3041e6279c6189d995dc8b5b,gx-no-cache=1516804101692 HTTP/1.1" 200 22199
200.54.247.70 - - [24/Jan/2018:11:29:14 -0300] "GET /cormun/static/Shared/jqueryui/images/ui-icons_82798d_256x240.png HTTP/1.1" 404 1089
200.54.247.70 - - [24/Jan/2018:11:29:14 -0300] "GET /cormun/static/Shared/jqueryui/images/ui-bg_highlight-soft_100_c6c2c8_1x100.png HTTP/1.1" 404 1117
200.54.247.70 - - [24/Jan/2018:11:29:14 -0300] "GET /cormun/static/Shared/jqueryui/images/ui-bg_flat_55_fafafa_40x100.png HTTP/1.1" 404 1097
200.54.247.70 - - [24/Jan/2018:11:29:14 -0300] "GET /cormun/static/Shared/jqueryui/images/ui-icons_8d78a5_256x240.png HTTP/1.1" 404 1089
200.54.247.70 - - [24/Jan/2018:11:29:57 -0300] "POST /cormun/servlet/trsolicitudot?059e117b3041e6279c6189d995dc8b5b,gx-no-cache=1516804147328 HTTP/1.1" 200 105
200.54.247.70 - - [24/Jan/2018:11:29:57 -0300] "GET /cormun/servlet/solicitudot?UPD,2018,8209, HTTP/1.1" 200 15431
200.54.247.70 - - [24/Jan/2018:11:29:59 -0300] "POST /cormun/servlet/solicitudot?gx-no-cache=1516804149031 HTTP/1.1" 200 3433
200.54.247.70 - - [24/Jan/2018:11:29:59 -0300] "POST /cormun/servlet/solicitudot?059e117b3041e6279c6189d995dc8b5b,UPD,2018,8209,,gx-no-cache=1516804149305 HTTP/1.1" 200 11740
200.54.247.70 - - [24/Jan/2018:11:29:59 -0300] "GET /cormun/servlet/solicitudot?2d4e89f5b55c9ddc6fa3d5a246d23700511749cea14a3c4f874ce1f0c720ca5f4ad92d4ba45bff1da1319ba28d66df97,gx-no-cache=1516804149523 HTTP/1.1" 200 30
200.54.247.70 - - [24/Jan/2018:11:29:59 -0300] "GET /cormun/servlet/solicitudot?2d4e89f5b55c9ddc6fa3d5a246d23700101fada307d0b093e0d5dbfc980c2b76b78d0f3470933446726d305e8eaffa23813290169e452b77d7a8029504997717,gx-no-cache=1516804149596 HTTP/1.1" 200 30
200.54.247.70 - - [24/Jan/2018:11:29:59 -0300] "GET /cormun/servlet/solicitudot?2d4e89f5b55c9ddc6fa3d5a246d237008d77d3943b3b3c95bede284405e78593,gx-no-cache=1516804149622 HTTP/1.1" 200 29
200.54.247.70 - - [24/Jan/2018:11:29:59 -0300] "POST /cormun/servlet/solicitudot?gx-no-cache=1516804149652 HTTP/1.1" 200 254
200.54.247.70 - - [24/Jan/2018:11:29:59 -0300] "GET /cormun/servlet/solicitudot?2d4e89f5b55c9ddc6fa3d5a246d23700b116874f82c6a67b57df4c750b932536302f9fef3691ec77f9c974753074f0fd282f729976317182f779283c38ff02b57d00245ca9a36046198f7e7120688209dd518d79a425bd95698cf15482ed1d51776588ce1647e9981a12a3693850d6957823d3c515577ac546600b342fe01cb57d1720361422efcf82d101606e00c628b9e6cf4f62b94b919f0daadfd78b7162541921d12b827c3368e48149c31661d1eee02923a610254c2e767ff7542b209903dde125376ff157d4274eb9d61951f844d5ad390c5c86cebe1693eaa4d8a233be5063b128820624b3365e209fbf4400140a599ab504f354581eb074b8447b4c5ed99723ae024a7b4c2f4ba5c80d72aa1ff4042697a4bbf1f1f1daaa4485c4b70bb1e8248cc174ec803a244e9c9ce8f1400183bf576f3ea0450296f311852611a9516506602a0df4c72251d60f98eeee6c5fad5d9408089af2a0b2a1c81387770e28d42fe835280504fd9504706d31eb816735b418a8d3b6831173938c623a03,gx-no-cache=1516804149686 HTTP/1.1" 200 30
200.54.247.70 - - [24/Jan/2018:11:29:59 -0300] "POST /cormun/servlet/solicitudot?gx-no-cache=1516804149715 HTTP/1.1" 200 30
200.54.247.70 - - [24/Jan/2018:11:29:59 -0300] "POST /cormun/servlet/solicitudot?gx-no-cache=1516804149771 HTTP/1.1" 200 1339
200.54.247.70 - - [24/Jan/2018:11:29:59 -0300] "POST /cormun/servlet/solicitudot?gx-no-cache=1516804149828 HTTP/1.1" 200 41
200.54.247.70 - - [24/Jan/2018:11:32:36 -0300] "GET /cormun/servlet/solicitudot?2d4e89f5b55c9ddc6fa3d5a246d23700930093386eb6ef3ce1b7fbfb052a21dd76a509909786b9a555722036ad717df3abbeccaf5bf3b4934a10fb3166b9b1fb32195cd3ab9247a283ca1086ec5886a5bb0687e4e2bd6ac1c7d16405a757aa12c2566fff89be1587b0db28d8620846c6a479f339d48f8d35ab0f3c662862dc931cc0acbab34d0500922ee50cf9744e99559f0e7d4819765059e218f7f49bc5ee,gx-no-cache=1516804306247 HTTP/1.1" 200 29
200.54.247.70 - - [24/Jan/2018:11:32:36 -0300] "POST /cormun/servlet/solicitudot?gx-no-cache=1516804306325 HTTP/1.1" 200 1321
200.54.247.70 - - [24/Jan/2018:11:32:36 -0300] "POST /cormun/servlet/solicitudot?gx-no-cache=1516804306381 HTTP/1.1" 200 1221
200.54.247.70 - - [24/Jan/2018:11:32:36 -0300] "GET /cormun/servlet/solicitudot?2d4e89f5b55c9ddc6fa3d5a246d23700f850fe9e3c33af1bbe42863aa58a63c12bbfb199c3495372724a07e8f1a7054f,gx-no-cache=1516804306424 HTTP/1.1" 200 30
200.54.247.70 - - [24/Jan/2018:11:32:36 -0300] "POST /cormun/servlet/solicitudot?gx-no-cache=1516804306454 HTTP/1.1" 200 30
200.54.247.70 - - [24/Jan/2018:11:32:36 -0300] "POST /cormun/servlet/solicitudot?059e117b3041e6279c6189d995dc8b5b,UPD,2018,8209,,gx-no-cache=1516804306490 HTTP/1.1" 200 93
200.54.247.70 - - [24/Jan/2018:11:32:36 -0300] "GET /cormun/servlet/hpexe_return? HTTP/1.1" 200 1036
200.54.247.70 - - [24/Jan/2018:11:32:37 -0300] "GET /cormun/servlet/trsolicitudot?gx-no-cache=1516804101692 HTTP/1.1" 200 25033
200.54.247.70 - - [24/Jan/2018:11:32:45 -0300] "POST /cormun/servlet/trsolicitudot?059e117b3041e6279c6189d995dc8b5b,gx-no-cache=1516804101692,gx-no-cache=1516804314540 HTTP/1.1" 200 22207
200.54.247.70 - - [24/Jan/2018:11:32:47 -0300] "POST /cormun/servlet/trsolicitudot?059e117b3041e6279c6189d995dc8b5b,gx-no-cache=1516804101692,gx-no-cache=1516804316933 HTTP/1.1" 200 22144
200.54.247.70 - - [24/Jan/2018:11:32:49 -0300] "GET /cormun/static/Shared/jqueryui/images/ui-icons_8d78a5_256x240.png HTTP/1.1" 404 1089
200.54.247.70 - - [24/Jan/2018:11:32:49 -0300] "GET /cormun/static/Shared/jqueryui/images/ui-bg_highlight-soft_100_c6c2c8_1x100.png HTTP/1.1" 404 1117
200.54.247.70 - - [24/Jan/2018:11:32:49 -0300] "GET /cormun/static/Shared/jqueryui/images/ui-bg_flat_55_fafafa_40x100.png HTTP/1.1" 404 1097
200.54.247.70 - - [24/Jan/2018:11:32:49 -0300] "GET /cormun/static/Shared/jqueryui/images/ui-icons_82798d_256x240.png HTTP/1.1" 404 1089
