192.168.10.50 - - [19/Jan/2018:12:47:56 -0300] "GET /cormun/servlet/solicitudgral?7fbf1de9540790d987e084bc6050d40b277b2347dcf980a5fc82e320cfc765b3ef83da8e8d3c1dcd848717d4ce31cb952b34734dbd711be189eb229045b8b4878e9be0dd339dfebc96fb19f961242177f18a36065590bf96f66ab26a62728e69c995366567c4ffa84ba9b444e08d180e37393f2610517e4e7e8160c988c94c1f1e74574dd4316fcfbaa1cf99acaeaaaf651a4cef19bd3790ea3311c6b46789f2fe844f3decfd1cdfccc8c6e12bf8e1e844197b5603cdf95dbf426e1039afde3b23f861c304318aa87eba2a18bee31cc89e2cfa0a1457e2fdc6e9df23d630fe90d41fcc17bf98e58ed65dfa4bf37b91e2227435f7a40e256208071e450981cae86181df38bcd595e461fbfab537e7c72261ca2ebbdc9cfc46c5b8b7c62a226c21c620d42319562ff1ebaac248fbcc205c6ab117dd8ec8cece49ca2afd0c5fd0fccbf886c431ae4e57f42a1b47cc29133ea6d590340fbb5740426d4be5c52e4f3687d15e0b016e6b2b0cc50685c6f3bf1608bb41806cb058f21fca71128964e6fbe2db4fb5299abacdd79087adac32303cfe6962b506e6f0320a6dcb4589d6e5d3e370522a66f3fab9305ac57d02b98110867bc52f0039a78a36ee40b562e5cb0f70d960872bd49cdc5c0c7adb29b6df899c67989e07d02ebbf551d697e8d3a6c349fd667616751d1aaad636e72e52503a869f7936e0d312e442dc703690ffcd4bb05688addd9ba792d796e19bb61e244f140ab5e14f9fbe2a6762e117f64b7a9a3e5116282e73ced9a124b48d13f34518,gx-no-cache=1516376733483 HTTP/1.1" 200 48
192.168.10.50 - - [19/Jan/2018:12:47:56 -0300] "POST /cormun/servlet/solicitudgral?a6d6881a59cb69efe59494188f2e20b7,UPD,2018,9215,,gx-no-cache=1516376733549 HTTP/1.1" 200 11706
186.79.49.40 - - [19/Jan/2018:12:47:57 -0300] "POST /cormun/servlet/trsolicitudot?e1e4d1062752339fd8a76437a2349117,,gx-no-cache=1516376836059 HTTP/1.1" 200 4480
186.79.49.40 - - [19/Jan/2018:12:48:03 -0300] "GET /cormun/servlet/trsolicitudot? HTTP/1.1" 200 7315
186.79.49.40 - - [19/Jan/2018:12:48:04 -0300] "GET /cormun/servlet/trsolicitudot? HTTP/1.1" 200 7315
192.168.10.50 - - [19/Jan/2018:12:48:06 -0300] "GET /cormun/servlet/solicitudgral?7fbf1de9540790d987e084bc6050d40bd5da9f38540d032bca324eb72380a8456001bcf2dd7ea090dd464ca328350181e523313959208a7c521bed12a2d3c1754cc095ca3320da7d167b140b45b27ce6e2ca3d2033549eeaaa74f9a969b76887e4272b5095001b97ed907826504c5671d604ebafbdf951f84db791ae6c4b0851e2404c5f17ca643c1607191508044f7fe413e6179516a57f495e4979bcf89c70,gx-no-cache=1516376742880 HTTP/1.1" 200 29
192.168.10.50 - - [19/Jan/2018:12:48:06 -0300] "POST /cormun/servlet/solicitudgral?gx-no-cache=1516376742899 HTTP/1.1" 200 1316
192.168.10.50 - - [19/Jan/2018:12:48:06 -0300] "POST /cormun/servlet/solicitudgral?gx-no-cache=1516376742925 HTTP/1.1" 200 1221
192.168.10.50 - - [19/Jan/2018:12:48:06 -0300] "POST /cormun/servlet/solicitudgral?a6d6881a59cb69efe59494188f2e20b7,UPD,2018,9215,,gx-no-cache=1516376742956 HTTP/1.1" 200 93
192.168.10.50 - - [19/Jan/2018:12:48:06 -0300] "GET /cormun/servlet/hpexe_return? HTTP/1.1" 200 1006
192.168.10.50 - - [19/Jan/2018:12:48:06 -0300] "GET /cormun/servlet/trsolicitudgral HTTP/1.1" 200 27324
192.168.10.50 - - [19/Jan/2018:12:48:07 -0300] "GET /cormun/servlet/trsolicitudgral HTTP/1.1" 200 27320
192.168.10.50 - - [19/Jan/2018:12:48:19 -0300] "POST /cormun/servlet/trsolicitudgral?a6d6881a59cb69efe59494188f2e20b7,gx-no-cache=1516376755830 HTTP/1.1" 200 24391
192.168.10.50 - - [19/Jan/2018:12:48:19 -0300] "GET /cormun/static/Shared/jqueryui/images/ui-bg_highlight-soft_100_c6c2c8_1x100.png HTTP/1.1" 404 1117
192.168.10.50 - - [19/Jan/2018:12:48:19 -0300] "GET /cormun/static/Shared/jqueryui/images/ui-icons_82798d_256x240.png HTTP/1.1" 404 1089
192.168.10.50 - - [19/Jan/2018:12:48:20 -0300] "GET /cormun/static/Shared/jqueryui/images/ui-bg_flat_55_fafafa_40x100.png HTTP/1.1" 404 1097
192.168.10.50 - - [19/Jan/2018:12:48:20 -0300] "GET /cormun/static/Shared/jqueryui/images/ui-icons_8d78a5_256x240.png HTTP/1.1" 404 1089
186.79.49.40 - - [19/Jan/2018:12:48:27 -0300] "GET /cormun/servlet/trsolicitudot? HTTP/1.1" 200 7315
186.79.49.40 - - [19/Jan/2018:12:48:28 -0300] "GET /cormun/servlet/trsolicitudot? HTTP/1.1" 200 7315
192.168.10.89 - - [19/Jan/2018:12:48:36 -0300] "GET /cormun/servlet/hlogin HTTP/1.1" 200 1735
186.79.49.40 - - [19/Jan/2018:12:48:43 -0300] "GET /cormun/servlet/solicitudot?INS,0,0, HTTP/1.1" 200 13530
186.79.49.40 - - [19/Jan/2018:12:48:43 -0300] "GET /cormun/servlet/solicitudot?INS,0,0, HTTP/1.1" 200 13535
186.79.49.40 - - [19/Jan/2018:12:48:47 -0300] "GET /cormun/servlet/trsolicitudot? HTTP/1.1" 200 7316
186.79.49.40 - - [19/Jan/2018:12:48:47 -0300] "GET /cormun/servlet/trsolicitudot? HTTP/1.1" 200 7315
186.79.49.40 - - [19/Jan/2018:12:48:50 -0300] "POST /cormun/servlet/trsolicitudot?e1e4d1062752339fd8a76437a2349117,,gx-no-cache=1516376889726 HTTP/1.1" 200 4480
186.79.49.40 - - [19/Jan/2018:12:48:55 -0300] "POST /cormun/servlet/trsolicitudot?e1e4d1062752339fd8a76437a2349117,,gx-no-cache=1516376893965 HTTP/1.1" 200 4481
186.79.49.40 - - [19/Jan/2018:12:49:00 -0300] "GET /cormun/servlet/trsolicitudot? HTTP/1.1" 200 7315
186.79.49.40 - - [19/Jan/2018:12:49:00 -0300] "GET /cormun/servlet/trsolicitudot? HTTP/1.1" 200 7315
186.79.49.40 - - [19/Jan/2018:12:49:04 -0300] "GET /cormun/servlet/trsolicitudot? HTTP/1.1" 200 7315
186.79.49.40 - - [19/Jan/2018:12:49:04 -0300] "GET /cormun/servlet/trsolicitudot? HTTP/1.1" 200 7315
186.79.49.40 - - [19/Jan/2018:12:49:07 -0300] "GET /cormun/servlet/trsolicitudot? HTTP/1.1" 200 7315
186.79.49.40 - - [19/Jan/2018:12:49:07 -0300] "GET /cormun/servlet/trsolicitudot? HTTP/1.1" 200 7315
186.79.49.40 - - [19/Jan/2018:12:49:10 -0300] "GET /cormun/servlet/trsolicitudot? HTTP/1.1" 200 7315
186.79.49.40 - - [19/Jan/2018:12:49:10 -0300] "GET /cormun/servlet/trsolicitudot? HTTP/1.1" 200 7315
186.79.49.40 - - [19/Jan/2018:12:49:13 -0300] "GET /cormun/servlet/trsolicitudot? HTTP/1.1" 200 7315
186.79.49.40 - - [19/Jan/2018:12:49:13 -0300] "GET /cormun/servlet/trsolicitudot? HTTP/1.1" 200 7315
186.79.49.40 - - [19/Jan/2018:12:49:17 -0300] "GET /cormun/servlet/trsolicitudot? HTTP/1.1" 200 7315
192.168.10.50 - - [19/Jan/2018:12:49:17 -0300] "POST /cormun/servlet/trsolicitudgral?a6d6881a59cb69efe59494188f2e20b7,gx-no-cache=1516376814518 HTTP/1.1" 200 7223
186.79.49.40 - - [19/Jan/2018:12:49:17 -0300] "GET /cormun/servlet/trsolicitudot? HTTP/1.1" 200 7315
186.79.49.40 - - [19/Jan/2018:12:49:21 -0300] "GET /cormun/servlet/trsolicitudot? HTTP/1.1" 200 7315
186.79.49.40 - - [19/Jan/2018:12:49:21 -0300] "GET /cormun/servlet/trsolicitudot? HTTP/1.1" 200 7315
186.79.49.40 - - [19/Jan/2018:12:49:27 -0300] "GET /cormun/servlet/trsolicitudot? HTTP/1.1" 200 7315
186.79.49.40 - - [19/Jan/2018:12:49:27 -0300] "GET /cormun/servlet/trsolicitudot? HTTP/1.1" 200 7315
186.79.49.40 - - [19/Jan/2018:12:49:30 -0300] "GET /cormun/servlet/trsolicitudot? HTTP/1.1" 200 7315
186.79.49.40 - - [19/Jan/2018:12:49:31 -0300] "GET /cormun/servlet/trsolicitudot? HTTP/1.1" 200 7315
186.79.49.40 - - [19/Jan/2018:12:49:35 -0300] "GET /cormun/servlet/trautorizarsolicitud? HTTP/1.1" 200 12623
186.79.49.40 - - [19/Jan/2018:12:49:36 -0300] "GET /cormun/servlet/trautorizarsolicitud? HTTP/1.1" 200 12622
186.79.49.40 - - [19/Jan/2018:12:49:43 -0300] "POST /cormun/servlet/trautorizarsolicitud?e1e4d1062752339fd8a76437a2349117,,gx-no-cache=1516376941848 HTTP/1.1" 200 9760
186.79.49.40 - - [19/Jan/2018:12:49:43 -0300] "GET /cormun/static/Shared/jqueryui/images/ui-bg_highlight-soft_100_c6c2c8_1x100.png HTTP/1.1" 404 1117
186.79.49.40 - - [19/Jan/2018:12:49:43 -0300] "GET /cormun/static/Shared/jqueryui/images/ui-bg_flat_55_fafafa_40x100.png HTTP/1.1" 404 1097
186.79.49.40 - - [19/Jan/2018:12:49:43 -0300] "GET /cormun/static/Shared/jqueryui/images/ui-icons_8d78a5_256x240.png HTTP/1.1" 404 1089
186.79.49.40 - - [19/Jan/2018:12:49:43 -0300] "GET /cormun/static/Shared/jqueryui/images/ui-icons_82798d_256x240.png HTTP/1.1" 404 1089
192.168.10.50 - - [19/Jan/2018:12:49:46 -0300] "POST /cormun/servlet/trsolicitudgral?a6d6881a59cb69efe59494188f2e20b7,gx-no-cache=1516376843423 HTTP/1.1" 200 6064
186.79.49.40 - - [19/Jan/2018:12:49:48 -0300] "GET /cormun/servlet/trsolicitudot? HTTP/1.1" 200 7315
186.79.49.40 - - [19/Jan/2018:12:49:49 -0300] "GET /cormun/servlet/trsolicitudot? HTTP/1.1" 200 7315
186.79.49.40 - - [19/Jan/2018:12:49:52 -0300] "GET /cormun/servlet/solicitudot?INS,0,0, HTTP/1.1" 200 13530
186.79.49.40 - - [19/Jan/2018:12:49:52 -0300] "GET /cormun/servlet/solicitudot?INS,0,0, HTTP/1.1" 200 13535
186.79.49.40 - - [19/Jan/2018:12:49:56 -0300] "POST /cormun/servlet/solicitudot?e1e4d1062752339fd8a76437a2349117,INS,0,0,,gx-no-cache=1516376955487 HTTP/1.1" 200 93
186.79.49.40 - - [19/Jan/2018:12:49:56 -0300] "GET /cormun/servlet/hpexe_return? HTTP/1.1" 200 1003
186.79.49.40 - - [19/Jan/2018:12:49:57 -0300] "GET /cormun/servlet/trsolicitudot HTTP/1.1" 200 7318
186.79.49.40 - - [19/Jan/2018:12:49:57 -0300] "GET /cormun/servlet/trsolicitudot HTTP/1.1" 200 7315
192.168.10.50 - - [19/Jan/2018:12:49:57 -0300] "POST /cormun/servlet/trsolicitudgral?a6d6881a59cb69efe59494188f2e20b7,gx-no-cache=1516376854366 HTTP/1.1" 200 7236
186.79.49.40 - - [19/Jan/2018:12:50:08 -0300] "POST /cormun/servlet/trsolicitudot?e1e4d1062752339fd8a76437a2349117,gx-no-cache=1516376967260 HTTP/1.1" 200 4483
192.168.10.50 - - [19/Jan/2018:12:50:14 -0300] "POST /cormun/servlet/trsolicitudgral?a6d6881a59cb69efe59494188f2e20b7,gx-no-cache=1516376870984 HTTP/1.1" 200 6063
186.79.49.40 - - [19/Jan/2018:12:50:16 -0300] "POST /cormun/servlet/trsolicitudot?e1e4d1062752339fd8a76437a2349117,gx-no-cache=1516376975196 HTTP/1.1" 200 4483
186.79.49.40 - - [19/Jan/2018:12:50:18 -0300] "GET /cormun/servlet/solicitudot?INS,0,0, HTTP/1.1" 200 13530
186.79.49.40 - - [19/Jan/2018:12:50:19 -0300] "GET /cormun/servlet/solicitudot?INS,0,0, HTTP/1.1" 200 13535
186.79.49.40 - - [19/Jan/2018:12:50:26 -0300] "GET /cormun/servlet/trsolicitudot? HTTP/1.1" 200 7316
186.79.49.40 - - [19/Jan/2018:12:50:27 -0300] "GET /cormun/servlet/trsolicitudot? HTTP/1.1" 200 7315
192.168.10.50 - - [19/Jan/2018:12:50:28 -0300] "POST /cormun/servlet/trsolicitudgral?a6d6881a59cb69efe59494188f2e20b7,gx-no-cache=1516376885377 HTTP/1.1" 200 7213
186.79.49.40 - - [19/Jan/2018:12:50:31 -0300] "POST /cormun/servlet/trsolicitudot?e1e4d1062752339fd8a76437a2349117,,gx-no-cache=1516376989982 HTTP/1.1" 200 4477
186.79.49.40 - - [19/Jan/2018:12:50:34 -0300] "GET /cormun/servlet/trsolicitudot? HTTP/1.1" 200 7315
186.79.49.40 - - [19/Jan/2018:12:50:34 -0300] "GET /cormun/servlet/trsolicitudot? HTTP/1.1" 200 7315
192.168.10.50 - - [19/Jan/2018:12:50:36 -0300] "POST /cormun/servlet/trsolicitudgral?a6d6881a59cb69efe59494188f2e20b7,gx-no-cache=1516376893286 HTTP/1.1" 200 6061
186.79.49.40 - - [19/Jan/2018:12:50:38 -0300] "GET /cormun/servlet/trsolicitudot? HTTP/1.1" 200 7315
186.79.49.40 - - [19/Jan/2018:12:50:38 -0300] "GET /cormun/servlet/trsolicitudot? HTTP/1.1" 200 7315
192.168.10.50 - - [19/Jan/2018:12:50:44 -0300] "POST /cormun/servlet/trsolicitudgral?a6d6881a59cb69efe59494188f2e20b7,gx-no-cache=1516376900770 HTTP/1.1" 200 7231
192.168.10.50 - - [19/Jan/2018:12:50:53 -0300] "POST /cormun/servlet/trsolicitudgral?a6d6881a59cb69efe59494188f2e20b7,gx-no-cache=1516376910199 HTTP/1.1" 200 6068
186.79.49.40 - - [19/Jan/2018:12:50:54 -0300] "GET /cormun/servlet/trsolicitudot? HTTP/1.1" 200 7315
186.79.49.40 - - [19/Jan/2018:12:50:55 -0300] "GET /cormun/servlet/trsolicitudot? HTTP/1.1" 200 7315
192.168.10.50 - - [19/Jan/2018:12:51:00 -0300] "POST /cormun/servlet/trsolicitudgral?a6d6881a59cb69efe59494188f2e20b7,gx-no-cache=1516376917070 HTTP/1.1" 200 7223
186.79.49.40 - - [19/Jan/2018:12:51:04 -0300] "GET /cormun/servlet/solicitudot?INS,0,0, HTTP/1.1" 200 13528
186.79.49.40 - - [19/Jan/2018:12:51:04 -0300] "GET /cormun/servlet/solicitudot?INS,0,0, HTTP/1.1" 200 13533
186.79.49.40 - - [19/Jan/2018:12:51:08 -0300] "POST /cormun/servlet/solicitudot?e1e4d1062752339fd8a76437a2349117,INS,0,0,,gx-no-cache=1516377027310 HTTP/1.1" 200 93
186.79.49.40 - - [19/Jan/2018:12:51:08 -0300] "GET /cormun/servlet/hpexe_return? HTTP/1.1" 200 1003
186.79.49.40 - - [19/Jan/2018:12:51:08 -0300] "GET /cormun/servlet/trsolicitudot HTTP/1.1" 200 7318
192.168.10.50 - - [19/Jan/2018:12:51:08 -0300] "POST /cormun/servlet/trsolicitudgral?a6d6881a59cb69efe59494188f2e20b7,gx-no-cache=1516376925403 HTTP/1.1" 200 6061
186.79.49.40 - - [19/Jan/2018:12:51:09 -0300] "GET /cormun/servlet/trsolicitudot HTTP/1.1" 200 7315
186.79.49.40 - - [19/Jan/2018:12:51:12 -0300] "POST /cormun/servlet/trsolicitudot?e1e4d1062752339fd8a76437a2349117,gx-no-cache=1516377030860 HTTP/1.1" 200 103
186.79.49.40 - - [19/Jan/2018:12:51:12 -0300] "GET /cormun/SolicitudOT-3247.xls HTTP/1.1" 200 4608
192.168.10.50 - - [19/Jan/2018:12:51:17 -0300] "POST /cormun/servlet/trsolicitudgral?a6d6881a59cb69efe59494188f2e20b7,gx-no-cache=1516376934387 HTTP/1.1" 200 7211
192.168.10.60 - - [19/Jan/2018:12:51:26 -0300] "POST /cormun/servlet/trsolicitudgral?a0a736e60fceea83405c9eb2096e307d,,gx-no-cache=1516376942516 HTTP/1.1" 200 10914
192.168.10.60 - - [19/Jan/2018:12:51:26 -0300] "GET /cormun/static/Shared/jqueryui/images/ui-bg_highlight-soft_100_c6c2c8_1x100.png HTTP/1.1" 404 1117
192.168.10.60 - - [19/Jan/2018:12:51:26 -0300] "GET /cormun/static/Shared/jqueryui/images/ui-icons_82798d_256x240.png HTTP/1.1" 404 1089
192.168.10.60 - - [19/Jan/2018:12:51:26 -0300] "GET /cormun/static/Shared/jqueryui/images/ui-bg_flat_55_fafafa_40x100.png HTTP/1.1" 404 1097
192.168.10.60 - - [19/Jan/2018:12:51:26 -0300] "GET /cormun/static/Shared/jqueryui/images/ui-icons_8d78a5_256x240.png HTTP/1.1" 404 1089
192.168.10.50 - - [19/Jan/2018:12:51:26 -0300] "POST /cormun/servlet/trsolicitudgral?a6d6881a59cb69efe59494188f2e20b7,gx-no-cache=1516376943155 HTTP/1.1" 200 6057
192.168.10.50 - - [19/Jan/2018:12:51:32 -0300] "POST /cormun/servlet/trsolicitudgral?a6d6881a59cb69efe59494188f2e20b7,gx-no-cache=1516376949009 HTTP/1.1" 200 22209
186.79.49.40 - - [19/Jan/2018:12:51:38 -0300] "GET /cormun/servlet/trsolicitudot? HTTP/1.1" 200 7315
186.79.49.40 - - [19/Jan/2018:12:51:38 -0300] "GET /cormun/servlet/trsolicitudot? HTTP/1.1" 200 7315
186.79.49.40 - - [19/Jan/2018:12:51:43 -0300] "POST /cormun/servlet/trsolicitudot?e1e4d1062752339fd8a76437a2349117,,gx-no-cache=1516377062078 HTTP/1.1" 200 4482
186.79.49.40 - - [19/Jan/2018:12:51:44 -0300] "POST /cormun/servlet/trsolicitudot?e1e4d1062752339fd8a76437a2349117,,gx-no-cache=1516377063251 HTTP/1.1" 200 4482
186.79.49.40 - - [19/Jan/2018:12:51:45 -0300] "POST /cormun/servlet/trsolicitudot?e1e4d1062752339fd8a76437a2349117,,gx-no-cache=1516377064618 HTTP/1.1" 200 4481
186.79.49.40 - - [19/Jan/2018:12:52:12 -0300] "GET /cormun/servlet/trsolicitudot? HTTP/1.1" 200 7315
186.79.49.40 - - [19/Jan/2018:12:52:12 -0300] "GET /cormun/servlet/trsolicitudot? HTTP/1.1" 200 7315
186.79.49.40 - - [19/Jan/2018:12:52:18 -0300] "GET /cormun/servlet/solicitudot?INS,0,0, HTTP/1.1" 200 13531
186.79.49.40 - - [19/Jan/2018:12:52:19 -0300] "GET /cormun/servlet/solicitudot?INS,0,0, HTTP/1.1" 200 13535
186.79.49.40 - - [19/Jan/2018:12:52:24 -0300] "GET /cormun/servlet/trsolicitudot? HTTP/1.1" 200 7316
186.79.49.40 - - [19/Jan/2018:12:52:24 -0300] "GET /cormun/servlet/trsolicitudot? HTTP/1.1" 200 7315
186.79.49.40 - - [19/Jan/2018:12:52:35 -0300] "POST /cormun/servlet/trsolicitudot?e1e4d1062752339fd8a76437a2349117,,gx-no-cache=1516377114118 HTTP/1.1" 200 4480
186.79.49.40 - - [19/Jan/2018:12:52:36 -0300] "POST /cormun/servlet/trsolicitudot?e1e4d1062752339fd8a76437a2349117,,gx-no-cache=1516377115508 HTTP/1.1" 200 4480
186.79.49.40 - - [19/Jan/2018:12:52:37 -0300] "POST /cormun/servlet/trsolicitudot?e1e4d1062752339fd8a76437a2349117,,gx-no-cache=1516377116556 HTTP/1.1" 200 4481
186.79.49.40 - - [19/Jan/2018:12:52:38 -0300] "POST /cormun/servlet/trsolicitudot?e1e4d1062752339fd8a76437a2349117,,gx-no-cache=1516377117475 HTTP/1.1" 200 4480
186.79.49.40 - - [19/Jan/2018:12:52:39 -0300] "POST /cormun/servlet/trsolicitudot?e1e4d1062752339fd8a76437a2349117,,gx-no-cache=1516377118419 HTTP/1.1" 200 4480
186.79.49.40 - - [19/Jan/2018:12:52:41 -0300] "POST /cormun/servlet/trsolicitudot?e1e4d1062752339fd8a76437a2349117,,gx-no-cache=1516377120227 HTTP/1.1" 200 4480
186.79.49.40 - - [19/Jan/2018:12:52:42 -0300] "POST /cormun/servlet/trsolicitudot?e1e4d1062752339fd8a76437a2349117,,gx-no-cache=1516377121122 HTTP/1.1" 200 4482
192.168.10.50 - - [19/Jan/2018:12:52:42 -0300] "POST /cormun/servlet/trsolicitudgral?a6d6881a59cb69efe59494188f2e20b7,gx-no-cache=1516377019049 HTTP/1.1" 200 21600
186.79.49.40 - - [19/Jan/2018:12:52:43 -0300] "POST /cormun/servlet/trsolicitudot?e1e4d1062752339fd8a76437a2349117,,gx-no-cache=1516377121947 HTTP/1.1" 200 4480
186.79.49.40 - - [19/Jan/2018:12:52:44 -0300] "POST /cormun/servlet/trsolicitudot?e1e4d1062752339fd8a76437a2349117,,gx-no-cache=1516377123132 HTTP/1.1" 200 4479
186.79.49.40 - - [19/Jan/2018:12:52:45 -0300] "POST /cormun/servlet/trsolicitudot?e1e4d1062752339fd8a76437a2349117,,gx-no-cache=1516377124034 HTTP/1.1" 200 4481
186.79.49.40 - - [19/Jan/2018:12:52:45 -0300] "POST /cormun/servlet/trsolicitudot?e1e4d1062752339fd8a76437a2349117,,gx-no-cache=1516377124547 HTTP/1.1" 200 4481
192.168.10.60 - - [19/Jan/2018:12:52:48 -0300] "POST /cormun/servlet/trsolicitudgral?a0a736e60fceea83405c9eb2096e307d,,gx-no-cache=1516377025280 HTTP/1.1" 200 10476
192.168.10.50 - - [19/Jan/2018:12:52:51 -0300] "POST /cormun/servlet/trsolicitudgral?a6d6881a59cb69efe59494188f2e20b7,gx-no-cache=1516377028528 HTTP/1.1" 200 7217
192.168.10.60 - - [19/Jan/2018:12:54:40 -0300] "POST /cormun/servlet/trsolicitudgral?a0a736e60fceea83405c9eb2096e307d,,gx-no-cache=1516377137071 HTTP/1.1" 200 9396
192.168.10.50 - - [19/Jan/2018:12:54:43 -0300] "POST /cormun/servlet/trsolicitudgral?a6d6881a59cb69efe59494188f2e20b7,gx-no-cache=1516377139921 HTTP/1.1" 200 6064
192.168.10.50 - - [19/Jan/2018:12:54:49 -0300] "POST /cormun/servlet/trsolicitudgral?a6d6881a59cb69efe59494188f2e20b7,gx-no-cache=1516377146283 HTTP/1.1" 200 7204
192.168.10.50 - - [19/Jan/2018:12:54:57 -0300] "POST /cormun/servlet/trsolicitudgral?a6d6881a59cb69efe59494188f2e20b7,gx-no-cache=1516377154261 HTTP/1.1" 200 6046
192.168.10.50 - - [19/Jan/2018:12:55:06 -0300] "POST /cormun/servlet/trsolicitudgral?a6d6881a59cb69efe59494188f2e20b7,gx-no-cache=1516377162752 HTTP/1.1" 200 7197
192.168.10.50 - - [19/Jan/2018:12:55:20 -0300] "POST /cormun/servlet/trsolicitudgral?a6d6881a59cb69efe59494188f2e20b7,gx-no-cache=1516377176928 HTTP/1.1" 200 6049
192.168.10.50 - - [19/Jan/2018:12:55:26 -0300] "POST /cormun/servlet/trsolicitudgral?a6d6881a59cb69efe59494188f2e20b7,gx-no-cache=1516377182971 HTTP/1.1" 200 7199
192.168.10.50 - - [19/Jan/2018:12:55:35 -0300] "POST /cormun/servlet/trsolicitudgral?a6d6881a59cb69efe59494188f2e20b7,gx-no-cache=1516377191912 HTTP/1.1" 200 6050
192.168.10.50 - - [19/Jan/2018:12:56:00 -0300] "POST /cormun/servlet/trsolicitudgral?a6d6881a59cb69efe59494188f2e20b7,gx-no-cache=1516377217021 HTTP/1.1" 200 7207
192.168.10.50 - - [19/Jan/2018:12:56:09 -0300] "POST /cormun/servlet/trsolicitudgral?a6d6881a59cb69efe59494188f2e20b7,gx-no-cache=1516377226262 HTTP/1.1" 200 6055
192.168.10.50 - - [19/Jan/2018:12:56:14 -0300] "POST /cormun/servlet/trsolicitudgral?a6d6881a59cb69efe59494188f2e20b7,gx-no-cache=1516377231026 HTTP/1.1" 200 7217
192.168.10.50 - - [19/Jan/2018:12:56:21 -0300] "POST /cormun/servlet/trsolicitudgral?a6d6881a59cb69efe59494188f2e20b7,gx-no-cache=1516377238154 HTTP/1.1" 200 6063
192.168.10.50 - - [19/Jan/2018:12:56:55 -0300] "POST /cormun/servlet/trsolicitudgral?a6d6881a59cb69efe59494188f2e20b7,gx-no-cache=1516377271876 HTTP/1.1" 200 7217
192.168.10.50 - - [19/Jan/2018:12:57:01 -0300] "POST /cormun/servlet/trsolicitudgral?a6d6881a59cb69efe59494188f2e20b7,gx-no-cache=1516377277950 HTTP/1.1" 200 6067
192.168.10.50 - - [19/Jan/2018:12:57:09 -0300] "POST /cormun/servlet/trsolicitudgral?a6d6881a59cb69efe59494188f2e20b7,gx-no-cache=1516377286547 HTTP/1.1" 200 7208
192.168.10.50 - - [19/Jan/2018:12:57:20 -0300] "POST /cormun/servlet/trsolicitudgral?a6d6881a59cb69efe59494188f2e20b7,gx-no-cache=1516377296927 HTTP/1.1" 200 6056
192.168.10.50 - - [19/Jan/2018:12:57:27 -0300] "POST /cormun/servlet/trsolicitudgral?a6d6881a59cb69efe59494188f2e20b7,gx-no-cache=1516377303773 HTTP/1.1" 200 7224
192.168.10.50 - - [19/Jan/2018:12:57:36 -0300] "POST /cormun/servlet/trsolicitudgral?a6d6881a59cb69efe59494188f2e20b7,gx-no-cache=1516377313190 HTTP/1.1" 200 6069
192.168.10.50 - - [19/Jan/2018:12:57:46 -0300] "POST /cormun/servlet/trsolicitudgral?a6d6881a59cb69efe59494188f2e20b7,gx-no-cache=1516377322756 HTTP/1.1" 200 7207
192.168.10.50 - - [19/Jan/2018:12:57:52 -0300] "POST /cormun/servlet/trsolicitudgral?a6d6881a59cb69efe59494188f2e20b7,gx-no-cache=1516377329387 HTTP/1.1" 200 6060
192.168.10.50 - - [19/Jan/2018:12:58:03 -0300] "POST /cormun/servlet/trsolicitudgral?a6d6881a59cb69efe59494188f2e20b7,gx-no-cache=1516377340539 HTTP/1.1" 200 7600
192.168.10.62 - - [19/Jan/2018:12:58:07 -0300] "POST /cormun/servlet/trsolicitudgral?8cb885dd3b5bc649db346ec5d2feadc5,,gx-no-cache=1516377343697 HTTP/1.1" 200 5881
192.168.10.62 - - [19/Jan/2018:12:58:10 -0300] "POST /cormun/servlet/trsolicitudgral?8cb885dd3b5bc649db346ec5d2feadc5,,gx-no-cache=1516377347336 HTTP/1.1" 200 16678
192.168.10.50 - - [19/Jan/2018:12:58:19 -0300] "POST /cormun/servlet/trsolicitudgral?a6d6881a59cb69efe59494188f2e20b7,gx-no-cache=1516377356038 HTTP/1.1" 200 6072
192.168.10.50 - - [19/Jan/2018:12:58:34 -0300] "POST /cormun/servlet/trsolicitudgral?a6d6881a59cb69efe59494188f2e20b7,gx-no-cache=1516377371507 HTTP/1.1" 200 7219
192.168.10.50 - - [19/Jan/2018:12:58:42 -0300] "POST /cormun/servlet/trsolicitudgral?a6d6881a59cb69efe59494188f2e20b7,gx-no-cache=1516377379125 HTTP/1.1" 200 6063
192.168.10.50 - - [19/Jan/2018:12:58:57 -0300] "POST /cormun/servlet/trsolicitudgral?a6d6881a59cb69efe59494188f2e20b7,gx-no-cache=1516377394179 HTTP/1.1" 200 7217
192.168.10.50 - - [19/Jan/2018:12:59:04 -0300] "GET /cormun/servlet/vesolicitudgral?2018,8093,, HTTP/1.1" 200 8932
192.168.10.50 - - [19/Jan/2018:12:59:05 -0300] "GET /cormun/pexe_scrolldiv.js HTTP/1.1" 404 1009
192.168.10.50 - - [19/Jan/2018:12:59:05 -0300] "GET /cormun/pexe_scrolldiv.js HTTP/1.1" 404 1009
192.168.10.50 - - [19/Jan/2018:12:59:05 -0300] "GET /cormun/servlet/vesolicitudgral?2018,8093,, HTTP/1.1" 200 8932
192.168.10.50 - - [19/Jan/2018:12:59:14 -0300] "POST /cormun/servlet/vesolicitudgral?a6d6881a59cb69efe59494188f2e20b7,2018,8093,,,gx-no-cache=1516377411527 HTTP/1.1" 200 93
192.168.10.50 - - [19/Jan/2018:12:59:14 -0300] "GET /cormun/servlet/hpexe_return? HTTP/1.1" 200 1026
192.168.10.50 - - [19/Jan/2018:12:59:15 -0300] "GET /cormun/servlet/trsolicitudgral?gx-no-cache=1516377394179 HTTP/1.1" 200 10232
192.168.10.50 - - [19/Jan/2018:12:59:16 -0300] "GET /cormun/servlet/trsolicitudgral?gx-no-cache=1516377394179 HTTP/1.1" 200 10250
192.168.10.62 - - [19/Jan/2018:12:59:17 -0300] "POST /cormun/servlet/trsolicitudgral?8cb885dd3b5bc649db346ec5d2feadc5,,gx-no-cache=1516377413411 HTTP/1.1" 200 9702
192.168.10.62 - - [19/Jan/2018:12:59:17 -0300] "GET /cormun/static/Shared/jqueryui/images/ui-bg_highlight-soft_100_c6c2c8_1x100.png HTTP/1.1" 404 1117
192.168.10.62 - - [19/Jan/2018:12:59:17 -0300] "GET /cormun/static/Shared/jqueryui/images/ui-icons_82798d_256x240.png HTTP/1.1" 404 1089
192.168.10.62 - - [19/Jan/2018:12:59:17 -0300] "GET /cormun/static/Shared/jqueryui/images/ui-bg_flat_55_fafafa_40x100.png HTTP/1.1" 404 1097
192.168.10.62 - - [19/Jan/2018:12:59:17 -0300] "GET /cormun/static/Shared/jqueryui/images/ui-icons_8d78a5_256x240.png HTTP/1.1" 404 1089
192.168.10.50 - - [19/Jan/2018:12:59:18 -0300] "GET /cormun/servlet/solicitudgral?UPD,2018,8093, HTTP/1.1" 200 12627
192.168.10.50 - - [19/Jan/2018:12:59:18 -0300] "GET /cormun/servlet/solicitudgral?UPD,2018,8093, HTTP/1.1" 200 12613
192.168.10.50 - - [19/Jan/2018:12:59:19 -0300] "POST /cormun/servlet/solicitudgral?gx-no-cache=1516377415674 HTTP/1.1" 200 3877
192.168.10.50 - - [19/Jan/2018:12:59:19 -0300] "GET /cormun/servlet/solicitudgral?7fbf1de9540790d987e084bc6050d40b0973a878e7d5a4acb67e7bcd62b7644ce288d318006629cf30d247fbb5a23b24119c8df95f6269ad48649423dc73d158a0c24531c718e44087f4ff275de8757d8c0f191aca26a5897c7da015066d6fa2358292dc077ed2efe858a7f7f48383a2f94fe1a32d4b2c8cca50c21ed8724779a20da07cdd146b35ef6d92325732e2def1aba9eb76299206480756acbf9a6753aa028e8314e4c71d662bd8af52e55348578e0a5e6c8a8bdabc91e4331dff2a0b5b27bd839c97476b121957b316c4ad14bf1db49ae4a372f820767ae987bf633005851d23499790ae52b5d6925532f25e347442517a36aa23b051ce82e295ee892b34734dbd711be189eb229045b8b487b11676937952afd407b809b8d0db5c8e8307b95c7a47d4dc61f6bdfd9b12d51e3017720e9008421a1e26dafe4c26e60af4187a3806bdd5207503a764e45355dd,gx-no-cache=1516377415789 HTTP/1.1" 200 255
192.168.10.50 - - [19/Jan/2018:12:59:19 -0300] "GET /cormun/servlet/solicitudgral?7fbf1de9540790d987e084bc6050d40b277b2347dcf980a5fc82e320cfc765b3ef83da8e8d3c1dcd848717d4ce31cb952b34734dbd711be189eb229045b8b4878e9be0dd339dfebc96fb19f961242177f18a36065590bf96f66ab26a62728e69c995366567c4ffa84ba9b444e08d180e37393f2610517e4e7e8160c988c94c1f1e74574dd4316fcfbaa1cf99acaeaaaf651a4cef19bd3790ea3311c6b46789f2fe844f3decfd1cdfccc8c6e12bf8e1e844197b5603cdf95dbf426e1039afde3b23f861c304318aa87eba2a18bee31cc89e2cfa0a1457e2fdc6e9df23d630fe90d41fcc17bf98e58ed65dfa4bf37b91e2227435f7a40e256208071e450981cae86181df38bcd595e461fbfab537e7c72261ca2ebbdc9cfc46c5b8b7c62a226c21c620d42319562ff1ebaac248fbcc205c6ab117dd8ec8cece49ca2afd0c5fd0fccbf886c431ae4e57f42a1b47cc29133ea6d590340fbb5740426d4be5c52e4f3687d15e0b016e6b2b0cc50685c6f3bf1608bb41806cb058f21fca71128964e6fbe2db4fb5299abacdd79087adac32303cfe6962b506e6f0320a6dcb4589d6e5d3e370522a66f3fab9305ac57d02b98110867bc52f0039a78a36ee40b562e5cb0f70d960872bd49cdc5c0c7adb29b6df899c67989e07d02ebbf551d697e8d3a6c349fd667616751d1aaad636e72e52503a869f7936e0d312e442dc703690ffcd4bb05688addd9ba792d796e19bb61e244f140ab5e14f9fbe2a6762e117f64b7a9a3e5116282e73ced9a124b48d13f34518,gx-no-cache=1516377416341 HTTP/1.1" 200 48
192.168.10.50 - - [19/Jan/2018:12:59:23 -0300] "POST /cormun/servlet/solicitudgral?a6d6881a59cb69efe59494188f2e20b7,UPD,2018,8093,,gx-no-cache=1516377419913 HTTP/1.1" 200 11727
192.168.10.50 - - [19/Jan/2018:12:59:29 -0300] "GET /cormun/servlet/solicitudgral?7fbf1de9540790d987e084bc6050d40bd5da9f38540d032bca324eb72380a8456001bcf2dd7ea090dd464ca328350181e523313959208a7c521bed12a2d3c1754cc095ca3320da7d167b140b45b27ce6e2ca3d2033549eeaaa74f9a969b76887e4272b5095001b97ed907826504c5671d604ebafbdf951f84db791ae6c4b0851e2404c5f17ca643c1607191508044f7fe413e6179516a57f495e4979bcf89c70,gx-no-cache=1516377425702 HTTP/1.1" 200 29
192.168.10.50 - - [19/Jan/2018:12:59:29 -0300] "POST /cormun/servlet/solicitudgral?gx-no-cache=1516377425719 HTTP/1.1" 200 1315
192.168.10.50 - - [19/Jan/2018:12:59:29 -0300] "POST /cormun/servlet/solicitudgral?gx-no-cache=1516377425746 HTTP/1.1" 200 1220
192.168.10.50 - - [19/Jan/2018:12:59:29 -0300] "POST /cormun/servlet/solicitudgral?a6d6881a59cb69efe59494188f2e20b7,UPD,2018,8093,,gx-no-cache=1516377425780 HTTP/1.1" 200 93
192.168.10.50 - - [19/Jan/2018:12:59:29 -0300] "GET /cormun/servlet/hpexe_return? HTTP/1.1" 200 1027
192.168.10.50 - - [19/Jan/2018:12:59:29 -0300] "GET /cormun/servlet/trsolicitudgral?gx-no-cache=1516377394179 HTTP/1.1" 200 10237
192.168.10.50 - - [19/Jan/2018:12:59:29 -0300] "GET /cormun/servlet/trsolicitudgral?gx-no-cache=1516377394179 HTTP/1.1" 200 10255
192.168.10.50 - - [19/Jan/2018:12:59:33 -0300] "GET /cormun/servlet/vesolicitudgral?2018,8093,, HTTP/1.1" 200 8979
192.168.10.50 - - [19/Jan/2018:12:59:33 -0300] "GET /cormun/pexe_scrolldiv.js HTTP/1.1" 404 1009
192.168.10.50 - - [19/Jan/2018:12:59:34 -0300] "GET /cormun/pexe_scrolldiv.js HTTP/1.1" 404 1009
192.168.10.50 - - [19/Jan/2018:12:59:34 -0300] "GET /cormun/servlet/vesolicitudgral?2018,8093,, HTTP/1.1" 200 8957
192.168.10.50 - - [19/Jan/2018:12:59:36 -0300] "GET /cormun/servlet/vesolicitudgral?2018,8093,,SolicitudOTLog HTTP/1.1" 200 7592
192.168.10.50 - - [19/Jan/2018:12:59:36 -0300] "GET /cormun/pexe_scrolldiv.js HTTP/1.1" 404 1009
192.168.10.50 - - [19/Jan/2018:12:59:36 -0300] "GET /cormun/pexe_scrolldiv.js HTTP/1.1" 404 1009
192.168.10.50 - - [19/Jan/2018:12:59:36 -0300] "GET /cormun/servlet/vesolicitudgral?2018,8093,,SolicitudOTLog HTTP/1.1" 200 7592
192.168.10.50 - - [19/Jan/2018:12:59:37 -0300] "POST /cormun/servlet/acontrolpreferencessavestate?None,MRAMOS,true HTTP/1.1" 200 35
192.168.10.50 - - [19/Jan/2018:12:59:41 -0300] "GET /cormun/servlet/vesolicitudgral?2018,8093,,SolicitudOTAdjuntos HTTP/1.1" 200 7599
192.168.10.50 - - [19/Jan/2018:12:59:41 -0300] "GET /cormun/pexe_scrolldiv.js HTTP/1.1" 404 1009
192.168.10.50 - - [19/Jan/2018:12:59:41 -0300] "GET /cormun/pexe_scrolldiv.js HTTP/1.1" 404 1009
192.168.10.50 - - [19/Jan/2018:12:59:41 -0300] "GET /cormun/servlet/vesolicitudgral?2018,8093,,SolicitudOTAdjuntos HTTP/1.1" 200 7599
192.168.10.50 - - [19/Jan/2018:12:59:42 -0300] "POST /cormun/servlet/acontrolpreferencessavestate?None,MRAMOS,true HTTP/1.1" 200 35
192.168.10.50 - - [19/Jan/2018:12:59:43 -0300] "GET /cormun/servlet/vesolicitudgral?2018,8093,,SolicitudOTLog HTTP/1.1" 200 7592
192.168.10.50 - - [19/Jan/2018:12:59:43 -0300] "GET /cormun/pexe_scrolldiv.js HTTP/1.1" 404 1009
192.168.10.50 - - [19/Jan/2018:12:59:43 -0300] "GET /cormun/pexe_scrolldiv.js HTTP/1.1" 404 1009
192.168.10.50 - - [19/Jan/2018:12:59:43 -0300] "GET /cormun/servlet/vesolicitudgral?2018,8093,,SolicitudOTLog HTTP/1.1" 200 7592
192.168.10.50 - - [19/Jan/2018:12:59:44 -0300] "POST /cormun/servlet/acontrolpreferencessavestate?None,MRAMOS,true HTTP/1.1" 200 35
192.168.10.50 - - [19/Jan/2018:12:59:48 -0300] "GET /cormun/servlet/vesolicitudgral?2018,8093,,General HTTP/1.1" 200 8962
192.168.10.50 - - [19/Jan/2018:12:59:48 -0300] "GET /cormun/pexe_scrolldiv.js HTTP/1.1" 404 1009
192.168.10.50 - - [19/Jan/2018:12:59:48 -0300] "GET /cormun/pexe_scrolldiv.js HTTP/1.1" 404 1009
192.168.10.50 - - [19/Jan/2018:12:59:49 -0300] "GET /cormun/servlet/vesolicitudgral?2018,8093,,General HTTP/1.1" 200 8961
192.168.10.50 - - [19/Jan/2018:12:59:52 -0300] "POST /cormun/servlet/vesolicitudgral?a6d6881a59cb69efe59494188f2e20b7,2018,8093,,General,gx-no-cache=1516377448958 HTTP/1.1" 200 93
192.168.10.50 - - [19/Jan/2018:12:59:52 -0300] "GET /cormun/servlet/hpexe_return? HTTP/1.1" 200 1030
192.168.10.50 - - [19/Jan/2018:12:59:52 -0300] "GET /cormun/servlet/trsolicitudgral?gx-no-cache=1516377394179 HTTP/1.1" 200 10237
192.168.10.50 - - [19/Jan/2018:12:59:52 -0300] "GET /cormun/servlet/trsolicitudgral?gx-no-cache=1516377394179 HTTP/1.1" 200 10255
192.168.10.50 - - [19/Jan/2018:12:59:55 -0300] "GET /cormun/servlet/solicitudgral?UPD,2018,8093, HTTP/1.1" 200 12779
192.168.10.50 - - [19/Jan/2018:12:59:55 -0300] "GET /cormun/servlet/solicitudgral?UPD,2018,8093, HTTP/1.1" 200 12765
192.168.10.50 - - [19/Jan/2018:12:59:55 -0300] "POST /cormun/servlet/solicitudgral?gx-no-cache=1516377452543 HTTP/1.1" 200 3877
192.168.10.50 - - [19/Jan/2018:12:59:56 -0300] "GET /cormun/servlet/solicitudgral?7fbf1de9540790d987e084bc6050d40b0973a878e7d5a4acb67e7bcd62b7644ce288d318006629cf30d247fbb5a23b24119c8df95f6269ad48649423dc73d158a0c24531c718e44087f4ff275de8757d8c0f191aca26a5897c7da015066d6fa2358292dc077ed2efe858a7f7f48383a2f94fe1a32d4b2c8cca50c21ed8724779a20da07cdd146b35ef6d92325732e2def1aba9eb76299206480756acbf9a6753aa028e8314e4c71d662bd8af52e55348578e0a5e6c8a8bdabc91e4331dff2a0b5b27bd839c97476b121957b316c4ad14bf1db49ae4a372f820767ae987bf633005851d23499790ae52b5d6925532f25e347442517a36aa23b051ce82e295ee892b34734dbd711be189eb229045b8b487b11676937952afd407b809b8d0db5c8e8307b95c7a47d4dc61f6bdfd9b12d51e3017720e9008421a1e26dafe4c26e60af4187a3806bdd5207503a764e45355dd,gx-no-cache=1516377452700 HTTP/1.1" 200 255
192.168.10.50 - - [19/Jan/2018:12:59:59 -0300] "GET /cormun/servlet/solicitudgral?7fbf1de9540790d987e084bc6050d40b277b2347dcf980a5fc82e320cfc765b3ef83da8e8d3c1dcd848717d4ce31cb952b34734dbd711be189eb229045b8b4878e9be0dd339dfebc96fb19f961242177f18a36065590bf96f66ab26a62728e69c995366567c4ffa84ba9b444e08d180e37393f2610517e4e7e8160c988c94c1f1e74574dd4316fcfbaa1cf99acaeaaaf651a4cef19bd3790ea3311c6b46789f2fe844f3decfd1cdfccc8c6e12bf8e1e844197b5603cdf95dbf426e1039afde3b23f861c304318aa87eba2a18bee31cc89e2cfa0a1457e2fdc6e9df23d630fe90d41fcc17bf98e58ed65dfa4bf37b91e2227435f7a40e256208071e450981cae86181df38bcd595e461fbfab537e7c72261ca2ebbdc9cfc46c5b8b7c62a226c21c620d42319562ff1ebaac248fbcc205c6ab117dd8ec8cece49ca2afd0c5fd0fccbf886c431ae4e57f42a1b47cc29133ea6d590340fbb5740426d4be5c52e4f3687d15e0b016e6b2b0cc50685c6f3bf1608bb41806cb058f21fca71128964e6fbe2db4fb5299abacdd79087adac32303cfe6962b506e6f0320a6dcb4589d6e5d3e370522a66f3fab9305ac57d02b98110867bc52f0039a78a36ee40b562e5cb0f70d960872bd49cdc5c0c7adb29b6df899c67989e07d02ebbf551d697e8d3a6c349fd667616751d1aaad636e72e52503a869f7936e0d312e442dc703690ffcd4bb05688addd9ba792d796e19bb61e244f140ab5e14f9fbe2a6762e117f64b7a9a3e5116282e73ced9a124b48d13f34518,gx-no-cache=1516377456016 HTTP/1.1" 200 48
192.168.10.50 - - [19/Jan/2018:12:59:59 -0300] "POST /cormun/servlet/solicitudgral?a6d6881a59cb69efe59494188f2e20b7,UPD,2018,8093,,gx-no-cache=1516377456038 HTTP/1.1" 200 11724
192.168.10.50 - - [19/Jan/2018:12:59:59 -0300] "GET /cormun/servlet/solicitudgral?7fbf1de9540790d987e084bc6050d40bd5da9f38540d032bca324eb72380a8456001bcf2dd7ea090dd464ca328350181e523313959208a7c521bed12a2d3c1754cc095ca3320da7d167b140b45b27ce6e2ca3d2033549eeaaa74f9a969b76887e4272b5095001b97ed907826504c5671d604ebafbdf951f84db791ae6c4b0851e2404c5f17ca643c1607191508044f7fe413e6179516a57f495e4979bcf89c70,gx-no-cache=1516377456228 HTTP/1.1" 200 29
192.168.10.50 - - [19/Jan/2018:12:59:59 -0300] "POST /cormun/servlet/solicitudgral?gx-no-cache=1516377456243 HTTP/1.1" 200 1315
192.168.10.50 - - [19/Jan/2018:12:59:59 -0300] "POST /cormun/servlet/solicitudgral?gx-no-cache=1516377456272 HTTP/1.1" 200 1220
192.168.10.50 - - [19/Jan/2018:12:59:59 -0300] "POST /cormun/servlet/solicitudgral?a6d6881a59cb69efe59494188f2e20b7,UPD,2018,8093,,gx-no-cache=1516377456305 HTTP/1.1" 200 93
192.168.10.50 - - [19/Jan/2018:12:59:59 -0300] "GET /cormun/servlet/hpexe_return? HTTP/1.1" 200 1027
192.168.10.50 - - [19/Jan/2018:12:59:59 -0300] "GET /cormun/servlet/trsolicitudgral?gx-no-cache=1516377394179 HTTP/1.1" 200 10237
192.168.10.50 - - [19/Jan/2018:13:00:00 -0300] "GET /cormun/servlet/trsolicitudgral?gx-no-cache=1516377394179 HTTP/1.1" 200 10255
192.168.10.50 - - [19/Jan/2018:13:00:07 -0300] "POST /cormun/servlet/trsolicitudgral?a6d6881a59cb69efe59494188f2e20b7,gx-no-cache=1516377394179,gx-no-cache=1516377464006 HTTP/1.1" 200 6065
192.168.10.50 - - [19/Jan/2018:13:00:07 -0300] "GET /cormun/static/Shared/jqueryui/images/ui-bg_flat_55_fafafa_40x100.png HTTP/1.1" 404 1097
192.168.10.50 - - [19/Jan/2018:13:00:07 -0300] "GET /cormun/static/Shared/jqueryui/images/ui-icons_8d78a5_256x240.png HTTP/1.1" 404 1089
192.168.10.50 - - [19/Jan/2018:13:00:07 -0300] "GET /cormun/static/Shared/jqueryui/images/ui-icons_82798d_256x240.png HTTP/1.1" 404 1089
192.168.10.50 - - [19/Jan/2018:13:00:07 -0300] "GET /cormun/static/Shared/jqueryui/images/ui-bg_highlight-soft_100_c6c2c8_1x100.png HTTP/1.1" 404 1117
192.168.10.50 - - [19/Jan/2018:13:00:30 -0300] "POST /cormun/servlet/trsolicitudgral?a6d6881a59cb69efe59494188f2e20b7,gx-no-cache=1516377394179,gx-no-cache=1516377487445 HTTP/1.1" 200 7236
192.168.10.50 - - [19/Jan/2018:13:00:58 -0300] "POST /cormun/servlet/trsolicitudgral?a6d6881a59cb69efe59494188f2e20b7,gx-no-cache=1516377394179,gx-no-cache=1516377515245 HTTP/1.1" 200 7219
192.168.10.50 - - [19/Jan/2018:13:01:06 -0300] "POST /cormun/servlet/trsolicitudgral?a6d6881a59cb69efe59494188f2e20b7,gx-no-cache=1516377394179,gx-no-cache=1516377523141 HTTP/1.1" 200 6065
192.168.10.50 - - [19/Jan/2018:13:01:18 -0300] "POST /cormun/servlet/trsolicitudgral?a6d6881a59cb69efe59494188f2e20b7,gx-no-cache=1516377394179,gx-no-cache=1516377534656 HTTP/1.1" 200 7206
192.168.10.62 - - [19/Jan/2018:13:01:27 -0300] "POST /cormun/servlet/trsolicitudgral?8cb885dd3b5bc649db346ec5d2feadc5,,gx-no-cache=1516377543553 HTTP/1.1" 200 22524
192.168.10.50 - - [19/Jan/2018:13:01:27 -0300] "POST /cormun/servlet/trsolicitudgral?a6d6881a59cb69efe59494188f2e20b7,gx-no-cache=1516377394179,gx-no-cache=1516377543889 HTTP/1.1" 200 6055
192.168.10.62 - - [19/Jan/2018:13:01:33 -0300] "POST /cormun/servlet/trsolicitudgral?8cb885dd3b5bc649db346ec5d2feadc5,,gx-no-cache=1516377550251 HTTP/1.1" 200 10238
192.168.10.50 - - [19/Jan/2018:13:01:36 -0300] "POST /cormun/servlet/trsolicitudgral?a6d6881a59cb69efe59494188f2e20b7,gx-no-cache=1516377394179,gx-no-cache=1516377552729 HTTP/1.1" 200 7219
192.168.10.62 - - [19/Jan/2018:13:01:36 -0300] "POST /cormun/servlet/trsolicitudgral?8cb885dd3b5bc649db346ec5d2feadc5,,gx-no-cache=1516377553408 HTTP/1.1" 200 105
192.168.10.62 - - [19/Jan/2018:13:01:37 -0300] "POST /cormun/servlet/trsolicitudgral?8cb885dd3b5bc649db346ec5d2feadc5,,gx-no-cache=1516377553548 HTTP/1.1" 200 10220
192.168.10.62 - - [19/Jan/2018:13:01:37 -0300] "GET /cormun/SolicitudGral-1157.xls HTTP/1.1" 200 8704
192.168.10.50 - - [19/Jan/2018:13:01:48 -0300] "GET /cormun/servlet/solicitudgral?UPD,2018,8294, HTTP/1.1" 200 12633
192.168.10.50 - - [19/Jan/2018:13:01:49 -0300] "GET /cormun/servlet/solicitudgral?UPD,2018,8294, HTTP/1.1" 200 12619
192.168.10.50 - - [19/Jan/2018:13:01:49 -0300] "POST /cormun/servlet/solicitudgral?gx-no-cache=1516377566150 HTTP/1.1" 200 3873
192.168.10.50 - - [19/Jan/2018:13:01:49 -0300] "GET /cormun/servlet/solicitudgral?7fbf1de9540790d987e084bc6050d40b0973a878e7d5a4acb67e7bcd62b7644ce288d318006629cf30d247fbb5a23b24119c8df95f6269ad48649423dc73d158a0c24531c718e44087f4ff275de8757d8c0f191aca26a5897c7da015066d6fa2358292dc077ed2efe858a7f7f48383a2f94fe1a32d4b2c8cca50c21ed8724779a20da07cdd146b35ef6d92325732e2def1aba9eb76299206480756acbf9a6753aa028e8314e4c71d662bd8af52e55348578e0a5e6c8a8bdabc91e4331dff2a0b5b27bd839c97476b121957b316c4ad14bf1db49ae4a372f820767ae987bf633005851d23499790ae52b5d6925532f25e347442517a36aa23b051ce82e295ee892b34734dbd711be189eb229045b8b487b11676937952afd407b809b8d0db5c8e8307b95c7a47d4dc61f6bdfd9b12d51e3017720e9008421a1e26dafe4c26e60af4187a3806bdd5207503a764e45355dd,gx-no-cache=1516377566280 HTTP/1.1" 200 255
192.168.10.50 - - [19/Jan/2018:13:01:50 -0300] "GET /cormun/servlet/solicitudgral?7fbf1de9540790d987e084bc6050d40b277b2347dcf980a5fc82e320cfc765b3ef83da8e8d3c1dcd848717d4ce31cb952b34734dbd711be189eb229045b8b4878e9be0dd339dfebc96fb19f961242177f18a36065590bf96f66ab26a62728e69c995366567c4ffa84ba9b444e08d180e37393f2610517e4e7e8160c988c94c1f1e74574dd4316fcfbaa1cf99acaeaaaf651a4cef19bd3790ea3311c6b46789f2fe844f3decfd1cdfccc8c6e12bf8e1e844197b5603cdf95dbf426e1039afde3b23f861c304318aa87eba2a18bee31cc89e2cfa0a1457e2fdc6e9df23d630fe90d41fcc17bf98e58ed65dfa4bf37b91e2227435f7a40e256208071e450981cae86181df38bcd595e461fbfab537e7c72261ca2ebbdc9cfc46c5b8b7c62a226c21c620d42319562ff1ebaac248fbcc205c6ab117dd8ec8cece49ca2afd0c5fd0fccbf886c431ae4e57f42a1b47cc29133ea6d590340fbb5740426d4be5c52e4f3687d15e0b016e6b2b0cc50685c6f3bf1608bb41806cb058f21fca71128964e6fbe2db4fb5299abacdd79087adac32303cfe6962b506e6f0320a6dcb4589d6e5d3e370522a66f3fab9305ac57d02b98110867bc52f0039a78a36ee40b562e5cb0f70d960872bd49cdc5c0c7adb29b6df899c67989e07d02ebbf551d697e8d3a6c349fd667616751d1aaad636e72e52503a869f7936e0d312e442dc703690ffcd4bb05688addd9ba792d796e19bb61e244f140ab5e14f9fbe2a6762e117f64b7a9a3e5116282e73ced9a124b48d13f34518,gx-no-cache=1516377567231 HTTP/1.1" 200 48
46.174.191.29 - - [19/Jan/2018:13:01:51 -0300] "GET / HTTP/1.0" 200 11197
192.168.10.50 - - [19/Jan/2018:13:01:54 -0300] "POST /cormun/servlet/solicitudgral?a6d6881a59cb69efe59494188f2e20b7,UPD,2018,8294,,gx-no-cache=1516377570705 HTTP/1.1" 200 11716
192.168.10.50 - - [19/Jan/2018:13:01:56 -0300] "GET /cormun/servlet/solicitudgral?7fbf1de9540790d987e084bc6050d40bd5da9f38540d032bca324eb72380a8456001bcf2dd7ea090dd464ca328350181e523313959208a7c521bed12a2d3c1754cc095ca3320da7d167b140b45b27ce6e2ca3d2033549eeaaa74f9a969b76887e4272b5095001b97ed907826504c5671d604ebafbdf951f84db791ae6c4b0851e2404c5f17ca643c1607191508044f7fe413e6179516a57f495e4979bcf89c70,gx-no-cache=1516377573131 HTTP/1.1" 200 29
192.168.10.50 - - [19/Jan/2018:13:01:56 -0300] "POST /cormun/servlet/solicitudgral?gx-no-cache=1516377573146 HTTP/1.1" 200 1315
192.168.10.50 - - [19/Jan/2018:13:01:56 -0300] "POST /cormun/servlet/solicitudgral?gx-no-cache=1516377573173 HTTP/1.1" 200 1220
192.168.10.50 - - [19/Jan/2018:13:01:56 -0300] "POST /cormun/servlet/solicitudgral?a6d6881a59cb69efe59494188f2e20b7,UPD,2018,8294,,gx-no-cache=1516377573206 HTTP/1.1" 200 93
192.168.10.50 - - [19/Jan/2018:13:01:56 -0300] "GET /cormun/servlet/hpexe_return? HTTP/1.1" 200 1027
192.168.10.50 - - [19/Jan/2018:13:01:56 -0300] "GET /cormun/servlet/trsolicitudgral?gx-no-cache=1516377394179 HTTP/1.1" 200 10244
192.168.10.50 - - [19/Jan/2018:13:01:57 -0300] "GET /cormun/servlet/trsolicitudgral?gx-no-cache=1516377394179 HTTP/1.1" 200 10263
192.168.10.50 - - [19/Jan/2018:13:02:02 -0300] "POST /cormun/servlet/trsolicitudgral?a6d6881a59cb69efe59494188f2e20b7,gx-no-cache=1516377394179,gx-no-cache=1516377579226 HTTP/1.1" 200 6071
192.168.10.50 - - [19/Jan/2018:13:02:02 -0300] "GET /cormun/static/Shared/jqueryui/images/ui-icons_82798d_256x240.png HTTP/1.1" 404 1089
192.168.10.50 - - [19/Jan/2018:13:02:02 -0300] "GET /cormun/static/Shared/jqueryui/images/ui-bg_highlight-soft_100_c6c2c8_1x100.png HTTP/1.1" 404 1117
192.168.10.50 - - [19/Jan/2018:13:02:02 -0300] "GET /cormun/static/Shared/jqueryui/images/ui-bg_flat_55_fafafa_40x100.png HTTP/1.1" 404 1097
192.168.10.50 - - [19/Jan/2018:13:02:02 -0300] "GET /cormun/static/Shared/jqueryui/images/ui-icons_8d78a5_256x240.png HTTP/1.1" 404 1089
192.168.10.50 - - [19/Jan/2018:13:02:15 -0300] "POST /cormun/servlet/trsolicitudgral?a6d6881a59cb69efe59494188f2e20b7,gx-no-cache=1516377394179,gx-no-cache=1516377592012 HTTP/1.1" 200 7646
192.168.10.50 - - [19/Jan/2018:13:02:37 -0300] "GET /cormun/servlet/solicitudgral?UPD,2018,8250, HTTP/1.1" 200 12648
192.168.10.50 - - [19/Jan/2018:13:02:38 -0300] "GET /cormun/servlet/solicitudgral?UPD,2018,8250, HTTP/1.1" 200 12634
192.168.10.50 - - [19/Jan/2018:13:02:38 -0300] "POST /cormun/servlet/solicitudgral?gx-no-cache=1516377615165 HTTP/1.1" 200 3891
192.168.10.50 - - [19/Jan/2018:13:02:38 -0300] "GET /cormun/servlet/solicitudgral?7fbf1de9540790d987e084bc6050d40b0973a878e7d5a4acb67e7bcd62b7644ce288d318006629cf30d247fbb5a23b24119c8df95f6269ad48649423dc73d158a0c24531c718e44087f4ff275de8757d8c0f191aca26a5897c7da015066d6fa2358292dc077ed2efe858a7f7f48383a2f94fe1a32d4b2c8cca50c21ed8724779a20da07cdd146b35ef6d92325732e2def1aba9eb76299206480756acbf9a6753aa028e8314e4c71d662bd8af52e55348578e0a5e6c8a8bdabc91e4331dff2a0b5b27bd839c97476b121957b316c4ad14bf1db49ae4a372f820767ae987bf633005851d23499790ae52b5d6925532f25e347442517a36aa23b051ce82e295ee892b34734dbd711be189eb229045b8b487b11676937952afd407b809b8d0db5c8e8307b95c7a47d4dc61f6bdfd9b12d51e3017720e9008421a1e26dafe4c26e60af4187a3806bdd5207503a764e45355dd,gx-no-cache=1516377615276 HTTP/1.1" 200 255
192.168.10.50 - - [19/Jan/2018:13:02:39 -0300] "GET /cormun/servlet/solicitudgral?7fbf1de9540790d987e084bc6050d40b277b2347dcf980a5fc82e320cfc765b3ef83da8e8d3c1dcd848717d4ce31cb952b34734dbd711be189eb229045b8b4878e9be0dd339dfebc96fb19f961242177f18a36065590bf96f66ab26a62728e69c995366567c4ffa84ba9b444e08d180e37393f2610517e4e7e8160c988c94c1f1e74574dd4316fcfbaa1cf99acaeaaaf651a4cef19bd3790ea3311c6b46789f2fe844f3decfd1cdfccc8c6e12bf8e1e844197b5603cdf95dbf426e1039afde3b23f861c304318aa87eba2a18bee31cc89e2cfa0a1457e2fdc6e9df23d630fe90d41fcc17bf98e58ed65dfa4bf37b91e2227435f7a40e256208071e450981cae86181df38bcd595e461fbfab537e7c72261ca2ebbdc9cfc46c5b8b7c62a226c21c620d42319562ff1ebaac248fbcc205c6ab117dd8ec8cece49ca2afd0c5fd0fccbf886c431ae4e57f42a1b47cc29133ea6d590340fbb5740426d4be5c52e4f3687d15e0b016e6b2b0cc50685c6f3bf1608bb41806cb058f21fca71128964e6fbe2db4fb5299abacdd79087adac32303cfe6962b506e6f0320a6dcb4589d6e5d3e370522a66f3fab9305ac57d02b98110867bc52f0039a78a36ee40b562e5cb0f70d960872bd49cdc5c0c7adb29b6df899c67989e07d02ebbf551d697e8d3a6c349fd667616751d1aaad636e72e52503a869f7936e0d312e442dc703690ffcd4bb05688addd9ba792d796e19bb61e244f140ab5e14f9fbe2a6762e117f64b7a9a3e5116282e73ced9a124b48d13f34518,gx-no-cache=1516377615837 HTTP/1.1" 200 48
192.168.10.50 - - [19/Jan/2018:13:02:39 -0300] "POST /cormun/servlet/solicitudgral?a6d6881a59cb69efe59494188f2e20b7,UPD,2018,8250,,gx-no-cache=1516377615858 HTTP/1.1" 200 11727
192.168.10.50 - - [19/Jan/2018:13:02:41 -0300] "GET /cormun/servlet/solicitudgral?7fbf1de9540790d987e084bc6050d40bd5da9f38540d032bca324eb72380a8456001bcf2dd7ea090dd464ca328350181e523313959208a7c521bed12a2d3c1754cc095ca3320da7d167b140b45b27ce6e2ca3d2033549eeaaa74f9a969b76887e4272b5095001b97ed907826504c5671d604ebafbdf951f84db791ae6c4b0851e2404c5f17ca643c1607191508044f7fe413e6179516a57f495e4979bcf89c70,gx-no-cache=1516377617715 HTTP/1.1" 200 29
192.168.10.50 - - [19/Jan/2018:13:02:41 -0300] "POST /cormun/servlet/solicitudgral?gx-no-cache=1516377617733 HTTP/1.1" 200 1315
192.168.10.50 - - [19/Jan/2018:13:02:41 -0300] "POST /cormun/servlet/solicitudgral?gx-no-cache=1516377617759 HTTP/1.1" 200 1220
192.168.10.50 - - [19/Jan/2018:13:02:41 -0300] "POST /cormun/servlet/solicitudgral?a6d6881a59cb69efe59494188f2e20b7,UPD,2018,8250,,gx-no-cache=1516377617788 HTTP/1.1" 200 93
192.168.10.50 - - [19/Jan/2018:13:02:41 -0300] "GET /cormun/servlet/hpexe_return? HTTP/1.1" 200 1027
192.168.10.50 - - [19/Jan/2018:13:02:41 -0300] "GET /cormun/servlet/trsolicitudgral?gx-no-cache=1516377394179 HTTP/1.1" 200 10669
192.168.10.50 - - [19/Jan/2018:13:02:41 -0300] "GET /cormun/servlet/trsolicitudgral?gx-no-cache=1516377394179 HTTP/1.1" 200 10687
192.168.10.50 - - [19/Jan/2018:13:02:49 -0300] "POST /cormun/servlet/trsolicitudgral?a6d6881a59cb69efe59494188f2e20b7,gx-no-cache=1516377394179,gx-no-cache=1516377625695 HTTP/1.1" 200 7261
192.168.10.50 - - [19/Jan/2018:13:02:49 -0300] "GET /cormun/static/Shared/jqueryui/images/ui-bg_highlight-soft_100_c6c2c8_1x100.png HTTP/1.1" 404 1117
192.168.10.50 - - [19/Jan/2018:13:02:49 -0300] "GET /cormun/static/Shared/jqueryui/images/ui-icons_82798d_256x240.png HTTP/1.1" 404 1089
192.168.10.50 - - [19/Jan/2018:13:02:49 -0300] "GET /cormun/static/Shared/jqueryui/images/ui-bg_flat_55_fafafa_40x100.png HTTP/1.1" 404 1097
192.168.10.50 - - [19/Jan/2018:13:02:49 -0300] "GET /cormun/static/Shared/jqueryui/images/ui-icons_8d78a5_256x240.png HTTP/1.1" 404 1089
192.168.10.50 - - [19/Jan/2018:13:02:57 -0300] "POST /cormun/servlet/trsolicitudgral?a6d6881a59cb69efe59494188f2e20b7,gx-no-cache=1516377394179,gx-no-cache=1516377634172 HTTP/1.1" 200 7233
192.168.10.50 - - [19/Jan/2018:13:03:09 -0300] "POST /cormun/servlet/trsolicitudgral?a6d6881a59cb69efe59494188f2e20b7,gx-no-cache=1516377394179,gx-no-cache=1516377645722 HTTP/1.1" 200 6076
192.168.10.50 - - [19/Jan/2018:13:03:16 -0300] "POST /cormun/servlet/trsolicitudgral?a6d6881a59cb69efe59494188f2e20b7,gx-no-cache=1516377394179,gx-no-cache=1516377652822 HTTP/1.1" 200 7213
192.168.10.50 - - [19/Jan/2018:13:03:28 -0300] "POST /cormun/servlet/trsolicitudgral?a6d6881a59cb69efe59494188f2e20b7,gx-no-cache=1516377394179,gx-no-cache=1516377664798 HTTP/1.1" 200 6059
192.168.10.50 - - [19/Jan/2018:13:03:42 -0300] "POST /cormun/servlet/trsolicitudgral?a6d6881a59cb69efe59494188f2e20b7,gx-no-cache=1516377394179,gx-no-cache=1516377679476 HTTP/1.1" 200 7218
192.168.10.50 - - [19/Jan/2018:13:03:48 -0300] "GET /cormun/servlet/solicitudgral?UPD,2018,8012, HTTP/1.1" 200 12783
192.168.10.50 - - [19/Jan/2018:13:03:49 -0300] "GET /cormun/servlet/solicitudgral?UPD,2018,8012, HTTP/1.1" 200 12769
192.168.10.50 - - [19/Jan/2018:13:03:49 -0300] "POST /cormun/servlet/solicitudgral?gx-no-cache=1516377686159 HTTP/1.1" 200 3894
192.168.10.50 - - [19/Jan/2018:13:03:49 -0300] "GET /cormun/servlet/solicitudgral?7fbf1de9540790d987e084bc6050d40b0973a878e7d5a4acb67e7bcd62b7644cae79eff74eb32c54d67ec7ea1722c7ae119c8df95f6269ad48649423dc73d158a0c24531c718e44087f4ff275de8757d8c0f191aca26a5897c7da015066d6fa2358292dc077ed2efe858a7f7f48383a2f94fe1a32d4b2c8cca50c21ed8724779a20da07cdd146b35ef6d92325732e2def1aba9eb76299206480756acbf9a6753aa028e8314e4c71d662bd8af52e55348578e0a5e6c8a8bdabc91e4331dff2a0b5b27bd839c97476b121957b316c4ad14bf1db49ae4a372f820767ae987bf633005851d23499790ae52b5d6925532f25e347442517a36aa23b051ce82e295ee892b34734dbd711be189eb229045b8b487b11676937952afd407b809b8d0db5c8e8307b95c7a47d4dc61f6bdfd9b12d51e3017720e9008421a1e26dafe4c26e60af4187a3806bdd5207503a764e45355dd,gx-no-cache=1516377686320 HTTP/1.1" 200 256
192.168.10.50 - - [19/Jan/2018:13:03:50 -0300] "GET /cormun/servlet/solicitudgral?7fbf1de9540790d987e084bc6050d40b277b2347dcf980a5fc82e320cfc765b3ef83da8e8d3c1dcd848717d4ce31cb952b34734dbd711be189eb229045b8b4878e9be0dd339dfebc96fb19f961242177f18a36065590bf96f66ab26a62728e69c995366567c4ffa84ba9b444e08d180e37393f2610517e4e7e8160c988c94c1f1e74574dd4316fcfbaa1cf99acaeaaaf651a4cef19bd3790ea3311c6b46789f2fe844f3decfd1cdfccc8c6e12bf8e1e844197b5603cdf95dbf426e1039afde3b23f861c304318aa87eba2a18bee31cc89e2cfa0a1457e2fdc6e9df23d630fe90d41fcc17bf98e58ed65dfa4bf37b91e2227435f7a40e256208071e450981cae86181df38bcd595e461fbfab537e7c72261ca2ebbdc9cfc46c5b8b7c62a226c21c620d42319562ff1ebaac248fbcc205c6ab117dd8ec8cece49ca2afd0c5fd0fccbf886c431ae4e57f42a1b47cc29133ea6d590340fbb5740426d4be5c52e4f3687d15e0b016e6b2b0cc50685c6f3bf1608bb41806cb058f21fca71128964e6fbe2db4fb5299abacdd79087adac32303cfe6962b506e6f0320a6dcb4589d6e5d3e370522a66f3fab9305ac57d02b98110867bc52f0039a78a36ee40b562e5cb0f70d960872bd49cdc5c0c7adb29b6df899c67989e07d02ebbf551d697e8d3a6c349fd667616751d1aaad636e72e52503a869f7936e0d312e442dc703690ffcd4bb05688addd9ba792d796e19bb61e244f140ab5e14f9fbe2a6762e117f64b7a9a3e5116282e73ced9a124b48d13f34518,gx-no-cache=1516377687030 HTTP/1.1" 200 48
192.168.10.50 - - [19/Jan/2018:13:03:55 -0300] "POST /cormun/servlet/solicitudgral?a6d6881a59cb69efe59494188f2e20b7,UPD,2018,8012,,gx-no-cache=1516377692330 HTTP/1.1" 200 11736
