192.168.10.89 - - [19/Jan/2018:10:09:23 -0300] "POST /cormun/servlet/hlogin?9cf811443a41a0e3695f8d506aa30fbc,gx-no-cache=1516367220261 HTTP/1.1" 200 429
192.168.10.89 - - [19/Jan/2018:10:09:28 -0300] "POST /cormun/servlet/hlogin?9cf811443a41a0e3695f8d506aa30fbc,gx-no-cache=1516367225317 HTTP/1.1" 200 429
192.168.10.89 - - [19/Jan/2018:10:09:37 -0300] "POST /cormun/servlet/hlogin?9cf811443a41a0e3695f8d506aa30fbc,gx-no-cache=1516367234017 HTTP/1.1" 200 90
192.168.10.89 - - [19/Jan/2018:10:09:37 -0300] "GET /cormun/servlet/hpexe_link HTTP/1.1" 200 948
192.168.10.89 - - [19/Jan/2018:10:09:37 -0300] "GET /cormun/servlet/hhome HTTP/1.1" 200 4770
192.168.10.89 - - [19/Jan/2018:10:09:41 -0300] "GET /cormun/servlet/trsecurityuser01? HTTP/1.1" 200 12211
192.168.10.89 - - [19/Jan/2018:10:09:41 -0300] "GET /cormun/static/gxcfg.js?201762721181157 HTTP/1.1" 304 -
186.79.49.40 - - [19/Jan/2018:10:09:47 -0300] "POST /cormun/servlet/trsolicitudot?e1e4d1062752339fd8a76437a2349117,gx-no-cache=1516367345870 HTTP/1.1" 200 9023
186.79.49.40 - - [19/Jan/2018:10:09:47 -0300] "GET /cormun/static/Shared/jqueryui/images/ui-bg_highlight-soft_100_c6c2c8_1x100.png HTTP/1.1" 404 1117
186.79.49.40 - - [19/Jan/2018:10:09:47 -0300] "GET /cormun/static/Shared/jqueryui/images/ui-bg_flat_55_fafafa_40x100.png HTTP/1.1" 404 1097
186.79.49.40 - - [19/Jan/2018:10:09:47 -0300] "GET /cormun/static/Shared/jqueryui/images/ui-icons_8d78a5_256x240.png HTTP/1.1" 404 1089
186.79.49.40 - - [19/Jan/2018:10:09:47 -0300] "GET /cormun/static/Shared/jqueryui/images/ui-icons_82798d_256x240.png HTTP/1.1" 404 1089
186.79.49.40 - - [19/Jan/2018:10:09:48 -0300] "POST /cormun/servlet/trsolicitudot?e1e4d1062752339fd8a76437a2349117,gx-no-cache=1516367346746 HTTP/1.1" 200 8969
192.168.10.89 - - [19/Jan/2018:10:09:51 -0300] "POST /cormun/servlet/trsecurityuser01?9cf811443a41a0e3695f8d506aa30fbc,,gx-no-cache=1516367247858 HTTP/1.1" 200 5003
192.168.10.89 - - [19/Jan/2018:10:09:55 -0300] "GET /cormun/servlet/securityusers?UPD,3843, HTTP/1.1" 200 7854
192.168.10.89 - - [19/Jan/2018:10:09:55 -0300] "GET /cormun/static/gxcfg.js?20176272118832 HTTP/1.1" 304 -
192.168.10.89 - - [19/Jan/2018:10:10:04 -0300] "POST /cormun/servlet/securityusers?9cf811443a41a0e3695f8d506aa30fbc,UPD,3843,,gx-no-cache=1516367261135 HTTP/1.1" 200 93
192.168.10.89 - - [19/Jan/2018:10:10:04 -0300] "GET /cormun/servlet/hpexe_return? HTTP/1.1" 200 1009
192.168.10.89 - - [19/Jan/2018:10:10:04 -0300] "GET /cormun/servlet/trsecurityuser01? HTTP/1.1" 200 7633
192.168.10.89 - - [19/Jan/2018:10:10:08 -0300] "GET /cormun/servlet/hlogin HTTP/1.1" 200 1737
192.168.10.89 - - [19/Jan/2018:10:10:17 -0300] "POST /cormun/servlet/hlogin?9cf811443a41a0e3695f8d506aa30fbc,gx-no-cache=1516367274308 HTTP/1.1" 200 90
192.168.10.89 - - [19/Jan/2018:10:10:17 -0300] "GET /cormun/servlet/hpexe_link HTTP/1.1" 200 948
192.168.10.89 - - [19/Jan/2018:10:10:17 -0300] "GET /cormun/servlet/hhome HTTP/1.1" 200 3767
192.168.10.89 - - [19/Jan/2018:10:10:19 -0300] "GET /cormun/servlet/trsolicitudgral? HTTP/1.1" 500 10
192.168.10.56 - - [19/Jan/2018:10:10:22 -0300] "GET /cormun/servlet/solicitudgral?UPD,2018,8626, HTTP/1.1" 200 12636
192.168.10.56 - - [19/Jan/2018:10:10:22 -0300] "GET /cormun/static/gxcfg.js?20181911354237 HTTP/1.1" 200 953
192.168.10.56 - - [19/Jan/2018:10:10:22 -0300] "GET /cormun/static/solicitudgral.js?20181911354326 HTTP/1.1" 200 41515
192.168.10.56 - - [19/Jan/2018:10:10:22 -0300] "GET /cormun/servlet/solicitudgral?UPD,2018,8626, HTTP/1.1" 200 12645
192.168.10.56 - - [19/Jan/2018:10:10:23 -0300] "POST /cormun/servlet/solicitudgral?gx-no-cache=1516367280020 HTTP/1.1" 200 3894
192.168.10.56 - - [19/Jan/2018:10:10:23 -0300] "GET /cormun/servlet/solicitudgral?d143d6f7a2e5e59e4e2a66ffac14169b8887192cc901e21888ace8d4364b645f6a124309e5ce2c047fa56f52795ffa880e42edb35c1a43e906ff2f1b0b1f37882d98a1b6063f13880344128023b8dfe74ce6df0ff91889b15eaf8c5d068cf4b162bcde9e6a28638c3d3379261b496e9ca864469998e203c7efef77851a47e27cd6d2c61e2122697dfeabaa30d10658a68f64aeafa453c38b44ea6b151fc993e4fb045a7bc528f293d029490d2d1755b46e791672236e06608fa0fc2930fda8d680134a3e28ab83864bf687cc39ef5dffad00daa3f922e0a9fd598e57f5497ed1487cf6b0535c44554dbd853fd936a682ebd2cfd89c457ec49000ba25fe8dae5646e37105efbea4bc8cd3c67264df674835da8a34b2f2de09b37c4448d26957f762df3bfd89c681c27e9dad36baba9e6d4c9ea4e6dcbb246ce05d9833ff32757d8ad728c8eb50ac7f4c95fc59e25da72e,gx-no-cache=1516367280214 HTTP/1.1" 200 297
192.168.10.89 - - [19/Jan/2018:10:10:33 -0300] "GET /cormun/servlet/hlogin HTTP/1.1" 200 1723
192.168.10.56 - - [19/Jan/2018:10:10:35 -0300] "GET /cormun/servlet/solicitudgral?d143d6f7a2e5e59e4e2a66ffac14169b6fd3129115da2ed6cc76a8e9dfc15c66afcd1e50ffe7acda4b212860ad3de13c32c92342fec7fba6a302ff7c32a05b062779f473d0c21677a08c396ca99c5592d8232008e0e9910e43f642b6dbccbe7903be4618718b736edf20d460357ffa5a4a749838571793f58cf8394a386a1554dbdd993acf69eb3172b0a83d8a28c6fcee3d1de08f20b5d09ee8fd7736122f2776214b7ce3b05bc1b18566e622dea2e7fa46d0dc173cb74aefb6c50f6b750d4b50ac5ada1cc7a908fa6a4282cc701064950eb5356eed7c882cbffe5329bc23c81f62d412748d4a2f12c065cfe1fbd2ddc9f7d98be4ff43badf0c0d260a64b706bc17a42b37ad467ad3510e5bb318e558581add5bf9b54ff39e24e8de6166e91b7924da5a7da8aaed9be598a2f34f5c78771c4299734b59ece5eb43e3428f892899a7c9c10afeea7e656954c654ce3467ac164eaf4c057700260448fa1edefdbd4aaba706dd3eed3726f506f21621040cc8833eabef782c0b27b55e3b97e990cb6a575b45bebcc0073d8089a6c8ceba2321f00ae08909f9011276427bfcd9974ad9e15b5cc92f359ca833fbaac2091ac7892cc3df7a29d72df1c56952b370c55f9c8af3e004298d2bb2aa069503c5ab233a642ac35bff5805a17ce18f959e3578ba3d41494885829f6e11cdeb6d7b7cbe21f00ae08909f9011276427bfcd9974a31df4a48df614ba7566660bd10c6d1d8af772345931779b68d24127146fd582fce995a5aa6c140d35a51f5855ee15eac,gx-no-cache=1516367291778 HTTP/1.1" 200 48
192.168.10.56 - - [19/Jan/2018:10:10:35 -0300] "POST /cormun/servlet/solicitudgral?df6c466a6dbaf7288fa13a6c5ccb0c0f,UPD,2018,8626,,gx-no-cache=1516367291813 HTTP/1.1" 200 11733
192.168.10.56 - - [19/Jan/2018:10:10:35 -0300] "GET /cormun/servlet/solicitudgral?d143d6f7a2e5e59e4e2a66ffac14169bca6279a90c0631bee48d13b330933e7503c439e07d8d571b2630c9041e629e0fe13a9446e2353d462a7dbd3b7f8b2fef51beb460c4991ad5a2696b159d04a592001543dd511e714b31601c39866bdb5f115272cd1fb4e38f328e80ec8ab2664e,gx-no-cache=1516367291986 HTTP/1.1" 200 29
192.168.10.56 - - [19/Jan/2018:10:10:35 -0300] "POST /cormun/servlet/solicitudgral?gx-no-cache=1516367292001 HTTP/1.1" 200 1316
192.168.10.56 - - [19/Jan/2018:10:10:35 -0300] "POST /cormun/servlet/solicitudgral?gx-no-cache=1516367292087 HTTP/1.1" 200 1220
192.168.10.89 - - [19/Jan/2018:10:10:40 -0300] "POST /cormun/servlet/hlogin?c0a2d034774daa77f110d32c855abdad,gx-no-cache=1516367297231 HTTP/1.1" 200 90
192.168.10.89 - - [19/Jan/2018:10:10:40 -0300] "GET /cormun/servlet/hpexe_link HTTP/1.1" 200 953
192.168.10.89 - - [19/Jan/2018:10:10:40 -0300] "GET /cormun/servlet/hhome HTTP/1.1" 200 3773
192.168.10.89 - - [19/Jan/2018:10:10:42 -0300] "GET /cormun/servlet/trsolicitudgral? HTTP/1.1" 500 10
192.168.10.89 - - [19/Jan/2018:10:10:54 -0300] "GET /cormun/servlet/hlogin HTTP/1.1" 200 1724
192.168.10.89 - - [19/Jan/2018:10:11:01 -0300] "POST /cormun/servlet/hlogin?6771cddcfb81eb9c4c76be9e13f58239,gx-no-cache=1516367318338 HTTP/1.1" 200 90
192.168.10.89 - - [19/Jan/2018:10:11:01 -0300] "GET /cormun/servlet/hpexe_link HTTP/1.1" 200 953
192.168.10.89 - - [19/Jan/2018:10:11:01 -0300] "GET /cormun/servlet/hhome HTTP/1.1" 200 4777
192.168.10.89 - - [19/Jan/2018:10:11:13 -0300] "GET /cormun/servlet/trsolicitudgral? HTTP/1.1" 200 28013
192.168.10.89 - - [19/Jan/2018:10:11:19 -0300] "GET /cormun/servlet/hlogin HTTP/1.1" 200 1741
192.168.10.56 - - [19/Jan/2018:10:11:25 -0300] "POST /cormun/servlet/solicitudgral?df6c466a6dbaf7288fa13a6c5ccb0c0f,UPD,2018,8626,,gx-no-cache=1516367341823 HTTP/1.1" 200 93
192.168.10.56 - - [19/Jan/2018:10:11:25 -0300] "GET /cormun/servlet/hpexe_return? HTTP/1.1" 200 1008
192.168.10.56 - - [19/Jan/2018:10:11:25 -0300] "GET /cormun/static/gxcfg.js?2016101716175148 HTTP/1.1" 200 953
192.168.10.56 - - [19/Jan/2018:10:11:25 -0300] "GET /cormun/static/hpexe_return.js?2016101716175153 HTTP/1.1" 200 1633
192.168.10.56 - - [19/Jan/2018:10:11:25 -0300] "GET /cormun/static/Resources/Spanish/PXTools.css?167811 HTTP/1.1" 200 89042
192.168.10.56 - - [19/Jan/2018:10:11:25 -0300] "GET /cormun/servlet/trsolicitudgral? HTTP/1.1" 200 25738
192.168.10.56 - - [19/Jan/2018:10:11:26 -0300] "GET /cormun/servlet/trsolicitudgral? HTTP/1.1" 200 25733
192.168.10.89 - - [19/Jan/2018:10:12:14 -0300] "POST /cormun/servlet/hlogin?6771cddcfb81eb9c4c76be9e13f58239,gx-no-cache=1516367391313 HTTP/1.1" 200 456
192.168.10.89 - - [19/Jan/2018:10:12:18 -0300] "POST /cormun/servlet/hlogin?6771cddcfb81eb9c4c76be9e13f58239,gx-no-cache=1516367394967 HTTP/1.1" 200 456
192.168.10.89 - - [19/Jan/2018:10:12:21 -0300] "POST /cormun/servlet/hlogin?6771cddcfb81eb9c4c76be9e13f58239,gx-no-cache=1516367398286 HTTP/1.1" 200 90
192.168.10.89 - - [19/Jan/2018:10:12:21 -0300] "GET /cormun/servlet/hpexe_link HTTP/1.1" 200 953
192.168.10.89 - - [19/Jan/2018:10:12:21 -0300] "GET /cormun/servlet/hhome HTTP/1.1" 200 3772
192.168.10.89 - - [19/Jan/2018:10:12:24 -0300] "GET /cormun/servlet/trsolicitudgral? HTTP/1.1" 500 10
192.168.10.89 - - [19/Jan/2018:10:12:25 -0300] "GET /cormun/servlet/hhome HTTP/1.1" 200 3760
192.168.10.89 - - [19/Jan/2018:10:12:33 -0300] "GET /cormun/servlet/trsolicitudgral? HTTP/1.1" 500 10
192.168.10.89 - - [19/Jan/2018:10:12:35 -0300] "GET /cormun/servlet/hhome HTTP/1.1" 200 3760
192.168.10.89 - - [19/Jan/2018:10:12:36 -0300] "GET /cormun/servlet/hlogin HTTP/1.1" 200 1736
190.161.32.57 - - [19/Jan/2018:10:13:37 -0300] "GET /cormun/servlet/hlogin HTTP/1.1" 200 1719
190.161.32.57 - - [19/Jan/2018:10:13:38 -0300] "GET /cormun/servlet/hlogin HTTP/1.1" 200 1730
190.161.32.57 - - [19/Jan/2018:10:13:46 -0300] "POST /cormun/servlet/hlogin?d23f80712f2de3f6a9d28345a4349561,gx-no-cache=1516367580443 HTTP/1.1" 200 450
190.161.32.57 - - [19/Jan/2018:10:13:54 -0300] "POST /cormun/servlet/hlogin?d23f80712f2de3f6a9d28345a4349561,gx-no-cache=1516367588712 HTTP/1.1" 200 90
190.161.32.57 - - [19/Jan/2018:10:13:54 -0300] "GET /cormun/servlet/hpexe_link HTTP/1.1" 200 951
190.161.32.57 - - [19/Jan/2018:10:13:54 -0300] "GET /cormun/servlet/hhome HTTP/1.1" 200 4775
190.161.32.57 - - [19/Jan/2018:10:13:56 -0300] "GET /cormun/servlet/hhome HTTP/1.1" 200 4770
190.161.32.57 - - [19/Jan/2018:10:13:59 -0300] "GET /cormun/servlet/trsecurityuser01? HTTP/1.1" 200 12215
190.161.32.57 - - [19/Jan/2018:10:13:59 -0300] "GET /cormun/servlet/trsecurityuser01? HTTP/1.1" 200 12213
190.161.32.57 - - [19/Jan/2018:10:14:04 -0300] "POST /cormun/servlet/trsecurityuser01?d23f80712f2de3f6a9d28345a4349561,,gx-no-cache=1516367598392 HTTP/1.1" 200 5146
186.79.49.40 - - [19/Jan/2018:10:14:07 -0300] "POST /cormun/servlet/trsolicitudot?e1e4d1062752339fd8a76437a2349117,gx-no-cache=1516367606130 HTTP/1.1" 200 8989
190.161.32.57 - - [19/Jan/2018:10:14:35 -0300] "GET /cormun/servlet/securityusers?UPD,3843, HTTP/1.1" 200 7860
190.161.32.57 - - [19/Jan/2018:10:14:36 -0300] "GET /cormun/servlet/securityusers?UPD,3843, HTTP/1.1" 200 7867
190.161.32.57 - - [19/Jan/2018:10:15:14 -0300] "GET /cormun/servlet/trsecurityuser01? HTTP/1.1" 200 7759
190.161.32.57 - - [19/Jan/2018:10:15:14 -0300] "GET /cormun/servlet/trsecurityuser01? HTTP/1.1" 200 7758
190.161.32.57 - - [19/Jan/2018:10:15:26 -0300] "GET /cormun/servlet/hlogin HTTP/1.1" 200 1739
190.161.32.57 - - [19/Jan/2018:10:15:33 -0300] "POST /cormun/servlet/hlogin?d23f80712f2de3f6a9d28345a4349561,gx-no-cache=1516367687798 HTTP/1.1" 200 458
190.161.32.57 - - [19/Jan/2018:10:15:44 -0300] "POST /cormun/servlet/hlogin?d23f80712f2de3f6a9d28345a4349561,gx-no-cache=1516367697731 HTTP/1.1" 200 90
190.161.32.57 - - [19/Jan/2018:10:15:44 -0300] "GET /cormun/servlet/hpexe_link HTTP/1.1" 200 951
190.161.32.57 - - [19/Jan/2018:10:15:44 -0300] "GET /cormun/servlet/hhome HTTP/1.1" 200 3771
190.161.32.57 - - [19/Jan/2018:10:15:44 -0300] "GET /cormun/servlet/hhome HTTP/1.1" 200 3767
190.161.32.57 - - [19/Jan/2018:10:15:51 -0300] "GET /cormun/servlet/hlogin HTTP/1.1" 200 1731
190.161.32.57 - - [19/Jan/2018:10:16:10 -0300] "POST /cormun/servlet/hlogin?d23f80712f2de3f6a9d28345a4349561,gx-no-cache=1516367724321 HTTP/1.1" 200 90
190.161.32.57 - - [19/Jan/2018:10:16:10 -0300] "GET /cormun/servlet/hpexe_link HTTP/1.1" 200 951
190.161.32.57 - - [19/Jan/2018:10:16:10 -0300] "GET /cormun/servlet/hhome HTTP/1.1" 200 4775
190.161.32.57 - - [19/Jan/2018:10:16:10 -0300] "GET /cormun/servlet/hhome HTTP/1.1" 200 4770
190.161.32.57 - - [19/Jan/2018:10:16:14 -0300] "GET /cormun/servlet/trsecurityuser01? HTTP/1.1" 200 7759
190.161.32.57 - - [19/Jan/2018:10:16:15 -0300] "GET /cormun/servlet/trsecurityuser01? HTTP/1.1" 200 7758
192.168.10.50 - - [19/Jan/2018:10:17:30 -0300] "POST /cormun/servlet/trsolicitudgral?e09f81f849510df3e3e1c5bb42f36913,,gx-no-cache=1516367707087 HTTP/1.1" 440 972
192.168.10.50 - - [19/Jan/2018:10:17:32 -0300] "GET /cormun/servlet/trsolicitudgral? HTTP/1.1" 500 10
192.168.10.50 - - [19/Jan/2018:10:17:35 -0300] "GET /cormun/servlet/trsolicitudgral? HTTP/1.1" 500 10
192.168.10.50 - - [19/Jan/2018:10:17:42 -0300] "GET /cormun/servlet/hlogin HTTP/1.1" 200 1723
192.168.10.50 - - [19/Jan/2018:10:17:48 -0300] "POST /cormun/servlet/hlogin?c25fd71caeaca3c1951516f940c71515,gx-no-cache=1516367724729 HTTP/1.1" 200 90
192.168.10.50 - - [19/Jan/2018:10:17:48 -0300] "GET /cormun/servlet/hpexe_link HTTP/1.1" 200 953
192.168.10.50 - - [19/Jan/2018:10:17:48 -0300] "GET /cormun/servlet/hhome HTTP/1.1" 200 4333
192.168.10.50 - - [19/Jan/2018:10:17:49 -0300] "GET /cormun/servlet/hhome HTTP/1.1" 200 4329
192.168.10.56 - - [19/Jan/2018:10:20:06 -0300] "POST /cormun/servlet/trsolicitudgral?df6c466a6dbaf7288fa13a6c5ccb0c0f,,gx-no-cache=1516367862891 HTTP/1.1" 200 10854
192.168.10.89 - - [19/Jan/2018:10:20:34 -0300] "GET /cormun/servlet/hlogin HTTP/1.1" 200 1724
190.161.32.57 - - [19/Jan/2018:10:20:35 -0300] "GET /cormun/servlet/securityusers?UPD,3843, HTTP/1.1" 200 7860
190.161.32.57 - - [19/Jan/2018:10:20:36 -0300] "GET /cormun/servlet/securityusers?UPD,3843, HTTP/1.1" 200 7867
186.79.49.40 - - [19/Jan/2018:10:20:55 -0300] "POST /cormun/servlet/trsolicitudot?e1e4d1062752339fd8a76437a2349117,gx-no-cache=1516368013722 HTTP/1.1" 200 8989
192.168.10.56 - - [19/Jan/2018:10:20:57 -0300] "POST /cormun/servlet/trsolicitudgral?df6c466a6dbaf7288fa13a6c5ccb0c0f,,gx-no-cache=1516367913798 HTTP/1.1" 200 10159
192.168.10.56 - - [19/Jan/2018:10:20:57 -0300] "GET /cormun/static/Shared/jqueryui/images/ui-bg_highlight-soft_100_c6c2c8_1x100.png HTTP/1.1" 404 1117
192.168.10.56 - - [19/Jan/2018:10:20:57 -0300] "GET /cormun/static/Shared/jqueryui/images/ui-icons_82798d_256x240.png HTTP/1.1" 404 1089
192.168.10.56 - - [19/Jan/2018:10:20:57 -0300] "GET /cormun/static/Shared/jqueryui/images/ui-bg_flat_55_fafafa_40x100.png HTTP/1.1" 404 1097
192.168.10.56 - - [19/Jan/2018:10:20:57 -0300] "GET /cormun/static/Shared/jqueryui/images/ui-icons_8d78a5_256x240.png HTTP/1.1" 404 1089
192.168.10.89 - - [19/Jan/2018:10:21:17 -0300] "POST /cormun/servlet/hlogin?7ff4facfe5c25f1f2a389453f66de4b6,gx-no-cache=1516367933723 HTTP/1.1" 200 90
192.168.10.89 - - [19/Jan/2018:10:21:17 -0300] "GET /cormun/servlet/hpexe_link HTTP/1.1" 200 954
192.168.10.89 - - [19/Jan/2018:10:21:17 -0300] "GET /cormun/servlet/hhome HTTP/1.1" 200 3769
192.168.10.89 - - [19/Jan/2018:10:21:19 -0300] "GET /cormun/servlet/trsolicitudgral? HTTP/1.1" 500 10
192.168.10.89 - - [19/Jan/2018:10:21:24 -0300] "GET /cormun/servlet/hhome HTTP/1.1" 200 3761
192.168.10.56 - - [19/Jan/2018:10:21:26 -0300] "POST /cormun/servlet/trsolicitudgral?df6c466a6dbaf7288fa13a6c5ccb0c0f,,gx-no-cache=1516367943531 HTTP/1.1" 200 9802
190.161.32.57 - - [19/Jan/2018:10:21:30 -0300] "GET /cormun/servlet/hlogin HTTP/1.1" 200 1744
190.161.32.57 - - [19/Jan/2018:10:21:37 -0300] "POST /cormun/servlet/hlogin?d23f80712f2de3f6a9d28345a4349561,gx-no-cache=1516368051771 HTTP/1.1" 200 462
190.161.32.57 - - [19/Jan/2018:10:21:40 -0300] "POST /cormun/servlet/hlogin?d23f80712f2de3f6a9d28345a4349561,gx-no-cache=1516368055122 HTTP/1.1" 200 90
190.161.32.57 - - [19/Jan/2018:10:21:40 -0300] "GET /cormun/servlet/hpexe_link HTTP/1.1" 200 951
190.161.32.57 - - [19/Jan/2018:10:21:40 -0300] "GET /cormun/servlet/hhome HTTP/1.1" 200 3771
190.161.32.57 - - [19/Jan/2018:10:21:41 -0300] "GET /cormun/servlet/hhome HTTP/1.1" 200 3767
190.161.32.57 - - [19/Jan/2018:10:21:45 -0300] "GET /cormun/servlet/trsolicitudgral? HTTP/1.1" 500 10
190.161.32.57 - - [19/Jan/2018:10:21:50 -0300] "GET /cormun/servlet/trsolicitudgral? HTTP/1.1" 500 10
190.161.32.57 - - [19/Jan/2018:10:21:53 -0300] "GET /cormun/servlet/trsolicitudgral? HTTP/1.1" 500 10
190.161.32.57 - - [19/Jan/2018:10:22:04 -0300] "GET /cormun/servlet/hhome HTTP/1.1" 200 3771
190.161.32.57 - - [19/Jan/2018:10:22:04 -0300] "GET /cormun/servlet/hhome HTTP/1.1" 200 3767
192.168.10.89 - - [19/Jan/2018:10:22:08 -0300] "GET /cormun/servlet/hlogin HTTP/1.1" 200 1737
192.168.10.56 - - [19/Jan/2018:10:22:51 -0300] "POST /cormun/servlet/trsolicitudgral?df6c466a6dbaf7288fa13a6c5ccb0c0f,,gx-no-cache=1516368028147 HTTP/1.1" 200 7256
192.168.10.56 - - [19/Jan/2018:10:23:04 -0300] "POST /cormun/servlet/trsolicitudgral?df6c466a6dbaf7288fa13a6c5ccb0c0f,,gx-no-cache=1516368040505 HTTP/1.1" 200 16076
192.168.10.56 - - [19/Jan/2018:10:23:26 -0300] "POST /cormun/servlet/trsolicitudgral?df6c466a6dbaf7288fa13a6c5ccb0c0f,,gx-no-cache=1516368063186 HTTP/1.1" 200 15722
192.168.10.56 - - [19/Jan/2018:10:24:02 -0300] "POST /cormun/servlet/trsolicitudgral?df6c466a6dbaf7288fa13a6c5ccb0c0f,,gx-no-cache=1516368098604 HTTP/1.1" 200 15342
192.168.10.56 - - [19/Jan/2018:10:24:17 -0300] "POST /cormun/servlet/trsolicitudgral?df6c466a6dbaf7288fa13a6c5ccb0c0f,,gx-no-cache=1516368114110 HTTP/1.1" 200 14932
186.79.49.40 - - [19/Jan/2018:10:24:23 -0300] "POST /cormun/servlet/trsolicitudot?e1e4d1062752339fd8a76437a2349117,gx-no-cache=1516368221252 HTTP/1.1" 200 105
186.79.49.40 - - [19/Jan/2018:10:24:23 -0300] "GET /cormun/servlet/solicitudot?UPD,2018,9410, HTTP/1.1" 200 15362
186.79.49.40 - - [19/Jan/2018:10:24:24 -0300] "GET /cormun/servlet/solicitudot?UPD,2018,9410, HTTP/1.1" 200 15371
186.79.49.40 - - [19/Jan/2018:10:24:25 -0300] "POST /cormun/servlet/solicitudot?gx-no-cache=1516368223762 HTTP/1.1" 200 3393
186.79.49.40 - - [19/Jan/2018:10:24:25 -0300] "POST /cormun/servlet/solicitudot?e1e4d1062752339fd8a76437a2349117,UPD,2018,9410,,gx-no-cache=1516368224345 HTTP/1.1" 200 11746
186.79.49.40 - - [19/Jan/2018:10:24:25 -0300] "GET /cormun/servlet/solicitudot?5475e5401b4d54403a19ab199b4b978447aed4788049346edd06498a7421ee1dcac00dde8773b99fc470191f02ed8a7a,gx-no-cache=1516368224956 HTTP/1.1" 200 30
186.79.49.40 - - [19/Jan/2018:10:24:25 -0300] "GET /cormun/servlet/solicitudot?5475e5401b4d54403a19ab199b4b9784d7306807535b7453ca6f5cd9a96da440c761fff6710314db76b4e24d1992324223a41fec5ee1f0b9f1b8097cc0d0405d,gx-no-cache=1516368225050 HTTP/1.1" 200 51
186.79.49.40 - - [19/Jan/2018:10:24:25 -0300] "POST /cormun/servlet/solicitudot?gx-no-cache=1516368225154 HTTP/1.1" 200 256
186.79.49.40 - - [19/Jan/2018:10:24:26 -0300] "GET /cormun/servlet/solicitudot?5475e5401b4d54403a19ab199b4b9784b6d24c39675cc3340c5fab249d429fa8f0292992f0c83c3db083154db8cd308f840f51b210e4f28775e1fd92dbbaa973eb925c9c613cb42f386b3fbc4c73b1e25246fdb29e4e6338c0004d3d7b4e746202bf154ffdf5b0885aacaf4dd1cab29e6b4be0d91ba5a40c0ed06e88c0138f7c6f95c5f731cd6244c1befdbbeed3679b4cd884f8bbc2c6631c12393d83266ad66fe41c01e87840e347ce26bd75e0352447ecd294c08c068daef167a3f65f1ddf2b18acec915012426d2f8757ac21a82722b0492c309cfe43b6f572292f50f85c1c80724b80340cb0706ea4f8b1175b30f25e5705154a380b23d5428937dbe670959dd4b66cefbdd9c7f72239b4582bf7558dfb725b8721aaa198ca060460f168a9a2065c8a3253b0b23d9540425137919e1820501992062f9a3955974a6998a8a33c9dcd041abd9bb1d1077f3faea616c64bae5654f572a71a381d5489f3f1af9844e3e11ab994e7b407e738060beee7850a6de5c49dfb4c74883e83a8a1bd7b,gx-no-cache=1516368225281 HTTP/1.1" 200 30
186.79.49.40 - - [19/Jan/2018:10:24:26 -0300] "POST /cormun/servlet/solicitudot?gx-no-cache=1516368225393 HTTP/1.1" 200 30
186.79.49.40 - - [19/Jan/2018:10:24:27 -0300] "POST /cormun/servlet/solicitudot?gx-no-cache=1516368225515 HTTP/1.1" 200 1357
186.79.49.40 - - [19/Jan/2018:10:24:27 -0300] "POST /cormun/servlet/solicitudot?gx-no-cache=1516368226344 HTTP/1.1" 200 41
192.168.10.56 - - [19/Jan/2018:10:24:30 -0300] "POST /cormun/servlet/trsolicitudgral?df6c466a6dbaf7288fa13a6c5ccb0c0f,,gx-no-cache=1516368127253 HTTP/1.1" 200 14544
186.79.49.40 - - [19/Jan/2018:10:24:48 -0300] "POST /cormun/servlet/solicitudot?e1e4d1062752339fd8a76437a2349117,UPD,2018,9410,,gx-no-cache=1516368247530 HTTP/1.1" 200 93
186.79.49.40 - - [19/Jan/2018:10:24:48 -0300] "GET /cormun/servlet/hpexe_return? HTTP/1.1" 200 1029
186.79.49.40 - - [19/Jan/2018:10:24:49 -0300] "GET /cormun/servlet/trsolicitudot?gx-no-cache=1516368013722 HTTP/1.1" 200 11800
186.79.49.40 - - [19/Jan/2018:10:24:49 -0300] "GET /cormun/servlet/trsolicitudot?gx-no-cache=1516368013722 HTTP/1.1" 200 11817
192.168.10.56 - - [19/Jan/2018:10:24:54 -0300] "POST /cormun/servlet/trsolicitudgral?df6c466a6dbaf7288fa13a6c5ccb0c0f,,gx-no-cache=1516368151092 HTTP/1.1" 200 14104
186.79.49.40 - - [19/Jan/2018:10:24:55 -0300] "POST /cormun/servlet/trsolicitudot?e1e4d1062752339fd8a76437a2349117,gx-no-cache=1516368013722,gx-no-cache=1516368254198 HTTP/1.1" 200 106
186.79.49.40 - - [19/Jan/2018:10:24:55 -0300] "GET /cormun/servlet/solicitudot?UPD,2018,9409, HTTP/1.1" 200 15370
186.79.49.40 - - [19/Jan/2018:10:24:56 -0300] "GET /cormun/servlet/solicitudot?UPD,2018,9409, HTTP/1.1" 200 15358
186.79.49.40 - - [19/Jan/2018:10:24:56 -0300] "POST /cormun/servlet/solicitudot?gx-no-cache=1516368255805 HTTP/1.1" 200 3390
186.79.49.40 - - [19/Jan/2018:10:24:57 -0300] "POST /cormun/servlet/solicitudot?e1e4d1062752339fd8a76437a2349117,UPD,2018,9409,,gx-no-cache=1516368256193 HTTP/1.1" 200 11752
186.79.49.40 - - [19/Jan/2018:10:24:57 -0300] "GET /cormun/servlet/solicitudot?5475e5401b4d54403a19ab199b4b97842d47f467a867372f2e173a20d372cd44cac00dde8773b99fc470191f02ed8a7a,gx-no-cache=1516368256784 HTTP/1.1" 200 30
186.79.49.40 - - [19/Jan/2018:10:24:57 -0300] "GET /cormun/servlet/solicitudot?5475e5401b4d54403a19ab199b4b9784d7306807535b7453ca6f5cd9a96da440c761fff6710314db76b4e24d1992324223a41fec5ee1f0b9f1b8097cc0d0405d,gx-no-cache=1516368256899 HTTP/1.1" 200 51
186.79.49.40 - - [19/Jan/2018:10:24:57 -0300] "POST /cormun/servlet/solicitudot?gx-no-cache=1516368256962 HTTP/1.1" 200 256
186.79.49.40 - - [19/Jan/2018:10:24:57 -0300] "GET /cormun/servlet/solicitudot?5475e5401b4d54403a19ab199b4b9784b6d24c39675cc3340c5fab249d429fa89e1acb2bde580f2cc956328d71dc2c61840f51b210e4f28775e1fd92dbbaa973eb925c9c613cb42f386b3fbc4c73b1e25246fdb29e4e6338c0004d3d7b4e746202bf154ffdf5b0885aacaf4dd1cab29e6b4be0d91ba5a40c0ed06e88c0138f7c6f95c5f731cd6244c1befdbbeed3679b4cd884f8bbc2c6631c12393d83266ad66fe41c01e87840e347ce26bd75e0352447ecd294c08c068daef167a3f65f1ddf2b18acec915012426d2f8757ac21a82722b0492c309cfe43b6f572292f50f85c1c80724b80340cb0706ea4f8b1175b30f25e5705154a380b23d5428937dbe670959dd4b66cefbdd9c7f72239b4582bf7189b960ef8f0e0d45e5f14bb5a37ead129f23dec4df86c08cdbbf68e55a03e1d43f6d05d91acc25ac42fccea6c8541ab98bf3012b8df665afc2f2bdd226f2f29cfe68cd25f634bc8a13ac6d0de8e71e291cefc0da83e440264768ee8beb7f8ad93c3fefdce5352319336285714b16810,gx-no-cache=1516368257045 HTTP/1.1" 200 30
186.79.49.40 - - [19/Jan/2018:10:24:58 -0300] "POST /cormun/servlet/solicitudot?gx-no-cache=1516368257116 HTTP/1.1" 200 30
186.79.49.40 - - [19/Jan/2018:10:24:59 -0300] "POST /cormun/servlet/solicitudot?gx-no-cache=1516368258221 HTTP/1.1" 200 1357
186.79.49.40 - - [19/Jan/2018:10:24:59 -0300] "POST /cormun/servlet/solicitudot?gx-no-cache=1516368258440 HTTP/1.1" 200 41
192.168.10.56 - - [19/Jan/2018:10:25:05 -0300] "POST /cormun/servlet/trsolicitudgral?df6c466a6dbaf7288fa13a6c5ccb0c0f,,gx-no-cache=1516368162307 HTTP/1.1" 200 7212
192.168.10.56 - - [19/Jan/2018:10:25:22 -0300] "POST /cormun/servlet/trsolicitudgral?df6c466a6dbaf7288fa13a6c5ccb0c0f,,gx-no-cache=1516368178722 HTTP/1.1" 200 18319
192.168.10.62 - - [19/Jan/2018:10:25:25 -0300] "POST /cormun/servlet/trsolicitudgral?10b52258f83dec5ff2bd227c6be6883d,,gx-no-cache=1516368182579 HTTP/1.1" 440 972
192.168.10.62 - - [19/Jan/2018:10:25:27 -0300] "GET /cormun/servlet/trsolicitudgral? HTTP/1.1" 500 10
192.168.10.62 - - [19/Jan/2018:10:25:29 -0300] "GET /cormun/servlet/trsolicitudgral? HTTP/1.1" 500 10
192.168.10.62 - - [19/Jan/2018:10:25:31 -0300] "GET /cormun/servlet/trsolicitudgral? HTTP/1.1" 500 10
192.168.10.62 - - [19/Jan/2018:10:25:43 -0300] "GET /cormun/servlet/hlogin HTTP/1.1" 200 1710
192.168.10.56 - - [19/Jan/2018:10:25:46 -0300] "POST /cormun/servlet/trsolicitudgral?df6c466a6dbaf7288fa13a6c5ccb0c0f,,gx-no-cache=1516368203190 HTTP/1.1" 200 23653
192.168.10.56 - - [19/Jan/2018:10:25:47 -0300] "GET /cormun/static/Resources/PXToolsGridNext.gif HTTP/1.1" 200 369
192.168.10.56 - - [19/Jan/2018:10:25:47 -0300] "GET /cormun/static/Resources/PXToolsGridLast.gif HTTP/1.1" 200 370
192.168.10.62 - - [19/Jan/2018:10:25:51 -0300] "POST /cormun/servlet/hlogin?ea797dc15c6bebba104e3995e5ef94a4,gx-no-cache=1516368207858 HTTP/1.1" 200 90
192.168.10.62 - - [19/Jan/2018:10:25:51 -0300] "GET /cormun/servlet/hpexe_link HTTP/1.1" 200 943
192.168.10.62 - - [19/Jan/2018:10:25:51 -0300] "GET /cormun/servlet/hhome HTTP/1.1" 200 3850
192.168.10.62 - - [19/Jan/2018:10:25:51 -0300] "GET /cormun/static/PXToolsJavascripts/pexe_popup.js HTTP/1.1" 200 13458
192.168.10.62 - - [19/Jan/2018:10:25:51 -0300] "GET /cormun/servlet/hhome HTTP/1.1" 200 3848
192.168.10.62 - - [19/Jan/2018:10:25:57 -0300] "GET /cormun/servlet/trsolicitudgral? HTTP/1.1" 200 26427
192.168.10.56 - - [19/Jan/2018:10:25:59 -0300] "POST /cormun/servlet/trsolicitudgral?df6c466a6dbaf7288fa13a6c5ccb0c0f,,gx-no-cache=1516368216122 HTTP/1.1" 200 105
192.168.10.56 - - [19/Jan/2018:10:25:59 -0300] "GET /cormun/SolicitudGral-9000.xls HTTP/1.1" 200 27648
192.168.10.62 - - [19/Jan/2018:10:25:59 -0300] "GET /cormun/servlet/trsolicitudgral? HTTP/1.1" 200 26425
192.168.10.62 - - [19/Jan/2018:10:26:01 -0300] "GET /cormun/servlet/hlogin HTTP/1.1" 200 1730
192.168.10.62 - - [19/Jan/2018:10:26:12 -0300] "POST /cormun/servlet/hlogin?ea797dc15c6bebba104e3995e5ef94a4,gx-no-cache=1516368229104 HTTP/1.1" 200 90
192.168.10.62 - - [19/Jan/2018:10:26:12 -0300] "GET /cormun/servlet/hpexe_link HTTP/1.1" 200 943
192.168.10.62 - - [19/Jan/2018:10:26:12 -0300] "GET /cormun/servlet/hhome HTTP/1.1" 200 4328
192.168.10.62 - - [19/Jan/2018:10:26:12 -0300] "GET /cormun/servlet/hhome HTTP/1.1" 200 4324
192.168.10.62 - - [19/Jan/2018:10:26:23 -0300] "GET /cormun/servlet/trsolicitudgral? HTTP/1.1" 200 27546
192.168.10.62 - - [19/Jan/2018:10:26:25 -0300] "GET /cormun/servlet/trsolicitudgral? HTTP/1.1" 200 27546
192.168.10.62 - - [19/Jan/2018:10:26:33 -0300] "GET /cormun/servlet/trsolicitudgral? HTTP/1.1" 200 27546
192.168.10.62 - - [19/Jan/2018:10:26:41 -0300] "POST /cormun/servlet/trsolicitudgral?ea797dc15c6bebba104e3995e5ef94a4,,gx-no-cache=1516368257403 HTTP/1.1" 200 23872
192.168.10.62 - - [19/Jan/2018:10:26:46 -0300] "GET /cormun/servlet/vesolicitudgral?2018,9310,, HTTP/1.1" 200 8957
192.168.10.62 - - [19/Jan/2018:10:26:46 -0300] "GET /cormun/pexe_scrolldiv.js HTTP/1.1" 404 1009
192.168.10.62 - - [19/Jan/2018:10:26:46 -0300] "GET /cormun/pexe_scrolldiv.js HTTP/1.1" 404 1009
192.168.10.62 - - [19/Jan/2018:10:26:46 -0300] "GET /cormun/servlet/vesolicitudgral?2018,9310,, HTTP/1.1" 200 8955
192.168.10.62 - - [19/Jan/2018:10:26:51 -0300] "POST /cormun/servlet/vesolicitudgral?ea797dc15c6bebba104e3995e5ef94a4,2018,9310,,,gx-no-cache=1516368267944 HTTP/1.1" 200 115
192.168.10.62 - - [19/Jan/2018:10:26:51 -0300] "GET /cormun/servlet/solicitudotlog?INS,2018,9310,0,REC, HTTP/1.1" 200 6147
192.168.10.62 - - [19/Jan/2018:10:26:51 -0300] "GET /cormun/static/gxcfg.js?2017761245646 HTTP/1.1" 304 -
192.168.10.62 - - [19/Jan/2018:10:26:51 -0300] "GET /cormun/servlet/solicitudotlog?INS,2018,9310,0,REC, HTTP/1.1" 200 6141
192.168.10.62 - - [19/Jan/2018:10:26:52 -0300] "GET /cormun/servlet/solicitudotlog?cd1e274685f78c6b3fd5d596a56514957d8ea0c4f7421b6e311dd66927c703a5a377f5143af52cda7aef7aba7b8c6e4bf8787bc5c8f69cb48e23bc571b3caa0817e2aecf1e8ddef328ae10c8c1d9d7c1d517a3dba217a0f3b5c1fb7cc94712975ad7626e70f6af8abd30741c0081bd546f7acfcdb26690029b470c89b5250628f0114393434df7250901d87545295c215090ec15ef214065b3f5ac81091ae819,gx-no-cache=1516368268934 HTTP/1.1" 200 94
192.168.10.62 - - [19/Jan/2018:10:27:01 -0300] "POST /cormun/servlet/solicitudotlog?ea797dc15c6bebba104e3995e5ef94a4,INS,2018,9310,0,REC,,gx-no-cache=1516368278538 HTTP/1.1" 200 93
192.168.10.62 - - [19/Jan/2018:10:27:01 -0300] "GET /cormun/servlet/hpexe_return? HTTP/1.1" 200 1019
192.168.10.62 - - [19/Jan/2018:10:27:02 -0300] "GET /cormun/servlet/vesolicitudgral?2018,9310,, HTTP/1.1" 200 8969
192.168.10.62 - - [19/Jan/2018:10:27:02 -0300] "GET /cormun/pexe_scrolldiv.js HTTP/1.1" 404 1009
192.168.10.62 - - [19/Jan/2018:10:27:02 -0300] "GET /cormun/pexe_scrolldiv.js HTTP/1.1" 404 1009
192.168.10.62 - - [19/Jan/2018:10:27:02 -0300] "GET /cormun/servlet/vesolicitudgral?2018,9310,, HTTP/1.1" 200 8964
186.79.49.40 - - [19/Jan/2018:10:27:22 -0300] "POST /cormun/servlet/solicitudot?e1e4d1062752339fd8a76437a2349117,UPD,2018,9409,,gx-no-cache=1516368401219 HTTP/1.1" 200 93
186.79.49.40 - - [19/Jan/2018:10:27:22 -0300] "GET /cormun/servlet/hpexe_return? HTTP/1.1" 200 1029
186.79.49.40 - - [19/Jan/2018:10:27:22 -0300] "GET /cormun/servlet/trsolicitudot?gx-no-cache=1516368013722 HTTP/1.1" 200 11800
186.79.49.40 - - [19/Jan/2018:10:27:23 -0300] "GET /cormun/servlet/trsolicitudot?gx-no-cache=1516368013722 HTTP/1.1" 200 11817
186.79.49.40 - - [19/Jan/2018:10:27:38 -0300] "POST /cormun/servlet/trsolicitudot?e1e4d1062752339fd8a76437a2349117,gx-no-cache=1516368013722,gx-no-cache=1516368417422 HTTP/1.1" 200 106
186.79.49.40 - - [19/Jan/2018:10:27:38 -0300] "GET /cormun/servlet/solicitudot?UPD,2018,9409, HTTP/1.1" 200 15370
186.79.49.40 - - [19/Jan/2018:10:27:39 -0300] "GET /cormun/servlet/solicitudot?UPD,2018,9409, HTTP/1.1" 200 15358
186.79.49.40 - - [19/Jan/2018:10:27:40 -0300] "POST /cormun/servlet/solicitudot?gx-no-cache=1516368419070 HTTP/1.1" 200 3390
186.79.49.40 - - [19/Jan/2018:10:27:40 -0300] "POST /cormun/servlet/solicitudot?e1e4d1062752339fd8a76437a2349117,UPD,2018,9409,,gx-no-cache=1516368419462 HTTP/1.1" 200 11752
186.79.49.40 - - [19/Jan/2018:10:27:40 -0300] "GET /cormun/servlet/solicitudot?5475e5401b4d54403a19ab199b4b97842d47f467a867372f2e173a20d372cd44cac00dde8773b99fc470191f02ed8a7a,gx-no-cache=1516368420036 HTTP/1.1" 200 30
186.79.49.40 - - [19/Jan/2018:10:27:40 -0300] "GET /cormun/servlet/solicitudot?5475e5401b4d54403a19ab199b4b9784d7306807535b7453ca6f5cd9a96da440c761fff6710314db76b4e24d1992324223a41fec5ee1f0b9f1b8097cc0d0405d,gx-no-cache=1516368420104 HTTP/1.1" 200 51
186.79.49.40 - - [19/Jan/2018:10:27:40 -0300] "POST /cormun/servlet/solicitudot?gx-no-cache=1516368420167 HTTP/1.1" 200 256
186.79.49.40 - - [19/Jan/2018:10:27:41 -0300] "GET /cormun/servlet/solicitudot?5475e5401b4d54403a19ab199b4b9784b6d24c39675cc3340c5fab249d429fa89e1acb2bde580f2cc956328d71dc2c61840f51b210e4f28775e1fd92dbbaa973eb925c9c613cb42f386b3fbc4c73b1e25246fdb29e4e6338c0004d3d7b4e746202bf154ffdf5b0885aacaf4dd1cab29e6b4be0d91ba5a40c0ed06e88c0138f7c6f95c5f731cd6244c1befdbbeed3679b4cd884f8bbc2c6631c12393d83266ad66fe41c01e87840e347ce26bd75e0352447ecd294c08c068daef167a3f65f1ddf2b18acec915012426d2f8757ac21a82722b0492c309cfe43b6f572292f50f85c1c80724b80340cb0706ea4f8b1175b30f25e5705154a380b23d5428937dbe670959dd4b66cefbdd9c7f72239b4582bf7189b960ef8f0e0d45e5f14bb5a37ead129f23dec4df86c08cdbbf68e55a03e1d43f6d05d91acc25ac42fccea6c8541ab98bf3012b8df665afc2f2bdd226f2f29cfe68cd25f634bc8a13ac6d0de8e71e291cefc0da83e440264768ee8beb7f8ad93c3fefdce5352319336285714b16810,gx-no-cache=1516368420251 HTTP/1.1" 200 30
186.79.49.40 - - [19/Jan/2018:10:27:41 -0300] "POST /cormun/servlet/solicitudot?gx-no-cache=1516368420322 HTTP/1.1" 200 30
186.79.49.40 - - [19/Jan/2018:10:27:41 -0300] "POST /cormun/servlet/solicitudot?gx-no-cache=1516368420399 HTTP/1.1" 200 1357
186.79.49.40 - - [19/Jan/2018:10:27:41 -0300] "POST /cormun/servlet/solicitudot?gx-no-cache=1516368420581 HTTP/1.1" 200 41
186.79.49.40 - - [19/Jan/2018:10:27:56 -0300] "POST /cormun/servlet/solicitudot?e1e4d1062752339fd8a76437a2349117,UPD,2018,9409,,gx-no-cache=1516368435347 HTTP/1.1" 200 93
186.79.49.40 - - [19/Jan/2018:10:27:56 -0300] "GET /cormun/servlet/hpexe_return? HTTP/1.1" 200 1029
186.79.49.40 - - [19/Jan/2018:10:27:56 -0300] "GET /cormun/servlet/trsolicitudot?gx-no-cache=1516368013722 HTTP/1.1" 200 11800
186.79.49.40 - - [19/Jan/2018:10:27:57 -0300] "GET /cormun/servlet/trsolicitudot?gx-no-cache=1516368013722 HTTP/1.1" 200 11817
192.168.10.62 - - [19/Jan/2018:10:29:07 -0300] "GET /cormun/servlet/trsolicitudgral? HTTP/1.1" 200 26297
192.168.10.62 - - [19/Jan/2018:10:29:08 -0300] "GET /cormun/servlet/trsolicitudgral? HTTP/1.1" 200 26293
192.168.10.62 - - [19/Jan/2018:10:29:15 -0300] "POST /cormun/servlet/trsolicitudgral?ea797dc15c6bebba104e3995e5ef94a4,,gx-no-cache=1516368411537 HTTP/1.1" 200 11323
192.168.10.62 - - [19/Jan/2018:10:29:17 -0300] "POST /cormun/servlet/trsolicitudgral?ea797dc15c6bebba104e3995e5ef94a4,,gx-no-cache=1516368413585 HTTP/1.1" 200 11324
192.168.10.62 - - [19/Jan/2018:10:29:29 -0300] "GET /cormun/servlet/vesolicitudgral?2018,8587,, HTTP/1.1" 200 8952
192.168.10.62 - - [19/Jan/2018:10:29:29 -0300] "GET /cormun/pexe_scrolldiv.js HTTP/1.1" 404 1009
192.168.10.62 - - [19/Jan/2018:10:29:29 -0300] "GET /cormun/pexe_scrolldiv.js HTTP/1.1" 404 1009
192.168.10.62 - - [19/Jan/2018:10:29:29 -0300] "GET /cormun/servlet/vesolicitudgral?2018,8587,, HTTP/1.1" 200 8951
192.168.10.62 - - [19/Jan/2018:10:29:31 -0300] "POST /cormun/servlet/vesolicitudgral?ea797dc15c6bebba104e3995e5ef94a4,2018,8587,,,gx-no-cache=1516368428207 HTTP/1.1" 200 115
192.168.10.62 - - [19/Jan/2018:10:29:31 -0300] "GET /cormun/servlet/solicitudotlog?INS,2018,8587,0,REC, HTTP/1.1" 200 6147
192.168.10.62 - - [19/Jan/2018:10:29:31 -0300] "GET /cormun/servlet/solicitudotlog?INS,2018,8587,0,REC, HTTP/1.1" 200 6141
192.168.10.62 - - [19/Jan/2018:10:29:32 -0300] "GET /cormun/servlet/solicitudotlog?cd1e274685f78c6b3fd5d596a56514956bf374c0fd9b6e21144a1eca3be44092a377f5143af52cda7aef7aba7b8c6e4bf8787bc5c8f69cb48e23bc571b3caa0817e2aecf1e8ddef328ae10c8c1d9d7c1d517a3dba217a0f3b5c1fb7cc94712975ad7626e70f6af8abd30741c0081bd546f7acfcdb26690029b470c89b5250628f0114393434df7250901d87545295c215090ec15ef214065b3f5ac81091ae819,gx-no-cache=1516368429132 HTTP/1.1" 200 94
192.168.10.62 - - [19/Jan/2018:10:29:42 -0300] "POST /cormun/servlet/solicitudotlog?ea797dc15c6bebba104e3995e5ef94a4,INS,2018,8587,0,REC,,gx-no-cache=1516368438961 HTTP/1.1" 200 93
192.168.10.62 - - [19/Jan/2018:10:29:42 -0300] "GET /cormun/servlet/hpexe_return? HTTP/1.1" 200 1019
192.168.10.62 - - [19/Jan/2018:10:29:42 -0300] "GET /cormun/servlet/vesolicitudgral?2018,8587,, HTTP/1.1" 200 8962
192.168.10.62 - - [19/Jan/2018:10:29:42 -0300] "GET /cormun/pexe_scrolldiv.js HTTP/1.1" 404 1009
192.168.10.62 - - [19/Jan/2018:10:29:42 -0300] "GET /cormun/pexe_scrolldiv.js HTTP/1.1" 404 1009
192.168.10.62 - - [19/Jan/2018:10:29:42 -0300] "GET /cormun/servlet/vesolicitudgral?2018,8587,, HTTP/1.1" 200 8959
192.168.10.62 - - [19/Jan/2018:10:29:46 -0300] "POST /cormun/servlet/vesolicitudgral?ea797dc15c6bebba104e3995e5ef94a4,2018,8587,,,gx-no-cache=1516368442899 HTTP/1.1" 200 93
192.168.10.62 - - [19/Jan/2018:10:29:46 -0300] "GET /cormun/servlet/hpexe_return? HTTP/1.1" 200 1004
192.168.10.62 - - [19/Jan/2018:10:29:46 -0300] "GET /cormun/servlet/trsolicitudgral? HTTP/1.1" 200 14110
192.168.10.62 - - [19/Jan/2018:10:29:46 -0300] "GET /cormun/servlet/trsolicitudgral? HTTP/1.1" 200 14106
192.168.10.58 - - [19/Jan/2018:10:29:47 -0300] "POST /cormun/servlet/hlogin?882da872a00f3c762407f9fa77cc50f9,gx-no-cache=1516368444280 HTTP/1.1" 200 447
192.168.10.62 - - [19/Jan/2018:10:30:00 -0300] "POST /cormun/servlet/trsolicitudgral?ea797dc15c6bebba104e3995e5ef94a4,,gx-no-cache=1516368457442 HTTP/1.1" 200 11355
192.168.10.62 - - [19/Jan/2018:10:30:04 -0300] "GET /cormun/servlet/vesolicitudgral?2018,8588,, HTTP/1.1" 200 8944
192.168.10.62 - - [19/Jan/2018:10:30:04 -0300] "GET /cormun/pexe_scrolldiv.js HTTP/1.1" 404 1009
192.168.10.62 - - [19/Jan/2018:10:30:04 -0300] "GET /cormun/pexe_scrolldiv.js HTTP/1.1" 404 1009
192.168.10.62 - - [19/Jan/2018:10:30:04 -0300] "GET /cormun/servlet/vesolicitudgral?2018,8588,, HTTP/1.1" 200 8944
192.168.10.62 - - [19/Jan/2018:10:30:08 -0300] "POST /cormun/servlet/vesolicitudgral?ea797dc15c6bebba104e3995e5ef94a4,2018,8588,,,gx-no-cache=1516368464743 HTTP/1.1" 200 106
192.168.10.62 - - [19/Jan/2018:10:30:08 -0300] "GET /cormun/servlet/solicitudgral?UPD,2018,8588, HTTP/1.1" 200 12647
192.168.10.62 - - [19/Jan/2018:10:30:08 -0300] "GET /cormun/servlet/solicitudgral?UPD,2018,8588, HTTP/1.1" 200 12648
192.168.10.62 - - [19/Jan/2018:10:30:09 -0300] "POST /cormun/servlet/solicitudgral?gx-no-cache=1516368465745 HTTP/1.1" 200 3886
192.168.10.62 - - [19/Jan/2018:10:30:09 -0300] "GET /cormun/servlet/solicitudgral?cd1e274685f78c6b3fd5d596a56514954e1080e7dadf231fa582bf16e0ffc42ca6fd3b12ab4f657a35f1b5a3455da68473a637d7cfb13be3363e61531535bef16b431f85cd9b475832c38f795ceed0bd80da83d3ba75ae78f6968f9336c13428d2346dc515b0f51d2908106cb61bbb05e109466a4fac6308a0c91dc7ee7bfd4abb8b7846360a1b1fa487e6200c6a40d4fcddce69471f1861fed4b1150b2817fef786a42e5bf7b8b8184fb95c9fad2d74adf6156925962b96bc0f586ea04610accc6a6a8c7ddb330d2e14c354911f06a02952f74bf3d04aa454b80e8468100ede23ba03e446208cf8bfcc4ad79959860ba377f5143af52cda7aef7aba7b8c6e4be5c1f7f064bf26ea10de124d388b64ca8903d53500c95c89cd582a68ac261633def9bd5926e2bc00d649deb996aff4cbb4790d98c8f3f7be662a7fdfc120503103ebecde96b229fb2bd9c9ac74e9fdc5,gx-no-cache=1516368465877 HTTP/1.1" 200 255
192.168.10.62 - - [19/Jan/2018:10:30:09 -0300] "GET /cormun/servlet/solicitudgral?cd1e274685f78c6b3fd5d596a5651495550ef17bf11a99b8b1284e3b775861bac636a02edc9a829a75aa86cfeb74d4cde5c1f7f064bf26ea10de124d388b64ca7e6aba0d258addca4c40ec51cae19b1eb7e4eb5a70754d6c2bab37802afca8760779a0073675a00adf66761b530304d50d5b35859b2251d1d292412334caffd75b773f8462b72c67f94dfc6bb350f157c3e433873bf2f35e49b7dac0da45c776e5fab70655ce029e728c57f5c1bdb184a0729db42b9561a82b6c709ad6e2d4d884d53f195fdab0bb78e10f681d2c384f4732c02082904789e71fbdc9a4bac14b0909ea46b40ad7a3745eea2fd46f0f4a93455f3263c66320dd595a095afa84ecc1c197cea8a6e37cd93229228735b106d81ee765b0eb53ca6001863963838e41ed5bd00a993d84279a55c62a005c79d61e78de52e78033b4f3420be841722cefc7849268fae2023130f410a15c3b3730e5e8f77b85c54758d8e9a9e9556a8bde396e2cd3b3c31285cda15673bea0323d86cac283ffbd28df0935c382507eb6f421fe9112854a04979a400e1941286d2c6b48c6a37b034486cc8a5a1a99bd642928c6be5dc5829e59d037b78b514bfdc556f00ccd0463db15126607559ba12a1c63fddfc0fdb27429a25337c4bc718f2ce4079718a8ec7ee652298076c0ba98fb263470c88f1f33426342230033fa266d8f6ab89149ded3e4e0b99cc5527f92e4444932d902a9e868d9e09d1ba771cd963e2c63a772ba26834ce73f702880521bf3e43787fbee28b5b7b7050ecb0e0c96,gx-no-cache=1516368466149 HTTP/1.1" 200 48
192.168.10.62 - - [19/Jan/2018:10:30:11 -0300] "POST /cormun/servlet/solicitudgral?ea797dc15c6bebba104e3995e5ef94a4,UPD,2018,8588,,gx-no-cache=1516368468400 HTTP/1.1" 200 11724
192.168.10.62 - - [19/Jan/2018:10:30:11 -0300] "GET /cormun/servlet/solicitudgral?cd1e274685f78c6b3fd5d596a565149503a824c889376b833da0ca18212dc449c5eac207a50fdbe45397e255c00b5935581cc3840ede497d3be101ebf8df41b2e08816ffc64d8e1f0173a1551b905489fcb8100bc96c1e5512e8e709d82679e81abea53a9d70368e16c0b5103c8408f90714de006ad03f4da9895474143de5042bce75175dc25f764255d618f8510cbdae753da7b33e1290998c4d700fe2df82,gx-no-cache=1516368468584 HTTP/1.1" 200 29
192.168.10.62 - - [19/Jan/2018:10:30:11 -0300] "POST /cormun/servlet/solicitudgral?gx-no-cache=1516368468602 HTTP/1.1" 200 1315
192.168.10.62 - - [19/Jan/2018:10:30:11 -0300] "POST /cormun/servlet/solicitudgral?gx-no-cache=1516368468637 HTTP/1.1" 200 1221
192.168.10.62 - - [19/Jan/2018:10:30:12 -0300] "POST /cormun/servlet/solicitudgral?ea797dc15c6bebba104e3995e5ef94a4,UPD,2018,8588,,gx-no-cache=1516368468680 HTTP/1.1" 200 93
192.168.10.62 - - [19/Jan/2018:10:30:12 -0300] "GET /cormun/servlet/hpexe_return? HTTP/1.1" 200 1010
192.168.10.62 - - [19/Jan/2018:10:30:12 -0300] "GET /cormun/servlet/vesolicitudgral?2018,8588,, HTTP/1.1" 200 8973
192.168.10.62 - - [19/Jan/2018:10:30:12 -0300] "GET /cormun/pexe_scrolldiv.js HTTP/1.1" 404 1009
192.168.10.62 - - [19/Jan/2018:10:30:12 -0300] "GET /cormun/pexe_scrolldiv.js HTTP/1.1" 404 1009
192.168.10.62 - - [19/Jan/2018:10:30:12 -0300] "GET /cormun/servlet/vesolicitudgral?2018,8588,, HTTP/1.1" 200 8970
192.168.10.62 - - [19/Jan/2018:10:30:14 -0300] "POST /cormun/servlet/vesolicitudgral?ea797dc15c6bebba104e3995e5ef94a4,2018,8588,,,gx-no-cache=1516368471161 HTTP/1.1" 200 90
192.168.10.62 - - [19/Jan/2018:10:30:14 -0300] "GET /cormun/servlet/hpexe_link HTTP/1.1" 200 959
192.168.10.62 - - [19/Jan/2018:10:30:14 -0300] "GET /cormun/servlet/trsolicitudgral? HTTP/1.1" 200 14413
192.168.10.62 - - [19/Jan/2018:10:30:15 -0300] "GET /cormun/servlet/trsolicitudgral? HTTP/1.1" 200 14412
186.79.49.40 - - [19/Jan/2018:10:30:30 -0300] "POST /cormun/servlet/trsolicitudot?e1e4d1062752339fd8a76437a2349117,gx-no-cache=1516368013722,gx-no-cache=1516368589589 HTTP/1.1" 200 106
186.79.49.40 - - [19/Jan/2018:10:30:31 -0300] "GET /cormun/servlet/solicitudot?UPD,2018,9409, HTTP/1.1" 200 15370
186.79.49.40 - - [19/Jan/2018:10:30:31 -0300] "GET /cormun/servlet/solicitudot?UPD,2018,9409, HTTP/1.1" 200 15358
186.79.49.40 - - [19/Jan/2018:10:30:32 -0300] "POST /cormun/servlet/solicitudot?gx-no-cache=1516368591346 HTTP/1.1" 200 3390
186.79.49.40 - - [19/Jan/2018:10:30:32 -0300] "POST /cormun/servlet/solicitudot?e1e4d1062752339fd8a76437a2349117,UPD,2018,9409,,gx-no-cache=1516368591773 HTTP/1.1" 200 11752
186.79.49.40 - - [19/Jan/2018:10:30:33 -0300] "GET /cormun/servlet/solicitudot?5475e5401b4d54403a19ab199b4b97842d47f467a867372f2e173a20d372cd44cac00dde8773b99fc470191f02ed8a7a,gx-no-cache=1516368592392 HTTP/1.1" 200 30
186.79.49.40 - - [19/Jan/2018:10:30:33 -0300] "GET /cormun/servlet/solicitudot?5475e5401b4d54403a19ab199b4b9784d7306807535b7453ca6f5cd9a96da440c761fff6710314db76b4e24d1992324223a41fec5ee1f0b9f1b8097cc0d0405d,gx-no-cache=1516368592499 HTTP/1.1" 200 51
186.79.49.40 - - [19/Jan/2018:10:30:33 -0300] "POST /cormun/servlet/solicitudot?gx-no-cache=1516368592616 HTTP/1.1" 200 256
186.79.49.40 - - [19/Jan/2018:10:30:33 -0300] "GET /cormun/servlet/solicitudot?5475e5401b4d54403a19ab199b4b9784b6d24c39675cc3340c5fab249d429fa89e1acb2bde580f2cc956328d71dc2c61840f51b210e4f28775e1fd92dbbaa973eb925c9c613cb42f386b3fbc4c73b1e25246fdb29e4e6338c0004d3d7b4e746202bf154ffdf5b0885aacaf4dd1cab29e6b4be0d91ba5a40c0ed06e88c0138f7c6f95c5f731cd6244c1befdbbeed3679b4cd884f8bbc2c6631c12393d83266ad66fe41c01e87840e347ce26bd75e0352447ecd294c08c068daef167a3f65f1ddf2b18acec915012426d2f8757ac21a82722b0492c309cfe43b6f572292f50f85c1c80724b80340cb0706ea4f8b1175b30f25e5705154a380b23d5428937dbe670959dd4b66cefbdd9c7f72239b4582bf7189b960ef8f0e0d45e5f14bb5a37ead129f23dec4df86c08cdbbf68e55a03e1d43f6d05d91acc25ac42fccea6c8541ab98bf3012b8df665afc2f2bdd226f2f29cfe68cd25f634bc8a13ac6d0de8e71e291cefc0da83e440264768ee8beb7f8ad93c3fefdce5352319336285714b16810,gx-no-cache=1516368592745 HTTP/1.1" 200 30
186.79.49.40 - - [19/Jan/2018:10:30:33 -0300] "POST /cormun/servlet/solicitudot?gx-no-cache=1516368592841 HTTP/1.1" 200 30
186.79.49.40 - - [19/Jan/2018:10:30:33 -0300] "POST /cormun/servlet/solicitudot?gx-no-cache=1516368592951 HTTP/1.1" 200 1357
186.79.49.40 - - [19/Jan/2018:10:30:33 -0300] "POST /cormun/servlet/solicitudot?gx-no-cache=1516368593146 HTTP/1.1" 200 41
186.79.49.40 - - [19/Jan/2018:10:30:34 -0300] "GET /cormun/servlet/solicitudot?5475e5401b4d54403a19ab199b4b97849575f21789c11cc6015e7bca7b21199149a5e358cb4489b6fd965acb6a81beaa298e06caf7e12c744c710532fd34b974334e7a44a62c0ae95dd1c507a5fa8971e00564f6bfe7ad84cb59b81f30fa09e040f562e943c23d155402632e852379a4b9a546a5ce18198f581bb6e85e62c48367ee3fcc4756f4cfa0ec3491741080d5da165bef3ab7dc1caa22b23e9f0019b1,gx-no-cache=1516368593539 HTTP/1.1" 200 29
186.79.49.40 - - [19/Jan/2018:10:30:34 -0300] "POST /cormun/servlet/solicitudot?gx-no-cache=1516368593608 HTTP/1.1" 200 1340
186.79.49.40 - - [19/Jan/2018:10:30:34 -0300] "POST /cormun/servlet/solicitudot?gx-no-cache=1516368593776 HTTP/1.1" 200 1221
192.168.10.50 - - [19/Jan/2018:10:30:38 -0300] "GET /cormun/servlet/trsolicitudgral? HTTP/1.1" 200 27554
192.168.10.50 - - [19/Jan/2018:10:30:47 -0300] "GET /cormun/servlet/trsolicitudgral? HTTP/1.1" 200 27554
186.79.49.40 - - [19/Jan/2018:10:30:53 -0300] "POST /cormun/servlet/solicitudot?gx-no-cache=1516368612251 HTTP/1.1" 200 1339
186.79.49.40 - - [19/Jan/2018:10:30:53 -0300] "POST /cormun/servlet/solicitudot?gx-no-cache=1516368612418 HTTP/1.1" 200 1221
186.79.49.40 - - [19/Jan/2018:10:30:53 -0300] "GET /cormun/servlet/solicitudot?5475e5401b4d54403a19ab199b4b978419ef256523c1b75bf92727f33d0c31aabd79b375ac00344978e9a4a23b258228,gx-no-cache=1516368612571 HTTP/1.1" 200 30
186.79.49.40 - - [19/Jan/2018:10:30:53 -0300] "POST /cormun/servlet/solicitudot?gx-no-cache=1516368612632 HTTP/1.1" 200 33
192.168.10.62 - - [19/Jan/2018:10:31:25 -0300] "POST /cormun/servlet/trsolicitudgral?ea797dc15c6bebba104e3995e5ef94a4,,gx-no-cache=1516368542362 HTTP/1.1" 200 18898
192.168.10.62 - - [19/Jan/2018:10:31:28 -0300] "GET /cormun/servlet/vesolicitudgral?2018,9311,, HTTP/1.1" 200 8912
192.168.10.62 - - [19/Jan/2018:10:31:28 -0300] "GET /cormun/pexe_scrolldiv.js HTTP/1.1" 404 1009
192.168.10.62 - - [19/Jan/2018:10:31:28 -0300] "GET /cormun/pexe_scrolldiv.js HTTP/1.1" 404 1009
192.168.10.62 - - [19/Jan/2018:10:31:29 -0300] "GET /cormun/servlet/vesolicitudgral?2018,9311,, HTTP/1.1" 200 8911
192.168.10.62 - - [19/Jan/2018:10:31:41 -0300] "POST /cormun/servlet/vesolicitudgral?ea797dc15c6bebba104e3995e5ef94a4,2018,9311,,,gx-no-cache=1516368558287 HTTP/1.1" 200 115
192.168.10.62 - - [19/Jan/2018:10:31:41 -0300] "GET /cormun/servlet/solicitudotlog?INS,2018,9311,0,REC, HTTP/1.1" 200 6147
192.168.10.62 - - [19/Jan/2018:10:31:42 -0300] "GET /cormun/servlet/solicitudotlog?INS,2018,9311,0,REC, HTTP/1.1" 200 6142
192.168.10.62 - - [19/Jan/2018:10:31:42 -0300] "GET /cormun/servlet/solicitudotlog?cd1e274685f78c6b3fd5d596a565149515cd6c3c5e69abb08e5da1a0bcbb30daa377f5143af52cda7aef7aba7b8c6e4bf8787bc5c8f69cb48e23bc571b3caa0817e2aecf1e8ddef328ae10c8c1d9d7c1d517a3dba217a0f3b5c1fb7cc94712975ad7626e70f6af8abd30741c0081bd546f7acfcdb26690029b470c89b5250628f0114393434df7250901d87545295c215090ec15ef214065b3f5ac81091ae819,gx-no-cache=1516368559249 HTTP/1.1" 200 94
192.168.10.62 - - [19/Jan/2018:10:31:59 -0300] "POST /cormun/servlet/solicitudotlog?ea797dc15c6bebba104e3995e5ef94a4,INS,2018,9311,0,REC,,gx-no-cache=1516368575724 HTTP/1.1" 200 93
192.168.10.62 - - [19/Jan/2018:10:31:59 -0300] "GET /cormun/servlet/hpexe_return? HTTP/1.1" 200 1019
192.168.10.62 - - [19/Jan/2018:10:31:59 -0300] "GET /cormun/servlet/vesolicitudgral?2018,9311,, HTTP/1.1" 200 8921
192.168.10.62 - - [19/Jan/2018:10:31:59 -0300] "GET /cormun/pexe_scrolldiv.js HTTP/1.1" 404 1009
192.168.10.62 - - [19/Jan/2018:10:31:59 -0300] "GET /cormun/pexe_scrolldiv.js HTTP/1.1" 404 1009
192.168.10.62 - - [19/Jan/2018:10:31:59 -0300] "GET /cormun/servlet/vesolicitudgral?2018,9311,, HTTP/1.1" 200 8918
186.79.49.40 - - [19/Jan/2018:10:32:05 -0300] "POST /cormun/servlet/solicitudot?e1e4d1062752339fd8a76437a2349117,UPD,2018,9409,,gx-no-cache=1516368683818 HTTP/1.1" 200 93
186.79.49.40 - - [19/Jan/2018:10:32:05 -0300] "GET /cormun/servlet/hpexe_return? HTTP/1.1" 200 1029
186.79.49.40 - - [19/Jan/2018:10:32:05 -0300] "GET /cormun/servlet/trsolicitudot?gx-no-cache=1516368013722 HTTP/1.1" 200 12143
186.79.49.40 - - [19/Jan/2018:10:32:06 -0300] "GET /cormun/servlet/trsolicitudot?gx-no-cache=1516368013722 HTTP/1.1" 200 12160
186.79.49.40 - - [19/Jan/2018:10:32:34 -0300] "GET /cormun/servlet/vesolicitudot?2018,9409,, HTTP/1.1" 200 8547
186.79.49.40 - - [19/Jan/2018:10:32:34 -0300] "GET /cormun/static/gxcfg.js?2017111422591385 HTTP/1.1" 304 -
186.79.49.40 - - [19/Jan/2018:10:32:34 -0300] "GET /cormun/pexe_scrolldiv.js HTTP/1.1" 404 1009
186.79.49.40 - - [19/Jan/2018:10:32:35 -0300] "GET /cormun/servlet/vesolicitudot?2018,9409,, HTTP/1.1" 200 8525
186.79.49.40 - - [19/Jan/2018:10:32:42 -0300] "POST /cormun/servlet/vesolicitudot?e1e4d1062752339fd8a76437a2349117,2018,9409,,,gx-no-cache=1516368721512 HTTP/1.1" 200 93
186.79.49.40 - - [19/Jan/2018:10:32:42 -0300] "GET /cormun/servlet/hpexe_return? HTTP/1.1" 200 1028
186.79.49.40 - - [19/Jan/2018:10:32:42 -0300] "GET /cormun/servlet/trsolicitudot?gx-no-cache=1516368013722 HTTP/1.1" 200 12143
186.79.49.40 - - [19/Jan/2018:10:32:43 -0300] "GET /cormun/servlet/trsolicitudot?gx-no-cache=1516368013722 HTTP/1.1" 200 12160
186.79.49.40 - - [19/Jan/2018:10:32:56 -0300] "POST /cormun/servlet/trsolicitudot?e1e4d1062752339fd8a76437a2349117,gx-no-cache=1516368013722,gx-no-cache=1516368735076 HTTP/1.1" 200 9040
186.79.49.40 - - [19/Jan/2018:10:32:56 -0300] "GET /cormun/static/Shared/jqueryui/images/ui-bg_highlight-soft_100_c6c2c8_1x100.png HTTP/1.1" 404 1117
186.79.49.40 - - [19/Jan/2018:10:32:56 -0300] "GET /cormun/static/Shared/jqueryui/images/ui-icons_82798d_256x240.png HTTP/1.1" 404 1089
186.79.49.40 - - [19/Jan/2018:10:32:56 -0300] "GET /cormun/static/Shared/jqueryui/images/ui-bg_flat_55_fafafa_40x100.png HTTP/1.1" 404 1097
186.79.49.40 - - [19/Jan/2018:10:32:56 -0300] "GET /cormun/static/Shared/jqueryui/images/ui-icons_8d78a5_256x240.png HTTP/1.1" 404 1089
186.79.49.40 - - [19/Jan/2018:10:32:57 -0300] "POST /cormun/servlet/trsolicitudot?e1e4d1062752339fd8a76437a2349117,gx-no-cache=1516368013722,gx-no-cache=1516368735931 HTTP/1.1" 200 8982
