186.79.49.40 - - [19/Jan/2018:10:55:31 -0300] "GET /cormun/servlet/solicitudotcontratos?5475e5401b4d54403a19ab199b4b9784fb8b1118c9ba53bafc7b6d29affd9a4b1170c903268a612a08eab7cc7809c65a8afac9411df7a00830a52d31f4e53b7150d43be8d1c0771ac540821a9f55f753607a9273082410c8c2614be9ff50acaffbee9a5b5eb8d7e65e240810c1c1ca44,gx-no-cache=1516370091003 HTTP/1.1" 200 30
186.79.49.40 - - [19/Jan/2018:10:55:31 -0300] "GET /cormun/servlet/solicitudotcontratos?5475e5401b4d54403a19ab199b4b97841a88a43ebf40643d8d0c841eaea90165122bb683425c25096ee35708a6f51e048469d220427921b67b42644e1b5680ba569bd032fe4047f8833728ebce063a12f76cf688d3231efe5a6fbada615fa0f74e02d424243555e6f5ce5bb28308183aa8e7a97ba5b2287bb511d267b5ce0cd32feeb123f3d90519cec583d4abbc622c7c11c768ab982970e3c2dd9c68ac7d26b8b73ba9401fb139fc55eaa0b895d73ebb4292a3035be16ee7ed91edf2b654d8d6e3454692f571973dbc5bd6ccbe00b9c2ebcac118ee89dc74710ac6da8c1b6fce8eb839b8dfac64a310735c7e2d4a99ededaafe3a9f913067c1e40a5bc0d059a737d3fa24b5d5af3bb87eee98f267682764b323ed0a01d735ae0847f3517c58364c8140df3346b1104ae3a36f0adff5c32a54925dd1d2bf3eaea217c7e92596f66dc38ce552ee6dcd8d01f830d316b4ddc2b0839529fe44095a98825244861be54c5994bc7efbe0163527f0c2d2f7ba884afc72f88c8ae37de95c7ce1bc6e689c1633f89a0785b31d3a39ceff6558ddd8ffd17a8f8400749157ef23c8c552e2275ab4a352eb33f9c6b82e2aa8c545e9443a78336044a9d51ef381b01e7be4f873634089f120e6b8d1ea21d7aff194e74cc7a01acfba94bf24b317603ea8ee133990eafd3e563a849856558abb3dcfd8ea7bf2a66fbd7ebc61d3ef405936813932aa935254bfa76f29da20d6d9653a7d984a5020f5180be25e361bcffa4a9a77775a7f596076ae950fcef192e9afcd23048e3ac073e9430a61a2aa51bf38a16d,gx-no-cache=1516370091066 HTTP/1.1" 200 83
186.79.49.40 - - [19/Jan/2018:10:55:34 -0300] "POST /cormun/servlet/solicitudotcontratos?e1e4d1062752339fd8a76437a2349117,INS,2018,0,8459773,2,6,2017,2403,INTEGRACION,201712,2,*,,gx-no-cache=1516370093683 HTTP/1.1" 200 10777
186.79.49.40 - - [19/Jan/2018:10:55:35 -0300] "POST /cormun/servlet/solicitudotcontratos?gx-no-cache=1516370094176 HTTP/1.1" 200 1341
186.79.49.40 - - [19/Jan/2018:10:55:35 -0300] "POST /cormun/servlet/solicitudotcontratos?gx-no-cache=1516370094340 HTTP/1.1" 200 1219
186.79.49.40 - - [19/Jan/2018:10:55:35 -0300] "GET /cormun/servlet/solicitudotcontratos?5475e5401b4d54403a19ab199b4b9784519615362fcaf8cf1cd54bcf45188c695a95d34ac254594ae1ccfe6296bff09d25bcf72e8cbbceb2fdd06dea2b5789a07b51c4d320a14dae27437409a795eb61e858170860b73cd148b83d42249ff6271f1ca80a41f571351a9794fc408ed3c6d2fe1f3a75f52553bd9f067619a20a9d,gx-no-cache=1516370094493 HTTP/1.1" 200 30
186.79.49.40 - - [19/Jan/2018:10:55:35 -0300] "POST /cormun/servlet/solicitudotcontratos?e1e4d1062752339fd8a76437a2349117,INS,2018,0,8459773,2,6,2017,2403,INTEGRACION,201712,2,*,,gx-no-cache=1516370094552 HTTP/1.1" 200 93
186.79.49.40 - - [19/Jan/2018:10:55:35 -0300] "GET /cormun/servlet/hpexe_return? HTTP/1.1" 200 1047
186.79.49.40 - - [19/Jan/2018:10:55:36 -0300] "GET /cormun/servlet/trcontratosolicitud HTTP/1.1" 200 14657
186.79.49.40 - - [19/Jan/2018:10:55:36 -0300] "GET /cormun/servlet/trcontratosolicitud HTTP/1.1" 200 14643
186.103.161.206 - - [19/Jan/2018:10:55:50 -0300] "POST /cormun/servlet/veautorizarsolicitud?35beeb478bef0f603b9e3628b97fe03b,2018,9416,,,gx-no-cache=1516370107160 HTTP/1.1" 200 90
186.103.161.206 - - [19/Jan/2018:10:55:50 -0300] "GET /cormun/servlet/hpexe_link HTTP/1.1" 200 977
186.103.161.206 - - [19/Jan/2018:10:55:51 -0300] "GET /cormun/servlet/trautorizarsolicitud? HTTP/1.1" 200 15794
186.103.161.206 - - [19/Jan/2018:10:55:53 -0300] "GET /cormun/servlet/trautorizarsolicitud? HTTP/1.1" 200 15792
186.67.172.234 - - [19/Jan/2018:10:56:16 -0300] "GET /cormun/servlet/hlogin HTTP/1.1" 200 1720
186.67.172.234 - - [19/Jan/2018:10:56:16 -0300] "GET /cormun/static/Resources/Spanish/PXTools.css?11423723 HTTP/1.1" 200 89042
186.67.172.234 - - [19/Jan/2018:10:56:16 -0300] "GET /cormun/static/hlogin.js?20175251213537 HTTP/1.1" 200 2136
186.67.172.234 - - [19/Jan/2018:10:56:16 -0300] "GET /cormun/servlet/hlogin HTTP/1.1" 200 1731
186.67.172.234 - - [19/Jan/2018:10:56:16 -0300] "GET /favicon.ico HTTP/1.1" 200 21630
186.67.172.234 - - [19/Jan/2018:10:56:50 -0300] "POST /cormun/servlet/hlogin?df0996e2f95e51665c4c6e638e51c3a3,gx-no-cache=1516370165158 HTTP/1.1" 200 90
186.67.172.234 - - [19/Jan/2018:10:56:50 -0300] "GET /cormun/servlet/hpexe_link HTTP/1.1" 200 950
186.67.172.234 - - [19/Jan/2018:10:56:50 -0300] "GET /cormun/static/gxcfg.js?20177612121792 HTTP/1.1" 200 953
186.67.172.234 - - [19/Jan/2018:10:56:50 -0300] "GET /cormun/static/Resources/Spanish/PXTools.css?1155365 HTTP/1.1" 200 89042
186.67.172.234 - - [19/Jan/2018:10:56:50 -0300] "GET /cormun/servlet/hhome HTTP/1.1" 200 4221
186.67.172.234 - - [19/Jan/2018:10:56:50 -0300] "GET /cormun/static/gxcfg.js?20175251212442 HTTP/1.1" 200 953
186.67.172.234 - - [19/Jan/2018:10:56:51 -0300] "GET /cormun/static/hpexe_scripts.js?201752511465715 HTTP/1.1" 200 1544
186.67.172.234 - - [19/Jan/2018:10:56:51 -0300] "GET /cormun/static/hwchdr01.js?201752511465785 HTTP/1.1" 200 1183
186.67.172.234 - - [19/Jan/2018:10:56:51 -0300] "GET /cormun/static/cmcontrolpreferences.js?201752511465670 HTTP/1.1" 200 1375
186.67.172.234 - - [19/Jan/2018:10:56:51 -0300] "GET /cormun/static/hpexe_recentlink.js?20177611595044 HTTP/1.1" 200 2144
186.67.172.234 - - [19/Jan/2018:10:56:51 -0300] "GET /cormun/static/hmpwkw03.js?20177612122668 HTTP/1.1" 200 3965
186.67.172.234 - - [19/Jan/2018:10:56:51 -0300] "GET /cormun/servlet/hhome HTTP/1.1" 200 4218
186.79.49.40 - - [19/Jan/2018:10:57:19 -0300] "GET /cormun/servlet/solicitudotcontratos?INS,2018,0,14197061,5,2,2017,3543,LEY+SEP,201712,28,*, HTTP/1.1" 200 9877
186.79.49.40 - - [19/Jan/2018:10:57:19 -0300] "GET /cormun/servlet/solicitudotcontratos?INS,2018,0,14197061,5,2,2017,3543,LEY+SEP,201712,28,*, HTTP/1.1" 200 9914
186.79.49.40 - - [19/Jan/2018:10:57:20 -0300] "GET /cormun/servlet/solicitudotcontratos?5475e5401b4d54403a19ab199b4b978498da0486aebe1cd74cddc18deb745b486d003a27b06de0d5f45b79f8620320e1,gx-no-cache=1516370199520 HTTP/1.1" 200 30
186.79.49.40 - - [19/Jan/2018:10:57:20 -0300] "GET /cormun/servlet/solicitudotcontratos?5475e5401b4d54403a19ab199b4b97841e22175e3133bfbbf800756a51e3bc7acac00dde8773b99fc470191f02ed8a7a,gx-no-cache=1516370199610 HTTP/1.1" 200 30
186.79.49.40 - - [19/Jan/2018:10:57:20 -0300] "GET /cormun/servlet/solicitudotcontratos?5475e5401b4d54403a19ab199b4b978404453157ceda102177d17c9cff5082004f0cdb49e8e2f67c1a851ee64a20aec39b0066b90867a0a12de865ff0001038ac60df0b4359d7070f009086bac58bf6a31c0f23daf142e38c27f4ef314033feec0a99b868cc1df7567dfa5266fac00ad9d26078c984197261accce9d4306fa10,gx-no-cache=1516370199668 HTTP/1.1" 200 48
186.79.49.40 - - [19/Jan/2018:10:57:20 -0300] "GET /cormun/servlet/solicitudotcontratos?5475e5401b4d54403a19ab199b4b9784f0df7f4365f8463d8861f955a436c68b9a1bab7e0b65e6366e0c44d00eb3f54a,gx-no-cache=1516370199730 HTTP/1.1" 200 30
186.79.49.40 - - [19/Jan/2018:10:57:20 -0300] "GET /cormun/servlet/solicitudotcontratos?5475e5401b4d54403a19ab199b4b9784fb8b1118c9ba53bafc7b6d29affd9a4b1170c903268a612a08eab7cc7809c65a8afac9411df7a00830a52d31f4e53b7150d43be8d1c0771ac540821a9f55f75392e81521e76686eaf3df2e900f60fa76fbee9a5b5eb8d7e65e240810c1c1ca44,gx-no-cache=1516370199824 HTTP/1.1" 200 30
186.79.49.40 - - [19/Jan/2018:10:57:20 -0300] "GET /cormun/servlet/solicitudotcontratos?5475e5401b4d54403a19ab199b4b97841a88a43ebf40643d8d0c841eaea90165122bb683425c25096ee35708a6f51e044aecd5ad2e46095ddecfa749756fccc88afac9411df7a00830a52d31f4e53b718ee3739b1b367917ec9b7608073fd7a6e4bedef247aadf43eb4959e8b627cc6317ff752cbf11438cf9098e93e21d53bb52cd4467bb81a3a81e3b91d3608ba7440d3c2624c06894191cbad494bf0e7c4e4aecd5ad2e46095ddecfa749756fccc882896822a601c75dc7a7942bb070b36557cb81f712fdb2793b62f82c5c2fa61561a87985ca92f6676ba5d10cff91588becc52de35dd11c14b3940f197235633fae34adde485b11c520be542d73403b78be0b0b780f71405c229568d16e0ac49e2059de46d2b9a8c7b5ce27080004bb67ca401244d615e8efa4560a508d93774f1ee2b8f14a36a7233cb08adc46a603e6178f14316dbb6f7b21aa99e38240657b24bd8e38c291728608c4291084eac22ece7b8984e69ef1000c9f6fd7b6e1e73bbf4e06b4013c6cdec4e6b4e5f93711cd13149095e800e6150b108e24dbad4ede09735cac81201b84285176dc97ad70f11a28c99c82c42a4026a95ab2339c46964f75a99d1e64a455bf825645a4a2c7d24956a0c7abf42213bd31ce4a15de59bdb3ec12bffeac24be4fa992d6490995609623714020fd2267806fcb5833afc2b7a34bf77e4847fab46aa03c0e715d623b387df276d25e418aeb3c83d818f180fe1b31f5945f8241bfa9ad12d990f2bb911886f7a96a4abe431a734edf068769483ffaed2a2d40a0dbd5eca54d45a7fdb3,gx-no-cache=1516370199886 HTTP/1.1" 200 79
200.111.122.170 - - [19/Jan/2018:10:57:32 -0300] "GET /cormun/servlet/veautorizarsolicitud?2018,9287,, HTTP/1.1" 200 8587
200.111.122.170 - - [19/Jan/2018:10:57:33 -0300] "GET /cormun/pexe_scrolldiv.js HTTP/1.1" 404 1009
200.111.122.170 - - [19/Jan/2018:10:57:34 -0300] "GET /cormun/servlet/veautorizarsolicitud?2018,9287,, HTTP/1.1" 200 8587
186.79.49.40 - - [19/Jan/2018:10:57:43 -0300] "POST /cormun/servlet/solicitudotcontratos?e1e4d1062752339fd8a76437a2349117,INS,2018,0,14197061,5,2,2017,3543,LEY+SEP,201712,28,*,,gx-no-cache=1516370221980 HTTP/1.1" 200 10812
186.79.49.40 - - [19/Jan/2018:10:57:43 -0300] "POST /cormun/servlet/solicitudotcontratos?gx-no-cache=1516370222506 HTTP/1.1" 200 1342
186.79.49.40 - - [19/Jan/2018:10:57:43 -0300] "POST /cormun/servlet/solicitudotcontratos?gx-no-cache=1516370222671 HTTP/1.1" 200 1220
186.79.49.40 - - [19/Jan/2018:10:57:43 -0300] "GET /cormun/servlet/solicitudotcontratos?5475e5401b4d54403a19ab199b4b9784519615362fcaf8cf1cd54bcf45188c695a95d34ac254594ae1ccfe6296bff09d25bcf72e8cbbceb2fdd06dea2b5789a07b51c4d320a14dae27437409a795eb61e858170860b73cd148b83d42249ff6271f1ca80a41f571351a9794fc408ed3c6d2fe1f3a75f52553bd9f067619a20a9d,gx-no-cache=1516370222825 HTTP/1.1" 200 30
186.79.49.40 - - [19/Jan/2018:10:57:44 -0300] "POST /cormun/servlet/solicitudotcontratos?e1e4d1062752339fd8a76437a2349117,INS,2018,0,14197061,5,2,2017,3543,LEY+SEP,201712,28,*,,gx-no-cache=1516370222886 HTTP/1.1" 200 93
186.79.49.40 - - [19/Jan/2018:10:57:44 -0300] "GET /cormun/servlet/hpexe_return? HTTP/1.1" 200 1045
186.79.49.40 - - [19/Jan/2018:10:57:44 -0300] "GET /cormun/servlet/trcontratosolicitud HTTP/1.1" 200 14665
186.79.49.40 - - [19/Jan/2018:10:57:45 -0300] "GET /cormun/servlet/trcontratosolicitud HTTP/1.1" 200 14641
186.103.161.206 - - [19/Jan/2018:10:58:06 -0300] "POST /cormun/servlet/veautorizarsolicitud?35beeb478bef0f603b9e3628b97fe03b,2018,9287,,,gx-no-cache=1516370243680 HTTP/1.1" 200 90
186.103.161.206 - - [19/Jan/2018:10:58:07 -0300] "GET /cormun/servlet/hpexe_link HTTP/1.1" 200 976
186.103.161.206 - - [19/Jan/2018:10:58:08 -0300] "GET /cormun/servlet/trautorizarsolicitud HTTP/1.1" 200 15794
186.103.161.206 - - [19/Jan/2018:10:58:11 -0300] "GET /cormun/servlet/trautorizarsolicitud HTTP/1.1" 200 15792
200.72.197.82 - - [19/Jan/2018:10:58:22 -0300] "GET /cormun/servlet/veautorizarsolicitud?2018,9278,, HTTP/1.1" 200 8569
200.72.197.82 - - [19/Jan/2018:10:58:23 -0300] "GET /cormun/pexe_scrolldiv.js HTTP/1.1" 404 1009
200.72.197.82 - - [19/Jan/2018:10:58:24 -0300] "GET /cormun/servlet/veautorizarsolicitud?2018,9278,, HTTP/1.1" 200 8569
186.79.49.40 - - [19/Jan/2018:10:58:39 -0300] "GET /cormun/servlet/trautorizarsolicitud? HTTP/1.1" 200 10099
186.79.49.40 - - [19/Jan/2018:10:58:41 -0300] "GET /cormun/servlet/trautorizarsolicitud? HTTP/1.1" 200 10099
186.103.132.155 - - [19/Jan/2018:10:58:53 -0300] "POST /cormun/servlet/veautorizarsolicitud?35beeb478bef0f603b9e3628b97fe03b,2018,9278,,,gx-no-cache=1516370290811 HTTP/1.1" 200 90
186.103.132.155 - - [19/Jan/2018:10:58:54 -0300] "GET /cormun/servlet/hpexe_link HTTP/1.1" 200 976
186.103.132.155 - - [19/Jan/2018:10:58:55 -0300] "GET /cormun/servlet/trautorizarsolicitud HTTP/1.1" 200 15794
186.103.132.155 - - [19/Jan/2018:10:58:57 -0300] "GET /cormun/servlet/trautorizarsolicitud HTTP/1.1" 200 15792
186.103.132.155 - - [19/Jan/2018:10:59:25 -0300] "GET /cormun/servlet/veautorizarsolicitud?2018,9247,, HTTP/1.1" 200 8595
186.103.132.155 - - [19/Jan/2018:10:59:25 -0300] "GET /cormun/pexe_scrolldiv.js HTTP/1.1" 404 1009
186.103.132.155 - - [19/Jan/2018:10:59:26 -0300] "GET /cormun/servlet/veautorizarsolicitud?2018,9247,, HTTP/1.1" 200 8595
190.151.100.218 - - [19/Jan/2018:10:59:53 -0300] "POST /cormun/servlet/veautorizarsolicitud?35beeb478bef0f603b9e3628b97fe03b,2018,9247,,,gx-no-cache=1516370349634 HTTP/1.1" 200 90
190.151.100.218 - - [19/Jan/2018:10:59:53 -0300] "GET /cormun/servlet/hpexe_link HTTP/1.1" 200 976
190.151.100.218 - - [19/Jan/2018:10:59:54 -0300] "GET /cormun/servlet/trautorizarsolicitud HTTP/1.1" 200 15794
190.151.100.218 - - [19/Jan/2018:10:59:57 -0300] "GET /cormun/servlet/trautorizarsolicitud HTTP/1.1" 200 15792
190.151.100.218 - - [19/Jan/2018:11:00:07 -0300] "GET /cormun/servlet/veautorizarsolicitud?2018,9230,, HTTP/1.1" 200 8568
190.151.100.218 - - [19/Jan/2018:11:00:07 -0300] "GET /cormun/pexe_scrolldiv.js HTTP/1.1" 404 1009
190.151.100.218 - - [19/Jan/2018:11:00:09 -0300] "GET /cormun/servlet/veautorizarsolicitud?2018,9230,, HTTP/1.1" 200 8568
186.103.161.206 - - [19/Jan/2018:11:00:32 -0300] "POST /cormun/servlet/veautorizarsolicitud?35beeb478bef0f603b9e3628b97fe03b,2018,9230,,,gx-no-cache=1516370389655 HTTP/1.1" 200 90
186.103.161.206 - - [19/Jan/2018:11:00:32 -0300] "GET /cormun/servlet/hpexe_link HTTP/1.1" 200 975
186.103.161.206 - - [19/Jan/2018:11:00:33 -0300] "GET /cormun/servlet/trautorizarsolicitud HTTP/1.1" 200 15794
186.103.161.206 - - [19/Jan/2018:11:00:35 -0300] "GET /cormun/servlet/trautorizarsolicitud HTTP/1.1" 200 15792
186.67.172.234 - - [19/Jan/2018:11:00:41 -0300] "GET /cormun/servlet/trcontratosolicitud? HTTP/1.1" 200 14395
186.67.172.234 - - [19/Jan/2018:11:00:41 -0300] "GET /cormun/static/gxcfg.js?20177612214014 HTTP/1.1" 200 953
186.67.172.234 - - [19/Jan/2018:11:00:41 -0300] "GET /cormun/static/trcontratosolicitud.js?20177612214349 HTTP/1.1" 200 28237
186.67.172.234 - - [19/Jan/2018:11:00:41 -0300] "GET /cormun/servlet/trcontratosolicitud? HTTP/1.1" 200 14398
186.103.161.206 - - [19/Jan/2018:11:00:46 -0300] "GET /cormun/servlet/veautorizarsolicitud?2018,9229,, HTTP/1.1" 200 8588
186.103.161.206 - - [19/Jan/2018:11:00:46 -0300] "GET /cormun/pexe_scrolldiv.js HTTP/1.1" 404 1009
186.103.161.206 - - [19/Jan/2018:11:00:47 -0300] "GET /cormun/servlet/veautorizarsolicitud?2018,9229,, HTTP/1.1" 200 8588
186.79.49.40 - - [19/Jan/2018:11:00:49 -0300] "POST /cormun/servlet/trautorizarsolicitud?e1e4d1062752339fd8a76437a2349117,,gx-no-cache=1516370408109 HTTP/1.1" 200 7000
186.79.49.40 - - [19/Jan/2018:11:00:49 -0300] "GET /cormun/static/Shared/jqueryui/images/ui-bg_highlight-soft_100_c6c2c8_1x100.png HTTP/1.1" 404 1117
186.79.49.40 - - [19/Jan/2018:11:00:49 -0300] "GET /cormun/static/Shared/jqueryui/images/ui-bg_flat_55_fafafa_40x100.png HTTP/1.1" 404 1097
186.79.49.40 - - [19/Jan/2018:11:00:49 -0300] "GET /cormun/static/Shared/jqueryui/images/ui-icons_8d78a5_256x240.png HTTP/1.1" 404 1089
186.79.49.40 - - [19/Jan/2018:11:00:49 -0300] "GET /cormun/static/Shared/jqueryui/images/ui-icons_82798d_256x240.png HTTP/1.1" 404 1089
186.79.49.40 - - [19/Jan/2018:11:00:50 -0300] "POST /cormun/servlet/trautorizarsolicitud?e1e4d1062752339fd8a76437a2349117,,gx-no-cache=1516370408802 HTTP/1.1" 200 6946
186.103.161.206 - - [19/Jan/2018:11:01:07 -0300] "GET /cormun/pexe_scrolldiv.js HTTP/1.1" 404 1009
186.103.161.206 - - [19/Jan/2018:11:01:12 -0300] "POST /cormun/servlet/veautorizarsolicitud?35beeb478bef0f603b9e3628b97fe03b,2018,9229,,,gx-no-cache=1516370429204 HTTP/1.1" 200 90
186.103.161.206 - - [19/Jan/2018:11:01:12 -0300] "GET /cormun/servlet/hpexe_link HTTP/1.1" 200 976
186.103.161.206 - - [19/Jan/2018:11:01:13 -0300] "GET /cormun/servlet/trautorizarsolicitud HTTP/1.1" 200 15794
186.103.161.206 - - [19/Jan/2018:11:01:15 -0300] "GET /cormun/servlet/trautorizarsolicitud HTTP/1.1" 200 15792
186.79.49.40 - - [19/Jan/2018:11:01:18 -0300] "POST /cormun/servlet/trautorizarsolicitud?e1e4d1062752339fd8a76437a2349117,,gx-no-cache=1516370437281 HTTP/1.1" 200 115
186.79.49.40 - - [19/Jan/2018:11:01:18 -0300] "GET /cormun/servlet/solicitudotlog?INS,2018,9409,0,REC, HTTP/1.1" 200 5901
186.79.49.40 - - [19/Jan/2018:11:01:18 -0300] "GET /cormun/static/gxcfg.js?2017761245646 HTTP/1.1" 200 953
186.79.49.40 - - [19/Jan/2018:11:01:18 -0300] "GET /cormun/static/solicitudotlog.js?2017761245655 HTTP/1.1" 200 8934
186.79.49.40 - - [19/Jan/2018:11:01:18 -0300] "GET /cormun/servlet/solicitudotlog?INS,2018,9409,0,REC, HTTP/1.1" 200 5902
186.79.49.40 - - [19/Jan/2018:11:01:19 -0300] "GET /cormun/servlet/solicitudotlog?5475e5401b4d54403a19ab199b4b97841b8030d3da722dc5830e132fbda0dd26e650b68eb6c3c6d49da31280a9d8a0d94e45224ae5ed0e7ebda26eff056d13d6a2e61d6ad922b20d141b8d852687c3aa094d78ee9def9580c9bf7264b120fcd1bf67d473dbc3fa42400522ec1cdcf46bbb5d8dceb06d19f0fa8dbfdbdd889d2a1d53f1f9934321fd97a16557a01e3dad00f17079892a70b57ff15bccea09767f,gx-no-cache=1516370438678 HTTP/1.1" 200 94
186.103.161.206 - - [19/Jan/2018:11:01:29 -0300] "GET /cormun/servlet/veautorizarsolicitud?2018,9228,, HTTP/1.1" 200 8590
186.103.161.206 - - [19/Jan/2018:11:01:30 -0300] "GET /cormun/pexe_scrolldiv.js HTTP/1.1" 404 1009
186.103.161.206 - - [19/Jan/2018:11:01:31 -0300] "GET /cormun/servlet/veautorizarsolicitud?2018,9228,, HTTP/1.1" 200 8590
186.79.49.40 - - [19/Jan/2018:11:01:50 -0300] "POST /cormun/servlet/solicitudotlog?e1e4d1062752339fd8a76437a2349117,INS,2018,9409,0,REC,,gx-no-cache=1516370469306 HTTP/1.1" 200 93
186.79.49.40 - - [19/Jan/2018:11:01:50 -0300] "GET /cormun/servlet/hpexe_return? HTTP/1.1" 200 1023
186.79.49.40 - - [19/Jan/2018:11:01:50 -0300] "GET /cormun/servlet/trautorizarsolicitud? HTTP/1.1" 200 9395
186.79.49.40 - - [19/Jan/2018:11:01:51 -0300] "GET /cormun/servlet/trautorizarsolicitud? HTTP/1.1" 200 9390
200.111.122.170 - - [19/Jan/2018:11:01:57 -0300] "POST /cormun/servlet/veautorizarsolicitud?35beeb478bef0f603b9e3628b97fe03b,2018,9228,,,gx-no-cache=1516370474711 HTTP/1.1" 200 90
200.111.122.170 - - [19/Jan/2018:11:01:58 -0300] "GET /cormun/servlet/hpexe_link HTTP/1.1" 200 976
200.111.122.170 - - [19/Jan/2018:11:01:58 -0300] "GET /cormun/servlet/trautorizarsolicitud HTTP/1.1" 200 15794
200.111.122.170 - - [19/Jan/2018:11:02:01 -0300] "GET /cormun/servlet/trautorizarsolicitud HTTP/1.1" 200 15792
200.111.122.170 - - [19/Jan/2018:11:02:16 -0300] "GET /cormun/servlet/veautorizarsolicitud?2018,9227,, HTTP/1.1" 200 8563
200.111.122.170 - - [19/Jan/2018:11:02:16 -0300] "GET /cormun/pexe_scrolldiv.js HTTP/1.1" 404 1009
200.111.122.170 - - [19/Jan/2018:11:02:18 -0300] "GET /cormun/servlet/veautorizarsolicitud?2018,9227,, HTTP/1.1" 200 8563
200.72.197.82 - - [19/Jan/2018:11:02:40 -0300] "POST /cormun/servlet/veautorizarsolicitud?35beeb478bef0f603b9e3628b97fe03b,2018,9227,,,gx-no-cache=1516370517185 HTTP/1.1" 200 90
200.72.197.82 - - [19/Jan/2018:11:02:40 -0300] "GET /cormun/servlet/hpexe_link HTTP/1.1" 200 976
200.72.197.82 - - [19/Jan/2018:11:02:41 -0300] "GET /cormun/servlet/trautorizarsolicitud HTTP/1.1" 200 15794
186.79.49.40 - - [19/Jan/2018:11:02:42 -0300] "POST /cormun/servlet/trautorizarsolicitud?e1e4d1062752339fd8a76437a2349117,,gx-no-cache=1516370521324 HTTP/1.1" 200 6255
186.79.49.40 - - [19/Jan/2018:11:02:42 -0300] "GET /cormun/static/Shared/jqueryui/images/ui-bg_highlight-soft_100_c6c2c8_1x100.png HTTP/1.1" 404 1117
186.79.49.40 - - [19/Jan/2018:11:02:42 -0300] "GET /cormun/static/Shared/jqueryui/images/ui-bg_flat_55_fafafa_40x100.png HTTP/1.1" 404 1097
186.79.49.40 - - [19/Jan/2018:11:02:42 -0300] "GET /cormun/static/Shared/jqueryui/images/ui-icons_8d78a5_256x240.png HTTP/1.1" 404 1089
186.79.49.40 - - [19/Jan/2018:11:02:42 -0300] "GET /cormun/static/Shared/jqueryui/images/ui-icons_82798d_256x240.png HTTP/1.1" 404 1089
186.79.49.40 - - [19/Jan/2018:11:02:43 -0300] "POST /cormun/servlet/trautorizarsolicitud?e1e4d1062752339fd8a76437a2349117,,gx-no-cache=1516370521893 HTTP/1.1" 200 6198
200.72.197.82 - - [19/Jan/2018:11:02:44 -0300] "GET /cormun/servlet/trautorizarsolicitud HTTP/1.1" 200 15792
186.79.49.40 - - [19/Jan/2018:11:02:50 -0300] "POST /cormun/servlet/trautorizarsolicitud?e1e4d1062752339fd8a76437a2349117,,gx-no-cache=1516370529008 HTTP/1.1" 200 5812
186.79.49.40 - - [19/Jan/2018:11:02:50 -0300] "POST /cormun/servlet/trautorizarsolicitud?e1e4d1062752339fd8a76437a2349117,,gx-no-cache=1516370529530 HTTP/1.1" 200 5759
200.72.197.82 - - [19/Jan/2018:11:02:53 -0300] "GET /cormun/servlet/veautorizarsolicitud?2018,9226,, HTTP/1.1" 200 8565
200.72.197.82 - - [19/Jan/2018:11:02:54 -0300] "GET /cormun/pexe_scrolldiv.js HTTP/1.1" 404 1009
200.72.197.82 - - [19/Jan/2018:11:02:55 -0300] "GET /cormun/servlet/veautorizarsolicitud?2018,9226,, HTTP/1.1" 200 8565
186.79.49.40 - - [19/Jan/2018:11:02:56 -0300] "POST /cormun/servlet/trautorizarsolicitud?e1e4d1062752339fd8a76437a2349117,,gx-no-cache=1516370535153 HTTP/1.1" 200 4620
186.79.49.40 - - [19/Jan/2018:11:02:56 -0300] "POST /cormun/servlet/trautorizarsolicitud?e1e4d1062752339fd8a76437a2349117,,gx-no-cache=1516370535653 HTTP/1.1" 200 4395
200.111.122.170 - - [19/Jan/2018:11:03:20 -0300] "POST /cormun/servlet/veautorizarsolicitud?35beeb478bef0f603b9e3628b97fe03b,2018,9226,,,gx-no-cache=1516370556915 HTTP/1.1" 200 90
200.111.122.170 - - [19/Jan/2018:11:03:20 -0300] "GET /cormun/servlet/hpexe_link HTTP/1.1" 200 976
200.111.122.170 - - [19/Jan/2018:11:03:20 -0300] "GET /cormun/servlet/trautorizarsolicitud HTTP/1.1" 200 15794
200.111.122.170 - - [19/Jan/2018:11:03:23 -0300] "GET /cormun/servlet/trautorizarsolicitud HTTP/1.1" 200 15792
192.168.10.60 - - [19/Jan/2018:11:03:30 -0300] "POST /cormun/servlet/trsolicitudgral?d70eeb9498ea10f65d7b62ff764d49d7,,gx-no-cache=1516370466564 HTTP/1.1" 200 15919
192.168.10.60 - - [19/Jan/2018:11:03:30 -0300] "GET /cormun/static/Shared/jqueryui/images/ui-bg_highlight-soft_100_c6c2c8_1x100.png HTTP/1.1" 404 1117
192.168.10.60 - - [19/Jan/2018:11:03:30 -0300] "GET /cormun/static/Shared/jqueryui/images/ui-icons_82798d_256x240.png HTTP/1.1" 404 1089
192.168.10.60 - - [19/Jan/2018:11:03:30 -0300] "GET /cormun/static/Shared/jqueryui/images/ui-icons_8d78a5_256x240.png HTTP/1.1" 404 1089
192.168.10.60 - - [19/Jan/2018:11:03:30 -0300] "GET /cormun/static/Shared/jqueryui/images/ui-bg_flat_55_fafafa_40x100.png HTTP/1.1" 404 1097
200.111.122.170 - - [19/Jan/2018:11:03:41 -0300] "GET /cormun/servlet/veautorizarsolicitud?2018,9225,, HTTP/1.1" 200 8576
200.111.122.170 - - [19/Jan/2018:11:03:41 -0300] "GET /cormun/pexe_scrolldiv.js HTTP/1.1" 404 1009
200.111.122.170 - - [19/Jan/2018:11:03:41 -0300] "GET /cormun/pexe_scrolldiv.js HTTP/1.1" 404 1009
200.111.122.170 - - [19/Jan/2018:11:03:43 -0300] "GET /cormun/servlet/veautorizarsolicitud?2018,9225,, HTTP/1.1" 200 8576
186.103.132.155 - - [19/Jan/2018:11:04:01 -0300] "POST /cormun/servlet/veautorizarsolicitud?35beeb478bef0f603b9e3628b97fe03b,2018,9225,,,gx-no-cache=1516370598675 HTTP/1.1" 200 90
186.103.132.155 - - [19/Jan/2018:11:04:02 -0300] "GET /cormun/servlet/hpexe_link HTTP/1.1" 200 976
186.103.132.155 - - [19/Jan/2018:11:04:02 -0300] "GET /cormun/servlet/trautorizarsolicitud HTTP/1.1" 200 15794
186.103.132.155 - - [19/Jan/2018:11:04:04 -0300] "GET /cormun/servlet/trautorizarsolicitud HTTP/1.1" 200 15792
186.103.132.155 - - [19/Jan/2018:11:04:15 -0300] "GET /cormun/servlet/veautorizarsolicitud?2018,9223,, HTTP/1.1" 200 8555
186.103.132.155 - - [19/Jan/2018:11:04:15 -0300] "GET /cormun/pexe_scrolldiv.js HTTP/1.1" 404 1009
186.103.132.155 - - [19/Jan/2018:11:04:17 -0300] "GET /cormun/servlet/veautorizarsolicitud?2018,9223,, HTTP/1.1" 200 8555
186.103.161.206 - - [19/Jan/2018:11:04:48 -0300] "POST /cormun/servlet/veautorizarsolicitud?35beeb478bef0f603b9e3628b97fe03b,2018,9223,,,gx-no-cache=1516370645730 HTTP/1.1" 200 90
186.103.161.206 - - [19/Jan/2018:11:04:49 -0300] "GET /cormun/servlet/hpexe_link HTTP/1.1" 200 976
186.103.161.206 - - [19/Jan/2018:11:04:49 -0300] "GET /cormun/servlet/trautorizarsolicitud HTTP/1.1" 200 15794
186.103.161.206 - - [19/Jan/2018:11:04:52 -0300] "GET /cormun/servlet/trautorizarsolicitud HTTP/1.1" 200 15792
186.103.161.206 - - [19/Jan/2018:11:05:02 -0300] "GET /cormun/servlet/veautorizarsolicitud?2018,9218,, HTTP/1.1" 200 8580
186.103.161.206 - - [19/Jan/2018:11:05:02 -0300] "GET /cormun/pexe_scrolldiv.js HTTP/1.1" 404 1009
186.103.161.206 - - [19/Jan/2018:11:05:04 -0300] "GET /cormun/servlet/veautorizarsolicitud?2018,9218,, HTTP/1.1" 200 8580
186.67.172.234 - - [19/Jan/2018:11:05:45 -0300] "GET /cormun/servlet/trsolicitudot? HTTP/1.1" 200 7431
186.67.172.234 - - [19/Jan/2018:11:05:45 -0300] "GET /cormun/static/gxcfg.js?2017111422585916 HTTP/1.1" 200 953
186.67.172.234 - - [19/Jan/2018:11:05:45 -0300] "GET /cormun/static/trsolicitudot.js?201711142259839 HTTP/1.1" 304 -
186.67.172.234 - - [19/Jan/2018:11:05:46 -0300] "GET /cormun/servlet/trsolicitudot? HTTP/1.1" 200 7431
186.67.172.234 - - [19/Jan/2018:11:05:49 -0300] "GET /cormun/servlet/trsolicitudot? HTTP/1.1" 200 7431
186.67.172.234 - - [19/Jan/2018:11:05:49 -0300] "GET /cormun/servlet/trsolicitudot? HTTP/1.1" 200 7431
186.67.172.234 - - [19/Jan/2018:11:06:49 -0300] "GET /cormun/servlet/solicitudot?INS,0,0, HTTP/1.1" 200 13642
186.67.172.234 - - [19/Jan/2018:11:06:49 -0300] "GET /cormun/static/gxcfg.js?2018116953175 HTTP/1.1" 200 953
186.67.172.234 - - [19/Jan/2018:11:06:49 -0300] "GET /cormun/static/solicitudot.js?20181169531946 HTTP/1.1" 200 72311
186.67.172.234 - - [19/Jan/2018:11:06:49 -0300] "GET /cormun/servlet/solicitudot?INS,0,0, HTTP/1.1" 200 13647
186.79.49.40 - - [19/Jan/2018:11:08:55 -0300] "GET /cormun/servlet/trvisualizadoreventos? HTTP/1.1" 200 6840
186.79.49.40 - - [19/Jan/2018:11:08:56 -0300] "GET /cormun/servlet/trvisualizadoreventos? HTTP/1.1" 200 6839
186.67.172.234 - - [19/Jan/2018:11:08:58 -0300] "POST /cormun/servlet/solicitudot?gx-no-cache=1516370892867 HTTP/1.1" 200 3360
186.67.172.234 - - [19/Jan/2018:11:08:58 -0300] "POST /cormun/servlet/solicitudot?df0996e2f95e51665c4c6e638e51c3a3,INS,0,0,,gx-no-cache=1516370893058 HTTP/1.1" 200 10533
186.79.49.40 - - [19/Jan/2018:11:08:58 -0300] "GET /cormun/servlet/trsolicitudot? HTTP/1.1" 200 7333
186.79.49.40 - - [19/Jan/2018:11:08:59 -0300] "GET /cormun/servlet/trsolicitudot? HTTP/1.1" 200 7333
186.79.49.40 - - [19/Jan/2018:11:09:03 -0300] "GET /cormun/servlet/trvisualizadoreventos? HTTP/1.1" 200 6840
186.79.49.40 - - [19/Jan/2018:11:09:03 -0300] "GET /cormun/servlet/trvisualizadoreventos? HTTP/1.1" 200 6839
186.67.172.234 - - [19/Jan/2018:11:09:05 -0300] "GET /cormun/servlet/solicitudot?1814bf44089e952f87b3e3ac8fb43336ce67f4fb90f01a1b362995fa93f8bbcbeb91c790c92b8b4c8a63f74b31cb356f,gx-no-cache=1516370899881 HTTP/1.1" 200 30
186.67.172.234 - - [19/Jan/2018:11:09:05 -0300] "GET /cormun/servlet/solicitudot?1814bf44089e952f87b3e3ac8fb43336226022a3e27471c442ce16cf6882bd24,gx-no-cache=1516370899950 HTTP/1.1" 200 51
186.67.172.234 - - [19/Jan/2018:11:09:05 -0300] "POST /cormun/servlet/solicitudot?gx-no-cache=1516370899986 HTTP/1.1" 200 255
186.67.172.234 - - [19/Jan/2018:11:09:05 -0300] "GET /cormun/servlet/solicitudot?1814bf44089e952f87b3e3ac8fb4333624af8593c9e3cd541f6df714d5001be4f944e3aa2ed4a0ffb3554d1a074e8a019fb44ed602f617a963cf4c6bbf92dd72d5062c8398f8dd5d8e01c6a422bf7dc449dc0ddd645ad30ca20ce9084144afe5b87116f55baf538343772ea74e0e534c6ab136e72c5214028a26df6ea23dd3c8aad4c86b1b26848f4eecb072638369a5104148b52b1405982d8c0320a5ee99403895ded811177835f39d996a7e48460d21c3f3abe24d45fbc69588e1040aae1e7175ac837ea36db7841867752034dc545f3a317cd088297cf45462fca894e86ef1742626b6ed81402fec106720341064173234a1410cf290950c744865c5be583a2a8276532102b7dcaecf8f3f10b62fa954d127d897c2c539fdca823f649a3ce57f333db10c589a8aa2ad59eaae74ac0df6199229c11e52b8bdf65cb3aa8334ed0165687d30f63c21d27cbd101b813cfede7560218d1d2563d5fcf8b39d0683918e4b6fffe2f12b084cc3de4ccb517a8032c3481f4f06652831ef632defe16a,gx-no-cache=1516370900016 HTTP/1.1" 200 30
186.79.49.40 - - [19/Jan/2018:11:09:07 -0300] "GET /cormun/servlet/trcontratosolicitud? HTTP/1.1" 200 14653
186.67.172.234 - - [19/Jan/2018:11:09:08 -0300] "POST /cormun/servlet/solicitudot?gx-no-cache=1516370902809 HTTP/1.1" 200 30
186.79.49.40 - - [19/Jan/2018:11:09:08 -0300] "GET /cormun/servlet/trcontratosolicitud? HTTP/1.1" 200 14651
186.67.172.234 - - [19/Jan/2018:11:09:10 -0300] "POST /cormun/servlet/solicitudot?gx-no-cache=1516370905240 HTTP/1.1" 200 1357
186.67.172.234 - - [19/Jan/2018:11:09:10 -0300] "POST /cormun/servlet/solicitudot?gx-no-cache=1516370905323 HTTP/1.1" 200 38
186.79.49.40 - - [19/Jan/2018:11:09:15 -0300] "GET /cormun/servlet/trcontratoobservaciondir? HTTP/1.1" 200 11755
186.79.49.40 - - [19/Jan/2018:11:09:15 -0300] "GET /cormun/static/gxcfg.js?20175251262281 HTTP/1.1" 304 -
186.79.49.40 - - [19/Jan/2018:11:09:15 -0300] "GET /cormun/servlet/trcontratoobservaciondir? HTTP/1.1" 200 11755
186.67.172.234 - - [19/Jan/2018:11:09:19 -0300] "GET /cormun/servlet/solicitudot?1814bf44089e952f87b3e3ac8fb433363e4364a0ef5bc7dece27bcfdfd28d2959896fe4db06e7219cbdf831f7d8bf8f9817c3b5385c6374137c9aa619ac9b860ce2fe84326549501d98b6cba8c1f25cf26af546b4c5e821f513cc5a31c4bef2795f690669b806f19596fb6b1811830837a7f30aa4d29b569516c0d431775e3e8a8714f8d27f23d54e108ec25e5c525b70e89e8ecb36a1eac6eb22f8b2acd9344c06940ccdf93dcbe7879eca151db00285963f488e2e62535ac436c549cc3719915ffab8c23e59d3446a31a9aec11cdfe,gx-no-cache=1516370914450 HTTP/1.1" 200 29
186.79.49.40 - - [19/Jan/2018:11:09:37 -0300] "GET /cormun/servlet/trautorizarsolicitud? HTTP/1.1" 200 7214
186.79.49.40 - - [19/Jan/2018:11:09:37 -0300] "GET /cormun/servlet/trautorizarsolicitud? HTTP/1.1" 200 7213
186.79.49.40 - - [19/Jan/2018:11:09:42 -0300] "GET /cormun/servlet/trcontratosolicitud? HTTP/1.1" 200 14655
186.79.49.40 - - [19/Jan/2018:11:09:42 -0300] "GET /cormun/servlet/trcontratosolicitud? HTTP/1.1" 200 14644
186.67.172.234 - - [19/Jan/2018:11:09:50 -0300] "POST /cormun/servlet/solicitudot?gx-no-cache=1516370944954 HTTP/1.1" 200 1340
186.67.172.234 - - [19/Jan/2018:11:09:50 -0300] "POST /cormun/servlet/solicitudot?gx-no-cache=1516370945432 HTTP/1.1" 200 1220
186.67.172.234 - - [19/Jan/2018:11:09:51 -0300] "GET /cormun/static/menuarrow.gif HTTP/1.1" 404 1015
186.67.172.234 - - [19/Jan/2018:11:09:52 -0300] "POST /cormun/servlet/solicitudot?gx-no-cache=1516370947011 HTTP/1.1" 200 1340
186.67.172.234 - - [19/Jan/2018:11:09:52 -0300] "POST /cormun/servlet/solicitudot?gx-no-cache=1516370947078 HTTP/1.1" 200 1220
186.79.49.40 - - [19/Jan/2018:11:09:54 -0300] "GET /cormun/servlet/trsolicitudot? HTTP/1.1" 200 7330
186.67.172.234 - - [19/Jan/2018:11:09:54 -0300] "GET /cormun/servlet/solicitudot?1814bf44089e952f87b3e3ac8fb43336e2145fadc6f7a04f5c7b6e78e484ccb2d4031aaaf0cbd6b54c094808ae59d2a2,gx-no-cache=1516370949233 HTTP/1.1" 200 30
186.79.49.40 - - [19/Jan/2018:11:09:55 -0300] "GET /cormun/servlet/trsolicitudot? HTTP/1.1" 200 7329
186.67.172.234 - - [19/Jan/2018:11:10:01 -0300] "POST /cormun/servlet/solicitudot?gx-no-cache=1516370955906 HTTP/1.1" 200 30
192.168.10.60 - - [19/Jan/2018:11:10:03 -0300] "POST /cormun/servlet/trsolicitudgral?d70eeb9498ea10f65d7b62ff764d49d7,,gx-no-cache=1516370859982 HTTP/1.1" 200 15557
186.79.49.40 - - [19/Jan/2018:11:10:05 -0300] "GET /cormun/servlet/trsolicitudot? HTTP/1.1" 200 7329
186.79.49.40 - - [19/Jan/2018:11:10:06 -0300] "GET /cormun/servlet/trsolicitudot? HTTP/1.1" 200 7329
192.168.10.60 - - [19/Jan/2018:11:10:27 -0300] "POST /cormun/servlet/trsolicitudgral?d70eeb9498ea10f65d7b62ff764d49d7,,gx-no-cache=1516370884190 HTTP/1.1" 200 15210
186.67.172.234 - - [19/Jan/2018:11:10:32 -0300] "POST /cormun/servlet/solicitudot?df0996e2f95e51665c4c6e638e51c3a3,INS,0,0,,gx-no-cache=1516370986277 HTTP/1.1" 200 93
186.67.172.234 - - [19/Jan/2018:11:10:32 -0300] "GET /cormun/servlet/hpexe_return? HTTP/1.1" 200 1006
186.67.172.234 - - [19/Jan/2018:11:10:32 -0300] "GET /cormun/static/gxcfg.js?2016101716175148 HTTP/1.1" 200 953
186.67.172.234 - - [19/Jan/2018:11:10:32 -0300] "GET /cormun/servlet/trsolicitudot HTTP/1.1" 200 8813
186.67.172.234 - - [19/Jan/2018:11:10:32 -0300] "GET /cormun/servlet/trsolicitudot HTTP/1.1" 200 8809
186.67.172.234 - - [19/Jan/2018:11:10:43 -0300] "GET /cormun/servlet/solicitudot?INS,0,0, HTTP/1.1" 200 13639
186.67.172.234 - - [19/Jan/2018:11:10:43 -0300] "GET /cormun/servlet/solicitudot?INS,0,0, HTTP/1.1" 200 13644
186.79.49.40 - - [19/Jan/2018:11:10:49 -0300] "POST /cormun/servlet/trsolicitudot?e1e4d1062752339fd8a76437a2349117,,gx-no-cache=1516371008210 HTTP/1.1" 200 4494
186.67.172.234 - - [19/Jan/2018:11:11:03 -0300] "POST /cormun/servlet/solicitudot?gx-no-cache=1516371018124 HTTP/1.1" 200 3358
186.67.172.234 - - [19/Jan/2018:11:11:03 -0300] "POST /cormun/servlet/solicitudot?df0996e2f95e51665c4c6e638e51c3a3,INS,0,0,,gx-no-cache=1516371018285 HTTP/1.1" 200 10522
186.79.49.40 - - [19/Jan/2018:11:11:11 -0300] "POST /cormun/servlet/trsolicitudot?e1e4d1062752339fd8a76437a2349117,,gx-no-cache=1516371030103 HTTP/1.1" 200 4501
186.79.49.40 - - [19/Jan/2018:11:11:13 -0300] "POST /cormun/servlet/trsolicitudot?e1e4d1062752339fd8a76437a2349117,,gx-no-cache=1516371032070 HTTP/1.1" 200 4502
186.79.49.40 - - [19/Jan/2018:11:11:14 -0300] "POST /cormun/servlet/trsolicitudot?e1e4d1062752339fd8a76437a2349117,,gx-no-cache=1516371033495 HTTP/1.1" 200 4503
186.79.49.40 - - [19/Jan/2018:11:11:15 -0300] "POST /cormun/servlet/trsolicitudot?e1e4d1062752339fd8a76437a2349117,,gx-no-cache=1516371034630 HTTP/1.1" 200 4502
186.79.49.40 - - [19/Jan/2018:11:11:17 -0300] "POST /cormun/servlet/trsolicitudot?e1e4d1062752339fd8a76437a2349117,,gx-no-cache=1516371036503 HTTP/1.1" 200 4503
186.79.49.40 - - [19/Jan/2018:11:11:21 -0300] "GET /cormun/static/menuarrow.gif HTTP/1.1" 404 1015
186.67.172.234 - - [19/Jan/2018:11:11:24 -0300] "GET /cormun/servlet/solicitudot?1814bf44089e952f87b3e3ac8fb433364fd283bbe86b401e3cdb4b910aa129a6eb91c790c92b8b4c8a63f74b31cb356f,gx-no-cache=1516371038888 HTTP/1.1" 200 30
186.67.172.234 - - [19/Jan/2018:11:11:24 -0300] "GET /cormun/servlet/solicitudot?1814bf44089e952f87b3e3ac8fb43336226022a3e27471c442ce16cf6882bd24,gx-no-cache=1516371038946 HTTP/1.1" 200 51
186.67.172.234 - - [19/Jan/2018:11:11:24 -0300] "POST /cormun/servlet/solicitudot?gx-no-cache=1516371038987 HTTP/1.1" 200 255
186.67.172.234 - - [19/Jan/2018:11:11:24 -0300] "GET /cormun/servlet/solicitudot?1814bf44089e952f87b3e3ac8fb4333624af8593c9e3cd541f6df714d5001be4f944e3aa2ed4a0ffb3554d1a074e8a019fb44ed602f617a963cf4c6bbf92dd72d5062c8398f8dd5d8e01c6a422bf7dc449dc0ddd645ad30ca20ce9084144afe5b87116f55baf538343772ea74e0e534c6ab136e72c5214028a26df6ea23dd3c8aad4c86b1b26848f4eecb072638369a5104148b52b1405982d8c0320a5ee99403895ded811177835f39d996a7e48460d21c3f3abe24d45fbc69588e1040aae1e7175ac837ea36db7841867752034dc545f3a317cd088297cf45462fca894e86ef1742626b6ed81402fec106720341064173234a1410cf290950c744865c5be583a2a8276532102b7dcaecf8f3f10b62fa954d127d897c2c539fdca823f649a3ce57f333db10c589a8aa2ad59eaae74ac0df6199229c11e52b8bdf65cb3aa8334ed0165687d30f63c21d27cbd101b813cfede7560218d1d2563d5fcf8b39d0683918e4b6fffe2f12b084cc3de4ccb517a8032c3481f4f06652831ef632defe16a,gx-no-cache=1516371039019 HTTP/1.1" 200 30
186.67.172.234 - - [19/Jan/2018:11:11:25 -0300] "POST /cormun/servlet/solicitudot?gx-no-cache=1516371040137 HTTP/1.1" 200 30
186.67.172.234 - - [19/Jan/2018:11:11:34 -0300] "POST /cormun/servlet/solicitudot?gx-no-cache=1516371049336 HTTP/1.1" 200 30
186.67.172.234 - - [19/Jan/2018:11:11:36 -0300] "GET /cormun/static/Resources/resize.gif HTTP/1.1" 200 77
186.67.172.234 - - [19/Jan/2018:11:11:36 -0300] "GET /cormun/servlet/prcontratosol?10409144,,,,,MD,,gxPopupLevel%3D0%3B HTTP/1.1" 200 7876
186.67.172.234 - - [19/Jan/2018:11:11:36 -0300] "GET /cormun/static/gxcfg.js?201761413223964 HTTP/1.1" 200 953
186.67.172.234 - - [19/Jan/2018:11:11:36 -0300] "GET /cormun/static/Resources/PXToolsMenuSearchCancel.png HTTP/1.1" 200 2972
186.67.172.234 - - [19/Jan/2018:11:11:36 -0300] "GET /cormun/static/Resources/PXToolsMenuSearch.png HTTP/1.1" 200 2914
186.67.172.234 - - [19/Jan/2018:11:11:36 -0300] "GET /cormun/static/menusearch.js?201610171694467 HTTP/1.1" 200 1424
186.67.172.234 - - [19/Jan/2018:11:11:36 -0300] "GET /cormun/static/hmpwkw011.js?20177612121862 HTTP/1.1" 200 1968
186.67.172.234 - - [19/Jan/2018:11:11:36 -0300] "GET /cormun/static/prcontratosol.js?201761413224174 HTTP/1.1" 200 15806
186.79.49.40 - - [19/Jan/2018:11:11:59 -0300] "POST /cormun/servlet/trsolicitudot?e1e4d1062752339fd8a76437a2349117,,gx-no-cache=1516371077880 HTTP/1.1" 200 4503
186.79.49.40 - - [19/Jan/2018:11:12:21 -0300] "POST /cormun/servlet/trsolicitudot?e1e4d1062752339fd8a76437a2349117,,gx-no-cache=1516371100752 HTTP/1.1" 200 4507
186.79.49.40 - - [19/Jan/2018:11:12:39 -0300] "POST /cormun/servlet/trsolicitudot?e1e4d1062752339fd8a76437a2349117,,gx-no-cache=1516371118487 HTTP/1.1" 200 4506
186.79.49.40 - - [19/Jan/2018:11:12:40 -0300] "POST /cormun/servlet/trsolicitudot?e1e4d1062752339fd8a76437a2349117,,gx-no-cache=1516371119742 HTTP/1.1" 200 4507
186.79.49.40 - - [19/Jan/2018:11:12:44 -0300] "GET /cormun/servlet/solicitudot?INS,0,0, HTTP/1.1" 200 13528
186.79.49.40 - - [19/Jan/2018:11:12:45 -0300] "GET /cormun/servlet/solicitudot?INS,0,0, HTTP/1.1" 200 13533
186.79.49.40 - - [19/Jan/2018:11:12:56 -0300] "POST /cormun/servlet/solicitudot?gx-no-cache=1516371135079 HTTP/1.1" 200 3328
186.79.49.40 - - [19/Jan/2018:11:12:56 -0300] "GET /cormun/static/Shared/jqueryui/images/ui-bg_highlight-soft_100_c6c2c8_1x100.png HTTP/1.1" 404 1117
186.79.49.40 - - [19/Jan/2018:11:12:56 -0300] "GET /cormun/static/Shared/jqueryui/images/ui-icons_82798d_256x240.png HTTP/1.1" 404 1089
186.79.49.40 - - [19/Jan/2018:11:12:56 -0300] "GET /cormun/servlet/solicitudot?5475e5401b4d54403a19ab199b4b9784b4c1fe2e210afed12d7da108f9761e73,gx-no-cache=1516371135442 HTTP/1.1" 200 111
186.79.49.40 - - [19/Jan/2018:11:12:56 -0300] "GET /cormun/static/Shared/jqueryui/images/ui-bg_flat_55_994d53_40x100.png HTTP/1.1" 404 1097
186.79.49.40 - - [19/Jan/2018:11:12:56 -0300] "GET /cormun/static/Shared/jqueryui/images/ui-icons_ebccce_256x240.png HTTP/1.1" 404 1089
186.67.172.234 - - [19/Jan/2018:11:13:23 -0300] "POST /cormun/servlet/solicitudot?gx-no-cache=1516371158401 HTTP/1.1" 200 1357
186.67.172.234 - - [19/Jan/2018:11:13:24 -0300] "POST /cormun/servlet/solicitudot?gx-no-cache=1516371158491 HTTP/1.1" 200 38
186.67.172.234 - - [19/Jan/2018:11:13:24 -0300] "GET /cormun/servlet/solicitudot?1814bf44089e952f87b3e3ac8fb433363e4364a0ef5bc7dece27bcfdfd28d2959896fe4db06e7219cbdf831f7d8bf8f9e9200bcb04f304df1a9afa42eb5f238cce2fe84326549501d98b6cba8c1f25cf26af546b4c5e821f513cc5a31c4bef2795f690669b806f19596fb6b1811830837a7f30aa4d29b569516c0d431775e3e8a8714f8d27f23d54e108ec25e5c525b70e89e8ecb36a1eac6eb22f8b2acd9344c06940ccdf93dcbe7879eca151db00285963f488e2e62535ac436c549cc3719915ffab8c23e59d3446a31a9aec11cdfe,gx-no-cache=1516371158527 HTTP/1.1" 200 29
186.67.172.234 - - [19/Jan/2018:11:13:24 -0300] "POST /cormun/servlet/solicitudot?gx-no-cache=1516371158570 HTTP/1.1" 200 1340
186.67.172.234 - - [19/Jan/2018:11:13:24 -0300] "POST /cormun/servlet/solicitudot?gx-no-cache=1516371158626 HTTP/1.1" 200 1220
186.67.172.234 - - [19/Jan/2018:11:13:24 -0300] "GET /cormun/servlet/solicitudot?1814bf44089e952f87b3e3ac8fb43336772c4da5e33a05a6a46209471ffd9bfcd4031aaaf0cbd6b54c094808ae59d2a2,gx-no-cache=1516371158670 HTTP/1.1" 200 134
186.67.172.234 - - [19/Jan/2018:11:13:24 -0300] "GET /cormun/static/Shared/jqueryui/images/ui-bg_highlight-soft_100_c6c2c8_1x100.png HTTP/1.1" 404 1117
186.67.172.234 - - [19/Jan/2018:11:13:24 -0300] "GET /cormun/static/Shared/jqueryui/images/ui-icons_82798d_256x240.png HTTP/1.1" 404 1089
186.67.172.234 - - [19/Jan/2018:11:13:24 -0300] "GET /cormun/static/Shared/jqueryui/images/ui-icons_ebccce_256x240.png HTTP/1.1" 404 1089
186.67.172.234 - - [19/Jan/2018:11:13:24 -0300] "GET /cormun/static/Shared/jqueryui/images/ui-bg_flat_55_994d53_40x100.png HTTP/1.1" 404 1097
186.67.172.234 - - [19/Jan/2018:11:13:30 -0300] "GET /cormun/static/menuarrow.gif HTTP/1.1" 404 1015
186.67.172.234 - - [19/Jan/2018:11:13:44 -0300] "GET /cormun/servlet/solicitudot?1814bf44089e952f87b3e3ac8fb43336e2145fadc6f7a04f5c7b6e78e484ccb2d4031aaaf0cbd6b54c094808ae59d2a2,gx-no-cache=1516371179272 HTTP/1.1" 200 30
186.67.172.234 - - [19/Jan/2018:11:14:12 -0300] "GET /cormun/servlet/solicitudot?1814bf44089e952f87b3e3ac8fb433363e4364a0ef5bc7dece27bcfdfd28d2959896fe4db06e7219cbdf831f7d8bf8f9817c3b5385c6374137c9aa619ac9b860ce2fe84326549501d98b6cba8c1f25cf26af546b4c5e821f513cc5a31c4bef2795f690669b806f19596fb6b1811830837a7f30aa4d29b569516c0d431775e3e8a8714f8d27f23d54e108ec25e5c525b70e89e8ecb36a1eac6eb22f8b2acd9344c06940ccdf93dcbe7879eca151db00285963f488e2e62535ac436c549cc3719915ffab8c23e59d3446a31a9aec11cdfe,gx-no-cache=1516371207274 HTTP/1.1" 200 29
186.67.172.234 - - [19/Jan/2018:11:14:16 -0300] "POST /cormun/servlet/solicitudot?gx-no-cache=1516371210833 HTTP/1.1" 200 1340
186.67.172.234 - - [19/Jan/2018:11:14:16 -0300] "POST /cormun/servlet/solicitudot?gx-no-cache=1516371210924 HTTP/1.1" 200 1220
186.67.172.234 - - [19/Jan/2018:11:14:16 -0300] "POST /cormun/servlet/solicitudot?gx-no-cache=1516371210984 HTTP/1.1" 200 30
186.67.172.234 - - [19/Jan/2018:11:14:16 -0300] "POST /cormun/servlet/solicitudot?df0996e2f95e51665c4c6e638e51c3a3,INS,0,0,,gx-no-cache=1516371211077 HTTP/1.1" 200 93
186.67.172.234 - - [19/Jan/2018:11:14:16 -0300] "GET /cormun/servlet/hpexe_return? HTTP/1.1" 200 1006
186.67.172.234 - - [19/Jan/2018:11:14:17 -0300] "GET /cormun/servlet/trsolicitudot HTTP/1.1" 200 9270
186.67.172.234 - - [19/Jan/2018:11:14:17 -0300] "GET /cormun/servlet/trsolicitudot HTTP/1.1" 200 9266
186.67.172.234 - - [19/Jan/2018:11:14:28 -0300] "GET /cormun/servlet/solicitudot?INS,0,0, HTTP/1.1" 200 13640
186.67.172.234 - - [19/Jan/2018:11:14:28 -0300] "GET /cormun/servlet/solicitudot?INS,0,0, HTTP/1.1" 200 13645
186.67.172.234 - - [19/Jan/2018:11:14:50 -0300] "POST /cormun/servlet/solicitudot?gx-no-cache=1516371244571 HTTP/1.1" 200 3387
186.67.172.234 - - [19/Jan/2018:11:14:50 -0300] "POST /cormun/servlet/solicitudot?df0996e2f95e51665c4c6e638e51c3a3,INS,0,0,,gx-no-cache=1516371244751 HTTP/1.1" 200 10559
186.67.172.234 - - [19/Jan/2018:11:14:57 -0300] "GET /cormun/servlet/solicitudot?1814bf44089e952f87b3e3ac8fb43336759f6d1567d11366b1e051eca5369259eb91c790c92b8b4c8a63f74b31cb356f,gx-no-cache=1516371251465 HTTP/1.1" 200 30
186.67.172.234 - - [19/Jan/2018:11:14:57 -0300] "GET /cormun/servlet/solicitudot?1814bf44089e952f87b3e3ac8fb4333621f0b3d50e4af7c5b5f61bb5cac9a424,gx-no-cache=1516371251527 HTTP/1.1" 200 53
186.67.172.234 - - [19/Jan/2018:11:14:57 -0300] "POST /cormun/servlet/solicitudot?gx-no-cache=1516371251594 HTTP/1.1" 200 255
186.67.172.234 - - [19/Jan/2018:11:14:57 -0300] "GET /cormun/servlet/solicitudot?1814bf44089e952f87b3e3ac8fb4333624af8593c9e3cd541f6df714d5001be4f944e3aa2ed4a0ffb3554d1a074e8a019fb44ed602f617a963cf4c6bbf92dd72d5062c8398f8dd5d8e01c6a422bf7dc449dc0ddd645ad30ca20ce9084144afe5b87116f55baf538343772ea74e0e534c6ab136e72c5214028a26df6ea23dd3c8aad4c86b1b26848f4eecb072638369a5104148b52b1405982d8c0320a5ee99403895ded811177835f39d996a7e48460d21c3f3abe24d45fbc69588e1040aae1e7175ac837ea36db7841867752034dc545f3a317cd088297cf45462fca894e86ef1742626b6ed81402fec106720341064173234a1410cf290950c744865c5be583a2a8276532102b7dcaecf8f3f10b62fa954d127d897c2c539fdca823f649a3ce57f333db10c589a8aa2ad59eaae74ac0df6199229c11e52b8bdf65cb3aa8334ed0165687d30f63c21d27cbd101b813cfede7560218d1d2563d5fcf8b39d0683918e4b6fffe2f12b084cc3de4ccb517a8032c3481f4f06652831ef632defe16a,gx-no-cache=1516371251699 HTTP/1.1" 200 30
186.67.172.234 - - [19/Jan/2018:11:15:00 -0300] "POST /cormun/servlet/solicitudot?gx-no-cache=1516371255224 HTTP/1.1" 200 30
186.67.172.234 - - [19/Jan/2018:11:15:02 -0300] "GET /cormun/servlet/prcontratosol?14026965,,,,,MD,,gxPopupLevel%3D0%3B HTTP/1.1" 200 9384
186.67.172.234 - - [19/Jan/2018:11:15:14 -0300] "POST /cormun/servlet/solicitudot?gx-no-cache=1516371269328 HTTP/1.1" 200 1357
186.67.172.234 - - [19/Jan/2018:11:15:14 -0300] "POST /cormun/servlet/solicitudot?gx-no-cache=1516371269374 HTTP/1.1" 200 38
186.67.172.234 - - [19/Jan/2018:11:15:14 -0300] "GET /cormun/servlet/solicitudot?1814bf44089e952f87b3e3ac8fb433363e4364a0ef5bc7dece27bcfdfd28d2959896fe4db06e7219cbdf831f7d8bf8f9e9200bcb04f304df1a9afa42eb5f238cce2fe84326549501d98b6cba8c1f25cf26af546b4c5e821f513cc5a31c4bef2795f690669b806f19596fb6b1811830837a7f30aa4d29b569516c0d431775e3e8a8714f8d27f23d54e108ec25e5c525b70e89e8ecb36a1eac6eb22f8b2acd9344c06940ccdf93dcbe7879eca151db00285963f488e2e62535ac436c549cc3719915ffab8c23e59d3446a31a9aec11cdfe,gx-no-cache=1516371269417 HTTP/1.1" 200 29
186.67.172.234 - - [19/Jan/2018:11:15:15 -0300] "POST /cormun/servlet/solicitudot?gx-no-cache=1516371269458 HTTP/1.1" 200 1340
186.67.172.234 - - [19/Jan/2018:11:15:15 -0300] "POST /cormun/servlet/solicitudot?gx-no-cache=1516371269531 HTTP/1.1" 200 1220
186.67.172.234 - - [19/Jan/2018:11:15:15 -0300] "GET /cormun/servlet/solicitudot?1814bf44089e952f87b3e3ac8fb433369b997ad40af935cbc28a05de8cf558a0,gx-no-cache=1516371269588 HTTP/1.1" 200 30
186.67.172.234 - - [19/Jan/2018:11:15:17 -0300] "GET /cormun/servlet/prsolicitudot?14026965,,,,,MD,,gxPopupLevel%3D0%3B HTTP/1.1" 200 6213
186.67.172.234 - - [19/Jan/2018:11:15:17 -0300] "GET /cormun/static/gxcfg.js?2017111422591492 HTTP/1.1" 200 953
186.67.172.234 - - [19/Jan/2018:11:15:17 -0300] "GET /cormun/static/prsolicitudot.js?2017111422591715 HTTP/1.1" 200 13680
186.67.172.234 - - [19/Jan/2018:11:15:21 -0300] "POST /cormun/servlet/solicitudot?gx-no-cache=1516371276366 HTTP/1.1" 200 1357
186.67.172.234 - - [19/Jan/2018:11:15:21 -0300] "POST /cormun/servlet/solicitudot?gx-no-cache=1516371276412 HTTP/1.1" 200 38
186.67.172.234 - - [19/Jan/2018:11:15:22 -0300] "POST /cormun/servlet/solicitudot?gx-no-cache=1516371276469 HTTP/1.1" 200 1340
186.67.172.234 - - [19/Jan/2018:11:15:22 -0300] "POST /cormun/servlet/solicitudot?gx-no-cache=1516371276572 HTTP/1.1" 200 1220
186.67.172.234 - - [19/Jan/2018:11:15:22 -0300] "GET /cormun/servlet/solicitudot?1814bf44089e952f87b3e3ac8fb43336e2145fadc6f7a04f5c7b6e78e484ccb2d4031aaaf0cbd6b54c094808ae59d2a2,gx-no-cache=1516371276762 HTTP/1.1" 200 30
192.168.10.60 - - [19/Jan/2018:11:15:38 -0300] "POST /cormun/servlet/trsolicitudgral?d70eeb9498ea10f65d7b62ff764d49d7,,gx-no-cache=1516371195179 HTTP/1.1" 200 9845
186.67.172.234 - - [19/Jan/2018:11:15:43 -0300] "GET /cormun/servlet/solicitudot?1814bf44089e952f87b3e3ac8fb433363e4364a0ef5bc7dece27bcfdfd28d2959896fe4db06e7219cbdf831f7d8bf8f9817c3b5385c6374137c9aa619ac9b860ce2fe84326549501d98b6cba8c1f25cf26af546b4c5e821f513cc5a31c4bef2795f690669b806f19596fb6b1811830837a7f30aa4d29b569516c0d431775e3e8a8714f8d27f23d54e108ec25e5c525b70e89e8ecb36a1eac6eb22f8b2acd9344c06940ccdf93dcbe7879eca151db00285963f488e2e62535ac436c549cc3719915ffab8c23e59d3446a31a9aec11cdfe,gx-no-cache=1516371297378 HTTP/1.1" 200 29
186.67.172.234 - - [19/Jan/2018:11:15:47 -0300] "POST /cormun/servlet/solicitudot?gx-no-cache=1516371302409 HTTP/1.1" 200 1340
186.67.172.234 - - [19/Jan/2018:11:15:48 -0300] "POST /cormun/servlet/solicitudot?gx-no-cache=1516371302452 HTTP/1.1" 200 1220
186.67.172.234 - - [19/Jan/2018:11:15:48 -0300] "POST /cormun/servlet/solicitudot?gx-no-cache=1516371302498 HTTP/1.1" 200 33
186.67.172.234 - - [19/Jan/2018:11:15:48 -0300] "POST /cormun/servlet/solicitudot?df0996e2f95e51665c4c6e638e51c3a3,INS,0,0,,gx-no-cache=1516371302588 HTTP/1.1" 200 93
186.67.172.234 - - [19/Jan/2018:11:15:48 -0300] "GET /cormun/servlet/hpexe_return? HTTP/1.1" 200 1006
186.67.172.234 - - [19/Jan/2018:11:15:48 -0300] "GET /cormun/servlet/trsolicitudot HTTP/1.1" 200 9610
186.67.172.234 - - [19/Jan/2018:11:15:49 -0300] "GET /cormun/servlet/trsolicitudot HTTP/1.1" 200 9606
186.67.172.234 - - [19/Jan/2018:11:15:56 -0300] "POST /cormun/servlet/trsolicitudot?df0996e2f95e51665c4c6e638e51c3a3,gx-no-cache=1516371310638 HTTP/1.1" 200 106
186.67.172.234 - - [19/Jan/2018:11:15:56 -0300] "GET /cormun/servlet/solicitudot?UPD,2018,9463, HTTP/1.1" 200 15402
186.67.172.234 - - [19/Jan/2018:11:15:56 -0300] "GET /cormun/servlet/solicitudot?UPD,2018,9463, HTTP/1.1" 200 15411
186.67.172.234 - - [19/Jan/2018:11:15:57 -0300] "POST /cormun/servlet/solicitudot?gx-no-cache=1516371311752 HTTP/1.1" 200 3358
186.67.172.234 - - [19/Jan/2018:11:15:57 -0300] "POST /cormun/servlet/solicitudot?df0996e2f95e51665c4c6e638e51c3a3,UPD,2018,9463,,gx-no-cache=1516371311970 HTTP/1.1" 200 11693
186.67.172.234 - - [19/Jan/2018:11:15:57 -0300] "GET /cormun/servlet/solicitudot?1814bf44089e952f87b3e3ac8fb433364fd283bbe86b401e3cdb4b910aa129a68244b154db5f85c05da64b7e870846d1,gx-no-cache=1516371312228 HTTP/1.1" 200 30
186.67.172.234 - - [19/Jan/2018:11:15:57 -0300] "GET /cormun/servlet/solicitudot?1814bf44089e952f87b3e3ac8fb43336a14ab6c0acf0881dbe24e09b49b70891123755dca643e762484539a7bd3bafd2182a788d59fe638b8ef9a9fce2b098d6,gx-no-cache=1516371312266 HTTP/1.1" 200 51
186.67.172.234 - - [19/Jan/2018:11:15:57 -0300] "POST /cormun/servlet/solicitudot?gx-no-cache=1516371312299 HTTP/1.1" 200 256
186.67.172.234 - - [19/Jan/2018:11:15:57 -0300] "GET /cormun/servlet/solicitudot?1814bf44089e952f87b3e3ac8fb4333624af8593c9e3cd541f6df714d5001be4f944e3aa2ed4a0ffb3554d1a074e8a019fb44ed602f617a963cf4c6bbf92dd72d5062c8398f8dd5d8e01c6a422bf7dc449dc0ddd645ad30ca20ce9084144afe5b87116f55baf538343772ea74e0e534c6ab136e72c5214028a26df6ea23dd3c8aad4c86b1b26848f4eecb072638369a5104148b52b1405982d8c0320a5ee99403895ded811177835f39d996a7e48460d21c3f3abe24d45fbc69588e1040aae1e7175ac837ea36db7841867752034dc545f3a317cd088297cf45462fca894e86ef1742626b6ed81402fec106720341064173234a1410cf290950c744865c5be583a2a8276532102b7dcaecf8f3f10b62fa954d127d897c2c539fdca823f649a3ce57f333db10c589a8aa2ad59eaae74ac0df6199229c11e52b8bdf65cb3aa8334ed0165687d30f63c21d27cbd101b813cfede7560218d1d2563d5fcf8b39d0683918e4b6fffe2f12b084cc3de4ccb517a13c1188bc0deceb14b4109a5177d0ac4,gx-no-cache=1516371312340 HTTP/1.1" 200 30
186.67.172.234 - - [19/Jan/2018:11:15:57 -0300] "POST /cormun/servlet/solicitudot?gx-no-cache=1516371312372 HTTP/1.1" 200 30
186.67.172.234 - - [19/Jan/2018:11:15:58 -0300] "POST /cormun/servlet/solicitudot?gx-no-cache=1516371312422 HTTP/1.1" 200 1357
