186.67.172.234 - - [19/Jan/2018:11:15:58 -0300] "POST /cormun/servlet/solicitudot?gx-no-cache=1516371312525 HTTP/1.1" 200 41
186.67.172.234 - - [19/Jan/2018:11:16:01 -0300] "GET /cormun/servlet/prsolicitudot?10409144,,,,,MD,,gxPopupLevel%3D0%3B HTTP/1.1" 200 6252
186.67.172.234 - - [19/Jan/2018:11:16:05 -0300] "POST /cormun/servlet/solicitudot?gx-no-cache=1516371319189 HTTP/1.1" 200 1357
186.67.172.234 - - [19/Jan/2018:11:16:05 -0300] "POST /cormun/servlet/solicitudot?gx-no-cache=1516371319705 HTTP/1.1" 200 41
186.67.172.234 - - [19/Jan/2018:11:16:05 -0300] "GET /cormun/servlet/solicitudot?1814bf44089e952f87b3e3ac8fb43336978ec278230d285188634a63faf654c2b80fb1b371a1a5c384d6ae5ef6aad0b25b01cf50eda20afb3b0ca8f8f75238de141280d357e16b83b61d590ec26649ca33162848dc53708209eb9f9cdba27d6ab52666f4f0d57b6f958fd4331162e6abc850b8edc7f73e4f6dc524883fd41ac9378a97b6cf3f6420c147eb00c2c6d24635cd917dc5a7c90594c0f2f937dbac9e76640cfe786f0158d5293cb7470762339f0fa63a2748cd76232f776941b961c69859e987b84dfc2534495defd250e43a,gx-no-cache=1516371319795 HTTP/1.1" 200 29
186.67.172.234 - - [19/Jan/2018:11:16:05 -0300] "POST /cormun/servlet/solicitudot?gx-no-cache=1516371319867 HTTP/1.1" 200 1340
186.67.172.234 - - [19/Jan/2018:11:16:05 -0300] "POST /cormun/servlet/solicitudot?gx-no-cache=1516371319951 HTTP/1.1" 200 1220
186.67.172.234 - - [19/Jan/2018:11:16:05 -0300] "GET /cormun/servlet/solicitudot?1814bf44089e952f87b3e3ac8fb43336e2145fadc6f7a04f5c7b6e78e484ccb2d4031aaaf0cbd6b54c094808ae59d2a2,gx-no-cache=1516371320010 HTTP/1.1" 200 30
186.67.172.234 - - [19/Jan/2018:11:16:11 -0300] "POST /cormun/servlet/solicitudot?gx-no-cache=1516371325929 HTTP/1.1" 200 33
186.67.172.234 - - [19/Jan/2018:11:16:11 -0300] "POST /cormun/servlet/solicitudot?df0996e2f95e51665c4c6e638e51c3a3,UPD,2018,9463,,gx-no-cache=1516371325978 HTTP/1.1" 200 93
186.67.172.234 - - [19/Jan/2018:11:16:11 -0300] "GET /cormun/servlet/hpexe_return? HTTP/1.1" 200 1011
186.67.172.234 - - [19/Jan/2018:11:16:11 -0300] "GET /cormun/servlet/trsolicitudot HTTP/1.1" 200 9605
186.67.172.234 - - [19/Jan/2018:11:16:12 -0300] "GET /cormun/servlet/trsolicitudot HTTP/1.1" 200 9600
186.67.172.234 - - [19/Jan/2018:11:16:36 -0300] "GET /cormun/servlet/solicitudot?INS,0,0, HTTP/1.1" 200 13641
186.67.172.234 - - [19/Jan/2018:11:16:37 -0300] "GET /cormun/servlet/solicitudot?INS,0,0, HTTP/1.1" 200 13646
186.67.172.234 - - [19/Jan/2018:11:16:58 -0300] "POST /cormun/servlet/solicitudot?gx-no-cache=1516371372607 HTTP/1.1" 200 3490
186.67.172.234 - - [19/Jan/2018:11:16:58 -0300] "GET /cormun/static/Shared/jqueryui/images/ui-bg_highlight-soft_100_c6c2c8_1x100.png HTTP/1.1" 404 1117
186.67.172.234 - - [19/Jan/2018:11:16:58 -0300] "GET /cormun/static/Shared/jqueryui/images/ui-icons_82798d_256x240.png HTTP/1.1" 404 1089
186.67.172.234 - - [19/Jan/2018:11:16:58 -0300] "GET /cormun/static/Shared/jqueryui/images/ui-bg_flat_55_994d53_40x100.png HTTP/1.1" 404 1097
186.67.172.234 - - [19/Jan/2018:11:16:58 -0300] "GET /cormun/static/Shared/jqueryui/images/ui-icons_ebccce_256x240.png HTTP/1.1" 404 1089
186.67.172.234 - - [19/Jan/2018:11:17:31 -0300] "POST /cormun/servlet/solicitudot?gx-no-cache=1516371405525 HTTP/1.1" 200 3490
186.67.172.234 - - [19/Jan/2018:11:17:46 -0300] "GET /cormun/servlet/trcontratosolicitud? HTTP/1.1" 200 14418
186.67.172.234 - - [19/Jan/2018:11:17:46 -0300] "GET /cormun/servlet/trcontratosolicitud? HTTP/1.1" 200 14397
192.168.10.62 - - [19/Jan/2018:11:17:49 -0300] "POST /cormun/servlet/trsolicitudgral?ea797dc15c6bebba104e3995e5ef94a4,gx-no-cache=1516369487423,gx-no-cache=1516371325505 HTTP/1.1" 200 13522
186.67.172.234 - - [19/Jan/2018:11:17:52 -0300] "POST /cormun/servlet/trcontratosolicitud?df0996e2f95e51665c4c6e638e51c3a3,,gx-no-cache=1516371426486 HTTP/1.1" 200 12033
186.67.172.234 - - [19/Jan/2018:11:17:54 -0300] "POST /cormun/servlet/trcontratosolicitud?df0996e2f95e51665c4c6e638e51c3a3,,gx-no-cache=1516371428787 HTTP/1.1" 200 12122
186.67.172.234 - - [19/Jan/2018:11:17:57 -0300] "POST /cormun/servlet/trcontratosolicitud?df0996e2f95e51665c4c6e638e51c3a3,,gx-no-cache=1516371431913 HTTP/1.1" 200 12171
186.79.49.40 - - [19/Jan/2018:11:18:05 -0300] "POST /cormun/servlet/solicitudot?gx-no-cache=1516371444739 HTTP/1.1" 200 3370
186.79.49.40 - - [19/Jan/2018:11:18:06 -0300] "POST /cormun/servlet/solicitudot?e1e4d1062752339fd8a76437a2349117,INS,0,0,,gx-no-cache=1516371445160 HTTP/1.1" 200 10534
192.168.10.60 - - [19/Jan/2018:11:18:08 -0300] "POST /cormun/servlet/trsolicitudgral?d70eeb9498ea10f65d7b62ff764d49d7,,gx-no-cache=1516371345137 HTTP/1.1" 200 8370
186.79.49.40 - - [19/Jan/2018:11:18:15 -0300] "GET /cormun/servlet/solicitudot?5475e5401b4d54403a19ab199b4b978495df3544f3b8321c5be52eb7bf5cc722fbee9a5b5eb8d7e65e240810c1c1ca44,gx-no-cache=1516371454942 HTTP/1.1" 200 30
186.79.49.40 - - [19/Jan/2018:11:18:15 -0300] "GET /cormun/servlet/solicitudot?5475e5401b4d54403a19ab199b4b97841a1cf039e03f68564100facec5ae6f80,gx-no-cache=1516371455008 HTTP/1.1" 200 53
186.79.49.40 - - [19/Jan/2018:11:18:15 -0300] "POST /cormun/servlet/solicitudot?gx-no-cache=1516371455070 HTTP/1.1" 200 255
186.79.49.40 - - [19/Jan/2018:11:18:15 -0300] "GET /cormun/servlet/solicitudot?5475e5401b4d54403a19ab199b4b9784b6d24c39675cc3340c5fab249d429fa89e1acb2bde580f2cc956328d71dc2c61840f51b210e4f28775e1fd92dbbaa973eb925c9c613cb42f386b3fbc4c73b1e25246fdb29e4e6338c0004d3d7b4e746202bf154ffdf5b0885aacaf4dd1cab29e6b4be0d91ba5a40c0ed06e88c0138f7c6f95c5f731cd6244c1befdbbeed3679b4cd884f8bbc2c6631c12393d83266ad66fe41c01e87840e347ce26bd75e0352447ecd294c08c068daef167a3f65f1ddf2b18acec915012426d2f8757ac21a82722b0492c309cfe43b6f572292f50f85c1c80724b80340cb0706ea4f8b1175b30f25e5705154a380b23d5428937dbe670959dd4b66cefbdd9c7f72239b4582bf7189b960ef8f0e0d45e5f14bb5a37ead129f23dec4df86c08cdbbf68e55a03e1d43f6d05d91acc25ac42fccea6c8541ab98bf3012b8df665afc2f2bdd226f2f29cfe68cd25f634bc8a13ac6d0de8e71e291cefc0da83e440264768ee8beb7f8ad997c1535770ad7c5a1f4b50c15d92730,gx-no-cache=1516371455155 HTTP/1.1" 200 30
186.79.49.40 - - [19/Jan/2018:11:18:16 -0300] "POST /cormun/servlet/solicitudot?gx-no-cache=1516371455226 HTTP/1.1" 200 30
186.79.49.40 - - [19/Jan/2018:11:18:16 -0300] "POST /cormun/servlet/solicitudot?gx-no-cache=1516371455305 HTTP/1.1" 200 1356
186.79.49.40 - - [19/Jan/2018:11:18:16 -0300] "POST /cormun/servlet/solicitudot?gx-no-cache=1516371455404 HTTP/1.1" 200 38
186.67.172.234 - - [19/Jan/2018:11:18:22 -0300] "GET /cormun/servlet/solicitudotcontratos?INS,2018,0,6152035,k,6,2017,2054,LEY+SEP,201712,7,M, HTTP/1.1" 200 10011
186.67.172.234 - - [19/Jan/2018:11:18:22 -0300] "GET /cormun/static/gxcfg.js?2018191138350 HTTP/1.1" 200 953
186.67.172.234 - - [19/Jan/2018:11:18:22 -0300] "GET /cormun/static/solicitudotcontratos.js?20181911383611 HTTP/1.1" 304 -
186.67.172.234 - - [19/Jan/2018:11:18:22 -0300] "GET /cormun/servlet/solicitudotcontratos?INS,2018,0,6152035,k,6,2017,2054,LEY+SEP,201712,7,M, HTTP/1.1" 200 10046
186.67.172.234 - - [19/Jan/2018:11:18:23 -0300] "GET /cormun/servlet/solicitudotcontratos?1814bf44089e952f87b3e3ac8fb4333691dbf59d70db0e8bc9ae9cdbd0e7c7e2260ad160a69c9134090c721350dbe298,gx-no-cache=1516371457870 HTTP/1.1" 200 133
186.67.172.234 - - [19/Jan/2018:11:18:23 -0300] "GET /cormun/static/Shared/jqueryui/images/ui-bg_highlight-soft_100_c6c2c8_1x100.png HTTP/1.1" 404 1117
186.67.172.234 - - [19/Jan/2018:11:18:23 -0300] "GET /cormun/static/Shared/jqueryui/images/ui-icons_82798d_256x240.png HTTP/1.1" 404 1089
186.67.172.234 - - [19/Jan/2018:11:18:23 -0300] "GET /cormun/static/Shared/jqueryui/images/ui-icons_ebccce_256x240.png HTTP/1.1" 404 1089
186.67.172.234 - - [19/Jan/2018:11:18:23 -0300] "GET /cormun/static/Shared/jqueryui/images/ui-bg_flat_55_994d53_40x100.png HTTP/1.1" 404 1097
186.67.172.234 - - [19/Jan/2018:11:18:23 -0300] "GET /cormun/servlet/solicitudotcontratos?1814bf44089e952f87b3e3ac8fb43336c14a4e7f8aa6b4e4d20504d5aa77dc75d73d1605fe29f4844a30c25f0873b355,gx-no-cache=1516371457950 HTTP/1.1" 200 30
186.67.172.234 - - [19/Jan/2018:11:18:23 -0300] "GET /cormun/servlet/solicitudotcontratos?1814bf44089e952f87b3e3ac8fb433365a3782a91acbec416aba83d9eecf593408e3617e96deae5cfac7384f5e4e2aa4bd9cffff0e4ccfe94055ab5cee8e277de0c7abe1e0c3766317300010e7c626cda6c05aeac782e097fb65e6e2f484ec78833542934dc73f2e7df97bd0e3321977614b128e02f6530fdc3e26569b483b51,gx-no-cache=1516371457971 HTTP/1.1" 200 50
186.67.172.234 - - [19/Jan/2018:11:18:23 -0300] "GET /cormun/servlet/solicitudotcontratos?1814bf44089e952f87b3e3ac8fb433361a7645769d8aae831855d7a97d0d07646d1e57dd56acb6c736616d2f9adbe680,gx-no-cache=1516371457998 HTTP/1.1" 200 30
186.67.172.234 - - [19/Jan/2018:11:18:23 -0300] "GET /cormun/servlet/solicitudotcontratos?1814bf44089e952f87b3e3ac8fb43336d7ccc7a76fa1522ff7f5e5d7eb4b983861c26565a67678bca4a7580fb3318e0692583fe3b7ef4e79671b27eff40764c4eec4acba0e2c073d94837be5a11ff7d5c6dbbde40bbeb83b584b57596fc9f750eb91c790c92b8b4c8a63f74b31cb356f,gx-no-cache=1516371458021 HTTP/1.1" 200 30
186.67.172.234 - - [19/Jan/2018:11:18:23 -0300] "GET /cormun/servlet/solicitudotcontratos?1814bf44089e952f87b3e3ac8fb43336acf93baf6ed777f4b3dc83b473564dacfda4500d88fd7fda5d12d704c88d028fc2b61922a2f413727d264e2e74bc7de892583fe3b7ef4e79671b27eff40764c4149c8f182ea8a53ab8f4daea7ceb64d603453f35b4cd8680d98c51fe26a116ea27e826d3190a7e78db9eda1731015d859f848aaea9eea4c82a74e4676e10f68dc43305ff804f1df060e3de46b38a124ec2b61922a2f413727d264e2e74bc7de816b0ea3e98c38e6bc65bfc1f75b82a702073f24d66c0d5c0b1289674e6211f6ca5c29f9f3dac607a441229c8afa0f6f12c2f80ede7a028784ca51565272b43c8401f7f543c03cddeb4d8e5686d8fc68c873bfd518c9fd45171a72c16a54aa0702a2c0bdc50de2367a7c86aca1655fc916da2ddd60a73570b5fcde560dbbe7893a07adadd63ffd276f85c10edecfef2637e63c70cbdd7baf6a4b830cb12a7940b25548b17a1d3bd2e34f451f1fc5b784acc9ed58f9ccb4a611a61c424b1b1eaef61a97a486405d555a8c575ec0524fd5a64e9e6ee17bb33df7d4ab8ad02f66c660935f27e04120d720a5723496188e6622e37940702c09a7e380d756a27ed4c3e5c52d7824fbe6e543d13d82388877ae352df68d30b5a8d42b1cb57107144001b013d7abce8ea3a3eca9adb0655796e72670c7d8ba8ec22752d5e8bdcc9f3a87c693ca466a4db688d0756cd3a994b3742af7dc130046193eab7a90e6bb0afbbf32bf5209cc8d13427475b2f2baaee6e32cb0f5d64bb983e765ef135b7cd8e945e53315fc606bec084af9c728f8c299b24,gx-no-cache=1516371458050 HTTP/1.1" 200 79
186.79.49.40 - - [19/Jan/2018:11:18:28 -0300] "GET /cormun/servlet/solicitudot?5475e5401b4d54403a19ab199b4b97840fbcff2ff035d9e2eae67fdc0a732246e650b68eb6c3c6d49da31280a9d8a0d9392d944412ecead370d6aac8a2f943415ace470c76d5ce46f88607b9c309e688da794181a8d01378f274ee37a65fa4b9df3427825afc800e541e0a92464c423df4d867cb796a3cc8ee83e88350cd64268f0e661a5b278359a68fbe0e403496408c144656b9f5fde2aea4867f1a964a3a,gx-no-cache=1516371467681 HTTP/1.1" 200 29
186.79.49.40 - - [19/Jan/2018:11:18:28 -0300] "POST /cormun/servlet/solicitudot?gx-no-cache=1516371467772 HTTP/1.1" 200 1339
186.79.49.40 - - [19/Jan/2018:11:18:28 -0300] "POST /cormun/servlet/solicitudot?gx-no-cache=1516371467964 HTTP/1.1" 200 1220
192.168.10.62 - - [19/Jan/2018:11:18:34 -0300] "POST /cormun/servlet/trsolicitudgral?ea797dc15c6bebba104e3995e5ef94a4,gx-no-cache=1516369487423,gx-no-cache=1516371370899 HTTP/1.1" 200 7655
186.79.49.40 - - [19/Jan/2018:11:18:37 -0300] "POST /cormun/servlet/solicitudot?gx-no-cache=1516371476160 HTTP/1.1" 200 1339
186.79.49.40 - - [19/Jan/2018:11:18:37 -0300] "POST /cormun/servlet/solicitudot?gx-no-cache=1516371476335 HTTP/1.1" 200 1220
192.168.10.60 - - [19/Jan/2018:11:18:48 -0300] "POST /cormun/servlet/trsolicitudgral?d70eeb9498ea10f65d7b62ff764d49d7,,gx-no-cache=1516371384953 HTTP/1.1" 200 8746
186.67.172.234 - - [19/Jan/2018:11:19:02 -0300] "GET /cormun/servlet/trsolicitudot? HTTP/1.1" 200 9642
186.67.172.234 - - [19/Jan/2018:11:19:03 -0300] "GET /cormun/servlet/trsolicitudot? HTTP/1.1" 200 9598
186.67.172.234 - - [19/Jan/2018:11:19:06 -0300] "GET /cormun/servlet/solicitudot?INS,0,0, HTTP/1.1" 200 13641
186.67.172.234 - - [19/Jan/2018:11:19:06 -0300] "GET /cormun/servlet/solicitudot?INS,0,0, HTTP/1.1" 200 13646
186.67.172.234 - - [19/Jan/2018:11:19:24 -0300] "POST /cormun/servlet/solicitudot?gx-no-cache=1516371518703 HTTP/1.1" 200 3375
186.67.172.234 - - [19/Jan/2018:11:19:24 -0300] "POST /cormun/servlet/solicitudot?df0996e2f95e51665c4c6e638e51c3a3,INS,0,0,,gx-no-cache=1516371518828 HTTP/1.1" 200 10550
192.168.10.60 - - [19/Jan/2018:11:20:12 -0300] "POST /cormun/servlet/trsolicitudgral?d70eeb9498ea10f65d7b62ff764d49d7,,gx-no-cache=1516371469224 HTTP/1.1" 200 7267
186.79.49.40 - - [19/Jan/2018:11:20:18 -0300] "POST /cormun/servlet/solicitudot?gx-no-cache=1516371577233 HTTP/1.1" 200 1339
186.79.49.40 - - [19/Jan/2018:11:20:18 -0300] "POST /cormun/servlet/solicitudot?gx-no-cache=1516371577430 HTTP/1.1" 200 1220
186.79.49.40 - - [19/Jan/2018:11:20:38 -0300] "GET /cormun/servlet/solicitudot?5475e5401b4d54403a19ab199b4b978419cf718a8cad894077b14b939c844a70,gx-no-cache=1516371597703 HTTP/1.1" 200 30
186.79.49.40 - - [19/Jan/2018:11:20:40 -0300] "GET /cormun/static/menuarrow.gif HTTP/1.1" 404 1015
186.79.49.40 - - [19/Jan/2018:11:20:49 -0300] "GET /cormun/servlet/solicitudot?5475e5401b4d54403a19ab199b4b978419ef256523c1b75bf92727f33d0c31aabd79b375ac00344978e9a4a23b258228,gx-no-cache=1516371608397 HTTP/1.1" 200 30
186.79.49.40 - - [19/Jan/2018:11:21:07 -0300] "POST /cormun/servlet/solicitudot?gx-no-cache=1516371627134 HTTP/1.1" 200 30
186.79.49.40 - - [19/Jan/2018:11:21:31 -0300] "POST /cormun/servlet/solicitudot?e1e4d1062752339fd8a76437a2349117,INS,0,0,,gx-no-cache=1516371649641 HTTP/1.1" 200 11934
186.79.49.40 - - [19/Jan/2018:11:21:42 -0300] "POST /cormun/servlet/solicitudot?gx-no-cache=1516371661389 HTTP/1.1" 200 30
186.67.172.234 - - [19/Jan/2018:11:21:46 -0300] "GET /cormun/servlet/solicitudot?1814bf44089e952f87b3e3ac8fb43336aaf03519ab071662886d4dbdfa7827362f26bb7e459b8179d8f926b3e1f71936,gx-no-cache=1516371661098 HTTP/1.1" 200 30
186.67.172.234 - - [19/Jan/2018:11:21:46 -0300] "GET /cormun/servlet/solicitudot?1814bf44089e952f87b3e3ac8fb43336226022a3e27471c442ce16cf6882bd24,gx-no-cache=1516371661217 HTTP/1.1" 200 51
186.67.172.234 - - [19/Jan/2018:11:21:46 -0300] "POST /cormun/servlet/solicitudot?gx-no-cache=1516371661271 HTTP/1.1" 200 255
186.67.172.234 - - [19/Jan/2018:11:21:46 -0300] "GET /cormun/servlet/solicitudot?1814bf44089e952f87b3e3ac8fb4333624af8593c9e3cd541f6df714d5001be4f944e3aa2ed4a0ffb3554d1a074e8a019fb44ed602f617a963cf4c6bbf92dd72d5062c8398f8dd5d8e01c6a422bf7dc449dc0ddd645ad30ca20ce9084144afe5b87116f55baf538343772ea74e0e534c6ab136e72c5214028a26df6ea23dd3c8aad4c86b1b26848f4eecb072638369a5104148b52b1405982d8c0320a5ee99403895ded811177835f39d996a7e48460d21c3f3abe24d45fbc69588e1040aae1e7175ac837ea36db7841867752034dc545f3a317cd088297cf45462fca894e86ef1742626b6ed81402fec106720341064173234a1410cf290950c744865c5be583a2a8276532102b7dcaecf8f3f10b62fa954d127d897c2c539fdca823f649a3ce57f333db10c589a8aa2ad59eaae74ac0df6199229c11e52b8bdf65cb3aa8334ed0165687d30f63c21d27cbd101b813cfede7560218d1d2563d5fcf8b39d0683918e4b6fffe2f12b084cc3de4ccb517a8032c3481f4f06652831ef632defe16a,gx-no-cache=1516371661365 HTTP/1.1" 200 30
186.79.49.40 - - [19/Jan/2018:11:21:58 -0300] "POST /cormun/servlet/solicitudot?gx-no-cache=1516371677720 HTTP/1.1" 200 1355
186.79.49.40 - - [19/Jan/2018:11:21:58 -0300] "POST /cormun/servlet/solicitudot?gx-no-cache=1516371677913 HTTP/1.1" 200 41
186.79.49.40 - - [19/Jan/2018:11:21:58 -0300] "POST /cormun/servlet/solicitudot?gx-no-cache=1516371677988 HTTP/1.1" 200 1338
186.79.49.40 - - [19/Jan/2018:11:21:59 -0300] "POST /cormun/servlet/solicitudot?gx-no-cache=1516371678154 HTTP/1.1" 200 1220
186.79.49.40 - - [19/Jan/2018:11:21:59 -0300] "GET /cormun/servlet/solicitudot?5475e5401b4d54403a19ab199b4b978419ef256523c1b75bf92727f33d0c31aabd79b375ac00344978e9a4a23b258228,gx-no-cache=1516371678308 HTTP/1.1" 200 30
186.79.49.40 - - [19/Jan/2018:11:21:59 -0300] "POST /cormun/servlet/solicitudot?gx-no-cache=1516371678368 HTTP/1.1" 200 30
186.79.49.40 - - [19/Jan/2018:11:21:59 -0300] "POST /cormun/servlet/solicitudot?e1e4d1062752339fd8a76437a2349117,INS,0,0,,gx-no-cache=1516371678443 HTTP/1.1" 200 93
186.79.49.40 - - [19/Jan/2018:11:21:59 -0300] "GET /cormun/servlet/hpexe_return? HTTP/1.1" 200 1003
186.79.49.40 - - [19/Jan/2018:11:22:00 -0300] "GET /cormun/servlet/trsolicitudot? HTTP/1.1" 200 7362
186.79.49.40 - - [19/Jan/2018:11:22:00 -0300] "GET /cormun/servlet/trsolicitudot? HTTP/1.1" 200 7359
192.168.10.62 - - [19/Jan/2018:11:22:01 -0300] "GET /cormun/servlet/vesolicitudgral?2018,8478,, HTTP/1.1" 200 8970
192.168.10.62 - - [19/Jan/2018:11:22:01 -0300] "GET /cormun/pexe_scrolldiv.js HTTP/1.1" 404 1009
192.168.10.62 - - [19/Jan/2018:11:22:01 -0300] "GET /cormun/pexe_scrolldiv.js HTTP/1.1" 404 1009
192.168.10.62 - - [19/Jan/2018:11:22:02 -0300] "GET /cormun/servlet/vesolicitudgral?2018,8478,, HTTP/1.1" 200 8948
192.168.10.62 - - [19/Jan/2018:11:22:04 -0300] "POST /cormun/servlet/vesolicitudgral?ea797dc15c6bebba104e3995e5ef94a4,2018,8478,,,gx-no-cache=1516371581039 HTTP/1.1" 200 106
192.168.10.62 - - [19/Jan/2018:11:22:04 -0300] "GET /cormun/servlet/solicitudgral?UPD,2018,8478, HTTP/1.1" 200 12655
192.168.10.62 - - [19/Jan/2018:11:22:04 -0300] "GET /cormun/servlet/solicitudgral?UPD,2018,8478, HTTP/1.1" 200 12655
192.168.10.62 - - [19/Jan/2018:11:22:05 -0300] "POST /cormun/servlet/solicitudgral?gx-no-cache=1516371582022 HTTP/1.1" 200 3887
192.168.10.62 - - [19/Jan/2018:11:22:05 -0300] "GET /cormun/servlet/solicitudgral?cd1e274685f78c6b3fd5d596a56514954e1080e7dadf231fa582bf16e0ffc42ca6fd3b12ab4f657a35f1b5a3455da68473a637d7cfb13be3363e61531535bef16b431f85cd9b475832c38f795ceed0bd80da83d3ba75ae78f6968f9336c13428d2346dc515b0f51d2908106cb61bbb05e109466a4fac6308a0c91dc7ee7bfd4abb8b7846360a1b1fa487e6200c6a40d4fcddce69471f1861fed4b1150b2817fef786a42e5bf7b8b8184fb95c9fad2d74adf6156925962b96bc0f586ea04610accc6a6a8c7ddb330d2e14c354911f06a02952f74bf3d04aa454b80e8468100ede23ba03e446208cf8bfcc4ad79959860ba377f5143af52cda7aef7aba7b8c6e4be5c1f7f064bf26ea10de124d388b64ca8903d53500c95c89cd582a68ac261633def9bd5926e2bc00d649deb996aff4cbb4790d98c8f3f7be662a7fdfc120503103ebecde96b229fb2bd9c9ac74e9fdc5,gx-no-cache=1516371582151 HTTP/1.1" 200 255
192.168.10.62 - - [19/Jan/2018:11:22:06 -0300] "GET /cormun/servlet/solicitudgral?cd1e274685f78c6b3fd5d596a5651495550ef17bf11a99b8b1284e3b775861bac636a02edc9a829a75aa86cfeb74d4cde5c1f7f064bf26ea10de124d388b64ca7e6aba0d258addca4c40ec51cae19b1eb7e4eb5a70754d6c2bab37802afca8760779a0073675a00adf66761b530304d50d5b35859b2251d1d292412334caffd75b773f8462b72c67f94dfc6bb350f157c3e433873bf2f35e49b7dac0da45c776e5fab70655ce029e728c57f5c1bdb184a0729db42b9561a82b6c709ad6e2d4d884d53f195fdab0bb78e10f681d2c384f4732c02082904789e71fbdc9a4bac14b0909ea46b40ad7a3745eea2fd46f0f4a93455f3263c66320dd595a095afa84ecc1c197cea8a6e37cd93229228735b106d81ee765b0eb53ca6001863963838e41ed5bd00a993d84279a55c62a005c79d61e78de52e78033b4f3420be841722cefc7849268fae2023130f410a15c3b3730e5e8f77b85c54758d8e9a9e9556a8bde396e2cd3b3c31285cda15673bea0323d86cac283ffbd28df0935c382507eb6f421fe9112854a04979a400e1941286d2c6b48c6a37b034486cc8a5a1a99bd642928c6be5dc5829e59d037b78b514bfdc556f00ccd0463db15126607559ba12a1c63fddfc0fdb27429a25337c4bc718f2ce4079718a8ec7ee652298076c0ba98fb263470c88f1f33426342230033fa266d8f6ab89149ded3e4e0b99cc5527f92e4444932d902a9e868d9e09d1ba771cd963e2c63a772ba26834ce73f702880521bf3e43787fbee28b5b7b7050ecb0e0c96,gx-no-cache=1516371582778 HTTP/1.1" 200 48
192.168.10.62 - - [19/Jan/2018:11:22:08 -0300] "POST /cormun/servlet/solicitudgral?ea797dc15c6bebba104e3995e5ef94a4,UPD,2018,8478,,gx-no-cache=1516371585083 HTTP/1.1" 200 11729
192.168.10.62 - - [19/Jan/2018:11:22:08 -0300] "GET /cormun/servlet/solicitudgral?cd1e274685f78c6b3fd5d596a565149503a824c889376b833da0ca18212dc449c5eac207a50fdbe45397e255c00b5935581cc3840ede497d3be101ebf8df41b2e08816ffc64d8e1f0173a1551b905489fcb8100bc96c1e5512e8e709d82679e81abea53a9d70368e16c0b5103c8408f90714de006ad03f4da9895474143de5042bce75175dc25f764255d618f8510cbdae753da7b33e1290998c4d700fe2df82,gx-no-cache=1516371585241 HTTP/1.1" 200 29
192.168.10.62 - - [19/Jan/2018:11:22:08 -0300] "POST /cormun/servlet/solicitudgral?gx-no-cache=1516371585257 HTTP/1.1" 200 1315
192.168.10.62 - - [19/Jan/2018:11:22:08 -0300] "POST /cormun/servlet/solicitudgral?gx-no-cache=1516371585284 HTTP/1.1" 200 1221
186.79.49.40 - - [19/Jan/2018:11:22:11 -0300] "POST /cormun/servlet/trsolicitudot?e1e4d1062752339fd8a76437a2349117,,gx-no-cache=1516371690458 HTTP/1.1" 200 4510
192.168.10.62 - - [19/Jan/2018:11:22:15 -0300] "POST /cormun/servlet/solicitudgral?ea797dc15c6bebba104e3995e5ef94a4,UPD,2018,8478,,gx-no-cache=1516371591928 HTTP/1.1" 200 93
186.79.49.40 - - [19/Jan/2018:11:22:15 -0300] "GET /cormun/servlet/trsolicitudot? HTTP/1.1" 200 7359
192.168.10.62 - - [19/Jan/2018:11:22:15 -0300] "GET /cormun/servlet/hpexe_return? HTTP/1.1" 200 1009
192.168.10.62 - - [19/Jan/2018:11:22:15 -0300] "GET /cormun/servlet/vesolicitudgral?2018,8478,, HTTP/1.1" 200 8987
192.168.10.62 - - [19/Jan/2018:11:22:15 -0300] "GET /cormun/pexe_scrolldiv.js HTTP/1.1" 404 1009
192.168.10.62 - - [19/Jan/2018:11:22:15 -0300] "GET /cormun/pexe_scrolldiv.js HTTP/1.1" 404 1009
186.79.49.40 - - [19/Jan/2018:11:22:15 -0300] "GET /cormun/servlet/trsolicitudot? HTTP/1.1" 200 7359
192.168.10.62 - - [19/Jan/2018:11:22:15 -0300] "GET /cormun/servlet/vesolicitudgral?2018,8478,, HTTP/1.1" 200 8984
186.79.49.40 - - [19/Jan/2018:11:22:19 -0300] "POST /cormun/servlet/trsolicitudot?e1e4d1062752339fd8a76437a2349117,,gx-no-cache=1516371698498 HTTP/1.1" 200 4506
186.79.49.40 - - [19/Jan/2018:11:22:22 -0300] "POST /cormun/servlet/trsolicitudot?e1e4d1062752339fd8a76437a2349117,,gx-no-cache=1516371701070 HTTP/1.1" 200 4506
192.168.10.62 - - [19/Jan/2018:11:22:22 -0300] "POST /cormun/servlet/vesolicitudgral?ea797dc15c6bebba104e3995e5ef94a4,2018,8478,,,gx-no-cache=1516371599458 HTTP/1.1" 200 11930
192.168.10.62 - - [19/Jan/2018:11:22:22 -0300] "GET /cormun/static/Shared/jqueryui/images/ui-bg_highlight-soft_100_c6c2c8_1x100.png HTTP/1.1" 404 1117
192.168.10.62 - - [19/Jan/2018:11:22:22 -0300] "GET /cormun/static/Shared/jqueryui/images/ui-icons_82798d_256x240.png HTTP/1.1" 404 1089
192.168.10.62 - - [19/Jan/2018:11:22:22 -0300] "GET /cormun/static/Shared/jqueryui/images/ui-bg_flat_55_fafafa_40x100.png HTTP/1.1" 404 1097
192.168.10.62 - - [19/Jan/2018:11:22:22 -0300] "GET /cormun/static/Shared/jqueryui/images/ui-icons_8d78a5_256x240.png HTTP/1.1" 404 1089
192.168.10.62 - - [19/Jan/2018:11:22:23 -0300] "POST /cormun/servlet/vesolicitudgral?ea797dc15c6bebba104e3995e5ef94a4,2018,8478,,,gx-no-cache=1516371599685 HTTP/1.1" 200 11865
192.168.10.62 - - [19/Jan/2018:11:22:23 -0300] "GET /cormun//static/Resources/PXToolsTabLastUnselected.png HTTP/1.1" 200 1291
186.79.49.40 - - [19/Jan/2018:11:22:31 -0300] "POST /cormun/servlet/trsolicitudot?e1e4d1062752339fd8a76437a2349117,,gx-no-cache=1516371710166 HTTP/1.1" 200 4507
186.79.49.40 - - [19/Jan/2018:11:22:32 -0300] "POST /cormun/servlet/trsolicitudot?e1e4d1062752339fd8a76437a2349117,,gx-no-cache=1516371711519 HTTP/1.1" 200 4505
186.79.49.40 - - [19/Jan/2018:11:22:33 -0300] "POST /cormun/servlet/trsolicitudot?e1e4d1062752339fd8a76437a2349117,,gx-no-cache=1516371712686 HTTP/1.1" 200 4507
186.79.49.40 - - [19/Jan/2018:11:22:34 -0300] "POST /cormun/servlet/trsolicitudot?e1e4d1062752339fd8a76437a2349117,,gx-no-cache=1516371713646 HTTP/1.1" 200 4507
186.67.172.234 - - [19/Jan/2018:11:22:53 -0300] "POST /cormun/servlet/solicitudot?gx-no-cache=1516371727630 HTTP/1.1" 200 30
186.67.172.234 - - [19/Jan/2018:11:22:55 -0300] "GET /cormun/servlet/prcontratosol?6821304,,,,,MD,,gxPopupLevel%3D0%3B HTTP/1.1" 200 7721
186.67.172.234 - - [19/Jan/2018:11:23:05 -0300] "POST /cormun/servlet/solicitudot?gx-no-cache=1516371739790 HTTP/1.1" 200 1357
186.67.172.234 - - [19/Jan/2018:11:23:05 -0300] "POST /cormun/servlet/solicitudot?gx-no-cache=1516371739836 HTTP/1.1" 200 38
186.67.172.234 - - [19/Jan/2018:11:23:05 -0300] "GET /cormun/servlet/solicitudot?1814bf44089e952f87b3e3ac8fb433363e4364a0ef5bc7dece27bcfdfd28d2959896fe4db06e7219cbdf831f7d8bf8f9e9200bcb04f304df1a9afa42eb5f238cce2fe84326549501d98b6cba8c1f25cf26af546b4c5e821f513cc5a31c4bef2795f690669b806f19596fb6b1811830837a7f30aa4d29b569516c0d431775e3e8a8714f8d27f23d54e108ec25e5c525b70e89e8ecb36a1eac6eb22f8b2acd9344c06940ccdf93dcbe7879eca151db00285963f488e2e62535ac436c549cc3719915ffab8c23e59d3446a31a9aec11cdfe,gx-no-cache=1516371739862 HTTP/1.1" 200 29
186.67.172.234 - - [19/Jan/2018:11:23:05 -0300] "POST /cormun/servlet/solicitudot?gx-no-cache=1516371739886 HTTP/1.1" 200 1340
186.67.172.234 - - [19/Jan/2018:11:23:05 -0300] "POST /cormun/servlet/solicitudot?gx-no-cache=1516371739941 HTTP/1.1" 200 1221
186.67.172.234 - - [19/Jan/2018:11:23:05 -0300] "GET /cormun/servlet/solicitudot?1814bf44089e952f87b3e3ac8fb43336586e2de6de6e86504c327ff460cb6deed4031aaaf0cbd6b54c094808ae59d2a2,gx-no-cache=1516371739990 HTTP/1.1" 200 134
186.67.172.234 - - [19/Jan/2018:11:23:05 -0300] "GET /cormun/static/Shared/jqueryui/images/ui-bg_highlight-soft_100_c6c2c8_1x100.png HTTP/1.1" 404 1117
186.67.172.234 - - [19/Jan/2018:11:23:05 -0300] "GET /cormun/static/Shared/jqueryui/images/ui-icons_82798d_256x240.png HTTP/1.1" 404 1089
186.67.172.234 - - [19/Jan/2018:11:23:05 -0300] "GET /cormun/static/Shared/jqueryui/images/ui-icons_ebccce_256x240.png HTTP/1.1" 404 1089
186.67.172.234 - - [19/Jan/2018:11:23:05 -0300] "GET /cormun/static/Shared/jqueryui/images/ui-bg_flat_55_994d53_40x100.png HTTP/1.1" 404 1097
186.67.172.234 - - [19/Jan/2018:11:23:15 -0300] "GET /cormun/servlet/prsolicitudot?6821304,,,,,MD,,gxPopupLevel%3D0%3B HTTP/1.1" 200 6043
192.168.10.62 - - [19/Jan/2018:11:23:19 -0300] "POST /cormun/servlet/vesolicitudgral?ea797dc15c6bebba104e3995e5ef94a4,2018,8478,,,gx-no-cache=1516371656089 HTTP/1.1" 200 90
192.168.10.62 - - [19/Jan/2018:11:23:19 -0300] "GET /cormun/servlet/hpexe_link HTTP/1.1" 200 980
192.168.10.62 - - [19/Jan/2018:11:23:19 -0300] "GET /cormun/servlet/trsolicitudgral?gx-no-cache=1516369487423 HTTP/1.1" 200 10251
192.168.10.62 - - [19/Jan/2018:11:23:20 -0300] "GET /cormun/servlet/trsolicitudgral?gx-no-cache=1516369487423 HTTP/1.1" 200 10271
186.67.172.234 - - [19/Jan/2018:11:23:22 -0300] "GET /cormun/servlet/prcontratosol?6821304,,,,,MD,,gxPopupLevel%3D0%3B HTTP/1.1" 200 7721
186.67.172.234 - - [19/Jan/2018:11:23:40 -0300] "GET /cormun/servlet/solicitudot?1814bf44089e952f87b3e3ac8fb433363e4364a0ef5bc7dece27bcfdfd28d2959896fe4db06e7219cbdf831f7d8bf8f9817c3b5385c6374137c9aa619ac9b860ce2fe84326549501d98b6cba8c1f25cf26af546b4c5e821f513cc5a31c4bef2795f690669b806f19596fb6b1811830837a7f30aa4d29b569516c0d431775e3e8a8714f8d27f23d54e108ec25e5c525b70e89e8ecb36a1eac6eb22f8b2acd9344c06940ccdf93dcbe7879eca151db00285963f488e2e62535ac436c549cc3719915ffab8c23e59d3446a31a9aec11cdfe,gx-no-cache=1516371774927 HTTP/1.1" 200 29
192.168.10.62 - - [19/Jan/2018:11:23:42 -0300] "POST /cormun/servlet/trsolicitudgral?ea797dc15c6bebba104e3995e5ef94a4,gx-no-cache=1516369487423,gx-no-cache=1516371678676 HTTP/1.1" 200 12448
186.67.172.234 - - [19/Jan/2018:11:23:42 -0300] "POST /cormun/servlet/solicitudot?gx-no-cache=1516371776768 HTTP/1.1" 200 1340
186.67.172.234 - - [19/Jan/2018:11:23:42 -0300] "POST /cormun/servlet/solicitudot?gx-no-cache=1516371776808 HTTP/1.1" 200 1221
186.67.172.234 - - [19/Jan/2018:11:23:42 -0300] "GET /cormun/static/menuarrow.gif HTTP/1.1" 404 1015
186.67.172.234 - - [19/Jan/2018:11:23:43 -0300] "POST /cormun/servlet/solicitudot?gx-no-cache=1516371777960 HTTP/1.1" 200 1340
186.67.172.234 - - [19/Jan/2018:11:23:43 -0300] "POST /cormun/servlet/solicitudot?gx-no-cache=1516371778023 HTTP/1.1" 200 1221
192.168.10.62 - - [19/Jan/2018:11:23:51 -0300] "POST /cormun/servlet/trsolicitudgral?ea797dc15c6bebba104e3995e5ef94a4,gx-no-cache=1516369487423,gx-no-cache=1516371687570 HTTP/1.1" 200 12448
192.168.10.62 - - [19/Jan/2018:11:23:53 -0300] "POST /cormun/servlet/trsolicitudgral?ea797dc15c6bebba104e3995e5ef94a4,gx-no-cache=1516369487423,gx-no-cache=1516371689565 HTTP/1.1" 200 104
192.168.10.62 - - [19/Jan/2018:11:23:53 -0300] "POST /cormun/servlet/trsolicitudgral?ea797dc15c6bebba104e3995e5ef94a4,gx-no-cache=1516369487423,gx-no-cache=1516371689752 HTTP/1.1" 200 12430
192.168.10.62 - - [19/Jan/2018:11:23:53 -0300] "GET /cormun/SolicitudGral-405.xls HTTP/1.1" 200 11264
186.67.172.234 - - [19/Jan/2018:11:23:54 -0300] "GET /cormun/servlet/solicitudot?1814bf44089e952f87b3e3ac8fb43336e2145fadc6f7a04f5c7b6e78e484ccb2d4031aaaf0cbd6b54c094808ae59d2a2,gx-no-cache=1516371789342 HTTP/1.1" 200 30
186.67.172.234 - - [19/Jan/2018:11:24:23 -0300] "POST /cormun/servlet/solicitudot?gx-no-cache=1516371818183 HTTP/1.1" 200 33
186.67.172.234 - - [19/Jan/2018:11:24:23 -0300] "POST /cormun/servlet/solicitudot?df0996e2f95e51665c4c6e638e51c3a3,INS,0,0,,gx-no-cache=1516371818254 HTTP/1.1" 200 93
186.67.172.234 - - [19/Jan/2018:11:24:24 -0300] "GET /cormun/servlet/hpexe_return? HTTP/1.1" 200 1006
186.67.172.234 - - [19/Jan/2018:11:24:24 -0300] "GET /cormun/servlet/trsolicitudot HTTP/1.1" 200 9993
186.67.172.234 - - [19/Jan/2018:11:24:24 -0300] "GET /cormun/servlet/trsolicitudot HTTP/1.1" 200 9989
186.67.172.234 - - [19/Jan/2018:11:24:30 -0300] "GET /cormun/servlet/solicitudot?INS,0,0, HTTP/1.1" 200 13641
186.67.172.234 - - [19/Jan/2018:11:24:31 -0300] "GET /cormun/servlet/solicitudot?INS,0,0, HTTP/1.1" 200 13646
186.67.172.234 - - [19/Jan/2018:11:25:03 -0300] "GET /cormun/servlet/prfichaempleado?,MD,,gxPopupLevel%3D0%3B HTTP/1.1" 200 9374
186.67.172.234 - - [19/Jan/2018:11:25:03 -0300] "GET /cormun/static/gxcfg.js?20177612134814 HTTP/1.1" 200 953
186.67.172.234 - - [19/Jan/2018:11:25:04 -0300] "GET /cormun/static/prfichaempleado.js?20177612134999 HTTP/1.1" 200 16006
186.79.49.40 - - [19/Jan/2018:11:25:07 -0300] "POST /cormun/servlet/trsolicitudot?e1e4d1062752339fd8a76437a2349117,,gx-no-cache=1516371866318 HTTP/1.1" 200 4506
186.79.49.40 - - [19/Jan/2018:11:25:10 -0300] "GET /cormun/servlet/solicitudot?INS,0,0, HTTP/1.1" 200 13530
186.79.49.40 - - [19/Jan/2018:11:25:11 -0300] "GET /cormun/servlet/solicitudot?INS,0,0, HTTP/1.1" 200 13535
186.79.49.40 - - [19/Jan/2018:11:25:25 -0300] "POST /cormun/servlet/solicitudot?e1e4d1062752339fd8a76437a2349117,INS,0,0,,gx-no-cache=1516371884244 HTTP/1.1" 200 93
186.79.49.40 - - [19/Jan/2018:11:25:25 -0300] "GET /cormun/servlet/hpexe_return? HTTP/1.1" 200 1003
186.79.49.40 - - [19/Jan/2018:11:25:25 -0300] "GET /cormun/servlet/trsolicitudot? HTTP/1.1" 200 7362
186.79.49.40 - - [19/Jan/2018:11:25:26 -0300] "GET /cormun/servlet/trsolicitudot? HTTP/1.1" 200 7359
186.67.172.234 - - [19/Jan/2018:11:25:27 -0300] "POST /cormun/servlet/solicitudot?gx-no-cache=1516371881466 HTTP/1.1" 200 3375
186.67.172.234 - - [19/Jan/2018:11:25:27 -0300] "POST /cormun/servlet/solicitudot?df0996e2f95e51665c4c6e638e51c3a3,INS,0,0,,gx-no-cache=1516371881737 HTTP/1.1" 200 10548
186.67.172.234 - - [19/Jan/2018:11:25:30 -0300] "GET /cormun/servlet/solicitudot?1814bf44089e952f87b3e3ac8fb43336aaf03519ab071662886d4dbdfa7827362f26bb7e459b8179d8f926b3e1f71936,gx-no-cache=1516371884686 HTTP/1.1" 200 30
186.67.172.234 - - [19/Jan/2018:11:25:30 -0300] "GET /cormun/servlet/solicitudot?1814bf44089e952f87b3e3ac8fb43336226022a3e27471c442ce16cf6882bd24,gx-no-cache=1516371884774 HTTP/1.1" 200 51
186.67.172.234 - - [19/Jan/2018:11:25:30 -0300] "POST /cormun/servlet/solicitudot?gx-no-cache=1516371884853 HTTP/1.1" 200 255
186.67.172.234 - - [19/Jan/2018:11:25:30 -0300] "GET /cormun/servlet/solicitudot?1814bf44089e952f87b3e3ac8fb4333624af8593c9e3cd541f6df714d5001be4f944e3aa2ed4a0ffb3554d1a074e8a019fb44ed602f617a963cf4c6bbf92dd72d5062c8398f8dd5d8e01c6a422bf7dc449dc0ddd645ad30ca20ce9084144afe5b87116f55baf538343772ea74e0e534c6ab136e72c5214028a26df6ea23dd3c8aad4c86b1b26848f4eecb072638369a5104148b52b1405982d8c0320a5ee99403895ded811177835f39d996a7e48460d21c3f3abe24d45fbc69588e1040aae1e7175ac837ea36db7841867752034dc545f3a317cd088297cf45462fca894e86ef1742626b6ed81402fec106720341064173234a1410cf290950c744865c5be583a2a8276532102b7dcaecf8f3f10b62fa954d127d897c2c539fdca823f649a3ce57f333db10c589a8aa2ad59eaae74ac0df6199229c11e52b8bdf65cb3aa8334ed0165687d30f63c21d27cbd101b813cfede7560218d1d2563d5fcf8b39d0683918e4b6fffe2f12b084cc3de4ccb517a8032c3481f4f06652831ef632defe16a,gx-no-cache=1516371884943 HTTP/1.1" 200 30
186.67.172.234 - - [19/Jan/2018:11:25:32 -0300] "POST /cormun/servlet/solicitudot?gx-no-cache=1516371886894 HTTP/1.1" 200 30
186.67.172.234 - - [19/Jan/2018:11:25:34 -0300] "GET /cormun/servlet/prcontratosol?6821304,,,,,MD,,gxPopupLevel%3D0%3B HTTP/1.1" 200 7721
186.67.172.234 - - [19/Jan/2018:11:25:37 -0300] "POST /cormun/servlet/solicitudot?gx-no-cache=1516371891868 HTTP/1.1" 200 1357
186.67.172.234 - - [19/Jan/2018:11:25:37 -0300] "POST /cormun/servlet/solicitudot?gx-no-cache=1516371891961 HTTP/1.1" 200 38
186.67.172.234 - - [19/Jan/2018:11:25:37 -0300] "GET /cormun/servlet/solicitudot?1814bf44089e952f87b3e3ac8fb433363e4364a0ef5bc7dece27bcfdfd28d2959896fe4db06e7219cbdf831f7d8bf8f9e9200bcb04f304df1a9afa42eb5f238cce2fe84326549501d98b6cba8c1f25cf26af546b4c5e821f513cc5a31c4bef2795f690669b806f19596fb6b1811830837a7f30aa4d29b569516c0d431775e3e8a8714f8d27f23d54e108ec25e5c525b70e89e8ecb36a1eac6eb22f8b2acd9344c06940ccdf93dcbe7879eca151db00285963f488e2e62535ac436c549cc3719915ffab8c23e59d3446a31a9aec11cdfe,gx-no-cache=1516371892004 HTTP/1.1" 200 29
186.67.172.234 - - [19/Jan/2018:11:25:37 -0300] "POST /cormun/servlet/solicitudot?gx-no-cache=1516371892044 HTTP/1.1" 200 1340
186.67.172.234 - - [19/Jan/2018:11:25:37 -0300] "POST /cormun/servlet/solicitudot?gx-no-cache=1516371892103 HTTP/1.1" 200 1221
186.67.172.234 - - [19/Jan/2018:11:25:37 -0300] "GET /cormun/servlet/solicitudot?1814bf44089e952f87b3e3ac8fb43336586e2de6de6e86504c327ff460cb6deed4031aaaf0cbd6b54c094808ae59d2a2,gx-no-cache=1516371892164 HTTP/1.1" 200 134
186.67.172.234 - - [19/Jan/2018:11:25:37 -0300] "GET /cormun/static/Shared/jqueryui/images/ui-bg_highlight-soft_100_c6c2c8_1x100.png HTTP/1.1" 404 1117
186.67.172.234 - - [19/Jan/2018:11:25:37 -0300] "GET /cormun/static/Shared/jqueryui/images/ui-icons_82798d_256x240.png HTTP/1.1" 404 1089
186.67.172.234 - - [19/Jan/2018:11:25:37 -0300] "GET /cormun/static/Shared/jqueryui/images/ui-icons_ebccce_256x240.png HTTP/1.1" 404 1089
186.67.172.234 - - [19/Jan/2018:11:25:37 -0300] "GET /cormun/static/Shared/jqueryui/images/ui-bg_flat_55_994d53_40x100.png HTTP/1.1" 404 1097
186.79.49.40 - - [19/Jan/2018:11:25:38 -0300] "GET /cormun/servlet/solicitudot?INS,0,0, HTTP/1.1" 200 13529
186.79.49.40 - - [19/Jan/2018:11:25:38 -0300] "GET /cormun/servlet/solicitudot?INS,0,0, HTTP/1.1" 200 13534
186.67.172.234 - - [19/Jan/2018:11:25:47 -0300] "GET /cormun/servlet/solicitudot?1814bf44089e952f87b3e3ac8fb433363e4364a0ef5bc7dece27bcfdfd28d2959896fe4db06e7219cbdf831f7d8bf8f9817c3b5385c6374137c9aa619ac9b860ce2fe84326549501d98b6cba8c1f25cf26af546b4c5e821f513cc5a31c4bef2795f690669b806f19596fb6b1811830837a7f30aa4d29b569516c0d431775e3e8a8714f8d27f23d54e108ec25e5c525b70e89e8ecb36a1eac6eb22f8b2acd9344c06940ccdf93dcbe7879eca151db00285963f488e2e62535ac436c549cc3719915ffab8c23e59d3446a31a9aec11cdfe,gx-no-cache=1516371901759 HTTP/1.1" 200 29
186.67.172.234 - - [19/Jan/2018:11:25:49 -0300] "POST /cormun/servlet/solicitudot?gx-no-cache=1516371903575 HTTP/1.1" 200 1340
186.67.172.234 - - [19/Jan/2018:11:25:49 -0300] "POST /cormun/servlet/solicitudot?gx-no-cache=1516371903613 HTTP/1.1" 200 1221
186.79.49.40 - - [19/Jan/2018:11:25:49 -0300] "POST /cormun/servlet/solicitudot?e1e4d1062752339fd8a76437a2349117,INS,0,0,,gx-no-cache=1516371908043 HTTP/1.1" 200 93
186.67.172.234 - - [19/Jan/2018:11:25:49 -0300] "GET /cormun/static/menuarrow.gif HTTP/1.1" 404 1015
186.79.49.40 - - [19/Jan/2018:11:25:49 -0300] "GET /cormun/servlet/hpexe_return? HTTP/1.1" 200 1003
186.79.49.40 - - [19/Jan/2018:11:25:49 -0300] "GET /cormun/servlet/trsolicitudot HTTP/1.1" 200 7362
186.79.49.40 - - [19/Jan/2018:11:25:49 -0300] "GET /cormun/servlet/trsolicitudot HTTP/1.1" 200 7359
186.67.172.234 - - [19/Jan/2018:11:25:50 -0300] "POST /cormun/servlet/solicitudot?gx-no-cache=1516371905057 HTTP/1.1" 200 1340
186.67.172.234 - - [19/Jan/2018:11:25:50 -0300] "POST /cormun/servlet/solicitudot?gx-no-cache=1516371905133 HTTP/1.1" 200 1221
186.79.49.40 - - [19/Jan/2018:11:25:57 -0300] "GET /cormun/servlet/solicitudot?INS,0,0, HTTP/1.1" 200 13529
186.79.49.40 - - [19/Jan/2018:11:25:57 -0300] "GET /cormun/servlet/solicitudot?INS,0,0, HTTP/1.1" 200 13534
186.67.172.234 - - [19/Jan/2018:11:26:01 -0300] "GET /cormun/servlet/solicitudot?1814bf44089e952f87b3e3ac8fb43336e2145fadc6f7a04f5c7b6e78e484ccb2d4031aaaf0cbd6b54c094808ae59d2a2,gx-no-cache=1516371915933 HTTP/1.1" 200 30
186.79.49.40 - - [19/Jan/2018:11:26:06 -0300] "GET /cormun/servlet/prfichaempleado?,MD,,gxPopupLevel%3D0%3B HTTP/1.1" 200 9239
186.79.49.40 - - [19/Jan/2018:11:26:06 -0300] "GET /cormun/static/gxcfg.js?20177612134814 HTTP/1.1" 304 -
186.67.172.234 - - [19/Jan/2018:11:26:13 -0300] "POST /cormun/servlet/solicitudot?gx-no-cache=1516371927967 HTTP/1.1" 200 33
186.79.49.40 - - [19/Jan/2018:11:26:28 -0300] "POST /cormun/servlet/prfichaempleado?e1e4d1062752339fd8a76437a2349117,,MD,,gxPopupLevel%3D0%3B,gx-no-cache=1516371947416 HTTP/1.1" 200 5484
186.67.172.234 - - [19/Jan/2018:11:26:30 -0300] "POST /cormun/servlet/solicitudot?df0996e2f95e51665c4c6e638e51c3a3,INS,0,0,,gx-no-cache=1516371945211 HTTP/1.1" 200 93
186.67.172.234 - - [19/Jan/2018:11:26:30 -0300] "GET /cormun/servlet/hpexe_return? HTTP/1.1" 200 1006
186.67.172.234 - - [19/Jan/2018:11:26:31 -0300] "GET /cormun/servlet/trsolicitudot HTTP/1.1" 200 10272
186.67.172.234 - - [19/Jan/2018:11:26:31 -0300] "GET /cormun/servlet/trsolicitudot HTTP/1.1" 200 10267
186.79.49.40 - - [19/Jan/2018:11:26:38 -0300] "POST /cormun/servlet/solicitudot?gx-no-cache=1516371957463 HTTP/1.1" 200 3370
186.79.49.40 - - [19/Jan/2018:11:26:39 -0300] "POST /cormun/servlet/solicitudot?e1e4d1062752339fd8a76437a2349117,INS,0,0,,gx-no-cache=1516371958280 HTTP/1.1" 200 10535
186.79.49.40 - - [19/Jan/2018:11:26:45 -0300] "GET /cormun/servlet/solicitudot?5475e5401b4d54403a19ab199b4b978495df3544f3b8321c5be52eb7bf5cc722fbee9a5b5eb8d7e65e240810c1c1ca44,gx-no-cache=1516371964462 HTTP/1.1" 200 30
186.79.49.40 - - [19/Jan/2018:11:26:45 -0300] "GET /cormun/servlet/solicitudot?5475e5401b4d54403a19ab199b4b97841a1cf039e03f68564100facec5ae6f80,gx-no-cache=1516371964534 HTTP/1.1" 200 53
186.79.49.40 - - [19/Jan/2018:11:26:45 -0300] "POST /cormun/servlet/solicitudot?gx-no-cache=1516371964598 HTTP/1.1" 200 255
186.79.49.40 - - [19/Jan/2018:11:26:45 -0300] "GET /cormun/servlet/solicitudot?5475e5401b4d54403a19ab199b4b9784b6d24c39675cc3340c5fab249d429fa89e1acb2bde580f2cc956328d71dc2c61840f51b210e4f28775e1fd92dbbaa973eb925c9c613cb42f386b3fbc4c73b1e25246fdb29e4e6338c0004d3d7b4e746202bf154ffdf5b0885aacaf4dd1cab29e6b4be0d91ba5a40c0ed06e88c0138f7c6f95c5f731cd6244c1befdbbeed3679b4cd884f8bbc2c6631c12393d83266ad66fe41c01e87840e347ce26bd75e0352447ecd294c08c068daef167a3f65f1ddf2b18acec915012426d2f8757ac21a82722b0492c309cfe43b6f572292f50f85c1c80724b80340cb0706ea4f8b1175b30f25e5705154a380b23d5428937dbe670959dd4b66cefbdd9c7f72239b4582bf7189b960ef8f0e0d45e5f14bb5a37ead129f23dec4df86c08cdbbf68e55a03e1d43f6d05d91acc25ac42fccea6c8541ab98bf3012b8df665afc2f2bdd226f2f29cfe68cd25f634bc8a13ac6d0de8e71e291cefc0da83e440264768ee8beb7f8ad997c1535770ad7c5a1f4b50c15d92730,gx-no-cache=1516371964682 HTTP/1.1" 200 30
186.79.49.40 - - [19/Jan/2018:11:26:45 -0300] "POST /cormun/servlet/solicitudot?gx-no-cache=1516371964755 HTTP/1.1" 200 30
186.79.49.40 - - [19/Jan/2018:11:26:45 -0300] "POST /cormun/servlet/solicitudot?gx-no-cache=1516371964843 HTTP/1.1" 200 1356
186.79.49.40 - - [19/Jan/2018:11:26:45 -0300] "POST /cormun/servlet/solicitudot?gx-no-cache=1516371964950 HTTP/1.1" 200 38
186.67.172.234 - - [19/Jan/2018:11:26:46 -0300] "GET /cormun/servlet/solicitudot?INS,0,0, HTTP/1.1" 200 13641
186.67.172.234 - - [19/Jan/2018:11:26:47 -0300] "GET /cormun/servlet/solicitudot?INS,0,0, HTTP/1.1" 200 13646
186.67.172.234 - - [19/Jan/2018:11:27:05 -0300] "POST /cormun/servlet/solicitudot?gx-no-cache=1516371979962 HTTP/1.1" 200 3348
186.67.172.234 - - [19/Jan/2018:11:27:05 -0300] "POST /cormun/servlet/solicitudot?df0996e2f95e51665c4c6e638e51c3a3,INS,0,0,,gx-no-cache=1516371980154 HTTP/1.1" 200 10514
186.67.172.234 - - [19/Jan/2018:11:27:07 -0300] "GET /cormun/servlet/solicitudot?1814bf44089e952f87b3e3ac8fb43336393aeefaec0497be3148eca6521efdda2f26bb7e459b8179d8f926b3e1f71936,gx-no-cache=1516371982262 HTTP/1.1" 200 30
186.67.172.234 - - [19/Jan/2018:11:27:07 -0300] "GET /cormun/servlet/solicitudot?1814bf44089e952f87b3e3ac8fb43336226022a3e27471c442ce16cf6882bd24,gx-no-cache=1516371982349 HTTP/1.1" 200 51
186.67.172.234 - - [19/Jan/2018:11:27:07 -0300] "POST /cormun/servlet/solicitudot?gx-no-cache=1516371982383 HTTP/1.1" 200 255
186.67.172.234 - - [19/Jan/2018:11:27:07 -0300] "GET /cormun/servlet/solicitudot?1814bf44089e952f87b3e3ac8fb4333624af8593c9e3cd541f6df714d5001be4f944e3aa2ed4a0ffb3554d1a074e8a019fb44ed602f617a963cf4c6bbf92dd72d5062c8398f8dd5d8e01c6a422bf7dc449dc0ddd645ad30ca20ce9084144afe5b87116f55baf538343772ea74e0e534c6ab136e72c5214028a26df6ea23dd3c8aad4c86b1b26848f4eecb072638369a5104148b52b1405982d8c0320a5ee99403895ded811177835f39d996a7e48460d21c3f3abe24d45fbc69588e1040aae1e7175ac837ea36db7841867752034dc545f3a317cd088297cf45462fca894e86ef1742626b6ed81402fec106720341064173234a1410cf290950c744865c5be583a2a8276532102b7dcaecf8f3f10b62fa954d127d897c2c539fdca823f649a3ce57f333db10c589a8aa2ad59eaae74ac0df6199229c11e52b8bdf65cb3aa8334ed0165687d30f63c21d27cbd101b813cfede7560218d1d2563d5fcf8b39d0683918e4b6fffe2f12b084cc3de4ccb517a8032c3481f4f06652831ef632defe16a,gx-no-cache=1516371982429 HTTP/1.1" 200 30
186.67.172.234 - - [19/Jan/2018:11:27:20 -0300] "POST /cormun/servlet/solicitudot?gx-no-cache=1516371995126 HTTP/1.1" 200 30
186.67.172.234 - - [19/Jan/2018:11:27:22 -0300] "GET /cormun/servlet/prcontratosol?9756929,,,,,MD,,gxPopupLevel%3D0%3B HTTP/1.1" 200 8016
186.79.49.40 - - [19/Jan/2018:11:27:27 -0300] "POST /cormun/servlet/solicitudot?e1e4d1062752339fd8a76437a2349117,INS,0,0,,gx-no-cache=1516372005896 HTTP/1.1" 200 93
186.79.49.40 - - [19/Jan/2018:11:27:27 -0300] "GET /cormun/servlet/hpexe_return? HTTP/1.1" 200 1003
186.79.49.40 - - [19/Jan/2018:11:27:27 -0300] "GET /cormun/servlet/trsolicitudot HTTP/1.1" 200 7362
186.79.49.40 - - [19/Jan/2018:11:27:27 -0300] "GET /cormun/servlet/trsolicitudot HTTP/1.1" 200 7359
186.79.49.40 - - [19/Jan/2018:11:27:38 -0300] "GET /cormun/servlet/solicitudot?INS,0,0, HTTP/1.1" 200 13529
186.79.49.40 - - [19/Jan/2018:11:27:38 -0300] "GET /cormun/servlet/solicitudot?INS,0,0, HTTP/1.1" 200 13534
186.67.172.234 - - [19/Jan/2018:11:27:47 -0300] "POST /cormun/servlet/solicitudot?gx-no-cache=1516372022191 HTTP/1.1" 200 1357
186.67.172.234 - - [19/Jan/2018:11:27:47 -0300] "POST /cormun/servlet/solicitudot?gx-no-cache=1516372022353 HTTP/1.1" 200 38
186.67.172.234 - - [19/Jan/2018:11:27:47 -0300] "GET /cormun/servlet/solicitudot?1814bf44089e952f87b3e3ac8fb433363e4364a0ef5bc7dece27bcfdfd28d2959896fe4db06e7219cbdf831f7d8bf8f9e9200bcb04f304df1a9afa42eb5f238cce2fe84326549501d98b6cba8c1f25cf26af546b4c5e821f513cc5a31c4bef2795f690669b806f19596fb6b1811830837a7f30aa4d29b569516c0d431775e3e8a8714f8d27f23d54e108ec25e5c525b70e89e8ecb36a1eac6eb22f8b2acd9344c06940ccdf93dcbe7879eca151db00285963f488e2e62535ac436c549cc3719915ffab8c23e59d3446a31a9aec11cdfe,gx-no-cache=1516372022433 HTTP/1.1" 200 29
186.67.172.234 - - [19/Jan/2018:11:27:48 -0300] "POST /cormun/servlet/solicitudot?gx-no-cache=1516372022488 HTTP/1.1" 200 1340
186.67.172.234 - - [19/Jan/2018:11:27:48 -0300] "POST /cormun/servlet/solicitudot?gx-no-cache=1516372022564 HTTP/1.1" 200 1220
186.67.172.234 - - [19/Jan/2018:11:27:48 -0300] "GET /cormun/servlet/solicitudot?1814bf44089e952f87b3e3ac8fb43336586e2de6de6e86504c327ff460cb6deed4031aaaf0cbd6b54c094808ae59d2a2,gx-no-cache=1516372022625 HTTP/1.1" 200 134
186.67.172.234 - - [19/Jan/2018:11:27:48 -0300] "GET /cormun/static/Shared/jqueryui/images/ui-bg_highlight-soft_100_c6c2c8_1x100.png HTTP/1.1" 404 1117
186.67.172.234 - - [19/Jan/2018:11:27:48 -0300] "GET /cormun/static/Shared/jqueryui/images/ui-icons_82798d_256x240.png HTTP/1.1" 404 1089
186.67.172.234 - - [19/Jan/2018:11:27:48 -0300] "GET /cormun/static/Shared/jqueryui/images/ui-icons_ebccce_256x240.png HTTP/1.1" 404 1089
186.67.172.234 - - [19/Jan/2018:11:27:48 -0300] "GET /cormun/static/Shared/jqueryui/images/ui-bg_flat_55_994d53_40x100.png HTTP/1.1" 404 1097
186.79.49.40 - - [19/Jan/2018:11:27:49 -0300] "POST /cormun/servlet/solicitudot?gx-no-cache=1516372028536 HTTP/1.1" 200 3328
186.79.49.40 - - [19/Jan/2018:11:27:49 -0300] "GET /cormun/static/Shared/jqueryui/images/ui-bg_highlight-soft_100_c6c2c8_1x100.png HTTP/1.1" 404 1117
186.79.49.40 - - [19/Jan/2018:11:27:49 -0300] "GET /cormun/servlet/solicitudot?5475e5401b4d54403a19ab199b4b9784b4c1fe2e210afed12d7da108f9761e73,gx-no-cache=1516372028871 HTTP/1.1" 200 111
186.79.49.40 - - [19/Jan/2018:11:27:49 -0300] "GET /cormun/static/Shared/jqueryui/images/ui-icons_82798d_256x240.png HTTP/1.1" 404 1089
186.79.49.40 - - [19/Jan/2018:11:27:49 -0300] "GET /cormun/static/Shared/jqueryui/images/ui-bg_flat_55_994d53_40x100.png HTTP/1.1" 404 1097
186.79.49.40 - - [19/Jan/2018:11:27:49 -0300] "GET /cormun/static/Shared/jqueryui/images/ui-icons_ebccce_256x240.png HTTP/1.1" 404 1089
186.79.49.40 - - [19/Jan/2018:11:27:49 -0300] "GET /cormun/servlet/solicitudot?5475e5401b4d54403a19ab199b4b978489023ecb8488a4f8033e0a09fa6310b0,gx-no-cache=1516372028960 HTTP/1.1" 200 29
186.67.172.234 - - [19/Jan/2018:11:27:54 -0300] "GET /cormun/servlet/solicitudot?1814bf44089e952f87b3e3ac8fb433363e4364a0ef5bc7dece27bcfdfd28d2959896fe4db06e7219cbdf831f7d8bf8f9817c3b5385c6374137c9aa619ac9b860ce2fe84326549501d98b6cba8c1f25cf26af546b4c5e821f513cc5a31c4bef2795f690669b806f19596fb6b1811830837a7f30aa4d29b569516c0d431775e3e8a8714f8d27f23d54e108ec25e5c525b70e89e8ecb36a1eac6eb22f8b2acd9344c06940ccdf93dcbe7879eca151db00285963f488e2e62535ac436c549cc3719915ffab8c23e59d3446a31a9aec11cdfe,gx-no-cache=1516372028934 HTTP/1.1" 200 29
186.67.172.234 - - [19/Jan/2018:11:27:56 -0300] "POST /cormun/servlet/solicitudot?gx-no-cache=1516372030583 HTTP/1.1" 200 1340
186.67.172.234 - - [19/Jan/2018:11:27:56 -0300] "POST /cormun/servlet/solicitudot?gx-no-cache=1516372030679 HTTP/1.1" 200 1220
186.67.172.234 - - [19/Jan/2018:11:27:56 -0300] "GET /cormun/static/menuarrow.gif HTTP/1.1" 404 1015
186.79.49.40 - - [19/Jan/2018:11:27:57 -0300] "GET /cormun/servlet/solicitudot?5475e5401b4d54403a19ab199b4b978404453157ceda102177d17c9cff5082004f0cdb49e8e2f67c1a851ee64a20aec39b0066b90867a0a12de865ff0001038aa76c96ddb0fd0eb05f793262ef255fe8282dbe97481a96eec6d2bbaffdab9d3f575238c80c54eb4b673d9b18bc6834085755a18ec0b3db67bdead83e5569a4e64c1a9756e0bc89b59783eeaa7e51ddb982896822a601c75dc7a7942bb070b3652e4948350d07e7dd49826c34960733c98a88176ba0c68ed7b571a31dfa13116409594eebe984746334b0adbd0e402271aed0992891cdb85df395b0221bc77c23d14108d4e9f2e4e650d0bfda9b5172f5e650b68eb6c3c6d49da31280a9d8a0d96ce5fc7a386edd4b61c9c23b452b4c730bc7f477b3614b734366ed7869adf02b415f931c78c90c20e4c6aa09c8f8525752e1d576898bbd3c2fc13b6d00970ef9087e0b279db355044eb34b56049336e0,gx-no-cache=1516372036791 HTTP/1.1" 200 256
186.67.172.234 - - [19/Jan/2018:11:27:57 -0300] "POST /cormun/servlet/solicitudot?gx-no-cache=1516372032392 HTTP/1.1" 200 1340
186.67.172.234 - - [19/Jan/2018:11:27:58 -0300] "POST /cormun/servlet/solicitudot?gx-no-cache=1516372032455 HTTP/1.1" 200 1220
186.79.49.40 - - [19/Jan/2018:11:28:09 -0300] "GET /cormun/servlet/solicitudot?5475e5401b4d54403a19ab199b4b9784b6d24c39675cc3340c5fab249d429fa8f0292992f0c83c3db083154db8cd308f840f51b210e4f28775e1fd92dbbaa973eb925c9c613cb42f386b3fbc4c73b1e25246fdb29e4e6338c0004d3d7b4e746202bf154ffdf5b0885aacaf4dd1cab29e6b4be0d91ba5a40c0ed06e88c0138f7c6f95c5f731cd6244c1befdbbeed3679b4cd884f8bbc2c6631c12393d83266ad66fe41c01e87840e347ce26bd75e0352447ecd294c08c068daef167a3f65f1ddf2b18acec915012426d2f8757ac21a82722b0492c309cfe43b6f572292f50f85c1c80724b80340cb0706ea4f8b1175b30bb5a82aff9fc51d8f531e8791734a746959dd4b66cefbdd9c7f72239b4582bf7558dfb725b8721aaa198ca060460f168a9a2065c8a3253b0b23d9540425137919e1820501992062f9a3955974a6998a8a33c9dcd041abd9bb1d1077f3faea616c64bae5654f572a71a381d5489f3f1af9844e3e11ab994e7b407e738060beee758a326ca269c4914f41b430a89c30cf1,gx-no-cache=1516372048960 HTTP/1.1" 200 30
186.67.172.234 - - [19/Jan/2018:11:28:12 -0300] "GET /cormun/servlet/solicitudot?1814bf44089e952f87b3e3ac8fb43336e2145fadc6f7a04f5c7b6e78e484ccb2d4031aaaf0cbd6b54c094808ae59d2a2,gx-no-cache=1516372046581 HTTP/1.1" 200 30
186.79.49.40 - - [19/Jan/2018:11:28:18 -0300] "GET /cormun/servlet/trsolicitudot HTTP/1.1" 200 7362
186.79.49.40 - - [19/Jan/2018:11:28:19 -0300] "GET /cormun/servlet/trsolicitudot HTTP/1.1" 200 7359
186.79.49.40 - - [19/Jan/2018:11:28:24 -0300] "GET /cormun/servlet/solicitudot?INS,0,0, HTTP/1.1" 200 13529
186.79.49.40 - - [19/Jan/2018:11:28:24 -0300] "GET /cormun/servlet/solicitudot?INS,0,0, HTTP/1.1" 200 13534
186.79.49.40 - - [19/Jan/2018:11:28:41 -0300] "POST /cormun/servlet/solicitudot?gx-no-cache=1516372080416 HTTP/1.1" 200 3328
186.79.49.40 - - [19/Jan/2018:11:28:41 -0300] "GET /cormun/static/Shared/jqueryui/images/ui-bg_highlight-soft_100_c6c2c8_1x100.png HTTP/1.1" 404 1117
186.79.49.40 - - [19/Jan/2018:11:28:41 -0300] "GET /cormun/servlet/solicitudot?5475e5401b4d54403a19ab199b4b9784b4c1fe2e210afed12d7da108f9761e73,gx-no-cache=1516372081021 HTTP/1.1" 200 111
186.79.49.40 - - [19/Jan/2018:11:28:41 -0300] "GET /cormun/static/Shared/jqueryui/images/ui-icons_82798d_256x240.png HTTP/1.1" 404 1089
186.79.49.40 - - [19/Jan/2018:11:28:42 -0300] "GET /cormun/static/Shared/jqueryui/images/ui-bg_flat_55_994d53_40x100.png HTTP/1.1" 404 1097
186.79.49.40 - - [19/Jan/2018:11:28:42 -0300] "GET /cormun/static/Shared/jqueryui/images/ui-icons_ebccce_256x240.png HTTP/1.1" 404 1089
186.67.172.234 - - [19/Jan/2018:11:28:57 -0300] "POST /cormun/servlet/solicitudot?gx-no-cache=1516372092358 HTTP/1.1" 200 33
