186.79.16.98 - - [19/Jan/2018:11:38:37 -0300] "GET /cormun/servlet/solicitudotcontratos?89be22a2a932f3f16d50f87ff2c3ce2df50e644d82ae9d29667ba6d7b87e7ed12852b44dc33a7680477334843f5c03f60556a966c8737f0035f76912c4b2d182860c8b5634a9c6ea190ec385de0deb0f0a372925ee335dc9464f868d63f293b261adf9873a8724344717264a90ed1bf1123656e54dc557a097d29d166d219c12,gx-no-cache=1516372775614 HTTP/1.1" 200 30
186.67.172.234 - - [19/Jan/2018:11:38:38 -0300] "GET /cormun/servlet/prcontratosol?7755565,,,,,MD,,gxPopupLevel%3D0%3B HTTP/1.1" 200 7517
186.79.16.98 - - [19/Jan/2018:11:38:38 -0300] "POST /cormun/servlet/solicitudotcontratos?359c0ac1ac22bf2f67301fa7776ae135,INS,2018,0,8298048,2,6,2017,2991,LEY+SEP,201712,1,B,,gx-no-cache=1516372775720 HTTP/1.1" 200 93
186.79.16.98 - - [19/Jan/2018:11:38:38 -0300] "GET /cormun/servlet/hpexe_return? HTTP/1.1" 200 1053
186.79.16.98 - - [19/Jan/2018:11:38:39 -0300] "GET /cormun/servlet/trcontratosolicitud HTTP/1.1" 200 14829
186.67.172.234 - - [19/Jan/2018:11:38:40 -0300] "POST /cormun/servlet/solicitudot?gx-no-cache=1516372675266 HTTP/1.1" 200 1358
186.67.172.234 - - [19/Jan/2018:11:38:40 -0300] "POST /cormun/servlet/solicitudot?gx-no-cache=1516372675312 HTTP/1.1" 200 38
186.67.172.234 - - [19/Jan/2018:11:38:40 -0300] "GET /cormun/servlet/solicitudot?1814bf44089e952f87b3e3ac8fb433363e4364a0ef5bc7dece27bcfdfd28d2959896fe4db06e7219cbdf831f7d8bf8f9e9200bcb04f304df1a9afa42eb5f238cce2fe84326549501d98b6cba8c1f25cf26af546b4c5e821f513cc5a31c4bef2795f690669b806f19596fb6b1811830837a7f30aa4d29b569516c0d431775e3e8a8714f8d27f23d54e108ec25e5c525b70e89e8ecb36a1eac6eb22f8b2acd9344c06940ccdf93dcbe7879eca151db00285963f488e2e62535ac436c549cc3719915ffab8c23e59d3446a31a9aec11cdfe,gx-no-cache=1516372675342 HTTP/1.1" 200 29
186.67.172.234 - - [19/Jan/2018:11:38:40 -0300] "POST /cormun/servlet/solicitudot?gx-no-cache=1516372675369 HTTP/1.1" 200 1340
186.67.172.234 - - [19/Jan/2018:11:38:40 -0300] "POST /cormun/servlet/solicitudot?gx-no-cache=1516372675416 HTTP/1.1" 200 1220
186.67.172.234 - - [19/Jan/2018:11:38:41 -0300] "GET /cormun/servlet/solicitudot?1814bf44089e952f87b3e3ac8fb43336586e2de6de6e86504c327ff460cb6deed4031aaaf0cbd6b54c094808ae59d2a2,gx-no-cache=1516372675459 HTTP/1.1" 200 134
186.67.172.234 - - [19/Jan/2018:11:38:41 -0300] "GET /cormun/static/Shared/jqueryui/images/ui-bg_highlight-soft_100_c6c2c8_1x100.png HTTP/1.1" 404 1117
186.67.172.234 - - [19/Jan/2018:11:38:41 -0300] "GET /cormun/static/Shared/jqueryui/images/ui-icons_82798d_256x240.png HTTP/1.1" 404 1089
186.67.172.234 - - [19/Jan/2018:11:38:41 -0300] "GET /cormun/static/Shared/jqueryui/images/ui-icons_ebccce_256x240.png HTTP/1.1" 404 1089
186.67.172.234 - - [19/Jan/2018:11:38:41 -0300] "GET /cormun/static/Shared/jqueryui/images/ui-bg_flat_55_994d53_40x100.png HTTP/1.1" 404 1097
186.79.49.40 - - [19/Jan/2018:11:38:46 -0300] "POST /cormun/servlet/solicitudot?e1e4d1062752339fd8a76437a2349117,INS,0,0,,gx-no-cache=1516372685043 HTTP/1.1" 200 93
186.79.49.40 - - [19/Jan/2018:11:38:46 -0300] "GET /cormun/servlet/hpexe_return? HTTP/1.1" 200 1003
186.79.49.40 - - [19/Jan/2018:11:38:46 -0300] "GET /cormun/servlet/trsolicitudot HTTP/1.1" 200 7362
186.79.49.40 - - [19/Jan/2018:11:38:46 -0300] "GET /cormun/servlet/trsolicitudot HTTP/1.1" 200 7359
186.67.172.234 - - [19/Jan/2018:11:38:56 -0300] "GET /cormun/servlet/solicitudot?1814bf44089e952f87b3e3ac8fb433363e4364a0ef5bc7dece27bcfdfd28d2959896fe4db06e7219cbdf831f7d8bf8f9817c3b5385c6374137c9aa619ac9b860ce2fe84326549501d98b6cba8c1f25cf26af546b4c5e821f513cc5a31c4bef2795f690669b806f19596fb6b1811830837a7f30aa4d29b569516c0d431775e3e8a8714f8d27f23d54e108ec25e5c525b70e89e8ecb36a1eac6eb22f8b2acd9344c06940ccdf93dcbe7879eca151db00285963f488e2e62535ac436c549cc3719915ffab8c23e59d3446a31a9aec11cdfe,gx-no-cache=1516372691084 HTTP/1.1" 200 29
186.79.49.40 - - [19/Jan/2018:11:39:02 -0300] "GET /cormun/servlet/trcontratosolicitud? HTTP/1.1" 200 14635
186.79.49.40 - - [19/Jan/2018:11:39:03 -0300] "GET /cormun/servlet/trcontratosolicitud? HTTP/1.1" 200 14650
186.79.49.40 - - [19/Jan/2018:11:39:22 -0300] "GET /cormun/servlet/trsolicitudot? HTTP/1.1" 200 7359
186.79.49.40 - - [19/Jan/2018:11:39:23 -0300] "GET /cormun/servlet/trsolicitudot? HTTP/1.1" 200 7359
186.79.16.98 - - [19/Jan/2018:11:39:24 -0300] "POST /cormun/servlet/trcontratosolicitud?359c0ac1ac22bf2f67301fa7776ae135,gx-no-cache=1516372821243 HTTP/1.1" 200 4915
186.67.172.234 - - [19/Jan/2018:11:39:30 -0300] "POST /cormun/servlet/solicitudot?gx-no-cache=1516372724472 HTTP/1.1" 200 1340
186.67.172.234 - - [19/Jan/2018:11:39:30 -0300] "POST /cormun/servlet/solicitudot?gx-no-cache=1516372724550 HTTP/1.1" 200 1220
186.67.172.234 - - [19/Jan/2018:11:39:30 -0300] "GET /cormun/servlet/solicitudot?1814bf44089e952f87b3e3ac8fb43336e2145fadc6f7a04f5c7b6e78e484ccb2d4031aaaf0cbd6b54c094808ae59d2a2,gx-no-cache=1516372724590 HTTP/1.1" 200 30
186.79.49.40 - - [19/Jan/2018:11:39:33 -0300] "POST /cormun/servlet/trsolicitudot?e1e4d1062752339fd8a76437a2349117,,gx-no-cache=1516372731993 HTTP/1.1" 200 4484
186.67.172.234 - - [19/Jan/2018:11:39:35 -0300] "POST /cormun/servlet/solicitudot?gx-no-cache=1516372729367 HTTP/1.1" 200 33
192.168.10.50 - - [19/Jan/2018:11:39:35 -0300] "GET /cormun/servlet/trsolicitudgral? HTTP/1.1" 200 27565
192.168.10.50 - - [19/Jan/2018:11:39:40 -0300] "GET /cormun/servlet/trsolicitudgral? HTTP/1.1" 200 27565
186.79.49.40 - - [19/Jan/2018:11:39:45 -0300] "GET /cormun/servlet/solicitudot?INS,0,0, HTTP/1.1" 200 13530
186.79.49.40 - - [19/Jan/2018:11:39:46 -0300] "GET /cormun/servlet/solicitudot?INS,0,0, HTTP/1.1" 200 13535
192.168.10.50 - - [19/Jan/2018:11:39:53 -0300] "GET /cormun/servlet/trsolicitudgral? HTTP/1.1" 200 27565
186.79.49.40 - - [19/Jan/2018:11:40:13 -0300] "GET /cormun/servlet/prfichaempleado?,MD,,gxPopupLevel%3D0%3B HTTP/1.1" 200 9239
186.79.49.40 - - [19/Jan/2018:11:40:27 -0300] "POST /cormun/servlet/prfichaempleado?e1e4d1062752339fd8a76437a2349117,,MD,,gxPopupLevel%3D0%3B,gx-no-cache=1516372786399 HTTP/1.1" 200 3422
186.79.16.98 - - [19/Jan/2018:11:40:33 -0300] "GET /cormun/servlet/trautorizarsolicitud? HTTP/1.1" 200 7240
186.79.16.98 - - [19/Jan/2018:11:40:33 -0300] "GET /cormun/static/gxui/gxui-all.css?120300 HTTP/1.1" 200 2179
186.79.16.98 - - [19/Jan/2018:11:40:33 -0300] "GET /cormun/static/gxcfg.js?2017111423403364 HTTP/1.1" 200 953
186.79.16.98 - - [19/Jan/2018:11:40:33 -0300] "GET /cormun/static/Resources/PXToolsActionExcel.png HTTP/1.1" 200 3187
186.79.16.98 - - [19/Jan/2018:11:40:33 -0300] "GET /cormun/static/trautorizarsolicitud.js?201711142340425 HTTP/1.1" 200 53910
186.79.16.98 - - [19/Jan/2018:11:40:34 -0300] "GET /cormun/static/Shared/ext/resources/css/ext-all.css?215870 HTTP/1.1" 200 416045
186.79.49.40 - - [19/Jan/2018:11:40:43 -0300] "POST /cormun/servlet/prfichaempleado?e1e4d1062752339fd8a76437a2349117,,MD,,gxPopupLevel%3D0%3B,gx-no-cache=1516372802494 HTTP/1.1" 200 3422
186.79.16.98 - - [19/Jan/2018:11:40:44 -0300] "GET /cormun/static/menuarrow.gif HTTP/1.1" 404 1015
186.79.16.98 - - [19/Jan/2018:11:41:09 -0300] "POST /cormun/servlet/trautorizarsolicitud?359c0ac1ac22bf2f67301fa7776ae135,,gx-no-cache=1516372926542 HTTP/1.1" 200 5802
186.79.16.98 - - [19/Jan/2018:11:41:09 -0300] "GET /cormun//static/Resources/PXToolsRemoveAllAction.png HTTP/1.1" 200 3558
186.79.16.98 - - [19/Jan/2018:11:41:09 -0300] "GET /cormun//static/Resources/PXToolsGridDelete.png HTTP/1.1" 200 357
186.79.16.98 - - [19/Jan/2018:11:41:09 -0300] "GET /cormun//static/Resources/PXToolsGridUpdate.png HTTP/1.1" 200 2984
186.79.16.98 - - [19/Jan/2018:11:41:09 -0300] "GET /cormun//static/Resources/PXToolsActionView.png HTTP/1.1" 200 2995
186.79.16.98 - - [19/Jan/2018:11:41:09 -0300] "GET /cormun//static/Resources/PXTools/ActionInsert.png HTTP/1.1" 200 1482
186.79.16.98 - - [19/Jan/2018:11:41:37 -0300] "POST /cormun/servlet/trautorizarsolicitud?359c0ac1ac22bf2f67301fa7776ae135,,gx-no-cache=1516372954946 HTTP/1.1" 200 5814
186.79.16.98 - - [19/Jan/2018:11:41:38 -0300] "GET /cormun/static/Shared/jqueryui/images/ui-bg_highlight-soft_100_c6c2c8_1x100.png HTTP/1.1" 404 1117
186.79.16.98 - - [19/Jan/2018:11:41:38 -0300] "GET /cormun/static/Shared/jqueryui/images/ui-icons_82798d_256x240.png HTTP/1.1" 404 1089
186.79.16.98 - - [19/Jan/2018:11:41:39 -0300] "GET /cormun/static/Shared/jqueryui/images/ui-bg_flat_55_fafafa_40x100.png HTTP/1.1" 404 1097
186.79.16.98 - - [19/Jan/2018:11:41:39 -0300] "GET /cormun/static/Shared/jqueryui/images/ui-icons_8d78a5_256x240.png HTTP/1.1" 404 1089
186.67.172.234 - - [19/Jan/2018:11:41:53 -0300] "POST /cormun/servlet/solicitudot?df0996e2f95e51665c4c6e638e51c3a3,INS,0,0,,gx-no-cache=1516372867703 HTTP/1.1" 200 93
186.67.172.234 - - [19/Jan/2018:11:41:53 -0300] "GET /cormun/servlet/hpexe_return? HTTP/1.1" 200 1006
186.67.172.234 - - [19/Jan/2018:11:41:53 -0300] "GET /cormun/servlet/trsolicitudot HTTP/1.1" 200 12364
186.67.172.234 - - [19/Jan/2018:11:41:54 -0300] "GET /cormun/servlet/trsolicitudot HTTP/1.1" 200 12359
186.79.16.98 - - [19/Jan/2018:11:41:57 -0300] "GET /cormun/servlet/trautorizarsolicitud? HTTP/1.1" 200 8629
186.79.16.98 - - [19/Jan/2018:11:42:06 -0300] "POST /cormun/servlet/trautorizarsolicitud?359c0ac1ac22bf2f67301fa7776ae135,,gx-no-cache=1516372983923 HTTP/1.1" 200 5808
186.79.16.98 - - [19/Jan/2018:11:42:07 -0300] "GET /cormun/static/Shared/jqueryui/images/ui-icons_8d78a5_256x240.png HTTP/1.1" 404 1089
186.79.16.98 - - [19/Jan/2018:11:42:07 -0300] "GET /cormun/static/Shared/jqueryui/images/ui-icons_82798d_256x240.png HTTP/1.1" 404 1089
186.79.16.98 - - [19/Jan/2018:11:42:07 -0300] "GET /cormun/static/Shared/jqueryui/images/ui-bg_highlight-soft_100_c6c2c8_1x100.png HTTP/1.1" 404 1117
186.79.16.98 - - [19/Jan/2018:11:42:07 -0300] "GET /cormun/static/Shared/jqueryui/images/ui-bg_flat_55_fafafa_40x100.png HTTP/1.1" 404 1097
186.67.172.234 - - [19/Jan/2018:11:42:14 -0300] "GET /cormun/servlet/solicitudot?INS,0,0, HTTP/1.1" 200 13641
186.67.172.234 - - [19/Jan/2018:11:42:15 -0300] "GET /cormun/servlet/solicitudot?INS,0,0, HTTP/1.1" 200 13646
186.79.16.98 - - [19/Jan/2018:11:42:23 -0300] "GET /cormun/servlet/trcontratosolicitud? HTTP/1.1" 200 7397
186.79.16.98 - - [19/Jan/2018:11:42:35 -0300] "GET /cormun/servlet/trsolicitudot? HTTP/1.1" 200 10664
186.79.16.98 - - [19/Jan/2018:11:42:35 -0300] "GET /cormun/static/gxcfg.js?2017111422585916 HTTP/1.1" 200 953
186.79.16.98 - - [19/Jan/2018:11:42:35 -0300] "GET /cormun/static/Resources/PXToolsGridNew.png HTTP/1.1" 200 2949
186.79.16.98 - - [19/Jan/2018:11:42:35 -0300] "GET /cormun/static/trsolicitudot.js?201711142259839 HTTP/1.1" 200 54041
186.79.49.40 - - [19/Jan/2018:11:42:58 -0300] "GET /cormun/servlet/trfichaempleado? HTTP/1.1" 200 14517
186.79.16.98 - - [19/Jan/2018:11:43:00 -0300] "GET /cormun/servlet/solicitudot?INS,0,0, HTTP/1.1" 200 13549
186.79.16.98 - - [19/Jan/2018:11:43:00 -0300] "GET /cormun/static/gxcfg.js?2018116953175 HTTP/1.1" 200 953
186.79.16.98 - - [19/Jan/2018:11:43:00 -0300] "GET /cormun/static/solicitudot.js?20181169531946 HTTP/1.1" 200 72311
186.67.172.234 - - [19/Jan/2018:11:43:29 -0300] "POST /cormun/servlet/solicitudot?gx-no-cache=1516372963656 HTTP/1.1" 200 3358
186.67.172.234 - - [19/Jan/2018:11:43:29 -0300] "POST /cormun/servlet/solicitudot?df0996e2f95e51665c4c6e638e51c3a3,INS,0,0,,gx-no-cache=1516372963917 HTTP/1.1" 200 10526
186.67.172.234 - - [19/Jan/2018:11:43:34 -0300] "GET /cormun/servlet/solicitudot?1814bf44089e952f87b3e3ac8fb4333602b784010f7ad2feeb63f9d065015ee42f26bb7e459b8179d8f926b3e1f71936,gx-no-cache=1516372969308 HTTP/1.1" 200 30
186.67.172.234 - - [19/Jan/2018:11:43:35 -0300] "GET /cormun/servlet/solicitudot?1814bf44089e952f87b3e3ac8fb43336226022a3e27471c442ce16cf6882bd24,gx-no-cache=1516372969412 HTTP/1.1" 200 51
186.67.172.234 - - [19/Jan/2018:11:43:35 -0300] "POST /cormun/servlet/solicitudot?gx-no-cache=1516372969505 HTTP/1.1" 200 255
186.67.172.234 - - [19/Jan/2018:11:43:35 -0300] "GET /cormun/servlet/solicitudot?1814bf44089e952f87b3e3ac8fb4333624af8593c9e3cd541f6df714d5001be4f944e3aa2ed4a0ffb3554d1a074e8a019fb44ed602f617a963cf4c6bbf92dd72d5062c8398f8dd5d8e01c6a422bf7dc449dc0ddd645ad30ca20ce9084144afe5b87116f55baf538343772ea74e0e534c6ab136e72c5214028a26df6ea23dd3c8aad4c86b1b26848f4eecb072638369a5104148b52b1405982d8c0320a5ee99403895ded811177835f39d996a7e48460d21c3f3abe24d45fbc69588e1040aae1e7175ac837ea36db7841867752034dc545f3a317cd088297cf45462fca894e86ef1742626b6ed81402fec106720341064173234a1410cf290950c744865c5be583a2a8276532102b7dcaecf8f3f10b62fa954d127d897c2c539fdca823f649a3ce57f333db10c589a8aa2ad59eaae74ac0df6199229c11e52b8bdf65cb3aa8334ed0165687d30f63c21d27cbd101b813cfede7560218d1d2563d5fcf8b39d0683918e4b6fffe2f12b084cc3de4ccb517a8032c3481f4f06652831ef632defe16a,gx-no-cache=1516372969984 HTTP/1.1" 200 30
186.67.172.234 - - [19/Jan/2018:11:43:37 -0300] "POST /cormun/servlet/solicitudot?gx-no-cache=1516372971690 HTTP/1.1" 200 30
186.67.172.234 - - [19/Jan/2018:11:43:39 -0300] "GET /cormun/servlet/prcontratosol?6657028,,,,,MD,,gxPopupLevel%3D0%3B HTTP/1.1" 200 7516
186.67.172.234 - - [19/Jan/2018:11:43:45 -0300] "POST /cormun/servlet/solicitudot?gx-no-cache=1516372980000 HTTP/1.1" 200 1358
186.67.172.234 - - [19/Jan/2018:11:43:45 -0300] "POST /cormun/servlet/solicitudot?gx-no-cache=1516372980058 HTTP/1.1" 200 38
186.67.172.234 - - [19/Jan/2018:11:43:45 -0300] "GET /cormun/servlet/solicitudot?1814bf44089e952f87b3e3ac8fb433363e4364a0ef5bc7dece27bcfdfd28d2959896fe4db06e7219cbdf831f7d8bf8f9e9200bcb04f304df1a9afa42eb5f238cce2fe84326549501d98b6cba8c1f25cf26af546b4c5e821f513cc5a31c4bef2795f690669b806f19596fb6b1811830837a7f30aa4d29b569516c0d431775e3e8a8714f8d27f23d54e108ec25e5c525b70e89e8ecb36a1eac6eb22f8b2acd9344c06940ccdf93dcbe7879eca151db00285963f488e2e62535ac436c549cc3719915ffab8c23e59d3446a31a9aec11cdfe,gx-no-cache=1516372980089 HTTP/1.1" 200 29
186.67.172.234 - - [19/Jan/2018:11:43:45 -0300] "POST /cormun/servlet/solicitudot?gx-no-cache=1516372980117 HTTP/1.1" 200 1340
186.67.172.234 - - [19/Jan/2018:11:43:45 -0300] "POST /cormun/servlet/solicitudot?gx-no-cache=1516372980172 HTTP/1.1" 200 1220
186.67.172.234 - - [19/Jan/2018:11:43:45 -0300] "GET /cormun/servlet/solicitudot?1814bf44089e952f87b3e3ac8fb43336586e2de6de6e86504c327ff460cb6deed4031aaaf0cbd6b54c094808ae59d2a2,gx-no-cache=1516372980215 HTTP/1.1" 200 134
186.67.172.234 - - [19/Jan/2018:11:43:45 -0300] "GET /cormun/static/Shared/jqueryui/images/ui-bg_highlight-soft_100_c6c2c8_1x100.png HTTP/1.1" 404 1117
186.67.172.234 - - [19/Jan/2018:11:43:45 -0300] "GET /cormun/static/Shared/jqueryui/images/ui-icons_82798d_256x240.png HTTP/1.1" 404 1089
186.67.172.234 - - [19/Jan/2018:11:43:45 -0300] "GET /cormun/static/Shared/jqueryui/images/ui-icons_ebccce_256x240.png HTTP/1.1" 404 1089
186.67.172.234 - - [19/Jan/2018:11:43:45 -0300] "GET /cormun/static/Shared/jqueryui/images/ui-bg_flat_55_994d53_40x100.png HTTP/1.1" 404 1097
186.67.172.234 - - [19/Jan/2018:11:43:55 -0300] "GET /cormun/servlet/solicitudot?1814bf44089e952f87b3e3ac8fb433363e4364a0ef5bc7dece27bcfdfd28d2959896fe4db06e7219cbdf831f7d8bf8f9817c3b5385c6374137c9aa619ac9b860ce2fe84326549501d98b6cba8c1f25cf26af546b4c5e821f513cc5a31c4bef2795f690669b806f19596fb6b1811830837a7f30aa4d29b569516c0d431775e3e8a8714f8d27f23d54e108ec25e5c525b70e89e8ecb36a1eac6eb22f8b2acd9344c06940ccdf93dcbe7879eca151db00285963f488e2e62535ac436c549cc3719915ffab8c23e59d3446a31a9aec11cdfe,gx-no-cache=1516372990387 HTTP/1.1" 200 29
186.79.16.98 - - [19/Jan/2018:11:43:56 -0300] "POST /cormun/servlet/solicitudot?gx-no-cache=1516373093565 HTTP/1.1" 200 3385
186.79.16.98 - - [19/Jan/2018:11:43:57 -0300] "POST /cormun/servlet/solicitudot?359c0ac1ac22bf2f67301fa7776ae135,INS,0,0,,gx-no-cache=1516373094627 HTTP/1.1" 200 10553
186.67.172.234 - - [19/Jan/2018:11:43:58 -0300] "POST /cormun/servlet/solicitudot?gx-no-cache=1516372992758 HTTP/1.1" 200 1340
186.67.172.234 - - [19/Jan/2018:11:43:58 -0300] "POST /cormun/servlet/solicitudot?gx-no-cache=1516372993352 HTTP/1.1" 200 1220
186.67.172.234 - - [19/Jan/2018:11:44:07 -0300] "GET /cormun/servlet/solicitudot?1814bf44089e952f87b3e3ac8fb43336e2145fadc6f7a04f5c7b6e78e484ccb2d4031aaaf0cbd6b54c094808ae59d2a2,gx-no-cache=1516373002278 HTTP/1.1" 200 30
186.67.172.234 - - [19/Jan/2018:11:44:12 -0300] "POST /cormun/servlet/solicitudot?gx-no-cache=1516373006400 HTTP/1.1" 200 33
186.67.172.234 - - [19/Jan/2018:11:44:47 -0300] "POST /cormun/servlet/solicitudot?df0996e2f95e51665c4c6e638e51c3a3,INS,0,0,,gx-no-cache=1516373041807 HTTP/1.1" 200 93
186.67.172.234 - - [19/Jan/2018:11:44:47 -0300] "GET /cormun/servlet/hpexe_return? HTTP/1.1" 200 1006
186.67.172.234 - - [19/Jan/2018:11:44:47 -0300] "GET /cormun/servlet/trsolicitudot HTTP/1.1" 200 12738
186.67.172.234 - - [19/Jan/2018:11:44:48 -0300] "GET /cormun/servlet/trsolicitudot HTTP/1.1" 200 12734
192.168.10.56 - - [19/Jan/2018:11:45:01 -0300] "GET /cormun/servlet/hlogin HTTP/1.1" 200 1739
186.67.172.234 - - [19/Jan/2018:11:45:02 -0300] "GET /cormun/servlet/solicitudot?INS,0,0, HTTP/1.1" 200 13641
186.67.172.234 - - [19/Jan/2018:11:45:02 -0300] "GET /cormun/servlet/solicitudot?INS,0,0, HTTP/1.1" 200 13646
186.79.16.98 - - [19/Jan/2018:11:45:04 -0300] "GET /cormun/servlet/solicitudot?89be22a2a932f3f16d50f87ff2c3ce2df9c41a1021e625d56fd7aef7d14d4161f5e9b515224be93517d7a632d88c3a81,gx-no-cache=1516373162182 HTTP/1.1" 200 30
186.79.16.98 - - [19/Jan/2018:11:45:04 -0300] "GET /cormun/servlet/solicitudot?89be22a2a932f3f16d50f87ff2c3ce2d7413b146b29ba448ee657836bee53734,gx-no-cache=1516373162358 HTTP/1.1" 200 59
186.79.16.98 - - [19/Jan/2018:11:45:04 -0300] "POST /cormun/servlet/solicitudot?gx-no-cache=1516373162519 HTTP/1.1" 200 255
186.79.16.98 - - [19/Jan/2018:11:45:04 -0300] "GET /cormun/servlet/solicitudot?89be22a2a932f3f16d50f87ff2c3ce2d280141fb980d844d37600e85447f4e9b459a58d077ac698b3c7025b22c6f37561c055be1382e2d43120ed44ece0086379c1a0b5005a4693a893c97e21a22c1c834381e72231ccdf3fc72050b432216305b681d4786f203afec2c411437e1f03550043705aaf5982d10a003212fc7dcbe6595ecd13c2791b0f53f4276e3d1058355a14c65ca5bf84f830c1b95320f07d8d8bef5ef9877e2b4ce986218c21a94840368464ea0a5bb064407424cf95716ec1f3ae55fb9b01c9413503209e5d2995380e10bc8652c5a5f9d52a3bbeae20b43a75a7b9670dd3a3f632ae8a31f419d3d1f60c747d047334e54762624654f1100fc85984f254c1d7157bfa39c6f7cc3cbe6f2a5e6eb876d7c3e685f84f0fb7bbac1f9d75a18e4ce4ab9116fb7de191ec2ca814dc716ce941927b2e402fc18960786f8a93b50b89c1112cd145b955687a230dc5e9d17cd6d398c419a196bcdb533fea7d8c7248f1b47e3b69e845e1286de8dbe3998d881dec6eea253b87e6a3f24,gx-no-cache=1516373162644 HTTP/1.1" 200 30
186.79.16.98 - - [19/Jan/2018:11:45:05 -0300] "POST /cormun/servlet/solicitudot?gx-no-cache=1516373162742 HTTP/1.1" 200 30
186.79.16.98 - - [19/Jan/2018:11:45:05 -0300] "POST /cormun/servlet/solicitudot?gx-no-cache=1516373162955 HTTP/1.1" 200 1357
186.79.16.98 - - [19/Jan/2018:11:45:05 -0300] "POST /cormun/servlet/solicitudot?gx-no-cache=1516373163531 HTTP/1.1" 200 38
186.67.172.234 - - [19/Jan/2018:11:45:25 -0300] "POST /cormun/servlet/solicitudot?gx-no-cache=1516373079599 HTTP/1.1" 200 3388
186.67.172.234 - - [19/Jan/2018:11:45:25 -0300] "POST /cormun/servlet/solicitudot?df0996e2f95e51665c4c6e638e51c3a3,INS,0,0,,gx-no-cache=1516373079771 HTTP/1.1" 200 10562
186.67.172.234 - - [19/Jan/2018:11:45:28 -0300] "GET /cormun/servlet/solicitudot?1814bf44089e952f87b3e3ac8fb4333627070d2b4ae2e69e9c4b2f96b1ecceb6eb91c790c92b8b4c8a63f74b31cb356f,gx-no-cache=1516373083292 HTTP/1.1" 200 30
186.67.172.234 - - [19/Jan/2018:11:45:28 -0300] "GET /cormun/servlet/solicitudot?1814bf44089e952f87b3e3ac8fb4333679724219f76a0833331aecce142e00f2,gx-no-cache=1516373083352 HTTP/1.1" 200 56
186.67.172.234 - - [19/Jan/2018:11:45:28 -0300] "POST /cormun/servlet/solicitudot?gx-no-cache=1516373083386 HTTP/1.1" 200 255
186.67.172.234 - - [19/Jan/2018:11:45:28 -0300] "GET /cormun/servlet/solicitudot?1814bf44089e952f87b3e3ac8fb4333624af8593c9e3cd541f6df714d5001be4f944e3aa2ed4a0ffb3554d1a074e8a019fb44ed602f617a963cf4c6bbf92dd72d5062c8398f8dd5d8e01c6a422bf7dc449dc0ddd645ad30ca20ce9084144afe5b87116f55baf538343772ea74e0e534c6ab136e72c5214028a26df6ea23dd3c8aad4c86b1b26848f4eecb072638369a5104148b52b1405982d8c0320a5ee99403895ded811177835f39d996a7e48460d21c3f3abe24d45fbc69588e1040aae1e7175ac837ea36db7841867752034dc545f3a317cd088297cf45462fca894e86ef1742626b6ed81402fec106720341064173234a1410cf290950c744865c5be583a2a8276532102b7dcaecf8f3f10b62fa954d127d897c2c539fdca823f649a3ce57f333db10c589a8aa2ad59eaae74ac0df6199229c11e52b8bdf65cb3aa8334ed0165687d30f63c21d27cbd101b813cfede7560218d1d2563d5fcf8b39d0683918e4b6fffe2f12b084cc3de4ccb517a8032c3481f4f06652831ef632defe16a,gx-no-cache=1516373083421 HTTP/1.1" 200 30
186.67.172.234 - - [19/Jan/2018:11:45:30 -0300] "POST /cormun/servlet/solicitudot?gx-no-cache=1516373084906 HTTP/1.1" 200 30
186.79.16.98 - - [19/Jan/2018:11:45:31 -0300] "POST /cormun/servlet/solicitudot?gx-no-cache=1516373189318 HTTP/1.1" 200 1357
186.79.16.98 - - [19/Jan/2018:11:45:31 -0300] "POST /cormun/servlet/solicitudot?gx-no-cache=1516373189644 HTTP/1.1" 200 38
186.67.172.234 - - [19/Jan/2018:11:45:32 -0300] "POST /cormun/servlet/solicitudot?gx-no-cache=1516373086817 HTTP/1.1" 200 1358
186.67.172.234 - - [19/Jan/2018:11:45:32 -0300] "POST /cormun/servlet/solicitudot?gx-no-cache=1516373086895 HTTP/1.1" 200 38
186.67.172.234 - - [19/Jan/2018:11:45:42 -0300] "GET /cormun/servlet/solicitudot?1814bf44089e952f87b3e3ac8fb433363e4364a0ef5bc7dece27bcfdfd28d2959896fe4db06e7219cbdf831f7d8bf8f9817c3b5385c6374137c9aa619ac9b860ce2fe84326549501d98b6cba8c1f25cf26af546b4c5e821f513cc5a31c4bef2795f690669b806f19596fb6b1811830837a7f30aa4d29b569516c0d431775e3e8a8714f8d27f23d54e108ec25e5c525b70e89e8ecb36a1eac6eb22f8b2acd9344c06940ccdf93dcbe7879eca151db00285963f488e2e62535ac436c549cc3719915ffab8c23e59d3446a31a9aec11cdfe,gx-no-cache=1516373097218 HTTP/1.1" 200 29
186.67.172.234 - - [19/Jan/2018:11:45:44 -0300] "POST /cormun/servlet/solicitudot?gx-no-cache=1516373098808 HTTP/1.1" 200 1340
186.67.172.234 - - [19/Jan/2018:11:45:44 -0300] "POST /cormun/servlet/solicitudot?gx-no-cache=1516373098891 HTTP/1.1" 200 1220
186.67.172.234 - - [19/Jan/2018:11:45:49 -0300] "GET /cormun/servlet/solicitudot?1814bf44089e952f87b3e3ac8fb43336e2145fadc6f7a04f5c7b6e78e484ccb2d4031aaaf0cbd6b54c094808ae59d2a2,gx-no-cache=1516373104076 HTTP/1.1" 200 30
186.67.172.234 - - [19/Jan/2018:11:45:54 -0300] "POST /cormun/servlet/solicitudot?gx-no-cache=1516373108637 HTTP/1.1" 200 30
186.67.172.234 - - [19/Jan/2018:11:46:05 -0300] "POST /cormun/servlet/solicitudot?df0996e2f95e51665c4c6e638e51c3a3,INS,0,0,,gx-no-cache=1516373120156 HTTP/1.1" 200 93
186.67.172.234 - - [19/Jan/2018:11:46:05 -0300] "GET /cormun/servlet/hpexe_return? HTTP/1.1" 200 1006
186.67.172.234 - - [19/Jan/2018:11:46:06 -0300] "GET /cormun/servlet/trsolicitudot HTTP/1.1" 200 13124
186.67.172.234 - - [19/Jan/2018:11:46:06 -0300] "GET /cormun/servlet/trsolicitudot HTTP/1.1" 200 13119
186.67.172.234 - - [19/Jan/2018:11:46:16 -0300] "GET /cormun/servlet/solicitudot?INS,0,0, HTTP/1.1" 200 13641
186.67.172.234 - - [19/Jan/2018:11:46:16 -0300] "GET /cormun/servlet/solicitudot?INS,0,0, HTTP/1.1" 200 13646
186.67.172.234 - - [19/Jan/2018:11:46:23 -0300] "POST /cormun/servlet/solicitudot?gx-no-cache=1516373137624 HTTP/1.1" 200 3388
186.67.172.234 - - [19/Jan/2018:11:46:23 -0300] "POST /cormun/servlet/solicitudot?df0996e2f95e51665c4c6e638e51c3a3,INS,0,0,,gx-no-cache=1516373137744 HTTP/1.1" 200 10562
186.67.172.234 - - [19/Jan/2018:11:46:25 -0300] "GET /cormun/servlet/solicitudot?1814bf44089e952f87b3e3ac8fb4333627070d2b4ae2e69e9c4b2f96b1ecceb6eb91c790c92b8b4c8a63f74b31cb356f,gx-no-cache=1516373139738 HTTP/1.1" 200 30
186.67.172.234 - - [19/Jan/2018:11:46:25 -0300] "GET /cormun/servlet/solicitudot?1814bf44089e952f87b3e3ac8fb4333679724219f76a0833331aecce142e00f2,gx-no-cache=1516373139818 HTTP/1.1" 200 56
186.67.172.234 - - [19/Jan/2018:11:46:25 -0300] "POST /cormun/servlet/solicitudot?gx-no-cache=1516373139873 HTTP/1.1" 200 255
186.67.172.234 - - [19/Jan/2018:11:46:25 -0300] "GET /cormun/servlet/solicitudot?1814bf44089e952f87b3e3ac8fb4333624af8593c9e3cd541f6df714d5001be4f944e3aa2ed4a0ffb3554d1a074e8a019fb44ed602f617a963cf4c6bbf92dd72d5062c8398f8dd5d8e01c6a422bf7dc449dc0ddd645ad30ca20ce9084144afe5b87116f55baf538343772ea74e0e534c6ab136e72c5214028a26df6ea23dd3c8aad4c86b1b26848f4eecb072638369a5104148b52b1405982d8c0320a5ee99403895ded811177835f39d996a7e48460d21c3f3abe24d45fbc69588e1040aae1e7175ac837ea36db7841867752034dc545f3a317cd088297cf45462fca894e86ef1742626b6ed81402fec106720341064173234a1410cf290950c744865c5be583a2a8276532102b7dcaecf8f3f10b62fa954d127d897c2c539fdca823f649a3ce57f333db10c589a8aa2ad59eaae74ac0df6199229c11e52b8bdf65cb3aa8334ed0165687d30f63c21d27cbd101b813cfede7560218d1d2563d5fcf8b39d0683918e4b6fffe2f12b084cc3de4ccb517a8032c3481f4f06652831ef632defe16a,gx-no-cache=1516373139961 HTTP/1.1" 200 30
186.67.172.234 - - [19/Jan/2018:11:46:27 -0300] "POST /cormun/servlet/solicitudot?gx-no-cache=1516373142097 HTTP/1.1" 200 30
186.67.172.234 - - [19/Jan/2018:11:46:31 -0300] "POST /cormun/servlet/solicitudot?gx-no-cache=1516373146178 HTTP/1.1" 200 1358
186.67.172.234 - - [19/Jan/2018:11:46:31 -0300] "POST /cormun/servlet/solicitudot?gx-no-cache=1516373146261 HTTP/1.1" 200 38
186.67.172.234 - - [19/Jan/2018:11:46:36 -0300] "GET /cormun/servlet/solicitudot?1814bf44089e952f87b3e3ac8fb433363e4364a0ef5bc7dece27bcfdfd28d2959896fe4db06e7219cbdf831f7d8bf8f9817c3b5385c6374137c9aa619ac9b860ce2fe84326549501d98b6cba8c1f25cf26af546b4c5e821f513cc5a31c4bef2795f690669b806f19596fb6b1811830837a7f30aa4d29b569516c0d431775e3e8a8714f8d27f23d54e108ec25e5c525b70e89e8ecb36a1eac6eb22f8b2acd9344c06940ccdf93dcbe7879eca151db00285963f488e2e62535ac436c549cc3719915ffab8c23e59d3446a31a9aec11cdfe,gx-no-cache=1516373150474 HTTP/1.1" 200 29
186.67.172.234 - - [19/Jan/2018:11:46:38 -0300] "POST /cormun/servlet/solicitudot?gx-no-cache=1516373152733 HTTP/1.1" 200 1340
186.67.172.234 - - [19/Jan/2018:11:46:38 -0300] "POST /cormun/servlet/solicitudot?gx-no-cache=1516373152793 HTTP/1.1" 200 1220
186.67.172.234 - - [19/Jan/2018:11:46:43 -0300] "GET /cormun/servlet/solicitudot?1814bf44089e952f87b3e3ac8fb43336e2145fadc6f7a04f5c7b6e78e484ccb2d4031aaaf0cbd6b54c094808ae59d2a2,gx-no-cache=1516373157764 HTTP/1.1" 200 30
186.67.172.234 - - [19/Jan/2018:11:46:47 -0300] "POST /cormun/servlet/solicitudot?gx-no-cache=1516373162174 HTTP/1.1" 200 30
186.67.172.234 - - [19/Jan/2018:11:47:26 -0300] "POST /cormun/servlet/solicitudot?df0996e2f95e51665c4c6e638e51c3a3,INS,0,0,,gx-no-cache=1516373201196 HTTP/1.1" 200 93
186.67.172.234 - - [19/Jan/2018:11:47:26 -0300] "GET /cormun/servlet/hpexe_return? HTTP/1.1" 200 1006
186.67.172.234 - - [19/Jan/2018:11:47:27 -0300] "GET /cormun/servlet/trsolicitudot HTTP/1.1" 200 13391
186.67.172.234 - - [19/Jan/2018:11:47:27 -0300] "GET /cormun/servlet/trsolicitudot HTTP/1.1" 200 13386
186.79.16.98 - - [19/Jan/2018:11:47:28 -0300] "GET /cormun/servlet/solicitudot?89be22a2a932f3f16d50f87ff2c3ce2d0f10fdc496505c76bd7ba19a49626b119dfe04295114b23fb52c9be9d0d34ed7607fa37b86afbb0e3773db685e07aa33c7cc055e323e2298caaac161f898462d7fc551dfba800973f06bda6f2a6a1528672e5c563bf2b85bf591ad8d9853de57dbfacdb563d31ded693e0ed07287a8edd7a16998ce32353dd025ba2421eba9788c9c58b02195eca7755f70d0539ecc0b,gx-no-cache=1516373305799 HTTP/1.1" 200 29
186.79.16.98 - - [19/Jan/2018:11:47:28 -0300] "POST /cormun/servlet/solicitudot?gx-no-cache=1516373305944 HTTP/1.1" 200 1340
186.79.16.98 - - [19/Jan/2018:11:47:28 -0300] "POST /cormun/servlet/solicitudot?gx-no-cache=1516373306167 HTTP/1.1" 200 1221
186.79.16.98 - - [19/Jan/2018:11:47:28 -0300] "GET /cormun/static/menuarrow.gif HTTP/1.1" 404 1015
186.79.16.98 - - [19/Jan/2018:11:47:30 -0300] "POST /cormun/servlet/solicitudot?gx-no-cache=1516373308096 HTTP/1.1" 200 1340
186.79.16.98 - - [19/Jan/2018:11:47:30 -0300] "POST /cormun/servlet/solicitudot?gx-no-cache=1516373308334 HTTP/1.1" 200 1221
186.67.172.234 - - [19/Jan/2018:11:47:35 -0300] "GET /cormun/servlet/solicitudot?INS,0,0, HTTP/1.1" 200 13641
186.67.172.234 - - [19/Jan/2018:11:47:36 -0300] "GET /cormun/servlet/solicitudot?INS,0,0, HTTP/1.1" 200 13646
186.79.16.98 - - [19/Jan/2018:11:47:37 -0300] "GET /cormun/servlet/solicitudot?89be22a2a932f3f16d50f87ff2c3ce2dd4f17b17476d24e44b8d6d06eb920f24500e2b7b6ca725f88728e992c296e6ca,gx-no-cache=1516373314920 HTTP/1.1" 200 30
186.79.16.98 - - [19/Jan/2018:11:47:52 -0300] "POST /cormun/servlet/solicitudot?gx-no-cache=1516373329780 HTTP/1.1" 200 30
186.67.172.234 - - [19/Jan/2018:11:47:54 -0300] "POST /cormun/servlet/solicitudot?gx-no-cache=1516373229191 HTTP/1.1" 200 3389
186.67.172.234 - - [19/Jan/2018:11:47:54 -0300] "POST /cormun/servlet/solicitudot?df0996e2f95e51665c4c6e638e51c3a3,INS,0,0,,gx-no-cache=1516373229343 HTTP/1.1" 200 10555
186.67.172.234 - - [19/Jan/2018:11:47:56 -0300] "GET /cormun/servlet/solicitudot?1814bf44089e952f87b3e3ac8fb4333611c55c3730b771eda7f64c14ab477647eb91c790c92b8b4c8a63f74b31cb356f,gx-no-cache=1516373231130 HTTP/1.1" 200 30
186.67.172.234 - - [19/Jan/2018:11:47:56 -0300] "GET /cormun/servlet/solicitudot?1814bf44089e952f87b3e3ac8fb43336cc8ed63071d58a63ff500203315a7540,gx-no-cache=1516373231203 HTTP/1.1" 200 70
186.67.172.234 - - [19/Jan/2018:11:47:56 -0300] "POST /cormun/servlet/solicitudot?gx-no-cache=1516373231230 HTTP/1.1" 200 255
186.67.172.234 - - [19/Jan/2018:11:47:56 -0300] "GET /cormun/servlet/solicitudot?1814bf44089e952f87b3e3ac8fb4333624af8593c9e3cd541f6df714d5001be4f944e3aa2ed4a0ffb3554d1a074e8a019fb44ed602f617a963cf4c6bbf92dd72d5062c8398f8dd5d8e01c6a422bf7dc449dc0ddd645ad30ca20ce9084144afe5b87116f55baf538343772ea74e0e534c6ab136e72c5214028a26df6ea23dd3c8aad4c86b1b26848f4eecb072638369a5104148b52b1405982d8c0320a5ee99403895ded811177835f39d996a7e48460d21c3f3abe24d45fbc69588e1040aae1e7175ac837ea36db7841867752034dc545f3a317cd088297cf45462fca894e86ef1742626b6ed81402fec106720341064173234a1410cf290950c744865c5be583a2a8276532102b7dcaecf8f3f10b62fa954d127d897c2c539fdca823f649a3ce57f333db10c589a8aa2ad59eaae74ac0df6199229c11e52b8bdf65cb3aa8334ed0165687d30f63c21d27cbd101b813cfede7560218d1d2563d5fcf8b39d0683918e4b6fffe2f12b084cc3de4ccb517a8032c3481f4f06652831ef632defe16a,gx-no-cache=1516373231261 HTTP/1.1" 200 30
186.67.172.234 - - [19/Jan/2018:11:47:59 -0300] "POST /cormun/servlet/solicitudot?gx-no-cache=1516373234105 HTTP/1.1" 200 30
186.67.172.234 - - [19/Jan/2018:11:48:08 -0300] "POST /cormun/servlet/solicitudot?gx-no-cache=1516373242586 HTTP/1.1" 200 1358
186.67.172.234 - - [19/Jan/2018:11:48:08 -0300] "POST /cormun/servlet/solicitudot?gx-no-cache=1516373242662 HTTP/1.1" 200 38
186.67.172.234 - - [19/Jan/2018:11:48:12 -0300] "GET /cormun/servlet/solicitudot?1814bf44089e952f87b3e3ac8fb433363e4364a0ef5bc7dece27bcfdfd28d2959896fe4db06e7219cbdf831f7d8bf8f9817c3b5385c6374137c9aa619ac9b860ce2fe84326549501d98b6cba8c1f25cf26af546b4c5e821f513cc5a31c4bef2795f690669b806f19596fb6b1811830837a7f30aa4d29b569516c0d431775e3e8a8714f8d27f23d54e108ec25e5c525b70e89e8ecb36a1eac6eb22f8b2acd9344c06940ccdf93dcbe7879eca151db00285963f488e2e62535ac436c549cc3719915ffab8c23e59d3446a31a9aec11cdfe,gx-no-cache=1516373246970 HTTP/1.1" 200 29
186.67.172.234 - - [19/Jan/2018:11:48:13 -0300] "POST /cormun/servlet/solicitudot?gx-no-cache=1516373248382 HTTP/1.1" 200 1340
186.67.172.234 - - [19/Jan/2018:11:48:13 -0300] "POST /cormun/servlet/solicitudot?gx-no-cache=1516373248440 HTTP/1.1" 200 1221
186.67.172.234 - - [19/Jan/2018:11:48:18 -0300] "GET /cormun/servlet/solicitudot?1814bf44089e952f87b3e3ac8fb43336e2145fadc6f7a04f5c7b6e78e484ccb2d4031aaaf0cbd6b54c094808ae59d2a2,gx-no-cache=1516373252772 HTTP/1.1" 200 30
186.67.172.234 - - [19/Jan/2018:11:48:33 -0300] "POST /cormun/servlet/solicitudot?gx-no-cache=1516373267562 HTTP/1.1" 200 30
186.67.172.234 - - [19/Jan/2018:11:48:33 -0300] "POST /cormun/servlet/solicitudot?df0996e2f95e51665c4c6e638e51c3a3,INS,0,0,,gx-no-cache=1516373267588 HTTP/1.1" 200 93
186.67.172.234 - - [19/Jan/2018:11:48:33 -0300] "GET /cormun/servlet/hpexe_return? HTTP/1.1" 200 1006
186.67.172.234 - - [19/Jan/2018:11:48:33 -0300] "GET /cormun/servlet/trsolicitudot HTTP/1.1" 200 13793
186.67.172.234 - - [19/Jan/2018:11:48:34 -0300] "GET /cormun/servlet/trsolicitudot HTTP/1.1" 200 13788
186.67.172.234 - - [19/Jan/2018:11:48:39 -0300] "GET /cormun/servlet/solicitudot?INS,0,0, HTTP/1.1" 200 13641
186.67.172.234 - - [19/Jan/2018:11:48:39 -0300] "GET /cormun/servlet/solicitudot?INS,0,0, HTTP/1.1" 200 13646
186.67.172.234 - - [19/Jan/2018:11:48:45 -0300] "POST /cormun/servlet/solicitudot?gx-no-cache=1516373280031 HTTP/1.1" 200 3389
186.67.172.234 - - [19/Jan/2018:11:48:45 -0300] "POST /cormun/servlet/solicitudot?df0996e2f95e51665c4c6e638e51c3a3,INS,0,0,,gx-no-cache=1516373280189 HTTP/1.1" 200 10555
186.67.172.234 - - [19/Jan/2018:11:48:47 -0300] "GET /cormun/servlet/solicitudot?1814bf44089e952f87b3e3ac8fb4333611c55c3730b771eda7f64c14ab477647eb91c790c92b8b4c8a63f74b31cb356f,gx-no-cache=1516373282058 HTTP/1.1" 200 30
186.67.172.234 - - [19/Jan/2018:11:48:47 -0300] "GET /cormun/servlet/solicitudot?1814bf44089e952f87b3e3ac8fb43336cc8ed63071d58a63ff500203315a7540,gx-no-cache=1516373282125 HTTP/1.1" 200 70
186.67.172.234 - - [19/Jan/2018:11:48:47 -0300] "POST /cormun/servlet/solicitudot?gx-no-cache=1516373282156 HTTP/1.1" 200 255
186.67.172.234 - - [19/Jan/2018:11:48:47 -0300] "GET /cormun/servlet/solicitudot?1814bf44089e952f87b3e3ac8fb4333624af8593c9e3cd541f6df714d5001be4f944e3aa2ed4a0ffb3554d1a074e8a019fb44ed602f617a963cf4c6bbf92dd72d5062c8398f8dd5d8e01c6a422bf7dc449dc0ddd645ad30ca20ce9084144afe5b87116f55baf538343772ea74e0e534c6ab136e72c5214028a26df6ea23dd3c8aad4c86b1b26848f4eecb072638369a5104148b52b1405982d8c0320a5ee99403895ded811177835f39d996a7e48460d21c3f3abe24d45fbc69588e1040aae1e7175ac837ea36db7841867752034dc545f3a317cd088297cf45462fca894e86ef1742626b6ed81402fec106720341064173234a1410cf290950c744865c5be583a2a8276532102b7dcaecf8f3f10b62fa954d127d897c2c539fdca823f649a3ce57f333db10c589a8aa2ad59eaae74ac0df6199229c11e52b8bdf65cb3aa8334ed0165687d30f63c21d27cbd101b813cfede7560218d1d2563d5fcf8b39d0683918e4b6fffe2f12b084cc3de4ccb517a8032c3481f4f06652831ef632defe16a,gx-no-cache=1516373282185 HTTP/1.1" 200 30
186.67.172.234 - - [19/Jan/2018:11:48:48 -0300] "POST /cormun/servlet/solicitudot?gx-no-cache=1516373283385 HTTP/1.1" 200 30
186.67.172.234 - - [19/Jan/2018:11:48:50 -0300] "POST /cormun/servlet/solicitudot?gx-no-cache=1516373284617 HTTP/1.1" 200 1358
186.67.172.234 - - [19/Jan/2018:11:48:50 -0300] "POST /cormun/servlet/solicitudot?gx-no-cache=1516373284679 HTTP/1.1" 200 38
186.67.172.234 - - [19/Jan/2018:11:48:55 -0300] "GET /cormun/servlet/solicitudot?1814bf44089e952f87b3e3ac8fb433363e4364a0ef5bc7dece27bcfdfd28d2959896fe4db06e7219cbdf831f7d8bf8f9817c3b5385c6374137c9aa619ac9b860ce2fe84326549501d98b6cba8c1f25cf26af546b4c5e821f513cc5a31c4bef2795f690669b806f19596fb6b1811830837a7f30aa4d29b569516c0d431775e3e8a8714f8d27f23d54e108ec25e5c525b70e89e8ecb36a1eac6eb22f8b2acd9344c06940ccdf93dcbe7879eca151db00285963f488e2e62535ac436c549cc3719915ffab8c23e59d3446a31a9aec11cdfe,gx-no-cache=1516373289713 HTTP/1.1" 200 29
186.67.172.234 - - [19/Jan/2018:11:48:57 -0300] "POST /cormun/servlet/solicitudot?gx-no-cache=1516373291611 HTTP/1.1" 200 1341
186.67.172.234 - - [19/Jan/2018:11:48:57 -0300] "POST /cormun/servlet/solicitudot?gx-no-cache=1516373291670 HTTP/1.1" 200 1221
186.79.16.98 - - [19/Jan/2018:11:49:00 -0300] "POST /cormun/servlet/solicitudot?gx-no-cache=1516373397830 HTTP/1.1" 200 1339
186.79.16.98 - - [19/Jan/2018:11:49:00 -0300] "POST /cormun/servlet/solicitudot?gx-no-cache=1516373398104 HTTP/1.1" 200 1221
186.79.16.98 - - [19/Jan/2018:11:49:00 -0300] "GET /cormun/servlet/solicitudot?89be22a2a932f3f16d50f87ff2c3ce2dd4f17b17476d24e44b8d6d06eb920f24500e2b7b6ca725f88728e992c296e6ca,gx-no-cache=1516373398291 HTTP/1.1" 200 30
186.79.16.98 - - [19/Jan/2018:11:49:00 -0300] "POST /cormun/servlet/solicitudot?gx-no-cache=1516373398404 HTTP/1.1" 200 30
186.79.16.98 - - [19/Jan/2018:11:49:01 -0300] "POST /cormun/servlet/solicitudot?359c0ac1ac22bf2f67301fa7776ae135,INS,0,0,,gx-no-cache=1516373398546 HTTP/1.1" 200 93
186.79.16.98 - - [19/Jan/2018:11:49:01 -0300] "GET /cormun/servlet/hpexe_return? HTTP/1.1" 200 1012
186.67.172.234 - - [19/Jan/2018:11:49:01 -0300] "GET /cormun/servlet/solicitudot?1814bf44089e952f87b3e3ac8fb43336e2145fadc6f7a04f5c7b6e78e484ccb2d4031aaaf0cbd6b54c094808ae59d2a2,gx-no-cache=1516373296381 HTTP/1.1" 200 30
186.79.16.98 - - [19/Jan/2018:11:49:02 -0300] "GET /cormun/servlet/trsolicitudot HTTP/1.1" 200 11014
186.67.172.234 - - [19/Jan/2018:11:49:07 -0300] "POST /cormun/servlet/solicitudot?gx-no-cache=1516373301890 HTTP/1.1" 200 30
186.79.49.40 - - [19/Jan/2018:11:49:11 -0300] "POST /cormun/servlet/solicitudot?gx-no-cache=1516373310270 HTTP/1.1" 200 3393
186.79.49.40 - - [19/Jan/2018:11:49:11 -0300] "POST /cormun/servlet/solicitudot?e1e4d1062752339fd8a76437a2349117,INS,0,0,,gx-no-cache=1516373310716 HTTP/1.1" 200 10557
186.79.16.98 - - [19/Jan/2018:11:49:20 -0300] "POST /cormun/servlet/trsolicitudot?359c0ac1ac22bf2f67301fa7776ae135,gx-no-cache=1516373417477 HTTP/1.1" 200 7873
186.79.16.98 - - [19/Jan/2018:11:49:22 -0300] "POST /cormun/servlet/trsolicitudot?359c0ac1ac22bf2f67301fa7776ae135,gx-no-cache=1516373419601 HTTP/1.1" 200 7814
186.79.16.98 - - [19/Jan/2018:11:49:24 -0300] "GET /cormun/static/Shared/jqueryui/images/ui-icons_8d78a5_256x240.png HTTP/1.1" 404 1089
186.79.16.98 - - [19/Jan/2018:11:49:24 -0300] "GET /cormun/static/Shared/jqueryui/images/ui-bg_highlight-soft_100_c6c2c8_1x100.png HTTP/1.1" 404 1117
186.79.16.98 - - [19/Jan/2018:11:49:24 -0300] "GET /cormun/static/Shared/jqueryui/images/ui-bg_flat_55_fafafa_40x100.png HTTP/1.1" 404 1097
186.79.16.98 - - [19/Jan/2018:11:49:24 -0300] "GET /cormun/static/Shared/jqueryui/images/ui-icons_82798d_256x240.png HTTP/1.1" 404 1089
186.79.49.40 - - [19/Jan/2018:11:49:28 -0300] "GET /cormun/servlet/solicitudot?5475e5401b4d54403a19ab199b4b978447aed4788049346edd06498a7421ee1dfbee9a5b5eb8d7e65e240810c1c1ca44,gx-no-cache=1516373327966 HTTP/1.1" 200 30
186.79.49.40 - - [19/Jan/2018:11:49:28 -0300] "GET /cormun/servlet/solicitudot?5475e5401b4d54403a19ab199b4b978441f58554aaf29de8363a4c54bff6629d,gx-no-cache=1516373328074 HTTP/1.1" 200 51
186.79.49.40 - - [19/Jan/2018:11:49:29 -0300] "POST /cormun/servlet/solicitudot?gx-no-cache=1516373328227 HTTP/1.1" 200 256
186.79.49.40 - - [19/Jan/2018:11:49:29 -0300] "GET /cormun/servlet/solicitudot?5475e5401b4d54403a19ab199b4b9784b6d24c39675cc3340c5fab249d429fa8f0292992f0c83c3db083154db8cd308f840f51b210e4f28775e1fd92dbbaa973eb925c9c613cb42f386b3fbc4c73b1e25246fdb29e4e6338c0004d3d7b4e746202bf154ffdf5b0885aacaf4dd1cab29e6b4be0d91ba5a40c0ed06e88c0138f7c6f95c5f731cd6244c1befdbbeed3679b4cd884f8bbc2c6631c12393d83266ad66fe41c01e87840e347ce26bd75e0352447ecd294c08c068daef167a3f65f1ddf2b18acec915012426d2f8757ac21a82722b0492c309cfe43b6f572292f50f85c1c80724b80340cb0706ea4f8b1175b30f25e5705154a380b23d5428937dbe670959dd4b66cefbdd9c7f72239b4582bf7558dfb725b8721aaa198ca060460f168a9a2065c8a3253b0b23d9540425137919e1820501992062f9a3955974a6998a8a33c9dcd041abd9bb1d1077f3faea616c64bae5654f572a71a381d5489f3f1af9844e3e11ab994e7b407e738060beee758a326ca269c4914f41b430a89c30cf1,gx-no-cache=1516373328337 HTTP/1.1" 200 30
186.79.49.40 - - [19/Jan/2018:11:49:32 -0300] "POST /cormun/servlet/solicitudot?gx-no-cache=1516373331300 HTTP/1.1" 200 30
186.79.16.98 - - [19/Jan/2018:11:49:35 -0300] "POST /cormun/servlet/trsolicitudot?359c0ac1ac22bf2f67301fa7776ae135,gx-no-cache=1516373432492 HTTP/1.1" 200 7464
186.79.16.98 - - [19/Jan/2018:11:49:38 -0300] "POST /cormun/servlet/trsolicitudot?359c0ac1ac22bf2f67301fa7776ae135,gx-no-cache=1516373435331 HTTP/1.1" 200 7408
186.79.49.40 - - [19/Jan/2018:11:49:40 -0300] "POST /cormun/servlet/solicitudot?gx-no-cache=1516373339721 HTTP/1.1" 200 1357
186.79.49.40 - - [19/Jan/2018:11:49:40 -0300] "POST /cormun/servlet/solicitudot?gx-no-cache=1516373339825 HTTP/1.1" 200 38
186.79.49.40 - - [19/Jan/2018:11:49:52 -0300] "GET /cormun/servlet/solicitudot?5475e5401b4d54403a19ab199b4b97840fbcff2ff035d9e2eae67fdc0a732246e650b68eb6c3c6d49da31280a9d8a0d9392d944412ecead370d6aac8a2f943415ace470c76d5ce46f88607b9c309e688da794181a8d01378f274ee37a65fa4b9df3427825afc800e541e0a92464c423df4d867cb796a3cc8ee83e88350cd64268f0e661a5b278359a68fbe0e403496408c144656b9f5fde2aea4867f1a964a3a,gx-no-cache=1516373352142 HTTP/1.1" 200 29
186.79.49.40 - - [19/Jan/2018:11:49:53 -0300] "POST /cormun/servlet/solicitudot?gx-no-cache=1516373352219 HTTP/1.1" 200 1340
186.79.49.40 - - [19/Jan/2018:11:49:53 -0300] "POST /cormun/servlet/solicitudot?gx-no-cache=1516373352414 HTTP/1.1" 200 1221
186.79.49.40 - - [19/Jan/2018:11:50:00 -0300] "GET /cormun/static/menuarrow.gif HTTP/1.1" 404 1015
186.79.16.98 - - [19/Jan/2018:11:50:05 -0300] "GET /cormun/servlet/trautorizarsolicitud? HTTP/1.1" 200 8640
186.79.49.40 - - [19/Jan/2018:11:50:11 -0300] "GET /cormun/servlet/solicitudot?5475e5401b4d54403a19ab199b4b978419ef256523c1b75bf92727f33d0c31aabd79b375ac00344978e9a4a23b258228,gx-no-cache=1516373370948 HTTP/1.1" 200 30
186.79.49.40 - - [19/Jan/2018:11:50:21 -0300] "POST /cormun/servlet/solicitudot?gx-no-cache=1516373380446 HTTP/1.1" 200 30
186.79.16.98 - - [19/Jan/2018:11:50:32 -0300] "POST /cormun/servlet/trautorizarsolicitud?359c0ac1ac22bf2f67301fa7776ae135,,gx-no-cache=1516373490266 HTTP/1.1" 200 5822
186.79.16.98 - - [19/Jan/2018:11:50:33 -0300] "GET /cormun/static/Shared/jqueryui/images/ui-icons_82798d_256x240.png HTTP/1.1" 404 1089
186.79.16.98 - - [19/Jan/2018:11:50:33 -0300] "GET /cormun/static/Shared/jqueryui/images/ui-bg_flat_55_fafafa_40x100.png HTTP/1.1" 404 1097
186.79.16.98 - - [19/Jan/2018:11:50:33 -0300] "GET /cormun/static/Shared/jqueryui/images/ui-bg_highlight-soft_100_c6c2c8_1x100.png HTTP/1.1" 404 1117
186.79.16.98 - - [19/Jan/2018:11:50:33 -0300] "GET /cormun/static/Shared/jqueryui/images/ui-icons_8d78a5_256x240.png HTTP/1.1" 404 1089
186.79.16.98 - - [19/Jan/2018:11:50:42 -0300] "GET /cormun/servlet/trsolicitudot? HTTP/1.1" 200 10265
186.79.16.98 - - [19/Jan/2018:11:51:07 -0300] "GET /cormun/servlet/trsolicitudot? HTTP/1.1" 200 10264
186.79.49.40 - - [19/Jan/2018:11:51:07 -0300] "POST /cormun/servlet/solicitudot?e1e4d1062752339fd8a76437a2349117,INS,0,0,,gx-no-cache=1516373426240 HTTP/1.1" 200 93
186.79.49.40 - - [19/Jan/2018:11:51:07 -0300] "GET /cormun/servlet/hpexe_return? HTTP/1.1" 200 1003
186.79.49.40 - - [19/Jan/2018:11:51:07 -0300] "GET /cormun/servlet/trsolicitudot? HTTP/1.1" 200 7317
186.79.49.40 - - [19/Jan/2018:11:51:08 -0300] "GET /cormun/servlet/trsolicitudot? HTTP/1.1" 200 7313
186.79.49.40 - - [19/Jan/2018:11:51:12 -0300] "GET /cormun/servlet/trautorizarsolicitud? HTTP/1.1" 200 7214
186.79.49.40 - - [19/Jan/2018:11:51:12 -0300] "GET /cormun/servlet/trautorizarsolicitud? HTTP/1.1" 200 7213
186.79.49.40 - - [19/Jan/2018:11:51:17 -0300] "GET /cormun/servlet/trautorizarsolicitud? HTTP/1.1" 200 7213
186.79.49.40 - - [19/Jan/2018:11:51:17 -0300] "GET /cormun/servlet/trautorizarsolicitud? HTTP/1.1" 200 7213
186.79.16.98 - - [19/Jan/2018:11:51:20 -0300] "GET /cormun/servlet/trautorizarsolicitud? HTTP/1.1" 200 8640
186.79.49.40 - - [19/Jan/2018:11:51:24 -0300] "POST /cormun/servlet/trautorizarsolicitud?e1e4d1062752339fd8a76437a2349117,,gx-no-cache=1516373443024 HTTP/1.1" 200 4410
186.79.16.98 - - [19/Jan/2018:11:51:27 -0300] "POST /cormun/servlet/trautorizarsolicitud?359c0ac1ac22bf2f67301fa7776ae135,,gx-no-cache=1516373545157 HTTP/1.1" 200 5822
186.79.16.98 - - [19/Jan/2018:11:51:28 -0300] "GET /cormun/static/Shared/jqueryui/images/ui-bg_flat_55_fafafa_40x100.png HTTP/1.1" 404 1097
186.79.16.98 - - [19/Jan/2018:11:51:28 -0300] "GET /cormun/static/Shared/jqueryui/images/ui-icons_82798d_256x240.png HTTP/1.1" 404 1089
186.79.16.98 - - [19/Jan/2018:11:51:28 -0300] "GET /cormun/static/Shared/jqueryui/images/ui-bg_highlight-soft_100_c6c2c8_1x100.png HTTP/1.1" 404 1117
186.79.16.98 - - [19/Jan/2018:11:51:28 -0300] "GET /cormun/static/Shared/jqueryui/images/ui-icons_8d78a5_256x240.png HTTP/1.1" 404 1089
186.79.49.40 - - [19/Jan/2018:11:51:30 -0300] "GET /cormun/servlet/trautorizarsolicitud? HTTP/1.1" 200 7213
186.79.49.40 - - [19/Jan/2018:11:51:30 -0300] "GET /cormun/servlet/trautorizarsolicitud? HTTP/1.1" 200 7213
186.79.49.40 - - [19/Jan/2018:11:51:39 -0300] "GET /cormun/servlet/trcontratosolicitud? HTTP/1.1" 200 14637
186.79.49.40 - - [19/Jan/2018:11:51:39 -0300] "GET /cormun/servlet/trcontratosolicitud? HTTP/1.1" 200 14645
186.79.16.98 - - [19/Jan/2018:11:51:44 -0300] "GET /cormun/servlet/trcontratosolicitud? HTTP/1.1" 200 7397
186.67.172.234 - - [19/Jan/2018:11:51:53 -0300] "POST /cormun/servlet/solicitudot?gx-no-cache=1516373467891 HTTP/1.1" 200 1341
186.67.172.234 - - [19/Jan/2018:11:51:53 -0300] "POST /cormun/servlet/solicitudot?gx-no-cache=1516373467955 HTTP/1.1" 200 1221
186.67.172.234 - - [19/Jan/2018:11:51:53 -0300] "GET /cormun/servlet/solicitudot?1814bf44089e952f87b3e3ac8fb43336e2145fadc6f7a04f5c7b6e78e484ccb2d4031aaaf0cbd6b54c094808ae59d2a2,gx-no-cache=1516373467994 HTTP/1.1" 200 30
186.67.172.234 - - [19/Jan/2018:11:51:53 -0300] "POST /cormun/servlet/solicitudot?gx-no-cache=1516373468017 HTTP/1.1" 200 30
186.79.16.98 - - [19/Jan/2018:11:51:57 -0300] "GET /cormun/servlet/trsolicitudot? HTTP/1.1" 200 10265
186.79.16.98 - - [19/Jan/2018:11:52:06 -0300] "GET /cormun/servlet/trautorizarsolicitud? HTTP/1.1" 200 8640
186.79.16.98 - - [19/Jan/2018:11:52:18 -0300] "POST /cormun/servlet/trautorizarsolicitud?359c0ac1ac22bf2f67301fa7776ae135,,gx-no-cache=1516373595559 HTTP/1.1" 200 5822
186.79.16.98 - - [19/Jan/2018:11:52:19 -0300] "GET /cormun/static/Shared/jqueryui/images/ui-bg_flat_55_fafafa_40x100.png HTTP/1.1" 404 1097
186.79.16.98 - - [19/Jan/2018:11:52:19 -0300] "GET /cormun/static/Shared/jqueryui/images/ui-icons_82798d_256x240.png HTTP/1.1" 404 1089
186.79.16.98 - - [19/Jan/2018:11:52:19 -0300] "GET /cormun/static/Shared/jqueryui/images/ui-bg_highlight-soft_100_c6c2c8_1x100.png HTTP/1.1" 404 1117
186.79.16.98 - - [19/Jan/2018:11:52:19 -0300] "GET /cormun/static/Shared/jqueryui/images/ui-icons_8d78a5_256x240.png HTTP/1.1" 404 1089
186.67.172.234 - - [19/Jan/2018:11:52:25 -0300] "POST /cormun/servlet/solicitudot?df0996e2f95e51665c4c6e638e51c3a3,INS,0,0,,gx-no-cache=1516373499900 HTTP/1.1" 200 93
186.67.172.234 - - [19/Jan/2018:11:52:25 -0300] "GET /cormun/servlet/hpexe_return? HTTP/1.1" 200 1006
186.67.172.234 - - [19/Jan/2018:11:52:25 -0300] "GET /cormun/servlet/trsolicitudot HTTP/1.1" 200 14064
186.67.172.234 - - [19/Jan/2018:11:52:26 -0300] "GET /cormun/servlet/trsolicitudot HTTP/1.1" 200 14059
186.79.16.98 - - [19/Jan/2018:11:52:33 -0300] "GET /cormun/servlet/trautorizarsolicitud? HTTP/1.1" 200 8640
186.67.172.234 - - [19/Jan/2018:11:52:45 -0300] "POST /cormun/servlet/trsolicitudot?df0996e2f95e51665c4c6e638e51c3a3,gx-no-cache=1516373519879 HTTP/1.1" 200 106
186.67.172.234 - - [19/Jan/2018:11:52:45 -0300] "GET /cormun/servlet/solicitudot?UPD,2018,9479, HTTP/1.1" 200 15446
186.67.172.234 - - [19/Jan/2018:11:52:46 -0300] "GET /cormun/servlet/solicitudot?UPD,2018,9479, HTTP/1.1" 200 15455
186.67.172.234 - - [19/Jan/2018:11:52:46 -0300] "POST /cormun/servlet/solicitudot?gx-no-cache=1516373521025 HTTP/1.1" 200 3389
186.67.172.234 - - [19/Jan/2018:11:52:46 -0300] "POST /cormun/servlet/solicitudot?df0996e2f95e51665c4c6e638e51c3a3,UPD,2018,9479,,gx-no-cache=1516373521299 HTTP/1.1" 200 11754
186.67.172.234 - - [19/Jan/2018:11:52:47 -0300] "GET /cormun/servlet/solicitudot?1814bf44089e952f87b3e3ac8fb4333611c55c3730b771eda7f64c14ab4776478244b154db5f85c05da64b7e870846d1,gx-no-cache=1516373521524 HTTP/1.1" 200 30
186.67.172.234 - - [19/Jan/2018:11:52:47 -0300] "GET /cormun/servlet/solicitudot?1814bf44089e952f87b3e3ac8fb433368713bfe6a477033add79d39384725872c7b9009b715a9eac98fe192deff9039931d9c6fa2b9c27e81489b8e34dfd862ede72e0784ca28591a21da1eae5abbea0ac41235c338ddab240c5d87bef95191b,gx-no-cache=1516373521555 HTTP/1.1" 200 70
186.67.172.234 - - [19/Jan/2018:11:52:47 -0300] "POST /cormun/servlet/solicitudot?gx-no-cache=1516373521582 HTTP/1.1" 200 254
186.67.172.234 - - [19/Jan/2018:11:52:47 -0300] "GET /cormun/servlet/solicitudot?1814bf44089e952f87b3e3ac8fb4333624af8593c9e3cd541f6df714d5001be4f944e3aa2ed4a0ffb3554d1a074e8a019fb44ed602f617a963cf4c6bbf92dd72d5062c8398f8dd5d8e01c6a422bf7dc449dc0ddd645ad30ca20ce9084144afe5b87116f55baf538343772ea74e0e534c6ab136e72c5214028a26df6ea23dd3c8aad4c86b1b26848f4eecb072638369a5104148b52b1405982d8c0320a5ee99403895ded811177835f39d996a7e48460d21c3f3abe24d45fbc69588e1040aae1e7175ac837ea36db7841867752034dc545f3a317cd088297cf45462fca894e86ef1742626b6ed81402fec106720341064173234a1410cf290950c744865c5be583a2a8276532102b7dcaecf8f3f10b62fa954d127d897c2c539fdca823f649a3ce57f333db10c589a8aa2ad59eaae74ac0df6199229c11e52b8bdf65cb3aa8334ed0165687d30f63c21d27cbd101b813cfede7560218d1d2563d5fcf8b39d0683918e4b6fffe2f12b084cc3de4ccb517a13c1188bc0deceb14b4109a5177d0ac4,gx-no-cache=1516373521669 HTTP/1.1" 200 30
186.67.172.234 - - [19/Jan/2018:11:52:47 -0300] "POST /cormun/servlet/solicitudot?gx-no-cache=1516373521699 HTTP/1.1" 200 30
186.67.172.234 - - [19/Jan/2018:11:52:47 -0300] "POST /cormun/servlet/solicitudot?gx-no-cache=1516373521751 HTTP/1.1" 200 1358
186.67.172.234 - - [19/Jan/2018:11:52:47 -0300] "POST /cormun/servlet/solicitudot?gx-no-cache=1516373521826 HTTP/1.1" 200 41
186.79.16.98 - - [19/Jan/2018:11:52:50 -0300] "POST /cormun/servlet/trautorizarsolicitud?359c0ac1ac22bf2f67301fa7776ae135,,gx-no-cache=1516373628019 HTTP/1.1" 200 5821
186.79.16.98 - - [19/Jan/2018:11:52:51 -0300] "GET /cormun/static/Shared/jqueryui/images/ui-bg_highlight-soft_100_c6c2c8_1x100.png HTTP/1.1" 404 1117
186.79.16.98 - - [19/Jan/2018:11:52:51 -0300] "GET /cormun/static/Shared/jqueryui/images/ui-icons_8d78a5_256x240.png HTTP/1.1" 404 1089
186.79.16.98 - - [19/Jan/2018:11:52:51 -0300] "GET /cormun/static/Shared/jqueryui/images/ui-icons_82798d_256x240.png HTTP/1.1" 404 1089
186.79.16.98 - - [19/Jan/2018:11:52:51 -0300] "GET /cormun/static/Shared/jqueryui/images/ui-bg_flat_55_fafafa_40x100.png HTTP/1.1" 404 1097
