186.67.172.234 - - [16/Jan/2018:09:10:31 -0300] "GET /cormun/servlet/trvisualizadoreventos? HTTP/1.1" 200 6961
186.67.172.234 - - [16/Jan/2018:09:10:31 -0300] "GET /cormun/static/gxcfg.js?20175251251426 HTTP/1.1" 200 953
186.67.172.234 - - [16/Jan/2018:09:10:32 -0300] "GET /cormun/static/trvisualizadoreventos.js?20175251251768 HTTP/1.1" 200 19318
186.67.172.234 - - [16/Jan/2018:09:10:32 -0300] "GET /cormun/static/Resources/PXToolsActionPrint.png HTTP/1.1" 200 3317
186.67.172.234 - - [16/Jan/2018:09:10:32 -0300] "GET /cormun/servlet/trvisualizadoreventos? HTTP/1.1" 200 6961
186.67.172.234 - - [16/Jan/2018:09:10:36 -0300] "GET /cormun/servlet/trautorizarsolicitud? HTTP/1.1" 200 7335
186.67.172.234 - - [16/Jan/2018:09:10:37 -0300] "GET /cormun/servlet/trautorizarsolicitud? HTTP/1.1" 200 7335
186.79.185.40 - - [16/Jan/2018:09:10:41 -0300] "GET /cormun/servlet/trsolicitudot? HTTP/1.1" 200 7400
186.79.185.40 - - [16/Jan/2018:09:10:41 -0300] "GET /cormun/static/gxcfg.js?2017111422585916 HTTP/1.1" 200 953
186.79.185.40 - - [16/Jan/2018:09:10:42 -0300] "GET /cormun/servlet/trsolicitudot? HTTP/1.1" 200 7400
186.67.172.234 - - [16/Jan/2018:09:10:49 -0300] "GET /cormun/servlet/trcontratounov2? HTTP/1.1" 200 17125
186.67.172.234 - - [16/Jan/2018:09:10:49 -0300] "GET /cormun/static/gxcfg.js?201752512124396 HTTP/1.1" 200 953
186.67.172.234 - - [16/Jan/2018:09:10:49 -0300] "GET /cormun/static/trcontratounov2.js?201752512125146 HTTP/1.1" 200 38486
186.67.172.234 - - [16/Jan/2018:09:10:49 -0300] "GET /cormun/static/Resources/PXToolsAddSelectedAction.png HTTP/1.1" 200 3660
186.67.172.234 - - [16/Jan/2018:09:10:50 -0300] "GET /cormun/servlet/trcontratounov2? HTTP/1.1" 200 17109
186.79.185.40 - - [16/Jan/2018:09:11:12 -0300] "POST /cormun/servlet/trsolicitudot?c55ae8ed773125b4a319a8defdf91ca3,,gx-no-cache=1516105177043 HTTP/1.1" 200 4476
186.67.172.234 - - [16/Jan/2018:09:11:15 -0300] "GET /cormun/servlet/trcontratosolicitud? HTTP/1.1" 200 14388
186.79.185.40 - - [16/Jan/2018:09:11:15 -0300] "GET /cormun/servlet/solicitudot?INS,0,0, HTTP/1.1" 200 14106
186.79.185.40 - - [16/Jan/2018:09:11:15 -0300] "GET /cormun/static/gxcfg.js?20181152144649 HTTP/1.1" 200 953
186.79.185.40 - - [16/Jan/2018:09:11:15 -0300] "GET /cormun/static/solicitudot.js?20181152144898 HTTP/1.1" 200 71576
186.67.172.234 - - [16/Jan/2018:09:11:15 -0300] "GET /cormun/servlet/trcontratosolicitud? HTTP/1.1" 200 14435
186.79.185.40 - - [16/Jan/2018:09:11:16 -0300] "GET /cormun/servlet/solicitudot?INS,0,0, HTTP/1.1" 200 14111
186.67.172.234 - - [16/Jan/2018:09:11:18 -0300] "GET /cormun/servlet/solicitudotcontratos?INS,2018,0,16881448,8,2,2017,7188,NADA,201712,30,M, HTTP/1.1" 200 9807
186.67.172.234 - - [16/Jan/2018:09:11:18 -0300] "GET /cormun/servlet/solicitudotcontratos?INS,2018,0,16881448,8,2,2017,7188,NADA,201712,30,M, HTTP/1.1" 200 9841
186.67.172.234 - - [16/Jan/2018:09:11:19 -0300] "GET /cormun/servlet/solicitudotcontratos?1afd900e3d99ca90d848fe02d024f5a8b3c0d816ff0c485b3ff2df0f4fac3d9db9ac7cd9859ca841481c5beb84bab892,gx-no-cache=1516104637420 HTTP/1.1" 200 30
186.67.172.234 - - [16/Jan/2018:09:11:19 -0300] "GET /cormun/servlet/solicitudotcontratos?1afd900e3d99ca90d848fe02d024f5a84d83e24ddbf8dcff282d72e4494ca2dd3e7927ff8ad1605a8a586309ae39611b,gx-no-cache=1516104637847 HTTP/1.1" 200 30
186.67.172.234 - - [16/Jan/2018:09:11:20 -0300] "GET /cormun/servlet/solicitudotcontratos?1afd900e3d99ca90d848fe02d024f5a8dec9755927e96bf10905f378d32ac8e029b6d2b58c055bf51e6bde5188a1da70c55866aa0ec99e518f4759f87ed576ba373c87982e00cf91b647ff07b19bc9bf865b0ad84f57122effb9c695ec43b24324f279d62d910c49585a4223b09daf72f71ce4d5db6bcbbe3e64e7408f004fda,gx-no-cache=1516104638194 HTTP/1.1" 200 48
186.67.172.234 - - [16/Jan/2018:09:11:20 -0300] "GET /cormun/servlet/solicitudotcontratos?1afd900e3d99ca90d848fe02d024f5a8e4bab8e7bfcb3f0a1790700a77e27e6cba58651a665d079b395af52667db080b,gx-no-cache=1516104638558 HTTP/1.1" 200 30
186.79.185.40 - - [16/Jan/2018:09:11:20 -0300] "GET /cormun/servlet/prfichaempleado?,MD,,gxPopupLevel%3D0%3B HTTP/1.1" 200 9345
186.67.172.234 - - [16/Jan/2018:09:11:20 -0300] "GET /cormun/servlet/solicitudotcontratos?1afd900e3d99ca90d848fe02d024f5a8a26459223f84c6c0ee44fa310436a92052d6dc280731355ac1fdc6cdbf2851918347dd0f42ade4881aaf3d4c2b9ba8b2e234c06f1cd3178c3f05d6fe74d129222d27e88c03657802640add2de92d44446b11b24137d1c2d1957c373f0fba0e15,gx-no-cache=1516104638636 HTTP/1.1" 200 30
186.79.185.40 - - [16/Jan/2018:09:11:20 -0300] "GET /cormun/static/gxcfg.js?20177612134814 HTTP/1.1" 200 953
186.67.172.234 - - [16/Jan/2018:09:11:20 -0300] "GET /cormun/servlet/solicitudotcontratos?1afd900e3d99ca90d848fe02d024f5a8615dde68679c95b0fbd912503f859dc8fa9e9e07b1a00c2ded5f17e3581e9ff94612956b699d82cdf78d1d33fea0f226832f865408340f0bc217acb739b32634572723c31f00f9f2d7dd5c21413861354da63bbc97d417895c615c081aced0bbefd184e69708916909542cdc58a19f0080d1ad0c1034164a39eb0cf02e3ed7d129c6aa6f9cb08937041ab318a4a08233ae8b9bd9ce9504e72c3fbcb9274281ab7b454b7688e7bef2cd456b429a6eb3e7cdaf9a4e2c34d2c206048e4d5ea16b8e3c682a9d94ad6eb87b960a12e2a57156e1fe3a096258b365be64473ea8f5ab0fd2b8dc4787b683444b71816eef9dcbfbbf2a0ff5008bd5b3944186f1531cbaff03193662d5d34058e8d961189916d9b3f18fa1fabfaed44e8ef6ac6146cd6803c11b5f73ce9cd54193257c2d957be36811615cf4553143e8a49cf7dd59c16e070fe0e7048bd97e4c88021ecae988f3a3725af7d2ca0cdcdc991529ad3b32a49cab2e83da1ee0a7fef442247a35fdd740428cb2bc335b669a777935d0ed4607133c97059abed8af0ccc2171fc7363addce0c9e4041be59e5ecf5bc4a19f1ab60b47a807b5c6961bb2f9fb31f2e6a065f823706e9c2b253bbcffb0489e75027b22489131c7cf0634080a7ad3738f68b6b9a21eaf16224bc899d6bd6a8e4ac170693c97059abed8af0ccc2171fc7363addc2a495c48ea894ae60621105b5cff6d8e23f4d7972f895370c0499c5b6926cf3e41282f49af8efca0b7f47b71e1a79d405d07460bc64069aac5879b6715bdff3a,gx-no-cache=1516104638734 HTTP/1.1" 200 72
186.79.185.40 - - [16/Jan/2018:09:11:54 -0300] "GET /cormun/servlet/prfichaempleado?,MD,,gxPopupLevel%3D0%3B HTTP/1.1" 200 9345
186.79.185.40 - - [16/Jan/2018:09:12:34 -0300] "GET /cormun/servlet/prfichaempleado?,MD,,gxPopupLevel%3D0%3B HTTP/1.1" 200 9345
186.79.185.40 - - [16/Jan/2018:09:12:46 -0300] "POST /cormun/servlet/prfichaempleado?c55ae8ed773125b4a319a8defdf91ca3,,MD,,gxPopupLevel%3D0%3B,gx-no-cache=1516105271525 HTTP/1.1" 200 6375
186.79.185.40 - - [16/Jan/2018:09:12:47 -0300] "GET /cormun/static/Resources/PXToolsGridFirst.gif HTTP/1.1" 200 379
186.79.185.40 - - [16/Jan/2018:09:12:47 -0300] "GET /cormun/static/Resources/PXToolsGridPrevious.gif HTTP/1.1" 200 369
186.79.185.40 - - [16/Jan/2018:09:12:56 -0300] "POST /cormun/servlet/prfichaempleado?c55ae8ed773125b4a319a8defdf91ca3,,MD,,gxPopupLevel%3D0%3B,gx-no-cache=1516105279692 HTTP/1.1" 200 6363
186.79.185.40 - - [16/Jan/2018:09:13:04 -0300] "POST /cormun/servlet/prfichaempleado?c55ae8ed773125b4a319a8defdf91ca3,,MD,,gxPopupLevel%3D0%3B,gx-no-cache=1516105288759 HTTP/1.1" 200 6294
186.79.185.40 - - [16/Jan/2018:09:13:12 -0300] "POST /cormun/servlet/prfichaempleado?c55ae8ed773125b4a319a8defdf91ca3,,MD,,gxPopupLevel%3D0%3B,gx-no-cache=1516105296349 HTTP/1.1" 200 6277
186.79.185.40 - - [16/Jan/2018:09:13:21 -0300] "POST /cormun/servlet/prfichaempleado?c55ae8ed773125b4a319a8defdf91ca3,,MD,,gxPopupLevel%3D0%3B,gx-no-cache=1516105304658 HTTP/1.1" 200 6355
186.79.185.40 - - [16/Jan/2018:09:13:34 -0300] "POST /cormun/servlet/prfichaempleado?c55ae8ed773125b4a319a8defdf91ca3,,MD,,gxPopupLevel%3D0%3B,gx-no-cache=1516105317561 HTTP/1.1" 200 6363
186.79.185.40 - - [16/Jan/2018:09:13:45 -0300] "POST /cormun/servlet/prfichaempleado?c55ae8ed773125b4a319a8defdf91ca3,,MD,,gxPopupLevel%3D0%3B,gx-no-cache=1516105328506 HTTP/1.1" 200 6378
192.168.10.62 - - [16/Jan/2018:09:13:53 -0300] "GET /cormun/servlet/hlogin HTTP/1.1" 200 1717
192.168.10.62 - - [16/Jan/2018:09:13:53 -0300] "GET /cormun/static/gxcfg.js?20175251213516 HTTP/1.1" 200 953
192.168.10.62 - - [16/Jan/2018:09:13:53 -0300] "GET /cormun/static/messages.spa.js?85251 HTTP/1.1" 304 -
186.79.185.40 - - [16/Jan/2018:09:14:02 -0300] "GET /cormun/servlet/prfichaempleado?,MD,,gxPopupLevel%3D0%3B HTTP/1.1" 200 9345
192.168.10.62 - - [16/Jan/2018:09:14:08 -0300] "POST /cormun/servlet/hlogin?46f15b3fe4c467c1523ba87011175c6e,gx-no-cache=1516104705197 HTTP/1.1" 200 90
192.168.10.62 - - [16/Jan/2018:09:14:08 -0300] "GET /cormun/servlet/hpexe_link HTTP/1.1" 200 950
192.168.10.62 - - [16/Jan/2018:09:14:08 -0300] "GET /cormun/static/gxcfg.js?20177612121792 HTTP/1.1" 200 953
192.168.10.62 - - [16/Jan/2018:09:14:09 -0300] "GET /cormun/servlet/hhome HTTP/1.1" 200 3857
192.168.10.62 - - [16/Jan/2018:09:14:09 -0300] "GET /cormun/static/gxcfg.js?20175251212442 HTTP/1.1" 200 953
186.79.185.40 - - [16/Jan/2018:09:14:10 -0300] "POST /cormun/servlet/prfichaempleado?c55ae8ed773125b4a319a8defdf91ca3,,MD,,gxPopupLevel%3D0%3B,gx-no-cache=1516105355163 HTTP/1.1" 200 6378
192.168.10.62 - - [16/Jan/2018:09:14:10 -0300] "GET /cormun/servlet/hhome HTTP/1.1" 200 3853
192.168.10.62 - - [16/Jan/2018:09:14:13 -0300] "GET /cormun/servlet/trconsultaempleado? HTTP/1.1" 200 9570
192.168.10.62 - - [16/Jan/2018:09:14:13 -0300] "GET /cormun/static/gxcfg.js?201762717543265 HTTP/1.1" 200 953
192.168.10.62 - - [16/Jan/2018:09:14:14 -0300] "GET /cormun/servlet/trconsultaempleado? HTTP/1.1" 200 9568
192.168.10.62 - - [16/Jan/2018:09:14:22 -0300] "POST /cormun/servlet/trconsultaempleado?46f15b3fe4c467c1523ba87011175c6e,,gx-no-cache=1516104719853 HTTP/1.1" 200 4069
192.168.10.62 - - [16/Jan/2018:09:14:27 -0300] "GET /cormun/servlet/trsolicitudnombre?16190133, HTTP/1.1" 200 10345
192.168.10.62 - - [16/Jan/2018:09:14:27 -0300] "GET /cormun/static/gxcfg.js?20177612153745 HTTP/1.1" 200 953
192.168.10.62 - - [16/Jan/2018:09:14:29 -0300] "GET /cormun/servlet/trsolicitudnombre?16190133, HTTP/1.1" 200 10347
192.168.10.62 - - [16/Jan/2018:09:14:32 -0300] "GET /cormun/servlet/vesolicitudnombre?2017,6525,, HTTP/1.1" 200 8144
192.168.10.62 - - [16/Jan/2018:09:14:32 -0300] "GET /cormun/static/gxcfg.js?20177612153644 HTTP/1.1" 200 953
192.168.10.62 - - [16/Jan/2018:09:14:32 -0300] "GET /cormun/pexe_scrolldiv.js HTTP/1.1" 404 1009
192.168.10.62 - - [16/Jan/2018:09:14:33 -0300] "GET /cormun/servlet/vesolicitudnombre?2017,6525,, HTTP/1.1" 200 8138
186.79.185.40 - - [16/Jan/2018:09:14:36 -0300] "GET /cormun/servlet/prfichaempleado?,MD,,gxPopupLevel%3D0%3B HTTP/1.1" 200 9345
192.168.10.62 - - [16/Jan/2018:09:14:37 -0300] "GET /cormun/servlet/vesolicitudnombre?2017,6525,,SolicitudOTAdjuntos HTTP/1.1" 200 7082
192.168.10.62 - - [16/Jan/2018:09:14:37 -0300] "GET /cormun/pexe_scrolldiv.js HTTP/1.1" 404 1009
192.168.10.62 - - [16/Jan/2018:09:14:37 -0300] "GET /cormun/static/tbsolicitudnombre02.js?201612218422876 HTTP/1.1" 200 14732
192.168.10.62 - - [16/Jan/2018:09:14:37 -0300] "GET /cormun/pexe_scrolldiv.js HTTP/1.1" 404 1009
192.168.10.62 - - [16/Jan/2018:09:14:38 -0300] "GET /cormun/servlet/vesolicitudnombre?2017,6525,,SolicitudOTAdjuntos HTTP/1.1" 200 7082
192.168.10.62 - - [16/Jan/2018:09:14:39 -0300] "POST /cormun/servlet/acontrolpreferencessavestate?None,FGONZALEZG,true HTTP/1.1" 200 35
192.168.10.62 - - [16/Jan/2018:09:14:40 -0300] "POST /cormun/servlet/vesolicitudnombre?46f15b3fe4c467c1523ba87011175c6e,2017,6525,,SolicitudOTAdjuntos,gx-no-cache=1516104738255 HTTP/1.1" 200 90
192.168.10.62 - - [16/Jan/2018:09:14:40 -0300] "GET /cormun/servlet/hpexe_link HTTP/1.1" 200 986
192.168.10.62 - - [16/Jan/2018:09:14:42 -0300] "GET /cormun/servlet/trsolicitudnombre?16190133, HTTP/1.1" 200 10344
186.79.185.40 - - [16/Jan/2018:09:14:44 -0300] "POST /cormun/servlet/prfichaempleado?c55ae8ed773125b4a319a8defdf91ca3,,MD,,gxPopupLevel%3D0%3B,gx-no-cache=1516105387364 HTTP/1.1" 200 6378
192.168.10.62 - - [16/Jan/2018:09:14:45 -0300] "GET /cormun/servlet/trsolicitudnombre?16190133, HTTP/1.1" 200 10347
192.168.10.62 - - [16/Jan/2018:09:14:51 -0300] "GET /cormun/servlet/vesolicitudnombre?2017,5931,, HTTP/1.1" 200 8127
192.168.10.62 - - [16/Jan/2018:09:14:51 -0300] "GET /cormun/pexe_scrolldiv.js HTTP/1.1" 404 1009
192.168.10.62 - - [16/Jan/2018:09:14:52 -0300] "GET /cormun/servlet/vesolicitudnombre?2017,5931,, HTTP/1.1" 200 8121
192.168.10.62 - - [16/Jan/2018:09:14:53 -0300] "GET /cormun/servlet/vesolicitudnombre?2017,5931,,SolicitudOTAdjuntos HTTP/1.1" 200 7082
192.168.10.62 - - [16/Jan/2018:09:14:53 -0300] "GET /cormun/pexe_scrolldiv.js HTTP/1.1" 404 1009
192.168.10.62 - - [16/Jan/2018:09:14:54 -0300] "GET /cormun/servlet/vesolicitudnombre?2017,5931,,SolicitudOTAdjuntos HTTP/1.1" 200 7082
192.168.10.62 - - [16/Jan/2018:09:14:55 -0300] "POST /cormun/servlet/acontrolpreferencessavestate?None,FGONZALEZG,true HTTP/1.1" 200 35
192.168.10.62 - - [16/Jan/2018:09:14:57 -0300] "POST /cormun/servlet/vesolicitudnombre?46f15b3fe4c467c1523ba87011175c6e,2017,5931,,SolicitudOTAdjuntos,gx-no-cache=1516104755477 HTTP/1.1" 200 90
192.168.10.62 - - [16/Jan/2018:09:14:57 -0300] "GET /cormun/servlet/hpexe_link HTTP/1.1" 200 987
192.168.10.62 - - [16/Jan/2018:09:14:58 -0300] "GET /cormun/servlet/trsolicitudnombre?16190133, HTTP/1.1" 200 10346
192.168.10.62 - - [16/Jan/2018:09:15:00 -0300] "GET /cormun/servlet/trsolicitudnombre?16190133, HTTP/1.1" 200 10347
192.168.10.62 - - [16/Jan/2018:09:15:01 -0300] "GET /cormun/servlet/vesolicitudnombre?2017,6525,, HTTP/1.1" 200 8144
192.168.10.62 - - [16/Jan/2018:09:15:02 -0300] "GET /cormun/pexe_scrolldiv.js HTTP/1.1" 404 1009
192.168.10.62 - - [16/Jan/2018:09:15:02 -0300] "GET /cormun/servlet/vesolicitudnombre?2017,6525,, HTTP/1.1" 200 8138
186.79.185.40 - - [16/Jan/2018:09:15:36 -0300] "POST /cormun/servlet/solicitudot?gx-no-cache=1516105401503 HTTP/1.1" 500 4102
192.168.10.62 - - [16/Jan/2018:09:15:57 -0300] "POST /cormun/servlet/vesolicitudnombre?46f15b3fe4c467c1523ba87011175c6e,2017,6525,,,gx-no-cache=1516104814867 HTTP/1.1" 200 90
192.168.10.62 - - [16/Jan/2018:09:15:57 -0300] "GET /cormun/servlet/hpexe_link HTTP/1.1" 200 974
192.168.10.62 - - [16/Jan/2018:09:15:58 -0300] "GET /cormun/servlet/trsolicitudnombre?16190133, HTTP/1.1" 200 10346
192.168.10.62 - - [16/Jan/2018:09:16:00 -0300] "GET /cormun/servlet/trsolicitudnombre?16190133, HTTP/1.1" 200 10347
186.79.185.40 - - [16/Jan/2018:09:16:01 -0300] "POST /cormun/servlet/solicitudot?c55ae8ed773125b4a319a8defdf91ca3,INS,0,0,,gx-no-cache=1516105466419 HTTP/1.1" 200 10887
186.79.185.40 - - [16/Jan/2018:09:16:01 -0300] "GET /cormun/servlet/solicitudot?6dffc506e64e9d6ed2c651e2b02a0a34cbe37c81a4ced983a7ac49f222dae18b3ce70b6e93b4686349eca5d2e3f030fa,gx-no-cache=1516105468149 HTTP/1.1" 200 111
186.79.185.40 - - [16/Jan/2018:09:16:01 -0300] "GET /cormun/static/Shared/jqueryui/images/ui-bg_highlight-soft_100_c6c2c8_1x100.png HTTP/1.1" 404 1117
192.168.10.62 - - [16/Jan/2018:09:16:02 -0300] "GET /cormun/servlet/vesolicitudnombre?2017,4272,, HTTP/1.1" 200 8141
186.79.185.40 - - [16/Jan/2018:09:16:02 -0300] "GET /cormun/static/Shared/jqueryui/images/ui-icons_ebccce_256x240.png HTTP/1.1" 404 1089
192.168.10.62 - - [16/Jan/2018:09:16:02 -0300] "GET /cormun/pexe_scrolldiv.js HTTP/1.1" 404 1009
186.79.185.40 - - [16/Jan/2018:09:16:02 -0300] "GET /cormun/static/Shared/jqueryui/images/ui-icons_82798d_256x240.png HTTP/1.1" 404 1089
186.79.185.40 - - [16/Jan/2018:09:16:02 -0300] "GET /cormun/static/Shared/jqueryui/images/ui-bg_flat_55_994d53_40x100.png HTTP/1.1" 404 1097
192.168.10.62 - - [16/Jan/2018:09:16:02 -0300] "GET /cormun/servlet/vesolicitudnombre?2017,4272,, HTTP/1.1" 200 8135
192.168.10.62 - - [16/Jan/2018:09:16:03 -0300] "GET /cormun/servlet/vesolicitudnombre?2017,4272,,SolicitudOTAdjuntos HTTP/1.1" 200 7082
192.168.10.62 - - [16/Jan/2018:09:16:03 -0300] "GET /cormun/pexe_scrolldiv.js HTTP/1.1" 404 1009
192.168.10.62 - - [16/Jan/2018:09:16:04 -0300] "GET /cormun/servlet/vesolicitudnombre?2017,4272,,SolicitudOTAdjuntos HTTP/1.1" 200 7082
192.168.10.62 - - [16/Jan/2018:09:16:05 -0300] "POST /cormun/servlet/acontrolpreferencessavestate?None,FGONZALEZG,true HTTP/1.1" 200 35
192.168.10.62 - - [16/Jan/2018:09:16:06 -0300] "POST /cormun/servlet/vesolicitudnombre?46f15b3fe4c467c1523ba87011175c6e,2017,4272,,SolicitudOTAdjuntos,gx-no-cache=1516104824606 HTTP/1.1" 200 90
192.168.10.62 - - [16/Jan/2018:09:16:06 -0300] "GET /cormun/servlet/hpexe_link HTTP/1.1" 200 986
192.168.10.62 - - [16/Jan/2018:09:16:07 -0300] "GET /cormun/servlet/trsolicitudnombre?16190133, HTTP/1.1" 200 10345
192.168.10.62 - - [16/Jan/2018:09:16:09 -0300] "GET /cormun/servlet/trsolicitudnombre?16190133, HTTP/1.1" 200 10347
192.168.10.62 - - [16/Jan/2018:09:16:12 -0300] "GET /cormun/servlet/vesolicitudnombre?2016,1305,, HTTP/1.1" 200 8128
192.168.10.62 - - [16/Jan/2018:09:16:12 -0300] "GET /cormun/pexe_scrolldiv.js HTTP/1.1" 404 1009
192.168.10.62 - - [16/Jan/2018:09:16:12 -0300] "GET /cormun/servlet/vesolicitudnombre?2016,1305,, HTTP/1.1" 200 8122
192.168.10.62 - - [16/Jan/2018:09:16:15 -0300] "GET /cormun/servlet/vesolicitudnombre?2016,1305,,SolicitudOTAdjuntos HTTP/1.1" 200 7084
192.168.10.62 - - [16/Jan/2018:09:16:15 -0300] "GET /cormun/pexe_scrolldiv.js HTTP/1.1" 404 1009
192.168.10.62 - - [16/Jan/2018:09:16:15 -0300] "GET /cormun/servlet/vesolicitudnombre?2016,1305,,SolicitudOTAdjuntos HTTP/1.1" 200 7084
192.168.10.62 - - [16/Jan/2018:09:16:16 -0300] "POST /cormun/servlet/acontrolpreferencessavestate?None,FGONZALEZG,true HTTP/1.1" 200 35
192.168.10.62 - - [16/Jan/2018:09:16:17 -0300] "POST /cormun/servlet/vesolicitudnombre?46f15b3fe4c467c1523ba87011175c6e,2016,1305,,SolicitudOTAdjuntos,gx-no-cache=1516104835324 HTTP/1.1" 200 90
192.168.10.62 - - [16/Jan/2018:09:16:17 -0300] "GET /cormun/servlet/hpexe_link HTTP/1.1" 200 987
192.168.10.62 - - [16/Jan/2018:09:16:18 -0300] "GET /cormun/servlet/trsolicitudnombre?16190133, HTTP/1.1" 200 10346
192.168.10.62 - - [16/Jan/2018:09:16:19 -0300] "GET /cormun/servlet/trsolicitudnombre?16190133, HTTP/1.1" 200 10347
192.168.10.62 - - [16/Jan/2018:09:16:20 -0300] "GET /cormun/servlet/vesolicitudnombre?2016,1557,, HTTP/1.1" 200 8158
192.168.10.62 - - [16/Jan/2018:09:16:20 -0300] "GET /cormun/pexe_scrolldiv.js HTTP/1.1" 404 1009
192.168.10.62 - - [16/Jan/2018:09:16:21 -0300] "GET /cormun/servlet/vesolicitudnombre?2016,1557,, HTTP/1.1" 200 8152
192.168.10.62 - - [16/Jan/2018:09:16:22 -0300] "GET /cormun/servlet/vesolicitudnombre?2016,1557,,SolicitudOTAdjuntos HTTP/1.1" 200 7084
192.168.10.62 - - [16/Jan/2018:09:16:23 -0300] "GET /cormun/pexe_scrolldiv.js HTTP/1.1" 404 1009
192.168.10.62 - - [16/Jan/2018:09:16:23 -0300] "GET /cormun/servlet/vesolicitudnombre?2016,1557,,SolicitudOTAdjuntos HTTP/1.1" 200 7083
192.168.10.62 - - [16/Jan/2018:09:16:24 -0300] "POST /cormun/servlet/acontrolpreferencessavestate?None,FGONZALEZG,true HTTP/1.1" 200 35
192.168.10.62 - - [16/Jan/2018:09:16:28 -0300] "POST /cormun/servlet/vesolicitudnombre?46f15b3fe4c467c1523ba87011175c6e,2016,1557,,SolicitudOTAdjuntos,gx-no-cache=1516104846036 HTTP/1.1" 200 90
192.168.10.62 - - [16/Jan/2018:09:16:28 -0300] "GET /cormun/servlet/hpexe_link HTTP/1.1" 200 987
192.168.10.62 - - [16/Jan/2018:09:16:29 -0300] "GET /cormun/servlet/trsolicitudnombre?16190133, HTTP/1.1" 200 10345
192.168.10.62 - - [16/Jan/2018:09:16:30 -0300] "GET /cormun/servlet/trsolicitudnombre?16190133, HTTP/1.1" 200 10347
192.168.10.62 - - [16/Jan/2018:09:16:33 -0300] "GET /cormun/servlet/vesolicitudnombre?2016,2072,, HTTP/1.1" 200 8148
192.168.10.62 - - [16/Jan/2018:09:16:33 -0300] "GET /cormun/pexe_scrolldiv.js HTTP/1.1" 404 1009
192.168.10.62 - - [16/Jan/2018:09:16:34 -0300] "GET /cormun/servlet/vesolicitudnombre?2016,2072,, HTTP/1.1" 200 8142
192.168.10.62 - - [16/Jan/2018:09:16:37 -0300] "POST /cormun/servlet/vesolicitudnombre?46f15b3fe4c467c1523ba87011175c6e,2016,2072,,,gx-no-cache=1516104854907 HTTP/1.1" 200 90
192.168.10.62 - - [16/Jan/2018:09:16:37 -0300] "GET /cormun/servlet/hpexe_link HTTP/1.1" 200 976
192.168.10.62 - - [16/Jan/2018:09:16:40 -0300] "GET /cormun/servlet/trsolicitudnombre?16190133, HTTP/1.1" 200 10346
192.168.10.62 - - [16/Jan/2018:09:16:43 -0300] "GET /cormun/servlet/trsolicitudnombre?16190133, HTTP/1.1" 200 10346
192.168.10.62 - - [16/Jan/2018:09:16:44 -0300] "GET /cormun/servlet/vesolicitudnombre?2016,2146,, HTTP/1.1" 200 8126
192.168.10.62 - - [16/Jan/2018:09:16:44 -0300] "GET /cormun/pexe_scrolldiv.js HTTP/1.1" 404 1009
192.168.10.62 - - [16/Jan/2018:09:16:45 -0300] "GET /cormun/servlet/vesolicitudnombre?2016,2146,, HTTP/1.1" 200 8120
192.168.10.62 - - [16/Jan/2018:09:16:48 -0300] "POST /cormun/servlet/vesolicitudnombre?46f15b3fe4c467c1523ba87011175c6e,2016,2146,,,gx-no-cache=1516104866444 HTTP/1.1" 200 90
192.168.10.62 - - [16/Jan/2018:09:16:48 -0300] "GET /cormun/servlet/hpexe_link HTTP/1.1" 200 976
192.168.10.62 - - [16/Jan/2018:09:16:49 -0300] "GET /cormun/servlet/trsolicitudnombre?16190133, HTTP/1.1" 200 10345
192.168.10.62 - - [16/Jan/2018:09:16:50 -0300] "GET /cormun/servlet/trsolicitudnombre?16190133, HTTP/1.1" 200 10347
192.168.10.62 - - [16/Jan/2018:09:16:52 -0300] "GET /cormun/servlet/vesolicitudnombre?2016,2199,, HTTP/1.1" 200 8126
192.168.10.62 - - [16/Jan/2018:09:16:52 -0300] "GET /cormun/pexe_scrolldiv.js HTTP/1.1" 404 1009
192.168.10.62 - - [16/Jan/2018:09:16:53 -0300] "GET /cormun/servlet/vesolicitudnombre?2016,2199,, HTTP/1.1" 200 8119
192.168.10.62 - - [16/Jan/2018:09:16:54 -0300] "GET /cormun/servlet/vesolicitudnombre?2016,2199,,SolicitudOTAdjuntos HTTP/1.1" 200 7084
192.168.10.62 - - [16/Jan/2018:09:16:54 -0300] "GET /cormun/pexe_scrolldiv.js HTTP/1.1" 404 1009
192.168.10.62 - - [16/Jan/2018:09:16:55 -0300] "GET /cormun/servlet/vesolicitudnombre?2016,2199,,SolicitudOTAdjuntos HTTP/1.1" 200 7084
192.168.10.62 - - [16/Jan/2018:09:16:56 -0300] "POST /cormun/servlet/acontrolpreferencessavestate?None,FGONZALEZG,true HTTP/1.1" 200 35
192.168.10.62 - - [16/Jan/2018:09:16:57 -0300] "POST /cormun/servlet/vesolicitudnombre?46f15b3fe4c467c1523ba87011175c6e,2016,2199,,SolicitudOTAdjuntos,gx-no-cache=1516104874931 HTTP/1.1" 200 90
192.168.10.62 - - [16/Jan/2018:09:16:57 -0300] "GET /cormun/servlet/hpexe_link HTTP/1.1" 200 987
192.168.10.62 - - [16/Jan/2018:09:16:58 -0300] "GET /cormun/servlet/trsolicitudnombre?16190133, HTTP/1.1" 200 10346
186.79.185.40 - - [16/Jan/2018:09:16:59 -0300] "GET /cormun/servlet/prfichaempleado?,MD,,gxPopupLevel%3D0%3B HTTP/1.1" 200 9345
192.168.10.62 - - [16/Jan/2018:09:17:01 -0300] "GET /cormun/servlet/vesolicitudnombre?2016,2199,, HTTP/1.1" 200 8126
192.168.10.62 - - [16/Jan/2018:09:17:01 -0300] "GET /cormun/pexe_scrolldiv.js HTTP/1.1" 404 1009
192.168.10.62 - - [16/Jan/2018:09:17:01 -0300] "GET /cormun/pexe_scrolldiv.js HTTP/1.1" 404 1009
192.168.10.62 - - [16/Jan/2018:09:17:02 -0300] "GET /cormun/servlet/trsolicitudnombre?16190133, HTTP/1.1" 200 10302
192.168.10.62 - - [16/Jan/2018:09:17:02 -0300] "GET /cormun/servlet/vesolicitudnombre?2016,2199,, HTTP/1.1" 200 8119
192.168.10.62 - - [16/Jan/2018:09:17:04 -0300] "GET /cormun/servlet/vesolicitudnombre?2016,2199,,SolicitudOTAdjuntos HTTP/1.1" 200 7084
192.168.10.62 - - [16/Jan/2018:09:17:04 -0300] "GET /cormun/pexe_scrolldiv.js HTTP/1.1" 404 1009
192.168.10.62 - - [16/Jan/2018:09:17:04 -0300] "GET /cormun/pexe_scrolldiv.js HTTP/1.1" 404 1009
192.168.10.62 - - [16/Jan/2018:09:17:05 -0300] "GET /cormun/servlet/vesolicitudnombre?2016,2199,,SolicitudOTAdjuntos HTTP/1.1" 200 7084
192.168.10.62 - - [16/Jan/2018:09:17:05 -0300] "POST /cormun/servlet/acontrolpreferencessavestate?None,FGONZALEZG,true HTTP/1.1" 200 35
192.168.10.62 - - [16/Jan/2018:09:17:07 -0300] "POST /cormun/servlet/vesolicitudnombre?46f15b3fe4c467c1523ba87011175c6e,2016,2199,,SolicitudOTAdjuntos,gx-no-cache=1516104884763 HTTP/1.1" 200 90
192.168.10.62 - - [16/Jan/2018:09:17:07 -0300] "GET /cormun/servlet/hpexe_link HTTP/1.1" 200 987
186.79.185.40 - - [16/Jan/2018:09:17:11 -0300] "POST /cormun/servlet/prfichaempleado?c55ae8ed773125b4a319a8defdf91ca3,,MD,,gxPopupLevel%3D0%3B,gx-no-cache=1516105535812 HTTP/1.1" 200 6378
192.168.10.62 - - [16/Jan/2018:09:17:11 -0300] "GET /cormun/servlet/trsolicitudnombre?16190133, HTTP/1.1" 200 10346
192.168.10.62 - - [16/Jan/2018:09:17:16 -0300] "GET /cormun/servlet/trsolicitudnombre?16190133, HTTP/1.1" 200 10347
186.79.185.40 - - [16/Jan/2018:09:17:23 -0300] "POST /cormun/servlet/solicitudot?gx-no-cache=1516105547225 HTTP/1.1" 200 3861
192.168.10.62 - - [16/Jan/2018:09:17:25 -0300] "GET /cormun/servlet/vesolicitudnombre?2017,6525,, HTTP/1.1" 200 8144
192.168.10.62 - - [16/Jan/2018:09:17:25 -0300] "GET /cormun/pexe_scrolldiv.js HTTP/1.1" 404 1009
192.168.10.62 - - [16/Jan/2018:09:17:26 -0300] "GET /cormun/servlet/vesolicitudnombre?2017,6525,, HTTP/1.1" 200 8138
186.79.185.40 - - [16/Jan/2018:09:17:27 -0300] "POST /cormun/servlet/solicitudot?c55ae8ed773125b4a319a8defdf91ca3,INS,0,0,,gx-no-cache=1516105550476 HTTP/1.1" 200 11074
192.168.10.62 - - [16/Jan/2018:09:17:27 -0300] "GET /cormun/servlet/vesolicitudnombre?2017,6525,,SolicitudOTAdjuntos HTTP/1.1" 200 7082
192.168.10.62 - - [16/Jan/2018:09:17:28 -0300] "GET /cormun/pexe_scrolldiv.js HTTP/1.1" 404 1009
186.79.185.40 - - [16/Jan/2018:09:17:28 -0300] "GET /cormun/servlet/solicitudot?6dffc506e64e9d6ed2c651e2b02a0a348067d6aff94e784b07b4b564f853f03d25e9f46f74ea477b7fef3004f2d1a931,gx-no-cache=1516105554808 HTTP/1.1" 200 30
192.168.10.62 - - [16/Jan/2018:09:17:28 -0300] "GET /cormun/servlet/vesolicitudnombre?2017,6525,,SolicitudOTAdjuntos HTTP/1.1" 200 7082
192.168.10.62 - - [16/Jan/2018:09:17:29 -0300] "POST /cormun/servlet/acontrolpreferencessavestate?None,FGONZALEZG,true HTTP/1.1" 200 35
192.168.10.62 - - [16/Jan/2018:09:17:30 -0300] "POST /cormun/servlet/vesolicitudnombre?46f15b3fe4c467c1523ba87011175c6e,2017,6525,,SolicitudOTAdjuntos,gx-no-cache=1516104908371 HTTP/1.1" 200 90
192.168.10.62 - - [16/Jan/2018:09:17:30 -0300] "GET /cormun/servlet/hpexe_link HTTP/1.1" 200 986
192.168.10.62 - - [16/Jan/2018:09:17:31 -0300] "GET /cormun/servlet/trsolicitudnombre?16190133, HTTP/1.1" 200 10344
192.168.10.62 - - [16/Jan/2018:09:17:32 -0300] "GET /cormun/servlet/trsolicitudnombre?16190133, HTTP/1.1" 200 10347
192.168.10.62 - - [16/Jan/2018:09:17:34 -0300] "POST /cormun/servlet/trsolicitudnombre?46f15b3fe4c467c1523ba87011175c6e,16190133,,gx-no-cache=1516104912299 HTTP/1.1" 200 90
192.168.10.62 - - [16/Jan/2018:09:17:34 -0300] "GET /cormun/servlet/hpexe_link HTTP/1.1" 200 975
192.168.10.62 - - [16/Jan/2018:09:17:34 -0300] "GET /cormun/servlet/trconsultaempleado? HTTP/1.1" 200 6325
192.168.10.62 - - [16/Jan/2018:09:17:35 -0300] "GET /cormun/servlet/trconsultaempleado? HTTP/1.1" 200 6324
186.79.185.40 - - [16/Jan/2018:09:17:35 -0300] "POST /cormun/servlet/solicitudot?gx-no-cache=1516105562005 HTTP/1.1" 200 45
186.79.185.40 - - [16/Jan/2018:09:17:36 -0300] "POST /cormun/servlet/solicitudot?gx-no-cache=1516105562355 HTTP/1.1" 200 255
186.79.185.40 - - [16/Jan/2018:09:17:36 -0300] "GET /cormun/servlet/solicitudot?6dffc506e64e9d6ed2c651e2b02a0a34dda7bb0dd24377c072da0b972d2ef0a0570eab9095bc8fb8d0a211b916454075c8956d68c4b8bba98a54dbbf0ca42af58b859a76d7bd53d3217c9e183965146ac9b793543a681984ddf9b931a0841f2f635622eeef253ed03d2e6260b0f319bf0e834325a2a7727316513abcf0c3681da0536d8a8357444f0bc47dec6ef33afe6e619b6da32ec97aae49b72e3a5c6c27da0d7a65a914373cf6d3f765b56887e590752d45bacf4ac00b757a811608d287bd07a44fd24cd8f39da9dda1570bbd2ea4b2f6f07c34657465a46b97ede861e6de5172d5dab1bc34fc5f50372b0f7339f996b3fc5fb0d83405feea8837855b17644007c4a69892bd68bf007d9c14394750e6e3698fb9ce28252d2dda609cad764276fbe235208e3e44f84cd588952c78bdfe217f07a007b8d4bd1cf67795ab7d7fd03be48d8bc044b1355fd5345791486674712375cf572005a8ad856b0eac4de69239fdff7c224b359761639bc2de21f2f6c83b4d78ebbc593ac9d68a4e4d34,gx-no-cache=1516105563315 HTTP/1.1" 200 30
186.79.185.40 - - [16/Jan/2018:09:17:37 -0300] "POST /cormun/servlet/solicitudot?gx-no-cache=1516105563610 HTTP/1.1" 200 30
186.79.185.40 - - [16/Jan/2018:09:17:38 -0300] "POST /cormun/servlet/solicitudot?gx-no-cache=1516105564417 HTTP/1.1" 200 1357
186.79.185.40 - - [16/Jan/2018:09:17:38 -0300] "POST /cormun/servlet/solicitudot?gx-no-cache=1516105564815 HTTP/1.1" 200 38
186.79.185.40 - - [16/Jan/2018:09:17:56 -0300] "POST /cormun/servlet/solicitudot?gx-no-cache=1516105581625 HTTP/1.1" 200 1357
186.79.185.40 - - [16/Jan/2018:09:17:57 -0300] "POST /cormun/servlet/solicitudot?gx-no-cache=1516105582995 HTTP/1.1" 200 38
200.74.87.109 - - [16/Jan/2018:09:18:22 -0300] "POST /cormun/servlet/solicitudotadjuntos?gx-no-cache=1516105061176 HTTP/1.1" 200 26
186.79.185.40 - - [16/Jan/2018:09:18:38 -0300] "POST /cormun/servlet/solicitudot?gx-no-cache=1516105622071 HTTP/1.1" 200 1357
186.79.185.40 - - [16/Jan/2018:09:18:38 -0300] "POST /cormun/servlet/solicitudot?gx-no-cache=1516105625313 HTTP/1.1" 200 38
186.79.185.40 - - [16/Jan/2018:09:18:41 -0300] "GET /cormun/servlet/solicitudot?6dffc506e64e9d6ed2c651e2b02a0a344a50e2df863ba830dab4f6d9d3a7ee02804f644f7100ade74268cdf5d15250a42df088c9bb6a4b525298562442f36ba359c79dc71eac5053d77e24af97bec0e778f2b927d1d7ca6610dee2ad19e57144f226aea09210e57ef1c00b244b3cc304e2075d026f16f8e2bbf94d9253a5619db2a5d379d02c9f8a08f6df5a054fc26e308cac29395157ada36b4368ebc9b007,gx-no-cache=1516105627622 HTTP/1.1" 200 29
186.79.185.40 - - [16/Jan/2018:09:18:42 -0300] "POST /cormun/servlet/solicitudot?gx-no-cache=1516105627968 HTTP/1.1" 200 1340
186.79.185.40 - - [16/Jan/2018:09:18:42 -0300] "POST /cormun/servlet/solicitudot?gx-no-cache=1516105628878 HTTP/1.1" 200 1221
186.79.185.40 - - [16/Jan/2018:09:18:43 -0300] "GET /cormun/servlet/solicitudot?6dffc506e64e9d6ed2c651e2b02a0a34d90023bbac64a81b39c32b450a341c9d,gx-no-cache=1516105629739 HTTP/1.1" 200 30
186.79.185.40 - - [16/Jan/2018:09:18:44 -0300] "POST /cormun/servlet/solicitudot?gx-no-cache=1516105630130 HTTP/1.1" 200 30
186.79.185.40 - - [16/Jan/2018:09:18:44 -0300] "GET /cormun/static/menuarrow.gif HTTP/1.1" 404 1015
186.79.185.40 - - [16/Jan/2018:09:18:51 -0300] "GET /cormun/servlet/solicitudot?6dffc506e64e9d6ed2c651e2b02a0a349e1dd23d06e593fb8035d020a996af223ab32537d27b8357b9b7a267c456d028,gx-no-cache=1516105638322 HTTP/1.1" 200 30
186.79.185.40 - - [16/Jan/2018:09:19:05 -0300] "POST /cormun/servlet/solicitudot?gx-no-cache=1516105651686 HTTP/1.1" 200 30
200.74.87.109 - - [16/Jan/2018:09:19:07 -0300] "GET /cormun/servlet/solicitudotadjuntos?67b5b4ba3c56dc7aa58618a818397742d9eb813ea48e64b5df4b6bdf3e09c32d,gx-no-cache=1516105107393 HTTP/1.1" 200 30
200.74.87.109 - - [16/Jan/2018:09:19:08 -0300] "GET /cormun/servlet/solicitudotadjuntos?67b5b4ba3c56dc7aa58618a818397742d9eb813ea48e64b5df4b6bdf3e09c32d,gx-no-cache=1516105107568 HTTP/1.1" 200 30
200.74.87.109 - - [16/Jan/2018:09:19:12 -0300] "POST /cormun/servlet/solicitudotadjuntos?4741c40745d15ec8bf5b5205d039d3df,INS,2018,9302,,1, HTTP/1.1" 200 116
200.74.87.109 - - [16/Jan/2018:09:19:12 -0300] "GET /cormun/servlet/hpexe_return? HTTP/1.1" 200 1026
200.74.87.109 - - [16/Jan/2018:09:19:12 -0300] "GET /cormun/static/gxcfg.js?2016101716175148 HTTP/1.1" 200 953
200.74.87.109 - - [16/Jan/2018:09:19:12 -0300] "GET /cormun/static/hpexe_return.js?2016101716175153 HTTP/1.1" 200 1633
200.74.87.109 - - [16/Jan/2018:09:19:13 -0300] "GET /cormun/servlet/trsolicitudadjuntos?2018,9302, HTTP/1.1" 200 8757
200.74.87.109 - - [16/Jan/2018:09:19:14 -0300] "GET /cormun/servlet/trsolicitudadjuntos?2018,9302, HTTP/1.1" 200 8756
200.74.87.109 - - [16/Jan/2018:09:19:20 -0300] "GET /cormun/servlet/solicitudotadjuntos?INS,2018,9302,,1, HTTP/1.1" 200 6355
200.74.87.109 - - [16/Jan/2018:09:19:20 -0300] "GET /cormun/static/about:blank HTTP/1.1" 404 1011
200.74.87.109 - - [16/Jan/2018:09:19:21 -0300] "GET /cormun/servlet/solicitudotadjuntos?INS,2018,9302,,1, HTTP/1.1" 200 6349
200.74.87.109 - - [16/Jan/2018:09:19:21 -0300] "GET /cormun/servlet/solicitudotadjuntos?67b5b4ba3c56dc7aa58618a81839774241d6c9ad736bd361e0e9109cb645e07f8bc4dd22da25c6a8642258f20fd5f23e,gx-no-cache=1516105120630 HTTP/1.1" 200 30
200.74.87.109 - - [16/Jan/2018:09:19:22 -0300] "POST /cormun/servlet/solicitudotadjuntos?4741c40745d15ec8bf5b5205d039d3df,INS,2018,9302,,1,,gx-no-cache=1516105120777 HTTP/1.1" 200 4026
200.74.87.109 - - [16/Jan/2018:09:19:25 -0300] "POST /cormun/servlet/solicitudotadjuntos?gx-no-cache=1516105125440 HTTP/1.1" 200 26
200.74.87.109 - - [16/Jan/2018:09:19:38 -0300] "GET /cormun/servlet/solicitudotadjuntos?67b5b4ba3c56dc7aa58618a818397742d9eb813ea48e64b5df4b6bdf3e09c32d,gx-no-cache=1516105137517 HTTP/1.1" 200 30
200.74.87.109 - - [16/Jan/2018:09:19:38 -0300] "GET /cormun/servlet/solicitudotadjuntos?67b5b4ba3c56dc7aa58618a818397742d9eb813ea48e64b5df4b6bdf3e09c32d,gx-no-cache=1516105137916 HTTP/1.1" 200 30
186.79.185.40 - - [16/Jan/2018:09:19:40 -0300] "POST /cormun/servlet/solicitudot?c55ae8ed773125b4a319a8defdf91ca3,INS,0,0,,gx-no-cache=1516105684243 HTTP/1.1" 200 12494
200.74.87.109 - - [16/Jan/2018:09:19:40 -0300] "POST /cormun/servlet/solicitudotadjuntos?4741c40745d15ec8bf5b5205d039d3df,INS,2018,9302,,1, HTTP/1.1" 200 116
200.74.87.109 - - [16/Jan/2018:09:19:41 -0300] "GET /cormun/servlet/hpexe_return? HTTP/1.1" 200 1026
200.74.87.109 - - [16/Jan/2018:09:19:43 -0300] "GET /cormun/servlet/trsolicitudadjuntos?2018,9302, HTTP/1.1" 200 8993
200.74.87.109 - - [16/Jan/2018:09:19:44 -0300] "GET /cormun/servlet/trsolicitudadjuntos?2018,9302, HTTP/1.1" 200 8994
200.74.87.109 - - [16/Jan/2018:09:19:46 -0300] "GET /cormun/servlet/solicitudotadjuntos?INS,2018,9302,,1, HTTP/1.1" 200 6354
200.74.87.109 - - [16/Jan/2018:09:19:47 -0300] "GET /cormun/static/about:blank HTTP/1.1" 404 1011
200.74.87.109 - - [16/Jan/2018:09:19:47 -0300] "GET /cormun/servlet/solicitudotadjuntos?INS,2018,9302,,1, HTTP/1.1" 200 6348
200.74.87.109 - - [16/Jan/2018:09:19:47 -0300] "GET /cormun/servlet/solicitudotadjuntos?67b5b4ba3c56dc7aa58618a81839774241d6c9ad736bd361e0e9109cb645e07f8bc4dd22da25c6a8642258f20fd5f23e,gx-no-cache=1516105147048 HTTP/1.1" 200 30
200.74.87.109 - - [16/Jan/2018:09:19:49 -0300] "POST /cormun/servlet/solicitudotadjuntos?4741c40745d15ec8bf5b5205d039d3df,INS,2018,9302,,1,,gx-no-cache=1516105147162 HTTP/1.1" 200 4025
200.74.87.109 - - [16/Jan/2018:09:19:51 -0300] "POST /cormun/servlet/solicitudotadjuntos?gx-no-cache=1516105151063 HTTP/1.1" 200 26
200.74.87.109 - - [16/Jan/2018:09:19:59 -0300] "GET /cormun/servlet/solicitudotadjuntos?67b5b4ba3c56dc7aa58618a818397742d9eb813ea48e64b5df4b6bdf3e09c32d,gx-no-cache=1516105159160 HTTP/1.1" 200 30
200.74.87.109 - - [16/Jan/2018:09:19:59 -0300] "GET /cormun/servlet/solicitudotadjuntos?67b5b4ba3c56dc7aa58618a818397742d9eb813ea48e64b5df4b6bdf3e09c32d,gx-no-cache=1516105159264 HTTP/1.1" 200 30
200.74.87.109 - - [16/Jan/2018:09:20:04 -0300] "POST /cormun/servlet/solicitudotadjuntos?4741c40745d15ec8bf5b5205d039d3df,INS,2018,9302,,1, HTTP/1.1" 200 116
200.74.87.109 - - [16/Jan/2018:09:20:04 -0300] "GET /cormun/servlet/hpexe_return? HTTP/1.1" 200 1026
200.74.87.109 - - [16/Jan/2018:09:20:04 -0300] "GET /cormun/servlet/trsolicitudadjuntos?2018,9302, HTTP/1.1" 200 9161
200.74.87.109 - - [16/Jan/2018:09:20:06 -0300] "GET /cormun/servlet/trsolicitudadjuntos?2018,9302, HTTP/1.1" 200 9158
200.74.87.109 - - [16/Jan/2018:09:20:08 -0300] "GET /cormun/servlet/solicitudotadjuntos?INS,2018,9302,,1, HTTP/1.1" 200 6354
200.74.87.109 - - [16/Jan/2018:09:20:09 -0300] "GET /cormun/static/about:blank HTTP/1.1" 404 1011
200.74.87.109 - - [16/Jan/2018:09:20:09 -0300] "GET /cormun/servlet/solicitudotadjuntos?INS,2018,9302,,1, HTTP/1.1" 200 6348
200.74.87.109 - - [16/Jan/2018:09:20:10 -0300] "GET /cormun/servlet/solicitudotadjuntos?67b5b4ba3c56dc7aa58618a81839774241d6c9ad736bd361e0e9109cb645e07f8bc4dd22da25c6a8642258f20fd5f23e,gx-no-cache=1516105169188 HTTP/1.1" 200 30
200.74.87.109 - - [16/Jan/2018:09:20:10 -0300] "POST /cormun/servlet/solicitudotadjuntos?4741c40745d15ec8bf5b5205d039d3df,INS,2018,9302,,1,,gx-no-cache=1516105169620 HTTP/1.1" 200 4025
200.74.87.109 - - [16/Jan/2018:09:20:14 -0300] "POST /cormun/servlet/solicitudotadjuntos?gx-no-cache=1516105173701 HTTP/1.1" 200 26
200.74.87.109 - - [16/Jan/2018:09:20:20 -0300] "GET /cormun/servlet/solicitudotadjuntos?67b5b4ba3c56dc7aa58618a818397742d9eb813ea48e64b5df4b6bdf3e09c32d,gx-no-cache=1516105180079 HTTP/1.1" 200 30
200.74.87.109 - - [16/Jan/2018:09:20:20 -0300] "GET /cormun/servlet/solicitudotadjuntos?67b5b4ba3c56dc7aa58618a818397742d9eb813ea48e64b5df4b6bdf3e09c32d,gx-no-cache=1516105180181 HTTP/1.1" 200 30
200.74.87.109 - - [16/Jan/2018:09:20:23 -0300] "POST /cormun/servlet/solicitudotadjuntos?4741c40745d15ec8bf5b5205d039d3df,INS,2018,9302,,1, HTTP/1.1" 200 116
200.74.87.109 - - [16/Jan/2018:09:20:23 -0300] "GET /cormun/servlet/hpexe_return? HTTP/1.1" 200 1026
200.74.87.109 - - [16/Jan/2018:09:20:23 -0300] "GET /cormun/servlet/trsolicitudadjuntos?2018,9302, HTTP/1.1" 200 9365
200.74.87.109 - - [16/Jan/2018:09:20:24 -0300] "GET /cormun/servlet/trsolicitudadjuntos?2018,9302, HTTP/1.1" 200 9364
200.74.87.109 - - [16/Jan/2018:09:20:26 -0300] "GET /cormun/servlet/solicitudotadjuntos?INS,2018,9302,,1, HTTP/1.1" 200 6354
200.74.87.109 - - [16/Jan/2018:09:20:27 -0300] "GET /cormun/static/about:blank HTTP/1.1" 404 1011
200.74.87.109 - - [16/Jan/2018:09:20:27 -0300] "GET /cormun/servlet/solicitudotadjuntos?INS,2018,9302,,1, HTTP/1.1" 200 6348
200.74.87.109 - - [16/Jan/2018:09:20:27 -0300] "GET /cormun/servlet/solicitudotadjuntos?67b5b4ba3c56dc7aa58618a81839774241d6c9ad736bd361e0e9109cb645e07f8bc4dd22da25c6a8642258f20fd5f23e,gx-no-cache=1516105187238 HTTP/1.1" 200 30
200.74.87.109 - - [16/Jan/2018:09:20:28 -0300] "POST /cormun/servlet/solicitudotadjuntos?4741c40745d15ec8bf5b5205d039d3df,INS,2018,9302,,1,,gx-no-cache=1516105187448 HTTP/1.1" 200 4025
200.74.87.109 - - [16/Jan/2018:09:20:34 -0300] "POST /cormun/servlet/solicitudotadjuntos?gx-no-cache=1516105192881 HTTP/1.1" 200 26
186.79.185.40 - - [16/Jan/2018:09:20:41 -0300] "POST /cormun/servlet/solicitudot?gx-no-cache=1516105746515 HTTP/1.1" 200 30
200.74.87.109 - - [16/Jan/2018:09:20:43 -0300] "GET /cormun/servlet/solicitudotadjuntos?67b5b4ba3c56dc7aa58618a818397742d9eb813ea48e64b5df4b6bdf3e09c32d,gx-no-cache=1516105203361 HTTP/1.1" 200 30
200.74.87.109 - - [16/Jan/2018:09:20:44 -0300] "GET /cormun/servlet/solicitudotadjuntos?67b5b4ba3c56dc7aa58618a818397742d9eb813ea48e64b5df4b6bdf3e09c32d,gx-no-cache=1516105203455 HTTP/1.1" 200 30
186.79.185.40 - - [16/Jan/2018:09:20:45 -0300] "POST /cormun/servlet/solicitudot?gx-no-cache=1516105750940 HTTP/1.1" 200 1357
186.79.185.40 - - [16/Jan/2018:09:20:46 -0300] "POST /cormun/servlet/solicitudot?gx-no-cache=1516105752162 HTTP/1.1" 200 41
200.74.87.109 - - [16/Jan/2018:09:20:46 -0300] "POST /cormun/servlet/solicitudotadjuntos?4741c40745d15ec8bf5b5205d039d3df,INS,2018,9302,,1, HTTP/1.1" 200 116
200.74.87.109 - - [16/Jan/2018:09:20:46 -0300] "GET /cormun/servlet/hpexe_return? HTTP/1.1" 200 1026
200.74.87.109 - - [16/Jan/2018:09:20:47 -0300] "GET /cormun/servlet/trsolicitudadjuntos?2018,9302, HTTP/1.1" 200 9614
186.79.185.40 - - [16/Jan/2018:09:20:48 -0300] "POST /cormun/servlet/solicitudot?gx-no-cache=1516105752846 HTTP/1.1" 200 1340
200.74.87.109 - - [16/Jan/2018:09:20:49 -0300] "GET /cormun/servlet/trsolicitudadjuntos?2018,9302, HTTP/1.1" 200 9612
186.79.185.40 - - [16/Jan/2018:09:20:51 -0300] "POST /cormun/servlet/solicitudot?gx-no-cache=1516105754852 HTTP/1.1" 200 1221
186.79.185.40 - - [16/Jan/2018:09:20:52 -0300] "GET /cormun/servlet/solicitudot?6dffc506e64e9d6ed2c651e2b02a0a349e1dd23d06e593fb8035d020a996af223ab32537d27b8357b9b7a267c456d028,gx-no-cache=1516105758704 HTTP/1.1" 200 30
200.74.87.109 - - [16/Jan/2018:09:20:54 -0300] "GET /cormun/servlet/solicitudotadjuntos?INS,2018,9302,,1, HTTP/1.1" 200 6354
186.79.185.40 - - [16/Jan/2018:09:20:54 -0300] "POST /cormun/servlet/solicitudot?gx-no-cache=1516105759560 HTTP/1.1" 200 30
200.74.87.109 - - [16/Jan/2018:09:20:54 -0300] "GET /cormun/static/about:blank HTTP/1.1" 404 1011
200.74.87.109 - - [16/Jan/2018:09:20:55 -0300] "GET /cormun/servlet/solicitudotadjuntos?67b5b4ba3c56dc7aa58618a81839774241d6c9ad736bd361e0e9109cb645e07f8bc4dd22da25c6a8642258f20fd5f23e,gx-no-cache=1516105214394 HTTP/1.1" 200 30
200.74.87.109 - - [16/Jan/2018:09:20:55 -0300] "GET /cormun/servlet/solicitudotadjuntos?INS,2018,9302,,1, HTTP/1.1" 200 6348
200.74.87.109 - - [16/Jan/2018:09:20:56 -0300] "POST /cormun/servlet/solicitudotadjuntos?4741c40745d15ec8bf5b5205d039d3df,INS,2018,9302,,1,,gx-no-cache=1516105214918 HTTP/1.1" 200 4025
200.74.87.109 - - [16/Jan/2018:09:21:00 -0300] "POST /cormun/servlet/solicitudotadjuntos?gx-no-cache=1516105219998 HTTP/1.1" 200 26
186.79.185.40 - - [16/Jan/2018:09:21:04 -0300] "POST /cormun/servlet/solicitudot?c55ae8ed773125b4a319a8defdf91ca3,INS,0,0,,gx-no-cache=1516105761057 HTTP/1.1" 200 93
186.79.185.40 - - [16/Jan/2018:09:21:04 -0300] "GET /cormun/servlet/hpexe_return? HTTP/1.1" 200 1001
186.79.185.40 - - [16/Jan/2018:09:21:04 -0300] "GET /cormun/static/gxcfg.js?2016101716175148 HTTP/1.1" 200 953
186.79.185.40 - - [16/Jan/2018:09:21:06 -0300] "GET /cormun/servlet/trsolicitudot? HTTP/1.1" 200 8793
186.79.185.40 - - [16/Jan/2018:09:21:08 -0300] "GET /cormun/servlet/trsolicitudot? HTTP/1.1" 200 8789
200.74.87.109 - - [16/Jan/2018:09:21:10 -0300] "GET /cormun/servlet/solicitudotadjuntos?67b5b4ba3c56dc7aa58618a818397742d9eb813ea48e64b5df4b6bdf3e09c32d,gx-no-cache=1516105230466 HTTP/1.1" 200 30
200.74.87.109 - - [16/Jan/2018:09:21:11 -0300] "GET /cormun/servlet/solicitudotadjuntos?67b5b4ba3c56dc7aa58618a818397742d9eb813ea48e64b5df4b6bdf3e09c32d,gx-no-cache=1516105230567 HTTP/1.1" 200 30
186.79.185.40 - - [16/Jan/2018:09:21:24 -0300] "GET /cormun/servlet/trsolicitudot? HTTP/1.1" 200 8789
200.74.87.109 - - [16/Jan/2018:09:21:24 -0300] "POST /cormun/servlet/solicitudotadjuntos?4741c40745d15ec8bf5b5205d039d3df,INS,2018,9302,,1, HTTP/1.1" 200 116
200.74.87.109 - - [16/Jan/2018:09:21:24 -0300] "GET /cormun/servlet/hpexe_return? HTTP/1.1" 200 1026
186.79.185.40 - - [16/Jan/2018:09:21:25 -0300] "GET /cormun/servlet/trsolicitudot? HTTP/1.1" 200 8789
200.74.87.109 - - [16/Jan/2018:09:21:26 -0300] "GET /cormun/servlet/trsolicitudadjuntos?2018,9302, HTTP/1.1" 200 9894
200.74.87.109 - - [16/Jan/2018:09:21:27 -0300] "GET /cormun/servlet/trsolicitudadjuntos?2018,9302, HTTP/1.1" 200 9890
200.74.87.109 - - [16/Jan/2018:09:21:29 -0300] "GET /cormun/servlet/solicitudotadjuntos?INS,2018,9302,,2, HTTP/1.1" 200 6353
200.74.87.109 - - [16/Jan/2018:09:21:29 -0300] "GET /cormun/static/about:blank HTTP/1.1" 404 1011
200.74.87.109 - - [16/Jan/2018:09:21:30 -0300] "GET /cormun/servlet/solicitudotadjuntos?INS,2018,9302,,2, HTTP/1.1" 200 6347
200.74.87.109 - - [16/Jan/2018:09:21:30 -0300] "GET /cormun/servlet/solicitudotadjuntos?67b5b4ba3c56dc7aa58618a81839774241d6c9ad736bd361e0e9109cb645e07f8bc4dd22da25c6a8642258f20fd5f23e,gx-no-cache=1516105249740 HTTP/1.1" 200 30
200.74.87.109 - - [16/Jan/2018:09:21:35 -0300] "POST /cormun/servlet/solicitudotadjuntos?4741c40745d15ec8bf5b5205d039d3df,INS,2018,9302,,2,,gx-no-cache=1516105250190 HTTP/1.1" 200 4168
200.74.87.109 - - [16/Jan/2018:09:21:42 -0300] "POST /cormun/servlet/solicitudotadjuntos?gx-no-cache=1516105261903 HTTP/1.1" 200 26
186.79.185.40 - - [16/Jan/2018:09:21:52 -0300] "GET /cormun/servlet/solicitudot?INS,0,0, HTTP/1.1" 200 14109
186.79.185.40 - - [16/Jan/2018:09:21:54 -0300] "GET /cormun/servlet/solicitudot?INS,0,0, HTTP/1.1" 200 14114
200.74.87.109 - - [16/Jan/2018:09:22:09 -0300] "GET /cormun/servlet/solicitudotadjuntos?67b5b4ba3c56dc7aa58618a818397742d9eb813ea48e64b5df4b6bdf3e09c32d,gx-no-cache=1516105288614 HTTP/1.1" 200 30
200.74.87.109 - - [16/Jan/2018:09:22:09 -0300] "GET /cormun/servlet/solicitudotadjuntos?67b5b4ba3c56dc7aa58618a818397742d9eb813ea48e64b5df4b6bdf3e09c32d,gx-no-cache=1516105288833 HTTP/1.1" 200 30
200.74.87.109 - - [16/Jan/2018:09:22:21 -0300] "POST /cormun/servlet/solicitudotadjuntos?4741c40745d15ec8bf5b5205d039d3df,INS,2018,9302,,2, HTTP/1.1" 200 116
200.74.87.109 - - [16/Jan/2018:09:22:21 -0300] "GET /cormun/servlet/hpexe_return? HTTP/1.1" 200 1026
200.74.87.109 - - [16/Jan/2018:09:22:22 -0300] "GET /cormun/servlet/trsolicitudadjuntos?2018,9302, HTTP/1.1" 200 10090
186.79.185.40 - - [16/Jan/2018:09:22:22 -0300] "POST /cormun/servlet/solicitudot?gx-no-cache=1516105847782 HTTP/1.1" 200 3883
200.74.87.109 - - [16/Jan/2018:09:22:23 -0300] "GET /cormun/servlet/trsolicitudadjuntos?2018,9302, HTTP/1.1" 200 10089
186.79.185.40 - - [16/Jan/2018:09:22:23 -0300] "POST /cormun/servlet/solicitudot?c55ae8ed773125b4a319a8defdf91ca3,INS,0,0,,gx-no-cache=1516105849689 HTTP/1.1" 200 11039
200.74.87.109 - - [16/Jan/2018:09:22:25 -0300] "GET /cormun/servlet/solicitudotadjuntos?INS,2018,9302,,2, HTTP/1.1" 200 6356
200.74.87.109 - - [16/Jan/2018:09:22:25 -0300] "GET /cormun/static/about:blank HTTP/1.1" 404 1011
200.74.87.109 - - [16/Jan/2018:09:22:26 -0300] "GET /cormun/servlet/solicitudotadjuntos?INS,2018,9302,,2, HTTP/1.1" 200 6349
200.74.87.109 - - [16/Jan/2018:09:22:26 -0300] "GET /cormun/servlet/solicitudotadjuntos?67b5b4ba3c56dc7aa58618a81839774241d6c9ad736bd361e0e9109cb645e07f8bc4dd22da25c6a8642258f20fd5f23e,gx-no-cache=1516105305925 HTTP/1.1" 200 30
200.74.87.109 - - [16/Jan/2018:09:22:27 -0300] "POST /cormun/servlet/solicitudotadjuntos?4741c40745d15ec8bf5b5205d039d3df,INS,2018,9302,,2,,gx-no-cache=1516105306058 HTTP/1.1" 200 4168
186.79.185.40 - - [16/Jan/2018:09:22:29 -0300] "GET /cormun/servlet/solicitudot?6dffc506e64e9d6ed2c651e2b02a0a346ad544ee0050d32167b561b8f9a3250f25e9f46f74ea477b7fef3004f2d1a931,gx-no-cache=1516105856037 HTTP/1.1" 200 30
186.79.185.40 - - [16/Jan/2018:09:22:30 -0300] "POST /cormun/servlet/solicitudot?gx-no-cache=1516105856531 HTTP/1.1" 200 51
186.79.185.40 - - [16/Jan/2018:09:22:32 -0300] "POST /cormun/servlet/solicitudot?gx-no-cache=1516105857582 HTTP/1.1" 200 255
186.79.185.40 - - [16/Jan/2018:09:22:32 -0300] "GET /cormun/servlet/solicitudot?6dffc506e64e9d6ed2c651e2b02a0a34dda7bb0dd24377c072da0b972d2ef0a0570eab9095bc8fb8d0a211b916454075c8956d68c4b8bba98a54dbbf0ca42af58b859a76d7bd53d3217c9e183965146ac9b793543a681984ddf9b931a0841f2f635622eeef253ed03d2e6260b0f319bf0e834325a2a7727316513abcf0c3681da0536d8a8357444f0bc47dec6ef33afe6e619b6da32ec97aae49b72e3a5c6c27da0d7a65a914373cf6d3f765b56887e590752d45bacf4ac00b757a811608d287bd07a44fd24cd8f39da9dda1570bbd2ea4b2f6f07c34657465a46b97ede861e6de5172d5dab1bc34fc5f50372b0f7339f996b3fc5fb0d83405feea8837855b17644007c4a69892bd68bf007d9c14394750e6e3698fb9ce28252d2dda609cad764276fbe235208e3e44f84cd588952c78bdfe217f07a007b8d4bd1cf67795ab7d7fd03be48d8bc044b1355fd5345791486674712375cf572005a8ad856b0eac4de69239fdff7c224b359761639bc2de21f2f6c83b4d78ebbc593ac9d68a4e4d34,gx-no-cache=1516105858760 HTTP/1.1" 200 30
186.79.185.40 - - [16/Jan/2018:09:22:33 -0300] "POST /cormun/servlet/solicitudot?gx-no-cache=1516105859270 HTTP/1.1" 200 30
186.79.185.40 - - [16/Jan/2018:09:22:34 -0300] "POST /cormun/servlet/solicitudot?gx-no-cache=1516105860288 HTTP/1.1" 200 1357
200.74.87.109 - - [16/Jan/2018:09:22:34 -0300] "POST /cormun/servlet/solicitudotadjuntos?gx-no-cache=1516105312931 HTTP/1.1" 200 26
186.79.185.40 - - [16/Jan/2018:09:22:34 -0300] "POST /cormun/servlet/solicitudot?gx-no-cache=1516105861104 HTTP/1.1" 200 38
186.79.185.40 - - [16/Jan/2018:09:22:46 -0300] "GET /cormun/servlet/solicitudot?6dffc506e64e9d6ed2c651e2b02a0a344a50e2df863ba830dab4f6d9d3a7ee02804f644f7100ade74268cdf5d15250a461272ed183f83afd45f211dbee09487859c79dc71eac5053d77e24af97bec0e778f2b927d1d7ca6610dee2ad19e57144f226aea09210e57ef1c00b244b3cc304e2075d026f16f8e2bbf94d9253a5619db2a5d379d02c9f8a08f6df5a054fc26e308cac29395157ada36b4368ebc9b007,gx-no-cache=1516105872308 HTTP/1.1" 200 29
200.74.87.109 - - [16/Jan/2018:09:22:46 -0300] "GET /cormun/servlet/solicitudotadjuntos?67b5b4ba3c56dc7aa58618a818397742d9eb813ea48e64b5df4b6bdf3e09c32d,gx-no-cache=1516105326225 HTTP/1.1" 200 30
200.74.87.109 - - [16/Jan/2018:09:22:46 -0300] "GET /cormun/servlet/solicitudotadjuntos?67b5b4ba3c56dc7aa58618a818397742d9eb813ea48e64b5df4b6bdf3e09c32d,gx-no-cache=1516105326325 HTTP/1.1" 200 30
186.79.185.40 - - [16/Jan/2018:09:22:53 -0300] "POST /cormun/servlet/solicitudot?gx-no-cache=1516105873029 HTTP/1.1" 200 1340
186.79.185.40 - - [16/Jan/2018:09:22:54 -0300] "POST /cormun/servlet/solicitudot?gx-no-cache=1516105880518 HTTP/1.1" 200 1220
186.79.185.40 - - [16/Jan/2018:09:22:55 -0300] "GET /cormun/static/menuarrow.gif HTTP/1.1" 404 1015
186.79.185.40 - - [16/Jan/2018:09:22:55 -0300] "POST /cormun/servlet/solicitudot?gx-no-cache=1516105881736 HTTP/1.1" 200 30
186.79.185.40 - - [16/Jan/2018:09:23:02 -0300] "POST /cormun/servlet/solicitudot?gx-no-cache=1516105888681 HTTP/1.1" 200 30
200.74.87.109 - - [16/Jan/2018:09:23:06 -0300] "POST /cormun/servlet/solicitudotadjuntos?4741c40745d15ec8bf5b5205d039d3df,INS,2018,9302,,2, HTTP/1.1" 200 116
200.74.87.109 - - [16/Jan/2018:09:23:06 -0300] "GET /cormun/servlet/hpexe_return? HTTP/1.1" 200 1026
200.74.87.109 - - [16/Jan/2018:09:23:07 -0300] "GET /cormun/servlet/trsolicitudadjuntos?2018,9302, HTTP/1.1" 200 10274
200.74.87.109 - - [16/Jan/2018:09:23:08 -0300] "GET /cormun/servlet/trsolicitudadjuntos?2018,9302, HTTP/1.1" 200 10276
186.79.185.40 - - [16/Jan/2018:09:23:08 -0300] "POST /cormun/servlet/solicitudot?gx-no-cache=1516105894578 HTTP/1.1" 200 1357
186.79.185.40 - - [16/Jan/2018:09:23:09 -0300] "POST /cormun/servlet/solicitudot?gx-no-cache=1516105895627 HTTP/1.1" 200 38
186.79.185.40 - - [16/Jan/2018:09:23:10 -0300] "POST /cormun/servlet/solicitudot?gx-no-cache=1516105896132 HTTP/1.1" 200 1340
186.79.185.40 - - [16/Jan/2018:09:23:12 -0300] "POST /cormun/servlet/solicitudot?gx-no-cache=1516105897127 HTTP/1.1" 200 1220
200.74.87.109 - - [16/Jan/2018:09:23:12 -0300] "GET /cormun/servlet/solicitudotadjuntos?INS,2018,9302,,2, HTTP/1.1" 200 6356
200.74.87.109 - - [16/Jan/2018:09:23:13 -0300] "GET /cormun/static/about:blank HTTP/1.1" 404 1011
200.74.87.109 - - [16/Jan/2018:09:23:13 -0300] "GET /cormun/servlet/solicitudotadjuntos?INS,2018,9302,,2, HTTP/1.1" 200 6349
200.74.87.109 - - [16/Jan/2018:09:23:13 -0300] "GET /cormun/servlet/solicitudotadjuntos?67b5b4ba3c56dc7aa58618a81839774241d6c9ad736bd361e0e9109cb645e07f8bc4dd22da25c6a8642258f20fd5f23e,gx-no-cache=1516105353123 HTTP/1.1" 200 30
200.74.87.109 - - [16/Jan/2018:09:23:15 -0300] "POST /cormun/servlet/solicitudotadjuntos?4741c40745d15ec8bf5b5205d039d3df,INS,2018,9302,,2,,gx-no-cache=1516105353261 HTTP/1.1" 200 4168
