186.79.202.217 - - [15/Jan/2018:10:00:39 -0300] "GET /cormun/servlet/trvisualizadoreventos HTTP/1.1" 200 6944
186.103.132.155 - - [15/Jan/2018:10:00:42 -0300] "POST /cormun/servlet/hlogin?b5b950f59811ad9de20199d764ab939c,gx-no-cache=1516021202559 HTTP/1.1" 200 90
186.103.132.155 - - [15/Jan/2018:10:00:43 -0300] "GET /cormun/servlet/hpexe_link HTTP/1.1" 200 950
186.103.132.155 - - [15/Jan/2018:10:00:43 -0300] "GET /cormun/static/gxcfg.js?20177612121792 HTTP/1.1" 304 -
186.103.132.155 - - [15/Jan/2018:10:00:43 -0300] "GET /cormun/servlet/hhome HTTP/1.1" 200 4184
186.103.132.155 - - [15/Jan/2018:10:00:43 -0300] "GET /cormun/static/gxcfg.js?20175251212442 HTTP/1.1" 304 -
186.103.132.155 - - [15/Jan/2018:10:00:44 -0300] "GET /cormun/servlet/hhome HTTP/1.1" 200 4180
186.103.161.206 - - [15/Jan/2018:10:01:01 -0300] "GET /cormun/servlet/trcontratosolicitud? HTTP/1.1" 200 10677
186.103.132.155 - - [15/Jan/2018:10:01:01 -0300] "GET /cormun/static/gxcfg.js?20177612214014 HTTP/1.1" 304 -
186.103.132.155 - - [15/Jan/2018:10:01:02 -0300] "GET /cormun/servlet/trcontratosolicitud? HTTP/1.1" 200 10654
186.79.202.217 - - [15/Jan/2018:10:01:03 -0300] "GET /cormun/servlet/trcontratounov2? HTTP/1.1" 200 17812
186.79.202.217 - - [15/Jan/2018:10:01:03 -0300] "GET /cormun/static/gxcfg.js?201752512124396 HTTP/1.1" 304 -
186.79.202.217 - - [15/Jan/2018:10:01:04 -0300] "GET /cormun/servlet/trcontratounov2? HTTP/1.1" 200 17808
186.103.161.206 - - [15/Jan/2018:10:01:32 -0300] "GET /cormun/servlet/solicitudotcontratos?INS,2018,0,15105577,k,6,2017,3182,NADA,201712,4,B, HTTP/1.1" 200 9945
186.103.161.206 - - [15/Jan/2018:10:01:33 -0300] "GET /cormun/static/gxcfg.js?2018191138350 HTTP/1.1" 304 -
186.103.132.155 - - [15/Jan/2018:10:01:33 -0300] "GET /cormun/static/solicitudotcontratos.js?20181911383611 HTTP/1.1" 304 -
186.103.132.155 - - [15/Jan/2018:10:01:34 -0300] "GET /cormun/servlet/solicitudotcontratos?INS,2018,0,15105577,k,6,2017,3182,NADA,201712,4,B, HTTP/1.1" 200 9977
186.103.161.206 - - [15/Jan/2018:10:01:34 -0300] "GET /cormun/servlet/solicitudotcontratos?74ef6b73c57d7d69d4e6e80b1d05471aefffac566b04962534e8c6a75b76aa5ef217de69814aca1498443b88e7ce5706,gx-no-cache=1516021254582 HTTP/1.1" 200 133
186.103.161.206 - - [15/Jan/2018:10:01:34 -0300] "GET /cormun/static/Shared/jqueryui/images/ui-icons_82798d_256x240.png HTTP/1.1" 404 1089
186.103.161.206 - - [15/Jan/2018:10:01:34 -0300] "GET /cormun/static/Shared/jqueryui/images/ui-bg_highlight-soft_100_c6c2c8_1x100.png HTTP/1.1" 404 1117
200.111.122.170 - - [15/Jan/2018:10:01:35 -0300] "GET /cormun/static/Shared/jqueryui/images/ui-icons_ebccce_256x240.png HTTP/1.1" 404 1089
190.151.100.218 - - [15/Jan/2018:10:01:35 -0300] "GET /cormun/static/Shared/jqueryui/images/ui-bg_flat_55_994d53_40x100.png HTTP/1.1" 404 1097
186.103.161.206 - - [15/Jan/2018:10:01:35 -0300] "GET /cormun/servlet/solicitudotcontratos?74ef6b73c57d7d69d4e6e80b1d05471ae3dcd9cc398913ab04a455cd45f2d3e8053d8870adf84ef5da57378f71ade649,gx-no-cache=1516021254992 HTTP/1.1" 200 30
186.103.161.206 - - [15/Jan/2018:10:01:35 -0300] "GET /cormun/servlet/solicitudotcontratos?74ef6b73c57d7d69d4e6e80b1d05471a3e0f23c661c0323dd88c161c79db2544b13dbe367fa7466320d5d28bb7dbe20516836539a2beb98d84c1968a2a61c6b790c6f211c9ad67641db7c010e0b085b853458009b5152f29ef70d4cfbcbe0390ac7b8e43d373e4388f8e96b91e3ae0f28606d3c05ff02ab459fa533e48ee7ce2,gx-no-cache=1516021255165 HTTP/1.1" 200 50
186.103.161.206 - - [15/Jan/2018:10:01:35 -0300] "GET /cormun/servlet/solicitudotcontratos?74ef6b73c57d7d69d4e6e80b1d05471a460f97f3749f631bf6849305e4d54b100d9605ce110ee5e2cecfd918169519cd,gx-no-cache=1516021255354 HTTP/1.1" 200 30
186.103.161.206 - - [15/Jan/2018:10:01:35 -0300] "GET /cormun/servlet/solicitudotcontratos?74ef6b73c57d7d69d4e6e80b1d05471ab4cd8d1dbc26fc708ad28cedee04531dcde959bf11a8779b98a0535056f6f739ba020b8c686646076a6bcc6bd931d1a05da2d919de628273e0b0893ee7346125671eeb79cbb5a019fd9c447d815c9e756569e5bb4ebc29f0fe25300695a8170a,gx-no-cache=1516021255515 HTTP/1.1" 200 30
186.103.161.206 - - [15/Jan/2018:10:01:35 -0300] "GET /cormun/servlet/solicitudotcontratos?74ef6b73c57d7d69d4e6e80b1d05471a6d442b244eb57424c2f747dc71a7407009f06d5630afa9a7f71152d9a2d451c5b718042712f2557261ec23afb54f0a00eaec0c2e83524fcff9db89e5e93d44ba6f5b768b09fadd27c6d7cf417a512db57aca5cf6e11ea4f8e3b00b2bbd95f1ffb91c000fc56e2663aaa27a9724d00a4d12b11de8834662f1bb737336cc737b9b1266527cc6255f244c867e2af244e1e037787d2c0b96940481df648d22ef7684e9c752f9d998875d0e1b36fafdb97b1a18deff656e8a520184916b84b75ca4d2db4778e5caeb4ad5afc74b453be27e05c4da119436781253ab1c5661d8d8adda1966bd074f0ce973428fcaca3ac2a5a6046befb908dfc5446a5316e9b46487ac71cebf7200fdf1622f48eb89efa12d96f94b1b110d5110f837be884c1f873a267ae6cd4f6cd4e1d3eaf4b2d6e5ee6621ea2300a5ccec89978b0abaceaba2e7af86b8d5766f6c5f1c820fe795a3755edfd5bfdadacb290046a596a84c64e38771184e3059ced7876df69ca57b6b89c317c728da4e5ea18b55bab226fd1fcdc836994d3d01f432af78b588b8b211c7822cb54f9c1e65c0fe8b533c7b12eebed73bc9a7e255bbb5626a9b78718dbd38069deb311022c728f268cd6cbeca4e52b00d5ddf811fa2ecd38d3e7fdb01ff569ab4b7b5abcb37af79a74a3cafc3cf2a7d1e994d3d01f432af78b588b8b211c7822c37a0f59e8aea1a0431d48f12f6eae9873b14123e2141b2e5e6b5994fd77fe927f34edf83e4d9f581c536d81cc436f9d5fd81d2277d68188cbf7b8fd5b8cb40d1,gx-no-cache=1516021255704 HTTP/1.1" 200 72
200.72.197.82 - - [15/Jan/2018:10:02:35 -0300] "POST /cormun/servlet/solicitudotcontratos?b5b950f59811ad9de20199d764ab939c,INS,2018,0,15105577,k,6,2017,3182,NADA,201712,4,B,,gx-no-cache=1516021313752 HTTP/1.1" 200 93
200.72.197.82 - - [15/Jan/2018:10:02:35 -0300] "GET /cormun/servlet/hpexe_return? HTTP/1.1" 200 1044
200.72.197.82 - - [15/Jan/2018:10:02:35 -0300] "GET /cormun/static/gxcfg.js?2016101716175148 HTTP/1.1" 304 -
200.72.197.82 - - [15/Jan/2018:10:02:36 -0300] "GET /cormun/servlet/trcontratosolicitud HTTP/1.1" 200 10659
200.72.197.82 - - [15/Jan/2018:10:02:37 -0300] "GET /cormun/servlet/trcontratosolicitud HTTP/1.1" 200 10641
186.79.202.217 - - [15/Jan/2018:10:03:16 -0300] "GET /cormun/servlet/trcontratoobservaciondir? HTTP/1.1" 200 9606
186.79.202.217 - - [15/Jan/2018:10:03:17 -0300] "GET /cormun/static/gxcfg.js?20175251262281 HTTP/1.1" 304 -
186.79.202.217 - - [15/Jan/2018:10:03:17 -0300] "GET /cormun/servlet/trcontratoobservaciondir? HTTP/1.1" 200 9605
186.79.202.217 - - [15/Jan/2018:10:07:01 -0300] "GET /cormun/servlet/trfichaempleado? HTTP/1.1" 200 13397
186.79.202.217 - - [15/Jan/2018:10:07:05 -0300] "GET /cormun/servlet/trfichaempleado? HTTP/1.1" 200 13397
186.79.202.217 - - [15/Jan/2018:10:18:27 -0300] "GET /cormun/servlet/trautorizarsolicitud? HTTP/1.1" 200 7310
186.79.202.217 - - [15/Jan/2018:10:18:27 -0300] "GET /cormun/servlet/trautorizarsolicitud? HTTP/1.1" 200 7309
186.79.202.217 - - [15/Jan/2018:10:18:57 -0300] "POST /cormun/servlet/trautorizarsolicitud?2004e07d48f87d650658162125754ad7,,gx-no-cache=1516022841899 HTTP/1.1" 200 4411
186.79.202.217 - - [15/Jan/2018:10:18:58 -0300] "POST /cormun/servlet/trautorizarsolicitud?2004e07d48f87d650658162125754ad7,,gx-no-cache=1516022843403 HTTP/1.1" 200 4411
186.79.202.217 - - [15/Jan/2018:10:19:06 -0300] "POST /cormun/servlet/trautorizarsolicitud?2004e07d48f87d650658162125754ad7,,gx-no-cache=1516022850821 HTTP/1.1" 200 110
186.79.202.217 - - [15/Jan/2018:10:19:06 -0300] "GET /cormun/AutorizarSolicitud-5975.xls HTTP/1.1" 200 4608
186.79.202.217 - - [15/Jan/2018:10:19:11 -0300] "GET /cormun/servlet/trautorizarsolicitud? HTTP/1.1" 200 7309
186.79.202.217 - - [15/Jan/2018:10:19:11 -0300] "GET /cormun/servlet/trautorizarsolicitud? HTTP/1.1" 200 7309
186.79.202.217 - - [15/Jan/2018:10:19:26 -0300] "POST /cormun/servlet/trautorizarsolicitud?2004e07d48f87d650658162125754ad7,,gx-no-cache=1516022871365 HTTP/1.1" 200 8430
186.67.164.142 - - [15/Jan/2018:10:30:48 -0300] "GET /cormun/servlet/hlogin HTTP/1.1" 200 1723
186.67.164.142 - - [15/Jan/2018:10:30:48 -0300] "GET /cormun/static/gxcfg.js?20175251213516 HTTP/1.1" 304 -
186.67.164.142 - - [15/Jan/2018:10:30:49 -0300] "GET /cormun/servlet/hlogin HTTP/1.1" 200 1734
186.67.164.142 - - [15/Jan/2018:10:30:54 -0300] "POST /cormun/servlet/hlogin?06f1baf9098323afe5d9e7ee2e8f1b51,gx-no-cache=1516023013702 HTTP/1.1" 200 90
186.67.164.142 - - [15/Jan/2018:10:30:54 -0300] "GET /cormun/servlet/hpexe_link HTTP/1.1" 200 953
186.67.164.142 - - [15/Jan/2018:10:30:54 -0300] "GET /cormun/static/gxcfg.js?20177612121792 HTTP/1.1" 200 953
186.67.164.142 - - [15/Jan/2018:10:30:54 -0300] "GET /cormun/servlet/hhome HTTP/1.1" 200 3976
186.67.164.142 - - [15/Jan/2018:10:30:54 -0300] "GET /cormun/static/gxcfg.js?20175251212442 HTTP/1.1" 304 -
186.67.164.142 - - [15/Jan/2018:10:30:55 -0300] "GET /cormun/servlet/hhome HTTP/1.1" 200 3972
186.67.164.142 - - [15/Jan/2018:10:30:59 -0300] "GET /cormun/servlet/trpermisosgoce? HTTP/1.1" 200 6868
186.67.164.142 - - [15/Jan/2018:10:30:59 -0300] "GET /cormun/static/gxcfg.js?20177612163875 HTTP/1.1" 200 953
186.67.164.142 - - [15/Jan/2018:10:30:59 -0300] "GET /cormun/static/trpermisosgoce.js?20177612164335 HTTP/1.1" 200 35904
186.67.164.142 - - [15/Jan/2018:10:30:59 -0300] "GET /cormun/static/Resources/PXTools/calendar.png HTTP/1.1" 200 1306
186.67.164.142 - - [15/Jan/2018:10:30:59 -0300] "GET /cormun/servlet/trpermisosgoce? HTTP/1.1" 200 6867
186.67.164.142 - - [15/Jan/2018:10:31:10 -0300] "GET /cormun/servlet/permisogoce?INS,0,,, HTTP/1.1" 200 6808
186.67.164.142 - - [15/Jan/2018:10:31:10 -0300] "GET /cormun/static/gxcfg.js?201776126440 HTTP/1.1" 200 953
186.67.164.142 - - [15/Jan/2018:10:31:10 -0300] "GET /cormun/static/Resources/prompt.gif HTTP/1.1" 200 902
186.67.164.142 - - [15/Jan/2018:10:31:10 -0300] "GET /cormun/static/permisogoce.js?2017761264459 HTTP/1.1" 200 27897
186.67.164.142 - - [15/Jan/2018:10:31:11 -0300] "GET /cormun/servlet/permisogoce?INS,0,,, HTTP/1.1" 200 6807
186.67.164.142 - - [15/Jan/2018:10:31:19 -0300] "GET /cormun/servlet/permisogoce?8aeb3faa0640d1d5ace0531c3ce43ebf5fc8fcf413daec446849540750cebfe628b3236282e87c5818b9e06c061045c1165de61214ff8dd054bc02e10ea24dc3,gx-no-cache=1516023039073 HTTP/1.1" 200 79
186.67.164.142 - - [15/Jan/2018:10:31:23 -0300] "GET /cormun/static/menuarrow.gif HTTP/1.1" 404 1015
186.67.164.142 - - [15/Jan/2018:10:31:26 -0300] "GET /cormun/servlet/permisogoce?8aeb3faa0640d1d5ace0531c3ce43ebf802291254b325789d62988409f65d58d5d860b21a788308e8bb4a95409fd389716d536a20e788c5b4cc6c02043ed67e7,gx-no-cache=1516023046289 HTTP/1.1" 200 46
186.67.164.142 - - [15/Jan/2018:10:31:32 -0300] "POST /cormun/servlet/permisogoce?06f1baf9098323afe5d9e7ee2e8f1b51,INS,0,,,,gx-no-cache=1516023051231 HTTP/1.1" 200 93
186.67.164.142 - - [15/Jan/2018:10:31:32 -0300] "GET /cormun/servlet/hpexe_return? HTTP/1.1" 200 1013
186.67.164.142 - - [15/Jan/2018:10:31:32 -0300] "GET /cormun/static/gxcfg.js?2016101716175148 HTTP/1.1" 304 -
186.67.164.142 - - [15/Jan/2018:10:31:32 -0300] "GET /cormun/servlet/trpermisosgoce HTTP/1.1" 200 7754
186.67.164.142 - - [15/Jan/2018:10:31:33 -0300] "GET /cormun/servlet/trpermisosgoce HTTP/1.1" 200 7751
186.67.164.142 - - [15/Jan/2018:10:31:36 -0300] "GET /cormun/servlet/trpermisosadjuntos?17108087,20180115102848,P, HTTP/1.1" 200 6284
186.67.164.142 - - [15/Jan/2018:10:31:36 -0300] "GET /cormun/static/gxcfg.js?201762817193957 HTTP/1.1" 200 953
186.67.164.142 - - [15/Jan/2018:10:31:36 -0300] "GET /cormun/static/trpermisosadjuntos.js?201762817194366 HTTP/1.1" 200 20158
186.67.164.142 - - [15/Jan/2018:10:31:37 -0300] "GET /cormun/servlet/trpermisosadjuntos?17108087,20180115102848,P, HTTP/1.1" 200 6283
186.67.164.142 - - [15/Jan/2018:10:31:39 -0300] "GET /cormun/servlet/permisosadjuntos?INS,17108087,P,20180115102848,, HTTP/1.1" 200 5613
186.67.164.142 - - [15/Jan/2018:10:31:39 -0300] "GET /cormun/static/gxcfg.js?201762717441171 HTTP/1.1" 200 953
186.67.164.142 - - [15/Jan/2018:10:31:39 -0300] "GET /cormun/static/permisosadjuntos.js?201762717441184 HTTP/1.1" 200 8724
186.67.164.142 - - [15/Jan/2018:10:31:39 -0300] "GET /cormun/static/about:blank HTTP/1.1" 404 1011
186.67.164.142 - - [15/Jan/2018:10:31:39 -0300] "GET /cormun/servlet/permisosadjuntos?INS,17108087,P,20180115102848,, HTTP/1.1" 200 5603
186.67.164.142 - - [15/Jan/2018:10:31:56 -0300] "POST /cormun/servlet/permisosadjuntos?06f1baf9098323afe5d9e7ee2e8f1b51,INS,17108087,P,20180115102848,, HTTP/1.1" 200 116
186.67.164.142 - - [15/Jan/2018:10:31:57 -0300] "GET /cormun/servlet/hpexe_return? HTTP/1.1" 200 1041
186.67.164.142 - - [15/Jan/2018:10:31:57 -0300] "GET /cormun/servlet/trpermisosadjuntos?17108087,20180115102848,P, HTTP/1.1" 200 6751
186.67.164.142 - - [15/Jan/2018:10:31:57 -0300] "GET /cormun/servlet/trpermisosadjuntos?17108087,20180115102848,P, HTTP/1.1" 200 6747
186.67.164.142 - - [15/Jan/2018:10:32:00 -0300] "POST /cormun/servlet/trpermisosadjuntos?06f1baf9098323afe5d9e7ee2e8f1b51,17108087,20180115102848,P,,gx-no-cache=1516023080209 HTTP/1.1" 200 90
186.67.164.142 - - [15/Jan/2018:10:32:00 -0300] "GET /cormun/servlet/hpexe_link HTTP/1.1" 200 985
186.67.164.142 - - [15/Jan/2018:10:32:00 -0300] "GET /cormun/servlet/trpermisosgoce HTTP/1.1" 200 7752
186.67.164.142 - - [15/Jan/2018:10:32:01 -0300] "GET /cormun/servlet/trpermisosgoce HTTP/1.1" 200 7751
186.67.164.142 - - [15/Jan/2018:10:32:04 -0300] "GET /cormun/servlet/apermisogoceprn?17108087,P,20180115102848,PU HTTP/1.1" 200 1669
186.67.164.142 - - [15/Jan/2018:10:32:15 -0300] "GET /cormun/servlet/permisogoce?INS,0,,, HTTP/1.1" 200 6807
186.67.164.142 - - [15/Jan/2018:10:32:16 -0300] "GET /cormun/servlet/permisogoce?INS,0,,, HTTP/1.1" 200 6806
186.79.202.217 - - [15/Jan/2018:10:33:39 -0300] "GET /cormun/servlet/hlogin HTTP/1.1" 200 1724
186.79.202.217 - - [15/Jan/2018:10:33:39 -0300] "GET /cormun/servlet/hlogin HTTP/1.1" 200 1718
186.67.164.142 - - [15/Jan/2018:10:33:44 -0300] "GET /cormun/servlet/permisogoce?8aeb3faa0640d1d5ace0531c3ce43ebfdd0d73ce2aae8cd84c98d8af2e1b9a6e28b3236282e87c5818b9e06c061045c1165de61214ff8dd054bc02e10ea24dc3,gx-no-cache=1516023184051 HTTP/1.1" 200 79
186.67.164.142 - - [15/Jan/2018:10:33:50 -0300] "GET /cormun/static/menuarrow.gif HTTP/1.1" 404 1015
186.67.164.142 - - [15/Jan/2018:10:33:53 -0300] "GET /cormun/servlet/permisogoce?8aeb3faa0640d1d5ace0531c3ce43ebf718de36757527acab4ac13f018900f1114da58e619ae9a112ed86cfe8af6a84916d536a20e788c5b4cc6c02043ed67e7,gx-no-cache=1516023192712 HTTP/1.1" 200 46
186.67.164.142 - - [15/Jan/2018:10:33:55 -0300] "POST /cormun/servlet/permisogoce?06f1baf9098323afe5d9e7ee2e8f1b51,INS,0,,,,gx-no-cache=1516023194705 HTTP/1.1" 200 93
186.67.164.142 - - [15/Jan/2018:10:33:55 -0300] "GET /cormun/servlet/hpexe_return? HTTP/1.1" 200 1013
186.67.164.142 - - [15/Jan/2018:10:33:55 -0300] "GET /cormun/servlet/trpermisosgoce HTTP/1.1" 200 8029
186.67.164.142 - - [15/Jan/2018:10:33:56 -0300] "GET /cormun/servlet/trpermisosgoce HTTP/1.1" 200 8025
186.67.164.142 - - [15/Jan/2018:10:33:59 -0300] "GET /cormun/servlet/trpermisosadjuntos?11142822,20180115102954,P, HTTP/1.1" 200 6288
186.67.164.142 - - [15/Jan/2018:10:34:00 -0300] "GET /cormun/servlet/trpermisosadjuntos?11142822,20180115102954,P, HTTP/1.1" 200 6288
186.67.164.142 - - [15/Jan/2018:10:34:02 -0300] "GET /cormun/servlet/permisosadjuntos?INS,11142822,P,20180115102954,, HTTP/1.1" 200 5617
186.67.164.142 - - [15/Jan/2018:10:34:02 -0300] "GET /cormun/static/about:blank HTTP/1.1" 404 1011
186.67.164.142 - - [15/Jan/2018:10:34:02 -0300] "GET /cormun/servlet/permisosadjuntos?INS,11142822,P,20180115102954,, HTTP/1.1" 200 5607
186.67.164.142 - - [15/Jan/2018:10:34:09 -0300] "POST /cormun/servlet/permisosadjuntos?06f1baf9098323afe5d9e7ee2e8f1b51,INS,11142822,P,20180115102954,, HTTP/1.1" 200 116
186.67.164.142 - - [15/Jan/2018:10:34:09 -0300] "GET /cormun/servlet/hpexe_return? HTTP/1.1" 200 1040
186.67.164.142 - - [15/Jan/2018:10:34:10 -0300] "GET /cormun/servlet/trpermisosadjuntos?11142822,20180115102954,P, HTTP/1.1" 200 6758
186.67.164.142 - - [15/Jan/2018:10:34:10 -0300] "GET /cormun/servlet/trpermisosadjuntos?11142822,20180115102954,P, HTTP/1.1" 200 6755
186.67.164.142 - - [15/Jan/2018:10:34:15 -0300] "POST /cormun/servlet/trpermisosadjuntos?06f1baf9098323afe5d9e7ee2e8f1b51,11142822,20180115102954,P,,gx-no-cache=1516023214661 HTTP/1.1" 200 90
186.67.164.142 - - [15/Jan/2018:10:34:15 -0300] "GET /cormun/servlet/hpexe_link HTTP/1.1" 200 983
186.67.164.142 - - [15/Jan/2018:10:34:15 -0300] "GET /cormun/servlet/trpermisosgoce HTTP/1.1" 200 8026
186.67.164.142 - - [15/Jan/2018:10:34:15 -0300] "GET /cormun/servlet/trpermisosgoce HTTP/1.1" 200 8026
186.67.164.142 - - [15/Jan/2018:10:34:19 -0300] "GET /cormun/servlet/permisogoce?INS,0,,, HTTP/1.1" 200 6807
186.67.164.142 - - [15/Jan/2018:10:34:20 -0300] "GET /cormun/servlet/permisogoce?INS,0,,, HTTP/1.1" 200 6806
186.79.202.217 - - [15/Jan/2018:10:34:23 -0300] "POST /cormun/servlet/hlogin?55cddf8b22068ce5bd945ecd5dce261a,gx-no-cache=1516019618684 HTTP/1.1" 200 90
186.79.202.217 - - [15/Jan/2018:10:34:23 -0300] "GET /cormun/servlet/hpexe_link HTTP/1.1" 200 950
186.79.202.217 - - [15/Jan/2018:10:34:23 -0300] "GET /cormun/servlet/hhome HTTP/1.1" 200 3971
186.79.202.217 - - [15/Jan/2018:10:34:24 -0300] "GET /cormun/servlet/hhome HTTP/1.1" 200 3968
186.67.164.142 - - [15/Jan/2018:10:34:25 -0300] "GET /cormun/servlet/permisogoce?8aeb3faa0640d1d5ace0531c3ce43ebfa81d84f31b0f13df1ff0a09e412ffd9528b3236282e87c5818b9e06c061045c1165de61214ff8dd054bc02e10ea24dc3,gx-no-cache=1516023225318 HTTP/1.1" 200 76
186.79.202.217 - - [15/Jan/2018:10:34:26 -0300] "GET /cormun/servlet/trlicencias? HTTP/1.1" 200 8385
186.79.202.217 - - [15/Jan/2018:10:34:27 -0300] "GET /cormun/servlet/trlicencias? HTTP/1.1" 200 8383
186.67.164.142 - - [15/Jan/2018:10:34:29 -0300] "GET /cormun/static/menuarrow.gif HTTP/1.1" 404 1015
186.67.164.142 - - [15/Jan/2018:10:34:32 -0300] "GET /cormun/servlet/permisogoce?8aeb3faa0640d1d5ace0531c3ce43ebfe699de1b9823bd1af0f0d92df5fbe77ac319948ffe6de62fd0c27094afe308eb16d536a20e788c5b4cc6c02043ed67e7,gx-no-cache=1516023231965 HTTP/1.1" 200 46
186.79.202.217 - - [15/Jan/2018:10:34:33 -0300] "GET /cormun/servlet/hlogin HTTP/1.1" 200 1735
186.67.164.142 - - [15/Jan/2018:10:34:35 -0300] "POST /cormun/servlet/permisogoce?06f1baf9098323afe5d9e7ee2e8f1b51,INS,0,,,,gx-no-cache=1516023234597 HTTP/1.1" 200 93
186.67.164.142 - - [15/Jan/2018:10:34:35 -0300] "GET /cormun/servlet/hpexe_return? HTTP/1.1" 200 1013
186.67.164.142 - - [15/Jan/2018:10:34:35 -0300] "GET /cormun/servlet/trpermisosgoce HTTP/1.1" 200 8293
186.67.164.142 - - [15/Jan/2018:10:34:35 -0300] "GET /cormun/servlet/trpermisosgoce HTTP/1.1" 200 8283
186.67.164.142 - - [15/Jan/2018:10:34:39 -0300] "GET /cormun/servlet/trpermisosadjuntos?11435718,20180115103157,P, HTTP/1.1" 200 6285
186.67.164.142 - - [15/Jan/2018:10:34:40 -0300] "GET /cormun/servlet/trpermisosadjuntos?11435718,20180115103157,P, HTTP/1.1" 200 6284
186.67.164.142 - - [15/Jan/2018:10:34:41 -0300] "GET /cormun/servlet/permisosadjuntos?INS,11435718,P,20180115103157,, HTTP/1.1" 200 5609
186.67.164.142 - - [15/Jan/2018:10:34:42 -0300] "GET /cormun/static/about:blank HTTP/1.1" 404 1011
186.67.164.142 - - [15/Jan/2018:10:34:42 -0300] "GET /cormun/servlet/permisosadjuntos?INS,11435718,P,20180115103157,, HTTP/1.1" 200 5599
186.67.164.142 - - [15/Jan/2018:10:34:51 -0300] "POST /cormun/servlet/permisosadjuntos?06f1baf9098323afe5d9e7ee2e8f1b51,INS,11435718,P,20180115103157,, HTTP/1.1" 200 116
186.67.164.142 - - [15/Jan/2018:10:34:52 -0300] "GET /cormun/servlet/hpexe_return? HTTP/1.1" 200 1041
186.67.164.142 - - [15/Jan/2018:10:34:52 -0300] "GET /cormun/servlet/trpermisosadjuntos?11435718,20180115103157,P, HTTP/1.1" 200 6749
186.67.164.142 - - [15/Jan/2018:10:34:52 -0300] "GET /cormun/servlet/trpermisosadjuntos?11435718,20180115103157,P, HTTP/1.1" 200 6745
186.67.164.142 - - [15/Jan/2018:10:34:54 -0300] "POST /cormun/servlet/trpermisosadjuntos?06f1baf9098323afe5d9e7ee2e8f1b51,11435718,20180115103157,P,,gx-no-cache=1516023254196 HTTP/1.1" 200 90
186.67.164.142 - - [15/Jan/2018:10:34:54 -0300] "GET /cormun/servlet/hpexe_link HTTP/1.1" 200 984
186.67.164.142 - - [15/Jan/2018:10:34:54 -0300] "GET /cormun/servlet/trpermisosgoce HTTP/1.1" 200 8290
186.67.164.142 - - [15/Jan/2018:10:34:55 -0300] "GET /cormun/servlet/trpermisosgoce HTTP/1.1" 200 8285
186.67.164.142 - - [15/Jan/2018:10:34:58 -0300] "GET /cormun/servlet/apermisogoceprn?11435718,P,20180115103157,PU HTTP/1.1" 200 1670
186.67.164.142 - - [15/Jan/2018:10:35:26 -0300] "GET /cormun/servlet/apermisogoceprn?11142822,P,20180115102954,PU HTTP/1.1" 200 1674
186.67.164.142 - - [15/Jan/2018:10:36:05 -0300] "POST /cormun/servlet/trpermisosgoce?06f1baf9098323afe5d9e7ee2e8f1b51,gx-no-cache=1516023314516 HTTP/1.1" 200 5527
186.67.164.142 - - [15/Jan/2018:10:36:05 -0300] "GET /cormun/static/Shared/jqueryui/images/ui-bg_highlight-soft_100_c6c2c8_1x100.png HTTP/1.1" 404 1117
186.67.164.142 - - [15/Jan/2018:10:36:05 -0300] "GET /cormun/static/Shared/jqueryui/images/ui-icons_82798d_256x240.png HTTP/1.1" 404 1089
186.67.164.142 - - [15/Jan/2018:10:36:05 -0300] "GET /cormun/static/Shared/jqueryui/images/ui-bg_flat_55_fafafa_40x100.png HTTP/1.1" 404 1097
186.67.164.142 - - [15/Jan/2018:10:36:05 -0300] "GET /cormun/static/Shared/jqueryui/images/ui-icons_8d78a5_256x240.png HTTP/1.1" 404 1089
186.67.164.142 - - [15/Jan/2018:10:36:09 -0300] "POST /cormun/servlet/trpermisosgoce?06f1baf9098323afe5d9e7ee2e8f1b51,gx-no-cache=1516023328604 HTTP/1.1" 200 5523
186.67.164.142 - - [15/Jan/2018:10:36:10 -0300] "POST /cormun/servlet/trpermisosgoce?06f1baf9098323afe5d9e7ee2e8f1b51,gx-no-cache=1516023330135 HTTP/1.1" 200 5490
186.67.164.142 - - [15/Jan/2018:10:36:19 -0300] "GET /cormun/servlet/trlicencias? HTTP/1.1" 200 10718
186.67.164.142 - - [15/Jan/2018:10:36:19 -0300] "GET /cormun/static/gxcfg.js?20176272054169 HTTP/1.1" 200 953
186.67.164.142 - - [15/Jan/2018:10:36:20 -0300] "GET /cormun/servlet/trlicencias? HTTP/1.1" 200 10717
200.86.95.220 - - [15/Jan/2018:10:40:54 -0300] "GET /cormun/servlet/hpexe_return? HTTP/1.1" 200 986
200.86.95.220 - - [15/Jan/2018:10:40:55 -0300] "GET /cormun/static/messages.spa.js?85251 HTTP/1.1" 200 30736
200.86.95.220 - - [15/Jan/2018:10:40:55 -0300] "GET /cormun/servlet/hhome HTTP/1.1" 200 3396
200.86.95.220 - - [15/Jan/2018:10:40:56 -0300] "GET /cormun/servlet/hhome HTTP/1.1" 200 3391
200.86.95.220 - - [15/Jan/2018:10:40:56 -0300] "GET /cormun/servlet/hlogin HTTP/1.1" 200 1733
200.86.95.220 - - [15/Jan/2018:10:41:06 -0300] "POST /cormun/servlet/hlogin?2fb266d5dc5452a3d16daa306bad8982,gx-no-cache=1516023626349 HTTP/1.1" 200 90
200.86.95.220 - - [15/Jan/2018:10:41:06 -0300] "GET /cormun/servlet/hpexe_link HTTP/1.1" 200 953
200.86.95.220 - - [15/Jan/2018:10:41:06 -0300] "GET /cormun/servlet/hhome HTTP/1.1" 200 4120
200.86.95.220 - - [15/Jan/2018:10:41:07 -0300] "GET /cormun/servlet/hhome HTTP/1.1" 200 4116
200.111.191.210 - - [15/Jan/2018:10:41:37 -0300] "GET /cormun/servlet/hlogin HTTP/1.1" 200 1736
200.111.191.210 - - [15/Jan/2018:10:41:42 -0300] "POST /cormun/servlet/hlogin?2ca16e87e3d0ae39c38267f60e2cc0e3,gx-no-cache=1516023662551 HTTP/1.1" 200 90
200.111.191.210 - - [15/Jan/2018:10:41:42 -0300] "GET /cormun/servlet/hpexe_link HTTP/1.1" 200 951
200.111.191.210 - - [15/Jan/2018:10:41:42 -0300] "GET /cormun/servlet/hhome HTTP/1.1" 200 4179
200.111.191.210 - - [15/Jan/2018:10:41:42 -0300] "GET /cormun/servlet/hhome HTTP/1.1" 200 4175
200.111.191.210 - - [15/Jan/2018:10:41:45 -0300] "GET /cormun/servlet/trcontratosolicitud? HTTP/1.1" 200 14992
200.111.191.210 - - [15/Jan/2018:10:41:45 -0300] "GET /cormun/static/gxcfg.js?20177612214014 HTTP/1.1" 304 -
200.111.191.210 - - [15/Jan/2018:10:41:46 -0300] "GET /cormun/servlet/trcontratosolicitud? HTTP/1.1" 200 14993
200.111.191.210 - - [15/Jan/2018:10:42:08 -0300] "POST /cormun/servlet/trcontratosolicitud?2ca16e87e3d0ae39c38267f60e2cc0e3,,gx-no-cache=1516023688574 HTTP/1.1" 200 4136
200.86.95.220 - - [15/Jan/2018:10:43:21 -0300] "GET /cormun/servlet/trsolicitudot? HTTP/1.1" 200 7340
200.86.95.220 - - [15/Jan/2018:10:43:21 -0300] "GET /cormun/static/gxcfg.js?2017111422585916 HTTP/1.1" 304 -
200.86.95.220 - - [15/Jan/2018:10:43:23 -0300] "GET /cormun/servlet/trsolicitudot? HTTP/1.1" 200 7339
200.86.95.220 - - [15/Jan/2018:10:43:25 -0300] "GET /cormun/servlet/solicitudot?INS,0,0, HTTP/1.1" 200 14042
200.86.95.220 - - [15/Jan/2018:10:43:26 -0300] "GET /cormun/static/gxcfg.js?20181911371421 HTTP/1.1" 304 -
200.86.95.220 - - [15/Jan/2018:10:43:26 -0300] "GET /cormun/static/solicitudot.js?20181911371648 HTTP/1.1" 304 -
200.86.95.220 - - [15/Jan/2018:10:43:28 -0300] "GET /cormun/servlet/solicitudot?INS,0,0, HTTP/1.1" 200 14047
200.86.95.220 - - [15/Jan/2018:10:43:51 -0300] "POST /cormun/servlet/solicitudot?gx-no-cache=1516023791662 HTTP/1.1" 200 3755
200.86.95.220 - - [15/Jan/2018:10:43:52 -0300] "POST /cormun/servlet/solicitudot?2fb266d5dc5452a3d16daa306bad8982,INS,0,0,,gx-no-cache=1516023791960 HTTP/1.1" 200 10903
200.86.95.220 - - [15/Jan/2018:10:43:56 -0300] "GET /cormun/servlet/solicitudot?67ab985777ef2e10ff8ae3045ddeabd43ccc9c94a952f5494a4e891eb9dcb28d426ba8de4ea99ab0890634ed17298683,gx-no-cache=1516023796018 HTTP/1.1" 200 30
200.86.95.220 - - [15/Jan/2018:10:45:09 -0300] "POST /cormun/servlet/solicitudot?gx-no-cache=1516023868982 HTTP/1.1" 200 53
200.111.191.210 - - [15/Jan/2018:10:45:14 -0300] "POST /cormun/servlet/trcontratosolicitud?2ca16e87e3d0ae39c38267f60e2cc0e3,,gx-no-cache=1516023874804 HTTP/1.1" 200 12733
200.111.191.210 - - [15/Jan/2018:10:45:35 -0300] "GET /cormun/servlet/trsolicitudot? HTTP/1.1" 200 7390
200.111.191.210 - - [15/Jan/2018:10:45:35 -0300] "GET /cormun/servlet/trsolicitudot? HTTP/1.1" 200 7389
200.111.191.210 - - [15/Jan/2018:10:46:16 -0300] "GET /cormun/servlet/solicitudot?INS,0,0, HTTP/1.1" 200 14102
200.111.191.210 - - [15/Jan/2018:10:46:16 -0300] "GET /cormun/static/gxcfg.js?20181911371421 HTTP/1.1" 304 -
200.111.191.210 - - [15/Jan/2018:10:46:16 -0300] "GET /cormun/static/solicitudot.js?20181911371648 HTTP/1.1" 304 -
200.111.191.210 - - [15/Jan/2018:10:46:16 -0300] "GET /cormun/servlet/solicitudot?INS,0,0, HTTP/1.1" 200 14107
200.111.191.210 - - [15/Jan/2018:10:46:24 -0300] "POST /cormun/servlet/solicitudot?gx-no-cache=1516023944740 HTTP/1.1" 200 3875
200.111.191.210 - - [15/Jan/2018:10:46:24 -0300] "POST /cormun/servlet/solicitudot?2ca16e87e3d0ae39c38267f60e2cc0e3,INS,0,0,,gx-no-cache=1516023944868 HTTP/1.1" 200 11037
200.111.191.210 - - [15/Jan/2018:10:46:28 -0300] "GET /cormun/servlet/solicitudot?558509a2b3b19c814aa42762e7b3a65f4f4efb5fc57ad2af435ae3d3f7729e31b2da5761c99b79da1de7ee39722eb66d,gx-no-cache=1516023948565 HTTP/1.1" 200 30
200.111.191.210 - - [15/Jan/2018:10:46:28 -0300] "POST /cormun/servlet/solicitudot?gx-no-cache=1516023948591 HTTP/1.1" 200 45
200.111.191.210 - - [15/Jan/2018:10:46:28 -0300] "POST /cormun/servlet/solicitudot?gx-no-cache=1516023948612 HTTP/1.1" 200 255
200.111.191.210 - - [15/Jan/2018:10:46:28 -0300] "GET /cormun/servlet/solicitudot?558509a2b3b19c814aa42762e7b3a65fa99ee34f2729d36f598ef227c74776b6b04fc5e40faa8d454f452e6ccd7aaac6c65c259ee57d494f941fb9ef5698a26089f3ad85cfc3723351e00f9e377ac166d17e62233408b39c23389c3a6f0bf3f57e07451ce552dd5cae1d9addb5add2b6c2ef3f377cc4af3a2f6882504bbfc7341a67f9e28f782d9183303cb69ec00474f4d93830eebe2895f7587e105c6dcefbf55c772636fb120d79e7c9821020e94df080e14266085fd3029c71b4273b9eceade47ec02406813553035c6eebf547a1abcabe58e6c26dab0cfe56382d38af440930fd72b47bceeaa7e9cae3feb6b3dbcf2884b10f407665f2711ee1ec071bc7198e40f6b7e685e3d628a3ec786f869dbf12b2458521079b39c45330ba65bc53e48487ab777eb3b6932d561c1ff1d8066cfe8d2a2fbbbc6a8e4d7e598ed85152ecf714fd1ffd7f1f5946d6668d871d82b0303a0221fa6ec0938a1c3c8386ef7dda58afe689f7ad64aadb94d1f51f2f65a8b94d58adfdf2063b69f450b1c32468,gx-no-cache=1516023948660 HTTP/1.1" 200 30
200.111.191.210 - - [15/Jan/2018:10:46:30 -0300] "POST /cormun/servlet/solicitudot?gx-no-cache=1516023950498 HTTP/1.1" 200 30
200.111.191.210 - - [15/Jan/2018:10:46:34 -0300] "POST /cormun/servlet/solicitudot?gx-no-cache=1516023954254 HTTP/1.1" 200 30
200.111.191.210 - - [15/Jan/2018:10:46:36 -0300] "POST /cormun/servlet/solicitudot?gx-no-cache=1516023956833 HTTP/1.1" 200 1357
200.111.191.210 - - [15/Jan/2018:10:46:36 -0300] "POST /cormun/servlet/solicitudot?gx-no-cache=1516023956874 HTTP/1.1" 200 38
200.111.191.210 - - [15/Jan/2018:10:46:45 -0300] "GET /cormun/servlet/solicitudot?558509a2b3b19c814aa42762e7b3a65f2f257ee6892e38e7e7c82c2b4d9fe342366c7ad5bca0f795330a24c520a64693a9a3442a183f7e9c81f3d7a06b3e1cc269dca892a2a530f47ba23b9d3843c5c42371f3cbbdae65c775c218ceae6b39ebde26632bd7f5c0b071f8436f07f7dd994b92d77b88febcf1e5d97361e43d533c7bbd7e33cd9edcfeadcf6dc088204ff589bbccfa40faa53280a3fe35b3175895,gx-no-cache=1516023965156 HTTP/1.1" 200 29
200.111.191.210 - - [15/Jan/2018:10:46:45 -0300] "POST /cormun/servlet/solicitudot?gx-no-cache=1516023965188 HTTP/1.1" 200 221
200.111.191.210 - - [15/Jan/2018:10:46:45 -0300] "GET /cormun/servlet/solicitudot?558509a2b3b19c814aa42762e7b3a65f12e7b12aa3bd81b6036d5a26b71ff43e6bb806a6217a756d21e7470787a89af3dfd8fb86ccf19ba6e221214a1a36b52b1ebdc6278e987ceec33a2a56b37a42e03d68b5002aea8bd6005e24606398fd2a366c7ad5bca0f795330a24c520a64693e6a3feec5e965e6ed532c95cfa1f7a021b9cbda07bb77b33a70683bf9eed5a42,gx-no-cache=1516023965219 HTTP/1.1" 200 55
200.111.191.210 - - [15/Jan/2018:10:46:48 -0300] "GET /cormun/servlet/solicitudot?558509a2b3b19c814aa42762e7b3a65ff16c983f3c855a7ef4577ab7fb9b6e092643410e982dbcc1b71693e3c913ccca,gx-no-cache=1516023968424 HTTP/1.1" 200 30
200.111.191.210 - - [15/Jan/2018:10:46:50 -0300] "POST /cormun/servlet/solicitudot?gx-no-cache=1516023970915 HTTP/1.1" 200 30
200.111.191.210 - - [15/Jan/2018:10:47:37 -0300] "POST /cormun/servlet/solicitudot?gx-no-cache=1516024017918 HTTP/1.1" 200 30
200.111.191.210 - - [15/Jan/2018:10:47:38 -0300] "POST /cormun/servlet/solicitudot?2ca16e87e3d0ae39c38267f60e2cc0e3,INS,0,0,,gx-no-cache=1516024018010 HTTP/1.1" 200 93
200.111.191.210 - - [15/Jan/2018:10:47:38 -0300] "GET /cormun/servlet/hpexe_return? HTTP/1.1" 200 1007
200.111.191.210 - - [15/Jan/2018:10:47:38 -0300] "GET /cormun/servlet/trsolicitudot HTTP/1.1" 200 8782
200.111.191.210 - - [15/Jan/2018:10:47:38 -0300] "GET /cormun/servlet/trsolicitudot HTTP/1.1" 200 8778
200.86.95.220 - - [15/Jan/2018:10:48:50 -0300] "POST /cormun/servlet/solicitudot?gx-no-cache=1516024090690 HTTP/1.1" 200 43
200.111.191.210 - - [15/Jan/2018:10:48:59 -0300] "POST /cormun/servlet/trsolicitudot?2ca16e87e3d0ae39c38267f60e2cc0e3,gx-no-cache=1516024099736 HTTP/1.1" 200 4689
200.111.191.210 - - [15/Jan/2018:10:48:59 -0300] "GET /cormun/static/Shared/jqueryui/images/ui-icons_82798d_256x240.png HTTP/1.1" 404 1089
200.111.191.210 - - [15/Jan/2018:10:48:59 -0300] "GET /cormun/static/Shared/jqueryui/images/ui-icons_8d78a5_256x240.png HTTP/1.1" 404 1089
200.111.191.210 - - [15/Jan/2018:10:48:59 -0300] "GET /cormun/static/Shared/jqueryui/images/ui-bg_flat_55_fafafa_40x100.png HTTP/1.1" 404 1097
200.111.191.210 - - [15/Jan/2018:10:48:59 -0300] "GET /cormun/static/Shared/jqueryui/images/ui-bg_highlight-soft_100_c6c2c8_1x100.png HTTP/1.1" 404 1117
200.111.191.210 - - [15/Jan/2018:10:48:59 -0300] "POST /cormun/servlet/trsolicitudot?2ca16e87e3d0ae39c38267f60e2cc0e3,gx-no-cache=1516024099904 HTTP/1.1" 200 4446
200.86.95.220 - - [15/Jan/2018:10:49:00 -0300] "POST /cormun/servlet/solicitudot?2fb266d5dc5452a3d16daa306bad8982,INS,0,0,,gx-no-cache=1516024100221 HTTP/1.1" 200 93
200.86.95.220 - - [15/Jan/2018:10:49:00 -0300] "GET /cormun/servlet/hpexe_return? HTTP/1.1" 200 1009
200.86.95.220 - - [15/Jan/2018:10:49:00 -0300] "GET /cormun/servlet/trsolicitudot HTTP/1.1" 200 7344
200.86.95.220 - - [15/Jan/2018:10:49:01 -0300] "GET /cormun/servlet/trsolicitudot HTTP/1.1" 200 7339
200.86.95.220 - - [15/Jan/2018:10:49:06 -0300] "GET /cormun/servlet/solicitudot?INS,0,0, HTTP/1.1" 200 14043
200.86.95.220 - - [15/Jan/2018:10:49:07 -0300] "GET /cormun/servlet/solicitudot?INS,0,0, HTTP/1.1" 200 14048
200.86.95.220 - - [15/Jan/2018:10:49:20 -0300] "POST /cormun/servlet/solicitudot?gx-no-cache=1516024120556 HTTP/1.1" 200 3755
200.86.95.220 - - [15/Jan/2018:10:49:21 -0300] "POST /cormun/servlet/solicitudot?2fb266d5dc5452a3d16daa306bad8982,INS,0,0,,gx-no-cache=1516024120793 HTTP/1.1" 200 10902
200.86.95.220 - - [15/Jan/2018:10:49:25 -0300] "GET /cormun/servlet/solicitudot?67ab985777ef2e10ff8ae3045ddeabd43ccc9c94a952f5494a4e891eb9dcb28d426ba8de4ea99ab0890634ed17298683,gx-no-cache=1516024124998 HTTP/1.1" 200 30
141.8.143.176 - - [15/Jan/2018:10:50:35 -0300] "GET /docs/jdbc-pool.html HTTP/1.1" 200 76249
200.86.95.220 - - [15/Jan/2018:10:50:35 -0300] "POST /cormun/servlet/solicitudot?gx-no-cache=1516024195707 HTTP/1.1" 200 43
200.86.95.220 - - [15/Jan/2018:10:50:46 -0300] "POST /cormun/servlet/solicitudot?gx-no-cache=1516024206614 HTTP/1.1" 200 297
200.86.95.220 - - [15/Jan/2018:10:50:46 -0300] "GET /cormun/servlet/solicitudot?67ab985777ef2e10ff8ae3045ddeabd49e7df37f9537970c3bc6acb7763e064c000ce50f2cc2867368213bb4e972b8b53814fe9447378f3acc72d8fa29738cd46716aeaa8e651da2f0195c537471bb943b519130c7e9ea130187f8282356cfb0c8608df07e8c07c7aa716248eeb5de5f9aff921a6333a920c3d882d7243620068def4a2501c45d83750b95128418d8863d7db0b483b6bec4f0afd38caa756f267eeb6da04385cd55ebfd91e398f35eaa1983b594bfe8f77aade87e12c552f5a50d62e416fc5e286030983fa127dc7d0b9fc3f7389527d69a09250e99a37d2d752df3adc49213e8d954aab3d069df9b1449680f3439f8f195c3aca7a984925e28cc96fe1571e7bc6d409fc5283f81b256f8fb4ebcaa37d67325608002d9b9bf2a472ee97ed60557f5e9ec43f3d1cd5c4ad4051b68be0ce22d5f65d5f8ea73583cc20ac437c64280bb54b3b2cf99ea7fedd524a7f9a7fc5d64e7cd3c853c4d129fb4d596cc83629b6ca4a9fb23abcb3893b334649b53bbe3d80d2c90987f107ba19a6047f08cdbd0738a137ddccfed9929,gx-no-cache=1516024206719 HTTP/1.1" 200 30
200.86.95.220 - - [15/Jan/2018:10:50:51 -0300] "POST /cormun/servlet/solicitudot?gx-no-cache=1516024211069 HTTP/1.1" 200 30
200.86.95.220 - - [15/Jan/2018:10:50:53 -0300] "POST /cormun/servlet/solicitudot?gx-no-cache=1516024213208 HTTP/1.1" 200 1353
200.86.95.220 - - [15/Jan/2018:10:50:53 -0300] "POST /cormun/servlet/solicitudot?gx-no-cache=1516024213371 HTTP/1.1" 200 38
190.46.88.54 - - [15/Jan/2018:10:51:18 -0300] "GET /cormun/servlet/trvisualizadoreventos? HTTP/1.1" 200 5943
190.46.88.54 - - [15/Jan/2018:10:51:18 -0300] "GET /cormun/servlet/trvisualizadoreventos? HTTP/1.1" 200 5933
190.46.88.54 - - [15/Jan/2018:10:51:18 -0300] "GET /cormun/servlet/hlogin HTTP/1.1" 200 1737
190.46.88.54 - - [15/Jan/2018:10:51:28 -0300] "POST /cormun/servlet/hlogin?85d9723e8c2b3a0a40264219935b1699,gx-no-cache=1516024251107 HTTP/1.1" 200 449
190.46.88.54 - - [15/Jan/2018:10:51:37 -0300] "POST /cormun/servlet/hlogin?85d9723e8c2b3a0a40264219935b1699,gx-no-cache=1516024259779 HTTP/1.1" 200 449
190.46.88.54 - - [15/Jan/2018:10:51:49 -0300] "POST /cormun/servlet/hlogin?85d9723e8c2b3a0a40264219935b1699,gx-no-cache=1516024272037 HTTP/1.1" 200 90
190.46.88.54 - - [15/Jan/2018:10:51:49 -0300] "GET /cormun/servlet/hpexe_link HTTP/1.1" 200 956
190.46.88.54 - - [15/Jan/2018:10:51:49 -0300] "GET /cormun/servlet/trvisualizadoreventos HTTP/1.1" 200 6522
200.86.95.220 - - [15/Jan/2018:10:51:50 -0300] "GET /cormun/servlet/solicitudot?67ab985777ef2e10ff8ae3045ddeabd4f21bb7aef4c76df27a943a9157a94897e019bfae552e06e4af5caf45f430df0d53d890bf7c0ec8b4b0b53c1c25c610da5fabc322949c02a9870c007afb53563a73bf4f3d9745739d4c9c5a087b2437d00e9a38893fa2fab9d316b06cc6f81055,gx-no-cache=1516024270357 HTTP/1.1" 200 29
190.46.88.54 - - [15/Jan/2018:10:51:50 -0300] "GET /cormun/servlet/trvisualizadoreventos HTTP/1.1" 200 6520
200.86.95.220 - - [15/Jan/2018:10:51:50 -0300] "POST /cormun/servlet/solicitudot?gx-no-cache=1516024270461 HTTP/1.1" 200 219
200.86.95.220 - - [15/Jan/2018:10:51:50 -0300] "GET /cormun/servlet/solicitudot?67ab985777ef2e10ff8ae3045ddeabd49d104c8954d107a714d909f00ccb3f10964f38d4fa7e89467190545b5c4ab0dcbf6bd47d4d4bcdaf9d4b79eac3d7fb2f2585eac6f37c4ab2ac5b5421f08b68cbba761e70552985a04e6cc45caa68b698e019bfae552e06e4af5caf45f430df0d36ad7c81ecb70fcef70fc13a3d864c677ea2f5bbe19c883dbf16d1db94b781bb,gx-no-cache=1516024270524 HTTP/1.1" 200 55
200.86.95.220 - - [15/Jan/2018:10:51:56 -0300] "GET /cormun/static/menuarrow.gif HTTP/1.1" 404 1015
200.86.95.220 - - [15/Jan/2018:10:52:03 -0300] "GET /cormun/servlet/solicitudot?67ab985777ef2e10ff8ae3045ddeabd489ef889fd36c5cb2a0cf979850d8b0acaebf72bbafc50873074fb5b8ab27a876,gx-no-cache=1516024283151 HTTP/1.1" 200 30
200.86.95.220 - - [15/Jan/2018:10:52:10 -0300] "POST /cormun/servlet/solicitudot?gx-no-cache=1516024290495 HTTP/1.1" 200 30
200.86.95.220 - - [15/Jan/2018:10:52:22 -0300] "POST /cormun/servlet/solicitudot?2fb266d5dc5452a3d16daa306bad8982,INS,0,0,,gx-no-cache=1516024301618 HTTP/1.1" 200 93
200.86.95.220 - - [15/Jan/2018:10:52:22 -0300] "GET /cormun/servlet/hpexe_return? HTTP/1.1" 200 1009
200.86.95.220 - - [15/Jan/2018:10:52:22 -0300] "GET /cormun/servlet/trsolicitudot HTTP/1.1" 200 8699
200.86.95.220 - - [15/Jan/2018:10:52:23 -0300] "GET /cormun/servlet/trsolicitudot HTTP/1.1" 200 8695
200.86.95.220 - - [15/Jan/2018:10:52:49 -0300] "POST /cormun/servlet/trsolicitudot?2fb266d5dc5452a3d16daa306bad8982,gx-no-cache=1516024329600 HTTP/1.1" 200 106
200.86.95.220 - - [15/Jan/2018:10:52:50 -0300] "GET /cormun/servlet/trsolicitudadjuntos?2018,9216, HTTP/1.1" 200 6216
200.86.95.220 - - [15/Jan/2018:10:52:50 -0300] "GET /cormun/static/gxcfg.js?20177612135366 HTTP/1.1" 304 -
200.86.95.220 - - [15/Jan/2018:10:52:51 -0300] "GET /cormun/servlet/trsolicitudadjuntos?2018,9216, HTTP/1.1" 200 6216
200.86.95.220 - - [15/Jan/2018:10:52:53 -0300] "GET /cormun/servlet/solicitudotadjuntos?INS,2018,9216,,1, HTTP/1.1" 200 6161
200.86.95.220 - - [15/Jan/2018:10:52:53 -0300] "GET /cormun/static/gxcfg.js?2017761244068 HTTP/1.1" 304 -
200.86.95.220 - - [15/Jan/2018:10:52:54 -0300] "GET /cormun/static/about:blank HTTP/1.1" 404 1011
200.86.95.220 - - [15/Jan/2018:10:52:54 -0300] "GET /cormun/servlet/solicitudotadjuntos?INS,2018,9216,,1, HTTP/1.1" 200 6155
200.86.95.220 - - [15/Jan/2018:10:52:55 -0300] "GET /cormun/servlet/solicitudotadjuntos?67ab985777ef2e10ff8ae3045ddeabd4f1d5974cd17d8187ea8ae7642a5e2854bbde3cde94d067bdc0cd1cd705cc1763,gx-no-cache=1516024335198 HTTP/1.1" 200 30
200.86.95.220 - - [15/Jan/2018:10:52:55 -0300] "POST /cormun/servlet/solicitudotadjuntos?2fb266d5dc5452a3d16daa306bad8982,INS,2018,9216,,1,,gx-no-cache=1516024335309 HTTP/1.1" 200 3987
200.86.95.220 - - [15/Jan/2018:10:52:59 -0300] "POST /cormun/servlet/solicitudotadjuntos?gx-no-cache=1516024339653 HTTP/1.1" 200 26
200.86.95.220 - - [15/Jan/2018:10:53:08 -0300] "GET /cormun/servlet/solicitudotadjuntos?67ab985777ef2e10ff8ae3045ddeabd4a3040562accfb95eab7d3d6fa7cdb144,gx-no-cache=1516024348285 HTTP/1.1" 200 30
200.86.95.220 - - [15/Jan/2018:10:53:08 -0300] "GET /cormun/servlet/solicitudotadjuntos?67ab985777ef2e10ff8ae3045ddeabd4a3040562accfb95eab7d3d6fa7cdb144,gx-no-cache=1516024348333 HTTP/1.1" 200 30
200.86.95.220 - - [15/Jan/2018:10:53:09 -0300] "POST /cormun/servlet/solicitudotadjuntos?2fb266d5dc5452a3d16daa306bad8982,INS,2018,9216,,1, HTTP/1.1" 200 116
200.86.95.220 - - [15/Jan/2018:10:53:09 -0300] "GET /cormun/servlet/hpexe_return? HTTP/1.1" 200 1027
200.86.95.220 - - [15/Jan/2018:10:53:09 -0300] "GET /cormun/servlet/trsolicitudadjuntos?2018,9216, HTTP/1.1" 200 8514
200.86.95.220 - - [15/Jan/2018:10:53:10 -0300] "GET /cormun/servlet/trsolicitudadjuntos?2018,9216, HTTP/1.1" 200 8510
200.86.95.220 - - [15/Jan/2018:10:53:13 -0300] "GET /cormun/servlet/solicitudotadjuntos?INS,2018,9216,,1, HTTP/1.1" 200 6161
200.86.95.220 - - [15/Jan/2018:10:53:13 -0300] "GET /cormun/static/about:blank HTTP/1.1" 404 1011
200.86.95.220 - - [15/Jan/2018:10:53:14 -0300] "GET /cormun/servlet/solicitudotadjuntos?INS,2018,9216,,1, HTTP/1.1" 200 6155
200.86.95.220 - - [15/Jan/2018:10:53:15 -0300] "GET /cormun/servlet/solicitudotadjuntos?67ab985777ef2e10ff8ae3045ddeabd4f1d5974cd17d8187ea8ae7642a5e2854bbde3cde94d067bdc0cd1cd705cc1763,gx-no-cache=1516024354892 HTTP/1.1" 200 30
200.86.95.220 - - [15/Jan/2018:10:53:15 -0300] "POST /cormun/servlet/solicitudotadjuntos?2fb266d5dc5452a3d16daa306bad8982,INS,2018,9216,,1,,gx-no-cache=1516024354954 HTTP/1.1" 200 3987
200.86.95.220 - - [15/Jan/2018:10:53:21 -0300] "POST /cormun/servlet/solicitudotadjuntos?gx-no-cache=1516024361641 HTTP/1.1" 200 26
190.46.88.54 - - [15/Jan/2018:10:53:22 -0300] "GET /cormun/static/menuarrow.gif HTTP/1.1" 404 1015
190.46.88.54 - - [15/Jan/2018:10:53:29 -0300] "POST /cormun/servlet/trvisualizadoreventos?85d9723e8c2b3a0a40264219935b1699,gx-no-cache=1516024371705 HTTP/1.1" 200 3663
200.86.95.220 - - [15/Jan/2018:10:53:34 -0300] "GET /cormun/servlet/solicitudotadjuntos?67ab985777ef2e10ff8ae3045ddeabd4a3040562accfb95eab7d3d6fa7cdb144,gx-no-cache=1516024374515 HTTP/1.1" 200 30
200.86.95.220 - - [15/Jan/2018:10:53:34 -0300] "GET /cormun/servlet/solicitudotadjuntos?67ab985777ef2e10ff8ae3045ddeabd4a3040562accfb95eab7d3d6fa7cdb144,gx-no-cache=1516024374557 HTTP/1.1" 200 30
200.86.95.220 - - [15/Jan/2018:10:53:35 -0300] "POST /cormun/servlet/solicitudotadjuntos?2fb266d5dc5452a3d16daa306bad8982,INS,2018,9216,,1, HTTP/1.1" 200 116
190.46.88.54 - - [15/Jan/2018:10:53:35 -0300] "POST /cormun/servlet/trvisualizadoreventos?85d9723e8c2b3a0a40264219935b1699,gx-no-cache=1516024377933 HTTP/1.1" 200 4072
200.86.95.220 - - [15/Jan/2018:10:53:35 -0300] "GET /cormun/servlet/hpexe_return? HTTP/1.1" 200 1027
200.86.95.220 - - [15/Jan/2018:10:53:35 -0300] "GET /cormun/servlet/trsolicitudadjuntos?2018,9216, HTTP/1.1" 200 8704
200.86.95.220 - - [15/Jan/2018:10:53:37 -0300] "GET /cormun/servlet/trsolicitudadjuntos?2018,9216, HTTP/1.1" 200 8699
200.86.95.220 - - [15/Jan/2018:10:53:39 -0300] "GET /cormun/servlet/solicitudotadjuntos?INS,2018,9216,,1, HTTP/1.1" 200 6161
200.86.95.220 - - [15/Jan/2018:10:53:40 -0300] "GET /cormun/static/about:blank HTTP/1.1" 404 1011
200.86.95.220 - - [15/Jan/2018:10:53:40 -0300] "GET /cormun/servlet/solicitudotadjuntos?INS,2018,9216,,1, HTTP/1.1" 200 6155
200.86.95.220 - - [15/Jan/2018:10:53:40 -0300] "GET /cormun/servlet/solicitudotadjuntos?67ab985777ef2e10ff8ae3045ddeabd4f1d5974cd17d8187ea8ae7642a5e2854bbde3cde94d067bdc0cd1cd705cc1763,gx-no-cache=1516024380779 HTTP/1.1" 200 30
200.86.95.220 - - [15/Jan/2018:10:53:41 -0300] "POST /cormun/servlet/solicitudotadjuntos?2fb266d5dc5452a3d16daa306bad8982,INS,2018,9216,,1,,gx-no-cache=1516024380824 HTTP/1.1" 200 3987
200.86.95.220 - - [15/Jan/2018:10:53:44 -0300] "POST /cormun/servlet/solicitudotadjuntos?gx-no-cache=1516024384761 HTTP/1.1" 200 26
192.168.10.89 - - [15/Jan/2018:10:53:49 -0300] "GET /cormun/servlet/hlogin HTTP/1.1" 200 1722
190.46.88.54 - - [15/Jan/2018:10:53:50 -0300] "POST /cormun/servlet/trvisualizadoreventos?85d9723e8c2b3a0a40264219935b1699,gx-no-cache=1516024392370 HTTP/1.1" 200 4076
190.46.88.54 - - [15/Jan/2018:10:53:52 -0300] "POST /cormun/servlet/trvisualizadoreventos?85d9723e8c2b3a0a40264219935b1699,gx-no-cache=1516024394595 HTTP/1.1" 200 4076
200.86.95.220 - - [15/Jan/2018:10:53:55 -0300] "GET /cormun/servlet/solicitudotadjuntos?67ab985777ef2e10ff8ae3045ddeabd4a3040562accfb95eab7d3d6fa7cdb144,gx-no-cache=1516024395220 HTTP/1.1" 200 30
200.86.95.220 - - [15/Jan/2018:10:53:55 -0300] "GET /cormun/servlet/solicitudotadjuntos?67ab985777ef2e10ff8ae3045ddeabd4a3040562accfb95eab7d3d6fa7cdb144,gx-no-cache=1516024395262 HTTP/1.1" 200 30
200.86.95.220 - - [15/Jan/2018:10:53:56 -0300] "POST /cormun/servlet/solicitudotadjuntos?2fb266d5dc5452a3d16daa306bad8982,INS,2018,9216,,1, HTTP/1.1" 200 116
200.86.95.220 - - [15/Jan/2018:10:53:56 -0300] "GET /cormun/servlet/hpexe_return? HTTP/1.1" 200 1027
200.86.95.220 - - [15/Jan/2018:10:53:56 -0300] "GET /cormun/servlet/trsolicitudadjuntos?2018,9216, HTTP/1.1" 200 8862
190.46.88.54 - - [15/Jan/2018:10:53:56 -0300] "GET /cormun/servlet/trvisualizadoreventos? HTTP/1.1" 200 6937
190.46.88.54 - - [15/Jan/2018:10:53:57 -0300] "GET /cormun/servlet/trvisualizadoreventos? HTTP/1.1" 200 6937
200.86.95.220 - - [15/Jan/2018:10:53:57 -0300] "GET /cormun/servlet/trsolicitudadjuntos?2018,9216, HTTP/1.1" 200 8860
192.168.10.89 - - [15/Jan/2018:10:53:58 -0300] "POST /cormun/servlet/hlogin?a371d4ea136a51f1453e8b9d672b22e7,gx-no-cache=1516024296548 HTTP/1.1" 200 90
192.168.10.89 - - [15/Jan/2018:10:53:58 -0300] "GET /cormun/servlet/hpexe_link HTTP/1.1" 200 953
192.168.10.89 - - [15/Jan/2018:10:53:58 -0300] "GET /cormun/servlet/hhome HTTP/1.1" 200 4777
200.86.95.220 - - [15/Jan/2018:10:53:59 -0300] "GET /cormun/servlet/solicitudotadjuntos?INS,2018,9216,,1, HTTP/1.1" 200 6161
200.86.95.220 - - [15/Jan/2018:10:53:59 -0300] "GET /cormun/static/about:blank HTTP/1.1" 404 1011
200.86.95.220 - - [15/Jan/2018:10:54:00 -0300] "GET /cormun/servlet/solicitudotadjuntos?INS,2018,9216,,1, HTTP/1.1" 200 6155
200.86.95.220 - - [15/Jan/2018:10:54:01 -0300] "GET /cormun/servlet/solicitudotadjuntos?67ab985777ef2e10ff8ae3045ddeabd4f1d5974cd17d8187ea8ae7642a5e2854bbde3cde94d067bdc0cd1cd705cc1763,gx-no-cache=1516024401002 HTTP/1.1" 200 30
200.86.95.220 - - [15/Jan/2018:10:54:01 -0300] "POST /cormun/servlet/solicitudotadjuntos?2fb266d5dc5452a3d16daa306bad8982,INS,2018,9216,,1,,gx-no-cache=1516024401061 HTTP/1.1" 200 3987
190.46.88.54 - - [15/Jan/2018:10:54:02 -0300] "GET /cormun/servlet/trsolicitudot? HTTP/1.1" 200 8530
190.46.88.54 - - [15/Jan/2018:10:54:03 -0300] "GET /cormun/servlet/trsolicitudot? HTTP/1.1" 200 8529
200.86.95.220 - - [15/Jan/2018:10:54:05 -0300] "POST /cormun/servlet/solicitudotadjuntos?gx-no-cache=1516024404995 HTTP/1.1" 200 26
192.168.10.89 - - [15/Jan/2018:10:54:12 -0300] "GET /cormun/servlet/trsolicitudgral? HTTP/1.1" 200 27416
200.86.95.220 - - [15/Jan/2018:10:54:14 -0300] "GET /cormun/servlet/solicitudotadjuntos?67ab985777ef2e10ff8ae3045ddeabd4a3040562accfb95eab7d3d6fa7cdb144,gx-no-cache=1516024413997 HTTP/1.1" 200 30
200.86.95.220 - - [15/Jan/2018:10:54:14 -0300] "GET /cormun/servlet/solicitudotadjuntos?67ab985777ef2e10ff8ae3045ddeabd4a3040562accfb95eab7d3d6fa7cdb144,gx-no-cache=1516024414052 HTTP/1.1" 200 30
200.86.95.220 - - [15/Jan/2018:10:54:14 -0300] "POST /cormun/servlet/solicitudotadjuntos?2fb266d5dc5452a3d16daa306bad8982,INS,2018,9216,,1, HTTP/1.1" 200 116
200.86.95.220 - - [15/Jan/2018:10:54:14 -0300] "GET /cormun/servlet/hpexe_return? HTTP/1.1" 200 1027
200.86.95.220 - - [15/Jan/2018:10:54:15 -0300] "GET /cormun/servlet/trsolicitudadjuntos?2018,9216, HTTP/1.1" 200 9024
200.86.95.220 - - [15/Jan/2018:10:54:16 -0300] "GET /cormun/servlet/trsolicitudadjuntos?2018,9216, HTTP/1.1" 200 9020
200.86.95.220 - - [15/Jan/2018:10:54:18 -0300] "GET /cormun/servlet/solicitudotadjuntos?INS,2018,9216,,1, HTTP/1.1" 200 6161
200.86.95.220 - - [15/Jan/2018:10:54:18 -0300] "GET /cormun/static/about:blank HTTP/1.1" 404 1011
200.86.95.220 - - [15/Jan/2018:10:54:19 -0300] "GET /cormun/servlet/solicitudotadjuntos?INS,2018,9216,,1, HTTP/1.1" 200 6155
200.86.95.220 - - [15/Jan/2018:10:54:20 -0300] "GET /cormun/servlet/solicitudotadjuntos?67ab985777ef2e10ff8ae3045ddeabd4f1d5974cd17d8187ea8ae7642a5e2854bbde3cde94d067bdc0cd1cd705cc1763,gx-no-cache=1516024419928 HTTP/1.1" 200 30
200.86.95.220 - - [15/Jan/2018:10:54:20 -0300] "POST /cormun/servlet/solicitudotadjuntos?2fb266d5dc5452a3d16daa306bad8982,INS,2018,9216,,1,,gx-no-cache=1516024419998 HTTP/1.1" 200 3987
200.86.95.220 - - [15/Jan/2018:10:54:26 -0300] "POST /cormun/servlet/solicitudotadjuntos?gx-no-cache=1516024426515 HTTP/1.1" 200 26
190.46.88.54 - - [15/Jan/2018:10:54:29 -0300] "GET /cormun/servlet/solicitudot?INS,0,0, HTTP/1.1" 200 13914
192.168.10.89 - - [15/Jan/2018:10:54:30 -0300] "POST /cormun/servlet/trsolicitudgral?a371d4ea136a51f1453e8b9d672b22e7,,gx-no-cache=1516024328248 HTTP/1.1" 200 13444
190.46.88.54 - - [15/Jan/2018:10:54:30 -0300] "GET /cormun/servlet/solicitudot?INS,0,0, HTTP/1.1" 200 13919
200.86.95.220 - - [15/Jan/2018:10:54:34 -0300] "GET /cormun/servlet/solicitudotadjuntos?67ab985777ef2e10ff8ae3045ddeabd4a3040562accfb95eab7d3d6fa7cdb144,gx-no-cache=1516024434069 HTTP/1.1" 200 30
200.86.95.220 - - [15/Jan/2018:10:54:34 -0300] "GET /cormun/servlet/solicitudotadjuntos?67ab985777ef2e10ff8ae3045ddeabd4a3040562accfb95eab7d3d6fa7cdb144,gx-no-cache=1516024434116 HTTP/1.1" 200 30
200.86.95.220 - - [15/Jan/2018:10:54:36 -0300] "POST /cormun/servlet/solicitudotadjuntos?2fb266d5dc5452a3d16daa306bad8982,INS,2018,9216,,1, HTTP/1.1" 200 116
200.86.95.220 - - [15/Jan/2018:10:54:36 -0300] "GET /cormun/servlet/hpexe_return? HTTP/1.1" 200 1027
200.86.95.220 - - [15/Jan/2018:10:54:36 -0300] "GET /cormun/servlet/trsolicitudadjuntos?2018,9216, HTTP/1.1" 200 9222
200.86.95.220 - - [15/Jan/2018:10:54:38 -0300] "GET /cormun/servlet/trsolicitudadjuntos?2018,9216, HTTP/1.1" 200 9221
200.86.95.220 - - [15/Jan/2018:10:54:40 -0300] "GET /cormun/servlet/solicitudotadjuntos?INS,2018,9216,,1, HTTP/1.1" 200 6161
200.86.95.220 - - [15/Jan/2018:10:54:40 -0300] "GET /cormun/static/about:blank HTTP/1.1" 404 1011
200.86.95.220 - - [15/Jan/2018:10:54:41 -0300] "GET /cormun/servlet/solicitudotadjuntos?INS,2018,9216,,1, HTTP/1.1" 200 6155
200.86.95.220 - - [15/Jan/2018:10:54:42 -0300] "GET /cormun/servlet/solicitudotadjuntos?67ab985777ef2e10ff8ae3045ddeabd4f1d5974cd17d8187ea8ae7642a5e2854bbde3cde94d067bdc0cd1cd705cc1763,gx-no-cache=1516024441895 HTTP/1.1" 200 30
200.86.95.220 - - [15/Jan/2018:10:54:42 -0300] "POST /cormun/servlet/solicitudotadjuntos?2fb266d5dc5452a3d16daa306bad8982,INS,2018,9216,,1,,gx-no-cache=1516024441969 HTTP/1.1" 200 3987
190.46.88.54 - - [15/Jan/2018:10:54:43 -0300] "POST /cormun/servlet/solicitudot?gx-no-cache=1516024446125 HTTP/1.1" 200 3755
190.46.88.54 - - [15/Jan/2018:10:54:44 -0300] "POST /cormun/servlet/solicitudot?85d9723e8c2b3a0a40264219935b1699,INS,0,0,,gx-no-cache=1516024446464 HTTP/1.1" 200 10706
200.86.95.220 - - [15/Jan/2018:10:54:44 -0300] "POST /cormun/servlet/solicitudotadjuntos?gx-no-cache=1516024444532 HTTP/1.1" 200 26
190.46.88.54 - - [15/Jan/2018:10:54:53 -0300] "GET /cormun/servlet/prfichaempleado?,MD,,gxPopupLevel%3D0%3B HTTP/1.1" 200 9322
190.46.88.54 - - [15/Jan/2018:10:54:53 -0300] "GET /cormun/static/gxcfg.js?20177612134814 HTTP/1.1" 304 -
93.158.161.6 - - [15/Jan/2018:10:54:55 -0300] "GET /examples/async/stockticker HTTP/1.1" 200 417
