186.67.172.234 - - [15/Jan/2018:12:40:47 -0300] "GET /cormun/static/Shared/jqueryui/images/ui-bg_flat_55_994d53_40x100.png HTTP/1.1" 404 1097
200.72.197.82 - - [15/Jan/2018:12:40:47 -0300] "POST /cormun/servlet/trcontratosolicitud?e7d4fa1423395e3088f99c3f98f5afe9,gx-no-cache=1516030805797 HTTP/1.1" 200 4151
186.67.172.234 - - [15/Jan/2018:12:40:50 -0300] "POST /cormun/servlet/solicitudotcontratos?d37ba025b9bb6891fd0a353d295a7357,INS,2018,0,7109486,3,6,2017,1114,NADA,201712,6,M,,gx-no-cache=1516030810166 HTTP/1.1" 200 93
186.67.172.234 - - [15/Jan/2018:12:40:50 -0300] "GET /cormun/servlet/hpexe_return? HTTP/1.1" 200 1069
186.67.172.234 - - [15/Jan/2018:12:40:51 -0300] "GET /cormun/servlet/trcontratosolicitud?gx-no-cache=1516030500064 HTTP/1.1" 200 14344
186.67.172.234 - - [15/Jan/2018:12:40:51 -0300] "GET /cormun/servlet/trcontratosolicitud?gx-no-cache=1516030500064 HTTP/1.1" 200 14398
200.72.197.82 - - [15/Jan/2018:12:40:55 -0300] "POST /cormun/servlet/trcontratosolicitud?e7d4fa1423395e3088f99c3f98f5afe9,gx-no-cache=1516030813310 HTTP/1.1" 200 4152
200.72.197.82 - - [15/Jan/2018:12:41:12 -0300] "POST /cormun/servlet/trcontratosolicitud?e7d4fa1423395e3088f99c3f98f5afe9,gx-no-cache=1516030830854 HTTP/1.1" 200 4151
200.86.95.220 - - [15/Jan/2018:12:41:14 -0300] "POST /cormun/servlet/trsolicitudot?75d0003e40882e57215a4d5b7b51f4ce,,gx-no-cache=1516030834662 HTTP/1.1" 200 4492
200.86.95.220 - - [15/Jan/2018:12:41:20 -0300] "GET /cormun/servlet/solicitudot?INS,0,0, HTTP/1.1" 200 14033
200.86.95.220 - - [15/Jan/2018:12:41:21 -0300] "GET /cormun/servlet/solicitudot?INS,0,0, HTTP/1.1" 200 14039
200.72.197.82 - - [15/Jan/2018:12:41:25 -0300] "POST /cormun/servlet/trcontratosolicitud?e7d4fa1423395e3088f99c3f98f5afe9,gx-no-cache=1516030843871 HTTP/1.1" 200 12379
186.67.172.234 - - [15/Jan/2018:12:41:28 -0300] "POST /cormun/servlet/trcontratosolicitud?d37ba025b9bb6891fd0a353d295a7357,gx-no-cache=1516030500064,gx-no-cache=1516030847257 HTTP/1.1" 200 11961
190.151.100.218 - - [15/Jan/2018:12:41:50 -0300] "POST /cormun/servlet/trcontratosolicitud?e7d4fa1423395e3088f99c3f98f5afe9,gx-no-cache=1516030868677 HTTP/1.1" 200 4154
186.67.172.234 - - [15/Jan/2018:12:41:50 -0300] "POST /cormun/servlet/trcontratosolicitud?d37ba025b9bb6891fd0a353d295a7357,gx-no-cache=1516030500064,gx-no-cache=1516030869863 HTTP/1.1" 200 12204
192.168.10.94 - - [15/Jan/2018:12:41:56 -0300] "GET /cormun/servlet/veautorizarsolicitud?2018,8812,, HTTP/1.1" 200 8435
192.168.10.94 - - [15/Jan/2018:12:41:56 -0300] "GET /cormun/static/gxcfg.js?2017111423404691 HTTP/1.1" 200 953
192.168.10.94 - - [15/Jan/2018:12:41:56 -0300] "GET /cormun/pexe_scrolldiv.js HTTP/1.1" 404 1009
192.168.10.94 - - [15/Jan/2018:12:41:56 -0300] "GET /cormun/static/Resources/PXToolsTabLastUnselected.png HTTP/1.1" 200 1291
192.168.10.94 - - [15/Jan/2018:12:41:56 -0300] "GET /cormun/static/Resources/PXToolsTabPrevious.gif HTTP/1.1" 200 172
192.168.10.94 - - [15/Jan/2018:12:41:56 -0300] "GET /cormun/static/Resources/PXToolsTabFirstSelected.png HTTP/1.1" 200 1259
192.168.10.94 - - [15/Jan/2018:12:41:56 -0300] "GET /cormun/static/hpexe_tabsview.js?201610171694228 HTTP/1.1" 200 1661
192.168.10.94 - - [15/Jan/2018:12:41:56 -0300] "GET /cormun/static/veautorizarsolicitud.js?2017111423404756 HTTP/1.1" 200 6140
192.168.10.94 - - [15/Jan/2018:12:41:56 -0300] "GET /cormun/static/tbautorizarsolicitud01.js?2017111423392092 HTTP/1.1" 200 30580
192.168.10.94 - - [15/Jan/2018:12:41:56 -0300] "GET /cormun/static/Resources/PXToolsTabNext.gif HTTP/1.1" 200 168
192.168.10.94 - - [15/Jan/2018:12:41:56 -0300] "GET /cormun/static/hwcviewtabs.js?20177611594913 HTTP/1.1" 200 1074
192.168.10.94 - - [15/Jan/2018:12:41:57 -0300] "GET /cormun/static/calendar-system.css HTTP/1.1" 200 5572
192.168.10.94 - - [15/Jan/2018:12:41:57 -0300] "GET /cormun/static/Resources/PXToolsTabSelectedUnselected.png HTTP/1.1" 200 1428
192.168.10.94 - - [15/Jan/2018:12:41:57 -0300] "GET /cormun/static/Resources/PXToolsTabUnselectedUnselected.png HTTP/1.1" 200 1459
192.168.10.94 - - [15/Jan/2018:12:41:57 -0300] "GET /cormun/static/Resources/PXToolsTabBackSelected.png HTTP/1.1" 200 1157
192.168.10.94 - - [15/Jan/2018:12:41:57 -0300] "GET /cormun/static/Resources/PXToolsTabBackUnselected.png HTTP/1.1" 200 1175
186.67.172.234 - - [15/Jan/2018:12:42:16 -0300] "POST /cormun/servlet/trcontratosolicitud?d37ba025b9bb6891fd0a353d295a7357,gx-no-cache=1516030500064,gx-no-cache=1516030895297 HTTP/1.1" 200 12065
192.168.10.94 - - [15/Jan/2018:12:42:28 -0300] "POST /cormun/servlet/veautorizarsolicitud?e30b391f5af7b366b03a4754015e5127,2018,8812,,,gx-no-cache=1516030806471 HTTP/1.1" 200 93
192.168.10.94 - - [15/Jan/2018:12:42:28 -0300] "GET /cormun/servlet/hpexe_return? HTTP/1.1" 200 1013
192.168.10.94 - - [15/Jan/2018:12:42:28 -0300] "GET /cormun/static/gxcfg.js?2016101716175148 HTTP/1.1" 200 953
192.168.10.94 - - [15/Jan/2018:12:42:28 -0300] "GET /cormun/static/hpexe_return.js?2016101716175153 HTTP/1.1" 200 1633
192.168.10.94 - - [15/Jan/2018:12:42:29 -0300] "GET /cormun/servlet/trautorizarsolicitud? HTTP/1.1" 200 25545
186.79.202.217 - - [15/Jan/2018:12:42:34 -0300] "POST /cormun/servlet/solicitudot?b28440774b895e5f1c1b07c32f734a99,INS,0,0,,gx-no-cache=1516031459314 HTTP/1.1" 200 11542
186.67.172.234 - - [15/Jan/2018:12:42:36 -0300] "GET /cormun/servlet/solicitudotcontratos?INS,2018,0,9174375,2,6,2017,3199,LEY+SEP,201712,5,M, HTTP/1.1" 200 10043
186.67.172.234 - - [15/Jan/2018:12:42:36 -0300] "GET /cormun/servlet/solicitudotcontratos?INS,2018,0,9174375,2,6,2017,3199,LEY+SEP,201712,5,M, HTTP/1.1" 200 10059
186.67.172.234 - - [15/Jan/2018:12:42:37 -0300] "GET /cormun/servlet/solicitudotcontratos?cd5844e1d72732c117cf074d726255129e573bd3a46b872d616bbf738dc8ffc0896528faef19f7dc3d601b2992d77c39,gx-no-cache=1516030916573 HTTP/1.1" 200 30
186.67.172.234 - - [15/Jan/2018:12:42:37 -0300] "GET /cormun/servlet/solicitudotcontratos?cd5844e1d72732c117cf074d726255121c9928f7699ad9686da26c61913fcd2271591534437d3550fabab958deb3349b,gx-no-cache=1516030916602 HTTP/1.1" 200 30
186.67.172.234 - - [15/Jan/2018:12:42:37 -0300] "GET /cormun/servlet/solicitudotcontratos?cd5844e1d72732c117cf074d72625512f012c510d65ba7ca36510886fd98f2b6858a9de88ce0c2f920abecca40d1de88e179e59c9c75d889b58a4f4ba310103ced837f220f84a6593765bc5508341eb17a56de13e27de769267e0355917a83e256c68303d73249cf889fc6e84f692f277b05e8887244d5c2e659394fbacfe4f7,gx-no-cache=1516030916623 HTTP/1.1" 200 50
186.67.172.234 - - [15/Jan/2018:12:42:37 -0300] "GET /cormun/servlet/solicitudotcontratos?cd5844e1d72732c117cf074d72625512f390db3d8888ef23e551886e496398e2e6a98119a3d6beeccb8127b762ea413f,gx-no-cache=1516030916651 HTTP/1.1" 200 30
186.67.172.234 - - [15/Jan/2018:12:42:37 -0300] "GET /cormun/servlet/solicitudotcontratos?cd5844e1d72732c117cf074d72625512f9af8334a7112c4587f780402282c42c7f33017d8b52eb5556f0cc0b7afa874edaeeef1cb158b316bfbcce9b9a1f4adcf4f036b88a1556ce0891cc83789239f306d9c4521926991e18e89083447585d03a5f7ea1e01553b9588c88a51bbb2f87,gx-no-cache=1516030916674 HTTP/1.1" 200 30
186.67.172.234 - - [15/Jan/2018:12:42:37 -0300] "GET /cormun/servlet/solicitudotcontratos?cd5844e1d72732c117cf074d72625512bc0da56446aeeb1c3bdf251d15e66a28ba97e8fcc3efd67eb68b8d4b9c179b6e656183b93e061d9804355b942bc2724ddaeeef1cb158b316bfbcce9b9a1f4adc4c76949d1c62dee6c6e0d95bd3421eee0d82560391ba7918b0a8c35402022b61211ec298b5c89049e61454f8810302cd366e302d120cc16f462bf9ea4c87c148f9cf46c9b2857795e4996fb816539d7f656183b93e061d9804355b942bc2724de5e866d36d808f1617311f8f37a7634e9ac446ea544d6dc9c72538bc0b183d618593af41d49903dcca3ba94ddd38d753285f3f5f14bfbeaf0d9abd97c760d9ed3e647624c833e3d2889b0abd9e80509529399af2cd821f87779daeff43eab6bffbcea4fbd48ade8ec8c3bff1db9cc2a22943e258e5a19ec00d81a3d696af39077071dcad9464bec3265212cb23dfa1396896b23e9e1f6edb82ce6bf60b8304bee691c4f7acd9afa95d7c265ff46ecc3dcc9eb5dd4d9568e1203dc662217369559cb87bd5ea1aabb3340036906374bbb7e7f753cd1e57d9d54b99ce2ae01524aa6835b8903f0b78ea076e86331a379ed85d9d2d170632920be87af736a28d3ad53862a9857466241c1e8f3bcdba23fc49bb768a22495f9e60b7e4d4b6e649aca5fd13af6ffc37de147c9de8efd2c1a5095b2d9765c25f66b7818be2e74eb7a43d2470746dce61def366a9b92d0d1a8f90645be3df931adacf9937bea81a7ef2bfad3fe6048205a331027e8a867317748601f0793a91760eaeba7e98a49154dc7de3ebd557360b58cd3161f7d0b2886c43,gx-no-cache=1516030916721 HTTP/1.1" 200 79
186.79.202.217 - - [15/Jan/2018:12:42:38 -0300] "POST /cormun/servlet/solicitudot?gx-no-cache=1516031463680 HTTP/1.1" 200 3842
186.79.202.217 - - [15/Jan/2018:12:42:39 -0300] "POST /cormun/servlet/solicitudot?b28440774b895e5f1c1b07c32f734a99,INS,0,0,,gx-no-cache=1516031464114 HTTP/1.1" 200 11584
186.79.202.217 - - [15/Jan/2018:12:42:39 -0300] "GET /cormun/servlet/solicitudot?445dd9e68c605c02cf0389ddd11fae2129749c7322a21a333eba200cfd9de0f55093249f96f252c7064f531f1e962e59,gx-no-cache=1516031464994 HTTP/1.1" 200 30
186.79.202.217 - - [15/Jan/2018:12:42:40 -0300] "POST /cormun/servlet/solicitudot?gx-no-cache=1516031465143 HTTP/1.1" 200 43
186.79.202.217 - - [15/Jan/2018:12:42:40 -0300] "POST /cormun/servlet/solicitudot?gx-no-cache=1516031465254 HTTP/1.1" 200 254
186.79.202.217 - - [15/Jan/2018:12:42:40 -0300] "GET /cormun/servlet/solicitudot?445dd9e68c605c02cf0389ddd11fae2180f9e58a1753aa5c26fe5a0cfb2b5829f18fd88f75b6a6bba94128e0349225b88df2dfc48e56fdfa6603ec6b330ae18bf32bee55a6ad29524622170119621e92bd27a3dde2fea705a2fe4d41a6bb1a7e7078e5dddc1b7578a0ed6f1af6d2f91dba40860b98577cc86a7387146ab5925b582502e39e138942e5b95b1ef2de86d5faab5ac6a48b19cb9ea2e91c2cdbab34cc1d0b7959248546ed69f39afc25695708206df641d1f4641444337ba5b6acbc73d901b94b36b2cb990cfa15b995c5b104554749b94856bc9065476bf436e3d2a04f85fbad93667d15e72b0663a1ae10f2e38f8e36b5d5b59f3f53473e0cd04d02a7a4499c75b3152e48f799a447164b422907864d7c24e7324ef4d4dcd8f99c72b2e0dcd549ae18d56208f228a01ab09a4834a3acbf7668910eeb16c932c04a46a9b2eb46db311b436d4aaf54f7be7ccb8d91f3cdb89816fa573e5d766f6811ad151963759ee35e73e8307bcff1ad5917c4f66fb4ed8658dc821561b14d17fd,gx-no-cache=1516031465361 HTTP/1.1" 200 30
186.79.202.217 - - [15/Jan/2018:12:42:40 -0300] "POST /cormun/servlet/solicitudot?gx-no-cache=1516031465450 HTTP/1.1" 200 30
186.79.202.217 - - [15/Jan/2018:12:42:40 -0300] "POST /cormun/servlet/solicitudot?gx-no-cache=1516031465566 HTTP/1.1" 200 1353
186.79.202.217 - - [15/Jan/2018:12:42:40 -0300] "POST /cormun/servlet/solicitudot?gx-no-cache=1516031465705 HTTP/1.1" 200 41
186.67.172.234 - - [15/Jan/2018:12:42:40 -0300] "POST /cormun/servlet/solicitudotcontratos?d37ba025b9bb6891fd0a353d295a7357,INS,2018,0,9174375,2,6,2017,3199,LEY+SEP,201712,5,M,,gx-no-cache=1516030919784 HTTP/1.1" 200 10850
186.79.202.217 - - [15/Jan/2018:12:42:40 -0300] "GET /cormun/servlet/solicitudot?445dd9e68c605c02cf0389ddd11fae21adf969298497bcf7eff42e39d4ab2544c03e8be707623a563948b8571f1791ed01be791d9f9cfb9f766bd5d8856e714201276f358bdc26f5554d2117eee853c8b37e185a5c599e662dc16862cc50cf4eddc82dfef242aa29328e169f6d950276e928d1c94f1e1b3f9f6ad9392cd1edc229109808b23111388098ce3620a10a948bdca2db77c4deaf1cf5df005f942467,gx-no-cache=1516031465799 HTTP/1.1" 200 29
186.67.172.234 - - [15/Jan/2018:12:42:40 -0300] "POST /cormun/servlet/solicitudotcontratos?gx-no-cache=1516030920010 HTTP/1.1" 200 1342
186.67.172.234 - - [15/Jan/2018:12:42:40 -0300] "POST /cormun/servlet/solicitudotcontratos?gx-no-cache=1516030920046 HTTP/1.1" 200 1221
186.67.172.234 - - [15/Jan/2018:12:42:40 -0300] "GET /cormun/servlet/solicitudotcontratos?cd5844e1d72732c117cf074d7262551236d5956c1caa380eecb45fdd81a64956dbbd4cd71c7b29ab44eaa6199328b8338cc410c5507753f8b9837092f5d7c812cda53d43655cd4bed7bd2da155218c3052b7f23845628a4e206272e764c0557a5dcb4c6ad939ed28ea3dfdf799476fb0c85ef1ae8d75e04960363c607111bb98,gx-no-cache=1516030920085 HTTP/1.1" 200 30
186.79.202.217 - - [15/Jan/2018:12:42:40 -0300] "POST /cormun/servlet/solicitudot?gx-no-cache=1516031465883 HTTP/1.1" 200 219
186.79.202.217 - - [15/Jan/2018:12:42:40 -0300] "GET /cormun/servlet/solicitudot?445dd9e68c605c02cf0389ddd11fae211a8be89ae5b14391fde38275dd0c97b7edfca0478c4ab08767010c4d9ea0c243318950a2982e423b0e563f7c991de17f54c9e74dededa91cef0afffdced823d4bdc5c9ce285fbc24913d2d6408bbe53bc03e8be707623a563948b8571f1791edfea0d6e5df89ff99b433f089495c9586330ecdabbbe0e2414af85094210a00e0,gx-no-cache=1516031466104 HTTP/1.1" 200 55
186.79.202.217 - - [15/Jan/2018:12:42:41 -0300] "GET /cormun/servlet/solicitudot?445dd9e68c605c02cf0389ddd11fae21cfc957f5b4acc4c8b6bcf2cac52602062ecd0d3b4ac90ccb38ced5f106155154,gx-no-cache=1516031466209 HTTP/1.1" 200 30
186.67.172.234 - - [15/Jan/2018:12:42:41 -0300] "POST /cormun/servlet/solicitudotcontratos?d37ba025b9bb6891fd0a353d295a7357,INS,2018,0,9174375,2,6,2017,3199,LEY+SEP,201712,5,M,,gx-no-cache=1516030920138 HTTP/1.1" 200 93
186.67.172.234 - - [15/Jan/2018:12:42:41 -0300] "GET /cormun/servlet/hpexe_return? HTTP/1.1" 200 1074
186.79.202.217 - - [15/Jan/2018:12:42:41 -0300] "POST /cormun/servlet/solicitudot?gx-no-cache=1516031466285 HTTP/1.1" 200 30
186.67.172.234 - - [15/Jan/2018:12:42:41 -0300] "GET /cormun/servlet/trcontratosolicitud?gx-no-cache=1516030500064 HTTP/1.1" 200 14284
186.67.172.234 - - [15/Jan/2018:12:42:41 -0300] "GET /cormun/servlet/trcontratosolicitud?gx-no-cache=1516030500064 HTTP/1.1" 200 14388
186.79.202.217 - - [15/Jan/2018:12:42:42 -0300] "POST /cormun/servlet/solicitudot?b28440774b895e5f1c1b07c32f734a99,INS,0,0,,gx-no-cache=1516031466376 HTTP/1.1" 200 11863
192.168.10.94 - - [15/Jan/2018:12:42:42 -0300] "GET /cormun/servlet/veautorizarsolicitud?2018,8641,, HTTP/1.1" 200 8464
192.168.10.94 - - [15/Jan/2018:12:42:42 -0300] "GET /cormun/pexe_scrolldiv.js HTTP/1.1" 404 1009
186.67.172.234 - - [15/Jan/2018:12:42:51 -0300] "GET /cormun/servlet/solicitudotcontratos?INS,2018,0,9174375,2,6,2017,2676,NADA,201712,5,M, HTTP/1.1" 200 10038
200.111.191.210 - - [15/Jan/2018:12:42:51 -0300] "GET /cormun/servlet/solicitudotcontratos?INS,2018,0,17506780,9,2,2017,4225,INTEGRACION,201712,6,*, HTTP/1.1" 200 9929
186.67.172.234 - - [15/Jan/2018:12:42:52 -0300] "GET /cormun/servlet/solicitudotcontratos?INS,2018,0,9174375,2,6,2017,2676,NADA,201712,5,M, HTTP/1.1" 200 10049
200.111.191.210 - - [15/Jan/2018:12:42:52 -0300] "GET /cormun/servlet/solicitudotcontratos?INS,2018,0,17506780,9,2,2017,4225,INTEGRACION,201712,6,*, HTTP/1.1" 200 9941
186.67.172.234 - - [15/Jan/2018:12:42:52 -0300] "GET /cormun/servlet/solicitudotcontratos?cd5844e1d72732c117cf074d726255129e573bd3a46b872d616bbf738dc8ffc0896528faef19f7dc3d601b2992d77c39,gx-no-cache=1516030931805 HTTP/1.1" 200 30
200.111.191.210 - - [15/Jan/2018:12:42:52 -0300] "GET /cormun/servlet/solicitudotcontratos?9754373cc0b8fd8a40a15517404bf6bd02e4e0a4329101bfae6a41adc149e20688cf3ab9d95ac8fc3bb376fc1e28c572,gx-no-cache=1516030932694 HTTP/1.1" 200 30
186.67.172.234 - - [15/Jan/2018:12:42:52 -0300] "GET /cormun/servlet/solicitudotcontratos?cd5844e1d72732c117cf074d726255121c9928f7699ad9686da26c61913fcd2271591534437d3550fabab958deb3349b,gx-no-cache=1516030931854 HTTP/1.1" 200 30
200.111.191.210 - - [15/Jan/2018:12:42:52 -0300] "GET /cormun/servlet/solicitudotcontratos?9754373cc0b8fd8a40a15517404bf6bdaf1cc7107f95367253ad3bcc79b53d30bb61cafaea734884fc4299069a238098,gx-no-cache=1516030932713 HTTP/1.1" 200 30
200.111.191.210 - - [15/Jan/2018:12:42:52 -0300] "GET /cormun/servlet/solicitudotcontratos?9754373cc0b8fd8a40a15517404bf6bd60eafa8792f4d60e7525e27a3a9bc9b82bf5baeb003efe03084122ed989362955847f775f22cd6cfc54aecb435b222d0d1d81356e0804b0057020b585dcedab94752231ce341dee848c79d832eb138d3f217559293aa45a24f5a2d52b02bf3a8b3ab9d033eb6d72e6376145fc8971ded,gx-no-cache=1516030932757 HTTP/1.1" 200 48
186.67.172.234 - - [15/Jan/2018:12:42:52 -0300] "GET /cormun/servlet/solicitudotcontratos?cd5844e1d72732c117cf074d72625512f012c510d65ba7ca36510886fd98f2b6858a9de88ce0c2f920abecca40d1de88e179e59c9c75d889b58a4f4ba310103ced837f220f84a6593765bc5508341eb17a56de13e27de769267e0355917a83e256c68303d73249cf889fc6e84f692f277b05e8887244d5c2e659394fbacfe4f7,gx-no-cache=1516030931908 HTTP/1.1" 200 50
200.111.191.210 - - [15/Jan/2018:12:42:52 -0300] "GET /cormun/servlet/solicitudotcontratos?9754373cc0b8fd8a40a15517404bf6bd0e46c21c1b5d2ab4d06a7e8d55ad4faae77237b276d08ae47f33309bbd3bead9,gx-no-cache=1516030932787 HTTP/1.1" 200 30
200.111.191.210 - - [15/Jan/2018:12:42:52 -0300] "GET /cormun/servlet/solicitudotcontratos?9754373cc0b8fd8a40a15517404bf6bd2216bb8e8ff8bd48a2f4c75ad808bdd1b8531ab2fe1758f20a803437f963e8e431be22efc35da663ae4eecbeabfc4810971ff54cff47cfe41796e620f233ece399b8695bbd76d29981f4dcfd31d0adcbf84a2a965257d3cc0cc5c60b9047948b,gx-no-cache=1516030932805 HTTP/1.1" 200 30
186.67.172.234 - - [15/Jan/2018:12:42:52 -0300] "GET /cormun/servlet/solicitudotcontratos?cd5844e1d72732c117cf074d72625512f390db3d8888ef23e551886e496398e2e6a98119a3d6beeccb8127b762ea413f,gx-no-cache=1516030931954 HTTP/1.1" 200 30
200.111.191.210 - - [15/Jan/2018:12:42:52 -0300] "GET /cormun/servlet/solicitudotcontratos?9754373cc0b8fd8a40a15517404bf6bd0b7b9237479a1e27731b1566e45add1eb14a8777608f03d36c8f09714ff9ed4b35d7d32ad3401e655f2a90ac23bb7fc7c18ec559fa043f2f7e6afa945abecdeaa2de8a694d5eb86204ed61d1d664ca379536d7584f23178ab44aed98fd0d8b732c43df461d149426f1a7586d86b1cce42dfc47937278555d7a6b0a662b3299c01e0aed4be4cd856a8ef80e95a9609e1d2d436e4dde8f399e8e39dbd1014aa2676ba233862e45a9b9bf798ba745e6995bd1cec2eaac523cc84183c1e164636e14f2fd32bb3dbfc9007543d25513891b425c2d428e48d3ab94901ae334ffcb7c0618948ae22ae825cec078630aca71ca4b19933f3533c28713af7663af87eb84771139be94f1fdc4ab02a434d1f2355a1bbf413a918bd717e77e77333f55fd7e04fb638e761239a33936afb1c8d270e397d69cb55b78dc3c733c06251d54ef807ff22573f0256ce28e3388ec8956eb98dbd16b21b7eec7249c86af12cc20f84214b988dd1068560cc1b4671ab4efb42839464e01ed2a30e19dddda19c733c4f3c7a824c6b2a8b4de3245c47e5229d3b4654807acc9ee6164b57b5f88cbbefdeea7c1ed8ced71b460ff100c86252fc9c404af0f91eea60da9aae35c54b5a33d4544c6b8f115558927bd12e242e214fb371c09176ed9998966c1fc4443804d27428157d49ef6eaccb4d2b79a9f2a8279dfd5309ce3af89200fe082ae03892393facef8d8572075f5e0d37d3531afdd5e14315c9023929aa68f1689650accca7264112c130f384b220a324527182c62b21152,gx-no-cache=1516030932829 HTTP/1.1" 200 83
186.67.172.234 - - [15/Jan/2018:12:42:52 -0300] "GET /cormun/servlet/solicitudotcontratos?cd5844e1d72732c117cf074d72625512f9af8334a7112c4587f780402282c42c7f33017d8b52eb5556f0cc0b7afa874edaeeef1cb158b316bfbcce9b9a1f4adcf4f036b88a1556ce0891cc83789239f306d9c4521926991e18e89083447585d03a5f7ea1e01553b9588c88a51bbb2f87,gx-no-cache=1516030931981 HTTP/1.1" 200 30
186.67.172.234 - - [15/Jan/2018:12:42:52 -0300] "GET /cormun/servlet/solicitudotcontratos?cd5844e1d72732c117cf074d72625512bc0da56446aeeb1c3bdf251d15e66a28ba97e8fcc3efd67eb68b8d4b9c179b6e1210e4942958d8df4dc76ad7670e7ebe9be447a1397ffdd0553ae43752515ea8c34ce792f9736610904cc50ac97f5beade4aa1256ca379c9322f91d567873a51fb4a573f346445259627a3c3a38959ae8abeab6d9bb697c26c08e3ebfaada6ba7d6bc3c3992fbce5d5c386c8644fbf2e84f7a310f9d1abd1a7bdad24006b68474ff9eb65387559565086fd0b6c4efcdb088b09e8179efa58f32627908f1ec0dab4a389916b7e230d4a4e36141f2c81fa2d495de701519dbd825eb643a85839971f39c2922530015d8314f044410505654b0431bda0c128bcc68bd1562b26124b13371db641a035c812e28db8b3c30252776e610dcfc09a723db513864a1ddf95fbcea4fbd48ade8ec8c3bff1db9cc2a2ff3f3253e36c260ead8e0d86fb20770025045d7a1d37877e183b3e66ae5a6297b29ea5cf681f9941f3a76bc977b2296815b4d848b3a8a3ebbbfbe3f920024d70175b061f91a0beb82ac1a835c00220f00926409437c3c8490c86722847cb13b71b3dc4c70296012e8e2d6db9f665bd3580dc405d93c3643270be2e952db76baa5f0e6791ff844e971f36f38966531e28bb82a2b28b40b96411431799ef63bea5e9b2f8e428d84cc4f53a7046ca7e1c900926409437c3c8490c86722847cb13b7be9fe36e44f74a69e53ef484ae6eaaa72ee0dc2b4cc9ca06d8755b3bfdbbf9c03e1525310a1891f25a695b0bb4262aadea5bbba14329f1079d8f4e82b4edb9d0,gx-no-cache=1516030932020 HTTP/1.1" 200 72
200.111.191.210 - - [15/Jan/2018:12:42:54 -0300] "POST /cormun/servlet/solicitudotcontratos?4a6a394e9b92e216473e1d469e54fe9e,INS,2018,0,17506780,9,2,2017,4225,INTEGRACION,201712,6,*,,gx-no-cache=1516030934992 HTTP/1.1" 200 10773
200.111.191.210 - - [15/Jan/2018:12:42:54 -0300] "POST /cormun/servlet/solicitudotcontratos?gx-no-cache=1516030935186 HTTP/1.1" 200 1341
200.111.191.210 - - [15/Jan/2018:12:42:55 -0300] "POST /cormun/servlet/solicitudotcontratos?gx-no-cache=1516030935217 HTTP/1.1" 200 1220
200.111.191.210 - - [15/Jan/2018:12:42:55 -0300] "GET /cormun/servlet/solicitudotcontratos?9754373cc0b8fd8a40a15517404bf6bddcd2c94d5150b0773645a0a117609aca5410aa1977566b8d795563917b759a8fdb2b52334fb38ca6fa18326e4c5ee8eb968dc7d574c2389fdc5abdb2c51b276dd11f9ac7b1e84ef297f56f4f3514be966b53fdce42101f171fa81c0c92c2b785213ee71e8c55d78d94550615a851d163,gx-no-cache=1516030935245 HTTP/1.1" 200 30
200.111.191.210 - - [15/Jan/2018:12:42:55 -0300] "POST /cormun/servlet/solicitudotcontratos?4a6a394e9b92e216473e1d469e54fe9e,INS,2018,0,17506780,9,2,2017,4225,INTEGRACION,201712,6,*,,gx-no-cache=1516030935262 HTTP/1.1" 200 93
200.111.191.210 - - [15/Jan/2018:12:42:55 -0300] "GET /cormun/servlet/hpexe_return? HTTP/1.1" 200 1072
200.111.191.210 - - [15/Jan/2018:12:42:55 -0300] "GET /cormun/servlet/trcontratosolicitud?gx-no-cache=1516030200094 HTTP/1.1" 200 14782
200.111.191.210 - - [15/Jan/2018:12:42:55 -0300] "GET /cormun/servlet/trcontratosolicitud?gx-no-cache=1516030200094 HTTP/1.1" 200 14798
186.79.202.217 - - [15/Jan/2018:12:43:00 -0300] "POST /cormun/servlet/solicitudot?gx-no-cache=1516031486020 HTTP/1.1" 200 53
186.67.172.234 - - [15/Jan/2018:12:43:01 -0300] "POST /cormun/servlet/solicitudotcontratos?d37ba025b9bb6891fd0a353d295a7357,INS,2018,0,9174375,2,6,2017,2676,NADA,201712,5,M,,gx-no-cache=1516030940949 HTTP/1.1" 200 10844
186.67.172.234 - - [15/Jan/2018:12:43:01 -0300] "POST /cormun/servlet/solicitudotcontratos?gx-no-cache=1516030941248 HTTP/1.1" 200 1342
186.67.172.234 - - [15/Jan/2018:12:43:02 -0300] "POST /cormun/servlet/solicitudotcontratos?gx-no-cache=1516030941323 HTTP/1.1" 200 1221
186.67.172.234 - - [15/Jan/2018:12:43:02 -0300] "GET /cormun/servlet/solicitudotcontratos?cd5844e1d72732c117cf074d7262551236d5956c1caa380eecb45fdd81a64956dbbd4cd71c7b29ab44eaa6199328b8338cc410c5507753f8b9837092f5d7c812cda53d43655cd4bed7bd2da155218c3052b7f23845628a4e206272e764c0557a5dcb4c6ad939ed28ea3dfdf799476fb0c85ef1ae8d75e04960363c607111bb98,gx-no-cache=1516030941415 HTTP/1.1" 200 30
186.67.172.234 - - [15/Jan/2018:12:43:02 -0300] "POST /cormun/servlet/solicitudotcontratos?d37ba025b9bb6891fd0a353d295a7357,INS,2018,0,9174375,2,6,2017,2676,NADA,201712,5,M,,gx-no-cache=1516030941471 HTTP/1.1" 200 93
186.67.172.234 - - [15/Jan/2018:12:43:02 -0300] "GET /cormun/servlet/hpexe_return? HTTP/1.1" 200 1070
192.168.10.94 - - [15/Jan/2018:12:43:03 -0300] "POST /cormun/servlet/veautorizarsolicitud?e30b391f5af7b366b03a4754015e5127,2018,8641,,,gx-no-cache=1516030841229 HTTP/1.1" 200 93
192.168.10.94 - - [15/Jan/2018:12:43:03 -0300] "GET /cormun/servlet/hpexe_return? HTTP/1.1" 200 1012
186.67.172.234 - - [15/Jan/2018:12:43:03 -0300] "GET /cormun/servlet/trcontratosolicitud?gx-no-cache=1516030500064 HTTP/1.1" 200 14399
186.67.172.234 - - [15/Jan/2018:12:43:03 -0300] "GET /cormun/servlet/trcontratosolicitud?gx-no-cache=1516030500064 HTTP/1.1" 200 14425
192.168.10.94 - - [15/Jan/2018:12:43:04 -0300] "GET /cormun/servlet/trautorizarsolicitud HTTP/1.1" 200 25545
200.74.87.109 - - [15/Jan/2018:12:43:06 -0300] "GET /cormun/servlet/trcontratosolicitud? HTTP/1.1" 200 14446
200.74.87.109 - - [15/Jan/2018:12:43:07 -0300] "GET /cormun/servlet/trcontratosolicitud? HTTP/1.1" 200 14417
200.111.191.210 - - [15/Jan/2018:12:43:14 -0300] "POST /cormun/servlet/trcontratosolicitud?4a6a394e9b92e216473e1d469e54fe9e,gx-no-cache=1516030200094,gx-no-cache=1516030954299 HTTP/1.1" 200 8965
192.168.10.94 - - [15/Jan/2018:12:43:16 -0300] "GET /cormun/servlet/veautorizarsolicitud?2018,8621,, HTTP/1.1" 200 8475
192.168.10.94 - - [15/Jan/2018:12:43:16 -0300] "GET /cormun/pexe_scrolldiv.js HTTP/1.1" 404 1009
200.74.87.109 - - [15/Jan/2018:12:43:20 -0300] "POST /cormun/servlet/trcontratosolicitud?8a9046041d4e1e7fdd0fbf9a015c8d08,,gx-no-cache=1516030960012 HTTP/1.1" 200 10600
186.67.172.234 - - [15/Jan/2018:12:43:21 -0300] "POST /cormun/servlet/trcontratosolicitud?d37ba025b9bb6891fd0a353d295a7357,gx-no-cache=1516030500064,gx-no-cache=1516030960505 HTTP/1.1" 200 11923
186.79.202.217 - - [15/Jan/2018:12:43:29 -0300] "POST /cormun/servlet/solicitudot?b28440774b895e5f1c1b07c32f734a99,INS,0,0,,gx-no-cache=1516031514066 HTTP/1.1" 200 11723
186.67.172.234 - - [15/Jan/2018:12:43:34 -0300] "GET /cormun/servlet/solicitudotcontratos?INS,2018,0,6900874,7,6,2017,8275,LEY+SEP,201712,5,M, HTTP/1.1" 200 10021
186.67.172.234 - - [15/Jan/2018:12:43:35 -0300] "GET /cormun/servlet/solicitudotcontratos?INS,2018,0,6900874,7,6,2017,8275,LEY+SEP,201712,5,M, HTTP/1.1" 200 10036
186.67.172.234 - - [15/Jan/2018:12:43:35 -0300] "GET /cormun/servlet/solicitudotcontratos?cd5844e1d72732c117cf074d72625512cf1c53dfb10da0f7eac5a50715d7a445896528faef19f7dc3d601b2992d77c39,gx-no-cache=1516030974881 HTTP/1.1" 200 30
186.67.172.234 - - [15/Jan/2018:12:43:35 -0300] "GET /cormun/servlet/solicitudotcontratos?cd5844e1d72732c117cf074d7262551248ab6fe1f308ec13176811b8f13c6b2771591534437d3550fabab958deb3349b,gx-no-cache=1516030974942 HTTP/1.1" 200 30
186.67.172.234 - - [15/Jan/2018:12:43:35 -0300] "GET /cormun/servlet/solicitudotcontratos?cd5844e1d72732c117cf074d72625512f012c510d65ba7ca36510886fd98f2b6858a9de88ce0c2f920abecca40d1de88e179e59c9c75d889b58a4f4ba310103ced837f220f84a6593765bc5508341eb17a56de13e27de769267e0355917a83e256c68303d73249cf889fc6e84f692f277b05e8887244d5c2e659394fbacfe4f7,gx-no-cache=1516030974979 HTTP/1.1" 200 50
186.67.172.234 - - [15/Jan/2018:12:43:35 -0300] "GET /cormun/servlet/solicitudotcontratos?cd5844e1d72732c117cf074d72625512fbb1ad6de67f609a6ed6cb09c8aee93102fb57019228444a412865e00b705112,gx-no-cache=1516030975020 HTTP/1.1" 200 30
186.67.172.234 - - [15/Jan/2018:12:43:35 -0300] "GET /cormun/servlet/solicitudotcontratos?cd5844e1d72732c117cf074d72625512f9af8334a7112c4587f780402282c42c7f33017d8b52eb5556f0cc0b7afa874edaeeef1cb158b316bfbcce9b9a1f4adcf4f036b88a1556ce0891cc83789239f306d9c4521926991e18e89083447585d03a5f7ea1e01553b9588c88a51bbb2f87,gx-no-cache=1516030975048 HTTP/1.1" 200 30
186.67.172.234 - - [15/Jan/2018:12:43:35 -0300] "GET /cormun/servlet/solicitudotcontratos?cd5844e1d72732c117cf074d72625512bc0da56446aeeb1c3bdf251d15e66a28ba97e8fcc3efd67eb68b8d4b9c179b6e656183b93e061d9804355b942bc2724ddaeeef1cb158b316bfbcce9b9a1f4adc4c76949d1c62dee6c6e0d95bd3421eee0d82560391ba7918b0a8c35402022b61211ec298b5c89049e61454f8810302cd366e302d120cc16f462bf9ea4c87c148f9cf46c9b2857795e4996fb816539d7f656183b93e061d9804355b942bc2724de5e866d36d808f1617311f8f37a7634e9ac446ea544d6dc9c72538bc0b183d618593af41d49903dcca3ba94ddd38d753285f3f5f14bfbeaf0d9abd97c760d9ed3e647624c833e3d2889b0abd9e80509529399af2cd821f87779daeff43eab6bffbcea4fbd48ade8ec8c3bff1db9cc2a22943e258e5a19ec00d81a3d696af39077071dcad9464bec3265212cb23dfa1396896b23e9e1f6edb82ce6bf60b8304bee691c4f7acd9afa95d7c265ff46ecc3dcc9eb5dd4d9568e1203dc662217369559cb87bd5ea1aabb3340036906374bbb7e7f753cd1e57d9d54b99ce2ae01524aa6835b8903f0b78ea076e86331a379ed85d9d2d170632920be87af736a28d3ad53862a9857466241c1e8f3bcdba23fc49bb768a22495f9e60b7e4d4b6e649aca5fd13af6ffc37de147c9de8efd2c1a5095b2d9765c25f66b7818be2e74eb7a43d2470746dce61def366a9b92d0d1a8f90645be3df931adacf9937bea81a7ef2bfad3fe6048205a331027e8a867317748601f0793a91760eaeba7e98a49154dc7de3ebd557360b58cd3161f7d0b2886c43,gx-no-cache=1516030975105 HTTP/1.1" 200 79
186.79.202.217 - - [15/Jan/2018:12:43:37 -0300] "POST /cormun/servlet/solicitudot?gx-no-cache=1516031522292 HTTP/1.1" 200 3842
186.67.172.234 - - [15/Jan/2018:12:43:38 -0300] "POST /cormun/servlet/solicitudotcontratos?d37ba025b9bb6891fd0a353d295a7357,INS,2018,0,6900874,7,6,2017,8275,LEY+SEP,201712,5,M,,gx-no-cache=1516030977391 HTTP/1.1" 200 10837
186.67.172.234 - - [15/Jan/2018:12:43:38 -0300] "POST /cormun/servlet/solicitudotcontratos?gx-no-cache=1516030977638 HTTP/1.1" 200 1342
186.79.202.217 - - [15/Jan/2018:12:43:38 -0300] "POST /cormun/servlet/solicitudot?b28440774b895e5f1c1b07c32f734a99,INS,0,0,,gx-no-cache=1516031522738 HTTP/1.1" 200 11850
186.67.172.234 - - [15/Jan/2018:12:43:38 -0300] "POST /cormun/servlet/solicitudotcontratos?gx-no-cache=1516030977709 HTTP/1.1" 200 1221
186.67.172.234 - - [15/Jan/2018:12:43:38 -0300] "GET /cormun/servlet/solicitudotcontratos?cd5844e1d72732c117cf074d7262551236d5956c1caa380eecb45fdd81a64956dbbd4cd71c7b29ab44eaa6199328b8338cc410c5507753f8b9837092f5d7c812cda53d43655cd4bed7bd2da155218c3052b7f23845628a4e206272e764c0557a5dcb4c6ad939ed28ea3dfdf799476fb0c85ef1ae8d75e04960363c607111bb98,gx-no-cache=1516030977750 HTTP/1.1" 200 30
186.79.202.217 - - [15/Jan/2018:12:43:38 -0300] "GET /cormun/servlet/solicitudot?445dd9e68c605c02cf0389ddd11fae2129749c7322a21a333eba200cfd9de0f55093249f96f252c7064f531f1e962e59,gx-no-cache=1516031523675 HTTP/1.1" 200 30
186.67.172.234 - - [15/Jan/2018:12:43:38 -0300] "POST /cormun/servlet/solicitudotcontratos?d37ba025b9bb6891fd0a353d295a7357,INS,2018,0,6900874,7,6,2017,8275,LEY+SEP,201712,5,M,,gx-no-cache=1516030977785 HTTP/1.1" 200 93
186.67.172.234 - - [15/Jan/2018:12:43:38 -0300] "GET /cormun/servlet/hpexe_return? HTTP/1.1" 200 1073
186.67.172.234 - - [15/Jan/2018:12:43:38 -0300] "GET /cormun/servlet/trcontratosolicitud?gx-no-cache=1516030500064 HTTP/1.1" 200 14282
192.168.10.94 - - [15/Jan/2018:12:43:39 -0300] "POST /cormun/servlet/veautorizarsolicitud?e30b391f5af7b366b03a4754015e5127,2018,8621,,,gx-no-cache=1516030877457 HTTP/1.1" 200 93
192.168.10.94 - - [15/Jan/2018:12:43:39 -0300] "GET /cormun/servlet/hpexe_return? HTTP/1.1" 200 1012
186.67.172.234 - - [15/Jan/2018:12:43:39 -0300] "GET /cormun/servlet/trcontratosolicitud?gx-no-cache=1516030500064 HTTP/1.1" 200 14286
192.168.10.94 - - [15/Jan/2018:12:43:40 -0300] "GET /cormun/servlet/trautorizarsolicitud HTTP/1.1" 200 25545
192.168.10.94 - - [15/Jan/2018:12:43:47 -0300] "GET /cormun/servlet/veautorizarsolicitud?2018,8603,, HTTP/1.1" 200 8474
192.168.10.94 - - [15/Jan/2018:12:43:47 -0300] "GET /cormun/pexe_scrolldiv.js HTTP/1.1" 404 1009
186.67.172.234 - - [15/Jan/2018:12:43:49 -0300] "GET /cormun/servlet/solicitudotcontratos?INS,2018,0,6900874,7,6,2017,8276,NADA,201712,3,M, HTTP/1.1" 200 10017
186.67.172.234 - - [15/Jan/2018:12:43:50 -0300] "GET /cormun/servlet/solicitudotcontratos?INS,2018,0,6900874,7,6,2017,8276,NADA,201712,3,M, HTTP/1.1" 200 10029
186.67.172.234 - - [15/Jan/2018:12:43:50 -0300] "GET /cormun/servlet/solicitudotcontratos?cd5844e1d72732c117cf074d72625512cf1c53dfb10da0f7eac5a50715d7a445896528faef19f7dc3d601b2992d77c39,gx-no-cache=1516030989890 HTTP/1.1" 200 30
186.67.172.234 - - [15/Jan/2018:12:43:50 -0300] "GET /cormun/servlet/solicitudotcontratos?cd5844e1d72732c117cf074d7262551248ab6fe1f308ec13176811b8f13c6b2771591534437d3550fabab958deb3349b,gx-no-cache=1516030989926 HTTP/1.1" 200 30
186.67.172.234 - - [15/Jan/2018:12:43:50 -0300] "GET /cormun/servlet/solicitudotcontratos?cd5844e1d72732c117cf074d72625512f012c510d65ba7ca36510886fd98f2b6858a9de88ce0c2f920abecca40d1de88e179e59c9c75d889b58a4f4ba310103ced837f220f84a6593765bc5508341eb17a56de13e27de769267e0355917a83e256c68303d73249cf889fc6e84f692f277b05e8887244d5c2e659394fbacfe4f7,gx-no-cache=1516030989959 HTTP/1.1" 200 50
186.67.172.234 - - [15/Jan/2018:12:43:50 -0300] "GET /cormun/servlet/solicitudotcontratos?cd5844e1d72732c117cf074d72625512fbb1ad6de67f609a6ed6cb09c8aee93102fb57019228444a412865e00b705112,gx-no-cache=1516030990000 HTTP/1.1" 200 30
186.67.172.234 - - [15/Jan/2018:12:43:50 -0300] "GET /cormun/servlet/solicitudotcontratos?cd5844e1d72732c117cf074d72625512f9af8334a7112c4587f780402282c42c7f33017d8b52eb5556f0cc0b7afa874edaeeef1cb158b316bfbcce9b9a1f4adcf4f036b88a1556ce0891cc83789239f306d9c4521926991e18e89083447585d03a5f7ea1e01553b9588c88a51bbb2f87,gx-no-cache=1516030990052 HTTP/1.1" 200 30
186.67.172.234 - - [15/Jan/2018:12:43:50 -0300] "GET /cormun/servlet/solicitudotcontratos?cd5844e1d72732c117cf074d72625512bc0da56446aeeb1c3bdf251d15e66a28ba97e8fcc3efd67eb68b8d4b9c179b6e1210e4942958d8df4dc76ad7670e7ebe9be447a1397ffdd0553ae43752515ea8c34ce792f9736610904cc50ac97f5beade4aa1256ca379c9322f91d567873a51fb4a573f346445259627a3c3a38959ae8abeab6d9bb697c26c08e3ebfaada6ba7d6bc3c3992fbce5d5c386c8644fbf2e84f7a310f9d1abd1a7bdad24006b68474ff9eb65387559565086fd0b6c4efcdb088b09e8179efa58f32627908f1ec0dab4a389916b7e230d4a4e36141f2c81fa2d495de701519dbd825eb643a85839971f39c2922530015d8314f044410505654b0431bda0c128bcc68bd1562b26124b13371db641a035c812e28db8b3c30252776e610dcfc09a723db513864a1ddf95fbcea4fbd48ade8ec8c3bff1db9cc2a2ff3f3253e36c260ead8e0d86fb20770025045d7a1d37877e183b3e66ae5a6297b29ea5cf681f9941f3a76bc977b2296815b4d848b3a8a3ebbbfbe3f920024d70175b061f91a0beb82ac1a835c00220f00926409437c3c8490c86722847cb13b71b3dc4c70296012e8e2d6db9f665bd3580dc405d93c3643270be2e952db76baa5f0e6791ff844e971f36f38966531e28bb82a2b28b40b96411431799ef63bea5e9b2f8e428d84cc4f53a7046ca7e1c900926409437c3c8490c86722847cb13b7be9fe36e44f74a69e53ef484ae6eaaa72ee0dc2b4cc9ca06d8755b3bfdbbf9c03e1525310a1891f25a695b0bb4262aadea5bbba14329f1079d8f4e82b4edb9d0,gx-no-cache=1516030990104 HTTP/1.1" 200 72
186.67.172.234 - - [15/Jan/2018:12:43:53 -0300] "POST /cormun/servlet/solicitudotcontratos?d37ba025b9bb6891fd0a353d295a7357,INS,2018,0,6900874,7,6,2017,8276,NADA,201712,3,M,,gx-no-cache=1516030992293 HTTP/1.1" 200 10834
186.67.172.234 - - [15/Jan/2018:12:43:53 -0300] "POST /cormun/servlet/solicitudotcontratos?gx-no-cache=1516030992879 HTTP/1.1" 200 1342
186.67.172.234 - - [15/Jan/2018:12:43:53 -0300] "POST /cormun/servlet/solicitudotcontratos?gx-no-cache=1516030992916 HTTP/1.1" 200 1221
186.67.172.234 - - [15/Jan/2018:12:43:53 -0300] "GET /cormun/servlet/solicitudotcontratos?cd5844e1d72732c117cf074d7262551236d5956c1caa380eecb45fdd81a64956dbbd4cd71c7b29ab44eaa6199328b8338cc410c5507753f8b9837092f5d7c812cda53d43655cd4bed7bd2da155218c3052b7f23845628a4e206272e764c0557a5dcb4c6ad939ed28ea3dfdf799476fb0c85ef1ae8d75e04960363c607111bb98,gx-no-cache=1516030992959 HTTP/1.1" 200 30
186.67.172.234 - - [15/Jan/2018:12:43:53 -0300] "POST /cormun/servlet/solicitudotcontratos?d37ba025b9bb6891fd0a353d295a7357,INS,2018,0,6900874,7,6,2017,8276,NADA,201712,3,M,,gx-no-cache=1516030992993 HTTP/1.1" 200 93
186.67.172.234 - - [15/Jan/2018:12:43:53 -0300] "GET /cormun/servlet/hpexe_return? HTTP/1.1" 200 1070
186.67.172.234 - - [15/Jan/2018:12:43:54 -0300] "GET /cormun/servlet/trcontratosolicitud?gx-no-cache=1516030500064 HTTP/1.1" 200 14206
186.79.202.217 - - [15/Jan/2018:12:43:54 -0300] "POST /cormun/servlet/solicitudot?gx-no-cache=1516031539437 HTTP/1.1" 200 53
186.67.172.234 - - [15/Jan/2018:12:43:54 -0300] "GET /cormun/servlet/trcontratosolicitud?gx-no-cache=1516030500064 HTTP/1.1" 200 14219
186.67.172.234 - - [15/Jan/2018:12:44:05 -0300] "POST /cormun/servlet/trcontratosolicitud?d37ba025b9bb6891fd0a353d295a7357,gx-no-cache=1516030500064,gx-no-cache=1516031004279 HTTP/1.1" 200 8116
186.79.202.217 - - [15/Jan/2018:12:44:11 -0300] "POST /cormun/servlet/solicitudot?b28440774b895e5f1c1b07c32f734a99,INS,0,0,,gx-no-cache=1516031556116 HTTP/1.1" 200 11939
186.67.172.234 - - [15/Jan/2018:12:44:21 -0300] "GET /cormun/servlet/solicitudotcontratos?INS,2018,0,14204413,7,6,2017,1150,NADA,201712,6,M, HTTP/1.1" 200 10035
186.67.172.234 - - [15/Jan/2018:12:44:21 -0300] "GET /cormun/servlet/solicitudotcontratos?INS,2018,0,14204413,7,6,2017,1150,NADA,201712,6,M, HTTP/1.1" 200 10046
186.67.172.234 - - [15/Jan/2018:12:44:22 -0300] "GET /cormun/servlet/solicitudotcontratos?cd5844e1d72732c117cf074d726255125fc06fcc179b15585d5ebe21e9a84ea3a525d5bc9b764719e82e4de6acc6c9ba,gx-no-cache=1516031021510 HTTP/1.1" 200 30
186.67.172.234 - - [15/Jan/2018:12:44:22 -0300] "GET /cormun/servlet/solicitudotcontratos?cd5844e1d72732c117cf074d72625512f7cf30d61f354e4f167bf45074ffb274b9572c3b64417ba9eb0644477f35ea68,gx-no-cache=1516031021542 HTTP/1.1" 200 30
186.67.172.234 - - [15/Jan/2018:12:44:22 -0300] "GET /cormun/servlet/solicitudotcontratos?cd5844e1d72732c117cf074d72625512f012c510d65ba7ca36510886fd98f2b6858a9de88ce0c2f920abecca40d1de88e179e59c9c75d889b58a4f4ba310103ced837f220f84a6593765bc5508341eb17a56de13e27de769267e0355917a83e256c68303d73249cf889fc6e84f692f277b05e8887244d5c2e659394fbacfe4f7,gx-no-cache=1516031021566 HTTP/1.1" 200 50
186.67.172.234 - - [15/Jan/2018:12:44:22 -0300] "GET /cormun/servlet/solicitudotcontratos?cd5844e1d72732c117cf074d7262551225571cd995548abfb0296a08db638a604e276716c48b242760fd58f66c135432,gx-no-cache=1516031021598 HTTP/1.1" 200 30
186.67.172.234 - - [15/Jan/2018:12:44:22 -0300] "GET /cormun/servlet/solicitudotcontratos?cd5844e1d72732c117cf074d72625512f9af8334a7112c4587f780402282c42c7f33017d8b52eb5556f0cc0b7afa874edaeeef1cb158b316bfbcce9b9a1f4adcf4f036b88a1556ce0891cc83789239f306d9c4521926991e18e89083447585d03a5f7ea1e01553b9588c88a51bbb2f87,gx-no-cache=1516031021628 HTTP/1.1" 200 30
186.67.172.234 - - [15/Jan/2018:12:44:22 -0300] "GET /cormun/servlet/solicitudotcontratos?cd5844e1d72732c117cf074d72625512bc0da56446aeeb1c3bdf251d15e66a28ba97e8fcc3efd67eb68b8d4b9c179b6e1210e4942958d8df4dc76ad7670e7ebe9be447a1397ffdd0553ae43752515ea8c34ce792f9736610904cc50ac97f5beade4aa1256ca379c9322f91d567873a51fb4a573f346445259627a3c3a38959ae8abeab6d9bb697c26c08e3ebfaada6ba7d6bc3c3992fbce5d5c386c8644fbf2e84f7a310f9d1abd1a7bdad24006b68474ff9eb65387559565086fd0b6c4efcdb088b09e8179efa58f32627908f1ec0dab4a389916b7e230d4a4e36141f2c81fa2d495de701519dbd825eb643a85839971f39c2922530015d8314f044410505654b0431bda0c128bcc68bd1562b26124b13371db641a035c812e28db8b3c30252776e610dcfc09a723db513864a1ddf95fbcea4fbd48ade8ec8c3bff1db9cc2a2ff3f3253e36c260ead8e0d86fb20770025045d7a1d37877e183b3e66ae5a6297b29ea5cf681f9941f3a76bc977b2296815b4d848b3a8a3ebbbfbe3f920024d70175b061f91a0beb82ac1a835c00220f00926409437c3c8490c86722847cb13b71b3dc4c70296012e8e2d6db9f665bd3580dc405d93c3643270be2e952db76baa5f0e6791ff844e971f36f38966531e28bb82a2b28b40b96411431799ef63bea5e9b2f8e428d84cc4f53a7046ca7e1c900926409437c3c8490c86722847cb13b7be9fe36e44f74a69e53ef484ae6eaaa72ee0dc2b4cc9ca06d8755b3bfdbbf9c03e1525310a1891f25a695b0bb4262aadea5bbba14329f1079d8f4e82b4edb9d0,gx-no-cache=1516031021653 HTTP/1.1" 200 72
186.67.172.234 - - [15/Jan/2018:12:44:24 -0300] "POST /cormun/servlet/solicitudotcontratos?d37ba025b9bb6891fd0a353d295a7357,INS,2018,0,14204413,7,6,2017,1150,NADA,201712,6,M,,gx-no-cache=1516031024215 HTTP/1.1" 200 10849
186.67.172.234 - - [15/Jan/2018:12:44:25 -0300] "POST /cormun/servlet/solicitudotcontratos?gx-no-cache=1516031024460 HTTP/1.1" 200 1342
186.67.172.234 - - [15/Jan/2018:12:44:25 -0300] "POST /cormun/servlet/solicitudotcontratos?gx-no-cache=1516031024498 HTTP/1.1" 200 1221
186.67.172.234 - - [15/Jan/2018:12:44:25 -0300] "GET /cormun/servlet/solicitudotcontratos?cd5844e1d72732c117cf074d7262551236d5956c1caa380eecb45fdd81a64956dbbd4cd71c7b29ab44eaa6199328b8338cc410c5507753f8b9837092f5d7c812cda53d43655cd4bed7bd2da155218c3052b7f23845628a4e206272e764c0557a5dcb4c6ad939ed28ea3dfdf799476fb0c85ef1ae8d75e04960363c607111bb98,gx-no-cache=1516031024540 HTTP/1.1" 200 30
186.79.202.217 - - [15/Jan/2018:12:44:25 -0300] "POST /cormun/servlet/solicitudot?gx-no-cache=1516031570049 HTTP/1.1" 200 3842
186.67.172.234 - - [15/Jan/2018:12:44:25 -0300] "POST /cormun/servlet/solicitudotcontratos?d37ba025b9bb6891fd0a353d295a7357,INS,2018,0,14204413,7,6,2017,1150,NADA,201712,6,M,,gx-no-cache=1516031024572 HTTP/1.1" 200 93
186.67.172.234 - - [15/Jan/2018:12:44:25 -0300] "GET /cormun/servlet/hpexe_return? HTTP/1.1" 200 1070
186.67.172.234 - - [15/Jan/2018:12:44:25 -0300] "GET /cormun/servlet/trcontratosolicitud?gx-no-cache=1516030500064 HTTP/1.1" 200 10566
192.168.10.94 - - [15/Jan/2018:12:44:26 -0300] "POST /cormun/servlet/veautorizarsolicitud?e30b391f5af7b366b03a4754015e5127,2018,8603,,,gx-no-cache=1516030924244 HTTP/1.1" 200 93
192.168.10.94 - - [15/Jan/2018:12:44:26 -0300] "GET /cormun/servlet/hpexe_return? HTTP/1.1" 200 1013
186.67.172.234 - - [15/Jan/2018:12:44:26 -0300] "GET /cormun/servlet/trcontratosolicitud?gx-no-cache=1516030500064 HTTP/1.1" 200 10563
186.79.202.217 - - [15/Jan/2018:12:44:26 -0300] "POST /cormun/servlet/solicitudot?b28440774b895e5f1c1b07c32f734a99,INS,0,0,,gx-no-cache=1516031570495 HTTP/1.1" 200 11939
186.79.202.217 - - [15/Jan/2018:12:44:26 -0300] "GET /cormun/servlet/solicitudot?445dd9e68c605c02cf0389ddd11fae2129749c7322a21a333eba200cfd9de0f55093249f96f252c7064f531f1e962e59,gx-no-cache=1516031571609 HTTP/1.1" 200 30
186.79.202.217 - - [15/Jan/2018:12:44:26 -0300] "POST /cormun/servlet/solicitudot?gx-no-cache=1516031571739 HTTP/1.1" 200 43
186.79.202.217 - - [15/Jan/2018:12:44:26 -0300] "POST /cormun/servlet/solicitudot?gx-no-cache=1516031571853 HTTP/1.1" 200 254
186.79.202.217 - - [15/Jan/2018:12:44:26 -0300] "GET /cormun/servlet/solicitudot?445dd9e68c605c02cf0389ddd11fae2180f9e58a1753aa5c26fe5a0cfb2b5829f18fd88f75b6a6bba94128e0349225b88df2dfc48e56fdfa6603ec6b330ae18bf32bee55a6ad29524622170119621e92bd27a3dde2fea705a2fe4d41a6bb1a7e7078e5dddc1b7578a0ed6f1af6d2f91dba40860b98577cc86a7387146ab5925b582502e39e138942e5b95b1ef2de86d5faab5ac6a48b19cb9ea2e91c2cdbab34cc1d0b7959248546ed69f39afc25695708206df641d1f4641444337ba5b6acbc73d901b94b36b2cb990cfa15b995c5b104554749b94856bc9065476bf436e3d2a04f85fbad93667d15e72b0663a1ae10f2e38f8e36b5d5b59f3f53473e0cd04d02a7a4499c75b3152e48f799a447164b422907864d7c24e7324ef4d4dcd8f99c72b2e0dcd549ae18d56208f228a01ab09a4834a3acbf7668910eeb16c932c04a46a9b2eb46db311b436d4aaf54f7be7ccb8d91f3cdb89816fa573e5d766f6811ad151963759ee35e73e8307bcff1ad5917c4f66fb4ed8658dc821561b14d17fd,gx-no-cache=1516031571984 HTTP/1.1" 200 30
186.79.202.217 - - [15/Jan/2018:12:44:26 -0300] "POST /cormun/servlet/solicitudot?gx-no-cache=1516031572077 HTTP/1.1" 200 30
186.79.202.217 - - [15/Jan/2018:12:44:27 -0300] "POST /cormun/servlet/solicitudot?gx-no-cache=1516031572181 HTTP/1.1" 200 1353
192.168.10.94 - - [15/Jan/2018:12:44:27 -0300] "GET /cormun/servlet/trautorizarsolicitud HTTP/1.1" 200 25545
186.79.202.217 - - [15/Jan/2018:12:44:27 -0300] "POST /cormun/servlet/solicitudot?gx-no-cache=1516031572327 HTTP/1.1" 200 41
186.79.202.217 - - [15/Jan/2018:12:44:27 -0300] "GET /cormun/servlet/solicitudot?445dd9e68c605c02cf0389ddd11fae21adf969298497bcf7eff42e39d4ab2544c03e8be707623a563948b8571f1791ed01be791d9f9cfb9f766bd5d8856e714201276f358bdc26f5554d2117eee853c8b37e185a5c599e662dc16862cc50cf4eddc82dfef242aa29328e169f6d950276e928d1c94f1e1b3f9f6ad9392cd1edc229109808b23111388098ce3620a10a948bdca2db77c4deaf1cf5df005f942467,gx-no-cache=1516031572425 HTTP/1.1" 200 29
186.79.202.217 - - [15/Jan/2018:12:44:27 -0300] "POST /cormun/servlet/solicitudot?gx-no-cache=1516031572521 HTTP/1.1" 200 219
186.79.202.217 - - [15/Jan/2018:12:44:27 -0300] "GET /cormun/servlet/solicitudot?445dd9e68c605c02cf0389ddd11fae211a8be89ae5b14391fde38275dd0c97b7edfca0478c4ab08767010c4d9ea0c243318950a2982e423b0e563f7c991de17f54c9e74dededa91cef0afffdced823d4bdc5c9ce285fbc24913d2d6408bbe53bc03e8be707623a563948b8571f1791edfea0d6e5df89ff99b433f089495c9586330ecdabbbe0e2414af85094210a00e0,gx-no-cache=1516031572707 HTTP/1.1" 200 55
186.79.202.217 - - [15/Jan/2018:12:44:27 -0300] "GET /cormun/servlet/solicitudot?445dd9e68c605c02cf0389ddd11fae21cfc957f5b4acc4c8b6bcf2cac52602062ecd0d3b4ac90ccb38ced5f106155154,gx-no-cache=1516031572842 HTTP/1.1" 200 30
186.79.202.217 - - [15/Jan/2018:12:44:27 -0300] "POST /cormun/servlet/solicitudot?gx-no-cache=1516031572949 HTTP/1.1" 200 30
186.79.202.217 - - [15/Jan/2018:12:44:28 -0300] "POST /cormun/servlet/solicitudot?b28440774b895e5f1c1b07c32f734a99,INS,0,0,,gx-no-cache=1516031573047 HTTP/1.1" 200 12187
200.111.191.210 - - [15/Jan/2018:12:44:35 -0300] "GET /cormun/servlet/trsolicitudot? HTTP/1.1" 200 7408
186.67.172.234 - - [15/Jan/2018:12:44:35 -0300] "POST /cormun/servlet/trcontratosolicitud?d37ba025b9bb6891fd0a353d295a7357,gx-no-cache=1516030500064,gx-no-cache=1516031034461 HTTP/1.1" 200 8005
200.111.191.210 - - [15/Jan/2018:12:44:35 -0300] "GET /cormun/servlet/trsolicitudot? HTTP/1.1" 200 7388
200.111.191.210 - - [15/Jan/2018:12:44:37 -0300] "GET /cormun/servlet/solicitudot?INS,0,0, HTTP/1.1" 200 14100
200.111.191.210 - - [15/Jan/2018:12:44:38 -0300] "GET /cormun/servlet/solicitudot?INS,0,0, HTTP/1.1" 200 14105
186.67.172.234 - - [15/Jan/2018:12:44:39 -0300] "GET /cormun/servlet/solicitudotcontratos?INS,2018,0,14204413,7,6,2017,1151,LEY+SEP,201712,8,M, HTTP/1.1" 200 10043
186.67.172.234 - - [15/Jan/2018:12:44:40 -0300] "GET /cormun/servlet/solicitudotcontratos?INS,2018,0,14204413,7,6,2017,1151,LEY+SEP,201712,8,M, HTTP/1.1" 200 10059
186.67.172.234 - - [15/Jan/2018:12:44:40 -0300] "GET /cormun/servlet/solicitudotcontratos?cd5844e1d72732c117cf074d726255125fc06fcc179b15585d5ebe21e9a84ea3a525d5bc9b764719e82e4de6acc6c9ba,gx-no-cache=1516031040036 HTTP/1.1" 200 30
186.67.172.234 - - [15/Jan/2018:12:44:40 -0300] "GET /cormun/servlet/solicitudotcontratos?cd5844e1d72732c117cf074d72625512f7cf30d61f354e4f167bf45074ffb274b9572c3b64417ba9eb0644477f35ea68,gx-no-cache=1516031040113 HTTP/1.1" 200 30
186.67.172.234 - - [15/Jan/2018:12:44:40 -0300] "GET /cormun/servlet/solicitudotcontratos?cd5844e1d72732c117cf074d72625512f012c510d65ba7ca36510886fd98f2b6858a9de88ce0c2f920abecca40d1de88e179e59c9c75d889b58a4f4ba310103ced837f220f84a6593765bc5508341eb17a56de13e27de769267e0355917a83e256c68303d73249cf889fc6e84f692f277b05e8887244d5c2e659394fbacfe4f7,gx-no-cache=1516031040191 HTTP/1.1" 200 50
186.67.172.234 - - [15/Jan/2018:12:44:40 -0300] "GET /cormun/servlet/solicitudotcontratos?cd5844e1d72732c117cf074d7262551225571cd995548abfb0296a08db638a604e276716c48b242760fd58f66c135432,gx-no-cache=1516031040283 HTTP/1.1" 200 30
186.67.172.234 - - [15/Jan/2018:12:44:41 -0300] "GET /cormun/servlet/solicitudotcontratos?cd5844e1d72732c117cf074d72625512f9af8334a7112c4587f780402282c42c7f33017d8b52eb5556f0cc0b7afa874edaeeef1cb158b316bfbcce9b9a1f4adcf4f036b88a1556ce0891cc83789239f306d9c4521926991e18e89083447585d03a5f7ea1e01553b9588c88a51bbb2f87,gx-no-cache=1516031040348 HTTP/1.1" 200 30
186.67.172.234 - - [15/Jan/2018:12:44:41 -0300] "GET /cormun/servlet/solicitudotcontratos?cd5844e1d72732c117cf074d72625512bc0da56446aeeb1c3bdf251d15e66a28ba97e8fcc3efd67eb68b8d4b9c179b6e656183b93e061d9804355b942bc2724ddaeeef1cb158b316bfbcce9b9a1f4adc4c76949d1c62dee6c6e0d95bd3421eee0d82560391ba7918b0a8c35402022b61211ec298b5c89049e61454f8810302cd366e302d120cc16f462bf9ea4c87c148f9cf46c9b2857795e4996fb816539d7f656183b93e061d9804355b942bc2724de5e866d36d808f1617311f8f37a7634e9ac446ea544d6dc9c72538bc0b183d618593af41d49903dcca3ba94ddd38d753285f3f5f14bfbeaf0d9abd97c760d9ed3e647624c833e3d2889b0abd9e80509529399af2cd821f87779daeff43eab6bffbcea4fbd48ade8ec8c3bff1db9cc2a22943e258e5a19ec00d81a3d696af39077071dcad9464bec3265212cb23dfa1396896b23e9e1f6edb82ce6bf60b8304bee691c4f7acd9afa95d7c265ff46ecc3dcc9eb5dd4d9568e1203dc662217369559cb87bd5ea1aabb3340036906374bbb7e7f753cd1e57d9d54b99ce2ae01524aa6835b8903f0b78ea076e86331a379ed85d9d2d170632920be87af736a28d3ad53862a9857466241c1e8f3bcdba23fc49bb768a22495f9e60b7e4d4b6e649aca5fd13af6ffc37de147c9de8efd2c1a5095b2d9765c25f66b7818be2e74eb7a43d2470746dce61def366a9b92d0d1a8f90645be3df931adacf9937bea81a7ef2bfad3fe6048205a331027e8a867317748601f0793a91760eaeba7e98a49154dc7de3ebd557360b58cd3161f7d0b2886c43,gx-no-cache=1516031040447 HTTP/1.1" 200 79
186.79.202.217 - - [15/Jan/2018:12:44:41 -0300] "POST /cormun/servlet/solicitudot?gx-no-cache=1516031586470 HTTP/1.1" 200 53
192.168.10.94 - - [15/Jan/2018:12:44:42 -0300] "GET /cormun/servlet/veautorizarsolicitud?2018,8586,, HTTP/1.1" 200 8476
192.168.10.94 - - [15/Jan/2018:12:44:42 -0300] "GET /cormun/pexe_scrolldiv.js HTTP/1.1" 404 1009
186.67.172.234 - - [15/Jan/2018:12:44:43 -0300] "POST /cormun/servlet/solicitudotcontratos?d37ba025b9bb6891fd0a353d295a7357,INS,2018,0,14204413,7,6,2017,1151,LEY+SEP,201712,8,M,,gx-no-cache=1516031042895 HTTP/1.1" 200 10856
186.67.172.234 - - [15/Jan/2018:12:44:44 -0300] "POST /cormun/servlet/solicitudotcontratos?gx-no-cache=1516031043433 HTTP/1.1" 200 1342
186.67.172.234 - - [15/Jan/2018:12:44:44 -0300] "POST /cormun/servlet/solicitudotcontratos?gx-no-cache=1516031043493 HTTP/1.1" 200 1221
186.67.172.234 - - [15/Jan/2018:12:44:44 -0300] "GET /cormun/servlet/solicitudotcontratos?cd5844e1d72732c117cf074d7262551236d5956c1caa380eecb45fdd81a64956dbbd4cd71c7b29ab44eaa6199328b8338cc410c5507753f8b9837092f5d7c812cda53d43655cd4bed7bd2da155218c3052b7f23845628a4e206272e764c0557a5dcb4c6ad939ed28ea3dfdf799476fb0c85ef1ae8d75e04960363c607111bb98,gx-no-cache=1516031043568 HTTP/1.1" 200 30
186.67.172.234 - - [15/Jan/2018:12:44:45 -0300] "POST /cormun/servlet/solicitudotcontratos?d37ba025b9bb6891fd0a353d295a7357,INS,2018,0,14204413,7,6,2017,1151,LEY+SEP,201712,8,M,,gx-no-cache=1516031043647 HTTP/1.1" 200 93
186.67.172.234 - - [15/Jan/2018:12:44:45 -0300] "GET /cormun/servlet/hpexe_return? HTTP/1.1" 200 1073
186.67.172.234 - - [15/Jan/2018:12:44:45 -0300] "GET /cormun/servlet/trcontratosolicitud?gx-no-cache=1516030500064 HTTP/1.1" 200 10447
186.67.172.234 - - [15/Jan/2018:12:44:45 -0300] "GET /cormun/servlet/trcontratosolicitud?gx-no-cache=1516030500064 HTTP/1.1" 200 10414
200.74.87.109 - - [15/Jan/2018:12:44:49 -0300] "GET /cormun/servlet/solicitudotcontratos?INS,2018,0,16491258,2,2,2017,2545,NADA,201712,31,B, HTTP/1.1" 200 10072
200.74.87.109 - - [15/Jan/2018:12:44:49 -0300] "GET /cormun/servlet/solicitudotcontratos?INS,2018,0,16491258,2,2,2017,2545,NADA,201712,31,B, HTTP/1.1" 200 10104
200.74.87.109 - - [15/Jan/2018:12:44:50 -0300] "GET /cormun/servlet/solicitudotcontratos?2c6e7882c8f84382573dcf99c345c0104af3712e157f7211df6e6608a02850038b685227122e0c8a8b907929a4a8ff63,gx-no-cache=1516031049781 HTTP/1.1" 200 30
200.74.87.109 - - [15/Jan/2018:12:44:50 -0300] "GET /cormun/servlet/solicitudotcontratos?2c6e7882c8f84382573dcf99c345c01054ac0a3c46c786e697325ffb3adee924ff95011158e25b859893b0ec33cc903b,gx-no-cache=1516031049832 HTTP/1.1" 200 30
