200.74.87.109 - - [15/Jan/2018:12:26:57 -0300] "GET /cormun/servlet/trcontratosolicitud?gx-no-cache=1516029858843 HTTP/1.1" 200 14304
200.74.87.109 - - [15/Jan/2018:12:26:57 -0300] "GET /cormun/servlet/trcontratosolicitud?gx-no-cache=1516029858843 HTTP/1.1" 200 14328
186.79.202.217 - - [15/Jan/2018:12:26:58 -0300] "POST /cormun/servlet/trautorizarsolicitud?b28440774b895e5f1c1b07c32f734a99,,gx-no-cache=1516030523189 HTTP/1.1" 200 7756
186.79.202.217 - - [15/Jan/2018:12:26:59 -0300] "POST /cormun/servlet/trautorizarsolicitud?b28440774b895e5f1c1b07c32f734a99,,gx-no-cache=1516030524053 HTTP/1.1" 200 7700
186.67.172.234 - - [15/Jan/2018:12:27:00 -0300] "POST /cormun/servlet/trcontratosolicitud?d37ba025b9bb6891fd0a353d295a7357,gx-no-cache=1516029810236,gx-no-cache=1516029979384 HTTP/1.1" 200 11719
186.67.172.234 - - [15/Jan/2018:12:27:11 -0300] "POST /cormun/servlet/trcontratosolicitud?d37ba025b9bb6891fd0a353d295a7357,gx-no-cache=1516029810236,gx-no-cache=1516029991056 HTTP/1.1" 200 11918
186.67.172.234 - - [15/Jan/2018:12:27:22 -0300] "POST /cormun/servlet/trcontratosolicitud?d37ba025b9bb6891fd0a353d295a7357,gx-no-cache=1516029810236,gx-no-cache=1516030001240 HTTP/1.1" 200 11725
186.79.202.217 - - [15/Jan/2018:12:27:30 -0300] "POST /cormun/servlet/trautorizarsolicitud?b28440774b895e5f1c1b07c32f734a99,,gx-no-cache=1516030554807 HTTP/1.1" 200 7331
186.79.202.217 - - [15/Jan/2018:12:27:30 -0300] "POST /cormun/servlet/trautorizarsolicitud?b28440774b895e5f1c1b07c32f734a99,,gx-no-cache=1516030555672 HTTP/1.1" 200 7276
200.74.87.109 - - [15/Jan/2018:12:27:34 -0300] "GET /cormun/servlet/solicitudotcontratos?INS,2018,0,15524713,4,2,2017,2118,NADA,201712,30,B, HTTP/1.1" 200 10080
200.74.87.109 - - [15/Jan/2018:12:27:35 -0300] "GET /cormun/servlet/solicitudotcontratos?INS,2018,0,15524713,4,2,2017,2118,NADA,201712,30,B, HTTP/1.1" 200 10092
200.74.87.109 - - [15/Jan/2018:12:27:35 -0300] "GET /cormun/servlet/solicitudotcontratos?2c6e7882c8f84382573dcf99c345c01063d1c31d16a362dd20f73fb5d9d3b7358b685227122e0c8a8b907929a4a8ff63,gx-no-cache=1516030015197 HTTP/1.1" 200 30
200.74.87.109 - - [15/Jan/2018:12:27:35 -0300] "GET /cormun/servlet/solicitudotcontratos?2c6e7882c8f84382573dcf99c345c010dff2040c0adaa67177c30076036efe6bff95011158e25b859893b0ec33cc903b,gx-no-cache=1516030015242 HTTP/1.1" 200 30
200.74.87.109 - - [15/Jan/2018:12:27:35 -0300] "GET /cormun/servlet/solicitudotcontratos?2c6e7882c8f84382573dcf99c345c0109659bb79c6bdba63d7cf1c1c1e23e93aae4915a0a88df7283abfd4acd1c8f6fd8416d74480c1baaa9d191a14a7817c845619c11ff22cf9cb687657e19d6c15ae6bf9daeb5e8f3e2a625fe4a03669e5e84f82649be32252bb42b1719a128903733d487d7620d0f21c67c0c4d9c5046eef,gx-no-cache=1516030015286 HTTP/1.1" 200 48
200.74.87.109 - - [15/Jan/2018:12:27:35 -0300] "GET /cormun/servlet/solicitudotcontratos?2c6e7882c8f84382573dcf99c345c0105f35de8a1eaee0db86f959d298f5a24ac4cc58ce5978527040f880779d0b304d,gx-no-cache=1516030015334 HTTP/1.1" 200 30
200.74.87.109 - - [15/Jan/2018:12:27:35 -0300] "GET /cormun/servlet/solicitudotcontratos?2c6e7882c8f84382573dcf99c345c01040bb219b5d8d248026644a075a27a6eaa30ff97eed0a66008b7f0bb1734f61263b9486571fc5b7123446b6db976a92333b64264f74d946d17d4c3c57d33e882063b3d5d6b565ee7f1e33580f977875886cf26023ba124dfd1259dd92de6cb8e5,gx-no-cache=1516030015394 HTTP/1.1" 200 30
200.74.87.109 - - [15/Jan/2018:12:27:35 -0300] "GET /cormun/servlet/solicitudotcontratos?2c6e7882c8f84382573dcf99c345c0106fb82daa43a46f1d4425502e2d976e23b33caed702e78c789e2a8c6f54d5a307857f76239f0a19298d22b59fe4651bbc2716366517c34fd0c3cff7697b21b5b2d675b69e0ab0e81879ecd04969674c9be19f36719718fb521d005286c1d42db3c0c581dfe4c16cfe048b222970f76702b35bfcecf6497885ec096fda435a72a4aff29eb2f07452f680c95c03c5fc3ae963cc1dc625664e51faec44b8a68d9b3a03defebeb198e864b0eeeae75528e7d7b9494d5018b1ae679e15b98d0d7ac6c4a7e648b3593b50414ca69fce4c7839d2c425538c26b58ad87009574ff45a319aafad6b1cd62798697da4c1abad61c3de66367c271abd2379c18e9fee71f09884f96c037bb92a53a965d5d52476aa921d0d7508344b6068d3cf642a25d96cd026e2a445d9b49fae1d42fb5d384e0feddf165314c6f6032132fe51d8c2f4ff51967812ae747c57ec38672c8e6eaa6783148c1732f916843c3828ec232398c44384f9470d87b5fc95a66c2302b9d0dd42682458f969d695ff7ca85634a4e81ade0bcebdcdb2d85f130f8c97519f6589fb4d51d119dd3f584f7f3e1159624d1d5ac4063ddcc8ad5afc8a55c108504c3a7e62fa613c4f7202ceadcd5bfcc65bad01b78ed5fcbe251ff9c7c8f70541a636ee0874b78789615d7a24ba259f78f6a19745cebdcdb2d85f130f8c97519f6589fb4d2f06749df04a0d457d1e3d51fec484ec743988f3e2c5575934ef6e0c52e68977f96c0dff1c67f89c9a36d9af357a2459bbdb92d1f7090f4d3cae91bc440594a6,gx-no-cache=1516030015446 HTTP/1.1" 200 72
192.168.10.89 - - [15/Jan/2018:12:27:46 -0300] "POST /cormun/servlet/trsolicitudgral?893b85559f5a33c1c419e129555df3d9,gx-no-cache=1516029916961 HTTP/1.1" 200 24999
200.74.87.109 - - [15/Jan/2018:12:27:48 -0300] "POST /cormun/servlet/solicitudotcontratos?8a9046041d4e1e7fdd0fbf9a015c8d08,INS,2018,0,15524713,4,2,2017,2118,NADA,201712,30,B,,gx-no-cache=1516030027556 HTTP/1.1" 200 10793
200.74.87.109 - - [15/Jan/2018:12:27:48 -0300] "POST /cormun/servlet/solicitudotcontratos?gx-no-cache=1516030027832 HTTP/1.1" 200 1343
200.74.87.109 - - [15/Jan/2018:12:27:48 -0300] "POST /cormun/servlet/solicitudotcontratos?gx-no-cache=1516030027910 HTTP/1.1" 200 1220
200.74.87.109 - - [15/Jan/2018:12:27:48 -0300] "GET /cormun/servlet/solicitudotcontratos?2c6e7882c8f84382573dcf99c345c010f48a33222f85e1753c234a9a81c22dcc237c2a0b6ec823e122c5f9077295328441dacb74a51dd29921548cd83d28b12fc3d747ff8e03d8a951a6421251b0b582b5da4e00ea3aa09f1676e93a234b09774687e3860c73f6da3dff3dbeaa389b9f7a9d321fa29491333cdc85f903200489,gx-no-cache=1516030027982 HTTP/1.1" 200 30
200.74.87.109 - - [15/Jan/2018:12:27:48 -0300] "POST /cormun/servlet/solicitudotcontratos?8a9046041d4e1e7fdd0fbf9a015c8d08,INS,2018,0,15524713,4,2,2017,2118,NADA,201712,30,B,,gx-no-cache=1516030028028 HTTP/1.1" 200 93
200.74.87.109 - - [15/Jan/2018:12:27:48 -0300] "GET /cormun/servlet/hpexe_return? HTTP/1.1" 200 1066
200.74.87.109 - - [15/Jan/2018:12:27:49 -0300] "GET /cormun/servlet/trcontratosolicitud?gx-no-cache=1516029858843 HTTP/1.1" 200 14373
200.74.87.109 - - [15/Jan/2018:12:27:49 -0300] "GET /cormun/servlet/trcontratosolicitud?gx-no-cache=1516029858843 HTTP/1.1" 200 14412
200.74.87.109 - - [15/Jan/2018:12:28:00 -0300] "POST /cormun/servlet/trcontratosolicitud?8a9046041d4e1e7fdd0fbf9a015c8d08,gx-no-cache=1516029858843,gx-no-cache=1516030039951 HTTP/1.1" 200 11807
186.67.172.234 - - [15/Jan/2018:12:28:09 -0300] "POST /cormun/servlet/trcontratosolicitud?d37ba025b9bb6891fd0a353d295a7357,gx-no-cache=1516029810236,gx-no-cache=1516030048536 HTTP/1.1" 200 11881
186.67.172.234 - - [15/Jan/2018:12:28:09 -0300] "POST /cormun/servlet/trcontratosolicitud?d37ba025b9bb6891fd0a353d295a7357,gx-no-cache=1516029810236,gx-no-cache=1516030049073 HTTP/1.1" 200 12213
186.67.172.234 - - [15/Jan/2018:12:28:10 -0300] "POST /cormun/servlet/trcontratosolicitud?d37ba025b9bb6891fd0a353d295a7357,gx-no-cache=1516029810236,gx-no-cache=1516030050071 HTTP/1.1" 200 11966
200.111.191.210 - - [15/Jan/2018:12:28:17 -0300] "GET /cormun/servlet/trsolicitudot? HTTP/1.1" 200 7388
186.67.172.234 - - [15/Jan/2018:12:28:17 -0300] "GET /cormun/servlet/trsolicitudot? HTTP/1.1" 200 7463
200.111.191.210 - - [15/Jan/2018:12:28:18 -0300] "GET /cormun/servlet/trsolicitudot? HTTP/1.1" 200 7388
186.67.172.234 - - [15/Jan/2018:12:28:18 -0300] "GET /cormun/servlet/trsolicitudot? HTTP/1.1" 200 7441
200.111.191.210 - - [15/Jan/2018:12:28:20 -0300] "GET /cormun/servlet/solicitudot?INS,0,0, HTTP/1.1" 200 14100
200.111.191.210 - - [15/Jan/2018:12:28:20 -0300] "GET /cormun/servlet/solicitudot?INS,0,0, HTTP/1.1" 200 14105
200.74.87.109 - - [15/Jan/2018:12:28:24 -0300] "GET /cormun/servlet/trsolicitudot? HTTP/1.1" 200 7552
200.74.87.109 - - [15/Jan/2018:12:28:24 -0300] "GET /cormun/static/gxui/gxui-all.css?120300 HTTP/1.1" 200 2179
200.74.87.109 - - [15/Jan/2018:12:28:24 -0300] "GET /cormun/static/gxcfg.js?2017111422585916 HTTP/1.1" 200 953
200.74.87.109 - - [15/Jan/2018:12:28:24 -0300] "GET /cormun/static/trsolicitudot.js?201711142259839 HTTP/1.1" 200 54041
200.74.87.109 - - [15/Jan/2018:12:28:24 -0300] "GET /cormun/static/Resources/PXToolsActionExcel.png HTTP/1.1" 200 3187
200.74.87.109 - - [15/Jan/2018:12:28:24 -0300] "GET /cormun/static/Shared/ext/resources/css/ext-all.css?215870 HTTP/1.1" 200 416045
200.74.87.109 - - [15/Jan/2018:12:28:24 -0300] "GET /cormun/static/Resources/PXToolsGridNew.png HTTP/1.1" 200 2949
200.74.87.109 - - [15/Jan/2018:12:28:24 -0300] "GET /cormun/servlet/trsolicitudot? HTTP/1.1" 200 7530
200.111.191.210 - - [15/Jan/2018:12:28:30 -0300] "POST /cormun/servlet/solicitudot?gx-no-cache=1516030070397 HTTP/1.1" 200 3885
200.111.191.210 - - [15/Jan/2018:12:28:30 -0300] "POST /cormun/servlet/solicitudot?4a6a394e9b92e216473e1d469e54fe9e,INS,0,0,,gx-no-cache=1516030070626 HTTP/1.1" 200 11006
200.74.87.109 - - [15/Jan/2018:12:28:30 -0300] "GET /cormun/servlet/solicitudot?INS,0,0, HTTP/1.1" 200 14264
200.74.87.109 - - [15/Jan/2018:12:28:30 -0300] "GET /cormun/static/gxcfg.js?20181911371421 HTTP/1.1" 200 953
200.74.87.109 - - [15/Jan/2018:12:28:30 -0300] "GET /cormun/static/solicitudot.js?20181911371648 HTTP/1.1" 200 71402
200.74.87.109 - - [15/Jan/2018:12:28:31 -0300] "GET /cormun/servlet/solicitudot?INS,0,0, HTTP/1.1" 200 14269
200.111.191.210 - - [15/Jan/2018:12:28:41 -0300] "GET /cormun/servlet/solicitudot?9754373cc0b8fd8a40a15517404bf6bd878784d8eb086f23a15e16b23202cef5f84a2a965257d3cc0cc5c60b9047948b,gx-no-cache=1516030081618 HTTP/1.1" 200 30
200.111.191.210 - - [15/Jan/2018:12:28:47 -0300] "POST /cormun/servlet/solicitudot?gx-no-cache=1516030087783 HTTP/1.1" 200 53
200.111.191.210 - - [15/Jan/2018:12:28:56 -0300] "POST /cormun/servlet/solicitudot?gx-no-cache=1516030096569 HTTP/1.1" 200 240
200.111.191.210 - - [15/Jan/2018:12:28:56 -0300] "GET /cormun/servlet/solicitudot?9754373cc0b8fd8a40a15517404bf6bdb677c2152ae94ef295dee90dc5f1da15eb085d9013e11a9c41de6503ddd36ea6d4cfdd87f2e843ded65aefabb0d00f5154a53bf11b46b53b31b756c548a4b7f01dba4e9c7c64bb9f923818867f185595aa19b97eb4e16ae34f0542093cf8c8f824f845bf0c6754ecedb5a3e999487af397b375ad48dcf9a9f1cdb1c0c60683e90ee288b777bd695071a3ca239fae29ee870c7a5310ade85ddfbf421d18e897a2dc8f4a92c00fec9501ed73646b8021934daaeb0d5050e2ee4b81610387dc45e22502f3c9d356f43f4da411c49b2e85525e22235dde2a0508e122c8f4ce4cf3d7b919921b4efb8cc62d1aef37381575033efc6186f422c6c7e42c75b0749ef42bf78cf4ccfa756b2d9653452a9b7a3700c8fb38ad5598333c69196ba8f35612c7d0502f82bda1141f15cee422b26a7b7c20ccefaf9bdf0384a399551dc934ee748186e64f28919cb9f76af14a939b9cee46053cd4e651c6244d74ede5184fd44092a39b43275183712f4739eea93321f6,gx-no-cache=1516030096597 HTTP/1.1" 200 30
200.111.191.210 - - [15/Jan/2018:12:28:58 -0300] "POST /cormun/servlet/solicitudot?gx-no-cache=1516030098759 HTTP/1.1" 200 30
200.111.191.210 - - [15/Jan/2018:12:29:01 -0300] "POST /cormun/servlet/solicitudot?gx-no-cache=1516030101302 HTTP/1.1" 200 1357
200.111.191.210 - - [15/Jan/2018:12:29:01 -0300] "POST /cormun/servlet/solicitudot?gx-no-cache=1516030101354 HTTP/1.1" 200 38
200.111.191.210 - - [15/Jan/2018:12:29:06 -0300] "GET /cormun/servlet/solicitudot?9754373cc0b8fd8a40a15517404bf6bd06847b0f960fb8fa8139d3dd41394c69bd659a91720e5ba32a082718a8cc75f0d5ee241641a08a77587c9cbf846e39b79157ac33ec9362c284fce1ff55ff20dd65ed8ba53e34cefb8df1308b2c362469ec548879f7203d90bc82de6ca8eab11f,gx-no-cache=1516030106606 HTTP/1.1" 200 29
200.111.191.210 - - [15/Jan/2018:12:29:06 -0300] "POST /cormun/servlet/solicitudot?gx-no-cache=1516030106627 HTTP/1.1" 200 221
200.111.191.210 - - [15/Jan/2018:12:29:06 -0300] "GET /cormun/servlet/solicitudot?9754373cc0b8fd8a40a15517404bf6bdbf746a01b809bf176623402f4272467a460991c8d2c1b61703a2ea4f7801e55231be22efc35da663ae4eecbeabfc4810f6cbf36a76f37d43f440863182c3954147c8f767ced38d61c35b74153147a90bbd659a91720e5ba32a082718a8cc75f08bf67b7f45f8421ef68d0c06d0773cdc014b7120bcb650a6af167ceeeb00d3c7,gx-no-cache=1516030106657 HTTP/1.1" 200 55
200.111.191.210 - - [15/Jan/2018:12:29:10 -0300] "GET /cormun/servlet/solicitudot?9754373cc0b8fd8a40a15517404bf6bd58da3908fb2286ff2e42c6ada147b0a3b1903c42ebe5c252602b4c3756819b69,gx-no-cache=1516030111135 HTTP/1.1" 200 30
200.111.191.210 - - [15/Jan/2018:12:29:16 -0300] "POST /cormun/servlet/solicitudot?gx-no-cache=1516030116821 HTTP/1.1" 200 30
192.168.10.89 - - [15/Jan/2018:12:29:21 -0300] "POST /cormun/servlet/solicitudot?94735e00e436c95f15f6a149d0d91b9e,INS,0,0,,gx-no-cache=1516030020038 HTTP/1.1" 440 972
192.168.10.89 - - [15/Jan/2018:12:29:24 -0300] "GET /cormun/servlet/solicitudot?INS,0,0, HTTP/1.1" 200 14735
192.168.10.89 - - [15/Jan/2018:12:29:26 -0300] "GET /cormun/servlet/hlogin HTTP/1.1" 200 1746
200.111.191.210 - - [15/Jan/2018:12:29:36 -0300] "POST /cormun/servlet/solicitudot?4a6a394e9b92e216473e1d469e54fe9e,INS,0,0,,gx-no-cache=1516030136214 HTTP/1.1" 200 93
200.111.191.210 - - [15/Jan/2018:12:29:36 -0300] "GET /cormun/servlet/hpexe_return? HTTP/1.1" 200 1005
200.111.191.210 - - [15/Jan/2018:12:29:36 -0300] "GET /cormun/servlet/trsolicitudot HTTP/1.1" 200 8770
200.111.191.210 - - [15/Jan/2018:12:29:36 -0300] "GET /cormun/servlet/trsolicitudot HTTP/1.1" 200 8766
200.111.191.210 - - [15/Jan/2018:12:29:39 -0300] "POST /cormun/servlet/trsolicitudot?4a6a394e9b92e216473e1d469e54fe9e,gx-no-cache=1516030139118 HTTP/1.1" 200 4689
200.111.191.210 - - [15/Jan/2018:12:29:39 -0300] "GET /cormun/static/Shared/jqueryui/images/ui-bg_highlight-soft_100_c6c2c8_1x100.png HTTP/1.1" 404 1117
200.111.191.210 - - [15/Jan/2018:12:29:39 -0300] "GET /cormun/static/Shared/jqueryui/images/ui-icons_82798d_256x240.png HTTP/1.1" 404 1089
200.111.191.210 - - [15/Jan/2018:12:29:39 -0300] "GET /cormun/static/Shared/jqueryui/images/ui-icons_8d78a5_256x240.png HTTP/1.1" 404 1089
200.111.191.210 - - [15/Jan/2018:12:29:39 -0300] "GET /cormun/static/Shared/jqueryui/images/ui-bg_flat_55_fafafa_40x100.png HTTP/1.1" 404 1097
200.111.191.210 - - [15/Jan/2018:12:29:39 -0300] "POST /cormun/servlet/trsolicitudot?4a6a394e9b92e216473e1d469e54fe9e,gx-no-cache=1516030139301 HTTP/1.1" 200 4443
200.111.191.210 - - [15/Jan/2018:12:29:42 -0300] "GET /cormun/servlet/trautorizarsolicitud? HTTP/1.1" 200 8666
200.111.191.210 - - [15/Jan/2018:12:29:42 -0300] "GET /cormun/servlet/trautorizarsolicitud? HTTP/1.1" 200 8666
200.111.191.210 - - [15/Jan/2018:12:29:45 -0300] "POST /cormun/servlet/trautorizarsolicitud?4a6a394e9b92e216473e1d469e54fe9e,,gx-no-cache=1516030145123 HTTP/1.1" 200 4626
200.111.191.210 - - [15/Jan/2018:12:29:45 -0300] "GET /cormun/static/Shared/jqueryui/images/ui-bg_highlight-soft_100_c6c2c8_1x100.png HTTP/1.1" 404 1117
200.111.191.210 - - [15/Jan/2018:12:29:45 -0300] "GET /cormun/static/Shared/jqueryui/images/ui-icons_82798d_256x240.png HTTP/1.1" 404 1089
200.111.191.210 - - [15/Jan/2018:12:29:45 -0300] "GET /cormun/static/Shared/jqueryui/images/ui-bg_flat_55_fafafa_40x100.png HTTP/1.1" 404 1097
200.111.191.210 - - [15/Jan/2018:12:29:45 -0300] "GET /cormun/static/Shared/jqueryui/images/ui-icons_8d78a5_256x240.png HTTP/1.1" 404 1089
200.111.191.210 - - [15/Jan/2018:12:29:45 -0300] "POST /cormun/servlet/trautorizarsolicitud?4a6a394e9b92e216473e1d469e54fe9e,,gx-no-cache=1516030145262 HTTP/1.1" 200 4382
192.168.10.89 - - [15/Jan/2018:12:29:53 -0300] "GET /cormun/servlet/hlogin HTTP/1.1" 200 1741
200.111.191.210 - - [15/Jan/2018:12:29:55 -0300] "GET /cormun/servlet/trcontratosolicitud? HTTP/1.1" 200 12162
200.111.191.210 - - [15/Jan/2018:12:29:55 -0300] "GET /cormun/servlet/trcontratosolicitud? HTTP/1.1" 200 12163
186.67.172.234 - - [15/Jan/2018:12:30:12 -0300] "GET /cormun/servlet/trsolicitudot? HTTP/1.1" 200 7441
186.67.172.234 - - [15/Jan/2018:12:30:13 -0300] "GET /cormun/servlet/trsolicitudot? HTTP/1.1" 200 7441
186.79.202.217 - - [15/Jan/2018:12:30:15 -0300] "GET /cormun/servlet/trsolicitudot? HTTP/1.1" 200 7403
186.79.202.217 - - [15/Jan/2018:12:30:15 -0300] "GET /cormun/servlet/trsolicitudot? HTTP/1.1" 200 7402
200.111.191.210 - - [15/Jan/2018:12:30:23 -0300] "GET /cormun/servlet/solicitudotcontratos?INS,2018,0,10049665,8,2,2017,2418,NADA,201712,44,*, HTTP/1.1" 200 9932
200.111.191.210 - - [15/Jan/2018:12:30:23 -0300] "GET /cormun/static/gxcfg.js?2018191138350 HTTP/1.1" 304 -
200.111.191.210 - - [15/Jan/2018:12:30:23 -0300] "GET /cormun/static/solicitudotcontratos.js?20181911383611 HTTP/1.1" 304 -
200.111.191.210 - - [15/Jan/2018:12:30:24 -0300] "GET /cormun/servlet/solicitudotcontratos?INS,2018,0,10049665,8,2,2017,2418,NADA,201712,44,*, HTTP/1.1" 200 9965
200.111.191.210 - - [15/Jan/2018:12:30:24 -0300] "GET /cormun/servlet/solicitudotcontratos?9754373cc0b8fd8a40a15517404bf6bdd38c81251de5f0e3e22a879f579d36cd88cf3ab9d95ac8fc3bb376fc1e28c572,gx-no-cache=1516030184659 HTTP/1.1" 200 30
200.111.191.210 - - [15/Jan/2018:12:30:24 -0300] "GET /cormun/servlet/solicitudotcontratos?9754373cc0b8fd8a40a15517404bf6bd45d01e36c885dd960bb220bbefe09343bb61cafaea734884fc4299069a238098,gx-no-cache=1516030184678 HTTP/1.1" 200 30
200.111.191.210 - - [15/Jan/2018:12:30:24 -0300] "GET /cormun/servlet/solicitudotcontratos?9754373cc0b8fd8a40a15517404bf6bd60eafa8792f4d60e7525e27a3a9bc9b82bf5baeb003efe03084122ed989362955847f775f22cd6cfc54aecb435b222d0d1d81356e0804b0057020b585dcedab94752231ce341dee848c79d832eb138d3f217559293aa45a24f5a2d52b02bf3a8b3ab9d033eb6d72e6376145fc8971ded,gx-no-cache=1516030184696 HTTP/1.1" 200 48
200.111.191.210 - - [15/Jan/2018:12:30:24 -0300] "GET /cormun/servlet/solicitudotcontratos?9754373cc0b8fd8a40a15517404bf6bd29997ca96ac64b56492f8f652e8e9bbba0f8eb1f717fc12f217eeef116f221fa,gx-no-cache=1516030184713 HTTP/1.1" 200 30
200.111.191.210 - - [15/Jan/2018:12:30:24 -0300] "GET /cormun/servlet/solicitudotcontratos?9754373cc0b8fd8a40a15517404bf6bd2216bb8e8ff8bd48a2f4c75ad808bdd1b8531ab2fe1758f20a803437f963e8e431be22efc35da663ae4eecbeabfc4810971ff54cff47cfe41796e620f233ece399b8695bbd76d29981f4dcfd31d0adcbf84a2a965257d3cc0cc5c60b9047948b,gx-no-cache=1516030184729 HTTP/1.1" 200 30
200.111.191.210 - - [15/Jan/2018:12:30:24 -0300] "GET /cormun/servlet/solicitudotcontratos?9754373cc0b8fd8a40a15517404bf6bd0b7b9237479a1e27731b1566e45add1eb14a8777608f03d36c8f09714ff9ed4b95a3969988097620344eeaf26a6cbbe60e2683b7f28e0903d456c86e72d98e014373c9ffe970c75d1aeb629b7505fc997bf425e5a8643ec56ff62393f157eb1d888d2014294a27e20cee677861a6f056bbec751c92a24f36edc20652f302555a4e8b6f6c32c19624d6ee9124e2cb818bea80f8d98688c7bf4eb9acca79a3b88a4b2f11c00074a812b63d7f9bdfe39eb96209f8db1724448711991355f9893c284be572fc36bbdb26d6d9eb43a19fdbcd22622250cf774ca638ce2b923c3e2aeab49d03e56b2195042d41770be8dfe8d721af26d23e6a1d2bad651b95786b13b590c50e26e7ff53ae6f6848e00ed29bd4521c67f4c2a7939e089bfbea858a6603976d123df5f640b303385d1fde7dc9e62ff44b747eb1c115be28fcc06bdbef11e3343c29ede9f15c2c9ffb45597a8302ffadb5885f11236b9f3c3b050d13a867a5bb7a7904f133e3deb815418e02a2ee5206a16530b7dcf0f01efc5a007cd8b8251c6c3a7f1595a1fc50a9a894d955579aa36039ff0e417168aedbffaa3b1d1d9add7e7e0295f6faf994dc7143cc1d3ef7fbbd479902d0bdc9884028da477e4cacf8538520d3fbd58f258655054a9445185d2af9fc321006dd90b6b990189071251c6c3a7f1595a1fc50a9a894d955577aafeffe598b3b896fe55bd2c3ff9ca4a7232466f0ca64dbe53f4e55db88b853a650c80a4bd205f766b89069cb2af92fbb2cb0ad344b2f3b4b682046d0bb6896,gx-no-cache=1516030184748 HTTP/1.1" 200 72
200.111.191.210 - - [15/Jan/2018:12:30:27 -0300] "POST /cormun/servlet/solicitudotcontratos?4a6a394e9b92e216473e1d469e54fe9e,INS,2018,0,10049665,8,2,2017,2418,NADA,201712,44,*,,gx-no-cache=1516030187960 HTTP/1.1" 200 10778
200.111.191.210 - - [15/Jan/2018:12:30:27 -0300] "POST /cormun/servlet/solicitudotcontratos?gx-no-cache=1516030188153 HTTP/1.1" 200 1342
200.111.191.210 - - [15/Jan/2018:12:30:27 -0300] "POST /cormun/servlet/solicitudotcontratos?gx-no-cache=1516030188185 HTTP/1.1" 200 1220
200.111.191.210 - - [15/Jan/2018:12:30:28 -0300] "GET /cormun/servlet/solicitudotcontratos?9754373cc0b8fd8a40a15517404bf6bddcd2c94d5150b0773645a0a117609aca5410aa1977566b8d795563917b759a8fdb2b52334fb38ca6fa18326e4c5ee8eb968dc7d574c2389fdc5abdb2c51b276dd11f9ac7b1e84ef297f56f4f3514be966b53fdce42101f171fa81c0c92c2b785213ee71e8c55d78d94550615a851d163,gx-no-cache=1516030188213 HTTP/1.1" 200 30
200.111.191.210 - - [15/Jan/2018:12:30:28 -0300] "POST /cormun/servlet/solicitudotcontratos?4a6a394e9b92e216473e1d469e54fe9e,INS,2018,0,10049665,8,2,2017,2418,NADA,201712,44,*,,gx-no-cache=1516030188229 HTTP/1.1" 200 93
200.111.191.210 - - [15/Jan/2018:12:30:28 -0300] "GET /cormun/servlet/hpexe_return? HTTP/1.1" 200 1045
200.111.191.210 - - [15/Jan/2018:12:30:28 -0300] "GET /cormun/servlet/trcontratosolicitud HTTP/1.1" 200 12034
186.79.202.217 - - [15/Jan/2018:12:30:28 -0300] "POST /cormun/servlet/trsolicitudot?b28440774b895e5f1c1b07c32f734a99,,gx-no-cache=1516030733479 HTTP/1.1" 200 4493
200.111.191.210 - - [15/Jan/2018:12:30:28 -0300] "GET /cormun/servlet/trcontratosolicitud HTTP/1.1" 200 12026
200.74.87.109 - - [15/Jan/2018:12:30:34 -0300] "POST /cormun/servlet/solicitudot?gx-no-cache=1516030194086 HTTP/1.1" 200 3850
186.79.202.217 - - [15/Jan/2018:12:30:34 -0300] "GET /cormun/servlet/solicitudot?INS,0,0, HTTP/1.1" 200 14109
200.74.87.109 - - [15/Jan/2018:12:30:35 -0300] "POST /cormun/servlet/solicitudot?8a9046041d4e1e7fdd0fbf9a015c8d08,INS,0,0,,gx-no-cache=1516030194456 HTTP/1.1" 200 10988
186.79.202.217 - - [15/Jan/2018:12:30:35 -0300] "GET /cormun/servlet/solicitudot?INS,0,0, HTTP/1.1" 200 14113
186.79.202.217 - - [15/Jan/2018:12:30:38 -0300] "POST /cormun/servlet/solicitudot?gx-no-cache=1516030742966 HTTP/1.1" 200 3809
186.79.202.217 - - [15/Jan/2018:12:30:38 -0300] "GET /cormun/static/Shared/jqueryui/images/ui-bg_highlight-soft_100_c6c2c8_1x100.png HTTP/1.1" 404 1117
186.79.202.217 - - [15/Jan/2018:12:30:38 -0300] "GET /cormun/servlet/solicitudot?445dd9e68c605c02cf0389ddd11fae21c083d7c71532d0e8e653e35e6862394d,gx-no-cache=1516030743400 HTTP/1.1" 200 111
186.79.202.217 - - [15/Jan/2018:12:30:38 -0300] "GET /cormun/static/Shared/jqueryui/images/ui-icons_82798d_256x240.png HTTP/1.1" 404 1089
186.79.202.217 - - [15/Jan/2018:12:30:38 -0300] "GET /cormun/static/Shared/jqueryui/images/ui-bg_flat_55_994d53_40x100.png HTTP/1.1" 404 1097
186.79.202.217 - - [15/Jan/2018:12:30:38 -0300] "GET /cormun/static/Shared/jqueryui/images/ui-icons_ebccce_256x240.png HTTP/1.1" 404 1089
200.111.191.210 - - [15/Jan/2018:12:30:40 -0300] "POST /cormun/servlet/trcontratosolicitud?4a6a394e9b92e216473e1d469e54fe9e,gx-no-cache=1516030200094 HTTP/1.1" 200 12430
200.74.87.109 - - [15/Jan/2018:12:30:45 -0300] "GET /cormun/servlet/solicitudot?2c6e7882c8f84382573dcf99c345c01008917888280c8c69e2161fd6461cdfd56cf26023ba124dfd1259dd92de6cb8e5,gx-no-cache=1516030205190 HTTP/1.1" 200 30
200.74.87.109 - - [15/Jan/2018:12:30:45 -0300] "POST /cormun/servlet/solicitudot?gx-no-cache=1516030205278 HTTP/1.1" 200 51
200.74.87.109 - - [15/Jan/2018:12:30:45 -0300] "POST /cormun/servlet/solicitudot?gx-no-cache=1516030205332 HTTP/1.1" 200 240
200.74.87.109 - - [15/Jan/2018:12:30:45 -0300] "GET /cormun/servlet/solicitudot?2c6e7882c8f84382573dcf99c345c0106905ebc267c80bc6a214a5535381e8145bef23124e1347ac29e4cba3c4e9f975783e81c9752e149563c400a393e832fb396c9f9930bae30c4c9e969da9289202b2ee7f0f24b4e33a9b50594effae64702c934001580381b60649bef59a934641f57d6cbbcb14ecf3e5a2d13a005430682770f40df5352231d1610143b4a1d1020da077fccb6fd78a6619b53ab008bcf3ffc2313e5cd9e1c0943f4caf1cc5743c758d1c22003058fa7f55130c7f0edc1cac81846816ee7d6b7f389b3bce38f77dd20eaf4497071ee0094fcf0910cb45379190f37e8054fc1aa038ba7e1572e5d1af3b442dca360cbc3bc0ee3cc6006ec6aa54b2072629beeee9e939bd3d4e2dc180c6a847b59883c5fb6dbcbbe8b151c03a4629df1e1800cd240cc4eb22ddcbf3418d08856b85a01dc864e25bf1fb6127d4fc22337a180bc262bc38ec0dd94e34579fdde31497fe468b08a9116a11ed39ce0aba986ad9a272a252f6a5c16cb66de8871fd94fd378dc358d6699d63b5649,gx-no-cache=1516030205399 HTTP/1.1" 200 30
200.74.87.109 - - [15/Jan/2018:12:30:48 -0300] "POST /cormun/servlet/solicitudot?gx-no-cache=1516030207836 HTTP/1.1" 200 30
186.79.202.217 - - [15/Jan/2018:12:30:48 -0300] "GET /cormun/servlet/prfichaempleado?,MD,,gxPopupLevel%3D0%3B HTTP/1.1" 200 9346
200.74.87.109 - - [15/Jan/2018:12:30:52 -0300] "POST /cormun/servlet/solicitudot?gx-no-cache=1516030211719 HTTP/1.1" 200 1353
200.74.87.109 - - [15/Jan/2018:12:30:52 -0300] "POST /cormun/servlet/solicitudot?gx-no-cache=1516030211816 HTTP/1.1" 200 38
200.74.87.109 - - [15/Jan/2018:12:31:00 -0300] "GET /cormun/servlet/solicitudot?2c6e7882c8f84382573dcf99c345c010501a6677a6514bec7b999dd43485a8bb077b4c63001d4bb9aab9bd8321243cdd615908f802a0f5cb7e02d1095e0a419646333341911fb020a95e51827099ff0658ea0e72d4f66fcd6d7b353d211c77714b1f1269473e6919ced8402017428db6dc35eb71c3ae2db5764a7033b4d9121c47b65d494c3ccde981cc513f0607f6f91f73c291650cf7ddc76ea7aace4d1636,gx-no-cache=1516030220358 HTTP/1.1" 200 29
200.74.87.109 - - [15/Jan/2018:12:31:00 -0300] "POST /cormun/servlet/solicitudot?gx-no-cache=1516030220412 HTTP/1.1" 200 219
200.74.87.109 - - [15/Jan/2018:12:31:00 -0300] "GET /cormun/servlet/solicitudot?2c6e7882c8f84382573dcf99c345c010748486af825c410f66de16b2c54904b5b6184f7d7ffbe98b73a2f3de605e15523b9486571fc5b7123446b6db976a9233aa9db0af1330935d35b0816639bfb62af37730f7d4bd4cc1338166a33662bc4c077b4c63001d4bb9aab9bd8321243cdd6d680b46639d4bc031aa43a1cb83ec525655ec023edb946e32b6c47d1ebec8c5,gx-no-cache=1516030220485 HTTP/1.1" 200 55
186.79.202.217 - - [15/Jan/2018:12:31:02 -0300] "POST /cormun/servlet/prfichaempleado?b28440774b895e5f1c1b07c32f734a99,,MD,,gxPopupLevel%3D0%3B,gx-no-cache=1516030767732 HTTP/1.1" 200 3425
186.67.172.234 - - [15/Jan/2018:12:31:03 -0300] "GET /cormun/servlet/trcontratosolicitud? HTTP/1.1" 200 14313
186.67.172.234 - - [15/Jan/2018:12:31:03 -0300] "GET /cormun/servlet/trcontratosolicitud? HTTP/1.1" 200 14292
186.79.202.217 - - [15/Jan/2018:12:31:06 -0300] "POST /cormun/servlet/solicitudot?gx-no-cache=1516030771635 HTTP/1.1" 200 3863
186.79.202.217 - - [15/Jan/2018:12:31:07 -0300] "POST /cormun/servlet/solicitudot?b28440774b895e5f1c1b07c32f734a99,INS,0,0,,gx-no-cache=1516030772086 HTTP/1.1" 200 11037
186.79.202.217 - - [15/Jan/2018:12:31:07 -0300] "GET /cormun/servlet/solicitudot?445dd9e68c605c02cf0389ddd11fae2168182e08d70911f0c7af146dfbb37d7319c30795eba4b3bcc668394c8fa6c69f,gx-no-cache=1516030772673 HTTP/1.1" 200 30
200.74.87.109 - - [15/Jan/2018:12:31:08 -0300] "GET /cormun/static/menuarrow.gif HTTP/1.1" 404 1015
186.79.202.217 - - [15/Jan/2018:12:31:15 -0300] "POST /cormun/servlet/solicitudot?gx-no-cache=1516030780226 HTTP/1.1" 200 51
186.79.202.217 - - [15/Jan/2018:12:31:15 -0300] "POST /cormun/servlet/solicitudot?gx-no-cache=1516030780336 HTTP/1.1" 200 255
186.79.202.217 - - [15/Jan/2018:12:31:15 -0300] "GET /cormun/servlet/solicitudot?445dd9e68c605c02cf0389ddd11fae2180f9e58a1753aa5c26fe5a0cfb2b5829f18fd88f75b6a6bba94128e0349225b88df2dfc48e56fdfa6603ec6b330ae18bf32bee55a6ad29524622170119621e92bd27a3dde2fea705a2fe4d41a6bb1a7e7078e5dddc1b7578a0ed6f1af6d2f91dba40860b98577cc86a7387146ab5925b582502e39e138942e5b95b1ef2de86d5faab5ac6a48b19cb9ea2e91c2cdbab34cc1d0b7959248546ed69f39afc25695708206df641d1f4641444337ba5b6acbc73d901b94b36b2cb990cfa15b995c5b104554749b94856bc9065476bf436e3d2a04f85fbad93667d15e72b0663a1ae10f2e38f8e36b5d5b59f3f53473e0cd04d02a7a4499c75b3152e48f799a447164b422907864d7c24e7324ef4d4dcd8f99c72b2e0dcd549ae18d56208f228a01ab09a4834a3acbf7668910eeb16c932c04a46a9b2eb46db311b436d4aaf54f7be7ccb8d91f3cdb89816fa573e5d766f6811ad151963759ee35e73e8307bcff1ad59ba3544b3f083bcaaded7d6b7d87c7d10,gx-no-cache=1516030780447 HTTP/1.1" 200 30
186.67.172.234 - - [15/Jan/2018:12:31:16 -0300] "GET /cormun/servlet/solicitudotcontratos?INS,2018,0,16882911,6,2,2017,2184,NADA,201712,30,M, HTTP/1.1" 200 10001
186.67.172.234 - - [15/Jan/2018:12:31:16 -0300] "GET /cormun/servlet/solicitudotcontratos?INS,2018,0,16882911,6,2,2017,2184,NADA,201712,30,M, HTTP/1.1" 200 10035
186.67.172.234 - - [15/Jan/2018:12:31:17 -0300] "GET /cormun/servlet/solicitudotcontratos?cd5844e1d72732c117cf074d72625512a6ba587f6ce7f1b92f3cd16ee9e40a1fa525d5bc9b764719e82e4de6acc6c9ba,gx-no-cache=1516030236519 HTTP/1.1" 200 30
186.67.172.234 - - [15/Jan/2018:12:31:17 -0300] "GET /cormun/servlet/solicitudotcontratos?cd5844e1d72732c117cf074d72625512fc9a5146feffef66b62a250fb0cd0ea6b9572c3b64417ba9eb0644477f35ea68,gx-no-cache=1516030236554 HTTP/1.1" 200 30
186.67.172.234 - - [15/Jan/2018:12:31:17 -0300] "GET /cormun/servlet/solicitudotcontratos?cd5844e1d72732c117cf074d72625512f012c510d65ba7ca36510886fd98f2b6fd80ca478d51708852af9af9cf67027ce179e59c9c75d889b58a4f4ba310103cd2ba1ec9d4d6d86d2be49bd98af645fa3d01e37f9f50adab77a99ab76ec2246928133363f8589a01155557ccefda70742b6bd1decf85b2642dbaaed8b10ebfd1,gx-no-cache=1516030236576 HTTP/1.1" 200 48
186.67.172.234 - - [15/Jan/2018:12:31:17 -0300] "GET /cormun/servlet/solicitudotcontratos?cd5844e1d72732c117cf074d7262551219e66302ddf6e284d69f0f259d7ac9448c62e4c931b9545a82fd09014c75b01d,gx-no-cache=1516030236616 HTTP/1.1" 200 30
186.67.172.234 - - [15/Jan/2018:12:31:17 -0300] "GET /cormun/servlet/solicitudotcontratos?cd5844e1d72732c117cf074d72625512f9af8334a7112c4587f780402282c42c7f33017d8b52eb5556f0cc0b7afa874edaeeef1cb158b316bfbcce9b9a1f4adcf4f036b88a1556ce0891cc83789239f38725d7b39a2e40058ad1a283be0303283a5f7ea1e01553b9588c88a51bbb2f87,gx-no-cache=1516030236640 HTTP/1.1" 200 30
186.67.172.234 - - [15/Jan/2018:12:31:17 -0300] "GET /cormun/servlet/solicitudotcontratos?cd5844e1d72732c117cf074d72625512bc0da56446aeeb1c3bdf251d15e66a28ba97e8fcc3efd67eb68b8d4b9c179b6e1210e4942958d8df4dc76ad7670e7ebe9be447a1397ffdd0553ae43752515ea8c34ce792f9736610904cc50ac97f5beade4aa1256ca379c9322f91d567873a51fb4a573f346445259627a3c3a38959ae8abeab6d9bb697c26c08e3ebfaada6ba7d6bc3c3992fbce5d5c386c8644fbf2e84f7a310f9d1abd1a7bdad24006b68474ff9eb65387559565086fd0b6c4efcdb088b09e8179efa58f32627908f1ec0dab4a389916b7e230d4a4e36141f2c81fa2d495de701519dbd825eb643a85839971f39c2922530015d8314f044410505654b0431bda0c128bcc68bd1562b26124b13371db641a035c812e28db8b3c30252776e610dcfc09a723db513864a1ddf95fbcea4fbd48ade8ec8c3bff1db9cc2a2ff3f3253e36c260ead8e0d86fb20770025045d7a1d37877e183b3e66ae5a6297b29ea5cf681f9941f3a76bc977b2296815b4d848b3a8a3ebbbfbe3f920024d70175b061f91a0beb82ac1a835c00220f00926409437c3c8490c86722847cb13b71b3dc4c70296012e8e2d6db9f665bd3580dc405d93c3643270be2e952db76baa5f0e6791ff844e971f36f38966531e28bb82a2b28b40b96411431799ef63bea5e9b2f8e428d84cc4f53a7046ca7e1c900926409437c3c8490c86722847cb13b7be9fe36e44f74a69e53ef484ae6eaaa72ee0dc2b4cc9ca06d8755b3bfdbbf9c03e1525310a1891f25a695b0bb4262aadea5bbba14329f1079d8f4e82b4edb9d0,gx-no-cache=1516030236670 HTTP/1.1" 200 72
186.79.202.217 - - [15/Jan/2018:12:31:19 -0300] "POST /cormun/servlet/solicitudot?gx-no-cache=1516030784770 HTTP/1.1" 200 30
186.79.202.217 - - [15/Jan/2018:12:31:21 -0300] "POST /cormun/servlet/solicitudot?gx-no-cache=1516030786273 HTTP/1.1" 200 1357
186.79.202.217 - - [15/Jan/2018:12:31:21 -0300] "POST /cormun/servlet/solicitudot?gx-no-cache=1516030786401 HTTP/1.1" 200 38
186.67.172.234 - - [15/Jan/2018:12:31:21 -0300] "GET /cormun/servlet/trsolicitudot? HTTP/1.1" 200 7483
186.67.172.234 - - [15/Jan/2018:12:31:21 -0300] "GET /cormun/servlet/trsolicitudot? HTTP/1.1" 200 7441
200.74.87.109 - - [15/Jan/2018:12:31:23 -0300] "GET /cormun/servlet/solicitudot?2c6e7882c8f84382573dcf99c345c010e3f19ef4292b0c592a5279ee8d4201059346de2ceab5cf42b4326e8666f2aa95,gx-no-cache=1516030242906 HTTP/1.1" 200 30
186.79.202.217 - - [15/Jan/2018:12:31:26 -0300] "GET /cormun/servlet/solicitudot?445dd9e68c605c02cf0389ddd11fae21adf969298497bcf7eff42e39d4ab2544c03e8be707623a563948b8571f1791ed01be791d9f9cfb9f766bd5d8856e714201276f358bdc26f5554d2117eee853c8b37e185a5c599e662dc16862cc50cf4eddc82dfef242aa29328e169f6d950276e928d1c94f1e1b3f9f6ad9392cd1edc229109808b23111388098ce3620a10a948bdca2db77c4deaf1cf5df005f942467,gx-no-cache=1516030792069 HTTP/1.1" 200 29
186.79.202.217 - - [15/Jan/2018:12:31:27 -0300] "POST /cormun/servlet/solicitudot?gx-no-cache=1516030792152 HTTP/1.1" 200 220
186.79.202.217 - - [15/Jan/2018:12:31:27 -0300] "GET /cormun/servlet/solicitudot?445dd9e68c605c02cf0389ddd11fae211a8be89ae5b14391fde38275dd0c97b7edfca0478c4ab08767010c4d9ea0c243318950a2982e423b0e563f7c991de17f54c9e74dededa91cef0afffdced823d4bdc5c9ce285fbc24913d2d6408bbe53bc03e8be707623a563948b8571f1791edfea0d6e5df89ff99b433f089495c9586330ecdabbbe0e2414af85094210a00e0,gx-no-cache=1516030792328 HTTP/1.1" 200 55
186.79.202.217 - - [15/Jan/2018:12:31:27 -0300] "GET /cormun/static/menuarrow.gif HTTP/1.1" 404 1015
186.79.202.217 - - [15/Jan/2018:12:31:29 -0300] "POST /cormun/servlet/solicitudot?gx-no-cache=1516030794843 HTTP/1.1" 200 217
186.79.202.217 - - [15/Jan/2018:12:31:29 -0300] "GET /cormun/servlet/solicitudot?445dd9e68c605c02cf0389ddd11fae211a8be89ae5b14391fde38275dd0c97b7edfca0478c4ab08767010c4d9ea0c243318950a2982e423b0e563f7c991de17f54c9e74dededa91cef0afffdced823d4bdc5c9ce285fbc24913d2d6408bbe53bc03e8be707623a563948b8571f1791edfea0d6e5df89ff99b433f089495c9586330ecdabbbe0e2414af85094210a00e0,gx-no-cache=1516030794942 HTTP/1.1" 200 55
186.67.172.234 - - [15/Jan/2018:12:31:30 -0300] "GET /cormun/servlet/trcontratosolicitud? HTTP/1.1" 200 14296
186.67.172.234 - - [15/Jan/2018:12:31:31 -0300] "GET /cormun/servlet/trcontratosolicitud? HTTP/1.1" 200 14303
186.79.202.217 - - [15/Jan/2018:12:31:34 -0300] "GET /cormun/servlet/solicitudot?445dd9e68c605c02cf0389ddd11fae21cfc957f5b4acc4c8b6bcf2cac52602062ecd0d3b4ac90ccb38ced5f106155154,gx-no-cache=1516030800128 HTTP/1.1" 200 30
186.67.172.234 - - [15/Jan/2018:12:31:36 -0300] "POST /cormun/servlet/trcontratosolicitud?d37ba025b9bb6891fd0a353d295a7357,,gx-no-cache=1516030255196 HTTP/1.1" 200 10359
200.74.87.109 - - [15/Jan/2018:12:31:37 -0300] "POST /cormun/servlet/solicitudot?gx-no-cache=1516030257072 HTTP/1.1" 200 30
186.67.172.234 - - [15/Jan/2018:12:31:40 -0300] "POST /cormun/servlet/trcontratosolicitud?d37ba025b9bb6891fd0a353d295a7357,,gx-no-cache=1516030259720 HTTP/1.1" 200 11746
186.67.172.234 - - [15/Jan/2018:12:31:45 -0300] "POST /cormun/servlet/trcontratosolicitud?d37ba025b9bb6891fd0a353d295a7357,,gx-no-cache=1516030264979 HTTP/1.1" 200 11903
192.168.10.94 - - [15/Jan/2018:12:31:46 -0300] "GET /favicon.ico HTTP/1.1" 200 21630
192.168.10.94 - - [15/Jan/2018:12:31:47 -0300] "GET /cormun/servlet/login HTTP/1.1" 404 1001
186.67.172.234 - - [15/Jan/2018:12:31:49 -0300] "POST /cormun/servlet/trcontratosolicitud?d37ba025b9bb6891fd0a353d295a7357,,gx-no-cache=1516030269143 HTTP/1.1" 200 11785
200.111.191.210 - - [15/Jan/2018:12:31:55 -0300] "GET /cormun/servlet/solicitudotcontratos?INS,2018,0,18645771,4,2,2017,3446,PRORETENCION,201712,44,*, HTTP/1.1" 200 9949
200.111.191.210 - - [15/Jan/2018:12:31:55 -0300] "GET /cormun/servlet/solicitudotcontratos?INS,2018,0,18645771,4,2,2017,3446,PRORETENCION,201712,44,*, HTTP/1.1" 200 9984
200.111.191.210 - - [15/Jan/2018:12:31:56 -0300] "GET /cormun/servlet/solicitudotcontratos?9754373cc0b8fd8a40a15517404bf6bd01ac2a5bd0f17e4ef7ced2494764d0be88cf3ab9d95ac8fc3bb376fc1e28c572,gx-no-cache=1516030276442 HTTP/1.1" 200 30
200.111.191.210 - - [15/Jan/2018:12:31:56 -0300] "GET /cormun/servlet/solicitudotcontratos?9754373cc0b8fd8a40a15517404bf6bdfb436ab5b740997af1c0d167486ead05bb61cafaea734884fc4299069a238098,gx-no-cache=1516030276460 HTTP/1.1" 200 30
200.111.191.210 - - [15/Jan/2018:12:31:56 -0300] "GET /cormun/servlet/solicitudotcontratos?9754373cc0b8fd8a40a15517404bf6bd60eafa8792f4d60e7525e27a3a9bc9b82bf5baeb003efe03084122ed989362955847f775f22cd6cfc54aecb435b222d0d1d81356e0804b0057020b585dcedab94752231ce341dee848c79d832eb138d3f217559293aa45a24f5a2d52b02bf3a8b3ab9d033eb6d72e6376145fc8971ded,gx-no-cache=1516030276475 HTTP/1.1" 200 48
200.111.191.210 - - [15/Jan/2018:12:31:56 -0300] "GET /cormun/servlet/solicitudotcontratos?9754373cc0b8fd8a40a15517404bf6bdfe64cc7c9345ae2915baee66dd1e59fbc9288a738aefc480500caa95e9bf68bc,gx-no-cache=1516030276499 HTTP/1.1" 200 30
200.111.191.210 - - [15/Jan/2018:12:31:56 -0300] "GET /cormun/servlet/solicitudotcontratos?9754373cc0b8fd8a40a15517404bf6bd2216bb8e8ff8bd48a2f4c75ad808bdd1b8531ab2fe1758f20a803437f963e8e431be22efc35da663ae4eecbeabfc4810971ff54cff47cfe41796e620f233ece399b8695bbd76d29981f4dcfd31d0adcbf84a2a965257d3cc0cc5c60b9047948b,gx-no-cache=1516030276518 HTTP/1.1" 200 30
200.111.191.210 - - [15/Jan/2018:12:31:56 -0300] "GET /cormun/servlet/solicitudotcontratos?9754373cc0b8fd8a40a15517404bf6bd0b7b9237479a1e27731b1566e45add1eb14a8777608f03d36c8f09714ff9ed4bc0c2f36a90c873f92cc9cb26bc18de8f3efc6186f422c6c7e42c75b0749ef42b4cd3c8c4995117eb24849fd1f163d220d095a7f15d4d0a1b9cc401d5cef91493e3c25b1e30fdea9afd0afa16b0fb7c5080402dcc4ff283b8de96b0e5f58b9cef58440954d8063a3aa153a513848bf40f95b13ac0cbda3265598321725f7b7c61aeb658946c421b7f4b64b9e6d61e3e760180a00077d20818e1b96ad16eed9dfd0fb0a26f751b6ff8f523294fa5ac281bffadb5885f11236b9f3c3b050d13a867aa03398a6aab29071a97b5b88728953f8a86437c4186da66722029dfef1b259418948ae22ae825cec078630aca71ca4b32b8ae0eda420a9fb0e9ecf3567cf39c23c8a881c9c4294ee4e00f06a2dbd0fb320bab240eadf79f134054233ff82933fb638e761239a33936afb1c8d270e3974f0b49776a36f3f8d0568ad804bf8eeb60d65014ac000712c984558f7a4addcf9e894b3024b6790b10949a6587e4bab96802e95e4b6cb7ccfd1a1a1fcedbd27aa92e251bce652c879c96327574b8da3f747d34e7ca459917dfd0c090290bc9c6bbd66fe287b564880f04005699393c0151963a58e4c8978b121a2decd2dd51dcda892a7b16c5870c44674de02f71d69581d8bf23c795f869f9fe2c23250d75a80d9570856318d2707bf448bd090cdc9377ef0425823a51b094e3d2d7df257d8fddadc9f4475381282046bdfd3abd67934448130189e4dce9e998dcb1b55301f1,gx-no-cache=1516030276540 HTTP/1.1" 200 84
186.67.172.234 - - [15/Jan/2018:12:31:58 -0300] "GET /cormun/servlet/solicitudotcontratos?INS,2018,0,14083819,5,6,2017,1149,LEY+SEP,201712,4,B, HTTP/1.1" 200 9985
186.67.172.234 - - [15/Jan/2018:12:31:59 -0300] "GET /cormun/servlet/solicitudotcontratos?INS,2018,0,14083819,5,6,2017,1149,LEY+SEP,201712,4,B, HTTP/1.1" 200 10021
186.67.172.234 - - [15/Jan/2018:12:31:59 -0300] "GET /cormun/servlet/solicitudotcontratos?cd5844e1d72732c117cf074d72625512614009ab8cc453015d2c34e1e7ea7d28a525d5bc9b764719e82e4de6acc6c9ba,gx-no-cache=1516030278955 HTTP/1.1" 200 30
186.67.172.234 - - [15/Jan/2018:12:31:59 -0300] "GET /cormun/servlet/solicitudotcontratos?cd5844e1d72732c117cf074d72625512d8cb158c20940a22d83a0737c8c3cc0db9572c3b64417ba9eb0644477f35ea68,gx-no-cache=1516030279025 HTTP/1.1" 200 30
186.67.172.234 - - [15/Jan/2018:12:31:59 -0300] "GET /cormun/servlet/solicitudotcontratos?cd5844e1d72732c117cf074d72625512f012c510d65ba7ca36510886fd98f2b6858a9de88ce0c2f920abecca40d1de88e179e59c9c75d889b58a4f4ba310103ced837f220f84a6593765bc5508341eb17a56de13e27de769267e0355917a83e256c68303d73249cf889fc6e84f692f277b05e8887244d5c2e659394fbacfe4f7,gx-no-cache=1516030279088 HTTP/1.1" 200 50
186.67.172.234 - - [15/Jan/2018:12:31:59 -0300] "GET /cormun/servlet/solicitudotcontratos?cd5844e1d72732c117cf074d726255129985acea2a9de57123d240ef1fed7dcd3533f1e31eaecedca002d7934f0a8259,gx-no-cache=1516030279158 HTTP/1.1" 200 30
186.67.172.234 - - [15/Jan/2018:12:31:59 -0300] "GET /cormun/servlet/solicitudotcontratos?cd5844e1d72732c117cf074d72625512f9af8334a7112c4587f780402282c42c7f33017d8b52eb5556f0cc0b7afa874edaeeef1cb158b316bfbcce9b9a1f4adcf4f036b88a1556ce0891cc83789239f306d9c4521926991e18e89083447585d03a5f7ea1e01553b9588c88a51bbb2f87,gx-no-cache=1516030279182 HTTP/1.1" 200 30
200.111.191.210 - - [15/Jan/2018:12:31:59 -0300] "POST /cormun/servlet/solicitudotcontratos?4a6a394e9b92e216473e1d469e54fe9e,INS,2018,0,18645771,4,2,2017,3446,PRORETENCION,201712,44,*,,gx-no-cache=1516030279861 HTTP/1.1" 200 10793
186.67.172.234 - - [15/Jan/2018:12:31:59 -0300] "GET /cormun/servlet/solicitudotcontratos?cd5844e1d72732c117cf074d72625512bc0da56446aeeb1c3bdf251d15e66a28ba97e8fcc3efd67eb68b8d4b9c179b6e656183b93e061d9804355b942bc2724ddaeeef1cb158b316bfbcce9b9a1f4adc4c76949d1c62dee6c6e0d95bd3421eee0d82560391ba7918b0a8c35402022b61211ec298b5c89049e61454f8810302cd366e302d120cc16f462bf9ea4c87c148f9cf46c9b2857795e4996fb816539d7f656183b93e061d9804355b942bc2724de5e866d36d808f1617311f8f37a7634e9ac446ea544d6dc9c72538bc0b183d618593af41d49903dcca3ba94ddd38d753285f3f5f14bfbeaf0d9abd97c760d9ed3e647624c833e3d2889b0abd9e80509529399af2cd821f87779daeff43eab6bffbcea4fbd48ade8ec8c3bff1db9cc2a22943e258e5a19ec00d81a3d696af39077071dcad9464bec3265212cb23dfa1396896b23e9e1f6edb82ce6bf60b8304bee691c4f7acd9afa95d7c265ff46ecc3dcc9eb5dd4d9568e1203dc662217369559cb87bd5ea1aabb3340036906374bbb7e7f753cd1e57d9d54b99ce2ae01524aa6835b8903f0b78ea076e86331a379ed85d9d2d170632920be87af736a28d3ad53862a9857466241c1e8f3bcdba23fc49bb768a22495f9e60b7e4d4b6e649aca5fd13af6ffc37de147c9de8efd2c1a5095b2d9765c25f66b7818be2e74eb7a43d2470746dce61def366a9b92d0d1a8f90645be3df931adacf9937bea81a7ef2bfad3fe6048205a331027e8a867317748601f0793a91760eaeba7e98a49154dc7de3ebd557360b58cd3161f7d0b2886c43,gx-no-cache=1516030279213 HTTP/1.1" 200 79
200.111.191.210 - - [15/Jan/2018:12:31:59 -0300] "POST /cormun/servlet/solicitudotcontratos?gx-no-cache=1516030280122 HTTP/1.1" 200 1343
200.111.191.210 - - [15/Jan/2018:12:31:59 -0300] "POST /cormun/servlet/solicitudotcontratos?gx-no-cache=1516030280161 HTTP/1.1" 200 1220
200.111.191.210 - - [15/Jan/2018:12:31:59 -0300] "GET /cormun/servlet/solicitudotcontratos?9754373cc0b8fd8a40a15517404bf6bddcd2c94d5150b0773645a0a117609aca5410aa1977566b8d795563917b759a8fdb2b52334fb38ca6fa18326e4c5ee8eb968dc7d574c2389fdc5abdb2c51b276dd11f9ac7b1e84ef297f56f4f3514be966b53fdce42101f171fa81c0c92c2b785213ee71e8c55d78d94550615a851d163,gx-no-cache=1516030280191 HTTP/1.1" 200 30
200.111.191.210 - - [15/Jan/2018:12:32:00 -0300] "POST /cormun/servlet/solicitudotcontratos?4a6a394e9b92e216473e1d469e54fe9e,INS,2018,0,18645771,4,2,2017,3446,PRORETENCION,201712,44,*,,gx-no-cache=1516030280209 HTTP/1.1" 200 93
200.111.191.210 - - [15/Jan/2018:12:32:00 -0300] "GET /cormun/servlet/hpexe_return? HTTP/1.1" 200 1073
200.111.191.210 - - [15/Jan/2018:12:32:00 -0300] "GET /cormun/servlet/trcontratosolicitud?gx-no-cache=1516030200094 HTTP/1.1" 200 14809
200.111.191.210 - - [15/Jan/2018:12:32:00 -0300] "GET /cormun/servlet/trcontratosolicitud?gx-no-cache=1516030200094 HTTP/1.1" 200 14845
186.79.202.217 - - [15/Jan/2018:12:32:02 -0300] "POST /cormun/servlet/solicitudot?gx-no-cache=1516030827926 HTTP/1.1" 200 30
186.67.172.234 - - [15/Jan/2018:12:32:03 -0300] "GET /cormun/servlet/trcontratosolicitud? HTTP/1.1" 200 14071
186.67.172.234 - - [15/Jan/2018:12:32:03 -0300] "GET /cormun/servlet/trcontratosolicitud? HTTP/1.1" 200 14098
200.74.87.109 - - [15/Jan/2018:12:32:12 -0300] "GET /cormun/servlet/solicitudot?2c6e7882c8f84382573dcf99c345c010e3f19ef4292b0c592a5279ee8d4201059346de2ceab5cf42b4326e8666f2aa95,gx-no-cache=1516030291524 HTTP/1.1" 200 30
200.74.87.109 - - [15/Jan/2018:12:32:12 -0300] "POST /cormun/servlet/solicitudot?gx-no-cache=1516030291648 HTTP/1.1" 200 30
200.74.87.109 - - [15/Jan/2018:12:32:12 -0300] "POST /cormun/servlet/solicitudot?8a9046041d4e1e7fdd0fbf9a015c8d08,INS,0,0,,gx-no-cache=1516030291710 HTTP/1.1" 200 93
200.74.87.109 - - [15/Jan/2018:12:32:12 -0300] "GET /cormun/servlet/hpexe_return? HTTP/1.1" 200 1004
200.74.87.109 - - [15/Jan/2018:12:32:12 -0300] "GET /cormun/servlet/trsolicitudot HTTP/1.1" 200 8878
200.74.87.109 - - [15/Jan/2018:12:32:13 -0300] "GET /cormun//static/Resources/PXToolsRemoveAllAction.png HTTP/1.1" 200 3558
200.74.87.109 - - [15/Jan/2018:12:32:13 -0300] "GET /cormun//static/Resources/PXToolsGridUpdate.png HTTP/1.1" 200 2984
200.74.87.109 - - [15/Jan/2018:12:32:13 -0300] "GET /cormun//static/Resources/PXToolsActionView.png HTTP/1.1" 200 2995
200.74.87.109 - - [15/Jan/2018:12:32:13 -0300] "GET /cormun//static/Resources/PXTools/ActionInsert.png HTTP/1.1" 200 1482
200.74.87.109 - - [15/Jan/2018:12:32:13 -0300] "GET /cormun//static/Resources/PXToolsGridDelete.png HTTP/1.1" 200 357
200.74.87.109 - - [15/Jan/2018:12:32:13 -0300] "GET /cormun/servlet/trsolicitudot HTTP/1.1" 200 8875
186.79.202.217 - - [15/Jan/2018:12:32:20 -0300] "POST /cormun/servlet/solicitudot?b28440774b895e5f1c1b07c32f734a99,INS,0,0,,gx-no-cache=1516030844476 HTTP/1.1" 200 93
186.67.172.234 - - [15/Jan/2018:12:32:20 -0300] "POST /cormun/servlet/trcontratosolicitud?d37ba025b9bb6891fd0a353d295a7357,,gx-no-cache=1516030299130 HTTP/1.1" 200 11934
186.79.202.217 - - [15/Jan/2018:12:32:20 -0300] "GET /cormun/servlet/hpexe_return? HTTP/1.1" 200 1008
186.79.202.217 - - [15/Jan/2018:12:32:20 -0300] "GET /cormun/servlet/trsolicitudot? HTTP/1.1" 200 8785
186.79.202.217 - - [15/Jan/2018:12:32:20 -0300] "GET /cormun/servlet/trsolicitudot? HTTP/1.1" 200 8781
186.67.172.234 - - [15/Jan/2018:12:32:23 -0300] "POST /cormun/servlet/trcontratosolicitud?d37ba025b9bb6891fd0a353d295a7357,,gx-no-cache=1516030302608 HTTP/1.1" 200 10382
186.67.172.234 - - [15/Jan/2018:12:32:25 -0300] "POST /cormun/servlet/trcontratosolicitud?d37ba025b9bb6891fd0a353d295a7357,,gx-no-cache=1516030305009 HTTP/1.1" 200 11787
192.168.10.94 - - [15/Jan/2018:12:32:27 -0300] "GET /cormun/servlet/hlogin HTTP/1.1" 200 1717
192.168.10.94 - - [15/Jan/2018:12:32:27 -0300] "GET /cormun/static/gxtimezone.js?85251 HTTP/1.1" 200 5781
192.168.10.94 - - [15/Jan/2018:12:32:27 -0300] "GET /cormun/static/Resources/Spanish/PXTools.css?11423723 HTTP/1.1" 200 89042
192.168.10.94 - - [15/Jan/2018:12:32:27 -0300] "GET /cormun/static/gxcfg.js?20175251213516 HTTP/1.1" 200 953
192.168.10.94 - - [15/Jan/2018:12:32:27 -0300] "GET /cormun/static/Resources/ComunLogin.png HTTP/1.1" 200 17326
192.168.10.94 - - [15/Jan/2018:12:32:27 -0300] "GET /cormun/static/messages.spa.js?85251 HTTP/1.1" 200 30736
192.168.10.94 - - [15/Jan/2018:12:32:27 -0300] "GET /cormun/static/gxgral.js?85251 HTTP/1.1" 200 384558
192.168.10.94 - - [15/Jan/2018:12:32:27 -0300] "GET /cormun/static/hlogin.js?20175251213537 HTTP/1.1" 200 2136
186.79.202.217 - - [15/Jan/2018:12:32:27 -0300] "GET /cormun/servlet/trautorizarsolicitud? HTTP/1.1" 200 10186
192.168.10.94 - - [15/Jan/2018:12:32:27 -0300] "GET /cormun/servlet/hlogin HTTP/1.1" 200 1728
192.168.10.94 - - [15/Jan/2018:12:32:27 -0300] "GET /cormun/static/Resources/indicator.gif HTTP/1.1" 200 1553
192.168.10.94 - - [15/Jan/2018:12:32:27 -0300] "GET /cormun/static/Resources/PXToolsLoginBackground.png HTTP/1.1" 200 1164
192.168.10.94 - - [15/Jan/2018:12:32:27 -0300] "GET /cormun/static/Resources/PXToolsButtonLeft21.png HTTP/1.1" 200 1287
192.168.10.94 - - [15/Jan/2018:12:32:27 -0300] "GET /cormun/static/Resources/PXToolsLoginTop.png HTTP/1.1" 200 1337
192.168.10.94 - - [15/Jan/2018:12:32:27 -0300] "GET /cormun/static/Resources/PXToolsButtonBackground2.png HTTP/1.1" 200 1181
192.168.10.94 - - [15/Jan/2018:12:32:27 -0300] "GET /cormun/static/Resources/PXToolsButtonRight21.png HTTP/1.1" 200 1283
192.168.10.94 - - [15/Jan/2018:12:32:27 -0300] "GET /cormun/static/Resources/PXToolsLoginBottom.png HTTP/1.1" 200 1389
192.168.10.94 - - [15/Jan/2018:12:32:27 -0300] "GET /cormun/static/Resources/PXToolsLoginTop.png HTTP/1.1" 200 1337
192.168.10.94 - - [15/Jan/2018:12:32:27 -0300] "GET /cormun/static/Resources/PXToolsButtonLeft21.png HTTP/1.1" 200 1287
192.168.10.94 - - [15/Jan/2018:12:32:27 -0300] "GET /cormun/static/Resources/PXToolsButtonRight21.png HTTP/1.1" 200 1283
192.168.10.94 - - [15/Jan/2018:12:32:27 -0300] "GET /cormun/static/Resources/PXToolsButtonBackground2.png HTTP/1.1" 200 1181
192.168.10.94 - - [15/Jan/2018:12:32:27 -0300] "GET /cormun/static/Resources/PXToolsLoginBottom.png HTTP/1.1" 200 1389
186.79.202.217 - - [15/Jan/2018:12:32:27 -0300] "GET /cormun/servlet/trautorizarsolicitud? HTTP/1.1" 200 10185
186.67.172.234 - - [15/Jan/2018:12:32:30 -0300] "POST /cormun/servlet/trcontratosolicitud?d37ba025b9bb6891fd0a353d295a7357,,gx-no-cache=1516030309846 HTTP/1.1" 200 11895
186.67.172.234 - - [15/Jan/2018:12:32:41 -0300] "GET /cormun/servlet/solicitudotcontratos?INS,2018,0,6862513,0,6,2017,3205,LEY+SEP,201712,2,M, HTTP/1.1" 200 9978
186.67.172.234 - - [15/Jan/2018:12:32:41 -0300] "GET /cormun/servlet/solicitudotcontratos?INS,2018,0,6862513,0,6,2017,3205,LEY+SEP,201712,2,M, HTTP/1.1" 200 10011
192.168.10.94 - - [15/Jan/2018:12:32:41 -0300] "POST /cormun/servlet/hlogin?e30b391f5af7b366b03a4754015e5127,gx-no-cache=1516030220110 HTTP/1.1" 200 90
192.168.10.94 - - [15/Jan/2018:12:32:42 -0300] "GET /cormun/servlet/hpexe_link HTTP/1.1" 200 947
192.168.10.94 - - [15/Jan/2018:12:32:42 -0300] "GET /cormun/static/Resources/Spanish/PXTools.css?1155365 HTTP/1.1" 200 89042
192.168.10.94 - - [15/Jan/2018:12:32:42 -0300] "GET /cormun/static/gxcfg.js?20177612121792 HTTP/1.1" 200 953
192.168.10.94 - - [15/Jan/2018:12:32:42 -0300] "GET /cormun/static/hpexe_link.js?20177612121795 HTTP/1.1" 200 625
192.168.10.94 - - [15/Jan/2018:12:32:42 -0300] "GET /cormun/servlet/hhome HTTP/1.1" 200 4117
192.168.10.94 - - [15/Jan/2018:12:32:42 -0300] "GET /cormun/static/SmoothNavMenu/resources/ddsmoothmenu.css?1012540 HTTP/1.1" 200 2223
192.168.10.94 - - [15/Jan/2018:12:32:42 -0300] "GET /cormun/static/gxcfg.js?20175251212442 HTTP/1.1" 200 953
192.168.10.94 - - [15/Jan/2018:12:32:42 -0300] "GET /cormun/static/PXToolsJavascripts/pexe_autoreload.js HTTP/1.1" 200 1762
192.168.10.94 - - [15/Jan/2018:12:32:42 -0300] "GET /cormun/static/PXToolsJavascripts/pexe_cookies.js HTTP/1.1" 200 792
192.168.10.94 - - [15/Jan/2018:12:32:42 -0300] "GET /cormun/static/PXToolsJavascripts/pexe_grid.js HTTP/1.1" 200 7559
192.168.10.94 - - [15/Jan/2018:12:32:42 -0300] "GET /cormun/static/PXToolsJavascripts/pexe_link.js HTTP/1.1" 200 5671
192.168.10.94 - - [15/Jan/2018:12:32:42 -0300] "GET /cormun/static/PXToolsJavascripts/pexe_menudivfix.js HTTP/1.1" 200 333
192.168.10.94 - - [15/Jan/2018:12:32:42 -0300] "GET /cormun/static/PXToolsJavascripts/pexe_menus.js HTTP/1.1" 200 1286
192.168.10.94 - - [15/Jan/2018:12:32:42 -0300] "GET /cormun/static/PXToolsJavascripts/pexe_windows.js HTTP/1.1" 200 15207
192.168.10.94 - - [15/Jan/2018:12:32:42 -0300] "GET /cormun/static/PXToolsJavascripts/pexe_layers.js HTTP/1.1" 200 4114
192.168.10.94 - - [15/Jan/2018:12:32:42 -0300] "GET /cormun/static/PXToolsJavascripts/pexe_oav.js HTTP/1.1" 200 645
192.168.10.94 - - [15/Jan/2018:12:32:42 -0300] "GET /cormun/static/PXToolsJavascripts/pexe_picture.js HTTP/1.1" 200 689
192.168.10.94 - - [15/Jan/2018:12:32:42 -0300] "GET /cormun/static/PXToolsJavascripts/pexe_popup.js HTTP/1.1" 200 13458
