190.151.100.218 - - [15/Jan/2018:11:32:59 -0300] "GET /cormun/SmoothNavMenu/resources/images/down.gif HTTP/1.1" 404 1053
200.111.191.210 - - [15/Jan/2018:11:33:09 -0300] "POST /cormun/servlet/solicitudot?4a6a394e9b92e216473e1d469e54fe9e,INS,0,0,,gx-no-cache=1516026749378 HTTP/1.1" 200 93
200.111.191.210 - - [15/Jan/2018:11:33:09 -0300] "GET /cormun/servlet/hpexe_return? HTTP/1.1" 200 1005
200.111.191.210 - - [15/Jan/2018:11:33:09 -0300] "GET /cormun/servlet/trsolicitudot HTTP/1.1" 200 8790
200.111.191.210 - - [15/Jan/2018:11:33:09 -0300] "GET /cormun/servlet/trsolicitudot HTTP/1.1" 200 8786
190.151.100.218 - - [15/Jan/2018:11:33:11 -0300] "POST /cormun/servlet/veautorizarsolicitud?5956580a7c4b57f308149bd7fe37d54b,2018,9218,,,gx-no-cache=1516026795555 HTTP/1.1" 200 90
190.151.100.218 - - [15/Jan/2018:11:33:11 -0300] "GET /cormun/servlet/hpexe_link HTTP/1.1" 200 972
190.151.100.218 - - [15/Jan/2018:11:33:11 -0300] "GET /cormun/servlet/trautorizarsolicitud HTTP/1.1" 200 8669
200.111.191.210 - - [15/Jan/2018:11:33:13 -0300] "POST /cormun/servlet/trsolicitudot?4a6a394e9b92e216473e1d469e54fe9e,gx-no-cache=1516026753022 HTTP/1.1" 200 4694
200.111.191.210 - - [15/Jan/2018:11:33:13 -0300] "GET /cormun/static/Shared/jqueryui/images/ui-bg_highlight-soft_100_c6c2c8_1x100.png HTTP/1.1" 404 1117
200.111.191.210 - - [15/Jan/2018:11:33:13 -0300] "GET /cormun/static/Shared/jqueryui/images/ui-icons_82798d_256x240.png HTTP/1.1" 404 1089
200.111.191.210 - - [15/Jan/2018:11:33:13 -0300] "GET /cormun/static/Shared/jqueryui/images/ui-icons_8d78a5_256x240.png HTTP/1.1" 404 1089
200.111.191.210 - - [15/Jan/2018:11:33:13 -0300] "GET /cormun/static/Shared/jqueryui/images/ui-bg_flat_55_fafafa_40x100.png HTTP/1.1" 404 1097
190.151.100.218 - - [15/Jan/2018:11:33:13 -0300] "GET /cormun/servlet/trautorizarsolicitud HTTP/1.1" 200 8669
200.111.191.210 - - [15/Jan/2018:11:33:13 -0300] "POST /cormun/servlet/trsolicitudot?4a6a394e9b92e216473e1d469e54fe9e,gx-no-cache=1516026753244 HTTP/1.1" 200 4444
200.111.191.210 - - [15/Jan/2018:11:33:19 -0300] "GET /cormun/servlet/trsolicitudot? HTTP/1.1" 200 7388
200.111.191.210 - - [15/Jan/2018:11:33:19 -0300] "GET /cormun/servlet/trsolicitudot? HTTP/1.1" 200 7388
200.111.191.210 - - [15/Jan/2018:11:33:21 -0300] "GET /cormun/servlet/solicitudot?INS,0,0, HTTP/1.1" 200 14099
200.111.191.210 - - [15/Jan/2018:11:33:22 -0300] "GET /cormun/servlet/solicitudot?INS,0,0, HTTP/1.1" 200 14104
93.158.161.6 - - [15/Jan/2018:11:33:43 -0300] "GET /docs/config/http.html HTTP/1.1" 200 87975
200.111.191.210 - - [15/Jan/2018:11:33:43 -0300] "POST /cormun/servlet/solicitudot?gx-no-cache=1516026783966 HTTP/1.1" 200 3868
200.111.191.210 - - [15/Jan/2018:11:33:44 -0300] "POST /cormun/servlet/solicitudot?4a6a394e9b92e216473e1d469e54fe9e,INS,0,0,,gx-no-cache=1516026784130 HTTP/1.1" 200 11010
200.111.191.210 - - [15/Jan/2018:11:33:45 -0300] "GET /cormun/servlet/solicitudot?9754373cc0b8fd8a40a15517404bf6bda51736782a058514b029a958c35d35e9f84a2a965257d3cc0cc5c60b9047948b,gx-no-cache=1516026786142 HTTP/1.1" 200 30
200.111.191.210 - - [15/Jan/2018:11:33:46 -0300] "POST /cormun/servlet/solicitudot?gx-no-cache=1516026786167 HTTP/1.1" 200 53
200.111.191.210 - - [15/Jan/2018:11:33:46 -0300] "POST /cormun/servlet/solicitudot?gx-no-cache=1516026786193 HTTP/1.1" 200 240
200.111.191.210 - - [15/Jan/2018:11:33:46 -0300] "GET /cormun/servlet/solicitudot?9754373cc0b8fd8a40a15517404bf6bdb677c2152ae94ef295dee90dc5f1da15eb085d9013e11a9c41de6503ddd36ea6d4cfdd87f2e843ded65aefabb0d00f5154a53bf11b46b53b31b756c548a4b7f01dba4e9c7c64bb9f923818867f185595aa19b97eb4e16ae34f0542093cf8c8f824f845bf0c6754ecedb5a3e999487af397b375ad48dcf9a9f1cdb1c0c60683e90ee288b777bd695071a3ca239fae29ee870c7a5310ade85ddfbf421d18e897a2dc8f4a92c00fec9501ed73646b8021934daaeb0d5050e2ee4b81610387dc45e22502f3c9d356f43f4da411c49b2e85525e22235dde2a0508e122c8f4ce4cf3d72a471dd15f4db822fffd9993c16a0c333efc6186f422c6c7e42c75b0749ef42bf78cf4ccfa756b2d9653452a9b7a3700c8fb38ad5598333c69196ba8f35612c7d0502f82bda1141f15cee422b26a7b7c20ccefaf9bdf0384a399551dc934ee748186e64f28919cb9f76af14a939b9cee46053cd4e651c6244d74ede5184fd44092a39b43275183712f4739eea93321f6,gx-no-cache=1516026786232 HTTP/1.1" 200 30
200.111.191.210 - - [15/Jan/2018:11:33:57 -0300] "POST /cormun/servlet/solicitudot?gx-no-cache=1516026797443 HTTP/1.1" 200 30
200.111.191.210 - - [15/Jan/2018:11:33:59 -0300] "POST /cormun/servlet/solicitudot?gx-no-cache=1516026799518 HTTP/1.1" 200 1357
200.111.191.210 - - [15/Jan/2018:11:33:59 -0300] "POST /cormun/servlet/solicitudot?gx-no-cache=1516026799562 HTTP/1.1" 200 38
93.158.161.6 - - [15/Jan/2018:11:34:02 -0300] "GET /docs/class-loader-howto.html HTTP/1.1" 200 20885
200.111.191.210 - - [15/Jan/2018:11:34:08 -0300] "GET /cormun/servlet/solicitudot?9754373cc0b8fd8a40a15517404bf6bd06847b0f960fb8fa8139d3dd41394c69bd659a91720e5ba32a082718a8cc75f0d61a099d4ddb63c369880b84e8b32627f616035929c697305bf7c1b16b224ccd24ceb86607885aa3337b0ca4109b640b233ab009bcfe4ebc807fc970c066a4c2385c7c41d076b4d1100409943b0fdf24feebc3d69f7da024e17da7dccb829056bb2cb0ad344b2f3b4b682046d0bb6896,gx-no-cache=1516026808955 HTTP/1.1" 200 29
200.111.191.210 - - [15/Jan/2018:11:34:08 -0300] "POST /cormun/servlet/solicitudot?gx-no-cache=1516026808998 HTTP/1.1" 200 220
200.111.191.210 - - [15/Jan/2018:11:34:08 -0300] "GET /cormun/servlet/solicitudot?9754373cc0b8fd8a40a15517404bf6bdbf746a01b809bf176623402f4272467a460991c8d2c1b61703a2ea4f7801e55231be22efc35da663ae4eecbeabfc4810f6cbf36a76f37d43f440863182c3954147c8f767ced38d61c35b74153147a90bbd659a91720e5ba32a082718a8cc75f08bf67b7f45f8421ef68d0c06d0773cdc014b7120bcb650a6af167ceeeb00d3c7,gx-no-cache=1516026809058 HTTP/1.1" 200 55
200.111.191.210 - - [15/Jan/2018:11:34:11 -0300] "GET /cormun/servlet/solicitudot?9754373cc0b8fd8a40a15517404bf6bd58da3908fb2286ff2e42c6ada147b0a3b1903c42ebe5c252602b4c3756819b69,gx-no-cache=1516026811643 HTTP/1.1" 200 30
200.111.191.210 - - [15/Jan/2018:11:34:14 -0300] "POST /cormun/servlet/solicitudot?gx-no-cache=1516026814480 HTTP/1.1" 200 30
190.151.100.218 - - [15/Jan/2018:11:34:18 -0300] "GET /cormun/servlet/trsolicitudot? HTTP/1.1" 200 7401
190.151.100.218 - - [15/Jan/2018:11:34:18 -0300] "GET /cormun/static/gxcfg.js?2017111422585916 HTTP/1.1" 200 953
190.151.100.218 - - [15/Jan/2018:11:34:19 -0300] "GET /cormun/static/Resources/PXToolsGridNew.png HTTP/1.1" 200 2949
190.151.100.218 - - [15/Jan/2018:11:34:19 -0300] "GET /cormun/static/trsolicitudot.js?201711142259839 HTTP/1.1" 200 54041
190.151.100.218 - - [15/Jan/2018:11:34:19 -0300] "GET /cormun/servlet/trsolicitudot? HTTP/1.1" 200 7401
200.111.191.210 - - [15/Jan/2018:11:34:20 -0300] "POST /cormun/servlet/solicitudot?4a6a394e9b92e216473e1d469e54fe9e,INS,0,0,,gx-no-cache=1516026820570 HTTP/1.1" 200 93
200.111.191.210 - - [15/Jan/2018:11:34:20 -0300] "GET /cormun/servlet/hpexe_return? HTTP/1.1" 200 1005
200.111.191.210 - - [15/Jan/2018:11:34:20 -0300] "GET /cormun/servlet/trsolicitudot HTTP/1.1" 200 8792
200.111.191.210 - - [15/Jan/2018:11:34:21 -0300] "GET /cormun/servlet/trsolicitudot HTTP/1.1" 200 8788
200.111.191.210 - - [15/Jan/2018:11:34:23 -0300] "POST /cormun/servlet/trsolicitudot?4a6a394e9b92e216473e1d469e54fe9e,gx-no-cache=1516026823069 HTTP/1.1" 200 4698
200.111.191.210 - - [15/Jan/2018:11:34:23 -0300] "GET /cormun/static/Shared/jqueryui/images/ui-bg_highlight-soft_100_c6c2c8_1x100.png HTTP/1.1" 404 1117
200.111.191.210 - - [15/Jan/2018:11:34:23 -0300] "GET /cormun/static/Shared/jqueryui/images/ui-icons_82798d_256x240.png HTTP/1.1" 404 1089
200.111.191.210 - - [15/Jan/2018:11:34:23 -0300] "GET /cormun/static/Shared/jqueryui/images/ui-bg_flat_55_fafafa_40x100.png HTTP/1.1" 404 1097
200.111.191.210 - - [15/Jan/2018:11:34:23 -0300] "GET /cormun/static/Shared/jqueryui/images/ui-icons_8d78a5_256x240.png HTTP/1.1" 404 1089
200.111.191.210 - - [15/Jan/2018:11:34:23 -0300] "POST /cormun/servlet/trsolicitudot?4a6a394e9b92e216473e1d469e54fe9e,gx-no-cache=1516026823234 HTTP/1.1" 200 4444
200.111.191.210 - - [15/Jan/2018:11:34:25 -0300] "GET /cormun/servlet/trautorizarsolicitud? HTTP/1.1" 200 9333
200.111.191.210 - - [15/Jan/2018:11:34:25 -0300] "GET /cormun/static/gxcfg.js?2017111423403364 HTTP/1.1" 304 -
200.111.191.210 - - [15/Jan/2018:11:34:25 -0300] "GET /cormun/servlet/trautorizarsolicitud? HTTP/1.1" 200 9333
200.111.191.210 - - [15/Jan/2018:11:34:29 -0300] "POST /cormun/servlet/trautorizarsolicitud?4a6a394e9b92e216473e1d469e54fe9e,,gx-no-cache=1516026829086 HTTP/1.1" 200 6214
200.111.191.210 - - [15/Jan/2018:11:34:29 -0300] "GET /cormun/static/Shared/jqueryui/images/ui-bg_highlight-soft_100_c6c2c8_1x100.png HTTP/1.1" 404 1117
200.111.191.210 - - [15/Jan/2018:11:34:29 -0300] "GET /cormun/static/Shared/jqueryui/images/ui-icons_82798d_256x240.png HTTP/1.1" 404 1089
200.111.191.210 - - [15/Jan/2018:11:34:29 -0300] "GET /cormun/static/Shared/jqueryui/images/ui-bg_flat_55_fafafa_40x100.png HTTP/1.1" 404 1097
200.111.191.210 - - [15/Jan/2018:11:34:29 -0300] "GET /cormun/static/Shared/jqueryui/images/ui-icons_8d78a5_256x240.png HTTP/1.1" 404 1089
200.111.191.210 - - [15/Jan/2018:11:34:29 -0300] "POST /cormun/servlet/trautorizarsolicitud?4a6a394e9b92e216473e1d469e54fe9e,,gx-no-cache=1516026829259 HTTP/1.1" 200 6158
200.111.191.210 - - [15/Jan/2018:11:34:29 -0300] "POST /cormun/servlet/trautorizarsolicitud?4a6a394e9b92e216473e1d469e54fe9e,,gx-no-cache=1516026830000 HTTP/1.1" 200 5813
200.111.191.210 - - [15/Jan/2018:11:34:30 -0300] "POST /cormun/servlet/trautorizarsolicitud?4a6a394e9b92e216473e1d469e54fe9e,,gx-no-cache=1516026830139 HTTP/1.1" 200 5760
200.111.191.210 - - [15/Jan/2018:11:34:30 -0300] "POST /cormun/servlet/trautorizarsolicitud?4a6a394e9b92e216473e1d469e54fe9e,,gx-no-cache=1516026830776 HTTP/1.1" 200 4621
200.111.191.210 - - [15/Jan/2018:11:34:30 -0300] "POST /cormun/servlet/trautorizarsolicitud?4a6a394e9b92e216473e1d469e54fe9e,,gx-no-cache=1516026830932 HTTP/1.1" 200 4382
186.103.132.155 - - [15/Jan/2018:11:34:32 -0300] "POST /cormun/servlet/trsolicitudot?5956580a7c4b57f308149bd7fe37d54b,,gx-no-cache=1516026876801 HTTP/1.1" 200 5860
186.103.132.155 - - [15/Jan/2018:11:34:55 -0300] "GET /cormun/servlet/vesolicitudot?2018,9218,, HTTP/1.1" 200 8572
186.103.132.155 - - [15/Jan/2018:11:34:55 -0300] "GET /cormun/static/gxcfg.js?2017111422591385 HTTP/1.1" 200 953
186.103.132.155 - - [15/Jan/2018:11:34:55 -0300] "GET /cormun/pexe_scrolldiv.js HTTP/1.1" 404 1009
186.103.132.155 - - [15/Jan/2018:11:34:55 -0300] "GET /cormun/static/vesolicitudot.js?2017111422591449 HTTP/1.1" 200 6091
190.151.100.218 - - [15/Jan/2018:11:34:55 -0300] "GET /cormun/static/tbsolicitudot01.js?2017111422581186 HTTP/1.1" 200 30566
190.151.100.218 - - [15/Jan/2018:11:34:56 -0300] "GET /cormun/static/calendar-system.css HTTP/1.1" 200 5572
186.103.132.155 - - [15/Jan/2018:11:34:56 -0300] "GET /cormun/servlet/vesolicitudot?2018,9218,, HTTP/1.1" 200 8572
200.72.197.82 - - [15/Jan/2018:11:35:26 -0300] "POST /cormun/servlet/vesolicitudot?5956580a7c4b57f308149bd7fe37d54b,2018,9218,,,gx-no-cache=1516026930520 HTTP/1.1" 200 90
200.72.197.82 - - [15/Jan/2018:11:35:26 -0300] "GET /cormun/servlet/hpexe_link HTTP/1.1" 200 967
200.72.197.82 - - [15/Jan/2018:11:35:26 -0300] "GET /cormun/servlet/trsolicitudot? HTTP/1.1" 200 8783
200.72.197.82 - - [15/Jan/2018:11:35:27 -0300] "GET /cormun/servlet/trsolicitudot? HTTP/1.1" 200 8782
200.111.122.170 - - [15/Jan/2018:11:35:57 -0300] "GET /cormun/servlet/treventos?2018,9218, HTTP/1.1" 200 6247
200.111.122.170 - - [15/Jan/2018:11:35:57 -0300] "GET /cormun/static/gxcfg.js?2016101716195975 HTTP/1.1" 200 953
190.151.100.218 - - [15/Jan/2018:11:35:57 -0300] "GET /cormun/static/treventos.js?201610171620222 HTTP/1.1" 200 16064
190.151.100.218 - - [15/Jan/2018:11:35:58 -0300] "GET /cormun/servlet/treventos?2018,9218, HTTP/1.1" 200 6247
190.151.100.218 - - [15/Jan/2018:11:36:02 -0300] "POST /cormun/servlet/treventos?5956580a7c4b57f308149bd7fe37d54b,2018,9218,,gx-no-cache=1516026966583 HTTP/1.1" 200 90
190.151.100.218 - - [15/Jan/2018:11:36:02 -0300] "GET /cormun/servlet/hpexe_link HTTP/1.1" 200 965
190.151.100.218 - - [15/Jan/2018:11:36:02 -0300] "GET /cormun/servlet/trsolicitudot HTTP/1.1" 200 8783
190.151.100.218 - - [15/Jan/2018:11:36:03 -0300] "GET /cormun/servlet/trsolicitudot HTTP/1.1" 200 8782
200.72.197.82 - - [15/Jan/2018:11:36:19 -0300] "GET /cormun/servlet/trautorizarsolicitud? HTTP/1.1" 200 8669
200.72.197.82 - - [15/Jan/2018:11:36:19 -0300] "GET /cormun/servlet/trautorizarsolicitud? HTTP/1.1" 200 8668
200.111.191.210 - - [15/Jan/2018:11:36:29 -0300] "GET /cormun/servlet/trcontratosolicitud? HTTP/1.1" 200 14839
200.111.191.210 - - [15/Jan/2018:11:36:30 -0300] "GET /cormun/servlet/trcontratosolicitud? HTTP/1.1" 200 14834
200.72.197.82 - - [15/Jan/2018:11:36:37 -0300] "POST /cormun/servlet/trautorizarsolicitud?5956580a7c4b57f308149bd7fe37d54b,,gx-no-cache=1516027001563 HTTP/1.1" 200 5786
200.72.197.82 - - [15/Jan/2018:11:36:37 -0300] "GET /cormun/static/Shared/jqueryui/images/ui-bg_highlight-soft_100_c6c2c8_1x100.png HTTP/1.1" 404 1117
190.151.100.218 - - [15/Jan/2018:11:36:37 -0300] "GET /cormun/static/Shared/jqueryui/images/ui-icons_82798d_256x240.png HTTP/1.1" 404 1089
190.151.100.218 - - [15/Jan/2018:11:36:37 -0300] "GET /cormun/static/Shared/jqueryui/images/ui-icons_8d78a5_256x240.png HTTP/1.1" 404 1089
186.103.132.155 - - [15/Jan/2018:11:36:37 -0300] "GET /cormun/static/Shared/jqueryui/images/ui-bg_flat_55_fafafa_40x100.png HTTP/1.1" 404 1097
190.151.100.218 - - [15/Jan/2018:11:36:51 -0300] "GET /cormun/servlet/trsolicitudot? HTTP/1.1" 200 8783
190.151.100.218 - - [15/Jan/2018:11:36:52 -0300] "GET /cormun/servlet/trsolicitudot? HTTP/1.1" 200 8782
190.151.100.218 - - [15/Jan/2018:11:37:23 -0300] "POST /cormun/servlet/trsolicitudot?5956580a7c4b57f308149bd7fe37d54b,,gx-no-cache=1516027047249 HTTP/1.1" 200 4480
190.151.100.218 - - [15/Jan/2018:11:37:29 -0300] "POST /cormun/servlet/trsolicitudot?5956580a7c4b57f308149bd7fe37d54b,,gx-no-cache=1516027053333 HTTP/1.1" 200 5861
190.151.100.218 - - [15/Jan/2018:11:37:33 -0300] "POST /cormun/servlet/trsolicitudot?5956580a7c4b57f308149bd7fe37d54b,,gx-no-cache=1516027058149 HTTP/1.1" 200 5839
186.103.159.43 - - [15/Jan/2018:11:37:35 -0300] "GET /cormun/servlet/hlogin HTTP/1.1" 200 1721
186.103.159.43 - - [15/Jan/2018:11:37:36 -0300] "GET /cormun/static/gxtimezone.js?85251 HTTP/1.1" 200 5781
186.103.159.43 - - [15/Jan/2018:11:37:36 -0300] "GET /cormun/servlet/hlogin HTTP/1.1" 200 1732
186.103.159.43 - - [15/Jan/2018:11:37:37 -0300] "GET /favicon.ico HTTP/1.1" 200 21630
186.103.159.43 - - [15/Jan/2018:11:37:38 -0300] "POST /cormun/servlet/hlogin?5d68e7393553d0eb5bd0ce2f9bb70a31,gx-no-cache=1516027018022 HTTP/1.1" 200 90
186.103.159.43 - - [15/Jan/2018:11:37:38 -0300] "GET /cormun/servlet/hpexe_link HTTP/1.1" 200 952
186.103.159.43 - - [15/Jan/2018:11:37:38 -0300] "GET /cormun/servlet/hhome HTTP/1.1" 200 3928
186.103.159.43 - - [15/Jan/2018:11:37:39 -0300] "GET /cormun/servlet/hhome HTTP/1.1" 200 3925
186.103.159.43 - - [15/Jan/2018:11:37:43 -0300] "GET /cormun/servlet/trsolicitudot? HTTP/1.1" 200 9075
186.103.159.43 - - [15/Jan/2018:11:37:43 -0300] "GET /cormun/static/calendar-setup.js?85251 HTTP/1.1" 200 2588
186.103.159.43 - - [15/Jan/2018:11:37:43 -0300] "GET /cormun/static/gxcfg.js?2017111422585916 HTTP/1.1" 304 -
186.103.159.43 - - [15/Jan/2018:11:37:43 -0300] "GET /cormun/static/calendar-es.js?85251 HTTP/1.1" 200 1901
186.103.159.43 - - [15/Jan/2018:11:37:43 -0300] "GET /cormun/static/calendar.js?85251 HTTP/1.1" 200 26246
186.103.159.43 - - [15/Jan/2018:11:37:43 -0300] "GET /cormun/static/gxdec.js?85251 HTTP/1.1" 200 19579
186.103.159.43 - - [15/Jan/2018:11:37:43 -0300] "GET /cormun/static/trsolicitudot.js?201711142259839 HTTP/1.1" 304 -
186.103.159.43 - - [15/Jan/2018:11:37:43 -0300] "GET /cormun//static/Resources/PXToolsActionView.png HTTP/1.1" 200 2995
186.103.159.43 - - [15/Jan/2018:11:37:43 -0300] "GET /cormun//static/Resources/PXToolsRemoveAllAction.png HTTP/1.1" 200 3558
186.103.159.43 - - [15/Jan/2018:11:37:43 -0300] "GET /cormun/servlet/trsolicitudot? HTTP/1.1" 200 9073
190.151.100.218 - - [15/Jan/2018:11:37:46 -0300] "GET /cormun/servlet/trautorizarsolicitud? HTTP/1.1" 200 8669
190.151.100.218 - - [15/Jan/2018:11:37:47 -0300] "GET /cormun/servlet/trautorizarsolicitud? HTTP/1.1" 200 8668
186.103.159.43 - - [15/Jan/2018:11:37:50 -0300] "GET /cormun/servlet/solicitudot?INS,0,0, HTTP/1.1" 200 13866
186.103.159.43 - - [15/Jan/2018:11:37:51 -0300] "GET /cormun/static/gxcfg.js?20181911371421 HTTP/1.1" 200 953
186.103.159.43 - - [15/Jan/2018:11:37:51 -0300] "GET /cormun/static/solicitudot.js?20181911371648 HTTP/1.1" 200 71402
186.103.159.43 - - [15/Jan/2018:11:37:51 -0300] "GET /cormun/servlet/solicitudot?INS,0,0, HTTP/1.1" 200 13871
190.151.100.218 - - [15/Jan/2018:11:37:53 -0300] "POST /cormun/servlet/trautorizarsolicitud?5956580a7c4b57f308149bd7fe37d54b,,gx-no-cache=1516027077753 HTTP/1.1" 200 5788
190.151.100.218 - - [15/Jan/2018:11:37:53 -0300] "GET /cormun/static/Shared/jqueryui/images/ui-bg_highlight-soft_100_c6c2c8_1x100.png HTTP/1.1" 404 1117
190.151.100.218 - - [15/Jan/2018:11:37:53 -0300] "GET /cormun/static/Shared/jqueryui/images/ui-icons_8d78a5_256x240.png HTTP/1.1" 404 1089
186.103.161.206 - - [15/Jan/2018:11:37:53 -0300] "GET /cormun/static/Shared/jqueryui/images/ui-icons_82798d_256x240.png HTTP/1.1" 404 1089
200.72.197.82 - - [15/Jan/2018:11:37:53 -0300] "GET /cormun/static/Shared/jqueryui/images/ui-bg_flat_55_fafafa_40x100.png HTTP/1.1" 404 1097
186.103.161.206 - - [15/Jan/2018:11:38:08 -0300] "GET /cormun/servlet/trsolicitudot? HTTP/1.1" 200 8783
186.103.161.206 - - [15/Jan/2018:11:38:09 -0300] "GET /cormun/servlet/trsolicitudot? HTTP/1.1" 200 8782
200.111.191.210 - - [15/Jan/2018:11:38:24 -0300] "GET /cormun/servlet/trsolicitudot? HTTP/1.1" 200 7388
200.111.191.210 - - [15/Jan/2018:11:38:25 -0300] "GET /cormun/servlet/trsolicitudot? HTTP/1.1" 200 7388
200.111.191.210 - - [15/Jan/2018:11:38:27 -0300] "GET /cormun/servlet/solicitudot?INS,0,0, HTTP/1.1" 200 14100
200.111.191.210 - - [15/Jan/2018:11:38:27 -0300] "GET /cormun/servlet/solicitudot?INS,0,0, HTTP/1.1" 200 14105
200.111.191.210 - - [15/Jan/2018:11:38:33 -0300] "POST /cormun/servlet/solicitudot?gx-no-cache=1516027073736 HTTP/1.1" 200 3847
200.111.191.210 - - [15/Jan/2018:11:38:34 -0300] "POST /cormun/servlet/solicitudot?4a6a394e9b92e216473e1d469e54fe9e,INS,0,0,,gx-no-cache=1516027073913 HTTP/1.1" 200 10997
186.103.161.206 - - [15/Jan/2018:11:38:46 -0300] "POST /cormun/servlet/trsolicitudot?5956580a7c4b57f308149bd7fe37d54b,,gx-no-cache=1516027110412 HTTP/1.1" 500 10
200.111.191.210 - - [15/Jan/2018:11:38:46 -0300] "GET /cormun/servlet/solicitudot?9754373cc0b8fd8a40a15517404bf6bd5122f05d58011bff1e1e4cf6eeb1d064f84a2a965257d3cc0cc5c60b9047948b,gx-no-cache=1516027086250 HTTP/1.1" 200 30
200.111.191.210 - - [15/Jan/2018:11:38:46 -0300] "POST /cormun/servlet/solicitudot?gx-no-cache=1516027086327 HTTP/1.1" 200 43
200.111.191.210 - - [15/Jan/2018:11:38:46 -0300] "POST /cormun/servlet/solicitudot?gx-no-cache=1516027086393 HTTP/1.1" 200 255
200.111.191.210 - - [15/Jan/2018:11:38:46 -0300] "GET /cormun/servlet/solicitudot?9754373cc0b8fd8a40a15517404bf6bdb677c2152ae94ef295dee90dc5f1da15fec0a3080702d31e548b160bfc285e27d4cfdd87f2e843ded65aefabb0d00f5154a53bf11b46b53b31b756c548a4b7f01dba4e9c7c64bb9f923818867f185595aa19b97eb4e16ae34f0542093cf8c8f824f845bf0c6754ecedb5a3e999487af397b375ad48dcf9a9f1cdb1c0c60683e90ee288b777bd695071a3ca239fae29ee870c7a5310ade85ddfbf421d18e897a2dc8f4a92c00fec9501ed73646b8021934daaeb0d5050e2ee4b81610387dc45e22502f3c9d356f43f4da411c49b2e85525e22235dde2a0508e122c8f4ce4cf3d72a471dd15f4db822fffd9993c16a0c333efc6186f422c6c7e42c75b0749ef42be5a76870e03bc12f5bdd389bec7a66163a79327c24f1284e1a206d9a68f563aa565a96f8012584d9968850ae56542b2dfd0a1366e4a7e842a765531b437d2541d5656ba9b28284fdea75e69dd7ed3cf2ee805021b20eec66f376160b18f5da41f8e5366589fb0ab675d3347ccb3b923d,gx-no-cache=1516027086469 HTTP/1.1" 200 30
200.111.191.210 - - [15/Jan/2018:11:38:47 -0300] "POST /cormun/servlet/solicitudot?gx-no-cache=1516027088027 HTTP/1.1" 200 30
200.111.191.210 - - [15/Jan/2018:11:38:48 -0300] "POST /cormun/servlet/solicitudot?gx-no-cache=1516027088997 HTTP/1.1" 200 1353
200.111.191.210 - - [15/Jan/2018:11:38:48 -0300] "POST /cormun/servlet/solicitudot?gx-no-cache=1516027089090 HTTP/1.1" 200 38
200.111.122.170 - - [15/Jan/2018:11:38:51 -0300] "GET /cormun/servlet/trautorizarsolicitud? HTTP/1.1" 200 8669
200.111.122.170 - - [15/Jan/2018:11:38:52 -0300] "GET /cormun/servlet/trautorizarsolicitud? HTTP/1.1" 200 8668
200.111.122.170 - - [15/Jan/2018:11:39:04 -0300] "GET /cormun/servlet/trsolicitudot? HTTP/1.1" 200 8783
200.111.122.170 - - [15/Jan/2018:11:39:05 -0300] "GET /cormun/servlet/trsolicitudot? HTTP/1.1" 200 8782
200.111.191.210 - - [15/Jan/2018:11:39:05 -0300] "GET /cormun/servlet/solicitudot?9754373cc0b8fd8a40a15517404bf6bd06847b0f960fb8fa8139d3dd41394c69bd659a91720e5ba32a082718a8cc75f0d61a099d4ddb63c369880b84e8b32627f616035929c697305bf7c1b16b224ccd24ceb86607885aa3337b0ca4109b640b233ab009bcfe4ebc807fc970c066a4c2385c7c41d076b4d1100409943b0fdf24feebc3d69f7da024e17da7dccb829056bb2cb0ad344b2f3b4b682046d0bb6896,gx-no-cache=1516027105495 HTTP/1.1" 200 29
200.111.191.210 - - [15/Jan/2018:11:39:05 -0300] "POST /cormun/servlet/solicitudot?gx-no-cache=1516027105521 HTTP/1.1" 200 219
200.111.191.210 - - [15/Jan/2018:11:39:05 -0300] "GET /cormun/servlet/solicitudot?9754373cc0b8fd8a40a15517404bf6bdbf746a01b809bf176623402f4272467a460991c8d2c1b61703a2ea4f7801e55231be22efc35da663ae4eecbeabfc4810f6cbf36a76f37d43f440863182c3954147c8f767ced38d61c35b74153147a90bbd659a91720e5ba32a082718a8cc75f08bf67b7f45f8421ef68d0c06d0773cdc014b7120bcb650a6af167ceeeb00d3c7,gx-no-cache=1516027105550 HTTP/1.1" 200 55
93.158.161.6 - - [15/Jan/2018:11:39:07 -0300] "GET /docs/jndi-resources-howto.html HTTP/1.1" 200 58114
190.46.88.54 - - [15/Jan/2018:11:39:10 -0300] "POST /cormun/servlet/solicitudot?85d9723e8c2b3a0a40264219935b1699,INS,0,0,,gx-no-cache=1516027112253 HTTP/1.1" 200 11335
190.46.88.54 - - [15/Jan/2018:11:39:10 -0300] "GET /cormun/static/Shared/jqueryui/images/ui-bg_flat_55_fafafa_40x100.png HTTP/1.1" 404 1097
190.46.88.54 - - [15/Jan/2018:11:39:10 -0300] "GET /cormun/static/Shared/jqueryui/images/ui-icons_8d78a5_256x240.png HTTP/1.1" 404 1089
200.111.191.210 - - [15/Jan/2018:11:39:11 -0300] "GET /cormun/servlet/solicitudot?9754373cc0b8fd8a40a15517404bf6bd06847b0f960fb8fa8139d3dd41394c69bd659a91720e5ba32a082718a8cc75f0d61a099d4ddb63c369880b84e8b32627f616035929c697305bf7c1b16b224ccd24ceb86607885aa3337b0ca4109b640b233ab009bcfe4ebc807fc970c066a4c2385c7c41d076b4d1100409943b0fdf24feebc3d69f7da024e17da7dccb829056bb2cb0ad344b2f3b4b682046d0bb6896,gx-no-cache=1516027111247 HTTP/1.1" 200 29
200.111.191.210 - - [15/Jan/2018:11:39:11 -0300] "POST /cormun/servlet/solicitudot?gx-no-cache=1516027111267 HTTP/1.1" 200 217
200.111.191.210 - - [15/Jan/2018:11:39:11 -0300] "GET /cormun/servlet/solicitudot?9754373cc0b8fd8a40a15517404bf6bdbf746a01b809bf176623402f4272467a460991c8d2c1b61703a2ea4f7801e55231be22efc35da663ae4eecbeabfc4810f6cbf36a76f37d43f440863182c3954147c8f767ced38d61c35b74153147a90bbd659a91720e5ba32a082718a8cc75f08bf67b7f45f8421ef68d0c06d0773cdc014b7120bcb650a6af167ceeeb00d3c7,gx-no-cache=1516027111323 HTTP/1.1" 200 55
190.46.88.54 - - [15/Jan/2018:11:39:16 -0300] "POST /cormun/servlet/solicitudot?gx-no-cache=1516027118200 HTTP/1.1" 200 3866
190.46.88.54 - - [15/Jan/2018:11:39:16 -0300] "POST /cormun/servlet/solicitudot?85d9723e8c2b3a0a40264219935b1699,INS,0,0,,gx-no-cache=1516027118555 HTTP/1.1" 200 11332
190.46.88.54 - - [15/Jan/2018:11:39:16 -0300] "GET /cormun/servlet/solicitudot?b917c284ad3643af6d3be911fcaefea411af6120934a131093f539b62d14765d41cbf62124ee9fa7e6eb381173a33e29,gx-no-cache=1516027118908 HTTP/1.1" 200 30
190.46.88.54 - - [15/Jan/2018:11:39:16 -0300] "POST /cormun/servlet/solicitudot?gx-no-cache=1516027118981 HTTP/1.1" 200 43
200.111.191.210 - - [15/Jan/2018:11:39:19 -0300] "GET /cormun/servlet/solicitudot?9754373cc0b8fd8a40a15517404bf6bd67040c7caa92461c9576ecd8389dfe98b1903c42ebe5c252602b4c3756819b69,gx-no-cache=1516027119480 HTTP/1.1" 200 170
200.111.191.210 - - [15/Jan/2018:11:39:19 -0300] "GET /cormun/static/Shared/jqueryui/images/ui-bg_highlight-soft_100_c6c2c8_1x100.png HTTP/1.1" 404 1117
200.111.191.210 - - [15/Jan/2018:11:39:19 -0300] "GET /cormun/static/Shared/jqueryui/images/ui-icons_82798d_256x240.png HTTP/1.1" 404 1089
200.111.191.210 - - [15/Jan/2018:11:39:19 -0300] "GET /cormun/static/Shared/jqueryui/images/ui-icons_ebccce_256x240.png HTTP/1.1" 404 1089
200.111.191.210 - - [15/Jan/2018:11:39:19 -0300] "GET /cormun/static/Shared/jqueryui/images/ui-bg_flat_55_994d53_40x100.png HTTP/1.1" 404 1097
200.111.191.210 - - [15/Jan/2018:11:39:25 -0300] "GET /cormun/servlet/solicitudot?9754373cc0b8fd8a40a15517404bf6bd58da3908fb2286ff2e42c6ada147b0a3b1903c42ebe5c252602b4c3756819b69,gx-no-cache=1516027125280 HTTP/1.1" 200 30
186.103.161.206 - - [15/Jan/2018:11:39:27 -0300] "POST /cormun/servlet/trsolicitudot?5956580a7c4b57f308149bd7fe37d54b,,gx-no-cache=1516027171709 HTTP/1.1" 200 5839
200.111.191.210 - - [15/Jan/2018:11:39:28 -0300] "POST /cormun/servlet/solicitudot?gx-no-cache=1516027128424 HTTP/1.1" 200 30
186.103.159.43 - - [15/Jan/2018:11:39:29 -0300] "POST /cormun/servlet/solicitudot?gx-no-cache=1516027128372 HTTP/1.1" 200 3755
186.103.159.43 - - [15/Jan/2018:11:39:29 -0300] "POST /cormun/servlet/solicitudot?5d68e7393553d0eb5bd0ce2f9bb70a31,INS,0,0,,gx-no-cache=1516027128721 HTTP/1.1" 200 10714
190.46.88.54 - - [15/Jan/2018:11:39:31 -0300] "POST /cormun/servlet/solicitudot?gx-no-cache=1516027133916 HTTP/1.1" 200 51
186.103.159.43 - - [15/Jan/2018:11:39:36 -0300] "GET /cormun/servlet/solicitudot?25152eb7ed44d8d1a583e2b8e37d638618eb15745cbbbd51469da0d47bd78ad4c8fb6591fc2dfbf39d75ac1740a67863,gx-no-cache=1516027136249 HTTP/1.1" 200 30
190.46.88.54 - - [15/Jan/2018:11:39:37 -0300] "POST /cormun/servlet/solicitudot?gx-no-cache=1516027139475 HTTP/1.1" 200 297
190.46.88.54 - - [15/Jan/2018:11:39:37 -0300] "GET /cormun/servlet/solicitudot?b917c284ad3643af6d3be911fcaefea414ae68dc019d61a123114878d2a562d6edfd5b963afcce61daf76ee171569844f6eb9aabd6524763201a4f093650f8b44dc4b48309405384bf2a3b281e98d1ab9eb46b1d72eccd6072ca2349ea5eea3969275e39f2c8bac13b16d3a1d09a4c67a9466ad50074306c247d860fab208bd2ed99c70174b5f48fd5abc8eb44220b13c7dc7a0c846b1ce32c602902cb25173760360b8827ba7b0e37622abc6fbb6bf9860fd9895bc0c221510a47edc4840929d7a14fdb6aabc1b8be3fbee7ceea1499a7fbdad0ae16ebd6d613f1f7aa304dc18094d83a81cc71882fa41b9eb27fa6274fea7e04c251a519565fec82551ec47ca289ba9af2379e1c3b1ac834ff303354907537eb57c7509970a260f227fdf75b6e3e169f3367c648417fe8e0c07e906a85c8b50f96f2e5e8bbd5afb39cf59f30dc3d133dd163caad1cc375dfc6f0fcdba0314edef0aa7535f7a09e2e56c394a30296a81106599560b3e95aa1671efbdc18229104081d3246b722b1fe4776a9f18eedd6234a3c65edadf6918bde48927e,gx-no-cache=1516027139586 HTTP/1.1" 200 30
190.46.88.54 - - [15/Jan/2018:11:39:38 -0300] "POST /cormun/servlet/solicitudot?gx-no-cache=1516027139974 HTTP/1.1" 200 30
190.46.88.54 - - [15/Jan/2018:11:39:38 -0300] "POST /cormun/servlet/solicitudot?gx-no-cache=1516027140998 HTTP/1.1" 200 1353
190.46.88.54 - - [15/Jan/2018:11:39:38 -0300] "POST /cormun/servlet/solicitudot?gx-no-cache=1516027141095 HTTP/1.1" 200 41
190.46.88.54 - - [15/Jan/2018:11:39:38 -0300] "GET /cormun/servlet/solicitudot?b917c284ad3643af6d3be911fcaefea4092b99a7024a57ccbb8c0fcf49d8727bfea4bcbf96b47fb919a197bb0e2f07114fb923a5da254d113b586eae16d551b948f31486bf731c8f0f55c25420382eaec5ee9a7a83826d3919c14a32fc651455077b0fc49cfe07b06392193c29788068,gx-no-cache=1516027141180 HTTP/1.1" 200 29
190.46.88.54 - - [15/Jan/2018:11:39:38 -0300] "POST /cormun/servlet/solicitudot?gx-no-cache=1516027141260 HTTP/1.1" 200 219
190.46.88.54 - - [15/Jan/2018:11:39:39 -0300] "GET /cormun/servlet/solicitudot?b917c284ad3643af6d3be911fcaefea4e4b4c3182044caffb294633051b6ecc639293071031138ea943d5d36a4b674e3547f88916e1478e8f5da02a95008542b5c349abb7459b10eaf8aaea977cb7bbd9fddd09ba95c0ea062618b051ce637eefea4bcbf96b47fb919a197bb0e2f0711b413173df55dd66f61ee17949e322e2c5b1dce6750d6fd9e787d85cd55d263c1,gx-no-cache=1516027141412 HTTP/1.1" 200 55
190.46.88.54 - - [15/Jan/2018:11:39:39 -0300] "GET /cormun/servlet/solicitudot?b917c284ad3643af6d3be911fcaefea4552e73328c0eb16063707020d33532665c02016db74439857778b988423183aa,gx-no-cache=1516027141497 HTTP/1.1" 200 30
190.46.88.54 - - [15/Jan/2018:11:39:39 -0300] "POST /cormun/servlet/solicitudot?gx-no-cache=1516027141562 HTTP/1.1" 200 30
190.46.88.54 - - [15/Jan/2018:11:39:39 -0300] "POST /cormun/servlet/solicitudot?85d9723e8c2b3a0a40264219935b1699,INS,0,0,,gx-no-cache=1516027141899 HTTP/1.1" 200 11649
186.103.161.206 - - [15/Jan/2018:11:39:41 -0300] "POST /cormun/servlet/trsolicitudot?5956580a7c4b57f308149bd7fe37d54b,,gx-no-cache=1516027185488 HTTP/1.1" 200 5840
186.103.161.206 - - [15/Jan/2018:11:39:55 -0300] "GET /cormun/servlet/treventos?2018,9218, HTTP/1.1" 200 6247
186.103.161.206 - - [15/Jan/2018:11:39:56 -0300] "GET /cormun/servlet/treventos?2018,9218, HTTP/1.1" 200 6247
186.103.161.206 - - [15/Jan/2018:11:39:59 -0300] "POST /cormun/servlet/treventos?5956580a7c4b57f308149bd7fe37d54b,2018,9218,,gx-no-cache=1516027204088 HTTP/1.1" 200 90
186.103.161.206 - - [15/Jan/2018:11:39:59 -0300] "GET /cormun/servlet/hpexe_link HTTP/1.1" 200 967
186.103.161.206 - - [15/Jan/2018:11:40:00 -0300] "GET /cormun/servlet/trsolicitudot? HTTP/1.1" 200 8783
200.111.191.210 - - [15/Jan/2018:11:40:00 -0300] "POST /cormun/servlet/solicitudot?4a6a394e9b92e216473e1d469e54fe9e,INS,0,0,,gx-no-cache=1516027160502 HTTP/1.1" 200 11421
186.103.161.206 - - [15/Jan/2018:11:40:00 -0300] "GET /cormun/servlet/trsolicitudot? HTTP/1.1" 200 8782
186.103.161.206 - - [15/Jan/2018:11:40:03 -0300] "GET /cormun/servlet/vesolicitudot?2018,9218,, HTTP/1.1" 200 8572
186.103.161.206 - - [15/Jan/2018:11:40:03 -0300] "GET /cormun/pexe_scrolldiv.js HTTP/1.1" 404 1009
186.103.161.206 - - [15/Jan/2018:11:40:04 -0300] "GET /cormun/servlet/vesolicitudot?2018,9218,, HTTP/1.1" 200 8572
190.46.88.54 - - [15/Jan/2018:11:40:12 -0300] "POST /cormun/servlet/solicitudot?85d9723e8c2b3a0a40264219935b1699,INS,0,0,,gx-no-cache=1516027174159 HTTP/1.1" 200 93
190.46.88.54 - - [15/Jan/2018:11:40:12 -0300] "GET /cormun/servlet/hpexe_return? HTTP/1.1" 200 1002
190.46.88.54 - - [15/Jan/2018:11:40:12 -0300] "GET /cormun/servlet/trsolicitudot HTTP/1.1" 200 7401
190.46.88.54 - - [15/Jan/2018:11:40:12 -0300] "GET /cormun/servlet/trsolicitudot HTTP/1.1" 200 7397
190.151.100.218 - - [15/Jan/2018:11:40:17 -0300] "POST /cormun/servlet/vesolicitudot?5956580a7c4b57f308149bd7fe37d54b,2018,9218,,,gx-no-cache=1516027221642 HTTP/1.1" 200 90
190.151.100.218 - - [15/Jan/2018:11:40:17 -0300] "GET /cormun/servlet/hpexe_link HTTP/1.1" 200 966
190.151.100.218 - - [15/Jan/2018:11:40:17 -0300] "GET /cormun/servlet/trsolicitudot HTTP/1.1" 200 8783
190.151.100.218 - - [15/Jan/2018:11:40:18 -0300] "GET /cormun/servlet/trsolicitudot HTTP/1.1" 200 8782
190.46.88.54 - - [15/Jan/2018:11:40:20 -0300] "POST /cormun/servlet/trsolicitudot?85d9723e8c2b3a0a40264219935b1699,gx-no-cache=1516027182687 HTTP/1.1" 200 4469
190.46.88.54 - - [15/Jan/2018:11:40:21 -0300] "POST /cormun/servlet/trsolicitudot?85d9723e8c2b3a0a40264219935b1699,gx-no-cache=1516027183841 HTTP/1.1" 200 4471
190.46.88.54 - - [15/Jan/2018:11:40:23 -0300] "POST /cormun/servlet/trsolicitudot?85d9723e8c2b3a0a40264219935b1699,gx-no-cache=1516027185643 HTTP/1.1" 200 4471
190.46.88.54 - - [15/Jan/2018:11:40:25 -0300] "GET /cormun/servlet/solicitudot?INS,0,0, HTTP/1.1" 200 14116
190.151.100.218 - - [15/Jan/2018:11:40:25 -0300] "GET /cormun/servlet/trautorizarsolicitud? HTTP/1.1" 200 8669
190.46.88.54 - - [15/Jan/2018:11:40:25 -0300] "GET /cormun/servlet/solicitudot?INS,0,0, HTTP/1.1" 200 14121
190.151.100.218 - - [15/Jan/2018:11:40:26 -0300] "GET /cormun/servlet/trautorizarsolicitud? HTTP/1.1" 200 8668
186.103.161.206 - - [15/Jan/2018:11:40:39 -0300] "POST /cormun/servlet/trautorizarsolicitud?5956580a7c4b57f308149bd7fe37d54b,,gx-no-cache=1516027243180 HTTP/1.1" 200 4403
190.46.88.54 - - [15/Jan/2018:11:40:39 -0300] "GET /cormun/servlet/hlogin HTTP/1.1" 200 1737
186.103.161.206 - - [15/Jan/2018:11:40:43 -0300] "POST /cormun/servlet/trautorizarsolicitud?5956580a7c4b57f308149bd7fe37d54b,,gx-no-cache=1516027247895 HTTP/1.1" 200 5774
186.103.161.206 - - [15/Jan/2018:11:40:46 -0300] "POST /cormun/servlet/trautorizarsolicitud?5956580a7c4b57f308149bd7fe37d54b,,gx-no-cache=1516027251100 HTTP/1.1" 200 5786
186.103.161.206 - - [15/Jan/2018:11:40:47 -0300] "GET /cormun/static/Shared/jqueryui/images/ui-bg_highlight-soft_100_c6c2c8_1x100.png HTTP/1.1" 404 1117
186.103.161.206 - - [15/Jan/2018:11:40:47 -0300] "GET /cormun/static/Shared/jqueryui/images/ui-bg_flat_55_fafafa_40x100.png HTTP/1.1" 404 1097
190.151.100.218 - - [15/Jan/2018:11:40:47 -0300] "GET /cormun/static/Shared/jqueryui/images/ui-icons_82798d_256x240.png HTTP/1.1" 404 1089
186.103.132.155 - - [15/Jan/2018:11:40:47 -0300] "GET /cormun/static/Shared/jqueryui/images/ui-icons_8d78a5_256x240.png HTTP/1.1" 404 1089
190.46.88.54 - - [15/Jan/2018:11:40:51 -0300] "POST /cormun/servlet/hlogin?85d9723e8c2b3a0a40264219935b1699,gx-no-cache=1516027214083 HTTP/1.1" 200 90
190.46.88.54 - - [15/Jan/2018:11:40:51 -0300] "GET /cormun/servlet/hpexe_link HTTP/1.1" 200 946
190.46.88.54 - - [15/Jan/2018:11:40:51 -0300] "GET /cormun/servlet/hhome HTTP/1.1" 200 3971
190.46.88.54 - - [15/Jan/2018:11:40:52 -0300] "GET /cormun/servlet/hhome HTTP/1.1" 200 3967
190.46.88.54 - - [15/Jan/2018:11:41:10 -0300] "GET /cormun/servlet/trvisualizadoreventos? HTTP/1.1" 200 7067
190.46.88.54 - - [15/Jan/2018:11:41:11 -0300] "GET /cormun/servlet/trvisualizadoreventos? HTTP/1.1" 200 7067
190.46.88.54 - - [15/Jan/2018:11:41:21 -0300] "POST /cormun/servlet/trvisualizadoreventos?85d9723e8c2b3a0a40264219935b1699,,gx-no-cache=1516027243658 HTTP/1.1" 200 3937
190.46.88.54 - - [15/Jan/2018:11:41:27 -0300] "POST /cormun/servlet/trvisualizadoreventos?85d9723e8c2b3a0a40264219935b1699,,gx-no-cache=1516027250171 HTTP/1.1" 200 3934
200.72.197.82 - - [15/Jan/2018:11:41:29 -0300] "POST /cormun/servlet/trautorizarsolicitud?5956580a7c4b57f308149bd7fe37d54b,,gx-no-cache=1516027293957 HTTP/1.1" 200 4405
190.46.88.54 - - [15/Jan/2018:11:41:35 -0300] "POST /cormun/servlet/trvisualizadoreventos?85d9723e8c2b3a0a40264219935b1699,,gx-no-cache=1516027257731 HTTP/1.1" 200 3937
190.46.88.54 - - [15/Jan/2018:11:41:36 -0300] "POST /cormun/servlet/trvisualizadoreventos?85d9723e8c2b3a0a40264219935b1699,,gx-no-cache=1516027259275 HTTP/1.1" 200 3937
190.46.88.54 - - [15/Jan/2018:11:41:38 -0300] "POST /cormun/servlet/trvisualizadoreventos?85d9723e8c2b3a0a40264219935b1699,,gx-no-cache=1516027261009 HTTP/1.1" 200 3937
200.72.197.82 - - [15/Jan/2018:11:41:40 -0300] "POST /cormun/servlet/trautorizarsolicitud?5956580a7c4b57f308149bd7fe37d54b,,gx-no-cache=1516027304775 HTTP/1.1" 200 4404
190.46.88.54 - - [15/Jan/2018:11:41:40 -0300] "GET /cormun/servlet/trsolicitudot? HTTP/1.1" 200 7190
190.46.88.54 - - [15/Jan/2018:11:41:41 -0300] "GET /cormun/servlet/trsolicitudot? HTTP/1.1" 200 7190
200.72.197.82 - - [15/Jan/2018:11:41:45 -0300] "POST /cormun/servlet/trautorizarsolicitud?5956580a7c4b57f308149bd7fe37d54b,,gx-no-cache=1516027309401 HTTP/1.1" 200 4401
190.46.88.54 - - [15/Jan/2018:11:41:47 -0300] "GET /cormun/servlet/solicitudot?INS,0,0, HTTP/1.1" 200 13914
190.46.88.54 - - [15/Jan/2018:11:41:48 -0300] "GET /cormun/servlet/solicitudot?INS,0,0, HTTP/1.1" 200 13919
200.72.197.82 - - [15/Jan/2018:11:41:49 -0300] "POST /cormun/servlet/trautorizarsolicitud?5956580a7c4b57f308149bd7fe37d54b,,gx-no-cache=1516027313807 HTTP/1.1" 200 4403
200.72.197.82 - - [15/Jan/2018:11:41:54 -0300] "POST /cormun/servlet/trautorizarsolicitud?5956580a7c4b57f308149bd7fe37d54b,,gx-no-cache=1516027318177 HTTP/1.1" 200 5773
190.46.88.54 - - [15/Jan/2018:11:42:12 -0300] "POST /cormun/servlet/solicitudot?gx-no-cache=1516027294484 HTTP/1.1" 200 3866
190.46.88.54 - - [15/Jan/2018:11:42:12 -0300] "POST /cormun/servlet/solicitudot?85d9723e8c2b3a0a40264219935b1699,INS,0,0,,gx-no-cache=1516027294917 HTTP/1.1" 200 10845
186.103.161.206 - - [15/Jan/2018:11:42:17 -0300] "GET /cormun/servlet/trsolicitudot? HTTP/1.1" 200 8783
186.103.161.206 - - [15/Jan/2018:11:42:18 -0300] "GET /cormun/servlet/trsolicitudot? HTTP/1.1" 200 8782
190.46.88.54 - - [15/Jan/2018:11:42:19 -0300] "GET /cormun/servlet/solicitudot?b917c284ad3643af6d3be911fcaefea411af6120934a131093f539b62d14765d720037a3c1cc66bb8bd5f550f55da107,gx-no-cache=1516027302038 HTTP/1.1" 200 30
190.46.88.54 - - [15/Jan/2018:11:42:26 -0300] "POST /cormun/servlet/solicitudot?gx-no-cache=1516027309282 HTTP/1.1" 200 53
190.46.88.54 - - [15/Jan/2018:11:42:47 -0300] "POST /cormun/servlet/solicitudot?gx-no-cache=1516027329794 HTTP/1.1" 200 297
190.46.88.54 - - [15/Jan/2018:11:42:47 -0300] "GET /cormun/servlet/solicitudot?b917c284ad3643af6d3be911fcaefea414ae68dc019d61a123114878d2a562d6edfd5b963afcce61daf76ee171569844f6eb9aabd6524763201a4f093650f8b44dc4b48309405384bf2a3b281e98d1ab9eb46b1d72eccd6072ca2349ea5eea3969275e39f2c8bac13b16d3a1d09a4c67a9466ad50074306c247d860fab208bd2ed99c70174b5f48fd5abc8eb44220b13c7dc7a0c846b1ce32c602902cb25173760360b8827ba7b0e37622abc6fbb6bf9860fd9895bc0c221510a47edc4840929d7a14fdb6aabc1b8be3fbee7ceea1499a7fbdad0ae16ebd6d613f1f7aa304dc18094d83a81cc71882fa41b9eb27fa6274fea7e04c251a519565fec82551ec47ca289ba9af2379e1c3b1ac834ff303354907537eb57c7509970a260f227fdf75b6e3e169f3367c648417fe8e0c07e906a85c8b50f96f2e5e8bbd5afb39cf59f30dc3d133dd163caad1cc375dfc6f0fcdba0314edef0aa7535f7a09e2e56c394a30296a81106599560b3e95aa1671efbdc27e79c89df9a22b9883490660165bedb8eedd6234a3c65edadf6918bde48927e,gx-no-cache=1516027329963 HTTP/1.1" 200 30
190.46.88.54 - - [15/Jan/2018:11:42:50 -0300] "POST /cormun/servlet/solicitudot?gx-no-cache=1516027332447 HTTP/1.1" 200 30
190.46.88.54 - - [15/Jan/2018:11:42:52 -0300] "POST /cormun/servlet/solicitudot?gx-no-cache=1516027334917 HTTP/1.1" 200 1353
190.46.88.54 - - [15/Jan/2018:11:42:52 -0300] "POST /cormun/servlet/solicitudot?gx-no-cache=1516027335014 HTTP/1.1" 200 38
200.111.191.210 - - [15/Jan/2018:11:43:00 -0300] "POST /cormun/servlet/solicitudot?gx-no-cache=1516027340387 HTTP/1.1" 200 51
190.46.88.54 - - [15/Jan/2018:11:43:02 -0300] "GET /cormun/servlet/solicitudot?b917c284ad3643af6d3be911fcaefea4092b99a7024a57ccbb8c0fcf49d8727bfea4bcbf96b47fb919a197bb0e2f07114fb923a5da254d113b586eae16d551b948f31486bf731c8f0f55c25420382eaec5ee9a7a83826d3919c14a32fc651455077b0fc49cfe07b06392193c29788068,gx-no-cache=1516027344977 HTTP/1.1" 200 29
190.151.100.218 - - [15/Jan/2018:11:43:02 -0300] "GET /cormun/servlet/trcontratosolicitud? HTTP/1.1" 200 14503
190.46.88.54 - - [15/Jan/2018:11:43:02 -0300] "POST /cormun/servlet/solicitudot?gx-no-cache=1516027345078 HTTP/1.1" 200 219
190.46.88.54 - - [15/Jan/2018:11:43:02 -0300] "GET /cormun/servlet/solicitudot?b917c284ad3643af6d3be911fcaefea4e4b4c3182044caffb294633051b6ecc639293071031138ea943d5d36a4b674e3547f88916e1478e8f5da02a95008542b5c349abb7459b10eaf8aaea977cb7bbd9fddd09ba95c0ea062618b051ce637eefea4bcbf96b47fb919a197bb0e2f0711b413173df55dd66f61ee17949e322e2c5b1dce6750d6fd9e787d85cd55d263c1,gx-no-cache=1516027345195 HTTP/1.1" 200 55
190.151.100.218 - - [15/Jan/2018:11:43:03 -0300] "GET /cormun/servlet/trcontratosolicitud? HTTP/1.1" 200 14490
190.46.88.54 - - [15/Jan/2018:11:43:07 -0300] "GET /cormun/static/menuarrow.gif HTTP/1.1" 404 1015
190.151.100.218 - - [15/Jan/2018:11:43:10 -0300] "GET /cormun/servlet/trvisualizadoreventos? HTTP/1.1" 200 6937
190.151.100.218 - - [15/Jan/2018:11:43:10 -0300] "GET /cormun/static/gxcfg.js?20175251251426 HTTP/1.1" 200 953
190.151.100.218 - - [15/Jan/2018:11:43:10 -0300] "GET /cormun/static/Resources/PXToolsActionPrint.png HTTP/1.1" 200 3317
190.151.100.218 - - [15/Jan/2018:11:43:10 -0300] "GET /cormun/static/trvisualizadoreventos.js?20175251251768 HTTP/1.1" 200 19318
190.151.100.218 - - [15/Jan/2018:11:43:10 -0300] "GET /cormun/servlet/trvisualizadoreventos? HTTP/1.1" 200 6937
186.103.159.43 - - [15/Jan/2018:11:43:11 -0300] "POST /cormun/servlet/solicitudot?gx-no-cache=1516027350923 HTTP/1.1" 200 51
190.151.100.218 - - [15/Jan/2018:11:43:15 -0300] "POST /cormun/servlet/trvisualizadoreventos?5956580a7c4b57f308149bd7fe37d54b,,gx-no-cache=1516027400152 HTTP/1.1" 200 4138
190.151.100.218 - - [15/Jan/2018:11:43:20 -0300] "POST /cormun/servlet/trvisualizadoreventos?5956580a7c4b57f308149bd7fe37d54b,,gx-no-cache=1516027404315 HTTP/1.1" 200 4137
190.151.100.218 - - [15/Jan/2018:11:43:27 -0300] "GET /cormun/static/menuarrow.gif HTTP/1.1" 404 1015
190.151.100.218 - - [15/Jan/2018:11:43:35 -0300] "POST /cormun/servlet/trvisualizadoreventos?5956580a7c4b57f308149bd7fe37d54b,,gx-no-cache=1516027419336 HTTP/1.1" 200 4143
186.103.159.43 - - [15/Jan/2018:11:43:36 -0300] "POST /cormun/servlet/solicitudot?gx-no-cache=1516027375885 HTTP/1.1" 200 297
186.103.159.43 - - [15/Jan/2018:11:43:36 -0300] "GET /cormun/servlet/solicitudot?25152eb7ed44d8d1a583e2b8e37d6386f3c4946c49923895784a00c4320fda7c06d6153f6c3271df276b450e7967640d2ca1feecfd3a36aca71f3048041aa93205c83405677c88ad48878faac92227a639adaeca29f3644ac5d6225c0c8c435a2c9e80b3d47b031245c738c2d37588c3b89c3d38ee970e0e0e11cdef9971d4f5c3a5ee23b7af34f75707fd41d004675d9e6f16cc0e43c1229a8d3d05706abc62a3e7c231cd29946828d919f051f95b2986eed5a0e2a81321a7bf41ec5aca63919792f2749aa1c7a6170f671506d397ed41b0fa8eb78edff5a29cb94a9e69224d09f52c8e408046e55950bf86edbfad6650df2fc682a7dd77eeca03e51087f23179f3f0f7ca211b968c4cea71e72be514e23d16118920553ace97626b653a08c6aa752eabb959d01a2c3cda55d012943670b528434f14a4f318a3c6beab25a842d285993fbf629862c787bf93e9fc191630795313f6c795165526ed5dfa3ee92eac8fadbd67ad2bc85852fc596c354dba83e0da5ffd6ba18ae869e70fa8390a3288f42824d5463f1ad9c8b012b0fcb088,gx-no-cache=1516027376027 HTTP/1.1" 200 30
190.151.100.218 - - [15/Jan/2018:11:43:39 -0300] "POST /cormun/servlet/trvisualizadoreventos?5956580a7c4b57f308149bd7fe37d54b,,gx-no-cache=1516027424111 HTTP/1.1" 200 4143
186.103.159.43 - - [15/Jan/2018:11:43:40 -0300] "POST /cormun/servlet/solicitudot?gx-no-cache=1516027379603 HTTP/1.1" 200 30
190.46.88.54 - - [15/Jan/2018:11:43:40 -0300] "GET /cormun/servlet/solicitudot?b917c284ad3643af6d3be911fcaefea4552e73328c0eb16063707020d33532665c02016db74439857778b988423183aa,gx-no-cache=1516027382899 HTTP/1.1" 200 30
186.103.159.43 - - [15/Jan/2018:11:43:47 -0300] "POST /cormun/servlet/solicitudot?gx-no-cache=1516027387135 HTTP/1.1" 200 30
190.151.100.218 - - [15/Jan/2018:11:43:50 -0300] "POST /cormun/servlet/trvisualizadoreventos?5956580a7c4b57f308149bd7fe37d54b,,gx-no-cache=1516027434930 HTTP/1.1" 200 4145
190.46.88.54 - - [15/Jan/2018:11:43:53 -0300] "POST /cormun/servlet/solicitudot?gx-no-cache=1516027396029 HTTP/1.1" 200 30
190.46.88.54 - - [15/Jan/2018:11:43:53 -0300] "POST /cormun/servlet/solicitudot?85d9723e8c2b3a0a40264219935b1699,INS,0,0,,gx-no-cache=1516027396130 HTTP/1.1" 200 11259
190.46.88.54 - - [15/Jan/2018:11:43:54 -0300] "GET /cormun/static/Shared/jqueryui/images/ui-bg_highlight-soft_100_c6c2c8_1x100.png HTTP/1.1" 404 1117
190.46.88.54 - - [15/Jan/2018:11:43:54 -0300] "GET /cormun/static/Shared/jqueryui/images/ui-icons_82798d_256x240.png HTTP/1.1" 404 1089
190.46.88.54 - - [15/Jan/2018:11:43:54 -0300] "GET /cormun/static/Shared/jqueryui/images/ui-bg_flat_55_994d53_40x100.png HTTP/1.1" 404 1097
190.46.88.54 - - [15/Jan/2018:11:43:54 -0300] "GET /cormun/static/Shared/jqueryui/images/ui-icons_ebccce_256x240.png HTTP/1.1" 404 1089
190.151.100.218 - - [15/Jan/2018:11:43:56 -0300] "POST /cormun/servlet/trvisualizadoreventos?5956580a7c4b57f308149bd7fe37d54b,,gx-no-cache=1516027440403 HTTP/1.1" 200 4144
186.103.159.43 - - [15/Jan/2018:11:43:57 -0300] "POST /cormun/servlet/solicitudot?gx-no-cache=1516027396779 HTTP/1.1" 200 1353
186.103.159.43 - - [15/Jan/2018:11:43:57 -0300] "POST /cormun/servlet/solicitudot?gx-no-cache=1516027396915 HTTP/1.1" 200 38
190.151.100.218 - - [15/Jan/2018:11:44:02 -0300] "POST /cormun/servlet/trvisualizadoreventos?5956580a7c4b57f308149bd7fe37d54b,,gx-no-cache=1516027446323 HTTP/1.1" 200 4143
186.79.202.217 - - [15/Jan/2018:11:44:05 -0300] "GET /cormun/servlet/hlogin HTTP/1.1" 200 1722
190.151.100.218 - - [15/Jan/2018:11:44:06 -0300] "POST /cormun/servlet/trvisualizadoreventos?5956580a7c4b57f308149bd7fe37d54b,,gx-no-cache=1516027450326 HTTP/1.1" 200 4142
190.151.100.218 - - [15/Jan/2018:11:44:10 -0300] "POST /cormun/servlet/trvisualizadoreventos?5956580a7c4b57f308149bd7fe37d54b,,gx-no-cache=1516027455220 HTTP/1.1" 200 4143
190.46.88.54 - - [15/Jan/2018:11:44:13 -0300] "POST /cormun/servlet/solicitudot?85d9723e8c2b3a0a40264219935b1699,INS,0,0,,gx-no-cache=1516027415422 HTTP/1.1" 200 11320
190.151.100.218 - - [15/Jan/2018:11:44:14 -0300] "POST /cormun/servlet/trvisualizadoreventos?5956580a7c4b57f308149bd7fe37d54b,,gx-no-cache=1516027459158 HTTP/1.1" 200 4143
186.79.202.217 - - [15/Jan/2018:11:44:21 -0300] "POST /cormun/servlet/hlogin?5e2bb1ffc6ff59da4f9d4282f07da3a9,gx-no-cache=1516023816839 HTTP/1.1" 200 90
186.79.202.217 - - [15/Jan/2018:11:44:21 -0300] "GET /cormun/servlet/hpexe_link HTTP/1.1" 200 952
186.79.202.217 - - [15/Jan/2018:11:44:22 -0300] "GET /cormun/servlet/hhome HTTP/1.1" 200 3974
186.79.202.217 - - [15/Jan/2018:11:44:22 -0300] "GET /cormun/servlet/hhome HTTP/1.1" 200 3971
186.79.202.217 - - [15/Jan/2018:11:44:25 -0300] "GET /cormun/servlet/trlicencias? HTTP/1.1" 200 8684
190.46.88.54 - - [15/Jan/2018:11:44:25 -0300] "POST /cormun/servlet/solicitudot?85d9723e8c2b3a0a40264219935b1699,INS,0,0,,gx-no-cache=1516027427292 HTTP/1.1" 200 11370
186.79.202.217 - - [15/Jan/2018:11:44:25 -0300] "GET /cormun/servlet/trlicencias? HTTP/1.1" 200 8682
186.79.202.217 - - [15/Jan/2018:11:44:38 -0300] "GET /cormun/servlet/trlicencias? HTTP/1.1" 200 8684
200.111.191.210 - - [15/Jan/2018:11:44:38 -0300] "POST /cormun/servlet/solicitudot?gx-no-cache=1516027438255 HTTP/1.1" 200 254
200.111.191.210 - - [15/Jan/2018:11:44:38 -0300] "GET /cormun/servlet/solicitudot?9754373cc0b8fd8a40a15517404bf6bdb677c2152ae94ef295dee90dc5f1da15fec0a3080702d31e548b160bfc285e27d4cfdd87f2e843ded65aefabb0d00f5154a53bf11b46b53b31b756c548a4b7f01dba4e9c7c64bb9f923818867f185595aa19b97eb4e16ae34f0542093cf8c8f824f845bf0c6754ecedb5a3e999487af397b375ad48dcf9a9f1cdb1c0c60683e90ee288b777bd695071a3ca239fae29ee870c7a5310ade85ddfbf421d18e897a2dc8f4a92c00fec9501ed73646b8021934daaeb0d5050e2ee4b81610387dc45e22502f3c9d356f43f4da411c49b2e85525e22235dde2a0508e122c8f4ce4cf3d72a471dd15f4db822fffd9993c16a0c333efc6186f422c6c7e42c75b0749ef42be5a76870e03bc12f5bdd389bec7a66163a79327c24f1284e1a206d9a68f563aa565a96f8012584d9968850ae56542b2dfd0a1366e4a7e842a765531b437d2541d5656ba9b28284fdea75e69dd7ed3cf2ee805021b20eec66f376160b18f5da4112bdbc790d398144745240864d282970,gx-no-cache=1516027438338 HTTP/1.1" 200 30
200.111.191.210 - - [15/Jan/2018:11:44:38 -0300] "POST /cormun/servlet/solicitudot?gx-no-cache=1516027438359 HTTP/1.1" 200 30
200.111.191.210 - - [15/Jan/2018:11:44:38 -0300] "POST /cormun/servlet/solicitudot?gx-no-cache=1516027438387 HTTP/1.1" 200 231
200.111.191.210 - - [15/Jan/2018:11:44:38 -0300] "POST /cormun/servlet/solicitudot?gx-no-cache=1516027438415 HTTP/1.1" 200 41
200.111.191.210 - - [15/Jan/2018:11:44:38 -0300] "POST /cormun/servlet/solicitudot?gx-no-cache=1516027438438 HTTP/1.1" 200 217
200.111.191.210 - - [15/Jan/2018:11:44:38 -0300] "GET /cormun/servlet/solicitudot?9754373cc0b8fd8a40a15517404bf6bdbf746a01b809bf176623402f4272467a460991c8d2c1b61703a2ea4f7801e55231be22efc35da663ae4eecbeabfc4810f6cbf36a76f37d43f440863182c3954147c8f767ced38d61c35b74153147a90bbd659a91720e5ba32a082718a8cc75f08bf67b7f45f8421ef68d0c06d0773cdc014b7120bcb650a6af167ceeeb00d3c7,gx-no-cache=1516027438466 HTTP/1.1" 200 55
200.111.191.210 - - [15/Jan/2018:11:44:38 -0300] "GET /cormun/servlet/solicitudot?9754373cc0b8fd8a40a15517404bf6bd58da3908fb2286ff2e42c6ada147b0a3b1903c42ebe5c252602b4c3756819b69,gx-no-cache=1516027438494 HTTP/1.1" 200 30
200.111.191.210 - - [15/Jan/2018:11:44:38 -0300] "POST /cormun/servlet/solicitudot?gx-no-cache=1516027438519 HTTP/1.1" 200 30
186.79.202.217 - - [15/Jan/2018:11:44:38 -0300] "GET /cormun/servlet/trlicencias? HTTP/1.1" 200 8682
200.111.191.210 - - [15/Jan/2018:11:44:38 -0300] "POST /cormun/servlet/solicitudot?4a6a394e9b92e216473e1d469e54fe9e,INS,0,0,,gx-no-cache=1516027438546 HTTP/1.1" 200 11486
186.79.202.217 - - [15/Jan/2018:11:44:38 -0300] "GET /favicon.ico HTTP/1.1" 200 21630
190.151.100.218 - - [15/Jan/2018:11:44:41 -0300] "POST /cormun/servlet/trvisualizadoreventos?5956580a7c4b57f308149bd7fe37d54b,,gx-no-cache=1516027465487 HTTP/1.1" 500 10
186.79.202.217 - - [15/Jan/2018:11:44:42 -0300] "GET /cormun/servlet/hlogin HTTP/1.1" 200 1738
200.111.191.210 - - [15/Jan/2018:11:44:44 -0300] "POST /cormun/servlet/solicitudot?4a6a394e9b92e216473e1d469e54fe9e,INS,0,0,,gx-no-cache=1516027444489 HTTP/1.1" 200 11331
200.111.191.210 - - [15/Jan/2018:11:44:44 -0300] "GET /cormun/static/Shared/jqueryui/images/ui-bg_flat_55_fafafa_40x100.png HTTP/1.1" 404 1097
200.111.191.210 - - [15/Jan/2018:11:44:44 -0300] "GET /cormun/static/Shared/jqueryui/images/ui-icons_8d78a5_256x240.png HTTP/1.1" 404 1089
200.111.191.210 - - [15/Jan/2018:11:44:49 -0300] "POST /cormun/servlet/solicitudot?gx-no-cache=1516027449333 HTTP/1.1" 200 3847
200.111.191.210 - - [15/Jan/2018:11:44:49 -0300] "POST /cormun/servlet/solicitudot?4a6a394e9b92e216473e1d469e54fe9e,INS,0,0,,gx-no-cache=1516027449476 HTTP/1.1" 200 11352
200.111.191.210 - - [15/Jan/2018:11:44:49 -0300] "GET /cormun/servlet/solicitudot?9754373cc0b8fd8a40a15517404bf6bd5122f05d58011bff1e1e4cf6eeb1d064bb61cafaea734884fc4299069a238098,gx-no-cache=1516027449689 HTTP/1.1" 200 30
186.79.202.217 - - [15/Jan/2018:11:44:52 -0300] "POST /cormun/servlet/hlogin?5e2bb1ffc6ff59da4f9d4282f07da3a9,gx-no-cache=1516023847918 HTTP/1.1" 200 90
186.79.202.217 - - [15/Jan/2018:11:44:52 -0300] "GET /cormun/servlet/hpexe_link HTTP/1.1" 200 952
186.79.202.217 - - [15/Jan/2018:11:44:53 -0300] "GET /cormun/servlet/hhome HTTP/1.1" 200 4182
