186.103.158.250 - - [12/Jan/2018:14:48:45 -0300] "POST /cormun/servlet/solicitudotadjuntos?gx-no-cache=1515779283356 HTTP/1.1" 200 26
186.103.158.250 - - [12/Jan/2018:14:48:55 -0300] "GET /cormun/servlet/solicitudotadjuntos?c1b884f5da51209de22096c950fcb6cac495d0fbbfe43c3573cecb9ea729c258,gx-no-cache=1515779293150 HTTP/1.1" 200 30
186.103.158.250 - - [12/Jan/2018:14:48:55 -0300] "GET /cormun/servlet/solicitudotadjuntos?c1b884f5da51209de22096c950fcb6cac495d0fbbfe43c3573cecb9ea729c258,gx-no-cache=1515779293183 HTTP/1.1" 200 30
186.103.158.250 - - [12/Jan/2018:14:48:56 -0300] "POST /cormun/servlet/solicitudotadjuntos?388dc8091d2ab006ff636e625e365d9c,INS,2018,8838,,1, HTTP/1.1" 200 116
186.103.158.250 - - [12/Jan/2018:14:48:56 -0300] "GET /cormun/servlet/hpexe_return? HTTP/1.1" 200 1030
186.103.158.250 - - [12/Jan/2018:14:48:56 -0300] "GET /cormun/servlet/trsolicitudadjuntos?2018,8838, HTTP/1.1" 200 9003
186.103.158.250 - - [12/Jan/2018:14:48:58 -0300] "GET /cormun/servlet/trsolicitudadjuntos?2018,8838, HTTP/1.1" 200 9001
186.103.158.250 - - [12/Jan/2018:14:49:01 -0300] "GET /cormun/servlet/solicitudotadjuntos?INS,2018,8838,,1, HTTP/1.1" 200 6219
186.103.158.250 - - [12/Jan/2018:14:49:01 -0300] "GET /cormun/static/about:blank HTTP/1.1" 404 1011
186.103.158.250 - - [12/Jan/2018:14:49:02 -0300] "GET /cormun/servlet/solicitudotadjuntos?INS,2018,8838,,1, HTTP/1.1" 200 6212
186.103.158.250 - - [12/Jan/2018:14:49:02 -0300] "GET /cormun/servlet/solicitudotadjuntos?c1b884f5da51209de22096c950fcb6cafc8fb69b5748cef718bda355fe61a7f7b5d72c9abd77f4260d9286a38e204353,gx-no-cache=1515779300878 HTTP/1.1" 200 30
186.103.158.250 - - [12/Jan/2018:14:49:02 -0300] "POST /cormun/servlet/solicitudotadjuntos?388dc8091d2ab006ff636e625e365d9c,INS,2018,8838,,1,,gx-no-cache=1515779300927 HTTP/1.1" 200 4024
186.103.158.250 - - [12/Jan/2018:14:49:07 -0300] "POST /cormun/servlet/solicitudotadjuntos?gx-no-cache=1515779305835 HTTP/1.1" 200 26
186.103.158.250 - - [12/Jan/2018:14:49:18 -0300] "GET /cormun/servlet/solicitudotadjuntos?c1b884f5da51209de22096c950fcb6cac495d0fbbfe43c3573cecb9ea729c258,gx-no-cache=1515779316258 HTTP/1.1" 200 30
186.103.158.250 - - [12/Jan/2018:14:49:18 -0300] "GET /cormun/servlet/solicitudotadjuntos?c1b884f5da51209de22096c950fcb6cac495d0fbbfe43c3573cecb9ea729c258,gx-no-cache=1515779316294 HTTP/1.1" 200 30
186.103.158.250 - - [12/Jan/2018:14:49:19 -0300] "POST /cormun/servlet/solicitudotadjuntos?388dc8091d2ab006ff636e625e365d9c,INS,2018,8838,,1, HTTP/1.1" 200 116
186.103.158.250 - - [12/Jan/2018:14:49:19 -0300] "GET /cormun/servlet/hpexe_return? HTTP/1.1" 200 1030
186.103.158.250 - - [12/Jan/2018:14:49:20 -0300] "GET /cormun/servlet/trsolicitudadjuntos?2018,8838, HTTP/1.1" 200 9196
186.103.158.250 - - [12/Jan/2018:14:49:21 -0300] "GET /cormun/servlet/trsolicitudadjuntos?2018,8838, HTTP/1.1" 200 9195
186.103.158.250 - - [12/Jan/2018:14:49:33 -0300] "GET /cormun/servlet/solicitudotadjuntos?INS,2018,8838,,1, HTTP/1.1" 200 6219
186.103.158.250 - - [12/Jan/2018:14:49:33 -0300] "GET /cormun/static/about:blank HTTP/1.1" 404 1011
186.103.158.250 - - [12/Jan/2018:14:49:34 -0300] "GET /cormun/servlet/solicitudotadjuntos?INS,2018,8838,,1, HTTP/1.1" 200 6212
186.103.158.250 - - [12/Jan/2018:14:49:34 -0300] "GET /cormun/servlet/solicitudotadjuntos?c1b884f5da51209de22096c950fcb6cafc8fb69b5748cef718bda355fe61a7f7b5d72c9abd77f4260d9286a38e204353,gx-no-cache=1515779332743 HTTP/1.1" 200 30
186.103.158.250 - - [12/Jan/2018:14:49:34 -0300] "POST /cormun/servlet/solicitudotadjuntos?388dc8091d2ab006ff636e625e365d9c,INS,2018,8838,,1,,gx-no-cache=1515779332803 HTTP/1.1" 200 4024
186.103.158.250 - - [12/Jan/2018:14:49:46 -0300] "POST /cormun/servlet/solicitudotadjuntos?gx-no-cache=1515779344648 HTTP/1.1" 200 26
192.168.10.89 - - [12/Jan/2018:14:49:47 -0300] "POST /cormun/servlet/solicitudgral?c739d52621d4d2d2bcb4e2ae2d79b422,UPD,2018,8597,,gx-no-cache=1515779247006 HTTP/1.1" 200 93
192.168.10.89 - - [12/Jan/2018:14:49:47 -0300] "GET /cormun/servlet/hpexe_return? HTTP/1.1" 200 1038
192.168.10.89 - - [12/Jan/2018:14:49:48 -0300] "GET /cormun/servlet/trsolicitudgral?gx-no-cache=1515779094137 HTTP/1.1" 200 26688
186.103.158.250 - - [12/Jan/2018:14:49:54 -0300] "GET /cormun/servlet/solicitudotadjuntos?c1b884f5da51209de22096c950fcb6cac495d0fbbfe43c3573cecb9ea729c258,gx-no-cache=1515779352323 HTTP/1.1" 200 30
186.103.158.250 - - [12/Jan/2018:14:49:54 -0300] "GET /cormun/servlet/solicitudotadjuntos?c1b884f5da51209de22096c950fcb6cac495d0fbbfe43c3573cecb9ea729c258,gx-no-cache=1515779352349 HTTP/1.1" 200 30
186.103.158.250 - - [12/Jan/2018:14:49:57 -0300] "POST /cormun/servlet/solicitudotadjuntos?388dc8091d2ab006ff636e625e365d9c,INS,2018,8838,,1, HTTP/1.1" 200 116
186.103.158.250 - - [12/Jan/2018:14:49:57 -0300] "GET /cormun/servlet/hpexe_return? HTTP/1.1" 200 1030
186.103.158.250 - - [12/Jan/2018:14:49:59 -0300] "GET /cormun/servlet/trsolicitudadjuntos?2018,8838, HTTP/1.1" 200 9406
192.168.10.89 - - [12/Jan/2018:14:49:59 -0300] "GET /cormun/servlet/solicitudgral?UPD,2018,8641, HTTP/1.1" 200 11977
192.168.10.89 - - [12/Jan/2018:14:50:01 -0300] "POST /cormun/servlet/solicitudgral?gx-no-cache=1515779260037 HTTP/1.1" 200 3836
192.168.10.89 - - [12/Jan/2018:14:50:01 -0300] "GET /cormun/servlet/solicitudgral?fe8ac80d1fc91862e8d3e90ec2f3fd19706562da45b254aa268df91704afd785155c5c70d2a57f068c0dda6ad548489df9e9ad16e0b52ffa851ea497b9543ccdedc916ce7f04b3c61a720e75e318c764f00af83349234e7a8ef32487fc2ebc26254e2d2ad600cc95074d0ceb76066636fc61be130f64e5c64ba9d7e5fc61ab38ebe5b8535e7541776d508e4da6b1796ff4d50be676f75e1ddfc875d4a3293b69f3f58e687508bb5e1e89ff80fbe70ee45c50edb34d93f59996783a59fb7f047db36ca83270e2ec6c40358736aa620d25c38ec334e2c3c5612c98d6aa3990dc154f14823b5d72cc854fc818943b02b70df7ffa43964b6eafa684927a8136fc0896adfe2882f7c2cee2eeef1e5d225e4759e8479b7bc16dfb44f398c16a6096393b179ac4c7e5cddb7730dc87bf12acbe72738cc20b68118b11ca9922d605b9c2c49e2ecc45e54fc119b92f31e98aab8bd,gx-no-cache=1515779260497 HTTP/1.1" 200 297
186.103.158.250 - - [12/Jan/2018:14:50:01 -0300] "GET /cormun/servlet/trsolicitudadjuntos?2018,8838, HTTP/1.1" 200 9404
186.103.158.250 - - [12/Jan/2018:14:50:05 -0300] "GET /cormun/servlet/solicitudotadjuntos?INS,2018,8838,,1, HTTP/1.1" 200 6219
186.103.158.250 - - [12/Jan/2018:14:50:06 -0300] "GET /cormun/static/about:blank HTTP/1.1" 404 1011
186.103.158.250 - - [12/Jan/2018:14:50:06 -0300] "GET /cormun/servlet/solicitudotadjuntos?INS,2018,8838,,1, HTTP/1.1" 200 6212
186.103.158.250 - - [12/Jan/2018:14:50:07 -0300] "GET /cormun/servlet/solicitudotadjuntos?c1b884f5da51209de22096c950fcb6cafc8fb69b5748cef718bda355fe61a7f7b5d72c9abd77f4260d9286a38e204353,gx-no-cache=1515779365545 HTTP/1.1" 200 30
186.103.158.250 - - [12/Jan/2018:14:50:07 -0300] "POST /cormun/servlet/solicitudotadjuntos?388dc8091d2ab006ff636e625e365d9c,INS,2018,8838,,1,,gx-no-cache=1515779365648 HTTP/1.1" 200 4024
192.168.10.89 - - [12/Jan/2018:14:50:08 -0300] "POST /cormun/servlet/solicitudgral?c739d52621d4d2d2bcb4e2ae2d79b422,UPD,2018,8641,,gx-no-cache=1515779267572 HTTP/1.1" 200 93
192.168.10.89 - - [12/Jan/2018:14:50:08 -0300] "GET /cormun/servlet/hpexe_return? HTTP/1.1" 200 1038
192.168.10.89 - - [12/Jan/2018:14:50:09 -0300] "GET /cormun/servlet/trsolicitudgral?gx-no-cache=1515779094137 HTTP/1.1" 200 26688
186.103.158.250 - - [12/Jan/2018:14:50:13 -0300] "POST /cormun/servlet/solicitudotadjuntos?gx-no-cache=1515779371903 HTTP/1.1" 200 26
192.168.10.89 - - [12/Jan/2018:14:50:18 -0300] "GET /cormun/servlet/solicitudgral?UPD,2018,8621, HTTP/1.1" 200 13110
192.168.10.89 - - [12/Jan/2018:14:50:19 -0300] "POST /cormun/servlet/solicitudgral?gx-no-cache=1515779279050 HTTP/1.1" 200 3833
192.168.10.89 - - [12/Jan/2018:14:50:19 -0300] "GET /cormun/servlet/solicitudgral?fe8ac80d1fc91862e8d3e90ec2f3fd19706562da45b254aa268df91704afd785155c5c70d2a57f068c0dda6ad548489df9e9ad16e0b52ffa851ea497b9543ccdedc916ce7f04b3c61a720e75e318c764f00af83349234e7a8ef32487fc2ebc26254e2d2ad600cc95074d0ceb76066636fc61be130f64e5c64ba9d7e5fc61ab38ebe5b8535e7541776d508e4da6b1796ff4d50be676f75e1ddfc875d4a3293b69f3f58e687508bb5e1e89ff80fbe70ee45c50edb34d93f59996783a59fb7f047db36ca83270e2ec6c40358736aa620d25c38ec334e2c3c5612c98d6aa3990dc154f14823b5d72cc854fc818943b02b70df7ffa43964b6eafa684927a8136fc0896adfe2882f7c2cee2eeef1e5d225e4759e8479b7bc16dfb44f398c16a6096393b179ac4c7e5cddb7730dc87bf12acbe72738cc20b68118b11ca9922d605b9c2c49e2ecc45e54fc119b92f31e98aab8bd,gx-no-cache=1515779279201 HTTP/1.1" 200 297
192.168.10.89 - - [12/Jan/2018:14:50:23 -0300] "POST /cormun/servlet/solicitudgral?c739d52621d4d2d2bcb4e2ae2d79b422,UPD,2018,8621,,gx-no-cache=1515779282388 HTTP/1.1" 200 93
192.168.10.89 - - [12/Jan/2018:14:50:23 -0300] "GET /cormun/servlet/hpexe_return? HTTP/1.1" 200 1038
192.168.10.89 - - [12/Jan/2018:14:50:24 -0300] "GET /cormun/servlet/trsolicitudgral?gx-no-cache=1515779094137 HTTP/1.1" 200 26688
186.103.158.250 - - [12/Jan/2018:14:50:29 -0300] "GET /cormun/servlet/solicitudotadjuntos?c1b884f5da51209de22096c950fcb6cac495d0fbbfe43c3573cecb9ea729c258,gx-no-cache=1515779387863 HTTP/1.1" 200 30
186.103.158.250 - - [12/Jan/2018:14:50:29 -0300] "GET /cormun/servlet/solicitudotadjuntos?c1b884f5da51209de22096c950fcb6cac495d0fbbfe43c3573cecb9ea729c258,gx-no-cache=1515779387899 HTTP/1.1" 200 30
186.103.158.250 - - [12/Jan/2018:14:50:30 -0300] "POST /cormun/servlet/solicitudotadjuntos?388dc8091d2ab006ff636e625e365d9c,INS,2018,8838,,1, HTTP/1.1" 200 116
186.103.158.250 - - [12/Jan/2018:14:50:30 -0300] "GET /cormun/servlet/hpexe_return? HTTP/1.1" 200 1030
186.103.158.250 - - [12/Jan/2018:14:50:32 -0300] "GET /cormun/servlet/trsolicitudadjuntos?2018,8838, HTTP/1.1" 200 9661
192.168.10.89 - - [12/Jan/2018:14:50:33 -0300] "GET /cormun/servlet/solicitudgral?UPD,2018,8586, HTTP/1.1" 200 13112
192.168.10.89 - - [12/Jan/2018:14:50:34 -0300] "POST /cormun/servlet/solicitudgral?gx-no-cache=1515779293429 HTTP/1.1" 200 3823
186.103.158.250 - - [12/Jan/2018:14:50:34 -0300] "GET /cormun/servlet/trsolicitudadjuntos?2018,8838, HTTP/1.1" 200 9658
192.168.10.89 - - [12/Jan/2018:14:50:34 -0300] "GET /cormun/servlet/solicitudgral?fe8ac80d1fc91862e8d3e90ec2f3fd19706562da45b254aa268df91704afd785ea7243779ecf18b870fc63377d46ff89f9e9ad16e0b52ffa851ea497b9543ccdedc916ce7f04b3c61a720e75e318c764f00af83349234e7a8ef32487fc2ebc26254e2d2ad600cc95074d0ceb76066636fc61be130f64e5c64ba9d7e5fc61ab38ebe5b8535e7541776d508e4da6b1796ff4d50be676f75e1ddfc875d4a3293b69f3f58e687508bb5e1e89ff80fbe70ee45c50edb34d93f59996783a59fb7f047db36ca83270e2ec6c40358736aa620d25c38ec334e2c3c5612c98d6aa3990dc154f14823b5d72cc854fc818943b02b70df7ffa43964b6eafa684927a8136fc0896adfe2882f7c2cee2eeef1e5d225e4759e8479b7bc16dfb44f398c16a6096393b179ac4c7e5cddb7730dc87bf12acbe72738cc20b68118b11ca9922d605b9c2c49e2ecc45e54fc119b92f31e98aab8bd,gx-no-cache=1515779293597 HTTP/1.1" 200 255
186.103.158.250 - - [12/Jan/2018:14:50:39 -0300] "GET /cormun/PublicTempStorage/titulo_profesional9392726.pdf HTTP/1.1" 200 859453
192.168.10.89 - - [12/Jan/2018:14:50:45 -0300] "POST /cormun/servlet/solicitudgral?c739d52621d4d2d2bcb4e2ae2d79b422,UPD,2018,8586,,gx-no-cache=1515779304488 HTTP/1.1" 200 93
192.168.10.89 - - [12/Jan/2018:14:50:45 -0300] "GET /cormun/servlet/hpexe_return? HTTP/1.1" 200 1038
192.168.10.89 - - [12/Jan/2018:14:50:46 -0300] "GET /cormun/servlet/trsolicitudgral?gx-no-cache=1515779094137 HTTP/1.1" 200 26688
186.103.158.250 - - [12/Jan/2018:14:50:52 -0300] "GET /cormun/servlet/hlogin HTTP/1.1" 200 1720
192.168.10.89 - - [12/Jan/2018:14:51:01 -0300] "POST /cormun/servlet/trsolicitudgral?c739d52621d4d2d2bcb4e2ae2d79b422,gx-no-cache=1515779094137,gx-no-cache=1515779320312 HTTP/1.1" 200 9090
186.103.158.250 - - [12/Jan/2018:14:51:06 -0300] "POST /cormun/servlet/hlogin?66a2e52b514cdd2f3d8a0668da0a4c20,gx-no-cache=1515779424693 HTTP/1.1" 200 428
192.168.10.89 - - [12/Jan/2018:14:51:22 -0300] "GET /cormun/servlet/solicitudgral?UPD,2018,8285, HTTP/1.1" 200 13071
192.168.10.89 - - [12/Jan/2018:14:51:24 -0300] "POST /cormun/servlet/solicitudgral?gx-no-cache=1515779343215 HTTP/1.1" 200 3819
192.168.10.89 - - [12/Jan/2018:14:51:24 -0300] "GET /cormun/servlet/solicitudgral?fe8ac80d1fc91862e8d3e90ec2f3fd19706562da45b254aa268df91704afd785ea7243779ecf18b870fc63377d46ff89f9e9ad16e0b52ffa851ea497b9543ccdedc916ce7f04b3c61a720e75e318c764f00af83349234e7a8ef32487fc2ebc26254e2d2ad600cc95074d0ceb76066636fc61be130f64e5c64ba9d7e5fc61ab38ebe5b8535e7541776d508e4da6b1796ff4d50be676f75e1ddfc875d4a3293b69f3f58e687508bb5e1e89ff80fbe70ee45c50edb34d93f59996783a59fb7f047db36ca83270e2ec6c40358736aa620d25c38ec334e2c3c5612c98d6aa3990dc154f14823b5d72cc854fc818943b02b70df7ffa43964b6eafa684927a8136fc0896adfe2882f7c2cee2eeef1e5d225e4759e8479b7bc16dfb44f398c16a6096393b179ac4c7e5cddb7730dc87bf12acbe72738cc20b68118b11ca9922d605b9c2c49e2ecc45e54fc119b92f31e98aab8bd,gx-no-cache=1515779343369 HTTP/1.1" 200 255
186.103.158.250 - - [12/Jan/2018:14:51:28 -0300] "POST /cormun/servlet/hlogin?66a2e52b514cdd2f3d8a0668da0a4c20,gx-no-cache=1515779446154 HTTP/1.1" 200 90
186.103.158.250 - - [12/Jan/2018:14:51:28 -0300] "GET /cormun/servlet/hpexe_link HTTP/1.1" 200 953
186.103.158.250 - - [12/Jan/2018:14:51:28 -0300] "GET /cormun/servlet/hhome HTTP/1.1" 200 4168
186.103.158.250 - - [12/Jan/2018:14:51:29 -0300] "GET /cormun/servlet/hhome HTTP/1.1" 200 4165
186.103.158.250 - - [12/Jan/2018:14:51:37 -0300] "GET /cormun/servlet/trsolicitudot? HTTP/1.1" 200 9608
186.103.158.250 - - [12/Jan/2018:14:51:39 -0300] "GET /cormun/servlet/trsolicitudot? HTTP/1.1" 200 9608
186.103.158.250 - - [12/Jan/2018:14:51:45 -0300] "POST /cormun/servlet/trsolicitudot?66a2e52b514cdd2f3d8a0668da0a4c20,,gx-no-cache=1515779463018 HTTP/1.1" 200 106
186.103.158.250 - - [12/Jan/2018:14:51:46 -0300] "GET /cormun/servlet/trsolicitudadjuntos?2018,8838, HTTP/1.1" 200 9654
186.103.158.250 - - [12/Jan/2018:14:51:48 -0300] "GET /cormun/servlet/trsolicitudadjuntos?2018,8838, HTTP/1.1" 200 9654
186.103.158.250 - - [12/Jan/2018:14:51:51 -0300] "GET /cormun/servlet/trsolicitudot? HTTP/1.1" 200 9608
186.103.158.250 - - [12/Jan/2018:14:51:52 -0300] "GET /cormun/servlet/trsolicitudot? HTTP/1.1" 200 9608
192.168.10.89 - - [12/Jan/2018:14:51:59 -0300] "POST /cormun/servlet/solicitudgral?c739d52621d4d2d2bcb4e2ae2d79b422,UPD,2018,8285,,gx-no-cache=1515779379035 HTTP/1.1" 200 93
192.168.10.89 - - [12/Jan/2018:14:51:59 -0300] "GET /cormun/servlet/hpexe_return? HTTP/1.1" 200 1038
192.168.10.89 - - [12/Jan/2018:14:52:00 -0300] "GET /cormun/servlet/trsolicitudgral?gx-no-cache=1515779094137 HTTP/1.1" 200 12516
186.103.158.250 - - [12/Jan/2018:14:52:01 -0300] "POST /cormun/servlet/trsolicitudot?66a2e52b514cdd2f3d8a0668da0a4c20,,gx-no-cache=1515779479450 HTTP/1.1" 200 6373
186.103.158.250 - - [12/Jan/2018:14:52:01 -0300] "GET /cormun/static/Shared/jqueryui/images/ui-bg_highlight-soft_100_c6c2c8_1x100.png HTTP/1.1" 404 1117
186.103.158.250 - - [12/Jan/2018:14:52:01 -0300] "GET /cormun/static/Shared/jqueryui/images/ui-icons_82798d_256x240.png HTTP/1.1" 404 1089
186.103.158.250 - - [12/Jan/2018:14:52:01 -0300] "GET /cormun/static/Shared/jqueryui/images/ui-bg_flat_55_fafafa_40x100.png HTTP/1.1" 404 1097
186.103.158.250 - - [12/Jan/2018:14:52:01 -0300] "GET /cormun/static/Shared/jqueryui/images/ui-icons_8d78a5_256x240.png HTTP/1.1" 404 1089
186.103.158.250 - - [12/Jan/2018:14:52:01 -0300] "POST /cormun/servlet/trsolicitudot?66a2e52b514cdd2f3d8a0668da0a4c20,,gx-no-cache=1515779479927 HTTP/1.1" 200 6317
192.168.10.89 - - [12/Jan/2018:14:52:09 -0300] "POST /cormun/servlet/trsolicitudgral?c739d52621d4d2d2bcb4e2ae2d79b422,gx-no-cache=1515779094137,gx-no-cache=1515779388529 HTTP/1.1" 200 16428
186.103.158.250 - - [12/Jan/2018:14:52:21 -0300] "POST /cormun/servlet/trsolicitudot?66a2e52b514cdd2f3d8a0668da0a4c20,,gx-no-cache=1515779499225 HTTP/1.1" 200 6421
186.103.158.250 - - [12/Jan/2018:14:52:28 -0300] "POST /cormun/servlet/trsolicitudot?66a2e52b514cdd2f3d8a0668da0a4c20,,gx-no-cache=1515779506306 HTTP/1.1" 200 106
186.103.158.250 - - [12/Jan/2018:14:52:28 -0300] "GET /cormun/servlet/trsolicitudadjuntos?2018,8848, HTTP/1.1" 200 6266
186.103.158.250 - - [12/Jan/2018:14:52:29 -0300] "GET /cormun/servlet/trsolicitudadjuntos?2018,8848, HTTP/1.1" 200 6266
186.103.158.250 - - [12/Jan/2018:14:52:45 -0300] "GET /cormun/servlet/hlogin HTTP/1.1" 200 1722
186.103.158.250 - - [12/Jan/2018:14:52:45 -0300] "GET /cormun/servlet/hlogin HTTP/1.1" 200 1722
192.168.10.89 - - [12/Jan/2018:14:52:54 -0300] "POST /cormun/servlet/trsolicitudgral?c739d52621d4d2d2bcb4e2ae2d79b422,gx-no-cache=1515779094137,gx-no-cache=1515779426174 HTTP/1.1" 200 24118
186.103.158.250 - - [12/Jan/2018:14:53:02 -0300] "POST /cormun/servlet/hlogin?44654e37dbd4d49d6dab72390128920a,gx-no-cache=1515779540319 HTTP/1.1" 200 90
186.103.158.250 - - [12/Jan/2018:14:53:02 -0300] "GET /cormun/servlet/hpexe_link HTTP/1.1" 200 955
186.103.158.250 - - [12/Jan/2018:14:53:02 -0300] "GET /cormun/servlet/hhome HTTP/1.1" 200 4171
186.103.158.250 - - [12/Jan/2018:14:53:04 -0300] "GET /cormun/servlet/hhome HTTP/1.1" 200 4167
192.168.10.89 - - [12/Jan/2018:14:53:07 -0300] "POST /cormun/servlet/trsolicitudgral?c739d52621d4d2d2bcb4e2ae2d79b422,gx-no-cache=1515779094137,gx-no-cache=1515779437747 HTTP/1.1" 200 105
192.168.10.89 - - [12/Jan/2018:14:53:07 -0300] "GET /cormun/SolicitudGral-4607.xls HTTP/1.1" 200 596480
186.103.158.250 - - [12/Jan/2018:14:53:08 -0300] "GET /cormun/servlet/trsolicitudot? HTTP/1.1" 200 9246
186.103.158.250 - - [12/Jan/2018:14:53:09 -0300] "GET /cormun/servlet/trsolicitudot? HTTP/1.1" 200 9243
192.168.10.89 - - [12/Jan/2018:14:53:13 -0300] "OPTIONS /cormun/ HTTP/1.1" 200 -
192.168.10.89 - - [12/Jan/2018:14:53:13 -0300] "OPTIONS /cormun/ HTTP/1.1" 200 -
192.168.10.89 - - [12/Jan/2018:14:53:18 -0300] "HEAD /cormun/SolicitudGral-4607.xls HTTP/1.1" 200 -
192.168.10.89 - - [12/Jan/2018:14:53:18 -0300] "HEAD /cormun/SolicitudGral-4607.xls HTTP/1.1" 200 -
192.168.10.89 - - [12/Jan/2018:14:53:34 -0300] "GET /cormun/SolicitudGral-4607.xls HTTP/1.1" 200 596480
192.168.10.89 - - [12/Jan/2018:14:53:34 -0300] "HEAD /cormun/SolicitudGral-4607.xls HTTP/1.1" 200 -
186.103.158.250 - - [12/Jan/2018:14:53:35 -0300] "GET /cormun/servlet/trautorizarsolicitud? HTTP/1.1" 200 8627
186.103.158.250 - - [12/Jan/2018:14:53:36 -0300] "GET /cormun/static/gxcfg.js?2017111423403364 HTTP/1.1" 304 -
186.103.158.250 - - [12/Jan/2018:14:53:37 -0300] "GET /cormun/servlet/trautorizarsolicitud? HTTP/1.1" 200 8626
186.103.158.250 - - [12/Jan/2018:14:53:47 -0300] "POST /cormun/servlet/trautorizarsolicitud?44654e37dbd4d49d6dab72390128920a,,gx-no-cache=1515779585004 HTTP/1.1" 200 4609
186.103.158.250 - - [12/Jan/2018:14:53:47 -0300] "GET /cormun/static/Shared/jqueryui/images/ui-bg_highlight-soft_100_c6c2c8_1x100.png HTTP/1.1" 404 1117
186.103.158.250 - - [12/Jan/2018:14:53:47 -0300] "GET /cormun/static/Shared/jqueryui/images/ui-icons_82798d_256x240.png HTTP/1.1" 404 1089
186.103.158.250 - - [12/Jan/2018:14:53:47 -0300] "GET /cormun/static/Shared/jqueryui/images/ui-bg_flat_55_fafafa_40x100.png HTTP/1.1" 404 1097
186.103.158.250 - - [12/Jan/2018:14:53:47 -0300] "GET /cormun/static/Shared/jqueryui/images/ui-icons_8d78a5_256x240.png HTTP/1.1" 404 1089
186.103.158.250 - - [12/Jan/2018:14:53:47 -0300] "POST /cormun/servlet/trautorizarsolicitud?44654e37dbd4d49d6dab72390128920a,,gx-no-cache=1515779585432 HTTP/1.1" 200 4392
186.103.158.250 - - [12/Jan/2018:14:54:38 -0300] "GET /cormun/servlet/trsolicitudot? HTTP/1.1" 200 9244
186.103.158.250 - - [12/Jan/2018:14:54:40 -0300] "GET /cormun/servlet/trsolicitudot? HTTP/1.1" 200 9243
186.103.158.250 - - [12/Jan/2018:14:56:25 -0300] "GET /cormun/servlet/solicitudot?INS,0,0, HTTP/1.1" 200 14104
186.103.158.250 - - [12/Jan/2018:14:56:25 -0300] "GET /cormun/static/gxcfg.js?20181911371421 HTTP/1.1" 304 -
186.103.158.250 - - [12/Jan/2018:14:56:25 -0300] "GET /cormun/static/solicitudot.js?20181911371648 HTTP/1.1" 304 -
186.103.158.250 - - [12/Jan/2018:14:56:27 -0300] "GET /cormun/servlet/solicitudot?INS,0,0, HTTP/1.1" 200 14109
186.103.158.250 - - [12/Jan/2018:14:56:40 -0300] "POST /cormun/servlet/solicitudot?gx-no-cache=1515779758282 HTTP/1.1" 200 3835
186.103.158.250 - - [12/Jan/2018:14:56:40 -0300] "POST /cormun/servlet/solicitudot?44654e37dbd4d49d6dab72390128920a,INS,0,0,,gx-no-cache=1515779758594 HTTP/1.1" 200 10969
186.103.158.250 - - [12/Jan/2018:14:57:01 -0300] "GET /cormun/servlet/solicitudot?3cbcd61e22da33bce42869b446ab4ee7f8957538b171a2e18bdf80fdf775c2117e16dceb44ec53e93a278ef9ef46cbb9,gx-no-cache=1515779779740 HTTP/1.1" 200 30
186.103.158.250 - - [12/Jan/2018:14:57:14 -0300] "POST /cormun/servlet/solicitudot?gx-no-cache=1515779792916 HTTP/1.1" 200 51
186.103.158.250 - - [12/Jan/2018:14:57:24 -0300] "POST /cormun/servlet/solicitudot?44654e37dbd4d49d6dab72390128920a,INS,0,0,,gx-no-cache=1515779802198 HTTP/1.1" 200 11062
186.103.158.250 - - [12/Jan/2018:14:57:24 -0300] "GET /cormun/static/Shared/jqueryui/images/ui-bg_highlight-soft_100_c6c2c8_1x100.png HTTP/1.1" 404 1117
186.103.158.250 - - [12/Jan/2018:14:57:24 -0300] "GET /cormun/static/Shared/jqueryui/images/ui-icons_82798d_256x240.png HTTP/1.1" 404 1089
186.103.158.250 - - [12/Jan/2018:14:57:24 -0300] "GET /cormun/static/Shared/jqueryui/images/ui-bg_flat_55_fafafa_40x100.png HTTP/1.1" 404 1097
186.103.158.250 - - [12/Jan/2018:14:57:24 -0300] "GET /cormun/static/Shared/jqueryui/images/ui-icons_8d78a5_256x240.png HTTP/1.1" 404 1089
186.103.158.250 - - [12/Jan/2018:14:57:27 -0300] "GET /cormun/servlet/solicitudot?3cbcd61e22da33bce42869b446ab4ee7f8957538b171a2e18bdf80fdf775c21180f159f3c498496ff64da2f6180b335a,gx-no-cache=1515779805931 HTTP/1.1" 200 30
186.103.158.250 - - [12/Jan/2018:14:57:41 -0300] "POST /cormun/servlet/solicitudot?gx-no-cache=1515779819376 HTTP/1.1" 200 240
186.103.158.250 - - [12/Jan/2018:14:57:41 -0300] "GET /cormun/servlet/solicitudot?3cbcd61e22da33bce42869b446ab4ee7cb7cb7a75c5f62d3c90ca7db2a79ee505fa1163a7801a86fe942d476473ae7a84be29573efe258bd055da40dbab13894254098a46071a49f650be8791b74cab49dd15b643d3b9a137ffb899a5822d7c1414142b4248ab7649dd73857cc1baae7f8cbc8ddccb15061420c03a50fd9d2e25f2a7e62936c7f0f9d5b2e9c52c7f3529f96a4308124571c48fee27b1d208728d9404d10ce24506cb4d9f403d19bcc9adba12176afa9ce01e8273a5dfc97480b94aae6820f3a157c7dddfb2390c3ea44ada540476c0d58cedafff811f68e84d610a57b8e9edadb6c0d139489bad4fb45ea6f7f453ec9ebb016f2c71e0f276cc7a970032f2f9fe9d83c8ca78d486948fcd74b89efed7d880dc7277c061c83ec9ca631e4b7a20b750fd40cd2ba0577802e48e898ae1e4d4836670ddee1266fcc6cb6c6678252ed29e3bc59b3ca4319115634acc59fbcf9d25423ec27b0d4aeaf86912cc4f199e9cd7a3e72d280566e14e5dc8852b0569640082964fb643a4bcdf5,gx-no-cache=1515779819447 HTTP/1.1" 200 30
186.103.158.250 - - [12/Jan/2018:14:57:58 -0300] "POST /cormun/servlet/solicitudot?gx-no-cache=1515779836293 HTTP/1.1" 200 30
186.103.158.250 - - [12/Jan/2018:14:58:23 -0300] "POST /cormun/servlet/solicitudot?gx-no-cache=1515779861223 HTTP/1.1" 200 1353
186.103.158.250 - - [12/Jan/2018:14:58:23 -0300] "POST /cormun/servlet/solicitudot?gx-no-cache=1515779861380 HTTP/1.1" 200 38
186.103.158.250 - - [12/Jan/2018:14:58:47 -0300] "GET /cormun/servlet/solicitudot?3cbcd61e22da33bce42869b446ab4ee7403898a3b919f768c254cf5535cf828c947a5080de47db07dc1dcb29d4740e3fa476c5be81a4e50f891f942e42e67a0943227175edb81af32106e9fc23494b838515e77174566dbe5c647a81bcccd4bd2d5d9a3ab8bb75eab6a97d8a8844dae4dc590b23a7951b3c3d9d3ac23cd9f885add6eb4a7735baa188c96698df7468171fce8013a0a68fa4f7305bf5f756992a,gx-no-cache=1515779885937 HTTP/1.1" 200 29
186.103.158.250 - - [12/Jan/2018:14:58:47 -0300] "POST /cormun/servlet/solicitudot?gx-no-cache=1515779885991 HTTP/1.1" 200 219
186.103.158.250 - - [12/Jan/2018:14:58:48 -0300] "GET /cormun/servlet/solicitudot?3cbcd61e22da33bce42869b446ab4ee755e13e5206ea3379ae17160bb03022c78bd098d54516fc1d59fe2f94750ee7d5f561d39bb9a017987fdb76ae3332d4f0417f7ead1f8b740bfb59e76b9eccda0a179297537b8b9afa9be2fe61856ac25f947a5080de47db07dc1dcb29d4740e3fe3a47dae7e9f0c7dfe65d8829d3fc900fab36aa0981ea6b31e45c0fc53925bb9,gx-no-cache=1515779886074 HTTP/1.1" 200 55
186.103.158.250 - - [12/Jan/2018:14:58:51 -0300] "GET /cormun/static/menuarrow.gif HTTP/1.1" 404 1015
186.103.158.250 - - [12/Jan/2018:14:59:00 -0300] "GET /cormun/servlet/solicitudot?3cbcd61e22da33bce42869b446ab4ee7390b31918881ebfa3c94fb80d1286d7ae845e25cc759f9131a7a8c7068c8928b,gx-no-cache=1515779898690 HTTP/1.1" 200 30
186.103.158.250 - - [12/Jan/2018:14:59:11 -0300] "POST /cormun/servlet/solicitudot?gx-no-cache=1515779909103 HTTP/1.1" 200 30
186.103.158.250 - - [12/Jan/2018:14:59:42 -0300] "POST /cormun/servlet/solicitudot?44654e37dbd4d49d6dab72390128920a,INS,0,0,,gx-no-cache=1515779940653 HTTP/1.1" 200 11501
186.103.158.250 - - [12/Jan/2018:14:59:43 -0300] "GET /cormun/static/Shared/jqueryui/images/ui-bg_flat_55_994d53_40x100.png HTTP/1.1" 404 1097
186.103.158.250 - - [12/Jan/2018:14:59:43 -0300] "GET /cormun/static/Shared/jqueryui/images/ui-icons_ebccce_256x240.png HTTP/1.1" 404 1089
192.168.10.89 - - [12/Jan/2018:14:59:43 -0300] "POST /cormun/servlet/trsolicitudgral?c739d52621d4d2d2bcb4e2ae2d79b422,gx-no-cache=1515779094137,gx-no-cache=1515779842301 HTTP/1.1" 200 23717
192.168.10.89 - - [12/Jan/2018:14:59:49 -0300] "GET /cormun/servlet/solicitudgral2?UPD,2018,8674, HTTP/1.1" 200 13204
192.168.10.89 - - [12/Jan/2018:14:59:49 -0300] "GET /cormun/static/gxcfg.js?20181911361990 HTTP/1.1" 304 -
192.168.10.89 - - [12/Jan/2018:14:59:49 -0300] "GET /cormun/static/solicitudgral2.js?20181911362067 HTTP/1.1" 304 -
192.168.10.89 - - [12/Jan/2018:14:59:50 -0300] "POST /cormun/servlet/solicitudgral2?gx-no-cache=1515779849677 HTTP/1.1" 200 3874
192.168.10.89 - - [12/Jan/2018:14:59:50 -0300] "GET /cormun/servlet/solicitudgral2?fe8ac80d1fc91862e8d3e90ec2f3fd19706562da45b254aa268df91704afd785ea7243779ecf18b870fc63377d46ff89f9e9ad16e0b52ffa851ea497b9543ccdedc916ce7f04b3c61a720e75e318c764f00af83349234e7a8ef32487fc2ebc26254e2d2ad600cc95074d0ceb76066636fc61be130f64e5c64ba9d7e5fc61ab38ebe5b8535e7541776d508e4da6b1796ff4d50be676f75e1ddfc875d4a3293b69f3f58e687508bb5e1e89ff80fbe70ee45c50edb34d93f59996783a59fb7f047db36ca83270e2ec6c40358736aa620d25c38ec334e2c3c5612c98d6aa3990dc154f14823b5d72cc854fc818943b02b70df7ffa43964b6eafa684927a8136fc0896adfe2882f7c2cee2eeef1e5d225e4759e8479b7bc16dfb44f398c16a6096393b179ac4c7e5cddb7730dc87bf12acbe72738cc20b68118b11ca9922d605b9c2c49e2ecc45e54fc119b92f31e98aab8bd,gx-no-cache=1515779849846 HTTP/1.1" 200 255
192.168.10.89 - - [12/Jan/2018:14:59:50 -0300] "POST /cormun/servlet/solicitudgral2?gx-no-cache=1515779849898 HTTP/1.1" 200 1418
192.168.10.89 - - [12/Jan/2018:14:59:50 -0300] "GET /cormun/servlet/solicitudgral2?fe8ac80d1fc91862e8d3e90ec2f3fd19d903f98a65918f30aba40bfb20a593b975b1e486c1aa1cc45b4af4dd9a85ae133865aadd7262166ae00b255212b516598b47c1c05b75cf343a26614b311f4b74007a28007d4789ce3dc466f4e7eff17c30415f9d9dacb11baeac999bcb6534c8,gx-no-cache=1515779849938 HTTP/1.1" 200 41
192.168.10.89 - - [12/Jan/2018:14:59:55 -0300] "GET /cormun/servlet/trsolicitudgral?gx-no-cache=1515779094137 HTTP/1.1" 200 26691
186.103.158.250 - - [12/Jan/2018:15:00:09 -0300] "POST /cormun/servlet/solicitudot?44654e37dbd4d49d6dab72390128920a,INS,0,0,,gx-no-cache=1515779967882 HTTP/1.1" 200 11319
192.168.10.89 - - [12/Jan/2018:15:00:10 -0300] "GET /cormun/servlet/solicitudgral2?UPD,2018,8003, HTTP/1.1" 200 13238
192.168.10.89 - - [12/Jan/2018:15:00:11 -0300] "POST /cormun/servlet/solicitudgral2?gx-no-cache=1515779870952 HTTP/1.1" 200 3883
192.168.10.89 - - [12/Jan/2018:15:00:11 -0300] "GET /cormun/servlet/solicitudgral2?fe8ac80d1fc91862e8d3e90ec2f3fd19706562da45b254aa268df91704afd785ea7243779ecf18b870fc63377d46ff89f9e9ad16e0b52ffa851ea497b9543ccdedc916ce7f04b3c61a720e75e318c764f00af83349234e7a8ef32487fc2ebc26254e2d2ad600cc95074d0ceb76066636fc61be130f64e5c64ba9d7e5fc61ab38ebe5b8535e7541776d508e4da6b1796ff4d50be676f75e1ddfc875d4a3293b69f3f58e687508bb5e1e89ff80fbe70ee45c50edb34d93f59996783a59fb7f047db36ca83270e2ec6c40358736aa620d25c38ec334e2c3c5612c98d6aa3990dc154f14823b5d72cc854fc818943b02b70df7ffa43964b6eafa684927a8136fc0896adfe2882f7c2cee2eeef1e5d225e4759e8479b7bc16dfb44f398c16a6096393b179ac4c7e5cddb7730dc87bf12acbe72738cc20b68118b11ca9922d605b9c2c49e2ecc45e54fc119b92f31e98aab8bd,gx-no-cache=1515779871122 HTTP/1.1" 200 255
192.168.10.89 - - [12/Jan/2018:15:00:11 -0300] "POST /cormun/servlet/solicitudgral2?gx-no-cache=1515779871146 HTTP/1.1" 200 1416
192.168.10.89 - - [12/Jan/2018:15:00:11 -0300] "GET /cormun/servlet/solicitudgral2?fe8ac80d1fc91862e8d3e90ec2f3fd19d903f98a65918f30aba40bfb20a593b975b1e486c1aa1cc45b4af4dd9a85ae133865aadd7262166ae00b255212b516598b47c1c05b75cf343a26614b311f4b74007a28007d4789ce3dc466f4e7eff17c30415f9d9dacb11baeac999bcb6534c8,gx-no-cache=1515779871187 HTTP/1.1" 200 41
186.103.158.250 - - [12/Jan/2018:15:00:14 -0300] "POST /cormun/servlet/solicitudot?gx-no-cache=1515779971996 HTTP/1.1" 200 3835
186.103.158.250 - - [12/Jan/2018:15:00:14 -0300] "POST /cormun/servlet/solicitudot?44654e37dbd4d49d6dab72390128920a,INS,0,0,,gx-no-cache=1515779972220 HTTP/1.1" 200 11339
186.103.158.250 - - [12/Jan/2018:15:00:14 -0300] "GET /cormun/servlet/solicitudot?3cbcd61e22da33bce42869b446ab4ee7f8957538b171a2e18bdf80fdf775c21180f159f3c498496ff64da2f6180b335a,gx-no-cache=1515779972649 HTTP/1.1" 200 30
186.103.158.250 - - [12/Jan/2018:15:00:14 -0300] "POST /cormun/servlet/solicitudot?gx-no-cache=1515779972727 HTTP/1.1" 200 43
192.168.10.89 - - [12/Jan/2018:15:00:15 -0300] "POST /cormun/servlet/solicitudgral2?c739d52621d4d2d2bcb4e2ae2d79b422,UPD,2018,8003,,gx-no-cache=1515779874205 HTTP/1.1" 200 93
192.168.10.89 - - [12/Jan/2018:15:00:15 -0300] "GET /cormun/servlet/hpexe_return? HTTP/1.1" 200 1040
192.168.10.89 - - [12/Jan/2018:15:00:15 -0300] "GET /cormun/servlet/trsolicitudgral?gx-no-cache=1515779094137 HTTP/1.1" 200 26691
192.168.10.89 - - [12/Jan/2018:15:00:24 -0300] "GET /cormun/servlet/solicitudgral?UPD,2018,8055, HTTP/1.1" 200 13068
186.103.158.250 - - [12/Jan/2018:15:00:24 -0300] "POST /cormun/servlet/solicitudot?gx-no-cache=1515779982538 HTTP/1.1" 200 238
186.103.158.250 - - [12/Jan/2018:15:00:25 -0300] "GET /cormun/servlet/solicitudot?3cbcd61e22da33bce42869b446ab4ee7cb7cb7a75c5f62d3c90ca7db2a79ee505fa1163a7801a86fe942d476473ae7a84be29573efe258bd055da40dbab13894254098a46071a49f650be8791b74cab49dd15b643d3b9a137ffb899a5822d7c1414142b4248ab7649dd73857cc1baae7f8cbc8ddccb15061420c03a50fd9d2e25f2a7e62936c7f0f9d5b2e9c52c7f3529f96a4308124571c48fee27b1d208728d9404d10ce24506cb4d9f403d19bcc9adba12176afa9ce01e8273a5dfc97480b94aae6820f3a157c7dddfb2390c3ea44ada540476c0d58cedafff811f68e84d610a57b8e9edadb6c0d139489bad4fb45ea6f7f453ec9ebb016f2c71e0f276cc7a970032f2f9fe9d83c8ca78d486948fcd74b89efed7d880dc7277c061c83ec9ca631e4b7a20b750fd40cd2ba0577802e48e898ae1e4d4836670ddee1266fcc6cb6c6678252ed29e3bc59b3ca4319115634acc59fbcf9d25423ec27b0d4aeaf86912cc4f199e9cd7a3e72d280566e14e59665e342dedfb04d0b083324ce33ed5d,gx-no-cache=1515779983094 HTTP/1.1" 200 30
186.103.158.250 - - [12/Jan/2018:15:00:25 -0300] "POST /cormun/servlet/solicitudot?gx-no-cache=1515779983133 HTTP/1.1" 200 30
186.103.158.250 - - [12/Jan/2018:15:00:25 -0300] "POST /cormun/servlet/solicitudot?gx-no-cache=1515779983190 HTTP/1.1" 200 1352
186.103.158.250 - - [12/Jan/2018:15:00:25 -0300] "POST /cormun/servlet/solicitudot?gx-no-cache=1515779983296 HTTP/1.1" 200 41
186.103.158.250 - - [12/Jan/2018:15:00:25 -0300] "GET /cormun/servlet/solicitudot?3cbcd61e22da33bce42869b446ab4ee7403898a3b919f768c254cf5535cf828c947a5080de47db07dc1dcb29d4740e3fa476c5be81a4e50f891f942e42e67a0943227175edb81af32106e9fc23494b838515e77174566dbe5c647a81bcccd4bd2d5d9a3ab8bb75eab6a97d8a8844dae4dc590b23a7951b3c3d9d3ac23cd9f885add6eb4a7735baa188c96698df7468171fce8013a0a68fa4f7305bf5f756992a,gx-no-cache=1515779983342 HTTP/1.1" 200 29
186.103.158.250 - - [12/Jan/2018:15:00:25 -0300] "POST /cormun/servlet/solicitudot?gx-no-cache=1515779983382 HTTP/1.1" 200 219
186.103.158.250 - - [12/Jan/2018:15:00:25 -0300] "GET /cormun/servlet/solicitudot?3cbcd61e22da33bce42869b446ab4ee755e13e5206ea3379ae17160bb03022c78bd098d54516fc1d59fe2f94750ee7d5f561d39bb9a017987fdb76ae3332d4f0417f7ead1f8b740bfb59e76b9eccda0a179297537b8b9afa9be2fe61856ac25f947a5080de47db07dc1dcb29d4740e3fe3a47dae7e9f0c7dfe65d8829d3fc900fab36aa0981ea6b31e45c0fc53925bb9,gx-no-cache=1515779983433 HTTP/1.1" 200 55
192.168.10.89 - - [12/Jan/2018:15:00:25 -0300] "POST /cormun/servlet/solicitudgral?gx-no-cache=1515779884644 HTTP/1.1" 200 3871
186.103.158.250 - - [12/Jan/2018:15:00:25 -0300] "GET /cormun/servlet/solicitudot?3cbcd61e22da33bce42869b446ab4ee7390b31918881ebfa3c94fb80d1286d7ae845e25cc759f9131a7a8c7068c8928b,gx-no-cache=1515779983494 HTTP/1.1" 200 30
186.103.158.250 - - [12/Jan/2018:15:00:25 -0300] "POST /cormun/servlet/solicitudot?gx-no-cache=1515779983536 HTTP/1.1" 200 30
192.168.10.89 - - [12/Jan/2018:15:00:25 -0300] "GET /cormun/servlet/solicitudgral?fe8ac80d1fc91862e8d3e90ec2f3fd19706562da45b254aa268df91704afd785155c5c70d2a57f068c0dda6ad548489df9e9ad16e0b52ffa851ea497b9543ccdedc916ce7f04b3c61a720e75e318c764f00af83349234e7a8ef32487fc2ebc26254e2d2ad600cc95074d0ceb76066636fc61be130f64e5c64ba9d7e5fc61ab38ebe5b8535e7541776d508e4da6b1796ff4d50be676f75e1ddfc875d4a3293b69f3f58e687508bb5e1e89ff80fbe70ee45c50edb34d93f59996783a59fb7f047db36ca83270e2ec6c40358736aa620d25c38ec334e2c3c5612c98d6aa3990dc154f14823b5d72cc854fc818943b02b70df7ffa43964b6eafa684927a8136fc0896adfe2882f7c2cee2eeef1e5d225e4759e8479b7bc16dfb44f398c16a6096393b179ac4c7e5cddb7730dc87bf12acbe72738cc20b68118b11ca9922d605b9c2c49e2ecc45e54fc119b92f31e98aab8bd,gx-no-cache=1515779884805 HTTP/1.1" 200 297
186.103.158.250 - - [12/Jan/2018:15:00:25 -0300] "POST /cormun/servlet/solicitudot?44654e37dbd4d49d6dab72390128920a,INS,0,0,,gx-no-cache=1515779983583 HTTP/1.1" 200 11656
192.168.10.89 - - [12/Jan/2018:15:00:27 -0300] "POST /cormun/servlet/solicitudgral?c739d52621d4d2d2bcb4e2ae2d79b422,UPD,2018,8055,,gx-no-cache=1515779886389 HTTP/1.1" 200 93
192.168.10.89 - - [12/Jan/2018:15:00:27 -0300] "GET /cormun/servlet/hpexe_return? HTTP/1.1" 200 1038
192.168.10.89 - - [12/Jan/2018:15:00:27 -0300] "GET /cormun/servlet/trsolicitudgral?gx-no-cache=1515779094137 HTTP/1.1" 200 26691
192.168.10.89 - - [12/Jan/2018:15:00:34 -0300] "GET /cormun/servlet/hlogin HTTP/1.1" 200 1761
186.103.158.250 - - [12/Jan/2018:15:00:50 -0300] "POST /cormun/servlet/solicitudot?gx-no-cache=1515780008704 HTTP/1.1" 200 238
186.103.158.250 - - [12/Jan/2018:15:00:50 -0300] "GET /cormun/servlet/solicitudot?3cbcd61e22da33bce42869b446ab4ee7cb7cb7a75c5f62d3c90ca7db2a79ee505fa1163a7801a86fe942d476473ae7a84be29573efe258bd055da40dbab13894254098a46071a49f650be8791b74cab49dd15b643d3b9a137ffb899a5822d7c1414142b4248ab7649dd73857cc1baae7f8cbc8ddccb15061420c03a50fd9d2e25f2a7e62936c7f0f9d5b2e9c52c7f3529f96a4308124571c48fee27b1d208728d9404d10ce24506cb4d9f403d19bcc9adba12176afa9ce01e8273a5dfc97480b94aae6820f3a157c7dddfb2390c3ea44ada540476c0d58cedafff811f68e84d610a57b8e9edadb6c0d139489bad4fb45ea6f7f453ec9ebb016f2c71e0f276cc7a970032f2f9fe9d83c8ca78d486948fcd74b89efed7d880dc7277c061c83ec9ca631e4b7a20b750fd40cd2ba0577802e48e898ae1e4d4836670ddee1266fcc6cb6c6678252ed29e3bc59b3ca4319115634acc59fbcf9d25423ec27b0d4aeaf86912cc4f199e9cd7a3e72d280566e14e59665e342dedfb04d0b083324ce33ed5d,gx-no-cache=1515780008779 HTTP/1.1" 200 30
186.103.158.250 - - [12/Jan/2018:15:00:50 -0300] "POST /cormun/servlet/solicitudot?gx-no-cache=1515780008823 HTTP/1.1" 200 30
186.103.158.250 - - [12/Jan/2018:15:00:50 -0300] "POST /cormun/servlet/solicitudot?gx-no-cache=1515780008879 HTTP/1.1" 200 232
186.103.158.250 - - [12/Jan/2018:15:00:50 -0300] "POST /cormun/servlet/solicitudot?gx-no-cache=1515780008944 HTTP/1.1" 200 41
186.103.158.250 - - [12/Jan/2018:15:00:50 -0300] "POST /cormun/servlet/solicitudot?gx-no-cache=1515780008992 HTTP/1.1" 200 216
186.103.158.250 - - [12/Jan/2018:15:00:51 -0300] "GET /cormun/servlet/solicitudot?3cbcd61e22da33bce42869b446ab4ee755e13e5206ea3379ae17160bb03022c78bd098d54516fc1d59fe2f94750ee7d5f561d39bb9a017987fdb76ae3332d4f0417f7ead1f8b740bfb59e76b9eccda0a179297537b8b9afa9be2fe61856ac25f947a5080de47db07dc1dcb29d4740e3fe3a47dae7e9f0c7dfe65d8829d3fc900fab36aa0981ea6b31e45c0fc53925bb9,gx-no-cache=1515780009038 HTTP/1.1" 200 55
186.103.158.250 - - [12/Jan/2018:15:00:51 -0300] "GET /cormun/servlet/solicitudot?3cbcd61e22da33bce42869b446ab4ee7390b31918881ebfa3c94fb80d1286d7ae845e25cc759f9131a7a8c7068c8928b,gx-no-cache=1515780009079 HTTP/1.1" 200 30
186.103.158.250 - - [12/Jan/2018:15:00:51 -0300] "POST /cormun/servlet/solicitudot?gx-no-cache=1515780009118 HTTP/1.1" 200 30
186.103.158.250 - - [12/Jan/2018:15:00:51 -0300] "POST /cormun/servlet/solicitudot?44654e37dbd4d49d6dab72390128920a,INS,0,0,,gx-no-cache=1515780009169 HTTP/1.1" 200 11697
186.103.158.250 - - [12/Jan/2018:15:01:21 -0300] "POST /cormun/servlet/solicitudot?gx-no-cache=1515780039566 HTTP/1.1" 200 238
186.103.158.250 - - [12/Jan/2018:15:01:21 -0300] "GET /cormun/servlet/solicitudot?3cbcd61e22da33bce42869b446ab4ee7cb7cb7a75c5f62d3c90ca7db2a79ee505fa1163a7801a86fe942d476473ae7a84be29573efe258bd055da40dbab13894254098a46071a49f650be8791b74cab49dd15b643d3b9a137ffb899a5822d7c1414142b4248ab7649dd73857cc1baae7f8cbc8ddccb15061420c03a50fd9d2e25f2a7e62936c7f0f9d5b2e9c52c7f3529f96a4308124571c48fee27b1d208728d9404d10ce24506cb4d9f403d19bcc9adba12176afa9ce01e8273a5dfc97480b94aae6820f3a157c7dddfb2390c3ea44ada540476c0d58cedafff811f68e84d610a57b8e9edadb6c0d139489bad4fb45ea6f7f453ec9ebb016f2c71e0f276cc7a970032f2f9fe9d83c8ca78d486948fcd74b89efed7d880dc7277c061c83ec9ca631e4b7a20b750fd40cd2ba0577802e48e898ae1e4d4836670ddee1266fcc6cb6c6678252ed29e3bc59b3ca4319115634acc59fbcf9d25423ec27b0d4aeaf86912cc4f199e9cd7a3e72d280566e14e59665e342dedfb04d0b083324ce33ed5d,gx-no-cache=1515780039669 HTTP/1.1" 200 30
186.103.158.250 - - [12/Jan/2018:15:01:21 -0300] "POST /cormun/servlet/solicitudot?gx-no-cache=1515780040019 HTTP/1.1" 200 30
186.103.158.250 - - [12/Jan/2018:15:01:22 -0300] "POST /cormun/servlet/solicitudot?gx-no-cache=1515780040101 HTTP/1.1" 200 232
186.103.158.250 - - [12/Jan/2018:15:01:22 -0300] "POST /cormun/servlet/solicitudot?gx-no-cache=1515780040198 HTTP/1.1" 200 41
186.103.158.250 - - [12/Jan/2018:15:01:22 -0300] "POST /cormun/servlet/solicitudot?gx-no-cache=1515780040245 HTTP/1.1" 200 216
186.103.158.250 - - [12/Jan/2018:15:01:22 -0300] "GET /cormun/servlet/solicitudot?3cbcd61e22da33bce42869b446ab4ee755e13e5206ea3379ae17160bb03022c78bd098d54516fc1d59fe2f94750ee7d5f561d39bb9a017987fdb76ae3332d4f0417f7ead1f8b740bfb59e76b9eccda0a179297537b8b9afa9be2fe61856ac25f947a5080de47db07dc1dcb29d4740e3fe3a47dae7e9f0c7dfe65d8829d3fc900fab36aa0981ea6b31e45c0fc53925bb9,gx-no-cache=1515780040290 HTTP/1.1" 200 55
186.103.158.250 - - [12/Jan/2018:15:01:22 -0300] "GET /cormun/servlet/solicitudot?3cbcd61e22da33bce42869b446ab4ee7390b31918881ebfa3c94fb80d1286d7ae845e25cc759f9131a7a8c7068c8928b,gx-no-cache=1515780040329 HTTP/1.1" 200 30
186.103.158.250 - - [12/Jan/2018:15:01:22 -0300] "POST /cormun/servlet/solicitudot?gx-no-cache=1515780040379 HTTP/1.1" 200 30
186.103.158.250 - - [12/Jan/2018:15:01:22 -0300] "POST /cormun/servlet/solicitudot?44654e37dbd4d49d6dab72390128920a,INS,0,0,,gx-no-cache=1515780040428 HTTP/1.1" 200 11746
186.103.158.250 - - [12/Jan/2018:15:01:50 -0300] "POST /cormun/servlet/solicitudot?gx-no-cache=1515780068709 HTTP/1.1" 200 42
186.103.158.250 - - [12/Jan/2018:15:02:02 -0300] "POST /cormun/servlet/solicitudot?gx-no-cache=1515780080523 HTTP/1.1" 200 51
186.103.158.250 - - [12/Jan/2018:15:02:07 -0300] "POST /cormun/servlet/solicitudot?gx-no-cache=1515780085063 HTTP/1.1" 200 238
186.103.158.250 - - [12/Jan/2018:15:02:07 -0300] "GET /cormun/servlet/solicitudot?3cbcd61e22da33bce42869b446ab4ee7cb7cb7a75c5f62d3c90ca7db2a79ee505fa1163a7801a86fe942d476473ae7a84be29573efe258bd055da40dbab13894254098a46071a49f650be8791b74cab49dd15b643d3b9a137ffb899a5822d7c1414142b4248ab7649dd73857cc1baae7f8cbc8ddccb15061420c03a50fd9d2e25f2a7e62936c7f0f9d5b2e9c52c7f3529f96a4308124571c48fee27b1d208728d9404d10ce24506cb4d9f403d19bcc9adba12176afa9ce01e8273a5dfc97480b94aae6820f3a157c7dddfb2390c3ea44ada540476c0d58cedafff811f68e84d610a57b8e9edadb6c0d139489bad4fb45ea6f7f453ec9ebb016f2c71e0f276cc7a970032f2f9fe9d83c8ca78d486948fcd74b89efed7d880dc7277c061c83ec9ca631e4b7a20b750fd40cd2ba0577802e48e898ae1e4d4836670ddee1266fcc6cb6c6678252ed29e3bc59b3ca4319115634acc59fbcf9d25423ec27b0d4aeaf86912cc4f199e9cd7a3e72d280566e14e59665e342dedfb04d0b083324ce33ed5d,gx-no-cache=1515780085145 HTTP/1.1" 200 30
186.103.158.250 - - [12/Jan/2018:15:02:07 -0300] "POST /cormun/servlet/solicitudot?gx-no-cache=1515780085490 HTTP/1.1" 200 30
186.103.158.250 - - [12/Jan/2018:15:02:07 -0300] "POST /cormun/servlet/solicitudot?gx-no-cache=1515780085548 HTTP/1.1" 200 232
186.103.158.250 - - [12/Jan/2018:15:02:07 -0300] "POST /cormun/servlet/solicitudot?gx-no-cache=1515780085614 HTTP/1.1" 200 41
186.103.158.250 - - [12/Jan/2018:15:02:07 -0300] "POST /cormun/servlet/solicitudot?gx-no-cache=1515780085659 HTTP/1.1" 200 216
186.103.158.250 - - [12/Jan/2018:15:02:07 -0300] "GET /cormun/servlet/solicitudot?3cbcd61e22da33bce42869b446ab4ee755e13e5206ea3379ae17160bb03022c78bd098d54516fc1d59fe2f94750ee7d5f561d39bb9a017987fdb76ae3332d4f0417f7ead1f8b740bfb59e76b9eccda0a179297537b8b9afa9be2fe61856ac25f947a5080de47db07dc1dcb29d4740e3fe3a47dae7e9f0c7dfe65d8829d3fc900fab36aa0981ea6b31e45c0fc53925bb9,gx-no-cache=1515780085703 HTTP/1.1" 200 55
186.103.158.250 - - [12/Jan/2018:15:02:07 -0300] "GET /cormun/servlet/solicitudot?3cbcd61e22da33bce42869b446ab4ee7390b31918881ebfa3c94fb80d1286d7ae845e25cc759f9131a7a8c7068c8928b,gx-no-cache=1515780085740 HTTP/1.1" 200 30
186.103.158.250 - - [12/Jan/2018:15:02:07 -0300] "POST /cormun/servlet/solicitudot?gx-no-cache=1515780085779 HTTP/1.1" 200 30
186.103.158.250 - - [12/Jan/2018:15:02:07 -0300] "POST /cormun/servlet/solicitudot?44654e37dbd4d49d6dab72390128920a,INS,0,0,,gx-no-cache=1515780085827 HTTP/1.1" 200 11821
192.168.10.89 - - [12/Jan/2018:15:02:10 -0300] "GET /cormun/servlet/hlogin HTTP/1.1" 200 1720
192.168.10.89 - - [12/Jan/2018:15:02:24 -0300] "POST /cormun/servlet/hlogin?925b4f23ee5485fd171f1e609074b165,gx-no-cache=1515780003694 HTTP/1.1" 200 90
192.168.10.89 - - [12/Jan/2018:15:02:24 -0300] "GET /cormun/servlet/hpexe_link HTTP/1.1" 200 949
192.168.10.89 - - [12/Jan/2018:15:02:24 -0300] "GET /cormun/servlet/hhome HTTP/1.1" 200 4185
192.168.10.89 - - [12/Jan/2018:15:02:27 -0300] "GET /cormun/servlet/trsolicitudot? HTTP/1.1" 200 7399
192.168.10.89 - - [12/Jan/2018:15:02:27 -0300] "GET /cormun/static/gxcfg.js?2017111422585916 HTTP/1.1" 304 -
192.168.10.89 - - [12/Jan/2018:15:02:30 -0300] "GET /cormun/servlet/solicitudot?INS,0,0, HTTP/1.1" 200 14119
192.168.10.89 - - [12/Jan/2018:15:02:30 -0300] "GET /cormun/static/gxcfg.js?20181911371421 HTTP/1.1" 304 -
192.168.10.89 - - [12/Jan/2018:15:02:30 -0300] "GET /cormun/static/solicitudot.js?20181911371648 HTTP/1.1" 304 -
186.103.158.250 - - [12/Jan/2018:15:02:37 -0300] "POST /cormun/servlet/solicitudot?gx-no-cache=1515780115279 HTTP/1.1" 200 238
186.103.158.250 - - [12/Jan/2018:15:02:37 -0300] "GET /cormun/servlet/solicitudot?3cbcd61e22da33bce42869b446ab4ee7cb7cb7a75c5f62d3c90ca7db2a79ee505fa1163a7801a86fe942d476473ae7a84be29573efe258bd055da40dbab13894254098a46071a49f650be8791b74cab49dd15b643d3b9a137ffb899a5822d7c1414142b4248ab7649dd73857cc1baae7f8cbc8ddccb15061420c03a50fd9d2e25f2a7e62936c7f0f9d5b2e9c52c7f3529f96a4308124571c48fee27b1d208728d9404d10ce24506cb4d9f403d19bcc9adba12176afa9ce01e8273a5dfc97480b94aae6820f3a157c7dddfb2390c3ea44ada540476c0d58cedafff811f68e84d610a57b8e9edadb6c0d139489bad4fb45ea6f7f453ec9ebb016f2c71e0f276cc7a970032f2f9fe9d83c8ca78d486948fcd74b89efed7d880dc7277c061c83ec9ca631e4b7a20b750fd40cd2ba0577802e48e898ae1e4d4836670ddee1266fcc6cb6c6678252ed29e3bc59b3ca4319115634acc59fbcf9d25423ec27b0d4aeaf86912cc4f199e9cd7a3e72d280566e14e59665e342dedfb04d0b083324ce33ed5d,gx-no-cache=1515780115501 HTTP/1.1" 200 30
186.103.158.250 - - [12/Jan/2018:15:02:37 -0300] "POST /cormun/servlet/solicitudot?gx-no-cache=1515780115855 HTTP/1.1" 200 30
186.103.158.250 - - [12/Jan/2018:15:02:37 -0300] "POST /cormun/servlet/solicitudot?gx-no-cache=1515780115921 HTTP/1.1" 200 232
186.103.158.250 - - [12/Jan/2018:15:02:37 -0300] "POST /cormun/servlet/solicitudot?gx-no-cache=1515780115985 HTTP/1.1" 200 41
186.103.158.250 - - [12/Jan/2018:15:02:38 -0300] "POST /cormun/servlet/solicitudot?gx-no-cache=1515780116030 HTTP/1.1" 200 216
186.103.158.250 - - [12/Jan/2018:15:02:38 -0300] "GET /cormun/servlet/solicitudot?3cbcd61e22da33bce42869b446ab4ee755e13e5206ea3379ae17160bb03022c78bd098d54516fc1d59fe2f94750ee7d5f561d39bb9a017987fdb76ae3332d4f0417f7ead1f8b740bfb59e76b9eccda0a179297537b8b9afa9be2fe61856ac25f947a5080de47db07dc1dcb29d4740e3fe3a47dae7e9f0c7dfe65d8829d3fc900fab36aa0981ea6b31e45c0fc53925bb9,gx-no-cache=1515780116080 HTTP/1.1" 200 55
186.103.158.250 - - [12/Jan/2018:15:02:38 -0300] "GET /cormun/servlet/solicitudot?3cbcd61e22da33bce42869b446ab4ee7390b31918881ebfa3c94fb80d1286d7ae845e25cc759f9131a7a8c7068c8928b,gx-no-cache=1515780116118 HTTP/1.1" 200 30
186.103.158.250 - - [12/Jan/2018:15:02:38 -0300] "POST /cormun/servlet/solicitudot?gx-no-cache=1515780116156 HTTP/1.1" 200 30
186.103.158.250 - - [12/Jan/2018:15:02:38 -0300] "POST /cormun/servlet/solicitudot?44654e37dbd4d49d6dab72390128920a,INS,0,0,,gx-no-cache=1515780116203 HTTP/1.1" 200 11867
186.103.158.250 - - [12/Jan/2018:15:03:07 -0300] "POST /cormun/servlet/solicitudot?44654e37dbd4d49d6dab72390128920a,INS,0,0,,gx-no-cache=1515780145718 HTTP/1.1" 200 11678
186.103.158.250 - - [12/Jan/2018:15:03:13 -0300] "POST /cormun/servlet/solicitudot?gx-no-cache=1515780151718 HTTP/1.1" 200 3835
186.103.158.250 - - [12/Jan/2018:15:03:14 -0300] "POST /cormun/servlet/solicitudot?44654e37dbd4d49d6dab72390128920a,INS,0,0,,gx-no-cache=1515780151945 HTTP/1.1" 200 11811
186.103.158.250 - - [12/Jan/2018:15:03:14 -0300] "GET /cormun/servlet/solicitudot?3cbcd61e22da33bce42869b446ab4ee7f8957538b171a2e18bdf80fdf775c21180f159f3c498496ff64da2f6180b335a,gx-no-cache=1515780152380 HTTP/1.1" 200 30
186.103.158.250 - - [12/Jan/2018:15:03:14 -0300] "POST /cormun/servlet/solicitudot?gx-no-cache=1515780152440 HTTP/1.1" 200 43
186.103.158.250 - - [12/Jan/2018:15:03:16 -0300] "POST /cormun/servlet/solicitudot?gx-no-cache=1515780154095 HTTP/1.1" 200 238
186.103.158.250 - - [12/Jan/2018:15:03:16 -0300] "GET /cormun/servlet/solicitudot?3cbcd61e22da33bce42869b446ab4ee7cb7cb7a75c5f62d3c90ca7db2a79ee505fa1163a7801a86fe942d476473ae7a84be29573efe258bd055da40dbab13894254098a46071a49f650be8791b74cab49dd15b643d3b9a137ffb899a5822d7c1414142b4248ab7649dd73857cc1baae7f8cbc8ddccb15061420c03a50fd9d2e25f2a7e62936c7f0f9d5b2e9c52c7f3529f96a4308124571c48fee27b1d208728d9404d10ce24506cb4d9f403d19bcc9adba12176afa9ce01e8273a5dfc97480b94aae6820f3a157c7dddfb2390c3ea44ada540476c0d58cedafff811f68e84d610a57b8e9edadb6c0d139489bad4fb45ea6f7f453ec9ebb016f2c71e0f276cc7a970032f2f9fe9d83c8ca78d486948fcd74b89efed7d880dc7277c061c83ec9ca631e4b7a20b750fd40cd2ba0577802e48e898ae1e4d4836670ddee1266fcc6cb6c6678252ed29e3bc59b3ca4319115634acc59fbcf9d25423ec27b0d4aeaf86912cc4f199e9cd7a3e72d280566e14e59665e342dedfb04d0b083324ce33ed5d,gx-no-cache=1515780154157 HTTP/1.1" 200 30
186.103.158.250 - - [12/Jan/2018:15:03:16 -0300] "POST /cormun/servlet/solicitudot?gx-no-cache=1515780154510 HTTP/1.1" 200 30
186.103.158.250 - - [12/Jan/2018:15:03:16 -0300] "POST /cormun/servlet/solicitudot?gx-no-cache=1515780154598 HTTP/1.1" 200 1352
186.103.158.250 - - [12/Jan/2018:15:03:16 -0300] "POST /cormun/servlet/solicitudot?gx-no-cache=1515780154713 HTTP/1.1" 200 41
186.103.158.250 - - [12/Jan/2018:15:03:16 -0300] "GET /cormun/servlet/solicitudot?3cbcd61e22da33bce42869b446ab4ee7403898a3b919f768c254cf5535cf828c947a5080de47db07dc1dcb29d4740e3fa476c5be81a4e50f891f942e42e67a0943227175edb81af32106e9fc23494b838515e77174566dbe5c647a81bcccd4bd2d5d9a3ab8bb75eab6a97d8a8844dae4dc590b23a7951b3c3d9d3ac23cd9f885add6eb4a7735baa188c96698df7468171fce8013a0a68fa4f7305bf5f756992a,gx-no-cache=1515780154761 HTTP/1.1" 200 29
186.103.158.250 - - [12/Jan/2018:15:03:16 -0300] "POST /cormun/servlet/solicitudot?gx-no-cache=1515780154799 HTTP/1.1" 200 219
186.103.158.250 - - [12/Jan/2018:15:03:16 -0300] "GET /cormun/servlet/solicitudot?3cbcd61e22da33bce42869b446ab4ee755e13e5206ea3379ae17160bb03022c78bd098d54516fc1d59fe2f94750ee7d5f561d39bb9a017987fdb76ae3332d4f0417f7ead1f8b740bfb59e76b9eccda0a179297537b8b9afa9be2fe61856ac25f947a5080de47db07dc1dcb29d4740e3fe3a47dae7e9f0c7dfe65d8829d3fc900fab36aa0981ea6b31e45c0fc53925bb9,gx-no-cache=1515780154850 HTTP/1.1" 200 55
186.103.158.250 - - [12/Jan/2018:15:03:16 -0300] "GET /cormun/servlet/solicitudot?3cbcd61e22da33bce42869b446ab4ee7390b31918881ebfa3c94fb80d1286d7ae845e25cc759f9131a7a8c7068c8928b,gx-no-cache=1515780154887 HTTP/1.1" 200 30
186.103.158.250 - - [12/Jan/2018:15:03:16 -0300] "POST /cormun/servlet/solicitudot?gx-no-cache=1515780154926 HTTP/1.1" 200 30
186.103.158.250 - - [12/Jan/2018:15:03:17 -0300] "POST /cormun/servlet/solicitudot?44654e37dbd4d49d6dab72390128920a,INS,0,0,,gx-no-cache=1515780154976 HTTP/1.1" 200 12125
192.168.10.89 - - [12/Jan/2018:15:03:23 -0300] "POST /cormun/servlet/solicitudot?gx-no-cache=1515780062313 HTTP/1.1" 200 3843
192.168.10.89 - - [12/Jan/2018:15:03:23 -0300] "POST /cormun/servlet/solicitudot?925b4f23ee5485fd171f1e609074b165,INS,0,0,,gx-no-cache=1515780062532 HTTP/1.1" 200 11006
192.168.10.89 - - [12/Jan/2018:15:03:32 -0300] "GET /cormun/servlet/solicitudot?170410012e09afa2b7a94511b43010d7c2fbfd16a80a044be571502f9fcdb97f551b9a4b68ecb8ce2c0300526661bea0,gx-no-cache=1515780071543 HTTP/1.1" 200 30
186.103.158.250 - - [12/Jan/2018:15:03:46 -0300] "POST /cormun/servlet/solicitudot?gx-no-cache=1515780184408 HTTP/1.1" 200 238
