186.103.157.246 - - [12/Jan/2018:11:32:21 -0300] "GET /cormun/servlet/solicitudotadjuntos?9463e2342f044d3f56664d5d2ca5937be9fd243889862cc4df0a5fa1418b1a3d400b6dce0092097a6cfcaeea0b9cef75,gx-no-cache=1515767502975 HTTP/1.1" 200 30
186.103.157.246 - - [12/Jan/2018:11:32:21 -0300] "POST /cormun/servlet/solicitudotadjuntos?5ace0ba0f11ad9b3c7a9a422c5b4fe7b,INS,2018,9035,,1,,gx-no-cache=1515767503013 HTTP/1.1" 200 4020
186.103.157.246 - - [12/Jan/2018:11:32:30 -0300] "POST /cormun/servlet/solicitudotadjuntos?gx-no-cache=1515767511768 HTTP/1.1" 200 26
186.103.159.188 - - [12/Jan/2018:11:32:32 -0300] "GET /cormun/servlet/solicitudotcontratos?INS,2018,0,16884126,4,6,2017,4277,LEY+SEP,201712,6,B, HTTP/1.1" 200 9928
186.103.159.188 - - [12/Jan/2018:11:32:32 -0300] "GET /cormun/servlet/solicitudotcontratos?INS,2018,0,16884126,4,6,2017,4277,LEY+SEP,201712,6,B, HTTP/1.1" 200 9942
186.103.159.188 - - [12/Jan/2018:11:32:33 -0300] "GET /cormun/servlet/solicitudotcontratos?783b1d8334272e2879af472df30a588892a92859c80f18765a57daba136bec1e1000a26d0f6f2bcb9e609348dd209bf1,gx-no-cache=1515767514814 HTTP/1.1" 200 30
186.103.159.188 - - [12/Jan/2018:11:32:33 -0300] "GET /cormun/servlet/solicitudotcontratos?783b1d8334272e2879af472df30a588800bc30f814922f83096c3c59fdd2c03b9567023dd68a34735dd15fd3bad36c61,gx-no-cache=1515767514890 HTTP/1.1" 200 30
186.103.159.188 - - [12/Jan/2018:11:32:33 -0300] "GET /cormun/servlet/solicitudotcontratos?783b1d8334272e2879af472df30a588893d2dd46ab428f0af4a8f15bebfa07d1a291899cc48522d5376c40ef62eb76075f76266556e94f88e338f6b2476a4d21088db8dc51d66c026c6cb753ff14d16b5851f1c7c8dbf3b668d1615e0e5a3f837f3efdd79d75a94ee699f5b62d029f1561c4d55e4e3b237ab166c507a7ade209,gx-no-cache=1515767514947 HTTP/1.1" 200 50
186.103.159.188 - - [12/Jan/2018:11:32:33 -0300] "GET /cormun/servlet/solicitudotcontratos?783b1d8334272e2879af472df30a588853eeb1a02f7141dd1945f0072b67cd3289c2c1d67004aeff2fa3878ed98daaac,gx-no-cache=1515767514997 HTTP/1.1" 200 30
186.103.159.188 - - [12/Jan/2018:11:32:33 -0300] "GET /cormun/servlet/solicitudotcontratos?783b1d8334272e2879af472df30a58885e4f37a5ae3c094854174f532d4adaf9dc5cb6de7c911f6c44e01e0b56d6dde005050ff3da2be1704b66c7bf9c2306adf7cc8424d4abd1e42c16bc6c109038e9ac332670eb1432af9a3021a999d2f0329a9fd1c060870d7cfa59feea54649e80,gx-no-cache=1515767515037 HTTP/1.1" 200 30
186.103.159.188 - - [12/Jan/2018:11:32:33 -0300] "GET /cormun/servlet/solicitudotcontratos?783b1d8334272e2879af472df30a588820a493459571ac826d18d8ff1816815917f740617cf1481a03a83f27d03736dcc75f82cec2a63aebccbcff728a8ab8b705050ff3da2be1704b66c7bf9c2306ad1e08ec682dc31968184fff9c341f085ffbc2c0661d5172129279d960db346d187643e2ccf5910f6b88537ed484f8fbf3aa17c67d49ddda0d55e8aab9734981e46b67a1da00e0fffd56729f9a5a7fce0ec75f82cec2a63aebccbcff728a8ab8b7398a8dd5babf2d7fc20df5e1daf4e07cab1e3496ff902cd42806521f39cdd3f828e1fdeff348ee2fc2abf9d49ba0e336583b768813b3fd43f5fb40b8a2419147ccad713d9c28f8ef942b4102d060426c6f086083d7bc7ba4d88bd2854562d53b1e1e0310f1503c5ab36b9b25e320b3472987b1d3aae3963ed9f4b68b96599611c1f77d25ca728d74b2708b662fe48350f4660072ed7652f9186d4a0eb9dbdd9b0b8e3d1bf345e2a017a9952e52144cf3df19c2e8bef925b1e1299b66a88d7934ee02f44946ec2914e96380959ad2023fb2c582aece1e2c20ff7ad0b3b5d371006c46aac50b2e7d8282e55e6e148f5e23d79cbe78b4eebc6ba0a4af5a2ab7c3153b85381931a2f6593a55ac6d270dd2caad3a48748c078b32c74aca4549b9642c1f058a42bb7094a6e37bf84d43e2f4f03b04f697cf4a4c9afcd95c837c0a6a949b9c2cae56f90e542f0b7d03faeb89040d4748e7203bf1c60bf57a0a986747d2ed16d3d94a46fcd31f79cec65497129bdbebbdf1687a4fadde8255036f724853f8996781bb1dd8a19967e68c0eaae2a2,gx-no-cache=1515767515079 HTTP/1.1" 200 79
186.103.159.188 - - [12/Jan/2018:11:32:38 -0300] "POST /cormun/servlet/solicitudotcontratos?gx-no-cache=1515767520106 HTTP/1.1" 200 72
186.103.157.246 - - [12/Jan/2018:11:32:42 -0300] "GET /cormun/servlet/solicitudotadjuntos?9463e2342f044d3f56664d5d2ca5937b43a5a020f951859023ed724e1e0b1290,gx-no-cache=1515767523956 HTTP/1.1" 200 30
186.103.157.246 - - [12/Jan/2018:11:32:42 -0300] "GET /cormun/servlet/solicitudotadjuntos?9463e2342f044d3f56664d5d2ca5937b43a5a020f951859023ed724e1e0b1290,gx-no-cache=1515767524012 HTTP/1.1" 200 30
186.103.157.246 - - [12/Jan/2018:11:32:42 -0300] "POST /cormun/servlet/solicitudotadjuntos?5ace0ba0f11ad9b3c7a9a422c5b4fe7b,INS,2018,9035,,1, HTTP/1.1" 200 116
186.103.157.246 - - [12/Jan/2018:11:32:42 -0300] "GET /cormun/servlet/hpexe_return? HTTP/1.1" 200 1025
200.86.95.220 - - [12/Jan/2018:11:32:43 -0300] "POST /cormun/servlet/solicitudot?gx-no-cache=1515767524077 HTTP/1.1" 200 43
186.103.157.246 - - [12/Jan/2018:11:32:43 -0300] "GET /cormun/servlet/trsolicitudadjuntos?2018,9035, HTTP/1.1" 200 8499
186.103.157.246 - - [12/Jan/2018:11:32:43 -0300] "GET /cormun/servlet/trsolicitudadjuntos?2018,9035, HTTP/1.1" 200 8495
200.86.95.220 - - [12/Jan/2018:11:32:44 -0300] "POST /cormun/servlet/solicitudot?gx-no-cache=1515767525341 HTTP/1.1" 200 255
200.86.95.220 - - [12/Jan/2018:11:32:46 -0300] "GET /cormun/servlet/solicitudot?186b6e3051f535cad3753ea06a3e7781935db274858651acc114b847ba787469fc3bc333d2587bec09240491c729fecb368ccf993b14968b60fc2152e6fcfe137a8f0c8283f67f041a66e2279dba095122dd6687c70566376f8cdd676cc89f76d99ca9f78f050e5623258c25fef2bde164762bbb4312cec7170806d77e27ac72370f236ed8a1f87e9c713794b6de11e967b35a42bc6077beb2a837cabd357d522b04af9356f04f8353c35bb11c3214413d34cc9f4ee2606755c3a08097456e04e5aa5cfa5b456c888ded3c031556298ee5a63c9a1f67af4e71de15d637a4b791061a1c66f62f9820c85b3769fe10ea8bfb1c3878a6f54a98612145d292e67db49a7e8836ae440dd9b19d069784fdc837bc80a0cbe5b891420eb1340cc3c42dceffa36e4512191008c61a87688801785dcdc61afb1baf9266d181f867a20ff1029b3cd08eba7c18a389cbbb2abd4aa18644e6c33037a64bd3df7eb2ffdef4742ffa374dfd31b3de7b4f45f263fbc3ce104821d28119de818e747c1a176bdb9ebb,gx-no-cache=1515767527661 HTTP/1.1" 200 30
186.103.157.246 - - [12/Jan/2018:11:32:47 -0300] "GET /cormun/servlet/solicitudotadjuntos?INS,2018,9035,,1, HTTP/1.1" 200 6151
186.103.157.246 - - [12/Jan/2018:11:32:47 -0300] "GET /cormun/static/about:blank HTTP/1.1" 404 1011
186.103.157.246 - - [12/Jan/2018:11:32:47 -0300] "GET /cormun/servlet/solicitudotadjuntos?INS,2018,9035,,1, HTTP/1.1" 200 6144
186.103.157.246 - - [12/Jan/2018:11:32:48 -0300] "GET /cormun/servlet/solicitudotadjuntos?9463e2342f044d3f56664d5d2ca5937be9fd243889862cc4df0a5fa1418b1a3d400b6dce0092097a6cfcaeea0b9cef75,gx-no-cache=1515767529826 HTTP/1.1" 200 30
186.103.157.246 - - [12/Jan/2018:11:32:48 -0300] "POST /cormun/servlet/solicitudotadjuntos?5ace0ba0f11ad9b3c7a9a422c5b4fe7b,INS,2018,9035,,1,,gx-no-cache=1515767529861 HTTP/1.1" 200 4020
200.86.95.220 - - [12/Jan/2018:11:32:49 -0300] "POST /cormun/servlet/solicitudot?gx-no-cache=1515767530643 HTTP/1.1" 200 30
200.86.95.220 - - [12/Jan/2018:11:32:51 -0300] "GET /cormun/servlet/prsolicitudot?13568424,,,,,MD,,gxPopupLevel%3D0%3B HTTP/1.1" 200 5901
186.103.157.246 - - [12/Jan/2018:11:32:51 -0300] "POST /cormun/servlet/solicitudotadjuntos?gx-no-cache=1515767533309 HTTP/1.1" 200 26
200.86.95.220 - - [12/Jan/2018:11:32:54 -0300] "POST /cormun/servlet/solicitudot?gx-no-cache=1515767535733 HTTP/1.1" 200 1353
200.86.95.220 - - [12/Jan/2018:11:32:54 -0300] "POST /cormun/servlet/solicitudot?gx-no-cache=1515767535844 HTTP/1.1" 200 38
200.86.95.220 - - [12/Jan/2018:11:32:54 -0300] "GET /cormun/servlet/solicitudot?186b6e3051f535cad3753ea06a3e7781ceb944de5c943e644b9a986d5d6cee779dcd20e16ecf2ee9eb47e3b575d02fba5ef9facb3fb0c6e5a15d990e49ffd88308b38dfca6f50b3065292c5b8a81d26c5a4c79e8d8876317deaa39ba3d93d5da36e700fa2fbab8272bbea0f4aa110cfb,gx-no-cache=1515767535899 HTTP/1.1" 200 29
200.86.95.220 - - [12/Jan/2018:11:32:54 -0300] "POST /cormun/servlet/solicitudot?gx-no-cache=1515767535947 HTTP/1.1" 200 219
200.86.95.220 - - [12/Jan/2018:11:32:54 -0300] "GET /cormun/servlet/solicitudot?186b6e3051f535cad3753ea06a3e778104099d7214d2987d1b6d9ccd8463a70124d0a3115aa31fe0449b727059dbd63ee25c04c64f67202ac9235426ba42367980bd04c25281fc1d4fd3362f7597c03fcccf345433e4fe29bf21db42a8b8f9369dcd20e16ecf2ee9eb47e3b575d02fba70cfd2bd2d69ae3337ca8e96f4106135a97008e7087e93ddc7eede563253be48,gx-no-cache=1515767536017 HTTP/1.1" 200 55
200.86.95.220 - - [12/Jan/2018:11:32:55 -0300] "GET /cormun/servlet/solicitudot?186b6e3051f535cad3753ea06a3e778170f97660905396bd8379eb9dcadc21c343d4663961788f93fbc66d6a4f41ba52,gx-no-cache=1515767536064 HTTP/1.1" 200 30
186.103.159.188 - - [12/Jan/2018:11:32:58 -0300] "POST /cormun/servlet/solicitudotcontratos?11192e81d6576678c249945b0848a48c,INS,2018,0,16884126,4,6,2017,4277,LEY+SEP,201712,6,B,,gx-no-cache=1515767539356 HTTP/1.1" 200 10834
186.103.159.188 - - [12/Jan/2018:11:32:58 -0300] "POST /cormun/servlet/solicitudotcontratos?gx-no-cache=1515767539671 HTTP/1.1" 200 1342
186.103.159.188 - - [12/Jan/2018:11:32:58 -0300] "POST /cormun/servlet/solicitudotcontratos?gx-no-cache=1515767539712 HTTP/1.1" 200 1221
186.103.159.188 - - [12/Jan/2018:11:32:58 -0300] "GET /cormun/servlet/solicitudotcontratos?783b1d8334272e2879af472df30a5888c62f0b7aa4b22ef63e8168fe2403a7e07dc16790c6d84edb4b4f56665125b7fc8ffe5f7424ecfe8b4e5fb39e805aa85545d93e549a6101b75af080532e898eb57a9c423332c98da7136436eb75d8e8789e70888582555a3640377c6150078508de8d0f3f92cbc243ee28084429f913f8,gx-no-cache=1515767539757 HTTP/1.1" 200 30
186.103.159.188 - - [12/Jan/2018:11:32:58 -0300] "POST /cormun/servlet/solicitudotcontratos?11192e81d6576678c249945b0848a48c,INS,2018,0,16884126,4,6,2017,4277,LEY+SEP,201712,6,B,,gx-no-cache=1515767539796 HTTP/1.1" 200 93
186.103.159.188 - - [12/Jan/2018:11:32:59 -0300] "GET /cormun/servlet/hpexe_return? HTTP/1.1" 200 1059
186.103.159.188 - - [12/Jan/2018:11:32:59 -0300] "GET /cormun/servlet/trcontratosolicitud?gx-no-cache=1515766101479 HTTP/1.1" 200 14232
186.103.157.246 - - [12/Jan/2018:11:32:59 -0300] "GET /cormun/servlet/solicitudotadjuntos?9463e2342f044d3f56664d5d2ca5937b43a5a020f951859023ed724e1e0b1290,gx-no-cache=1515767540973 HTTP/1.1" 200 30
186.103.159.188 - - [12/Jan/2018:11:32:59 -0300] "GET /cormun/servlet/trcontratosolicitud?gx-no-cache=1515766101479 HTTP/1.1" 200 14321
186.103.157.246 - - [12/Jan/2018:11:33:00 -0300] "GET /cormun/servlet/solicitudotadjuntos?9463e2342f044d3f56664d5d2ca5937b43a5a020f951859023ed724e1e0b1290,gx-no-cache=1515767541494 HTTP/1.1" 200 30
186.103.157.246 - - [12/Jan/2018:11:33:00 -0300] "POST /cormun/servlet/solicitudotadjuntos?5ace0ba0f11ad9b3c7a9a422c5b4fe7b,INS,2018,9035,,1, HTTP/1.1" 200 116
186.103.157.246 - - [12/Jan/2018:11:33:00 -0300] "GET /cormun/servlet/hpexe_return? HTTP/1.1" 200 1025
186.103.157.246 - - [12/Jan/2018:11:33:00 -0300] "GET /cormun/servlet/trsolicitudadjuntos?2018,9035, HTTP/1.1" 200 8694
186.103.157.246 - - [12/Jan/2018:11:33:01 -0300] "GET /cormun/servlet/trsolicitudadjuntos?2018,9035, HTTP/1.1" 200 8693
186.103.157.246 - - [12/Jan/2018:11:33:05 -0300] "GET /cormun/servlet/solicitudotadjuntos?INS,2018,9035,,1, HTTP/1.1" 200 6151
186.103.157.246 - - [12/Jan/2018:11:33:06 -0300] "GET /cormun/static/about:blank HTTP/1.1" 404 1011
186.103.157.246 - - [12/Jan/2018:11:33:06 -0300] "GET /cormun/servlet/solicitudotadjuntos?INS,2018,9035,,1, HTTP/1.1" 200 6144
186.103.157.246 - - [12/Jan/2018:11:33:06 -0300] "GET /cormun/servlet/solicitudotadjuntos?9463e2342f044d3f56664d5d2ca5937be9fd243889862cc4df0a5fa1418b1a3d400b6dce0092097a6cfcaeea0b9cef75,gx-no-cache=1515767548345 HTTP/1.1" 200 30
186.103.157.246 - - [12/Jan/2018:11:33:06 -0300] "POST /cormun/servlet/solicitudotadjuntos?5ace0ba0f11ad9b3c7a9a422c5b4fe7b,INS,2018,9035,,1,,gx-no-cache=1515767548378 HTTP/1.1" 200 4020
186.103.157.246 - - [12/Jan/2018:11:33:10 -0300] "POST /cormun/servlet/solicitudotadjuntos?gx-no-cache=1515767552294 HTTP/1.1" 200 26
186.103.157.246 - - [12/Jan/2018:11:33:17 -0300] "GET /cormun/servlet/solicitudotadjuntos?9463e2342f044d3f56664d5d2ca5937b43a5a020f951859023ed724e1e0b1290,gx-no-cache=1515767559071 HTTP/1.1" 200 30
186.103.157.246 - - [12/Jan/2018:11:33:17 -0300] "GET /cormun/servlet/solicitudotadjuntos?9463e2342f044d3f56664d5d2ca5937b43a5a020f951859023ed724e1e0b1290,gx-no-cache=1515767559093 HTTP/1.1" 200 30
186.103.157.246 - - [12/Jan/2018:11:33:17 -0300] "POST /cormun/servlet/solicitudotadjuntos?5ace0ba0f11ad9b3c7a9a422c5b4fe7b,INS,2018,9035,,1, HTTP/1.1" 200 116
186.103.157.246 - - [12/Jan/2018:11:33:17 -0300] "GET /cormun/servlet/hpexe_return? HTTP/1.1" 200 1025
186.103.157.246 - - [12/Jan/2018:11:33:18 -0300] "GET /cormun/servlet/trsolicitudadjuntos?2018,9035, HTTP/1.1" 200 8881
186.103.157.246 - - [12/Jan/2018:11:33:18 -0300] "GET /cormun/servlet/trsolicitudadjuntos?2018,9035, HTTP/1.1" 200 8878
186.103.159.188 - - [12/Jan/2018:11:33:18 -0300] "GET /cormun/servlet/solicitudotcontratos?INS,2018,0,16884126,4,6,2017,4279,INTEGRACION,201712,3,B, HTTP/1.1" 200 9926
186.103.159.188 - - [12/Jan/2018:11:33:19 -0300] "GET /cormun/servlet/solicitudotcontratos?INS,2018,0,16884126,4,6,2017,4279,INTEGRACION,201712,3,B, HTTP/1.1" 200 9938
190.161.236.41 - - [12/Jan/2018:11:33:19 -0300] "GET /cormun/servlet/solicitudotcontratos?783b1d8334272e2879af472df30a588892a92859c80f18765a57daba136bec1e1000a26d0f6f2bcb9e609348dd209bf1,gx-no-cache=1515767561072 HTTP/1.1" 200 30
190.161.236.41 - - [12/Jan/2018:11:33:19 -0300] "GET /cormun/servlet/solicitudotcontratos?783b1d8334272e2879af472df30a588800bc30f814922f83096c3c59fdd2c03b9567023dd68a34735dd15fd3bad36c61,gx-no-cache=1515767561182 HTTP/1.1" 200 30
190.161.236.41 - - [12/Jan/2018:11:33:19 -0300] "GET /cormun/servlet/solicitudotcontratos?783b1d8334272e2879af472df30a588893d2dd46ab428f0af4a8f15bebfa07d1a291899cc48522d5376c40ef62eb76075f76266556e94f88e338f6b2476a4d21088db8dc51d66c026c6cb753ff14d16b5851f1c7c8dbf3b668d1615e0e5a3f837f3efdd79d75a94ee699f5b62d029f1561c4d55e4e3b237ab166c507a7ade209,gx-no-cache=1515767561227 HTTP/1.1" 200 50
190.161.236.41 - - [12/Jan/2018:11:33:19 -0300] "GET /cormun/servlet/solicitudotcontratos?783b1d8334272e2879af472df30a588853eeb1a02f7141dd1945f0072b67cd3289c2c1d67004aeff2fa3878ed98daaac,gx-no-cache=1515767561301 HTTP/1.1" 200 30
190.161.236.41 - - [12/Jan/2018:11:33:19 -0300] "GET /cormun/servlet/solicitudotcontratos?783b1d8334272e2879af472df30a58885e4f37a5ae3c094854174f532d4adaf9dc5cb6de7c911f6c44e01e0b56d6dde005050ff3da2be1704b66c7bf9c2306adf7cc8424d4abd1e42c16bc6c109038e9ac332670eb1432af9a3021a999d2f0329a9fd1c060870d7cfa59feea54649e80,gx-no-cache=1515767561364 HTTP/1.1" 200 30
190.161.236.41 - - [12/Jan/2018:11:33:19 -0300] "GET /cormun/servlet/solicitudotcontratos?783b1d8334272e2879af472df30a588820a493459571ac826d18d8ff1816815917f740617cf1481a03a83f27d03736dca4461c41ce2a3fe188afa59610881a164caf76ee95ea07d0c14a3f5a6ccdad2f7cc7fc8e2f96f51b5f8d4f23a353363ab5bf116664195715013ed6c7952009b9833e26476948a9f5cfa8a6065dbf070cbc7061770cea17522c8b0ba7a306c9f2ca31b9b3b568f49b1c1b30ead8ca703679fa0269abbe6281845384ef7cd98b86b541c8833bf5b6603d6e064372d0283b2f1a5ec68e7a5b3a9063c609600e2b95d8b399fc62478e78366df3386df80ee1afc3fe9f57f3d1c7c3c9ff87a62d0f0b6b52e037ebdf819e3625ab4daa0025ef40b9466af65dedb60396cede3e8411d6f260aa2ddb5ec62c4efb550ab81cfefbe8c1a14aab9408f5281dac572efd0ae36c7db1c2639e898042d19a3aba8816863d1f1ff94d491f9ea4bb7aa9f842b9b6f26a70bdb1c2caedb1c1fe19d7f089afc35325c36a271e2ba406f64f2ec0fe6ec4ebaebbf248a982ac1b922fa5bb6c00ad1d445035e711ab649455b1a533ba9db3425ac7bd2c34762716cb81a02d982cc6d6daa6591fba4302ef768f9a05fd156a98c9065bedab1393c73baabe65f7b4bc223a901228af492d3fb12d7e6204a09a9e7bad25da8a060d091717386e5831980ac7f5d30dba684add57a077175efeb550bdce1c2087df8944a1b729a0c2c298c07a5e4caadd2c97e52ba526a70a96354cd092a64ce867638f18f927c9208ae017d26cc92edb1b75de6f93d49d6e4e99233b560a10e3a5b7554c12969fa530,gx-no-cache=1515767561420 HTTP/1.1" 200 83
186.103.157.246 - - [12/Jan/2018:11:33:23 -0300] "GET /cormun/servlet/solicitudotadjuntos?INS,2018,9035,,1, HTTP/1.1" 200 6151
186.103.157.246 - - [12/Jan/2018:11:33:23 -0300] "GET /cormun/static/about:blank HTTP/1.1" 404 1011
186.103.157.246 - - [12/Jan/2018:11:33:24 -0300] "GET /cormun/servlet/solicitudotadjuntos?INS,2018,9035,,1, HTTP/1.1" 200 6144
186.103.157.246 - - [12/Jan/2018:11:33:24 -0300] "GET /cormun/servlet/solicitudotadjuntos?9463e2342f044d3f56664d5d2ca5937be9fd243889862cc4df0a5fa1418b1a3d400b6dce0092097a6cfcaeea0b9cef75,gx-no-cache=1515767566183 HTTP/1.1" 200 30
186.103.157.246 - - [12/Jan/2018:11:33:24 -0300] "POST /cormun/servlet/solicitudotadjuntos?5ace0ba0f11ad9b3c7a9a422c5b4fe7b,INS,2018,9035,,1,,gx-no-cache=1515767566225 HTTP/1.1" 200 4019
190.161.236.41 - - [12/Jan/2018:11:33:26 -0300] "POST /cormun/servlet/solicitudotcontratos?11192e81d6576678c249945b0848a48c,INS,2018,0,16884126,4,6,2017,4279,INTEGRACION,201712,3,B,,gx-no-cache=1515767567391 HTTP/1.1" 200 10842
190.161.236.41 - - [12/Jan/2018:11:33:26 -0300] "POST /cormun/servlet/solicitudotcontratos?gx-no-cache=1515767567690 HTTP/1.1" 200 1341
190.161.236.41 - - [12/Jan/2018:11:33:26 -0300] "POST /cormun/servlet/solicitudotcontratos?gx-no-cache=1515767567755 HTTP/1.1" 200 1221
190.161.236.41 - - [12/Jan/2018:11:33:26 -0300] "GET /cormun/servlet/solicitudotcontratos?783b1d8334272e2879af472df30a5888c62f0b7aa4b22ef63e8168fe2403a7e07dc16790c6d84edb4b4f56665125b7fc8ffe5f7424ecfe8b4e5fb39e805aa85545d93e549a6101b75af080532e898eb57a9c423332c98da7136436eb75d8e8789e70888582555a3640377c6150078508de8d0f3f92cbc243ee28084429f913f8,gx-no-cache=1515767567819 HTTP/1.1" 200 30
190.161.236.41 - - [12/Jan/2018:11:33:26 -0300] "POST /cormun/servlet/solicitudotcontratos?11192e81d6576678c249945b0848a48c,INS,2018,0,16884126,4,6,2017,4279,INTEGRACION,201712,3,B,,gx-no-cache=1515767567864 HTTP/1.1" 200 93
190.161.236.41 - - [12/Jan/2018:11:33:26 -0300] "GET /cormun/servlet/hpexe_return? HTTP/1.1" 200 1061
190.161.236.41 - - [12/Jan/2018:11:33:26 -0300] "GET /cormun/servlet/trcontratosolicitud?gx-no-cache=1515766101479 HTTP/1.1" 200 14319
190.161.236.41 - - [12/Jan/2018:11:33:27 -0300] "GET /cormun/servlet/trcontratosolicitud?gx-no-cache=1515766101479 HTTP/1.1" 200 14289
186.103.157.246 - - [12/Jan/2018:11:33:28 -0300] "POST /cormun/servlet/solicitudotadjuntos?gx-no-cache=1515767569948 HTTP/1.1" 200 26
186.103.157.246 - - [12/Jan/2018:11:33:36 -0300] "GET /cormun/servlet/solicitudotadjuntos?9463e2342f044d3f56664d5d2ca5937b43a5a020f951859023ed724e1e0b1290,gx-no-cache=1515767578022 HTTP/1.1" 200 30
186.103.157.246 - - [12/Jan/2018:11:33:36 -0300] "GET /cormun/servlet/solicitudotadjuntos?9463e2342f044d3f56664d5d2ca5937b43a5a020f951859023ed724e1e0b1290,gx-no-cache=1515767578053 HTTP/1.1" 200 30
186.103.157.246 - - [12/Jan/2018:11:33:36 -0300] "POST /cormun/servlet/solicitudotadjuntos?5ace0ba0f11ad9b3c7a9a422c5b4fe7b,INS,2018,9035,,1, HTTP/1.1" 200 116
186.103.157.246 - - [12/Jan/2018:11:33:36 -0300] "GET /cormun/servlet/hpexe_return? HTTP/1.1" 200 1025
186.103.157.246 - - [12/Jan/2018:11:33:37 -0300] "GET /cormun/servlet/trsolicitudadjuntos?2018,9035, HTTP/1.1" 200 9062
186.103.157.246 - - [12/Jan/2018:11:33:37 -0300] "GET /cormun/servlet/trsolicitudadjuntos?2018,9035, HTTP/1.1" 200 9061
200.86.95.220 - - [12/Jan/2018:11:34:09 -0300] "POST /cormun/servlet/solicitudot?gx-no-cache=1515767610117 HTTP/1.1" 200 217
200.86.95.220 - - [12/Jan/2018:11:34:09 -0300] "GET /cormun/servlet/solicitudot?186b6e3051f535cad3753ea06a3e778104099d7214d2987d1b6d9ccd8463a70124d0a3115aa31fe0449b727059dbd63ee25c04c64f67202ac9235426ba42367980bd04c25281fc1d4fd3362f7597c03fcccf345433e4fe29bf21db42a8b8f9369dcd20e16ecf2ee9eb47e3b575d02fba70cfd2bd2d69ae3337ca8e96f4106135a97008e7087e93ddc7eede563253be48,gx-no-cache=1515767610240 HTTP/1.1" 200 55
200.86.95.220 - - [12/Jan/2018:11:34:09 -0300] "POST /cormun/servlet/solicitudot?gx-no-cache=1515767610310 HTTP/1.1" 200 33
200.86.95.220 - - [12/Jan/2018:11:34:09 -0300] "POST /cormun/servlet/solicitudot?f7d474b46e14763fed6e78115c310f6b,INS,0,0,,gx-no-cache=1515767610392 HTTP/1.1" 200 93
200.86.95.220 - - [12/Jan/2018:11:34:09 -0300] "GET /cormun/servlet/hpexe_return? HTTP/1.1" 200 1008
200.86.95.220 - - [12/Jan/2018:11:34:10 -0300] "GET /cormun/servlet/trsolicitudot HTTP/1.1" 200 9403
186.103.159.188 - - [12/Jan/2018:11:34:10 -0300] "GET /cormun/servlet/solicitudotcontratos?INS,2018,0,16884126,4,2,2017,2561,NADA,201712,30,B, HTTP/1.1" 200 9917
186.103.159.188 - - [12/Jan/2018:11:34:11 -0300] "GET /cormun/servlet/solicitudotcontratos?INS,2018,0,16884126,4,2,2017,2561,NADA,201712,30,B, HTTP/1.1" 200 9931
200.86.95.220 - - [12/Jan/2018:11:34:11 -0300] "GET /cormun/servlet/trsolicitudot HTTP/1.1" 200 9398
190.161.236.41 - - [12/Jan/2018:11:34:11 -0300] "GET /cormun/servlet/solicitudotcontratos?783b1d8334272e2879af472df30a588892a92859c80f18765a57daba136bec1e1000a26d0f6f2bcb9e609348dd209bf1,gx-no-cache=1515767613210 HTTP/1.1" 200 30
190.161.236.41 - - [12/Jan/2018:11:34:11 -0300] "GET /cormun/servlet/solicitudotcontratos?783b1d8334272e2879af472df30a588800bc30f814922f83096c3c59fdd2c03b9567023dd68a34735dd15fd3bad36c61,gx-no-cache=1515767613292 HTTP/1.1" 200 30
190.161.236.41 - - [12/Jan/2018:11:34:11 -0300] "GET /cormun/servlet/solicitudotcontratos?783b1d8334272e2879af472df30a588893d2dd46ab428f0af4a8f15bebfa07d1a291899cc48522d5376c40ef62eb76075f76266556e94f88e338f6b2476a4d21088db8dc51d66c026c6cb753ff14d16ba3e1c00b36afd33fb71a8dc57f95a70ec9ec80b836b23317765e6ad6ffe84c2aaa7a836de080b1bfa4f0543b6f4cd13a,gx-no-cache=1515767613337 HTTP/1.1" 200 48
190.161.236.41 - - [12/Jan/2018:11:34:11 -0300] "GET /cormun/servlet/solicitudotcontratos?783b1d8334272e2879af472df30a588853eeb1a02f7141dd1945f0072b67cd327c06e83dd3549c1229b0af6433cb2c1a,gx-no-cache=1515767613385 HTTP/1.1" 200 30
190.161.236.41 - - [12/Jan/2018:11:34:12 -0300] "GET /cormun/servlet/solicitudotcontratos?783b1d8334272e2879af472df30a58885e4f37a5ae3c094854174f532d4adaf9dc5cb6de7c911f6c44e01e0b56d6dde005050ff3da2be1704b66c7bf9c2306adf7cc8424d4abd1e42c16bc6c109038e95aec1499297ac2e7bc3eef4d41c8e4679a9fd1c060870d7cfa59feea54649e80,gx-no-cache=1515767613492 HTTP/1.1" 200 30
190.161.236.41 - - [12/Jan/2018:11:34:12 -0300] "GET /cormun/servlet/solicitudotcontratos?783b1d8334272e2879af472df30a588820a493459571ac826d18d8ff1816815917f740617cf1481a03a83f27d03736dc5e5fc4b0bfcac0cbfc4068784c56f839970a99f59a2187ae5523bfcbabe9254580af900c3a27a23e2dfd439b446980b395db0f545f4dae23a99978095bcc9f2b8818c9a4d2a4c8beafa2f721296364c196ec73884af6328aa8b82c5877a4e39140f1afc61dab38b17cbf9e86536cc7f1c59124e1356f083f18052bb8fec209cd544d4a1d2ba4b4697f283bd0947bc2c167ac37d03eee2477f61b5d321888ca79618a4bacdaf1c751576856eea985d951009ea38bf644b74ff6cc62f89ec6aac5ca92bdd50e2ccea1df3956b4c7706a5b9551a5143eb8df01aaf3454718d911ccacf4423eb29b85356122a57e68710da50d39683a082a3b56e8b743aa0d4acec21e1e0310f1503c5ab36b9b25e320b347dc978e1328e7fd9b7c0dd4becaf153f6284b47a8025ca4dba8ab6c80208a1aeabb241d6d22afa32bea6cff4aff71c40c6e54fe5337dfc192fbcaf5b9d648eece8dbf1406f14f167f89a0ea4313e240ced9643cd2e9a8d9f4a6a77ffe156a5f0712f041c71f685f2837b4e1a6111381e9dca0bf1436556dee57fdbde1b1ffa816b7cfe439b7c01d6fdfff65665b9c61e80a187c934eeb891d9efe03c84476fa90124b33ac0f8c07b935779c93d6708505d9643cd2e9a8d9f4a6a77ffe156a5f07b53962d55ead3304084f75a5279dcf0a78fd9b9e5312c111178dedb71db903867b6ce9892040835eb4858e1049d4e3f4f69c8ad7106a4342b5581b544c13906e,gx-no-cache=1515767613564 HTTP/1.1" 200 72
186.103.157.246 - - [12/Jan/2018:11:34:14 -0300] "POST /cormun/servlet/trsolicitudadjuntos?5ace0ba0f11ad9b3c7a9a422c5b4fe7b,2018,9035,,gx-no-cache=1515767616136 HTTP/1.1" 200 90
186.103.157.246 - - [12/Jan/2018:11:34:14 -0300] "GET /cormun/servlet/hpexe_link HTTP/1.1" 200 968
186.103.157.246 - - [12/Jan/2018:11:34:15 -0300] "GET /cormun/servlet/trsolicitudot HTTP/1.1" 200 8679
186.103.157.246 - - [12/Jan/2018:11:34:15 -0300] "GET /cormun/servlet/trsolicitudot HTTP/1.1" 200 8678
190.161.236.41 - - [12/Jan/2018:11:34:17 -0300] "POST /cormun/servlet/solicitudotcontratos?gx-no-cache=1515767619267 HTTP/1.1" 200 79
200.86.95.220 - - [12/Jan/2018:11:34:18 -0300] "POST /cormun/servlet/trsolicitudot?f7d474b46e14763fed6e78115c310f6b,gx-no-cache=1515767619858 HTTP/1.1" 200 106
200.86.95.220 - - [12/Jan/2018:11:34:19 -0300] "GET /cormun/servlet/solicitudot?UPD,2018,9038, HTTP/1.1" 200 14637
200.86.95.220 - - [12/Jan/2018:11:34:20 -0300] "GET /cormun/servlet/solicitudot?UPD,2018,9038, HTTP/1.1" 200 14646
200.86.95.220 - - [12/Jan/2018:11:34:21 -0300] "POST /cormun/servlet/solicitudot?gx-no-cache=1515767622337 HTTP/1.1" 200 3818
200.86.95.220 - - [12/Jan/2018:11:34:21 -0300] "POST /cormun/servlet/solicitudot?f7d474b46e14763fed6e78115c310f6b,UPD,2018,9038,,gx-no-cache=1515767622529 HTTP/1.1" 200 11143
200.86.95.220 - - [12/Jan/2018:11:34:21 -0300] "GET /cormun/servlet/solicitudot?186b6e3051f535cad3753ea06a3e7781c2eeb6f245c97db81883bd1a1223adffd1027fe55456d35e410de7833903cd44,gx-no-cache=1515767622870 HTTP/1.1" 200 30
200.86.95.220 - - [12/Jan/2018:11:34:21 -0300] "POST /cormun/servlet/solicitudot?gx-no-cache=1515767622960 HTTP/1.1" 200 43
200.86.95.220 - - [12/Jan/2018:11:34:21 -0300] "POST /cormun/servlet/solicitudot?gx-no-cache=1515767623031 HTTP/1.1" 200 256
200.86.95.220 - - [12/Jan/2018:11:34:22 -0300] "GET /cormun/servlet/solicitudot?186b6e3051f535cad3753ea06a3e7781935db274858651acc114b847ba787469fc3bc333d2587bec09240491c729fecb368ccf993b14968b60fc2152e6fcfe137a8f0c8283f67f041a66e2279dba095122dd6687c70566376f8cdd676cc89f76d99ca9f78f050e5623258c25fef2bde164762bbb4312cec7170806d77e27ac72370f236ed8a1f87e9c713794b6de11e967b35a42bc6077beb2a837cabd357d522b04af9356f04f8353c35bb11c3214413d34cc9f4ee2606755c3a08097456e04e5aa5cfa5b456c888ded3c031556298ee5a63c9a1f67af4e71de15d637a4b791061a1c66f62f9820c85b3769fe10ea8bfb1c3878a6f54a98612145d292e67db49a7e8836ae440dd9b19d069784fdc837bc80a0cbe5b891420eb1340cc3c42dceffa36e4512191008c61a87688801785dcdc61afb1baf9266d181f867a20ff1029b3cd08eba7c18a389cbbb2abd4aa18644e6c33037a64bd3df7eb2ffdef4742ffa374dfd31b3de7b4f45f263fbc3ce104cced4bfd3938614d21a136d33cdcb7c,gx-no-cache=1515767623112 HTTP/1.1" 200 30
200.86.95.220 - - [12/Jan/2018:11:34:22 -0300] "POST /cormun/servlet/solicitudot?gx-no-cache=1515767623196 HTTP/1.1" 200 30
200.86.95.220 - - [12/Jan/2018:11:34:22 -0300] "POST /cormun/servlet/solicitudot?gx-no-cache=1515767623260 HTTP/1.1" 200 231
200.86.95.220 - - [12/Jan/2018:11:34:22 -0300] "POST /cormun/servlet/solicitudot?gx-no-cache=1515767623363 HTTP/1.1" 200 41
190.161.236.41 - - [12/Jan/2018:11:34:33 -0300] "POST /cormun/servlet/solicitudotcontratos?11192e81d6576678c249945b0848a48c,INS,2018,0,16884126,4,2,2017,2561,NADA,201712,30,B,,gx-no-cache=1515767634493 HTTP/1.1" 200 10836
190.161.236.41 - - [12/Jan/2018:11:34:33 -0300] "POST /cormun/servlet/solicitudotcontratos?gx-no-cache=1515767634763 HTTP/1.1" 200 1342
190.161.236.41 - - [12/Jan/2018:11:34:33 -0300] "POST /cormun/servlet/solicitudotcontratos?gx-no-cache=1515767634854 HTTP/1.1" 200 1221
190.161.236.41 - - [12/Jan/2018:11:34:34 -0300] "GET /cormun/servlet/solicitudotcontratos?783b1d8334272e2879af472df30a5888c62f0b7aa4b22ef63e8168fe2403a7e07dc16790c6d84edb4b4f56665125b7fc8ffe5f7424ecfe8b4e5fb39e805aa85545d93e549a6101b75af080532e898eb57a9c423332c98da7136436eb75d8e8789e70888582555a3640377c6150078508de8d0f3f92cbc243ee28084429f913f8,gx-no-cache=1515767635489 HTTP/1.1" 200 30
190.161.236.41 - - [12/Jan/2018:11:34:34 -0300] "POST /cormun/servlet/solicitudotcontratos?11192e81d6576678c249945b0848a48c,INS,2018,0,16884126,4,2,2017,2561,NADA,201712,30,B,,gx-no-cache=1515767635545 HTTP/1.1" 200 93
190.161.236.41 - - [12/Jan/2018:11:34:34 -0300] "GET /cormun/servlet/hpexe_return? HTTP/1.1" 200 1057
190.161.236.41 - - [12/Jan/2018:11:34:34 -0300] "GET /cormun/servlet/trcontratosolicitud?gx-no-cache=1515766101479 HTTP/1.1" 200 14279
190.161.236.41 - - [12/Jan/2018:11:34:35 -0300] "GET /cormun/servlet/trcontratosolicitud?gx-no-cache=1515766101479 HTTP/1.1" 200 14293
186.103.159.188 - - [12/Jan/2018:11:34:56 -0300] "POST /cormun/servlet/trcontratosolicitud?11192e81d6576678c249945b0848a48c,gx-no-cache=1515766101479,gx-no-cache=1515767657425 HTTP/1.1" 200 10797
200.86.95.220 - - [12/Jan/2018:11:35:11 -0300] "GET /cormun/servlet/solicitudot?186b6e3051f535cad3753ea06a3e7781ae244f8f4bc0c091f75035457d146446ce97999e73df08d3950a70b2094bc485307fe8f200323abc67697e1b234083f3f5737f616bb7ed3fa237d1a45e612cd8f881cb4727060a4be96828ebdea484df7ce2eb1b44f4e124b9fbae852882e5225c599355dcd7d262a5789df6f9e12a7196a58b5748cf9f5828e14f6ca45bc4d121edc8ffd56a950457edf19f9c54838eeaef71fc7d674e6553be5ef738bd3ebc552c7c72ae8a77145011c90bcbd9b7af574fdfcaa8c806bfd0b8485f441ac4ba,gx-no-cache=1515767672308 HTTP/1.1" 200 30
186.103.159.188 - - [12/Jan/2018:11:35:13 -0300] "GET /cormun/servlet/solicitudotcontratos?INS,2018,0,9714472,9,2,2017,1892,NADA,201712,30,B, HTTP/1.1" 200 9893
186.103.159.188 - - [12/Jan/2018:11:35:13 -0300] "GET /cormun/servlet/solicitudotcontratos?INS,2018,0,9714472,9,2,2017,1892,NADA,201712,30,B, HTTP/1.1" 200 9906
200.86.95.220 - - [12/Jan/2018:11:35:14 -0300] "POST /cormun/servlet/solicitudot?gx-no-cache=1515767675194 HTTP/1.1" 200 217
200.86.95.220 - - [12/Jan/2018:11:35:14 -0300] "GET /cormun/servlet/solicitudot?186b6e3051f535cad3753ea06a3e778104099d7214d2987d1b6d9ccd8463a70104ff1cb7315da7636c76b6ceeb0a9aaf9a7e8836ae440dd9b19d069784fdc8373ca7380c62998216ba5d24ec0aaa726b4e80314a50a5c2821d06a39c0c34b42599dd596c7427d903fab948f5291e543e9cc0572ab3e3e2342ce6f8ea2274b1ec76e3b3b0b9d6310cf284507bbc4b17605809507eb983c1bae43f72eccf1a2f89,gx-no-cache=1515767675263 HTTP/1.1" 200 55
200.86.95.220 - - [12/Jan/2018:11:35:14 -0300] "GET /cormun/servlet/solicitudot?186b6e3051f535cad3753ea06a3e778170f97660905396bd8379eb9dcadc21c343d4663961788f93fbc66d6a4f41ba52,gx-no-cache=1515767675317 HTTP/1.1" 200 30
200.86.95.220 - - [12/Jan/2018:11:35:14 -0300] "POST /cormun/servlet/solicitudot?gx-no-cache=1515767675367 HTTP/1.1" 200 33
190.161.236.41 - - [12/Jan/2018:11:35:14 -0300] "GET /cormun/servlet/solicitudotcontratos?783b1d8334272e2879af472df30a5888a6a07243661205d192f35f3494780bc442543d0d4698850088f1e4c2b3bd43b0,gx-no-cache=1515767675770 HTTP/1.1" 200 30
190.161.236.41 - - [12/Jan/2018:11:35:14 -0300] "GET /cormun/servlet/solicitudotcontratos?783b1d8334272e2879af472df30a5888497ea8910acaacf21b5a4a2df36d9bfe0fa2eae697ff899b4a82a5b458008a29,gx-no-cache=1515767675847 HTTP/1.1" 200 30
190.161.236.41 - - [12/Jan/2018:11:35:14 -0300] "GET /cormun/servlet/solicitudotcontratos?783b1d8334272e2879af472df30a588893d2dd46ab428f0af4a8f15bebfa07d1a291899cc48522d5376c40ef62eb76075f76266556e94f88e338f6b2476a4d21088db8dc51d66c026c6cb753ff14d16ba3e1c00b36afd33fb71a8dc57f95a70ec9ec80b836b23317765e6ad6ffe84c2aaa7a836de080b1bfa4f0543b6f4cd13a,gx-no-cache=1515767675890 HTTP/1.1" 200 48
190.161.236.41 - - [12/Jan/2018:11:35:14 -0300] "GET /cormun/servlet/solicitudotcontratos?783b1d8334272e2879af472df30a58881ec4c62cb2e094505421d89800fc8f835e36f8cbd25333c57c8a6086b40703d2,gx-no-cache=1515767675942 HTTP/1.1" 200 30
190.161.236.41 - - [12/Jan/2018:11:35:14 -0300] "GET /cormun/servlet/solicitudotcontratos?783b1d8334272e2879af472df30a58885e4f37a5ae3c094854174f532d4adaf9dc5cb6de7c911f6c44e01e0b56d6dde005050ff3da2be1704b66c7bf9c2306adf7cc8424d4abd1e42c16bc6c109038e95aec1499297ac2e7bc3eef4d41c8e4679a9fd1c060870d7cfa59feea54649e80,gx-no-cache=1515767675989 HTTP/1.1" 200 30
200.86.95.220 - - [12/Jan/2018:11:35:14 -0300] "POST /cormun/servlet/solicitudot?f7d474b46e14763fed6e78115c310f6b,UPD,2018,9038,,gx-no-cache=1515767675478 HTTP/1.1" 200 93
190.161.236.41 - - [12/Jan/2018:11:35:14 -0300] "GET /cormun/servlet/solicitudotcontratos?783b1d8334272e2879af472df30a588820a493459571ac826d18d8ff1816815917f740617cf1481a03a83f27d03736dc5e5fc4b0bfcac0cbfc4068784c56f839970a99f59a2187ae5523bfcbabe9254580af900c3a27a23e2dfd439b446980b395db0f545f4dae23a99978095bcc9f2b8818c9a4d2a4c8beafa2f721296364c196ec73884af6328aa8b82c5877a4e39140f1afc61dab38b17cbf9e86536cc7f1c59124e1356f083f18052bb8fec209cd544d4a1d2ba4b4697f283bd0947bc2c167ac37d03eee2477f61b5d321888ca79618a4bacdaf1c751576856eea985d951009ea38bf644b74ff6cc62f89ec6aac5ca92bdd50e2ccea1df3956b4c7706a5b9551a5143eb8df01aaf3454718d911ccacf4423eb29b85356122a57e68710da50d39683a082a3b56e8b743aa0d4acec21e1e0310f1503c5ab36b9b25e320b347dc978e1328e7fd9b7c0dd4becaf153f6284b47a8025ca4dba8ab6c80208a1aeabb241d6d22afa32bea6cff4aff71c40c6e54fe5337dfc192fbcaf5b9d648eece8dbf1406f14f167f89a0ea4313e240ced9643cd2e9a8d9f4a6a77ffe156a5f0712f041c71f685f2837b4e1a6111381e9dca0bf1436556dee57fdbde1b1ffa816b7cfe439b7c01d6fdfff65665b9c61e80a187c934eeb891d9efe03c84476fa90124b33ac0f8c07b935779c93d6708505d9643cd2e9a8d9f4a6a77ffe156a5f07b53962d55ead3304084f75a5279dcf0a78fd9b9e5312c111178dedb71db903867b6ce9892040835eb4858e1049d4e3f4f69c8ad7106a4342b5581b544c13906e,gx-no-cache=1515767676042 HTTP/1.1" 200 72
200.86.95.220 - - [12/Jan/2018:11:35:14 -0300] "GET /cormun/servlet/hpexe_return? HTTP/1.1" 200 1015
200.86.95.220 - - [12/Jan/2018:11:35:14 -0300] "GET /cormun/servlet/trsolicitudot HTTP/1.1" 200 9388
200.86.95.220 - - [12/Jan/2018:11:35:16 -0300] "GET /cormun/servlet/trsolicitudot HTTP/1.1" 200 9384
190.161.236.41 - - [12/Jan/2018:11:35:23 -0300] "POST /cormun/servlet/solicitudotcontratos?11192e81d6576678c249945b0848a48c,INS,2018,0,9714472,9,2,2017,1892,NADA,201712,30,B,,gx-no-cache=1515767684848 HTTP/1.1" 200 10813
190.161.236.41 - - [12/Jan/2018:11:35:23 -0300] "POST /cormun/servlet/solicitudotcontratos?gx-no-cache=1515767685167 HTTP/1.1" 200 1342
190.161.236.41 - - [12/Jan/2018:11:35:23 -0300] "POST /cormun/servlet/solicitudotcontratos?gx-no-cache=1515767685228 HTTP/1.1" 200 1221
190.161.236.41 - - [12/Jan/2018:11:35:23 -0300] "GET /cormun/servlet/solicitudotcontratos?783b1d8334272e2879af472df30a5888c62f0b7aa4b22ef63e8168fe2403a7e07dc16790c6d84edb4b4f56665125b7fc8ffe5f7424ecfe8b4e5fb39e805aa85545d93e549a6101b75af080532e898eb57a9c423332c98da7136436eb75d8e8789e70888582555a3640377c6150078508de8d0f3f92cbc243ee28084429f913f8,gx-no-cache=1515767685293 HTTP/1.1" 200 30
190.161.236.41 - - [12/Jan/2018:11:35:24 -0300] "POST /cormun/servlet/solicitudotcontratos?11192e81d6576678c249945b0848a48c,INS,2018,0,9714472,9,2,2017,1892,NADA,201712,30,B,,gx-no-cache=1515767685332 HTTP/1.1" 200 93
190.161.236.41 - - [12/Jan/2018:11:35:24 -0300] "GET /cormun/servlet/hpexe_return? HTTP/1.1" 200 1056
190.161.236.41 - - [12/Jan/2018:11:35:24 -0300] "GET /cormun/servlet/trcontratosolicitud?gx-no-cache=1515766101479 HTTP/1.1" 200 13024
190.161.236.41 - - [12/Jan/2018:11:35:24 -0300] "GET /cormun/servlet/trcontratosolicitud?gx-no-cache=1515766101479 HTTP/1.1" 200 13030
200.86.95.220 - - [12/Jan/2018:11:35:43 -0300] "POST /cormun/servlet/trsolicitudot?f7d474b46e14763fed6e78115c310f6b,gx-no-cache=1515767703908 HTTP/1.1" 200 6212
200.86.95.220 - - [12/Jan/2018:11:35:43 -0300] "GET /cormun/static/Shared/jqueryui/images/ui-bg_highlight-soft_100_c6c2c8_1x100.png HTTP/1.1" 404 1117
200.86.95.220 - - [12/Jan/2018:11:35:43 -0300] "GET /cormun/static/Shared/jqueryui/images/ui-icons_82798d_256x240.png HTTP/1.1" 404 1089
200.86.95.220 - - [12/Jan/2018:11:35:43 -0300] "GET /cormun/static/Shared/jqueryui/images/ui-bg_flat_55_fafafa_40x100.png HTTP/1.1" 404 1097
200.86.95.220 - - [12/Jan/2018:11:35:43 -0300] "GET /cormun/static/Shared/jqueryui/images/ui-icons_8d78a5_256x240.png HTTP/1.1" 404 1089
200.86.95.220 - - [12/Jan/2018:11:35:43 -0300] "POST /cormun/servlet/trsolicitudot?f7d474b46e14763fed6e78115c310f6b,gx-no-cache=1515767704503 HTTP/1.1" 200 6154
200.86.95.220 - - [12/Jan/2018:11:35:45 -0300] "POST /cormun/servlet/trsolicitudot?f7d474b46e14763fed6e78115c310f6b,gx-no-cache=1515767706240 HTTP/1.1" 200 5905
200.86.95.220 - - [12/Jan/2018:11:35:45 -0300] "POST /cormun/servlet/trsolicitudot?f7d474b46e14763fed6e78115c310f6b,gx-no-cache=1515767706561 HTTP/1.1" 200 5849
190.161.236.41 - - [12/Jan/2018:11:35:45 -0300] "GET /cormun/servlet/solicitudotcontratos?INS,2018,0,9714472,9,6,2017,1893,LEY+SEP,201712,3,B, HTTP/1.1" 200 9904
190.161.236.41 - - [12/Jan/2018:11:35:46 -0300] "GET /cormun/servlet/solicitudotcontratos?INS,2018,0,9714472,9,6,2017,1893,LEY+SEP,201712,3,B, HTTP/1.1" 200 9919
186.103.159.188 - - [12/Jan/2018:11:35:46 -0300] "GET /cormun/servlet/solicitudotcontratos?783b1d8334272e2879af472df30a5888a6a07243661205d192f35f3494780bc442543d0d4698850088f1e4c2b3bd43b0,gx-no-cache=1515767708272 HTTP/1.1" 200 30
186.103.159.188 - - [12/Jan/2018:11:35:46 -0300] "GET /cormun/servlet/solicitudotcontratos?783b1d8334272e2879af472df30a5888497ea8910acaacf21b5a4a2df36d9bfe0fa2eae697ff899b4a82a5b458008a29,gx-no-cache=1515767708355 HTTP/1.1" 200 30
200.86.95.220 - - [12/Jan/2018:11:35:46 -0300] "POST /cormun/servlet/trsolicitudot?f7d474b46e14763fed6e78115c310f6b,gx-no-cache=1515767707858 HTTP/1.1" 200 4683
186.103.159.188 - - [12/Jan/2018:11:35:46 -0300] "GET /cormun/servlet/solicitudotcontratos?783b1d8334272e2879af472df30a588893d2dd46ab428f0af4a8f15bebfa07d1a291899cc48522d5376c40ef62eb76075f76266556e94f88e338f6b2476a4d21088db8dc51d66c026c6cb753ff14d16b5851f1c7c8dbf3b668d1615e0e5a3f837f3efdd79d75a94ee699f5b62d029f1561c4d55e4e3b237ab166c507a7ade209,gx-no-cache=1515767708386 HTTP/1.1" 200 50
186.103.159.188 - - [12/Jan/2018:11:35:47 -0300] "GET /cormun/servlet/solicitudotcontratos?783b1d8334272e2879af472df30a58881ec4c62cb2e094505421d89800fc8f830dd8b2c72f6945b88e5bc5c08ed32d2d,gx-no-cache=1515767708426 HTTP/1.1" 200 30
186.103.159.188 - - [12/Jan/2018:11:35:47 -0300] "GET /cormun/servlet/solicitudotcontratos?783b1d8334272e2879af472df30a58885e4f37a5ae3c094854174f532d4adaf9dc5cb6de7c911f6c44e01e0b56d6dde005050ff3da2be1704b66c7bf9c2306adf7cc8424d4abd1e42c16bc6c109038e9ac332670eb1432af9a3021a999d2f0329a9fd1c060870d7cfa59feea54649e80,gx-no-cache=1515767708510 HTTP/1.1" 200 30
186.103.159.188 - - [12/Jan/2018:11:35:47 -0300] "GET /cormun/servlet/solicitudotcontratos?783b1d8334272e2879af472df30a588820a493459571ac826d18d8ff1816815917f740617cf1481a03a83f27d03736dcc75f82cec2a63aebccbcff728a8ab8b705050ff3da2be1704b66c7bf9c2306ad1e08ec682dc31968184fff9c341f085ffbc2c0661d5172129279d960db346d187643e2ccf5910f6b88537ed484f8fbf3aa17c67d49ddda0d55e8aab9734981e46b67a1da00e0fffd56729f9a5a7fce0ec75f82cec2a63aebccbcff728a8ab8b7398a8dd5babf2d7fc20df5e1daf4e07cab1e3496ff902cd42806521f39cdd3f828e1fdeff348ee2fc2abf9d49ba0e336583b768813b3fd43f5fb40b8a2419147ccad713d9c28f8ef942b4102d060426c6f086083d7bc7ba4d88bd2854562d53b1e1e0310f1503c5ab36b9b25e320b3472987b1d3aae3963ed9f4b68b96599611c1f77d25ca728d74b2708b662fe48350f4660072ed7652f9186d4a0eb9dbdd9b0b8e3d1bf345e2a017a9952e52144cf3df19c2e8bef925b1e1299b66a88d7934ee02f44946ec2914e96380959ad2023fb2c582aece1e2c20ff7ad0b3b5d371006c46aac50b2e7d8282e55e6e148f5e23d79cbe78b4eebc6ba0a4af5a2ab7c3153b85381931a2f6593a55ac6d270dd2caad3a48748c078b32c74aca4549b9642c1f058a42bb7094a6e37bf84d43e2f4f03b04f697cf4a4c9afcd95c837c0a6a949b9c2cae56f90e542f0b7d03faeb89040d4748e7203bf1c60bf57a0a986747d2ed16d3d94a46fcd31f79cec65497129bdbebbdf1687a4fadde8255036f724853f8996781bb1dd8a19967e68c0eaae2a2,gx-no-cache=1515767708551 HTTP/1.1" 200 79
200.86.95.220 - - [12/Jan/2018:11:35:47 -0300] "POST /cormun/servlet/trsolicitudot?f7d474b46e14763fed6e78115c310f6b,gx-no-cache=1515767708182 HTTP/1.1" 200 4457
186.103.159.188 - - [12/Jan/2018:11:36:12 -0300] "POST /cormun/servlet/solicitudotcontratos?11192e81d6576678c249945b0848a48c,INS,2018,0,9714472,9,6,2017,1893,LEY+SEP,201712,3,B,,gx-no-cache=1515767733408 HTTP/1.1" 200 10824
186.103.159.188 - - [12/Jan/2018:11:36:12 -0300] "POST /cormun/servlet/solicitudotcontratos?gx-no-cache=1515767733880 HTTP/1.1" 200 1342
186.103.159.188 - - [12/Jan/2018:11:36:12 -0300] "POST /cormun/servlet/solicitudotcontratos?gx-no-cache=1515767733929 HTTP/1.1" 200 1221
186.103.159.188 - - [12/Jan/2018:11:36:12 -0300] "GET /cormun/servlet/solicitudotcontratos?783b1d8334272e2879af472df30a5888c62f0b7aa4b22ef63e8168fe2403a7e07dc16790c6d84edb4b4f56665125b7fc8ffe5f7424ecfe8b4e5fb39e805aa85545d93e549a6101b75af080532e898eb57a9c423332c98da7136436eb75d8e8789e70888582555a3640377c6150078508de8d0f3f92cbc243ee28084429f913f8,gx-no-cache=1515767733981 HTTP/1.1" 200 30
186.103.159.188 - - [12/Jan/2018:11:36:12 -0300] "POST /cormun/servlet/solicitudotcontratos?11192e81d6576678c249945b0848a48c,INS,2018,0,9714472,9,6,2017,1893,LEY+SEP,201712,3,B,,gx-no-cache=1515767734039 HTTP/1.1" 200 93
186.103.159.188 - - [12/Jan/2018:11:36:12 -0300] "GET /cormun/servlet/hpexe_return? HTTP/1.1" 200 1059
186.103.159.188 - - [12/Jan/2018:11:36:13 -0300] "GET /cormun/servlet/trcontratosolicitud?gx-no-cache=1515766101479 HTTP/1.1" 200 12902
186.103.159.188 - - [12/Jan/2018:11:36:13 -0300] "GET /cormun/servlet/trcontratosolicitud?gx-no-cache=1515766101479 HTTP/1.1" 200 12911
200.72.197.82 - - [12/Jan/2018:11:36:45 -0300] "POST /cormun/servlet/solicitudot?gx-no-cache=1515767765053 HTTP/1.1" 200 43
200.72.197.82 - - [12/Jan/2018:11:36:48 -0300] "POST /cormun/servlet/solicitudot?gx-no-cache=1515767768046 HTTP/1.1" 200 255
200.72.197.82 - - [12/Jan/2018:11:36:51 -0300] "GET /cormun/servlet/solicitudot?cce3db5fa62a1a03e7e78a4aaec1161adfb3d3ff0d45599e2de688e38d5bcb26d28d3236f0c78c4b486a92c43fa6fb967f463e9fd04360a91cd52681e2cd2a98cdde5977647a4b06bbbf42611c82010ff89fab05229c8414d9266f89d2ee0f31da8b10b4d4e0317996df646b44635ea33489a80e129e47c6853c44297384ed90e06676e3e1aa1f800f7a63226f30ad150749f19ae43000ef5a449bda86949b579e165f224d8f177ca2b68bab988952641b26091d75fe4f7ef964d8e450a6f951789ce222f43545754cf002e07f0306efae2b3f4eac4393c095136e51efcfd52c6f5c94a6a99634fd112ea88550342271686d40c7ec2cebf6438f9c4c1b3b1f0dec1d2c146c21e9173baf1b27534780cfd0cd436382ba4f24849b86e6989714d02a93daa44504159d16e114b32961298d6e867a9abed0eea5c480597b61caa372160f4c8b90afa400ef6e423192e1c734f3e89b577417c0d8a0ec1616ccd4fcabd5951c7708fbf803baece52f18fd0ad18036502c4b018add0a6a99374e6a2cca,gx-no-cache=1515767770797 HTTP/1.1" 200 30
200.72.197.82 - - [12/Jan/2018:11:36:54 -0300] "POST /cormun/servlet/solicitudot?gx-no-cache=1515767774094 HTTP/1.1" 200 30
200.72.197.82 - - [12/Jan/2018:11:36:58 -0300] "POST /cormun/servlet/solicitudot?gx-no-cache=1515767778322 HTTP/1.1" 200 1353
200.72.197.82 - - [12/Jan/2018:11:36:59 -0300] "POST /cormun/servlet/solicitudot?gx-no-cache=1515767779561 HTTP/1.1" 200 38
186.103.159.183 - - [12/Jan/2018:11:37:07 -0300] "GET /cormun/servlet/solicitudot?INS,0,0, HTTP/1.1" 200 14112
186.103.159.183 - - [12/Jan/2018:11:37:07 -0300] "GET /cormun/static/calendar-system.css?85620 HTTP/1.1" 200 5572
186.103.159.183 - - [12/Jan/2018:11:37:07 -0300] "GET /cormun/static/SmoothNavMenu/resources/ddsmoothmenu.css?1012540 HTTP/1.1" 200 2223
186.103.159.183 - - [12/Jan/2018:11:37:07 -0300] "GET /cormun/static/scaMessage/css/jquery.pnotify.default.css?1716380 HTTP/1.1" 200 1707
186.103.159.183 - - [12/Jan/2018:11:37:07 -0300] "GET /cormun/static/SmoothNavMenu/resources/ddsmoothmenu-v.css?1012540 HTTP/1.1" 200 1188
190.161.236.41 - - [12/Jan/2018:11:37:07 -0300] "POST /cormun/servlet/trcontratosolicitud?11192e81d6576678c249945b0848a48c,gx-no-cache=1515766101479,gx-no-cache=1515767789065 HTTP/1.1" 200 11844
186.103.159.183 - - [12/Jan/2018:11:37:08 -0300] "GET /cormun/static/gxtimezone.js?85251 HTTP/1.1" 200 5781
186.103.159.183 - - [12/Jan/2018:11:37:08 -0300] "GET /cormun/static/Shared/jqueryui/jquery-ui.min.css?1245370 HTTP/1.1" 200 30288
186.103.159.183 - - [12/Jan/2018:11:37:08 -0300] "GET /cormun/static/gxcfg.js?20181911371421 HTTP/1.1" 200 953
186.103.159.183 - - [12/Jan/2018:11:37:08 -0300] "GET /cormun/static/calendar-setup.js?85251 HTTP/1.1" 200 2588
186.103.159.183 - - [12/Jan/2018:11:37:08 -0300] "GET /cormun/static/calendar.js?85251 HTTP/1.1" 200 26246
186.103.159.183 - - [12/Jan/2018:11:37:08 -0300] "GET /cormun/static/calendar-es.js?85251 HTTP/1.1" 200 1901
186.103.159.183 - - [12/Jan/2018:11:37:08 -0300] "GET /cormun/static/RunJS/RunJS.js HTTP/1.1" 200 288
186.103.159.183 - - [12/Jan/2018:11:37:08 -0300] "GET /cormun/static/Resources/Spanish/PXTools.css?1255365 HTTP/1.1" 200 89042
186.103.159.183 - - [12/Jan/2018:11:37:08 -0300] "GET /cormun/static/PXToolsJavascripts/pexe_autoreload.js HTTP/1.1" 200 1762
186.103.159.183 - - [12/Jan/2018:11:37:08 -0300] "GET /cormun/static/PXToolsJavascripts/pexe_cookies.js HTTP/1.1" 200 792
186.103.159.183 - - [12/Jan/2018:11:37:08 -0300] "GET /cormun/static/PXToolsJavascripts/pexe_windows.js HTTP/1.1" 200 15207
186.103.159.183 - - [12/Jan/2018:11:37:08 -0300] "GET /cormun/static/PXToolsJavascripts/pexe_grid.js HTTP/1.1" 200 7559
186.103.159.183 - - [12/Jan/2018:11:37:08 -0300] "GET /cormun/static/PXToolsJavascripts/pexe_griddivfix.js HTTP/1.1" 200 6644
186.103.159.183 - - [12/Jan/2018:11:37:08 -0300] "GET /cormun/static/PXToolsJavascripts/pexe_link.js HTTP/1.1" 200 5671
186.103.159.183 - - [12/Jan/2018:11:37:08 -0300] "GET /cormun/static/PXToolsJavascripts/pexe_menudivfix.js HTTP/1.1" 200 333
186.103.159.183 - - [12/Jan/2018:11:37:08 -0300] "GET /cormun/static/PXToolsJavascripts/pexe_menus.js HTTP/1.1" 200 1286
186.103.159.183 - - [12/Jan/2018:11:37:08 -0300] "GET /cormun/static/PXToolsJavascripts/pexe_layers.js HTTP/1.1" 200 4114
186.103.159.183 - - [12/Jan/2018:11:37:08 -0300] "GET /cormun/static/PXToolsJavascripts/pexe_oav.js HTTP/1.1" 200 645
186.103.159.183 - - [12/Jan/2018:11:37:08 -0300] "GET /cormun/static/PXToolsJavascripts/pexe_oavdivfix.js HTTP/1.1" 200 639
186.103.159.183 - - [12/Jan/2018:11:37:08 -0300] "GET /cormun/static/PXToolsJavascripts/pexe_picture.js HTTP/1.1" 200 689
186.103.159.183 - - [12/Jan/2018:11:37:08 -0300] "GET /cormun/static/PXToolsJavascripts/pexe_popup.js HTTP/1.1" 200 13458
186.103.159.183 - - [12/Jan/2018:11:37:08 -0300] "GET /cormun/static/gxgral.js?85251 HTTP/1.1" 200 384558
186.103.159.183 - - [12/Jan/2018:11:37:08 -0300] "GET /cormun/static/PXToolsJavascripts/pexe_tabdivfix.js HTTP/1.1" 200 876
186.103.159.183 - - [12/Jan/2018:11:37:08 -0300] "GET /cormun/static/PXToolsJavascripts/pexe_tabs.js HTTP/1.1" 200 3748
186.103.159.183 - - [12/Jan/2018:11:37:08 -0300] "GET /cormun/static/PXToolsJavascripts/pexe_upload.js HTTP/1.1" 200 1423
186.103.159.183 - - [12/Jan/2018:11:37:08 -0300] "GET /cormun/static/PXToolsJavascripts/pexe_scrolldiv.js HTTP/1.1" 200 4138
186.103.159.183 - - [12/Jan/2018:11:37:08 -0300] "GET /cormun/static/PXToolsJavascripts/PXToolsJavascriptsRender.js HTTP/1.1" 200 367
186.103.159.183 - - [12/Jan/2018:11:37:08 -0300] "GET /cormun/static/Shared/ext/locale/ext-lang-en.js HTTP/1.1" 200 10940
186.103.159.183 - - [12/Jan/2018:11:37:08 -0300] "GET /cormun/static/messages.spa.js?85251 HTTP/1.1" 200 30736
186.103.159.183 - - [12/Jan/2018:11:37:08 -0300] "GET /cormun/static/gxdec.js?85251 HTTP/1.1" 200 19579
186.103.159.183 - - [12/Jan/2018:11:37:08 -0300] "GET /cormun/static/hwchdr01.js?201752511465785 HTTP/1.1" 200 1183
186.103.159.183 - - [12/Jan/2018:11:37:08 -0300] "GET /cormun/static/hpexe_recentlink.js?20177611595044 HTTP/1.1" 200 2144
186.103.159.183 - - [12/Jan/2018:11:37:08 -0300] "GET /cormun/static/gxui/gxui-all.js HTTP/1.1" 200 107772
186.103.159.183 - - [12/Jan/2018:11:37:08 -0300] "GET /cormun/static/solicitudot.js?20181911371648 HTTP/1.1" 200 71402
186.103.159.183 - - [12/Jan/2018:11:37:08 -0300] "GET /cormun/static/hpexe_messagecontroller.js?20177611595012 HTTP/1.1" 200 870
186.103.159.183 - - [12/Jan/2018:11:37:08 -0300] "GET /cormun/static/hpexe_messagepopupcomponent.js?20161017169425 HTTP/1.1" 200 605
186.103.159.183 - - [12/Jan/2018:11:37:08 -0300] "GET /cormun/static/hpexe_messagegenexuscomponent.js?201752511465344 HTTP/1.1" 200 587
186.103.159.183 - - [12/Jan/2018:11:37:08 -0300] "GET /cormun/static/cmcontrolpreferences.js?201752511465670 HTTP/1.1" 200 1375
186.103.159.183 - - [12/Jan/2018:11:37:08 -0300] "GET /cormun/static/SmoothNavMenu/resources/ddsmoothmenu.js HTTP/1.1" 200 12712
186.103.159.183 - - [12/Jan/2018:11:37:08 -0300] "GET /cormun/static/Shared/jquery/jquery-1.4.2.min.js HTTP/1.1" 200 72174
186.103.159.183 - - [12/Jan/2018:11:37:08 -0300] "GET /cormun/static/scaMessage/js/jquery.pnotify.min.js HTTP/1.1" 200 13038
186.103.159.183 - - [12/Jan/2018:11:37:08 -0300] "GET /cormun/static/hpexe_scripts.js?201752511465715 HTTP/1.1" 200 1544
186.103.159.183 - - [12/Jan/2018:11:37:08 -0300] "GET /cormun/static/scaMessage/scaMessageRender.js HTTP/1.1" 200 11977
186.103.159.183 - - [12/Jan/2018:11:37:08 -0300] "GET /cormun/static/Shared/jquery/jquery-1.10.2.min.js HTTP/1.1" 200 273199
186.103.159.183 - - [12/Jan/2018:11:37:08 -0300] "GET /cormun/static/Resources/prompt.gif HTTP/1.1" 200 902
186.103.159.183 - - [12/Jan/2018:11:37:09 -0300] "GET /cormun/static/Resources/PXToolsButtonLeft21.png HTTP/1.1" 200 1287
186.103.159.183 - - [12/Jan/2018:11:37:09 -0300] "GET /cormun/static/SmoothNavMenu/resources/SmoothNavMenuRender.js HTTP/1.1" 200 5951
186.103.159.183 - - [12/Jan/2018:11:37:09 -0300] "GET /cormun/static/Shared/jqueryui/jquery-ui.min.js HTTP/1.1" 200 240427
186.103.159.183 - - [12/Jan/2018:11:37:09 -0300] "GET /cormun/static/Resources/PXToolsButtonRight21.png HTTP/1.1" 200 1283
186.103.159.183 - - [12/Jan/2018:11:37:09 -0300] "GET /cormun/static/Resources/PXToolsButtonBackground2.png HTTP/1.1" 200 1181
186.103.159.183 - - [12/Jan/2018:11:37:09 -0300] "GET /cormun/static/hmpwkw03.js?20177612122668 HTTP/1.1" 200 3965
186.103.159.183 - - [12/Jan/2018:11:37:09 -0300] "GET /cormun/static/Shared/ext/ext-all.js HTTP/1.1" 200 1289687
186.103.159.183 - - [12/Jan/2018:11:37:10 -0300] "GET /cormun/servlet/solicitudot?INS,0,0, HTTP/1.1" 200 14116
186.103.159.183 - - [12/Jan/2018:11:37:21 -0300] "POST /cormun/servlet/solicitudot?gx-no-cache=1515767802565 HTTP/1.1" 200 3868
186.103.159.183 - - [12/Jan/2018:11:37:21 -0300] "POST /cormun/servlet/solicitudot?e0903e6cf14ff42f3011a3fd2dc5d9c7,INS,0,0,,gx-no-cache=1515767802923 HTTP/1.1" 200 11023
186.103.159.183 - - [12/Jan/2018:11:37:24 -0300] "GET /cormun/servlet/solicitudot?0d54fad0cbb7b860912e0d952dd0502ea13f2c79574e7bef09082ded6938e4ea2fbd7862f9b29f913b46d4e19af61ab4,gx-no-cache=1515767806262 HTTP/1.1" 200 30
186.103.159.183 - - [12/Jan/2018:11:37:24 -0300] "POST /cormun/servlet/solicitudot?gx-no-cache=1515767806608 HTTP/1.1" 200 51
190.161.236.41 - - [12/Jan/2018:11:37:25 -0300] "GET /cormun/servlet/solicitudotcontratos?INS,2018,0,17108069,k,2,2017,1914,NADA,201712,30,B, HTTP/1.1" 200 9884
186.103.159.183 - - [12/Jan/2018:11:37:25 -0300] "POST /cormun/servlet/solicitudot?gx-no-cache=1515767806703 HTTP/1.1" 200 255
