186.103.159.188 - - [12/Jan/2018:11:58:38 -0300] "GET /cormun/servlet/solicitudotcontratos?783b1d8334272e2879af472df30a588820a493459571ac826d18d8ff1816815917f740617cf1481a03a83f27d03736dcc75f82cec2a63aebccbcff728a8ab8b705050ff3da2be1704b66c7bf9c2306ad1e08ec682dc31968184fff9c341f085ffbc2c0661d5172129279d960db346d187643e2ccf5910f6b88537ed484f8fbf3aa17c67d49ddda0d55e8aab9734981e46b67a1da00e0fffd56729f9a5a7fce0ec75f82cec2a63aebccbcff728a8ab8b7398a8dd5babf2d7fc20df5e1daf4e07cab1e3496ff902cd42806521f39cdd3f828e1fdeff348ee2fc2abf9d49ba0e336583b768813b3fd43f5fb40b8a2419147ccad713d9c28f8ef942b4102d060426c6f086083d7bc7ba4d88bd2854562d53b1e1e0310f1503c5ab36b9b25e320b3472987b1d3aae3963ed9f4b68b96599611c1f77d25ca728d74b2708b662fe48350f4660072ed7652f9186d4a0eb9dbdd9b0b8e3d1bf345e2a017a9952e52144cf3df19c2e8bef925b1e1299b66a88d7934ee02f44946ec2914e96380959ad2023fb2c582aece1e2c20ff7ad0b3b5d371006c46aac50b2e7d8282e55e6e148f5e23d79cbe78b4eebc6ba0a4af5a2ab7c3153b85381931a2f6593a55ac6d270dd2caad3a48748c078b32c74aca4549b9642c1f058a42bb7094a6e37bf84d43e2f4f03b04f697cf4a4c9afcd95c837c0a6a949b9c2cae56f90e542f0b7d03faeb89040d4748e7203bf1c60bf57a0a986747d2ed16d3d94a46fcd31f79cec65497129bdbebbdf1687a4fadde8255036f724853f8996781bb1dd8a19967e68c0eaae2a2,gx-no-cache=1515769079645 HTTP/1.1" 200 79
186.103.157.246 - - [12/Jan/2018:11:58:40 -0300] "POST /cormun/servlet/solicitudot?gx-no-cache=1515769082241 HTTP/1.1" 200 43
190.46.88.54 - - [12/Jan/2018:11:58:43 -0300] "POST /cormun/servlet/solicitudot?gx-no-cache=1515769083540 HTTP/1.1" 200 297
186.103.157.246 - - [12/Jan/2018:11:58:43 -0300] "POST /cormun/servlet/solicitudot?gx-no-cache=1515769085028 HTTP/1.1" 200 256
190.46.88.54 - - [12/Jan/2018:11:58:43 -0300] "GET /cormun/servlet/solicitudot?29dbdbe8bd5f5228497aa336c9aa499a33f03b2871cab96479fe8f24d6653b35a8664e8ac69bfd788bfa94ebb3a2641d4e3aea2b8f46cdbe4ff2f19a2033b8431bdca008d15ac3d956fa654ff5396bb9ffcbd35e855e119fb12ba538d3fda6fe26c7473f331a7b789696b9f800775d6c2d861b229719598aea3e81dfc555715435fdb8b0d2dd6d305c529db3cff8503164346b955b53209a61d85d2692c68d88ee92d7c2cacf3cf5155ceb64fa48d38b590393ddb67489526c480b4e48c3aa1f03117f4709bb092ab2c25cbe460e425bb9ba48bdf8c66a40aa55cadef34f3d419fdfb3c8a0e1331736d98d1f539b289abd981a36b8203d2bf8a3bd90e4ed2161546695a518fada309c3502ebccb3ae956f84c891b75a6db350c5840f4bccadbdb8209514944911eb35534e2b5b46f6760c25b85490e9fb6b046c8cab9f2155f456faf9525cd480160f50403371c20025ef3452e1da8eab19d803abf710e3c4d416687d6eb9ff0eea12c8eb2cd002de08c7db0a7dd237a09642551c125a931d0eb303be86dddaa14772221616e8597f69,gx-no-cache=1515769083626 HTTP/1.1" 200 30
190.46.88.54 - - [12/Jan/2018:11:58:43 -0300] "POST /cormun/servlet/solicitudot?gx-no-cache=1515769083709 HTTP/1.1" 200 30
190.46.88.54 - - [12/Jan/2018:11:58:43 -0300] "POST /cormun/servlet/solicitudot?gx-no-cache=1515769083774 HTTP/1.1" 200 231
190.46.88.54 - - [12/Jan/2018:11:58:43 -0300] "POST /cormun/servlet/solicitudot?gx-no-cache=1515769083910 HTTP/1.1" 200 41
190.46.88.54 - - [12/Jan/2018:11:58:44 -0300] "POST /cormun/servlet/solicitudot?gx-no-cache=1515769083967 HTTP/1.1" 200 217
190.46.88.54 - - [12/Jan/2018:11:58:44 -0300] "GET /cormun/servlet/solicitudot?29dbdbe8bd5f5228497aa336c9aa499abe20e77653283aea7715a288f1526af305c9cdbf38ab9ca5e361568790e62034a5082d5c9f8ae4e9a025c79766dcb5b6b8166dfd27dcd54f0c35a7c203fcb1ad5d71d1959d7b44942a4c806c5793069701f68db9145be2dd99da65ef9e44896fb4e8cb325450e15948e57872f4816c1c4c7b8ffec7a6a9ca0598cf8f981ec01e,gx-no-cache=1515769084022 HTTP/1.1" 200 55
190.46.88.54 - - [12/Jan/2018:11:58:44 -0300] "GET /cormun/servlet/solicitudot?29dbdbe8bd5f5228497aa336c9aa499a4390b4f36284ac7ebb0b41b67df0452c729ae7a79d65a8336b3c67e1e90804eb,gx-no-cache=1515769084074 HTTP/1.1" 200 30
190.46.88.54 - - [12/Jan/2018:11:58:44 -0300] "POST /cormun/servlet/solicitudot?gx-no-cache=1515769084126 HTTP/1.1" 200 30
190.46.88.54 - - [12/Jan/2018:11:58:44 -0300] "POST /cormun/servlet/solicitudot?23e398aff7d8d3497f13ba6ffe7313ab,INS,0,0,,gx-no-cache=1515769084184 HTTP/1.1" 200 11381
186.103.159.188 - - [12/Jan/2018:11:58:45 -0300] "POST /cormun/servlet/solicitudotcontratos?11192e81d6576678c249945b0848a48c,INS,2018,0,9449907,0,6,2017,1889,LEY+SEP,201712,2,B,,gx-no-cache=1515769086374 HTTP/1.1" 200 10828
186.103.159.188 - - [12/Jan/2018:11:58:45 -0300] "POST /cormun/servlet/solicitudotcontratos?gx-no-cache=1515769086617 HTTP/1.1" 200 1342
186.103.159.188 - - [12/Jan/2018:11:58:45 -0300] "POST /cormun/servlet/solicitudotcontratos?gx-no-cache=1515769086673 HTTP/1.1" 200 1220
186.103.159.188 - - [12/Jan/2018:11:58:45 -0300] "GET /cormun/servlet/solicitudotcontratos?783b1d8334272e2879af472df30a5888c62f0b7aa4b22ef63e8168fe2403a7e07dc16790c6d84edb4b4f56665125b7fc8ffe5f7424ecfe8b4e5fb39e805aa85545d93e549a6101b75af080532e898eb57a9c423332c98da7136436eb75d8e8789e70888582555a3640377c6150078508de8d0f3f92cbc243ee28084429f913f8,gx-no-cache=1515769086715 HTTP/1.1" 200 30
186.103.159.188 - - [12/Jan/2018:11:58:45 -0300] "POST /cormun/servlet/solicitudotcontratos?11192e81d6576678c249945b0848a48c,INS,2018,0,9449907,0,6,2017,1889,LEY+SEP,201712,2,B,,gx-no-cache=1515769086751 HTTP/1.1" 200 93
186.103.159.188 - - [12/Jan/2018:11:58:45 -0300] "GET /cormun/servlet/hpexe_return? HTTP/1.1" 200 1058
186.103.159.188 - - [12/Jan/2018:11:58:46 -0300] "GET /cormun/servlet/trcontratosolicitud?gx-no-cache=1515766101479 HTTP/1.1" 200 14385
186.103.159.188 - - [12/Jan/2018:11:58:46 -0300] "GET /cormun/servlet/trcontratosolicitud?gx-no-cache=1515766101479 HTTP/1.1" 200 14391
186.103.157.246 - - [12/Jan/2018:11:58:47 -0300] "GET /cormun/servlet/solicitudot?9463e2342f044d3f56664d5d2ca5937bec90190ccf9a63fbfe2306ec7ef355692b667bf6e75f909a377db3813042a675c6822d36a838270c852cc3877c7211292caba4cadbcd579309f3604949f344e05fda88232c03a2a05f4c5b23beb072c937db2231dac43fe36666c4ff7b1a47f1134369b1a9c34159d32a8acf9bfabb7165c96bc3278ee5b111d617a3f19b1a040355095975c47e0cc384ba51085f2f981977a379ea41204987def4aeaf8600b4e50554c4c9b3b27a390d400ba3b05c0978d34979d88176d6576be390551f2cabf66d2a4d89c2ba8085fe61318cec134b2841dfd2e133db9963ee81b37ba38e66085484836bd9839c939419bcb742796e68d3c6b292353480b48fb60d4c3df1c5d98f0f03c4773f8b922480bef516850a49f4b50f4e10b2565914ba26ded0249cc6dd0c08c9088282ab3ce137e65ee89e7b7642079f7cd4adacb782962d3679a93bcffe5b24a99cfc28303da58cd01434f34bc6e0fcec43a44bf5374d218a637c8f857ae8e0656b0e6fc4011b06d4be0c,gx-no-cache=1515769088207 HTTP/1.1" 200 30
186.103.157.246 - - [12/Jan/2018:11:58:51 -0300] "POST /cormun/servlet/solicitudot?gx-no-cache=1515769092934 HTTP/1.1" 200 30
186.103.157.246 - - [12/Jan/2018:11:58:54 -0300] "POST /cormun/servlet/solicitudot?gx-no-cache=1515769095852 HTTP/1.1" 200 1353
186.103.157.246 - - [12/Jan/2018:11:58:54 -0300] "POST /cormun/servlet/solicitudot?gx-no-cache=1515769096068 HTTP/1.1" 200 38
190.161.236.41 - - [12/Jan/2018:11:58:56 -0300] "GET /cormun/servlet/solicitudotcontratos?INS,2018,0,10924280,2,2,2017,1898,NADA,201712,2,B, HTTP/1.1" 200 9892
190.161.236.41 - - [12/Jan/2018:11:58:56 -0300] "GET /cormun/servlet/solicitudotcontratos?INS,2018,0,10924280,2,2,2017,1898,NADA,201712,2,B, HTTP/1.1" 200 9903
186.103.159.188 - - [12/Jan/2018:11:58:57 -0300] "GET /cormun/servlet/solicitudotcontratos?783b1d8334272e2879af472df30a5888424dd8ae21f7a947570525f811037bdc1000a26d0f6f2bcb9e609348dd209bf1,gx-no-cache=1515769098635 HTTP/1.1" 200 30
186.103.159.188 - - [12/Jan/2018:11:58:57 -0300] "GET /cormun/servlet/solicitudotcontratos?783b1d8334272e2879af472df30a5888c72a7533269a4df1d241c5c9523176239567023dd68a34735dd15fd3bad36c61,gx-no-cache=1515769098684 HTTP/1.1" 200 30
186.103.159.188 - - [12/Jan/2018:11:58:57 -0300] "GET /cormun/servlet/solicitudotcontratos?783b1d8334272e2879af472df30a588893d2dd46ab428f0af4a8f15bebfa07d1a291899cc48522d5376c40ef62eb76075f76266556e94f88e338f6b2476a4d21088db8dc51d66c026c6cb753ff14d16ba3e1c00b36afd33fb71a8dc57f95a70ec9ec80b836b23317765e6ad6ffe84c2aaa7a836de080b1bfa4f0543b6f4cd13a,gx-no-cache=1515769098714 HTTP/1.1" 200 48
186.103.159.188 - - [12/Jan/2018:11:58:57 -0300] "GET /cormun/servlet/solicitudotcontratos?783b1d8334272e2879af472df30a5888dc8bdeac8f53229819d7059c318c743832bd2080435c6972525d1683ec06ac22,gx-no-cache=1515769098754 HTTP/1.1" 200 30
186.103.159.188 - - [12/Jan/2018:11:58:57 -0300] "GET /cormun/servlet/solicitudotcontratos?783b1d8334272e2879af472df30a58885e4f37a5ae3c094854174f532d4adaf9dc5cb6de7c911f6c44e01e0b56d6dde005050ff3da2be1704b66c7bf9c2306adf7cc8424d4abd1e42c16bc6c109038e95aec1499297ac2e7bc3eef4d41c8e4679a9fd1c060870d7cfa59feea54649e80,gx-no-cache=1515769098780 HTTP/1.1" 200 30
186.103.159.188 - - [12/Jan/2018:11:58:57 -0300] "GET /cormun/servlet/solicitudotcontratos?783b1d8334272e2879af472df30a588820a493459571ac826d18d8ff1816815917f740617cf1481a03a83f27d03736dc5e5fc4b0bfcac0cbfc4068784c56f839970a99f59a2187ae5523bfcbabe9254580af900c3a27a23e2dfd439b446980b395db0f545f4dae23a99978095bcc9f2b8818c9a4d2a4c8beafa2f721296364c196ec73884af6328aa8b82c5877a4e39140f1afc61dab38b17cbf9e86536cc7f1c59124e1356f083f18052bb8fec209cd544d4a1d2ba4b4697f283bd0947bc2c167ac37d03eee2477f61b5d321888ca79618a4bacdaf1c751576856eea985d951009ea38bf644b74ff6cc62f89ec6aac5ca92bdd50e2ccea1df3956b4c7706a5b9551a5143eb8df01aaf3454718d911ccacf4423eb29b85356122a57e68710da50d39683a082a3b56e8b743aa0d4acec21e1e0310f1503c5ab36b9b25e320b347dc978e1328e7fd9b7c0dd4becaf153f6284b47a8025ca4dba8ab6c80208a1aeabb241d6d22afa32bea6cff4aff71c40c6e54fe5337dfc192fbcaf5b9d648eece8dbf1406f14f167f89a0ea4313e240ced9643cd2e9a8d9f4a6a77ffe156a5f0712f041c71f685f2837b4e1a6111381e9dca0bf1436556dee57fdbde1b1ffa816b7cfe439b7c01d6fdfff65665b9c61e80a187c934eeb891d9efe03c84476fa90124b33ac0f8c07b935779c93d6708505d9643cd2e9a8d9f4a6a77ffe156a5f07b53962d55ead3304084f75a5279dcf0a78fd9b9e5312c111178dedb71db903867b6ce9892040835eb4858e1049d4e3f4f69c8ad7106a4342b5581b544c13906e,gx-no-cache=1515769098821 HTTP/1.1" 200 72
200.111.122.170 - - [12/Jan/2018:11:58:58 -0300] "GET /cormun/servlet/solicitudotadjuntos?INS,2018,9047,,2, HTTP/1.1" 200 6228
186.103.159.188 - - [12/Jan/2018:11:58:59 -0300] "POST /cormun/servlet/solicitudotcontratos?11192e81d6576678c249945b0848a48c,INS,2018,0,10924280,2,2,2017,1898,NADA,201712,2,B,,gx-no-cache=1515769100463 HTTP/1.1" 200 10823
186.103.159.188 - - [12/Jan/2018:11:58:59 -0300] "POST /cormun/servlet/solicitudotcontratos?gx-no-cache=1515769100690 HTTP/1.1" 200 1342
186.103.159.188 - - [12/Jan/2018:11:58:59 -0300] "POST /cormun/servlet/solicitudotcontratos?gx-no-cache=1515769100741 HTTP/1.1" 200 1221
186.103.159.188 - - [12/Jan/2018:11:58:59 -0300] "GET /cormun/servlet/solicitudotcontratos?783b1d8334272e2879af472df30a5888c62f0b7aa4b22ef63e8168fe2403a7e07dc16790c6d84edb4b4f56665125b7fc8ffe5f7424ecfe8b4e5fb39e805aa85545d93e549a6101b75af080532e898eb57a9c423332c98da7136436eb75d8e8789e70888582555a3640377c6150078508de8d0f3f92cbc243ee28084429f913f8,gx-no-cache=1515769100799 HTTP/1.1" 200 30
200.111.122.170 - - [12/Jan/2018:11:58:59 -0300] "GET /cormun/static/about:blank HTTP/1.1" 404 1011
200.72.197.82 - - [12/Jan/2018:11:58:59 -0300] "GET /cormun/servlet/solicitudotadjuntos?INS,2018,9047,,2, HTTP/1.1" 200 6221
186.103.159.188 - - [12/Jan/2018:11:58:59 -0300] "POST /cormun/servlet/solicitudotcontratos?11192e81d6576678c249945b0848a48c,INS,2018,0,10924280,2,2,2017,1898,NADA,201712,2,B,,gx-no-cache=1515769100850 HTTP/1.1" 200 93
200.72.197.82 - - [12/Jan/2018:11:58:59 -0300] "GET /cormun/servlet/solicitudotadjuntos?cce3db5fa62a1a03e7e78a4aaec1161a4e27cd50c3b8b00b39ed26d09d38a795508e54663a46139113ad80d0f173409b,gx-no-cache=1515769099841 HTTP/1.1" 200 30
186.103.159.188 - - [12/Jan/2018:11:59:00 -0300] "GET /cormun/servlet/hpexe_return? HTTP/1.1" 200 1054
186.103.159.188 - - [12/Jan/2018:11:59:00 -0300] "GET /cormun/servlet/trcontratosolicitud?gx-no-cache=1515766101479 HTTP/1.1" 200 14393
200.72.197.82 - - [12/Jan/2018:11:59:00 -0300] "POST /cormun/servlet/solicitudotadjuntos?b5b93c87cfd765cd9237f2f76b4133f5,INS,2018,9047,,2,,gx-no-cache=1515769099906 HTTP/1.1" 200 4150
186.103.159.188 - - [12/Jan/2018:11:59:00 -0300] "GET /cormun/servlet/trcontratosolicitud?gx-no-cache=1515766101479 HTTP/1.1" 200 14406
186.103.159.183 - - [12/Jan/2018:11:59:02 -0300] "POST /cormun/servlet/trcontratounov2?e0903e6cf14ff42f3011a3fd2dc5d9c7,,gx-no-cache=1515769104224 HTTP/1.1" 200 10606
186.103.159.183 - - [12/Jan/2018:11:59:02 -0300] "GET /cormun/static/Resources/PXToolsGridFirst.gif HTTP/1.1" 200 379
186.103.159.183 - - [12/Jan/2018:11:59:02 -0300] "GET /cormun/static/Resources/PXToolsGridPrevious.gif HTTP/1.1" 200 369
186.103.161.206 - - [12/Jan/2018:11:59:05 -0300] "GET /cormun/servlet/trsolicitudadjuntos?2018,9047, HTTP/1.1" 200 6285
186.103.161.206 - - [12/Jan/2018:11:59:05 -0300] "GET /cormun/servlet/trsolicitudadjuntos?2018,9047, HTTP/1.1" 200 6285
186.103.161.206 - - [12/Jan/2018:11:59:09 -0300] "GET /cormun/servlet/solicitudotadjuntos?INS,2018,9047,,1, HTTP/1.1" 200 6231
186.103.161.206 - - [12/Jan/2018:11:59:09 -0300] "GET /cormun/static/about:blank HTTP/1.1" 404 1011
186.103.161.206 - - [12/Jan/2018:11:59:09 -0300] "GET /cormun/servlet/solicitudotadjuntos?INS,2018,9047,,1, HTTP/1.1" 200 6225
186.103.161.206 - - [12/Jan/2018:11:59:10 -0300] "GET /cormun/servlet/solicitudotadjuntos?cce3db5fa62a1a03e7e78a4aaec1161a4e27cd50c3b8b00b39ed26d09d38a795508e54663a46139113ad80d0f173409b,gx-no-cache=1515769110182 HTTP/1.1" 200 30
186.103.161.206 - - [12/Jan/2018:11:59:10 -0300] "POST /cormun/servlet/solicitudotadjuntos?b5b93c87cfd765cd9237f2f76b4133f5,INS,2018,9047,,1,,gx-no-cache=1515769110350 HTTP/1.1" 200 4010
186.103.159.183 - - [12/Jan/2018:11:59:13 -0300] "POST /cormun/servlet/trcontratounov2?e0903e6cf14ff42f3011a3fd2dc5d9c7,,gx-no-cache=1515769114641 HTTP/1.1" 200 9241
186.103.159.188 - - [12/Jan/2018:11:59:14 -0300] "GET /cormun/servlet/solicitudotcontratos?INS,2018,0,12444548,5,2,2017,5024,LEY+SEP,201712,38,B, HTTP/1.1" 200 9927
186.103.159.188 - - [12/Jan/2018:11:59:14 -0300] "GET /cormun/servlet/solicitudotcontratos?INS,2018,0,12444548,5,2,2017,5024,LEY+SEP,201712,38,B, HTTP/1.1" 200 9944
200.111.122.170 - - [12/Jan/2018:11:59:15 -0300] "POST /cormun/servlet/solicitudotadjuntos?gx-no-cache=1515769114907 HTTP/1.1" 200 26
190.161.236.41 - - [12/Jan/2018:11:59:15 -0300] "GET /cormun/servlet/solicitudotcontratos?783b1d8334272e2879af472df30a5888781d96bac4e91bc67e3731d89a587aab1000a26d0f6f2bcb9e609348dd209bf1,gx-no-cache=1515769116686 HTTP/1.1" 200 30
190.161.236.41 - - [12/Jan/2018:11:59:15 -0300] "GET /cormun/servlet/solicitudotcontratos?783b1d8334272e2879af472df30a5888ffbca4eaa9a36b9974a984d3b3201b949567023dd68a34735dd15fd3bad36c61,gx-no-cache=1515769116771 HTTP/1.1" 200 30
190.161.236.41 - - [12/Jan/2018:11:59:15 -0300] "GET /cormun/servlet/solicitudotcontratos?783b1d8334272e2879af472df30a588893d2dd46ab428f0af4a8f15bebfa07d1a291899cc48522d5376c40ef62eb76075f76266556e94f88e338f6b2476a4d21088db8dc51d66c026c6cb753ff14d16ba3e1c00b36afd33fb71a8dc57f95a70ec9ec80b836b23317765e6ad6ffe84c2aaa7a836de080b1bfa4f0543b6f4cd13a,gx-no-cache=1515769116812 HTTP/1.1" 200 48
190.161.236.41 - - [12/Jan/2018:11:59:15 -0300] "GET /cormun/servlet/solicitudotcontratos?783b1d8334272e2879af472df30a58880d7afe52d666a1f6d2580534680f7c1802c8f5db34994b39bbdf2092d62fb69b,gx-no-cache=1515769116863 HTTP/1.1" 200 30
190.161.236.41 - - [12/Jan/2018:11:59:15 -0300] "GET /cormun/servlet/solicitudotcontratos?783b1d8334272e2879af472df30a58885e4f37a5ae3c094854174f532d4adaf9dc5cb6de7c911f6c44e01e0b56d6dde005050ff3da2be1704b66c7bf9c2306adf7cc8424d4abd1e42c16bc6c109038e95aec1499297ac2e7bc3eef4d41c8e4679a9fd1c060870d7cfa59feea54649e80,gx-no-cache=1515769116905 HTTP/1.1" 200 30
190.161.236.41 - - [12/Jan/2018:11:59:15 -0300] "GET /cormun/servlet/solicitudotcontratos?783b1d8334272e2879af472df30a588820a493459571ac826d18d8ff1816815917f740617cf1481a03a83f27d03736dcc75f82cec2a63aebccbcff728a8ab8b705050ff3da2be1704b66c7bf9c2306ad1e08ec682dc31968184fff9c341f085ffbc2c0661d5172129279d960db346d187643e2ccf5910f6b88537ed484f8fbf3aa17c67d49ddda0d55e8aab9734981e46b67a1da00e0fffd56729f9a5a7fce0ec75f82cec2a63aebccbcff728a8ab8b7398a8dd5babf2d7fc20df5e1daf4e07cab1e3496ff902cd42806521f39cdd3f828e1fdeff348ee2fc2abf9d49ba0e336583b768813b3fd43f5fb40b8a2419147ccad713d9c28f8ef942b4102d060426c6f086083d7bc7ba4d88bd2854562d53b1e1e0310f1503c5ab36b9b25e320b3472987b1d3aae3963ed9f4b68b96599611c1f77d25ca728d74b2708b662fe48350f4660072ed7652f9186d4a0eb9dbdd9b0b8e3d1bf345e2a017a9952e52144cf3df19c2e8bef925b1e1299b66a88d7934ee02f44946ec2914e96380959ad2023fb2c582aece1e2c20ff7ad0b3b5d371006c46aac50b2e7d8282e55e6e148f5e23d79cbe78b4eebc6ba0a4af5a2ab7c3153b85381931a2f6593a55ac6d270dd2caad3a48748c078b32c74aca4549b9642c1f058a42bb7094a6e37bf84d43e2f4f03b04f697cf4a4c9afcd95c837c0a6a949b9c2cae56f90e542f0b7d03faeb89040d4748e7203bf1c60bf57a0a986747d2ed16d3d94a46fcd31f79cec65497129bdbebbdf1687a4fadde8255036f724853f8996781bb1dd8a19967e68c0eaae2a2,gx-no-cache=1515769116958 HTTP/1.1" 200 79
186.103.161.206 - - [12/Jan/2018:11:59:28 -0300] "GET /cormun/servlet/solicitudotadjuntos?cce3db5fa62a1a03e7e78a4aaec1161a329bf12b109334184db703b09c5b1700,gx-no-cache=1515769128793 HTTP/1.1" 200 30
186.103.161.206 - - [12/Jan/2018:11:59:29 -0300] "GET /cormun/servlet/solicitudotadjuntos?cce3db5fa62a1a03e7e78a4aaec1161a329bf12b109334184db703b09c5b1700,gx-no-cache=1515769128866 HTTP/1.1" 200 30
186.103.161.206 - - [12/Jan/2018:11:59:30 -0300] "POST /cormun/servlet/solicitudotadjuntos?b5b93c87cfd765cd9237f2f76b4133f5,INS,2018,9047,,1, HTTP/1.1" 200 116
186.103.161.206 - - [12/Jan/2018:11:59:30 -0300] "GET /cormun/servlet/hpexe_return? HTTP/1.1" 200 1022
186.103.161.206 - - [12/Jan/2018:11:59:30 -0300] "GET /cormun/servlet/trsolicitudadjuntos?2018,9047, HTTP/1.1" 200 8597
186.103.161.206 - - [12/Jan/2018:11:59:31 -0300] "GET /cormun/servlet/trsolicitudadjuntos?2018,9047, HTTP/1.1" 200 8593
186.103.159.183 - - [12/Jan/2018:11:59:32 -0300] "GET /cormun/servlet/trcontratosolicitud? HTTP/1.1" 200 13683
186.103.159.183 - - [12/Jan/2018:11:59:32 -0300] "GET /cormun/static/gxcfg.js?20177612214014 HTTP/1.1" 200 953
186.103.159.183 - - [12/Jan/2018:11:59:32 -0300] "GET /cormun/static/Resources/Spanish/PXTools.css?1155365 HTTP/1.1" 200 89042
186.103.159.183 - - [12/Jan/2018:11:59:32 -0300] "GET /cormun/static/trcontratosolicitud.js?20177612214349 HTTP/1.1" 200 28237
186.103.159.183 - - [12/Jan/2018:11:59:33 -0300] "GET /cormun//static/Resources/PXToolsGridNew.png HTTP/1.1" 200 2949
186.103.159.183 - - [12/Jan/2018:11:59:33 -0300] "GET /cormun/servlet/trcontratosolicitud? HTTP/1.1" 200 13680
186.103.132.155 - - [12/Jan/2018:11:59:37 -0300] "GET /cormun/servlet/solicitudotadjuntos?INS,2018,9047,,1, HTTP/1.1" 200 6231
186.103.132.155 - - [12/Jan/2018:11:59:37 -0300] "GET /cormun/static/about:blank HTTP/1.1" 404 1011
200.72.197.82 - - [12/Jan/2018:11:59:37 -0300] "GET /cormun/servlet/solicitudotadjuntos?INS,2018,9047,,1, HTTP/1.1" 200 6225
200.72.197.82 - - [12/Jan/2018:11:59:37 -0300] "GET /cormun/servlet/solicitudotadjuntos?cce3db5fa62a1a03e7e78a4aaec1161a4e27cd50c3b8b00b39ed26d09d38a795508e54663a46139113ad80d0f173409b,gx-no-cache=1515769137842 HTTP/1.1" 200 30
200.72.197.82 - - [12/Jan/2018:11:59:38 -0300] "POST /cormun/servlet/solicitudotadjuntos?b5b93c87cfd765cd9237f2f76b4133f5,INS,2018,9047,,1,,gx-no-cache=1515769137882 HTTP/1.1" 200 4010
200.72.197.82 - - [12/Jan/2018:11:59:48 -0300] "POST /cormun/servlet/solicitudotadjuntos?gx-no-cache=1515769147952 HTTP/1.1" 200 26
200.72.197.82 - - [12/Jan/2018:11:59:50 -0300] "GET /cormun/servlet/solicitudotadjuntos?cce3db5fa62a1a03e7e78a4aaec1161a329bf12b109334184db703b09c5b1700,gx-no-cache=1515769149889 HTTP/1.1" 200 30
200.72.197.82 - - [12/Jan/2018:11:59:50 -0300] "GET /cormun/servlet/solicitudotadjuntos?cce3db5fa62a1a03e7e78a4aaec1161a329bf12b109334184db703b09c5b1700,gx-no-cache=1515769149929 HTTP/1.1" 200 30
200.72.197.82 - - [12/Jan/2018:11:59:50 -0300] "POST /cormun/servlet/solicitudotadjuntos?b5b93c87cfd765cd9237f2f76b4133f5,INS,2018,9047,,1,,gx-no-cache=1515769149964 HTTP/1.1" 200 93
200.72.197.82 - - [12/Jan/2018:11:59:50 -0300] "GET /cormun/servlet/hpexe_return? HTTP/1.1" 200 1022
200.72.197.82 - - [12/Jan/2018:11:59:50 -0300] "GET /cormun/servlet/trsolicitudadjuntos?2018,9047, HTTP/1.1" 200 8727
200.72.197.82 - - [12/Jan/2018:11:59:51 -0300] "GET /cormun/servlet/trsolicitudadjuntos?2018,9047, HTTP/1.1" 200 8724
186.103.157.246 - - [12/Jan/2018:11:59:55 -0300] "GET /cormun/servlet/solicitudot?9463e2342f044d3f56664d5d2ca5937b7d6e64e5d41690ab55a47bdb92610e9166fade5ae3d7746c344076057db938512ebf56b4b14d1a346b1dd9a0e9c0685b704fdb3a17d19197dec6b54579d5de03a7e8e62cbf05df66fe415526156014cd50a71312b12ca9d1d041db80badd6dbf,gx-no-cache=1515769156564 HTTP/1.1" 200 29
186.103.157.246 - - [12/Jan/2018:11:59:55 -0300] "POST /cormun/servlet/solicitudot?gx-no-cache=1515769156675 HTTP/1.1" 200 218
186.103.157.246 - - [12/Jan/2018:11:59:55 -0300] "GET /cormun/servlet/solicitudot?9463e2342f044d3f56664d5d2ca5937b2b28d6b5d06c258ebc8dcf49f87360afa62fcdc4981348498f074c6f649ebbb51f0ace6d19cf1db0802c54803eaa5597b7be4eb0e0247e4700755e37746dd5b4225d36b56f1758901200286dccd2ad7666fade5ae3d7746c344076057db938510e4989f44584b1c90f43345b81f85b81d1990e4a617044ff2f8cabdc76a56c01,gx-no-cache=1515769156739 HTTP/1.1" 200 55
186.103.132.155 - - [12/Jan/2018:11:59:56 -0300] "GET /cormun/servlet/solicitudotadjuntos?DLT,2018,9047,CERTIF3,0, HTTP/1.1" 200 6109
186.103.132.155 - - [12/Jan/2018:11:59:56 -0300] "GET /cormun/static/about:blank HTTP/1.1" 404 1011
200.111.122.170 - - [12/Jan/2018:11:59:56 -0300] "GET /cormun/static/Shared/jqueryui/images/ui-icons_82798d_256x240.png HTTP/1.1" 404 1089
200.111.122.170 - - [12/Jan/2018:11:59:56 -0300] "GET /cormun/static/Shared/jqueryui/images/ui-bg_flat_55_fafafa_40x100.png HTTP/1.1" 404 1097
190.151.100.218 - - [12/Jan/2018:11:59:56 -0300] "GET /cormun/static/Shared/jqueryui/images/ui-bg_highlight-soft_100_c6c2c8_1x100.png HTTP/1.1" 404 1117
200.111.122.170 - - [12/Jan/2018:11:59:56 -0300] "GET /cormun/static/Shared/jqueryui/images/ui-icons_8d78a5_256x240.png HTTP/1.1" 404 1089
200.111.122.170 - - [12/Jan/2018:11:59:56 -0300] "GET /cormun/servlet/solicitudotadjuntos?DLT,2018,9047,CERTIF3,0, HTTP/1.1" 200 6103
186.103.157.246 - - [12/Jan/2018:11:59:58 -0300] "GET /cormun/static/menuarrow.gif HTTP/1.1" 404 1015
200.111.122.170 - - [12/Jan/2018:11:59:59 -0300] "POST /cormun/servlet/solicitudotadjuntos?b5b93c87cfd765cd9237f2f76b4133f5,DLT,2018,9047,CERTIF3,0,,gx-no-cache=1515769159112 HTTP/1.1" 200 93
200.111.122.170 - - [12/Jan/2018:11:59:59 -0300] "GET /cormun/servlet/hpexe_return? HTTP/1.1" 200 1028
200.111.122.170 - - [12/Jan/2018:12:00:00 -0300] "GET /cormun/servlet/trsolicitudadjuntos?2018,9047, HTTP/1.1" 200 8727
200.111.122.170 - - [12/Jan/2018:12:00:00 -0300] "GET /cormun/servlet/trsolicitudadjuntos?2018,9047, HTTP/1.1" 200 8725
186.103.132.155 - - [12/Jan/2018:12:00:05 -0300] "GET /cormun/servlet/solicitudotadjuntos?DLT,2018,9047,CERTIF3,0, HTTP/1.1" 200 6109
186.103.132.155 - - [12/Jan/2018:12:00:06 -0300] "GET /cormun/static/about:blank HTTP/1.1" 404 1011
186.103.132.155 - - [12/Jan/2018:12:00:06 -0300] "GET /cormun/static/Shared/jqueryui/images/ui-bg_highlight-soft_100_c6c2c8_1x100.png HTTP/1.1" 404 1117
200.72.197.82 - - [12/Jan/2018:12:00:06 -0300] "GET /cormun/static/Shared/jqueryui/images/ui-icons_82798d_256x240.png HTTP/1.1" 404 1089
190.151.100.218 - - [12/Jan/2018:12:00:06 -0300] "GET /cormun/static/Shared/jqueryui/images/ui-bg_flat_55_fafafa_40x100.png HTTP/1.1" 404 1097
190.151.100.218 - - [12/Jan/2018:12:00:06 -0300] "GET /cormun/static/Shared/jqueryui/images/ui-icons_8d78a5_256x240.png HTTP/1.1" 404 1089
186.103.132.155 - - [12/Jan/2018:12:00:06 -0300] "GET /cormun/servlet/solicitudotadjuntos?DLT,2018,9047,CERTIF3,0, HTTP/1.1" 200 6103
186.103.132.155 - - [12/Jan/2018:12:00:07 -0300] "POST /cormun/servlet/solicitudotadjuntos?b5b93c87cfd765cd9237f2f76b4133f5,DLT,2018,9047,CERTIF3,0,,gx-no-cache=1515769167428 HTTP/1.1" 200 93
186.103.132.155 - - [12/Jan/2018:12:00:07 -0300] "GET /cormun/servlet/hpexe_return? HTTP/1.1" 200 1028
186.103.157.246 - - [12/Jan/2018:12:00:07 -0300] "GET /cormun/servlet/solicitudot?9463e2342f044d3f56664d5d2ca5937bf3e124d233803f05921cc566651e2c84a4f0222f6b82ec30d656d480ec7fcee8,gx-no-cache=1515769169169 HTTP/1.1" 200 30
186.103.132.155 - - [12/Jan/2018:12:00:08 -0300] "GET /cormun/servlet/trsolicitudadjuntos?2018,9047, HTTP/1.1" 200 8597
186.103.132.155 - - [12/Jan/2018:12:00:08 -0300] "GET /cormun/servlet/trsolicitudadjuntos?2018,9047, HTTP/1.1" 200 8593
190.151.100.218 - - [12/Jan/2018:12:00:10 -0300] "GET /cormun/servlet/solicitudotadjuntos?INS,2018,9047,,1, HTTP/1.1" 200 6231
186.103.159.188 - - [12/Jan/2018:12:00:10 -0300] "POST /cormun/servlet/solicitudotcontratos?11192e81d6576678c249945b0848a48c,INS,2018,0,12444548,5,2,2017,5024,LEY+SEP,201712,38,B,,gx-no-cache=1515769172024 HTTP/1.1" 200 10826
186.103.159.188 - - [12/Jan/2018:12:00:10 -0300] "POST /cormun/servlet/solicitudotcontratos?gx-no-cache=1515769172278 HTTP/1.1" 200 1343
186.103.159.188 - - [12/Jan/2018:12:00:10 -0300] "POST /cormun/servlet/solicitudotcontratos?gx-no-cache=1515769172340 HTTP/1.1" 200 1221
186.103.159.188 - - [12/Jan/2018:12:00:10 -0300] "GET /cormun/servlet/solicitudotcontratos?783b1d8334272e2879af472df30a5888c62f0b7aa4b22ef63e8168fe2403a7e07dc16790c6d84edb4b4f56665125b7fc8ffe5f7424ecfe8b4e5fb39e805aa85545d93e549a6101b75af080532e898eb57a9c423332c98da7136436eb75d8e8789e70888582555a3640377c6150078508de8d0f3f92cbc243ee28084429f913f8,gx-no-cache=1515769172397 HTTP/1.1" 200 30
190.151.100.218 - - [12/Jan/2018:12:00:11 -0300] "GET /cormun/static/about:blank HTTP/1.1" 404 1011
190.151.100.218 - - [12/Jan/2018:12:00:11 -0300] "GET /cormun/servlet/solicitudotadjuntos?INS,2018,9047,,1, HTTP/1.1" 200 6225
186.103.159.188 - - [12/Jan/2018:12:00:11 -0300] "POST /cormun/servlet/solicitudotcontratos?11192e81d6576678c249945b0848a48c,INS,2018,0,12444548,5,2,2017,5024,LEY+SEP,201712,38,B,,gx-no-cache=1515769172438 HTTP/1.1" 200 93
186.103.159.188 - - [12/Jan/2018:12:00:11 -0300] "GET /cormun/servlet/hpexe_return? HTTP/1.1" 200 1061
190.151.100.218 - - [12/Jan/2018:12:00:11 -0300] "GET /cormun/servlet/solicitudotadjuntos?cce3db5fa62a1a03e7e78a4aaec1161a4e27cd50c3b8b00b39ed26d09d38a795508e54663a46139113ad80d0f173409b,gx-no-cache=1515769171473 HTTP/1.1" 200 30
190.151.100.218 - - [12/Jan/2018:12:00:11 -0300] "POST /cormun/servlet/solicitudotadjuntos?b5b93c87cfd765cd9237f2f76b4133f5,INS,2018,9047,,1,,gx-no-cache=1515769171515 HTTP/1.1" 200 4010
186.103.159.188 - - [12/Jan/2018:12:00:11 -0300] "GET /cormun/servlet/trcontratosolicitud?gx-no-cache=1515766101479 HTTP/1.1" 200 14373
186.103.159.188 - - [12/Jan/2018:12:00:12 -0300] "GET /cormun/servlet/trcontratosolicitud?gx-no-cache=1515766101479 HTTP/1.1" 200 14405
200.111.122.170 - - [12/Jan/2018:12:00:15 -0300] "POST /cormun/servlet/solicitudotadjuntos?gx-no-cache=1515769175585 HTTP/1.1" 200 26
186.103.157.246 - - [12/Jan/2018:12:00:18 -0300] "POST /cormun/servlet/solicitudot?gx-no-cache=1515769180209 HTTP/1.1" 200 30
186.103.159.188 - - [12/Jan/2018:12:00:20 -0300] "POST /cormun/servlet/trcontratosolicitud?11192e81d6576678c249945b0848a48c,gx-no-cache=1515766101479,gx-no-cache=1515769181531 HTTP/1.1" 200 12127
186.103.132.155 - - [12/Jan/2018:12:00:24 -0300] "GET /cormun/servlet/solicitudotadjuntos?cce3db5fa62a1a03e7e78a4aaec1161a329bf12b109334184db703b09c5b1700,gx-no-cache=1515769183913 HTTP/1.1" 200 30
186.103.132.155 - - [12/Jan/2018:12:00:24 -0300] "GET /cormun/servlet/solicitudotadjuntos?cce3db5fa62a1a03e7e78a4aaec1161a329bf12b109334184db703b09c5b1700,gx-no-cache=1515769183991 HTTP/1.1" 200 30
186.103.132.155 - - [12/Jan/2018:12:00:26 -0300] "POST /cormun/servlet/solicitudotadjuntos?b5b93c87cfd765cd9237f2f76b4133f5,INS,2018,9047,,1, HTTP/1.1" 200 116
186.103.132.155 - - [12/Jan/2018:12:00:26 -0300] "GET /cormun/servlet/hpexe_return? HTTP/1.1" 200 1022
186.103.132.155 - - [12/Jan/2018:12:00:27 -0300] "GET /cormun/servlet/trsolicitudadjuntos?2018,9047, HTTP/1.1" 200 8817
186.103.132.155 - - [12/Jan/2018:12:00:27 -0300] "GET /cormun/servlet/trsolicitudadjuntos?2018,9047, HTTP/1.1" 200 8814
200.72.197.82 - - [12/Jan/2018:12:00:31 -0300] "GET /cormun/servlet/solicitudotadjuntos?INS,2018,9047,,1, HTTP/1.1" 200 6231
200.72.197.82 - - [12/Jan/2018:12:00:31 -0300] "GET /cormun/static/about:blank HTTP/1.1" 404 1011
200.72.197.82 - - [12/Jan/2018:12:00:31 -0300] "GET /cormun/servlet/solicitudotadjuntos?INS,2018,9047,,1, HTTP/1.1" 200 6225
186.103.132.155 - - [12/Jan/2018:12:00:32 -0300] "GET /cormun/servlet/solicitudotadjuntos?cce3db5fa62a1a03e7e78a4aaec1161a4e27cd50c3b8b00b39ed26d09d38a795508e54663a46139113ad80d0f173409b,gx-no-cache=1515769191976 HTTP/1.1" 200 30
186.103.132.155 - - [12/Jan/2018:12:00:32 -0300] "POST /cormun/servlet/solicitudotadjuntos?b5b93c87cfd765cd9237f2f76b4133f5,INS,2018,9047,,1,,gx-no-cache=1515769192332 HTTP/1.1" 200 4010
186.103.159.188 - - [12/Jan/2018:12:00:33 -0300] "GET /cormun/servlet/solicitudotcontratos?INS,2018,0,15806447,2,2,2017,3551,LEY+SEP,201712,23,B, HTTP/1.1" 200 9865
186.103.159.188 - - [12/Jan/2018:12:00:33 -0300] "GET /cormun/servlet/solicitudotcontratos?INS,2018,0,15806447,2,2,2017,3551,LEY+SEP,201712,23,B, HTTP/1.1" 200 9881
186.103.159.188 - - [12/Jan/2018:12:00:33 -0300] "GET /cormun/servlet/solicitudotcontratos?783b1d8334272e2879af472df30a58888f374143e76cc123be168daaa8d16afb1000a26d0f6f2bcb9e609348dd209bf1,gx-no-cache=1515769195406 HTTP/1.1" 200 30
186.103.159.188 - - [12/Jan/2018:12:00:34 -0300] "GET /cormun/servlet/solicitudotcontratos?783b1d8334272e2879af472df30a5888e0bed552e145b6584f5883fe2b88108e9567023dd68a34735dd15fd3bad36c61,gx-no-cache=1515769195464 HTTP/1.1" 200 30
186.103.159.188 - - [12/Jan/2018:12:00:34 -0300] "GET /cormun/servlet/solicitudotcontratos?783b1d8334272e2879af472df30a588893d2dd46ab428f0af4a8f15bebfa07d1a291899cc48522d5376c40ef62eb76075f76266556e94f88e338f6b2476a4d21088db8dc51d66c026c6cb753ff14d16ba3e1c00b36afd33fb71a8dc57f95a70ec9ec80b836b23317765e6ad6ffe84c2aaa7a836de080b1bfa4f0543b6f4cd13a,gx-no-cache=1515769195500 HTTP/1.1" 200 48
186.103.159.188 - - [12/Jan/2018:12:00:34 -0300] "GET /cormun/servlet/solicitudotcontratos?783b1d8334272e2879af472df30a5888938d0b54f93493cac2f67408f8419293912fa7b121edf4dd1abb8de7473646a0,gx-no-cache=1515769195547 HTTP/1.1" 200 30
186.67.164.142 - - [12/Jan/2018:12:00:34 -0300] "GET /cormun/servlet/hlogin HTTP/1.1" 200 1717
186.103.159.188 - - [12/Jan/2018:12:00:34 -0300] "GET /cormun/servlet/solicitudotcontratos?783b1d8334272e2879af472df30a58885e4f37a5ae3c094854174f532d4adaf9dc5cb6de7c911f6c44e01e0b56d6dde005050ff3da2be1704b66c7bf9c2306adf7cc8424d4abd1e42c16bc6c109038e95aec1499297ac2e7bc3eef4d41c8e4679a9fd1c060870d7cfa59feea54649e80,gx-no-cache=1515769195590 HTTP/1.1" 200 30
186.103.159.188 - - [12/Jan/2018:12:00:34 -0300] "GET /cormun/servlet/solicitudotcontratos?783b1d8334272e2879af472df30a588820a493459571ac826d18d8ff1816815917f740617cf1481a03a83f27d03736dcc75f82cec2a63aebccbcff728a8ab8b705050ff3da2be1704b66c7bf9c2306ad1e08ec682dc31968184fff9c341f085ffbc2c0661d5172129279d960db346d187643e2ccf5910f6b88537ed484f8fbf3aa17c67d49ddda0d55e8aab9734981e46b67a1da00e0fffd56729f9a5a7fce0ec75f82cec2a63aebccbcff728a8ab8b7398a8dd5babf2d7fc20df5e1daf4e07cab1e3496ff902cd42806521f39cdd3f828e1fdeff348ee2fc2abf9d49ba0e336583b768813b3fd43f5fb40b8a2419147ccad713d9c28f8ef942b4102d060426c6f086083d7bc7ba4d88bd2854562d53b1e1e0310f1503c5ab36b9b25e320b3472987b1d3aae3963ed9f4b68b96599611c1f77d25ca728d74b2708b662fe48350f4660072ed7652f9186d4a0eb9dbdd9b0b8e3d1bf345e2a017a9952e52144cf3df19c2e8bef925b1e1299b66a88d7934ee02f44946ec2914e96380959ad2023fb2c582aece1e2c20ff7ad0b3b5d371006c46aac50b2e7d8282e55e6e148f5e23d79cbe78b4eebc6ba0a4af5a2ab7c3153b85381931a2f6593a55ac6d270dd2caad3a48748c078b32c74aca4549b9642c1f058a42bb7094a6e37bf84d43e2f4f03b04f697cf4a4c9afcd95c837c0a6a949b9c2cae56f90e542f0b7d03faeb89040d4748e7203bf1c60bf57a0a986747d2ed16d3d94a46fcd31f79cec65497129bdbebbdf1687a4fadde8255036f724853f8996781bb1dd8a19967e68c0eaae2a2,gx-no-cache=1515769195638 HTTP/1.1" 200 79
186.67.164.142 - - [12/Jan/2018:12:00:34 -0300] "GET /cormun/static/gxcfg.js?20175251213516 HTTP/1.1" 304 -
186.67.164.142 - - [12/Jan/2018:12:00:34 -0300] "GET /cormun/servlet/hlogin HTTP/1.1" 200 1728
186.103.132.155 - - [12/Jan/2018:12:00:36 -0300] "POST /cormun/servlet/solicitudotadjuntos?gx-no-cache=1515769196464 HTTP/1.1" 200 26
186.103.132.155 - - [12/Jan/2018:12:00:37 -0300] "GET /cormun/servlet/solicitudotadjuntos?cce3db5fa62a1a03e7e78a4aaec1161a329bf12b109334184db703b09c5b1700,gx-no-cache=1515769197480 HTTP/1.1" 200 30
186.103.132.155 - - [12/Jan/2018:12:00:37 -0300] "GET /cormun/servlet/solicitudotadjuntos?cce3db5fa62a1a03e7e78a4aaec1161a329bf12b109334184db703b09c5b1700,gx-no-cache=1515769197665 HTTP/1.1" 200 30
186.103.132.155 - - [12/Jan/2018:12:00:38 -0300] "POST /cormun/servlet/solicitudotadjuntos?b5b93c87cfd765cd9237f2f76b4133f5,INS,2018,9047,,1,,gx-no-cache=1515769197704 HTTP/1.1" 200 93
186.103.132.155 - - [12/Jan/2018:12:00:38 -0300] "GET /cormun/servlet/hpexe_return? HTTP/1.1" 200 1022
186.103.132.155 - - [12/Jan/2018:12:00:38 -0300] "GET /cormun/servlet/trsolicitudadjuntos?2018,9047, HTTP/1.1" 200 8924
186.103.132.155 - - [12/Jan/2018:12:00:39 -0300] "GET /cormun/servlet/trsolicitudadjuntos?2018,9047, HTTP/1.1" 200 8921
186.67.164.142 - - [12/Jan/2018:12:00:39 -0300] "POST /cormun/servlet/hlogin?acf2f40008e6e9cbabe2ad800764bb21,gx-no-cache=1515769199312 HTTP/1.1" 200 90
186.67.164.142 - - [12/Jan/2018:12:00:39 -0300] "GET /cormun/servlet/hpexe_link HTTP/1.1" 200 949
186.67.164.142 - - [12/Jan/2018:12:00:40 -0300] "GET /cormun/servlet/hhome HTTP/1.1" 200 3971
186.67.164.142 - - [12/Jan/2018:12:00:40 -0300] "GET /cormun/static/gxcfg.js?20175251212442 HTTP/1.1" 304 -
186.67.164.142 - - [12/Jan/2018:12:00:40 -0300] "GET /cormun/servlet/hhome HTTP/1.1" 200 3969
200.111.122.170 - - [12/Jan/2018:12:00:41 -0300] "GET /cormun/servlet/solicitudotadjuntos?DLT,2018,9047,CERTIF4,0, HTTP/1.1" 200 6110
200.111.122.170 - - [12/Jan/2018:12:00:41 -0300] "GET /cormun/static/about:blank HTTP/1.1" 404 1011
200.111.122.170 - - [12/Jan/2018:12:00:41 -0300] "GET /cormun/static/Shared/jqueryui/images/ui-bg_highlight-soft_100_c6c2c8_1x100.png HTTP/1.1" 404 1117
200.72.197.82 - - [12/Jan/2018:12:00:41 -0300] "GET /cormun/static/Shared/jqueryui/images/ui-icons_82798d_256x240.png HTTP/1.1" 404 1089
186.103.161.206 - - [12/Jan/2018:12:00:41 -0300] "GET /cormun/static/Shared/jqueryui/images/ui-bg_flat_55_fafafa_40x100.png HTTP/1.1" 404 1097
186.103.132.155 - - [12/Jan/2018:12:00:41 -0300] "GET /cormun/static/Shared/jqueryui/images/ui-icons_8d78a5_256x240.png HTTP/1.1" 404 1089
200.111.122.170 - - [12/Jan/2018:12:00:41 -0300] "GET /cormun/servlet/solicitudotadjuntos?DLT,2018,9047,CERTIF4,0, HTTP/1.1" 200 6103
186.103.161.206 - - [12/Jan/2018:12:00:42 -0300] "POST /cormun/servlet/solicitudotadjuntos?b5b93c87cfd765cd9237f2f76b4133f5,DLT,2018,9047,CERTIF4,0,,gx-no-cache=1515769202211 HTTP/1.1" 200 93
186.103.161.206 - - [12/Jan/2018:12:00:42 -0300] "GET /cormun/servlet/hpexe_return? HTTP/1.1" 200 1028
186.103.161.206 - - [12/Jan/2018:12:00:42 -0300] "GET /cormun/servlet/trsolicitudadjuntos?2018,9047, HTTP/1.1" 200 8817
186.103.161.206 - - [12/Jan/2018:12:00:43 -0300] "GET /cormun/servlet/trsolicitudadjuntos?2018,9047, HTTP/1.1" 200 8815
186.103.161.206 - - [12/Jan/2018:12:00:45 -0300] "GET /cormun/servlet/solicitudotadjuntos?INS,2018,9047,,1, HTTP/1.1" 200 6231
186.103.161.206 - - [12/Jan/2018:12:00:46 -0300] "GET /cormun/static/about:blank HTTP/1.1" 404 1011
186.103.161.206 - - [12/Jan/2018:12:00:46 -0300] "GET /cormun/servlet/solicitudotadjuntos?INS,2018,9047,,1, HTTP/1.1" 200 6225
186.103.161.206 - - [12/Jan/2018:12:00:46 -0300] "GET /cormun/servlet/solicitudotadjuntos?cce3db5fa62a1a03e7e78a4aaec1161a4e27cd50c3b8b00b39ed26d09d38a795508e54663a46139113ad80d0f173409b,gx-no-cache=1515769206542 HTTP/1.1" 200 30
186.103.161.206 - - [12/Jan/2018:12:00:46 -0300] "POST /cormun/servlet/solicitudotadjuntos?b5b93c87cfd765cd9237f2f76b4133f5,INS,2018,9047,,1,,gx-no-cache=1515769206586 HTTP/1.1" 200 4010
186.103.161.206 - - [12/Jan/2018:12:00:54 -0300] "POST /cormun/servlet/solicitudotadjuntos?gx-no-cache=1515769213913 HTTP/1.1" 200 26
186.103.157.246 - - [12/Jan/2018:12:00:59 -0300] "POST /cormun/servlet/solicitudot?5ace0ba0f11ad9b3c7a9a422c5b4fe7b,INS,0,0,,gx-no-cache=1515769220248 HTTP/1.1" 200 93
186.103.157.246 - - [12/Jan/2018:12:00:59 -0300] "GET /cormun/servlet/hpexe_return? HTTP/1.1" 200 1006
186.103.157.246 - - [12/Jan/2018:12:00:59 -0300] "GET /cormun/servlet/trsolicitudot HTTP/1.1" 200 9068
186.103.157.246 - - [12/Jan/2018:12:01:00 -0300] "GET /cormun/servlet/trsolicitudot HTTP/1.1" 200 9064
186.103.132.155 - - [12/Jan/2018:12:01:05 -0300] "GET /cormun/servlet/solicitudotadjuntos?cce3db5fa62a1a03e7e78a4aaec1161a329bf12b109334184db703b09c5b1700,gx-no-cache=1515769224896 HTTP/1.1" 200 30
186.103.132.155 - - [12/Jan/2018:12:01:05 -0300] "GET /cormun/servlet/solicitudotadjuntos?cce3db5fa62a1a03e7e78a4aaec1161a329bf12b109334184db703b09c5b1700,gx-no-cache=1515769225004 HTTP/1.1" 200 30
186.103.159.188 - - [12/Jan/2018:12:01:05 -0300] "POST /cormun/servlet/solicitudotcontratos?11192e81d6576678c249945b0848a48c,INS,2018,0,15806447,2,2,2017,3551,LEY+SEP,201712,23,B,,gx-no-cache=1515769226231 HTTP/1.1" 200 10794
186.103.159.188 - - [12/Jan/2018:12:01:06 -0300] "POST /cormun/servlet/solicitudotcontratos?gx-no-cache=1515769226977 HTTP/1.1" 200 1343
186.103.159.188 - - [12/Jan/2018:12:01:06 -0300] "POST /cormun/servlet/solicitudotcontratos?gx-no-cache=1515769227707 HTTP/1.1" 200 1221
186.103.159.188 - - [12/Jan/2018:12:01:06 -0300] "GET /cormun/servlet/solicitudotcontratos?783b1d8334272e2879af472df30a5888c62f0b7aa4b22ef63e8168fe2403a7e07dc16790c6d84edb4b4f56665125b7fc8ffe5f7424ecfe8b4e5fb39e805aa85545d93e549a6101b75af080532e898eb57a9c423332c98da7136436eb75d8e8789e70888582555a3640377c6150078508de8d0f3f92cbc243ee28084429f913f8,gx-no-cache=1515769228089 HTTP/1.1" 200 30
186.103.132.155 - - [12/Jan/2018:12:01:07 -0300] "POST /cormun/servlet/solicitudotadjuntos?b5b93c87cfd765cd9237f2f76b4133f5,INS,2018,9047,,1, HTTP/1.1" 200 6391
186.103.159.188 - - [12/Jan/2018:12:01:07 -0300] "POST /cormun/servlet/solicitudotcontratos?11192e81d6576678c249945b0848a48c,INS,2018,0,15806447,2,2,2017,3551,LEY+SEP,201712,23,B,,gx-no-cache=1515769228161 HTTP/1.1" 200 93
186.103.159.188 - - [12/Jan/2018:12:01:07 -0300] "GET /cormun/servlet/hpexe_return? HTTP/1.1" 200 1060
186.103.132.155 - - [12/Jan/2018:12:01:07 -0300] "GET /home/sistema/apache-tomcat-7.0.65/webapps/cormun/PrivateTempStorage/upload_00003306.pdf HTTP/1.1" 404 1135
200.111.122.170 - - [12/Jan/2018:12:01:07 -0300] "GET /cormun/static/Shared/jqueryui/images/ui-icons_ebccce_256x240.png HTTP/1.1" 404 1089
190.151.100.218 - - [12/Jan/2018:12:01:07 -0300] "GET /cormun/static/Shared/jqueryui/images/ui-bg_flat_55_994d53_40x100.png HTTP/1.1" 404 1097
186.103.132.155 - - [12/Jan/2018:12:01:07 -0300] "GET /cormun/static/Shared/jqueryui/images/ui-bg_highlight-soft_100_c6c2c8_1x100.png HTTP/1.1" 404 1117
186.103.132.155 - - [12/Jan/2018:12:01:07 -0300] "GET /cormun/static/Shared/jqueryui/images/ui-icons_82798d_256x240.png HTTP/1.1" 404 1089
186.103.159.188 - - [12/Jan/2018:12:01:07 -0300] "GET /cormun/servlet/trcontratosolicitud?gx-no-cache=1515766101479 HTTP/1.1" 200 14350
200.72.197.82 - - [12/Jan/2018:12:01:08 -0300] "GET /cormun/PrivateTempStorage/upload_00003306.pdf HTTP/1.1" 200 250884
186.103.159.188 - - [12/Jan/2018:12:01:08 -0300] "GET /cormun/servlet/trcontratosolicitud?gx-no-cache=1515766101479 HTTP/1.1" 200 14373
190.161.236.41 - - [12/Jan/2018:12:01:15 -0300] "POST /cormun/servlet/trcontratosolicitud?11192e81d6576678c249945b0848a48c,gx-no-cache=1515766101479,gx-no-cache=1515769237144 HTTP/1.1" 200 6567
186.103.161.206 - - [12/Jan/2018:12:01:17 -0300] "POST /cormun/servlet/solicitudotadjuntos?b5b93c87cfd765cd9237f2f76b4133f5,INS,2018,9047,,1, HTTP/1.1" 200 116
186.103.161.206 - - [12/Jan/2018:12:01:17 -0300] "GET /cormun/servlet/hpexe_return? HTTP/1.1" 200 1022
186.103.161.206 - - [12/Jan/2018:12:01:18 -0300] "GET /cormun/servlet/trsolicitudadjuntos?2018,9047, HTTP/1.1" 200 8817
186.103.161.206 - - [12/Jan/2018:12:01:19 -0300] "GET /cormun/servlet/trsolicitudadjuntos?2018,9047, HTTP/1.1" 200 8814
190.151.100.218 - - [12/Jan/2018:12:01:22 -0300] "GET /cormun/servlet/solicitudotadjuntos?INS,2018,9047,,1, HTTP/1.1" 200 6232
190.151.100.218 - - [12/Jan/2018:12:01:23 -0300] "GET /cormun/static/about:blank HTTP/1.1" 404 1011
190.151.100.218 - - [12/Jan/2018:12:01:23 -0300] "GET /cormun/servlet/solicitudotadjuntos?INS,2018,9047,,1, HTTP/1.1" 200 6226
190.151.100.218 - - [12/Jan/2018:12:01:23 -0300] "GET /cormun/servlet/solicitudotadjuntos?cce3db5fa62a1a03e7e78a4aaec1161a4e27cd50c3b8b00b39ed26d09d38a795508e54663a46139113ad80d0f173409b,gx-no-cache=1515769243384 HTTP/1.1" 200 30
190.151.100.218 - - [12/Jan/2018:12:01:23 -0300] "POST /cormun/servlet/solicitudotadjuntos?b5b93c87cfd765cd9237f2f76b4133f5,INS,2018,9047,,1,,gx-no-cache=1515769243468 HTTP/1.1" 200 4011
190.161.236.41 - - [12/Jan/2018:12:01:23 -0300] "POST /cormun/servlet/trcontratosolicitud?11192e81d6576678c249945b0848a48c,gx-no-cache=1515766101479,gx-no-cache=1515769245140 HTTP/1.1" 200 6559
190.151.100.218 - - [12/Jan/2018:12:01:24 -0300] "POST /cormun/servlet/solicitudotadjuntos?gx-no-cache=1515769244762 HTTP/1.1" 200 26
190.151.100.218 - - [12/Jan/2018:12:01:30 -0300] "GET /cormun/servlet/solicitudotadjuntos?cce3db5fa62a1a03e7e78a4aaec1161a329bf12b109334184db703b09c5b1700,gx-no-cache=1515769249969 HTTP/1.1" 200 30
190.151.100.218 - - [12/Jan/2018:12:01:30 -0300] "GET /cormun/servlet/solicitudotadjuntos?cce3db5fa62a1a03e7e78a4aaec1161a329bf12b109334184db703b09c5b1700,gx-no-cache=1515769250048 HTTP/1.1" 200 30
190.151.100.218 - - [12/Jan/2018:12:01:31 -0300] "POST /cormun/servlet/solicitudotadjuntos?b5b93c87cfd765cd9237f2f76b4133f5,INS,2018,9047,,1, HTTP/1.1" 200 6385
190.151.100.218 - - [12/Jan/2018:12:01:31 -0300] "GET /home/sistema/apache-tomcat-7.0.65/webapps/cormun/PrivateTempStorage/upload_00003330.pdf HTTP/1.1" 404 1135
200.111.122.170 - - [12/Jan/2018:12:01:31 -0300] "GET /cormun/static/Shared/jqueryui/images/ui-icons_82798d_256x240.png HTTP/1.1" 404 1089
186.103.161.206 - - [12/Jan/2018:12:01:31 -0300] "GET /cormun/static/Shared/jqueryui/images/ui-bg_flat_55_994d53_40x100.png HTTP/1.1" 404 1097
186.103.161.206 - - [12/Jan/2018:12:01:31 -0300] "GET /cormun/static/Shared/jqueryui/images/ui-icons_ebccce_256x240.png HTTP/1.1" 404 1089
190.151.100.218 - - [12/Jan/2018:12:01:31 -0300] "GET /cormun/static/Shared/jqueryui/images/ui-bg_highlight-soft_100_c6c2c8_1x100.png HTTP/1.1" 404 1117
186.103.161.206 - - [12/Jan/2018:12:01:31 -0300] "GET /cormun/PrivateTempStorage/upload_00003330.pdf HTTP/1.1" 200 268606
190.161.236.41 - - [12/Jan/2018:12:01:35 -0300] "POST /cormun/servlet/trcontratosolicitud?11192e81d6576678c249945b0848a48c,gx-no-cache=1515766101479,gx-no-cache=1515769256364 HTTP/1.1" 200 12200
190.151.100.218 - - [12/Jan/2018:12:01:43 -0300] "GET /cormun/servlet/solicitudotadjuntos?cce3db5fa62a1a03e7e78a4aaec1161a75665d4c11fa8e15636acd6ebdccaa478cbda5cb101f045933238d4b20d9e2fe,gx-no-cache=1515769263063 HTTP/1.1" 200 30
190.151.100.218 - - [12/Jan/2018:12:01:43 -0300] "GET /cormun/servlet/solicitudotadjuntos?cce3db5fa62a1a03e7e78a4aaec1161a1ef4fb21a87dc7c58c32294bcd46733e8cbda5cb101f045933238d4b20d9e2fe,gx-no-cache=1515769263333 HTTP/1.1" 200 30
190.161.236.41 - - [12/Jan/2018:12:01:45 -0300] "GET /cormun/servlet/solicitudotcontratos?INS,2018,0,17526326,8,2,2017,4280,LEY+SEP,201712,30,B, HTTP/1.1" 200 9899
190.161.236.41 - - [12/Jan/2018:12:01:46 -0300] "GET /cormun/servlet/solicitudotcontratos?INS,2018,0,17526326,8,2,2017,4280,LEY+SEP,201712,30,B, HTTP/1.1" 200 9916
190.161.236.41 - - [12/Jan/2018:12:01:46 -0300] "GET /cormun/servlet/solicitudotcontratos?783b1d8334272e2879af472df30a58885da1f4d830146dedc2c83bcc79c4eff71000a26d0f6f2bcb9e609348dd209bf1,gx-no-cache=1515769268085 HTTP/1.1" 200 30
190.161.236.41 - - [12/Jan/2018:12:01:46 -0300] "GET /cormun/servlet/solicitudotcontratos?783b1d8334272e2879af472df30a5888445181f8902c94f6fe768817b099fd079567023dd68a34735dd15fd3bad36c61,gx-no-cache=1515769268267 HTTP/1.1" 200 30
190.161.236.41 - - [12/Jan/2018:12:01:46 -0300] "GET /cormun/servlet/solicitudotcontratos?783b1d8334272e2879af472df30a588893d2dd46ab428f0af4a8f15bebfa07d1a291899cc48522d5376c40ef62eb76075f76266556e94f88e338f6b2476a4d21088db8dc51d66c026c6cb753ff14d16ba3e1c00b36afd33fb71a8dc57f95a70ec9ec80b836b23317765e6ad6ffe84c2aaa7a836de080b1bfa4f0543b6f4cd13a,gx-no-cache=1515769268355 HTTP/1.1" 200 48
190.161.236.41 - - [12/Jan/2018:12:01:47 -0300] "GET /cormun/servlet/solicitudotcontratos?783b1d8334272e2879af472df30a588880bb087c08b569f083397bc0f70e578a431964912700eca65ddcc53f6588a7d0,gx-no-cache=1515769268441 HTTP/1.1" 200 30
190.161.236.41 - - [12/Jan/2018:12:01:47 -0300] "GET /cormun/servlet/solicitudotcontratos?783b1d8334272e2879af472df30a58885e4f37a5ae3c094854174f532d4adaf9dc5cb6de7c911f6c44e01e0b56d6dde005050ff3da2be1704b66c7bf9c2306adf7cc8424d4abd1e42c16bc6c109038e95aec1499297ac2e7bc3eef4d41c8e4679a9fd1c060870d7cfa59feea54649e80,gx-no-cache=1515769268527 HTTP/1.1" 200 30
190.161.236.41 - - [12/Jan/2018:12:01:47 -0300] "GET /cormun/servlet/solicitudotcontratos?783b1d8334272e2879af472df30a588820a493459571ac826d18d8ff1816815917f740617cf1481a03a83f27d03736dcc75f82cec2a63aebccbcff728a8ab8b705050ff3da2be1704b66c7bf9c2306ad1e08ec682dc31968184fff9c341f085ffbc2c0661d5172129279d960db346d187643e2ccf5910f6b88537ed484f8fbf3aa17c67d49ddda0d55e8aab9734981e46b67a1da00e0fffd56729f9a5a7fce0ec75f82cec2a63aebccbcff728a8ab8b7398a8dd5babf2d7fc20df5e1daf4e07cab1e3496ff902cd42806521f39cdd3f828e1fdeff348ee2fc2abf9d49ba0e336583b768813b3fd43f5fb40b8a2419147ccad713d9c28f8ef942b4102d060426c6f086083d7bc7ba4d88bd2854562d53b1e1e0310f1503c5ab36b9b25e320b3472987b1d3aae3963ed9f4b68b96599611c1f77d25ca728d74b2708b662fe48350f4660072ed7652f9186d4a0eb9dbdd9b0b8e3d1bf345e2a017a9952e52144cf3df19c2e8bef925b1e1299b66a88d7934ee02f44946ec2914e96380959ad2023fb2c582aece1e2c20ff7ad0b3b5d371006c46aac50b2e7d8282e55e6e148f5e23d79cbe78b4eebc6ba0a4af5a2ab7c3153b85381931a2f6593a55ac6d270dd2caad3a48748c078b32c74aca4549b9642c1f058a42bb7094a6e37bf84d43e2f4f03b04f697cf4a4c9afcd95c837c0a6a949b9c2cae56f90e542f0b7d03faeb89040d4748e7203bf1c60bf57a0a986747d2ed16d3d94a46fcd31f79cec65497129bdbebbdf1687a4fadde8255036f724853f8996781bb1dd8a19967e68c0eaae2a2,gx-no-cache=1515769268608 HTTP/1.1" 200 79
190.151.100.218 - - [12/Jan/2018:12:01:48 -0300] "POST /cormun/servlet/solicitudotadjuntos?b5b93c87cfd765cd9237f2f76b4133f5,INS,2018,9047,,1, HTTP/1.1" 200 6388
190.151.100.218 - - [12/Jan/2018:12:01:48 -0300] "GET /home/sistema/apache-tomcat-7.0.65/webapps/cormun/PrivateTempStorage/upload_00003342.pdf HTTP/1.1" 404 1135
190.151.100.218 - - [12/Jan/2018:12:01:50 -0300] "GET /cormun/PrivateTempStorage/upload_00003342.pdf HTTP/1.1" 200 268606
190.161.236.41 - - [12/Jan/2018:12:01:52 -0300] "POST /cormun/servlet/solicitudotcontratos?11192e81d6576678c249945b0848a48c,INS,2018,0,17526326,8,2,2017,4280,LEY+SEP,201712,30,B,,gx-no-cache=1515769273671 HTTP/1.1" 200 10820
190.161.236.41 - - [12/Jan/2018:12:01:52 -0300] "POST /cormun/servlet/solicitudotcontratos?gx-no-cache=1515769273968 HTTP/1.1" 200 1343
190.161.236.41 - - [12/Jan/2018:12:01:52 -0300] "POST /cormun/servlet/solicitudotcontratos?gx-no-cache=1515769274047 HTTP/1.1" 200 1221
190.161.236.41 - - [12/Jan/2018:12:01:52 -0300] "GET /cormun/servlet/solicitudotcontratos?783b1d8334272e2879af472df30a5888c62f0b7aa4b22ef63e8168fe2403a7e07dc16790c6d84edb4b4f56665125b7fc8ffe5f7424ecfe8b4e5fb39e805aa85545d93e549a6101b75af080532e898eb57a9c423332c98da7136436eb75d8e8789e70888582555a3640377c6150078508de8d0f3f92cbc243ee28084429f913f8,gx-no-cache=1515769274124 HTTP/1.1" 200 30
190.161.236.41 - - [12/Jan/2018:12:01:52 -0300] "POST /cormun/servlet/solicitudotcontratos?11192e81d6576678c249945b0848a48c,INS,2018,0,17526326,8,2,2017,4280,LEY+SEP,201712,30,B,,gx-no-cache=1515769274181 HTTP/1.1" 200 93
190.161.236.41 - - [12/Jan/2018:12:01:53 -0300] "GET /cormun/servlet/hpexe_return? HTTP/1.1" 200 1060
190.161.236.41 - - [12/Jan/2018:12:01:53 -0300] "GET /cormun/servlet/trcontratosolicitud?gx-no-cache=1515766101479 HTTP/1.1" 200 14484
190.161.236.41 - - [12/Jan/2018:12:01:53 -0300] "GET /cormun/servlet/trcontratosolicitud?gx-no-cache=1515766101479 HTTP/1.1" 200 14493
200.72.197.82 - - [12/Jan/2018:12:01:54 -0300] "POST /cormun/servlet/solicitudotadjuntos?b5b93c87cfd765cd9237f2f76b4133f5,INS,2018,9047,,1, HTTP/1.1" 200 116
200.72.197.82 - - [12/Jan/2018:12:01:54 -0300] "GET /cormun/servlet/hpexe_return? HTTP/1.1" 200 1022
200.72.197.82 - - [12/Jan/2018:12:01:55 -0300] "GET /cormun/servlet/trsolicitudadjuntos?2018,9047, HTTP/1.1" 200 8817
200.72.197.82 - - [12/Jan/2018:12:01:56 -0300] "GET /cormun/servlet/trsolicitudadjuntos?2018,9047, HTTP/1.1" 200 8815
190.46.88.54 - - [12/Jan/2018:12:01:59 -0300] "POST /cormun/servlet/solicitudot?gx-no-cache=1515769279798 HTTP/1.1" 200 53
190.161.236.41 - - [12/Jan/2018:12:02:01 -0300] "POST /cormun/servlet/trcontratosolicitud?11192e81d6576678c249945b0848a48c,gx-no-cache=1515766101479,gx-no-cache=1515769282142 HTTP/1.1" 200 12062
186.79.216.115 - - [12/Jan/2018:12:02:02 -0300] "GET /cormun/servlet/hlogin HTTP/1.1" 200 1725
186.79.216.115 - - [12/Jan/2018:12:02:03 -0300] "GET /cormun/servlet/hlogin HTTP/1.1" 200 1735
200.72.197.82 - - [12/Jan/2018:12:02:04 -0300] "GET /cormun/servlet/solicitudotadjuntos?INS,2018,9047,,1, HTTP/1.1" 200 6232
200.72.197.82 - - [12/Jan/2018:12:02:05 -0300] "GET /cormun/static/about:blank HTTP/1.1" 404 1011
200.72.197.82 - - [12/Jan/2018:12:02:05 -0300] "GET /cormun/servlet/solicitudotadjuntos?INS,2018,9047,,1, HTTP/1.1" 200 6226
200.72.197.82 - - [12/Jan/2018:12:02:05 -0300] "GET /cormun/servlet/solicitudotadjuntos?cce3db5fa62a1a03e7e78a4aaec1161a4e27cd50c3b8b00b39ed26d09d38a795508e54663a46139113ad80d0f173409b,gx-no-cache=1515769285705 HTTP/1.1" 200 30
