186.103.157.246 - - [12/Jan/2018:10:26:00 -0300] "POST /cormun/servlet/solicitudot?gx-no-cache=1515763522332 HTTP/1.1" 200 30
186.79.216.115 - - [12/Jan/2018:10:26:09 -0300] "POST /cormun/servlet/solicitudot?gx-no-cache=1515764071174 HTTP/1.1" 200 30
186.103.161.206 - - [12/Jan/2018:10:26:10 -0300] "POST /cormun/servlet/hlogin?0f9ba6332379fa0b3041a64654edf8ae,gx-no-cache=1515763529755 HTTP/1.1" 200 90
186.103.161.206 - - [12/Jan/2018:10:26:10 -0300] "GET /cormun/servlet/hpexe_link HTTP/1.1" 200 945
186.103.161.206 - - [12/Jan/2018:10:26:10 -0300] "GET /cormun/servlet/hhome HTTP/1.1" 200 4215
186.103.161.206 - - [12/Jan/2018:10:26:10 -0300] "GET /cormun/static/gxcfg.js?20175251212442 HTTP/1.1" 304 -
186.103.161.206 - - [12/Jan/2018:10:26:11 -0300] "GET /cormun/servlet/hhome HTTP/1.1" 200 4213
186.103.161.206 - - [12/Jan/2018:10:26:20 -0300] "GET /cormun/servlet/trlicencias? HTTP/1.1" 200 9530
200.111.122.170 - - [12/Jan/2018:10:26:21 -0300] "GET /cormun/static/gxcfg.js?20176272054169 HTTP/1.1" 200 953
186.103.161.206 - - [12/Jan/2018:10:26:21 -0300] "GET /cormun/static/Resources/Spanish/PXTools.css?17315867 HTTP/1.1" 200 89042
200.111.122.170 - - [12/Jan/2018:10:26:21 -0300] "GET /cormun/static/trlicencias.js?20176272054837 HTTP/1.1" 200 41883
186.103.161.206 - - [12/Jan/2018:10:26:21 -0300] "GET /cormun/static/Resources/PXTools/calendar.png HTTP/1.1" 200 1306
186.103.161.206 - - [12/Jan/2018:10:26:21 -0300] "GET /cormun/servlet/trlicencias? HTTP/1.1" 200 9528
186.79.216.115 - - [12/Jan/2018:10:26:22 -0300] "POST /cormun/servlet/solicitudot?bee05dd0b39f706c7a813e4216abc28f,INS,0,0,,gx-no-cache=1515764083403 HTTP/1.1" 200 11441
186.79.216.115 - - [12/Jan/2018:10:26:22 -0300] "GET /cormun/static/Shared/jqueryui/images/ui-bg_highlight-soft_100_c6c2c8_1x100.png HTTP/1.1" 404 1117
186.79.216.115 - - [12/Jan/2018:10:26:22 -0300] "GET /cormun/static/Shared/jqueryui/images/ui-bg_flat_55_994d53_40x100.png HTTP/1.1" 404 1097
186.79.216.115 - - [12/Jan/2018:10:26:22 -0300] "GET /cormun/static/Shared/jqueryui/images/ui-icons_ebccce_256x240.png HTTP/1.1" 404 1089
186.79.216.115 - - [12/Jan/2018:10:26:22 -0300] "GET /cormun/static/Shared/jqueryui/images/ui-icons_82798d_256x240.png HTTP/1.1" 404 1089
200.111.122.170 - - [12/Jan/2018:10:26:26 -0300] "GET /cormun/servlet/licenciaspermisos?INS,0,,, HTTP/1.1" 200 7746
200.111.122.170 - - [12/Jan/2018:10:26:26 -0300] "GET /cormun/static/gxcfg.js?201762917281167 HTTP/1.1" 200 953
200.111.122.170 - - [12/Jan/2018:10:26:26 -0300] "GET /cormun/static/Resources/prompt.gif HTTP/1.1" 200 902
200.111.122.170 - - [12/Jan/2018:10:26:27 -0300] "GET /cormun/static/licenciaspermisos.js?201762917281260 HTTP/1.1" 200 37491
200.111.122.170 - - [12/Jan/2018:10:26:27 -0300] "GET /cormun/servlet/licenciaspermisos?INS,0,,, HTTP/1.1" 200 7754
186.103.157.246 - - [12/Jan/2018:10:26:27 -0300] "POST /cormun/servlet/solicitudot?gx-no-cache=1515763548811 HTTP/1.1" 200 1357
186.103.157.246 - - [12/Jan/2018:10:26:27 -0300] "POST /cormun/servlet/solicitudot?gx-no-cache=1515763549022 HTTP/1.1" 200 38
186.103.157.246 - - [12/Jan/2018:10:26:41 -0300] "GET /cormun/servlet/solicitudot?9463e2342f044d3f56664d5d2ca5937b7d6e64e5d41690ab55a47bdb92610e9166fade5ae3d7746c344076057db93851927c668f0694bb067079ca918df2681e1f8a0dc87d04f60f09287d283959633f563fd35e872d7f610e34073c5a75df21786de10069b4acde807fe8959471ff1a911cf9f34e452eac45c0f2fc666f886248a2125f06ffb0db1b7c1ec6bc9d7d0fc170f96d2380098d61891a4aa6508304,gx-no-cache=1515763563457 HTTP/1.1" 200 29
186.103.157.246 - - [12/Jan/2018:10:26:41 -0300] "POST /cormun/servlet/solicitudot?gx-no-cache=1515763563490 HTTP/1.1" 200 220
186.103.157.246 - - [12/Jan/2018:10:26:42 -0300] "GET /cormun/servlet/solicitudot?9463e2342f044d3f56664d5d2ca5937b2b28d6b5d06c258ebc8dcf49f87360afa62fcdc4981348498f074c6f649ebbb51f0ace6d19cf1db0802c54803eaa5597b7be4eb0e0247e4700755e37746dd5b4225d36b56f1758901200286dccd2ad7666fade5ae3d7746c344076057db938510e4989f44584b1c90f43345b81f85b81d1990e4a617044ff2f8cabdc76a56c01,gx-no-cache=1515763563607 HTTP/1.1" 200 55
186.103.157.246 - - [12/Jan/2018:10:26:42 -0300] "GET /cormun/static/menuarrow.gif HTTP/1.1" 404 1015
186.103.157.246 - - [12/Jan/2018:10:26:44 -0300] "POST /cormun/servlet/solicitudot?gx-no-cache=1515763566025 HTTP/1.1" 200 216
186.103.157.246 - - [12/Jan/2018:10:26:44 -0300] "GET /cormun/servlet/solicitudot?9463e2342f044d3f56664d5d2ca5937b2b28d6b5d06c258ebc8dcf49f87360afa62fcdc4981348498f074c6f649ebbb51f0ace6d19cf1db0802c54803eaa5597b7be4eb0e0247e4700755e37746dd5b4225d36b56f1758901200286dccd2ad7666fade5ae3d7746c344076057db938510e4989f44584b1c90f43345b81f85b81d1990e4a617044ff2f8cabdc76a56c01,gx-no-cache=1515763566086 HTTP/1.1" 200 55
186.103.157.246 - - [12/Jan/2018:10:26:48 -0300] "GET /cormun/servlet/solicitudot?9463e2342f044d3f56664d5d2ca5937bf3e124d233803f05921cc566651e2c84a4f0222f6b82ec30d656d480ec7fcee8,gx-no-cache=1515763570362 HTTP/1.1" 200 30
186.103.161.206 - - [12/Jan/2018:10:26:53 -0300] "GET /cormun/servlet/licenciaspermisos?b92859a47688ee4aab70d85331ace2f327d96e2729f08aa323712467aa909e706cda987cac95718128c42a1c0d152274,gx-no-cache=1515763573589 HTTP/1.1" 200 103
186.103.161.206 - - [12/Jan/2018:10:26:54 -0300] "POST /cormun/servlet/licenciaspermisos?0f9ba6332379fa0b3041a64654edf8ae,INS,0,,,,gx-no-cache=1515763573697 HTTP/1.1" 200 4904
186.103.161.206 - - [12/Jan/2018:10:26:54 -0300] "GET /cormun/servlet/licenciaspermisos?b92859a47688ee4aab70d85331ace2f328c17dd0ca2a358f3fd25130dc934e89ece43cc3c3ec618b760f31c6eb656035d9db75ca3a9617e4d67d48b6e1f8b5ed268b41cb7f4b8a139faefb216ce035e3ee5041e25a04f306a5ff413e65a0174c42bdfe4f9647cba70812f628228fc0736fcdd0313416eb96c7093ab4b8dd22ea1e7ad3fca31e70f5f6d0b1911843b3b56015f9402d80dacc784e5dbce17df8b9fef412ea2a963fbe7b6bf43400f4d07765394e306b763a4f533a085025f78625692486c6eb7e4e61829a8ceb143f244d75c4b75bc852652d92979a2815b94218,gx-no-cache=1515763574018 HTTP/1.1" 200 30
186.103.161.206 - - [12/Jan/2018:10:26:54 -0300] "GET /cormun/servlet/licenciaspermisos?b92859a47688ee4aab70d85331ace2f39205b6972272776c5cc406e3fa8d15854a9846a521c45dc1678014f2342ca391d0e70c71317945aac41070a75fcca77404a85db3a265c805a9712675308690e113519f2b23cad9950bfbfaf02859f8588801a8b1082ad6daff5a043bf2bf4b0069e88808442d26d4a207a3535fc6885797c3d3bd48519ba4c01f1ec7404836289289a43eea786b2f3a645f10b2409f673255595b60dff5f0e4ab9c717bd7f55b12d3014bf49fce2287082e6f4c950726d11af9983cfe1eb203bec91f199b49e1fc6090194c56a0e207d04f79ed6db0ca,gx-no-cache=1515763574079 HTTP/1.1" 200 29
186.103.161.206 - - [12/Jan/2018:10:26:54 -0300] "POST /cormun/servlet/licenciaspermisos?0f9ba6332379fa0b3041a64654edf8ae,INS,0,,,,gx-no-cache=1515763574130 HTTP/1.1" 200 5112
186.103.161.206 - - [12/Jan/2018:10:26:54 -0300] "GET /cormun/static/Shared/jqueryui/images/ui-bg_highlight-soft_100_c6c2c8_1x100.png HTTP/1.1" 404 1117
186.103.161.206 - - [12/Jan/2018:10:26:54 -0300] "GET /cormun/static/Shared/jqueryui/images/ui-icons_82798d_256x240.png HTTP/1.1" 404 1089
186.103.161.206 - - [12/Jan/2018:10:26:54 -0300] "GET /cormun/static/Shared/jqueryui/images/ui-bg_flat_55_994d53_40x100.png HTTP/1.1" 404 1097
186.103.161.206 - - [12/Jan/2018:10:26:54 -0300] "GET /cormun/static/Shared/jqueryui/images/ui-icons_ebccce_256x240.png HTTP/1.1" 404 1089
186.103.161.206 - - [12/Jan/2018:10:26:59 -0300] "POST /cormun/servlet/trcontratosolicitud?f4abb8ec91a851ed239b1634a5cf0a04,,gx-no-cache=1515763579442 HTTP/1.1" 200 8914
186.103.157.246 - - [12/Jan/2018:10:27:03 -0300] "POST /cormun/servlet/solicitudot?gx-no-cache=1515763585273 HTTP/1.1" 200 33
186.79.216.115 - - [12/Jan/2018:10:27:04 -0300] "POST /cormun/servlet/solicitudot?bee05dd0b39f706c7a813e4216abc28f,INS,0,0,,gx-no-cache=1515764125280 HTTP/1.1" 200 93
186.79.216.115 - - [12/Jan/2018:10:27:04 -0300] "GET /cormun/servlet/hpexe_return? HTTP/1.1" 200 1031
186.79.216.115 - - [12/Jan/2018:10:27:04 -0300] "GET /cormun/servlet/trsolicitudot?gx-no-cache=1515763580206 HTTP/1.1" 200 7396
186.79.216.115 - - [12/Jan/2018:10:27:05 -0300] "GET /cormun/servlet/trsolicitudot?gx-no-cache=1515763580206 HTTP/1.1" 200 7414
186.79.216.115 - - [12/Jan/2018:10:27:08 -0300] "GET /cormun/servlet/solicitudot?INS,0,0, HTTP/1.1" 200 14123
186.79.216.115 - - [12/Jan/2018:10:27:08 -0300] "GET /cormun/servlet/solicitudot?INS,0,0, HTTP/1.1" 200 14106
186.79.216.115 - - [12/Jan/2018:10:27:12 -0300] "GET /cormun/servlet/prfichaempleado?,MD,,gxPopupLevel%3D0%3B HTTP/1.1" 200 9334
186.79.216.115 - - [12/Jan/2018:10:27:24 -0300] "POST /cormun/servlet/prfichaempleado?bee05dd0b39f706c7a813e4216abc28f,,MD,,gxPopupLevel%3D0%3B,gx-no-cache=1515764145717 HTTP/1.1" 200 3423
200.111.122.170 - - [12/Jan/2018:10:27:24 -0300] "GET /cormun/static/menuarrow.gif HTTP/1.1" 404 1015
186.103.157.246 - - [12/Jan/2018:10:27:26 -0300] "POST /cormun/servlet/solicitudot?5ace0ba0f11ad9b3c7a9a422c5b4fe7b,INS,0,0,,gx-no-cache=1515763607362 HTTP/1.1" 200 93
186.103.157.246 - - [12/Jan/2018:10:27:26 -0300] "GET /cormun/servlet/hpexe_return? HTTP/1.1" 200 1006
186.103.157.246 - - [12/Jan/2018:10:27:26 -0300] "GET /cormun/servlet/trsolicitudot HTTP/1.1" 200 9518
186.103.157.246 - - [12/Jan/2018:10:27:27 -0300] "GET /cormun/servlet/trsolicitudot HTTP/1.1" 200 9514
186.79.216.115 - - [12/Jan/2018:10:27:28 -0300] "POST /cormun/servlet/solicitudot?gx-no-cache=1515764150210 HTTP/1.1" 200 3856
186.79.216.115 - - [12/Jan/2018:10:27:29 -0300] "POST /cormun/servlet/solicitudot?bee05dd0b39f706c7a813e4216abc28f,INS,0,0,,gx-no-cache=1515764150676 HTTP/1.1" 200 11001
186.79.216.115 - - [12/Jan/2018:10:27:29 -0300] "GET /cormun/servlet/solicitudot?61179c238a6e8a57afe424f4e69737d0a8446bd66e9c6cca3c013c07d444310a5e61da1b6eb959773380ba57c5b2d4f0,gx-no-cache=1515764151256 HTTP/1.1" 200 30
186.103.157.246 - - [12/Jan/2018:10:27:35 -0300] "GET /cormun/servlet/solicitudot?INS,0,0, HTTP/1.1" 200 14051
186.103.157.246 - - [12/Jan/2018:10:27:35 -0300] "GET /cormun/servlet/solicitudot?INS,0,0, HTTP/1.1" 200 14056
186.79.216.115 - - [12/Jan/2018:10:27:38 -0300] "POST /cormun/servlet/solicitudot?gx-no-cache=1515764160116 HTTP/1.1" 200 53
186.79.216.115 - - [12/Jan/2018:10:27:38 -0300] "POST /cormun/servlet/solicitudot?gx-no-cache=1515764160217 HTTP/1.1" 200 240
186.79.216.115 - - [12/Jan/2018:10:27:38 -0300] "GET /cormun/servlet/solicitudot?61179c238a6e8a57afe424f4e69737d04d69749af4389495913ad05d6499d79b5ae64241148e91b112ffd34b50ecd1dd956557894b4f263bd51e9895c044d2c1545cd4cdb0d5b9bb850663625835d5ba6c52c566a1e210bf7775e9cb2791f1899acfe72e1950c7a7169a1228eb3dafe4cf0057154570075ded7a3adeaa98656617ff50ce37405aed1ba350d71d9223a3dec54f949dac55cbc782b62be9e219b90563d86db51773973241cf2538d9025c4a2284319ab4f03b1e44afea1bb100966b4aa35b517ee43411380222ebcd387b9468beb000766ac52b02d54c74bfb64c0ecb59d90046e3b43449a865e8019aea18e090d6a7f503631c6082dd2a1b560d063bbfd0639aa1658c972b2dfbaca73b27e8bc569be119e7a7829358658ca751534e2b5d4cf8461a4cf0533274358e1650b651fd61e89c5644dd8eecd431d9180547a597554c516aa9f2f97ea4ad5ed7ba64c5d94e2a18bbc01e34bafed47e98ecd7935ca52fb4aae8d3d41ca5b9bf2160d2dc46249589a0d8ff1240d0c0b5ef,gx-no-cache=1515764160335 HTTP/1.1" 200 30
186.103.157.246 - - [12/Jan/2018:10:27:39 -0300] "GET /cormun/servlet/prfichaempleado?,MD,,gxPopupLevel%3D0%3B HTTP/1.1" 200 9252
186.79.216.115 - - [12/Jan/2018:10:27:44 -0300] "POST /cormun/servlet/solicitudot?gx-no-cache=1515764166304 HTTP/1.1" 200 30
186.79.216.115 - - [12/Jan/2018:10:27:48 -0300] "POST /cormun/servlet/solicitudot?gx-no-cache=1515764170458 HTTP/1.1" 200 1353
186.79.216.115 - - [12/Jan/2018:10:27:49 -0300] "POST /cormun/servlet/solicitudot?gx-no-cache=1515764170581 HTTP/1.1" 200 38
186.103.157.246 - - [12/Jan/2018:10:27:50 -0300] "POST /cormun/servlet/prfichaempleado?5ace0ba0f11ad9b3c7a9a422c5b4fe7b,,MD,,gxPopupLevel%3D0%3B,gx-no-cache=1515763632301 HTTP/1.1" 200 3484
186.103.157.246 - - [12/Jan/2018:10:27:59 -0300] "POST /cormun/servlet/solicitudot?gx-no-cache=1515763641152 HTTP/1.1" 200 3866
186.103.157.246 - - [12/Jan/2018:10:27:59 -0300] "POST /cormun/servlet/solicitudot?5ace0ba0f11ad9b3c7a9a422c5b4fe7b,INS,0,0,,gx-no-cache=1515763641325 HTTP/1.1" 200 11038
186.103.157.246 - - [12/Jan/2018:10:28:00 -0300] "GET /cormun/servlet/solicitudot?9463e2342f044d3f56664d5d2ca5937b5593ec912156825fb2335fff0b14355b644f46d2f99e3c316b0f0895a706421a,gx-no-cache=1515763641586 HTTP/1.1" 200 30
190.151.100.218 - - [12/Jan/2018:10:28:01 -0300] "POST /cormun/servlet/trcontratosolicitud?f4abb8ec91a851ed239b1634a5cf0a04,,gx-no-cache=1515763640670 HTTP/1.1" 200 8914
186.79.216.115 - - [12/Jan/2018:10:28:03 -0300] "POST /cormun/servlet/solicitudot?bee05dd0b39f706c7a813e4216abc28f,INS,0,0,,gx-no-cache=1515764184471 HTTP/1.1" 200 93
186.79.216.115 - - [12/Jan/2018:10:28:03 -0300] "GET /cormun/servlet/hpexe_return? HTTP/1.1" 200 1031
186.79.216.115 - - [12/Jan/2018:10:28:03 -0300] "GET /cormun/servlet/trsolicitudot?gx-no-cache=1515763580206 HTTP/1.1" 200 7396
186.79.216.115 - - [12/Jan/2018:10:28:04 -0300] "GET /cormun/servlet/trsolicitudot?gx-no-cache=1515763580206 HTTP/1.1" 200 7414
190.151.100.218 - - [12/Jan/2018:10:28:07 -0300] "POST /cormun/servlet/trcontratosolicitud?f4abb8ec91a851ed239b1634a5cf0a04,,gx-no-cache=1515763647048 HTTP/1.1" 200 8914
186.103.157.246 - - [12/Jan/2018:10:28:13 -0300] "POST /cormun/servlet/solicitudot?gx-no-cache=1515763655002 HTTP/1.1" 200 51
186.103.157.246 - - [12/Jan/2018:10:28:13 -0300] "POST /cormun/servlet/solicitudot?gx-no-cache=1515763655046 HTTP/1.1" 200 255
186.103.157.246 - - [12/Jan/2018:10:28:13 -0300] "GET /cormun/servlet/solicitudot?9463e2342f044d3f56664d5d2ca5937bec90190ccf9a63fbfe2306ec7ef355693770b7511d07ff337c4a10e1f6cd2731c6822d36a838270c852cc3877c7211292caba4cadbcd579309f3604949f344e05fda88232c03a2a05f4c5b23beb072c937db2231dac43fe36666c4ff7b1a47f1134369b1a9c34159d32a8acf9bfabb7165c96bc3278ee5b111d617a3f19b1a040355095975c47e0cc384ba51085f2f981977a379ea41204987def4aeaf8600b4e50554c4c9b3b27a390d400ba3b05c0978d34979d88176d6576be390551f2cabf66d2a4d89c2ba8085fe61318cec134b2841dfd2e133db9963ee81b37ba38e66085484836bd9839c939419bcb742796e68d3c6b292353480b48fb60d4c3df1c55702028a74944e8c65bfc51f27114ccb8098bc3ab531c69565f809b6bf68c488cdecb8f4d2bc091d5e9b0ea6517b1d442f254ca0daf3517cc7fdf43e0839f7b22293da04d7ef123b23a6f5fa6d2ad9e4c0f74b9f63bb36522654d543f8b18bc47e9055fa6b91009a7044247957d7eb9a,gx-no-cache=1515763655094 HTTP/1.1" 200 30
186.79.216.115 - - [12/Jan/2018:10:28:13 -0300] "GET /cormun/servlet/trcontratosolicitud? HTTP/1.1" 200 10568
186.103.157.246 - - [12/Jan/2018:10:28:14 -0300] "POST /cormun/servlet/solicitudot?gx-no-cache=1515763655515 HTTP/1.1" 200 30
186.103.157.246 - - [12/Jan/2018:10:28:14 -0300] "POST /cormun/servlet/solicitudot?gx-no-cache=1515763655601 HTTP/1.1" 200 1357
186.103.157.246 - - [12/Jan/2018:10:28:14 -0300] "POST /cormun/servlet/solicitudot?gx-no-cache=1515763655695 HTTP/1.1" 200 38
186.79.216.115 - - [12/Jan/2018:10:28:14 -0300] "GET /cormun/servlet/trcontratosolicitud? HTTP/1.1" 200 10546
186.79.216.115 - - [12/Jan/2018:10:28:24 -0300] "GET /cormun/servlet/solicitudotcontratos?INS,2018,0,13302901,k,6,2017,1330,NADA,201712,6,M, HTTP/1.1" 200 9944
186.79.216.115 - - [12/Jan/2018:10:28:24 -0300] "GET /cormun/servlet/solicitudotcontratos?INS,2018,0,13302901,k,6,2017,1330,NADA,201712,6,M, HTTP/1.1" 200 9973
186.79.216.115 - - [12/Jan/2018:10:28:25 -0300] "GET /cormun/servlet/solicitudotcontratos?61179c238a6e8a57afe424f4e69737d032be187d4a37efcd731cfdca57f3c725c92ae4c9b86ec75996775b4d67caede0,gx-no-cache=1515764206832 HTTP/1.1" 200 30
186.79.216.115 - - [12/Jan/2018:10:28:25 -0300] "GET /cormun/servlet/solicitudotcontratos?61179c238a6e8a57afe424f4e69737d09a40affac560ed5d333caa15e931a4b4cde4f1af0543d5a83821e9a58e61c09c,gx-no-cache=1515764206946 HTTP/1.1" 200 30
186.79.216.115 - - [12/Jan/2018:10:28:25 -0300] "GET /cormun/servlet/solicitudotcontratos?61179c238a6e8a57afe424f4e69737d080dfc2606d7d88f4d9b76f6255887560c6cffde8eb59ef97b47b04c9ad2dcc6d23ebedeace17279ed940682e30194bd46f12ba455945ca783f9b3bba4c909b6aa8d96c799b7a571f9172438d6480e0416b4c6c01331afb0e0efae47bec890a7662069bfed50736835fcaf753d18a6667,gx-no-cache=1515764207018 HTTP/1.1" 200 50
186.79.216.115 - - [12/Jan/2018:10:28:25 -0300] "GET /cormun/servlet/solicitudotcontratos?61179c238a6e8a57afe424f4e69737d067a7fd1f2d2e2c0e1ac4c7ed2c9b4f4883d847ca1a3395df6559d7d1f9f63dfe,gx-no-cache=1515764207097 HTTP/1.1" 200 30
186.79.216.115 - - [12/Jan/2018:10:28:25 -0300] "GET /cormun/servlet/solicitudotcontratos?61179c238a6e8a57afe424f4e69737d088648ed00275060d90120d28b84fa1b8ce2852ce7874914ce9853288b49307ce44938204d695fb228bd35c02e10d525915a78ac18674bf6bbe7a3ea52f0551d6168a709ff90569db19176576b1ee17335e61da1b6eb959773380ba57c5b2d4f0,gx-no-cache=1515764207172 HTTP/1.1" 200 30
186.79.216.115 - - [12/Jan/2018:10:28:25 -0300] "GET /cormun/servlet/solicitudotcontratos?61179c238a6e8a57afe424f4e69737d061fdbf5e7f19fd33e2b4b2c069bab3b5bba6f97ae85d525a9290df416e3853d8c40bc995b4580d765884fec24fbe40269208ac756fe7f03b2d1d9e51ff8941ff81f588237be2138b7f09d499de80fd0ea2c77fe10ea6e6dbe680ef67f4fc9b8102b29536f227a48f0eb018263022a1283e172153d7ae6c8c41f8dbd01d466fb33e4b64a8c6d1c52024340c1571e526b992e0ecf9eb5135bc745750bc2a85bf777b6742f4f16313c39f10c7d1d7e4a102410ff4cabe2083dc0a6f6b7f271d192fab7253aec99482045cb295701ca3778b21e765e07d991e77c6b878078899bc47df6056f9f9ae156c17b8afb94b3440b722d490a91a9ed5825bfc07c020583e3ed24b120f71d5cc3a8a2300813c4e7db7ce21f6b44dc7bcfd4c4370a1f8b93f7d2b28db3e9852b5eebe3d7a4e6006f407e80c56b778e18d8f54bf038d346e905ea2fe56562a0b20537a025d1a8fbf8ffbcfcd83a4624025a8e37a6c03ac9a619248a232bf7d18052061307d22ed07fd48c4b3ba0c98a53e005e3cf731b553f14934691a0d42b92b0e8026f32d9149d46bb1825ceef042593b6a887b386ae8203799925f8dec25195b7ef8652dde4dd467bc68efec34f0526906aed79e4b421efb12174561b86ca6eede004c022d78e6b122c6edb693979cca2235a0452c5d2ae634691a0d42b92b0e8026f32d9149d46bc46fb67edd44bec33c7a4248cf2184e7893503846acd97dba76492dd0fb84eecfbc5aba2345a38190b65bca1ccd39ce3d38e1dc93c89e3856cde960643640703,gx-no-cache=1515764207253 HTTP/1.1" 200 72
186.103.157.246 - - [12/Jan/2018:10:28:30 -0300] "GET /cormun/servlet/solicitudot?9463e2342f044d3f56664d5d2ca5937b7d6e64e5d41690ab55a47bdb92610e9166fade5ae3d7746c344076057db93851927c668f0694bb067079ca918df2681e1f8a0dc87d04f60f09287d283959633f563fd35e872d7f610e34073c5a75df21786de10069b4acde807fe8959471ff1a911cf9f34e452eac45c0f2fc666f886248a2125f06ffb0db1b7c1ec6bc9d7d0fc170f96d2380098d61891a4aa6508304,gx-no-cache=1515763671754 HTTP/1.1" 200 29
186.103.157.246 - - [12/Jan/2018:10:28:30 -0300] "POST /cormun/servlet/solicitudot?gx-no-cache=1515763671902 HTTP/1.1" 200 219
186.103.157.246 - - [12/Jan/2018:10:28:30 -0300] "GET /cormun/servlet/solicitudot?9463e2342f044d3f56664d5d2ca5937b2b28d6b5d06c258ebc8dcf49f87360afa62fcdc4981348498f074c6f649ebbb51f0ace6d19cf1db0802c54803eaa5597b7be4eb0e0247e4700755e37746dd5b4225d36b56f1758901200286dccd2ad7666fade5ae3d7746c344076057db938510e4989f44584b1c90f43345b81f85b81d1990e4a617044ff2f8cabdc76a56c01,gx-no-cache=1515763671948 HTTP/1.1" 200 55
186.79.216.115 - - [12/Jan/2018:10:28:34 -0300] "POST /cormun/servlet/solicitudotcontratos?bee05dd0b39f706c7a813e4216abc28f,INS,2018,0,13302901,k,6,2017,1330,NADA,201712,6,M,,gx-no-cache=1515764215612 HTTP/1.1" 200 93
186.79.216.115 - - [12/Jan/2018:10:28:34 -0300] "GET /cormun/servlet/hpexe_return? HTTP/1.1" 200 1045
186.79.216.115 - - [12/Jan/2018:10:28:34 -0300] "GET /cormun/servlet/trcontratosolicitud HTTP/1.1" 200 10548
186.79.216.115 - - [12/Jan/2018:10:28:35 -0300] "GET /cormun/servlet/trcontratosolicitud HTTP/1.1" 200 10544
200.72.197.82 - - [12/Jan/2018:10:28:35 -0300] "POST /cormun/servlet/trcontratosolicitud?f4abb8ec91a851ed239b1634a5cf0a04,,gx-no-cache=1515763674808 HTTP/1.1" 200 8914
186.79.216.115 - - [12/Jan/2018:10:28:45 -0300] "GET /cormun/servlet/trvisualizadoreventos? HTTP/1.1" 200 6930
186.79.216.115 - - [12/Jan/2018:10:28:45 -0300] "GET /cormun/static/gxcfg.js?20175251251426 HTTP/1.1" 200 953
186.79.216.115 - - [12/Jan/2018:10:28:45 -0300] "GET /cormun/static/trvisualizadoreventos.js?20175251251768 HTTP/1.1" 200 19318
186.79.216.115 - - [12/Jan/2018:10:28:45 -0300] "GET /cormun/static/Resources/PXToolsActionPrint.png HTTP/1.1" 200 3317
186.79.216.115 - - [12/Jan/2018:10:28:45 -0300] "GET /cormun/servlet/trvisualizadoreventos? HTTP/1.1" 200 6929
186.79.216.115 - - [12/Jan/2018:10:28:49 -0300] "POST /cormun/servlet/trvisualizadoreventos?bee05dd0b39f706c7a813e4216abc28f,,gx-no-cache=1515764230809 HTTP/1.1" 200 4127
186.103.132.155 - - [12/Jan/2018:10:28:52 -0300] "GET /cormun/servlet/trcontratosolicitud? HTTP/1.1" 200 5709
186.103.132.155 - - [12/Jan/2018:10:28:52 -0300] "GET /cormun/static/gxcfg.js?20177612214014 HTTP/1.1" 304 -
186.103.132.155 - - [12/Jan/2018:10:28:53 -0300] "GET /cormun/static/messages.spa.js?85251 HTTP/1.1" 304 -
186.103.132.155 - - [12/Jan/2018:10:28:53 -0300] "GET /cormun/servlet/trcontratosolicitud? HTTP/1.1" 200 5720
186.103.132.155 - - [12/Jan/2018:10:28:54 -0300] "GET /cormun/servlet/hlogin HTTP/1.1" 200 1733
186.103.132.155 - - [12/Jan/2018:10:28:54 -0300] "GET /cormun/static/gxcfg.js?20175251213516 HTTP/1.1" 304 -
186.79.216.115 - - [12/Jan/2018:10:29:07 -0300] "GET /cormun/static/menuarrow.gif HTTP/1.1" 404 1015
186.103.157.246 - - [12/Jan/2018:10:29:10 -0300] "POST /cormun/servlet/solicitudot?gx-no-cache=1515763711549 HTTP/1.1" 200 1357
186.103.157.246 - - [12/Jan/2018:10:29:10 -0300] "POST /cormun/servlet/solicitudot?gx-no-cache=1515763711828 HTTP/1.1" 200 38
186.103.157.246 - - [12/Jan/2018:10:29:10 -0300] "POST /cormun/servlet/solicitudot?gx-no-cache=1515763711961 HTTP/1.1" 200 219
186.103.157.246 - - [12/Jan/2018:10:29:10 -0300] "GET /cormun/servlet/solicitudot?9463e2342f044d3f56664d5d2ca5937b2b28d6b5d06c258ebc8dcf49f87360afa62fcdc4981348498f074c6f649ebbb51f0ace6d19cf1db0802c54803eaa5597b7be4eb0e0247e4700755e37746dd5b4225d36b56f1758901200286dccd2ad7666fade5ae3d7746c344076057db938510e4989f44584b1c90f43345b81f85b81d1990e4a617044ff2f8cabdc76a56c01,gx-no-cache=1515763712228 HTTP/1.1" 200 55
186.103.132.155 - - [12/Jan/2018:10:29:15 -0300] "POST /cormun/servlet/hlogin?3edd40b704f91451612f51e98fbce10d,gx-no-cache=1515763715419 HTTP/1.1" 200 450
186.79.216.115 - - [12/Jan/2018:10:29:22 -0300] "POST /cormun/servlet/trvisualizadoreventos?bee05dd0b39f706c7a813e4216abc28f,,gx-no-cache=1515764263991 HTTP/1.1" 200 4141
186.103.157.246 - - [12/Jan/2018:10:29:26 -0300] "GET /cormun/static/menuarrow.gif HTTP/1.1" 404 1015
186.103.132.155 - - [12/Jan/2018:10:29:29 -0300] "POST /cormun/servlet/hlogin?3edd40b704f91451612f51e98fbce10d,gx-no-cache=1515763729599 HTTP/1.1" 200 90
186.103.132.155 - - [12/Jan/2018:10:29:29 -0300] "GET /cormun/servlet/hpexe_link HTTP/1.1" 200 953
186.103.132.155 - - [12/Jan/2018:10:29:29 -0300] "GET /cormun/static/gxcfg.js?20177612121792 HTTP/1.1" 304 -
186.103.132.155 - - [12/Jan/2018:10:29:30 -0300] "GET /cormun/servlet/trcontratosolicitud HTTP/1.1" 200 10656
186.103.132.155 - - [12/Jan/2018:10:29:30 -0300] "GET /cormun/servlet/trcontratosolicitud HTTP/1.1" 200 10668
186.79.216.115 - - [12/Jan/2018:10:29:32 -0300] "GET /cormun/servlet/trcontratoobservaciondir? HTTP/1.1" 200 10642
186.79.216.115 - - [12/Jan/2018:10:29:32 -0300] "GET /cormun/static/gxcfg.js?20175251262281 HTTP/1.1" 200 953
186.79.216.115 - - [12/Jan/2018:10:29:32 -0300] "GET /cormun/static/trcontratoobservaciondir.js?20175251262715 HTTP/1.1" 200 27185
186.79.216.115 - - [12/Jan/2018:10:29:32 -0300] "GET /cormun/servlet/trcontratoobservaciondir? HTTP/1.1" 200 10641
186.103.157.246 - - [12/Jan/2018:10:29:34 -0300] "GET /cormun/servlet/solicitudot?9463e2342f044d3f56664d5d2ca5937bf3e124d233803f05921cc566651e2c84a4f0222f6b82ec30d656d480ec7fcee8,gx-no-cache=1515763736260 HTTP/1.1" 200 30
186.103.132.155 - - [12/Jan/2018:10:29:39 -0300] "GET /cormun/servlet/trsolicitudot? HTTP/1.1" 200 8744
186.103.132.155 - - [12/Jan/2018:10:29:39 -0300] "GET /cormun/static/gxcfg.js?2017111422585916 HTTP/1.1" 304 -
200.111.122.170 - - [12/Jan/2018:10:29:40 -0300] "GET /cormun//static/Resources/PXToolsActionView.png HTTP/1.1" 200 2995
200.72.197.82 - - [12/Jan/2018:10:29:40 -0300] "GET /cormun//static/Resources/PXToolsGridUpdate.png HTTP/1.1" 200 2984
186.103.132.155 - - [12/Jan/2018:10:29:40 -0300] "GET /cormun/servlet/trsolicitudot? HTTP/1.1" 200 8743
186.103.161.206 - - [12/Jan/2018:10:29:40 -0300] "GET /cormun//static/Resources/PXTools/ActionInsert.png HTTP/1.1" 200 1482
186.103.132.155 - - [12/Jan/2018:10:29:40 -0300] "GET /cormun//static/Resources/PXToolsGridDelete.png HTTP/1.1" 200 357
186.103.132.155 - - [12/Jan/2018:10:29:40 -0300] "GET /cormun//static/Resources/PXToolsRemoveAllAction.png HTTP/1.1" 200 3558
186.79.216.115 - - [12/Jan/2018:10:29:43 -0300] "GET /cormun/servlet/trcontratounov2? HTTP/1.1" 200 17815
186.79.216.115 - - [12/Jan/2018:10:29:44 -0300] "GET /cormun/servlet/trcontratounov2? HTTP/1.1" 200 17791
186.103.157.246 - - [12/Jan/2018:10:29:50 -0300] "POST /cormun/servlet/solicitudot?gx-no-cache=1515763751545 HTTP/1.1" 200 30
186.103.161.206 - - [12/Jan/2018:10:30:01 -0300] "GET /cormun/servlet/hlogin HTTP/1.1" 200 1721
200.111.122.170 - - [12/Jan/2018:10:30:04 -0300] "GET /cormun/servlet/trsolicitudot? HTTP/1.1" 200 8743
200.111.122.170 - - [12/Jan/2018:10:30:05 -0300] "GET /cormun/servlet/trsolicitudot? HTTP/1.1" 200 8743
186.103.161.206 - - [12/Jan/2018:10:30:07 -0300] "GET /cormun/servlet/licenciaspermisos?b92859a47688ee4aab70d85331ace2f328c17dd0ca2a358f3fd25130dc934e89ece43cc3c3ec618b760f31c6eb656035d9db75ca3a9617e4d67d48b6e1f8b5ed268b41cb7f4b8a139faefb216ce035e3ee5041e25a04f306a5ff413e65a0174c42bdfe4f9647cba70812f628228fc0736fcdd0313416eb96c7093ab4b8dd22ea1e7ad3fca31e70f5f6d0b1911843b3b56015f9402d80dacc784e5dbce17df8b9fef412ea2a963fbe7b6bf43400f4d07765394e306b763a4f533a085025f78625692486c6eb7e4e61829a8ceb143f244d75c4b75bc852652d92979a2815b94218,gx-no-cache=1515763766794 HTTP/1.1" 200 30
186.103.161.206 - - [12/Jan/2018:10:30:07 -0300] "GET /cormun/servlet/licenciaspermisos?b92859a47688ee4aab70d85331ace2f39205b6972272776c5cc406e3fa8d15854a9846a521c45dc1678014f2342ca391d0e70c71317945aac41070a75fcca77404a85db3a265c805a9712675308690e113519f2b23cad9950bfbfaf02859f8588801a8b1082ad6daff5a043bf2bf4b0069e88808442d26d4a207a3535fc6885797c3d3bd48519ba4c01f1ec7404836289289a43eea786b2f3a645f10b2409f673255595b60dff5f0e4ab9c717bd7f55b12d3014bf49fce2287082e6f4c950726d11af9983cfe1eb203bec91f199b49e1fc6090194c56a0e207d04f79ed6db0ca,gx-no-cache=1515763766956 HTTP/1.1" 200 29
186.103.161.206 - - [12/Jan/2018:10:30:07 -0300] "POST /cormun/servlet/licenciaspermisos?0f9ba6332379fa0b3041a64654edf8ae,INS,0,,,,gx-no-cache=1515763767004 HTTP/1.1" 200 93
186.103.161.206 - - [12/Jan/2018:10:30:07 -0300] "GET /cormun/servlet/hpexe_return? HTTP/1.1" 200 1007
190.151.100.218 - - [12/Jan/2018:10:30:07 -0300] "GET /cormun/static/gxcfg.js?2016101716175148 HTTP/1.1" 200 953
186.103.161.206 - - [12/Jan/2018:10:30:07 -0300] "GET /cormun/static/hpexe_return.js?2016101716175153 HTTP/1.1" 200 1633
186.103.161.206 - - [12/Jan/2018:10:30:08 -0300] "GET /cormun/static/Resources/Spanish/PXTools.css?167811 HTTP/1.1" 200 89042
186.103.161.206 - - [12/Jan/2018:10:30:08 -0300] "GET /cormun/servlet/trlicencias HTTP/1.1" 200 9932
200.111.122.170 - - [12/Jan/2018:10:30:08 -0300] "GET /cormun/servlet/solicitudot?INS,0,0, HTTP/1.1" 200 14119
200.111.122.170 - - [12/Jan/2018:10:30:08 -0300] "GET /cormun/static/gxcfg.js?20181911371421 HTTP/1.1" 304 -
200.72.197.82 - - [12/Jan/2018:10:30:08 -0300] "GET /cormun/static/solicitudot.js?20181911371648 HTTP/1.1" 304 -
186.103.161.206 - - [12/Jan/2018:10:30:08 -0300] "GET /cormun/servlet/trlicencias HTTP/1.1" 200 9927
200.72.197.82 - - [12/Jan/2018:10:30:09 -0300] "GET /cormun/servlet/solicitudot?INS,0,0, HTTP/1.1" 200 14124
186.103.161.206 - - [12/Jan/2018:10:30:15 -0300] "POST /cormun/servlet/hlogin?f4abb8ec91a851ed239b1634a5cf0a04,gx-no-cache=1515763774919 HTTP/1.1" 200 90
186.103.161.206 - - [12/Jan/2018:10:30:15 -0300] "GET /cormun/servlet/hpexe_link HTTP/1.1" 200 962
186.103.161.206 - - [12/Jan/2018:10:30:15 -0300] "GET /cormun/servlet/trcontratosolicitud? HTTP/1.1" 200 11474
186.103.161.206 - - [12/Jan/2018:10:30:17 -0300] "GET /cormun/servlet/trcontratosolicitud? HTTP/1.1" 200 11473
186.103.157.246 - - [12/Jan/2018:10:30:17 -0300] "GET /cormun/servlet/solicitudot?9463e2342f044d3f56664d5d2ca5937bf3e124d233803f05921cc566651e2c84a4f0222f6b82ec30d656d480ec7fcee8,gx-no-cache=1515763778860 HTTP/1.1" 200 30
186.103.157.246 - - [12/Jan/2018:10:30:17 -0300] "POST /cormun/servlet/solicitudot?gx-no-cache=1515763779141 HTTP/1.1" 200 30
186.103.157.246 - - [12/Jan/2018:10:30:17 -0300] "POST /cormun/servlet/solicitudot?5ace0ba0f11ad9b3c7a9a422c5b4fe7b,INS,0,0,,gx-no-cache=1515763779194 HTTP/1.1" 200 93
186.103.157.246 - - [12/Jan/2018:10:30:17 -0300] "GET /cormun/servlet/hpexe_return? HTTP/1.1" 200 1006
186.103.157.246 - - [12/Jan/2018:10:30:18 -0300] "GET /cormun/servlet/trsolicitudot HTTP/1.1" 200 9895
186.103.161.206 - - [12/Jan/2018:10:30:18 -0300] "GET /cormun/servlet/alicenciaprn?16726003,L,20180112000000,PU HTTP/1.1" 200 1560
186.103.157.246 - - [12/Jan/2018:10:30:18 -0300] "GET /cormun/servlet/trsolicitudot HTTP/1.1" 200 9891
186.103.157.246 - - [12/Jan/2018:10:30:29 -0300] "GET /cormun/servlet/solicitudot?INS,0,0, HTTP/1.1" 200 14050
186.103.157.246 - - [12/Jan/2018:10:30:30 -0300] "GET /cormun/servlet/solicitudot?INS,0,0, HTTP/1.1" 200 14055
186.103.157.246 - - [12/Jan/2018:10:30:33 -0300] "GET /cormun/servlet/prfichaempleado?,MD,,gxPopupLevel%3D0%3B HTTP/1.1" 200 9252
186.103.157.246 - - [12/Jan/2018:10:30:47 -0300] "POST /cormun/servlet/prfichaempleado?5ace0ba0f11ad9b3c7a9a422c5b4fe7b,,MD,,gxPopupLevel%3D0%3B,gx-no-cache=1515763809245 HTTP/1.1" 200 3420
186.103.157.246 - - [12/Jan/2018:10:30:51 -0300] "POST /cormun/servlet/solicitudot?gx-no-cache=1515763812661 HTTP/1.1" 200 3874
186.103.157.246 - - [12/Jan/2018:10:30:51 -0300] "POST /cormun/servlet/solicitudot?5ace0ba0f11ad9b3c7a9a422c5b4fe7b,INS,0,0,,gx-no-cache=1515763812869 HTTP/1.1" 200 11046
186.103.157.246 - - [12/Jan/2018:10:30:51 -0300] "GET /cormun/servlet/solicitudot?9463e2342f044d3f56664d5d2ca5937b9be5462e7733d65c213bf81e952790bf644f46d2f99e3c316b0f0895a706421a,gx-no-cache=1515763813115 HTTP/1.1" 200 30
200.72.197.82 - - [12/Jan/2018:10:30:57 -0300] "POST /cormun/servlet/trcontratosolicitud?f4abb8ec91a851ed239b1634a5cf0a04,,gx-no-cache=1515763817234 HTTP/1.1" 200 8915
186.103.157.246 - - [12/Jan/2018:10:30:57 -0300] "POST /cormun/servlet/solicitudot?gx-no-cache=1515763819372 HTTP/1.1" 200 51
186.103.157.246 - - [12/Jan/2018:10:30:57 -0300] "POST /cormun/servlet/solicitudot?gx-no-cache=1515763819450 HTTP/1.1" 200 255
186.103.157.246 - - [12/Jan/2018:10:30:58 -0300] "GET /cormun/servlet/solicitudot?9463e2342f044d3f56664d5d2ca5937bec90190ccf9a63fbfe2306ec7ef355693770b7511d07ff337c4a10e1f6cd2731c6822d36a838270c852cc3877c7211292caba4cadbcd579309f3604949f344e05fda88232c03a2a05f4c5b23beb072c937db2231dac43fe36666c4ff7b1a47f1134369b1a9c34159d32a8acf9bfabb7165c96bc3278ee5b111d617a3f19b1a040355095975c47e0cc384ba51085f2f981977a379ea41204987def4aeaf8600b4e50554c4c9b3b27a390d400ba3b05c0978d34979d88176d6576be390551f2cabf66d2a4d89c2ba8085fe61318cec134b2841dfd2e133db9963ee81b37ba38e66085484836bd9839c939419bcb742796e68d3c6b292353480b48fb60d4c3df1c55702028a74944e8c65bfc51f27114ccb8098bc3ab531c69565f809b6bf68c488cdecb8f4d2bc091d5e9b0ea6517b1d442f254ca0daf3517cc7fdf43e0839f7b22293da04d7ef123b23a6f5fa6d2ad9e4c0f74b9f63bb36522654d543f8b18bc47e9055fa6b91009a7044247957d7eb9a,gx-no-cache=1515763819527 HTTP/1.1" 200 30
186.103.157.246 - - [12/Jan/2018:10:31:02 -0300] "POST /cormun/servlet/solicitudot?gx-no-cache=1515763824103 HTTP/1.1" 200 30
200.111.122.170 - - [12/Jan/2018:10:31:07 -0300] "POST /cormun/servlet/solicitudot?gx-no-cache=1515763826464 HTTP/1.1" 200 3755
200.111.122.170 - - [12/Jan/2018:10:31:07 -0300] "POST /cormun/servlet/solicitudot?3edd40b704f91451612f51e98fbce10d,INS,0,0,,gx-no-cache=1515763827203 HTTP/1.1" 200 10900
200.111.122.170 - - [12/Jan/2018:10:31:13 -0300] "GET /cormun/servlet/solicitudot?abd1dc4eaf1269338b6be1bcd06860f8eb6e049fb5a9c03adf4b83916420f9f27002e167c8c8a440fc7fde3089fbe091,gx-no-cache=1515763833339 HTTP/1.1" 200 30
186.79.216.115 - - [12/Jan/2018:10:31:29 -0300] "GET /cormun/servlet/trautorizarsolicitud? HTTP/1.1" 200 11774
186.79.216.115 - - [12/Jan/2018:10:31:30 -0300] "GET /cormun/static/trautorizarsolicitud.js?201711142340425 HTTP/1.1" 200 53910
186.79.216.115 - - [12/Jan/2018:10:31:30 -0300] "GET /cormun/static/gxcfg.js?2017111423403364 HTTP/1.1" 200 953
186.79.216.115 - - [12/Jan/2018:10:31:31 -0300] "GET /cormun/servlet/trautorizarsolicitud? HTTP/1.1" 200 11774
186.103.157.246 - - [12/Jan/2018:10:31:46 -0300] "POST /cormun/servlet/solicitudot?gx-no-cache=1515763867731 HTTP/1.1" 200 1357
186.103.157.246 - - [12/Jan/2018:10:31:46 -0300] "POST /cormun/servlet/solicitudot?gx-no-cache=1515763867871 HTTP/1.1" 200 38
186.103.157.246 - - [12/Jan/2018:10:31:58 -0300] "GET /cormun/servlet/solicitudot?9463e2342f044d3f56664d5d2ca5937b7d6e64e5d41690ab55a47bdb92610e9166fade5ae3d7746c344076057db93851927c668f0694bb067079ca918df2681e1f8a0dc87d04f60f09287d283959633f563fd35e872d7f610e34073c5a75df21786de10069b4acde807fe8959471ff1a911cf9f34e452eac45c0f2fc666f886248a2125f06ffb0db1b7c1ec6bc9d7d0fc170f96d2380098d61891a4aa6508304,gx-no-cache=1515763879776 HTTP/1.1" 200 29
186.103.157.246 - - [12/Jan/2018:10:31:58 -0300] "POST /cormun/servlet/solicitudot?gx-no-cache=1515763879831 HTTP/1.1" 200 219
186.103.157.246 - - [12/Jan/2018:10:31:58 -0300] "GET /cormun/servlet/solicitudot?9463e2342f044d3f56664d5d2ca5937b2b28d6b5d06c258ebc8dcf49f87360afa62fcdc4981348498f074c6f649ebbb51f0ace6d19cf1db0802c54803eaa5597b7be4eb0e0247e4700755e37746dd5b4225d36b56f1758901200286dccd2ad7666fade5ae3d7746c344076057db938510e4989f44584b1c90f43345b81f85b81d1990e4a617044ff2f8cabdc76a56c01,gx-no-cache=1515763879895 HTTP/1.1" 200 55
186.103.157.246 - - [12/Jan/2018:10:31:58 -0300] "GET /cormun/static/menuarrow.gif HTTP/1.1" 404 1015
186.103.157.246 - - [12/Jan/2018:10:32:00 -0300] "POST /cormun/servlet/solicitudot?gx-no-cache=1515763882368 HTTP/1.1" 200 217
186.103.157.246 - - [12/Jan/2018:10:32:01 -0300] "GET /cormun/servlet/solicitudot?9463e2342f044d3f56664d5d2ca5937b2b28d6b5d06c258ebc8dcf49f87360afa62fcdc4981348498f074c6f649ebbb51f0ace6d19cf1db0802c54803eaa5597b7be4eb0e0247e4700755e37746dd5b4225d36b56f1758901200286dccd2ad7666fade5ae3d7746c344076057db938510e4989f44584b1c90f43345b81f85b81d1990e4a617044ff2f8cabdc76a56c01,gx-no-cache=1515763882460 HTTP/1.1" 200 55
186.103.157.246 - - [12/Jan/2018:10:32:06 -0300] "GET /cormun/servlet/solicitudot?9463e2342f044d3f56664d5d2ca5937bf3e124d233803f05921cc566651e2c84a4f0222f6b82ec30d656d480ec7fcee8,gx-no-cache=1515763888250 HTTP/1.1" 200 30
186.103.157.246 - - [12/Jan/2018:10:32:17 -0300] "POST /cormun/servlet/solicitudot?gx-no-cache=1515763898696 HTTP/1.1" 200 30
186.103.157.246 - - [12/Jan/2018:10:32:39 -0300] "POST /cormun/servlet/solicitudot?5ace0ba0f11ad9b3c7a9a422c5b4fe7b,INS,0,0,,gx-no-cache=1515763920993 HTTP/1.1" 200 93
186.103.157.246 - - [12/Jan/2018:10:32:39 -0300] "GET /cormun/servlet/hpexe_return? HTTP/1.1" 200 1006
186.103.157.246 - - [12/Jan/2018:10:32:40 -0300] "GET /cormun/servlet/trsolicitudot HTTP/1.1" 200 10248
186.103.157.246 - - [12/Jan/2018:10:32:41 -0300] "GET /cormun/servlet/trsolicitudot HTTP/1.1" 200 10244
186.103.157.246 - - [12/Jan/2018:10:32:46 -0300] "GET /cormun/servlet/solicitudot?INS,0,0, HTTP/1.1" 200 14050
186.103.157.246 - - [12/Jan/2018:10:32:47 -0300] "GET /cormun/servlet/solicitudot?INS,0,0, HTTP/1.1" 200 14055
186.103.157.246 - - [12/Jan/2018:10:32:51 -0300] "GET /cormun/servlet/prfichaempleado?,MD,,gxPopupLevel%3D0%3B HTTP/1.1" 200 9252
186.79.216.115 - - [12/Jan/2018:10:33:04 -0300] "POST /cormun/servlet/trautorizarsolicitud?bee05dd0b39f706c7a813e4216abc28f,,gx-no-cache=1515764485749 HTTP/1.1" 200 8900
186.79.216.115 - - [12/Jan/2018:10:33:18 -0300] "GET /cormun/servlet/hlogin HTTP/1.1" 200 1722
186.103.157.246 - - [12/Jan/2018:10:33:30 -0300] "POST /cormun/servlet/prfichaempleado?5ace0ba0f11ad9b3c7a9a422c5b4fe7b,,MD,,gxPopupLevel%3D0%3B,gx-no-cache=1515763971617 HTTP/1.1" 200 3422
186.79.216.115 - - [12/Jan/2018:10:33:30 -0300] "POST /cormun/servlet/trautorizarsolicitud?bee05dd0b39f706c7a813e4216abc28f,,gx-no-cache=1515764511430 HTTP/1.1" 200 105
186.79.216.115 - - [12/Jan/2018:10:33:30 -0300] "GET /cormun/servlet/trsolicitudadjuntos?2018,9018, HTTP/1.1" 200 6205
186.79.216.115 - - [12/Jan/2018:10:33:30 -0300] "GET /cormun/static/gxcfg.js?20177612135366 HTTP/1.1" 200 953
186.79.216.115 - - [12/Jan/2018:10:33:31 -0300] "GET /cormun/static/trsolicitudadjuntos.js?20177612135632 HTTP/1.1" 200 17922
186.79.216.115 - - [12/Jan/2018:10:33:31 -0300] "GET /cormun/servlet/trsolicitudadjuntos?2018,9018, HTTP/1.1" 200 6205
186.103.157.246 - - [12/Jan/2018:10:33:33 -0300] "POST /cormun/servlet/solicitudot?gx-no-cache=1515763975401 HTTP/1.1" 200 3853
186.103.157.246 - - [12/Jan/2018:10:33:34 -0300] "POST /cormun/servlet/solicitudot?5ace0ba0f11ad9b3c7a9a422c5b4fe7b,INS,0,0,,gx-no-cache=1515763975698 HTTP/1.1" 200 11015
186.103.157.246 - - [12/Jan/2018:10:33:34 -0300] "GET /cormun/servlet/solicitudot?9463e2342f044d3f56664d5d2ca5937bbdae74cb5b9c57be6be08c036076b65e644f46d2f99e3c316b0f0895a706421a,gx-no-cache=1515763975966 HTTP/1.1" 200 30
186.103.161.206 - - [12/Jan/2018:10:33:36 -0300] "GET /cormun/servlet/trlicenciaspermisosadjuntos?16726003,20180112000000,L, HTTP/1.1" 200 6565
186.103.161.206 - - [12/Jan/2018:10:33:36 -0300] "GET /cormun/static/gxcfg.js?20177612163414 HTTP/1.1" 200 953
200.72.197.82 - - [12/Jan/2018:10:33:36 -0300] "GET /cormun/static/trlicenciaspermisosadjuntos.js?20177612163719 HTTP/1.1" 200 21036
200.72.197.82 - - [12/Jan/2018:10:33:37 -0300] "GET /cormun/servlet/trlicenciaspermisosadjuntos?16726003,20180112000000,L, HTTP/1.1" 200 6566
186.79.216.115 - - [12/Jan/2018:10:33:38 -0300] "GET /cormun/servlet/trautorizarsolicitud? HTTP/1.1" 200 11774
186.79.216.115 - - [12/Jan/2018:10:33:39 -0300] "GET /cormun/servlet/trautorizarsolicitud? HTTP/1.1" 200 11774
186.103.157.246 - - [12/Jan/2018:10:33:39 -0300] "POST /cormun/servlet/solicitudot?gx-no-cache=1515763981173 HTTP/1.1" 200 51
186.103.157.246 - - [12/Jan/2018:10:33:39 -0300] "POST /cormun/servlet/solicitudot?gx-no-cache=1515763981259 HTTP/1.1" 200 255
186.103.157.246 - - [12/Jan/2018:10:33:40 -0300] "GET /cormun/servlet/solicitudot?9463e2342f044d3f56664d5d2ca5937bec90190ccf9a63fbfe2306ec7ef355693770b7511d07ff337c4a10e1f6cd2731c6822d36a838270c852cc3877c7211292caba4cadbcd579309f3604949f344e05fda88232c03a2a05f4c5b23beb072c937db2231dac43fe36666c4ff7b1a47f1134369b1a9c34159d32a8acf9bfabb7165c96bc3278ee5b111d617a3f19b1a040355095975c47e0cc384ba51085f2f981977a379ea41204987def4aeaf8600b4e50554c4c9b3b27a390d400ba3b05c0978d34979d88176d6576be390551f2cabf66d2a4d89c2ba8085fe61318cec134b2841dfd2e133db9963ee81b37ba38e66085484836bd9839c939419bcb742796e68d3c6b292353480b48fb60d4c3df1c55702028a74944e8c65bfc51f27114ccb8098bc3ab531c69565f809b6bf68c488cdecb8f4d2bc091d5e9b0ea6517b1d442f254ca0daf3517cc7fdf43e0839f7b22293da04d7ef123b23a6f5fa6d2ad9e4c0f74b9f63bb36522654d543f8b18bc47e9055fa6b91009a7044247957d7eb9a,gx-no-cache=1515763981375 HTTP/1.1" 200 30
186.103.157.246 - - [12/Jan/2018:10:33:44 -0300] "POST /cormun/servlet/solicitudot?gx-no-cache=1515763985971 HTTP/1.1" 200 30
186.79.216.115 - - [12/Jan/2018:10:33:47 -0300] "POST /cormun/servlet/hlogin?b6693bf7fd6c2756730dcf0bb1f9a048,gx-no-cache=1515760392859 HTTP/1.1" 200 90
186.79.216.115 - - [12/Jan/2018:10:33:47 -0300] "GET /cormun/servlet/hpexe_link HTTP/1.1" 200 949
186.79.216.115 - - [12/Jan/2018:10:33:47 -0300] "GET /cormun/servlet/hhome HTTP/1.1" 200 3970
186.79.216.115 - - [12/Jan/2018:10:33:48 -0300] "GET /cormun/servlet/hhome HTTP/1.1" 200 3967
186.79.216.115 - - [12/Jan/2018:10:33:51 -0300] "GET /cormun/servlet/trlicencias? HTTP/1.1" 200 8387
186.79.216.115 - - [12/Jan/2018:10:33:51 -0300] "GET /cormun/static/gxcfg.js?20176272054169 HTTP/1.1" 200 953
186.79.216.115 - - [12/Jan/2018:10:33:51 -0300] "GET /cormun/static/Resources/PXTools/calendar.png HTTP/1.1" 200 1306
186.79.216.115 - - [12/Jan/2018:10:33:51 -0300] "GET /cormun/static/Resources/Spanish/PXTools.css?17315867 HTTP/1.1" 200 89042
186.79.216.115 - - [12/Jan/2018:10:33:51 -0300] "GET /cormun/static/Resources/PXToolsActionExcel.png HTTP/1.1" 200 3187
186.79.216.115 - - [12/Jan/2018:10:33:51 -0300] "GET /cormun/static/Resources/PXToolsGridNew.png HTTP/1.1" 200 2949
186.79.216.115 - - [12/Jan/2018:10:33:51 -0300] "GET /cormun//static/Resources/PXToolsGridDisplay.png HTTP/1.1" 200 362
186.79.216.115 - - [12/Jan/2018:10:33:51 -0300] "GET /cormun//static/Resources/PXTools/ActionInsert.png HTTP/1.1" 200 1482
186.79.216.115 - - [12/Jan/2018:10:33:51 -0300] "GET /cormun//static/Resources/PXToolsActionPrint.png HTTP/1.1" 200 3317
186.79.216.115 - - [12/Jan/2018:10:33:51 -0300] "GET /cormun//static/Resources/PXToolsHeaderHelp.png HTTP/1.1" 200 4055
186.79.216.115 - - [12/Jan/2018:10:33:51 -0300] "GET /cormun//static/Resources/PXToolsHeaderFavorites.png HTTP/1.1" 200 2744
186.79.216.115 - - [12/Jan/2018:10:33:51 -0300] "GET /cormun/servlet/trlicencias? HTTP/1.1" 200 8384
200.72.197.82 - - [12/Jan/2018:10:33:54 -0300] "GET /cormun/servlet/licenciaspermisosadjuntos?INS,16726003,L,20180112000000,, HTTP/1.1" 200 5865
200.72.197.82 - - [12/Jan/2018:10:33:54 -0300] "GET /cormun/static/gxcfg.js?2017761263592 HTTP/1.1" 200 953
186.103.161.206 - - [12/Jan/2018:10:33:54 -0300] "GET /cormun/static/licenciaspermisosadjuntos.js?201776126362 HTTP/1.1" 200 8760
186.103.161.206 - - [12/Jan/2018:10:33:54 -0300] "GET /cormun/static/about:blank HTTP/1.1" 404 1011
186.103.161.206 - - [12/Jan/2018:10:33:54 -0300] "GET /cormun/servlet/licenciaspermisosadjuntos?INS,16726003,L,20180112000000,, HTTP/1.1" 200 5854
186.103.157.246 - - [12/Jan/2018:10:34:15 -0300] "POST /cormun/servlet/solicitudot?gx-no-cache=1515764016941 HTTP/1.1" 200 1357
186.103.157.246 - - [12/Jan/2018:10:34:15 -0300] "POST /cormun/servlet/solicitudot?gx-no-cache=1515764017070 HTTP/1.1" 200 38
186.79.216.115 - - [12/Jan/2018:10:34:16 -0300] "GET /cormun/servlet/trvisualizadoreventos? HTTP/1.1" 200 6940
186.79.216.115 - - [12/Jan/2018:10:34:16 -0300] "GET /cormun/servlet/trvisualizadoreventos? HTTP/1.1" 200 6939
186.103.157.246 - - [12/Jan/2018:10:34:24 -0300] "GET /cormun/servlet/solicitudot?9463e2342f044d3f56664d5d2ca5937b7d6e64e5d41690ab55a47bdb92610e9166fade5ae3d7746c344076057db93851927c668f0694bb067079ca918df2681e1f8a0dc87d04f60f09287d283959633f563fd35e872d7f610e34073c5a75df21786de10069b4acde807fe8959471ff1a911cf9f34e452eac45c0f2fc666f886248a2125f06ffb0db1b7c1ec6bc9d7d0fc170f96d2380098d61891a4aa6508304,gx-no-cache=1515764025824 HTTP/1.1" 200 29
186.79.216.115 - - [12/Jan/2018:10:34:24 -0300] "GET /cormun/servlet/hlogin HTTP/1.1" 200 1736
186.103.157.246 - - [12/Jan/2018:10:34:24 -0300] "POST /cormun/servlet/solicitudot?gx-no-cache=1515764025863 HTTP/1.1" 200 220
186.103.157.246 - - [12/Jan/2018:10:34:24 -0300] "GET /cormun/servlet/solicitudot?9463e2342f044d3f56664d5d2ca5937b2b28d6b5d06c258ebc8dcf49f87360afa62fcdc4981348498f074c6f649ebbb51f0ace6d19cf1db0802c54803eaa5597b7be4eb0e0247e4700755e37746dd5b4225d36b56f1758901200286dccd2ad7666fade5ae3d7746c344076057db938510e4989f44584b1c90f43345b81f85b81d1990e4a617044ff2f8cabdc76a56c01,gx-no-cache=1515764025904 HTTP/1.1" 200 55
186.103.157.246 - - [12/Jan/2018:10:34:24 -0300] "GET /cormun/static/menuarrow.gif HTTP/1.1" 404 1015
186.103.161.206 - - [12/Jan/2018:10:34:26 -0300] "POST /cormun/servlet/licenciaspermisosadjuntos?0f9ba6332379fa0b3041a64654edf8ae,INS,16726003,L,20180112000000,, HTTP/1.1" 200 116
186.103.161.206 - - [12/Jan/2018:10:34:26 -0300] "GET /cormun/servlet/hpexe_return? HTTP/1.1" 200 1036
186.103.161.206 - - [12/Jan/2018:10:34:26 -0300] "GET /cormun/servlet/trlicenciaspermisosadjuntos?16726003,20180112000000,L, HTTP/1.1" 200 7064
186.103.157.246 - - [12/Jan/2018:10:34:26 -0300] "POST /cormun/servlet/solicitudot?gx-no-cache=1515764028378 HTTP/1.1" 200 217
186.103.157.246 - - [12/Jan/2018:10:34:27 -0300] "GET /cormun/servlet/solicitudot?9463e2342f044d3f56664d5d2ca5937b2b28d6b5d06c258ebc8dcf49f87360afa62fcdc4981348498f074c6f649ebbb51f0ace6d19cf1db0802c54803eaa5597b7be4eb0e0247e4700755e37746dd5b4225d36b56f1758901200286dccd2ad7666fade5ae3d7746c344076057db938510e4989f44584b1c90f43345b81f85b81d1990e4a617044ff2f8cabdc76a56c01,gx-no-cache=1515764028462 HTTP/1.1" 200 55
186.103.161.206 - - [12/Jan/2018:10:34:27 -0300] "GET /cormun/servlet/trlicenciaspermisosadjuntos?16726003,20180112000000,L, HTTP/1.1" 200 7061
186.103.157.246 - - [12/Jan/2018:10:34:30 -0300] "GET /cormun/servlet/solicitudot?9463e2342f044d3f56664d5d2ca5937bf3e124d233803f05921cc566651e2c84a4f0222f6b82ec30d656d480ec7fcee8,gx-no-cache=1515764032419 HTTP/1.1" 200 30
200.111.122.170 - - [12/Jan/2018:10:34:32 -0300] "GET /cormun/PublicTempStorage/lic.enero.ignacio6679178.jpeg HTTP/1.1" 200 2308320
186.103.157.246 - - [12/Jan/2018:10:34:43 -0300] "POST /cormun/servlet/solicitudot?gx-no-cache=1515764044612 HTTP/1.1" 200 33
186.79.216.115 - - [12/Jan/2018:10:34:44 -0300] "GET /cormun/servlet/trcontratosolicitud? HTTP/1.1" 200 10548
186.79.216.115 - - [12/Jan/2018:10:34:45 -0300] "GET /cormun/servlet/trcontratosolicitud? HTTP/1.1" 200 10544
200.111.122.170 - - [12/Jan/2018:10:34:47 -0300] "GET /cormun/servlet/trlicencias? HTTP/1.1" 200 9928
200.111.122.170 - - [12/Jan/2018:10:34:47 -0300] "GET /cormun/servlet/trlicencias? HTTP/1.1" 200 9927
200.111.122.170 - - [12/Jan/2018:10:34:55 -0300] "POST /cormun/servlet/trlicencias?0f9ba6332379fa0b3041a64654edf8ae,,gx-no-cache=1515764054552 HTTP/1.1" 200 7221
200.111.122.170 - - [12/Jan/2018:10:34:55 -0300] "GET /cormun/static/Shared/jqueryui/images/ui-bg_highlight-soft_100_c6c2c8_1x100.png HTTP/1.1" 404 1117
200.111.122.170 - - [12/Jan/2018:10:34:55 -0300] "GET /cormun/static/Shared/jqueryui/images/ui-icons_82798d_256x240.png HTTP/1.1" 404 1089
200.111.122.170 - - [12/Jan/2018:10:34:55 -0300] "GET /cormun/static/Shared/jqueryui/images/ui-bg_flat_55_fafafa_40x100.png HTTP/1.1" 404 1097
200.111.122.170 - - [12/Jan/2018:10:34:55 -0300] "GET /cormun/static/Shared/jqueryui/images/ui-icons_8d78a5_256x240.png HTTP/1.1" 404 1089
186.79.216.115 - - [12/Jan/2018:10:35:01 -0300] "POST /cormun/servlet/trcontratosolicitud?bee05dd0b39f706c7a813e4216abc28f,,gx-no-cache=1515764601876 HTTP/1.1" 200 6529
186.79.216.115 - - [12/Jan/2018:10:35:12 -0300] "POST /cormun/servlet/trcontratosolicitud?bee05dd0b39f706c7a813e4216abc28f,,gx-no-cache=1515764613844 HTTP/1.1" 200 5273
186.103.157.246 - - [12/Jan/2018:10:35:13 -0300] "POST /cormun/servlet/solicitudot?5ace0ba0f11ad9b3c7a9a422c5b4fe7b,INS,0,0,,gx-no-cache=1515764074630 HTTP/1.1" 200 93
186.103.157.246 - - [12/Jan/2018:10:35:13 -0300] "GET /cormun/servlet/hpexe_return? HTTP/1.1" 200 1006
186.103.157.246 - - [12/Jan/2018:10:35:13 -0300] "GET /cormun/servlet/trsolicitudot HTTP/1.1" 200 10644
186.103.157.246 - - [12/Jan/2018:10:35:14 -0300] "GET /cormun/servlet/trsolicitudot HTTP/1.1" 200 10639
186.103.157.246 - - [12/Jan/2018:10:36:01 -0300] "GET /cormun/servlet/trautorizarsolicitud? HTTP/1.1" 200 7228
186.103.157.246 - - [12/Jan/2018:10:36:01 -0300] "GET /cormun/static/gxcfg.js?2017111423403364 HTTP/1.1" 200 953
186.103.157.246 - - [12/Jan/2018:10:36:01 -0300] "GET /cormun/static/trautorizarsolicitud.js?201711142340425 HTTP/1.1" 200 53910
186.103.157.246 - - [12/Jan/2018:10:36:01 -0300] "GET /cormun/servlet/trautorizarsolicitud? HTTP/1.1" 200 7227
186.79.216.115 - - [12/Jan/2018:10:36:17 -0300] "GET /cormun/servlet/trhorasextras? HTTP/1.1" 200 7563
186.79.216.115 - - [12/Jan/2018:10:36:17 -0300] "GET /cormun/static/gxcfg.js?2017112014165216 HTTP/1.1" 200 953
186.79.216.115 - - [12/Jan/2018:10:36:17 -0300] "GET /cormun/static/trhorasextras.js?2017112014165786 HTTP/1.1" 200 35129
186.79.216.115 - - [12/Jan/2018:10:36:17 -0300] "GET /cormun/static/Resources/PXToolsAddAllStandardAction.png HTTP/1.1" 200 628
186.79.216.115 - - [12/Jan/2018:10:36:17 -0300] "GET /cormun/static/Resources/PXToolsRemoveAllStandardAction.png HTTP/1.1" 200 495
186.79.216.115 - - [12/Jan/2018:10:36:18 -0300] "GET /cormun/servlet/trhorasextras? HTTP/1.1" 200 7562
186.79.216.115 - - [12/Jan/2018:10:36:18 -0300] "POST /cormun/servlet/acontrolpreferencessavestate?None,HPINTO,true HTTP/1.1" 200 35
186.79.216.115 - - [12/Jan/2018:10:36:34 -0300] "GET /cormun/Manuales/ManualSolicitud.pdf HTTP/1.1" 200 850295
186.79.216.115 - - [12/Jan/2018:10:37:54 -0300] "GET /cormun/servlet/trhorasextras? HTTP/1.1" 200 7568
186.79.216.115 - - [12/Jan/2018:10:37:54 -0300] "GET /cormun/servlet/trhorasextras? HTTP/1.1" 200 7567
186.79.216.115 - - [12/Jan/2018:10:37:58 -0300] "GET /cormun/servlet/trcontratosolicitud? HTTP/1.1" 200 7781
186.79.216.115 - - [12/Jan/2018:10:37:59 -0300] "GET /cormun/servlet/trcontratosolicitud? HTTP/1.1" 200 7781
186.79.216.115 - - [12/Jan/2018:10:38:14 -0300] "GET /cormun/servlet/trvisualizadoreventos? HTTP/1.1" 200 6947
186.79.216.115 - - [12/Jan/2018:10:38:14 -0300] "GET /cormun/servlet/trvisualizadoreventos? HTTP/1.1" 200 6946
186.79.216.115 - - [12/Jan/2018:10:38:16 -0300] "GET /cormun/servlet/trfichaempleado? HTTP/1.1" 200 13398
186.79.216.115 - - [12/Jan/2018:10:38:18 -0300] "GET /cormun/servlet/trfichaempleado? HTTP/1.1" 200 13398
186.79.216.115 - - [12/Jan/2018:10:38:21 -0300] "GET /cormun/servlet/trautorizarsolicitud? HTTP/1.1" 200 11790
186.79.216.115 - - [12/Jan/2018:10:38:21 -0300] "GET /cormun/servlet/trautorizarsolicitud? HTTP/1.1" 200 11790
186.79.216.115 - - [12/Jan/2018:10:39:46 -0300] "POST /cormun/servlet/trautorizarsolicitud?bee05dd0b39f706c7a813e4216abc28f,,gx-no-cache=1515764886730 HTTP/1.1" 200 8910
186.79.216.115 - - [12/Jan/2018:10:39:56 -0300] "GET /cormun/static/menuarrow.gif HTTP/1.1" 404 1015
186.79.216.115 - - [12/Jan/2018:10:40:30 -0300] "POST /cormun/servlet/trautorizarsolicitud?bee05dd0b39f706c7a813e4216abc28f,,gx-no-cache=1515764930554 HTTP/1.1" 200 8906
186.79.216.115 - - [12/Jan/2018:10:40:42 -0300] "GET /cormun/servlet/trcontratosolicitud? HTTP/1.1" 200 7782
