186.103.159.188 - - [12/Jan/2018:12:10:01 -0300] "GET /cormun/servlet/solicitudotcontratos?783b1d8334272e2879af472df30a5888548c8f1800cabca5c1e7b9b61a1853200fa2eae697ff899b4a82a5b458008a29,gx-no-cache=1515769762897 HTTP/1.1" 200 30
186.103.159.188 - - [12/Jan/2018:12:10:01 -0300] "GET /cormun/servlet/solicitudotcontratos?783b1d8334272e2879af472df30a588893d2dd46ab428f0af4a8f15bebfa07d1a291899cc48522d5376c40ef62eb76075f76266556e94f88e338f6b2476a4d21088db8dc51d66c026c6cb753ff14d16b5851f1c7c8dbf3b668d1615e0e5a3f837f3efdd79d75a94ee699f5b62d029f1561c4d55e4e3b237ab166c507a7ade209,gx-no-cache=1515769762930 HTTP/1.1" 200 50
186.103.159.188 - - [12/Jan/2018:12:10:01 -0300] "GET /cormun/servlet/solicitudotcontratos?783b1d8334272e2879af472df30a58886dddfd6086d403ae00a323cd900f42b05da8603e32ea345df2285e6a17c7ab1b,gx-no-cache=1515769762970 HTTP/1.1" 200 30
186.103.159.188 - - [12/Jan/2018:12:10:01 -0300] "GET /cormun/servlet/solicitudotcontratos?783b1d8334272e2879af472df30a58885e4f37a5ae3c094854174f532d4adaf9dc5cb6de7c911f6c44e01e0b56d6dde005050ff3da2be1704b66c7bf9c2306adf7cc8424d4abd1e42c16bc6c109038e9ac332670eb1432af9a3021a999d2f0329a9fd1c060870d7cfa59feea54649e80,gx-no-cache=1515769763003 HTTP/1.1" 200 30
186.103.159.188 - - [12/Jan/2018:12:10:01 -0300] "GET /cormun/servlet/solicitudotcontratos?783b1d8334272e2879af472df30a588820a493459571ac826d18d8ff1816815917f740617cf1481a03a83f27d03736dcc75f82cec2a63aebccbcff728a8ab8b705050ff3da2be1704b66c7bf9c2306ad1e08ec682dc31968184fff9c341f085ffbc2c0661d5172129279d960db346d187643e2ccf5910f6b88537ed484f8fbf3aa17c67d49ddda0d55e8aab9734981e46b67a1da00e0fffd56729f9a5a7fce0ec75f82cec2a63aebccbcff728a8ab8b7398a8dd5babf2d7fc20df5e1daf4e07cab1e3496ff902cd42806521f39cdd3f828e1fdeff348ee2fc2abf9d49ba0e336583b768813b3fd43f5fb40b8a2419147ccad713d9c28f8ef942b4102d060426c6f086083d7bc7ba4d88bd2854562d53b1e1e0310f1503c5ab36b9b25e320b3472987b1d3aae3963ed9f4b68b96599611c1f77d25ca728d74b2708b662fe48350f4660072ed7652f9186d4a0eb9dbdd9b0b8e3d1bf345e2a017a9952e52144cf3df19c2e8bef925b1e1299b66a88d7934ee02f44946ec2914e96380959ad2023fb2c582aece1e2c20ff7ad0b3b5d371006c46aac50b2e7d8282e55e6e148f5e23d79cbe78b4eebc6ba0a4af5a2ab7c3153b85381931a2f6593a55ac6d270dd2caad3a48748c078b32c74aca4549b9642c1f058a42bb7094a6e37bf84d43e2f4f03b04f697cf4a4c9afcd95c837c0a6a949b9c2cae56f90e542f0b7d03faeb89040d4748e7203bf1c60bf57a0a986747d2ed16d3d94a46fcd31f79cec65497129bdbebbdf1687a4fadde8255036f724853f8996781bb1dd8a19967e68c0eaae2a2,gx-no-cache=1515769763043 HTTP/1.1" 200 79
190.46.88.54 - - [12/Jan/2018:12:10:04 -0300] "POST /cormun/servlet/solicitudot?gx-no-cache=1515769763942 HTTP/1.1" 200 1353
190.46.88.54 - - [12/Jan/2018:12:10:04 -0300] "POST /cormun/servlet/solicitudot?gx-no-cache=1515769764089 HTTP/1.1" 200 38
200.72.197.82 - - [12/Jan/2018:12:10:05 -0300] "GET /cormun/servlet/solicitudotadjuntos?INS,2018,9047,,1, HTTP/1.1" 200 6231
200.111.122.170 - - [12/Jan/2018:12:10:05 -0300] "GET /cormun/static/about:blank HTTP/1.1" 404 1011
192.168.10.135 - - [12/Jan/2018:12:10:05 -0300] "POST /cormun/servlet/hlogin?e6631dbfa6d09b42fccbd3854f8a9f84,gx-no-cache=1515769765688 HTTP/1.1" 200 90
192.168.10.135 - - [12/Jan/2018:12:10:05 -0300] "GET /cormun/servlet/hpexe_link HTTP/1.1" 200 948
192.168.10.135 - - [12/Jan/2018:12:10:05 -0300] "GET /cormun/servlet/hhome HTTP/1.1" 200 4773
200.72.197.82 - - [12/Jan/2018:12:10:06 -0300] "GET /cormun/servlet/solicitudotadjuntos?INS,2018,9047,,1, HTTP/1.1" 200 6224
200.111.122.170 - - [12/Jan/2018:12:10:06 -0300] "GET /cormun/servlet/solicitudotadjuntos?cce3db5fa62a1a03e7e78a4aaec1161a4e27cd50c3b8b00b39ed26d09d38a795508e54663a46139113ad80d0f173409b,gx-no-cache=1515769766564 HTTP/1.1" 200 30
200.111.122.170 - - [12/Jan/2018:12:10:06 -0300] "POST /cormun/servlet/solicitudotadjuntos?b5b93c87cfd765cd9237f2f76b4133f5,INS,2018,9047,,1,,gx-no-cache=1515769766641 HTTP/1.1" 200 4010
200.111.122.170 - - [12/Jan/2018:12:10:09 -0300] "POST /cormun/servlet/solicitudotadjuntos?gx-no-cache=1515769768977 HTTP/1.1" 200 26
186.79.216.115 - - [12/Jan/2018:12:10:13 -0300] "GET /cormun/servlet/solicitudotcontratos?INS,2018,0,9154169,6,6,2017,3454,LEY+SEP,201712,10,M, HTTP/1.1" 200 9879
186.79.216.115 - - [12/Jan/2018:12:10:14 -0300] "GET /cormun/servlet/solicitudotcontratos?INS,2018,0,9154169,6,6,2017,3454,LEY+SEP,201712,10,M, HTTP/1.1" 200 9914
186.79.216.115 - - [12/Jan/2018:12:10:15 -0300] "GET /cormun/servlet/solicitudotcontratos?8fe6dd90cdb68aad720367db0175385eba17659e45f5a511dffe530efb9d1be9231784c3d9a4a3aadd2e7aa4ffcfb079,gx-no-cache=1515766180118 HTTP/1.1" 200 30
186.79.216.115 - - [12/Jan/2018:12:10:15 -0300] "GET /cormun/servlet/solicitudotcontratos?8fe6dd90cdb68aad720367db0175385eb6f9d2a4facf21eb5c3aa1ca523ad75a7ef061c48f4b7b0772b7d829d25d5cf2,gx-no-cache=1515766180282 HTTP/1.1" 200 30
186.79.216.115 - - [12/Jan/2018:12:10:15 -0300] "GET /cormun/servlet/solicitudotcontratos?8fe6dd90cdb68aad720367db0175385e3a5b95af2144bb1c07b0d315eb0656e0f8280026a897af60dc8f657c110873323ef2827a5550f9ee107f570a25c114e303daf6249842ec4e071eee29e42a9a8175056db4935aadca1dba44748d271a811709763db08a87e724217b60517dc005b7d710585f03efe470be80efd49f9cdd,gx-no-cache=1515766180384 HTTP/1.1" 200 50
186.79.216.115 - - [12/Jan/2018:12:10:15 -0300] "GET /cormun/servlet/solicitudotcontratos?8fe6dd90cdb68aad720367db0175385ecfc15f84860ae8943df32ab7a55b089c06689c37566f7da38f46dd46ad68c91a,gx-no-cache=1515766180497 HTTP/1.1" 200 30
186.79.216.115 - - [12/Jan/2018:12:10:15 -0300] "GET /cormun/servlet/solicitudotcontratos?8fe6dd90cdb68aad720367db0175385e5d1f6d2565e5ddd5437665117226dd26d2637106ea1bcc70e4a5e6a4c0925e284a6579b791617ee9e12d23b039a17a9e65a96119c00f6ec54b538654737787987c6eae28de5384e12cf2cc3ec410debff2c976469abd0037f9401a9be22d9832,gx-no-cache=1515766180574 HTTP/1.1" 200 30
200.72.197.82 - - [12/Jan/2018:12:10:15 -0300] "GET /cormun/servlet/solicitudotadjuntos?cce3db5fa62a1a03e7e78a4aaec1161a329bf12b109334184db703b09c5b1700,gx-no-cache=1515769775433 HTTP/1.1" 200 30
200.72.197.82 - - [12/Jan/2018:12:10:15 -0300] "GET /cormun/servlet/solicitudotadjuntos?cce3db5fa62a1a03e7e78a4aaec1161a329bf12b109334184db703b09c5b1700,gx-no-cache=1515769775575 HTTP/1.1" 200 30
186.79.216.115 - - [12/Jan/2018:12:10:15 -0300] "GET /cormun/servlet/solicitudotcontratos?8fe6dd90cdb68aad720367db0175385e89268d9bdc0d156192c28ebf7e191c68193d1aa48f0c82885f3538d84232a59dd7ac3ecce4a6e02ce29773286c562e6d4a6579b791617ee9e12d23b039a17a9e5919ff0847bf33896dcbf1ba454a47cec7f22750a273bd87e94ae98658e6ba6d29468a975775ea6c92a2e55e7dada4750cb52f7b7799ab050cc890026f5ec0e6efaa90f7d319c5a4b773d218dde82d72d7ac3ecce4a6e02ce29773286c562e6d6325bc4327614714fda982659abc19897fec98f450e89da729c7fe8d10d5d266c0bacb9b75b506020b4c3f54e8382f1fc9fe8978a913923769f1a182add11a737e539ab2c0ca675660e60d0fe76942aee5fbde2f91748876c877e282f5f23bf76e3395112513fb1b4f7cf2715e8bfaecef8c9af232bd499475fd6d3af9ee815dabd12d8146dc7eb4e1335beb797fa34e32b51062e4f168ad915fff7533ff723afcc497c988f329c35beb08273256a8efb1f028ff2e4056a8ff7c9fb2bb3e5f0477c8f41b3c81606038e99fe58c542b843b48cd0a4798fc22ba2276b71860c9cb10430fee71c5682df694df9c5137b29d28352784a3e425e02db8b61eed22e3669d8548d107f951afb3e1ae837736e972378921e0a834f9b3fbf48a767e23e9b5a9e77491c6571c2d14dd1291359bd7a43359339454c2889e4ad1a9622172bd1cc77f1268c6e87d6d724034a4e03bb4321bc4312e604c34d92d8aeb52eb8eb52bd5f052bd69d3817ff5237a79c73bf792417010e07d59310c690ed8eb0e80b0194c59367b4419f99f4f3a298de7de7b6c,gx-no-cache=1515766180681 HTTP/1.1" 200 79
200.72.197.82 - - [12/Jan/2018:12:10:16 -0300] "POST /cormun/servlet/solicitudotadjuntos?b5b93c87cfd765cd9237f2f76b4133f5,INS,2018,9047,,1, HTTP/1.1" 200 116
200.72.197.82 - - [12/Jan/2018:12:10:17 -0300] "GET /cormun/servlet/hpexe_return? HTTP/1.1" 200 1022
190.46.88.54 - - [12/Jan/2018:12:10:17 -0300] "GET /cormun/servlet/solicitudot?29dbdbe8bd5f5228497aa336c9aa499a13fa67901f21847175f2545a7295b05601f68db9145be2dd99da65ef9e44896f92f6abe42c3edab75e24097c074b1495c2669de907a638376f46db896fde655ac95b92161f8332d222899d211d404ae4d1dac31a734f74aad7aac1bb256eea51,gx-no-cache=1515769777579 HTTP/1.1" 200 29
200.72.197.82 - - [12/Jan/2018:12:10:17 -0300] "GET /cormun/servlet/trsolicitudadjuntos?2018,9047, HTTP/1.1" 200 9597
190.46.88.54 - - [12/Jan/2018:12:10:17 -0300] "POST /cormun/servlet/solicitudot?gx-no-cache=1515769777681 HTTP/1.1" 200 219
190.46.88.54 - - [12/Jan/2018:12:10:17 -0300] "GET /cormun/servlet/solicitudot?29dbdbe8bd5f5228497aa336c9aa499abe20e77653283aea7715a288f1526af305c9cdbf38ab9ca5e361568790e62034a5082d5c9f8ae4e9a025c79766dcb5b6b8166dfd27dcd54f0c35a7c203fcb1ad5d71d1959d7b44942a4c806c5793069701f68db9145be2dd99da65ef9e44896fb4e8cb325450e15948e57872f4816c1c4c7b8ffec7a6a9ca0598cf8f981ec01e,gx-no-cache=1515769777794 HTTP/1.1" 200 55
190.46.88.54 - - [12/Jan/2018:12:10:17 -0300] "GET /cormun/static/menuarrow.gif HTTP/1.1" 404 1015
200.72.197.82 - - [12/Jan/2018:12:10:18 -0300] "GET /cormun/servlet/trsolicitudadjuntos?2018,9047, HTTP/1.1" 200 9591
190.46.88.54 - - [12/Jan/2018:12:10:19 -0300] "POST /cormun/servlet/solicitudot?gx-no-cache=1515769779168 HTTP/1.1" 200 217
190.46.88.54 - - [12/Jan/2018:12:10:19 -0300] "GET /cormun/servlet/solicitudot?29dbdbe8bd5f5228497aa336c9aa499abe20e77653283aea7715a288f1526af305c9cdbf38ab9ca5e361568790e62034a5082d5c9f8ae4e9a025c79766dcb5b6b8166dfd27dcd54f0c35a7c203fcb1ad5d71d1959d7b44942a4c806c5793069701f68db9145be2dd99da65ef9e44896fb4e8cb325450e15948e57872f4816c1c4c7b8ffec7a6a9ca0598cf8f981ec01e,gx-no-cache=1515769779226 HTTP/1.1" 200 55
186.79.216.115 - - [12/Jan/2018:12:10:20 -0300] "POST /cormun/servlet/solicitudotcontratos?ee414147d61f3ed4a2639706a218bc83,INS,2018,0,9154169,6,6,2017,3454,LEY+SEP,201712,10,M,,gx-no-cache=1515766185057 HTTP/1.1" 200 93
186.79.216.115 - - [12/Jan/2018:12:10:20 -0300] "GET /cormun/servlet/hpexe_return? HTTP/1.1" 200 1056
186.79.216.115 - - [12/Jan/2018:12:10:20 -0300] "GET /cormun/servlet/trcontratosolicitud HTTP/1.1" 200 14687
186.79.216.115 - - [12/Jan/2018:12:10:21 -0300] "GET /cormun/servlet/trcontratosolicitud HTTP/1.1" 200 14669
200.86.95.220 - - [12/Jan/2018:12:10:24 -0300] "GET /cormun/servlet/hpexe_return? HTTP/1.1" 200 985
200.86.95.220 - - [12/Jan/2018:12:10:25 -0300] "GET /cormun/servlet/hhome HTTP/1.1" 200 3391
190.46.88.54 - - [12/Jan/2018:12:10:26 -0300] "GET /cormun/servlet/solicitudot?29dbdbe8bd5f5228497aa336c9aa499a4390b4f36284ac7ebb0b41b67df0452c729ae7a79d65a8336b3c67e1e90804eb,gx-no-cache=1515769786014 HTTP/1.1" 200 30
200.86.95.220 - - [12/Jan/2018:12:10:26 -0300] "GET /cormun/servlet/hhome HTTP/1.1" 200 3387
200.86.95.220 - - [12/Jan/2018:12:10:26 -0300] "GET /cormun/servlet/hlogin HTTP/1.1" 200 1734
186.103.161.206 - - [12/Jan/2018:12:10:29 -0300] "GET /cormun/servlet/solicitudotadjuntos?INS,2018,9047,,2, HTTP/1.1" 200 6229
190.161.236.41 - - [12/Jan/2018:12:10:29 -0300] "POST /cormun/servlet/solicitudotcontratos?11192e81d6576678c249945b0848a48c,INS,2018,0,9306371,6,6,2017,1887,LEY+SEP,201712,6,B,,gx-no-cache=1515769790696 HTTP/1.1" 200 10806
190.161.236.41 - - [12/Jan/2018:12:10:29 -0300] "POST /cormun/servlet/solicitudotcontratos?gx-no-cache=1515769791125 HTTP/1.1" 200 1342
190.161.236.41 - - [12/Jan/2018:12:10:29 -0300] "POST /cormun/servlet/solicitudotcontratos?gx-no-cache=1515769791235 HTTP/1.1" 200 1221
190.161.236.41 - - [12/Jan/2018:12:10:29 -0300] "GET /cormun/servlet/solicitudotcontratos?783b1d8334272e2879af472df30a5888c62f0b7aa4b22ef63e8168fe2403a7e07dc16790c6d84edb4b4f56665125b7fc8ffe5f7424ecfe8b4e5fb39e805aa85545d93e549a6101b75af080532e898eb57a9c423332c98da7136436eb75d8e8789e70888582555a3640377c6150078508de8d0f3f92cbc243ee28084429f913f8,gx-no-cache=1515769791333 HTTP/1.1" 200 30
186.103.161.206 - - [12/Jan/2018:12:10:29 -0300] "GET /cormun/static/about:blank HTTP/1.1" 404 1011
186.103.132.155 - - [12/Jan/2018:12:10:30 -0300] "GET /cormun/servlet/solicitudotadjuntos?INS,2018,9047,,2, HTTP/1.1" 200 6222
190.161.236.41 - - [12/Jan/2018:12:10:30 -0300] "POST /cormun/servlet/solicitudotcontratos?11192e81d6576678c249945b0848a48c,INS,2018,0,9306371,6,6,2017,1887,LEY+SEP,201712,6,B,,gx-no-cache=1515769791425 HTTP/1.1" 200 93
190.161.236.41 - - [12/Jan/2018:12:10:30 -0300] "GET /cormun/servlet/hpexe_return? HTTP/1.1" 200 1057
186.103.161.206 - - [12/Jan/2018:12:10:30 -0300] "GET /cormun/servlet/solicitudotadjuntos?cce3db5fa62a1a03e7e78a4aaec1161a4e27cd50c3b8b00b39ed26d09d38a795508e54663a46139113ad80d0f173409b,gx-no-cache=1515769790226 HTTP/1.1" 200 30
186.103.161.206 - - [12/Jan/2018:12:10:30 -0300] "POST /cormun/servlet/solicitudotadjuntos?b5b93c87cfd765cd9237f2f76b4133f5,INS,2018,9047,,2,,gx-no-cache=1515769790385 HTTP/1.1" 200 4150
190.161.236.41 - - [12/Jan/2018:12:10:30 -0300] "GET /cormun/servlet/trcontratosolicitud?gx-no-cache=1515766101479 HTTP/1.1" 200 14495
192.168.10.135 - - [12/Jan/2018:12:10:31 -0300] "GET /cormun/servlet/trsolicitudgral? HTTP/1.1" 200 25656
190.161.236.41 - - [12/Jan/2018:12:10:31 -0300] "GET /cormun/servlet/trcontratosolicitud?gx-no-cache=1515766101479 HTTP/1.1" 200 14517
192.168.10.135 - - [12/Jan/2018:12:10:31 -0300] "GET /cormun/static/gxui/gxui-all.css?120300 HTTP/1.1" 200 2179
192.168.10.135 - - [12/Jan/2018:12:10:31 -0300] "GET /cormun/static/calendar-system.css?85620 HTTP/1.1" 200 5572
192.168.10.135 - - [12/Jan/2018:12:10:31 -0300] "GET /cormun/static/gxcfg.js?2017111512111339 HTTP/1.1" 200 953
192.168.10.135 - - [12/Jan/2018:12:10:31 -0300] "GET /cormun/static/Resources/Spanish/PXTools.css?1255365 HTTP/1.1" 200 89042
192.168.10.135 - - [12/Jan/2018:12:10:31 -0300] "GET /cormun/static/Resources/PXTools/calendar.png HTTP/1.1" 200 1306
192.168.10.135 - - [12/Jan/2018:12:10:31 -0300] "GET /cormun/static/Shared/ext/resources/css/ext-all.css?215870 HTTP/1.1" 200 416045
192.168.10.135 - - [12/Jan/2018:12:10:31 -0300] "GET /cormun/static/Resources/PXToolsActionExcel.png HTTP/1.1" 200 3187
192.168.10.135 - - [12/Jan/2018:12:10:31 -0300] "GET /cormun/static/Resources/PXToolsAddAllStandardAction.png HTTP/1.1" 200 628
192.168.10.135 - - [12/Jan/2018:12:10:31 -0300] "GET /cormun/static/Resources/PXToolsRemoveAllStandardAction.png HTTP/1.1" 200 495
192.168.10.135 - - [12/Jan/2018:12:10:31 -0300] "GET /cormun/static/trsolicitudgral.js?2017111512112264 HTTP/1.1" 200 55173
192.168.10.135 - - [12/Jan/2018:12:10:32 -0300] "GET /cormun//static/Resources/PXToolsGridUpdate.png HTTP/1.1" 200 2984
192.168.10.135 - - [12/Jan/2018:12:10:32 -0300] "GET /cormun//static/Resources/PXToolsGridDelete.png HTTP/1.1" 200 357
200.86.95.220 - - [12/Jan/2018:12:10:43 -0300] "POST /cormun/servlet/hlogin?83aa970578f002db0ab59b6db271b1b1,gx-no-cache=1515769804727 HTTP/1.1" 200 90
200.86.95.220 - - [12/Jan/2018:12:10:43 -0300] "GET /cormun/servlet/hpexe_link HTTP/1.1" 200 953
200.86.95.220 - - [12/Jan/2018:12:10:44 -0300] "GET /cormun/servlet/hhome HTTP/1.1" 200 4119
200.86.95.220 - - [12/Jan/2018:12:10:45 -0300] "GET /cormun/servlet/hhome HTTP/1.1" 200 4115
200.86.95.220 - - [12/Jan/2018:12:10:48 -0300] "GET /cormun/servlet/trcontratosolicitud? HTTP/1.1" 200 14660
200.86.95.220 - - [12/Jan/2018:12:10:48 -0300] "GET /cormun/static/gxcfg.js?20177612214014 HTTP/1.1" 200 953
200.86.95.220 - - [12/Jan/2018:12:10:50 -0300] "GET /cormun/servlet/trcontratosolicitud? HTTP/1.1" 200 14675
200.86.95.220 - - [12/Jan/2018:12:10:50 -0300] "GET /cormun//static/Resources/PXToolsGridNew.png HTTP/1.1" 200 2949
186.79.216.115 - - [12/Jan/2018:12:10:56 -0300] "GET /cormun/servlet/trcontratosolicitud? HTTP/1.1" 200 14679
186.79.216.115 - - [12/Jan/2018:12:10:56 -0300] "GET /cormun/servlet/trcontratosolicitud? HTTP/1.1" 200 14674
186.103.159.188 - - [12/Jan/2018:12:10:58 -0300] "GET /cormun/servlet/solicitudotcontratos?INS,2018,0,9306371,6,6,2017,4273,LEY+SEP,201712,3,B, HTTP/1.1" 200 9889
186.103.159.188 - - [12/Jan/2018:12:10:58 -0300] "GET /cormun/servlet/solicitudotcontratos?INS,2018,0,9306371,6,6,2017,4273,LEY+SEP,201712,3,B, HTTP/1.1" 200 9904
186.103.159.188 - - [12/Jan/2018:12:10:59 -0300] "GET /cormun/servlet/solicitudotcontratos?783b1d8334272e2879af472df30a5888f92ee72bba7de9c6dd116c62fb1a387842543d0d4698850088f1e4c2b3bd43b0,gx-no-cache=1515769820781 HTTP/1.1" 200 30
186.103.159.188 - - [12/Jan/2018:12:10:59 -0300] "GET /cormun/servlet/solicitudotcontratos?783b1d8334272e2879af472df30a5888548c8f1800cabca5c1e7b9b61a1853200fa2eae697ff899b4a82a5b458008a29,gx-no-cache=1515769820908 HTTP/1.1" 200 30
186.103.159.188 - - [12/Jan/2018:12:10:59 -0300] "GET /cormun/servlet/solicitudotcontratos?783b1d8334272e2879af472df30a588893d2dd46ab428f0af4a8f15bebfa07d1a291899cc48522d5376c40ef62eb76075f76266556e94f88e338f6b2476a4d21088db8dc51d66c026c6cb753ff14d16b5851f1c7c8dbf3b668d1615e0e5a3f837f3efdd79d75a94ee699f5b62d029f1561c4d55e4e3b237ab166c507a7ade209,gx-no-cache=1515769820959 HTTP/1.1" 200 50
186.103.159.188 - - [12/Jan/2018:12:10:59 -0300] "GET /cormun/servlet/solicitudotcontratos?783b1d8334272e2879af472df30a58886dddfd6086d403ae00a323cd900f42b05da8603e32ea345df2285e6a17c7ab1b,gx-no-cache=1515769821020 HTTP/1.1" 200 30
186.103.159.188 - - [12/Jan/2018:12:10:59 -0300] "GET /cormun/servlet/solicitudotcontratos?783b1d8334272e2879af472df30a58885e4f37a5ae3c094854174f532d4adaf9dc5cb6de7c911f6c44e01e0b56d6dde005050ff3da2be1704b66c7bf9c2306adf7cc8424d4abd1e42c16bc6c109038e9ac332670eb1432af9a3021a999d2f0329a9fd1c060870d7cfa59feea54649e80,gx-no-cache=1515769821074 HTTP/1.1" 200 30
186.103.159.188 - - [12/Jan/2018:12:10:59 -0300] "GET /cormun/servlet/solicitudotcontratos?783b1d8334272e2879af472df30a588820a493459571ac826d18d8ff1816815917f740617cf1481a03a83f27d03736dcc75f82cec2a63aebccbcff728a8ab8b705050ff3da2be1704b66c7bf9c2306ad1e08ec682dc31968184fff9c341f085ffbc2c0661d5172129279d960db346d187643e2ccf5910f6b88537ed484f8fbf3aa17c67d49ddda0d55e8aab9734981e46b67a1da00e0fffd56729f9a5a7fce0ec75f82cec2a63aebccbcff728a8ab8b7398a8dd5babf2d7fc20df5e1daf4e07cab1e3496ff902cd42806521f39cdd3f828e1fdeff348ee2fc2abf9d49ba0e336583b768813b3fd43f5fb40b8a2419147ccad713d9c28f8ef942b4102d060426c6f086083d7bc7ba4d88bd2854562d53b1e1e0310f1503c5ab36b9b25e320b3472987b1d3aae3963ed9f4b68b96599611c1f77d25ca728d74b2708b662fe48350f4660072ed7652f9186d4a0eb9dbdd9b0b8e3d1bf345e2a017a9952e52144cf3df19c2e8bef925b1e1299b66a88d7934ee02f44946ec2914e96380959ad2023fb2c582aece1e2c20ff7ad0b3b5d371006c46aac50b2e7d8282e55e6e148f5e23d79cbe78b4eebc6ba0a4af5a2ab7c3153b85381931a2f6593a55ac6d270dd2caad3a48748c078b32c74aca4549b9642c1f058a42bb7094a6e37bf84d43e2f4f03b04f697cf4a4c9afcd95c837c0a6a949b9c2cae56f90e542f0b7d03faeb89040d4748e7203bf1c60bf57a0a986747d2ed16d3d94a46fcd31f79cec65497129bdbebbdf1687a4fadde8255036f724853f8996781bb1dd8a19967e68c0eaae2a2,gx-no-cache=1515769821139 HTTP/1.1" 200 79
192.168.10.135 - - [12/Jan/2018:12:11:01 -0300] "POST /cormun/servlet/trsolicitudgral?e6631dbfa6d09b42fccbd3854f8a9f84,,gx-no-cache=1515769820932 HTTP/1.1" 200 23704
192.168.10.135 - - [12/Jan/2018:12:11:01 -0300] "GET /cormun/static/Resources/PXToolsGridNext.gif HTTP/1.1" 200 369
192.168.10.135 - - [12/Jan/2018:12:11:01 -0300] "GET /cormun/static/Resources/PXToolsGridLast.gif HTTP/1.1" 200 370
186.103.159.188 - - [12/Jan/2018:12:11:15 -0300] "POST /cormun/servlet/solicitudotcontratos?gx-no-cache=1515769836940 HTTP/1.1" 200 83
190.46.88.54 - - [12/Jan/2018:12:11:17 -0300] "POST /cormun/servlet/solicitudot?gx-no-cache=1515769837075 HTTP/1.1" 200 53
186.103.159.188 - - [12/Jan/2018:12:11:19 -0300] "POST /cormun/servlet/solicitudotcontratos?11192e81d6576678c249945b0848a48c,INS,2018,0,9306371,6,6,2017,4273,LEY+SEP,201712,3,B,,gx-no-cache=1515769840367 HTTP/1.1" 200 10806
186.103.159.188 - - [12/Jan/2018:12:11:19 -0300] "POST /cormun/servlet/solicitudotcontratos?gx-no-cache=1515769841146 HTTP/1.1" 200 1341
192.168.10.135 - - [12/Jan/2018:12:11:19 -0300] "POST /cormun/servlet/trsolicitudgral?e6631dbfa6d09b42fccbd3854f8a9f84,,gx-no-cache=1515769839198 HTTP/1.1" 200 22313
186.103.159.188 - - [12/Jan/2018:12:11:19 -0300] "POST /cormun/servlet/solicitudotcontratos?gx-no-cache=1515769841276 HTTP/1.1" 200 1221
186.103.159.188 - - [12/Jan/2018:12:11:19 -0300] "GET /cormun/servlet/solicitudotcontratos?783b1d8334272e2879af472df30a5888c62f0b7aa4b22ef63e8168fe2403a7e07dc16790c6d84edb4b4f56665125b7fc8ffe5f7424ecfe8b4e5fb39e805aa85545d93e549a6101b75af080532e898eb57a9c423332c98da7136436eb75d8e8789e70888582555a3640377c6150078508de8d0f3f92cbc243ee28084429f913f8,gx-no-cache=1515769841350 HTTP/1.1" 200 30
186.103.159.188 - - [12/Jan/2018:12:11:20 -0300] "POST /cormun/servlet/solicitudotcontratos?11192e81d6576678c249945b0848a48c,INS,2018,0,9306371,6,6,2017,4273,LEY+SEP,201712,3,B,,gx-no-cache=1515769841402 HTTP/1.1" 200 93
186.103.159.188 - - [12/Jan/2018:12:11:20 -0300] "GET /cormun/servlet/hpexe_return? HTTP/1.1" 200 1059
186.103.159.188 - - [12/Jan/2018:12:11:20 -0300] "GET /cormun/servlet/trcontratosolicitud?gx-no-cache=1515766101479 HTTP/1.1" 200 14346
186.103.159.188 - - [12/Jan/2018:12:11:21 -0300] "GET /cormun/servlet/trcontratosolicitud?gx-no-cache=1515766101479 HTTP/1.1" 200 14386
200.86.95.220 - - [12/Jan/2018:12:11:32 -0300] "GET /cormun/servlet/solicitudotcontratos?INS,2018,0,16934789,1,2,2017,3383,PRORETENCION,201712,44,*, HTTP/1.1" 200 9876
200.86.95.220 - - [12/Jan/2018:12:11:33 -0300] "GET /cormun/static/gxcfg.js?2018191138350 HTTP/1.1" 200 953
200.86.95.220 - - [12/Jan/2018:12:11:33 -0300] "GET /cormun/static/solicitudotcontratos.js?20181911383611 HTTP/1.1" 200 43152
200.86.95.220 - - [12/Jan/2018:12:11:34 -0300] "GET /cormun/servlet/solicitudotcontratos?INS,2018,0,16934789,1,2,2017,3383,PRORETENCION,201712,44,*, HTTP/1.1" 200 9909
200.86.95.220 - - [12/Jan/2018:12:11:35 -0300] "GET /cormun/servlet/solicitudotcontratos?a440c68d5802374783e65a4a727ae5e4ef191a2b4d7a83f1ed3fa45cca3b065e3c09cbdf76bb68eae9880d6a65b6516d,gx-no-cache=1515769856194 HTTP/1.1" 200 30
200.86.95.220 - - [12/Jan/2018:12:11:35 -0300] "GET /cormun/servlet/solicitudotcontratos?a440c68d5802374783e65a4a727ae5e42359a0669c4002258e8af40952a845484972bedb4869908a66922bb393414134,gx-no-cache=1515769856259 HTTP/1.1" 200 30
200.86.95.220 - - [12/Jan/2018:12:11:35 -0300] "GET /cormun/servlet/solicitudotcontratos?a440c68d5802374783e65a4a727ae5e49c947ba159547cee92bd0bbeba65c6ec13b2ce13d3a2c807f87642324d842183f8338f4f2f25e5b3a0dd7fc6ae742b38e4311a4c35a53c6b0bc24900e8f64fee165b6466cb47701e45c192f6ee20eee74d02debae8a40939d1260cee4a2fbdd78072aee5a051e6f34c79a2353edde138,gx-no-cache=1515769856310 HTTP/1.1" 200 48
200.86.95.220 - - [12/Jan/2018:12:11:35 -0300] "GET /cormun/servlet/solicitudotcontratos?a440c68d5802374783e65a4a727ae5e47163ac65e63986040ee31a20b2736427f03151fe1e110ffbdc9ab5d6e6d18499,gx-no-cache=1515769856369 HTTP/1.1" 200 30
200.86.95.220 - - [12/Jan/2018:12:11:35 -0300] "GET /cormun/servlet/solicitudotcontratos?a440c68d5802374783e65a4a727ae5e41f158f5cfe39a3378320ff7f72c66c9bfcf914e08c2efa623bd7ce7a7851d96431c664e086a6d95b663bbf69470f29eb42444361dc591dd9ea8f83de205ed10f470252db5303b06ceca850ec58121b1b500ee700bf7e81bfc16a50586e4506eb,gx-no-cache=1515769856428 HTTP/1.1" 200 30
200.86.95.220 - - [12/Jan/2018:12:11:35 -0300] "GET /cormun/servlet/solicitudotcontratos?a440c68d5802374783e65a4a727ae5e427009335f6752ea3269b35ecd8ab412d1176ce6b4af94db8dd8d333c19147981ffa53d2ed61d081566f3f2fd4554edb8af3707af9be132917ca59edad0257910081d28092972a15d8e20447da2d0b88ac5e8df7bedd0670037dd6b5ae460353531cd75e4896804d791c34bed5069cc468e0239b4ba4b702297d85348f7623c367e6314fc151510712ad74b6e091ea60e8fb35ce3dde9b6e3ba2dd084fbf3ff1bc1bec67e6f9417211d4444a46d13a58b76ab7ef236f184ab57bc879f4641fbe20fba95754948ea44524c74d8aff415f25a98e3cc758bbb77b2d24ce019765af1cf4615db036c2d0b5d024014106097d89021d074c2f9ba453d29c067fd190ea81e908aa7dc3c9581dcf45f76ce29d263f1e1e5b709a004747862430961b88fc6d07c94a015a9178915f4469527c7bc23db78bdcdf6c84b9d2b281271befc0076a2bfc53fa230e46c7eb1284943c5974ac0727df6e84b1390b75ec5c22fb5ae473b747d5b32f064c55dfcf8e98ce82d2320429f014cfa30f2b91479abcac06d7b57c32d37919fc1e430baaa624a9d2adee16b95085d297e476673684494d59f7fb6e3791da61770f6e54cfd7767763343ea595efe1f0450ca0a3c3e57b0b4d5bded47e38a9cbe3e17251e2f2c3da2a94894ac8ece38b63b5f3109530aa624c35debe22165b5a54b85c2cf35f2a4a39d5dfcf7b42d6d3032995444a12668e80311d452d5a634df773a5348f6a1e6b90a4d11e03600fdeb2b4cbbbcf52cbc00d7ea0855a0c38bbb12cd371d110b9ee8466e,gx-no-cache=1515769856495 HTTP/1.1" 200 84
200.86.95.220 - - [12/Jan/2018:12:11:48 -0300] "POST /cormun/servlet/solicitudotcontratos?83aa970578f002db0ab59b6db271b1b1,INS,2018,0,16934789,1,2,2017,3383,PRORETENCION,201712,44,*,,gx-no-cache=1515769869824 HTTP/1.1" 200 93
200.86.95.220 - - [12/Jan/2018:12:11:48 -0300] "GET /cormun/servlet/hpexe_return? HTTP/1.1" 200 1053
200.86.95.220 - - [12/Jan/2018:12:11:49 -0300] "GET /cormun/servlet/trcontratosolicitud HTTP/1.1" 200 14673
200.86.95.220 - - [12/Jan/2018:12:11:50 -0300] "GET /cormun/servlet/trcontratosolicitud HTTP/1.1" 200 14654
186.103.159.230 - - [12/Jan/2018:12:12:02 -0300] "GET /cormun/servlet/hlogin HTTP/1.1" 200 1713
186.103.159.230 - - [12/Jan/2018:12:12:02 -0300] "GET /cormun/static/gxcfg.js?20175251213516 HTTP/1.1" 304 -
186.103.159.230 - - [12/Jan/2018:12:12:02 -0300] "GET /cormun/static/messages.spa.js?85251 HTTP/1.1" 304 -
192.168.10.135 - - [12/Jan/2018:12:12:06 -0300] "POST /cormun/servlet/trsolicitudgral?e6631dbfa6d09b42fccbd3854f8a9f84,,gx-no-cache=1515769886160 HTTP/1.1" 200 17922
186.103.159.230 - - [12/Jan/2018:12:12:07 -0300] "GET /cormun/servlet/hlogin HTTP/1.1" 200 1713
186.103.159.230 - - [12/Jan/2018:12:12:07 -0300] "GET /cormun/servlet/hlogin HTTP/1.1" 200 1723
186.79.216.115 - - [12/Jan/2018:12:12:28 -0300] "GET /cormun/servlet/solicitudotcontratos?INS,2018,0,19679348,8,2,2017,1766,LEY+SEP,201712,44,*, HTTP/1.1" 200 9904
186.103.159.230 - - [12/Jan/2018:12:12:28 -0300] "POST /cormun/servlet/hlogin?1fe8df015c77c1e05fca16b99bdfcb1b,gx-no-cache=1515769900026 HTTP/1.1" 200 90
186.103.159.230 - - [12/Jan/2018:12:12:28 -0300] "GET /cormun/servlet/hpexe_link HTTP/1.1" 200 942
186.103.159.230 - - [12/Jan/2018:12:12:28 -0300] "GET /cormun/static/gxcfg.js?20177612121792 HTTP/1.1" 304 -
186.103.159.230 - - [12/Jan/2018:12:12:28 -0300] "GET /cormun/servlet/hhome HTTP/1.1" 200 4143
186.79.216.115 - - [12/Jan/2018:12:12:28 -0300] "GET /cormun/servlet/solicitudotcontratos?INS,2018,0,19679348,8,2,2017,1766,LEY+SEP,201712,44,*, HTTP/1.1" 200 9941
186.103.159.230 - - [12/Jan/2018:12:12:28 -0300] "GET /cormun/static/gxcfg.js?20175251212442 HTTP/1.1" 304 -
186.79.216.115 - - [12/Jan/2018:12:12:29 -0300] "GET /cormun/servlet/solicitudotcontratos?8fe6dd90cdb68aad720367db0175385e8264a640df1cce393929156c82af714dcb59079e18084afe2b09718df611a15f,gx-no-cache=1515766314174 HTTP/1.1" 200 30
186.79.216.115 - - [12/Jan/2018:12:12:29 -0300] "GET /cormun/servlet/solicitudotcontratos?8fe6dd90cdb68aad720367db0175385eb4181c0a49564dc1b102db39425bbb9b3e9af226b682f93ddcdc85dd4c0c9119,gx-no-cache=1515766314330 HTTP/1.1" 200 30
186.79.216.115 - - [12/Jan/2018:12:12:29 -0300] "GET /cormun/servlet/solicitudotcontratos?8fe6dd90cdb68aad720367db0175385e3a5b95af2144bb1c07b0d315eb0656e093d84aad97b2aacf1ba31ea507d368a03ef2827a5550f9ee107f570a25c114e3c7182015ebe0ff1882a2c8eb2fb98421f6ecc7c0179b8362f64e2903150ced734b45c551a4e6dd22edfa232fc7746bcb950a7c8797a4c10b7bb2ad9d4e0d3280,gx-no-cache=1515766314442 HTTP/1.1" 200 48
186.79.216.115 - - [12/Jan/2018:12:12:29 -0300] "GET /cormun/servlet/solicitudotcontratos?8fe6dd90cdb68aad720367db0175385e70f6bfa3bf32ce6e25b1fc2db4c4588532133674570ca1e8efaeb40919b2f0b1,gx-no-cache=1515766314558 HTTP/1.1" 200 30
186.103.159.230 - - [12/Jan/2018:12:12:29 -0300] "GET /cormun/servlet/hhome HTTP/1.1" 200 4139
186.79.216.115 - - [12/Jan/2018:12:12:29 -0300] "GET /cormun/servlet/solicitudotcontratos?8fe6dd90cdb68aad720367db0175385e5d1f6d2565e5ddd5437665117226dd26d2637106ea1bcc70e4a5e6a4c0925e284a6579b791617ee9e12d23b039a17a9e65a96119c00f6ec54b53865473778798f06e428c6b6491a9529c61f06ebc6d2df2c976469abd0037f9401a9be22d9832,gx-no-cache=1515766314648 HTTP/1.1" 200 30
186.79.216.115 - - [12/Jan/2018:12:12:29 -0300] "GET /cormun/servlet/solicitudotcontratos?8fe6dd90cdb68aad720367db0175385e89268d9bdc0d156192c28ebf7e191c68193d1aa48f0c82885f3538d84232a59dd7ac3ecce4a6e02ce29773286c562e6d4a6579b791617ee9e12d23b039a17a9e5919ff0847bf33896dcbf1ba454a47cec7f22750a273bd87e94ae98658e6ba6d29468a975775ea6c92a2e55e7dada4750cb52f7b7799ab050cc890026f5ec0e6efaa90f7d319c5a4b773d218dde82d72d7ac3ecce4a6e02ce29773286c562e6d6325bc4327614714fda982659abc19897fec98f450e89da729c7fe8d10d5d266c0bacb9b75b506020b4c3f54e8382f1fc9fe8978a913923769f1a182add11a737e539ab2c0ca675660e60d0fe76942aee5fbde2f91748876c877e282f5f23bf76e3395112513fb1b4f7cf2715e8bfaecef8c9af232bd499475fd6d3af9ee815dabd12d8146dc7eb4e1335beb797fa34e32b51062e4f168ad915fff7533ff723afcc497c988f329c35beb08273256a8efb1f028ff2e4056a8ff7c9fb2bb3e5f0477c8f41b3c81606038e99fe58c542b843b48cd0a4798fc22ba2276b71860c9cb10430fee71c5682df694df9c5137b29d28352784a3e425e02db8b61eed22e3669d8548d107f951afb3e1ae837736e972378921e0a834f9b3fbf48a767e23e9b5a9e77491c6571c2d14dd1291359bd7a43359339454c2889e4ad1a9622172bd1cc77f1268c6e87d6d724034a4e03bb4321bc4312e604c34d92d8aeb52eb8eb52bd5f052bd69d3817ff5237a79c73bf792417010e07d59310c690ed8eb0e80b0194c59367b4419f99f4f3a298de7de7b6c,gx-no-cache=1515766314732 HTTP/1.1" 200 79
186.103.159.230 - - [12/Jan/2018:12:12:37 -0300] "GET /cormun/servlet/trcontratosolicitud? HTTP/1.1" 200 14000
186.103.159.230 - - [12/Jan/2018:12:12:37 -0300] "GET /cormun/static/gxcfg.js?20177612214014 HTTP/1.1" 304 -
186.103.159.230 - - [12/Jan/2018:12:12:37 -0300] "GET /cormun/servlet/trcontratosolicitud? HTTP/1.1" 200 13992
186.79.216.115 - - [12/Jan/2018:12:12:39 -0300] "POST /cormun/servlet/solicitudotcontratos?ee414147d61f3ed4a2639706a218bc83,INS,2018,0,19679348,8,2,2017,1766,LEY+SEP,201712,44,*,,gx-no-cache=1515766324402 HTTP/1.1" 200 93
186.79.216.115 - - [12/Jan/2018:12:12:39 -0300] "GET /cormun/servlet/hpexe_return? HTTP/1.1" 200 1057
186.79.216.115 - - [12/Jan/2018:12:12:39 -0300] "GET /cormun/servlet/trcontratosolicitud HTTP/1.1" 200 14685
186.79.216.115 - - [12/Jan/2018:12:12:40 -0300] "GET /cormun/servlet/trcontratosolicitud HTTP/1.1" 200 14672
192.168.10.135 - - [12/Jan/2018:12:13:20 -0300] "GET /cormun/servlet/vesolicitudgral?2018,9011,, HTTP/1.1" 200 9352
192.168.10.135 - - [12/Jan/2018:12:13:20 -0300] "GET /cormun/static/gxcfg.js?201711151294153 HTTP/1.1" 200 953
192.168.10.135 - - [12/Jan/2018:12:13:20 -0300] "GET /cormun/pexe_scrolldiv.js HTTP/1.1" 404 1009
192.168.10.135 - - [12/Jan/2018:12:13:20 -0300] "GET /cormun/static/Resources/PXToolsTabFirstSelected.png HTTP/1.1" 200 1259
192.168.10.135 - - [12/Jan/2018:12:13:20 -0300] "GET /cormun/static/Resources/PXToolsTabLastUnselected.png HTTP/1.1" 200 1291
192.168.10.135 - - [12/Jan/2018:12:13:20 -0300] "GET /cormun/static/Resources/PXToolsTabPrevious.gif HTTP/1.1" 200 172
192.168.10.135 - - [12/Jan/2018:12:13:20 -0300] "GET /cormun/static/Resources/PXToolsTabNext.gif HTTP/1.1" 200 168
192.168.10.135 - - [12/Jan/2018:12:13:20 -0300] "GET /cormun/static/vesolicitudgral.js?201711151294244 HTTP/1.1" 200 6721
192.168.10.135 - - [12/Jan/2018:12:13:20 -0300] "GET /cormun/static/hpexe_tabsview.js?201610171694228 HTTP/1.1" 200 1661
192.168.10.135 - - [12/Jan/2018:12:13:20 -0300] "GET /cormun/static/hwcviewtabs.js?20177611594913 HTTP/1.1" 200 1074
192.168.10.135 - - [12/Jan/2018:12:13:20 -0300] "GET /cormun/static/tbsolicitudgral01.js?201711151293741 HTTP/1.1" 200 31320
192.168.10.135 - - [12/Jan/2018:12:13:20 -0300] "GET /cormun/static/calendar-system.css HTTP/1.1" 200 5572
192.168.10.135 - - [12/Jan/2018:12:13:20 -0300] "GET /cormun/static/Resources/PXToolsTabSelectedUnselected.png HTTP/1.1" 200 1428
192.168.10.135 - - [12/Jan/2018:12:13:20 -0300] "GET /cormun/static/Resources/PXToolsTabUnselectedUnselected.png HTTP/1.1" 200 1459
192.168.10.135 - - [12/Jan/2018:12:13:20 -0300] "GET /cormun/static/Resources/PXToolsTabBackUnselected.png HTTP/1.1" 200 1175
192.168.10.135 - - [12/Jan/2018:12:13:20 -0300] "GET /cormun/static/Resources/PXToolsTabBackSelected.png HTTP/1.1" 200 1157
190.46.88.54 - - [12/Jan/2018:12:13:21 -0300] "POST /cormun/servlet/solicitudot?gx-no-cache=1515769961511 HTTP/1.1" 200 297
190.46.88.54 - - [12/Jan/2018:12:13:21 -0300] "GET /cormun/servlet/solicitudot?29dbdbe8bd5f5228497aa336c9aa499a33f03b2871cab96479fe8f24d6653b35a8664e8ac69bfd788bfa94ebb3a2641d4e3aea2b8f46cdbe4ff2f19a2033b8431bdca008d15ac3d956fa654ff5396bb9ffcbd35e855e119fb12ba538d3fda6fe26c7473f331a7b789696b9f800775d6c2d861b229719598aea3e81dfc555715435fdb8b0d2dd6d305c529db3cff8503164346b955b53209a61d85d2692c68d88ee92d7c2cacf3cf5155ceb64fa48d38b590393ddb67489526c480b4e48c3aa1f03117f4709bb092ab2c25cbe460e425bb9ba48bdf8c66a40aa55cadef34f3d419fdfb3c8a0e1331736d98d1f539b289abd981a36b8203d2bf8a3bd90e4ed2161546695a518fada309c3502ebccb3ae956f84c891b75a6db350c5840f4bccadbdb8209514944911eb35534e2b5b46f6760c25b85490e9fb6b046c8cab9f2155f456faf9525cd480160f50403371c20025ef3452e1da8eab19d803abf710e3c4d416687d6eb9ff0eea12c8eb2cd002de08c7db0a7dd237a09642551c125a931d0eb303be86dddaa14772221616e8597f69,gx-no-cache=1515769961662 HTTP/1.1" 200 30
190.46.88.54 - - [12/Jan/2018:12:13:21 -0300] "POST /cormun/servlet/solicitudot?gx-no-cache=1515769961720 HTTP/1.1" 200 30
190.46.88.54 - - [12/Jan/2018:12:13:22 -0300] "POST /cormun/servlet/solicitudot?gx-no-cache=1515769962068 HTTP/1.1" 200 1353
190.46.88.54 - - [12/Jan/2018:12:13:22 -0300] "POST /cormun/servlet/solicitudot?gx-no-cache=1515769962163 HTTP/1.1" 200 41
190.46.88.54 - - [12/Jan/2018:12:13:22 -0300] "POST /cormun/servlet/solicitudot?gx-no-cache=1515769962231 HTTP/1.1" 200 219
190.46.88.54 - - [12/Jan/2018:12:13:22 -0300] "GET /cormun/servlet/solicitudot?29dbdbe8bd5f5228497aa336c9aa499abe20e77653283aea7715a288f1526af305c9cdbf38ab9ca5e361568790e62034a5082d5c9f8ae4e9a025c79766dcb5b6b8166dfd27dcd54f0c35a7c203fcb1ad5d71d1959d7b44942a4c806c5793069701f68db9145be2dd99da65ef9e44896fb4e8cb325450e15948e57872f4816c1c4c7b8ffec7a6a9ca0598cf8f981ec01e,gx-no-cache=1515769962298 HTTP/1.1" 200 55
190.46.88.54 - - [12/Jan/2018:12:13:22 -0300] "POST /cormun/servlet/solicitudot?gx-no-cache=1515769962350 HTTP/1.1" 200 30
190.46.88.54 - - [12/Jan/2018:12:13:22 -0300] "POST /cormun/servlet/solicitudot?23e398aff7d8d3497f13ba6ffe7313ab,INS,0,0,,gx-no-cache=1515769962419 HTTP/1.1" 200 11263
190.46.88.54 - - [12/Jan/2018:12:13:22 -0300] "GET /cormun/static/Shared/jqueryui/images/ui-bg_highlight-soft_100_c6c2c8_1x100.png HTTP/1.1" 404 1117
190.46.88.54 - - [12/Jan/2018:12:13:22 -0300] "GET /cormun/static/Shared/jqueryui/images/ui-icons_ebccce_256x240.png HTTP/1.1" 404 1089
190.46.88.54 - - [12/Jan/2018:12:13:22 -0300] "GET /cormun/static/Shared/jqueryui/images/ui-bg_flat_55_994d53_40x100.png HTTP/1.1" 404 1097
190.46.88.54 - - [12/Jan/2018:12:13:22 -0300] "GET /cormun/static/Shared/jqueryui/images/ui-icons_82798d_256x240.png HTTP/1.1" 404 1089
186.79.216.115 - - [12/Jan/2018:12:13:26 -0300] "GET /cormun/servlet/trcontratounov2? HTTP/1.1" 200 17307
186.79.216.115 - - [12/Jan/2018:12:13:26 -0300] "GET /cormun/servlet/trcontratounov2? HTTP/1.1" 200 17300
192.168.10.135 - - [12/Jan/2018:12:13:31 -0300] "POST /cormun/servlet/vesolicitudgral?e6631dbfa6d09b42fccbd3854f8a9f84,2018,9011,,,gx-no-cache=1515769971231 HTTP/1.1" 200 93
192.168.10.135 - - [12/Jan/2018:12:13:31 -0300] "GET /cormun/servlet/hpexe_return? HTTP/1.1" 200 1009
192.168.10.135 - - [12/Jan/2018:12:13:31 -0300] "GET /cormun/static/gxcfg.js?2016101716175148 HTTP/1.1" 200 953
192.168.10.135 - - [12/Jan/2018:12:13:31 -0300] "GET /cormun/static/Resources/Spanish/PXTools.css?167811 HTTP/1.1" 200 89042
192.168.10.135 - - [12/Jan/2018:12:13:31 -0300] "GET /cormun/static/hpexe_return.js?2016101716175153 HTTP/1.1" 200 1633
192.168.10.135 - - [12/Jan/2018:12:13:31 -0300] "GET /cormun/servlet/trsolicitudgral? HTTP/1.1" 200 21274
186.79.216.115 - - [12/Jan/2018:12:13:33 -0300] "GET /cormun/servlet/trcontratoobservaciondir? HTTP/1.1" 200 6321
186.79.216.115 - - [12/Jan/2018:12:13:33 -0300] "GET /cormun/servlet/trcontratoobservaciondir? HTTP/1.1" 200 6320
186.79.216.115 - - [12/Jan/2018:12:13:36 -0300] "GET /cormun/servlet/trcontratounov2? HTTP/1.1" 200 17272
186.79.216.115 - - [12/Jan/2018:12:13:37 -0300] "GET /cormun/servlet/trcontratounov2? HTTP/1.1" 200 17298
190.46.88.54 - - [12/Jan/2018:12:13:37 -0300] "POST /cormun/servlet/solicitudot?23e398aff7d8d3497f13ba6ffe7313ab,INS,0,0,,gx-no-cache=1515769977799 HTTP/1.1" 200 11132
190.46.88.54 - - [12/Jan/2018:12:13:38 -0300] "GET /cormun/static/Shared/jqueryui/images/ui-bg_flat_55_fafafa_40x100.png HTTP/1.1" 404 1097
190.46.88.54 - - [12/Jan/2018:12:13:38 -0300] "GET /cormun/static/Shared/jqueryui/images/ui-icons_8d78a5_256x240.png HTTP/1.1" 404 1089
192.168.10.135 - - [12/Jan/2018:12:13:41 -0300] "GET /cormun/servlet/solicitudgral2?UPD,2018,9011, HTTP/1.1" 200 13267
192.168.10.135 - - [12/Jan/2018:12:13:41 -0300] "GET /cormun/static/gxcfg.js?20181911361990 HTTP/1.1" 200 953
192.168.10.135 - - [12/Jan/2018:12:13:41 -0300] "GET /cormun/static/solicitudgral2.js?20181911362067 HTTP/1.1" 200 43987
192.168.10.135 - - [12/Jan/2018:12:13:43 -0300] "POST /cormun/servlet/solicitudgral2?gx-no-cache=1515769982922 HTTP/1.1" 200 3855
192.168.10.135 - - [12/Jan/2018:12:13:43 -0300] "GET /cormun/servlet/solicitudgral2?09cb0cd59045873ff55cc964dbd4b4bf8c1eec0f0a6ce5f2213578e7fa58eaf6e76b97035790e61b74e7239f2be5e68d67d040d393da8a3ca3fe91c2a32d7059f2dc80bc193a054d93325f9196564dfc3d59bc6245e65ee32d73a943d5c0e3109b03d7c95dc318aabb59598f1c0cb982770180a3894b068a6723717bcaa2adb870ea8e3ce7af52092ef7371731398e148dde00611ce40fa6e7e9bdd19cdd1a8c08a9928859cc7fd8daf7ea5efc72c599665743609233baeca35b62ae4c7610b9f86d6419c31f7e93fcd556689bf2f13843721bb65739efbdfadff973584ae58aab3205760bc4a090cea0b5713009f955f918b1ccc642e98ca6c1fc5d37f563c27cfcd659a16a0fe4907046b59c8bada29ba20728ab78a7f702dfed8d5c865c038b5f8e39ac7b80663f14d7ca823eca631fc361e85107b1b4c2f76f4b41c6a9836d58f4dd129c3508f959ede06a8a4908,gx-no-cache=1515769983195 HTTP/1.1" 200 255
192.168.10.135 - - [12/Jan/2018:12:13:43 -0300] "POST /cormun/servlet/solicitudgral2?gx-no-cache=1515769983232 HTTP/1.1" 200 1418
192.168.10.135 - - [12/Jan/2018:12:13:43 -0300] "GET /cormun/servlet/solicitudgral2?09cb0cd59045873ff55cc964dbd4b4bf4176b70dc7e1e6ded64559ff060a626f20dcf7d560301d92505d41500c8ee2682a34d65e6768215c1c3db94268f5f6d286814ff0948e9fd2f4dba343d267d49e76a0ed01304a1804b7b08d4af530ef46dc98a1d98aa29771d584c7cd48031f77,gx-no-cache=1515769983273 HTTP/1.1" 200 41
190.46.88.54 - - [12/Jan/2018:12:13:44 -0300] "POST /cormun/servlet/solicitudot?gx-no-cache=1515769983826 HTTP/1.1" 200 3866
190.46.88.54 - - [12/Jan/2018:12:13:44 -0300] "POST /cormun/servlet/solicitudot?23e398aff7d8d3497f13ba6ffe7313ab,INS,0,0,,gx-no-cache=1515769984047 HTTP/1.1" 200 11142
190.46.88.54 - - [12/Jan/2018:12:13:44 -0300] "GET /cormun/servlet/solicitudot?29dbdbe8bd5f5228497aa336c9aa499a727997c785a38a34e409bbab8bef1251d7e487181cec7da06aee15b43e0e145b,gx-no-cache=1515769984326 HTTP/1.1" 200 30
190.46.88.54 - - [12/Jan/2018:12:13:44 -0300] "POST /cormun/servlet/solicitudot?gx-no-cache=1515769984378 HTTP/1.1" 200 43
190.46.88.54 - - [12/Jan/2018:12:13:44 -0300] "POST /cormun/servlet/solicitudot?gx-no-cache=1515769984433 HTTP/1.1" 200 297
190.46.88.54 - - [12/Jan/2018:12:13:44 -0300] "GET /cormun/servlet/solicitudot?29dbdbe8bd5f5228497aa336c9aa499a33f03b2871cab96479fe8f24d6653b35a8664e8ac69bfd788bfa94ebb3a2641d4e3aea2b8f46cdbe4ff2f19a2033b8431bdca008d15ac3d956fa654ff5396bb9ffcbd35e855e119fb12ba538d3fda6fe26c7473f331a7b789696b9f800775d6c2d861b229719598aea3e81dfc555715435fdb8b0d2dd6d305c529db3cff8503164346b955b53209a61d85d2692c68d88ee92d7c2cacf3cf5155ceb64fa48d38b590393ddb67489526c480b4e48c3aa1f03117f4709bb092ab2c25cbe460e425bb9ba48bdf8c66a40aa55cadef34f3d419fdfb3c8a0e1331736d98d1f539b289abd981a36b8203d2bf8a3bd90e4ed2161546695a518fada309c3502ebccb3ae956f84c891b75a6db350c5840f4bccadbdb8209514944911eb35534e2b5b46f6760c25b85490e9fb6b046c8cab9f2155f456faf9525cd480160f50403371c20025ef3452e1da8eab19d803abf710e3c4d416687d6eb9ff0eea12c8eb2cd002de08c7db0a7dd237a09642551c125a931d0eb303be86dddaa14772221616e8597f69,gx-no-cache=1515769984499 HTTP/1.1" 200 30
190.46.88.54 - - [12/Jan/2018:12:13:44 -0300] "POST /cormun/servlet/solicitudot?gx-no-cache=1515769984552 HTTP/1.1" 200 30
190.46.88.54 - - [12/Jan/2018:12:13:44 -0300] "POST /cormun/servlet/solicitudot?gx-no-cache=1515769984624 HTTP/1.1" 200 1353
190.46.88.54 - - [12/Jan/2018:12:13:44 -0300] "POST /cormun/servlet/solicitudot?gx-no-cache=1515769984722 HTTP/1.1" 200 41
190.46.88.54 - - [12/Jan/2018:12:13:44 -0300] "GET /cormun/servlet/solicitudot?29dbdbe8bd5f5228497aa336c9aa499a13fa67901f21847175f2545a7295b05601f68db9145be2dd99da65ef9e44896f92f6abe42c3edab75e24097c074b1495c2669de907a638376f46db896fde655ac95b92161f8332d222899d211d404ae4d1dac31a734f74aad7aac1bb256eea51,gx-no-cache=1515769984776 HTTP/1.1" 200 29
190.46.88.54 - - [12/Jan/2018:12:13:45 -0300] "POST /cormun/servlet/solicitudot?gx-no-cache=1515769985075 HTTP/1.1" 200 219
190.46.88.54 - - [12/Jan/2018:12:13:45 -0300] "GET /cormun/servlet/solicitudot?29dbdbe8bd5f5228497aa336c9aa499abe20e77653283aea7715a288f1526af305c9cdbf38ab9ca5e361568790e62034a5082d5c9f8ae4e9a025c79766dcb5b6b8166dfd27dcd54f0c35a7c203fcb1ad5d71d1959d7b44942a4c806c5793069701f68db9145be2dd99da65ef9e44896fb4e8cb325450e15948e57872f4816c1c4c7b8ffec7a6a9ca0598cf8f981ec01e,gx-no-cache=1515769985141 HTTP/1.1" 200 55
190.46.88.54 - - [12/Jan/2018:12:13:45 -0300] "GET /cormun/servlet/solicitudot?29dbdbe8bd5f5228497aa336c9aa499a4390b4f36284ac7ebb0b41b67df0452c729ae7a79d65a8336b3c67e1e90804eb,gx-no-cache=1515769985211 HTTP/1.1" 200 30
190.46.88.54 - - [12/Jan/2018:12:13:45 -0300] "POST /cormun/servlet/solicitudot?gx-no-cache=1515769985261 HTTP/1.1" 200 30
190.46.88.54 - - [12/Jan/2018:12:13:45 -0300] "POST /cormun/servlet/solicitudot?23e398aff7d8d3497f13ba6ffe7313ab,INS,0,0,,gx-no-cache=1515769985316 HTTP/1.1" 200 11430
190.46.88.54 - - [12/Jan/2018:12:13:47 -0300] "POST /cormun/servlet/solicitudot?23e398aff7d8d3497f13ba6ffe7313ab,INS,0,0,,gx-no-cache=1515769987158 HTTP/1.1" 200 11491
186.79.216.115 - - [12/Jan/2018:12:13:51 -0300] "GET /cormun/servlet/trcontratosolicitud? HTTP/1.1" 200 14688
186.79.216.115 - - [12/Jan/2018:12:13:52 -0300] "GET /cormun/servlet/trcontratosolicitud? HTTP/1.1" 200 14678
192.168.10.135 - - [12/Jan/2018:12:14:00 -0300] "POST /cormun/servlet/solicitudgral2?e6631dbfa6d09b42fccbd3854f8a9f84,UPD,2018,9011,,gx-no-cache=1515770000021 HTTP/1.1" 200 11726
192.168.10.135 - - [12/Jan/2018:12:14:02 -0300] "GET /cormun/servlet/solicitudgral2?09cb0cd59045873ff55cc964dbd4b4bf23e3c73242702717c84468311bcbf8dc7cddd8ce50a0a45c476f7a5f2d0fea83a4aa9609c10baf3c488383e860f608583ac0ae0d8217b8f17a44b653f867832ccafca329bcbab71c650c681583b5b8400653e01fe206b30b2c826979641c2a4c3de1711d23fb0d95380347b8cfe583701babb4648667e004cf7ef4f0021a013dc8ddf5e701f6412627cfc702beae2f2e,gx-no-cache=1515770002245 HTTP/1.1" 200 30
192.168.10.135 - - [12/Jan/2018:12:14:49 -0300] "POST /cormun/servlet/solicitudgral2?e6631dbfa6d09b42fccbd3854f8a9f84,UPD,2018,9011,,gx-no-cache=1515770049536 HTTP/1.1" 200 93
192.168.10.135 - - [12/Jan/2018:12:14:49 -0300] "GET /cormun/servlet/hpexe_return? HTTP/1.1" 200 1012
192.168.10.135 - - [12/Jan/2018:12:14:50 -0300] "GET /cormun/servlet/trsolicitudgral HTTP/1.1" 200 21274
186.79.216.115 - - [12/Jan/2018:12:15:03 -0300] "POST /cormun/servlet/trcontratosolicitud?ee414147d61f3ed4a2639706a218bc83,,gx-no-cache=1515766467387 HTTP/1.1" 200 5349
186.79.216.115 - - [12/Jan/2018:12:15:03 -0300] "GET /cormun/static/Resources/PXToolsGridFirst.gif HTTP/1.1" 200 379
186.79.216.115 - - [12/Jan/2018:12:15:03 -0300] "GET /cormun/static/Resources/PXToolsGridPrevious.gif HTTP/1.1" 200 369
200.111.122.170 - - [12/Jan/2018:12:15:03 -0300] "GET /cormun/servlet/trcontratosolicitud? HTTP/1.1" 200 5712
200.111.122.170 - - [12/Jan/2018:12:15:04 -0300] "GET /cormun/servlet/trcontratosolicitud? HTTP/1.1" 200 5722
200.111.122.170 - - [12/Jan/2018:12:15:04 -0300] "GET /cormun/servlet/hlogin HTTP/1.1" 200 1739
200.72.197.82 - - [12/Jan/2018:12:15:15 -0300] "POST /cormun/servlet/hlogin?a82f41846db138dd59c33d14afa40661,gx-no-cache=1515770075692 HTTP/1.1" 200 90
200.72.197.82 - - [12/Jan/2018:12:15:15 -0300] "GET /cormun/servlet/hpexe_link HTTP/1.1" 200 956
200.72.197.82 - - [12/Jan/2018:12:15:16 -0300] "GET /cormun/servlet/trcontratosolicitud HTTP/1.1" 200 10660
200.72.197.82 - - [12/Jan/2018:12:15:17 -0300] "GET /cormun/servlet/trcontratosolicitud HTTP/1.1" 200 10669
186.79.216.115 - - [12/Jan/2018:12:15:24 -0300] "POST /cormun/servlet/trcontratosolicitud?ee414147d61f3ed4a2639706a218bc83,,gx-no-cache=1515766488313 HTTP/1.1" 200 12412
186.103.159.183 - - [12/Jan/2018:12:15:43 -0300] "GET /cormun/servlet/trsolicitudot? HTTP/1.1" 200 7392
200.111.122.170 - - [12/Jan/2018:12:15:44 -0300] "GET /cormun/servlet/trsolicitudot? HTTP/1.1" 200 9156
186.103.159.183 - - [12/Jan/2018:12:15:44 -0300] "GET /cormun/static/gxui/gxui-all.css?120300 HTTP/1.1" 200 2179
186.103.159.183 - - [12/Jan/2018:12:15:44 -0300] "GET /cormun/static/calendar-system.css?85620 HTTP/1.1" 200 5572
186.103.159.183 - - [12/Jan/2018:12:15:44 -0300] "GET /cormun/static/Shared/jqueryui/jquery-ui.min.css?1245370 HTTP/1.1" 200 30288
186.103.159.183 - - [12/Jan/2018:12:15:44 -0300] "GET /cormun/static/SmoothNavMenu/resources/ddsmoothmenu.css?1012540 HTTP/1.1" 200 2223
186.103.159.183 - - [12/Jan/2018:12:15:44 -0300] "GET /cormun/static/SmoothNavMenu/resources/ddsmoothmenu-v.css?1012540 HTTP/1.1" 200 1188
186.103.159.183 - - [12/Jan/2018:12:15:44 -0300] "GET /cormun/static/scaMessage/css/jquery.pnotify.default.css?1716380 HTTP/1.1" 200 1707
186.103.159.183 - - [12/Jan/2018:12:15:44 -0300] "GET /cormun/static/gxcfg.js?2017111422585916 HTTP/1.1" 200 953
186.103.159.183 - - [12/Jan/2018:12:15:44 -0300] "GET /cormun/static/gxtimezone.js?85251 HTTP/1.1" 200 5781
186.103.159.183 - - [12/Jan/2018:12:15:44 -0300] "GET /cormun/static/calendar.js?85251 HTTP/1.1" 200 26246
186.103.159.183 - - [12/Jan/2018:12:15:44 -0300] "GET /cormun/static/Resources/Spanish/PXTools.css?1255365 HTTP/1.1" 200 89042
186.103.159.183 - - [12/Jan/2018:12:15:44 -0300] "GET /cormun/static/calendar-setup.js?85251 HTTP/1.1" 200 2588
186.103.159.183 - - [12/Jan/2018:12:15:44 -0300] "GET /cormun/static/calendar-es.js?85251 HTTP/1.1" 200 1901
186.103.159.183 - - [12/Jan/2018:12:15:44 -0300] "GET /cormun/static/RunJS/RunJS.js HTTP/1.1" 200 288
200.111.122.170 - - [12/Jan/2018:12:15:44 -0300] "GET /cormun/servlet/trsolicitudot? HTTP/1.1" 200 9155
186.103.159.183 - - [12/Jan/2018:12:15:45 -0300] "GET /cormun/static/PXToolsJavascripts/pexe_autoreload.js HTTP/1.1" 200 1762
186.103.159.183 - - [12/Jan/2018:12:15:45 -0300] "GET /cormun/static/PXToolsJavascripts/pexe_cookies.js HTTP/1.1" 200 792
186.103.159.183 - - [12/Jan/2018:12:15:45 -0300] "GET /cormun/static/PXToolsJavascripts/pexe_windows.js HTTP/1.1" 200 15207
186.103.159.183 - - [12/Jan/2018:12:15:45 -0300] "GET /cormun/static/PXToolsJavascripts/pexe_grid.js HTTP/1.1" 200 7559
186.103.159.183 - - [12/Jan/2018:12:15:45 -0300] "GET /cormun/static/gxui/gxui-all.js HTTP/1.1" 200 107772
186.103.159.183 - - [12/Jan/2018:12:15:45 -0300] "GET /cormun/static/PXToolsJavascripts/pexe_griddivfix.js HTTP/1.1" 200 6644
186.103.159.183 - - [12/Jan/2018:12:15:45 -0300] "GET /cormun/static/PXToolsJavascripts/pexe_link.js HTTP/1.1" 200 5671
186.103.159.183 - - [12/Jan/2018:12:15:45 -0300] "GET /cormun/static/PXToolsJavascripts/pexe_menudivfix.js HTTP/1.1" 200 333
186.103.159.183 - - [12/Jan/2018:12:15:45 -0300] "GET /cormun/static/PXToolsJavascripts/pexe_menus.js HTTP/1.1" 200 1286
186.103.159.183 - - [12/Jan/2018:12:15:45 -0300] "GET /cormun/static/Shared/ext/resources/css/ext-all.css?215870 HTTP/1.1" 200 416045
186.103.159.183 - - [12/Jan/2018:12:15:45 -0300] "GET /cormun/static/PXToolsJavascripts/pexe_layers.js HTTP/1.1" 200 4114
186.103.159.183 - - [12/Jan/2018:12:15:46 -0300] "GET /cormun/static/PXToolsJavascripts/pexe_oav.js HTTP/1.1" 200 645
186.103.159.183 - - [12/Jan/2018:12:15:46 -0300] "GET /cormun/static/PXToolsJavascripts/pexe_oavdivfix.js HTTP/1.1" 200 639
186.103.159.183 - - [12/Jan/2018:12:15:46 -0300] "GET /cormun/static/PXToolsJavascripts/pexe_picture.js HTTP/1.1" 200 689
186.103.159.183 - - [12/Jan/2018:12:15:46 -0300] "GET /cormun/static/PXToolsJavascripts/pexe_popup.js HTTP/1.1" 200 13458
186.103.159.183 - - [12/Jan/2018:12:15:46 -0300] "GET /cormun/static/PXToolsJavascripts/pexe_scrolldiv.js HTTP/1.1" 200 4138
186.103.159.183 - - [12/Jan/2018:12:15:46 -0300] "GET /cormun/static/PXToolsJavascripts/pexe_tabdivfix.js HTTP/1.1" 200 876
186.103.159.183 - - [12/Jan/2018:12:15:46 -0300] "GET /cormun/static/PXToolsJavascripts/pexe_tabs.js HTTP/1.1" 200 3748
186.103.159.183 - - [12/Jan/2018:12:15:46 -0300] "GET /cormun/static/PXToolsJavascripts/pexe_upload.js HTTP/1.1" 200 1423
186.103.159.183 - - [12/Jan/2018:12:15:46 -0300] "GET /cormun/static/PXToolsJavascripts/PXToolsJavascriptsRender.js HTTP/1.1" 200 367
186.103.159.183 - - [12/Jan/2018:12:15:46 -0300] "GET /cormun/static/Shared/ext/locale/ext-lang-en.js HTTP/1.1" 200 10940
186.103.159.183 - - [12/Jan/2018:12:15:46 -0300] "GET /cormun/static/gxdec.js?85251 HTTP/1.1" 200 19579
186.103.159.183 - - [12/Jan/2018:12:15:46 -0300] "GET /cormun/static/messages.spa.js?85251 HTTP/1.1" 200 30736
186.103.159.183 - - [12/Jan/2018:12:15:46 -0300] "GET /cormun/static/hwchdr01.js?201752511465785 HTTP/1.1" 200 1183
186.103.159.183 - - [12/Jan/2018:12:15:46 -0300] "GET /cormun/static/hpexe_recentlink.js?20177611595044 HTTP/1.1" 200 2144
186.103.159.183 - - [12/Jan/2018:12:15:46 -0300] "GET /cormun/static/hpexe_scripts.js?201752511465715 HTTP/1.1" 200 1544
186.103.159.183 - - [12/Jan/2018:12:15:46 -0300] "GET /cormun/static/hpexe_messagecontroller.js?20177611595012 HTTP/1.1" 200 870
186.103.159.183 - - [12/Jan/2018:12:15:46 -0300] "GET /cormun/static/hpexe_messagepopupcomponent.js?20161017169425 HTTP/1.1" 200 605
186.103.159.183 - - [12/Jan/2018:12:15:46 -0300] "GET /cormun/static/cmcontrolpreferences.js?201752511465670 HTTP/1.1" 200 1375
186.103.159.183 - - [12/Jan/2018:12:15:46 -0300] "GET /cormun/static/Shared/jquery/jquery-1.4.2.min.js HTTP/1.1" 200 72174
