192.168.10.135 - - [12/Jan/2018:11:22:02 -0300] "GET /cormun/static/Shared/ext/resources/css/ext-all.css?205870 HTTP/1.1" 200 416045
192.168.10.135 - - [12/Jan/2018:11:22:02 -0300] "GET /cormun/static/gxdec.js?85251 HTTP/1.1" 200 19579
192.168.10.135 - - [12/Jan/2018:11:22:02 -0300] "GET /cormun/static/trcontratosolicitud.js?20177612214349 HTTP/1.1" 200 28237
192.168.10.135 - - [12/Jan/2018:11:22:02 -0300] "GET /cormun/static/Resources/asc.gif HTTP/1.1" 200 67
192.168.10.135 - - [12/Jan/2018:11:22:02 -0300] "GET /cormun/static/Resources/desc.gif HTTP/1.1" 200 65
192.168.10.135 - - [12/Jan/2018:11:22:03 -0300] "GET /cormun//static/Resources/PXToolsActionDisabled.gif HTTP/1.1" 200 53
192.168.10.135 - - [12/Jan/2018:11:22:03 -0300] "GET /cormun//static/Resources/PXToolsGridNew.png HTTP/1.1" 200 2949
192.168.10.135 - - [12/Jan/2018:11:22:03 -0300] "GET /cormun/static/Shared/ext/resources/themes/images/default/panel/bg-headersPanel.png HTTP/1.1" 200 255
192.168.10.135 - - [12/Jan/2018:11:22:03 -0300] "GET /cormun/static/Shared/ext/resources/themes/images/default/tools/tool-sprites.gif HTTP/1.1" 200 5434
200.73.230.197 - - [12/Jan/2018:11:22:08 -0300] "GET /cormun/Manuales/ManualContratos.pdf HTTP/1.1" 200 629147
186.103.159.183 - - [12/Jan/2018:11:22:09 -0300] "GET /cormun/servlet/solicitudotadjuntos?0d54fad0cbb7b860912e0d952dd0502e02a727c9a7416b38d8c41c5df780813c,gx-no-cache=1515766890734 HTTP/1.1" 200 30
186.103.159.183 - - [12/Jan/2018:11:22:09 -0300] "GET /cormun/servlet/solicitudotadjuntos?0d54fad0cbb7b860912e0d952dd0502e02a727c9a7416b38d8c41c5df780813c,gx-no-cache=1515766890814 HTTP/1.1" 200 30
186.103.159.183 - - [12/Jan/2018:11:22:09 -0300] "POST /cormun/servlet/solicitudotadjuntos?e0903e6cf14ff42f3011a3fd2dc5d9c7,INS,2018,9032,,1, HTTP/1.1" 200 116
186.103.159.183 - - [12/Jan/2018:11:22:09 -0300] "GET /cormun/servlet/hpexe_return? HTTP/1.1" 200 1024
186.103.159.183 - - [12/Jan/2018:11:22:10 -0300] "GET /cormun/servlet/trsolicitudadjuntos?2018,9032, HTTP/1.1" 200 8758
186.103.159.183 - - [12/Jan/2018:11:22:11 -0300] "GET /cormun/servlet/trsolicitudadjuntos?2018,9032, HTTP/1.1" 200 8757
200.73.230.197 - - [12/Jan/2018:11:22:12 -0300] "GET /cormun/servlet/trfichaempleado? HTTP/1.1" 200 14304
192.168.10.135 - - [12/Jan/2018:11:22:12 -0300] "POST /cormun/servlet/trcontratosolicitud?f8bb32d19109146e74d9881a088c3b7f,,gx-no-cache=1515766892625 HTTP/1.1" 200 90
192.168.10.135 - - [12/Jan/2018:11:22:12 -0300] "GET /cormun/servlet/hpexe_link HTTP/1.1" 200 953
192.168.10.135 - - [12/Jan/2018:11:22:12 -0300] "GET /cormun/servlet/hhome HTTP/1.1" 200 4180
186.103.159.183 - - [12/Jan/2018:11:22:16 -0300] "GET /cormun/servlet/solicitudotadjuntos?INS,2018,9032,,1, HTTP/1.1" 200 6219
186.103.159.183 - - [12/Jan/2018:11:22:18 -0300] "GET /cormun/static/about:blank HTTP/1.1" 404 1011
186.103.159.183 - - [12/Jan/2018:11:22:18 -0300] "GET /cormun/servlet/solicitudotadjuntos?INS,2018,9032,,1, HTTP/1.1" 200 6213
186.103.159.183 - - [12/Jan/2018:11:22:19 -0300] "GET /cormun/servlet/solicitudotadjuntos?0d54fad0cbb7b860912e0d952dd0502ef7760208ed292cab562718d92618f9b18ef14cf059e31dea3f5128eba5203aa6,gx-no-cache=1515766900924 HTTP/1.1" 200 30
186.103.159.183 - - [12/Jan/2018:11:22:19 -0300] "POST /cormun/servlet/solicitudotadjuntos?e0903e6cf14ff42f3011a3fd2dc5d9c7,INS,2018,9032,,1,,gx-no-cache=1515766901063 HTTP/1.1" 200 3981
186.103.159.183 - - [12/Jan/2018:11:22:23 -0300] "POST /cormun/servlet/solicitudotadjuntos?gx-no-cache=1515766905137 HTTP/1.1" 200 26
186.103.159.183 - - [12/Jan/2018:11:22:43 -0300] "GET /cormun/servlet/solicitudotadjuntos?0d54fad0cbb7b860912e0d952dd0502e02a727c9a7416b38d8c41c5df780813c,gx-no-cache=1515766925513 HTTP/1.1" 200 30
186.103.159.183 - - [12/Jan/2018:11:22:43 -0300] "GET /cormun/servlet/solicitudotadjuntos?0d54fad0cbb7b860912e0d952dd0502e02a727c9a7416b38d8c41c5df780813c,gx-no-cache=1515766925592 HTTP/1.1" 200 30
186.103.159.183 - - [12/Jan/2018:11:22:44 -0300] "POST /cormun/servlet/solicitudotadjuntos?e0903e6cf14ff42f3011a3fd2dc5d9c7,INS,2018,9032,,1, HTTP/1.1" 200 116
186.103.159.183 - - [12/Jan/2018:11:22:44 -0300] "GET /cormun/servlet/hpexe_return? HTTP/1.1" 200 1024
186.103.159.183 - - [12/Jan/2018:11:22:45 -0300] "GET /cormun/servlet/trsolicitudadjuntos?2018,9032, HTTP/1.1" 200 8927
186.103.159.183 - - [12/Jan/2018:11:22:46 -0300] "GET /cormun/servlet/trsolicitudadjuntos?2018,9032, HTTP/1.1" 200 8926
186.103.159.183 - - [12/Jan/2018:11:22:58 -0300] "GET /cormun/servlet/solicitudotadjuntos?INS,2018,9032,,1, HTTP/1.1" 200 6220
186.103.159.183 - - [12/Jan/2018:11:22:59 -0300] "GET /cormun/static/about:blank HTTP/1.1" 404 1011
186.103.159.183 - - [12/Jan/2018:11:22:59 -0300] "GET /cormun/servlet/solicitudotadjuntos?INS,2018,9032,,1, HTTP/1.1" 200 6213
186.103.159.183 - - [12/Jan/2018:11:23:00 -0300] "GET /cormun/servlet/solicitudotadjuntos?0d54fad0cbb7b860912e0d952dd0502ef7760208ed292cab562718d92618f9b18ef14cf059e31dea3f5128eba5203aa6,gx-no-cache=1515766941929 HTTP/1.1" 200 30
186.103.159.183 - - [12/Jan/2018:11:23:00 -0300] "POST /cormun/servlet/solicitudotadjuntos?e0903e6cf14ff42f3011a3fd2dc5d9c7,INS,2018,9032,,1,,gx-no-cache=1515766942014 HTTP/1.1" 200 3981
186.103.159.183 - - [12/Jan/2018:11:23:07 -0300] "POST /cormun/servlet/solicitudotadjuntos?gx-no-cache=1515766948696 HTTP/1.1" 200 26
200.73.230.197 - - [12/Jan/2018:11:23:09 -0300] "GET /cormun/servlet/hhome HTTP/1.1" 200 3910
200.73.230.197 - - [12/Jan/2018:11:23:11 -0300] "GET /cormun/servlet/hhome HTTP/1.1" 200 3908
186.103.159.183 - - [12/Jan/2018:11:23:18 -0300] "GET /cormun/servlet/solicitudotadjuntos?0d54fad0cbb7b860912e0d952dd0502e02a727c9a7416b38d8c41c5df780813c,gx-no-cache=1515766960039 HTTP/1.1" 200 30
186.103.159.183 - - [12/Jan/2018:11:23:18 -0300] "GET /cormun/servlet/solicitudotadjuntos?0d54fad0cbb7b860912e0d952dd0502e02a727c9a7416b38d8c41c5df780813c,gx-no-cache=1515766960073 HTTP/1.1" 200 30
186.103.159.183 - - [12/Jan/2018:11:23:18 -0300] "POST /cormun/servlet/solicitudotadjuntos?e0903e6cf14ff42f3011a3fd2dc5d9c7,INS,2018,9032,,1, HTTP/1.1" 200 116
186.103.159.183 - - [12/Jan/2018:11:23:18 -0300] "GET /cormun/servlet/hpexe_return? HTTP/1.1" 200 1024
186.103.159.183 - - [12/Jan/2018:11:23:19 -0300] "GET /cormun/servlet/trsolicitudadjuntos?2018,9032, HTTP/1.1" 200 9100
186.103.159.183 - - [12/Jan/2018:11:23:20 -0300] "GET /cormun/servlet/trsolicitudadjuntos?2018,9032, HTTP/1.1" 200 9097
200.86.95.220 - - [12/Jan/2018:11:23:20 -0300] "POST /cormun/servlet/solicitudot?gx-no-cache=1515766961434 HTTP/1.1" 200 43
200.86.95.220 - - [12/Jan/2018:11:23:22 -0300] "POST /cormun/servlet/solicitudot?gx-no-cache=1515766963324 HTTP/1.1" 200 255
186.103.159.183 - - [12/Jan/2018:11:23:24 -0300] "GET /cormun/servlet/solicitudotadjuntos?INS,2018,9032,,1, HTTP/1.1" 200 6219
200.86.95.220 - - [12/Jan/2018:11:23:24 -0300] "GET /cormun/servlet/solicitudot?186b6e3051f535cad3753ea06a3e7781935db274858651acc114b847ba787469fc3bc333d2587bec09240491c729fecb368ccf993b14968b60fc2152e6fcfe137a8f0c8283f67f041a66e2279dba095122dd6687c70566376f8cdd676cc89f76d99ca9f78f050e5623258c25fef2bde164762bbb4312cec7170806d77e27ac72370f236ed8a1f87e9c713794b6de11e967b35a42bc6077beb2a837cabd357d522b04af9356f04f8353c35bb11c3214413d34cc9f4ee2606755c3a08097456e04e5aa5cfa5b456c888ded3c031556298ee5a63c9a1f67af4e71de15d637a4b791061a1c66f62f9820c85b3769fe10ea8bfb1c3878a6f54a98612145d292e67db49a7e8836ae440dd9b19d069784fdc837bc80a0cbe5b891420eb1340cc3c42dceffa36e4512191008c61a87688801785dcdc61afb1baf9266d181f867a20ff1029b3cd08eba7c18a389cbbb2abd4aa18644e6c33037a64bd3df7eb2ffdef4742ffa374dfd31b3de7b4f45f263fbc3ce104821d28119de818e747c1a176bdb9ebb,gx-no-cache=1515766965585 HTTP/1.1" 200 30
186.103.159.183 - - [12/Jan/2018:11:23:24 -0300] "GET /cormun/static/about:blank HTTP/1.1" 404 1011
186.103.159.183 - - [12/Jan/2018:11:23:25 -0300] "GET /cormun/servlet/solicitudotadjuntos?INS,2018,9032,,1, HTTP/1.1" 200 6212
186.103.159.183 - - [12/Jan/2018:11:23:25 -0300] "GET /cormun/servlet/solicitudotadjuntos?0d54fad0cbb7b860912e0d952dd0502ef7760208ed292cab562718d92618f9b18ef14cf059e31dea3f5128eba5203aa6,gx-no-cache=1515766967440 HTTP/1.1" 200 30
186.103.159.183 - - [12/Jan/2018:11:23:26 -0300] "POST /cormun/servlet/solicitudotadjuntos?e0903e6cf14ff42f3011a3fd2dc5d9c7,INS,2018,9032,,1,,gx-no-cache=1515766967503 HTTP/1.1" 200 3981
200.86.95.220 - - [12/Jan/2018:11:23:28 -0300] "POST /cormun/servlet/solicitudot?gx-no-cache=1515766969483 HTTP/1.1" 200 30
186.103.159.183 - - [12/Jan/2018:11:23:28 -0300] "POST /cormun/servlet/solicitudotadjuntos?gx-no-cache=1515766970394 HTTP/1.1" 200 26
200.86.95.220 - - [12/Jan/2018:11:23:31 -0300] "GET /cormun/static/Resources/resize.gif HTTP/1.1" 200 77
200.86.95.220 - - [12/Jan/2018:11:23:31 -0300] "GET /cormun/servlet/prsolicitudot?16718590,,,,,MD,,gxPopupLevel%3D0%3B HTTP/1.1" 200 5901
200.86.95.220 - - [12/Jan/2018:11:23:31 -0300] "GET /cormun/static/gxcfg.js?2017111422591492 HTTP/1.1" 200 953
200.86.95.220 - - [12/Jan/2018:11:23:31 -0300] "GET /cormun/static/Resources/PXToolsMenuSearch.png HTTP/1.1" 200 2914
200.86.95.220 - - [12/Jan/2018:11:23:31 -0300] "GET /cormun/static/prsolicitudot.js?2017111422591715 HTTP/1.1" 200 13680
200.86.95.220 - - [12/Jan/2018:11:23:31 -0300] "GET /cormun/static/Resources/PXToolsMenuSearchCancel.png HTTP/1.1" 200 2972
186.103.159.183 - - [12/Jan/2018:11:23:36 -0300] "GET /cormun/servlet/solicitudotadjuntos?0d54fad0cbb7b860912e0d952dd0502e02a727c9a7416b38d8c41c5df780813c,gx-no-cache=1515766977752 HTTP/1.1" 200 30
186.103.159.183 - - [12/Jan/2018:11:23:36 -0300] "GET /cormun/servlet/solicitudotadjuntos?0d54fad0cbb7b860912e0d952dd0502e02a727c9a7416b38d8c41c5df780813c,gx-no-cache=1515766977819 HTTP/1.1" 200 30
200.86.95.220 - - [12/Jan/2018:11:23:36 -0300] "POST /cormun/servlet/solicitudot?gx-no-cache=1515766977802 HTTP/1.1" 200 1353
200.86.95.220 - - [12/Jan/2018:11:23:36 -0300] "POST /cormun/servlet/solicitudot?gx-no-cache=1515766977974 HTTP/1.1" 200 38
200.86.95.220 - - [12/Jan/2018:11:23:37 -0300] "GET /cormun/servlet/solicitudot?186b6e3051f535cad3753ea06a3e7781ceb944de5c943e644b9a986d5d6cee779dcd20e16ecf2ee9eb47e3b575d02fba5ef9facb3fb0c6e5a15d990e49ffd88308b38dfca6f50b3065292c5b8a81d26c5a4c79e8d8876317deaa39ba3d93d5da36e700fa2fbab8272bbea0f4aa110cfb,gx-no-cache=1515766978088 HTTP/1.1" 200 29
200.86.95.220 - - [12/Jan/2018:11:23:37 -0300] "POST /cormun/servlet/solicitudot?gx-no-cache=1515766978190 HTTP/1.1" 200 219
186.103.159.183 - - [12/Jan/2018:11:23:37 -0300] "POST /cormun/servlet/solicitudotadjuntos?e0903e6cf14ff42f3011a3fd2dc5d9c7,INS,2018,9032,,1, HTTP/1.1" 200 116
200.86.95.220 - - [12/Jan/2018:11:23:37 -0300] "GET /cormun/servlet/solicitudot?186b6e3051f535cad3753ea06a3e778104099d7214d2987d1b6d9ccd8463a70124d0a3115aa31fe0449b727059dbd63ee25c04c64f67202ac9235426ba42367980bd04c25281fc1d4fd3362f7597c03fcccf345433e4fe29bf21db42a8b8f9369dcd20e16ecf2ee9eb47e3b575d02fba70cfd2bd2d69ae3337ca8e96f4106135a97008e7087e93ddc7eede563253be48,gx-no-cache=1515766978309 HTTP/1.1" 200 55
186.103.159.183 - - [12/Jan/2018:11:23:37 -0300] "GET /cormun/servlet/hpexe_return? HTTP/1.1" 200 1024
200.86.95.220 - - [12/Jan/2018:11:23:37 -0300] "GET /cormun/servlet/solicitudot?186b6e3051f535cad3753ea06a3e778170f97660905396bd8379eb9dcadc21c343d4663961788f93fbc66d6a4f41ba52,gx-no-cache=1515766978397 HTTP/1.1" 200 30
186.103.159.183 - - [12/Jan/2018:11:23:37 -0300] "GET /cormun/servlet/trsolicitudadjuntos?2018,9032, HTTP/1.1" 200 9284
186.103.159.183 - - [12/Jan/2018:11:23:38 -0300] "GET /cormun/servlet/trsolicitudadjuntos?2018,9032, HTTP/1.1" 200 9282
186.103.159.183 - - [12/Jan/2018:11:23:44 -0300] "GET /cormun/servlet/solicitudotadjuntos?INS,2018,9032,,1, HTTP/1.1" 200 6219
186.103.159.183 - - [12/Jan/2018:11:23:45 -0300] "GET /cormun/static/about:blank HTTP/1.1" 404 1011
186.103.159.183 - - [12/Jan/2018:11:23:45 -0300] "GET /cormun/servlet/solicitudotadjuntos?INS,2018,9032,,1, HTTP/1.1" 200 6212
186.103.159.183 - - [12/Jan/2018:11:23:46 -0300] "GET /cormun/servlet/solicitudotadjuntos?0d54fad0cbb7b860912e0d952dd0502ef7760208ed292cab562718d92618f9b18ef14cf059e31dea3f5128eba5203aa6,gx-no-cache=1515766987807 HTTP/1.1" 200 30
186.103.159.183 - - [12/Jan/2018:11:23:46 -0300] "POST /cormun/servlet/solicitudotadjuntos?e0903e6cf14ff42f3011a3fd2dc5d9c7,INS,2018,9032,,1,,gx-no-cache=1515766987882 HTTP/1.1" 200 3981
186.103.159.183 - - [12/Jan/2018:11:23:50 -0300] "POST /cormun/servlet/solicitudotadjuntos?gx-no-cache=1515766992241 HTTP/1.1" 200 26
186.103.159.183 - - [12/Jan/2018:11:24:03 -0300] "GET /cormun/servlet/solicitudotadjuntos?0d54fad0cbb7b860912e0d952dd0502e02a727c9a7416b38d8c41c5df780813c,gx-no-cache=1515767004848 HTTP/1.1" 200 30
186.103.159.183 - - [12/Jan/2018:11:24:03 -0300] "GET /cormun/servlet/solicitudotadjuntos?0d54fad0cbb7b860912e0d952dd0502e02a727c9a7416b38d8c41c5df780813c,gx-no-cache=1515767004888 HTTP/1.1" 200 30
186.103.159.183 - - [12/Jan/2018:11:24:03 -0300] "POST /cormun/servlet/solicitudotadjuntos?e0903e6cf14ff42f3011a3fd2dc5d9c7,INS,2018,9032,,1, HTTP/1.1" 200 116
186.103.159.183 - - [12/Jan/2018:11:24:03 -0300] "GET /cormun/servlet/hpexe_return? HTTP/1.1" 200 1024
186.103.159.183 - - [12/Jan/2018:11:24:04 -0300] "GET /cormun/servlet/trsolicitudadjuntos?2018,9032, HTTP/1.1" 200 9497
200.86.95.220 - - [12/Jan/2018:11:24:04 -0300] "POST /cormun/servlet/solicitudot?gx-no-cache=1515767005153 HTTP/1.1" 200 216
200.86.95.220 - - [12/Jan/2018:11:24:04 -0300] "GET /cormun/servlet/solicitudot?186b6e3051f535cad3753ea06a3e778104099d7214d2987d1b6d9ccd8463a70124d0a3115aa31fe0449b727059dbd63ee25c04c64f67202ac9235426ba42367980bd04c25281fc1d4fd3362f7597c03fcccf345433e4fe29bf21db42a8b8f9369dcd20e16ecf2ee9eb47e3b575d02fba70cfd2bd2d69ae3337ca8e96f4106135a97008e7087e93ddc7eede563253be48,gx-no-cache=1515767005293 HTTP/1.1" 200 55
186.103.159.183 - - [12/Jan/2018:11:24:05 -0300] "GET /cormun/servlet/trsolicitudadjuntos?2018,9032, HTTP/1.1" 200 9493
186.103.159.183 - - [12/Jan/2018:11:24:12 -0300] "GET /cormun/servlet/trsolicitudot? HTTP/1.1" 200 8726
186.103.159.183 - - [12/Jan/2018:11:24:13 -0300] "GET /cormun/servlet/trsolicitudot? HTTP/1.1" 200 8720
200.86.95.220 - - [12/Jan/2018:11:24:17 -0300] "POST /cormun/servlet/solicitudot?gx-no-cache=1515767018192 HTTP/1.1" 200 33
200.86.95.220 - - [12/Jan/2018:11:24:17 -0300] "POST /cormun/servlet/solicitudot?f7d474b46e14763fed6e78115c310f6b,INS,0,0,,gx-no-cache=1515767018320 HTTP/1.1" 200 93
200.86.95.220 - - [12/Jan/2018:11:24:17 -0300] "GET /cormun/servlet/hpexe_return? HTTP/1.1" 200 1008
200.86.95.220 - - [12/Jan/2018:11:24:18 -0300] "GET /cormun/servlet/trsolicitudot HTTP/1.1" 200 8733
186.103.159.183 - - [12/Jan/2018:11:24:18 -0300] "POST /cormun/servlet/trsolicitudot?e0903e6cf14ff42f3011a3fd2dc5d9c7,,gx-no-cache=1515767020124 HTTP/1.1" 200 4677
186.103.159.183 - - [12/Jan/2018:11:24:18 -0300] "GET /cormun/static/Shared/jqueryui/images/ui-bg_highlight-soft_100_c6c2c8_1x100.png HTTP/1.1" 404 1117
186.103.159.183 - - [12/Jan/2018:11:24:18 -0300] "GET /cormun/static/Shared/jqueryui/images/ui-icons_82798d_256x240.png HTTP/1.1" 404 1089
186.103.159.183 - - [12/Jan/2018:11:24:18 -0300] "GET /cormun/static/Shared/jqueryui/images/ui-bg_flat_55_fafafa_40x100.png HTTP/1.1" 404 1097
186.103.159.183 - - [12/Jan/2018:11:24:18 -0300] "GET /cormun/static/Shared/jqueryui/images/ui-icons_8d78a5_256x240.png HTTP/1.1" 404 1089
186.103.159.183 - - [12/Jan/2018:11:24:19 -0300] "POST /cormun/servlet/trsolicitudot?e0903e6cf14ff42f3011a3fd2dc5d9c7,,gx-no-cache=1515767020571 HTTP/1.1" 200 4466
200.86.95.220 - - [12/Jan/2018:11:24:19 -0300] "GET /cormun/servlet/trsolicitudot HTTP/1.1" 200 8729
186.103.159.183 - - [12/Jan/2018:11:24:23 -0300] "GET /cormun/servlet/trautorizarsolicitud? HTTP/1.1" 200 8617
186.103.159.183 - - [12/Jan/2018:11:24:23 -0300] "GET /cormun/static/gxcfg.js?2017111423403364 HTTP/1.1" 200 953
186.103.159.183 - - [12/Jan/2018:11:24:23 -0300] "GET /cormun/static/trautorizarsolicitud.js?201711142340425 HTTP/1.1" 200 53910
186.103.159.183 - - [12/Jan/2018:11:24:24 -0300] "GET /cormun/servlet/trautorizarsolicitud? HTTP/1.1" 200 8619
200.86.95.220 - - [12/Jan/2018:11:24:29 -0300] "POST /cormun/servlet/trsolicitudot?f7d474b46e14763fed6e78115c310f6b,gx-no-cache=1515767029865 HTTP/1.1" 200 105
200.86.95.220 - - [12/Jan/2018:11:24:29 -0300] "GET /cormun/servlet/solicitudot?UPD,2018,9033, HTTP/1.1" 200 14620
200.86.95.220 - - [12/Jan/2018:11:24:30 -0300] "GET /cormun/servlet/solicitudot?UPD,2018,9033, HTTP/1.1" 200 14629
200.86.95.220 - - [12/Jan/2018:11:24:31 -0300] "POST /cormun/servlet/solicitudot?gx-no-cache=1515767032147 HTTP/1.1" 200 3812
200.86.95.220 - - [12/Jan/2018:11:24:31 -0300] "POST /cormun/servlet/solicitudot?f7d474b46e14763fed6e78115c310f6b,UPD,2018,9033,,gx-no-cache=1515767032414 HTTP/1.1" 200 11135
200.86.95.220 - - [12/Jan/2018:11:24:31 -0300] "GET /cormun/servlet/solicitudot?186b6e3051f535cad3753ea06a3e7781dfadebc630aff66495df8413f8854d60d1027fe55456d35e410de7833903cd44,gx-no-cache=1515767032768 HTTP/1.1" 200 30
200.86.95.220 - - [12/Jan/2018:11:24:31 -0300] "POST /cormun/servlet/solicitudot?gx-no-cache=1515767032868 HTTP/1.1" 200 43
200.86.95.220 - - [12/Jan/2018:11:24:31 -0300] "POST /cormun/servlet/solicitudot?gx-no-cache=1515767032936 HTTP/1.1" 200 256
200.86.95.220 - - [12/Jan/2018:11:24:31 -0300] "GET /cormun/servlet/solicitudot?186b6e3051f535cad3753ea06a3e7781935db274858651acc114b847ba787469fc3bc333d2587bec09240491c729fecb368ccf993b14968b60fc2152e6fcfe137a8f0c8283f67f041a66e2279dba095122dd6687c70566376f8cdd676cc89f76d99ca9f78f050e5623258c25fef2bde164762bbb4312cec7170806d77e27ac72370f236ed8a1f87e9c713794b6de11e967b35a42bc6077beb2a837cabd357d522b04af9356f04f8353c35bb11c3214413d34cc9f4ee2606755c3a08097456e04e5aa5cfa5b456c888ded3c031556298ee5a63c9a1f67af4e71de15d637a4b791061a1c66f62f9820c85b3769fe10ea8bfb1c3878a6f54a98612145d292e67db49a7e8836ae440dd9b19d069784fdc837bc80a0cbe5b891420eb1340cc3c42dceffa36e4512191008c61a87688801785dcdc61afb1baf9266d181f867a20ff1029b3cd08eba7c18a389cbbb2abd4aa18644e6c33037a64bd3df7eb2ffdef4742ffa374dfd31b3de7b4f45f263fbc3ce104cced4bfd3938614d21a136d33cdcb7c,gx-no-cache=1515767033007 HTTP/1.1" 200 30
200.86.95.220 - - [12/Jan/2018:11:24:32 -0300] "POST /cormun/servlet/solicitudot?gx-no-cache=1515767033066 HTTP/1.1" 200 30
200.86.95.220 - - [12/Jan/2018:11:24:32 -0300] "POST /cormun/servlet/solicitudot?gx-no-cache=1515767033132 HTTP/1.1" 200 232
200.86.95.220 - - [12/Jan/2018:11:24:32 -0300] "POST /cormun/servlet/solicitudot?gx-no-cache=1515767033230 HTTP/1.1" 200 41
200.73.230.197 - - [12/Jan/2018:11:24:33 -0300] "GET /cormun/servlet/trfichaempleado? HTTP/1.1" 200 14304
200.86.95.220 - - [12/Jan/2018:11:24:37 -0300] "GET /cormun/servlet/solicitudot?186b6e3051f535cad3753ea06a3e7781ae244f8f4bc0c091f75035457d146446ce97999e73df08d3950a70b2094bc485307fe8f200323abc67697e1b234083f3f5737f616bb7ed3fa237d1a45e612cd8f881cb4727060a4be96828ebdea484df7ce2eb1b44f4e124b9fbae852882e5225c599355dcd7d262a5789df6f9e12a7196a58b5748cf9f5828e14f6ca45bc4d121edc8ffd56a950457edf19f9c54838eeaef71fc7d674e6553be5ef738bd3ebc552c7c72ae8a77145011c90bcbd9b7af574fdfcaa8c806bfd0b8485f441ac4ba,gx-no-cache=1515767038464 HTTP/1.1" 200 30
200.86.95.220 - - [12/Jan/2018:11:24:44 -0300] "POST /cormun/servlet/solicitudot?gx-no-cache=1515767045793 HTTP/1.1" 200 216
200.86.95.220 - - [12/Jan/2018:11:24:44 -0300] "GET /cormun/servlet/solicitudot?186b6e3051f535cad3753ea06a3e778104099d7214d2987d1b6d9ccd8463a70104ff1cb7315da7636c76b6ceeb0a9aaf9a7e8836ae440dd9b19d069784fdc8373ca7380c62998216ba5d24ec0aaa726b4e80314a50a5c2821d06a39c0c34b42599dd596c7427d903fab948f5291e543e9cc0572ab3e3e2342ce6f8ea2274b1ec76e3b3b0b9d6310cf284507bbc4b17605809507eb983c1bae43f72eccf1a2f89,gx-no-cache=1515767045872 HTTP/1.1" 200 55
200.86.95.220 - - [12/Jan/2018:11:24:44 -0300] "GET /cormun/servlet/solicitudot?186b6e3051f535cad3753ea06a3e778170f97660905396bd8379eb9dcadc21c343d4663961788f93fbc66d6a4f41ba52,gx-no-cache=1515767045957 HTTP/1.1" 200 30
200.86.95.220 - - [12/Jan/2018:11:24:45 -0300] "POST /cormun/servlet/solicitudot?gx-no-cache=1515767046050 HTTP/1.1" 200 33
200.86.95.220 - - [12/Jan/2018:11:24:45 -0300] "POST /cormun/servlet/solicitudot?f7d474b46e14763fed6e78115c310f6b,UPD,2018,9033,,gx-no-cache=1515767046161 HTTP/1.1" 200 93
186.103.157.246 - - [12/Jan/2018:11:24:45 -0300] "POST /cormun/servlet/solicitudot?5ace0ba0f11ad9b3c7a9a422c5b4fe7b,INS,0,0,,gx-no-cache=1515767046424 HTTP/1.1" 200 93
200.86.95.220 - - [12/Jan/2018:11:24:45 -0300] "GET /cormun/servlet/hpexe_return? HTTP/1.1" 200 1015
186.103.157.246 - - [12/Jan/2018:11:24:45 -0300] "GET /cormun/servlet/hpexe_return? HTTP/1.1" 200 1006
186.103.157.246 - - [12/Jan/2018:11:24:45 -0300] "GET /cormun/servlet/trsolicitudot? HTTP/1.1" 200 7323
200.86.95.220 - - [12/Jan/2018:11:24:45 -0300] "GET /cormun/servlet/trsolicitudot HTTP/1.1" 200 8732
186.103.157.246 - - [12/Jan/2018:11:24:46 -0300] "GET /cormun/servlet/trsolicitudot? HTTP/1.1" 200 7319
200.86.95.220 - - [12/Jan/2018:11:24:46 -0300] "GET /cormun/servlet/trsolicitudot HTTP/1.1" 200 8728
186.103.159.183 - - [12/Jan/2018:11:24:53 -0300] "GET /cormun/servlet/treventos?2018,9032, HTTP/1.1" 200 7784
186.103.159.183 - - [12/Jan/2018:11:24:53 -0300] "GET /cormun/static/gxcfg.js?2016101716195975 HTTP/1.1" 200 953
186.103.159.183 - - [12/Jan/2018:11:24:53 -0300] "GET /cormun/static/treventos.js?201610171620222 HTTP/1.1" 200 16064
186.103.159.183 - - [12/Jan/2018:11:24:54 -0300] "GET /cormun/servlet/treventos?2018,9032, HTTP/1.1" 200 7784
200.86.95.220 - - [12/Jan/2018:11:24:54 -0300] "GET /cormun/servlet/solicitudot?INS,0,0, HTTP/1.1" 200 14043
200.86.95.220 - - [12/Jan/2018:11:24:56 -0300] "GET /cormun/servlet/solicitudot?INS,0,0, HTTP/1.1" 200 14048
186.103.157.246 - - [12/Jan/2018:11:24:57 -0300] "GET /cormun/servlet/solicitudot?INS,0,0, HTTP/1.1" 200 14052
186.103.157.246 - - [12/Jan/2018:11:24:57 -0300] "GET /cormun/servlet/solicitudot?INS,0,0, HTTP/1.1" 200 14057
186.103.159.183 - - [12/Jan/2018:11:24:59 -0300] "GET /cormun/servlet/trautorizarsolicitud? HTTP/1.1" 200 8619
186.103.159.183 - - [12/Jan/2018:11:25:00 -0300] "GET /cormun/servlet/trautorizarsolicitud? HTTP/1.1" 200 8619
200.86.95.220 - - [12/Jan/2018:11:25:06 -0300] "POST /cormun/servlet/solicitudot?gx-no-cache=1515767067623 HTTP/1.1" 200 3755
200.86.95.220 - - [12/Jan/2018:11:25:07 -0300] "POST /cormun/servlet/solicitudot?f7d474b46e14763fed6e78115c310f6b,INS,0,0,,gx-no-cache=1515767067953 HTTP/1.1" 200 10901
186.103.159.183 - - [12/Jan/2018:11:25:11 -0300] "POST /cormun/servlet/trautorizarsolicitud?e0903e6cf14ff42f3011a3fd2dc5d9c7,,gx-no-cache=1515767073352 HTTP/1.1" 200 4608
186.103.159.183 - - [12/Jan/2018:11:25:11 -0300] "GET /cormun/static/Shared/jqueryui/images/ui-bg_highlight-soft_100_c6c2c8_1x100.png HTTP/1.1" 404 1117
186.103.159.183 - - [12/Jan/2018:11:25:11 -0300] "GET /cormun/static/Shared/jqueryui/images/ui-icons_82798d_256x240.png HTTP/1.1" 404 1089
186.103.159.183 - - [12/Jan/2018:11:25:11 -0300] "GET /cormun/static/Shared/jqueryui/images/ui-bg_flat_55_fafafa_40x100.png HTTP/1.1" 404 1097
186.103.159.183 - - [12/Jan/2018:11:25:11 -0300] "GET /cormun/static/Shared/jqueryui/images/ui-icons_8d78a5_256x240.png HTTP/1.1" 404 1089
186.103.159.183 - - [12/Jan/2018:11:25:12 -0300] "POST /cormun/servlet/trautorizarsolicitud?e0903e6cf14ff42f3011a3fd2dc5d9c7,,gx-no-cache=1515767073675 HTTP/1.1" 200 4397
200.86.95.220 - - [12/Jan/2018:11:25:18 -0300] "GET /cormun/servlet/solicitudot?186b6e3051f535cad3753ea06a3e7781dfadebc630aff66495df8413f8854d605df548a867fd6a58832d7aa1841811c0,gx-no-cache=1515767079855 HTTP/1.1" 200 30
186.103.157.246 - - [12/Jan/2018:11:25:25 -0300] "POST /cormun/servlet/solicitudot?gx-no-cache=1515767087225 HTTP/1.1" 200 3755
200.73.230.197 - - [12/Jan/2018:11:25:26 -0300] "GET /cormun/servlet/trfichaempleado? HTTP/1.1" 200 14304
186.103.157.246 - - [12/Jan/2018:11:25:26 -0300] "POST /cormun/servlet/solicitudot?5ace0ba0f11ad9b3c7a9a422c5b4fe7b,INS,0,0,,gx-no-cache=1515767087493 HTTP/1.1" 200 10912
186.103.157.246 - - [12/Jan/2018:11:25:29 -0300] "GET /cormun/servlet/solicitudot?9463e2342f044d3f56664d5d2ca5937b6a02809cb18cc328f429003b2c5fd668644f46d2f99e3c316b0f0895a706421a,gx-no-cache=1515767090724 HTTP/1.1" 200 30
200.73.230.197 - - [12/Jan/2018:11:25:54 -0300] "GET /cormun/servlet/trfichaempleado? HTTP/1.1" 200 14305
200.73.230.197 - - [12/Jan/2018:11:26:26 -0300] "GET /cormun/servlet/trfichaempleado? HTTP/1.1" 200 14305
200.86.95.220 - - [12/Jan/2018:11:27:26 -0300] "POST /cormun/servlet/solicitudot?gx-no-cache=1515767207150 HTTP/1.1" 200 43
200.86.95.220 - - [12/Jan/2018:11:27:27 -0300] "POST /cormun/servlet/solicitudot?gx-no-cache=1515767208946 HTTP/1.1" 200 255
200.86.95.220 - - [12/Jan/2018:11:27:30 -0300] "GET /cormun/servlet/solicitudot?186b6e3051f535cad3753ea06a3e7781935db274858651acc114b847ba787469fc3bc333d2587bec09240491c729fecb368ccf993b14968b60fc2152e6fcfe137a8f0c8283f67f041a66e2279dba095122dd6687c70566376f8cdd676cc89f76d99ca9f78f050e5623258c25fef2bde164762bbb4312cec7170806d77e27ac72370f236ed8a1f87e9c713794b6de11e967b35a42bc6077beb2a837cabd357d522b04af9356f04f8353c35bb11c3214413d34cc9f4ee2606755c3a08097456e04e5aa5cfa5b456c888ded3c031556298ee5a63c9a1f67af4e71de15d637a4b791061a1c66f62f9820c85b3769fe10ea8bfb1c3878a6f54a98612145d292e67db49a7e8836ae440dd9b19d069784fdc837bc80a0cbe5b891420eb1340cc3c42dceffa36e4512191008c61a87688801785dcdc61afb1baf9266d181f867a20ff1029b3cd08eba7c18a389cbbb2abd4aa18644e6c33037a64bd3df7eb2ffdef4742ffa374dfd31b3de7b4f45f263fbc3ce104821d28119de818e747c1a176bdb9ebb,gx-no-cache=1515767211014 HTTP/1.1" 200 30
200.86.95.220 - - [12/Jan/2018:11:27:33 -0300] "POST /cormun/servlet/solicitudot?gx-no-cache=1515767214705 HTTP/1.1" 200 30
200.86.95.220 - - [12/Jan/2018:11:27:35 -0300] "GET /cormun/servlet/prsolicitudot?16718590,,,,,MD,,gxPopupLevel%3D0%3B HTTP/1.1" 200 5947
200.86.95.220 - - [12/Jan/2018:11:27:55 -0300] "POST /cormun/servlet/solicitudot?gx-no-cache=1515767236223 HTTP/1.1" 200 1353
200.86.95.220 - - [12/Jan/2018:11:27:55 -0300] "POST /cormun/servlet/solicitudot?gx-no-cache=1515767236351 HTTP/1.1" 200 38
200.86.95.220 - - [12/Jan/2018:11:27:55 -0300] "GET /cormun/servlet/solicitudot?186b6e3051f535cad3753ea06a3e7781ceb944de5c943e644b9a986d5d6cee779dcd20e16ecf2ee9eb47e3b575d02fba5ef9facb3fb0c6e5a15d990e49ffd88308b38dfca6f50b3065292c5b8a81d26c5a4c79e8d8876317deaa39ba3d93d5da36e700fa2fbab8272bbea0f4aa110cfb,gx-no-cache=1515767236407 HTTP/1.1" 200 29
200.86.95.220 - - [12/Jan/2018:11:27:55 -0300] "POST /cormun/servlet/solicitudot?gx-no-cache=1515767236474 HTTP/1.1" 200 219
200.86.95.220 - - [12/Jan/2018:11:27:55 -0300] "GET /cormun/servlet/solicitudot?186b6e3051f535cad3753ea06a3e778104099d7214d2987d1b6d9ccd8463a70124d0a3115aa31fe0449b727059dbd63ee25c04c64f67202ac9235426ba42367980bd04c25281fc1d4fd3362f7597c03fcccf345433e4fe29bf21db42a8b8f9369dcd20e16ecf2ee9eb47e3b575d02fba70cfd2bd2d69ae3337ca8e96f4106135a97008e7087e93ddc7eede563253be48,gx-no-cache=1515767236552 HTTP/1.1" 200 55
200.86.95.220 - - [12/Jan/2018:11:27:55 -0300] "GET /cormun/servlet/solicitudot?186b6e3051f535cad3753ea06a3e778170f97660905396bd8379eb9dcadc21c343d4663961788f93fbc66d6a4f41ba52,gx-no-cache=1515767236619 HTTP/1.1" 200 30
186.103.157.246 - - [12/Jan/2018:11:28:13 -0300] "POST /cormun/servlet/solicitudot?gx-no-cache=1515767254633 HTTP/1.1" 200 43
186.103.157.246 - - [12/Jan/2018:11:28:14 -0300] "POST /cormun/servlet/solicitudot?gx-no-cache=1515767255877 HTTP/1.1" 200 255
186.103.157.246 - - [12/Jan/2018:11:28:19 -0300] "GET /cormun/servlet/solicitudot?9463e2342f044d3f56664d5d2ca5937bec90190ccf9a63fbfe2306ec7ef355693770b7511d07ff337c4a10e1f6cd2731c6822d36a838270c852cc3877c7211292caba4cadbcd579309f3604949f344e05fda88232c03a2a05f4c5b23beb072c937db2231dac43fe36666c4ff7b1a47f1134369b1a9c34159d32a8acf9bfabb7165c96bc3278ee5b111d617a3f19b1a040355095975c47e0cc384ba51085f2f981977a379ea41204987def4aeaf8600b4e50554c4c9b3b27a390d400ba3b05c0978d34979d88176d6576be390551f2cabf66d2a4d89c2ba8085fe61318cec134b2841dfd2e133db9963ee81b37ba38e66085484836bd9839c939419bcb742796e68d3c6b292353480b48fb60d4c3df1c55702028a74944e8c65bfc51f27114ccb8098bc3ab531c69565f809b6bf68c488cdecb8f4d2bc091d5e9b0ea6517b1d442f254ca0daf3517cc7fdf43e0839f7b22293da04d7ef123b23a6f5fa6d2ad9e4c0f74b9f63bb36522654d543f8b18bc47e9055fa6b91009a7044247957d7eb9a,gx-no-cache=1515767260584 HTTP/1.1" 200 30
200.86.95.220 - - [12/Jan/2018:11:28:23 -0300] "POST /cormun/servlet/solicitudot?gx-no-cache=1515767264738 HTTP/1.1" 200 217
200.86.95.220 - - [12/Jan/2018:11:28:23 -0300] "GET /cormun/servlet/solicitudot?186b6e3051f535cad3753ea06a3e778104099d7214d2987d1b6d9ccd8463a70124d0a3115aa31fe0449b727059dbd63ee25c04c64f67202ac9235426ba42367980bd04c25281fc1d4fd3362f7597c03fcccf345433e4fe29bf21db42a8b8f9369dcd20e16ecf2ee9eb47e3b575d02fba70cfd2bd2d69ae3337ca8e96f4106135a97008e7087e93ddc7eede563253be48,gx-no-cache=1515767264899 HTTP/1.1" 200 55
200.86.95.220 - - [12/Jan/2018:11:28:23 -0300] "POST /cormun/servlet/solicitudot?gx-no-cache=1515767264991 HTTP/1.1" 200 33
200.86.95.220 - - [12/Jan/2018:11:28:24 -0300] "POST /cormun/servlet/solicitudot?f7d474b46e14763fed6e78115c310f6b,INS,0,0,,gx-no-cache=1515767265115 HTTP/1.1" 200 93
200.86.95.220 - - [12/Jan/2018:11:28:24 -0300] "GET /cormun/servlet/hpexe_return? HTTP/1.1" 200 1008
186.103.157.246 - - [12/Jan/2018:11:28:24 -0300] "POST /cormun/servlet/solicitudot?gx-no-cache=1515767266116 HTTP/1.1" 200 30
200.86.95.220 - - [12/Jan/2018:11:28:24 -0300] "GET /cormun/servlet/trsolicitudot HTTP/1.1" 200 9049
200.86.95.220 - - [12/Jan/2018:11:28:26 -0300] "GET /cormun/servlet/trsolicitudot HTTP/1.1" 200 9045
186.103.157.246 - - [12/Jan/2018:11:28:28 -0300] "POST /cormun/servlet/solicitudot?gx-no-cache=1515767269618 HTTP/1.1" 200 1353
186.103.157.246 - - [12/Jan/2018:11:28:28 -0300] "POST /cormun/servlet/solicitudot?gx-no-cache=1515767269812 HTTP/1.1" 200 38
200.86.95.220 - - [12/Jan/2018:11:28:33 -0300] "POST /cormun/servlet/trsolicitudot?f7d474b46e14763fed6e78115c310f6b,gx-no-cache=1515767274587 HTTP/1.1" 200 105
200.86.95.220 - - [12/Jan/2018:11:28:33 -0300] "GET /cormun/servlet/solicitudot?UPD,2018,9033, HTTP/1.1" 200 14619
200.86.95.220 - - [12/Jan/2018:11:28:35 -0300] "GET /cormun/servlet/solicitudot?UPD,2018,9033, HTTP/1.1" 200 14628
200.86.95.220 - - [12/Jan/2018:11:28:35 -0300] "POST /cormun/servlet/solicitudot?gx-no-cache=1515767276736 HTTP/1.1" 200 3812
200.86.95.220 - - [12/Jan/2018:11:28:36 -0300] "POST /cormun/servlet/solicitudot?f7d474b46e14763fed6e78115c310f6b,UPD,2018,9033,,gx-no-cache=1515767276968 HTTP/1.1" 200 11135
200.86.95.220 - - [12/Jan/2018:11:28:36 -0300] "GET /cormun/servlet/solicitudot?186b6e3051f535cad3753ea06a3e7781dfadebc630aff66495df8413f8854d60d1027fe55456d35e410de7833903cd44,gx-no-cache=1515767277857 HTTP/1.1" 200 30
200.86.95.220 - - [12/Jan/2018:11:28:36 -0300] "POST /cormun/servlet/solicitudot?gx-no-cache=1515767277974 HTTP/1.1" 200 43
200.86.95.220 - - [12/Jan/2018:11:28:37 -0300] "POST /cormun/servlet/solicitudot?gx-no-cache=1515767278096 HTTP/1.1" 200 256
200.86.95.220 - - [12/Jan/2018:11:28:37 -0300] "GET /cormun/servlet/solicitudot?186b6e3051f535cad3753ea06a3e7781935db274858651acc114b847ba787469fc3bc333d2587bec09240491c729fecb368ccf993b14968b60fc2152e6fcfe137a8f0c8283f67f041a66e2279dba095122dd6687c70566376f8cdd676cc89f76d99ca9f78f050e5623258c25fef2bde164762bbb4312cec7170806d77e27ac72370f236ed8a1f87e9c713794b6de11e967b35a42bc6077beb2a837cabd357d522b04af9356f04f8353c35bb11c3214413d34cc9f4ee2606755c3a08097456e04e5aa5cfa5b456c888ded3c031556298ee5a63c9a1f67af4e71de15d637a4b791061a1c66f62f9820c85b3769fe10ea8bfb1c3878a6f54a98612145d292e67db49a7e8836ae440dd9b19d069784fdc837bc80a0cbe5b891420eb1340cc3c42dceffa36e4512191008c61a87688801785dcdc61afb1baf9266d181f867a20ff1029b3cd08eba7c18a389cbbb2abd4aa18644e6c33037a64bd3df7eb2ffdef4742ffa374dfd31b3de7b4f45f263fbc3ce104cced4bfd3938614d21a136d33cdcb7c,gx-no-cache=1515767278192 HTTP/1.1" 200 30
200.86.95.220 - - [12/Jan/2018:11:28:37 -0300] "POST /cormun/servlet/solicitudot?gx-no-cache=1515767278297 HTTP/1.1" 200 30
200.86.95.220 - - [12/Jan/2018:11:28:37 -0300] "POST /cormun/servlet/solicitudot?gx-no-cache=1515767278372 HTTP/1.1" 200 232
200.86.95.220 - - [12/Jan/2018:11:28:37 -0300] "POST /cormun/servlet/solicitudot?gx-no-cache=1515767278832 HTTP/1.1" 200 41
186.103.159.183 - - [12/Jan/2018:11:28:39 -0300] "GET /cormun/servlet/trsolicitudot? HTTP/1.1" 200 7392
186.103.159.183 - - [12/Jan/2018:11:28:41 -0300] "GET /cormun/servlet/trsolicitudot? HTTP/1.1" 200 7391
200.86.95.220 - - [12/Jan/2018:11:28:43 -0300] "POST /cormun/servlet/solicitudot?f7d474b46e14763fed6e78115c310f6b,UPD,2018,9033,,gx-no-cache=1515767284110 HTTP/1.1" 200 93
200.86.95.220 - - [12/Jan/2018:11:28:43 -0300] "GET /cormun/servlet/hpexe_return? HTTP/1.1" 200 1015
200.86.95.220 - - [12/Jan/2018:11:28:43 -0300] "GET /cormun/servlet/trsolicitudot HTTP/1.1" 200 9049
200.86.95.220 - - [12/Jan/2018:11:28:44 -0300] "GET /cormun/servlet/trsolicitudot HTTP/1.1" 200 9045
200.86.95.220 - - [12/Jan/2018:11:28:54 -0300] "POST /cormun/servlet/trsolicitudot?f7d474b46e14763fed6e78115c310f6b,gx-no-cache=1515767295240 HTTP/1.1" 200 106
200.86.95.220 - - [12/Jan/2018:11:28:54 -0300] "GET /cormun/servlet/solicitudot?UPD,2018,9034, HTTP/1.1" 200 14620
200.86.95.220 - - [12/Jan/2018:11:28:55 -0300] "GET /cormun/servlet/solicitudot?UPD,2018,9034, HTTP/1.1" 200 14629
200.86.95.220 - - [12/Jan/2018:11:28:56 -0300] "POST /cormun/servlet/solicitudot?gx-no-cache=1515767297362 HTTP/1.1" 200 3811
200.86.95.220 - - [12/Jan/2018:11:28:56 -0300] "POST /cormun/servlet/solicitudot?f7d474b46e14763fed6e78115c310f6b,UPD,2018,9034,,gx-no-cache=1515767297574 HTTP/1.1" 200 11133
200.86.95.220 - - [12/Jan/2018:11:28:56 -0300] "GET /cormun/servlet/solicitudot?186b6e3051f535cad3753ea06a3e7781dfadebc630aff66495df8413f8854d60d1027fe55456d35e410de7833903cd44,gx-no-cache=1515767297959 HTTP/1.1" 200 30
200.86.95.220 - - [12/Jan/2018:11:28:57 -0300] "POST /cormun/servlet/solicitudot?gx-no-cache=1515767298064 HTTP/1.1" 200 43
200.86.95.220 - - [12/Jan/2018:11:28:57 -0300] "POST /cormun/servlet/solicitudot?gx-no-cache=1515767298149 HTTP/1.1" 200 256
200.86.95.220 - - [12/Jan/2018:11:28:57 -0300] "GET /cormun/servlet/solicitudot?186b6e3051f535cad3753ea06a3e7781935db274858651acc114b847ba787469fc3bc333d2587bec09240491c729fecb368ccf993b14968b60fc2152e6fcfe137a8f0c8283f67f041a66e2279dba095122dd6687c70566376f8cdd676cc89f76d99ca9f78f050e5623258c25fef2bde164762bbb4312cec7170806d77e27ac72370f236ed8a1f87e9c713794b6de11e967b35a42bc6077beb2a837cabd357d522b04af9356f04f8353c35bb11c3214413d34cc9f4ee2606755c3a08097456e04e5aa5cfa5b456c888ded3c031556298ee5a63c9a1f67af4e71de15d637a4b791061a1c66f62f9820c85b3769fe10ea8bfb1c3878a6f54a98612145d292e67db49a7e8836ae440dd9b19d069784fdc837bc80a0cbe5b891420eb1340cc3c42dceffa36e4512191008c61a87688801785dcdc61afb1baf9266d181f867a20ff1029b3cd08eba7c18a389cbbb2abd4aa18644e6c33037a64bd3df7eb2ffdef4742ffa374dfd31b3de7b4f45f263fbc3ce104cced4bfd3938614d21a136d33cdcb7c,gx-no-cache=1515767298229 HTTP/1.1" 200 30
200.86.95.220 - - [12/Jan/2018:11:28:57 -0300] "POST /cormun/servlet/solicitudot?gx-no-cache=1515767298309 HTTP/1.1" 200 30
200.86.95.220 - - [12/Jan/2018:11:28:57 -0300] "POST /cormun/servlet/solicitudot?gx-no-cache=1515767298409 HTTP/1.1" 200 231
200.86.95.220 - - [12/Jan/2018:11:28:57 -0300] "POST /cormun/servlet/solicitudot?gx-no-cache=1515767298554 HTTP/1.1" 200 41
200.86.95.220 - - [12/Jan/2018:11:29:00 -0300] "GET /cormun/servlet/solicitudot?186b6e3051f535cad3753ea06a3e7781ae244f8f4bc0c091f75035457d146446ce97999e73df08d3950a70b2094bc485307fe8f200323abc67697e1b234083f3f5737f616bb7ed3fa237d1a45e612cd8f881cb4727060a4be96828ebdea484df7ce2eb1b44f4e124b9fbae852882e5225c599355dcd7d262a5789df6f9e12a7196a58b5748cf9f5828e14f6ca45bc4d121edc8ffd56a950457edf19f9c54838eeaef71fc7d674e6553be5ef738bd3ebc552c7c72ae8a77145011c90bcbd9b7af574fdfcaa8c806bfd0b8485f441ac4ba,gx-no-cache=1515767301233 HTTP/1.1" 200 30
200.86.95.220 - - [12/Jan/2018:11:29:02 -0300] "POST /cormun/servlet/solicitudot?gx-no-cache=1515767303593 HTTP/1.1" 200 217
200.86.95.220 - - [12/Jan/2018:11:29:02 -0300] "GET /cormun/servlet/solicitudot?186b6e3051f535cad3753ea06a3e778104099d7214d2987d1b6d9ccd8463a70104ff1cb7315da7636c76b6ceeb0a9aaf9a7e8836ae440dd9b19d069784fdc8373ca7380c62998216ba5d24ec0aaa726b4e80314a50a5c2821d06a39c0c34b42599dd596c7427d903fab948f5291e543e9cc0572ab3e3e2342ce6f8ea2274b1ec76e3b3b0b9d6310cf284507bbc4b17605809507eb983c1bae43f72eccf1a2f89,gx-no-cache=1515767303684 HTTP/1.1" 200 55
200.86.95.220 - - [12/Jan/2018:11:29:02 -0300] "GET /cormun/servlet/solicitudot?186b6e3051f535cad3753ea06a3e778170f97660905396bd8379eb9dcadc21c343d4663961788f93fbc66d6a4f41ba52,gx-no-cache=1515767303757 HTTP/1.1" 200 30
200.86.95.220 - - [12/Jan/2018:11:29:02 -0300] "POST /cormun/servlet/solicitudot?gx-no-cache=1515767303812 HTTP/1.1" 200 33
200.86.95.220 - - [12/Jan/2018:11:29:03 -0300] "POST /cormun/servlet/solicitudot?f7d474b46e14763fed6e78115c310f6b,UPD,2018,9034,,gx-no-cache=1515767303908 HTTP/1.1" 200 93
200.86.95.220 - - [12/Jan/2018:11:29:03 -0300] "GET /cormun/servlet/hpexe_return? HTTP/1.1" 200 1015
200.86.95.220 - - [12/Jan/2018:11:29:03 -0300] "GET /cormun/servlet/trsolicitudot HTTP/1.1" 200 9037
200.86.95.220 - - [12/Jan/2018:11:29:04 -0300] "GET /cormun/servlet/trsolicitudot HTTP/1.1" 200 9033
186.103.157.246 - - [12/Jan/2018:11:29:15 -0300] "GET /cormun/servlet/solicitudot?9463e2342f044d3f56664d5d2ca5937b7d6e64e5d41690ab55a47bdb92610e9166fade5ae3d7746c344076057db938512ebf56b4b14d1a346b1dd9a0e9c0685b704fdb3a17d19197dec6b54579d5de03a7e8e62cbf05df66fe415526156014cd50a71312b12ca9d1d041db80badd6dbf,gx-no-cache=1515767316932 HTTP/1.1" 200 29
186.103.157.246 - - [12/Jan/2018:11:29:15 -0300] "POST /cormun/servlet/solicitudot?gx-no-cache=1515767317107 HTTP/1.1" 200 218
186.103.157.246 - - [12/Jan/2018:11:29:15 -0300] "GET /cormun/servlet/solicitudot?9463e2342f044d3f56664d5d2ca5937b2b28d6b5d06c258ebc8dcf49f87360afa62fcdc4981348498f074c6f649ebbb51f0ace6d19cf1db0802c54803eaa5597b7be4eb0e0247e4700755e37746dd5b4225d36b56f1758901200286dccd2ad7666fade5ae3d7746c344076057db938510e4989f44584b1c90f43345b81f85b81d1990e4a617044ff2f8cabdc76a56c01,gx-no-cache=1515767317240 HTTP/1.1" 200 55
186.103.157.246 - - [12/Jan/2018:11:29:21 -0300] "GET /cormun/static/menuarrow.gif HTTP/1.1" 404 1015
186.103.157.246 - - [12/Jan/2018:11:29:27 -0300] "GET /cormun/servlet/solicitudot?9463e2342f044d3f56664d5d2ca5937bf3e124d233803f05921cc566651e2c84a4f0222f6b82ec30d656d480ec7fcee8,gx-no-cache=1515767329304 HTTP/1.1" 200 30
200.86.95.220 - - [12/Jan/2018:11:29:33 -0300] "GET /cormun/servlet/solicitudot?INS,0,0, HTTP/1.1" 200 14043
200.86.95.220 - - [12/Jan/2018:11:29:35 -0300] "GET /cormun/servlet/solicitudot?INS,0,0, HTTP/1.1" 200 14048
186.103.157.246 - - [12/Jan/2018:11:29:39 -0300] "POST /cormun/servlet/solicitudot?gx-no-cache=1515767341229 HTTP/1.1" 200 30
200.86.95.220 - - [12/Jan/2018:11:29:48 -0300] "POST /cormun/servlet/solicitudot?gx-no-cache=1515767349259 HTTP/1.1" 200 3755
200.86.95.220 - - [12/Jan/2018:11:29:48 -0300] "POST /cormun/servlet/solicitudot?f7d474b46e14763fed6e78115c310f6b,INS,0,0,,gx-no-cache=1515767349671 HTTP/1.1" 200 10901
200.86.95.220 - - [12/Jan/2018:11:29:51 -0300] "GET /cormun/servlet/solicitudot?186b6e3051f535cad3753ea06a3e7781c2eeb6f245c97db81883bd1a1223adff5df548a867fd6a58832d7aa1841811c0,gx-no-cache=1515767352486 HTTP/1.1" 200 30
186.103.157.246 - - [12/Jan/2018:11:30:54 -0300] "POST /cormun/servlet/solicitudot?gx-no-cache=1515767415146 HTTP/1.1" 200 217
186.103.157.246 - - [12/Jan/2018:11:30:54 -0300] "GET /cormun/servlet/solicitudot?9463e2342f044d3f56664d5d2ca5937b2b28d6b5d06c258ebc8dcf49f87360afa62fcdc4981348498f074c6f649ebbb51f0ace6d19cf1db0802c54803eaa5597b7be4eb0e0247e4700755e37746dd5b4225d36b56f1758901200286dccd2ad7666fade5ae3d7746c344076057db938510e4989f44584b1c90f43345b81f85b81d1990e4a617044ff2f8cabdc76a56c01,gx-no-cache=1515767415579 HTTP/1.1" 200 55
186.103.157.246 - - [12/Jan/2018:11:30:54 -0300] "GET /cormun/servlet/solicitudot?9463e2342f044d3f56664d5d2ca5937bf3e124d233803f05921cc566651e2c84a4f0222f6b82ec30d656d480ec7fcee8,gx-no-cache=1515767415630 HTTP/1.1" 200 30
186.103.157.246 - - [12/Jan/2018:11:30:54 -0300] "POST /cormun/servlet/solicitudot?gx-no-cache=1515767415666 HTTP/1.1" 200 30
186.103.157.246 - - [12/Jan/2018:11:30:54 -0300] "POST /cormun/servlet/solicitudot?5ace0ba0f11ad9b3c7a9a422c5b4fe7b,INS,0,0,,gx-no-cache=1515767415711 HTTP/1.1" 200 11390
186.103.157.246 - - [12/Jan/2018:11:30:54 -0300] "GET /cormun/static/Shared/jqueryui/images/ui-bg_highlight-soft_100_c6c2c8_1x100.png HTTP/1.1" 404 1117
186.103.157.246 - - [12/Jan/2018:11:30:54 -0300] "GET /cormun/static/Shared/jqueryui/images/ui-icons_82798d_256x240.png HTTP/1.1" 404 1089
186.103.157.246 - - [12/Jan/2018:11:30:54 -0300] "GET /cormun/static/Shared/jqueryui/images/ui-icons_ebccce_256x240.png HTTP/1.1" 404 1089
186.103.157.246 - - [12/Jan/2018:11:30:54 -0300] "GET /cormun/static/Shared/jqueryui/images/ui-bg_flat_55_994d53_40x100.png HTTP/1.1" 404 1097
186.103.157.246 - - [12/Jan/2018:11:31:12 -0300] "GET /cormun/servlet/solicitudot?9463e2342f044d3f56664d5d2ca5937bec90190ccf9a63fbfe2306ec7ef355693770b7511d07ff337c4a10e1f6cd2731c6822d36a838270c852cc3877c7211292caba4cadbcd579309f3604949f344e05fda88232c03a2a05f4c5b23beb072c937db2231dac43fe36666c4ff7b1a47f1134369b1a9c34159d32a8acf9bfabb7165c96bc3278ee5b111d617a3f19b1a040355095975c47e0cc384ba51085f2f981977a379ea41204987def4aeaf8600b4e50554c4c9b3b27a390d400ba3b05c0978d34979d88176d6576be390551f2cabf66d2a4d89c2ba8085fe61318cec134b2841dfd2e133db9963ee81b37ba38e66085484836bd9839c939419bcb742796e68d3c6b292353480b48fb60d4c3df1c55702028a74944e8c65bfc51f27114ccb8098bc3ab531c69565f809b6bf68c488cdecb8f4d2bc091d5e9b0ea6517b1d442f254ca0daf3517cc7fdf43e0839f7b22293da04d7ef123b23a6f5fa6d2ad9e4c0f74b9f63bb36522654d543f8b18bc4a3a7621c4a3de9a169cfc5e13c4b695a,gx-no-cache=1515767433375 HTTP/1.1" 200 30
186.103.157.246 - - [12/Jan/2018:11:31:12 -0300] "POST /cormun/servlet/solicitudot?gx-no-cache=1515767433857 HTTP/1.1" 200 30
186.103.157.246 - - [12/Jan/2018:11:31:12 -0300] "POST /cormun/servlet/solicitudot?gx-no-cache=1515767434027 HTTP/1.1" 200 231
186.103.157.246 - - [12/Jan/2018:11:31:12 -0300] "POST /cormun/servlet/solicitudot?gx-no-cache=1515767434173 HTTP/1.1" 200 41
186.103.157.246 - - [12/Jan/2018:11:31:12 -0300] "POST /cormun/servlet/solicitudot?gx-no-cache=1515767434257 HTTP/1.1" 200 217
186.103.157.246 - - [12/Jan/2018:11:31:12 -0300] "GET /cormun/servlet/solicitudot?9463e2342f044d3f56664d5d2ca5937b2b28d6b5d06c258ebc8dcf49f87360afa62fcdc4981348498f074c6f649ebbb51f0ace6d19cf1db0802c54803eaa5597b7be4eb0e0247e4700755e37746dd5b4225d36b56f1758901200286dccd2ad7666fade5ae3d7746c344076057db938510e4989f44584b1c90f43345b81f85b81d1990e4a617044ff2f8cabdc76a56c01,gx-no-cache=1515767434347 HTTP/1.1" 200 55
186.103.157.246 - - [12/Jan/2018:11:31:12 -0300] "GET /cormun/servlet/solicitudot?9463e2342f044d3f56664d5d2ca5937bf3e124d233803f05921cc566651e2c84a4f0222f6b82ec30d656d480ec7fcee8,gx-no-cache=1515767434427 HTTP/1.1" 200 30
186.103.157.246 - - [12/Jan/2018:11:31:13 -0300] "POST /cormun/servlet/solicitudot?gx-no-cache=1515767434490 HTTP/1.1" 200 30
186.103.157.246 - - [12/Jan/2018:11:31:13 -0300] "POST /cormun/servlet/solicitudot?5ace0ba0f11ad9b3c7a9a422c5b4fe7b,INS,0,0,,gx-no-cache=1515767434590 HTTP/1.1" 200 11459
186.103.157.246 - - [12/Jan/2018:11:31:29 -0300] "GET /cormun/servlet/solicitudot?9463e2342f044d3f56664d5d2ca5937bec90190ccf9a63fbfe2306ec7ef355693770b7511d07ff337c4a10e1f6cd2731c6822d36a838270c852cc3877c7211292caba4cadbcd579309f3604949f344e05fda88232c03a2a05f4c5b23beb072c937db2231dac43fe36666c4ff7b1a47f1134369b1a9c34159d32a8acf9bfabb7165c96bc3278ee5b111d617a3f19b1a040355095975c47e0cc384ba51085f2f981977a379ea41204987def4aeaf8600b4e50554c4c9b3b27a390d400ba3b05c0978d34979d88176d6576be390551f2cabf66d2a4d89c2ba8085fe61318cec134b2841dfd2e133db9963ee81b37ba38e66085484836bd9839c939419bcb742796e68d3c6b292353480b48fb60d4c3df1c55702028a74944e8c65bfc51f27114ccb8098bc3ab531c69565f809b6bf68c488cdecb8f4d2bc091d5e9b0ea6517b1d442f254ca0daf3517cc7fdf43e0839f7b22293da04d7ef123b23a6f5fa6d2ad9e4c0f74b9f63bb36522654d543f8b18bc4a3a7621c4a3de9a169cfc5e13c4b695a,gx-no-cache=1515767450852 HTTP/1.1" 200 30
186.103.157.246 - - [12/Jan/2018:11:31:29 -0300] "POST /cormun/servlet/solicitudot?gx-no-cache=1515767451021 HTTP/1.1" 200 30
186.103.157.246 - - [12/Jan/2018:11:31:29 -0300] "POST /cormun/servlet/solicitudot?gx-no-cache=1515767451213 HTTP/1.1" 200 231
186.103.157.246 - - [12/Jan/2018:11:31:29 -0300] "POST /cormun/servlet/solicitudot?gx-no-cache=1515767451287 HTTP/1.1" 200 41
186.103.157.246 - - [12/Jan/2018:11:31:29 -0300] "POST /cormun/servlet/solicitudot?gx-no-cache=1515767451381 HTTP/1.1" 200 217
186.103.157.246 - - [12/Jan/2018:11:31:30 -0300] "GET /cormun/servlet/solicitudot?9463e2342f044d3f56664d5d2ca5937b2b28d6b5d06c258ebc8dcf49f87360afa62fcdc4981348498f074c6f649ebbb51f0ace6d19cf1db0802c54803eaa5597b7be4eb0e0247e4700755e37746dd5b4225d36b56f1758901200286dccd2ad7666fade5ae3d7746c344076057db938510e4989f44584b1c90f43345b81f85b81d1990e4a617044ff2f8cabdc76a56c01,gx-no-cache=1515767451464 HTTP/1.1" 200 55
186.103.157.246 - - [12/Jan/2018:11:31:30 -0300] "GET /cormun/servlet/solicitudot?9463e2342f044d3f56664d5d2ca5937bf3e124d233803f05921cc566651e2c84a4f0222f6b82ec30d656d480ec7fcee8,gx-no-cache=1515767451527 HTTP/1.1" 200 30
186.103.157.246 - - [12/Jan/2018:11:31:30 -0300] "POST /cormun/servlet/solicitudot?gx-no-cache=1515767451586 HTTP/1.1" 200 30
186.103.157.246 - - [12/Jan/2018:11:31:30 -0300] "POST /cormun/servlet/solicitudot?5ace0ba0f11ad9b3c7a9a422c5b4fe7b,INS,0,0,,gx-no-cache=1515767451666 HTTP/1.1" 200 11504
186.103.157.246 - - [12/Jan/2018:11:31:52 -0300] "GET /cormun/servlet/solicitudot?9463e2342f044d3f56664d5d2ca5937bec90190ccf9a63fbfe2306ec7ef355693770b7511d07ff337c4a10e1f6cd2731c6822d36a838270c852cc3877c7211292caba4cadbcd579309f3604949f344e05fda88232c03a2a05f4c5b23beb072c937db2231dac43fe36666c4ff7b1a47f1134369b1a9c34159d32a8acf9bfabb7165c96bc3278ee5b111d617a3f19b1a040355095975c47e0cc384ba51085f2f981977a379ea41204987def4aeaf8600b4e50554c4c9b3b27a390d400ba3b05c0978d34979d88176d6576be390551f2cabf66d2a4d89c2ba8085fe61318cec134b2841dfd2e133db9963ee81b37ba38e66085484836bd9839c939419bcb742796e68d3c6b292353480b48fb60d4c3df1c55702028a74944e8c65bfc51f27114ccb8098bc3ab531c69565f809b6bf68c488cdecb8f4d2bc091d5e9b0ea6517b1d442f254ca0daf3517cc7fdf43e0839f7b22293da04d7ef123b23a6f5fa6d2ad9e4c0f74b9f63bb36522654d543f8b18bc4a3a7621c4a3de9a169cfc5e13c4b695a,gx-no-cache=1515767473268 HTTP/1.1" 200 30
186.103.157.246 - - [12/Jan/2018:11:31:52 -0300] "POST /cormun/servlet/solicitudot?gx-no-cache=1515767473670 HTTP/1.1" 200 30
186.103.157.246 - - [12/Jan/2018:11:31:52 -0300] "POST /cormun/servlet/solicitudot?gx-no-cache=1515767473819 HTTP/1.1" 200 231
186.103.157.246 - - [12/Jan/2018:11:31:52 -0300] "POST /cormun/servlet/solicitudot?gx-no-cache=1515767473899 HTTP/1.1" 200 41
186.103.157.246 - - [12/Jan/2018:11:31:52 -0300] "POST /cormun/servlet/solicitudot?gx-no-cache=1515767473954 HTTP/1.1" 200 217
186.103.157.246 - - [12/Jan/2018:11:31:52 -0300] "GET /cormun/servlet/solicitudot?9463e2342f044d3f56664d5d2ca5937b2b28d6b5d06c258ebc8dcf49f87360afa62fcdc4981348498f074c6f649ebbb51f0ace6d19cf1db0802c54803eaa5597b7be4eb0e0247e4700755e37746dd5b4225d36b56f1758901200286dccd2ad7666fade5ae3d7746c344076057db938510e4989f44584b1c90f43345b81f85b81d1990e4a617044ff2f8cabdc76a56c01,gx-no-cache=1515767473991 HTTP/1.1" 200 55
186.103.157.246 - - [12/Jan/2018:11:31:52 -0300] "GET /cormun/servlet/solicitudot?9463e2342f044d3f56664d5d2ca5937bf3e124d233803f05921cc566651e2c84a4f0222f6b82ec30d656d480ec7fcee8,gx-no-cache=1515767474022 HTTP/1.1" 200 30
186.103.157.246 - - [12/Jan/2018:11:31:52 -0300] "POST /cormun/servlet/solicitudot?gx-no-cache=1515767474052 HTTP/1.1" 200 30
186.103.157.246 - - [12/Jan/2018:11:31:52 -0300] "POST /cormun/servlet/solicitudot?5ace0ba0f11ad9b3c7a9a422c5b4fe7b,INS,0,0,,gx-no-cache=1515767474091 HTTP/1.1" 200 93
186.103.157.246 - - [12/Jan/2018:11:31:52 -0300] "GET /cormun/servlet/hpexe_return? HTTP/1.1" 200 1006
186.103.157.246 - - [12/Jan/2018:11:31:53 -0300] "GET /cormun/servlet/trsolicitudot HTTP/1.1" 200 8682
186.103.157.246 - - [12/Jan/2018:11:31:53 -0300] "GET /cormun/servlet/trsolicitudot HTTP/1.1" 200 8678
190.161.236.41 - - [12/Jan/2018:11:32:00 -0300] "POST /cormun/servlet/trcontratosolicitud?11192e81d6576678c249945b0848a48c,gx-no-cache=1515766101479,gx-no-cache=1515767481311 HTTP/1.1" 200 11933
186.103.159.188 - - [12/Jan/2018:11:32:00 -0300] "GET /cormun/static/Resources/PXToolsGridLast.gif HTTP/1.1" 200 370
190.161.236.41 - - [12/Jan/2018:11:32:00 -0300] "GET /cormun/static/Resources/PXToolsGridNext.gif HTTP/1.1" 200 369
186.103.157.246 - - [12/Jan/2018:11:32:12 -0300] "POST /cormun/servlet/trsolicitudot?5ace0ba0f11ad9b3c7a9a422c5b4fe7b,gx-no-cache=1515767493326 HTTP/1.1" 200 107
186.103.157.246 - - [12/Jan/2018:11:32:12 -0300] "GET /cormun/servlet/trsolicitudadjuntos?2018,9035, HTTP/1.1" 200 6203
186.103.157.246 - - [12/Jan/2018:11:32:12 -0300] "GET /cormun/static/gxcfg.js?20177612135366 HTTP/1.1" 200 953
186.103.157.246 - - [12/Jan/2018:11:32:12 -0300] "GET /cormun/static/trsolicitudadjuntos.js?20177612135632 HTTP/1.1" 200 17922
186.103.157.246 - - [12/Jan/2018:11:32:12 -0300] "GET /cormun/servlet/trsolicitudadjuntos?2018,9035, HTTP/1.1" 200 6203
186.103.157.246 - - [12/Jan/2018:11:32:20 -0300] "GET /cormun/servlet/solicitudotadjuntos?INS,2018,9035,,1, HTTP/1.1" 200 6150
186.103.157.246 - - [12/Jan/2018:11:32:20 -0300] "GET /cormun/static/gxcfg.js?2017761244068 HTTP/1.1" 200 953
186.103.157.246 - - [12/Jan/2018:11:32:20 -0300] "GET /cormun/static/solicitudotadjuntos.js?2017761244086 HTTP/1.1" 200 11771
186.103.157.246 - - [12/Jan/2018:11:32:20 -0300] "GET /cormun/static/about:blank HTTP/1.1" 404 1011
186.103.157.246 - - [12/Jan/2018:11:32:21 -0300] "GET /cormun/servlet/solicitudotadjuntos?INS,2018,9035,,1, HTTP/1.1" 200 6144
