200.72.197.82 - - [12/Jan/2018:12:02:05 -0300] "POST /cormun/servlet/solicitudotadjuntos?b5b93c87cfd765cd9237f2f76b4133f5,INS,2018,9047,,1,,gx-no-cache=1515769285748 HTTP/1.1" 200 4011
200.72.197.82 - - [12/Jan/2018:12:02:10 -0300] "POST /cormun/servlet/solicitudotadjuntos?gx-no-cache=1515769289920 HTTP/1.1" 200 26
190.161.236.41 - - [12/Jan/2018:12:02:11 -0300] "GET /cormun/servlet/solicitudotcontratos?INS,2018,0,18374339,2,2,2017,1917,LEY+SEP,201712,44,B, HTTP/1.1" 200 9899
190.161.236.41 - - [12/Jan/2018:12:02:12 -0300] "GET /cormun/servlet/solicitudotcontratos?INS,2018,0,18374339,2,2,2017,1917,LEY+SEP,201712,44,B, HTTP/1.1" 200 9915
186.103.159.188 - - [12/Jan/2018:12:02:12 -0300] "GET /cormun/servlet/solicitudotcontratos?783b1d8334272e2879af472df30a5888364f567ad473d30bdaba28bc702175671000a26d0f6f2bcb9e609348dd209bf1,gx-no-cache=1515769293685 HTTP/1.1" 200 30
186.103.159.188 - - [12/Jan/2018:12:02:12 -0300] "GET /cormun/servlet/solicitudotcontratos?783b1d8334272e2879af472df30a5888ee34c4579aa3d85e71286b16497536f99567023dd68a34735dd15fd3bad36c61,gx-no-cache=1515769293774 HTTP/1.1" 200 30
186.103.159.188 - - [12/Jan/2018:12:02:12 -0300] "GET /cormun/servlet/solicitudotcontratos?783b1d8334272e2879af472df30a588893d2dd46ab428f0af4a8f15bebfa07d193284472221a368847b570ec0a54ab9c5f76266556e94f88e338f6b2476a4d21fe949ccb5e32ac34f68b88017d7f5583a3e1c00b36afd33fb71a8dc57f95a70ec9ec80b836b23317765e6ad6ffe84c2aaa7a836de080b1bfa4f0543b6f4cd13a,gx-no-cache=1515769293834 HTTP/1.1" 200 48
186.103.159.188 - - [12/Jan/2018:12:02:12 -0300] "GET /cormun/servlet/solicitudotcontratos?783b1d8334272e2879af472df30a588865b790ac2eef4f6b2bc2e699725c16ac609ad967d80ac0fc770bafc46aaa05fa,gx-no-cache=1515769293907 HTTP/1.1" 200 30
186.103.159.188 - - [12/Jan/2018:12:02:12 -0300] "GET /cormun/servlet/solicitudotcontratos?783b1d8334272e2879af472df30a58885e4f37a5ae3c094854174f532d4adaf9dc5cb6de7c911f6c44e01e0b56d6dde005050ff3da2be1704b66c7bf9c2306adf7cc8424d4abd1e42c16bc6c109038e95aec1499297ac2e7bc3eef4d41c8e4679a9fd1c060870d7cfa59feea54649e80,gx-no-cache=1515769293943 HTTP/1.1" 200 30
186.103.159.188 - - [12/Jan/2018:12:02:12 -0300] "GET /cormun/servlet/solicitudotcontratos?783b1d8334272e2879af472df30a588820a493459571ac826d18d8ff1816815917f740617cf1481a03a83f27d03736dcc75f82cec2a63aebccbcff728a8ab8b705050ff3da2be1704b66c7bf9c2306ad1e08ec682dc31968184fff9c341f085ffbc2c0661d5172129279d960db346d187643e2ccf5910f6b88537ed484f8fbf3aa17c67d49ddda0d55e8aab9734981e46b67a1da00e0fffd56729f9a5a7fce0ec75f82cec2a63aebccbcff728a8ab8b7398a8dd5babf2d7fc20df5e1daf4e07cab1e3496ff902cd42806521f39cdd3f828e1fdeff348ee2fc2abf9d49ba0e336583b768813b3fd43f5fb40b8a2419147ccad713d9c28f8ef942b4102d060426c6f086083d7bc7ba4d88bd2854562d53b1e1e0310f1503c5ab36b9b25e320b3472987b1d3aae3963ed9f4b68b96599611c1f77d25ca728d74b2708b662fe48350f4660072ed7652f9186d4a0eb9dbdd9b0b8e3d1bf345e2a017a9952e52144cf3df19c2e8bef925b1e1299b66a88d7934ee02f44946ec2914e96380959ad2023fb2c582aece1e2c20ff7ad0b3b5d371006c46aac50b2e7d8282e55e6e148f5e23d79cbe78b4eebc6ba0a4af5a2ab7c3153b85381931a2f6593a55ac6d270dd2caad3a48748c078b32c74aca4549b9642c1f058a42bb7094a6e37bf84d43e2f4f03b04f697cf4a4c9afcd95c837c0a6a949b9c2cae56f90e542f0b7d03faeb89040d4748e7203bf1c60bf57a0a986747d2ed16d3d94a46fcd31f79cec65497129bdbebbdf1687a4fadde8255036f724853f8996781bb1dd8a19967e68c0eaae2a2,gx-no-cache=1515769293991 HTTP/1.1" 200 79
186.79.216.115 - - [12/Jan/2018:12:02:14 -0300] "POST /cormun/servlet/hlogin?ee414147d61f3ed4a2639706a218bc83,gx-no-cache=1515765699583 HTTP/1.1" 200 90
186.79.216.115 - - [12/Jan/2018:12:02:14 -0300] "GET /cormun/servlet/hpexe_link HTTP/1.1" 200 957
186.79.216.115 - - [12/Jan/2018:12:02:14 -0300] "GET /cormun/servlet/hhome HTTP/1.1" 200 3979
186.79.216.115 - - [12/Jan/2018:12:02:15 -0300] "GET /cormun/servlet/hhome HTTP/1.1" 200 3975
186.103.159.188 - - [12/Jan/2018:12:02:16 -0300] "POST /cormun/servlet/solicitudotcontratos?11192e81d6576678c249945b0848a48c,INS,2018,0,18374339,2,2,2017,1917,LEY+SEP,201712,44,B,,gx-no-cache=1515769297631 HTTP/1.1" 200 10822
186.103.159.188 - - [12/Jan/2018:12:02:16 -0300] "POST /cormun/servlet/solicitudotcontratos?gx-no-cache=1515769297858 HTTP/1.1" 200 1343
186.103.159.188 - - [12/Jan/2018:12:02:16 -0300] "POST /cormun/servlet/solicitudotcontratos?gx-no-cache=1515769297911 HTTP/1.1" 200 1221
186.103.159.188 - - [12/Jan/2018:12:02:16 -0300] "GET /cormun/servlet/solicitudotcontratos?783b1d8334272e2879af472df30a5888c62f0b7aa4b22ef63e8168fe2403a7e07dc16790c6d84edb4b4f56665125b7fc8ffe5f7424ecfe8b4e5fb39e805aa85545d93e549a6101b75af080532e898eb57a9c423332c98da7136436eb75d8e8789e70888582555a3640377c6150078508de8d0f3f92cbc243ee28084429f913f8,gx-no-cache=1515769297958 HTTP/1.1" 200 30
186.103.159.188 - - [12/Jan/2018:12:02:17 -0300] "POST /cormun/servlet/solicitudotcontratos?11192e81d6576678c249945b0848a48c,INS,2018,0,18374339,2,2,2017,1917,LEY+SEP,201712,44,B,,gx-no-cache=1515769297999 HTTP/1.1" 200 93
186.103.159.188 - - [12/Jan/2018:12:02:17 -0300] "GET /cormun/servlet/hpexe_return? HTTP/1.1" 200 1059
186.103.159.188 - - [12/Jan/2018:12:02:17 -0300] "GET /cormun/servlet/trcontratosolicitud?gx-no-cache=1515766101479 HTTP/1.1" 200 14298
186.79.216.115 - - [12/Jan/2018:12:02:17 -0300] "GET /cormun/servlet/trlicencias? HTTP/1.1" 200 8395
186.103.159.188 - - [12/Jan/2018:12:02:17 -0300] "GET /cormun/servlet/trcontratosolicitud?gx-no-cache=1515766101479 HTTP/1.1" 200 14300
186.79.216.115 - - [12/Jan/2018:12:02:18 -0300] "GET /cormun/servlet/trlicencias? HTTP/1.1" 200 8393
190.151.100.218 - - [12/Jan/2018:12:02:20 -0300] "GET /cormun/servlet/solicitudotadjuntos?cce3db5fa62a1a03e7e78a4aaec1161a329bf12b109334184db703b09c5b1700,gx-no-cache=1515769299897 HTTP/1.1" 200 30
190.151.100.218 - - [12/Jan/2018:12:02:20 -0300] "GET /cormun/servlet/solicitudotadjuntos?cce3db5fa62a1a03e7e78a4aaec1161a329bf12b109334184db703b09c5b1700,gx-no-cache=1515769300079 HTTP/1.1" 200 30
190.151.100.218 - - [12/Jan/2018:12:02:22 -0300] "POST /cormun/servlet/solicitudotadjuntos?b5b93c87cfd765cd9237f2f76b4133f5,INS,2018,9047,,1, HTTP/1.1" 200 116
190.151.100.218 - - [12/Jan/2018:12:02:22 -0300] "GET /cormun/servlet/hpexe_return? HTTP/1.1" 200 1022
190.151.100.218 - - [12/Jan/2018:12:02:22 -0300] "GET /cormun/servlet/trsolicitudadjuntos?2018,9047, HTTP/1.1" 200 8993
186.79.216.115 - - [12/Jan/2018:12:02:23 -0300] "GET /cormun/servlet/hlogin HTTP/1.1" 200 1743
190.151.100.218 - - [12/Jan/2018:12:02:23 -0300] "GET /cormun/servlet/trsolicitudadjuntos?2018,9047, HTTP/1.1" 200 8990
190.151.100.218 - - [12/Jan/2018:12:02:26 -0300] "GET /cormun/servlet/solicitudotadjuntos?INS,2018,9047,,1, HTTP/1.1" 200 6232
190.151.100.218 - - [12/Jan/2018:12:02:27 -0300] "GET /cormun/static/about:blank HTTP/1.1" 404 1011
200.72.197.82 - - [12/Jan/2018:12:02:27 -0300] "GET /cormun/servlet/solicitudotadjuntos?INS,2018,9047,,1, HTTP/1.1" 200 6225
190.151.100.218 - - [12/Jan/2018:12:02:27 -0300] "GET /cormun/servlet/solicitudotadjuntos?cce3db5fa62a1a03e7e78a4aaec1161a4e27cd50c3b8b00b39ed26d09d38a795508e54663a46139113ad80d0f173409b,gx-no-cache=1515769307198 HTTP/1.1" 200 30
190.151.100.218 - - [12/Jan/2018:12:02:27 -0300] "POST /cormun/servlet/solicitudotadjuntos?b5b93c87cfd765cd9237f2f76b4133f5,INS,2018,9047,,1,,gx-no-cache=1515769307245 HTTP/1.1" 200 4009
190.161.236.41 - - [12/Jan/2018:12:02:28 -0300] "POST /cormun/servlet/trcontratosolicitud?11192e81d6576678c249945b0848a48c,gx-no-cache=1515766101479,gx-no-cache=1515769309574 HTTP/1.1" 200 12212
190.151.100.218 - - [12/Jan/2018:12:02:30 -0300] "POST /cormun/servlet/solicitudotadjuntos?gx-no-cache=1515769310176 HTTP/1.1" 200 26
186.103.159.187 - - [12/Jan/2018:12:02:35 -0300] "GET /cormun/servlet/hhome HTTP/1.1" 200 3916
186.103.159.187 - - [12/Jan/2018:12:02:37 -0300] "GET /cormun/servlet/hhome HTTP/1.1" 200 3925
190.161.236.41 - - [12/Jan/2018:12:02:39 -0300] "GET /cormun/servlet/solicitudotcontratos?INS,2018,0,11652878,9,6,2017,2739,INTEGRACION,201712,3,B, HTTP/1.1" 200 9886
190.161.236.41 - - [12/Jan/2018:12:02:39 -0300] "GET /cormun/servlet/solicitudotcontratos?INS,2018,0,11652878,9,6,2017,2739,INTEGRACION,201712,3,B, HTTP/1.1" 200 9899
186.103.159.188 - - [12/Jan/2018:12:02:40 -0300] "GET /cormun/servlet/solicitudotcontratos?783b1d8334272e2879af472df30a58881be3d4fbb0294f69e02334bdf316905f1000a26d0f6f2bcb9e609348dd209bf1,gx-no-cache=1515769321824 HTTP/1.1" 200 30
186.103.159.188 - - [12/Jan/2018:12:02:40 -0300] "GET /cormun/servlet/solicitudotcontratos?783b1d8334272e2879af472df30a58880bc1930a78a49e2469e32d74ce6a56be9567023dd68a34735dd15fd3bad36c61,gx-no-cache=1515769321871 HTTP/1.1" 200 30
186.103.159.188 - - [12/Jan/2018:12:02:40 -0300] "GET /cormun/servlet/solicitudotcontratos?783b1d8334272e2879af472df30a588893d2dd46ab428f0af4a8f15bebfa07d1a291899cc48522d5376c40ef62eb76075f76266556e94f88e338f6b2476a4d21088db8dc51d66c026c6cb753ff14d16b5851f1c7c8dbf3b668d1615e0e5a3f837f3efdd79d75a94ee699f5b62d029f1561c4d55e4e3b237ab166c507a7ade209,gx-no-cache=1515769321901 HTTP/1.1" 200 50
186.103.159.188 - - [12/Jan/2018:12:02:40 -0300] "GET /cormun/servlet/solicitudotcontratos?783b1d8334272e2879af472df30a58886122dd5f621195a52b4fa29c7e147a4780f96a2c96aeb8a7d23cf36d363c8b72,gx-no-cache=1515769321942 HTTP/1.1" 200 30
186.103.159.188 - - [12/Jan/2018:12:02:40 -0300] "GET /cormun/servlet/solicitudotcontratos?783b1d8334272e2879af472df30a58885e4f37a5ae3c094854174f532d4adaf9dc5cb6de7c911f6c44e01e0b56d6dde005050ff3da2be1704b66c7bf9c2306adf7cc8424d4abd1e42c16bc6c109038e9ac332670eb1432af9a3021a999d2f0329a9fd1c060870d7cfa59feea54649e80,gx-no-cache=1515769321976 HTTP/1.1" 200 30
186.103.159.188 - - [12/Jan/2018:12:02:40 -0300] "GET /cormun/servlet/solicitudotcontratos?783b1d8334272e2879af472df30a588820a493459571ac826d18d8ff1816815917f740617cf1481a03a83f27d03736dca4461c41ce2a3fe188afa59610881a164caf76ee95ea07d0c14a3f5a6ccdad2f7cc7fc8e2f96f51b5f8d4f23a353363ab5bf116664195715013ed6c7952009b9833e26476948a9f5cfa8a6065dbf070cbc7061770cea17522c8b0ba7a306c9f2ca31b9b3b568f49b1c1b30ead8ca703679fa0269abbe6281845384ef7cd98b86b541c8833bf5b6603d6e064372d0283b2f1a5ec68e7a5b3a9063c609600e2b95d8b399fc62478e78366df3386df80ee1afc3fe9f57f3d1c7c3c9ff87a62d0f0b6b52e037ebdf819e3625ab4daa0025ef40b9466af65dedb60396cede3e8411d6f260aa2ddb5ec62c4efb550ab81cfefbe8c1a14aab9408f5281dac572efd0ae36c7db1c2639e898042d19a3aba8816863d1f1ff94d491f9ea4bb7aa9f842b9b6f26a70bdb1c2caedb1c1fe19d7f089afc35325c36a271e2ba406f64f2ec0fe6ec4ebaebbf248a982ac1b922fa5bb6c00ad1d445035e711ab649455b1a533ba9db3425ac7bd2c34762716cb81a02d982cc6d6daa6591fba4302ef768f9a05fd156a98c9065bedab1393c73baabe65f7b4bc223a901228af492d3fb12d7e6204a09a9e7bad25da8a060d091717386e5831980ac7f5d30dba684add57a077175efeb550bdce1c2087df8944a1b729a0c2c298c07a5e4caadd2c97e52ba526a70a96354cd092a64ce867638f18f927c9208ae017d26cc92edb1b75de6f93d49d6e4e99233b560a10e3a5b7554c12969fa530,gx-no-cache=1515769322018 HTTP/1.1" 200 83
200.72.197.82 - - [12/Jan/2018:12:02:41 -0300] "GET /cormun/servlet/solicitudotadjuntos?cce3db5fa62a1a03e7e78a4aaec1161a329bf12b109334184db703b09c5b1700,gx-no-cache=1515769320921 HTTP/1.1" 200 30
200.72.197.82 - - [12/Jan/2018:12:02:41 -0300] "GET /cormun/servlet/solicitudotadjuntos?cce3db5fa62a1a03e7e78a4aaec1161a329bf12b109334184db703b09c5b1700,gx-no-cache=1515769321034 HTTP/1.1" 200 30
200.72.197.82 - - [12/Jan/2018:12:02:41 -0300] "POST /cormun/servlet/solicitudotadjuntos?b5b93c87cfd765cd9237f2f76b4133f5,INS,2018,9047,,1, HTTP/1.1" 200 116
200.72.197.82 - - [12/Jan/2018:12:02:41 -0300] "GET /cormun/servlet/hpexe_return? HTTP/1.1" 200 1022
200.72.197.82 - - [12/Jan/2018:12:02:41 -0300] "GET /cormun/servlet/trsolicitudadjuntos?2018,9047, HTTP/1.1" 200 9177
200.72.197.82 - - [12/Jan/2018:12:02:42 -0300] "GET /cormun/servlet/trsolicitudadjuntos?2018,9047, HTTP/1.1" 200 9174
186.103.159.187 - - [12/Jan/2018:12:02:44 -0300] "GET /cormun/servlet/trcontratoobservacion? HTTP/1.1" 200 6086
186.103.159.187 - - [12/Jan/2018:12:02:44 -0300] "GET /cormun/static/gxcfg.js?2017525126861 HTTP/1.1" 200 953
186.103.159.187 - - [12/Jan/2018:12:02:44 -0300] "GET /cormun/static/calendar-setup.js?85251 HTTP/1.1" 200 2588
186.103.159.187 - - [12/Jan/2018:12:02:44 -0300] "GET /cormun/static/calendar-es.js?85251 HTTP/1.1" 200 1901
186.103.159.187 - - [12/Jan/2018:12:02:44 -0300] "GET /cormun/static/calendar.js?85251 HTTP/1.1" 200 26246
186.103.159.187 - - [12/Jan/2018:12:02:44 -0300] "GET /cormun/static/gxdec.js?85251 HTTP/1.1" 200 19579
186.103.159.187 - - [12/Jan/2018:12:02:44 -0300] "GET /cormun/static/trcontratoobservacion.js?20175251261223 HTTP/1.1" 200 25148
186.103.159.187 - - [12/Jan/2018:12:02:45 -0300] "GET /cormun/servlet/trcontratoobservacion? HTTP/1.1" 200 6085
186.103.159.188 - - [12/Jan/2018:12:02:46 -0300] "POST /cormun/servlet/solicitudotcontratos?gx-no-cache=1515769327763 HTTP/1.1" 200 79
190.151.100.218 - - [12/Jan/2018:12:02:48 -0300] "GET /cormun/servlet/solicitudotadjuntos?INS,2018,9047,,1, HTTP/1.1" 200 6232
190.151.100.218 - - [12/Jan/2018:12:02:49 -0300] "GET /cormun/static/about:blank HTTP/1.1" 404 1011
190.151.100.218 - - [12/Jan/2018:12:02:49 -0300] "GET /cormun/servlet/solicitudotadjuntos?INS,2018,9047,,1, HTTP/1.1" 200 6225
200.72.197.82 - - [12/Jan/2018:12:02:49 -0300] "GET /cormun/servlet/solicitudotadjuntos?cce3db5fa62a1a03e7e78a4aaec1161a4e27cd50c3b8b00b39ed26d09d38a795508e54663a46139113ad80d0f173409b,gx-no-cache=1515769329479 HTTP/1.1" 200 30
200.72.197.82 - - [12/Jan/2018:12:02:50 -0300] "POST /cormun/servlet/solicitudotadjuntos?b5b93c87cfd765cd9237f2f76b4133f5,INS,2018,9047,,1,,gx-no-cache=1515769329721 HTTP/1.1" 200 4009
186.103.159.188 - - [12/Jan/2018:12:02:54 -0300] "POST /cormun/servlet/solicitudotcontratos?11192e81d6576678c249945b0848a48c,INS,2018,0,11652878,9,6,2017,2739,INTEGRACION,201712,3,B,,gx-no-cache=1515769335614 HTTP/1.1" 200 10811
186.103.159.188 - - [12/Jan/2018:12:02:54 -0300] "POST /cormun/servlet/solicitudotcontratos?gx-no-cache=1515769335850 HTTP/1.1" 200 1342
186.103.159.188 - - [12/Jan/2018:12:02:54 -0300] "POST /cormun/servlet/solicitudotcontratos?gx-no-cache=1515769335897 HTTP/1.1" 200 1221
186.103.159.188 - - [12/Jan/2018:12:02:54 -0300] "GET /cormun/servlet/solicitudotcontratos?783b1d8334272e2879af472df30a5888c62f0b7aa4b22ef63e8168fe2403a7e07dc16790c6d84edb4b4f56665125b7fc8ffe5f7424ecfe8b4e5fb39e805aa85545d93e549a6101b75af080532e898eb57a9c423332c98da7136436eb75d8e8789e70888582555a3640377c6150078508de8d0f3f92cbc243ee28084429f913f8,gx-no-cache=1515769335943 HTTP/1.1" 200 30
186.103.159.188 - - [12/Jan/2018:12:02:55 -0300] "POST /cormun/servlet/solicitudotcontratos?11192e81d6576678c249945b0848a48c,INS,2018,0,11652878,9,6,2017,2739,INTEGRACION,201712,3,B,,gx-no-cache=1515769335980 HTTP/1.1" 200 93
186.103.159.188 - - [12/Jan/2018:12:02:55 -0300] "GET /cormun/servlet/hpexe_return? HTTP/1.1" 200 1063
186.103.159.188 - - [12/Jan/2018:12:02:55 -0300] "GET /cormun/servlet/trcontratosolicitud?gx-no-cache=1515766101479 HTTP/1.1" 200 14478
200.111.122.170 - - [12/Jan/2018:12:02:55 -0300] "POST /cormun/servlet/solicitudotadjuntos?gx-no-cache=1515769335584 HTTP/1.1" 200 26
186.103.159.188 - - [12/Jan/2018:12:02:55 -0300] "GET /cormun/servlet/trcontratosolicitud?gx-no-cache=1515766101479 HTTP/1.1" 200 14471
186.103.159.187 - - [12/Jan/2018:12:03:08 -0300] "GET /cormun/servlet/hhome HTTP/1.1" 200 3927
186.103.159.187 - - [12/Jan/2018:12:03:09 -0300] "GET /cormun/servlet/hhome HTTP/1.1" 200 3925
200.111.122.170 - - [12/Jan/2018:12:03:11 -0300] "POST /cormun/servlet/solicitudotadjuntos?b5b93c87cfd765cd9237f2f76b4133f5,INS,2018,9047,,1,,gx-no-cache=1515769350963 HTTP/1.1" 200 93
200.111.122.170 - - [12/Jan/2018:12:03:11 -0300] "GET /cormun/servlet/hpexe_return? HTTP/1.1" 200 1022
200.111.122.170 - - [12/Jan/2018:12:03:11 -0300] "GET /cormun/servlet/trsolicitudadjuntos?2018,9047, HTTP/1.1" 200 9175
200.111.122.170 - - [12/Jan/2018:12:03:12 -0300] "GET /cormun/servlet/trsolicitudadjuntos?2018,9047, HTTP/1.1" 200 9175
186.103.159.187 - - [12/Jan/2018:12:03:13 -0300] "GET /cormun/servlet/hhome HTTP/1.1" 200 3925
186.103.159.187 - - [12/Jan/2018:12:03:14 -0300] "GET /cormun/servlet/hhome HTTP/1.1" 200 3925
186.103.159.187 - - [12/Jan/2018:12:03:17 -0300] "GET /cormun/servlet/hlogin HTTP/1.1" 200 1733
186.103.159.187 - - [12/Jan/2018:12:03:23 -0300] "POST /cormun/servlet/hlogin?86989d2d485441da0147878143098f7f,gx-no-cache=1515769472243 HTTP/1.1" 200 443
192.168.10.135 - - [12/Jan/2018:12:03:36 -0300] "GET /cormun/servlet/hlogin HTTP/1.1" 200 1728
186.103.159.187 - - [12/Jan/2018:12:03:37 -0300] "POST /cormun/servlet/hlogin?86989d2d485441da0147878143098f7f,gx-no-cache=1515769486426 HTTP/1.1" 200 444
186.103.159.187 - - [12/Jan/2018:12:03:45 -0300] "POST /cormun/servlet/hlogin?86989d2d485441da0147878143098f7f,gx-no-cache=1515769494208 HTTP/1.1" 200 444
186.103.159.188 - - [12/Jan/2018:12:03:53 -0300] "GET /cormun/servlet/solicitudotcontratos?INS,2018,0,11889079,5,6,2017,2275,INTEGRACION,201712,3,B, HTTP/1.1" 200 9870
186.103.159.188 - - [12/Jan/2018:12:03:53 -0300] "GET /cormun/servlet/solicitudotcontratos?INS,2018,0,11889079,5,6,2017,2275,INTEGRACION,201712,3,B, HTTP/1.1" 200 9882
190.161.236.41 - - [12/Jan/2018:12:03:54 -0300] "GET /cormun/servlet/solicitudotcontratos?783b1d8334272e2879af472df30a5888ad81fe49c2e82e9da3453dc5fc2ec0fb1000a26d0f6f2bcb9e609348dd209bf1,gx-no-cache=1515769395587 HTTP/1.1" 200 30
190.161.236.41 - - [12/Jan/2018:12:03:54 -0300] "GET /cormun/servlet/solicitudotcontratos?783b1d8334272e2879af472df30a58881a0623b2b6ceeff9af990d5db70f1c0c9567023dd68a34735dd15fd3bad36c61,gx-no-cache=1515769395692 HTTP/1.1" 200 30
190.161.236.41 - - [12/Jan/2018:12:03:54 -0300] "GET /cormun/servlet/solicitudotcontratos?783b1d8334272e2879af472df30a588893d2dd46ab428f0af4a8f15bebfa07d1a291899cc48522d5376c40ef62eb76075f76266556e94f88e338f6b2476a4d21088db8dc51d66c026c6cb753ff14d16b5851f1c7c8dbf3b668d1615e0e5a3f837f3efdd79d75a94ee699f5b62d029f1561c4d55e4e3b237ab166c507a7ade209,gx-no-cache=1515769395734 HTTP/1.1" 200 50
190.161.236.41 - - [12/Jan/2018:12:03:54 -0300] "GET /cormun/servlet/solicitudotcontratos?783b1d8334272e2879af472df30a5888897cf4e95a3630c96a4e94f8baebf13f714a085bdf375f353316406962281fdf,gx-no-cache=1515769395783 HTTP/1.1" 200 30
190.161.236.41 - - [12/Jan/2018:12:03:54 -0300] "GET /cormun/servlet/solicitudotcontratos?783b1d8334272e2879af472df30a58885e4f37a5ae3c094854174f532d4adaf9dc5cb6de7c911f6c44e01e0b56d6dde005050ff3da2be1704b66c7bf9c2306adf7cc8424d4abd1e42c16bc6c109038e9ac332670eb1432af9a3021a999d2f0329a9fd1c060870d7cfa59feea54649e80,gx-no-cache=1515769395826 HTTP/1.1" 200 30
190.161.236.41 - - [12/Jan/2018:12:03:54 -0300] "GET /cormun/servlet/solicitudotcontratos?783b1d8334272e2879af472df30a588820a493459571ac826d18d8ff1816815917f740617cf1481a03a83f27d03736dca4461c41ce2a3fe188afa59610881a164caf76ee95ea07d0c14a3f5a6ccdad2f7cc7fc8e2f96f51b5f8d4f23a353363ab5bf116664195715013ed6c7952009b9833e26476948a9f5cfa8a6065dbf070cbc7061770cea17522c8b0ba7a306c9f2ca31b9b3b568f49b1c1b30ead8ca703679fa0269abbe6281845384ef7cd98b86b541c8833bf5b6603d6e064372d0283b2f1a5ec68e7a5b3a9063c609600e2b95d8b399fc62478e78366df3386df80ee1afc3fe9f57f3d1c7c3c9ff87a62d0f0b6b52e037ebdf819e3625ab4daa0025ef40b9466af65dedb60396cede3e8411d6f260aa2ddb5ec62c4efb550ab81cfefbe8c1a14aab9408f5281dac572efd0ae36c7db1c2639e898042d19a3aba8816863d1f1ff94d491f9ea4bb7aa9f842b9b6f26a70bdb1c2caedb1c1fe19d7f089afc35325c36a271e2ba406f64f2ec0fe6ec4ebaebbf248a982ac1b922fa5bb6c00ad1d445035e711ab649455b1a533ba9db3425ac7bd2c34762716cb81a02d982cc6d6daa6591fba4302ef768f9a05fd156a98c9065bedab1393c73baabe65f7b4bc223a901228af492d3fb12d7e6204a09a9e7bad25da8a060d091717386e5831980ac7f5d30dba684add57a077175efeb550bdce1c2087df8944a1b729a0c2c298c07a5e4caadd2c97e52ba526a70a96354cd092a64ce867638f18f927c9208ae017d26cc92edb1b75de6f93d49d6e4e99233b560a10e3a5b7554c12969fa530,gx-no-cache=1515769395876 HTTP/1.1" 200 83
190.161.236.41 - - [12/Jan/2018:12:03:55 -0300] "POST /cormun/servlet/solicitudotcontratos?11192e81d6576678c249945b0848a48c,INS,2018,0,11889079,5,6,2017,2275,INTEGRACION,201712,3,B,,gx-no-cache=1515769396944 HTTP/1.1" 200 10793
190.161.236.41 - - [12/Jan/2018:12:03:55 -0300] "POST /cormun/servlet/solicitudotcontratos?gx-no-cache=1515769397196 HTTP/1.1" 200 1341
190.161.236.41 - - [12/Jan/2018:12:03:55 -0300] "POST /cormun/servlet/solicitudotcontratos?gx-no-cache=1515769397262 HTTP/1.1" 200 1221
190.161.236.41 - - [12/Jan/2018:12:03:55 -0300] "GET /cormun/servlet/solicitudotcontratos?783b1d8334272e2879af472df30a5888c62f0b7aa4b22ef63e8168fe2403a7e07dc16790c6d84edb4b4f56665125b7fc8ffe5f7424ecfe8b4e5fb39e805aa85545d93e549a6101b75af080532e898eb57a9c423332c98da7136436eb75d8e8789e70888582555a3640377c6150078508de8d0f3f92cbc243ee28084429f913f8,gx-no-cache=1515769397324 HTTP/1.1" 200 30
190.161.236.41 - - [12/Jan/2018:12:03:56 -0300] "POST /cormun/servlet/solicitudotcontratos?11192e81d6576678c249945b0848a48c,INS,2018,0,11889079,5,6,2017,2275,INTEGRACION,201712,3,B,,gx-no-cache=1515769397368 HTTP/1.1" 200 93
190.161.236.41 - - [12/Jan/2018:12:03:56 -0300] "GET /cormun/servlet/hpexe_return? HTTP/1.1" 200 1063
190.161.236.41 - - [12/Jan/2018:12:03:56 -0300] "GET /cormun/servlet/trcontratosolicitud?gx-no-cache=1515766101479 HTTP/1.1" 200 14539
190.161.236.41 - - [12/Jan/2018:12:03:56 -0300] "GET /cormun/servlet/trcontratosolicitud?gx-no-cache=1515766101479 HTTP/1.1" 200 14535
186.103.159.187 - - [12/Jan/2018:12:03:59 -0300] "POST /cormun/servlet/hlogin?86989d2d485441da0147878143098f7f,gx-no-cache=1515769508342 HTTP/1.1" 200 90
186.103.159.187 - - [12/Jan/2018:12:03:59 -0300] "GET /cormun/servlet/hpexe_link HTTP/1.1" 200 954
186.103.159.187 - - [12/Jan/2018:12:04:00 -0300] "GET /cormun/servlet/hhome HTTP/1.1" 200 4121
186.103.159.187 - - [12/Jan/2018:12:04:01 -0300] "GET /cormun/servlet/hhome HTTP/1.1" 200 4117
186.103.159.187 - - [12/Jan/2018:12:04:01 -0300] "GET /cormun/static/SmoothNavMenu/resources/images/right.gif HTTP/1.1" 200 860
186.103.159.187 - - [12/Jan/2018:12:04:05 -0300] "GET /cormun/servlet/trcontratosolicitud? HTTP/1.1" 200 14483
186.103.159.187 - - [12/Jan/2018:12:04:05 -0300] "GET /cormun/static/gxcfg.js?20177612214014 HTTP/1.1" 200 953
186.103.159.187 - - [12/Jan/2018:12:04:05 -0300] "GET /cormun/static/trcontratosolicitud.js?20177612214349 HTTP/1.1" 200 28237
186.103.159.187 - - [12/Jan/2018:12:04:06 -0300] "GET /cormun/servlet/trcontratosolicitud? HTTP/1.1" 200 14478
186.103.159.187 - - [12/Jan/2018:12:04:06 -0300] "GET /cormun//static/Resources/PXToolsGridNew.png HTTP/1.1" 200 2949
186.79.216.115 - - [12/Jan/2018:12:04:21 -0300] "GET /cormun/servlet/hlogin HTTP/1.1" 200 1725
186.103.159.183 - - [12/Jan/2018:12:04:24 -0300] "GET /cormun/servlet/trcontratoobservaciondir? HTTP/1.1" 200 6370
186.103.159.188 - - [12/Jan/2018:12:04:24 -0300] "POST /cormun/servlet/trcontratosolicitud?11192e81d6576678c249945b0848a48c,gx-no-cache=1515766101479,gx-no-cache=1515769425495 HTTP/1.1" 200 11980
186.103.159.183 - - [12/Jan/2018:12:04:24 -0300] "GET /cormun/static/gxcfg.js?20175251262281 HTTP/1.1" 200 953
186.103.159.183 - - [12/Jan/2018:12:04:24 -0300] "GET /cormun/static/trcontratoobservaciondir.js?20175251262715 HTTP/1.1" 200 27185
186.103.159.183 - - [12/Jan/2018:12:04:25 -0300] "GET /cormun/static/Resources/PXToolsActionExcel.png HTTP/1.1" 200 3187
186.103.159.183 - - [12/Jan/2018:12:04:25 -0300] "GET /cormun/servlet/trcontratoobservaciondir? HTTP/1.1" 200 6370
186.79.216.115 - - [12/Jan/2018:12:04:36 -0300] "POST /cormun/servlet/hlogin?ee414147d61f3ed4a2639706a218bc83,gx-no-cache=1515765841550 HTTP/1.1" 200 428
186.79.216.115 - - [12/Jan/2018:12:04:50 -0300] "POST /cormun/servlet/hlogin?ee414147d61f3ed4a2639706a218bc83,gx-no-cache=1515765855432 HTTP/1.1" 200 428
192.168.10.135 - - [12/Jan/2018:12:05:00 -0300] "POST /cormun/servlet/hlogin?e6631dbfa6d09b42fccbd3854f8a9f84,gx-no-cache=1515769460057 HTTP/1.1" 200 90
192.168.10.135 - - [12/Jan/2018:12:05:00 -0300] "GET /cormun/servlet/hpexe_link HTTP/1.1" 200 948
192.168.10.135 - - [12/Jan/2018:12:05:00 -0300] "GET /cormun/servlet/hhome HTTP/1.1" 200 4773
190.161.236.41 - - [12/Jan/2018:12:05:06 -0300] "GET /cormun/servlet/solicitudotcontratos?INS,2018,0,15114135,8,6,2017,5674,INTEGRACION,201712,3,B, HTTP/1.1" 200 9879
200.74.87.109 - - [12/Jan/2018:12:05:06 -0300] "GET /cormun/servlet/hlogin HTTP/1.1" 200 1719
190.161.236.41 - - [12/Jan/2018:12:05:06 -0300] "GET /cormun/servlet/solicitudotcontratos?INS,2018,0,15114135,8,6,2017,5674,INTEGRACION,201712,3,B, HTTP/1.1" 200 9892
200.74.87.109 - - [12/Jan/2018:12:05:06 -0300] "GET /cormun/servlet/hlogin HTTP/1.1" 200 1729
186.103.159.188 - - [12/Jan/2018:12:05:06 -0300] "GET /cormun/servlet/solicitudotcontratos?783b1d8334272e2879af472df30a5888e91998f6aa7651d875d95bff7c9a728d1000a26d0f6f2bcb9e609348dd209bf1,gx-no-cache=1515769468374 HTTP/1.1" 200 30
186.103.159.188 - - [12/Jan/2018:12:05:06 -0300] "GET /cormun/servlet/solicitudotcontratos?783b1d8334272e2879af472df30a58881d38aab97953d4c39410005d9445ef409567023dd68a34735dd15fd3bad36c61,gx-no-cache=1515769468429 HTTP/1.1" 200 30
186.103.159.188 - - [12/Jan/2018:12:05:07 -0300] "GET /cormun/servlet/solicitudotcontratos?783b1d8334272e2879af472df30a588893d2dd46ab428f0af4a8f15bebfa07d1a291899cc48522d5376c40ef62eb76075f76266556e94f88e338f6b2476a4d21088db8dc51d66c026c6cb753ff14d16b5851f1c7c8dbf3b668d1615e0e5a3f837f3efdd79d75a94ee699f5b62d029f1561c4d55e4e3b237ab166c507a7ade209,gx-no-cache=1515769468474 HTTP/1.1" 200 50
186.103.159.188 - - [12/Jan/2018:12:05:07 -0300] "GET /cormun/servlet/solicitudotcontratos?783b1d8334272e2879af472df30a58883e5308b3c63d4977f3817a4223c3a285d27bd0395c6ee631974efa58a1d78f7d,gx-no-cache=1515769468523 HTTP/1.1" 200 30
186.103.159.188 - - [12/Jan/2018:12:05:07 -0300] "GET /cormun/servlet/solicitudotcontratos?783b1d8334272e2879af472df30a58885e4f37a5ae3c094854174f532d4adaf9dc5cb6de7c911f6c44e01e0b56d6dde005050ff3da2be1704b66c7bf9c2306adf7cc8424d4abd1e42c16bc6c109038e9ac332670eb1432af9a3021a999d2f0329a9fd1c060870d7cfa59feea54649e80,gx-no-cache=1515769468551 HTTP/1.1" 200 30
186.103.159.188 - - [12/Jan/2018:12:05:07 -0300] "GET /cormun/servlet/solicitudotcontratos?783b1d8334272e2879af472df30a588820a493459571ac826d18d8ff1816815917f740617cf1481a03a83f27d03736dca4461c41ce2a3fe188afa59610881a164caf76ee95ea07d0c14a3f5a6ccdad2f7cc7fc8e2f96f51b5f8d4f23a353363ab5bf116664195715013ed6c7952009b9833e26476948a9f5cfa8a6065dbf070cbc7061770cea17522c8b0ba7a306c9f2ca31b9b3b568f49b1c1b30ead8ca703679fa0269abbe6281845384ef7cd98b86b541c8833bf5b6603d6e064372d0283b2f1a5ec68e7a5b3a9063c609600e2b95d8b399fc62478e78366df3386df80ee1afc3fe9f57f3d1c7c3c9ff87a62d0f0b6b52e037ebdf819e3625ab4daa0025ef40b9466af65dedb60396cede3e8411d6f260aa2ddb5ec62c4efb550ab81cfefbe8c1a14aab9408f5281dac572efd0ae36c7db1c2639e898042d19a3aba8816863d1f1ff94d491f9ea4bb7aa9f842b9b6f26a70bdb1c2caedb1c1fe19d7f089afc35325c36a271e2ba406f64f2ec0fe6ec4ebaebbf248a982ac1b922fa5bb6c00ad1d445035e711ab649455b1a533ba9db3425ac7bd2c34762716cb81a02d982cc6d6daa6591fba4302ef768f9a05fd156a98c9065bedab1393c73baabe65f7b4bc223a901228af492d3fb12d7e6204a09a9e7bad25da8a060d091717386e5831980ac7f5d30dba684add57a077175efeb550bdce1c2087df8944a1b729a0c2c298c07a5e4caadd2c97e52ba526a70a96354cd092a64ce867638f18f927c9208ae017d26cc92edb1b75de6f93d49d6e4e99233b560a10e3a5b7554c12969fa530,gx-no-cache=1515769468595 HTTP/1.1" 200 83
200.74.87.109 - - [12/Jan/2018:12:05:07 -0300] "POST /cormun/servlet/hlogin?b527b56fcc852dc45801eb48110bd5a3,gx-no-cache=1515769469377 HTTP/1.1" 200 90
200.74.87.109 - - [12/Jan/2018:12:05:08 -0300] "GET /cormun/servlet/hpexe_link HTTP/1.1" 200 952
200.74.87.109 - - [12/Jan/2018:12:05:08 -0300] "GET /cormun/servlet/hhome HTTP/1.1" 200 4322
200.74.87.109 - - [12/Jan/2018:12:05:08 -0300] "GET /cormun/servlet/hhome HTTP/1.1" 200 4318
186.103.159.188 - - [12/Jan/2018:12:05:10 -0300] "POST /cormun/servlet/solicitudotcontratos?11192e81d6576678c249945b0848a48c,INS,2018,0,15114135,8,6,2017,5674,INTEGRACION,201712,3,B,,gx-no-cache=1515769471304 HTTP/1.1" 200 10794
186.103.159.188 - - [12/Jan/2018:12:05:10 -0300] "POST /cormun/servlet/solicitudotcontratos?gx-no-cache=1515769471571 HTTP/1.1" 200 1341
186.103.159.188 - - [12/Jan/2018:12:05:10 -0300] "POST /cormun/servlet/solicitudotcontratos?gx-no-cache=1515769471654 HTTP/1.1" 200 1221
186.103.159.188 - - [12/Jan/2018:12:05:10 -0300] "GET /cormun/servlet/solicitudotcontratos?783b1d8334272e2879af472df30a5888c62f0b7aa4b22ef63e8168fe2403a7e07dc16790c6d84edb4b4f56665125b7fc8ffe5f7424ecfe8b4e5fb39e805aa85545d93e549a6101b75af080532e898eb57a9c423332c98da7136436eb75d8e8789e70888582555a3640377c6150078508de8d0f3f92cbc243ee28084429f913f8,gx-no-cache=1515769471732 HTTP/1.1" 200 30
186.103.159.188 - - [12/Jan/2018:12:05:10 -0300] "POST /cormun/servlet/solicitudotcontratos?11192e81d6576678c249945b0848a48c,INS,2018,0,15114135,8,6,2017,5674,INTEGRACION,201712,3,B,,gx-no-cache=1515769471792 HTTP/1.1" 200 93
186.103.159.188 - - [12/Jan/2018:12:05:10 -0300] "GET /cormun/servlet/hpexe_return? HTTP/1.1" 200 1062
186.103.159.188 - - [12/Jan/2018:12:05:11 -0300] "GET /cormun/servlet/trcontratosolicitud?gx-no-cache=1515766101479 HTTP/1.1" 200 14358
186.103.159.188 - - [12/Jan/2018:12:05:11 -0300] "GET /cormun/servlet/trcontratosolicitud?gx-no-cache=1515766101479 HTTP/1.1" 200 14379
200.74.87.109 - - [12/Jan/2018:12:05:11 -0300] "GET /cormun/servlet/trpermisosgoce? HTTP/1.1" 200 9125
200.74.87.109 - - [12/Jan/2018:12:05:12 -0300] "GET /cormun/servlet/trpermisosgoce? HTTP/1.1" 200 9123
200.74.87.109 - - [12/Jan/2018:12:05:15 -0300] "GET /cormun/servlet/permisogoce?INS,0,,, HTTP/1.1" 200 7184
200.74.87.109 - - [12/Jan/2018:12:05:15 -0300] "GET /cormun/servlet/permisogoce?INS,0,,, HTTP/1.1" 200 7184
186.79.216.115 - - [12/Jan/2018:12:05:17 -0300] "POST /cormun/servlet/hlogin?ee414147d61f3ed4a2639706a218bc83,gx-no-cache=1515765882911 HTTP/1.1" 200 428
200.74.87.109 - - [12/Jan/2018:12:05:21 -0300] "GET /cormun/servlet/permisogoce?77d2e105ac34fd18966944165c185cd3c7716240465f8bf257bedb6325d961f595586e651c3a2c541777aa5cce6ac96f,gx-no-cache=1515769483054 HTTP/1.1" 200 226
200.74.87.109 - - [12/Jan/2018:12:05:21 -0300] "GET /cormun/static/Shared/jqueryui/images/ui-bg_highlight-soft_100_c6c2c8_1x100.png HTTP/1.1" 404 1117
200.74.87.109 - - [12/Jan/2018:12:05:21 -0300] "GET /cormun/static/Shared/jqueryui/images/ui-icons_82798d_256x240.png HTTP/1.1" 404 1089
200.74.87.109 - - [12/Jan/2018:12:05:21 -0300] "GET /cormun/static/Shared/jqueryui/images/ui-bg_flat_55_994d53_40x100.png HTTP/1.1" 404 1097
200.74.87.109 - - [12/Jan/2018:12:05:21 -0300] "GET /cormun/static/Shared/jqueryui/images/ui-icons_ebccce_256x240.png HTTP/1.1" 404 1089
200.74.87.109 - - [12/Jan/2018:12:05:25 -0300] "GET /cormun/servlet/permisogoce?77d2e105ac34fd18966944165c185cd356cfc95a4ccd316063c7ffda1b2a48804d4057a16074ddcecd9a0adb48852e0c43e0c937eba79c165c61d5d331c5444d,gx-no-cache=1515769486514 HTTP/1.1" 200 74
200.74.87.109 - - [12/Jan/2018:12:05:27 -0300] "GET /cormun/static/menuarrow.gif HTTP/1.1" 404 1015
200.74.87.109 - - [12/Jan/2018:12:05:31 -0300] "GET /cormun/servlet/permisogoce?77d2e105ac34fd18966944165c185cd35f718a5ddfb7f8dde524dae375a15b50b2a61643a42a6ffba9f2a29746702eb46a000013a2ae0b2b841f641a502457a1,gx-no-cache=1515769492701 HTTP/1.1" 200 47
200.74.87.109 - - [12/Jan/2018:12:05:33 -0300] "POST /cormun/servlet/permisogoce?b527b56fcc852dc45801eb48110bd5a3,INS,0,,,,gx-no-cache=1515769493961 HTTP/1.1" 200 93
200.74.87.109 - - [12/Jan/2018:12:05:33 -0300] "GET /cormun/servlet/hpexe_return? HTTP/1.1" 200 1010
200.74.87.109 - - [12/Jan/2018:12:05:33 -0300] "GET /cormun/servlet/trpermisosgoce HTTP/1.1" 200 9345
200.74.87.109 - - [12/Jan/2018:12:05:33 -0300] "GET /cormun/servlet/trpermisosgoce HTTP/1.1" 200 9340
200.74.87.109 - - [12/Jan/2018:12:05:36 -0300] "GET /cormun/servlet/apermisogoceprn?13945647,P,20180112120254,PU HTTP/1.1" 200 1653
186.79.216.115 - - [12/Jan/2018:12:05:36 -0300] "POST /cormun/servlet/hlogin?ee414147d61f3ed4a2639706a218bc83,gx-no-cache=1515765902106 HTTP/1.1" 200 90
186.79.216.115 - - [12/Jan/2018:12:05:37 -0300] "GET /cormun/servlet/hpexe_link HTTP/1.1" 200 957
186.79.216.115 - - [12/Jan/2018:12:05:37 -0300] "GET /cormun/servlet/hhome HTTP/1.1" 200 4125
186.79.216.115 - - [12/Jan/2018:12:05:37 -0300] "GET /cormun/servlet/hhome HTTP/1.1" 200 4121
186.67.164.142 - - [12/Jan/2018:12:05:38 -0300] "GET /cormun/servlet/trlicencias? HTTP/1.1" 200 10900
186.67.164.142 - - [12/Jan/2018:12:05:38 -0300] "GET /cormun/static/Resources/PXTools/calendar.png HTTP/1.1" 200 1306
186.67.164.142 - - [12/Jan/2018:12:05:39 -0300] "GET /cormun/servlet/trlicencias? HTTP/1.1" 200 10898
186.79.216.115 - - [12/Jan/2018:12:05:40 -0300] "GET /cormun/servlet/trcontratosolicitud? HTTP/1.1" 200 14674
186.67.164.142 - - [12/Jan/2018:12:05:41 -0300] "GET /cormun/servlet/licenciaspermisos?INS,0,,, HTTP/1.1" 200 7499
186.79.216.115 - - [12/Jan/2018:12:05:41 -0300] "GET /cormun/servlet/trcontratosolicitud? HTTP/1.1" 200 14669
186.67.164.142 - - [12/Jan/2018:12:05:41 -0300] "GET /cormun/static/gxcfg.js?201762917281167 HTTP/1.1" 200 953
186.67.164.142 - - [12/Jan/2018:12:05:41 -0300] "GET /cormun/static/licenciaspermisos.js?201762917281260 HTTP/1.1" 200 37491
186.67.164.142 - - [12/Jan/2018:12:05:41 -0300] "GET /cormun/static/Resources/prompt.gif HTTP/1.1" 200 902
186.67.164.142 - - [12/Jan/2018:12:05:42 -0300] "GET /cormun/servlet/licenciaspermisos?INS,0,,, HTTP/1.1" 200 7498
186.103.157.246 - - [12/Jan/2018:12:05:47 -0300] "POST /cormun/servlet/trsolicitudot?5ace0ba0f11ad9b3c7a9a422c5b4fe7b,gx-no-cache=1515769509078 HTTP/1.1" 200 106
186.103.157.246 - - [12/Jan/2018:12:05:47 -0300] "GET /cormun/servlet/trsolicitudadjuntos?2018,9071, HTTP/1.1" 200 6203
186.103.157.246 - - [12/Jan/2018:12:05:48 -0300] "GET /cormun/servlet/trsolicitudadjuntos?2018,9071, HTTP/1.1" 200 6203
186.103.159.188 - - [12/Jan/2018:12:05:49 -0300] "POST /cormun/servlet/trcontratosolicitud?11192e81d6576678c249945b0848a48c,gx-no-cache=1515766101479,gx-no-cache=1515769510799 HTTP/1.1" 200 5763
186.67.164.142 - - [12/Jan/2018:12:05:50 -0300] "GET /cormun/servlet/licenciaspermisos?d07f2fe5db214f151bc7e248f9167a41e0e745ebbcd830ebb40529c5eedc0d69115d978c0e3d1229b748490b54a3b89d,gx-no-cache=1515769510077 HTTP/1.1" 200 88
186.67.164.142 - - [12/Jan/2018:12:05:50 -0300] "POST /cormun/servlet/licenciaspermisos?acf2f40008e6e9cbabe2ad800764bb21,INS,0,,,,gx-no-cache=1515769510155 HTTP/1.1" 200 4696
186.103.157.246 - - [12/Jan/2018:12:05:51 -0300] "GET /cormun/servlet/solicitudotadjuntos?INS,2018,9071,,1, HTTP/1.1" 200 6152
186.103.157.246 - - [12/Jan/2018:12:05:52 -0300] "GET /cormun/static/about:blank HTTP/1.1" 404 1011
186.103.157.246 - - [12/Jan/2018:12:05:52 -0300] "GET /cormun/servlet/solicitudotadjuntos?INS,2018,9071,,1, HTTP/1.1" 200 6145
186.103.157.246 - - [12/Jan/2018:12:05:52 -0300] "GET /cormun/servlet/solicitudotadjuntos?9463e2342f044d3f56664d5d2ca5937b04683becd00d0455c7290812f8567375400b6dce0092097a6cfcaeea0b9cef75,gx-no-cache=1515769514424 HTTP/1.1" 200 30
186.103.157.246 - - [12/Jan/2018:12:05:53 -0300] "POST /cormun/servlet/solicitudotadjuntos?5ace0ba0f11ad9b3c7a9a422c5b4fe7b,INS,2018,9071,,1,,gx-no-cache=1515769514454 HTTP/1.1" 200 4020
186.103.159.188 - - [12/Jan/2018:12:05:54 -0300] "POST /cormun/servlet/trcontratosolicitud?11192e81d6576678c249945b0848a48c,gx-no-cache=1515766101479,gx-no-cache=1515769515548 HTTP/1.1" 200 12327
186.103.157.246 - - [12/Jan/2018:12:05:57 -0300] "POST /cormun/servlet/solicitudotadjuntos?gx-no-cache=1515769518552 HTTP/1.1" 200 26
186.103.159.188 - - [12/Jan/2018:12:06:01 -0300] "GET /cormun/servlet/solicitudotcontratos?INS,2018,0,13567526,1,6,2017,2297,INTEGRACION,201712,3,B, HTTP/1.1" 200 9860
186.103.159.188 - - [12/Jan/2018:12:06:02 -0300] "GET /cormun/servlet/solicitudotcontratos?INS,2018,0,13567526,1,6,2017,2297,INTEGRACION,201712,3,B, HTTP/1.1" 200 9873
186.103.159.188 - - [12/Jan/2018:12:06:02 -0300] "GET /cormun/servlet/solicitudotcontratos?783b1d8334272e2879af472df30a5888185c2e4d394100f3ee7288ccc9c166321000a26d0f6f2bcb9e609348dd209bf1,gx-no-cache=1515769524140 HTTP/1.1" 200 30
186.103.159.188 - - [12/Jan/2018:12:06:02 -0300] "GET /cormun/servlet/solicitudotcontratos?783b1d8334272e2879af472df30a58887bf39e7bcce8bddcaa66b5e9656a803e9567023dd68a34735dd15fd3bad36c61,gx-no-cache=1515769524186 HTTP/1.1" 200 30
186.103.159.188 - - [12/Jan/2018:12:06:02 -0300] "GET /cormun/servlet/solicitudotcontratos?783b1d8334272e2879af472df30a588893d2dd46ab428f0af4a8f15bebfa07d1a291899cc48522d5376c40ef62eb76075f76266556e94f88e338f6b2476a4d21088db8dc51d66c026c6cb753ff14d16b5851f1c7c8dbf3b668d1615e0e5a3f837f3efdd79d75a94ee699f5b62d029f1561c4d55e4e3b237ab166c507a7ade209,gx-no-cache=1515769524217 HTTP/1.1" 200 50
186.103.159.188 - - [12/Jan/2018:12:06:02 -0300] "GET /cormun/servlet/solicitudotcontratos?783b1d8334272e2879af472df30a5888ec5045c4737d635c775768c9114cda808518a4cf2c56907e4d91fcdbfb96e95f,gx-no-cache=1515769524259 HTTP/1.1" 200 30
186.103.159.188 - - [12/Jan/2018:12:06:02 -0300] "GET /cormun/servlet/solicitudotcontratos?783b1d8334272e2879af472df30a58885e4f37a5ae3c094854174f532d4adaf9dc5cb6de7c911f6c44e01e0b56d6dde005050ff3da2be1704b66c7bf9c2306adf7cc8424d4abd1e42c16bc6c109038e9ac332670eb1432af9a3021a999d2f0329a9fd1c060870d7cfa59feea54649e80,gx-no-cache=1515769524298 HTTP/1.1" 200 30
186.103.159.188 - - [12/Jan/2018:12:06:02 -0300] "GET /cormun/servlet/solicitudotcontratos?783b1d8334272e2879af472df30a588820a493459571ac826d18d8ff1816815917f740617cf1481a03a83f27d03736dca4461c41ce2a3fe188afa59610881a164caf76ee95ea07d0c14a3f5a6ccdad2f7cc7fc8e2f96f51b5f8d4f23a353363ab5bf116664195715013ed6c7952009b9833e26476948a9f5cfa8a6065dbf070cbc7061770cea17522c8b0ba7a306c9f2ca31b9b3b568f49b1c1b30ead8ca703679fa0269abbe6281845384ef7cd98b86b541c8833bf5b6603d6e064372d0283b2f1a5ec68e7a5b3a9063c609600e2b95d8b399fc62478e78366df3386df80ee1afc3fe9f57f3d1c7c3c9ff87a62d0f0b6b52e037ebdf819e3625ab4daa0025ef40b9466af65dedb60396cede3e8411d6f260aa2ddb5ec62c4efb550ab81cfefbe8c1a14aab9408f5281dac572efd0ae36c7db1c2639e898042d19a3aba8816863d1f1ff94d491f9ea4bb7aa9f842b9b6f26a70bdb1c2caedb1c1fe19d7f089afc35325c36a271e2ba406f64f2ec0fe6ec4ebaebbf248a982ac1b922fa5bb6c00ad1d445035e711ab649455b1a533ba9db3425ac7bd2c34762716cb81a02d982cc6d6daa6591fba4302ef768f9a05fd156a98c9065bedab1393c73baabe65f7b4bc223a901228af492d3fb12d7e6204a09a9e7bad25da8a060d091717386e5831980ac7f5d30dba684add57a077175efeb550bdce1c2087df8944a1b729a0c2c298c07a5e4caadd2c97e52ba526a70a96354cd092a64ce867638f18f927c9208ae017d26cc92edb1b75de6f93d49d6e4e99233b560a10e3a5b7554c12969fa530,gx-no-cache=1515769524345 HTTP/1.1" 200 83
186.103.159.188 - - [12/Jan/2018:12:06:05 -0300] "POST /cormun/servlet/solicitudotcontratos?11192e81d6576678c249945b0848a48c,INS,2018,0,13567526,1,6,2017,2297,INTEGRACION,201712,3,B,,gx-no-cache=1515769526976 HTTP/1.1" 200 10782
186.103.159.188 - - [12/Jan/2018:12:06:05 -0300] "POST /cormun/servlet/solicitudotcontratos?gx-no-cache=1515769527225 HTTP/1.1" 200 1341
186.103.159.188 - - [12/Jan/2018:12:06:05 -0300] "POST /cormun/servlet/solicitudotcontratos?gx-no-cache=1515769527267 HTTP/1.1" 200 1221
186.103.159.188 - - [12/Jan/2018:12:06:05 -0300] "GET /cormun/servlet/solicitudotcontratos?783b1d8334272e2879af472df30a5888c62f0b7aa4b22ef63e8168fe2403a7e07dc16790c6d84edb4b4f56665125b7fc8ffe5f7424ecfe8b4e5fb39e805aa85545d93e549a6101b75af080532e898eb57a9c423332c98da7136436eb75d8e8789e70888582555a3640377c6150078508de8d0f3f92cbc243ee28084429f913f8,gx-no-cache=1515769527315 HTTP/1.1" 200 30
186.103.159.188 - - [12/Jan/2018:12:06:06 -0300] "POST /cormun/servlet/solicitudotcontratos?11192e81d6576678c249945b0848a48c,INS,2018,0,13567526,1,6,2017,2297,INTEGRACION,201712,3,B,,gx-no-cache=1515769527352 HTTP/1.1" 200 93
186.103.159.188 - - [12/Jan/2018:12:06:06 -0300] "GET /cormun/servlet/hpexe_return? HTTP/1.1" 200 1063
186.103.159.188 - - [12/Jan/2018:12:06:06 -0300] "GET /cormun/servlet/trcontratosolicitud?gx-no-cache=1515766101479 HTTP/1.1" 200 14579
186.103.157.246 - - [12/Jan/2018:12:06:06 -0300] "GET /cormun/servlet/solicitudotadjuntos?9463e2342f044d3f56664d5d2ca5937b43a5a020f951859023ed724e1e0b1290,gx-no-cache=1515769528292 HTTP/1.1" 200 30
186.103.157.246 - - [12/Jan/2018:12:06:06 -0300] "GET /cormun/servlet/solicitudotadjuntos?9463e2342f044d3f56664d5d2ca5937b43a5a020f951859023ed724e1e0b1290,gx-no-cache=1515769528313 HTTP/1.1" 200 30
186.103.159.188 - - [12/Jan/2018:12:06:07 -0300] "GET /cormun/servlet/trcontratosolicitud?gx-no-cache=1515766101479 HTTP/1.1" 200 14591
186.103.157.246 - - [12/Jan/2018:12:06:07 -0300] "POST /cormun/servlet/solicitudotadjuntos?5ace0ba0f11ad9b3c7a9a422c5b4fe7b,INS,2018,9071,,1, HTTP/1.1" 200 116
186.103.157.246 - - [12/Jan/2018:12:06:07 -0300] "GET /cormun/servlet/hpexe_return? HTTP/1.1" 200 1025
186.103.157.246 - - [12/Jan/2018:12:06:07 -0300] "GET /cormun/servlet/trsolicitudadjuntos?2018,9071, HTTP/1.1" 200 8492
186.103.157.246 - - [12/Jan/2018:12:06:08 -0300] "GET /cormun/servlet/trsolicitudadjuntos?2018,9071, HTTP/1.1" 200 8488
186.103.157.246 - - [12/Jan/2018:12:06:11 -0300] "GET /cormun/servlet/solicitudotadjuntos?INS,2018,9071,,1, HTTP/1.1" 200 6152
186.103.157.246 - - [12/Jan/2018:12:06:11 -0300] "GET /cormun/static/about:blank HTTP/1.1" 404 1011
186.103.157.246 - - [12/Jan/2018:12:06:11 -0300] "GET /cormun/servlet/solicitudotadjuntos?INS,2018,9071,,1, HTTP/1.1" 200 6145
186.103.157.246 - - [12/Jan/2018:12:06:12 -0300] "GET /cormun/servlet/solicitudotadjuntos?9463e2342f044d3f56664d5d2ca5937b04683becd00d0455c7290812f8567375400b6dce0092097a6cfcaeea0b9cef75,gx-no-cache=1515769533673 HTTP/1.1" 200 30
186.103.157.246 - - [12/Jan/2018:12:06:12 -0300] "POST /cormun/servlet/solicitudotadjuntos?5ace0ba0f11ad9b3c7a9a422c5b4fe7b,INS,2018,9071,,1,,gx-no-cache=1515769533789 HTTP/1.1" 200 4020
186.103.159.188 - - [12/Jan/2018:12:06:14 -0300] "GET /cormun/servlet/solicitudotcontratos?INS,2018,0,13567526,1,6,2017,1907,LEY+SEP,201712,4,B, HTTP/1.1" 200 9865
186.103.159.188 - - [12/Jan/2018:12:06:15 -0300] "GET /cormun/servlet/solicitudotcontratos?INS,2018,0,13567526,1,6,2017,1907,LEY+SEP,201712,4,B, HTTP/1.1" 200 9881
190.161.236.41 - - [12/Jan/2018:12:06:15 -0300] "GET /cormun/servlet/solicitudotcontratos?783b1d8334272e2879af472df30a5888185c2e4d394100f3ee7288ccc9c166321000a26d0f6f2bcb9e609348dd209bf1,gx-no-cache=1515769536929 HTTP/1.1" 200 30
190.161.236.41 - - [12/Jan/2018:12:06:15 -0300] "GET /cormun/servlet/solicitudotcontratos?783b1d8334272e2879af472df30a58887bf39e7bcce8bddcaa66b5e9656a803e9567023dd68a34735dd15fd3bad36c61,gx-no-cache=1515769537015 HTTP/1.1" 200 30
190.161.236.41 - - [12/Jan/2018:12:06:15 -0300] "GET /cormun/servlet/solicitudotcontratos?783b1d8334272e2879af472df30a588893d2dd46ab428f0af4a8f15bebfa07d1a291899cc48522d5376c40ef62eb76075f76266556e94f88e338f6b2476a4d21088db8dc51d66c026c6cb753ff14d16b5851f1c7c8dbf3b668d1615e0e5a3f837f3efdd79d75a94ee699f5b62d029f1561c4d55e4e3b237ab166c507a7ade209,gx-no-cache=1515769537062 HTTP/1.1" 200 50
186.103.157.246 - - [12/Jan/2018:12:06:15 -0300] "POST /cormun/servlet/solicitudotadjuntos?gx-no-cache=1515769537076 HTTP/1.1" 200 26
190.161.236.41 - - [12/Jan/2018:12:06:15 -0300] "GET /cormun/servlet/solicitudotcontratos?783b1d8334272e2879af472df30a5888ec5045c4737d635c775768c9114cda808518a4cf2c56907e4d91fcdbfb96e95f,gx-no-cache=1515769537124 HTTP/1.1" 200 30
190.161.236.41 - - [12/Jan/2018:12:06:15 -0300] "GET /cormun/servlet/solicitudotcontratos?783b1d8334272e2879af472df30a58885e4f37a5ae3c094854174f532d4adaf9dc5cb6de7c911f6c44e01e0b56d6dde005050ff3da2be1704b66c7bf9c2306adf7cc8424d4abd1e42c16bc6c109038e9ac332670eb1432af9a3021a999d2f0329a9fd1c060870d7cfa59feea54649e80,gx-no-cache=1515769537170 HTTP/1.1" 200 30
190.161.236.41 - - [12/Jan/2018:12:06:15 -0300] "GET /cormun/servlet/solicitudotcontratos?783b1d8334272e2879af472df30a588820a493459571ac826d18d8ff1816815917f740617cf1481a03a83f27d03736dcc75f82cec2a63aebccbcff728a8ab8b705050ff3da2be1704b66c7bf9c2306ad1e08ec682dc31968184fff9c341f085ffbc2c0661d5172129279d960db346d187643e2ccf5910f6b88537ed484f8fbf3aa17c67d49ddda0d55e8aab9734981e46b67a1da00e0fffd56729f9a5a7fce0ec75f82cec2a63aebccbcff728a8ab8b7398a8dd5babf2d7fc20df5e1daf4e07cab1e3496ff902cd42806521f39cdd3f828e1fdeff348ee2fc2abf9d49ba0e336583b768813b3fd43f5fb40b8a2419147ccad713d9c28f8ef942b4102d060426c6f086083d7bc7ba4d88bd2854562d53b1e1e0310f1503c5ab36b9b25e320b3472987b1d3aae3963ed9f4b68b96599611c1f77d25ca728d74b2708b662fe48350f4660072ed7652f9186d4a0eb9dbdd9b0b8e3d1bf345e2a017a9952e52144cf3df19c2e8bef925b1e1299b66a88d7934ee02f44946ec2914e96380959ad2023fb2c582aece1e2c20ff7ad0b3b5d371006c46aac50b2e7d8282e55e6e148f5e23d79cbe78b4eebc6ba0a4af5a2ab7c3153b85381931a2f6593a55ac6d270dd2caad3a48748c078b32c74aca4549b9642c1f058a42bb7094a6e37bf84d43e2f4f03b04f697cf4a4c9afcd95c837c0a6a949b9c2cae56f90e542f0b7d03faeb89040d4748e7203bf1c60bf57a0a986747d2ed16d3d94a46fcd31f79cec65497129bdbebbdf1687a4fadde8255036f724853f8996781bb1dd8a19967e68c0eaae2a2,gx-no-cache=1515769537220 HTTP/1.1" 200 79
190.161.236.41 - - [12/Jan/2018:12:06:21 -0300] "POST /cormun/servlet/solicitudotcontratos?11192e81d6576678c249945b0848a48c,INS,2018,0,13567526,1,6,2017,1907,LEY+SEP,201712,4,B,,gx-no-cache=1515769542701 HTTP/1.1" 200 10781
190.161.236.41 - - [12/Jan/2018:12:06:21 -0300] "POST /cormun/servlet/solicitudotcontratos?gx-no-cache=1515769542998 HTTP/1.1" 200 1342
190.161.236.41 - - [12/Jan/2018:12:06:21 -0300] "POST /cormun/servlet/solicitudotcontratos?gx-no-cache=1515769543101 HTTP/1.1" 200 1221
190.161.236.41 - - [12/Jan/2018:12:06:21 -0300] "GET /cormun/servlet/solicitudotcontratos?783b1d8334272e2879af472df30a5888c62f0b7aa4b22ef63e8168fe2403a7e07dc16790c6d84edb4b4f56665125b7fc8ffe5f7424ecfe8b4e5fb39e805aa85545d93e549a6101b75af080532e898eb57a9c423332c98da7136436eb75d8e8789e70888582555a3640377c6150078508de8d0f3f92cbc243ee28084429f913f8,gx-no-cache=1515769543204 HTTP/1.1" 200 30
200.74.87.109 - - [12/Jan/2018:12:06:21 -0300] "GET /cormun/servlet/permisogoce?INS,0,,, HTTP/1.1" 200 7183
186.103.157.246 - - [12/Jan/2018:12:06:22 -0300] "GET /cormun/servlet/solicitudotadjuntos?9463e2342f044d3f56664d5d2ca5937b43a5a020f951859023ed724e1e0b1290,gx-no-cache=1515769543430 HTTP/1.1" 200 30
186.103.157.246 - - [12/Jan/2018:12:06:22 -0300] "GET /cormun/servlet/solicitudotadjuntos?9463e2342f044d3f56664d5d2ca5937b43a5a020f951859023ed724e1e0b1290,gx-no-cache=1515769543473 HTTP/1.1" 200 30
190.161.236.41 - - [12/Jan/2018:12:06:22 -0300] "POST /cormun/servlet/solicitudotcontratos?11192e81d6576678c249945b0848a48c,INS,2018,0,13567526,1,6,2017,1907,LEY+SEP,201712,4,B,,gx-no-cache=1515769543284 HTTP/1.1" 200 93
190.161.236.41 - - [12/Jan/2018:12:06:22 -0300] "GET /cormun/servlet/hpexe_return? HTTP/1.1" 200 1060
200.74.87.109 - - [12/Jan/2018:12:06:22 -0300] "GET /cormun/servlet/permisogoce?INS,0,,, HTTP/1.1" 200 7184
190.161.236.41 - - [12/Jan/2018:12:06:22 -0300] "GET /cormun/servlet/trcontratosolicitud?gx-no-cache=1515766101479 HTTP/1.1" 200 14626
190.161.236.41 - - [12/Jan/2018:12:06:23 -0300] "GET /cormun/servlet/trcontratosolicitud?gx-no-cache=1515766101479 HTTP/1.1" 200 14639
186.103.157.246 - - [12/Jan/2018:12:06:23 -0300] "POST /cormun/servlet/solicitudotadjuntos?5ace0ba0f11ad9b3c7a9a422c5b4fe7b,INS,2018,9071,,1, HTTP/1.1" 200 116
186.103.157.246 - - [12/Jan/2018:12:06:23 -0300] "GET /cormun/servlet/hpexe_return? HTTP/1.1" 200 1025
186.103.157.246 - - [12/Jan/2018:12:06:23 -0300] "GET /cormun/servlet/trsolicitudadjuntos?2018,9071, HTTP/1.1" 200 8691
186.103.157.246 - - [12/Jan/2018:12:06:24 -0300] "GET /cormun/servlet/trsolicitudadjuntos?2018,9071, HTTP/1.1" 200 8689
186.103.157.246 - - [12/Jan/2018:12:06:28 -0300] "GET /cormun/servlet/solicitudotadjuntos?INS,2018,9071,,1, HTTP/1.1" 200 6152
186.103.157.246 - - [12/Jan/2018:12:06:28 -0300] "GET /cormun/static/about:blank HTTP/1.1" 404 1011
200.74.87.109 - - [12/Jan/2018:12:06:28 -0300] "GET /cormun/servlet/permisogoce?77d2e105ac34fd18966944165c185cd356cfc95a4ccd316063c7ffda1b2a48804d4057a16074ddcecd9a0adb48852e0c43e0c937eba79c165c61d5d331c5444d,gx-no-cache=1515769550117 HTTP/1.1" 200 76
186.103.157.246 - - [12/Jan/2018:12:06:29 -0300] "GET /cormun/servlet/solicitudotadjuntos?INS,2018,9071,,1, HTTP/1.1" 200 6145
186.103.159.188 - - [12/Jan/2018:12:06:29 -0300] "POST /cormun/servlet/trcontratosolicitud?11192e81d6576678c249945b0848a48c,gx-no-cache=1515766101479,gx-no-cache=1515769550311 HTTP/1.1" 200 12044
186.67.164.142 - - [12/Jan/2018:12:06:29 -0300] "GET /cormun/static/menuarrow.gif HTTP/1.1" 404 1015
186.103.157.246 - - [12/Jan/2018:12:06:29 -0300] "GET /cormun/servlet/solicitudotadjuntos?9463e2342f044d3f56664d5d2ca5937b04683becd00d0455c7290812f8567375400b6dce0092097a6cfcaeea0b9cef75,gx-no-cache=1515769550926 HTTP/1.1" 200 30
186.103.157.246 - - [12/Jan/2018:12:06:30 -0300] "POST /cormun/servlet/solicitudotadjuntos?5ace0ba0f11ad9b3c7a9a422c5b4fe7b,INS,2018,9071,,1,,gx-no-cache=1515769551022 HTTP/1.1" 200 4020
186.103.157.246 - - [12/Jan/2018:12:06:33 -0300] "POST /cormun/servlet/solicitudotadjuntos?gx-no-cache=1515769554974 HTTP/1.1" 200 26
200.74.87.109 - - [12/Jan/2018:12:06:34 -0300] "POST /cormun/servlet/permisogoce?b527b56fcc852dc45801eb48110bd5a3,INS,0,,,,gx-no-cache=1515769556146 HTTP/1.1" 200 93
200.74.87.109 - - [12/Jan/2018:12:06:34 -0300] "GET /cormun/servlet/hpexe_return? HTTP/1.1" 200 1010
200.74.87.109 - - [12/Jan/2018:12:06:35 -0300] "GET /cormun/servlet/trpermisosgoce HTTP/1.1" 200 9345
200.74.87.109 - - [12/Jan/2018:12:06:35 -0300] "GET /cormun/servlet/trpermisosgoce HTTP/1.1" 200 9340
186.103.157.246 - - [12/Jan/2018:12:06:40 -0300] "GET /cormun/servlet/solicitudotadjuntos?9463e2342f044d3f56664d5d2ca5937b43a5a020f951859023ed724e1e0b1290,gx-no-cache=1515769561469 HTTP/1.1" 200 30
186.103.157.246 - - [12/Jan/2018:12:06:40 -0300] "GET /cormun/servlet/solicitudotadjuntos?9463e2342f044d3f56664d5d2ca5937b43a5a020f951859023ed724e1e0b1290,gx-no-cache=1515769561494 HTTP/1.1" 200 30
186.103.159.188 - - [12/Jan/2018:12:06:40 -0300] "GET /cormun/servlet/solicitudotcontratos?INS,2018,0,12692799,1,6,2017,2288,INTEGRACION,201712,3,B, HTTP/1.1" 200 9878
