186.103.159.188 - - [12/Jan/2018:12:06:40 -0300] "GET /cormun/servlet/solicitudotcontratos?INS,2018,0,12692799,1,6,2017,2288,INTEGRACION,201712,3,B, HTTP/1.1" 200 9890
186.103.159.188 - - [12/Jan/2018:12:06:41 -0300] "GET /cormun/servlet/solicitudotcontratos?783b1d8334272e2879af472df30a58882b0e0a2e63f101292c611e62aa5c96871000a26d0f6f2bcb9e609348dd209bf1,gx-no-cache=1515769562568 HTTP/1.1" 200 30
186.103.159.188 - - [12/Jan/2018:12:06:41 -0300] "GET /cormun/servlet/solicitudotcontratos?783b1d8334272e2879af472df30a588840099d5f8a05b11c66868c1f15b900c79567023dd68a34735dd15fd3bad36c61,gx-no-cache=1515769562874 HTTP/1.1" 200 30
186.103.159.188 - - [12/Jan/2018:12:06:41 -0300] "GET /cormun/servlet/solicitudotcontratos?783b1d8334272e2879af472df30a588893d2dd46ab428f0af4a8f15bebfa07d1a291899cc48522d5376c40ef62eb76075f76266556e94f88e338f6b2476a4d21088db8dc51d66c026c6cb753ff14d16b5851f1c7c8dbf3b668d1615e0e5a3f837f3efdd79d75a94ee699f5b62d029f1561c4d55e4e3b237ab166c507a7ade209,gx-no-cache=1515769562976 HTTP/1.1" 200 50
186.103.159.188 - - [12/Jan/2018:12:06:41 -0300] "GET /cormun/servlet/solicitudotcontratos?783b1d8334272e2879af472df30a58889bfbdb77cda13a8d9d81d7015375ee72f01513d1d9c7963a9d470c17c35d1f98,gx-no-cache=1515769563029 HTTP/1.1" 200 30
186.103.159.188 - - [12/Jan/2018:12:06:41 -0300] "GET /cormun/servlet/solicitudotcontratos?783b1d8334272e2879af472df30a58885e4f37a5ae3c094854174f532d4adaf9dc5cb6de7c911f6c44e01e0b56d6dde005050ff3da2be1704b66c7bf9c2306adf7cc8424d4abd1e42c16bc6c109038e9ac332670eb1432af9a3021a999d2f0329a9fd1c060870d7cfa59feea54649e80,gx-no-cache=1515769563069 HTTP/1.1" 200 30
186.103.159.188 - - [12/Jan/2018:12:06:41 -0300] "GET /cormun/servlet/solicitudotcontratos?783b1d8334272e2879af472df30a588820a493459571ac826d18d8ff1816815917f740617cf1481a03a83f27d03736dca4461c41ce2a3fe188afa59610881a164caf76ee95ea07d0c14a3f5a6ccdad2f7cc7fc8e2f96f51b5f8d4f23a353363ab5bf116664195715013ed6c7952009b9833e26476948a9f5cfa8a6065dbf070cbc7061770cea17522c8b0ba7a306c9f2ca31b9b3b568f49b1c1b30ead8ca703679fa0269abbe6281845384ef7cd98b86b541c8833bf5b6603d6e064372d0283b2f1a5ec68e7a5b3a9063c609600e2b95d8b399fc62478e78366df3386df80ee1afc3fe9f57f3d1c7c3c9ff87a62d0f0b6b52e037ebdf819e3625ab4daa0025ef40b9466af65dedb60396cede3e8411d6f260aa2ddb5ec62c4efb550ab81cfefbe8c1a14aab9408f5281dac572efd0ae36c7db1c2639e898042d19a3aba8816863d1f1ff94d491f9ea4bb7aa9f842b9b6f26a70bdb1c2caedb1c1fe19d7f089afc35325c36a271e2ba406f64f2ec0fe6ec4ebaebbf248a982ac1b922fa5bb6c00ad1d445035e711ab649455b1a533ba9db3425ac7bd2c34762716cb81a02d982cc6d6daa6591fba4302ef768f9a05fd156a98c9065bedab1393c73baabe65f7b4bc223a901228af492d3fb12d7e6204a09a9e7bad25da8a060d091717386e5831980ac7f5d30dba684add57a077175efeb550bdce1c2087df8944a1b729a0c2c298c07a5e4caadd2c97e52ba526a70a96354cd092a64ce867638f18f927c9208ae017d26cc92edb1b75de6f93d49d6e4e99233b560a10e3a5b7554c12969fa530,gx-no-cache=1515769563118 HTTP/1.1" 200 83
186.103.157.246 - - [12/Jan/2018:12:06:41 -0300] "POST /cormun/servlet/solicitudotadjuntos?5ace0ba0f11ad9b3c7a9a422c5b4fe7b,INS,2018,9071,,1, HTTP/1.1" 200 116
186.103.157.246 - - [12/Jan/2018:12:06:41 -0300] "GET /cormun/servlet/hpexe_return? HTTP/1.1" 200 1025
186.103.157.246 - - [12/Jan/2018:12:06:42 -0300] "GET /cormun/servlet/trsolicitudadjuntos?2018,9071, HTTP/1.1" 200 8862
186.103.157.246 - - [12/Jan/2018:12:06:42 -0300] "GET /cormun/servlet/trsolicitudadjuntos?2018,9071, HTTP/1.1" 200 8859
186.103.159.188 - - [12/Jan/2018:12:06:43 -0300] "POST /cormun/servlet/solicitudotcontratos?11192e81d6576678c249945b0848a48c,INS,2018,0,12692799,1,6,2017,2288,INTEGRACION,201712,3,B,,gx-no-cache=1515769564392 HTTP/1.1" 200 10796
186.103.159.188 - - [12/Jan/2018:12:06:43 -0300] "POST /cormun/servlet/solicitudotcontratos?gx-no-cache=1515769565066 HTTP/1.1" 200 1341
186.103.159.188 - - [12/Jan/2018:12:06:43 -0300] "POST /cormun/servlet/solicitudotcontratos?gx-no-cache=1515769565261 HTTP/1.1" 200 1221
186.103.159.188 - - [12/Jan/2018:12:06:43 -0300] "GET /cormun/servlet/solicitudotcontratos?783b1d8334272e2879af472df30a5888c62f0b7aa4b22ef63e8168fe2403a7e07dc16790c6d84edb4b4f56665125b7fc8ffe5f7424ecfe8b4e5fb39e805aa85545d93e549a6101b75af080532e898eb57a9c423332c98da7136436eb75d8e8789e70888582555a3640377c6150078508de8d0f3f92cbc243ee28084429f913f8,gx-no-cache=1515769565401 HTTP/1.1" 200 30
186.103.159.188 - - [12/Jan/2018:12:06:45 -0300] "POST /cormun/servlet/solicitudotcontratos?11192e81d6576678c249945b0848a48c,INS,2018,0,12692799,1,6,2017,2288,INTEGRACION,201712,3,B,,gx-no-cache=1515769565471 HTTP/1.1" 200 93
186.103.159.188 - - [12/Jan/2018:12:06:45 -0300] "GET /cormun/servlet/hpexe_return? HTTP/1.1" 200 1061
186.103.159.188 - - [12/Jan/2018:12:06:45 -0300] "GET /cormun/servlet/trcontratosolicitud?gx-no-cache=1515766101479 HTTP/1.1" 200 14444
186.103.159.188 - - [12/Jan/2018:12:06:46 -0300] "GET /cormun/servlet/trcontratosolicitud?gx-no-cache=1515766101479 HTTP/1.1" 200 14461
186.103.157.246 - - [12/Jan/2018:12:06:46 -0300] "GET /cormun/servlet/solicitudotadjuntos?INS,2018,9071,,1, HTTP/1.1" 200 6152
186.103.157.246 - - [12/Jan/2018:12:06:46 -0300] "GET /cormun/static/about:blank HTTP/1.1" 404 1011
186.103.157.246 - - [12/Jan/2018:12:06:47 -0300] "GET /cormun/servlet/solicitudotadjuntos?INS,2018,9071,,1, HTTP/1.1" 200 6145
186.103.157.246 - - [12/Jan/2018:12:06:47 -0300] "GET /cormun/servlet/solicitudotadjuntos?9463e2342f044d3f56664d5d2ca5937b04683becd00d0455c7290812f8567375400b6dce0092097a6cfcaeea0b9cef75,gx-no-cache=1515769568936 HTTP/1.1" 200 30
186.103.157.246 - - [12/Jan/2018:12:06:47 -0300] "POST /cormun/servlet/solicitudotadjuntos?5ace0ba0f11ad9b3c7a9a422c5b4fe7b,INS,2018,9071,,1,,gx-no-cache=1515769569022 HTTP/1.1" 200 4020
186.103.157.246 - - [12/Jan/2018:12:06:52 -0300] "POST /cormun/servlet/solicitudotadjuntos?gx-no-cache=1515769574035 HTTP/1.1" 200 26
186.79.216.115 - - [12/Jan/2018:12:06:53 -0300] "POST /cormun/servlet/trcontratosolicitud?ee414147d61f3ed4a2639706a218bc83,,gx-no-cache=1515765977547 HTTP/1.1" 200 12400
186.79.216.115 - - [12/Jan/2018:12:06:54 -0300] "GET /cormun/static/Resources/PXToolsGridNext.gif HTTP/1.1" 200 369
186.79.216.115 - - [12/Jan/2018:12:06:54 -0300] "GET /cormun/static/Resources/PXToolsGridLast.gif HTTP/1.1" 200 370
186.103.157.246 - - [12/Jan/2018:12:06:59 -0300] "GET /cormun/servlet/solicitudotadjuntos?9463e2342f044d3f56664d5d2ca5937b43a5a020f951859023ed724e1e0b1290,gx-no-cache=1515769580774 HTTP/1.1" 200 30
186.103.157.246 - - [12/Jan/2018:12:06:59 -0300] "GET /cormun/servlet/solicitudotadjuntos?9463e2342f044d3f56664d5d2ca5937b43a5a020f951859023ed724e1e0b1290,gx-no-cache=1515769580877 HTTP/1.1" 200 30
186.79.216.115 - - [12/Jan/2018:12:07:00 -0300] "GET /cormun/servlet/trcontratoobservaciondir? HTTP/1.1" 200 6319
186.103.157.246 - - [12/Jan/2018:12:07:00 -0300] "POST /cormun/servlet/solicitudotadjuntos?5ace0ba0f11ad9b3c7a9a422c5b4fe7b,INS,2018,9071,,1, HTTP/1.1" 200 116
186.103.157.246 - - [12/Jan/2018:12:07:00 -0300] "GET /cormun/servlet/hpexe_return? HTTP/1.1" 200 1025
186.79.216.115 - - [12/Jan/2018:12:07:00 -0300] "GET /cormun/static/gxcfg.js?20175251262281 HTTP/1.1" 200 953
186.79.216.115 - - [12/Jan/2018:12:07:00 -0300] "GET /cormun/static/trcontratoobservaciondir.js?20175251262715 HTTP/1.1" 200 27185
190.161.236.41 - - [12/Jan/2018:12:07:00 -0300] "GET /cormun/servlet/solicitudotcontratos?INS,2018,0,12692799,1,6,2017,3375,LEY+SEP,201712,4,B, HTTP/1.1" 200 9882
186.103.157.246 - - [12/Jan/2018:12:07:00 -0300] "GET /cormun/servlet/trsolicitudadjuntos?2018,9071, HTTP/1.1" 200 9038
190.161.236.41 - - [12/Jan/2018:12:07:01 -0300] "GET /cormun/servlet/solicitudotcontratos?INS,2018,0,12692799,1,6,2017,3375,LEY+SEP,201712,4,B, HTTP/1.1" 200 9898
186.79.216.115 - - [12/Jan/2018:12:07:01 -0300] "GET /cormun/servlet/trcontratoobservaciondir? HTTP/1.1" 200 6318
186.103.159.188 - - [12/Jan/2018:12:07:01 -0300] "GET /cormun/servlet/solicitudotcontratos?783b1d8334272e2879af472df30a58882b0e0a2e63f101292c611e62aa5c96871000a26d0f6f2bcb9e609348dd209bf1,gx-no-cache=1515769582944 HTTP/1.1" 200 30
186.103.159.188 - - [12/Jan/2018:12:07:01 -0300] "GET /cormun/servlet/solicitudotcontratos?783b1d8334272e2879af472df30a588840099d5f8a05b11c66868c1f15b900c79567023dd68a34735dd15fd3bad36c61,gx-no-cache=1515769583008 HTTP/1.1" 200 30
186.103.159.188 - - [12/Jan/2018:12:07:01 -0300] "GET /cormun/servlet/solicitudotcontratos?783b1d8334272e2879af472df30a588893d2dd46ab428f0af4a8f15bebfa07d1a291899cc48522d5376c40ef62eb76075f76266556e94f88e338f6b2476a4d21088db8dc51d66c026c6cb753ff14d16b5851f1c7c8dbf3b668d1615e0e5a3f837f3efdd79d75a94ee699f5b62d029f1561c4d55e4e3b237ab166c507a7ade209,gx-no-cache=1515769583038 HTTP/1.1" 200 50
186.103.157.246 - - [12/Jan/2018:12:07:01 -0300] "GET /cormun/servlet/trsolicitudadjuntos?2018,9071, HTTP/1.1" 200 9035
186.103.159.188 - - [12/Jan/2018:12:07:01 -0300] "GET /cormun/servlet/solicitudotcontratos?783b1d8334272e2879af472df30a58889bfbdb77cda13a8d9d81d7015375ee72f01513d1d9c7963a9d470c17c35d1f98,gx-no-cache=1515769583083 HTTP/1.1" 200 30
186.103.159.188 - - [12/Jan/2018:12:07:01 -0300] "GET /cormun/servlet/solicitudotcontratos?783b1d8334272e2879af472df30a58885e4f37a5ae3c094854174f532d4adaf9dc5cb6de7c911f6c44e01e0b56d6dde005050ff3da2be1704b66c7bf9c2306adf7cc8424d4abd1e42c16bc6c109038e9ac332670eb1432af9a3021a999d2f0329a9fd1c060870d7cfa59feea54649e80,gx-no-cache=1515769583170 HTTP/1.1" 200 30
186.103.159.188 - - [12/Jan/2018:12:07:02 -0300] "GET /cormun/servlet/solicitudotcontratos?783b1d8334272e2879af472df30a588820a493459571ac826d18d8ff1816815917f740617cf1481a03a83f27d03736dcc75f82cec2a63aebccbcff728a8ab8b705050ff3da2be1704b66c7bf9c2306ad1e08ec682dc31968184fff9c341f085ffbc2c0661d5172129279d960db346d187643e2ccf5910f6b88537ed484f8fbf3aa17c67d49ddda0d55e8aab9734981e46b67a1da00e0fffd56729f9a5a7fce0ec75f82cec2a63aebccbcff728a8ab8b7398a8dd5babf2d7fc20df5e1daf4e07cab1e3496ff902cd42806521f39cdd3f828e1fdeff348ee2fc2abf9d49ba0e336583b768813b3fd43f5fb40b8a2419147ccad713d9c28f8ef942b4102d060426c6f086083d7bc7ba4d88bd2854562d53b1e1e0310f1503c5ab36b9b25e320b3472987b1d3aae3963ed9f4b68b96599611c1f77d25ca728d74b2708b662fe48350f4660072ed7652f9186d4a0eb9dbdd9b0b8e3d1bf345e2a017a9952e52144cf3df19c2e8bef925b1e1299b66a88d7934ee02f44946ec2914e96380959ad2023fb2c582aece1e2c20ff7ad0b3b5d371006c46aac50b2e7d8282e55e6e148f5e23d79cbe78b4eebc6ba0a4af5a2ab7c3153b85381931a2f6593a55ac6d270dd2caad3a48748c078b32c74aca4549b9642c1f058a42bb7094a6e37bf84d43e2f4f03b04f697cf4a4c9afcd95c837c0a6a949b9c2cae56f90e542f0b7d03faeb89040d4748e7203bf1c60bf57a0a986747d2ed16d3d94a46fcd31f79cec65497129bdbebbdf1687a4fadde8255036f724853f8996781bb1dd8a19967e68c0eaae2a2,gx-no-cache=1515769583211 HTTP/1.1" 200 79
186.79.216.115 - - [12/Jan/2018:12:07:04 -0300] "GET /cormun/servlet/trcontratounov2? HTTP/1.1" 200 17276
186.79.216.115 - - [12/Jan/2018:12:07:04 -0300] "GET /cormun/static/gxcfg.js?201752512124396 HTTP/1.1" 200 953
186.79.216.115 - - [12/Jan/2018:12:07:04 -0300] "GET /cormun/static/Resources/PXToolsAddSelectedAction.png HTTP/1.1" 200 3660
186.79.216.115 - - [12/Jan/2018:12:07:04 -0300] "GET /cormun/static/trcontratounov2.js?201752512125146 HTTP/1.1" 200 38486
186.79.216.115 - - [12/Jan/2018:12:07:04 -0300] "GET /cormun/servlet/trcontratounov2? HTTP/1.1" 200 17312
186.103.157.246 - - [12/Jan/2018:12:07:05 -0300] "GET /cormun/servlet/solicitudotadjuntos?INS,2018,9071,,1, HTTP/1.1" 200 6152
186.103.159.188 - - [12/Jan/2018:12:07:05 -0300] "POST /cormun/servlet/solicitudotcontratos?11192e81d6576678c249945b0848a48c,INS,2018,0,12692799,1,6,2017,3375,LEY+SEP,201712,4,B,,gx-no-cache=1515769586320 HTTP/1.1" 200 10795
186.103.157.246 - - [12/Jan/2018:12:07:05 -0300] "GET /cormun/static/about:blank HTTP/1.1" 404 1011
186.103.159.188 - - [12/Jan/2018:12:07:05 -0300] "POST /cormun/servlet/solicitudotcontratos?gx-no-cache=1515769586673 HTTP/1.1" 200 1342
186.103.159.188 - - [12/Jan/2018:12:07:05 -0300] "POST /cormun/servlet/solicitudotcontratos?gx-no-cache=1515769586745 HTTP/1.1" 200 1221
186.103.159.188 - - [12/Jan/2018:12:07:05 -0300] "GET /cormun/servlet/solicitudotcontratos?783b1d8334272e2879af472df30a5888c62f0b7aa4b22ef63e8168fe2403a7e07dc16790c6d84edb4b4f56665125b7fc8ffe5f7424ecfe8b4e5fb39e805aa85545d93e549a6101b75af080532e898eb57a9c423332c98da7136436eb75d8e8789e70888582555a3640377c6150078508de8d0f3f92cbc243ee28084429f913f8,gx-no-cache=1515769586800 HTTP/1.1" 200 30
186.103.157.246 - - [12/Jan/2018:12:07:05 -0300] "GET /cormun/servlet/solicitudotadjuntos?INS,2018,9071,,1, HTTP/1.1" 200 6145
186.103.159.188 - - [12/Jan/2018:12:07:05 -0300] "POST /cormun/servlet/solicitudotcontratos?11192e81d6576678c249945b0848a48c,INS,2018,0,12692799,1,6,2017,3375,LEY+SEP,201712,4,B,,gx-no-cache=1515769586837 HTTP/1.1" 200 93
186.103.159.188 - - [12/Jan/2018:12:07:05 -0300] "GET /cormun/servlet/hpexe_return? HTTP/1.1" 200 1060
186.103.159.188 - - [12/Jan/2018:12:07:05 -0300] "GET /cormun/servlet/trcontratosolicitud?gx-no-cache=1515766101479 HTTP/1.1" 200 14485
186.103.157.246 - - [12/Jan/2018:12:07:06 -0300] "GET /cormun/servlet/solicitudotadjuntos?9463e2342f044d3f56664d5d2ca5937b04683becd00d0455c7290812f8567375400b6dce0092097a6cfcaeea0b9cef75,gx-no-cache=1515769587495 HTTP/1.1" 200 30
186.103.157.246 - - [12/Jan/2018:12:07:06 -0300] "POST /cormun/servlet/solicitudotadjuntos?5ace0ba0f11ad9b3c7a9a422c5b4fe7b,INS,2018,9071,,1,,gx-no-cache=1515769587548 HTTP/1.1" 200 4020
186.103.159.188 - - [12/Jan/2018:12:07:06 -0300] "GET /cormun/servlet/trcontratosolicitud?gx-no-cache=1515766101479 HTTP/1.1" 200 14500
186.103.157.246 - - [12/Jan/2018:12:07:09 -0300] "POST /cormun/servlet/solicitudotadjuntos?gx-no-cache=1515769590871 HTTP/1.1" 200 26
186.103.157.246 - - [12/Jan/2018:12:07:15 -0300] "GET /cormun/servlet/solicitudotadjuntos?9463e2342f044d3f56664d5d2ca5937b43a5a020f951859023ed724e1e0b1290,gx-no-cache=1515769596795 HTTP/1.1" 200 30
186.103.157.246 - - [12/Jan/2018:12:07:15 -0300] "GET /cormun/servlet/solicitudotadjuntos?9463e2342f044d3f56664d5d2ca5937b43a5a020f951859023ed724e1e0b1290,gx-no-cache=1515769596815 HTTP/1.1" 200 30
186.103.157.246 - - [12/Jan/2018:12:07:16 -0300] "POST /cormun/servlet/solicitudotadjuntos?5ace0ba0f11ad9b3c7a9a422c5b4fe7b,INS,2018,9071,,1, HTTP/1.1" 200 116
186.103.157.246 - - [12/Jan/2018:12:07:16 -0300] "GET /cormun/servlet/hpexe_return? HTTP/1.1" 200 1025
186.103.157.246 - - [12/Jan/2018:12:07:16 -0300] "GET /cormun/servlet/trsolicitudadjuntos?2018,9071, HTTP/1.1" 200 9239
186.103.157.246 - - [12/Jan/2018:12:07:17 -0300] "GET /cormun/servlet/trsolicitudadjuntos?2018,9071, HTTP/1.1" 200 9238
186.103.157.246 - - [12/Jan/2018:12:07:20 -0300] "GET /cormun/servlet/solicitudotadjuntos?INS,2018,9071,,1, HTTP/1.1" 200 6150
186.103.157.246 - - [12/Jan/2018:12:07:20 -0300] "GET /cormun/static/about:blank HTTP/1.1" 404 1011
186.103.157.246 - - [12/Jan/2018:12:07:20 -0300] "GET /cormun/servlet/solicitudotadjuntos?INS,2018,9071,,1, HTTP/1.1" 200 6144
186.103.159.188 - - [12/Jan/2018:12:07:21 -0300] "GET /cormun/servlet/solicitudotcontratos?INS,2018,0,9221912,7,6,2017,1886,NADA,201712,12,B, HTTP/1.1" 200 9872
186.103.157.246 - - [12/Jan/2018:12:07:21 -0300] "GET /cormun/servlet/solicitudotadjuntos?9463e2342f044d3f56664d5d2ca5937b04683becd00d0455c7290812f8567375400b6dce0092097a6cfcaeea0b9cef75,gx-no-cache=1515769602885 HTTP/1.1" 200 30
186.103.157.246 - - [12/Jan/2018:12:07:21 -0300] "POST /cormun/servlet/solicitudotadjuntos?5ace0ba0f11ad9b3c7a9a422c5b4fe7b,INS,2018,9071,,1,,gx-no-cache=1515769602924 HTTP/1.1" 200 4017
186.103.159.188 - - [12/Jan/2018:12:07:21 -0300] "GET /cormun/servlet/solicitudotcontratos?INS,2018,0,9221912,7,6,2017,1886,NADA,201712,12,B, HTTP/1.1" 200 9884
186.103.159.188 - - [12/Jan/2018:12:07:22 -0300] "GET /cormun/servlet/solicitudotcontratos?783b1d8334272e2879af472df30a5888f3b6bdd19225d6874eb29e593dae054e42543d0d4698850088f1e4c2b3bd43b0,gx-no-cache=1515769603551 HTTP/1.1" 200 30
186.103.159.188 - - [12/Jan/2018:12:07:22 -0300] "GET /cormun/servlet/solicitudotcontratos?783b1d8334272e2879af472df30a58880ea26659060e513ca7447612b5e483550fa2eae697ff899b4a82a5b458008a29,gx-no-cache=1515769603599 HTTP/1.1" 200 30
186.103.159.188 - - [12/Jan/2018:12:07:22 -0300] "GET /cormun/servlet/solicitudotcontratos?783b1d8334272e2879af472df30a588893d2dd46ab428f0af4a8f15bebfa07d1a291899cc48522d5376c40ef62eb76075f76266556e94f88e338f6b2476a4d21088db8dc51d66c026c6cb753ff14d16b5851f1c7c8dbf3b668d1615e0e5a3f837f3efdd79d75a94ee699f5b62d029f1561c4d55e4e3b237ab166c507a7ade209,gx-no-cache=1515769603630 HTTP/1.1" 200 50
186.103.159.188 - - [12/Jan/2018:12:07:22 -0300] "GET /cormun/servlet/solicitudotcontratos?783b1d8334272e2879af472df30a58881bd1f908c050a70f880cfb6c8f4b1bff6d242f3d98487cd72c86d65c522fe35d,gx-no-cache=1515769603671 HTTP/1.1" 200 30
186.103.159.188 - - [12/Jan/2018:12:07:22 -0300] "GET /cormun/servlet/solicitudotcontratos?783b1d8334272e2879af472df30a58885e4f37a5ae3c094854174f532d4adaf9dc5cb6de7c911f6c44e01e0b56d6dde005050ff3da2be1704b66c7bf9c2306adf7cc8424d4abd1e42c16bc6c109038e9ac332670eb1432af9a3021a999d2f0329a9fd1c060870d7cfa59feea54649e80,gx-no-cache=1515769603698 HTTP/1.1" 200 30
186.103.159.188 - - [12/Jan/2018:12:07:22 -0300] "GET /cormun/servlet/solicitudotcontratos?783b1d8334272e2879af472df30a588820a493459571ac826d18d8ff1816815917f740617cf1481a03a83f27d03736dc5e5fc4b0bfcac0cbfc4068784c56f839970a99f59a2187ae5523bfcbabe9254580af900c3a27a23e2dfd439b446980b395db0f545f4dae23a99978095bcc9f2b8818c9a4d2a4c8beafa2f721296364c196ec73884af6328aa8b82c5877a4e39140f1afc61dab38b17cbf9e86536cc7f1c59124e1356f083f18052bb8fec209cd544d4a1d2ba4b4697f283bd0947bc2c167ac37d03eee2477f61b5d321888ca79618a4bacdaf1c751576856eea985d951009ea38bf644b74ff6cc62f89ec6aac5ca92bdd50e2ccea1df3956b4c7706a5b9551a5143eb8df01aaf3454718d911ccacf4423eb29b85356122a57e68710da50d39683a082a3b56e8b743aa0d4acec21e1e0310f1503c5ab36b9b25e320b347dc978e1328e7fd9b7c0dd4becaf153f6284b47a8025ca4dba8ab6c80208a1aeabb241d6d22afa32bea6cff4aff71c40c6e54fe5337dfc192fbcaf5b9d648eece8dbf1406f14f167f89a0ea4313e240ced9643cd2e9a8d9f4a6a77ffe156a5f0712f041c71f685f2837b4e1a6111381e9dca0bf1436556dee57fdbde1b1ffa816b7cfe439b7c01d6fdfff65665b9c61e80a187c934eeb891d9efe03c84476fa90124b33ac0f8c07b935779c93d6708505d9643cd2e9a8d9f4a6a77ffe156a5f07b53962d55ead3304084f75a5279dcf0a78fd9b9e5312c111178dedb71db903867b6ce9892040835eb4858e1049d4e3f4f69c8ad7106a4342b5581b544c13906e,gx-no-cache=1515769603728 HTTP/1.1" 200 72
186.79.216.115 - - [12/Jan/2018:12:07:22 -0300] "GET /cormun/servlet/trcontratosolicitud? HTTP/1.1" 200 14675
186.79.216.115 - - [12/Jan/2018:12:07:23 -0300] "GET /cormun/servlet/trcontratosolicitud? HTTP/1.1" 200 14672
186.103.157.246 - - [12/Jan/2018:12:07:26 -0300] "POST /cormun/servlet/solicitudotadjuntos?gx-no-cache=1515769607583 HTTP/1.1" 200 26
186.79.216.115 - - [12/Jan/2018:12:07:30 -0300] "POST /cormun/servlet/trcontratosolicitud?ee414147d61f3ed4a2639706a218bc83,,gx-no-cache=1515766015206 HTTP/1.1" 200 7454
186.103.157.246 - - [12/Jan/2018:12:07:31 -0300] "GET /cormun/servlet/solicitudotadjuntos?9463e2342f044d3f56664d5d2ca5937b43a5a020f951859023ed724e1e0b1290,gx-no-cache=1515769613412 HTTP/1.1" 200 30
186.103.157.246 - - [12/Jan/2018:12:07:32 -0300] "GET /cormun/servlet/solicitudotadjuntos?9463e2342f044d3f56664d5d2ca5937b43a5a020f951859023ed724e1e0b1290,gx-no-cache=1515769613433 HTTP/1.1" 200 30
186.103.157.246 - - [12/Jan/2018:12:07:34 -0300] "POST /cormun/servlet/solicitudotadjuntos?5ace0ba0f11ad9b3c7a9a422c5b4fe7b,INS,2018,9071,,1, HTTP/1.1" 200 116
186.103.157.246 - - [12/Jan/2018:12:07:34 -0300] "GET /cormun/servlet/hpexe_return? HTTP/1.1" 200 1025
186.103.157.246 - - [12/Jan/2018:12:07:35 -0300] "GET /cormun/servlet/trsolicitudadjuntos?2018,9071, HTTP/1.1" 200 9463
186.103.157.246 - - [12/Jan/2018:12:07:36 -0300] "GET /cormun/servlet/trsolicitudadjuntos?2018,9071, HTTP/1.1" 200 9460
186.103.159.188 - - [12/Jan/2018:12:07:39 -0300] "POST /cormun/servlet/solicitudotcontratos?11192e81d6576678c249945b0848a48c,INS,2018,0,9221912,7,6,2017,1886,NADA,201712,12,B,,gx-no-cache=1515769620039 HTTP/1.1" 200 93
186.103.159.188 - - [12/Jan/2018:12:07:39 -0300] "GET /cormun/servlet/hpexe_return? HTTP/1.1" 200 1054
186.103.159.188 - - [12/Jan/2018:12:07:39 -0300] "GET /cormun/servlet/trcontratosolicitud?gx-no-cache=1515766101479 HTTP/1.1" 200 14484
186.79.216.115 - - [12/Jan/2018:12:07:39 -0300] "POST /cormun/servlet/trcontratosolicitud?ee414147d61f3ed4a2639706a218bc83,,gx-no-cache=1515766024421 HTTP/1.1" 200 5850
186.103.159.188 - - [12/Jan/2018:12:07:39 -0300] "GET /cormun/servlet/trcontratosolicitud?gx-no-cache=1515766101479 HTTP/1.1" 200 14494
186.103.157.246 - - [12/Jan/2018:12:07:40 -0300] "POST /cormun/servlet/trsolicitudadjuntos?5ace0ba0f11ad9b3c7a9a422c5b4fe7b,2018,9071,,gx-no-cache=1515769622316 HTTP/1.1" 200 90
186.103.157.246 - - [12/Jan/2018:12:07:41 -0300] "GET /cormun/servlet/hpexe_link HTTP/1.1" 200 967
186.103.157.246 - - [12/Jan/2018:12:07:41 -0300] "GET /cormun/servlet/trsolicitudot HTTP/1.1" 200 9065
186.103.157.246 - - [12/Jan/2018:12:07:41 -0300] "GET /cormun/servlet/trsolicitudot HTTP/1.1" 200 9064
190.161.236.41 - - [12/Jan/2018:12:07:48 -0300] "GET /cormun/servlet/solicitudotcontratos?INS,2018,0,9221912,7,6,2017,2375,INTEGRACION,201712,3,B, HTTP/1.1" 200 9871
190.161.236.41 - - [12/Jan/2018:12:07:49 -0300] "GET /cormun/servlet/solicitudotcontratos?INS,2018,0,9221912,7,6,2017,2375,INTEGRACION,201712,3,B, HTTP/1.1" 200 9884
186.79.216.115 - - [12/Jan/2018:12:07:49 -0300] "POST /cormun/servlet/trcontratosolicitud?ee414147d61f3ed4a2639706a218bc83,,gx-no-cache=1515766034358 HTTP/1.1" 200 4137
186.103.157.246 - - [12/Jan/2018:12:07:49 -0300] "POST /cormun/servlet/trsolicitudot?5ace0ba0f11ad9b3c7a9a422c5b4fe7b,gx-no-cache=1515769631004 HTTP/1.1" 200 5863
186.103.159.188 - - [12/Jan/2018:12:07:49 -0300] "GET /cormun/servlet/solicitudotcontratos?783b1d8334272e2879af472df30a5888f3b6bdd19225d6874eb29e593dae054e42543d0d4698850088f1e4c2b3bd43b0,gx-no-cache=1515769631219 HTTP/1.1" 200 30
186.103.159.188 - - [12/Jan/2018:12:07:49 -0300] "GET /cormun/servlet/solicitudotcontratos?783b1d8334272e2879af472df30a58880ea26659060e513ca7447612b5e483550fa2eae697ff899b4a82a5b458008a29,gx-no-cache=1515769631306 HTTP/1.1" 200 30
186.103.157.246 - - [12/Jan/2018:12:07:49 -0300] "GET /cormun/static/Shared/jqueryui/images/ui-bg_highlight-soft_100_c6c2c8_1x100.png HTTP/1.1" 404 1117
186.103.157.246 - - [12/Jan/2018:12:07:49 -0300] "GET /cormun/static/Shared/jqueryui/images/ui-icons_82798d_256x240.png HTTP/1.1" 404 1089
186.103.157.246 - - [12/Jan/2018:12:07:49 -0300] "GET /cormun/static/Shared/jqueryui/images/ui-icons_8d78a5_256x240.png HTTP/1.1" 404 1089
186.103.157.246 - - [12/Jan/2018:12:07:49 -0300] "GET /cormun/static/Shared/jqueryui/images/ui-bg_flat_55_fafafa_40x100.png HTTP/1.1" 404 1097
186.103.159.188 - - [12/Jan/2018:12:07:49 -0300] "GET /cormun/servlet/solicitudotcontratos?783b1d8334272e2879af472df30a588893d2dd46ab428f0af4a8f15bebfa07d1a291899cc48522d5376c40ef62eb76075f76266556e94f88e338f6b2476a4d21088db8dc51d66c026c6cb753ff14d16b5851f1c7c8dbf3b668d1615e0e5a3f837f3efdd79d75a94ee699f5b62d029f1561c4d55e4e3b237ab166c507a7ade209,gx-no-cache=1515769631349 HTTP/1.1" 200 50
186.103.159.188 - - [12/Jan/2018:12:07:49 -0300] "GET /cormun/servlet/solicitudotcontratos?783b1d8334272e2879af472df30a58881bd1f908c050a70f880cfb6c8f4b1bff6d242f3d98487cd72c86d65c522fe35d,gx-no-cache=1515769631403 HTTP/1.1" 200 30
186.103.159.188 - - [12/Jan/2018:12:07:50 -0300] "GET /cormun/servlet/solicitudotcontratos?783b1d8334272e2879af472df30a58885e4f37a5ae3c094854174f532d4adaf9dc5cb6de7c911f6c44e01e0b56d6dde005050ff3da2be1704b66c7bf9c2306adf7cc8424d4abd1e42c16bc6c109038e9ac332670eb1432af9a3021a999d2f0329a9fd1c060870d7cfa59feea54649e80,gx-no-cache=1515769631453 HTTP/1.1" 200 30
186.103.157.246 - - [12/Jan/2018:12:07:50 -0300] "POST /cormun/servlet/trsolicitudot?5ace0ba0f11ad9b3c7a9a422c5b4fe7b,gx-no-cache=1515769631346 HTTP/1.1" 200 5809
186.103.159.188 - - [12/Jan/2018:12:07:50 -0300] "GET /cormun/servlet/solicitudotcontratos?783b1d8334272e2879af472df30a588820a493459571ac826d18d8ff1816815917f740617cf1481a03a83f27d03736dca4461c41ce2a3fe188afa59610881a164caf76ee95ea07d0c14a3f5a6ccdad2f7cc7fc8e2f96f51b5f8d4f23a353363ab5bf116664195715013ed6c7952009b9833e26476948a9f5cfa8a6065dbf070cbc7061770cea17522c8b0ba7a306c9f2ca31b9b3b568f49b1c1b30ead8ca703679fa0269abbe6281845384ef7cd98b86b541c8833bf5b6603d6e064372d0283b2f1a5ec68e7a5b3a9063c609600e2b95d8b399fc62478e78366df3386df80ee1afc3fe9f57f3d1c7c3c9ff87a62d0f0b6b52e037ebdf819e3625ab4daa0025ef40b9466af65dedb60396cede3e8411d6f260aa2ddb5ec62c4efb550ab81cfefbe8c1a14aab9408f5281dac572efd0ae36c7db1c2639e898042d19a3aba8816863d1f1ff94d491f9ea4bb7aa9f842b9b6f26a70bdb1c2caedb1c1fe19d7f089afc35325c36a271e2ba406f64f2ec0fe6ec4ebaebbf248a982ac1b922fa5bb6c00ad1d445035e711ab649455b1a533ba9db3425ac7bd2c34762716cb81a02d982cc6d6daa6591fba4302ef768f9a05fd156a98c9065bedab1393c73baabe65f7b4bc223a901228af492d3fb12d7e6204a09a9e7bad25da8a060d091717386e5831980ac7f5d30dba684add57a077175efeb550bdce1c2087df8944a1b729a0c2c298c07a5e4caadd2c97e52ba526a70a96354cd092a64ce867638f18f927c9208ae017d26cc92edb1b75de6f93d49d6e4e99233b560a10e3a5b7554c12969fa530,gx-no-cache=1515769631531 HTTP/1.1" 200 83
186.103.159.188 - - [12/Jan/2018:12:07:54 -0300] "POST /cormun/servlet/solicitudotcontratos?11192e81d6576678c249945b0848a48c,INS,2018,0,9221912,7,6,2017,2375,INTEGRACION,201712,3,B,,gx-no-cache=1515769636127 HTTP/1.1" 200 10800
186.103.159.188 - - [12/Jan/2018:12:07:54 -0300] "POST /cormun/servlet/solicitudotcontratos?gx-no-cache=1515769636378 HTTP/1.1" 200 1341
186.103.159.188 - - [12/Jan/2018:12:07:55 -0300] "POST /cormun/servlet/solicitudotcontratos?gx-no-cache=1515769636455 HTTP/1.1" 200 1221
186.103.159.188 - - [12/Jan/2018:12:07:55 -0300] "GET /cormun/servlet/solicitudotcontratos?783b1d8334272e2879af472df30a5888c62f0b7aa4b22ef63e8168fe2403a7e07dc16790c6d84edb4b4f56665125b7fc8ffe5f7424ecfe8b4e5fb39e805aa85545d93e549a6101b75af080532e898eb57a9c423332c98da7136436eb75d8e8789e70888582555a3640377c6150078508de8d0f3f92cbc243ee28084429f913f8,gx-no-cache=1515769636525 HTTP/1.1" 200 30
186.103.159.188 - - [12/Jan/2018:12:07:55 -0300] "POST /cormun/servlet/solicitudotcontratos?11192e81d6576678c249945b0848a48c,INS,2018,0,9221912,7,6,2017,2375,INTEGRACION,201712,3,B,,gx-no-cache=1515769636563 HTTP/1.1" 200 93
186.103.159.188 - - [12/Jan/2018:12:07:55 -0300] "GET /cormun/servlet/hpexe_return? HTTP/1.1" 200 1061
186.103.159.188 - - [12/Jan/2018:12:07:55 -0300] "GET /cormun/servlet/trcontratosolicitud?gx-no-cache=1515766101479 HTTP/1.1" 200 14474
186.103.159.188 - - [12/Jan/2018:12:07:56 -0300] "GET /cormun/servlet/trcontratosolicitud?gx-no-cache=1515766101479 HTTP/1.1" 200 14513
186.79.216.115 - - [12/Jan/2018:12:07:57 -0300] "POST /cormun/servlet/trcontratosolicitud?ee414147d61f3ed4a2639706a218bc83,,gx-no-cache=1515766042569 HTTP/1.1" 200 12393
186.79.216.115 - - [12/Jan/2018:12:08:04 -0300] "GET /cormun/servlet/trcontratosolicitud? HTTP/1.1" 200 14671
186.79.216.115 - - [12/Jan/2018:12:08:05 -0300] "GET /cormun/servlet/trcontratosolicitud? HTTP/1.1" 200 14682
186.67.164.142 - - [12/Jan/2018:12:08:06 -0300] "GET /cormun/servlet/licenciaspermisos?d07f2fe5db214f151bc7e248f9167a41da982f75d047572e8b5b77af9ee9c69f5fc27d79173767415d2685420fb9e17700dc61a9b81d58d58a91815996e83709af4c5d96bfe0b482dd7f9c88d2b576d633c8a7dc26ad583b1283d5dd4d99a619a16b3fc14af4eb56602d621ddb4bd108c4e539ef929c7c164257a06ae21ee88965867ae1164f7f2ac52bd0d64ba27ffea031c9dc6322e37b3ef8e4708f8d546eee2fd60756a5949ad2f2c7e66f196780,gx-no-cache=1515769646012 HTTP/1.1" 200 30
186.67.164.142 - - [12/Jan/2018:12:08:06 -0300] "GET /cormun/servlet/licenciaspermisos?d07f2fe5db214f151bc7e248f9167a414ef140223ba68b136b95ba99c254ac2a8756844bb103743d6d522a47d5bb6595e4a4e2c323d753627a3950aab25f07ed802eca9c9f4fe08f6e2a7df3eeaee8222c340edd0fcf36016e3cdeb145312097e1a14c166acc916fcbd6a42b89744e1bd0ec155b99e4a970696e3014e1fbedd21846c7b71caacfdcba9fb565bc80f571947ce64f8aaaaca0b34430c2a163be6950891a8870eef2984d05f381ebc15e64,gx-no-cache=1515769646129 HTTP/1.1" 200 29
186.67.164.142 - - [12/Jan/2018:12:08:07 -0300] "POST /cormun/servlet/licenciaspermisos?acf2f40008e6e9cbabe2ad800764bb21,INS,0,,,,gx-no-cache=1515769646207 HTTP/1.1" 200 93
186.67.164.142 - - [12/Jan/2018:12:08:07 -0300] "GET /cormun/servlet/hpexe_return? HTTP/1.1" 200 1012
186.67.164.142 - - [12/Jan/2018:12:08:07 -0300] "GET /cormun/static/gxcfg.js?2016101716175148 HTTP/1.1" 200 953
186.67.164.142 - - [12/Jan/2018:12:08:07 -0300] "GET /cormun/static/hpexe_return.js?2016101716175153 HTTP/1.1" 200 1633
186.67.164.142 - - [12/Jan/2018:12:08:07 -0300] "GET /cormun/static/Resources/Spanish/PXTools.css?167811 HTTP/1.1" 200 89042
186.67.164.142 - - [12/Jan/2018:12:08:07 -0300] "GET /cormun/servlet/trlicencias HTTP/1.1" 200 11389
186.103.159.188 - - [12/Jan/2018:12:08:08 -0300] "GET /cormun/servlet/solicitudotcontratos?INS,2018,0,9221912,7,6,2017,1886,NADA,201712,12,B, HTTP/1.1" 200 9872
186.67.164.142 - - [12/Jan/2018:12:08:08 -0300] "GET /cormun//static/Resources/PXToolsGridDelete.png HTTP/1.1" 200 357
186.67.164.142 - - [12/Jan/2018:12:08:08 -0300] "GET /cormun//static/Resources/PXToolsGridUpdate.png HTTP/1.1" 200 2984
186.103.159.188 - - [12/Jan/2018:12:08:08 -0300] "GET /cormun/servlet/solicitudotcontratos?INS,2018,0,9221912,7,6,2017,1886,NADA,201712,12,B, HTTP/1.1" 200 9884
190.161.236.41 - - [12/Jan/2018:12:08:09 -0300] "GET /cormun/servlet/solicitudotcontratos?783b1d8334272e2879af472df30a5888f3b6bdd19225d6874eb29e593dae054e42543d0d4698850088f1e4c2b3bd43b0,gx-no-cache=1515769650713 HTTP/1.1" 200 30
186.67.164.142 - - [12/Jan/2018:12:08:09 -0300] "GET /cormun/servlet/trlicencias HTTP/1.1" 200 11400
190.161.236.41 - - [12/Jan/2018:12:08:09 -0300] "GET /cormun/servlet/solicitudotcontratos?783b1d8334272e2879af472df30a58880ea26659060e513ca7447612b5e483550fa2eae697ff899b4a82a5b458008a29,gx-no-cache=1515769650875 HTTP/1.1" 200 30
190.161.236.41 - - [12/Jan/2018:12:08:09 -0300] "GET /cormun/servlet/solicitudotcontratos?783b1d8334272e2879af472df30a588893d2dd46ab428f0af4a8f15bebfa07d1a291899cc48522d5376c40ef62eb76075f76266556e94f88e338f6b2476a4d21088db8dc51d66c026c6cb753ff14d16b5851f1c7c8dbf3b668d1615e0e5a3f837f3efdd79d75a94ee699f5b62d029f1561c4d55e4e3b237ab166c507a7ade209,gx-no-cache=1515769650914 HTTP/1.1" 200 50
190.161.236.41 - - [12/Jan/2018:12:08:09 -0300] "GET /cormun/servlet/solicitudotcontratos?783b1d8334272e2879af472df30a58881bd1f908c050a70f880cfb6c8f4b1bff6d242f3d98487cd72c86d65c522fe35d,gx-no-cache=1515769650968 HTTP/1.1" 200 30
190.161.236.41 - - [12/Jan/2018:12:08:09 -0300] "GET /cormun/servlet/solicitudotcontratos?783b1d8334272e2879af472df30a58885e4f37a5ae3c094854174f532d4adaf9dc5cb6de7c911f6c44e01e0b56d6dde005050ff3da2be1704b66c7bf9c2306adf7cc8424d4abd1e42c16bc6c109038e9ac332670eb1432af9a3021a999d2f0329a9fd1c060870d7cfa59feea54649e80,gx-no-cache=1515769651017 HTTP/1.1" 200 30
190.161.236.41 - - [12/Jan/2018:12:08:09 -0300] "GET /cormun/servlet/solicitudotcontratos?783b1d8334272e2879af472df30a588820a493459571ac826d18d8ff1816815917f740617cf1481a03a83f27d03736dc5e5fc4b0bfcac0cbfc4068784c56f839970a99f59a2187ae5523bfcbabe9254580af900c3a27a23e2dfd439b446980b395db0f545f4dae23a99978095bcc9f2b8818c9a4d2a4c8beafa2f721296364c196ec73884af6328aa8b82c5877a4e39140f1afc61dab38b17cbf9e86536cc7f1c59124e1356f083f18052bb8fec209cd544d4a1d2ba4b4697f283bd0947bc2c167ac37d03eee2477f61b5d321888ca79618a4bacdaf1c751576856eea985d951009ea38bf644b74ff6cc62f89ec6aac5ca92bdd50e2ccea1df3956b4c7706a5b9551a5143eb8df01aaf3454718d911ccacf4423eb29b85356122a57e68710da50d39683a082a3b56e8b743aa0d4acec21e1e0310f1503c5ab36b9b25e320b347dc978e1328e7fd9b7c0dd4becaf153f6284b47a8025ca4dba8ab6c80208a1aeabb241d6d22afa32bea6cff4aff71c40c6e54fe5337dfc192fbcaf5b9d648eece8dbf1406f14f167f89a0ea4313e240ced9643cd2e9a8d9f4a6a77ffe156a5f0712f041c71f685f2837b4e1a6111381e9dca0bf1436556dee57fdbde1b1ffa816b7cfe439b7c01d6fdfff65665b9c61e80a187c934eeb891d9efe03c84476fa90124b33ac0f8c07b935779c93d6708505d9643cd2e9a8d9f4a6a77ffe156a5f07b53962d55ead3304084f75a5279dcf0a78fd9b9e5312c111178dedb71db903867b6ce9892040835eb4858e1049d4e3f4f69c8ad7106a4342b5581b544c13906e,gx-no-cache=1515769651071 HTTP/1.1" 200 72
186.67.164.142 - - [12/Jan/2018:12:08:11 -0300] "GET /cormun/servlet/trlicenciaspermisosadjuntos?7229698,20180112000000,L, HTTP/1.1" 200 6320
186.67.164.142 - - [12/Jan/2018:12:08:11 -0300] "GET /cormun/static/gxcfg.js?20177612163414 HTTP/1.1" 200 953
186.67.164.142 - - [12/Jan/2018:12:08:11 -0300] "GET /cormun/static/trlicenciaspermisosadjuntos.js?20177612163719 HTTP/1.1" 200 21036
186.67.164.142 - - [12/Jan/2018:12:08:12 -0300] "GET /cormun/servlet/trlicenciaspermisosadjuntos?7229698,20180112000000,L, HTTP/1.1" 200 6320
186.67.164.142 - - [12/Jan/2018:12:08:14 -0300] "GET /cormun/servlet/licenciaspermisosadjuntos?INS,7229698,L,20180112000000,, HTTP/1.1" 200 5613
186.67.164.142 - - [12/Jan/2018:12:08:15 -0300] "GET /cormun/static/gxcfg.js?2017761263592 HTTP/1.1" 200 953
186.67.164.142 - - [12/Jan/2018:12:08:15 -0300] "GET /cormun/static/licenciaspermisosadjuntos.js?201776126362 HTTP/1.1" 200 8760
186.67.164.142 - - [12/Jan/2018:12:08:15 -0300] "GET /cormun/static/about:blank HTTP/1.1" 404 1011
186.67.164.142 - - [12/Jan/2018:12:08:15 -0300] "GET /cormun/servlet/licenciaspermisosadjuntos?INS,7229698,L,20180112000000,, HTTP/1.1" 200 5602
190.46.88.54 - - [12/Jan/2018:12:08:31 -0300] "GET /cormun/servlet/hlogin HTTP/1.1" 200 1741
186.67.164.142 - - [12/Jan/2018:12:08:33 -0300] "POST /cormun/servlet/licenciaspermisosadjuntos?acf2f40008e6e9cbabe2ad800764bb21,INS,7229698,L,20180112000000,, HTTP/1.1" 200 116
186.67.164.142 - - [12/Jan/2018:12:08:34 -0300] "GET /cormun/servlet/hpexe_return? HTTP/1.1" 200 1040
186.67.164.142 - - [12/Jan/2018:12:08:34 -0300] "GET /cormun/servlet/trlicenciaspermisosadjuntos?7229698,20180112000000,L, HTTP/1.1" 200 6795
190.161.236.41 - - [12/Jan/2018:12:08:34 -0300] "POST /cormun/servlet/solicitudotcontratos?11192e81d6576678c249945b0848a48c,INS,2018,0,9221912,7,6,2017,1886,NADA,201712,12,B,,gx-no-cache=1515769676000 HTTP/1.1" 200 10790
190.161.236.41 - - [12/Jan/2018:12:08:35 -0300] "POST /cormun/servlet/solicitudotcontratos?gx-no-cache=1515769676363 HTTP/1.1" 200 1342
186.67.164.142 - - [12/Jan/2018:12:08:35 -0300] "GET /cormun/servlet/trlicenciaspermisosadjuntos?7229698,20180112000000,L, HTTP/1.1" 200 6792
190.161.236.41 - - [12/Jan/2018:12:08:35 -0300] "POST /cormun/servlet/solicitudotcontratos?gx-no-cache=1515769676541 HTTP/1.1" 200 1221
190.161.236.41 - - [12/Jan/2018:12:08:35 -0300] "GET /cormun/servlet/solicitudotcontratos?783b1d8334272e2879af472df30a5888c62f0b7aa4b22ef63e8168fe2403a7e07dc16790c6d84edb4b4f56665125b7fc8ffe5f7424ecfe8b4e5fb39e805aa85545d93e549a6101b75af080532e898eb57a9c423332c98da7136436eb75d8e8789e70888582555a3640377c6150078508de8d0f3f92cbc243ee28084429f913f8,gx-no-cache=1515769676614 HTTP/1.1" 200 30
190.161.236.41 - - [12/Jan/2018:12:08:35 -0300] "POST /cormun/servlet/solicitudotcontratos?11192e81d6576678c249945b0848a48c,INS,2018,0,9221912,7,6,2017,1886,NADA,201712,12,B,,gx-no-cache=1515769676694 HTTP/1.1" 200 93
190.161.236.41 - - [12/Jan/2018:12:08:35 -0300] "GET /cormun/servlet/hpexe_return? HTTP/1.1" 200 1054
190.161.236.41 - - [12/Jan/2018:12:08:36 -0300] "GET /cormun/servlet/trcontratosolicitud?gx-no-cache=1515766101479 HTTP/1.1" 200 14470
190.161.236.41 - - [12/Jan/2018:12:08:36 -0300] "GET /cormun/servlet/trcontratosolicitud?gx-no-cache=1515766101479 HTTP/1.1" 200 14464
186.79.216.115 - - [12/Jan/2018:12:08:38 -0300] "GET /cormun/servlet/solicitudotcontratos?INS,2018,0,16934789,1,2,2017,3383,PRORETENCION,201712,44,*, HTTP/1.1" 200 9882
186.79.216.115 - - [12/Jan/2018:12:08:38 -0300] "GET /cormun/static/calendar-system.css?85620 HTTP/1.1" 200 5572
186.79.216.115 - - [12/Jan/2018:12:08:38 -0300] "GET /cormun/static/gxcfg.js?2018191138350 HTTP/1.1" 200 953
186.79.216.115 - - [12/Jan/2018:12:08:38 -0300] "GET /cormun/static/solicitudotcontratos.js?20181911383611 HTTP/1.1" 200 43152
186.79.216.115 - - [12/Jan/2018:12:08:39 -0300] "GET /cormun/static/Resources/Spanish/PXTools.css?1255365 HTTP/1.1" 200 89042
186.79.216.115 - - [12/Jan/2018:12:08:39 -0300] "GET /cormun/static/Resources/prompt.gif HTTP/1.1" 200 902
186.79.216.115 - - [12/Jan/2018:12:08:39 -0300] "GET /cormun/servlet/solicitudotcontratos?INS,2018,0,16934789,1,2,2017,3383,PRORETENCION,201712,44,*, HTTP/1.1" 200 9915
186.79.216.115 - - [12/Jan/2018:12:08:40 -0300] "GET /cormun/servlet/solicitudotcontratos?8fe6dd90cdb68aad720367db0175385e1ee8ac5ceef3b3c772379456de0ac7c1cb59079e18084afe2b09718df611a15f,gx-no-cache=1515766085261 HTTP/1.1" 200 30
186.79.216.115 - - [12/Jan/2018:12:08:40 -0300] "GET /cormun/servlet/solicitudotcontratos?8fe6dd90cdb68aad720367db0175385e24fee955fccbd8f918246aa890d822403e9af226b682f93ddcdc85dd4c0c9119,gx-no-cache=1515766085366 HTTP/1.1" 200 30
186.79.216.115 - - [12/Jan/2018:12:08:40 -0300] "GET /cormun/servlet/solicitudotcontratos?8fe6dd90cdb68aad720367db0175385e3a5b95af2144bb1c07b0d315eb0656e093d84aad97b2aacf1ba31ea507d368a03ef2827a5550f9ee107f570a25c114e3c7182015ebe0ff1882a2c8eb2fb98421f6ecc7c0179b8362f64e2903150ced734b45c551a4e6dd22edfa232fc7746bcb950a7c8797a4c10b7bb2ad9d4e0d3280,gx-no-cache=1515766085484 HTTP/1.1" 200 48
186.103.159.183 - - [12/Jan/2018:12:08:40 -0300] "GET /cormun/servlet/trfichaempleado? HTTP/1.1" 200 12937
186.67.164.142 - - [12/Jan/2018:12:08:40 -0300] "POST /cormun/servlet/trlicenciaspermisosadjuntos?acf2f40008e6e9cbabe2ad800764bb21,7229698,20180112000000,L,,gx-no-cache=1515769679578 HTTP/1.1" 200 90
186.79.216.115 - - [12/Jan/2018:12:08:40 -0300] "GET /cormun/servlet/solicitudotcontratos?8fe6dd90cdb68aad720367db0175385e60ecf4d711b153054ab0a7d8ddfb5c4f7eb16af47fe9a405519f08b60d34fae5,gx-no-cache=1515766085917 HTTP/1.1" 200 30
186.67.164.142 - - [12/Jan/2018:12:08:40 -0300] "GET /cormun/servlet/hpexe_link HTTP/1.1" 200 983
186.79.216.115 - - [12/Jan/2018:12:08:40 -0300] "GET /cormun/servlet/solicitudotcontratos?8fe6dd90cdb68aad720367db0175385e5d1f6d2565e5ddd5437665117226dd26d2637106ea1bcc70e4a5e6a4c0925e284a6579b791617ee9e12d23b039a17a9e65a96119c00f6ec54b53865473778798f06e428c6b6491a9529c61f06ebc6d2df2c976469abd0037f9401a9be22d9832,gx-no-cache=1515766086031 HTTP/1.1" 200 30
186.79.216.115 - - [12/Jan/2018:12:08:41 -0300] "GET /cormun/servlet/solicitudotcontratos?8fe6dd90cdb68aad720367db0175385e89268d9bdc0d156192c28ebf7e191c68193d1aa48f0c82885f3538d84232a59de512c68d850f50e67c53d61b956ead977f57d17c904f37bd800476db1af63c7c5193395406f1b8cc1794dd4b8d47285afe5daae569f9986a46c75baea0632e12b19f0103435a0c070181a972ead53c78d54e90ba16a2bd52c117ef8a2e6a6c9c44732aa58605bb74851b8c15d287279a5bdc46b242ec4ca851cec481f78cfeccd0dbfabba34873fb5e63d4e2c949e7a974f6f823797f72d1a2ae727542c0d3f574941ebd282b8b5ea2842976d8411a4839dc381bf6e935ce680fd843a44eb8aefcc497c988f329c35beb08273256a8ef44e8ad0ed3ab4ec3e87fed4188b6d9629369127afc8832599a8d669827992d5924af07ae5ed066f0948a8054ce2ab32d8b9f974c46848253e2c8f36b2323eb8588c0c71df9ee391d7e60e3ee7193b89326a7ef09b35ead758ca9c273c1a0a216a1e0045f109d9709487551be621197df8dd93c9fa2512005995b0b47a18809a43179b278e8489eb7148aabe34b991db9360782cbc195e623ef8412ff479d282402d5e034b50442695cd40b6f75482097b4b903fc30dc6e713a5648f294fd324266a056f912348904289b9101dfdfc4f08f857fd3d63c5e8d96b7e2c6d5518d71838f4e1342a282fb9cf597a45c2cd2317e99bd12b55f46515557c7b16ad20faee831c1dd011810c53321b5ab9c8f5600c7354b74563cb20f4480278a7569e564073cc3e8ac3fa99c2fb753c56730c489d730d2e66f2f4907fa0eab22efd9e650,gx-no-cache=1515766086161 HTTP/1.1" 200 84
186.67.164.142 - - [12/Jan/2018:12:08:41 -0300] "GET /cormun/servlet/trlicencias HTTP/1.1" 200 11402
186.67.164.142 - - [12/Jan/2018:12:08:41 -0300] "GET /cormun/servlet/trlicencias HTTP/1.1" 200 11400
186.67.164.142 - - [12/Jan/2018:12:08:48 -0300] "GET /cormun/servlet/alicenciaprn?7229698,L,20180112000000,PU HTTP/1.1" 200 1554
186.79.216.115 - - [12/Jan/2018:12:08:52 -0300] "POST /cormun/servlet/solicitudotcontratos?ee414147d61f3ed4a2639706a218bc83,INS,2018,0,16934789,1,2,2017,3383,PRORETENCION,201712,44,*,,gx-no-cache=1515766096898 HTTP/1.1" 200 93
186.79.216.115 - - [12/Jan/2018:12:08:52 -0300] "GET /cormun/servlet/hpexe_return? HTTP/1.1" 200 1059
186.79.216.115 - - [12/Jan/2018:12:08:52 -0300] "GET /cormun/static/gxcfg.js?2016101716175148 HTTP/1.1" 200 953
186.79.216.115 - - [12/Jan/2018:12:08:52 -0300] "GET /cormun/static/hpexe_return.js?2016101716175153 HTTP/1.1" 200 1633
186.79.216.115 - - [12/Jan/2018:12:08:52 -0300] "GET /cormun/static/Resources/Spanish/PXTools.css?167811 HTTP/1.1" 200 89042
186.79.216.115 - - [12/Jan/2018:12:08:52 -0300] "GET /cormun/servlet/trcontratosolicitud HTTP/1.1" 200 14681
186.79.216.115 - - [12/Jan/2018:12:08:53 -0300] "GET /cormun/servlet/trcontratosolicitud HTTP/1.1" 200 14669
186.67.164.142 - - [12/Jan/2018:12:09:04 -0300] "POST /cormun/servlet/trlicencias?acf2f40008e6e9cbabe2ad800764bb21,gx-no-cache=1515769703710 HTTP/1.1" 200 8746
186.67.164.142 - - [12/Jan/2018:12:09:04 -0300] "GET /cormun/static/Shared/jqueryui/images/ui-bg_highlight-soft_100_c6c2c8_1x100.png HTTP/1.1" 404 1117
186.67.164.142 - - [12/Jan/2018:12:09:04 -0300] "GET /cormun/static/Shared/jqueryui/images/ui-icons_82798d_256x240.png HTTP/1.1" 404 1089
186.67.164.142 - - [12/Jan/2018:12:09:04 -0300] "GET /cormun/static/Shared/jqueryui/images/ui-bg_flat_55_fafafa_40x100.png HTTP/1.1" 404 1097
186.67.164.142 - - [12/Jan/2018:12:09:04 -0300] "GET /cormun/static/Shared/jqueryui/images/ui-icons_8d78a5_256x240.png HTTP/1.1" 404 1089
190.151.100.218 - - [12/Jan/2018:12:09:05 -0300] "GET /cormun/servlet/solicitudotadjuntos?INS,2018,9047,,1, HTTP/1.1" 200 6231
190.151.100.218 - - [12/Jan/2018:12:09:05 -0300] "GET /cormun/static/about:blank HTTP/1.1" 404 1011
190.151.100.218 - - [12/Jan/2018:12:09:05 -0300] "GET /cormun/servlet/solicitudotadjuntos?INS,2018,9047,,1, HTTP/1.1" 200 6224
190.151.100.218 - - [12/Jan/2018:12:09:06 -0300] "GET /cormun/servlet/solicitudotadjuntos?cce3db5fa62a1a03e7e78a4aaec1161a4e27cd50c3b8b00b39ed26d09d38a795508e54663a46139113ad80d0f173409b,gx-no-cache=1515769706302 HTTP/1.1" 200 30
190.151.100.218 - - [12/Jan/2018:12:09:06 -0300] "POST /cormun/servlet/solicitudotadjuntos?b5b93c87cfd765cd9237f2f76b4133f5,INS,2018,9047,,1,,gx-no-cache=1515769706342 HTTP/1.1" 200 4010
190.151.100.218 - - [12/Jan/2018:12:09:08 -0300] "POST /cormun/servlet/solicitudotadjuntos?gx-no-cache=1515769708792 HTTP/1.1" 200 26
190.46.88.54 - - [12/Jan/2018:12:09:11 -0300] "POST /cormun/servlet/hlogin?23e398aff7d8d3497f13ba6ffe7313ab,gx-no-cache=1515769711599 HTTP/1.1" 200 90
190.46.88.54 - - [12/Jan/2018:12:09:11 -0300] "GET /cormun/servlet/hpexe_link HTTP/1.1" 200 962
190.46.88.54 - - [12/Jan/2018:12:09:12 -0300] "GET /cormun/servlet/solicitudot?INS,0,0, HTTP/1.1" 200 13919
190.46.88.54 - - [12/Jan/2018:12:09:13 -0300] "GET /cormun/servlet/solicitudot?INS,0,0, HTTP/1.1" 200 13922
200.72.197.82 - - [12/Jan/2018:12:09:17 -0300] "GET /cormun/servlet/solicitudotadjuntos?cce3db5fa62a1a03e7e78a4aaec1161a329bf12b109334184db703b09c5b1700,gx-no-cache=1515769717425 HTTP/1.1" 200 30
200.72.197.82 - - [12/Jan/2018:12:09:17 -0300] "GET /cormun/servlet/solicitudotadjuntos?cce3db5fa62a1a03e7e78a4aaec1161a329bf12b109334184db703b09c5b1700,gx-no-cache=1515769717525 HTTP/1.1" 200 30
200.72.197.82 - - [12/Jan/2018:12:09:22 -0300] "POST /cormun/servlet/solicitudotadjuntos?b5b93c87cfd765cd9237f2f76b4133f5,INS,2018,9047,,1, HTTP/1.1" 200 116
200.72.197.82 - - [12/Jan/2018:12:09:22 -0300] "GET /cormun/servlet/hpexe_return? HTTP/1.1" 200 1022
200.72.197.82 - - [12/Jan/2018:12:09:23 -0300] "GET /cormun/servlet/trsolicitudadjuntos?2018,9047, HTTP/1.1" 200 9371
186.103.132.155 - - [12/Jan/2018:12:09:24 -0300] "GET /cormun/servlet/trsolicitudadjuntos?2018,9047, HTTP/1.1" 200 9370
186.103.159.188 - - [12/Jan/2018:12:09:27 -0300] "POST /cormun/servlet/trcontratosolicitud?11192e81d6576678c249945b0848a48c,gx-no-cache=1515766101479,gx-no-cache=1515769728314 HTTP/1.1" 200 12329
190.151.100.218 - - [12/Jan/2018:12:09:31 -0300] "GET /cormun/servlet/solicitudotadjuntos?INS,2018,9047,,1, HTTP/1.1" 200 6231
190.151.100.218 - - [12/Jan/2018:12:09:32 -0300] "GET /cormun/static/about:blank HTTP/1.1" 404 1011
200.72.197.82 - - [12/Jan/2018:12:09:32 -0300] "GET /cormun/servlet/solicitudotadjuntos?INS,2018,9047,,1, HTTP/1.1" 200 6224
200.72.197.82 - - [12/Jan/2018:12:09:33 -0300] "GET /cormun/servlet/solicitudotadjuntos?cce3db5fa62a1a03e7e78a4aaec1161a4e27cd50c3b8b00b39ed26d09d38a795508e54663a46139113ad80d0f173409b,gx-no-cache=1515769732851 HTTP/1.1" 200 30
200.72.197.82 - - [12/Jan/2018:12:09:33 -0300] "POST /cormun/servlet/solicitudotadjuntos?b5b93c87cfd765cd9237f2f76b4133f5,INS,2018,9047,,1,,gx-no-cache=1515769733036 HTTP/1.1" 200 4010
200.72.197.82 - - [12/Jan/2018:12:09:42 -0300] "POST /cormun/servlet/solicitudotadjuntos?gx-no-cache=1515769742730 HTTP/1.1" 200 26
186.103.161.206 - - [12/Jan/2018:12:09:44 -0300] "GET /cormun/servlet/solicitudotadjuntos?cce3db5fa62a1a03e7e78a4aaec1161a329bf12b109334184db703b09c5b1700,gx-no-cache=1515769744066 HTTP/1.1" 200 30
186.103.161.206 - - [12/Jan/2018:12:09:44 -0300] "GET /cormun/servlet/solicitudotadjuntos?cce3db5fa62a1a03e7e78a4aaec1161a329bf12b109334184db703b09c5b1700,gx-no-cache=1515769744214 HTTP/1.1" 200 30
186.103.161.206 - - [12/Jan/2018:12:09:44 -0300] "POST /cormun/servlet/solicitudotadjuntos?b5b93c87cfd765cd9237f2f76b4133f5,INS,2018,9047,,1,,gx-no-cache=1515769744280 HTTP/1.1" 200 93
186.103.161.206 - - [12/Jan/2018:12:09:44 -0300] "GET /cormun/servlet/hpexe_return? HTTP/1.1" 200 1022
192.168.10.135 - - [12/Jan/2018:12:09:45 -0300] "GET /cormun/servlet/hlogin HTTP/1.1" 200 1728
186.103.161.206 - - [12/Jan/2018:12:09:45 -0300] "GET /cormun/servlet/trsolicitudadjuntos?2018,9047, HTTP/1.1" 200 9531
186.103.161.206 - - [12/Jan/2018:12:09:46 -0300] "GET /cormun/servlet/trsolicitudadjuntos?2018,9047, HTTP/1.1" 200 9528
186.79.216.115 - - [12/Jan/2018:12:09:47 -0300] "GET /cormun/servlet/trcontratosolicitud? HTTP/1.1" 200 14676
186.103.161.206 - - [12/Jan/2018:12:09:48 -0300] "GET /cormun/servlet/solicitudotadjuntos?DLT,2018,9047,TITULO,0, HTTP/1.1" 200 6108
186.79.216.115 - - [12/Jan/2018:12:09:48 -0300] "GET /cormun/servlet/trcontratosolicitud? HTTP/1.1" 200 14667
186.103.161.206 - - [12/Jan/2018:12:09:48 -0300] "GET /cormun/static/about:blank HTTP/1.1" 404 1011
200.111.122.170 - - [12/Jan/2018:12:09:48 -0300] "GET /cormun/static/Shared/jqueryui/images/ui-bg_highlight-soft_100_c6c2c8_1x100.png HTTP/1.1" 404 1117
186.103.161.206 - - [12/Jan/2018:12:09:48 -0300] "GET /cormun/static/Shared/jqueryui/images/ui-icons_8d78a5_256x240.png HTTP/1.1" 404 1089
186.103.161.206 - - [12/Jan/2018:12:09:48 -0300] "GET /cormun/static/Shared/jqueryui/images/ui-icons_82798d_256x240.png HTTP/1.1" 404 1089
186.103.161.206 - - [12/Jan/2018:12:09:48 -0300] "GET /cormun/static/Shared/jqueryui/images/ui-bg_flat_55_fafafa_40x100.png HTTP/1.1" 404 1097
186.103.161.206 - - [12/Jan/2018:12:09:49 -0300] "GET /cormun/servlet/solicitudotadjuntos?DLT,2018,9047,TITULO,0, HTTP/1.1" 200 6102
190.46.88.54 - - [12/Jan/2018:12:09:49 -0300] "POST /cormun/servlet/solicitudot?gx-no-cache=1515769748999 HTTP/1.1" 200 3866
190.46.88.54 - - [12/Jan/2018:12:09:49 -0300] "POST /cormun/servlet/solicitudot?23e398aff7d8d3497f13ba6ffe7313ab,INS,0,0,,gx-no-cache=1515769749423 HTTP/1.1" 200 10849
200.111.122.170 - - [12/Jan/2018:12:09:50 -0300] "POST /cormun/servlet/solicitudotadjuntos?b5b93c87cfd765cd9237f2f76b4133f5,DLT,2018,9047,TITULO,0,,gx-no-cache=1515769749537 HTTP/1.1" 200 93
200.111.122.170 - - [12/Jan/2018:12:09:50 -0300] "GET /cormun/servlet/hpexe_return? HTTP/1.1" 200 1028
200.111.122.170 - - [12/Jan/2018:12:09:51 -0300] "GET /cormun/servlet/trsolicitudadjuntos?2018,9047, HTTP/1.1" 200 9369
186.67.164.142 - - [12/Jan/2018:12:09:52 -0300] "GET /cormun/servlet/alicenciaprn?7229698,L,20180112000000,PU HTTP/1.1" 200 1556
200.111.122.170 - - [12/Jan/2018:12:09:53 -0300] "GET /cormun/servlet/trsolicitudadjuntos?2018,9047, HTTP/1.1" 200 9369
190.46.88.54 - - [12/Jan/2018:12:09:57 -0300] "GET /cormun/servlet/solicitudot?29dbdbe8bd5f5228497aa336c9aa499a727997c785a38a34e409bbab8bef125112c710003aca0ec3d3973601700ee435,gx-no-cache=1515769757325 HTTP/1.1" 200 30
190.46.88.54 - - [12/Jan/2018:12:09:57 -0300] "POST /cormun/servlet/solicitudot?gx-no-cache=1515769757450 HTTP/1.1" 200 43
190.46.88.54 - - [12/Jan/2018:12:09:57 -0300] "POST /cormun/servlet/solicitudot?gx-no-cache=1515769757583 HTTP/1.1" 200 297
190.46.88.54 - - [12/Jan/2018:12:09:57 -0300] "GET /cormun/servlet/solicitudot?29dbdbe8bd5f5228497aa336c9aa499a33f03b2871cab96479fe8f24d6653b35a8664e8ac69bfd788bfa94ebb3a2641d4e3aea2b8f46cdbe4ff2f19a2033b8431bdca008d15ac3d956fa654ff5396bb9ffcbd35e855e119fb12ba538d3fda6fe26c7473f331a7b789696b9f800775d6c2d861b229719598aea3e81dfc555715435fdb8b0d2dd6d305c529db3cff8503164346b955b53209a61d85d2692c68d88ee92d7c2cacf3cf5155ceb64fa48d38b590393ddb67489526c480b4e48c3aa1f03117f4709bb092ab2c25cbe460e425bb9ba48bdf8c66a40aa55cadef34f3d419fdfb3c8a0e1331736d98d1f539b289abd981a36b8203d2bf8a3bd90e4ed2161546695a518fada309c3502ebccb3ae956f84c891b75a6db350c5840f4bccadbdb8209514944911eb35534e2b5b46f6760c25b85490e9fb6b046c8cab9f2155f456faf9525cd480160f50403371c20025ef3452e1da8eab19d803abf710e3c4d416687d6eb9ff0eea12c8eb2cd002de0893a64e6df4992e401d4a2d4a2a14273ab303be86dddaa14772221616e8597f69,gx-no-cache=1515769757698 HTTP/1.1" 200 30
190.46.88.54 - - [12/Jan/2018:12:09:59 -0300] "POST /cormun/servlet/solicitudot?gx-no-cache=1515769759888 HTTP/1.1" 200 30
186.103.159.188 - - [12/Jan/2018:12:10:00 -0300] "GET /cormun/servlet/solicitudotcontratos?INS,2018,0,9306371,6,6,2017,1887,LEY+SEP,201712,6,B, HTTP/1.1" 200 9889
186.103.159.188 - - [12/Jan/2018:12:10:00 -0300] "GET /cormun/servlet/solicitudotcontratos?INS,2018,0,9306371,6,6,2017,1887,LEY+SEP,201712,6,B, HTTP/1.1" 200 9904
186.103.159.188 - - [12/Jan/2018:12:10:01 -0300] "GET /cormun/servlet/solicitudotcontratos?783b1d8334272e2879af472df30a5888f92ee72bba7de9c6dd116c62fb1a387842543d0d4698850088f1e4c2b3bd43b0,gx-no-cache=1515769762736 HTTP/1.1" 200 30
