186.67.172.234 - - [11/Jan/2018:10:26:30 -0300] "POST /cormun/servlet/trautorizarsolicitud?6a45060ea41b8c4e5adc1453320c42a0,gx-no-cache=1515677148635 HTTP/1.1" 200 13721
186.67.172.234 - - [11/Jan/2018:10:26:39 -0300] "POST /cormun/servlet/trautorizarsolicitud?6a45060ea41b8c4e5adc1453320c42a0,gx-no-cache=1515677158154 HTTP/1.1" 200 13547
186.103.157.246 - - [11/Jan/2018:10:26:42 -0300] "POST /cormun/servlet/solicitudotcontratos?1f55de11b821978a7feb820cebb20c07,INS,2018,0,15524378,3,6,2017,5423,LEY+SEP,201711,4,B,,gx-no-cache=1515677163624 HTTP/1.1" 200 10816
186.103.157.246 - - [11/Jan/2018:10:26:42 -0300] "POST /cormun/servlet/solicitudotcontratos?gx-no-cache=1515677163959 HTTP/1.1" 200 1342
186.103.157.246 - - [11/Jan/2018:10:26:42 -0300] "POST /cormun/servlet/solicitudotcontratos?gx-no-cache=1515677164009 HTTP/1.1" 200 1221
186.103.157.246 - - [11/Jan/2018:10:26:42 -0300] "GET /cormun/servlet/solicitudotcontratos?6f5416e8acb3c2035c9a1768e29e89573daa69179b542a6e8f98c6e9dedb4c4098b87b72664ae671a80c54a6eb37c77347465cfd97ed5fa3cc988f1ea6097cb13a275c3d53dc22754889afcf6c8855d9932ca7242efe873aaf4969958e2addaf58da12fa27b52e07378358274d51bd85664d06230f293b689c0dc152f1f802af,gx-no-cache=1515677164084 HTTP/1.1" 200 30
186.103.157.246 - - [11/Jan/2018:10:26:42 -0300] "POST /cormun/servlet/solicitudotcontratos?1f55de11b821978a7feb820cebb20c07,INS,2018,0,15524378,3,6,2017,5423,LEY+SEP,201711,4,B,,gx-no-cache=1515677164151 HTTP/1.1" 200 93
186.103.157.246 - - [11/Jan/2018:10:26:42 -0300] "GET /cormun/servlet/hpexe_return? HTTP/1.1" 200 1045
186.103.157.246 - - [11/Jan/2018:10:26:43 -0300] "GET /cormun/static/gxcfg.js?2016101716175148 HTTP/1.1" 304 -
186.103.157.246 - - [11/Jan/2018:10:26:43 -0300] "GET /cormun/servlet/trcontratosolicitud HTTP/1.1" 200 14937
186.103.157.246 - - [11/Jan/2018:10:26:44 -0300] "GET /cormun/servlet/trcontratosolicitud HTTP/1.1" 200 14925
186.79.214.243 - - [11/Jan/2018:10:26:44 -0300] "POST /cormun/servlet/solicitudotcontratos?cb379fd8ac43bd863b60af31387d1183,INS,2018,0,17948281,9,2,2017,3390,PRORETENCION,201711,20,*,,gx-no-cache=1515677163572 HTTP/1.1" 200 10805
186.67.172.234 - - [11/Jan/2018:10:26:44 -0300] "POST /cormun/servlet/trautorizarsolicitud?6a45060ea41b8c4e5adc1453320c42a0,gx-no-cache=1515677162398 HTTP/1.1" 200 13489
186.79.214.243 - - [11/Jan/2018:10:26:44 -0300] "POST /cormun/servlet/solicitudotcontratos?gx-no-cache=1515677164120 HTTP/1.1" 200 1343
186.79.214.243 - - [11/Jan/2018:10:26:44 -0300] "POST /cormun/servlet/solicitudotcontratos?gx-no-cache=1515677164283 HTTP/1.1" 200 1220
186.79.214.243 - - [11/Jan/2018:10:26:44 -0300] "GET /cormun/servlet/solicitudotcontratos?9bbe363bed419443060d1961d87e5cbce1e5e540d077a66029ccb5f2cbff160cbfecf3a62604552c51f1381d6fed87a6c56c725780458a3c5aa61998e7a71988ae85be1619d88b35d0ccd323f654b811548ad9d5eb5e5e8789577b67296d407a1e5bb5e689499f000e8a3ca609f32253cf90f5d2b4813454d358bf5baf0a4bf2,gx-no-cache=1515677164435 HTTP/1.1" 200 30
186.79.214.243 - - [11/Jan/2018:10:26:45 -0300] "POST /cormun/servlet/solicitudotcontratos?cb379fd8ac43bd863b60af31387d1183,INS,2018,0,17948281,9,2,2017,3390,PRORETENCION,201711,20,*,,gx-no-cache=1515677164494 HTTP/1.1" 200 93
186.79.214.243 - - [11/Jan/2018:10:26:45 -0300] "GET /cormun/servlet/hpexe_return? HTTP/1.1" 200 1071
186.79.214.243 - - [11/Jan/2018:10:26:45 -0300] "GET /cormun/servlet/trcontratosolicitud?gx-no-cache=1515675408726 HTTP/1.1" 200 9413
186.79.214.243 - - [11/Jan/2018:10:26:45 -0300] "GET /cormun/servlet/trcontratosolicitud?gx-no-cache=1515675408726 HTTP/1.1" 200 9439
186.67.172.234 - - [11/Jan/2018:10:26:47 -0300] "POST /cormun/servlet/trautorizarsolicitud?6a45060ea41b8c4e5adc1453320c42a0,gx-no-cache=1515677165603 HTTP/1.1" 200 13189
186.67.172.234 - - [11/Jan/2018:10:26:51 -0300] "POST /cormun/servlet/trautorizarsolicitud?6a45060ea41b8c4e5adc1453320c42a0,gx-no-cache=1515677169876 HTTP/1.1" 200 13131
186.103.157.246 - - [11/Jan/2018:10:26:53 -0300] "GET /cormun/servlet/solicitudotcontratos?INS,2018,0,17287037,6,6,2017,6020,LEY+SEP,201711,2,*, HTTP/1.1" 200 9878
186.103.157.246 - - [11/Jan/2018:10:26:54 -0300] "GET /cormun/servlet/solicitudotcontratos?INS,2018,0,17287037,6,6,2017,6020,LEY+SEP,201711,2,*, HTTP/1.1" 200 9913
186.103.157.246 - - [11/Jan/2018:10:26:54 -0300] "GET /cormun/servlet/solicitudotcontratos?6f5416e8acb3c2035c9a1768e29e8957bca4c7bf0220dc37ef9e5881c7515bd613935e04b328781b1e7e7aabef059038,gx-no-cache=1515677176373 HTTP/1.1" 200 113
186.103.157.246 - - [11/Jan/2018:10:26:54 -0300] "GET /cormun/static/Shared/jqueryui/images/ui-bg_highlight-soft_100_c6c2c8_1x100.png HTTP/1.1" 404 1117
186.103.157.246 - - [11/Jan/2018:10:26:54 -0300] "GET /cormun/static/Shared/jqueryui/images/ui-icons_82798d_256x240.png HTTP/1.1" 404 1089
186.103.157.246 - - [11/Jan/2018:10:26:54 -0300] "GET /cormun/static/Shared/jqueryui/images/ui-bg_flat_55_994d53_40x100.png HTTP/1.1" 404 1097
186.103.157.246 - - [11/Jan/2018:10:26:54 -0300] "GET /cormun/static/Shared/jqueryui/images/ui-icons_ebccce_256x240.png HTTP/1.1" 404 1089
186.103.157.246 - - [11/Jan/2018:10:26:54 -0300] "GET /cormun/servlet/solicitudotcontratos?6f5416e8acb3c2035c9a1768e29e895744d56aaf7cde9757ed8499517e6461f911c926484e1cce67c77db873b63feb0d,gx-no-cache=1515677176487 HTTP/1.1" 200 30
186.103.157.246 - - [11/Jan/2018:10:26:54 -0300] "GET /cormun/servlet/solicitudotcontratos?6f5416e8acb3c2035c9a1768e29e89578a0aece470f94e64920f792df9aaaafc5c1f0b4081c761f0d0acd0d24a61cfe3bcd98679a753a1839969145ca803a03fdcd5fc3572e68d5f56224f17f36a90dd733c349893e02d46be9beb90a2034e8102938ba5a3584bb0a6494db79e04cdaaad51d942b71e4daff1819f94a36dfe52,gx-no-cache=1515677176516 HTTP/1.1" 200 50
186.103.157.246 - - [11/Jan/2018:10:26:54 -0300] "GET /cormun/servlet/solicitudotcontratos?6f5416e8acb3c2035c9a1768e29e8957144fa9300d9714a0c30f16337101c259e9ad4a34a72e01ab9585bfc93a8be53a,gx-no-cache=1515677176551 HTTP/1.1" 200 30
186.103.157.246 - - [11/Jan/2018:10:26:55 -0300] "GET /cormun/servlet/solicitudotcontratos?6f5416e8acb3c2035c9a1768e29e89576f1f4f03656227979594fa9ac10d0a913bdc460c51d94dd7dd4b82249a07cdd319d2352526cd3c4c49dbca3e476c063e610173c2a68e31aeab457fd3d2169ab87d54d020d05d613ee5e69a8a061370cf92f86765d0285ea716341dadffc8364c,gx-no-cache=1515677176591 HTTP/1.1" 200 30
186.103.157.246 - - [11/Jan/2018:10:26:55 -0300] "GET /cormun/servlet/solicitudotcontratos?6f5416e8acb3c2035c9a1768e29e8957af7edc15546a5eaddd780dbbe6be2ea6e57a98890adc6181787686f80c37ad2f0729d7239e40b620c08c4d2844f0299b19d2352526cd3c4c49dbca3e476c063e073e0919ff58fff60959fb522ae91ba5cbab62afd5f0e2d0d8a72e75a9e47819a9f72d4cbf7075809b152ad209e8ba1616cd2d2390424fc2d05e8d740a3eeb4fd612f4f2277fcd00b8f56661fd58341f0729d7239e40b620c08c4d2844f0299b34cfd150ff61b0c525872ad97db142b084997815a2137e31cc9ac7f332a793d05008b2581b2b383727a4426f449e64acf9d8e6577814ed2a999b8f1e94b49d3ed7e0dcc81ffedae0b229d6980aa68429a4b49eb213bfc64794223b200fa7d902c6613f09ab5957958407f7852f07d730c8d8745a9a305406eba36c1387dffd3d1aaf5b3549a0af9a136fcfbb09bf90e69de9bc4164eac74594e067ce3349544275a61340ae8ca8b7d1d0a3f6c263a6bb64a7c8c5eb6a34aad19ca9f75d96b3b2ed6c761f017b968f9ac2a3efdc7d080a4955e0c449137eaf1ea662fc987198311807262d3b52b8d84a7e2ea75faee7d28589fc6df27d90043c80b73ce2295d142f58803f6df901c2e992670134efcdfcd5cb6d0066e943ce3e7f2b46ba4bdfa88dc28bf98b0a0b6577dc6b8baf6d3349d88f17587247a532b9970ec478c198ccb16a5e2bf6a9dcc62081c5fde4706261c7b003d898744424d7094b17a7de737806f8c0d6bca1a26643e1948a616d0b89784d378773031cbd8227ffedcb35ecb3e1015121bac55b361c9cedb29a14b3a6,gx-no-cache=1515677176632 HTTP/1.1" 200 79
186.103.159.44 - - [11/Jan/2018:10:26:59 -0300] "GET /cormun/servlet/solicitudot?INS,0,0, HTTP/1.1" 200 14048
200.112.4.188 - - [11/Jan/2018:10:27:02 -0300] "GET /cormun/servlet/hlogin HTTP/1.1" 200 1728
200.112.4.188 - - [11/Jan/2018:10:27:02 -0300] "GET /cormun/static/gxtimezone.js?85251 HTTP/1.1" 200 5781
200.112.4.188 - - [11/Jan/2018:10:27:02 -0300] "GET /cormun/static/gxcfg.js?20175251213516 HTTP/1.1" 200 953
200.112.4.188 - - [11/Jan/2018:10:27:02 -0300] "GET /cormun/static/Resources/Spanish/PXTools.css?11423723 HTTP/1.1" 200 89042
200.112.4.188 - - [11/Jan/2018:10:27:02 -0300] "GET /cormun/static/messages.spa.js?85251 HTTP/1.1" 200 30736
200.112.4.188 - - [11/Jan/2018:10:27:02 -0300] "GET /cormun/static/hlogin.js?20175251213537 HTTP/1.1" 200 2136
200.112.4.188 - - [11/Jan/2018:10:27:02 -0300] "GET /cormun/static/Resources/ComunLogin.png HTTP/1.1" 200 17326
186.103.157.246 - - [11/Jan/2018:10:27:02 -0300] "POST /cormun/servlet/solicitudotcontratos?1f55de11b821978a7feb820cebb20c07,INS,2018,0,17287037,6,6,2017,6020,LEY+SEP,201711,2,*,,gx-no-cache=1515677184380 HTTP/1.1" 200 10786
200.112.4.188 - - [11/Jan/2018:10:27:03 -0300] "GET /cormun/static/gxgral.js?85251 HTTP/1.1" 200 384558
186.103.157.246 - - [11/Jan/2018:10:27:03 -0300] "POST /cormun/servlet/solicitudotcontratos?gx-no-cache=1515677184676 HTTP/1.1" 200 1341
186.103.157.246 - - [11/Jan/2018:10:27:03 -0300] "POST /cormun/servlet/solicitudotcontratos?gx-no-cache=1515677184761 HTTP/1.1" 200 1220
200.112.4.188 - - [11/Jan/2018:10:27:03 -0300] "GET /cormun/static/Resources/PXToolsLoginTop.png HTTP/1.1" 200 1337
200.112.4.188 - - [11/Jan/2018:10:27:03 -0300] "GET /cormun/static/Resources/PXToolsLoginBackground.png HTTP/1.1" 200 1164
200.112.4.188 - - [11/Jan/2018:10:27:03 -0300] "GET /cormun/static/Resources/PXToolsButtonLeft21.png HTTP/1.1" 200 1287
200.112.4.188 - - [11/Jan/2018:10:27:03 -0300] "GET /cormun/static/Resources/PXToolsButtonRight21.png HTTP/1.1" 200 1283
186.103.157.246 - - [11/Jan/2018:10:27:03 -0300] "GET /cormun/servlet/solicitudotcontratos?6f5416e8acb3c2035c9a1768e29e89573daa69179b542a6e8f98c6e9dedb4c4098b87b72664ae671a80c54a6eb37c77347465cfd97ed5fa3cc988f1ea6097cb13a275c3d53dc22754889afcf6c8855d9932ca7242efe873aaf4969958e2addaf58da12fa27b52e07378358274d51bd85664d06230f293b689c0dc152f1f802af,gx-no-cache=1515677184849 HTTP/1.1" 200 30
200.112.4.188 - - [11/Jan/2018:10:27:03 -0300] "GET /cormun/servlet/hlogin HTTP/1.1" 200 1731
200.112.4.188 - - [11/Jan/2018:10:27:03 -0300] "GET /cormun/static/Resources/PXToolsButtonBackground2.png HTTP/1.1" 200 1181
200.112.4.188 - - [11/Jan/2018:10:27:03 -0300] "GET /cormun/static/Resources/PXToolsLoginBottom.png HTTP/1.1" 200 1389
200.112.4.188 - - [11/Jan/2018:10:27:03 -0300] "GET /cormun/static/Resources/indicator.gif HTTP/1.1" 200 1553
200.112.4.188 - - [11/Jan/2018:10:27:03 -0300] "GET /cormun/static/Resources/PXToolsButtonBackground2.png HTTP/1.1" 200 1181
200.112.4.188 - - [11/Jan/2018:10:27:03 -0300] "GET /cormun/static/Resources/PXToolsLoginBottom.png HTTP/1.1" 200 1389
200.112.4.188 - - [11/Jan/2018:10:27:03 -0300] "GET /cormun/static/Resources/indicator.gif HTTP/1.1" 200 1553
186.103.157.246 - - [11/Jan/2018:10:27:03 -0300] "POST /cormun/servlet/solicitudotcontratos?1f55de11b821978a7feb820cebb20c07,INS,2018,0,17287037,6,6,2017,6020,LEY+SEP,201711,2,*,,gx-no-cache=1515677184899 HTTP/1.1" 200 11007
200.112.4.188 - - [11/Jan/2018:10:27:03 -0300] "GET /favicon.ico HTTP/1.1" 200 21630
186.103.157.246 - - [11/Jan/2018:10:27:17 -0300] "POST /cormun/servlet/solicitudotcontratos?1f55de11b821978a7feb820cebb20c07,INS,2018,0,17287037,6,6,2017,6020,LEY+SEP,201711,2,*,,gx-no-cache=1515677198937 HTTP/1.1" 200 11007
186.103.159.44 - - [11/Jan/2018:10:27:19 -0300] "POST /cormun/servlet/solicitudot?gx-no-cache=1515677199766 HTTP/1.1" 200 3749
186.103.159.44 - - [11/Jan/2018:10:27:19 -0300] "POST /cormun/servlet/solicitudot?7680f75a9c3e26756cadc1e4993d38b7,INS,0,0,,gx-no-cache=1515677200032 HTTP/1.1" 200 10897
186.103.159.44 - - [11/Jan/2018:10:27:21 -0300] "GET /cormun/servlet/solicitudot?93f5696ec6af881851328fe3ede9ab9a802c4ecdf496424d35ed82863cbc6e7ad302c4afe19725eef41acb6861285f87,gx-no-cache=1515677201365 HTTP/1.1" 200 30
200.112.4.188 - - [11/Jan/2018:10:27:25 -0300] "POST /cormun/servlet/hlogin?71b2795fff670dbfb764ef4ed37bd077,gx-no-cache=1515677207922 HTTP/1.1" 200 446
186.67.172.234 - - [11/Jan/2018:10:27:25 -0300] "POST /cormun/servlet/trautorizarsolicitud?6a45060ea41b8c4e5adc1453320c42a0,gx-no-cache=1515677203345 HTTP/1.1" 200 12968
186.67.172.234 - - [11/Jan/2018:10:27:29 -0300] "POST /cormun/servlet/trautorizarsolicitud?6a45060ea41b8c4e5adc1453320c42a0,gx-no-cache=1515677207605 HTTP/1.1" 200 12909
186.67.172.234 - - [11/Jan/2018:10:27:32 -0300] "POST /cormun/servlet/trautorizarsolicitud?6a45060ea41b8c4e5adc1453320c42a0,gx-no-cache=1515677210801 HTTP/1.1" 200 12629
200.112.4.188 - - [11/Jan/2018:10:27:32 -0300] "POST /cormun/servlet/hlogin?71b2795fff670dbfb764ef4ed37bd077,gx-no-cache=1515677215679 HTTP/1.1" 200 446
200.112.4.188 - - [11/Jan/2018:10:27:36 -0300] "POST /cormun/servlet/hlogin?71b2795fff670dbfb764ef4ed37bd077,gx-no-cache=1515677219350 HTTP/1.1" 200 90
200.112.4.188 - - [11/Jan/2018:10:27:36 -0300] "GET /cormun/servlet/hpexe_link HTTP/1.1" 200 953
200.112.4.188 - - [11/Jan/2018:10:27:36 -0300] "GET /cormun/static/gxcfg.js?20177612121792 HTTP/1.1" 200 953
200.112.4.188 - - [11/Jan/2018:10:27:36 -0300] "GET /cormun/static/hpexe_link.js?20177612121795 HTTP/1.1" 200 625
186.67.172.234 - - [11/Jan/2018:10:27:36 -0300] "POST /cormun/servlet/trautorizarsolicitud?6a45060ea41b8c4e5adc1453320c42a0,gx-no-cache=1515677214950 HTTP/1.1" 200 12570
200.112.4.188 - - [11/Jan/2018:10:27:36 -0300] "GET /cormun/static/Resources/Spanish/PXTools.css?1155365 HTTP/1.1" 200 89042
200.112.4.188 - - [11/Jan/2018:10:27:36 -0300] "GET /cormun/servlet/hhome HTTP/1.1" 200 3985
200.112.4.188 - - [11/Jan/2018:10:27:36 -0300] "GET /cormun/static/Shared/jqueryui/jquery-ui.min.css?1245370 HTTP/1.1" 200 30288
200.112.4.188 - - [11/Jan/2018:10:27:37 -0300] "GET /cormun/static/SmoothNavMenu/resources/ddsmoothmenu.css?1012540 HTTP/1.1" 200 2223
200.112.4.188 - - [11/Jan/2018:10:27:37 -0300] "GET /cormun/static/SmoothNavMenu/resources/ddsmoothmenu-v.css?1012540 HTTP/1.1" 200 1188
200.112.4.188 - - [11/Jan/2018:10:27:37 -0300] "GET /cormun/static/scaMessage/css/jquery.pnotify.default.css?1716380 HTTP/1.1" 200 1707
200.112.4.188 - - [11/Jan/2018:10:27:37 -0300] "GET /cormun/static/gxcfg.js?20175251212442 HTTP/1.1" 200 953
200.112.4.188 - - [11/Jan/2018:10:27:37 -0300] "GET /cormun/static/PXToolsJavascripts/pexe_autoreload.js HTTP/1.1" 200 1762
200.112.4.188 - - [11/Jan/2018:10:27:37 -0300] "GET /cormun/static/PXToolsJavascripts/pexe_cookies.js HTTP/1.1" 200 792
200.112.4.188 - - [11/Jan/2018:10:27:37 -0300] "GET /cormun/static/PXToolsJavascripts/pexe_windows.js HTTP/1.1" 200 15207
200.112.4.188 - - [11/Jan/2018:10:27:37 -0300] "GET /cormun/static/PXToolsJavascripts/pexe_grid.js HTTP/1.1" 200 7559
200.112.4.188 - - [11/Jan/2018:10:27:37 -0300] "GET /cormun/static/PXToolsJavascripts/pexe_griddivfix.js HTTP/1.1" 200 6644
200.112.4.188 - - [11/Jan/2018:10:27:37 -0300] "GET /cormun/static/PXToolsJavascripts/pexe_link.js HTTP/1.1" 200 5671
200.112.4.188 - - [11/Jan/2018:10:27:37 -0300] "GET /cormun/static/PXToolsJavascripts/pexe_menudivfix.js HTTP/1.1" 200 333
200.112.4.188 - - [11/Jan/2018:10:27:37 -0300] "GET /cormun/static/PXToolsJavascripts/pexe_menus.js HTTP/1.1" 200 1286
200.112.4.188 - - [11/Jan/2018:10:27:37 -0300] "GET /cormun/static/PXToolsJavascripts/pexe_layers.js HTTP/1.1" 200 4114
200.112.4.188 - - [11/Jan/2018:10:27:37 -0300] "GET /cormun/static/PXToolsJavascripts/pexe_oav.js HTTP/1.1" 200 645
200.112.4.188 - - [11/Jan/2018:10:27:37 -0300] "GET /cormun/static/PXToolsJavascripts/pexe_oavdivfix.js HTTP/1.1" 200 639
200.112.4.188 - - [11/Jan/2018:10:27:37 -0300] "GET /cormun/static/PXToolsJavascripts/pexe_picture.js HTTP/1.1" 200 689
200.112.4.188 - - [11/Jan/2018:10:27:37 -0300] "GET /cormun/static/PXToolsJavascripts/pexe_popup.js HTTP/1.1" 200 13458
200.112.4.188 - - [11/Jan/2018:10:27:37 -0300] "GET /cormun/static/PXToolsJavascripts/pexe_scrolldiv.js HTTP/1.1" 200 4138
200.112.4.188 - - [11/Jan/2018:10:27:37 -0300] "GET /cormun/static/PXToolsJavascripts/pexe_tabdivfix.js HTTP/1.1" 200 876
200.112.4.188 - - [11/Jan/2018:10:27:37 -0300] "GET /cormun/static/PXToolsJavascripts/pexe_tabs.js HTTP/1.1" 200 3748
200.112.4.188 - - [11/Jan/2018:10:27:37 -0300] "GET /cormun/static/PXToolsJavascripts/pexe_upload.js HTTP/1.1" 200 1423
200.112.4.188 - - [11/Jan/2018:10:27:37 -0300] "GET /cormun/static/PXToolsJavascripts/PXToolsJavascriptsRender.js HTTP/1.1" 200 367
200.112.4.188 - - [11/Jan/2018:10:27:37 -0300] "GET /cormun/static/RunJS/RunJS.js HTTP/1.1" 200 288
200.112.4.188 - - [11/Jan/2018:10:27:37 -0300] "GET /cormun/static/Shared/ext/locale/ext-lang-en.js HTTP/1.1" 200 10940
200.112.4.188 - - [11/Jan/2018:10:27:37 -0300] "GET /cormun/static/hhome.js?20175251212450 HTTP/1.1" 200 777
200.112.4.188 - - [11/Jan/2018:10:27:37 -0300] "GET /cormun/static/hwchdr01.js?201752511465785 HTTP/1.1" 200 1183
200.112.4.188 - - [11/Jan/2018:10:27:37 -0300] "GET /cormun/static/Resources/PXToolsHeaderPreferences.png HTTP/1.1" 200 4189
200.112.4.188 - - [11/Jan/2018:10:27:37 -0300] "GET /cormun/static/gxui/gxui-all.js HTTP/1.1" 200 107772
200.112.4.188 - - [11/Jan/2018:10:27:37 -0300] "GET /cormun/static/Resources/PXToolsFooterBackground2.png HTTP/1.1" 200 1172
200.112.4.188 - - [11/Jan/2018:10:27:37 -0300] "GET /cormun/static/Resources/PXToolsHeaderBackground2.png HTTP/1.1" 200 1174
200.112.4.188 - - [11/Jan/2018:10:27:37 -0300] "GET /cormun/static/Resources/PXToolsDataTitle.png HTTP/1.1" 200 1173
200.112.4.188 - - [11/Jan/2018:10:27:37 -0300] "GET /cormun/static/Resources/PXToolsHeaderActionsBackground.png HTTP/1.1" 200 484
200.112.4.188 - - [11/Jan/2018:10:27:37 -0300] "GET /cormun/static/Resources/PXToolsHeaderActionsRight.png HTTP/1.1" 200 1201
200.112.4.188 - - [11/Jan/2018:10:27:37 -0300] "GET /cormun/static/Resources/PXToolsHeaderActionsLeft.png HTTP/1.1" 200 1118
200.112.4.188 - - [11/Jan/2018:10:27:37 -0300] "GET /cormun/static/Resources/PXToolsHeaderHome.png HTTP/1.1" 200 4147
200.112.4.188 - - [11/Jan/2018:10:27:37 -0300] "GET /cormun/static/Resources/PXToolsHeaderLogin.png HTTP/1.1" 200 4279
200.112.4.188 - - [11/Jan/2018:10:27:37 -0300] "GET /cormun/static/Resources/PXToolsHeaderSecurity.png HTTP/1.1" 200 4166
200.112.4.188 - - [11/Jan/2018:10:27:37 -0300] "GET /cormun/static/Resources/logo4.png HTTP/1.1" 200 6582
200.112.4.188 - - [11/Jan/2018:10:27:37 -0300] "GET /cormun/static/hpexe_recentlink.js?20177611595044 HTTP/1.1" 200 2144
200.112.4.188 - - [11/Jan/2018:10:27:37 -0300] "GET /cormun/static/hpexe_scripts.js?201752511465715 HTTP/1.1" 200 1544
200.112.4.188 - - [11/Jan/2018:10:27:37 -0300] "GET /cormun/static/hpexe_messagecontroller.js?20177611595012 HTTP/1.1" 200 870
200.112.4.188 - - [11/Jan/2018:10:27:37 -0300] "GET /cormun/static/hpexe_messagepopupcomponent.js?20161017169425 HTTP/1.1" 200 605
200.112.4.188 - - [11/Jan/2018:10:27:37 -0300] "GET /cormun/static/hpexe_messagegenexuscomponent.js?201752511465344 HTTP/1.1" 200 587
200.112.4.188 - - [11/Jan/2018:10:27:37 -0300] "GET /cormun/static/cmcontrolpreferences.js?201752511465670 HTTP/1.1" 200 1375
200.112.4.188 - - [11/Jan/2018:10:27:37 -0300] "GET /cormun/static/SmoothNavMenu/resources/ddsmoothmenu.js HTTP/1.1" 200 12712
200.112.4.188 - - [11/Jan/2018:10:27:37 -0300] "GET /cormun/static/SmoothNavMenu/resources/SmoothNavMenuRender.js HTTP/1.1" 200 5951
200.112.4.188 - - [11/Jan/2018:10:27:37 -0300] "GET /cormun/static/Shared/jquery/jquery-1.4.2.min.js HTTP/1.1" 200 72174
200.112.4.188 - - [11/Jan/2018:10:27:38 -0300] "GET /cormun/static/scaMessage/js/jquery.pnotify.min.js HTTP/1.1" 200 13038
200.112.4.188 - - [11/Jan/2018:10:27:38 -0300] "GET /cormun/static/scaMessage/scaMessageRender.js HTTP/1.1" 200 11977
200.112.4.188 - - [11/Jan/2018:10:27:38 -0300] "GET /cormun/static/hmpwkw03.js?20177612122668 HTTP/1.1" 200 3965
200.112.4.188 - - [11/Jan/2018:10:27:38 -0300] "GET /cormun/static/Shared/jqueryui/jquery-ui.min.js HTTP/1.1" 200 240427
200.112.4.188 - - [11/Jan/2018:10:27:39 -0300] "GET /cormun/static/Shared/jquery/jquery-1.10.2.min.js HTTP/1.1" 200 273199
186.67.172.234 - - [11/Jan/2018:10:27:39 -0300] "POST /cormun/servlet/trautorizarsolicitud?6a45060ea41b8c4e5adc1453320c42a0,gx-no-cache=1515677217977 HTTP/1.1" 200 12354
200.112.4.188 - - [11/Jan/2018:10:27:40 -0300] "GET /cormun/static/Shared/ext/ext-all.js HTTP/1.1" 200 1289687
200.112.4.188 - - [11/Jan/2018:10:27:40 -0300] "GET /cormun/servlet/hhome HTTP/1.1" 200 3982
200.112.4.188 - - [11/Jan/2018:10:27:40 -0300] "GET /cormun/static/SmoothNavMenu/resources/images/down.gif HTTP/1.1" 200 854
186.67.172.234 - - [11/Jan/2018:10:27:43 -0300] "POST /cormun/servlet/trautorizarsolicitud?6a45060ea41b8c4e5adc1453320c42a0,gx-no-cache=1515677221865 HTTP/1.1" 200 12295
186.67.172.234 - - [11/Jan/2018:10:27:46 -0300] "POST /cormun/servlet/trautorizarsolicitud?6a45060ea41b8c4e5adc1453320c42a0,gx-no-cache=1515677224929 HTTP/1.1" 200 11988
186.67.172.234 - - [11/Jan/2018:10:27:50 -0300] "POST /cormun/servlet/trautorizarsolicitud?6a45060ea41b8c4e5adc1453320c42a0,gx-no-cache=1515677228775 HTTP/1.1" 200 11930
186.67.172.234 - - [11/Jan/2018:10:27:54 -0300] "POST /cormun/servlet/trautorizarsolicitud?6a45060ea41b8c4e5adc1453320c42a0,gx-no-cache=1515677233113 HTTP/1.1" 200 11734
186.67.172.234 - - [11/Jan/2018:10:27:58 -0300] "POST /cormun/servlet/trautorizarsolicitud?6a45060ea41b8c4e5adc1453320c42a0,gx-no-cache=1515677236757 HTTP/1.1" 200 11674
186.67.172.234 - - [11/Jan/2018:10:28:06 -0300] "POST /cormun/servlet/trautorizarsolicitud?6a45060ea41b8c4e5adc1453320c42a0,gx-no-cache=1515677244497 HTTP/1.1" 200 11325
186.67.172.234 - - [11/Jan/2018:10:28:09 -0300] "POST /cormun/servlet/trautorizarsolicitud?6a45060ea41b8c4e5adc1453320c42a0,gx-no-cache=1515677248058 HTTP/1.1" 200 11268
186.67.172.234 - - [11/Jan/2018:10:28:13 -0300] "POST /cormun/servlet/trautorizarsolicitud?6a45060ea41b8c4e5adc1453320c42a0,gx-no-cache=1515677251825 HTTP/1.1" 200 11029
186.67.172.234 - - [11/Jan/2018:10:28:16 -0300] "POST /cormun/servlet/trautorizarsolicitud?6a45060ea41b8c4e5adc1453320c42a0,gx-no-cache=1515677255284 HTTP/1.1" 200 10972
186.103.159.44 - - [11/Jan/2018:10:28:22 -0300] "POST /cormun/servlet/solicitudot?gx-no-cache=1515677263064 HTTP/1.1" 200 43
186.67.172.234 - - [11/Jan/2018:10:28:22 -0300] "POST /cormun/servlet/trautorizarsolicitud?6a45060ea41b8c4e5adc1453320c42a0,gx-no-cache=1515677261257 HTTP/1.1" 200 10659
186.103.159.44 - - [11/Jan/2018:10:28:24 -0300] "POST /cormun/servlet/solicitudot?gx-no-cache=1515677264331 HTTP/1.1" 200 255
186.67.172.234 - - [11/Jan/2018:10:28:26 -0300] "POST /cormun/servlet/trautorizarsolicitud?6a45060ea41b8c4e5adc1453320c42a0,gx-no-cache=1515677264554 HTTP/1.1" 200 10602
186.103.159.44 - - [11/Jan/2018:10:28:26 -0300] "GET /cormun/servlet/solicitudot?93f5696ec6af881851328fe3ede9ab9aca178af43d1cb26f41301a94ab398fcae16a50620a9e56e52c4599413cc548ac9fa7114163a8dcb9d6f0ae5cc649eb6d06021dc8c0909d2873336f4766f517396e00b0e497829e810b4e23e219a1b793600802f6a441845f1459692f352738711e3044006bda95eb7703312891e587ec6e4bdaff2d8efdd3c7e6c08920ca6d4e84f69498e9b45028094e1fa01c6142a22c3db5dafe86d76a5d0a424bb4b61e6758bf7ef69fe05f4685ce04666d6294fffc8ea7afafaf6176adbcc2cd4fb6cd3bcf42f6c0fa19e9d7884afaadfd9e92630d6bf05bed45f917466ba90f6a2f42f96ed72287f1a22741013c3523bcca41f2dc727155fc5a866893dae2f83b783b5889ef3917a3eb2d140a553eebf4340a2abfb5016d04ad9dd360b8f858953a3fde6e49610b7637176d7ab5830426f480a51c6544c3732a59a34d5aa47046a5447a7b55452e68f5eb02eab4a16ce7fe1e7fca502636db432b557bb5134f3d9b22addc71600080094cc8d5b702185664d3a5,gx-no-cache=1515677266300 HTTP/1.1" 200 30
200.112.4.188 - - [11/Jan/2018:10:28:26 -0300] "GET /cormun/servlet/trsolicitudot? HTTP/1.1" 200 6373
200.112.4.188 - - [11/Jan/2018:10:28:27 -0300] "GET /cormun/servlet/trsolicitudot? HTTP/1.1" 200 6373
200.112.4.188 - - [11/Jan/2018:10:28:27 -0300] "GET /cormun/servlet/hlogin HTTP/1.1" 200 1736
186.103.159.44 - - [11/Jan/2018:10:28:29 -0300] "POST /cormun/servlet/solicitudot?gx-no-cache=1515677269978 HTTP/1.1" 200 30
200.112.4.188 - - [11/Jan/2018:10:28:31 -0300] "POST /cormun/servlet/hlogin?b781b9151e9c01b78afe6b0a837dd83d,gx-no-cache=1515677274656 HTTP/1.1" 200 90
200.112.4.188 - - [11/Jan/2018:10:28:31 -0300] "GET /cormun/servlet/hpexe_link HTTP/1.1" 200 954
200.112.4.188 - - [11/Jan/2018:10:28:32 -0300] "GET /cormun/servlet/trsolicitudot HTTP/1.1" 200 24175
186.67.172.234 - - [11/Jan/2018:10:28:32 -0300] "POST /cormun/servlet/trautorizarsolicitud?6a45060ea41b8c4e5adc1453320c42a0,gx-no-cache=1515677271081 HTTP/1.1" 200 10423
200.112.4.188 - - [11/Jan/2018:10:28:33 -0300] "GET /cormun/servlet/trsolicitudot HTTP/1.1" 200 24173
186.67.172.234 - - [11/Jan/2018:10:28:35 -0300] "POST /cormun/servlet/trautorizarsolicitud?6a45060ea41b8c4e5adc1453320c42a0,gx-no-cache=1515677274249 HTTP/1.1" 200 10366
200.112.4.188 - - [11/Jan/2018:10:28:37 -0300] "GET /cormun/servlet/solicitudot?INS,0,0, HTTP/1.1" 200 13919
200.112.4.188 - - [11/Jan/2018:10:28:38 -0300] "GET /cormun/servlet/solicitudot?INS,0,0, HTTP/1.1" 200 13924
186.67.172.234 - - [11/Jan/2018:10:28:39 -0300] "POST /cormun/servlet/trautorizarsolicitud?6a45060ea41b8c4e5adc1453320c42a0,gx-no-cache=1515677277760 HTTP/1.1" 200 10050
186.103.159.44 - - [11/Jan/2018:10:28:41 -0300] "POST /cormun/servlet/solicitudot?gx-no-cache=1515677281866 HTTP/1.1" 200 1353
186.103.159.44 - - [11/Jan/2018:10:28:41 -0300] "POST /cormun/servlet/solicitudot?gx-no-cache=1515677282049 HTTP/1.1" 200 38
186.67.172.234 - - [11/Jan/2018:10:28:42 -0300] "POST /cormun/servlet/trautorizarsolicitud?6a45060ea41b8c4e5adc1453320c42a0,gx-no-cache=1515677280775 HTTP/1.1" 200 9992
186.67.172.234 - - [11/Jan/2018:10:28:45 -0300] "POST /cormun/servlet/trautorizarsolicitud?6a45060ea41b8c4e5adc1453320c42a0,gx-no-cache=1515677283384 HTTP/1.1" 200 9771
200.112.4.188 - - [11/Jan/2018:10:28:46 -0300] "GET /cormun/servlet/prfichaempleado?,MD,,gxPopupLevel%3D0%3B HTTP/1.1" 200 9334
186.67.172.234 - - [11/Jan/2018:10:28:47 -0300] "POST /cormun/servlet/trautorizarsolicitud?6a45060ea41b8c4e5adc1453320c42a0,gx-no-cache=1515677286291 HTTP/1.1" 200 9714
186.67.172.234 - - [11/Jan/2018:10:29:00 -0300] "POST /cormun/servlet/trautorizarsolicitud?6a45060ea41b8c4e5adc1453320c42a0,gx-no-cache=1515677298392 HTTP/1.1" 200 9295
186.103.159.44 - - [11/Jan/2018:10:29:02 -0300] "GET /cormun/servlet/solicitudot?93f5696ec6af881851328fe3ede9ab9a90414a9b43bae076af6ede11eb22171c6968e75b038fc69df4b5228a1baade1d0a1c77f7d1c3a2d06137c0718d2be0595f982d281fafff19880e51018b423e2b0c76bc7aa8d2faeea73b04433751910f0eaf9a1fa0f05350bec69b322d48ab24,gx-no-cache=1515677301929 HTTP/1.1" 200 29
186.103.159.44 - - [11/Jan/2018:10:29:02 -0300] "POST /cormun/servlet/solicitudot?gx-no-cache=1515677302462 HTTP/1.1" 200 219
186.103.159.44 - - [11/Jan/2018:10:29:02 -0300] "GET /cormun/servlet/solicitudot?93f5696ec6af881851328fe3ede9ab9a69dde240a495f9dd20956b2972380152a8614c50d0fcf39cb75798b25dc413488538cfa1a7f9eac7b9d853e7f2580eb73539f9e1548c46ac910285ac94355696da935aa79ce66eea9157b044bdd29cb96968e75b038fc69df4b5228a1baade1dc1a11adf7d1f965e78942db374f08cf7370ae16fbe0b338a181b06704fda282a,gx-no-cache=1515677302549 HTTP/1.1" 200 55
186.67.172.234 - - [11/Jan/2018:10:29:02 -0300] "POST /cormun/servlet/trautorizarsolicitud?6a45060ea41b8c4e5adc1453320c42a0,gx-no-cache=1515677301141 HTTP/1.1" 200 9237
186.103.159.44 - - [11/Jan/2018:10:29:04 -0300] "GET /cormun/static/menuarrow.gif HTTP/1.1" 404 1015
200.112.4.188 - - [11/Jan/2018:10:29:08 -0300] "POST /cormun/servlet/prfichaempleado?b781b9151e9c01b78afe6b0a837dd83d,,MD,,gxPopupLevel%3D0%3B,gx-no-cache=1515677311217 HTTP/1.1" 200 3475
186.67.172.234 - - [11/Jan/2018:10:29:09 -0300] "POST /cormun/servlet/trautorizarsolicitud?6a45060ea41b8c4e5adc1453320c42a0,gx-no-cache=1515677307544 HTTP/1.1" 200 9055
186.67.172.234 - - [11/Jan/2018:10:29:11 -0300] "POST /cormun/servlet/trautorizarsolicitud?6a45060ea41b8c4e5adc1453320c42a0,gx-no-cache=1515677310140 HTTP/1.1" 200 9001
200.112.4.188 - - [11/Jan/2018:10:29:14 -0300] "POST /cormun/servlet/solicitudot?gx-no-cache=1515677317483 HTTP/1.1" 200 3823
200.112.4.188 - - [11/Jan/2018:10:29:15 -0300] "POST /cormun/servlet/solicitudot?b781b9151e9c01b78afe6b0a837dd83d,INS,0,0,,gx-no-cache=1515677317938 HTTP/1.1" 200 10788
200.112.4.188 - - [11/Jan/2018:10:29:15 -0300] "GET /cormun/servlet/solicitudot?6225526e56ffba6d1bc40d56d70cfe8d215b4a0dee004acd4c4f091f7ad3327db4d5b1c8092e206e985406646ca3dcf7,gx-no-cache=1515677318471 HTTP/1.1" 200 30
186.103.159.44 - - [11/Jan/2018:10:29:16 -0300] "GET /cormun/servlet/solicitudot?93f5696ec6af881851328fe3ede9ab9aaee2238c4587c2a67663cdb450ef84643e2af2b1eb7fa8d2cb5a99401a42f343,gx-no-cache=1515677317064 HTTP/1.1" 200 30
186.67.172.234 - - [11/Jan/2018:10:29:21 -0300] "POST /cormun/servlet/trautorizarsolicitud?6a45060ea41b8c4e5adc1453320c42a0,gx-no-cache=1515677319392 HTTP/1.1" 200 8688
186.67.172.234 - - [11/Jan/2018:10:29:23 -0300] "POST /cormun/servlet/trautorizarsolicitud?6a45060ea41b8c4e5adc1453320c42a0,gx-no-cache=1515677321790 HTTP/1.1" 200 8624
186.67.172.234 - - [11/Jan/2018:10:29:27 -0300] "POST /cormun/servlet/trautorizarsolicitud?6a45060ea41b8c4e5adc1453320c42a0,gx-no-cache=1515677325200 HTTP/1.1" 200 8409
186.67.172.234 - - [11/Jan/2018:10:29:29 -0300] "POST /cormun/servlet/trautorizarsolicitud?6a45060ea41b8c4e5adc1453320c42a0,gx-no-cache=1515677327846 HTTP/1.1" 200 8346
186.67.172.234 - - [11/Jan/2018:10:29:32 -0300] "POST /cormun/servlet/trautorizarsolicitud?6a45060ea41b8c4e5adc1453320c42a0,gx-no-cache=1515677330640 HTTP/1.1" 200 8022
200.112.4.188 - - [11/Jan/2018:10:29:33 -0300] "GET /cormun/servlet/solicitudot?INS,0,0, HTTP/1.1" 200 13919
200.112.4.188 - - [11/Jan/2018:10:29:34 -0300] "GET /cormun/servlet/solicitudot?INS,0,0, HTTP/1.1" 200 13924
200.112.4.188 - - [11/Jan/2018:10:29:34 -0300] "GET /favicon.ico HTTP/1.1" 200 21630
186.67.172.234 - - [11/Jan/2018:10:29:34 -0300] "POST /cormun/servlet/trautorizarsolicitud?6a45060ea41b8c4e5adc1453320c42a0,gx-no-cache=1515677332791 HTTP/1.1" 200 7968
186.67.172.234 - - [11/Jan/2018:10:29:37 -0300] "POST /cormun/servlet/trautorizarsolicitud?6a45060ea41b8c4e5adc1453320c42a0,gx-no-cache=1515677335456 HTTP/1.1" 200 7759
200.112.4.188 - - [11/Jan/2018:10:29:37 -0300] "GET /cormun/servlet/prfichaempleado?,MD,,gxPopupLevel%3D0%3B HTTP/1.1" 200 9334
186.67.172.234 - - [11/Jan/2018:10:29:38 -0300] "POST /cormun/servlet/trautorizarsolicitud?6a45060ea41b8c4e5adc1453320c42a0,gx-no-cache=1515677337369 HTTP/1.1" 200 7704
186.67.172.234 - - [11/Jan/2018:10:29:41 -0300] "POST /cormun/servlet/trautorizarsolicitud?6a45060ea41b8c4e5adc1453320c42a0,gx-no-cache=1515677339760 HTTP/1.1" 200 7379
186.103.159.189 - - [11/Jan/2018:10:29:41 -0300] "GET /cormun/servlet/hlogin HTTP/1.1" 200 1722
186.67.172.234 - - [11/Jan/2018:10:29:43 -0300] "POST /cormun/servlet/trautorizarsolicitud?6a45060ea41b8c4e5adc1453320c42a0,gx-no-cache=1515677341544 HTTP/1.1" 200 7322
186.103.159.44 - - [11/Jan/2018:10:29:45 -0300] "POST /cormun/servlet/solicitudot?gx-no-cache=1515677345315 HTTP/1.1" 200 30
186.67.172.234 - - [11/Jan/2018:10:29:45 -0300] "POST /cormun/servlet/trautorizarsolicitud?6a45060ea41b8c4e5adc1453320c42a0,gx-no-cache=1515677343736 HTTP/1.1" 200 7090
186.67.172.234 - - [11/Jan/2018:10:29:46 -0300] "POST /cormun/servlet/trautorizarsolicitud?6a45060ea41b8c4e5adc1453320c42a0,gx-no-cache=1515677345263 HTTP/1.1" 200 7034
186.67.172.234 - - [11/Jan/2018:10:29:49 -0300] "POST /cormun/servlet/trautorizarsolicitud?6a45060ea41b8c4e5adc1453320c42a0,gx-no-cache=1515677347528 HTTP/1.1" 200 6697
186.67.172.234 - - [11/Jan/2018:10:29:50 -0300] "POST /cormun/servlet/trautorizarsolicitud?6a45060ea41b8c4e5adc1453320c42a0,gx-no-cache=1515677348858 HTTP/1.1" 200 6643
200.112.4.188 - - [11/Jan/2018:10:29:51 -0300] "POST /cormun/servlet/prfichaempleado?b781b9151e9c01b78afe6b0a837dd83d,,MD,,gxPopupLevel%3D0%3B,gx-no-cache=1515677353900 HTTP/1.1" 200 3475
192.168.10.89 - - [11/Jan/2018:10:29:55 -0300] "GET /cormun/servlet/hlogin HTTP/1.1" 200 1744
186.67.172.234 - - [11/Jan/2018:10:29:56 -0300] "POST /cormun/servlet/trautorizarsolicitud?6a45060ea41b8c4e5adc1453320c42a0,gx-no-cache=1515677354432 HTTP/1.1" 200 6443
200.112.4.188 - - [11/Jan/2018:10:29:56 -0300] "POST /cormun/servlet/solicitudot?gx-no-cache=1515677359429 HTTP/1.1" 200 3823
186.67.172.234 - - [11/Jan/2018:10:29:57 -0300] "POST /cormun/servlet/trautorizarsolicitud?6a45060ea41b8c4e5adc1453320c42a0,gx-no-cache=1515677355563 HTTP/1.1" 200 6388
200.112.4.188 - - [11/Jan/2018:10:29:57 -0300] "POST /cormun/servlet/solicitudot?b781b9151e9c01b78afe6b0a837dd83d,INS,0,0,,gx-no-cache=1515677359907 HTTP/1.1" 200 10788
200.112.4.188 - - [11/Jan/2018:10:29:57 -0300] "GET /cormun/servlet/solicitudot?6225526e56ffba6d1bc40d56d70cfe8d215b4a0dee004acd4c4f091f7ad3327db4d5b1c8092e206e985406646ca3dcf7,gx-no-cache=1515677360486 HTTP/1.1" 200 30
186.67.172.234 - - [11/Jan/2018:10:30:00 -0300] "POST /cormun/servlet/trautorizarsolicitud?6a45060ea41b8c4e5adc1453320c42a0,gx-no-cache=1515677358904 HTTP/1.1" 200 6092
186.103.159.189 - - [11/Jan/2018:10:30:01 -0300] "POST /cormun/servlet/hlogin?d134df0372c1084e85d48c640caa470d,gx-no-cache=1515680958439 HTTP/1.1" 200 90
186.103.159.189 - - [11/Jan/2018:10:30:01 -0300] "GET /cormun/servlet/hpexe_link HTTP/1.1" 200 954
186.67.172.234 - - [11/Jan/2018:10:30:01 -0300] "POST /cormun/servlet/trautorizarsolicitud?6a45060ea41b8c4e5adc1453320c42a0,gx-no-cache=1515677359820 HTTP/1.1" 200 6038
186.103.159.189 - - [11/Jan/2018:10:30:01 -0300] "GET /cormun/servlet/hhome HTTP/1.1" 200 4183
186.103.159.189 - - [11/Jan/2018:10:30:03 -0300] "GET /cormun/servlet/hhome HTTP/1.1" 200 4179
186.67.172.234 - - [11/Jan/2018:10:30:03 -0300] "POST /cormun/servlet/trautorizarsolicitud?6a45060ea41b8c4e5adc1453320c42a0,gx-no-cache=1515677361903 HTTP/1.1" 200 5789
186.67.172.234 - - [11/Jan/2018:10:30:04 -0300] "POST /cormun/servlet/trautorizarsolicitud?6a45060ea41b8c4e5adc1453320c42a0,gx-no-cache=1515677362614 HTTP/1.1" 200 5734
186.67.172.234 - - [11/Jan/2018:10:30:05 -0300] "POST /cormun/servlet/trautorizarsolicitud?6a45060ea41b8c4e5adc1453320c42a0,gx-no-cache=1515677364264 HTTP/1.1" 200 4591
186.67.172.234 - - [11/Jan/2018:10:30:06 -0300] "POST /cormun/servlet/trautorizarsolicitud?6a45060ea41b8c4e5adc1453320c42a0,gx-no-cache=1515677364762 HTTP/1.1" 200 4383
192.168.10.89 - - [11/Jan/2018:10:30:06 -0300] "POST /cormun/servlet/hlogin?ba1d55ff8319d50cbc3b07e07629f462,gx-no-cache=1515677266174 HTTP/1.1" 200 90
192.168.10.89 - - [11/Jan/2018:10:30:06 -0300] "GET /cormun/servlet/hpexe_link HTTP/1.1" 200 954
192.168.10.89 - - [11/Jan/2018:10:30:06 -0300] "GET /cormun/servlet/hhome HTTP/1.1" 200 4126
192.168.10.89 - - [11/Jan/2018:10:30:09 -0300] "GET /cormun/servlet/trsolicitudot? HTTP/1.1" 200 12955
186.103.159.44 - - [11/Jan/2018:10:30:15 -0300] "POST /cormun/servlet/solicitudot?7680f75a9c3e26756cadc1e4993d38b7,INS,0,0,,gx-no-cache=1515677375939 HTTP/1.1" 200 93
186.103.159.44 - - [11/Jan/2018:10:30:16 -0300] "GET /cormun/servlet/hpexe_return? HTTP/1.1" 200 1007
192.168.10.89 - - [11/Jan/2018:10:30:16 -0300] "POST /cormun/servlet/trsolicitudot?ba1d55ff8319d50cbc3b07e07629f462,,gx-no-cache=1515677276048 HTTP/1.1" 200 106
186.103.159.44 - - [11/Jan/2018:10:30:16 -0300] "GET /cormun/servlet/trsolicitudot HTTP/1.1" 200 13283
192.168.10.89 - - [11/Jan/2018:10:30:16 -0300] "GET /cormun/servlet/solicitudot?UPD,2018,8599, HTTP/1.1" 200 14654
192.168.10.89 - - [11/Jan/2018:10:30:17 -0300] "POST /cormun/servlet/solicitudot?gx-no-cache=1515677277315 HTTP/1.1" 200 3810
192.168.10.89 - - [11/Jan/2018:10:30:17 -0300] "POST /cormun/servlet/solicitudot?ba1d55ff8319d50cbc3b07e07629f462,UPD,2018,8599,,gx-no-cache=1515677277499 HTTP/1.1" 200 11144
192.168.10.89 - - [11/Jan/2018:10:30:18 -0300] "GET /cormun/servlet/solicitudot?e496c7fda9feabc0855453d7ce7e0c377f5b26f97d967ea8bee8822a09c2dcf9fd4d68928a6ac60c9f258b8e6291525e,gx-no-cache=1515677277712 HTTP/1.1" 200 30
192.168.10.89 - - [11/Jan/2018:10:30:18 -0300] "POST /cormun/servlet/solicitudot?gx-no-cache=1515677277763 HTTP/1.1" 200 43
192.168.10.89 - - [11/Jan/2018:10:30:18 -0300] "POST /cormun/servlet/solicitudot?gx-no-cache=1515677277785 HTTP/1.1" 200 256
192.168.10.89 - - [11/Jan/2018:10:30:18 -0300] "GET /cormun/servlet/solicitudot?e496c7fda9feabc0855453d7ce7e0c37c1250e0b35deafb9c2d7c83856ff91c60db21f38b46fcaaa71d679cdd08bad23414a0278871cf6c872583582be603536f415346395172064b44b4acc81c42574016a856489d7ff76dbb9e5fa38d2373f1d5a115975f3bbf5717cacddba3cb0c9d9ad0760310d5cf0fcf1f43754bb2da35e14acb8673c5cc44ceb49b7e28516156a2b26392e9a914700c0cb62fed63a77637a6453a7d1af322ed22b1eda56c40a543c253a7b341ba01fb262b1ab42e226989e79e3636da876c5ea38d04c17d2ebe008c81593bf9be2687dbf877aaf0ab3350c87c21f924bd3c756dbc0441b6517bd6b1b81446c533892a8cc44fcdb7a22ff0813f1e496cda2e658b7e829e11e2fcf73bcf8da7687d7afbb4076fcb137634334935c748183e14df0d83e940af08a5320e36c063d51bf3fa9fbca4bec14dc0ca649634980c1c4b0be3ff5230dae7434820205d0689be90aec1bdd1280fa528ed243b7bbce4bd7876e450dcb53db588542419835c221b888240fbe45cd4423,gx-no-cache=1515677277808 HTTP/1.1" 200 30
192.168.10.89 - - [11/Jan/2018:10:30:18 -0300] "POST /cormun/servlet/solicitudot?gx-no-cache=1515677277828 HTTP/1.1" 200 30
192.168.10.89 - - [11/Jan/2018:10:30:18 -0300] "POST /cormun/servlet/solicitudot?gx-no-cache=1515677277865 HTTP/1.1" 200 231
192.168.10.89 - - [11/Jan/2018:10:30:18 -0300] "POST /cormun/servlet/solicitudot?gx-no-cache=1515677277907 HTTP/1.1" 200 41
186.67.172.234 - - [11/Jan/2018:10:30:19 -0300] "GET /cormun/servlet/trsolicitudot? HTTP/1.1" 200 9502
186.67.172.234 - - [11/Jan/2018:10:30:20 -0300] "GET /cormun/servlet/trsolicitudot? HTTP/1.1" 200 9501
186.103.159.189 - - [11/Jan/2018:10:30:21 -0300] "GET /cormun/servlet/trsolicitudot? HTTP/1.1" 200 7399
186.103.159.189 - - [11/Jan/2018:10:30:21 -0300] "GET /cormun/static/gxui/gxui-all.css?120300 HTTP/1.1" 200 2179
186.103.159.189 - - [11/Jan/2018:10:30:21 -0300] "GET /cormun/static/gxcfg.js?2017111422585916 HTTP/1.1" 200 953
186.103.159.189 - - [11/Jan/2018:10:30:21 -0300] "GET /cormun/static/trsolicitudot.js?201711142259839 HTTP/1.1" 200 54041
186.103.159.189 - - [11/Jan/2018:10:30:22 -0300] "GET /cormun/static/Resources/PXToolsActionExcel.png HTTP/1.1" 200 3187
186.103.159.189 - - [11/Jan/2018:10:30:22 -0300] "GET /cormun/static/Shared/ext/resources/css/ext-all.css?215870 HTTP/1.1" 200 416045
186.103.159.189 - - [11/Jan/2018:10:30:22 -0300] "GET /cormun/static/Resources/PXToolsGridNew.png HTTP/1.1" 200 2949
192.168.10.89 - - [11/Jan/2018:10:30:22 -0300] "GET /cormun/servlet/solicitudot?e496c7fda9feabc0855453d7ce7e0c3710c259e4c9e174c022bf711f46aaabb47eae64ef116a4172f92859f5006b2995c0eb1406a156a1de61539771cb65d01e1008aaf433ee1fd46e5285a2adf2339ec3342c36e15991eda00cebef598710cdf36e4d41820d6315879bf5f403fb2e2dfcd51094619d309f26e0f10a5f7561bc59536b70b7ff37e599cced4064cf1d0ecfb24e3655e8f90e47566639fc5126d6,gx-no-cache=1515677282566 HTTP/1.1" 200 29
192.168.10.89 - - [11/Jan/2018:10:30:22 -0300] "POST /cormun/servlet/solicitudot?gx-no-cache=1515677282593 HTTP/1.1" 200 217
192.168.10.89 - - [11/Jan/2018:10:30:22 -0300] "GET /cormun/servlet/solicitudot?e496c7fda9feabc0855453d7ce7e0c37a27d4842c1331bddff44e784324f3efcc8d4458917e6f557acfcc12105e6ba55ff0813f1e496cda2e658b7e829e11e2f1914846651f05efc08bcd02f80e9078f0225c571ee5f2cd92d48ff4182587e88ed5b435603d6da504352d29c8603cded9dcee0127e3ed2773cd3399bcd314f00776267e50080e9034ce37cd8ccd3d429c77e41b9a05493e1b23aa3eb83c19d1c,gx-no-cache=1515677282625 HTTP/1.1" 200 55
186.103.159.189 - - [11/Jan/2018:10:30:23 -0300] "GET /cormun/servlet/trsolicitudot? HTTP/1.1" 200 7398
186.67.172.234 - - [11/Jan/2018:10:30:28 -0300] "POST /cormun/servlet/trsolicitudot?6a45060ea41b8c4e5adc1453320c42a0,,gx-no-cache=1515677386996 HTTP/1.1" 200 6168
186.67.172.234 - - [11/Jan/2018:10:30:28 -0300] "POST /cormun/servlet/trsolicitudot?6a45060ea41b8c4e5adc1453320c42a0,,gx-no-cache=1515677387219 HTTP/1.1" 200 6148
186.67.172.234 - - [11/Jan/2018:10:30:31 -0300] "POST /cormun/servlet/trsolicitudot?6a45060ea41b8c4e5adc1453320c42a0,,gx-no-cache=1515677389776 HTTP/1.1" 200 5871
186.67.172.234 - - [11/Jan/2018:10:30:31 -0300] "POST /cormun/servlet/trsolicitudot?6a45060ea41b8c4e5adc1453320c42a0,,gx-no-cache=1515677390000 HTTP/1.1" 200 5849
186.67.172.234 - - [11/Jan/2018:10:30:33 -0300] "POST /cormun/servlet/trsolicitudot?6a45060ea41b8c4e5adc1453320c42a0,,gx-no-cache=1515677391736 HTTP/1.1" 200 4655
186.67.172.234 - - [11/Jan/2018:10:30:33 -0300] "POST /cormun/servlet/trsolicitudot?6a45060ea41b8c4e5adc1453320c42a0,,gx-no-cache=1515677391951 HTTP/1.1" 200 4462
186.103.159.189 - - [11/Jan/2018:10:30:33 -0300] "POST /cormun/servlet/trsolicitudot?d134df0372c1084e85d48c640caa470d,,gx-no-cache=1515680990523 HTTP/1.1" 200 4486
192.168.10.89 - - [11/Jan/2018:10:30:34 -0300] "POST /cormun/servlet/solicitudot?ba1d55ff8319d50cbc3b07e07629f462,UPD,2018,8599,,gx-no-cache=1515677293874 HTTP/1.1" 200 93
192.168.10.89 - - [11/Jan/2018:10:30:34 -0300] "GET /cormun/servlet/hpexe_return? HTTP/1.1" 200 1016
192.168.10.89 - - [11/Jan/2018:10:30:34 -0300] "GET /cormun/servlet/trsolicitudot HTTP/1.1" 200 13276
186.67.172.234 - - [11/Jan/2018:10:30:36 -0300] "GET /cormun/servlet/trsolicitudot? HTTP/1.1" 200 7441
186.67.172.234 - - [11/Jan/2018:10:30:36 -0300] "GET /cormun/servlet/trsolicitudot? HTTP/1.1" 200 7441
186.67.172.234 - - [11/Jan/2018:10:30:38 -0300] "GET /cormun/servlet/solicitudot?INS,0,0, HTTP/1.1" 200 14145
186.67.172.234 - - [11/Jan/2018:10:30:39 -0300] "GET /cormun/servlet/solicitudot?INS,0,0, HTTP/1.1" 200 14150
192.168.10.89 - - [11/Jan/2018:10:30:41 -0300] "POST /cormun/servlet/trsolicitudot?ba1d55ff8319d50cbc3b07e07629f462,gx-no-cache=1515677300689 HTTP/1.1" 200 106
192.168.10.89 - - [11/Jan/2018:10:30:41 -0300] "GET /cormun/servlet/solicitudot?UPD,2018,8597, HTTP/1.1" 200 14640
192.168.10.89 - - [11/Jan/2018:10:30:42 -0300] "POST /cormun/servlet/solicitudot?gx-no-cache=1515677301909 HTTP/1.1" 200 3810
192.168.10.89 - - [11/Jan/2018:10:30:42 -0300] "POST /cormun/servlet/solicitudot?ba1d55ff8319d50cbc3b07e07629f462,UPD,2018,8597,,gx-no-cache=1515677302085 HTTP/1.1" 200 11135
192.168.10.89 - - [11/Jan/2018:10:30:42 -0300] "GET /cormun/servlet/solicitudot?e496c7fda9feabc0855453d7ce7e0c377f5b26f97d967ea8bee8822a09c2dcf9fd4d68928a6ac60c9f258b8e6291525e,gx-no-cache=1515677302314 HTTP/1.1" 200 30
192.168.10.89 - - [11/Jan/2018:10:30:42 -0300] "POST /cormun/servlet/solicitudot?gx-no-cache=1515677302365 HTTP/1.1" 200 43
192.168.10.89 - - [11/Jan/2018:10:30:42 -0300] "POST /cormun/servlet/solicitudot?gx-no-cache=1515677302385 HTTP/1.1" 200 254
192.168.10.89 - - [11/Jan/2018:10:30:42 -0300] "GET /cormun/servlet/solicitudot?e496c7fda9feabc0855453d7ce7e0c37c1250e0b35deafb9c2d7c83856ff91c60db21f38b46fcaaa71d679cdd08bad23414a0278871cf6c872583582be603536f415346395172064b44b4acc81c42574016a856489d7ff76dbb9e5fa38d2373f1d5a115975f3bbf5717cacddba3cb0c9d9ad0760310d5cf0fcf1f43754bb2da35e14acb8673c5cc44ceb49b7e28516156a2b26392e9a914700c0cb62fed63a77637a6453a7d1af322ed22b1eda56c40a543c253a7b341ba01fb262b1ab42e226989e79e3636da876c5ea38d04c17d2ebe008c81593bf9be2687dbf877aaf0ab3350c87c21f924bd3c756dbc0441b6517bd6b1b81446c533892a8cc44fcdb7a22ff0813f1e496cda2e658b7e829e11e2fcf73bcf8da7687d7afbb4076fcb137634334935c748183e14df0d83e940af08a5320e36c063d51bf3fa9fbca4bec14dc0ca649634980c1c4b0be3ff5230dae7434820205d0689be90aec1bdd1280fa528ed243b7bbce4bd7876e450dcb53db588542419835c221b888240fbe45cd4423,gx-no-cache=1515677302407 HTTP/1.1" 200 30
192.168.10.89 - - [11/Jan/2018:10:30:42 -0300] "POST /cormun/servlet/solicitudot?gx-no-cache=1515677302429 HTTP/1.1" 200 30
192.168.10.89 - - [11/Jan/2018:10:30:42 -0300] "POST /cormun/servlet/solicitudot?gx-no-cache=1515677302474 HTTP/1.1" 200 231
192.168.10.89 - - [11/Jan/2018:10:30:42 -0300] "POST /cormun/servlet/solicitudot?gx-no-cache=1515677302510 HTTP/1.1" 200 41
186.103.157.246 - - [11/Jan/2018:10:30:43 -0300] "POST /cormun/servlet/solicitudotcontratos?1f55de11b821978a7feb820cebb20c07,INS,2018,0,17287037,6,6,2017,6020,LEY+SEP,201711,2,*,,gx-no-cache=1515677403944 HTTP/1.1" 200 93
186.103.157.246 - - [11/Jan/2018:10:30:43 -0300] "GET /cormun/servlet/hpexe_return? HTTP/1.1" 200 1044
186.103.157.246 - - [11/Jan/2018:10:30:43 -0300] "GET /cormun/servlet/trcontratosolicitud HTTP/1.1" 200 14942
186.103.157.246 - - [11/Jan/2018:10:30:44 -0300] "GET /cormun/servlet/trcontratosolicitud HTTP/1.1" 200 14951
186.67.172.234 - - [11/Jan/2018:10:30:49 -0300] "POST /cormun/servlet/solicitudot?gx-no-cache=1515677407836 HTTP/1.1" 200 3749
186.103.159.189 - - [11/Jan/2018:10:30:49 -0300] "POST /cormun/servlet/trsolicitudot?d134df0372c1084e85d48c640caa470d,,gx-no-cache=1515681006708 HTTP/1.1" 200 4485
186.67.172.234 - - [11/Jan/2018:10:30:49 -0300] "POST /cormun/servlet/solicitudot?6a45060ea41b8c4e5adc1453320c42a0,INS,0,0,,gx-no-cache=1515677407962 HTTP/1.1" 200 10898
186.103.159.189 - - [11/Jan/2018:10:30:53 -0300] "GET /cormun/servlet/trsolicitudot? HTTP/1.1" 200 7419
192.168.10.89 - - [11/Jan/2018:10:30:54 -0300] "GET /cormun/servlet/solicitudot?e496c7fda9feabc0855453d7ce7e0c3710c259e4c9e174c022bf711f46aaabb47eae64ef116a4172f92859f5006b2995dd060fde16210b07b0766629706711e21008aaf433ee1fd46e5285a2adf2339ec3342c36e15991eda00cebef598710cdf36e4d41820d6315879bf5f403fb2e2dfcd51094619d309f26e0f10a5f7561bc59536b70b7ff37e599cced4064cf1d0ecfb24e3655e8f90e47566639fc5126d6,gx-no-cache=1515677314326 HTTP/1.1" 200 30
186.103.159.189 - - [11/Jan/2018:10:30:54 -0300] "GET /cormun/servlet/trsolicitudot? HTTP/1.1" 200 7419
186.67.172.234 - - [11/Jan/2018:10:30:55 -0300] "GET /cormun/servlet/solicitudot?100295869f41d54472b7a07752b539a952606bdd3fce771bf0d264c6c5e5bd2ddf11f238177a8e209bbe115182b143a2,gx-no-cache=1515677413639 HTTP/1.1" 200 30
192.168.10.89 - - [11/Jan/2018:10:30:56 -0300] "POST /cormun/servlet/solicitudot?gx-no-cache=1515677315909 HTTP/1.1" 200 217
192.168.10.89 - - [11/Jan/2018:10:30:56 -0300] "GET /cormun/servlet/solicitudot?e496c7fda9feabc0855453d7ce7e0c37a27d4842c1331bddff44e784324f3efcc8d4458917e6f557acfcc12105e6ba55ff0813f1e496cda2e658b7e829e11e2f1914846651f05efc08bcd02f80e9078f0225c571ee5f2cd92d48ff4182587e88ed5b435603d6da504352d29c8603cded9dcee0127e3ed2773cd3399bcd314f00776267e50080e9034ce37cd8ccd3d429c77e41b9a05493e1b23aa3eb83c19d1c,gx-no-cache=1515677315942 HTTP/1.1" 200 55
192.168.10.89 - - [11/Jan/2018:10:30:57 -0300] "GET /cormun/servlet/solicitudot?e496c7fda9feabc0855453d7ce7e0c3773f7acb7bacbcf7518d3cecf70af783ece97eabb284cd34bf2a9fb9ecce9b6db,gx-no-cache=1515677316893 HTTP/1.1" 200 30
192.168.10.89 - - [11/Jan/2018:10:30:57 -0300] "POST /cormun/servlet/solicitudot?gx-no-cache=1515677317202 HTTP/1.1" 200 30
186.103.157.246 - - [11/Jan/2018:10:30:59 -0300] "GET /cormun/servlet/solicitudotcontratos?INS,2018,0,17135149,9,6,2017,5936,LEY+SEP,201711,2,*, HTTP/1.1" 200 9893
186.103.157.246 - - [11/Jan/2018:10:31:00 -0300] "GET /cormun/servlet/solicitudotcontratos?INS,2018,0,17135149,9,6,2017,5936,LEY+SEP,201711,2,*, HTTP/1.1" 200 9928
186.103.157.246 - - [11/Jan/2018:10:31:00 -0300] "GET /cormun/servlet/solicitudotcontratos?6f5416e8acb3c2035c9a1768e29e89576381c6c6bc77f60c31c616ba70ffc8d613935e04b328781b1e7e7aabef059038,gx-no-cache=1515677422459 HTTP/1.1" 200 113
186.103.157.246 - - [11/Jan/2018:10:31:00 -0300] "GET /cormun/static/Shared/jqueryui/images/ui-bg_highlight-soft_100_c6c2c8_1x100.png HTTP/1.1" 404 1117
186.103.157.246 - - [11/Jan/2018:10:31:00 -0300] "GET /cormun/static/Shared/jqueryui/images/ui-icons_82798d_256x240.png HTTP/1.1" 404 1089
186.103.157.246 - - [11/Jan/2018:10:31:00 -0300] "GET /cormun/static/Shared/jqueryui/images/ui-bg_flat_55_994d53_40x100.png HTTP/1.1" 404 1097
186.103.157.246 - - [11/Jan/2018:10:31:00 -0300] "GET /cormun/static/Shared/jqueryui/images/ui-icons_ebccce_256x240.png HTTP/1.1" 404 1089
186.103.157.246 - - [11/Jan/2018:10:31:00 -0300] "GET /cormun/servlet/solicitudotcontratos?6f5416e8acb3c2035c9a1768e29e8957677b4b7e386f91bb80e2fde3fa675d8f11c926484e1cce67c77db873b63feb0d,gx-no-cache=1515677422528 HTTP/1.1" 200 30
186.103.157.246 - - [11/Jan/2018:10:31:01 -0300] "GET /cormun/servlet/solicitudotcontratos?6f5416e8acb3c2035c9a1768e29e89578a0aece470f94e64920f792df9aaaafc5c1f0b4081c761f0d0acd0d24a61cfe3bcd98679a753a1839969145ca803a03fdcd5fc3572e68d5f56224f17f36a90dd733c349893e02d46be9beb90a2034e8102938ba5a3584bb0a6494db79e04cdaaad51d942b71e4daff1819f94a36dfe52,gx-no-cache=1515677422565 HTTP/1.1" 200 50
186.103.157.246 - - [11/Jan/2018:10:31:01 -0300] "GET /cormun/servlet/solicitudotcontratos?6f5416e8acb3c2035c9a1768e29e8957500c2cb46162c2357f029050d8a636859f4af5f2377b4d2fab9b18718556f4bb,gx-no-cache=1515677422627 HTTP/1.1" 200 30
186.103.157.246 - - [11/Jan/2018:10:31:01 -0300] "GET /cormun/servlet/solicitudotcontratos?6f5416e8acb3c2035c9a1768e29e89576f1f4f03656227979594fa9ac10d0a913bdc460c51d94dd7dd4b82249a07cdd319d2352526cd3c4c49dbca3e476c063e610173c2a68e31aeab457fd3d2169ab87d54d020d05d613ee5e69a8a061370cf92f86765d0285ea716341dadffc8364c,gx-no-cache=1515677422667 HTTP/1.1" 200 30
