186.103.158.250 - - [11/Jan/2018:09:11:11 -0300] "GET /cormun/servlet/solicitudotcontratos?a901e8579d770ef9956a067361298772c065e519d6fc67c17da87e42743fc40eb8ba6801443c89c6cf7c0fe744e5178d8acfb38ce854b5d29b268d2a7d2ee12006bc35ad6e5a5eb307f2b61dedaa0999b3c3e8134b7c36bc51e64a8f2670adbd8fee44648d9a20097804eec3d60d2031325bda430574f2c04fbeb0bb201a57df,gx-no-cache=1515672630733 HTTP/1.1" 200 48
186.103.158.250 - - [11/Jan/2018:09:11:11 -0300] "GET /cormun/servlet/solicitudotcontratos?a901e8579d770ef9956a067361298772c5761164dd9f62c01ea836d2486aa031767aa67bf32fc7a6f5e506c3207ece1d,gx-no-cache=1515672630777 HTTP/1.1" 200 30
186.103.158.250 - - [11/Jan/2018:09:11:11 -0300] "GET /cormun/servlet/solicitudotcontratos?a901e8579d770ef9956a067361298772b4c670d2fc5833b8f8473ec35ae671fc084ea5ea939d6eb876cd02c3f3fa18d70e1d32d242b99dc8cb02f18c08bd47a737ac69397d30dedf568783ecc9b9c5c2c770ef9dfd958ccd42a8c2dfbd6c7be62d23b7f252c0655a7d982298b52ac401,gx-no-cache=1515672630815 HTTP/1.1" 200 30
186.103.158.250 - - [11/Jan/2018:09:11:11 -0300] "GET /cormun/servlet/solicitudotcontratos?a901e8579d770ef9956a0673612987728d1a52accefe0cbc9011be266272a58d0068141eed897a99b5aafae59e43b2ad6a2c943d10a7dbdf69559d5f71eb57530e1d32d242b99dc8cb02f18c08bd47a739edc2fb384fe1d84238f27237de501bcbf12b9838005e5dddfadd6de323579f69870088a99bdc791c2e0068825849a4e8ebfd7b496f8631a10c510c27d2715fb47dd52cedbb152d76da965f08cacfb66a2c943d10a7dbdf69559d5f71eb57539ac26a9576fc9f56644564cef5868d8c0ad10e5537bd5c6d75d6f950f80d3446882e3439b11bdc0cc0c1c4ae1df36ba50af3535df5034ec467010e1a3c568488f65c190781c0ddecaa2d560632b6836f09e384d9410d4ba56517484ff33c324fd09e32b368863eae9740f3ef11da131ef9d0e82aa87f80d574d41f798129bbf33aa4adc77635a261599f582c2ca142deec3fbc8b8581adb7653ddd0d98440f2a5771182fec5cc2295fd11506305f5eb9a0bf6ee6c479eac6978be257faff9583ca2970def7644012d8b8a7aefd2769f5f18a5412679d108c9b0c35fea12e43173a698ad5d53ae5d57b777f1cabdbe725789901ce9577ae50b1b754cf029076ee6839f7737fbe151bcb770da894fa404a74d07ec9f0f1500308800c0d405aa7b5fc8feaecdc98b746d015dc18e75b85ac74e3339c77f541c5bb4e1e4f3c02dba33bc78e8e4401a60bb63e2b1544a98b2be2a5342dc5076cc2728acc9b03afbd2d6cf897b9b1c5cf2ba73a9a9698ce67567176eaf842982d678c46a3e8e675226843146f2ba8a099d148ca77082a52bd27,gx-no-cache=1515672630864 HTTP/1.1" 200 79
186.67.172.234 - - [11/Jan/2018:09:11:12 -0300] "POST /cormun/servlet/trsolicitudot?6a45060ea41b8c4e5adc1453320c42a0,gx-no-cache=1515672631378 HTTP/1.1" 200 6470
186.67.172.234 - - [11/Jan/2018:09:11:25 -0300] "POST /cormun/servlet/trsolicitudot?6a45060ea41b8c4e5adc1453320c42a0,gx-no-cache=1515672643724 HTTP/1.1" 200 6470
186.67.172.234 - - [11/Jan/2018:09:11:29 -0300] "POST /cormun/servlet/trsolicitudot?6a45060ea41b8c4e5adc1453320c42a0,gx-no-cache=1515672648131 HTTP/1.1" 200 6470
186.67.172.234 - - [11/Jan/2018:09:11:36 -0300] "POST /cormun/servlet/trsolicitudot?6a45060ea41b8c4e5adc1453320c42a0,gx-no-cache=1515672654700 HTTP/1.1" 200 106
186.67.172.234 - - [11/Jan/2018:09:11:36 -0300] "GET /cormun/servlet/trsolicitudadjuntos?2018,8393, HTTP/1.1" 200 6322
186.67.172.234 - - [11/Jan/2018:09:11:36 -0300] "GET /cormun/static/gxcfg.js?20177612135366 HTTP/1.1" 304 -
186.67.172.234 - - [11/Jan/2018:09:11:37 -0300] "GET /cormun/servlet/trsolicitudadjuntos?2018,8393, HTTP/1.1" 200 6322
186.79.214.243 - - [11/Jan/2018:09:11:38 -0300] "POST /cormun/servlet/solicitudotcontratos?cb379fd8ac43bd863b60af31387d1183,INS,2018,0,8113317,4,6,2017,7232,NADA,201711,2,B,,gx-no-cache=1515672657590 HTTP/1.1" 200 10809
200.112.4.188 - - [11/Jan/2018:09:11:39 -0300] "POST /cormun/servlet/prfichaempleado?fdac12490247b725ab8bbcf563743603,,MD,,gxPopupLevel%3D0%3B,gx-no-cache=1515672662620 HTTP/1.1" 200 3421
186.67.172.234 - - [11/Jan/2018:09:11:41 -0300] "GET /cormun/servlet/solicitudotadjuntos?INS,2018,8393,,1, HTTP/1.1" 200 6267
186.67.172.234 - - [11/Jan/2018:09:11:41 -0300] "GET /cormun/static/gxcfg.js?2017761244068 HTTP/1.1" 304 -
186.67.172.234 - - [11/Jan/2018:09:11:41 -0300] "GET /cormun/static/about:blank HTTP/1.1" 404 1011
186.67.172.234 - - [11/Jan/2018:09:11:41 -0300] "GET /cormun/servlet/solicitudotadjuntos?INS,2018,8393,,1, HTTP/1.1" 200 6261
186.67.172.234 - - [11/Jan/2018:09:11:41 -0300] "GET /cormun/servlet/solicitudotadjuntos?100295869f41d54472b7a07752b539a98ad8d97a3acf8fa625fb67d7a2059c726b3e00663072091a04ef996ceeb610f7,gx-no-cache=1515672660467 HTTP/1.1" 200 30
186.67.172.234 - - [11/Jan/2018:09:11:41 -0300] "POST /cormun/servlet/solicitudotadjuntos?6a45060ea41b8c4e5adc1453320c42a0,INS,2018,8393,,1,,gx-no-cache=1515672660492 HTTP/1.1" 200 4024
186.67.172.234 - - [11/Jan/2018:09:11:46 -0300] "POST /cormun/servlet/solicitudotadjuntos?gx-no-cache=1515672664977 HTTP/1.1" 200 26
186.79.214.243 - - [11/Jan/2018:09:11:49 -0300] "POST /cormun/servlet/solicitudotcontratos?cb379fd8ac43bd863b60af31387d1183,INS,2018,0,8113317,4,6,2017,7232,NADA,201711,2,B,,gx-no-cache=1515672669220 HTTP/1.1" 200 10796
186.79.214.243 - - [11/Jan/2018:09:11:50 -0300] "POST /cormun/servlet/solicitudotcontratos?gx-no-cache=1515672669749 HTTP/1.1" 200 1342
186.79.214.243 - - [11/Jan/2018:09:11:50 -0300] "POST /cormun/servlet/solicitudotcontratos?gx-no-cache=1515672669955 HTTP/1.1" 200 1221
186.79.214.243 - - [11/Jan/2018:09:11:50 -0300] "GET /cormun/servlet/solicitudotcontratos?9bbe363bed419443060d1961d87e5cbce1e5e540d077a66029ccb5f2cbff160cbfecf3a62604552c51f1381d6fed87a6c56c725780458a3c5aa61998e7a71988ae85be1619d88b35d0ccd323f654b811548ad9d5eb5e5e8789577b67296d407a1e5bb5e689499f000e8a3ca609f32253cf90f5d2b4813454d358bf5baf0a4bf2,gx-no-cache=1515672670232 HTTP/1.1" 200 30
186.79.214.243 - - [11/Jan/2018:09:11:51 -0300] "POST /cormun/servlet/solicitudotcontratos?cb379fd8ac43bd863b60af31387d1183,INS,2018,0,8113317,4,6,2017,7232,NADA,201711,2,B,,gx-no-cache=1515672670321 HTTP/1.1" 200 93
186.79.214.243 - - [11/Jan/2018:09:11:51 -0300] "GET /cormun/servlet/hpexe_return? HTTP/1.1" 200 1042
186.79.214.243 - - [11/Jan/2018:09:11:51 -0300] "GET /cormun/servlet/trcontratosolicitud HTTP/1.1" 200 14521
186.79.214.243 - - [11/Jan/2018:09:11:52 -0300] "GET /cormun/servlet/trcontratosolicitud HTTP/1.1" 200 14524
200.112.4.188 - - [11/Jan/2018:09:11:55 -0300] "POST /cormun/servlet/solicitudot?gx-no-cache=1515672678166 HTTP/1.1" 200 3835
200.112.4.188 - - [11/Jan/2018:09:11:56 -0300] "POST /cormun/servlet/solicitudot?fdac12490247b725ab8bbcf563743603,INS,0,0,,gx-no-cache=1515672678638 HTTP/1.1" 200 10815
200.112.4.188 - - [11/Jan/2018:09:11:56 -0300] "GET /cormun/servlet/solicitudot?0ef28dfdcd90dde18e575c1415baee1443f0952b768a45776d7f55adebc623b05b53145d5829af92cf94aab99c80f9ca,gx-no-cache=1515672679225 HTTP/1.1" 200 30
200.112.4.188 - - [11/Jan/2018:09:11:57 -0300] "POST /cormun/servlet/solicitudot?gx-no-cache=1515672680306 HTTP/1.1" 200 51
200.112.4.188 - - [11/Jan/2018:09:11:57 -0300] "POST /cormun/servlet/solicitudot?gx-no-cache=1515672680411 HTTP/1.1" 200 297
200.112.4.188 - - [11/Jan/2018:09:11:57 -0300] "GET /cormun/servlet/solicitudot?0ef28dfdcd90dde18e575c1415baee14f5f22a967603a0dc9ce77f4133c5c90f0f8030b97226761566075656b6684e76d2e56f19beb73a1c44aa5e52c031e8bd894c37c21476fde746e5884a7f354104a3fc55cec6d18900ffc857701f184d01bcfd925115fe845b32e9219817d1634dad54b2827e768cd32f33114c5dcfd21241ce5b058b5ef6745b1ab0466cee40bc512d883e52263564fa12ec14f32b394b4c84bb2fd0e6696773f8f1246e811a7c4760ccb6cb32c6ed498fff307e15ba845e0dbc4626af4e1cfdc0595b7708ed067185fc79813148ee0aeadc60a3cdcddc2a2a813edfc0f1a74189f0e5c347535759b7b1196b4b22cce0be0b2d4d029840ee84458d9e527078fe31f947dd7a6d367e61d24b8d0a724801a992c3de5acfc42d4ef2e2b289a177a74a1f68b70b6cf81648c0b710ed4bdc2108e051d9b6240f0fa8966df06195cc8a7cf6ce4f784838424a55eb693dd3dcf253f0d12a8bfe2ad8a4c3f1c40bb2766a60fc54f71c975693726cb32ce829aeaee41d53ec427de7f116ca37f762ec400b9ee6e7454f959b,gx-no-cache=1515672680526 HTTP/1.1" 200 30
200.112.4.188 - - [11/Jan/2018:09:12:00 -0300] "POST /cormun/servlet/solicitudot?gx-no-cache=1515672683021 HTTP/1.1" 200 30
186.67.172.234 - - [11/Jan/2018:09:12:02 -0300] "GET /cormun/servlet/solicitudotadjuntos?100295869f41d54472b7a07752b539a9e910d4ccb6cd418c7d93ea0c3fe76f86,gx-no-cache=1515672681193 HTTP/1.1" 200 30
186.67.172.234 - - [11/Jan/2018:09:12:02 -0300] "GET /cormun/servlet/solicitudotadjuntos?100295869f41d54472b7a07752b539a9e910d4ccb6cd418c7d93ea0c3fe76f86,gx-no-cache=1515672681203 HTTP/1.1" 200 30
186.67.172.234 - - [11/Jan/2018:09:12:03 -0300] "POST /cormun/servlet/solicitudotadjuntos?6a45060ea41b8c4e5adc1453320c42a0,INS,2018,8393,,1, HTTP/1.1" 200 116
200.112.4.188 - - [11/Jan/2018:09:12:03 -0300] "POST /cormun/servlet/solicitudot?gx-no-cache=1515672686138 HTTP/1.1" 200 1357
200.112.4.188 - - [11/Jan/2018:09:12:03 -0300] "POST /cormun/servlet/solicitudot?gx-no-cache=1515672686290 HTTP/1.1" 200 38
186.67.172.234 - - [11/Jan/2018:09:12:03 -0300] "GET /cormun/servlet/hpexe_return? HTTP/1.1" 200 1030
186.67.172.234 - - [11/Jan/2018:09:12:03 -0300] "GET /cormun/servlet/trsolicitudadjuntos?2018,8393, HTTP/1.1" 200 8628
186.67.172.234 - - [11/Jan/2018:09:12:03 -0300] "GET /cormun/servlet/trsolicitudadjuntos?2018,8393, HTTP/1.1" 200 8624
186.67.172.234 - - [11/Jan/2018:09:12:07 -0300] "GET /cormun/servlet/solicitudotadjuntos?INS,2018,8393,,1, HTTP/1.1" 200 6267
186.67.172.234 - - [11/Jan/2018:09:12:07 -0300] "GET /cormun/static/about:blank HTTP/1.1" 404 1011
200.112.4.188 - - [11/Jan/2018:09:12:07 -0300] "GET /cormun/servlet/solicitudot?0ef28dfdcd90dde18e575c1415baee1459fa5559b2e9cef4ce0de18385c073f77998582a99cb1cf3cdf4b1bc8a907b6323b4c4c9ad065f8a4766819ee2f445a38a6732c2dbccedb23984df3a998300f99b0a7ed7c612955898c43c960fcfdd3dec09db83b2111296df354bd840d2e7ef,gx-no-cache=1515672690679 HTTP/1.1" 200 29
186.67.172.234 - - [11/Jan/2018:09:12:07 -0300] "GET /cormun/servlet/solicitudotadjuntos?INS,2018,8393,,1, HTTP/1.1" 200 6261
200.112.4.188 - - [11/Jan/2018:09:12:07 -0300] "POST /cormun/servlet/solicitudot?gx-no-cache=1515672690760 HTTP/1.1" 200 221
200.112.4.188 - - [11/Jan/2018:09:12:07 -0300] "GET /cormun/servlet/solicitudot?0ef28dfdcd90dde18e575c1415baee142eec0421c4fbe36328527318ba8d1288e5c58558b4feb03e307142c88025fbc1689ecf77d724299082f4e6c8bbfa8426841e14addbabbd947fb5c4f92b1b86a236f2ffba891440f08dddf21643f54aed7998582a99cb1cf3cdf4b1bc8a907b634f41cda70e1ac180a6d8829e9f85ab23dd477fd5a1c68b400fd8e3b6afcbee36,gx-no-cache=1515672690937 HTTP/1.1" 200 55
200.112.4.188 - - [11/Jan/2018:09:12:08 -0300] "GET /cormun/static/menuarrow.gif HTTP/1.1" 404 1015
186.67.172.234 - - [11/Jan/2018:09:12:08 -0300] "GET /cormun/servlet/solicitudotadjuntos?100295869f41d54472b7a07752b539a98ad8d97a3acf8fa625fb67d7a2059c726b3e00663072091a04ef996ceeb610f7,gx-no-cache=1515672686778 HTTP/1.1" 200 30
186.67.172.234 - - [11/Jan/2018:09:12:08 -0300] "POST /cormun/servlet/solicitudotadjuntos?6a45060ea41b8c4e5adc1453320c42a0,INS,2018,8393,,1,,gx-no-cache=1515672686832 HTTP/1.1" 200 4024
200.112.4.188 - - [11/Jan/2018:09:12:09 -0300] "POST /cormun/servlet/solicitudot?gx-no-cache=1515672692295 HTTP/1.1" 200 217
200.112.4.188 - - [11/Jan/2018:09:12:09 -0300] "GET /cormun/servlet/solicitudot?0ef28dfdcd90dde18e575c1415baee142eec0421c4fbe36328527318ba8d1288e5c58558b4feb03e307142c88025fbc1689ecf77d724299082f4e6c8bbfa8426841e14addbabbd947fb5c4f92b1b86a236f2ffba891440f08dddf21643f54aed7998582a99cb1cf3cdf4b1bc8a907b634f41cda70e1ac180a6d8829e9f85ab23dd477fd5a1c68b400fd8e3b6afcbee36,gx-no-cache=1515672692383 HTTP/1.1" 200 55
186.67.172.234 - - [11/Jan/2018:09:12:10 -0300] "POST /cormun/servlet/solicitudotadjuntos?gx-no-cache=1515672689241 HTTP/1.1" 200 26
200.112.4.188 - - [11/Jan/2018:09:12:12 -0300] "GET /cormun/servlet/solicitudot?0ef28dfdcd90dde18e575c1415baee14ee2f976f41b77f23aa6de2e3f38a5901212fb761b83712a4dfca30098cc1f561,gx-no-cache=1515672695021 HTTP/1.1" 200 30
186.67.172.234 - - [11/Jan/2018:09:12:15 -0300] "GET /cormun/servlet/solicitudotadjuntos?100295869f41d54472b7a07752b539a9e910d4ccb6cd418c7d93ea0c3fe76f86,gx-no-cache=1515672693634 HTTP/1.1" 200 30
186.67.172.234 - - [11/Jan/2018:09:12:15 -0300] "GET /cormun/servlet/solicitudotadjuntos?100295869f41d54472b7a07752b539a9e910d4ccb6cd418c7d93ea0c3fe76f86,gx-no-cache=1515672693677 HTTP/1.1" 200 30
186.103.159.44 - - [11/Jan/2018:09:12:16 -0300] "POST /cormun/servlet/solicitudot?gx-no-cache=1515672698856 HTTP/1.1" 200 51
186.67.172.234 - - [11/Jan/2018:09:12:17 -0300] "POST /cormun/servlet/solicitudotadjuntos?6a45060ea41b8c4e5adc1453320c42a0,INS,2018,8393,,1, HTTP/1.1" 200 116
186.67.172.234 - - [11/Jan/2018:09:12:17 -0300] "GET /cormun/servlet/hpexe_return? HTTP/1.1" 200 1030
186.79.214.243 - - [11/Jan/2018:09:12:17 -0300] "GET /cormun/servlet/solicitudotcontratos?INS,2018,0,8113317,4,6,2017,3541,LEY+SEP,201711,2,B, HTTP/1.1" 200 9839
186.67.172.234 - - [11/Jan/2018:09:12:17 -0300] "GET /cormun/servlet/trsolicitudadjuntos?2018,8393, HTTP/1.1" 200 8819
186.79.214.243 - - [11/Jan/2018:09:12:17 -0300] "GET /cormun/servlet/solicitudotcontratos?INS,2018,0,8113317,4,6,2017,3541,LEY+SEP,201711,2,B, HTTP/1.1" 200 9874
200.112.4.188 - - [11/Jan/2018:09:12:17 -0300] "POST /cormun/servlet/solicitudot?gx-no-cache=1515672700700 HTTP/1.1" 200 30
186.79.214.243 - - [11/Jan/2018:09:12:17 -0300] "GET /cormun/servlet/solicitudotcontratos?9bbe363bed419443060d1961d87e5cbc7693c135591d455c153c719ff6253f7f0d7792eeeafa0e90fec8cf31e8acf37c,gx-no-cache=1515672697743 HTTP/1.1" 200 30
186.67.172.234 - - [11/Jan/2018:09:12:17 -0300] "GET /cormun/servlet/trsolicitudadjuntos?2018,8393, HTTP/1.1" 200 8818
186.79.214.243 - - [11/Jan/2018:09:12:17 -0300] "GET /cormun/servlet/solicitudotcontratos?9bbe363bed419443060d1961d87e5cbc6c7ad6ae7bcd5effa0758c995dad9c2da84856efecd422e9e0a76a73e9c89a05,gx-no-cache=1515672697804 HTTP/1.1" 200 30
186.79.214.243 - - [11/Jan/2018:09:12:18 -0300] "GET /cormun/servlet/solicitudotcontratos?9bbe363bed419443060d1961d87e5cbc03fa8fb7cdc140751e530f51049f097e0a968c4265cfcf2ee8c5eec9411d75f57320b5c0f9ecd0d84434ca04d227da884090ee7df2a377defff8060122744d598d3ff43f56b11bfa061637e4c7c2ef8b4381c07b105944617c8ed643bf393c905e3111578a41125ac66618e503f56a76,gx-no-cache=1515672697862 HTTP/1.1" 200 50
186.79.214.243 - - [11/Jan/2018:09:12:18 -0300] "GET /cormun/servlet/solicitudotcontratos?9bbe363bed419443060d1961d87e5cbcc17b5b8913cb6e215da00f582e289630d343e925cb501c0aac6fb8b2beca0f92,gx-no-cache=1515672697923 HTTP/1.1" 200 30
186.79.214.243 - - [11/Jan/2018:09:12:18 -0300] "GET /cormun/servlet/solicitudotcontratos?9bbe363bed419443060d1961d87e5cbcb198c37f4460e92783676a1e8914d3919f97ab717f3dec75b85eb2308fb155068895ca5c5f9f3a146aa62a4610b4a59e9d23c1563979ab1a2fc3809ecf8d44c63a94f4c13807037b7ae35aafd54e8950d190e16bba48303a790527e773a7a470,gx-no-cache=1515672697985 HTTP/1.1" 200 30
186.79.214.243 - - [11/Jan/2018:09:12:18 -0300] "GET /cormun/servlet/solicitudotcontratos?9bbe363bed419443060d1961d87e5cbca22a995d692a796382b9db00d64350d2ce4245c84ff6ded5851b2cb5e410be1f76c5da9b1b3ea2cb164fbde1dcf893288895ca5c5f9f3a146aa62a4610b4a59e146bb9615f8dd2caf44a11e5e7f39e948266a2eda6ff5cff13eadebe64e5d95628aef749a8ef1096a1f3153010709b5ad29e2888e35a1cd22c6937e285f661d92e22b88973c60d82e943301fb18380c776c5da9b1b3ea2cb164fbde1dcf89328b6d41138a502d03109ba5efa5d55d8aff35a4154a673dfc53c08beef137c5b0bd04d6c0e0f1202f4b19f3bce334907f11f97b36a2a130a862eb9c31b1016721d87d46310dc16e85008553ae4db5255a1c1e3f405e56f2dfe82d1416b0e4f4dcbcf7fe797045f7208830b50173980f3b9efe8712dbf185070cb1d72c3493e245c8187b4fca66b4fa54c767472e2b8eeed6a2300dc91c45b76ce770af00c62ae375fe8b8abcf48478b414f00de6756ce9671c4cac1060ceb6d9784ddbc51708d76d69a223ff10ffd1da047d8f069c24c3d6a204f52cbd38b1735af773b5076b7f60120242c80ce1a43f9c40f98fef2e4a4895bca3c4270ed097a3c978272d506b2e2c0edbfc9b08e5a8ea4c4d0b24b04b9753d55798a63ed4bbe9e5f5c4c59dbc48a04f02c5b818c58a0795b0b355d82065cf3ca21120446bcae6768ae8bdda038b18b85e1210436f69a9e16c4cabb310fac08a80ab8592c6aa98eeee2635daf39ef13f8a8fb223d9f6cba4cf76d8bba3782cb45630b178a45cb14b472b57d00d193cab176b3123aa91eb8f286953f78cc,gx-no-cache=1515672698051 HTTP/1.1" 200 79
186.67.172.234 - - [11/Jan/2018:09:12:19 -0300] "GET /cormun/servlet/solicitudotadjuntos?INS,2018,8393,,1, HTTP/1.1" 200 6267
186.67.172.234 - - [11/Jan/2018:09:12:19 -0300] "GET /cormun/static/about:blank HTTP/1.1" 404 1011
186.67.172.234 - - [11/Jan/2018:09:12:20 -0300] "GET /cormun/servlet/solicitudotadjuntos?INS,2018,8393,,1, HTTP/1.1" 200 6260
186.67.172.234 - - [11/Jan/2018:09:12:20 -0300] "GET /cormun/servlet/solicitudotadjuntos?100295869f41d54472b7a07752b539a98ad8d97a3acf8fa625fb67d7a2059c726b3e00663072091a04ef996ceeb610f7,gx-no-cache=1515672699038 HTTP/1.1" 200 30
186.67.172.234 - - [11/Jan/2018:09:12:20 -0300] "POST /cormun/servlet/solicitudotadjuntos?6a45060ea41b8c4e5adc1453320c42a0,INS,2018,8393,,1,,gx-no-cache=1515672699054 HTTP/1.1" 200 4024
200.112.4.188 - - [11/Jan/2018:09:12:20 -0300] "POST /cormun/servlet/solicitudot?fdac12490247b725ab8bbcf563743603,INS,0,0,,gx-no-cache=1515672703337 HTTP/1.1" 200 11238
200.112.4.188 - - [11/Jan/2018:09:12:21 -0300] "GET /cormun/static/Shared/jqueryui/images/ui-bg_highlight-soft_100_c6c2c8_1x100.png HTTP/1.1" 404 1117
200.112.4.188 - - [11/Jan/2018:09:12:21 -0300] "GET /cormun/static/Shared/jqueryui/images/ui-bg_flat_55_994d53_40x100.png HTTP/1.1" 404 1097
200.112.4.188 - - [11/Jan/2018:09:12:21 -0300] "GET /cormun/static/Shared/jqueryui/images/ui-icons_ebccce_256x240.png HTTP/1.1" 404 1089
200.112.4.188 - - [11/Jan/2018:09:12:21 -0300] "GET /cormun/static/Shared/jqueryui/images/ui-icons_82798d_256x240.png HTTP/1.1" 404 1089
186.103.159.44 - - [11/Jan/2018:09:12:22 -0300] "POST /cormun/servlet/solicitudot?7680f75a9c3e26756cadc1e4993d38b7,INS,0,0,,gx-no-cache=1515672704205 HTTP/1.1" 200 11084
186.103.159.44 - - [11/Jan/2018:09:12:22 -0300] "GET /cormun/static/Shared/jqueryui/images/ui-bg_flat_55_fafafa_40x100.png HTTP/1.1" 404 1097
186.103.159.44 - - [11/Jan/2018:09:12:22 -0300] "GET /cormun/static/Shared/jqueryui/images/ui-icons_8d78a5_256x240.png HTTP/1.1" 404 1089
186.67.172.234 - - [11/Jan/2018:09:12:22 -0300] "POST /cormun/servlet/solicitudotadjuntos?gx-no-cache=1515672701368 HTTP/1.1" 200 26
186.79.214.243 - - [11/Jan/2018:09:12:35 -0300] "GET /cormun/servlet/trcontratosolicitud HTTP/1.1" 200 14541
186.79.214.243 - - [11/Jan/2018:09:12:36 -0300] "GET /cormun/servlet/trcontratosolicitud HTTP/1.1" 200 14523
200.112.4.188 - - [11/Jan/2018:09:12:41 -0300] "POST /cormun/servlet/solicitudot?gx-no-cache=1515672724680 HTTP/1.1" 200 297
200.112.4.188 - - [11/Jan/2018:09:12:41 -0300] "GET /cormun/servlet/solicitudot?0ef28dfdcd90dde18e575c1415baee14f5f22a967603a0dc9ce77f4133c5c90f0f8030b97226761566075656b6684e76d2e56f19beb73a1c44aa5e52c031e8bd894c37c21476fde746e5884a7f354104a3fc55cec6d18900ffc857701f184d01bcfd925115fe845b32e9219817d1634dad54b2827e768cd32f33114c5dcfd21241ce5b058b5ef6745b1ab0466cee40bc512d883e52263564fa12ec14f32b394b4c84bb2fd0e6696773f8f1246e811a7c4760ccb6cb32c6ed498fff307e15ba845e0dbc4626af4e1cfdc0595b7708ed067185fc79813148ee0aeadc60a3cdcddc2a2a813edfc0f1a74189f0e5c347535759b7b1196b4b22cce0be0b2d4d029840ee84458d9e527078fe31f947dd7a6d367e61d24b8d0a724801a992c3de5acfc42d4ef2e2b289a177a74a1f68b70b6cf81648c0b710ed4bdc2108e051d9b6240f0fa8966df06195cc8a7cf6ce4f784838424a55eb693dd3dcf253f0d12a8bfe2ad8a4c3f1c40bb2766a60fc54f71c97566058ee4f8cca608f55b7eb982a9f92dbf116ca37f762ec400b9ee6e7454f959b,gx-no-cache=1515672724876 HTTP/1.1" 200 30
200.112.4.188 - - [11/Jan/2018:09:12:42 -0300] "POST /cormun/servlet/solicitudot?gx-no-cache=1515672724978 HTTP/1.1" 200 30
200.112.4.188 - - [11/Jan/2018:09:12:42 -0300] "POST /cormun/servlet/solicitudot?gx-no-cache=1515672725093 HTTP/1.1" 200 1357
200.112.4.188 - - [11/Jan/2018:09:12:42 -0300] "POST /cormun/servlet/solicitudot?gx-no-cache=1515672725230 HTTP/1.1" 200 41
200.112.4.188 - - [11/Jan/2018:09:12:42 -0300] "POST /cormun/servlet/solicitudot?gx-no-cache=1515672725333 HTTP/1.1" 200 1340
200.112.4.188 - - [11/Jan/2018:09:12:42 -0300] "POST /cormun/servlet/solicitudot?gx-no-cache=1515672725521 HTTP/1.1" 200 1220
200.112.4.188 - - [11/Jan/2018:09:12:42 -0300] "GET /cormun/servlet/solicitudot?0ef28dfdcd90dde18e575c1415baee14ee2f976f41b77f23aa6de2e3f38a5901212fb761b83712a4dfca30098cc1f561,gx-no-cache=1515672725693 HTTP/1.1" 200 30
200.112.4.188 - - [11/Jan/2018:09:12:42 -0300] "POST /cormun/servlet/solicitudot?gx-no-cache=1515672725781 HTTP/1.1" 200 30
200.112.4.188 - - [11/Jan/2018:09:12:43 -0300] "POST /cormun/servlet/solicitudot?fdac12490247b725ab8bbcf563743603,INS,0,0,,gx-no-cache=1515672725883 HTTP/1.1" 200 93
200.112.4.188 - - [11/Jan/2018:09:12:43 -0300] "GET /cormun/servlet/hpexe_return? HTTP/1.1" 200 1008
200.112.4.188 - - [11/Jan/2018:09:12:44 -0300] "GET /cormun/servlet/trsolicitudot HTTP/1.1" 200 22872
200.112.4.188 - - [11/Jan/2018:09:12:45 -0300] "GET /cormun/servlet/trsolicitudot HTTP/1.1" 200 22868
186.67.172.234 - - [11/Jan/2018:09:12:48 -0300] "GET /cormun/servlet/solicitudotadjuntos?100295869f41d54472b7a07752b539a9e910d4ccb6cd418c7d93ea0c3fe76f86,gx-no-cache=1515672727339 HTTP/1.1" 200 30
186.67.172.234 - - [11/Jan/2018:09:12:48 -0300] "GET /cormun/servlet/solicitudotadjuntos?100295869f41d54472b7a07752b539a9e910d4ccb6cd418c7d93ea0c3fe76f86,gx-no-cache=1515672727357 HTTP/1.1" 200 30
200.112.48.103 - - [11/Jan/2018:09:12:48 -0300] "GET /cormun/servlet/trcontratounov2? HTTP/1.1" 200 8454
186.67.172.234 - - [11/Jan/2018:09:12:49 -0300] "POST /cormun/servlet/solicitudotadjuntos?6a45060ea41b8c4e5adc1453320c42a0,INS,2018,8393,,1, HTTP/1.1" 200 116
186.67.172.234 - - [11/Jan/2018:09:12:49 -0300] "GET /cormun/servlet/hpexe_return? HTTP/1.1" 200 1030
186.67.172.234 - - [11/Jan/2018:09:12:49 -0300] "GET /cormun/servlet/trsolicitudadjuntos?2018,8393, HTTP/1.1" 200 8992
186.67.172.234 - - [11/Jan/2018:09:12:50 -0300] "GET /cormun/servlet/trsolicitudadjuntos?2018,8393, HTTP/1.1" 200 8993
186.67.172.234 - - [11/Jan/2018:09:12:52 -0300] "GET /cormun/servlet/solicitudotadjuntos?INS,2018,8393,,1, HTTP/1.1" 200 6267
186.67.172.234 - - [11/Jan/2018:09:12:53 -0300] "GET /cormun/static/about:blank HTTP/1.1" 404 1011
186.67.172.234 - - [11/Jan/2018:09:12:53 -0300] "GET /cormun/servlet/solicitudotadjuntos?INS,2018,8393,,1, HTTP/1.1" 200 6260
186.67.172.234 - - [11/Jan/2018:09:12:53 -0300] "GET /cormun/servlet/solicitudotadjuntos?100295869f41d54472b7a07752b539a98ad8d97a3acf8fa625fb67d7a2059c726b3e00663072091a04ef996ceeb610f7,gx-no-cache=1515672732248 HTTP/1.1" 200 30
186.67.172.234 - - [11/Jan/2018:09:12:53 -0300] "POST /cormun/servlet/solicitudotadjuntos?6a45060ea41b8c4e5adc1453320c42a0,INS,2018,8393,,1,,gx-no-cache=1515672732277 HTTP/1.1" 200 4024
186.67.172.234 - - [11/Jan/2018:09:12:55 -0300] "POST /cormun/servlet/solicitudotadjuntos?gx-no-cache=1515672734193 HTTP/1.1" 200 26
200.112.48.103 - - [11/Jan/2018:09:12:59 -0300] "POST /cormun/servlet/trcontratounov2?bc2325251ecf88339ac469bc6bd5f685,,gx-no-cache=1515672737007 HTTP/1.1" 200 5985
186.67.172.234 - - [11/Jan/2018:09:13:01 -0300] "GET /cormun/servlet/solicitudotadjuntos?100295869f41d54472b7a07752b539a9e910d4ccb6cd418c7d93ea0c3fe76f86,gx-no-cache=1515672739689 HTTP/1.1" 200 30
186.67.172.234 - - [11/Jan/2018:09:13:01 -0300] "GET /cormun/servlet/solicitudotadjuntos?100295869f41d54472b7a07752b539a9e910d4ccb6cd418c7d93ea0c3fe76f86,gx-no-cache=1515672739703 HTTP/1.1" 200 30
186.67.172.234 - - [11/Jan/2018:09:13:01 -0300] "POST /cormun/servlet/solicitudotadjuntos?6a45060ea41b8c4e5adc1453320c42a0,INS,2018,8393,,1, HTTP/1.1" 200 116
186.67.172.234 - - [11/Jan/2018:09:13:01 -0300] "GET /cormun/servlet/hpexe_return? HTTP/1.1" 200 1030
186.67.172.234 - - [11/Jan/2018:09:13:01 -0300] "GET /cormun/servlet/trsolicitudadjuntos?2018,8393, HTTP/1.1" 200 9169
186.67.172.234 - - [11/Jan/2018:09:13:02 -0300] "GET /cormun/servlet/trsolicitudadjuntos?2018,8393, HTTP/1.1" 200 9168
186.67.172.234 - - [11/Jan/2018:09:13:05 -0300] "GET /cormun/servlet/solicitudotadjuntos?INS,2018,8393,,1, HTTP/1.1" 200 6267
186.67.172.234 - - [11/Jan/2018:09:13:05 -0300] "GET /cormun/static/about:blank HTTP/1.1" 404 1011
186.67.172.234 - - [11/Jan/2018:09:13:05 -0300] "GET /cormun/servlet/solicitudotadjuntos?INS,2018,8393,,1, HTTP/1.1" 200 6260
186.67.172.234 - - [11/Jan/2018:09:13:06 -0300] "GET /cormun/servlet/solicitudotadjuntos?100295869f41d54472b7a07752b539a98ad8d97a3acf8fa625fb67d7a2059c726b3e00663072091a04ef996ceeb610f7,gx-no-cache=1515672744674 HTTP/1.1" 200 30
186.67.172.234 - - [11/Jan/2018:09:13:06 -0300] "POST /cormun/servlet/solicitudotadjuntos?6a45060ea41b8c4e5adc1453320c42a0,INS,2018,8393,,1,,gx-no-cache=1515672744741 HTTP/1.1" 200 4024
186.67.172.234 - - [11/Jan/2018:09:13:08 -0300] "POST /cormun/servlet/solicitudotadjuntos?gx-no-cache=1515672746760 HTTP/1.1" 200 26
186.67.172.234 - - [11/Jan/2018:09:13:15 -0300] "GET /cormun/servlet/solicitudotadjuntos?100295869f41d54472b7a07752b539a9e910d4ccb6cd418c7d93ea0c3fe76f86,gx-no-cache=1515672753625 HTTP/1.1" 200 30
186.67.172.234 - - [11/Jan/2018:09:13:15 -0300] "GET /cormun/servlet/solicitudotadjuntos?100295869f41d54472b7a07752b539a9e910d4ccb6cd418c7d93ea0c3fe76f86,gx-no-cache=1515672753637 HTTP/1.1" 200 30
186.67.172.234 - - [11/Jan/2018:09:13:15 -0300] "POST /cormun/servlet/solicitudotadjuntos?6a45060ea41b8c4e5adc1453320c42a0,INS,2018,8393,,1, HTTP/1.1" 200 116
186.67.172.234 - - [11/Jan/2018:09:13:15 -0300] "GET /cormun/servlet/hpexe_return? HTTP/1.1" 200 1030
186.67.172.234 - - [11/Jan/2018:09:13:16 -0300] "GET /cormun/servlet/trsolicitudadjuntos?2018,8393, HTTP/1.1" 200 9350
186.67.172.234 - - [11/Jan/2018:09:13:17 -0300] "GET /cormun/servlet/trsolicitudadjuntos?2018,8393, HTTP/1.1" 200 9346
186.67.172.234 - - [11/Jan/2018:09:13:19 -0300] "GET /cormun/servlet/solicitudotadjuntos?INS,2018,8393,,1, HTTP/1.1" 200 6267
186.67.172.234 - - [11/Jan/2018:09:13:19 -0300] "GET /cormun/static/about:blank HTTP/1.1" 404 1011
186.67.172.234 - - [11/Jan/2018:09:13:19 -0300] "GET /cormun/servlet/solicitudotadjuntos?INS,2018,8393,,1, HTTP/1.1" 200 6260
186.67.172.234 - - [11/Jan/2018:09:13:19 -0300] "GET /cormun/servlet/solicitudotadjuntos?100295869f41d54472b7a07752b539a98ad8d97a3acf8fa625fb67d7a2059c726b3e00663072091a04ef996ceeb610f7,gx-no-cache=1515672758334 HTTP/1.1" 200 30
186.67.172.234 - - [11/Jan/2018:09:13:19 -0300] "POST /cormun/servlet/solicitudotadjuntos?6a45060ea41b8c4e5adc1453320c42a0,INS,2018,8393,,1,,gx-no-cache=1515672758355 HTTP/1.1" 200 4024
186.79.214.243 - - [11/Jan/2018:09:13:21 -0300] "GET /cormun/servlet/solicitudotcontratos?INS,2018,0,8113317,4,2,2017,1813,NADA,201711,37,B, HTTP/1.1" 200 9828
186.79.214.243 - - [11/Jan/2018:09:13:21 -0300] "GET /cormun/servlet/solicitudotcontratos?INS,2018,0,8113317,4,2,2017,1813,NADA,201711,37,B, HTTP/1.1" 200 9861
186.67.172.234 - - [11/Jan/2018:09:13:21 -0300] "POST /cormun/servlet/solicitudotadjuntos?gx-no-cache=1515672760361 HTTP/1.1" 200 26
186.79.214.243 - - [11/Jan/2018:09:13:22 -0300] "GET /cormun/servlet/solicitudotcontratos?9bbe363bed419443060d1961d87e5cbc7693c135591d455c153c719ff6253f7f0d7792eeeafa0e90fec8cf31e8acf37c,gx-no-cache=1515672761978 HTTP/1.1" 200 30
186.79.214.243 - - [11/Jan/2018:09:13:22 -0300] "GET /cormun/servlet/solicitudotcontratos?9bbe363bed419443060d1961d87e5cbc6c7ad6ae7bcd5effa0758c995dad9c2da84856efecd422e9e0a76a73e9c89a05,gx-no-cache=1515672762058 HTTP/1.1" 200 30
186.79.214.243 - - [11/Jan/2018:09:13:22 -0300] "GET /cormun/servlet/solicitudotcontratos?9bbe363bed419443060d1961d87e5cbc03fa8fb7cdc140751e530f51049f097e0a968c4265cfcf2ee8c5eec9411d75f57320b5c0f9ecd0d84434ca04d227da884090ee7df2a377defff8060122744d597034fdcaa5f57b0078aeb9bbf760b289af630db1d93ed07668412be22e6a1e60496fb05a23c3624dc62dad34f37fd39a,gx-no-cache=1515672762137 HTTP/1.1" 200 48
186.79.214.243 - - [11/Jan/2018:09:13:22 -0300] "GET /cormun/servlet/solicitudotcontratos?9bbe363bed419443060d1961d87e5cbcc17b5b8913cb6e215da00f582e2896307871e4b19acc18ab1b06b3d4ac2ff8e7,gx-no-cache=1515672762221 HTTP/1.1" 200 30
186.79.214.243 - - [11/Jan/2018:09:13:22 -0300] "GET /cormun/servlet/solicitudotcontratos?9bbe363bed419443060d1961d87e5cbcb198c37f4460e92783676a1e8914d3919f97ab717f3dec75b85eb2308fb155068895ca5c5f9f3a146aa62a4610b4a59e9d23c1563979ab1a2fc3809ecf8d44c6eca20fb8a895a2dacf20325613f2894cd190e16bba48303a790527e773a7a470,gx-no-cache=1515672762278 HTTP/1.1" 200 30
186.79.214.243 - - [11/Jan/2018:09:13:22 -0300] "GET /cormun/servlet/solicitudotcontratos?9bbe363bed419443060d1961d87e5cbca22a995d692a796382b9db00d64350d2ce4245c84ff6ded5851b2cb5e410be1f68ea885b8392a3bc9db846e3e0ea359bba7f3bb838b5bb0d0b4df7b210f644fa3a4459450545f9ac389c4f18ef2ab0940d5fb2eb913798606452a8f9e3f7b170f39bb9c249303b9bbfd5c12e4b807dd58c4268b43f1817e05d509c9112f3dec3cc86ecea1e54ea61371b49a1c3e0df6bd41f6dfb4563bb2403de5f602da90a8390c0dd390ce3785176317f8c0cf31c0cbde7110170f0c6856ab744082dd3b474731474438ca31d8ce9b43ee3e7eda1d0a11dd86636f40d74818002d8c05ac92b6d8e365b8fd69727ca1ec2a13a8ee2e0db77a04fe038c100820e5710fb379fdc44309d38090431ccd4704aa7c493245fc6f08932854fde85e3ad690c99d7065dcf7fe797045f7208830b50173980f3b98cd6dd8819f4636b56f2d50949817045ab94738dbc8c3a8edb15b5f26cbaae3992b31cbac3809b65e33953b4164a69502b720048f0d3f94cf30939c005dd65e06486bfc5b98d9953a9a0f09eed57d0a7060fa4433d37ac6eb982fd2eb6fcd5e3d2c657a962ea6e9fe481ad1288b1bc875d36d1285a46488e1cd8a28136539e70ad659cad3f0b63a142550a03f0946cea283fd77221fcd517048cad9d99735dea9591f0842ce7bf7d65b8f8322c639d04060fa4433d37ac6eb982fd2eb6fcd5e33a7bb566cd40e304b4f83f2371a00f4f97f2fb21fae6b96805ba572e18fe4feef2ca62a77e60df49bde0674e3d977b2b2020a932b3ed5e4b523acfd81dd3d0ed,gx-no-cache=1515672762345 HTTP/1.1" 200 72
186.67.172.234 - - [11/Jan/2018:09:13:27 -0300] "GET /cormun/servlet/solicitudotadjuntos?100295869f41d54472b7a07752b539a9e910d4ccb6cd418c7d93ea0c3fe76f86,gx-no-cache=1515672765688 HTTP/1.1" 200 30
186.67.172.234 - - [11/Jan/2018:09:13:27 -0300] "GET /cormun/servlet/solicitudotadjuntos?100295869f41d54472b7a07752b539a9e910d4ccb6cd418c7d93ea0c3fe76f86,gx-no-cache=1515672765699 HTTP/1.1" 200 30
186.67.172.234 - - [11/Jan/2018:09:13:28 -0300] "POST /cormun/servlet/solicitudotadjuntos?6a45060ea41b8c4e5adc1453320c42a0,INS,2018,8393,,1, HTTP/1.1" 200 116
186.67.172.234 - - [11/Jan/2018:09:13:28 -0300] "GET /cormun/servlet/hpexe_return? HTTP/1.1" 200 1030
186.67.172.234 - - [11/Jan/2018:09:13:28 -0300] "GET /cormun/servlet/trsolicitudadjuntos?2018,8393, HTTP/1.1" 200 9568
186.67.172.234 - - [11/Jan/2018:09:13:29 -0300] "GET /cormun/servlet/trsolicitudadjuntos?2018,8393, HTTP/1.1" 200 9568
186.67.172.234 - - [11/Jan/2018:09:13:31 -0300] "GET /cormun/servlet/trsolicitudot? HTTP/1.1" 200 9176
186.67.172.234 - - [11/Jan/2018:09:13:32 -0300] "GET /cormun/servlet/trsolicitudot? HTTP/1.1" 200 9170
200.112.4.188 - - [11/Jan/2018:09:13:32 -0300] "GET /cormun/servlet/solicitudot?INS,0,0, HTTP/1.1" 200 13922
200.112.4.188 - - [11/Jan/2018:09:13:33 -0300] "GET /cormun/servlet/solicitudot?INS,0,0, HTTP/1.1" 200 13927
200.112.4.188 - - [11/Jan/2018:09:13:35 -0300] "GET /cormun/servlet/prfichaempleado?,MD,,gxPopupLevel%3D0%3B HTTP/1.1" 200 9336
186.67.172.234 - - [11/Jan/2018:09:13:37 -0300] "POST /cormun/servlet/trsolicitudot?6a45060ea41b8c4e5adc1453320c42a0,,gx-no-cache=1515672775975 HTTP/1.1" 200 5889
186.67.172.234 - - [11/Jan/2018:09:13:37 -0300] "GET /cormun/static/Shared/jqueryui/images/ui-bg_highlight-soft_100_c6c2c8_1x100.png HTTP/1.1" 404 1117
186.67.172.234 - - [11/Jan/2018:09:13:37 -0300] "GET /cormun/static/Shared/jqueryui/images/ui-icons_82798d_256x240.png HTTP/1.1" 404 1089
186.67.172.234 - - [11/Jan/2018:09:13:37 -0300] "GET /cormun/static/Shared/jqueryui/images/ui-bg_flat_55_fafafa_40x100.png HTTP/1.1" 404 1097
186.67.172.234 - - [11/Jan/2018:09:13:37 -0300] "GET /cormun/static/Shared/jqueryui/images/ui-icons_8d78a5_256x240.png HTTP/1.1" 404 1089
186.67.172.234 - - [11/Jan/2018:09:13:37 -0300] "POST /cormun/servlet/trsolicitudot?6a45060ea41b8c4e5adc1453320c42a0,,gx-no-cache=1515672776179 HTTP/1.1" 200 5834
186.67.172.234 - - [11/Jan/2018:09:13:42 -0300] "POST /cormun/servlet/trsolicitudot?6a45060ea41b8c4e5adc1453320c42a0,,gx-no-cache=1515672780622 HTTP/1.1" 200 106
186.67.172.234 - - [11/Jan/2018:09:13:42 -0300] "GET /cormun/servlet/trsolicitudadjuntos?2018,8403, HTTP/1.1" 200 6321
186.67.172.234 - - [11/Jan/2018:09:13:42 -0300] "GET /cormun/servlet/trsolicitudadjuntos?2018,8403, HTTP/1.1" 200 6321
186.67.172.234 - - [11/Jan/2018:09:13:42 -0300] "GET /cormun/servlet/hlogin HTTP/1.1" 200 1724
200.112.4.188 - - [11/Jan/2018:09:13:43 -0300] "POST /cormun/servlet/prfichaempleado?fdac12490247b725ab8bbcf563743603,,MD,,gxPopupLevel%3D0%3B,gx-no-cache=1515672786252 HTTP/1.1" 200 3428
186.67.172.234 - - [11/Jan/2018:09:13:44 -0300] "GET /cormun/servlet/solicitudotadjuntos?INS,2018,8403,,1, HTTP/1.1" 200 6267
186.67.172.234 - - [11/Jan/2018:09:13:45 -0300] "GET /cormun/static/about:blank HTTP/1.1" 404 1011
186.67.172.234 - - [11/Jan/2018:09:13:45 -0300] "GET /cormun/servlet/solicitudotadjuntos?INS,2018,8403,,1, HTTP/1.1" 200 6260
186.67.172.234 - - [11/Jan/2018:09:13:45 -0300] "GET /cormun/servlet/solicitudotadjuntos?100295869f41d54472b7a07752b539a98e4009a238a008d0ef5cf607d3c8c2d06b3e00663072091a04ef996ceeb610f7,gx-no-cache=1515672784248 HTTP/1.1" 200 30
186.67.172.234 - - [11/Jan/2018:09:13:45 -0300] "POST /cormun/servlet/solicitudotadjuntos?6a45060ea41b8c4e5adc1453320c42a0,INS,2018,8403,,1,,gx-no-cache=1515672784279 HTTP/1.1" 200 4023
200.112.4.188 - - [11/Jan/2018:09:13:46 -0300] "POST /cormun/servlet/solicitudot?gx-no-cache=1515672788720 HTTP/1.1" 200 3845
200.112.4.188 - - [11/Jan/2018:09:13:46 -0300] "POST /cormun/servlet/solicitudot?fdac12490247b725ab8bbcf563743603,INS,0,0,,gx-no-cache=1515672789207 HTTP/1.1" 200 10832
200.112.4.188 - - [11/Jan/2018:09:13:46 -0300] "GET /cormun/servlet/solicitudot?0ef28dfdcd90dde18e575c1415baee148d454d71335220788242f6cb05194efc5b53145d5829af92cf94aab99c80f9ca,gx-no-cache=1515672789777 HTTP/1.1" 200 30
200.112.4.188 - - [11/Jan/2018:09:13:47 -0300] "POST /cormun/servlet/solicitudot?gx-no-cache=1515672790936 HTTP/1.1" 200 51
200.112.4.188 - - [11/Jan/2018:09:13:48 -0300] "POST /cormun/servlet/solicitudot?gx-no-cache=1515672791036 HTTP/1.1" 200 297
186.67.172.234 - - [11/Jan/2018:09:13:48 -0300] "POST /cormun/servlet/solicitudotadjuntos?gx-no-cache=1515672786713 HTTP/1.1" 200 26
200.112.4.188 - - [11/Jan/2018:09:13:48 -0300] "GET /cormun/servlet/solicitudot?0ef28dfdcd90dde18e575c1415baee14f5f22a967603a0dc9ce77f4133c5c90f0f8030b97226761566075656b6684e76d2e56f19beb73a1c44aa5e52c031e8bd894c37c21476fde746e5884a7f354104a3fc55cec6d18900ffc857701f184d01bcfd925115fe845b32e9219817d1634dad54b2827e768cd32f33114c5dcfd21241ce5b058b5ef6745b1ab0466cee40bc512d883e52263564fa12ec14f32b394b4c84bb2fd0e6696773f8f1246e811a7c4760ccb6cb32c6ed498fff307e15ba845e0dbc4626af4e1cfdc0595b7708ed067185fc79813148ee0aeadc60a3cdcddc2a2a813edfc0f1a74189f0e5c347535759b7b1196b4b22cce0be0b2d4d029840ee84458d9e527078fe31f947dd7a6d367e61d24b8d0a724801a992c3de5acfc42d4ef2e2b289a177a74a1f68b70b6cf81648c0b710ed4bdc2108e051d9b6240f0fa8966df06195cc8a7cf6ce4f784838424a55eb693dd3dcf253f0d12a8bfe2ad8a4c3f1c40bb2766a60fc54f71c975693726cb32ce829aeaee41d53ec427de7f116ca37f762ec400b9ee6e7454f959b,gx-no-cache=1515672791143 HTTP/1.1" 200 30
186.67.172.234 - - [11/Jan/2018:09:13:59 -0300] "GET /cormun/servlet/solicitudotadjuntos?100295869f41d54472b7a07752b539a9e910d4ccb6cd418c7d93ea0c3fe76f86,gx-no-cache=1515672797970 HTTP/1.1" 200 30
186.67.172.234 - - [11/Jan/2018:09:13:59 -0300] "GET /cormun/servlet/solicitudotadjuntos?100295869f41d54472b7a07752b539a9e910d4ccb6cd418c7d93ea0c3fe76f86,gx-no-cache=1515672797981 HTTP/1.1" 200 30
186.67.172.234 - - [11/Jan/2018:09:13:59 -0300] "POST /cormun/servlet/solicitudotadjuntos?6a45060ea41b8c4e5adc1453320c42a0,INS,2018,8403,,1, HTTP/1.1" 200 116
186.67.172.234 - - [11/Jan/2018:09:13:59 -0300] "GET /cormun/servlet/hpexe_return? HTTP/1.1" 200 1030
186.67.172.234 - - [11/Jan/2018:09:13:59 -0300] "GET /cormun/servlet/trsolicitudadjuntos?2018,8403, HTTP/1.1" 200 8625
186.67.172.234 - - [11/Jan/2018:09:14:00 -0300] "GET /cormun/servlet/trsolicitudadjuntos?2018,8403, HTTP/1.1" 200 8620
200.112.4.188 - - [11/Jan/2018:09:14:01 -0300] "POST /cormun/servlet/solicitudot?gx-no-cache=1515672804366 HTTP/1.1" 200 30
186.67.172.234 - - [11/Jan/2018:09:14:03 -0300] "GET /cormun/servlet/solicitudotadjuntos?INS,2018,8403,,1, HTTP/1.1" 200 6267
186.67.172.234 - - [11/Jan/2018:09:14:03 -0300] "GET /cormun/static/about:blank HTTP/1.1" 404 1011
186.67.172.234 - - [11/Jan/2018:09:14:03 -0300] "GET /cormun/servlet/solicitudotadjuntos?INS,2018,8403,,1, HTTP/1.1" 200 6260
200.112.4.188 - - [11/Jan/2018:09:14:04 -0300] "POST /cormun/servlet/solicitudot?gx-no-cache=1515672807063 HTTP/1.1" 200 1357
200.112.4.188 - - [11/Jan/2018:09:14:04 -0300] "POST /cormun/servlet/solicitudot?gx-no-cache=1515672807184 HTTP/1.1" 200 38
186.67.172.234 - - [11/Jan/2018:09:14:04 -0300] "GET /cormun/servlet/solicitudotadjuntos?100295869f41d54472b7a07752b539a98e4009a238a008d0ef5cf607d3c8c2d06b3e00663072091a04ef996ceeb610f7,gx-no-cache=1515672802856 HTTP/1.1" 200 30
186.67.172.234 - - [11/Jan/2018:09:14:04 -0300] "POST /cormun/servlet/solicitudotadjuntos?6a45060ea41b8c4e5adc1453320c42a0,INS,2018,8403,,1,,gx-no-cache=1515672802876 HTTP/1.1" 200 4023
186.67.172.234 - - [11/Jan/2018:09:14:05 -0300] "POST /cormun/servlet/solicitudotadjuntos?gx-no-cache=1515672804241 HTTP/1.1" 200 26
186.67.172.234 - - [11/Jan/2018:09:14:14 -0300] "GET /cormun/servlet/solicitudotadjuntos?100295869f41d54472b7a07752b539a9e910d4ccb6cd418c7d93ea0c3fe76f86,gx-no-cache=1515672812697 HTTP/1.1" 200 30
186.67.172.234 - - [11/Jan/2018:09:14:14 -0300] "GET /cormun/servlet/solicitudotadjuntos?100295869f41d54472b7a07752b539a9e910d4ccb6cd418c7d93ea0c3fe76f86,gx-no-cache=1515672812708 HTTP/1.1" 200 30
192.168.10.89 - - [11/Jan/2018:09:14:14 -0300] "POST /cormun/servlet/hlogin?c27d638c1596dc0b994e2194805d7f53,gx-no-cache=1515672714148 HTTP/1.1" 200 453
186.67.172.234 - - [11/Jan/2018:09:14:14 -0300] "POST /cormun/servlet/solicitudotadjuntos?6a45060ea41b8c4e5adc1453320c42a0,INS,2018,8403,,1, HTTP/1.1" 200 116
186.67.172.234 - - [11/Jan/2018:09:14:14 -0300] "GET /cormun/servlet/hpexe_return? HTTP/1.1" 200 1030
186.67.172.234 - - [11/Jan/2018:09:14:14 -0300] "GET /cormun/servlet/trsolicitudadjuntos?2018,8403, HTTP/1.1" 200 8820
186.67.172.234 - - [11/Jan/2018:09:14:15 -0300] "GET /cormun/servlet/trsolicitudadjuntos?2018,8403, HTTP/1.1" 200 8818
186.67.172.234 - - [11/Jan/2018:09:14:17 -0300] "GET /cormun/servlet/solicitudotadjuntos?INS,2018,8403,,1, HTTP/1.1" 200 6267
186.67.172.234 - - [11/Jan/2018:09:14:17 -0300] "GET /cormun/static/about:blank HTTP/1.1" 404 1011
186.67.172.234 - - [11/Jan/2018:09:14:17 -0300] "GET /cormun/servlet/solicitudotadjuntos?INS,2018,8403,,1, HTTP/1.1" 200 6260
186.67.172.234 - - [11/Jan/2018:09:14:18 -0300] "GET /cormun/servlet/solicitudotadjuntos?100295869f41d54472b7a07752b539a98e4009a238a008d0ef5cf607d3c8c2d06b3e00663072091a04ef996ceeb610f7,gx-no-cache=1515672816786 HTTP/1.1" 200 30
192.168.10.89 - - [11/Jan/2018:09:14:18 -0300] "POST /cormun/servlet/hlogin?c27d638c1596dc0b994e2194805d7f53,gx-no-cache=1515672717906 HTTP/1.1" 200 90
192.168.10.89 - - [11/Jan/2018:09:14:18 -0300] "GET /cormun/servlet/hpexe_link HTTP/1.1" 200 949
186.67.172.234 - - [11/Jan/2018:09:14:18 -0300] "POST /cormun/servlet/solicitudotadjuntos?6a45060ea41b8c4e5adc1453320c42a0,INS,2018,8403,,1,,gx-no-cache=1515672816806 HTTP/1.1" 200 4023
192.168.10.89 - - [11/Jan/2018:09:14:18 -0300] "GET /cormun/servlet/hhome HTTP/1.1" 200 4216
186.67.172.234 - - [11/Jan/2018:09:14:20 -0300] "POST /cormun/servlet/solicitudotadjuntos?gx-no-cache=1515672818776 HTTP/1.1" 200 26
192.168.10.89 - - [11/Jan/2018:09:14:22 -0300] "GET /cormun/servlet/trautorizarsolicitud? HTTP/1.1" 200 7332
192.168.10.89 - - [11/Jan/2018:09:14:22 -0300] "GET /cormun/static/gxcfg.js?2017111423403364 HTTP/1.1" 200 953
192.168.10.89 - - [11/Jan/2018:09:14:22 -0300] "GET /cormun/static/trautorizarsolicitud.js?201711142340425 HTTP/1.1" 200 53910
192.168.10.89 - - [11/Jan/2018:09:14:26 -0300] "GET /cormun/static/menuarrow.gif HTTP/1.1" 404 1015
186.67.172.234 - - [11/Jan/2018:09:14:27 -0300] "GET /cormun/servlet/solicitudotadjuntos?100295869f41d54472b7a07752b539a9e910d4ccb6cd418c7d93ea0c3fe76f86,gx-no-cache=1515672826521 HTTP/1.1" 200 30
186.67.172.234 - - [11/Jan/2018:09:14:27 -0300] "GET /cormun/servlet/solicitudotadjuntos?100295869f41d54472b7a07752b539a9e910d4ccb6cd418c7d93ea0c3fe76f86,gx-no-cache=1515672826532 HTTP/1.1" 200 30
186.67.172.234 - - [11/Jan/2018:09:14:28 -0300] "POST /cormun/servlet/solicitudotadjuntos?6a45060ea41b8c4e5adc1453320c42a0,INS,2018,8403,,1, HTTP/1.1" 200 116
186.67.172.234 - - [11/Jan/2018:09:14:28 -0300] "GET /cormun/servlet/hpexe_return? HTTP/1.1" 200 1030
186.67.172.234 - - [11/Jan/2018:09:14:28 -0300] "GET /cormun/servlet/trsolicitudadjuntos?2018,8403, HTTP/1.1" 200 8994
186.67.172.234 - - [11/Jan/2018:09:14:29 -0300] "GET /cormun/servlet/trsolicitudadjuntos?2018,8403, HTTP/1.1" 200 8992
186.67.172.234 - - [11/Jan/2018:09:14:31 -0300] "GET /cormun/servlet/solicitudotadjuntos?INS,2018,8403,,1, HTTP/1.1" 200 6267
192.168.10.89 - - [11/Jan/2018:09:14:31 -0300] "POST /cormun/servlet/trautorizarsolicitud?c27d638c1596dc0b994e2194805d7f53,,gx-no-cache=1515672731365 HTTP/1.1" 200 4391
186.67.172.234 - - [11/Jan/2018:09:14:31 -0300] "GET /cormun/static/about:blank HTTP/1.1" 404 1011
186.67.172.234 - - [11/Jan/2018:09:14:31 -0300] "GET /cormun/servlet/solicitudotadjuntos?INS,2018,8403,,1, HTTP/1.1" 200 6260
186.67.172.234 - - [11/Jan/2018:09:14:32 -0300] "GET /cormun/servlet/solicitudotadjuntos?100295869f41d54472b7a07752b539a98e4009a238a008d0ef5cf607d3c8c2d06b3e00663072091a04ef996ceeb610f7,gx-no-cache=1515672831001 HTTP/1.1" 200 30
186.67.172.234 - - [11/Jan/2018:09:14:32 -0300] "POST /cormun/servlet/solicitudotadjuntos?6a45060ea41b8c4e5adc1453320c42a0,INS,2018,8403,,1,,gx-no-cache=1515672831035 HTTP/1.1" 200 4023
192.168.10.89 - - [11/Jan/2018:09:14:33 -0300] "GET /cormun/servlet/trsolicitudot? HTTP/1.1" 200 8768
192.168.10.89 - - [11/Jan/2018:09:14:33 -0300] "GET /cormun/static/gxcfg.js?2017111422585916 HTTP/1.1" 304 -
192.168.10.89 - - [11/Jan/2018:09:14:34 -0300] "GET /cormun//static/Resources/PXTools/ActionInsert.png HTTP/1.1" 200 1482
186.67.172.234 - - [11/Jan/2018:09:14:35 -0300] "POST /cormun/servlet/solicitudotadjuntos?gx-no-cache=1515672834064 HTTP/1.1" 200 26
186.67.172.234 - - [11/Jan/2018:09:14:42 -0300] "GET /cormun/servlet/solicitudotadjuntos?100295869f41d54472b7a07752b539a9e910d4ccb6cd418c7d93ea0c3fe76f86,gx-no-cache=1515672840665 HTTP/1.1" 200 30
186.67.172.234 - - [11/Jan/2018:09:14:42 -0300] "GET /cormun/servlet/solicitudotadjuntos?100295869f41d54472b7a07752b539a9e910d4ccb6cd418c7d93ea0c3fe76f86,gx-no-cache=1515672840675 HTTP/1.1" 200 30
186.67.172.234 - - [11/Jan/2018:09:14:42 -0300] "POST /cormun/servlet/solicitudotadjuntos?6a45060ea41b8c4e5adc1453320c42a0,INS,2018,8403,,1, HTTP/1.1" 200 116
186.67.172.234 - - [11/Jan/2018:09:14:42 -0300] "GET /cormun/servlet/hpexe_return? HTTP/1.1" 200 1030
186.67.172.234 - - [11/Jan/2018:09:14:42 -0300] "GET /cormun/servlet/trsolicitudadjuntos?2018,8403, HTTP/1.1" 200 9174
186.67.172.234 - - [11/Jan/2018:09:14:43 -0300] "GET /cormun/servlet/trsolicitudadjuntos?2018,8403, HTTP/1.1" 200 9171
200.112.48.103 - - [11/Jan/2018:09:14:44 -0300] "GET /cormun/servlet/trsolicitudot? HTTP/1.1" 200 7441
186.67.172.234 - - [11/Jan/2018:09:14:45 -0300] "GET /cormun/servlet/solicitudotadjuntos?INS,2018,8403,,1, HTTP/1.1" 200 6267
186.67.172.234 - - [11/Jan/2018:09:14:45 -0300] "GET /cormun/static/about:blank HTTP/1.1" 404 1011
186.67.172.234 - - [11/Jan/2018:09:14:45 -0300] "GET /cormun/servlet/solicitudotadjuntos?INS,2018,8403,,1, HTTP/1.1" 200 6260
186.67.172.234 - - [11/Jan/2018:09:14:46 -0300] "GET /cormun/servlet/solicitudotadjuntos?100295869f41d54472b7a07752b539a98e4009a238a008d0ef5cf607d3c8c2d06b3e00663072091a04ef996ceeb610f7,gx-no-cache=1515672844876 HTTP/1.1" 200 30
186.67.172.234 - - [11/Jan/2018:09:14:46 -0300] "POST /cormun/servlet/solicitudotadjuntos?6a45060ea41b8c4e5adc1453320c42a0,INS,2018,8403,,1,,gx-no-cache=1515672844898 HTTP/1.1" 200 4023
200.112.4.188 - - [11/Jan/2018:09:14:51 -0300] "GET /cormun/servlet/solicitudot?0ef28dfdcd90dde18e575c1415baee1459fa5559b2e9cef4ce0de18385c073f77998582a99cb1cf3cdf4b1bc8a907b6323b4c4c9ad065f8a4766819ee2f445a38a6732c2dbccedb23984df3a998300f99b0a7ed7c612955898c43c960fcfdd3dec09db83b2111296df354bd840d2e7ef,gx-no-cache=1515672853927 HTTP/1.1" 200 29
200.112.4.188 - - [11/Jan/2018:09:14:51 -0300] "POST /cormun/servlet/solicitudot?gx-no-cache=1515672854064 HTTP/1.1" 200 221
200.112.4.188 - - [11/Jan/2018:09:14:51 -0300] "GET /cormun/servlet/solicitudot?0ef28dfdcd90dde18e575c1415baee142eec0421c4fbe36328527318ba8d1288e5c58558b4feb03e307142c88025fbc1689ecf77d724299082f4e6c8bbfa8426841e14addbabbd947fb5c4f92b1b86a236f2ffba891440f08dddf21643f54aed7998582a99cb1cf3cdf4b1bc8a907b634f41cda70e1ac180a6d8829e9f85ab23dd477fd5a1c68b400fd8e3b6afcbee36,gx-no-cache=1515672854269 HTTP/1.1" 200 55
200.112.4.188 - - [11/Jan/2018:09:14:51 -0300] "GET /cormun/static/menuarrow.gif HTTP/1.1" 404 1015
186.67.172.234 - - [11/Jan/2018:09:14:51 -0300] "POST /cormun/servlet/solicitudotadjuntos?gx-no-cache=1515672850463 HTTP/1.1" 200 26
186.103.159.44 - - [11/Jan/2018:09:14:52 -0300] "POST /cormun/servlet/solicitudot?gx-no-cache=1515672854583 HTTP/1.1" 200 297
186.103.159.44 - - [11/Jan/2018:09:14:52 -0300] "GET /cormun/servlet/solicitudot?93f5696ec6af881851328fe3ede9ab9aca178af43d1cb26f41301a94ab398fca0b22b85dfe27d28483d8b5f1ee354a939fa7114163a8dcb9d6f0ae5cc649eb6d06021dc8c0909d2873336f4766f517396e00b0e497829e810b4e23e219a1b793600802f6a441845f1459692f352738711e3044006bda95eb7703312891e587ec6e4bdaff2d8efdd3c7e6c08920ca6d4e84f69498e9b45028094e1fa01c6142a22c3db5dafe86d76a5d0a424bb4b61e6758bf7ef69fe05f4685ce04666d6294fffc8ea7afafaf6176adbcc2cd4fb6cd3bcf42f6c0fa19e9d7884afaadfd9e92630d6bf05bed45f917466ba90f6a2f42f9c1b1228b197a5dea8a04075a08697d1cdc727155fc5a866893dae2f83b783b5842a3bdba83ac3a4faacae8576c640b33caa5f55f3982e24d722bbf96a623f0da0d6f9c87d091b2430ef3c239c4781c46d1c686c4ee0dc1173abfdac28d071255bd318eda5f800c733ba190bd04905c1398f9e011fc30215dfa213601ddd43c2a01cc0a8ac0d318ea8e212abdfb31d2bf76d385971690d3c3e10ab3ac296fcbe6,gx-no-cache=1515672854633 HTTP/1.1" 200 30
200.112.4.188 - - [11/Jan/2018:09:14:53 -0300] "POST /cormun/servlet/solicitudot?gx-no-cache=1515672856748 HTTP/1.1" 200 217
200.112.4.188 - - [11/Jan/2018:09:14:53 -0300] "GET /cormun/servlet/solicitudot?0ef28dfdcd90dde18e575c1415baee142eec0421c4fbe36328527318ba8d1288e5c58558b4feb03e307142c88025fbc1689ecf77d724299082f4e6c8bbfa8426841e14addbabbd947fb5c4f92b1b86a236f2ffba891440f08dddf21643f54aed7998582a99cb1cf3cdf4b1bc8a907b634f41cda70e1ac180a6d8829e9f85ab23dd477fd5a1c68b400fd8e3b6afcbee36,gx-no-cache=1515672856847 HTTP/1.1" 200 55
186.103.159.44 - - [11/Jan/2018:09:14:56 -0300] "POST /cormun/servlet/solicitudot?gx-no-cache=1515672858205 HTTP/1.1" 200 30
186.79.214.243 - - [11/Jan/2018:09:15:03 -0300] "POST /cormun/servlet/solicitudotcontratos?cb379fd8ac43bd863b60af31387d1183,INS,2018,0,8113317,4,2,2017,1813,NADA,201711,37,B,,gx-no-cache=1515672863326 HTTP/1.1" 200 10793
186.79.214.243 - - [11/Jan/2018:09:15:04 -0300] "POST /cormun/servlet/solicitudotcontratos?gx-no-cache=1515672863853 HTTP/1.1" 200 1342
186.79.214.243 - - [11/Jan/2018:09:15:04 -0300] "POST /cormun/servlet/solicitudotcontratos?gx-no-cache=1515672864042 HTTP/1.1" 200 1221
186.79.214.243 - - [11/Jan/2018:09:15:04 -0300] "GET /cormun/servlet/solicitudotcontratos?9bbe363bed419443060d1961d87e5cbce1e5e540d077a66029ccb5f2cbff160cbfecf3a62604552c51f1381d6fed87a6c56c725780458a3c5aa61998e7a71988ae85be1619d88b35d0ccd323f654b811548ad9d5eb5e5e8789577b67296d407a1e5bb5e689499f000e8a3ca609f32253cf90f5d2b4813454d358bf5baf0a4bf2,gx-no-cache=1515672864194 HTTP/1.1" 200 30
186.79.214.243 - - [11/Jan/2018:09:15:04 -0300] "POST /cormun/servlet/solicitudotcontratos?cb379fd8ac43bd863b60af31387d1183,INS,2018,0,8113317,4,2,2017,1813,NADA,201711,37,B,,gx-no-cache=1515672864254 HTTP/1.1" 200 93
186.79.214.243 - - [11/Jan/2018:09:15:05 -0300] "GET /cormun/servlet/hpexe_return? HTTP/1.1" 200 1043
186.79.214.243 - - [11/Jan/2018:09:15:05 -0300] "GET /cormun/servlet/trcontratosolicitud HTTP/1.1" 200 14583
186.79.214.243 - - [11/Jan/2018:09:15:05 -0300] "GET /cormun/servlet/trcontratosolicitud HTTP/1.1" 200 14572
200.112.48.103 - - [11/Jan/2018:09:15:06 -0300] "POST /cormun/servlet/trsolicitudot?bc2325251ecf88339ac469bc6bd5f685,,gx-no-cache=1515672864077 HTTP/1.1" 200 4479
186.67.172.234 - - [11/Jan/2018:09:15:14 -0300] "GET /cormun/servlet/solicitudotadjuntos?100295869f41d54472b7a07752b539a9e910d4ccb6cd418c7d93ea0c3fe76f86,gx-no-cache=1515672873288 HTTP/1.1" 200 30
186.67.172.234 - - [11/Jan/2018:09:15:14 -0300] "GET /cormun/servlet/solicitudotadjuntos?100295869f41d54472b7a07752b539a9e910d4ccb6cd418c7d93ea0c3fe76f86,gx-no-cache=1515672873306 HTTP/1.1" 200 30
200.112.48.103 - - [11/Jan/2018:09:15:15 -0300] "GET /cormun/servlet/trsolicitudot? HTTP/1.1" 200 7441
186.103.159.44 - - [11/Jan/2018:09:15:15 -0300] "POST /cormun/servlet/solicitudot?gx-no-cache=1515672877186 HTTP/1.1" 200 1353
186.103.159.44 - - [11/Jan/2018:09:15:15 -0300] "POST /cormun/servlet/solicitudot?gx-no-cache=1515672877375 HTTP/1.1" 200 38
186.67.172.234 - - [11/Jan/2018:09:15:15 -0300] "POST /cormun/servlet/solicitudotadjuntos?6a45060ea41b8c4e5adc1453320c42a0,INS,2018,8403,,1, HTTP/1.1" 200 116
186.67.172.234 - - [11/Jan/2018:09:15:15 -0300] "GET /cormun/servlet/hpexe_return? HTTP/1.1" 200 1030
186.67.172.234 - - [11/Jan/2018:09:15:16 -0300] "GET /cormun/servlet/trsolicitudadjuntos?2018,8403, HTTP/1.1" 200 9352
186.67.172.234 - - [11/Jan/2018:09:15:16 -0300] "GET /cormun/servlet/trsolicitudadjuntos?2018,8403, HTTP/1.1" 200 9349
200.112.48.103 - - [11/Jan/2018:09:15:19 -0300] "POST /cormun/servlet/trsolicitudot?bc2325251ecf88339ac469bc6bd5f685,,gx-no-cache=1515672877101 HTTP/1.1" 200 4475
186.67.172.234 - - [11/Jan/2018:09:15:19 -0300] "GET /cormun/servlet/solicitudotadjuntos?INS,2018,8403,,1, HTTP/1.1" 200 6267
186.67.172.234 - - [11/Jan/2018:09:15:19 -0300] "GET /cormun/static/about:blank HTTP/1.1" 404 1011
