192.168.10.99 - - [11/Jan/2018:10:40:42 -0300] "POST /cormun/servlet/trsolicitudot?6750cd6e0452e3000e5bf7a03b3ce203,gx-no-cache=1515677902015 HTTP/1.1" 200 106
192.168.10.99 - - [11/Jan/2018:10:40:42 -0300] "GET /cormun/servlet/solicitudot?UPD,2018,8597, HTTP/1.1" 200 14633
186.103.157.246 - - [11/Jan/2018:10:40:43 -0300] "GET /cormun/servlet/solicitudotcontratos?INS,2018,0,12913038,5,6,2017,1801,NADA,201711,2,B, HTTP/1.1" 200 9920
192.168.10.99 - - [11/Jan/2018:10:40:43 -0300] "GET /cormun/servlet/solicitudot?UPD,2018,8597, HTTP/1.1" 200 14642
186.103.157.246 - - [11/Jan/2018:10:40:43 -0300] "GET /cormun/servlet/solicitudotcontratos?6f5416e8acb3c2035c9a1768e29e8957107dcff30f89dda8bc3e8b964850fe4913935e04b328781b1e7e7aabef059038,gx-no-cache=1515678005062 HTTP/1.1" 200 30
186.103.157.246 - - [11/Jan/2018:10:40:43 -0300] "GET /cormun/servlet/solicitudotcontratos?6f5416e8acb3c2035c9a1768e29e8957151acbb3b5eac827adad21da1434f07211c926484e1cce67c77db873b63feb0d,gx-no-cache=1515678005105 HTTP/1.1" 200 30
186.103.157.246 - - [11/Jan/2018:10:40:43 -0300] "GET /cormun/servlet/solicitudotcontratos?6f5416e8acb3c2035c9a1768e29e89578a0aece470f94e64920f792df9aaaafc99bfb324a7681eabbea43df96cfee010bcd98679a753a1839969145ca803a03f4c769615dc9fa223876092b537b98a9b733c349893e02d46be9beb90a2034e8102938ba5a3584bb0a6494db79e04cdaaad51d942b71e4daff1819f94a36dfe52,gx-no-cache=1515678005132 HTTP/1.1" 200 50
192.168.10.99 - - [11/Jan/2018:10:40:43 -0300] "POST /cormun/servlet/solicitudot?gx-no-cache=1515677903121 HTTP/1.1" 200 3810
186.103.157.246 - - [11/Jan/2018:10:40:43 -0300] "GET /cormun/servlet/solicitudotcontratos?6f5416e8acb3c2035c9a1768e29e8957aba5aa1704ae7ff6966e3549c0cb9040610e918fbc8c4666be65e5ce145d8614,gx-no-cache=1515678005169 HTTP/1.1" 200 30
186.103.157.246 - - [11/Jan/2018:10:40:43 -0300] "GET /cormun/servlet/solicitudotcontratos?6f5416e8acb3c2035c9a1768e29e89576f1f4f03656227979594fa9ac10d0a913bdc460c51d94dd7dd4b82249a07cdd319d2352526cd3c4c49dbca3e476c063e610173c2a68e31aeab457fd3d2169ab87d54d020d05d613ee5e69a8a061370cf92f86765d0285ea716341dadffc8364c,gx-no-cache=1515678005208 HTTP/1.1" 200 30
186.103.157.246 - - [11/Jan/2018:10:40:43 -0300] "GET /cormun/servlet/solicitudotcontratos?6f5416e8acb3c2035c9a1768e29e8957af7edc15546a5eaddd780dbbe6be2ea6e57a98890adc6181787686f80c37ad2f9f12b35e31385676cf13565e47e857228c359afbc6c88d04956c74d4bdb2c010895ced1f53f61f1299df5862eb2c816fec3d476f2ff7582bac5d830d7a67b72fa33986d6530db16726621dc7a49d4a8bbf99ff72672cd97d6f6adcd1f0c9ea0fd93056fb30f1b473adb61d8ceac338a004a4d48135216db27e471333ac7901ac9ba23762ed1ba9186ad220c6959306940d955c06a26c915b693bbf8d0eff90acd1ea8503fb3b890142f056e505329e808a4cae690179bda457967a1c7c74cedbb172bfedd651503e9b566c606f5349cc3dcb1d9245a9e1bd73e2819c6765bcf5577c757c8ee7e71b9b9e104e080a432810f3f2fbe43e85617fd540d3796be93bc6613f09ab5957958407f7852f07d730b4a2a26fa6bc4da72890084df24848d56a0bc06c86f71f9befc9931705050e07b38dbd8651406f73721b7d2e9c2e70c5c7980836f96161d1c717270b15573c269fda2ddd5ff3dbbb633dcb64ec32ada0abce45cddb669c30e72b7276c4dabcd60e92f05bc87029a8d574821bee0b20e37b09d681b9f4d6fc5e429628cee123e87261c425ecb05936ddd1126e9852c7f72bc0084ea40fa5e194937f96091bb841ac102bbd6665df9a658172117c395279abce45cddb669c30e72b7276c4dabcd6be6a8503a50caa52189144fcda90fd9b207f28daa02be4b60c8c4a6bfefc2b177d95f62fbae628ed37fa14e4101d366c39fd62b6d1534a732cb1139d337a42d1,gx-no-cache=1515678005256 HTTP/1.1" 200 72
192.168.10.99 - - [11/Jan/2018:10:40:43 -0300] "POST /cormun/servlet/solicitudot?6750cd6e0452e3000e5bf7a03b3ce203,UPD,2018,8597,,gx-no-cache=1515677903271 HTTP/1.1" 200 11126
192.168.10.99 - - [11/Jan/2018:10:40:43 -0300] "GET /cormun/servlet/solicitudot?ee0ff0b63da5474c4ad98a9f8191ba238c1cae8adb502b336d38b1a415bcab71520136f49d1405e24d98b4a95a49f772,gx-no-cache=1515677903522 HTTP/1.1" 200 30
192.168.10.99 - - [11/Jan/2018:10:40:43 -0300] "POST /cormun/servlet/solicitudot?gx-no-cache=1515677903563 HTTP/1.1" 200 43
192.168.10.99 - - [11/Jan/2018:10:40:44 -0300] "POST /cormun/servlet/solicitudot?gx-no-cache=1515677903585 HTTP/1.1" 200 254
192.168.10.99 - - [11/Jan/2018:10:40:44 -0300] "GET /cormun/servlet/solicitudot?ee0ff0b63da5474c4ad98a9f8191ba23e600c24399a3a283b6f816e1c0936d1fb9fb73636a948b57714cac51e80c38a773150ae342baf663c324584fed219e220fabc049cac1b16de7f2645ffba34b672e5d2966cfe19da054b7320d90475f761c2f37a90d7dcf0cb96457724583ec3b3d7d682648dea66faf0aaaeb54ef4d9ed4914d8f5f1fd4570a68d1c456526d96007f30fd2e39374200a00bbb41ff466ab6643d16f67c40f3c52b5e083a80ceadf3660b52871075321050652be58a5b91e1df9cd52085791d793f47f6fb8f27a01479b4ea8ef2b10d1eea6d6ea4bc4045f6ba8ee2c966c81d16d9107a5a933cb1dc1738b716ba608e6afc4699bd8a97a8f27873f40e799afcb68d11eabb1316f92a5a65ec80dcdefcef7d3124372257a59505e762b4cb9b9e03714d0bd2140971645ab0189e06c82bc257defc962ead39ef523a1b22fdd008e23399c8e44306dbdeb01c2f90624c2014da6415918f0e260cda1ea7fd63db6dfadd0e7ecd49e98eb15eda15d457c47660729b453e2a0d76,gx-no-cache=1515677903616 HTTP/1.1" 200 30
192.168.10.99 - - [11/Jan/2018:10:40:44 -0300] "POST /cormun/servlet/solicitudot?gx-no-cache=1515677903638 HTTP/1.1" 200 30
192.168.10.99 - - [11/Jan/2018:10:40:44 -0300] "POST /cormun/servlet/solicitudot?gx-no-cache=1515677903669 HTTP/1.1" 200 231
192.168.10.99 - - [11/Jan/2018:10:40:44 -0300] "POST /cormun/servlet/solicitudot?gx-no-cache=1515677903713 HTTP/1.1" 200 41
192.168.10.99 - - [11/Jan/2018:10:40:46 -0300] "GET /cormun/servlet/solicitudot?ee0ff0b63da5474c4ad98a9f8191ba2312ffb1be1d85c6009af01609459ab58eee05e0fc3a4706b1db253b6c6f20f2c9f2c99f7a1978acb8b5ab72496cd9155ce73cea51474283b6839692c52b547d2841e699a5005a653c7426220e3a19c5d71d2a163b05f72e7a17a50463209b7e20d17e0b0161d52f5833c225714ab89b890f32ed934e3108971a29cf2d2e8e8f24d6103abbd80dc32c729b62326c6bd346,gx-no-cache=1515677905734 HTTP/1.1" 200 29
192.168.10.99 - - [11/Jan/2018:10:40:46 -0300] "POST /cormun/servlet/solicitudot?gx-no-cache=1515677905757 HTTP/1.1" 200 217
192.168.10.99 - - [11/Jan/2018:10:40:46 -0300] "GET /cormun/servlet/solicitudot?ee0ff0b63da5474c4ad98a9f8191ba235bc4c9905adfe7394956765628ffdc3e758d0ea8c7f9990a7adbe3125386f585f27873f40e799afcb68d11eabb1316f95b83e5d4de425c61320f4b9d50003d563611d76a11aeaacde49abe5a288c6be051007f4c15616e37ce3972120dd9107c07c9b045bf368bcb6a72636977240a72db71c2e4d5bbd4479f35167a12afeb650881b8e0fd3ee898114cf3031e38fd54,gx-no-cache=1515677905786 HTTP/1.1" 200 55
186.103.159.189 - - [11/Jan/2018:10:40:50 -0300] "GET /cormun/static/menuarrow.gif HTTP/1.1" 404 1015
192.168.10.99 - - [11/Jan/2018:10:40:53 -0300] "GET /cormun/servlet/solicitudot?ee0ff0b63da5474c4ad98a9f8191ba2312ffb1be1d85c6009af01609459ab58eee05e0fc3a4706b1db253b6c6f20f2c9f2c99f7a1978acb8b5ab72496cd9155ce73cea51474283b6839692c52b547d2841e699a5005a653c7426220e3a19c5d71d2a163b05f72e7a17a50463209b7e20d17e0b0161d52f5833c225714ab89b890f32ed934e3108971a29cf2d2e8e8f24d6103abbd80dc32c729b62326c6bd346,gx-no-cache=1515677913049 HTTP/1.1" 200 29
192.168.10.99 - - [11/Jan/2018:10:40:53 -0300] "POST /cormun/servlet/solicitudot?gx-no-cache=1515677913081 HTTP/1.1" 200 217
192.168.10.99 - - [11/Jan/2018:10:40:53 -0300] "GET /cormun/servlet/solicitudot?ee0ff0b63da5474c4ad98a9f8191ba235bc4c9905adfe7394956765628ffdc3e758d0ea8c7f9990a7adbe3125386f585f27873f40e799afcb68d11eabb1316f95b83e5d4de425c61320f4b9d50003d563611d76a11aeaacde49abe5a288c6be051007f4c15616e37ce3972120dd9107c07c9b045bf368bcb6a72636977240a72db71c2e4d5bbd4479f35167a12afeb650881b8e0fd3ee898114cf3031e38fd54,gx-no-cache=1515677913112 HTTP/1.1" 200 55
192.168.10.99 - - [11/Jan/2018:10:40:57 -0300] "POST /cormun/servlet/solicitudot?6750cd6e0452e3000e5bf7a03b3ce203,UPD,2018,8597,,gx-no-cache=1515677917120 HTTP/1.1" 200 93
192.168.10.99 - - [11/Jan/2018:10:40:57 -0300] "GET /cormun/servlet/hpexe_return? HTTP/1.1" 200 1009
192.168.10.99 - - [11/Jan/2018:10:40:57 -0300] "GET /cormun/servlet/trsolicitudot HTTP/1.1" 200 13269
192.168.10.99 - - [11/Jan/2018:10:40:58 -0300] "GET /cormun/servlet/trsolicitudot HTTP/1.1" 200 13264
186.103.159.189 - - [11/Jan/2018:10:40:58 -0300] "GET /cormun/servlet/solicitudot?4f5d1eb59b741b78f7f6e2fb72aa96dad337ed4c0ff81089dbb7a5793ccb16b7aec226b04fc6ba0c5f18f8037695d12d,gx-no-cache=1515681616260 HTTP/1.1" 200 30
186.103.157.246 - - [11/Jan/2018:10:41:02 -0300] "POST /cormun/servlet/solicitudotcontratos?1f55de11b821978a7feb820cebb20c07,INS,2018,0,12913038,5,6,2017,1801,NADA,201711,2,B,,gx-no-cache=1515678023970 HTTP/1.1" 200 10799
186.103.157.246 - - [11/Jan/2018:10:41:02 -0300] "POST /cormun/servlet/solicitudotcontratos?gx-no-cache=1515678024255 HTTP/1.1" 200 1342
186.103.157.246 - - [11/Jan/2018:10:41:02 -0300] "POST /cormun/servlet/solicitudotcontratos?gx-no-cache=1515678024326 HTTP/1.1" 200 1221
186.103.157.246 - - [11/Jan/2018:10:41:02 -0300] "GET /cormun/servlet/solicitudotcontratos?6f5416e8acb3c2035c9a1768e29e89573daa69179b542a6e8f98c6e9dedb4c4098b87b72664ae671a80c54a6eb37c77347465cfd97ed5fa3cc988f1ea6097cb13a275c3d53dc22754889afcf6c8855d9932ca7242efe873aaf4969958e2addaf58da12fa27b52e07378358274d51bd85664d06230f293b689c0dc152f1f802af,gx-no-cache=1515678024384 HTTP/1.1" 200 30
186.103.157.246 - - [11/Jan/2018:10:41:03 -0300] "POST /cormun/servlet/solicitudotcontratos?1f55de11b821978a7feb820cebb20c07,INS,2018,0,12913038,5,6,2017,1801,NADA,201711,2,B,,gx-no-cache=1515678024430 HTTP/1.1" 200 93
186.103.157.246 - - [11/Jan/2018:10:41:03 -0300] "GET /cormun/servlet/hpexe_return? HTTP/1.1" 200 1041
186.103.157.246 - - [11/Jan/2018:10:41:03 -0300] "GET /cormun/servlet/trcontratosolicitud HTTP/1.1" 200 14061
186.103.157.246 - - [11/Jan/2018:10:41:04 -0300] "GET /cormun/servlet/trcontratosolicitud HTTP/1.1" 200 14063
186.79.214.243 - - [11/Jan/2018:10:41:06 -0300] "GET /cormun/servlet/trfichaempleado HTTP/1.1" 200 14556
192.168.10.99 - - [11/Jan/2018:10:41:08 -0300] "POST /cormun/servlet/trsolicitudot?6750cd6e0452e3000e5bf7a03b3ce203,gx-no-cache=1515677927928 HTTP/1.1" 200 106
192.168.10.99 - - [11/Jan/2018:10:41:08 -0300] "GET /cormun/servlet/solicitudot?UPD,2018,8603, HTTP/1.1" 200 14655
186.103.159.189 - - [11/Jan/2018:10:41:08 -0300] "POST /cormun/servlet/solicitudot?gx-no-cache=1515681626004 HTTP/1.1" 200 30
192.168.10.99 - - [11/Jan/2018:10:41:09 -0300] "GET /cormun/servlet/solicitudot?UPD,2018,8603, HTTP/1.1" 200 14664
192.168.10.99 - - [11/Jan/2018:10:41:09 -0300] "POST /cormun/servlet/solicitudot?gx-no-cache=1515677929025 HTTP/1.1" 200 3810
192.168.10.99 - - [11/Jan/2018:10:41:09 -0300] "POST /cormun/servlet/solicitudot?6750cd6e0452e3000e5bf7a03b3ce203,UPD,2018,8603,,gx-no-cache=1515677929132 HTTP/1.1" 200 11137
192.168.10.99 - - [11/Jan/2018:10:41:09 -0300] "GET /cormun/servlet/solicitudot?ee0ff0b63da5474c4ad98a9f8191ba238c1cae8adb502b336d38b1a415bcab71520136f49d1405e24d98b4a95a49f772,gx-no-cache=1515677929339 HTTP/1.1" 200 30
192.168.10.99 - - [11/Jan/2018:10:41:09 -0300] "POST /cormun/servlet/solicitudot?gx-no-cache=1515677929372 HTTP/1.1" 200 43
192.168.10.99 - - [11/Jan/2018:10:41:09 -0300] "POST /cormun/servlet/solicitudot?gx-no-cache=1515677929396 HTTP/1.1" 200 256
192.168.10.99 - - [11/Jan/2018:10:41:09 -0300] "GET /cormun/servlet/solicitudot?ee0ff0b63da5474c4ad98a9f8191ba23e600c24399a3a283b6f816e1c0936d1fb9fb73636a948b57714cac51e80c38a773150ae342baf663c324584fed219e220fabc049cac1b16de7f2645ffba34b672e5d2966cfe19da054b7320d90475f761c2f37a90d7dcf0cb96457724583ec3b3d7d682648dea66faf0aaaeb54ef4d9ed4914d8f5f1fd4570a68d1c456526d96007f30fd2e39374200a00bbb41ff466ab6643d16f67c40f3c52b5e083a80ceadf3660b52871075321050652be58a5b91e1df9cd52085791d793f47f6fb8f27a01479b4ea8ef2b10d1eea6d6ea4bc4045f6ba8ee2c966c81d16d9107a5a933cb1dc1738b716ba608e6afc4699bd8a97a8f27873f40e799afcb68d11eabb1316f92a5a65ec80dcdefcef7d3124372257a59505e762b4cb9b9e03714d0bd2140971645ab0189e06c82bc257defc962ead39ef523a1b22fdd008e23399c8e44306dbdeb01c2f90624c2014da6415918f0e260cda1ea7fd63db6dfadd0e7ecd49e98eb15eda15d457c47660729b453e2a0d76,gx-no-cache=1515677929429 HTTP/1.1" 200 30
192.168.10.99 - - [11/Jan/2018:10:41:09 -0300] "POST /cormun/servlet/solicitudot?gx-no-cache=1515677929450 HTTP/1.1" 200 30
192.168.10.99 - - [11/Jan/2018:10:41:09 -0300] "POST /cormun/servlet/solicitudot?gx-no-cache=1515677929475 HTTP/1.1" 200 232
192.168.10.99 - - [11/Jan/2018:10:41:09 -0300] "POST /cormun/servlet/solicitudot?gx-no-cache=1515677929516 HTTP/1.1" 200 41
186.103.159.189 - - [11/Jan/2018:10:41:25 -0300] "POST /cormun/servlet/solicitudot?d134df0372c1084e85d48c640caa470d,INS,0,0,,gx-no-cache=1515681642250 HTTP/1.1" 200 93
186.103.159.189 - - [11/Jan/2018:10:41:25 -0300] "GET /cormun/servlet/hpexe_return? HTTP/1.1" 200 1031
186.103.159.189 - - [11/Jan/2018:10:41:25 -0300] "GET /cormun/servlet/trsolicitudot?gx-no-cache=1515681485648 HTTP/1.1" 200 8790
186.103.159.189 - - [11/Jan/2018:10:41:27 -0300] "GET /cormun/servlet/trsolicitudot?gx-no-cache=1515681485648 HTTP/1.1" 200 8809
186.103.159.189 - - [11/Jan/2018:10:41:34 -0300] "POST /cormun/servlet/trsolicitudot?d134df0372c1084e85d48c640caa470d,gx-no-cache=1515681485648,gx-no-cache=1515681651321 HTTP/1.1" 200 4693
186.103.159.189 - - [11/Jan/2018:10:41:34 -0300] "GET /cormun/static/Shared/jqueryui/images/ui-bg_highlight-soft_100_c6c2c8_1x100.png HTTP/1.1" 404 1117
186.103.159.189 - - [11/Jan/2018:10:41:34 -0300] "GET /cormun/static/Shared/jqueryui/images/ui-icons_82798d_256x240.png HTTP/1.1" 404 1089
186.103.159.189 - - [11/Jan/2018:10:41:34 -0300] "GET /cormun/static/Shared/jqueryui/images/ui-icons_8d78a5_256x240.png HTTP/1.1" 404 1089
186.103.159.189 - - [11/Jan/2018:10:41:34 -0300] "GET /cormun/static/Shared/jqueryui/images/ui-bg_flat_55_fafafa_40x100.png HTTP/1.1" 404 1097
186.103.159.189 - - [11/Jan/2018:10:41:34 -0300] "POST /cormun/servlet/trsolicitudot?d134df0372c1084e85d48c640caa470d,gx-no-cache=1515681485648,gx-no-cache=1515681651773 HTTP/1.1" 200 4471
186.103.159.189 - - [11/Jan/2018:10:41:39 -0300] "GET /cormun/servlet/solicitudot?INS,0,0, HTTP/1.1" 200 14128
186.103.159.189 - - [11/Jan/2018:10:41:41 -0300] "GET /cormun/servlet/solicitudot?INS,0,0, HTTP/1.1" 200 14112
186.103.159.189 - - [11/Jan/2018:10:41:45 -0300] "GET /cormun/servlet/prfichaempleado?,MD,,gxPopupLevel%3D0%3B HTTP/1.1" 200 9325
186.103.159.189 - - [11/Jan/2018:10:41:55 -0300] "POST /cormun/servlet/prfichaempleado?d134df0372c1084e85d48c640caa470d,,MD,,gxPopupLevel%3D0%3B,gx-no-cache=1515681672699 HTTP/1.1" 200 3421
201.236.57.155 - - [11/Jan/2018:10:42:02 -0300] "POST /cormun/servlet/solicitudot?gx-no-cache=1515678085702 HTTP/1.1" 200 1357
201.236.57.155 - - [11/Jan/2018:10:42:03 -0300] "POST /cormun/servlet/solicitudot?gx-no-cache=1515678085943 HTTP/1.1" 200 38
201.236.57.155 - - [11/Jan/2018:10:42:08 -0300] "GET /cormun/servlet/solicitudot?6225526e56ffba6d1bc40d56d70cfe8d0e00898f9fcc29daeb9c4244d28817228939c33ae6b88aa91fa920ccad620ba762f989ff1fc7bfa02f72de892255c1ecff0affe9b07eec13448931150674641adde1d5a96f8f6529f6f3696f1f7e3f23b6c12ec3dfa178a1ed83ef24dbce16a04fa7c5088416a83a9709662a93c7787370bc8cdb56fb68bc43b1ccfbb5a2ed4c1450a4c45fca6d60207af34af2fb4add,gx-no-cache=1515678091716 HTTP/1.1" 200 29
201.236.57.155 - - [11/Jan/2018:10:42:08 -0300] "POST /cormun/servlet/solicitudot?gx-no-cache=1515678091799 HTTP/1.1" 200 220
201.236.57.155 - - [11/Jan/2018:10:42:09 -0300] "GET /cormun/servlet/solicitudot?6225526e56ffba6d1bc40d56d70cfe8dff2a917ac6a4fba9b0a2fa5292e46cc63a5c0c60f426fd36103034a81e6b0e2675cc1bd666aa03815b8b498443370558070d23290ed22359e673565099ecf40a9e44a71595148f22a518c4a9826cf5528939c33ae6b88aa91fa920ccad620ba791bc954a91dee0f378455dcfaa053001a3d989f98f8179492ce72987f7970130,gx-no-cache=1515678091971 HTTP/1.1" 200 55
186.79.214.243 - - [11/Jan/2018:10:42:11 -0300] "GET /cormun/servlet/trfichaempleado HTTP/1.1" 200 14584
186.79.214.243 - - [11/Jan/2018:10:42:11 -0300] "GET /cormun/static/gxcfg.js?20177616262612 HTTP/1.1" 200 953
186.79.214.243 - - [11/Jan/2018:10:42:11 -0300] "GET /cormun/static/trfichaempleado.js?20177616262887 HTTP/1.1" 200 22815
186.103.159.44 - - [11/Jan/2018:10:42:13 -0300] "GET /cormun/servlet/solicitudot?INS,0,0, HTTP/1.1" 200 14048
186.103.159.189 - - [11/Jan/2018:10:42:13 -0300] "POST /cormun/servlet/solicitudot?gx-no-cache=1515681691153 HTTP/1.1" 200 3853
201.236.57.155 - - [11/Jan/2018:10:42:14 -0300] "GET /cormun/servlet/solicitudot?6225526e56ffba6d1bc40d56d70cfe8d00e6b487fb4d5fe86879b8aa56eda180e70fccbba37e23e0a7cc8345b5d0099f,gx-no-cache=1515678097025 HTTP/1.1" 200 30
186.103.159.189 - - [11/Jan/2018:10:42:14 -0300] "POST /cormun/servlet/solicitudot?d134df0372c1084e85d48c640caa470d,INS,0,0,,gx-no-cache=1515681691584 HTTP/1.1" 200 11030
186.103.159.189 - - [11/Jan/2018:10:42:14 -0300] "GET /cormun/servlet/solicitudot?4f5d1eb59b741b78f7f6e2fb72aa96dae3d99b7e871f1eecd733fa3a46065cb67b1b0c16ed80656f8296726c05db943a,gx-no-cache=1515681691982 HTTP/1.1" 200 30
186.103.159.189 - - [11/Jan/2018:10:42:19 -0300] "POST /cormun/servlet/solicitudot?gx-no-cache=1515681696727 HTTP/1.1" 200 53
186.103.159.189 - - [11/Jan/2018:10:42:19 -0300] "POST /cormun/servlet/solicitudot?gx-no-cache=1515681696828 HTTP/1.1" 200 255
186.103.159.189 - - [11/Jan/2018:10:42:19 -0300] "GET /cormun/servlet/solicitudot?4f5d1eb59b741b78f7f6e2fb72aa96dafaaa4f975b22ab401f269da285c3f415b5d94a382d8c43c00b7080c36e23c3308a635f87c2a44346cfee6a6a5d295e3fc45dee0cff9e49c0ecb0766b9bbb53f813a357ea9222a2328eca3df17c7573d4f1104f8a185fbbe3ae568478038d63fcd72824e3c39e110eeb612206ff8a84a010fdb36acbcacb4851a9a5985288cd267211c6425a75dbe3ef437d92f671c3d0bee9ebddf4808e131b3174478d3d183b7ce8c758a3dc7816470ce7867d34bc6c9e63e289dd8150c8ea427bbfda6f6d9288bde099de1a9f15b53d9767ce0125deb150410c9c08085e3e39f736591a4927bcdaf9927feca3152fc5a568977264cada6e5494e402f5b328e2812d51e34cd14191771393e75a78f3e050645170cc8d8568a80b63971e80df6d78438b4bb8fcaa5e572df1444530dc4ea2e925f13194b726dd263ee0a868a382c47ecdf693807bb9157ad9e9f4949fd4c960633ad59f467edcce8173c2d59b7d3c0cbecc7284fa9f1bde17693e3b38e31320301e7066,gx-no-cache=1515681696911 HTTP/1.1" 200 30
186.103.157.246 - - [11/Jan/2018:10:42:20 -0300] "GET /cormun/servlet/solicitudotcontratos?INS,2018,0,18375077,1,6,2017,3348,LEY+SEP,201711,5,*, HTTP/1.1" 200 9880
186.103.157.246 - - [11/Jan/2018:10:42:21 -0300] "GET /cormun/servlet/solicitudotcontratos?INS,2018,0,18375077,1,6,2017,3348,LEY+SEP,201711,5,*, HTTP/1.1" 200 9915
186.103.157.246 - - [11/Jan/2018:10:42:21 -0300] "GET /cormun/servlet/solicitudotcontratos?6f5416e8acb3c2035c9a1768e29e895706f6e78a447afb054bd12cfa5b6c982613935e04b328781b1e7e7aabef059038,gx-no-cache=1515678103298 HTTP/1.1" 200 30
186.103.157.246 - - [11/Jan/2018:10:42:21 -0300] "GET /cormun/servlet/solicitudotcontratos?6f5416e8acb3c2035c9a1768e29e8957345234919f321c9d9772508bc93ce6d911c926484e1cce67c77db873b63feb0d,gx-no-cache=1515678103349 HTTP/1.1" 200 30
186.103.157.246 - - [11/Jan/2018:10:42:21 -0300] "GET /cormun/servlet/solicitudotcontratos?6f5416e8acb3c2035c9a1768e29e89578a0aece470f94e64920f792df9aaaafc45c2d4a4ac98293b002d334ba5da7016bcd98679a753a1839969145ca803a03ffbc5bcd3623697dc18b2dbbcc1918de4733c349893e02d46be9beb90a2034e8102938ba5a3584bb0a6494db79e04cdaaad51d942b71e4daff1819f94a36dfe52,gx-no-cache=1515678103383 HTTP/1.1" 200 50
186.103.157.246 - - [11/Jan/2018:10:42:21 -0300] "GET /cormun/servlet/solicitudotcontratos?6f5416e8acb3c2035c9a1768e29e8957d84ab54b489cf65e3125a43a697cefdf3a67d11ddca4e591a8c2d14f0c7552d7,gx-no-cache=1515678103421 HTTP/1.1" 200 30
186.103.157.246 - - [11/Jan/2018:10:42:21 -0300] "GET /cormun/servlet/solicitudotcontratos?6f5416e8acb3c2035c9a1768e29e89576f1f4f03656227979594fa9ac10d0a913bdc460c51d94dd7dd4b82249a07cdd319d2352526cd3c4c49dbca3e476c063e610173c2a68e31aeab457fd3d2169ab87d54d020d05d613ee5e69a8a061370cf92f86765d0285ea716341dadffc8364c,gx-no-cache=1515678103489 HTTP/1.1" 200 30
186.103.157.246 - - [11/Jan/2018:10:42:22 -0300] "GET /cormun/servlet/solicitudotcontratos?6f5416e8acb3c2035c9a1768e29e8957af7edc15546a5eaddd780dbbe6be2ea6e57a98890adc6181787686f80c37ad2f0729d7239e40b620c08c4d2844f0299b19d2352526cd3c4c49dbca3e476c063e073e0919ff58fff60959fb522ae91ba5cbab62afd5f0e2d0d8a72e75a9e47819a9f72d4cbf7075809b152ad209e8ba1616cd2d2390424fc2d05e8d740a3eeb4fd612f4f2277fcd00b8f56661fd58341f0729d7239e40b620c08c4d2844f0299b34cfd150ff61b0c525872ad97db142b084997815a2137e31cc9ac7f332a793d05008b2581b2b383727a4426f449e64acf9d8e6577814ed2a999b8f1e94b49d3ed7e0dcc81ffedae0b229d6980aa68429a4b49eb213bfc64794223b200fa7d902c6613f09ab5957958407f7852f07d730c8d8745a9a305406eba36c1387dffd3d1aaf5b3549a0af9a136fcfbb09bf90e69de9bc4164eac74594e067ce3349544275a61340ae8ca8b7d1d0a3f6c263a6bb64a7c8c5eb6a34aad19ca9f75d96b3b2ed6c761f017b968f9ac2a3efdc7d080a4955e0c449137eaf1ea662fc987198311807262d3b52b8d84a7e2ea75faee7d28589fc6df27d90043c80b73ce2295d142f58803f6df901c2e992670134efcdfcd5cb6d0066e943ce3e7f2b46ba4bdfa88dc28bf98b0a0b6577dc6b8baf6d3349d88f17587247a532b9970ec478c198ccb16a5e2bf6a9dcc62081c5fde4706261c7b003d898744424d7094b17a7de737806f8c0d6bca1a26643e1948a616d0b89784d378773031cbd8227ffedcb35ecb3e1015121bac55b361c9cedb29a14b3a6,gx-no-cache=1515678103542 HTTP/1.1" 200 79
186.103.159.189 - - [11/Jan/2018:10:42:22 -0300] "POST /cormun/servlet/solicitudot?gx-no-cache=1515681699457 HTTP/1.1" 200 30
201.236.57.155 - - [11/Jan/2018:10:42:24 -0300] "POST /cormun/servlet/solicitudot?gx-no-cache=1515678107157 HTTP/1.1" 200 30
186.103.157.246 - - [11/Jan/2018:10:42:25 -0300] "POST /cormun/servlet/solicitudotcontratos?1f55de11b821978a7feb820cebb20c07,INS,2018,0,18375077,1,6,2017,3348,LEY+SEP,201711,5,*,,gx-no-cache=1515678107364 HTTP/1.1" 200 10789
186.103.157.246 - - [11/Jan/2018:10:42:26 -0300] "POST /cormun/servlet/solicitudotcontratos?gx-no-cache=1515678107631 HTTP/1.1" 200 1342
186.103.157.246 - - [11/Jan/2018:10:42:26 -0300] "POST /cormun/servlet/solicitudotcontratos?gx-no-cache=1515678107684 HTTP/1.1" 200 1221
186.103.157.246 - - [11/Jan/2018:10:42:26 -0300] "GET /cormun/servlet/solicitudotcontratos?6f5416e8acb3c2035c9a1768e29e89573daa69179b542a6e8f98c6e9dedb4c4098b87b72664ae671a80c54a6eb37c77347465cfd97ed5fa3cc988f1ea6097cb13a275c3d53dc22754889afcf6c8855d9932ca7242efe873aaf4969958e2addaf58da12fa27b52e07378358274d51bd85664d06230f293b689c0dc152f1f802af,gx-no-cache=1515678107730 HTTP/1.1" 200 30
186.103.157.246 - - [11/Jan/2018:10:42:26 -0300] "POST /cormun/servlet/solicitudotcontratos?1f55de11b821978a7feb820cebb20c07,INS,2018,0,18375077,1,6,2017,3348,LEY+SEP,201711,5,*,,gx-no-cache=1515678107759 HTTP/1.1" 200 93
186.103.157.246 - - [11/Jan/2018:10:42:26 -0300] "GET /cormun/servlet/hpexe_return? HTTP/1.1" 200 1045
186.103.157.246 - - [11/Jan/2018:10:42:26 -0300] "GET /cormun/servlet/trcontratosolicitud HTTP/1.1" 200 13911
186.103.157.246 - - [11/Jan/2018:10:42:27 -0300] "GET /cormun/servlet/trcontratosolicitud HTTP/1.1" 200 13907
186.103.159.189 - - [11/Jan/2018:10:42:28 -0300] "POST /cormun/servlet/solicitudot?gx-no-cache=1515681706053 HTTP/1.1" 200 1357
186.103.159.189 - - [11/Jan/2018:10:42:28 -0300] "POST /cormun/servlet/solicitudot?gx-no-cache=1515681706187 HTTP/1.1" 200 38
186.103.159.189 - - [11/Jan/2018:10:42:41 -0300] "GET /cormun/servlet/solicitudot?4f5d1eb59b741b78f7f6e2fb72aa96da67fba269fceb07e580bbb309f30fc391436838c3c6f9ba8e44a869cfae333717f894205f9e46d1de49dd75c2dd6f3a17d50cbe9f6ddd1545a7ce62f0d5c87fc582787767b3217401636d639e743ce721f12aaf35420961afd0c12aaa6801825d31487f16a5e57535ec5f2bb88df6a373c16c2fe9eb6a81a9e6370e6f4bbb975612c41aeab40e20615ebfcd754baea9bd,gx-no-cache=1515681719220 HTTP/1.1" 200 29
186.103.159.189 - - [11/Jan/2018:10:42:41 -0300] "POST /cormun/servlet/solicitudot?gx-no-cache=1515681719360 HTTP/1.1" 200 219
186.103.159.189 - - [11/Jan/2018:10:42:42 -0300] "GET /cormun/servlet/solicitudot?4f5d1eb59b741b78f7f6e2fb72aa96da0a2920591868f80d059649e351f9d425cee6cf709a1d4858e4f51f672693100381e62bde2e1542a45d678276b3a076631306e3be5b6a22c23cf725064a2f2ef4c8b04ee2e7648be254da57ee54532791436838c3c6f9ba8e44a869cfae33371767c6a028cf796bf4f8a8fafadc4bee7b25dfbd59d243de622e5297d4281bf54e,gx-no-cache=1515681719480 HTTP/1.1" 200 55
186.103.159.189 - - [11/Jan/2018:10:42:42 -0300] "GET /cormun/static/menuarrow.gif HTTP/1.1" 404 1015
186.103.159.44 - - [11/Jan/2018:10:42:42 -0300] "POST /cormun/servlet/solicitudot?gx-no-cache=1515678122424 HTTP/1.1" 200 3749
186.103.159.44 - - [11/Jan/2018:10:42:42 -0300] "POST /cormun/servlet/solicitudot?7680f75a9c3e26756cadc1e4993d38b7,INS,0,0,,gx-no-cache=1515678122742 HTTP/1.1" 200 10897
186.103.159.44 - - [11/Jan/2018:10:42:45 -0300] "GET /cormun/servlet/solicitudot?93f5696ec6af881851328fe3ede9ab9a470115f84a87de06d87d7000e59f45d6d302c4afe19725eef41acb6861285f87,gx-no-cache=1515678125359 HTTP/1.1" 200 30
186.103.159.189 - - [11/Jan/2018:10:42:45 -0300] "POST /cormun/servlet/solicitudot?gx-no-cache=1515681723185 HTTP/1.1" 200 217
186.103.159.189 - - [11/Jan/2018:10:42:45 -0300] "GET /cormun/servlet/solicitudot?4f5d1eb59b741b78f7f6e2fb72aa96da0a2920591868f80d059649e351f9d425cee6cf709a1d4858e4f51f672693100381e62bde2e1542a45d678276b3a076631306e3be5b6a22c23cf725064a2f2ef4c8b04ee2e7648be254da57ee54532791436838c3c6f9ba8e44a869cfae33371767c6a028cf796bf4f8a8fafadc4bee7b25dfbd59d243de622e5297d4281bf54e,gx-no-cache=1515681723247 HTTP/1.1" 200 55
186.103.159.189 - - [11/Jan/2018:10:42:49 -0300] "GET /cormun/servlet/solicitudot?4f5d1eb59b741b78f7f6e2fb72aa96dad337ed4c0ff81089dbb7a5793ccb16b7aec226b04fc6ba0c5f18f8037695d12d,gx-no-cache=1515681726904 HTTP/1.1" 200 30
186.103.159.189 - - [11/Jan/2018:10:42:55 -0300] "POST /cormun/servlet/solicitudot?gx-no-cache=1515681733291 HTTP/1.1" 200 30
186.103.157.246 - - [11/Jan/2018:10:43:05 -0300] "GET /cormun/servlet/solicitudotcontratos?INS,2018,0,16731886,K,2,2017,3632,INTEGRACION,201711,14,*, HTTP/1.1" 200 9868
186.103.157.246 - - [11/Jan/2018:10:43:05 -0300] "GET /cormun/servlet/solicitudotcontratos?INS,2018,0,16731886,K,2,2017,3632,INTEGRACION,201711,14,*, HTTP/1.1" 200 9901
186.103.157.246 - - [11/Jan/2018:10:43:06 -0300] "GET /cormun/servlet/solicitudotcontratos?6f5416e8acb3c2035c9a1768e29e895780de910f2246b50e7b3771c0b201632813935e04b328781b1e7e7aabef059038,gx-no-cache=1515678147731 HTTP/1.1" 200 30
186.103.157.246 - - [11/Jan/2018:10:43:06 -0300] "GET /cormun/servlet/solicitudotcontratos?6f5416e8acb3c2035c9a1768e29e8957fae6ca8e5cead71cfd63bf20912b56e511c926484e1cce67c77db873b63feb0d,gx-no-cache=1515678147985 HTTP/1.1" 200 30
186.103.157.246 - - [11/Jan/2018:10:43:06 -0300] "GET /cormun/servlet/solicitudotcontratos?6f5416e8acb3c2035c9a1768e29e89578a0aece470f94e64920f792df9aaaafc5c1f0b4081c761f0d0acd0d24a61cfe3bcd98679a753a1839969145ca803a03fdcd5fc3572e68d5f56224f17f36a90dd95846f5cbd2fbcb406da94de8fc3b004f5ac141a3dfea51be0013865e252e5fab8abb8d2810aebe91a4e8195f49a6470,gx-no-cache=1515678148365 HTTP/1.1" 200 48
186.103.157.246 - - [11/Jan/2018:10:43:06 -0300] "GET /cormun/servlet/solicitudotcontratos?6f5416e8acb3c2035c9a1768e29e8957bd1ddf78694a2f3ede7d2ae7120df4d756fb3534e51279d9970db15b36b6ffc7,gx-no-cache=1515678148470 HTTP/1.1" 200 30
186.103.157.246 - - [11/Jan/2018:10:43:07 -0300] "GET /cormun/servlet/solicitudotcontratos?6f5416e8acb3c2035c9a1768e29e89576f1f4f03656227979594fa9ac10d0a913bdc460c51d94dd7dd4b82249a07cdd319d2352526cd3c4c49dbca3e476c063e610173c2a68e31aeab457fd3d2169ab8d6a3f4ff3bfc8e53a7c8db8bc9bf8d7092f86765d0285ea716341dadffc8364c,gx-no-cache=1515678148572 HTTP/1.1" 200 30
186.103.157.246 - - [11/Jan/2018:10:43:07 -0300] "GET /cormun/servlet/solicitudotcontratos?6f5416e8acb3c2035c9a1768e29e8957af7edc15546a5eaddd780dbbe6be2ea6e57a98890adc6181787686f80c37ad2f8b1880ca4f866e8715c0b6d3e45b8bc8c385d2f607732fbf2d557f6d800a2ec88ea088f55740fac3f27b37edcd035481d2f72fb03e4a050634786021d783ba32b1847be80b82aec185c43914253e6283f8a80f463ff93c82f7f5d01280f590cb58e23e49deaf063c09845d7604abcc2f04b383c5057a4e6d54f85a505d9fd36f280ec5bc8181ae17634d6373ba543c246da77eb6b405b8aaeff077aa76af8d57743b4db767dd496e250170e90533022bf0eba521e5d38f1a1cff5fc8695f0313903b02382f0a82367c308bee849e07c2ed90c13d6109b75b9eb843d005b585a66f3d24e943e9dd90becc3245e87058103c9e346413b6abc5c81e3b9b6ed6d17c9927186ceb84625390805ca99ae7b85700e7b55a368f34bfac14f7e899be61cdf4bb096b823316f26ea96583e4dd1a5b062f8733207382e699eafb7db588ff46a837ce23eae7fbb8cf035acd1dab39dc0d76172de5d16725633775f2694bb2bb3d3e83374edee21750239448a6d192573fb4bbc881f189d3f4c8ad4b9ca11f2bf72172ca58ba0e8690c9a90862d760b911e338584f6f7dc1a30a96b063d4a5f486d89264f9cb7d7b47f79d26bdc3b11a750b9159fa008266b76727ce78b96301ee94885f0c629762224d5ff8932daa62b102c966caf328983b07de25fb38a90554eb6289034fc4cb2bc2aa55783185ece7cc561b9987649785a949762e003a851620465f8c88e16565549f8e58b21834,gx-no-cache=1515678148639 HTTP/1.1" 200 83
186.103.157.246 - - [11/Jan/2018:10:43:20 -0300] "POST /cormun/servlet/solicitudotcontratos?1f55de11b821978a7feb820cebb20c07,INS,2018,0,16731886,K,2,2017,3632,INTEGRACION,201711,14,*,,gx-no-cache=1515678162276 HTTP/1.1" 200 10784
186.103.157.246 - - [11/Jan/2018:10:43:21 -0300] "POST /cormun/servlet/solicitudotcontratos?gx-no-cache=1515678162559 HTTP/1.1" 200 1341
186.103.157.246 - - [11/Jan/2018:10:43:21 -0300] "POST /cormun/servlet/solicitudotcontratos?gx-no-cache=1515678162713 HTTP/1.1" 200 1220
186.103.157.246 - - [11/Jan/2018:10:43:21 -0300] "GET /cormun/servlet/solicitudotcontratos?6f5416e8acb3c2035c9a1768e29e89573daa69179b542a6e8f98c6e9dedb4c4098b87b72664ae671a80c54a6eb37c77347465cfd97ed5fa3cc988f1ea6097cb13a275c3d53dc22754889afcf6c8855d9932ca7242efe873aaf4969958e2addaf58da12fa27b52e07378358274d51bd85664d06230f293b689c0dc152f1f802af,gx-no-cache=1515678162765 HTTP/1.1" 200 30
186.103.157.246 - - [11/Jan/2018:10:43:21 -0300] "POST /cormun/servlet/solicitudotcontratos?1f55de11b821978a7feb820cebb20c07,INS,2018,0,16731886,K,2,2017,3632,INTEGRACION,201711,14,*,,gx-no-cache=1515678162802 HTTP/1.1" 200 93
186.103.157.246 - - [11/Jan/2018:10:43:21 -0300] "GET /cormun/servlet/hpexe_return? HTTP/1.1" 200 1048
186.103.157.246 - - [11/Jan/2018:10:43:21 -0300] "GET /cormun/servlet/trcontratosolicitud HTTP/1.1" 200 13738
186.103.157.246 - - [11/Jan/2018:10:43:22 -0300] "GET /cormun/servlet/trcontratosolicitud HTTP/1.1" 200 13722
201.236.57.155 - - [11/Jan/2018:10:43:29 -0300] "POST /cormun/servlet/solicitudot?b781b9151e9c01b78afe6b0a837dd83d,INS,0,0,,gx-no-cache=1515678172130 HTTP/1.1" 200 93
201.236.57.155 - - [11/Jan/2018:10:43:30 -0300] "GET /cormun/servlet/hpexe_return? HTTP/1.1" 200 1006
201.236.57.155 - - [11/Jan/2018:10:43:30 -0300] "GET /cormun/servlet/trsolicitudot HTTP/1.1" 200 24093
201.236.57.155 - - [11/Jan/2018:10:43:31 -0300] "GET /cormun/servlet/trsolicitudot HTTP/1.1" 200 24088
186.103.157.246 - - [11/Jan/2018:10:43:33 -0300] "GET /cormun/servlet/solicitudotcontratos?INS,2018,0,8196891,8,6,2017,3344,LEY+SEP,201711,22,*, HTTP/1.1" 200 9879
186.103.157.246 - - [11/Jan/2018:10:43:34 -0300] "GET /cormun/servlet/solicitudotcontratos?INS,2018,0,8196891,8,6,2017,3344,LEY+SEP,201711,22,*, HTTP/1.1" 200 9916
186.103.157.246 - - [11/Jan/2018:10:43:34 -0300] "GET /cormun/servlet/solicitudotcontratos?6f5416e8acb3c2035c9a1768e29e89579e44294628a4aa4eeb4f36dcf6f2e3643d938fd257798f4d6415d47ff2dee39e,gx-no-cache=1515678176438 HTTP/1.1" 200 30
186.103.157.246 - - [11/Jan/2018:10:43:34 -0300] "GET /cormun/servlet/solicitudotcontratos?6f5416e8acb3c2035c9a1768e29e89577fe2370c3c043038364dad7370ca2da3b889dd5626af73ffc5b5a6b4897b780d,gx-no-cache=1515678176513 HTTP/1.1" 200 30
186.103.157.246 - - [11/Jan/2018:10:43:35 -0300] "GET /cormun/servlet/solicitudotcontratos?6f5416e8acb3c2035c9a1768e29e89578a0aece470f94e64920f792df9aaaafc45c2d4a4ac98293b002d334ba5da7016bcd98679a753a1839969145ca803a03ffbc5bcd3623697dc18b2dbbcc1918de4733c349893e02d46be9beb90a2034e8102938ba5a3584bb0a6494db79e04cdaaad51d942b71e4daff1819f94a36dfe52,gx-no-cache=1515678176553 HTTP/1.1" 200 50
186.103.157.246 - - [11/Jan/2018:10:43:35 -0300] "GET /cormun/servlet/solicitudotcontratos?6f5416e8acb3c2035c9a1768e29e895780f320b958f3e333bc80149e72c68fb0e2034ddca83459fce66782380400bb03,gx-no-cache=1515678176597 HTTP/1.1" 200 30
186.103.157.246 - - [11/Jan/2018:10:43:35 -0300] "GET /cormun/servlet/solicitudotcontratos?6f5416e8acb3c2035c9a1768e29e89576f1f4f03656227979594fa9ac10d0a913bdc460c51d94dd7dd4b82249a07cdd319d2352526cd3c4c49dbca3e476c063e610173c2a68e31aeab457fd3d2169ab87d54d020d05d613ee5e69a8a061370cf92f86765d0285ea716341dadffc8364c,gx-no-cache=1515678176669 HTTP/1.1" 200 30
186.103.157.246 - - [11/Jan/2018:10:43:35 -0300] "GET /cormun/servlet/solicitudotcontratos?6f5416e8acb3c2035c9a1768e29e8957af7edc15546a5eaddd780dbbe6be2ea6e57a98890adc6181787686f80c37ad2f0729d7239e40b620c08c4d2844f0299b19d2352526cd3c4c49dbca3e476c063e073e0919ff58fff60959fb522ae91ba5cbab62afd5f0e2d0d8a72e75a9e47819a9f72d4cbf7075809b152ad209e8ba1616cd2d2390424fc2d05e8d740a3eeb4fd612f4f2277fcd00b8f56661fd58341f0729d7239e40b620c08c4d2844f0299b34cfd150ff61b0c525872ad97db142b084997815a2137e31cc9ac7f332a793d05008b2581b2b383727a4426f449e64acf9d8e6577814ed2a999b8f1e94b49d3ed7e0dcc81ffedae0b229d6980aa68429a4b49eb213bfc64794223b200fa7d902c6613f09ab5957958407f7852f07d730c8d8745a9a305406eba36c1387dffd3d1aaf5b3549a0af9a136fcfbb09bf90e69de9bc4164eac74594e067ce3349544275a61340ae8ca8b7d1d0a3f6c263a6bb64a7c8c5eb6a34aad19ca9f75d96b3b2ed6c761f017b968f9ac2a3efdc7d080a4955e0c449137eaf1ea662fc987198311807262d3b52b8d84a7e2ea75faee7d28589fc6df27d90043c80b73ce2295d142f58803f6df901c2e992670134efcdfcd5cb6d0066e943ce3e7f2b46ba4bdfa88dc28bf98b0a0b6577dc6b8baf6d3349d88f17587247a532b9970ec478c198ccb16a5e2bf6a9dcc62081c5fde4706261c7b003d898744424d7094b17a7de737806f8c0d6bca1a26643e1948a616d0b89784d378773031cbd8227ffedcb35ecb3e1015121bac55b361c9cedb29a14b3a6,gx-no-cache=1515678176723 HTTP/1.1" 200 79
186.103.159.189 - - [11/Jan/2018:10:43:37 -0300] "POST /cormun/servlet/solicitudot?d134df0372c1084e85d48c640caa470d,INS,0,0,,gx-no-cache=1515681774590 HTTP/1.1" 200 93
186.103.159.189 - - [11/Jan/2018:10:43:37 -0300] "GET /cormun/servlet/hpexe_return? HTTP/1.1" 200 1031
186.103.159.189 - - [11/Jan/2018:10:43:38 -0300] "GET /cormun/servlet/trsolicitudot?gx-no-cache=1515681485648 HTTP/1.1" 200 8787
186.103.157.246 - - [11/Jan/2018:10:43:39 -0300] "POST /cormun/servlet/solicitudotcontratos?1f55de11b821978a7feb820cebb20c07,INS,2018,0,8196891,8,6,2017,3344,LEY+SEP,201711,22,*,,gx-no-cache=1515678180964 HTTP/1.1" 200 10778
186.103.159.189 - - [11/Jan/2018:10:43:39 -0300] "GET /cormun/servlet/trsolicitudot?gx-no-cache=1515681485648 HTTP/1.1" 200 8805
186.103.157.246 - - [11/Jan/2018:10:43:39 -0300] "POST /cormun/servlet/solicitudotcontratos?gx-no-cache=1515678181338 HTTP/1.1" 200 1342
186.103.157.246 - - [11/Jan/2018:10:43:39 -0300] "POST /cormun/servlet/solicitudotcontratos?gx-no-cache=1515678181400 HTTP/1.1" 200 1220
186.103.157.246 - - [11/Jan/2018:10:43:39 -0300] "GET /cormun/servlet/solicitudotcontratos?6f5416e8acb3c2035c9a1768e29e89573daa69179b542a6e8f98c6e9dedb4c4098b87b72664ae671a80c54a6eb37c77347465cfd97ed5fa3cc988f1ea6097cb13a275c3d53dc22754889afcf6c8855d9932ca7242efe873aaf4969958e2addaf58da12fa27b52e07378358274d51bd85664d06230f293b689c0dc152f1f802af,gx-no-cache=1515678181445 HTTP/1.1" 200 30
186.103.157.246 - - [11/Jan/2018:10:43:40 -0300] "POST /cormun/servlet/solicitudotcontratos?1f55de11b821978a7feb820cebb20c07,INS,2018,0,8196891,8,6,2017,3344,LEY+SEP,201711,22,*,,gx-no-cache=1515678181490 HTTP/1.1" 200 93
186.103.157.246 - - [11/Jan/2018:10:43:40 -0300] "GET /cormun/servlet/hpexe_return? HTTP/1.1" 200 1046
186.103.157.246 - - [11/Jan/2018:10:43:40 -0300] "GET /cormun/servlet/trcontratosolicitud HTTP/1.1" 200 13624
186.103.157.246 - - [11/Jan/2018:10:43:41 -0300] "GET /cormun/servlet/trcontratosolicitud HTTP/1.1" 200 13611
186.103.159.189 - - [11/Jan/2018:10:43:44 -0300] "POST /cormun/servlet/trsolicitudot?d134df0372c1084e85d48c640caa470d,gx-no-cache=1515681485648,gx-no-cache=1515681781885 HTTP/1.1" 200 4692
186.103.159.189 - - [11/Jan/2018:10:43:44 -0300] "GET /cormun/static/Shared/jqueryui/images/ui-bg_highlight-soft_100_c6c2c8_1x100.png HTTP/1.1" 404 1117
186.103.159.189 - - [11/Jan/2018:10:43:44 -0300] "GET /cormun/static/Shared/jqueryui/images/ui-icons_82798d_256x240.png HTTP/1.1" 404 1089
186.103.159.189 - - [11/Jan/2018:10:43:44 -0300] "GET /cormun/static/Shared/jqueryui/images/ui-icons_8d78a5_256x240.png HTTP/1.1" 404 1089
186.103.159.189 - - [11/Jan/2018:10:43:44 -0300] "GET /cormun/static/Shared/jqueryui/images/ui-bg_flat_55_fafafa_40x100.png HTTP/1.1" 404 1097
186.103.159.189 - - [11/Jan/2018:10:43:45 -0300] "POST /cormun/servlet/trsolicitudot?d134df0372c1084e85d48c640caa470d,gx-no-cache=1515681485648,gx-no-cache=1515681782318 HTTP/1.1" 200 4471
201.236.57.155 - - [11/Jan/2018:10:43:48 -0300] "POST /cormun/servlet/trsolicitudot?b781b9151e9c01b78afe6b0a837dd83d,gx-no-cache=1515678188515 HTTP/1.1" 200 103
201.236.57.155 - - [11/Jan/2018:10:43:48 -0300] "GET /cormun/SolicitudOT-2064.xls HTTP/1.1" 200 27136
186.103.157.246 - - [11/Jan/2018:10:43:54 -0300] "GET /cormun/servlet/solicitudotcontratos?INS,2018,0,15995538,9,6,2017,2612,INTEGRACION,201711,8,*, HTTP/1.1" 200 9861
186.103.157.246 - - [11/Jan/2018:10:43:55 -0300] "GET /cormun/servlet/solicitudotcontratos?INS,2018,0,15995538,9,6,2017,2612,INTEGRACION,201711,8,*, HTTP/1.1" 200 9893
186.103.157.246 - - [11/Jan/2018:10:43:55 -0300] "GET /cormun/servlet/solicitudotcontratos?6f5416e8acb3c2035c9a1768e29e895754d55d906abc5f0dcdf2e17bd45a5f4bb889dd5626af73ffc5b5a6b4897b780d,gx-no-cache=1515678197174 HTTP/1.1" 200 133
186.103.157.246 - - [11/Jan/2018:10:43:55 -0300] "GET /cormun/static/Shared/jqueryui/images/ui-bg_highlight-soft_100_c6c2c8_1x100.png HTTP/1.1" 404 1117
186.103.157.246 - - [11/Jan/2018:10:43:55 -0300] "GET /cormun/static/Shared/jqueryui/images/ui-icons_82798d_256x240.png HTTP/1.1" 404 1089
186.103.157.246 - - [11/Jan/2018:10:43:55 -0300] "GET /cormun/static/Shared/jqueryui/images/ui-bg_flat_55_994d53_40x100.png HTTP/1.1" 404 1097
186.103.157.246 - - [11/Jan/2018:10:43:55 -0300] "GET /cormun/static/Shared/jqueryui/images/ui-icons_ebccce_256x240.png HTTP/1.1" 404 1089
186.103.157.246 - - [11/Jan/2018:10:43:55 -0300] "GET /cormun/servlet/solicitudotcontratos?6f5416e8acb3c2035c9a1768e29e89572a4079a3a05c5bc99d328c9b709f11d011c926484e1cce67c77db873b63feb0d,gx-no-cache=1515678197268 HTTP/1.1" 200 30
186.103.157.246 - - [11/Jan/2018:10:43:55 -0300] "GET /cormun/servlet/solicitudotcontratos?6f5416e8acb3c2035c9a1768e29e89578a0aece470f94e64920f792df9aaaafc5c1f0b4081c761f0d0acd0d24a61cfe3bcd98679a753a1839969145ca803a03fdcd5fc3572e68d5f56224f17f36a90dd733c349893e02d46be9beb90a2034e8102938ba5a3584bb0a6494db79e04cdaaad51d942b71e4daff1819f94a36dfe52,gx-no-cache=1515678197300 HTTP/1.1" 200 50
186.103.157.246 - - [11/Jan/2018:10:43:55 -0300] "GET /cormun/servlet/solicitudotcontratos?6f5416e8acb3c2035c9a1768e29e89575a6e1002e7fba1aa26c94f96c43d9d35357ba443fcad2f96f2314a0f1cd1b7fc,gx-no-cache=1515678197335 HTTP/1.1" 200 30
186.103.157.246 - - [11/Jan/2018:10:43:55 -0300] "GET /cormun/servlet/solicitudotcontratos?6f5416e8acb3c2035c9a1768e29e89576f1f4f03656227979594fa9ac10d0a913bdc460c51d94dd7dd4b82249a07cdd319d2352526cd3c4c49dbca3e476c063e610173c2a68e31aeab457fd3d2169ab87d54d020d05d613ee5e69a8a061370cf92f86765d0285ea716341dadffc8364c,gx-no-cache=1515678197377 HTTP/1.1" 200 30
186.103.157.246 - - [11/Jan/2018:10:43:55 -0300] "GET /cormun/servlet/solicitudotcontratos?6f5416e8acb3c2035c9a1768e29e8957af7edc15546a5eaddd780dbbe6be2ea6e57a98890adc6181787686f80c37ad2f8b1880ca4f866e8715c0b6d3e45b8bc8c385d2f607732fbf2d557f6d800a2ec88ea088f55740fac3f27b37edcd035481d2f72fb03e4a050634786021d783ba32b1847be80b82aec185c43914253e6283f8a80f463ff93c82f7f5d01280f590cb58e23e49deaf063c09845d7604abcc2f04b383c5057a4e6d54f85a505d9fd36f280ec5bc8181ae17634d6373ba543c246da77eb6b405b8aaeff077aa76af8d57743b4db767dd496e250170e90533022bf0eba521e5d38f1a1cff5fc8695f0313903b02382f0a82367c308bee849e07c2ed90c13d6109b75b9eb843d005b585a66f3d24e943e9dd90becc3245e87058103c9e346413b6abc5c81e3b9b6ed6d17c9927186ceb84625390805ca99ae7b85700e7b55a368f34bfac14f7e899be61cdf4bb096b823316f26ea96583e4dd1a5b062f8733207382e699eafb7db588ff46a837ce23eae7fbb8cf035acd1dab39dc0d76172de5d16725633775f2694bb2bb3d3e83374edee21750239448a6d192573fb4bbc881f189d3f4c8ad4b9ca11f2bf72172ca58ba0e8690c9a90862d760b911e338584f6f7dc1a30a96b063d4a5f486d89264f9cb7d7b47f79d26bdc3b11a750b9159fa008266b76727ce78b96301ee94885f0c629762224d5ff8932daa62b102c966caf328983b07de25fb38a90554eb6289034fc4cb2bc2aa55783185ece7cc561b9987649785a949762e003a851620465f8c88e16565549f8e58b21834,gx-no-cache=1515678197448 HTTP/1.1" 200 83
186.103.157.246 - - [11/Jan/2018:10:43:59 -0300] "POST /cormun/servlet/solicitudotcontratos?1f55de11b821978a7feb820cebb20c07,INS,2018,0,15995538,9,6,2017,2612,INTEGRACION,201711,8,*,,gx-no-cache=1515678200720 HTTP/1.1" 200 10776
186.103.157.246 - - [11/Jan/2018:10:43:59 -0300] "POST /cormun/servlet/solicitudotcontratos?gx-no-cache=1515678201022 HTTP/1.1" 200 1341
186.103.157.246 - - [11/Jan/2018:10:43:59 -0300] "POST /cormun/servlet/solicitudotcontratos?gx-no-cache=1515678201081 HTTP/1.1" 200 1220
186.103.157.246 - - [11/Jan/2018:10:43:59 -0300] "GET /cormun/servlet/solicitudotcontratos?6f5416e8acb3c2035c9a1768e29e89573daa69179b542a6e8f98c6e9dedb4c4098b87b72664ae671a80c54a6eb37c77347465cfd97ed5fa3cc988f1ea6097cb13a275c3d53dc22754889afcf6c8855d9932ca7242efe873aaf4969958e2addaf58da12fa27b52e07378358274d51bd85664d06230f293b689c0dc152f1f802af,gx-no-cache=1515678201128 HTTP/1.1" 200 30
186.103.157.246 - - [11/Jan/2018:10:43:59 -0300] "POST /cormun/servlet/solicitudotcontratos?1f55de11b821978a7feb820cebb20c07,INS,2018,0,15995538,9,6,2017,2612,INTEGRACION,201711,8,*,,gx-no-cache=1515678201160 HTTP/1.1" 200 11024
186.103.157.246 - - [11/Jan/2018:10:44:13 -0300] "POST /cormun/servlet/solicitudotcontratos?1f55de11b821978a7feb820cebb20c07,INS,2018,0,15995538,9,6,2017,2612,INTEGRACION,201711,8,*,,gx-no-cache=1515678214664 HTTP/1.1" 200 11024
186.103.159.44 - - [11/Jan/2018:10:44:21 -0300] "POST /cormun/servlet/solicitudot?gx-no-cache=1515678222070 HTTP/1.1" 200 43
186.103.159.44 - - [11/Jan/2018:10:44:21 -0300] "POST /cormun/servlet/solicitudot?gx-no-cache=1515678222130 HTTP/1.1" 200 297
186.103.159.44 - - [11/Jan/2018:10:44:22 -0300] "GET /cormun/servlet/solicitudot?93f5696ec6af881851328fe3ede9ab9aca178af43d1cb26f41301a94ab398fca0b22b85dfe27d28483d8b5f1ee354a939fa7114163a8dcb9d6f0ae5cc649eb6d06021dc8c0909d2873336f4766f517396e00b0e497829e810b4e23e219a1b793600802f6a441845f1459692f352738711e3044006bda95eb7703312891e587ec6e4bdaff2d8efdd3c7e6c08920ca6d4e84f69498e9b45028094e1fa01c6142a22c3db5dafe86d76a5d0a424bb4b61e6758bf7ef69fe05f4685ce04666d6294fffc8ea7afafaf6176adbcc2cd4fb6cd3bcf42f6c0fa19e9d7884afaadfd9e92630d6bf05bed45f917466ba90f6a2f42f9c1b1228b197a5dea8a04075a08697d1cdc727155fc5a866893dae2f83b783b5842a3bdba83ac3a4faacae8576c640b33caa5f55f3982e24d722bbf96a623f0da0d6f9c87d091b2430ef3c239c4781c46d1c686c4ee0dc1173abfdac28d071255bd318eda5f800c733ba190bd04905c1398f9e011fc30215dfa213601ddd43c2a01cc0a8ac0d318ea8e212abdfb31d2bf76d385971690d3c3e10ab3ac296fcbe6,gx-no-cache=1515678222168 HTTP/1.1" 200 30
186.103.159.44 - - [11/Jan/2018:10:44:24 -0300] "POST /cormun/servlet/solicitudot?gx-no-cache=1515678224411 HTTP/1.1" 200 30
186.103.159.44 - - [11/Jan/2018:10:44:26 -0300] "POST /cormun/servlet/solicitudot?gx-no-cache=1515678226630 HTTP/1.1" 200 1353
186.103.159.44 - - [11/Jan/2018:10:44:26 -0300] "POST /cormun/servlet/solicitudot?gx-no-cache=1515678226825 HTTP/1.1" 200 38
186.103.157.246 - - [11/Jan/2018:10:44:27 -0300] "POST /cormun/servlet/solicitudotcontratos?1f55de11b821978a7feb820cebb20c07,INS,2018,0,15995538,9,6,2017,2612,INTEGRACION,201711,8,*,,gx-no-cache=1515678228737 HTTP/1.1" 200 93
186.103.157.246 - - [11/Jan/2018:10:44:27 -0300] "GET /cormun/servlet/hpexe_return? HTTP/1.1" 200 1048
186.103.157.246 - - [11/Jan/2018:10:44:27 -0300] "GET /cormun/servlet/trcontratosolicitud HTTP/1.1" 200 13624
186.103.157.246 - - [11/Jan/2018:10:44:28 -0300] "GET /cormun/servlet/trcontratosolicitud HTTP/1.1" 200 13626
201.236.57.155 - - [11/Jan/2018:10:44:39 -0300] "POST /cormun/servlet/trsolicitudot?b781b9151e9c01b78afe6b0a837dd83d,gx-no-cache=1515678240105 HTTP/1.1" 200 21361
201.236.57.155 - - [11/Jan/2018:10:44:42 -0300] "POST /cormun/servlet/trsolicitudot?b781b9151e9c01b78afe6b0a837dd83d,gx-no-cache=1515678243027 HTTP/1.1" 200 21337
201.236.57.155 - - [11/Jan/2018:10:44:43 -0300] "GET /cormun/static/Resources/PXToolsGridNext.gif HTTP/1.1" 200 369
201.236.57.155 - - [11/Jan/2018:10:44:43 -0300] "GET /cormun/static/Resources/PXToolsGridLast.gif HTTP/1.1" 200 370
186.103.159.189 - - [11/Jan/2018:10:44:48 -0300] "GET /cormun/servlet/solicitudot?INS,0,0, HTTP/1.1" 200 14128
186.103.159.189 - - [11/Jan/2018:10:44:50 -0300] "GET /cormun/servlet/solicitudot?INS,0,0, HTTP/1.1" 200 14111
186.103.159.189 - - [11/Jan/2018:10:44:54 -0300] "GET /cormun/servlet/prfichaempleado?,MD,,gxPopupLevel%3D0%3B HTTP/1.1" 200 9325
186.103.159.189 - - [11/Jan/2018:10:45:04 -0300] "POST /cormun/servlet/prfichaempleado?d134df0372c1084e85d48c640caa470d,,MD,,gxPopupLevel%3D0%3B,gx-no-cache=1515681862009 HTTP/1.1" 200 3188
186.103.159.189 - - [11/Jan/2018:10:45:15 -0300] "POST /cormun/servlet/prfichaempleado?d134df0372c1084e85d48c640caa470d,,MD,,gxPopupLevel%3D0%3B,gx-no-cache=1515681872744 HTTP/1.1" 200 3471
186.103.159.189 - - [11/Jan/2018:10:45:26 -0300] "POST /cormun/servlet/solicitudot?gx-no-cache=1515681883527 HTTP/1.1" 200 3824
186.103.159.189 - - [11/Jan/2018:10:45:27 -0300] "POST /cormun/servlet/solicitudot?d134df0372c1084e85d48c640caa470d,INS,0,0,,gx-no-cache=1515681884292 HTTP/1.1" 200 11021
186.103.159.189 - - [11/Jan/2018:10:45:27 -0300] "GET /cormun/servlet/solicitudot?4f5d1eb59b741b78f7f6e2fb72aa96da9aa669f46357244d99d6166fe47f4ea21388ba1ed6f8f4d01d943120bde95847,gx-no-cache=1515681884825 HTTP/1.1" 200 30
186.103.159.44 - - [11/Jan/2018:10:45:27 -0300] "GET /cormun/servlet/solicitudot?93f5696ec6af881851328fe3ede9ab9a90414a9b43bae076af6ede11eb22171c6968e75b038fc69df4b5228a1baade1d0a1c77f7d1c3a2d06137c0718d2be0595f982d281fafff19880e51018b423e2b0c76bc7aa8d2faeea73b04433751910f0eaf9a1fa0f05350bec69b322d48ab24,gx-no-cache=1515678287540 HTTP/1.1" 200 29
186.103.159.44 - - [11/Jan/2018:10:45:27 -0300] "POST /cormun/servlet/solicitudot?gx-no-cache=1515678288090 HTTP/1.1" 200 219
186.103.159.44 - - [11/Jan/2018:10:45:28 -0300] "GET /cormun/servlet/solicitudot?93f5696ec6af881851328fe3ede9ab9a69dde240a495f9dd20956b2972380152a8614c50d0fcf39cb75798b25dc413488538cfa1a7f9eac7b9d853e7f2580eb73539f9e1548c46ac910285ac94355696da935aa79ce66eea9157b044bdd29cb96968e75b038fc69df4b5228a1baade1dc1a11adf7d1f965e78942db374f08cf7370ae16fbe0b338a181b06704fda282a,gx-no-cache=1515678288181 HTTP/1.1" 200 55
186.103.159.44 - - [11/Jan/2018:10:45:28 -0300] "GET /cormun/static/menuarrow.gif HTTP/1.1" 404 1015
186.103.159.44 - - [11/Jan/2018:10:45:30 -0300] "POST /cormun/servlet/solicitudot?gx-no-cache=1515678290215 HTTP/1.1" 200 217
186.103.159.44 - - [11/Jan/2018:10:45:30 -0300] "GET /cormun/servlet/solicitudot?93f5696ec6af881851328fe3ede9ab9a69dde240a495f9dd20956b2972380152a8614c50d0fcf39cb75798b25dc413488538cfa1a7f9eac7b9d853e7f2580eb73539f9e1548c46ac910285ac94355696da935aa79ce66eea9157b044bdd29cb96968e75b038fc69df4b5228a1baade1dc1a11adf7d1f965e78942db374f08cf7370ae16fbe0b338a181b06704fda282a,gx-no-cache=1515678290298 HTTP/1.1" 200 55
201.236.57.155 - - [11/Jan/2018:10:45:32 -0300] "GET /cormun/servlet/trsolicitudot? HTTP/1.1" 200 24228
186.103.159.189 - - [11/Jan/2018:10:45:32 -0300] "POST /cormun/servlet/solicitudot?gx-no-cache=1515681890038 HTTP/1.1" 200 51
186.103.159.189 - - [11/Jan/2018:10:45:32 -0300] "POST /cormun/servlet/solicitudot?gx-no-cache=1515681890125 HTTP/1.1" 200 255
186.103.159.189 - - [11/Jan/2018:10:45:32 -0300] "GET /cormun/servlet/solicitudot?4f5d1eb59b741b78f7f6e2fb72aa96dafaaa4f975b22ab401f269da285c3f415b5d94a382d8c43c00b7080c36e23c3308a635f87c2a44346cfee6a6a5d295e3fc45dee0cff9e49c0ecb0766b9bbb53f813a357ea9222a2328eca3df17c7573d4f1104f8a185fbbe3ae568478038d63fcd72824e3c39e110eeb612206ff8a84a010fdb36acbcacb4851a9a5985288cd267211c6425a75dbe3ef437d92f671c3d0bee9ebddf4808e131b3174478d3d183b7ce8c758a3dc7816470ce7867d34bc6c9e63e289dd8150c8ea427bbfda6f6d9288bde099de1a9f15b53d9767ce0125deb150410c9c08085e3e39f736591a4927bcdaf9927feca3152fc5a568977264cada6e5494e402f5b328e2812d51e34cd14191771393e75a78f3e050645170cc8d8568a80b63971e80df6d78438b4bb8fcaa5e572df1444530dc4ea2e925f13194b726dd263ee0a868a382c47ecdf693807bb9157ad9e9f4949fd4c960633ad59f467edcce8173c2d59b7d3c0cbecc7284fa9f1bde17693e3b38e31320301e7066,gx-no-cache=1515681890247 HTTP/1.1" 200 30
186.103.159.44 - - [11/Jan/2018:10:45:33 -0300] "GET /cormun/servlet/solicitudot?93f5696ec6af881851328fe3ede9ab9aaee2238c4587c2a67663cdb450ef84643e2af2b1eb7fa8d2cb5a99401a42f343,gx-no-cache=1515678293497 HTTP/1.1" 200 30
201.236.57.155 - - [11/Jan/2018:10:45:33 -0300] "GET /cormun/servlet/trsolicitudot? HTTP/1.1" 200 24228
201.236.57.155 - - [11/Jan/2018:10:45:39 -0300] "GET /cormun/servlet/trsolicitudot? HTTP/1.1" 200 24228
201.236.57.155 - - [11/Jan/2018:10:45:40 -0300] "GET /cormun/servlet/trsolicitudot? HTTP/1.1" 200 24228
201.236.57.155 - - [11/Jan/2018:10:45:42 -0300] "GET /cormun/servlet/solicitudot?INS,0,0, HTTP/1.1" 200 13919
201.236.57.155 - - [11/Jan/2018:10:45:42 -0300] "GET /cormun/servlet/solicitudot?INS,0,0, HTTP/1.1" 200 13924
186.103.159.44 - - [11/Jan/2018:10:45:47 -0300] "POST /cormun/servlet/solicitudot?gx-no-cache=1515678307166 HTTP/1.1" 200 30
201.236.57.155 - - [11/Jan/2018:10:45:47 -0300] "POST /cormun/servlet/solicitudot?b781b9151e9c01b78afe6b0a837dd83d,INS,0,0,,gx-no-cache=1515678310117 HTTP/1.1" 200 11113
201.236.57.155 - - [11/Jan/2018:10:45:47 -0300] "GET /cormun/static/Shared/jqueryui/images/ui-bg_highlight-soft_100_c6c2c8_1x100.png HTTP/1.1" 404 1117
201.236.57.155 - - [11/Jan/2018:10:45:47 -0300] "GET /cormun/static/Shared/jqueryui/images/ui-bg_flat_55_994d53_40x100.png HTTP/1.1" 404 1097
201.236.57.155 - - [11/Jan/2018:10:45:47 -0300] "GET /cormun/static/Shared/jqueryui/images/ui-icons_ebccce_256x240.png HTTP/1.1" 404 1089
201.236.57.155 - - [11/Jan/2018:10:45:47 -0300] "GET /cormun/static/Shared/jqueryui/images/ui-icons_82798d_256x240.png HTTP/1.1" 404 1089
201.236.57.155 - - [11/Jan/2018:10:45:56 -0300] "POST /cormun/servlet/solicitudot?gx-no-cache=1515678319422 HTTP/1.1" 200 3840
