186.103.159.182 - - [11/Jan/2018:11:40:39 -0300] "GET /cormun/servlet/solicitudotcontratos?4846520630624ebff6b0b8492efacec98614ed5428caed5584b415d33ead89f5badb628b449087e4f919ca58dc04e9373bef79e7ee4ed717a52e092bf7b7a57a531c316ca0caeeddf2d67bf51d3fdb5d63e9de5ec2bb53197e76e83bbd8a433931ea590b471909c0a3ccae1389f4a40dcb8c9cbea93a041b694f44fde855735f1c10747e87431f39899766037e638e4697118ae511c85147e35031a05b4208733bef79e7ee4ed717a52e092bf7b7a57a8b556e93c2cbcbd6c21f546a6c3ecf26b6994f430fce67c73afe00c2d52594d91e5d6d1faf6a3d77818b9c8f58572e7294da05e7b93d6a303c5d4e9296d563679abbc966918305779c11e75e668465a03b76a8a577feaffefcbf6c965f6d484b153e0a5798ec60a8659cffc30b14ed8cb7fa883f90748f6a6de759b87b675a1016214a118320b7050fd9649650a0777853fa26c87a9bd6718dcb4809f91782adb706bfd2d504a70d616b6d03a6323c375dfd5a3a4742fca36cd730b90e7ccd4ac968f78f3b7b02da57eb41bd990c30deeb8ea3844c49e2d76e0c317672e0eeaf467421d8839852535f35ba20554f08d5fad22ec508b996364a134615f25f01b3a8b898917907c21ab290621699b695c1c6db126db0e884e43da3b15e025b6f5ae46eccd28c433a319aad8877af61f4fddbef7c142b119676cc9ba6f8af593d3710a2c49192798ea61b2395a63f646159374c42cb012dc66874e1b5a27a7cd223b692b965209deafdfaeedb25654733299c5b703cafae03e77403eb30bc1a5b5f446c37f97b24bf01fb6036721f14e46a,gx-no-cache=1515681595794 HTTP/1.1" 200 79
190.46.88.54 - - [11/Jan/2018:11:40:39 -0300] "GET /cormun/servlet/solicitudot?7e6e4ff0fcb34532c915f4a46d3f9f3a7529041002d1327e1ecf72a1d29830d12d5040f55f6189717c352ab9a121503a,gx-no-cache=1515681602118 HTTP/1.1" 440 972
190.46.88.54 - - [11/Jan/2018:11:40:41 -0300] "GET /cormun/servlet/solicitudot?INS,0,0, HTTP/1.1" 200 13120
186.103.158.250 - - [11/Jan/2018:11:40:41 -0300] "POST /cormun/servlet/solicitudotadjuntos?gx-no-cache=1515681600985 HTTP/1.1" 200 26
190.46.88.54 - - [11/Jan/2018:11:40:42 -0300] "GET /cormun/static/gxcfg.js?20181911371421 HTTP/1.1" 304 -
190.46.88.54 - - [11/Jan/2018:11:40:42 -0300] "GET /cormun/static/solicitudot.js?20181911371648 HTTP/1.1" 304 -
190.46.88.54 - - [11/Jan/2018:11:40:42 -0300] "GET /cormun/servlet/hlogin HTTP/1.1" 200 1744
190.46.88.54 - - [11/Jan/2018:11:40:42 -0300] "GET /cormun/servlet/solicitudot?INS,0,0, HTTP/1.1" 200 13120
186.103.159.44 - - [11/Jan/2018:11:40:43 -0300] "POST /cormun/servlet/trcontratosolicitud?7680f75a9c3e26756cadc1e4993d38b7,,gx-no-cache=1515681603369 HTTP/1.1" 200 4143
186.103.159.44 - - [11/Jan/2018:11:40:44 -0300] "POST /cormun/servlet/trcontratosolicitud?7680f75a9c3e26756cadc1e4993d38b7,,gx-no-cache=1515681604815 HTTP/1.1" 200 4144
186.103.159.182 - - [11/Jan/2018:11:40:45 -0300] "POST /cormun/servlet/solicitudotcontratos?349bc9843eec3a427768c311b6245046,INS,2018,0,7161923,0,2,2017,1550,LEY+SEP,201711,44,B,,gx-no-cache=1515681601857 HTTP/1.1" 200 10761
186.103.159.182 - - [11/Jan/2018:11:40:46 -0300] "POST /cormun/servlet/solicitudotcontratos?gx-no-cache=1515681602274 HTTP/1.1" 200 1341
186.103.159.182 - - [11/Jan/2018:11:40:46 -0300] "POST /cormun/servlet/solicitudotcontratos?gx-no-cache=1515681602859 HTTP/1.1" 200 1220
186.103.159.182 - - [11/Jan/2018:11:40:46 -0300] "GET /cormun/servlet/solicitudotcontratos?4846520630624ebff6b0b8492efacec900f676fba492af5c65abdca4c82c8f157065de4d61cb7d113714ba5ce356908105c99d2811584c75cfcd0d8cb5f983429a855f9a048dc980089cb6b5b91261f9b66925a9bdf569e2ee7552d350875caca9b09fd99f7e36b403e4fae13c07e7c1c55af146b342a7f8c709c49e9c48fc90,gx-no-cache=1515681602928 HTTP/1.1" 200 30
186.103.159.182 - - [11/Jan/2018:11:40:47 -0300] "POST /cormun/servlet/solicitudotcontratos?349bc9843eec3a427768c311b6245046,INS,2018,0,7161923,0,2,2017,1550,LEY+SEP,201711,44,B,,gx-no-cache=1515681602967 HTTP/1.1" 200 93
186.103.159.182 - - [11/Jan/2018:11:40:47 -0300] "GET /cormun/servlet/hpexe_return? HTTP/1.1" 200 1044
186.103.159.182 - - [11/Jan/2018:11:40:47 -0300] "GET /cormun/servlet/trcontratosolicitud HTTP/1.1" 200 14696
186.103.159.182 - - [11/Jan/2018:11:40:49 -0300] "GET /cormun/servlet/trcontratosolicitud HTTP/1.1" 200 14686
186.103.157.246 - - [11/Jan/2018:11:40:50 -0300] "POST /cormun/servlet/trcontratoobservaciondir?795c9de9019ea5e7928c0e0890a62928,,gx-no-cache=1515681606930 HTTP/1.1" 200 11383
186.103.157.246 - - [11/Jan/2018:11:40:50 -0300] "GET /cormun/static/Resources/PXToolsGridNext.gif HTTP/1.1" 200 369
186.103.157.246 - - [11/Jan/2018:11:40:50 -0300] "GET /cormun/static/Resources/PXToolsGridLast.gif HTTP/1.1" 200 370
192.168.10.89 - - [11/Jan/2018:11:40:53 -0300] "GET /cormun/servlet/hlogin HTTP/1.1" 200 1734
190.46.88.54 - - [11/Jan/2018:11:40:53 -0300] "POST /cormun/servlet/hlogin?29d53caa2aef5c22ce28a4d913eb1317,gx-no-cache=1515681615723 HTTP/1.1" 200 456
200.112.6.143 - - [11/Jan/2018:11:40:54 -0300] "POST /cormun/servlet/trcontratosolicitud?e662bffeaf526a188a34770e7e897cb5,gx-no-cache=1515681597709 HTTP/1.1" 200 12236
190.46.88.54 - - [11/Jan/2018:11:41:00 -0300] "POST /cormun/servlet/hlogin?29d53caa2aef5c22ce28a4d913eb1317,gx-no-cache=1515681622575 HTTP/1.1" 200 90
190.46.88.54 - - [11/Jan/2018:11:41:00 -0300] "GET /cormun/servlet/hpexe_link HTTP/1.1" 200 950
190.46.88.54 - - [11/Jan/2018:11:41:00 -0300] "GET /cormun/servlet/hhome HTTP/1.1" 200 4187
190.46.88.54 - - [11/Jan/2018:11:41:01 -0300] "GET /cormun/servlet/hhome HTTP/1.1" 200 4183
190.46.88.54 - - [11/Jan/2018:11:41:05 -0300] "GET /cormun/servlet/trautorizarsolicitud? HTTP/1.1" 200 8632
190.46.88.54 - - [11/Jan/2018:11:41:05 -0300] "GET /cormun/static/gxcfg.js?2017111423403364 HTTP/1.1" 304 -
190.46.88.54 - - [11/Jan/2018:11:41:06 -0300] "GET /cormun/servlet/trautorizarsolicitud? HTTP/1.1" 200 8630
186.103.159.182 - - [11/Jan/2018:11:41:13 -0300] "GET /cormun/servlet/solicitudotcontratos?INS,2018,0,8915356,5,2,2017,1561,NADA,201711,30,B, HTTP/1.1" 200 9996
190.46.88.54 - - [11/Jan/2018:11:41:14 -0300] "POST /cormun/servlet/trautorizarsolicitud?29d53caa2aef5c22ce28a4d913eb1317,,gx-no-cache=1515681636399 HTTP/1.1" 200 4601
190.46.88.54 - - [11/Jan/2018:11:41:14 -0300] "GET /cormun/static/Shared/jqueryui/images/ui-bg_highlight-soft_100_c6c2c8_1x100.png HTTP/1.1" 404 1117
190.46.88.54 - - [11/Jan/2018:11:41:14 -0300] "GET /cormun/static/Shared/jqueryui/images/ui-icons_82798d_256x240.png HTTP/1.1" 404 1089
190.46.88.54 - - [11/Jan/2018:11:41:14 -0300] "GET /cormun/static/Shared/jqueryui/images/ui-bg_flat_55_fafafa_40x100.png HTTP/1.1" 404 1097
190.46.88.54 - - [11/Jan/2018:11:41:14 -0300] "GET /cormun/static/Shared/jqueryui/images/ui-icons_8d78a5_256x240.png HTTP/1.1" 404 1089
190.46.88.54 - - [11/Jan/2018:11:41:14 -0300] "POST /cormun/servlet/trautorizarsolicitud?29d53caa2aef5c22ce28a4d913eb1317,,gx-no-cache=1515681636747 HTTP/1.1" 200 4377
186.103.159.182 - - [11/Jan/2018:11:41:15 -0300] "GET /cormun/servlet/solicitudotcontratos?INS,2018,0,8915356,5,2,2017,1561,NADA,201711,30,B, HTTP/1.1" 200 10030
186.103.159.182 - - [11/Jan/2018:11:41:15 -0300] "GET /cormun/servlet/solicitudotcontratos?4846520630624ebff6b0b8492efacec9d6c54a17fd596f4a9eba3de5a21159b3f4062e1e373498beae30fc8e6c2e32ba,gx-no-cache=1515681631802 HTTP/1.1" 200 30
186.103.159.182 - - [11/Jan/2018:11:41:15 -0300] "GET /cormun/servlet/solicitudotcontratos?4846520630624ebff6b0b8492efacec935797e570f0422ea8bf899e69cd2c7471e06cf9e2d27fac7cf2f6fc4b3d01405,gx-no-cache=1515681631846 HTTP/1.1" 200 30
186.103.159.182 - - [11/Jan/2018:11:41:15 -0300] "GET /cormun/servlet/solicitudotcontratos?4846520630624ebff6b0b8492efacec903173f6e2927116436e2650b9dcd6497d0d5af384f3799495d3a420e375d3e33d8a52947cb31aa6453cc9802e7bb53c87391c3a557727277e4b8b8910109df8843f5a7e0faf2c83aa5fb8168b6e99f774fb78bfda398a4244e7cadabc5bbd031208d0fe7a4e501284bdf5d1f36547f8d,gx-no-cache=1515681631882 HTTP/1.1" 200 48
186.103.159.182 - - [11/Jan/2018:11:41:15 -0300] "GET /cormun/servlet/solicitudotcontratos?4846520630624ebff6b0b8492efacec98b5ec4186b0034ade5d2e82d90604e0d3f522ca84f9db64b228b7efc8cd1a907,gx-no-cache=1515681631927 HTTP/1.1" 200 30
186.103.159.182 - - [11/Jan/2018:11:41:15 -0300] "GET /cormun/servlet/solicitudotcontratos?4846520630624ebff6b0b8492efacec9c799184295d0b38889f181b678e5da192b9dc7822a2ec6a8c049eba1ec906423531c316ca0caeeddf2d67bf51d3fdb5d4d7093efb0640d5729373b212942ab37f1cf9de37249370ac54d0a1fa87a16c47d46d39858c147b50533a298b03c0b95,gx-no-cache=1515681631963 HTTP/1.1" 200 30
186.103.159.182 - - [11/Jan/2018:11:41:16 -0300] "GET /cormun/servlet/solicitudotcontratos?4846520630624ebff6b0b8492efacec98614ed5428caed5584b415d33ead89f5badb628b449087e4f919ca58dc04e937f84501c684cbbd81cfd0c6ecf8f54dd2d0a9f21134a12889ab7aa8fd456bc5e7583a422b10499f6be561f5648f926daa2cb7387339433e6aafbbad29b564339f3a4fe0789e3cccc6757f9b603e2723617a765d50083e263774ab6ace6a839653f78ba4d54d13e3372090829577666934ea9964041ddbae62e68be13e917c9870897e49e6adb060a0b8594a084cd8ba576d1afb7083ae62cd616c5a678af4eae92ee8718a984f7e8cd576971f00967d6c7062b5caed121fb9ee54b22569c95e2b2da40466f956be6914aec71d8b4dd760c0b44146ade1f1348a1d6dcf546fa630d00ca3664e9adbef86e22b1a82e8e9398ea33e2f4451d56dc4bab5f50dc47fe9153e0a5798ec60a8659cffc30b14ed8c7454817c0a04f9a31a73d754490d70a5be76721d6fc2a7bd2ce3880ae954fa47b896052cf56cffdb7ea96b3f2fbc97853460b08c9edb124255c4fe522f93a7484e885d907a0a8ce59d54f2466ee77878b922bafbf41454eb95d338feddc00b13c5fdf95d89d04fb9ef2c04be4e24711712396a3d0207841a451b3d48bf2f849b84cdc605d2128d90c9c3f08d16aa709ae16cd814b5bfcb161f2b0ac02a1e91ccaa25d452d9a7c17acef867167340f211b922bafbf41454eb95d338feddc00b1346d7500328d5dc6792db98ff3132506799f048aa7853d8de1870adf7dc77efdc7ed240e78bcb3b78e532447cf0123372c07b5748d237e8e599c0e73a193a0fba,gx-no-cache=1515681632011 HTTP/1.1" 200 72
186.103.159.182 - - [11/Jan/2018:11:41:19 -0300] "POST /cormun/servlet/solicitudotcontratos?349bc9843eec3a427768c311b6245046,INS,2018,0,8915356,5,2,2017,1561,NADA,201711,30,B,,gx-no-cache=1515681635302 HTTP/1.1" 200 10793
186.103.159.182 - - [11/Jan/2018:11:41:19 -0300] "POST /cormun/servlet/solicitudotcontratos?gx-no-cache=1515681635801 HTTP/1.1" 200 1342
186.103.159.182 - - [11/Jan/2018:11:41:19 -0300] "POST /cormun/servlet/solicitudotcontratos?gx-no-cache=1515681635869 HTTP/1.1" 200 1221
186.103.159.182 - - [11/Jan/2018:11:41:19 -0300] "GET /cormun/servlet/solicitudotcontratos?4846520630624ebff6b0b8492efacec900f676fba492af5c65abdca4c82c8f157065de4d61cb7d113714ba5ce356908105c99d2811584c75cfcd0d8cb5f983429a855f9a048dc980089cb6b5b91261f9b66925a9bdf569e2ee7552d350875caca9b09fd99f7e36b403e4fae13c07e7c1c55af146b342a7f8c709c49e9c48fc90,gx-no-cache=1515681635926 HTTP/1.1" 200 30
186.103.159.182 - - [11/Jan/2018:11:41:20 -0300] "POST /cormun/servlet/solicitudotcontratos?349bc9843eec3a427768c311b6245046,INS,2018,0,8915356,5,2,2017,1561,NADA,201711,30,B,,gx-no-cache=1515681636001 HTTP/1.1" 200 93
186.103.159.182 - - [11/Jan/2018:11:41:20 -0300] "GET /cormun/servlet/hpexe_return? HTTP/1.1" 200 1043
186.103.159.182 - - [11/Jan/2018:11:41:20 -0300] "GET /cormun/servlet/trcontratosolicitud HTTP/1.1" 200 14727
186.103.159.182 - - [11/Jan/2018:11:41:22 -0300] "GET /cormun/servlet/trcontratosolicitud HTTP/1.1" 200 14726
186.103.157.246 - - [11/Jan/2018:11:41:28 -0300] "GET /cormun/servlet/trcontratoobservaciondir? HTTP/1.1" 200 13645
186.103.158.250 - - [11/Jan/2018:11:41:29 -0300] "GET /cormun/servlet/solicitudotadjuntos?eefab0f54816ca845a5f396277ac21aa7513673dfbec561b1374ff4b6a3db1fe,gx-no-cache=1515681648251 HTTP/1.1" 200 30
186.103.158.250 - - [11/Jan/2018:11:41:29 -0300] "GET /cormun/servlet/solicitudotadjuntos?eefab0f54816ca845a5f396277ac21aa7513673dfbec561b1374ff4b6a3db1fe,gx-no-cache=1515681648310 HTTP/1.1" 200 30
186.103.158.250 - - [11/Jan/2018:11:41:29 -0300] "POST /cormun/servlet/solicitudotadjuntos?0200b3adc0323117d4cc876a5948844c,INS,2018,8685,,1, HTTP/1.1" 200 116
186.103.158.250 - - [11/Jan/2018:11:41:29 -0300] "GET /cormun/servlet/hpexe_return? HTTP/1.1" 200 1023
186.103.158.250 - - [11/Jan/2018:11:41:30 -0300] "GET /cormun/servlet/trsolicitudadjuntos?2018,8685, HTTP/1.1" 200 9049
186.103.158.250 - - [11/Jan/2018:11:41:31 -0300] "GET /cormun/servlet/trsolicitudadjuntos?2018,8685, HTTP/1.1" 200 9046
186.103.159.182 - - [11/Jan/2018:11:41:32 -0300] "GET /cormun/servlet/solicitudotcontratos?INS,2018,0,8915356,5,6,2017,1562,LEY+SEP,201711,2,B, HTTP/1.1" 200 10011
186.103.159.182 - - [11/Jan/2018:11:41:34 -0300] "GET /cormun/servlet/solicitudotcontratos?INS,2018,0,8915356,5,6,2017,1562,LEY+SEP,201711,2,B, HTTP/1.1" 200 10046
186.103.159.182 - - [11/Jan/2018:11:41:34 -0300] "GET /cormun/servlet/solicitudotcontratos?4846520630624ebff6b0b8492efacec9d6c54a17fd596f4a9eba3de5a21159b3f4062e1e373498beae30fc8e6c2e32ba,gx-no-cache=1515681651098 HTTP/1.1" 200 30
186.103.159.182 - - [11/Jan/2018:11:41:34 -0300] "GET /cormun/servlet/solicitudotcontratos?4846520630624ebff6b0b8492efacec935797e570f0422ea8bf899e69cd2c7471e06cf9e2d27fac7cf2f6fc4b3d01405,gx-no-cache=1515681651171 HTTP/1.1" 200 30
186.103.158.250 - - [11/Jan/2018:11:41:34 -0300] "GET /cormun/servlet/solicitudotadjuntos?INS,2018,8685,,1, HTTP/1.1" 200 6198
186.103.159.182 - - [11/Jan/2018:11:41:35 -0300] "GET /cormun/servlet/solicitudotcontratos?4846520630624ebff6b0b8492efacec903173f6e2927116436e2650b9dcd6497d0d5af384f3799495d3a420e375d3e33d8a52947cb31aa6453cc9802e7bb53c87391c3a557727277e4b8b8910109df88d90733d78c16a85d0ff8a2860b30626f3903126706c0450a30d0a26eec26c31f1b081e171c89e52065152b36c84042dc,gx-no-cache=1515681651218 HTTP/1.1" 200 50
186.103.159.182 - - [11/Jan/2018:11:41:35 -0300] "GET /cormun/servlet/solicitudotcontratos?4846520630624ebff6b0b8492efacec98b5ec4186b0034ade5d2e82d90604e0dc59b1ee5bd25a3f58b00b2c004a75bcd,gx-no-cache=1515681651300 HTTP/1.1" 200 30
186.103.159.182 - - [11/Jan/2018:11:41:35 -0300] "GET /cormun/servlet/solicitudotcontratos?4846520630624ebff6b0b8492efacec9c799184295d0b38889f181b678e5da192b9dc7822a2ec6a8c049eba1ec906423531c316ca0caeeddf2d67bf51d3fdb5d4d7093efb0640d5729373b212942ab3749b50608bf8f79c17e3976fb5d5916007d46d39858c147b50533a298b03c0b95,gx-no-cache=1515681651365 HTTP/1.1" 200 30
186.103.158.250 - - [11/Jan/2018:11:41:35 -0300] "GET /cormun/static/about:blank HTTP/1.1" 404 1011
186.103.159.182 - - [11/Jan/2018:11:41:35 -0300] "GET /cormun/servlet/solicitudotcontratos?4846520630624ebff6b0b8492efacec98614ed5428caed5584b415d33ead89f5badb628b449087e4f919ca58dc04e9373bef79e7ee4ed717a52e092bf7b7a57a531c316ca0caeeddf2d67bf51d3fdb5d63e9de5ec2bb53197e76e83bbd8a433931ea590b471909c0a3ccae1389f4a40dcb8c9cbea93a041b694f44fde855735f1c10747e87431f39899766037e638e4697118ae511c85147e35031a05b4208733bef79e7ee4ed717a52e092bf7b7a57a8b556e93c2cbcbd6c21f546a6c3ecf26b6994f430fce67c73afe00c2d52594d91e5d6d1faf6a3d77818b9c8f58572e7294da05e7b93d6a303c5d4e9296d563679abbc966918305779c11e75e668465a03b76a8a577feaffefcbf6c965f6d484b153e0a5798ec60a8659cffc30b14ed8cb7fa883f90748f6a6de759b87b675a1016214a118320b7050fd9649650a0777853fa26c87a9bd6718dcb4809f91782adb706bfd2d504a70d616b6d03a6323c375dfd5a3a4742fca36cd730b90e7ccd4ac968f78f3b7b02da57eb41bd990c30deeb8ea3844c49e2d76e0c317672e0eeaf467421d8839852535f35ba20554f08d5fad22ec508b996364a134615f25f01b3a8b898917907c21ab290621699b695c1c6db126db0e884e43da3b15e025b6f5ae46eccd28c433a319aad8877af61f4fddbef7c142b119676cc9ba6f8af593d3710a2c49192798ea61b2395a63f646159374c42cb012dc66874e1b5a27a7cd223b692b965209deafdfaeedb25654733299c5b703cafae03e77403eb30bc1a5b5f446c37f97b24bf01fb6036721f14e46a,gx-no-cache=1515681651465 HTTP/1.1" 200 79
186.103.158.250 - - [11/Jan/2018:11:41:36 -0300] "GET /cormun/servlet/solicitudotadjuntos?INS,2018,8685,,1, HTTP/1.1" 200 6191
186.103.158.250 - - [11/Jan/2018:11:41:36 -0300] "GET /cormun/servlet/solicitudotadjuntos?eefab0f54816ca845a5f396277ac21aa540ad025b7611276733e093cab0876c905f71ad8e92cbc4f2f6f5eafbdd91543,gx-no-cache=1515681655664 HTTP/1.1" 200 30
186.103.158.250 - - [11/Jan/2018:11:41:36 -0300] "POST /cormun/servlet/solicitudotadjuntos?0200b3adc0323117d4cc876a5948844c,INS,2018,8685,,1,,gx-no-cache=1515681655720 HTTP/1.1" 200 4014
186.103.159.182 - - [11/Jan/2018:11:41:40 -0300] "POST /cormun/servlet/solicitudotcontratos?349bc9843eec3a427768c311b6245046,INS,2018,0,8915356,5,6,2017,1562,LEY+SEP,201711,2,B,,gx-no-cache=1515681655801 HTTP/1.1" 200 10805
186.103.159.182 - - [11/Jan/2018:11:41:40 -0300] "POST /cormun/servlet/solicitudotcontratos?gx-no-cache=1515681656494 HTTP/1.1" 200 1342
186.103.159.182 - - [11/Jan/2018:11:41:40 -0300] "POST /cormun/servlet/solicitudotcontratos?gx-no-cache=1515681656568 HTTP/1.1" 200 1221
186.103.159.182 - - [11/Jan/2018:11:41:40 -0300] "GET /cormun/servlet/solicitudotcontratos?4846520630624ebff6b0b8492efacec900f676fba492af5c65abdca4c82c8f157065de4d61cb7d113714ba5ce356908105c99d2811584c75cfcd0d8cb5f983429a855f9a048dc980089cb6b5b91261f9b66925a9bdf569e2ee7552d350875caca9b09fd99f7e36b403e4fae13c07e7c1c55af146b342a7f8c709c49e9c48fc90,gx-no-cache=1515681656618 HTTP/1.1" 200 30
186.103.159.182 - - [11/Jan/2018:11:41:40 -0300] "POST /cormun/servlet/solicitudotcontratos?349bc9843eec3a427768c311b6245046,INS,2018,0,8915356,5,6,2017,1562,LEY+SEP,201711,2,B,,gx-no-cache=1515681656656 HTTP/1.1" 200 93
186.103.159.182 - - [11/Jan/2018:11:41:40 -0300] "GET /cormun/servlet/hpexe_return? HTTP/1.1" 200 1045
186.103.159.182 - - [11/Jan/2018:11:41:41 -0300] "GET /cormun/servlet/trcontratosolicitud HTTP/1.1" 200 14786
186.103.158.250 - - [11/Jan/2018:11:41:42 -0300] "POST /cormun/servlet/solicitudotadjuntos?gx-no-cache=1515681661336 HTTP/1.1" 200 26
186.103.159.182 - - [11/Jan/2018:11:41:42 -0300] "GET /cormun/servlet/trcontratosolicitud HTTP/1.1" 200 14788
186.103.159.182 - - [11/Jan/2018:11:41:50 -0300] "GET /cormun/servlet/solicitudotcontratos?INS,2018,0,8915356,5,6,2017,6286,LEY+SEP,201711,9,B, HTTP/1.1" 200 10008
186.103.159.182 - - [11/Jan/2018:11:41:51 -0300] "GET /cormun/servlet/solicitudotcontratos?INS,2018,0,8915356,5,6,2017,6286,LEY+SEP,201711,9,B, HTTP/1.1" 200 10044
186.103.159.182 - - [11/Jan/2018:11:41:52 -0300] "GET /cormun/servlet/solicitudotcontratos?4846520630624ebff6b0b8492efacec9d6c54a17fd596f4a9eba3de5a21159b3f4062e1e373498beae30fc8e6c2e32ba,gx-no-cache=1515681668411 HTTP/1.1" 200 30
186.103.159.182 - - [11/Jan/2018:11:41:52 -0300] "GET /cormun/servlet/solicitudotcontratos?4846520630624ebff6b0b8492efacec935797e570f0422ea8bf899e69cd2c7471e06cf9e2d27fac7cf2f6fc4b3d01405,gx-no-cache=1515681668459 HTTP/1.1" 200 30
186.103.159.182 - - [11/Jan/2018:11:41:52 -0300] "GET /cormun/servlet/solicitudotcontratos?4846520630624ebff6b0b8492efacec903173f6e2927116436e2650b9dcd6497d0d5af384f3799495d3a420e375d3e33d8a52947cb31aa6453cc9802e7bb53c87391c3a557727277e4b8b8910109df88d90733d78c16a85d0ff8a2860b30626f3903126706c0450a30d0a26eec26c31f1b081e171c89e52065152b36c84042dc,gx-no-cache=1515681668501 HTTP/1.1" 200 50
186.103.159.182 - - [11/Jan/2018:11:41:52 -0300] "GET /cormun/servlet/solicitudotcontratos?4846520630624ebff6b0b8492efacec98b5ec4186b0034ade5d2e82d90604e0dc59b1ee5bd25a3f58b00b2c004a75bcd,gx-no-cache=1515681668557 HTTP/1.1" 200 30
186.103.159.182 - - [11/Jan/2018:11:41:52 -0300] "GET /cormun/servlet/solicitudotcontratos?4846520630624ebff6b0b8492efacec9c799184295d0b38889f181b678e5da192b9dc7822a2ec6a8c049eba1ec906423531c316ca0caeeddf2d67bf51d3fdb5d4d7093efb0640d5729373b212942ab3749b50608bf8f79c17e3976fb5d5916007d46d39858c147b50533a298b03c0b95,gx-no-cache=1515681668606 HTTP/1.1" 200 30
186.103.159.182 - - [11/Jan/2018:11:41:52 -0300] "GET /cormun/servlet/solicitudotcontratos?4846520630624ebff6b0b8492efacec98614ed5428caed5584b415d33ead89f5badb628b449087e4f919ca58dc04e9373bef79e7ee4ed717a52e092bf7b7a57a531c316ca0caeeddf2d67bf51d3fdb5d63e9de5ec2bb53197e76e83bbd8a433931ea590b471909c0a3ccae1389f4a40dcb8c9cbea93a041b694f44fde855735f1c10747e87431f39899766037e638e4697118ae511c85147e35031a05b4208733bef79e7ee4ed717a52e092bf7b7a57a8b556e93c2cbcbd6c21f546a6c3ecf26b6994f430fce67c73afe00c2d52594d91e5d6d1faf6a3d77818b9c8f58572e7294da05e7b93d6a303c5d4e9296d563679abbc966918305779c11e75e668465a03b76a8a577feaffefcbf6c965f6d484b153e0a5798ec60a8659cffc30b14ed8cb7fa883f90748f6a6de759b87b675a1016214a118320b7050fd9649650a0777853fa26c87a9bd6718dcb4809f91782adb706bfd2d504a70d616b6d03a6323c375dfd5a3a4742fca36cd730b90e7ccd4ac968f78f3b7b02da57eb41bd990c30deeb8ea3844c49e2d76e0c317672e0eeaf467421d8839852535f35ba20554f08d5fad22ec508b996364a134615f25f01b3a8b898917907c21ab290621699b695c1c6db126db0e884e43da3b15e025b6f5ae46eccd28c433a319aad8877af61f4fddbef7c142b119676cc9ba6f8af593d3710a2c49192798ea61b2395a63f646159374c42cb012dc66874e1b5a27a7cd223b692b965209deafdfaeedb25654733299c5b703cafae03e77403eb30bc1a5b5f446c37f97b24bf01fb6036721f14e46a,gx-no-cache=1515681668657 HTTP/1.1" 200 79
186.103.158.250 - - [11/Jan/2018:11:41:53 -0300] "GET /cormun/servlet/solicitudotadjuntos?eefab0f54816ca845a5f396277ac21aa7513673dfbec561b1374ff4b6a3db1fe,gx-no-cache=1515681672046 HTTP/1.1" 200 30
186.103.158.250 - - [11/Jan/2018:11:41:53 -0300] "GET /cormun/servlet/solicitudotadjuntos?eefab0f54816ca845a5f396277ac21aa7513673dfbec561b1374ff4b6a3db1fe,gx-no-cache=1515681672084 HTTP/1.1" 200 30
186.103.158.250 - - [11/Jan/2018:11:41:53 -0300] "POST /cormun/servlet/solicitudotadjuntos?0200b3adc0323117d4cc876a5948844c,INS,2018,8685,,1, HTTP/1.1" 200 116
186.103.158.250 - - [11/Jan/2018:11:41:53 -0300] "GET /cormun/servlet/hpexe_return? HTTP/1.1" 200 1023
186.103.158.250 - - [11/Jan/2018:11:41:53 -0300] "GET /cormun/servlet/trsolicitudadjuntos?2018,8685, HTTP/1.1" 200 9250
186.103.158.250 - - [11/Jan/2018:11:41:55 -0300] "GET /cormun/servlet/trsolicitudadjuntos?2018,8685, HTTP/1.1" 200 9247
186.103.158.250 - - [11/Jan/2018:11:41:57 -0300] "GET /cormun/servlet/solicitudotadjuntos?INS,2018,8685,,1, HTTP/1.1" 200 6198
186.103.158.250 - - [11/Jan/2018:11:41:57 -0300] "GET /cormun/static/about:blank HTTP/1.1" 404 1011
186.103.159.182 - - [11/Jan/2018:11:41:58 -0300] "POST /cormun/servlet/solicitudotcontratos?349bc9843eec3a427768c311b6245046,INS,2018,0,8915356,5,6,2017,6286,LEY+SEP,201711,9,B,,gx-no-cache=1515681674249 HTTP/1.1" 200 10806
186.103.159.182 - - [11/Jan/2018:11:41:58 -0300] "POST /cormun/servlet/solicitudotcontratos?gx-no-cache=1515681674725 HTTP/1.1" 200 1342
186.103.159.182 - - [11/Jan/2018:11:41:58 -0300] "POST /cormun/servlet/solicitudotcontratos?gx-no-cache=1515681674790 HTTP/1.1" 200 1221
186.103.159.182 - - [11/Jan/2018:11:41:58 -0300] "GET /cormun/servlet/solicitudotcontratos?4846520630624ebff6b0b8492efacec900f676fba492af5c65abdca4c82c8f157065de4d61cb7d113714ba5ce356908105c99d2811584c75cfcd0d8cb5f983429a855f9a048dc980089cb6b5b91261f9b66925a9bdf569e2ee7552d350875caca9b09fd99f7e36b403e4fae13c07e7c1c55af146b342a7f8c709c49e9c48fc90,gx-no-cache=1515681674848 HTTP/1.1" 200 30
186.103.158.250 - - [11/Jan/2018:11:41:58 -0300] "GET /cormun/servlet/solicitudotadjuntos?INS,2018,8685,,1, HTTP/1.1" 200 6191
186.103.159.182 - - [11/Jan/2018:11:41:58 -0300] "POST /cormun/servlet/solicitudotcontratos?349bc9843eec3a427768c311b6245046,INS,2018,0,8915356,5,6,2017,6286,LEY+SEP,201711,9,B,,gx-no-cache=1515681674888 HTTP/1.1" 200 93
186.103.159.182 - - [11/Jan/2018:11:41:58 -0300] "GET /cormun/servlet/hpexe_return? HTTP/1.1" 200 1045
186.103.158.250 - - [11/Jan/2018:11:41:59 -0300] "GET /cormun/servlet/solicitudotadjuntos?eefab0f54816ca845a5f396277ac21aa540ad025b7611276733e093cab0876c905f71ad8e92cbc4f2f6f5eafbdd91543,gx-no-cache=1515681678237 HTTP/1.1" 200 30
186.103.158.250 - - [11/Jan/2018:11:41:59 -0300] "POST /cormun/servlet/solicitudotadjuntos?0200b3adc0323117d4cc876a5948844c,INS,2018,8685,,1,,gx-no-cache=1515681678294 HTTP/1.1" 200 4014
186.103.159.182 - - [11/Jan/2018:11:41:59 -0300] "GET /cormun/servlet/trcontratosolicitud HTTP/1.1" 200 14817
186.103.159.182 - - [11/Jan/2018:11:42:01 -0300] "GET /cormun/servlet/trcontratosolicitud HTTP/1.1" 200 14822
186.103.158.250 - - [11/Jan/2018:11:42:03 -0300] "POST /cormun/servlet/solicitudotadjuntos?gx-no-cache=1515681682283 HTTP/1.1" 200 26
186.103.159.204 - - [11/Jan/2018:11:42:06 -0300] "GET /cormun/servlet/hlogin HTTP/1.1" 200 1725
186.103.159.204 - - [11/Jan/2018:11:42:06 -0300] "GET /cormun/static/gxcfg.js?20175251213516 HTTP/1.1" 304 -
186.103.159.204 - - [11/Jan/2018:11:42:06 -0300] "GET /cormun/static/messages.spa.js?85251 HTTP/1.1" 304 -
186.103.158.250 - - [11/Jan/2018:11:42:09 -0300] "GET /cormun/servlet/solicitudotadjuntos?eefab0f54816ca845a5f396277ac21aa7513673dfbec561b1374ff4b6a3db1fe,gx-no-cache=1515681688366 HTTP/1.1" 200 30
186.103.158.250 - - [11/Jan/2018:11:42:09 -0300] "GET /cormun/servlet/solicitudotadjuntos?eefab0f54816ca845a5f396277ac21aa7513673dfbec561b1374ff4b6a3db1fe,gx-no-cache=1515681688402 HTTP/1.1" 200 30
186.103.158.250 - - [11/Jan/2018:11:42:10 -0300] "POST /cormun/servlet/solicitudotadjuntos?0200b3adc0323117d4cc876a5948844c,INS,2018,8685,,1, HTTP/1.1" 200 116
186.103.158.250 - - [11/Jan/2018:11:42:10 -0300] "GET /cormun/servlet/hpexe_return? HTTP/1.1" 200 1023
186.103.158.250 - - [11/Jan/2018:11:42:11 -0300] "GET /cormun/servlet/trsolicitudadjuntos?2018,8685, HTTP/1.1" 200 9459
186.103.158.250 - - [11/Jan/2018:11:42:12 -0300] "GET /cormun/servlet/trsolicitudadjuntos?2018,8685, HTTP/1.1" 200 9455
186.103.158.250 - - [11/Jan/2018:11:42:14 -0300] "GET /cormun/servlet/solicitudotadjuntos?INS,2018,8685,,1, HTTP/1.1" 200 6198
186.103.158.250 - - [11/Jan/2018:11:42:15 -0300] "GET /cormun/static/about:blank HTTP/1.1" 404 1011
186.103.158.250 - - [11/Jan/2018:11:42:15 -0300] "GET /cormun/servlet/solicitudotadjuntos?INS,2018,8685,,1, HTTP/1.1" 200 6191
186.103.158.250 - - [11/Jan/2018:11:42:16 -0300] "GET /cormun/servlet/solicitudotadjuntos?eefab0f54816ca845a5f396277ac21aa540ad025b7611276733e093cab0876c905f71ad8e92cbc4f2f6f5eafbdd91543,gx-no-cache=1515681695388 HTTP/1.1" 200 30
186.103.158.250 - - [11/Jan/2018:11:42:16 -0300] "POST /cormun/servlet/solicitudotadjuntos?0200b3adc0323117d4cc876a5948844c,INS,2018,8685,,1,,gx-no-cache=1515681695436 HTTP/1.1" 200 4014
186.103.158.250 - - [11/Jan/2018:11:42:23 -0300] "POST /cormun/servlet/solicitudotadjuntos?gx-no-cache=1515681702273 HTTP/1.1" 200 26
186.79.214.243 - - [11/Jan/2018:11:42:28 -0300] "GET /cormun/servlet/trfichaempleado? HTTP/1.1" 200 14585
186.103.159.182 - - [11/Jan/2018:11:42:34 -0300] "GET /cormun/servlet/solicitudotcontratos?INS,2018,0,9026619,5,6,2017,1563,LEY+SEP,201711,6,B, HTTP/1.1" 200 9979
186.103.158.250 - - [11/Jan/2018:11:42:35 -0300] "GET /cormun/servlet/solicitudotadjuntos?eefab0f54816ca845a5f396277ac21aa7513673dfbec561b1374ff4b6a3db1fe,gx-no-cache=1515681714932 HTTP/1.1" 200 30
186.103.158.250 - - [11/Jan/2018:11:42:35 -0300] "GET /cormun/servlet/solicitudotadjuntos?eefab0f54816ca845a5f396277ac21aa7513673dfbec561b1374ff4b6a3db1fe,gx-no-cache=1515681714958 HTTP/1.1" 200 30
186.103.159.182 - - [11/Jan/2018:11:42:36 -0300] "GET /cormun/servlet/solicitudotcontratos?INS,2018,0,9026619,5,6,2017,1563,LEY+SEP,201711,6,B, HTTP/1.1" 200 10014
186.103.158.250 - - [11/Jan/2018:11:42:36 -0300] "POST /cormun/servlet/solicitudotadjuntos?0200b3adc0323117d4cc876a5948844c,INS,2018,8685,,1, HTTP/1.1" 200 116
186.103.159.182 - - [11/Jan/2018:11:42:36 -0300] "GET /cormun/servlet/solicitudotcontratos?4846520630624ebff6b0b8492efacec9c9f4150a2fd29a88a07a2f0b43c44474f4062e1e373498beae30fc8e6c2e32ba,gx-no-cache=1515681712742 HTTP/1.1" 200 30
186.103.159.182 - - [11/Jan/2018:11:42:36 -0300] "GET /cormun/servlet/solicitudotcontratos?4846520630624ebff6b0b8492efacec90978656b81a649253db79d7a9e7127281e06cf9e2d27fac7cf2f6fc4b3d01405,gx-no-cache=1515681712811 HTTP/1.1" 200 30
186.103.158.250 - - [11/Jan/2018:11:42:36 -0300] "GET /cormun/servlet/hpexe_return? HTTP/1.1" 200 1023
186.103.159.182 - - [11/Jan/2018:11:42:36 -0300] "GET /cormun/servlet/solicitudotcontratos?4846520630624ebff6b0b8492efacec903173f6e2927116436e2650b9dcd6497d0d5af384f3799495d3a420e375d3e33d8a52947cb31aa6453cc9802e7bb53c87391c3a557727277e4b8b8910109df88d90733d78c16a85d0ff8a2860b30626f3903126706c0450a30d0a26eec26c31f1b081e171c89e52065152b36c84042dc,gx-no-cache=1515681712865 HTTP/1.1" 200 50
186.103.159.182 - - [11/Jan/2018:11:42:36 -0300] "GET /cormun/servlet/solicitudotcontratos?4846520630624ebff6b0b8492efacec9a0ff66028a1fd0cd7ef202a70411e486a18c5638af7311154e9bae6cd092b813,gx-no-cache=1515681712920 HTTP/1.1" 200 30
186.103.159.182 - - [11/Jan/2018:11:42:36 -0300] "GET /cormun/servlet/solicitudotcontratos?4846520630624ebff6b0b8492efacec9c799184295d0b38889f181b678e5da192b9dc7822a2ec6a8c049eba1ec906423531c316ca0caeeddf2d67bf51d3fdb5d4d7093efb0640d5729373b212942ab3749b50608bf8f79c17e3976fb5d5916007d46d39858c147b50533a298b03c0b95,gx-no-cache=1515681712988 HTTP/1.1" 200 30
186.103.159.182 - - [11/Jan/2018:11:42:36 -0300] "GET /cormun/servlet/solicitudotcontratos?4846520630624ebff6b0b8492efacec98614ed5428caed5584b415d33ead89f5badb628b449087e4f919ca58dc04e9373bef79e7ee4ed717a52e092bf7b7a57a531c316ca0caeeddf2d67bf51d3fdb5d63e9de5ec2bb53197e76e83bbd8a433931ea590b471909c0a3ccae1389f4a40dcb8c9cbea93a041b694f44fde855735f1c10747e87431f39899766037e638e4697118ae511c85147e35031a05b4208733bef79e7ee4ed717a52e092bf7b7a57a8b556e93c2cbcbd6c21f546a6c3ecf26b6994f430fce67c73afe00c2d52594d91e5d6d1faf6a3d77818b9c8f58572e7294da05e7b93d6a303c5d4e9296d563679abbc966918305779c11e75e668465a03b76a8a577feaffefcbf6c965f6d484b153e0a5798ec60a8659cffc30b14ed8cb7fa883f90748f6a6de759b87b675a1016214a118320b7050fd9649650a0777853fa26c87a9bd6718dcb4809f91782adb706bfd2d504a70d616b6d03a6323c375dfd5a3a4742fca36cd730b90e7ccd4ac968f78f3b7b02da57eb41bd990c30deeb8ea3844c49e2d76e0c317672e0eeaf467421d8839852535f35ba20554f08d5fad22ec508b996364a134615f25f01b3a8b898917907c21ab290621699b695c1c6db126db0e884e43da3b15e025b6f5ae46eccd28c433a319aad8877af61f4fddbef7c142b119676cc9ba6f8af593d3710a2c49192798ea61b2395a63f646159374c42cb012dc66874e1b5a27a7cd223b692b965209deafdfaeedb25654733299c5b703cafae03e77403eb30bc1a5b5f446c37f97b24bf01fb6036721f14e46a,gx-no-cache=1515681713036 HTTP/1.1" 200 79
186.103.158.250 - - [11/Jan/2018:11:42:37 -0300] "GET /cormun/servlet/trsolicitudadjuntos?2018,8685, HTTP/1.1" 200 9776
186.103.158.250 - - [11/Jan/2018:11:42:38 -0300] "GET /cormun/servlet/trsolicitudadjuntos?2018,8685, HTTP/1.1" 200 9773
186.103.159.182 - - [11/Jan/2018:11:42:45 -0300] "POST /cormun/servlet/solicitudotcontratos?349bc9843eec3a427768c311b6245046,INS,2018,0,9026619,5,6,2017,1563,LEY+SEP,201711,6,B,,gx-no-cache=1515681721554 HTTP/1.1" 200 10775
186.103.159.182 - - [11/Jan/2018:11:42:46 -0300] "POST /cormun/servlet/solicitudotcontratos?gx-no-cache=1515681722284 HTTP/1.1" 200 1342
186.103.159.182 - - [11/Jan/2018:11:42:46 -0300] "POST /cormun/servlet/solicitudotcontratos?gx-no-cache=1515681722363 HTTP/1.1" 200 1221
186.103.159.182 - - [11/Jan/2018:11:42:46 -0300] "GET /cormun/servlet/solicitudotcontratos?4846520630624ebff6b0b8492efacec900f676fba492af5c65abdca4c82c8f157065de4d61cb7d113714ba5ce356908105c99d2811584c75cfcd0d8cb5f983429a855f9a048dc980089cb6b5b91261f9b66925a9bdf569e2ee7552d350875caca9b09fd99f7e36b403e4fae13c07e7c1c55af146b342a7f8c709c49e9c48fc90,gx-no-cache=1515681722422 HTTP/1.1" 200 30
186.103.159.182 - - [11/Jan/2018:11:42:46 -0300] "POST /cormun/servlet/solicitudotcontratos?349bc9843eec3a427768c311b6245046,INS,2018,0,9026619,5,6,2017,1563,LEY+SEP,201711,6,B,,gx-no-cache=1515681722460 HTTP/1.1" 200 93
186.103.159.182 - - [11/Jan/2018:11:42:46 -0300] "GET /cormun/servlet/hpexe_return? HTTP/1.1" 200 1044
186.103.159.182 - - [11/Jan/2018:11:42:47 -0300] "GET /cormun/servlet/trcontratosolicitud HTTP/1.1" 200 14820
186.103.159.182 - - [11/Jan/2018:11:42:49 -0300] "GET /cormun/servlet/trcontratosolicitud HTTP/1.1" 200 14818
186.103.158.250 - - [11/Jan/2018:11:42:53 -0300] "GET /cormun/servlet/trsolicitudot? HTTP/1.1" 200 9119
186.103.158.250 - - [11/Jan/2018:11:42:55 -0300] "GET /cormun/servlet/trsolicitudot? HTTP/1.1" 200 9113
186.103.158.250 - - [11/Jan/2018:11:43:01 -0300] "GET /cormun/servlet/solicitudot?INS,0,0, HTTP/1.1" 200 14083
186.103.159.44 - - [11/Jan/2018:11:43:02 -0300] "POST /cormun/servlet/trcontratosolicitud?7680f75a9c3e26756cadc1e4993d38b7,,gx-no-cache=1515681742071 HTTP/1.1" 200 4148
186.103.158.250 - - [11/Jan/2018:11:43:02 -0300] "GET /cormun/servlet/solicitudot?INS,0,0, HTTP/1.1" 200 14088
186.103.159.44 - - [11/Jan/2018:11:43:03 -0300] "POST /cormun/servlet/trcontratosolicitud?7680f75a9c3e26756cadc1e4993d38b7,,gx-no-cache=1515681743550 HTTP/1.1" 200 4149
186.103.159.182 - - [11/Jan/2018:11:43:07 -0300] "GET /cormun/servlet/solicitudotcontratos?INS,2018,0,9651124,8,6,2017,3320,LEY+SEP,201711,2,B, HTTP/1.1" 200 9994
186.103.159.44 - - [11/Jan/2018:11:43:07 -0300] "GET /cormun/servlet/trsolicitudot? HTTP/1.1" 200 15029
186.103.159.182 - - [11/Jan/2018:11:43:08 -0300] "GET /cormun/servlet/solicitudotcontratos?INS,2018,0,9651124,8,6,2017,3320,LEY+SEP,201711,2,B, HTTP/1.1" 200 10030
186.103.159.182 - - [11/Jan/2018:11:43:09 -0300] "GET /cormun/servlet/solicitudotcontratos?4846520630624ebff6b0b8492efacec9461490bdd345abee53b309caf57a2d9ef4062e1e373498beae30fc8e6c2e32ba,gx-no-cache=1515681745294 HTTP/1.1" 200 30
186.103.159.182 - - [11/Jan/2018:11:43:09 -0300] "GET /cormun/servlet/solicitudotcontratos?4846520630624ebff6b0b8492efacec90a8e344e9e5c969dccf56d961ffb38651e06cf9e2d27fac7cf2f6fc4b3d01405,gx-no-cache=1515681745649 HTTP/1.1" 200 30
186.103.159.182 - - [11/Jan/2018:11:43:09 -0300] "GET /cormun/servlet/solicitudotcontratos?4846520630624ebff6b0b8492efacec903173f6e2927116436e2650b9dcd6497d0d5af384f3799495d3a420e375d3e33d8a52947cb31aa6453cc9802e7bb53c87391c3a557727277e4b8b8910109df88d90733d78c16a85d0ff8a2860b30626f3903126706c0450a30d0a26eec26c31f1b081e171c89e52065152b36c84042dc,gx-no-cache=1515681745685 HTTP/1.1" 200 50
186.103.159.182 - - [11/Jan/2018:11:43:09 -0300] "GET /cormun/servlet/solicitudotcontratos?4846520630624ebff6b0b8492efacec9d3ee58eef26533d4ee7205d9124eebcaf300c889181d3c3f74d4702b028dd085,gx-no-cache=1515681745726 HTTP/1.1" 200 30
186.103.159.182 - - [11/Jan/2018:11:43:09 -0300] "GET /cormun/servlet/solicitudotcontratos?4846520630624ebff6b0b8492efacec9c799184295d0b38889f181b678e5da192b9dc7822a2ec6a8c049eba1ec906423531c316ca0caeeddf2d67bf51d3fdb5d4d7093efb0640d5729373b212942ab3749b50608bf8f79c17e3976fb5d5916007d46d39858c147b50533a298b03c0b95,gx-no-cache=1515681745763 HTTP/1.1" 200 30
186.103.159.182 - - [11/Jan/2018:11:43:09 -0300] "GET /cormun/servlet/solicitudotcontratos?4846520630624ebff6b0b8492efacec98614ed5428caed5584b415d33ead89f5badb628b449087e4f919ca58dc04e9373bef79e7ee4ed717a52e092bf7b7a57a531c316ca0caeeddf2d67bf51d3fdb5d63e9de5ec2bb53197e76e83bbd8a433931ea590b471909c0a3ccae1389f4a40dcb8c9cbea93a041b694f44fde855735f1c10747e87431f39899766037e638e4697118ae511c85147e35031a05b4208733bef79e7ee4ed717a52e092bf7b7a57a8b556e93c2cbcbd6c21f546a6c3ecf26b6994f430fce67c73afe00c2d52594d91e5d6d1faf6a3d77818b9c8f58572e7294da05e7b93d6a303c5d4e9296d563679abbc966918305779c11e75e668465a03b76a8a577feaffefcbf6c965f6d484b153e0a5798ec60a8659cffc30b14ed8cb7fa883f90748f6a6de759b87b675a1016214a118320b7050fd9649650a0777853fa26c87a9bd6718dcb4809f91782adb706bfd2d504a70d616b6d03a6323c375dfd5a3a4742fca36cd730b90e7ccd4ac968f78f3b7b02da57eb41bd990c30deeb8ea3844c49e2d76e0c317672e0eeaf467421d8839852535f35ba20554f08d5fad22ec508b996364a134615f25f01b3a8b898917907c21ab290621699b695c1c6db126db0e884e43da3b15e025b6f5ae46eccd28c433a319aad8877af61f4fddbef7c142b119676cc9ba6f8af593d3710a2c49192798ea61b2395a63f646159374c42cb012dc66874e1b5a27a7cd223b692b965209deafdfaeedb25654733299c5b703cafae03e77403eb30bc1a5b5f446c37f97b24bf01fb6036721f14e46a,gx-no-cache=1515681745810 HTTP/1.1" 200 79
186.103.159.44 - - [11/Jan/2018:11:43:12 -0300] "GET /cormun/servlet/solicitudot?INS,0,0, HTTP/1.1" 200 14046
200.111.122.170 - - [11/Jan/2018:11:43:17 -0300] "GET /cormun/servlet/hlogin HTTP/1.1" 200 1720
200.111.122.170 - - [11/Jan/2018:11:43:17 -0300] "GET /cormun/static/Resources/Spanish/PXTools.css?11423723 HTTP/1.1" 200 89042
200.111.122.170 - - [11/Jan/2018:11:43:17 -0300] "GET /cormun/static/gxtimezone.js?85251 HTTP/1.1" 200 5781
190.151.100.218 - - [11/Jan/2018:11:43:17 -0300] "GET /cormun/static/gxcfg.js?20175251213516 HTTP/1.1" 200 953
200.111.122.170 - - [11/Jan/2018:11:43:17 -0300] "GET /cormun/static/messages.spa.js?85251 HTTP/1.1" 200 30736
186.103.132.155 - - [11/Jan/2018:11:43:18 -0300] "GET /cormun/static/gxgral.js?85251 HTTP/1.1" 200 384558
200.111.122.170 - - [11/Jan/2018:11:43:18 -0300] "GET /cormun/static/hlogin.js?20175251213537 HTTP/1.1" 200 2136
200.111.122.170 - - [11/Jan/2018:11:43:18 -0300] "GET /cormun/static/Resources/ComunLogin.png HTTP/1.1" 200 17326
200.111.122.170 - - [11/Jan/2018:11:43:19 -0300] "GET /cormun/static/Resources/PXToolsLoginBackground.png HTTP/1.1" 200 1164
186.103.132.155 - - [11/Jan/2018:11:43:19 -0300] "GET /cormun/static/Resources/PXToolsLoginTop.png HTTP/1.1" 200 1337
190.151.100.218 - - [11/Jan/2018:11:43:19 -0300] "GET /cormun/static/Resources/PXToolsButtonLeft21.png HTTP/1.1" 200 1287
200.111.122.170 - - [11/Jan/2018:11:43:19 -0300] "GET /cormun/static/Resources/PXToolsButtonRight21.png HTTP/1.1" 200 1283
200.72.197.82 - - [11/Jan/2018:11:43:19 -0300] "GET /cormun/static/Resources/PXToolsButtonBackground2.png HTTP/1.1" 200 1181
190.151.100.218 - - [11/Jan/2018:11:43:19 -0300] "GET /cormun/static/Resources/PXToolsLoginBottom.png HTTP/1.1" 200 1389
200.111.122.170 - - [11/Jan/2018:11:43:19 -0300] "GET /cormun/static/Resources/indicator.gif HTTP/1.1" 200 1553
186.103.132.155 - - [11/Jan/2018:11:43:19 -0300] "GET /cormun/servlet/hlogin HTTP/1.1" 200 1724
186.103.132.155 - - [11/Jan/2018:11:43:19 -0300] "GET /favicon.ico HTTP/1.1" 200 21630
186.103.158.250 - - [11/Jan/2018:11:43:19 -0300] "POST /cormun/servlet/solicitudot?gx-no-cache=1515681758906 HTTP/1.1" 200 3829
186.103.158.250 - - [11/Jan/2018:11:43:20 -0300] "POST /cormun/servlet/solicitudot?0200b3adc0323117d4cc876a5948844c,INS,0,0,,gx-no-cache=1515681759234 HTTP/1.1" 200 10957
186.103.159.182 - - [11/Jan/2018:11:43:24 -0300] "POST /cormun/servlet/solicitudotcontratos?349bc9843eec3a427768c311b6245046,INS,2018,0,9651124,8,6,2017,3320,LEY+SEP,201711,2,B,,gx-no-cache=1515681760496 HTTP/1.1" 200 10780
186.103.159.182 - - [11/Jan/2018:11:43:24 -0300] "POST /cormun/servlet/solicitudotcontratos?gx-no-cache=1515681760968 HTTP/1.1" 200 1342
186.103.159.182 - - [11/Jan/2018:11:43:24 -0300] "POST /cormun/servlet/solicitudotcontratos?gx-no-cache=1515681761039 HTTP/1.1" 200 1221
186.103.159.182 - - [11/Jan/2018:11:43:24 -0300] "GET /cormun/servlet/solicitudotcontratos?4846520630624ebff6b0b8492efacec900f676fba492af5c65abdca4c82c8f157065de4d61cb7d113714ba5ce356908105c99d2811584c75cfcd0d8cb5f983429a855f9a048dc980089cb6b5b91261f9b66925a9bdf569e2ee7552d350875caca9b09fd99f7e36b403e4fae13c07e7c1c55af146b342a7f8c709c49e9c48fc90,gx-no-cache=1515681761089 HTTP/1.1" 200 30
186.103.159.182 - - [11/Jan/2018:11:43:25 -0300] "POST /cormun/servlet/solicitudotcontratos?349bc9843eec3a427768c311b6245046,INS,2018,0,9651124,8,6,2017,3320,LEY+SEP,201711,2,B,,gx-no-cache=1515681761132 HTTP/1.1" 200 93
186.103.159.182 - - [11/Jan/2018:11:43:25 -0300] "GET /cormun/servlet/hpexe_return? HTTP/1.1" 200 1045
186.103.159.182 - - [11/Jan/2018:11:43:25 -0300] "GET /cormun/servlet/trcontratosolicitud HTTP/1.1" 200 14877
186.103.159.182 - - [11/Jan/2018:11:43:27 -0300] "GET /cormun/servlet/trcontratosolicitud HTTP/1.1" 200 14859
186.103.158.250 - - [11/Jan/2018:11:43:31 -0300] "GET /cormun/servlet/solicitudot?eefab0f54816ca845a5f396277ac21aa5bc5485733c395b704615f357c1d02aa1d24279057cb18fe6d71014c73ae3a52,gx-no-cache=1515681770837 HTTP/1.1" 200 30
186.103.159.44 - - [11/Jan/2018:11:43:33 -0300] "POST /cormun/servlet/solicitudot?gx-no-cache=1515681773718 HTTP/1.1" 200 3862
186.103.159.44 - - [11/Jan/2018:11:43:33 -0300] "POST /cormun/servlet/solicitudot?7680f75a9c3e26756cadc1e4993d38b7,INS,0,0,,gx-no-cache=1515681774071 HTTP/1.1" 200 10984
186.103.159.182 - - [11/Jan/2018:11:43:35 -0300] "GET /cormun/servlet/solicitudotcontratos?INS,2018,0,9651124,8,2,2017,2486,NADA,201711,30,B, HTTP/1.1" 200 9982
186.103.159.182 - - [11/Jan/2018:11:43:37 -0300] "GET /cormun/servlet/solicitudotcontratos?INS,2018,0,9651124,8,2,2017,2486,NADA,201711,30,B, HTTP/1.1" 200 10015
186.103.159.182 - - [11/Jan/2018:11:43:37 -0300] "GET /cormun/servlet/solicitudotcontratos?4846520630624ebff6b0b8492efacec9461490bdd345abee53b309caf57a2d9ef4062e1e373498beae30fc8e6c2e32ba,gx-no-cache=1515681773844 HTTP/1.1" 200 30
186.103.159.182 - - [11/Jan/2018:11:43:37 -0300] "GET /cormun/servlet/solicitudotcontratos?4846520630624ebff6b0b8492efacec90a8e344e9e5c969dccf56d961ffb38651e06cf9e2d27fac7cf2f6fc4b3d01405,gx-no-cache=1515681773881 HTTP/1.1" 200 30
186.103.159.182 - - [11/Jan/2018:11:43:37 -0300] "GET /cormun/servlet/solicitudotcontratos?4846520630624ebff6b0b8492efacec903173f6e2927116436e2650b9dcd6497d0d5af384f3799495d3a420e375d3e33d8a52947cb31aa6453cc9802e7bb53c87391c3a557727277e4b8b8910109df8843f5a7e0faf2c83aa5fb8168b6e99f774fb78bfda398a4244e7cadabc5bbd031208d0fe7a4e501284bdf5d1f36547f8d,gx-no-cache=1515681773918 HTTP/1.1" 200 48
186.103.159.182 - - [11/Jan/2018:11:43:37 -0300] "GET /cormun/servlet/solicitudotcontratos?4846520630624ebff6b0b8492efacec9d3ee58eef26533d4ee7205d9124eebcad13e0006aaa8eb49e40e24b5a625c7ad,gx-no-cache=1515681773958 HTTP/1.1" 200 30
186.103.159.182 - - [11/Jan/2018:11:43:37 -0300] "GET /cormun/servlet/solicitudotcontratos?4846520630624ebff6b0b8492efacec9c799184295d0b38889f181b678e5da192b9dc7822a2ec6a8c049eba1ec906423531c316ca0caeeddf2d67bf51d3fdb5d4d7093efb0640d5729373b212942ab37f1cf9de37249370ac54d0a1fa87a16c47d46d39858c147b50533a298b03c0b95,gx-no-cache=1515681773992 HTTP/1.1" 200 30
186.103.159.182 - - [11/Jan/2018:11:43:38 -0300] "GET /cormun/servlet/solicitudotcontratos?4846520630624ebff6b0b8492efacec98614ed5428caed5584b415d33ead89f5badb628b449087e4f919ca58dc04e937f84501c684cbbd81cfd0c6ecf8f54dd2d0a9f21134a12889ab7aa8fd456bc5e7583a422b10499f6be561f5648f926daa2cb7387339433e6aafbbad29b564339f3a4fe0789e3cccc6757f9b603e2723617a765d50083e263774ab6ace6a839653f78ba4d54d13e3372090829577666934ea9964041ddbae62e68be13e917c9870897e49e6adb060a0b8594a084cd8ba576d1afb7083ae62cd616c5a678af4eae92ee8718a984f7e8cd576971f00967d6c7062b5caed121fb9ee54b22569c95e2b2da40466f956be6914aec71d8b4dd760c0b44146ade1f1348a1d6dcf546fa630d00ca3664e9adbef86e22b1a82e8e9398ea33e2f4451d56dc4bab5f50dc47fe9153e0a5798ec60a8659cffc30b14ed8c7454817c0a04f9a31a73d754490d70a5be76721d6fc2a7bd2ce3880ae954fa47b896052cf56cffdb7ea96b3f2fbc97853460b08c9edb124255c4fe522f93a7484e885d907a0a8ce59d54f2466ee77878b922bafbf41454eb95d338feddc00b13c5fdf95d89d04fb9ef2c04be4e24711712396a3d0207841a451b3d48bf2f849b84cdc605d2128d90c9c3f08d16aa709ae16cd814b5bfcb161f2b0ac02a1e91ccaa25d452d9a7c17acef867167340f211b922bafbf41454eb95d338feddc00b1346d7500328d5dc6792db98ff3132506799f048aa7853d8de1870adf7dc77efdc7ed240e78bcb3b78e532447cf0123372c07b5748d237e8e599c0e73a193a0fba,gx-no-cache=1515681774039 HTTP/1.1" 200 72
186.103.159.182 - - [11/Jan/2018:11:43:41 -0300] "POST /cormun/servlet/solicitudotcontratos?349bc9843eec3a427768c311b6245046,INS,2018,0,9651124,8,2,2017,2486,NADA,201711,30,B,,gx-no-cache=1515681777660 HTTP/1.1" 200 10768
186.103.159.182 - - [11/Jan/2018:11:43:42 -0300] "POST /cormun/servlet/solicitudotcontratos?gx-no-cache=1515681778359 HTTP/1.1" 200 1342
186.103.159.182 - - [11/Jan/2018:11:43:42 -0300] "POST /cormun/servlet/solicitudotcontratos?gx-no-cache=1515681778439 HTTP/1.1" 200 1221
186.103.159.182 - - [11/Jan/2018:11:43:42 -0300] "GET /cormun/servlet/solicitudotcontratos?4846520630624ebff6b0b8492efacec900f676fba492af5c65abdca4c82c8f157065de4d61cb7d113714ba5ce356908105c99d2811584c75cfcd0d8cb5f983429a855f9a048dc980089cb6b5b91261f9b66925a9bdf569e2ee7552d350875caca9b09fd99f7e36b403e4fae13c07e7c1c55af146b342a7f8c709c49e9c48fc90,gx-no-cache=1515681778493 HTTP/1.1" 200 30
186.103.159.182 - - [11/Jan/2018:11:43:42 -0300] "POST /cormun/servlet/solicitudotcontratos?349bc9843eec3a427768c311b6245046,INS,2018,0,9651124,8,2,2017,2486,NADA,201711,30,B,,gx-no-cache=1515681778531 HTTP/1.1" 200 93
186.103.159.182 - - [11/Jan/2018:11:43:42 -0300] "GET /cormun/servlet/hpexe_return? HTTP/1.1" 200 1043
186.103.159.182 - - [11/Jan/2018:11:43:43 -0300] "GET /cormun/servlet/trcontratosolicitud HTTP/1.1" 200 14863
186.103.159.182 - - [11/Jan/2018:11:43:44 -0300] "GET /cormun/servlet/trcontratosolicitud HTTP/1.1" 200 14855
186.103.159.44 - - [11/Jan/2018:11:43:44 -0300] "GET /cormun/servlet/solicitudot?93f5696ec6af881851328fe3ede9ab9ab11497186cd047995ec9a5f8527b3619d302c4afe19725eef41acb6861285f87,gx-no-cache=1515681785104 HTTP/1.1" 200 30
46.174.191.29 - - [11/Jan/2018:11:43:45 -0300] "GET / HTTP/1.0" 200 11197
186.103.156.24 - - [11/Jan/2018:11:43:56 -0300] "POST /cormun/servlet/solicitudot?gx-no-cache=1515681797489 HTTP/1.1" 200 3868
186.103.156.24 - - [11/Jan/2018:11:43:56 -0300] "POST /cormun/servlet/solicitudot?1235caab36d767fe96855b470e58ffed,INS,0,0,,gx-no-cache=1515681797976 HTTP/1.1" 200 11023
186.103.132.155 - - [11/Jan/2018:11:43:57 -0300] "POST /cormun/servlet/hlogin?516e029703274d436731b6a14b6c7d4d,gx-no-cache=1515681797545 HTTP/1.1" 200 90
186.103.132.155 - - [11/Jan/2018:11:43:57 -0300] "GET /cormun/servlet/hpexe_link HTTP/1.1" 200 944
190.151.100.218 - - [11/Jan/2018:11:43:57 -0300] "GET /cormun/static/hpexe_link.js?20177612121795 HTTP/1.1" 200 625
190.151.100.218 - - [11/Jan/2018:11:43:57 -0300] "GET /cormun/static/gxcfg.js?20177612121792 HTTP/1.1" 200 953
186.103.132.155 - - [11/Jan/2018:11:43:58 -0300] "GET /cormun/static/Resources/Spanish/PXTools.css?1155365 HTTP/1.1" 200 89042
186.103.132.155 - - [11/Jan/2018:11:43:58 -0300] "GET /cormun/servlet/hhome HTTP/1.1" 200 4173
186.103.132.155 - - [11/Jan/2018:11:43:59 -0300] "GET /cormun/static/Shared/jqueryui/jquery-ui.min.css?1245370 HTTP/1.1" 200 30288
190.151.100.218 - - [11/Jan/2018:11:43:59 -0300] "GET /cormun/static/SmoothNavMenu/resources/ddsmoothmenu-v.css?1012540 HTTP/1.1" 200 1188
190.151.100.218 - - [11/Jan/2018:11:43:59 -0300] "GET /cormun/static/SmoothNavMenu/resources/ddsmoothmenu.css?1012540 HTTP/1.1" 200 2223
200.111.122.170 - - [11/Jan/2018:11:43:59 -0300] "GET /cormun/static/scaMessage/css/jquery.pnotify.default.css?1716380 HTTP/1.1" 200 1707
186.103.161.206 - - [11/Jan/2018:11:43:59 -0300] "GET /cormun/static/gxcfg.js?20175251212442 HTTP/1.1" 200 953
190.151.100.218 - - [11/Jan/2018:11:43:59 -0300] "GET /cormun/static/PXToolsJavascripts/pexe_cookies.js HTTP/1.1" 200 792
200.72.197.82 - - [11/Jan/2018:11:43:59 -0300] "GET /cormun/static/PXToolsJavascripts/pexe_autoreload.js HTTP/1.1" 200 1762
190.151.100.218 - - [11/Jan/2018:11:43:59 -0300] "GET /cormun/static/PXToolsJavascripts/pexe_windows.js HTTP/1.1" 200 15207
200.111.122.170 - - [11/Jan/2018:11:43:59 -0300] "GET /cormun/static/PXToolsJavascripts/pexe_grid.js HTTP/1.1" 200 7559
190.151.100.218 - - [11/Jan/2018:11:43:59 -0300] "GET /cormun/static/PXToolsJavascripts/pexe_link.js HTTP/1.1" 200 5671
200.111.122.170 - - [11/Jan/2018:11:43:59 -0300] "GET /cormun/static/PXToolsJavascripts/pexe_layers.js HTTP/1.1" 200 4114
186.103.132.155 - - [11/Jan/2018:11:43:59 -0300] "GET /cormun/static/PXToolsJavascripts/pexe_menus.js HTTP/1.1" 200 1286
186.103.161.206 - - [11/Jan/2018:11:43:59 -0300] "GET /cormun/static/PXToolsJavascripts/pexe_griddivfix.js HTTP/1.1" 200 6644
200.72.197.82 - - [11/Jan/2018:11:43:59 -0300] "GET /cormun/static/PXToolsJavascripts/pexe_menudivfix.js HTTP/1.1" 200 333
190.151.100.218 - - [11/Jan/2018:11:43:59 -0300] "GET /cormun/static/PXToolsJavascripts/pexe_oav.js HTTP/1.1" 200 645
200.111.122.170 - - [11/Jan/2018:11:43:59 -0300] "GET /cormun/static/PXToolsJavascripts/pexe_picture.js HTTP/1.1" 200 689
190.151.100.218 - - [11/Jan/2018:11:43:59 -0300] "GET /cormun/static/PXToolsJavascripts/pexe_oavdivfix.js HTTP/1.1" 200 639
200.72.197.82 - - [11/Jan/2018:11:43:59 -0300] "GET /cormun/static/PXToolsJavascripts/pexe_popup.js HTTP/1.1" 200 13458
190.151.100.218 - - [11/Jan/2018:11:43:59 -0300] "GET /cormun/static/PXToolsJavascripts/pexe_scrolldiv.js HTTP/1.1" 200 4138
186.103.161.206 - - [11/Jan/2018:11:43:59 -0300] "GET /cormun/static/PXToolsJavascripts/pexe_tabdivfix.js HTTP/1.1" 200 876
200.111.122.170 - - [11/Jan/2018:11:43:59 -0300] "GET /cormun/static/PXToolsJavascripts/pexe_tabs.js HTTP/1.1" 200 3748
190.151.100.218 - - [11/Jan/2018:11:43:59 -0300] "GET /cormun/static/PXToolsJavascripts/pexe_upload.js HTTP/1.1" 200 1423
186.103.161.206 - - [11/Jan/2018:11:43:59 -0300] "GET /cormun/static/PXToolsJavascripts/PXToolsJavascriptsRender.js HTTP/1.1" 200 367
200.72.197.82 - - [11/Jan/2018:11:43:59 -0300] "GET /cormun/static/RunJS/RunJS.js HTTP/1.1" 200 288
200.111.122.170 - - [11/Jan/2018:11:43:59 -0300] "GET /cormun/static/hhome.js?20175251212450 HTTP/1.1" 200 777
186.103.132.155 - - [11/Jan/2018:11:43:59 -0300] "GET /cormun/static/Shared/ext/locale/ext-lang-en.js HTTP/1.1" 200 10940
190.151.100.218 - - [11/Jan/2018:11:43:59 -0300] "GET /cormun/static/hwchdr01.js?201752511465785 HTTP/1.1" 200 1183
200.72.197.82 - - [11/Jan/2018:11:43:59 -0300] "GET /cormun/static/Resources/PXToolsHeaderPreferences.png HTTP/1.1" 200 4189
200.111.122.170 - - [11/Jan/2018:11:43:59 -0300] "GET /cormun/static/Resources/PXToolsFooterBackground2.png HTTP/1.1" 200 1172
200.72.197.82 - - [11/Jan/2018:11:44:00 -0300] "GET /cormun/static/Resources/PXToolsHeaderActionsBackground.png HTTP/1.1" 200 484
186.103.159.182 - - [11/Jan/2018:11:44:00 -0300] "GET /cormun/servlet/solicitudotcontratos?INS,2018,0,6892294,1,2,2017,1549,NADA,201711,44,B, HTTP/1.1" 200 9995
200.111.122.170 - - [11/Jan/2018:11:44:00 -0300] "GET /cormun/static/Resources/PXToolsHeaderActionsRight.png HTTP/1.1" 200 1201
186.103.132.155 - - [11/Jan/2018:11:44:00 -0300] "GET /cormun/static/Resources/logo4.png HTTP/1.1" 200 6582
200.72.197.82 - - [11/Jan/2018:11:44:00 -0300] "GET /cormun/static/Resources/PXToolsHeaderHome.png HTTP/1.1" 200 4147
190.151.100.218 - - [11/Jan/2018:11:44:00 -0300] "GET /cormun/static/Resources/PXToolsHeaderActionsLeft.png HTTP/1.1" 200 1118
200.111.122.170 - - [11/Jan/2018:11:44:00 -0300] "GET /cormun/static/Resources/PXToolsHeaderLogin.png HTTP/1.1" 200 4279
190.151.100.218 - - [11/Jan/2018:11:44:00 -0300] "GET /cormun/static/Resources/PXToolsHeaderBackground2.png HTTP/1.1" 200 1174
200.72.197.82 - - [11/Jan/2018:11:44:00 -0300] "GET /cormun/static/Resources/PXToolsDataTitle.png HTTP/1.1" 200 1173
