186.103.157.246 - - [11/Jan/2018:10:31:01 -0300] "GET /cormun/servlet/solicitudotcontratos?6f5416e8acb3c2035c9a1768e29e8957af7edc15546a5eaddd780dbbe6be2ea6e57a98890adc6181787686f80c37ad2f0729d7239e40b620c08c4d2844f0299b19d2352526cd3c4c49dbca3e476c063e073e0919ff58fff60959fb522ae91ba5cbab62afd5f0e2d0d8a72e75a9e47819a9f72d4cbf7075809b152ad209e8ba1616cd2d2390424fc2d05e8d740a3eeb4fd612f4f2277fcd00b8f56661fd58341f0729d7239e40b620c08c4d2844f0299b34cfd150ff61b0c525872ad97db142b084997815a2137e31cc9ac7f332a793d05008b2581b2b383727a4426f449e64acf9d8e6577814ed2a999b8f1e94b49d3ed7e0dcc81ffedae0b229d6980aa68429a4b49eb213bfc64794223b200fa7d902c6613f09ab5957958407f7852f07d730c8d8745a9a305406eba36c1387dffd3d1aaf5b3549a0af9a136fcfbb09bf90e69de9bc4164eac74594e067ce3349544275a61340ae8ca8b7d1d0a3f6c263a6bb64a7c8c5eb6a34aad19ca9f75d96b3b2ed6c761f017b968f9ac2a3efdc7d080a4955e0c449137eaf1ea662fc987198311807262d3b52b8d84a7e2ea75faee7d28589fc6df27d90043c80b73ce2295d142f58803f6df901c2e992670134efcdfcd5cb6d0066e943ce3e7f2b46ba4bdfa88dc28bf98b0a0b6577dc6b8baf6d3349d88f17587247a532b9970ec478c198ccb16a5e2bf6a9dcc62081c5fde4706261c7b003d898744424d7094b17a7de737806f8c0d6bca1a26643e1948a616d0b89784d378773031cbd8227ffedcb35ecb3e1015121bac55b361c9cedb29a14b3a6,gx-no-cache=1515677422712 HTTP/1.1" 200 79
192.168.10.89 - - [11/Jan/2018:10:31:06 -0300] "POST /cormun/servlet/solicitudot?ba1d55ff8319d50cbc3b07e07629f462,UPD,2018,8597,,gx-no-cache=1515677326227 HTTP/1.1" 200 93
192.168.10.89 - - [11/Jan/2018:10:31:06 -0300] "GET /cormun/servlet/hpexe_return? HTTP/1.1" 200 1016
192.168.10.89 - - [11/Jan/2018:10:31:06 -0300] "GET /cormun/servlet/trsolicitudot HTTP/1.1" 200 13276
186.103.157.246 - - [11/Jan/2018:10:31:09 -0300] "POST /cormun/servlet/solicitudotcontratos?1f55de11b821978a7feb820cebb20c07,INS,2018,0,17135149,9,6,2017,5936,LEY+SEP,201711,2,*,,gx-no-cache=1515677431004 HTTP/1.1" 200 10795
186.103.157.246 - - [11/Jan/2018:10:31:09 -0300] "POST /cormun/servlet/solicitudotcontratos?gx-no-cache=1515677431363 HTTP/1.1" 200 1343
186.103.157.246 - - [11/Jan/2018:10:31:09 -0300] "POST /cormun/servlet/solicitudotcontratos?gx-no-cache=1515677431496 HTTP/1.1" 200 1221
186.103.157.246 - - [11/Jan/2018:10:31:10 -0300] "GET /cormun/servlet/solicitudotcontratos?6f5416e8acb3c2035c9a1768e29e89573daa69179b542a6e8f98c6e9dedb4c4098b87b72664ae671a80c54a6eb37c77347465cfd97ed5fa3cc988f1ea6097cb13a275c3d53dc22754889afcf6c8855d9932ca7242efe873aaf4969958e2addaf58da12fa27b52e07378358274d51bd85664d06230f293b689c0dc152f1f802af,gx-no-cache=1515677431581 HTTP/1.1" 200 30
186.103.157.246 - - [11/Jan/2018:10:31:10 -0300] "POST /cormun/servlet/solicitudotcontratos?1f55de11b821978a7feb820cebb20c07,INS,2018,0,17135149,9,6,2017,5936,LEY+SEP,201711,2,*,,gx-no-cache=1515677431636 HTTP/1.1" 200 11015
192.168.10.89 - - [11/Jan/2018:10:31:14 -0300] "POST /cormun/servlet/trsolicitudot?ba1d55ff8319d50cbc3b07e07629f462,gx-no-cache=1515677334078 HTTP/1.1" 200 106
192.168.10.89 - - [11/Jan/2018:10:31:14 -0300] "GET /cormun/servlet/solicitudot?UPD,2018,8597, HTTP/1.1" 200 14640
192.168.10.89 - - [11/Jan/2018:10:31:15 -0300] "POST /cormun/servlet/solicitudot?gx-no-cache=1515677335309 HTTP/1.1" 200 3810
192.168.10.89 - - [11/Jan/2018:10:31:15 -0300] "POST /cormun/servlet/solicitudot?ba1d55ff8319d50cbc3b07e07629f462,UPD,2018,8597,,gx-no-cache=1515677335491 HTTP/1.1" 200 11135
192.168.10.89 - - [11/Jan/2018:10:31:16 -0300] "GET /cormun/servlet/solicitudot?e496c7fda9feabc0855453d7ce7e0c377f5b26f97d967ea8bee8822a09c2dcf9fd4d68928a6ac60c9f258b8e6291525e,gx-no-cache=1515677335697 HTTP/1.1" 200 30
192.168.10.89 - - [11/Jan/2018:10:31:16 -0300] "POST /cormun/servlet/solicitudot?gx-no-cache=1515677335747 HTTP/1.1" 200 43
192.168.10.89 - - [11/Jan/2018:10:31:16 -0300] "POST /cormun/servlet/solicitudot?gx-no-cache=1515677335767 HTTP/1.1" 200 254
192.168.10.89 - - [11/Jan/2018:10:31:16 -0300] "GET /cormun/servlet/solicitudot?e496c7fda9feabc0855453d7ce7e0c37c1250e0b35deafb9c2d7c83856ff91c60db21f38b46fcaaa71d679cdd08bad23414a0278871cf6c872583582be603536f415346395172064b44b4acc81c42574016a856489d7ff76dbb9e5fa38d2373f1d5a115975f3bbf5717cacddba3cb0c9d9ad0760310d5cf0fcf1f43754bb2da35e14acb8673c5cc44ceb49b7e28516156a2b26392e9a914700c0cb62fed63a77637a6453a7d1af322ed22b1eda56c40a543c253a7b341ba01fb262b1ab42e226989e79e3636da876c5ea38d04c17d2ebe008c81593bf9be2687dbf877aaf0ab3350c87c21f924bd3c756dbc0441b6517bd6b1b81446c533892a8cc44fcdb7a22ff0813f1e496cda2e658b7e829e11e2fcf73bcf8da7687d7afbb4076fcb137634334935c748183e14df0d83e940af08a5320e36c063d51bf3fa9fbca4bec14dc0ca649634980c1c4b0be3ff5230dae7434820205d0689be90aec1bdd1280fa528ed243b7bbce4bd7876e450dcb53db588542419835c221b888240fbe45cd4423,gx-no-cache=1515677335792 HTTP/1.1" 200 30
192.168.10.89 - - [11/Jan/2018:10:31:16 -0300] "POST /cormun/servlet/solicitudot?gx-no-cache=1515677335817 HTTP/1.1" 200 30
192.168.10.89 - - [11/Jan/2018:10:31:16 -0300] "POST /cormun/servlet/solicitudot?gx-no-cache=1515677335863 HTTP/1.1" 200 231
192.168.10.89 - - [11/Jan/2018:10:31:16 -0300] "POST /cormun/servlet/solicitudot?gx-no-cache=1515677335904 HTTP/1.1" 200 41
192.168.10.89 - - [11/Jan/2018:10:31:21 -0300] "GET /cormun/servlet/solicitudot?e496c7fda9feabc0855453d7ce7e0c3710c259e4c9e174c022bf711f46aaabb47eae64ef116a4172f92859f5006b2995c0eb1406a156a1de61539771cb65d01e1008aaf433ee1fd46e5285a2adf2339ec3342c36e15991eda00cebef598710cdf36e4d41820d6315879bf5f403fb2e2dfcd51094619d309f26e0f10a5f7561bc59536b70b7ff37e599cced4064cf1d0ecfb24e3655e8f90e47566639fc5126d6,gx-no-cache=1515677340834 HTTP/1.1" 200 29
192.168.10.89 - - [11/Jan/2018:10:31:21 -0300] "POST /cormun/servlet/solicitudot?gx-no-cache=1515677340863 HTTP/1.1" 200 217
192.168.10.89 - - [11/Jan/2018:10:31:21 -0300] "GET /cormun/servlet/solicitudot?e496c7fda9feabc0855453d7ce7e0c37a27d4842c1331bddff44e784324f3efcc8d4458917e6f557acfcc12105e6ba55ff0813f1e496cda2e658b7e829e11e2f1914846651f05efc08bcd02f80e9078f0225c571ee5f2cd92d48ff4182587e88ed5b435603d6da504352d29c8603cded9dcee0127e3ed2773cd3399bcd314f00776267e50080e9034ce37cd8ccd3d429c77e41b9a05493e1b23aa3eb83c19d1c,gx-no-cache=1515677340900 HTTP/1.1" 200 55
186.103.157.246 - - [11/Jan/2018:10:31:32 -0300] "POST /cormun/servlet/solicitudotcontratos?1f55de11b821978a7feb820cebb20c07,INS,2018,0,17135149,9,6,2017,5936,LEY+SEP,201711,2,*,,gx-no-cache=1515677453458 HTTP/1.1" 200 93
186.103.157.246 - - [11/Jan/2018:10:31:32 -0300] "GET /cormun/servlet/hpexe_return? HTTP/1.1" 200 1044
200.112.4.188 - - [11/Jan/2018:10:31:32 -0300] "POST /cormun/servlet/solicitudot?gx-no-cache=1515677455199 HTTP/1.1" 200 45
186.103.157.246 - - [11/Jan/2018:10:31:32 -0300] "GET /cormun/servlet/trcontratosolicitud HTTP/1.1" 200 14925
200.112.4.188 - - [11/Jan/2018:10:31:32 -0300] "POST /cormun/servlet/solicitudot?gx-no-cache=1515677455370 HTTP/1.1" 200 255
200.112.4.188 - - [11/Jan/2018:10:31:32 -0300] "GET /cormun/servlet/solicitudot?6225526e56ffba6d1bc40d56d70cfe8d17a8ef49a8532a52ad23dbee461ae9891668dda37ac7b1dfbb7b228ab3b28f1d988e918ee4b3dc0fdead33552a775edda6dac3642f1d6e4b204edeed33fb46d1da9e8880d2959af5405d00bd15f41e24d2ff9f5779277d33dd8fb8c89218f29a61bca72ecbff4271934667ca98f0931bc71e2474baae3b5ed63b40ba374b32fd44c6676be02d6380faa4f52a728517f9628f2ec79768b5f91d2326a0dd6d8b2d5dec14b9fcdea570af1cb1230e633cce5f7390176fd18d7f5f2be95da4ff141cb0182e7482f2d20c32ed9dcfe54862419fc3737f3186660c95ea3755634da320a805d3d64279525f24dd579a9f9f23fd53176ecb21f54d831f771dc9fc989010df8d26cc34e087623ad0fb68ffb863072de34d219e7a4835f0288cd56241a3a596131126b3b4abfc25a735a5f449a4a238723a83b56ca30e94411e26087b884d669499d40ff3918d37ac93c42fbb16d223d5e866ad3ff3894d06901806c4f961b45f09306ab5b68f24b144834742701e,gx-no-cache=1515677455480 HTTP/1.1" 200 30
200.112.4.188 - - [11/Jan/2018:10:31:32 -0300] "POST /cormun/servlet/solicitudot?gx-no-cache=1515677455567 HTTP/1.1" 200 30
200.112.4.188 - - [11/Jan/2018:10:31:32 -0300] "POST /cormun/servlet/solicitudot?gx-no-cache=1515677455701 HTTP/1.1" 200 1357
186.103.157.246 - - [11/Jan/2018:10:31:33 -0300] "GET /cormun/servlet/trcontratosolicitud HTTP/1.1" 200 14922
200.112.4.188 - - [11/Jan/2018:10:31:33 -0300] "POST /cormun/servlet/solicitudot?gx-no-cache=1515677455869 HTTP/1.1" 200 38
200.112.4.188 - - [11/Jan/2018:10:31:42 -0300] "POST /cormun/servlet/solicitudot?gx-no-cache=1515677465110 HTTP/1.1" 200 30
186.103.157.246 - - [11/Jan/2018:10:31:45 -0300] "GET /cormun/servlet/solicitudotcontratos?INS,2018,0,16277588,K,6,2017,6038,LEY+SEP,201711,7,*, HTTP/1.1" 200 9895
200.112.4.188 - - [11/Jan/2018:10:31:45 -0300] "POST /cormun/servlet/solicitudot?gx-no-cache=1515677468351 HTTP/1.1" 200 1357
200.112.4.188 - - [11/Jan/2018:10:31:45 -0300] "POST /cormun/servlet/solicitudot?gx-no-cache=1515677468572 HTTP/1.1" 200 38
186.103.157.246 - - [11/Jan/2018:10:31:46 -0300] "GET /cormun/servlet/solicitudotcontratos?INS,2018,0,16277588,K,6,2017,6038,LEY+SEP,201711,7,*, HTTP/1.1" 200 9932
186.103.157.246 - - [11/Jan/2018:10:31:46 -0300] "GET /cormun/servlet/solicitudotcontratos?6f5416e8acb3c2035c9a1768e29e89573ef140be58e69d03076c54bfe045eabc13935e04b328781b1e7e7aabef059038,gx-no-cache=1515677468171 HTTP/1.1" 200 113
186.103.157.246 - - [11/Jan/2018:10:31:46 -0300] "GET /cormun/static/Shared/jqueryui/images/ui-bg_highlight-soft_100_c6c2c8_1x100.png HTTP/1.1" 404 1117
186.103.157.246 - - [11/Jan/2018:10:31:46 -0300] "GET /cormun/static/Shared/jqueryui/images/ui-icons_82798d_256x240.png HTTP/1.1" 404 1089
186.103.157.246 - - [11/Jan/2018:10:31:46 -0300] "GET /cormun/static/Shared/jqueryui/images/ui-icons_ebccce_256x240.png HTTP/1.1" 404 1089
186.103.157.246 - - [11/Jan/2018:10:31:46 -0300] "GET /cormun/static/Shared/jqueryui/images/ui-bg_flat_55_994d53_40x100.png HTTP/1.1" 404 1097
186.103.157.246 - - [11/Jan/2018:10:31:47 -0300] "GET /cormun/servlet/solicitudotcontratos?6f5416e8acb3c2035c9a1768e29e89572bb429337e733fb653163ee580f46ed511c926484e1cce67c77db873b63feb0d,gx-no-cache=1515677468304 HTTP/1.1" 200 30
186.103.157.246 - - [11/Jan/2018:10:31:47 -0300] "GET /cormun/servlet/solicitudotcontratos?6f5416e8acb3c2035c9a1768e29e89578a0aece470f94e64920f792df9aaaafc5c1f0b4081c761f0d0acd0d24a61cfe3bcd98679a753a1839969145ca803a03fdcd5fc3572e68d5f56224f17f36a90dd733c349893e02d46be9beb90a2034e8102938ba5a3584bb0a6494db79e04cdaaad51d942b71e4daff1819f94a36dfe52,gx-no-cache=1515677468651 HTTP/1.1" 200 50
186.103.157.246 - - [11/Jan/2018:10:31:47 -0300] "GET /cormun/servlet/solicitudotcontratos?6f5416e8acb3c2035c9a1768e29e8957a8e1acb08ba7447087c4ea6890adf8ab87daf6d3e3b54bd388f5d3a7df6c45ca,gx-no-cache=1515677468706 HTTP/1.1" 200 30
186.103.157.246 - - [11/Jan/2018:10:31:47 -0300] "GET /cormun/servlet/solicitudotcontratos?6f5416e8acb3c2035c9a1768e29e89576f1f4f03656227979594fa9ac10d0a913bdc460c51d94dd7dd4b82249a07cdd319d2352526cd3c4c49dbca3e476c063e610173c2a68e31aeab457fd3d2169ab87d54d020d05d613ee5e69a8a061370cf92f86765d0285ea716341dadffc8364c,gx-no-cache=1515677468756 HTTP/1.1" 200 30
186.103.157.246 - - [11/Jan/2018:10:31:47 -0300] "GET /cormun/servlet/solicitudotcontratos?6f5416e8acb3c2035c9a1768e29e8957af7edc15546a5eaddd780dbbe6be2ea6e57a98890adc6181787686f80c37ad2f0729d7239e40b620c08c4d2844f0299b19d2352526cd3c4c49dbca3e476c063e073e0919ff58fff60959fb522ae91ba5cbab62afd5f0e2d0d8a72e75a9e47819a9f72d4cbf7075809b152ad209e8ba1616cd2d2390424fc2d05e8d740a3eeb4fd612f4f2277fcd00b8f56661fd58341f0729d7239e40b620c08c4d2844f0299b34cfd150ff61b0c525872ad97db142b084997815a2137e31cc9ac7f332a793d05008b2581b2b383727a4426f449e64acf9d8e6577814ed2a999b8f1e94b49d3ed7e0dcc81ffedae0b229d6980aa68429a4b49eb213bfc64794223b200fa7d902c6613f09ab5957958407f7852f07d730c8d8745a9a305406eba36c1387dffd3d1aaf5b3549a0af9a136fcfbb09bf90e69de9bc4164eac74594e067ce3349544275a61340ae8ca8b7d1d0a3f6c263a6bb64a7c8c5eb6a34aad19ca9f75d96b3b2ed6c761f017b968f9ac2a3efdc7d080a4955e0c449137eaf1ea662fc987198311807262d3b52b8d84a7e2ea75faee7d28589fc6df27d90043c80b73ce2295d142f58803f6df901c2e992670134efcdfcd5cb6d0066e943ce3e7f2b46ba4bdfa88dc28bf98b0a0b6577dc6b8baf6d3349d88f17587247a532b9970ec478c198ccb16a5e2bf6a9dcc62081c5fde4706261c7b003d898744424d7094b17a7de737806f8c0d6bca1a26643e1948a616d0b89784d378773031cbd8227ffedcb35ecb3e1015121bac55b361c9cedb29a14b3a6,gx-no-cache=1515677468801 HTTP/1.1" 200 79
186.103.159.189 - - [11/Jan/2018:10:31:55 -0300] "GET /cormun/servlet/trcontratosolicitud? HTTP/1.1" 200 15050
186.103.159.189 - - [11/Jan/2018:10:31:55 -0300] "GET /cormun/static/gxcfg.js?20177612214014 HTTP/1.1" 304 -
200.112.4.188 - - [11/Jan/2018:10:31:56 -0300] "GET /cormun/servlet/solicitudot?6225526e56ffba6d1bc40d56d70cfe8d0e00898f9fcc29daeb9c4244d28817228939c33ae6b88aa91fa920ccad620ba762f989ff1fc7bfa02f72de892255c1ecff0affe9b07eec13448931150674641adde1d5a96f8f6529f6f3696f1f7e3f23b6c12ec3dfa178a1ed83ef24dbce16a04fa7c5088416a83a9709662a93c7787370bc8cdb56fb68bc43b1ccfbb5a2ed4c1450a4c45fca6d60207af34af2fb4add,gx-no-cache=1515677479592 HTTP/1.1" 200 29
200.112.4.188 - - [11/Jan/2018:10:31:56 -0300] "POST /cormun/servlet/solicitudot?gx-no-cache=1515677479675 HTTP/1.1" 200 220
200.112.4.188 - - [11/Jan/2018:10:31:56 -0300] "GET /cormun/servlet/solicitudot?6225526e56ffba6d1bc40d56d70cfe8dff2a917ac6a4fba9b0a2fa5292e46cc63a5c0c60f426fd36103034a81e6b0e2675cc1bd666aa03815b8b498443370558070d23290ed22359e673565099ecf40a9e44a71595148f22a518c4a9826cf5528939c33ae6b88aa91fa920ccad620ba791bc954a91dee0f378455dcfaa053001a3d989f98f8179492ce72987f7970130,gx-no-cache=1515677479869 HTTP/1.1" 200 55
186.103.159.189 - - [11/Jan/2018:10:31:57 -0300] "GET /cormun/servlet/trcontratosolicitud? HTTP/1.1" 200 15031
200.112.4.188 - - [11/Jan/2018:10:32:02 -0300] "GET /cormun/servlet/solicitudot?6225526e56ffba6d1bc40d56d70cfe8d00e6b487fb4d5fe86879b8aa56eda180e70fccbba37e23e0a7cc8345b5d0099f,gx-no-cache=1515677485813 HTTP/1.1" 200 30
186.103.157.246 - - [11/Jan/2018:10:32:08 -0300] "POST /cormun/servlet/solicitudotcontratos?1f55de11b821978a7feb820cebb20c07,INS,2018,0,16277588,K,6,2017,6038,LEY+SEP,201711,7,*,,gx-no-cache=1515677489498 HTTP/1.1" 200 93
186.103.157.246 - - [11/Jan/2018:10:32:08 -0300] "GET /cormun/servlet/hpexe_return? HTTP/1.1" 200 1045
186.103.157.246 - - [11/Jan/2018:10:32:08 -0300] "GET /cormun/servlet/trcontratosolicitud HTTP/1.1" 200 14932
186.103.157.246 - - [11/Jan/2018:10:32:09 -0300] "GET /cormun/servlet/trcontratosolicitud HTTP/1.1" 200 14942
200.112.4.188 - - [11/Jan/2018:10:32:10 -0300] "POST /cormun/servlet/solicitudot?gx-no-cache=1515677492911 HTTP/1.1" 200 30
186.67.172.234 - - [11/Jan/2018:10:32:20 -0300] "POST /cormun/servlet/solicitudot?gx-no-cache=1515677499225 HTTP/1.1" 200 43
186.67.172.234 - - [11/Jan/2018:10:32:22 -0300] "POST /cormun/servlet/solicitudot?gx-no-cache=1515677500574 HTTP/1.1" 200 255
186.67.172.234 - - [11/Jan/2018:10:32:23 -0300] "GET /cormun/servlet/solicitudot?100295869f41d54472b7a07752b539a9614b1039a06c09bea8daf61daccb61f2644a4020c29354e3ac8cc2c3727cdf2ed958d668a4b4b5b307931e53e07f5e6ef2f71456f56cb080e8caca3efe093b33d76001ab7b16ea7dbbe052f85115fc1bfd1fdf47cdf811f2660403c819d29a4dba221a2a6503503c372c76ae692518ecba73cc61645a8a60e47569b94dcc4e32ad79e6cf54b0f053c8b38e5f618dd2566f6da18879533e4571b96ff3339a623a2018db8eda8d5f76743fddf1025e7572a869f606a6ab564457bb58a8596fed9d7aa02d107d26d7e868636c8c9423de079ca24cfd4dc4c1fdfc1ca76c864d72ce71ea9308e23b42c7f862775a5f94671df47fb9dec2f143f072db5bf7a813139938a9f155cc11ce8772b1eac2a0b1e2b6d97c98721a9d8a81228f458b2215ee138d1f71805728ba5f611db43397cf0aca5f247c0d7aa5bcee3b69c75092521ca42d7e434bd38360b23559043cd947de0052f78cd92b3f28cd244d3482cec8ac1ec03cc84b54c549d15157e3caad671acb,gx-no-cache=1515677502295 HTTP/1.1" 200 30
186.67.172.234 - - [11/Jan/2018:10:32:26 -0300] "POST /cormun/servlet/solicitudot?gx-no-cache=1515677504854 HTTP/1.1" 200 30
192.168.10.89 - - [11/Jan/2018:10:32:26 -0300] "POST /cormun/servlet/solicitudot?ba1d55ff8319d50cbc3b07e07629f462,UPD,2018,8597,,gx-no-cache=1515677406289 HTTP/1.1" 200 11209
192.168.10.89 - - [11/Jan/2018:10:32:26 -0300] "GET /cormun/static/Shared/jqueryui/images/ui-bg_flat_55_fafafa_40x100.png HTTP/1.1" 404 1097
192.168.10.89 - - [11/Jan/2018:10:32:26 -0300] "GET /cormun/static/Shared/jqueryui/images/ui-bg_highlight-soft_100_c6c2c8_1x100.png HTTP/1.1" 404 1117
192.168.10.89 - - [11/Jan/2018:10:32:26 -0300] "GET /cormun/static/Shared/jqueryui/images/ui-icons_82798d_256x240.png HTTP/1.1" 404 1089
192.168.10.89 - - [11/Jan/2018:10:32:26 -0300] "GET /cormun/static/Shared/jqueryui/images/ui-icons_8d78a5_256x240.png HTTP/1.1" 404 1089
186.67.172.234 - - [11/Jan/2018:10:32:27 -0300] "POST /cormun/servlet/solicitudot?gx-no-cache=1515677506398 HTTP/1.1" 200 1353
186.67.172.234 - - [11/Jan/2018:10:32:27 -0300] "POST /cormun/servlet/solicitudot?gx-no-cache=1515677506480 HTTP/1.1" 200 38
192.168.10.89 - - [11/Jan/2018:10:32:30 -0300] "POST /cormun/servlet/solicitudot?gx-no-cache=1515677410019 HTTP/1.1" 200 3810
192.168.10.89 - - [11/Jan/2018:10:32:30 -0300] "POST /cormun/servlet/solicitudot?ba1d55ff8319d50cbc3b07e07629f462,UPD,2018,8597,,gx-no-cache=1515677410167 HTTP/1.1" 200 11247
192.168.10.89 - - [11/Jan/2018:10:32:30 -0300] "GET /cormun/servlet/solicitudot?e496c7fda9feabc0855453d7ce7e0c377f5b26f97d967ea8bee8822a09c2dcf9fd4d68928a6ac60c9f258b8e6291525e,gx-no-cache=1515677410367 HTTP/1.1" 200 30
192.168.10.89 - - [11/Jan/2018:10:32:30 -0300] "POST /cormun/servlet/solicitudot?gx-no-cache=1515677410435 HTTP/1.1" 200 43
192.168.10.89 - - [11/Jan/2018:10:32:30 -0300] "POST /cormun/servlet/solicitudot?gx-no-cache=1515677410454 HTTP/1.1" 200 254
192.168.10.89 - - [11/Jan/2018:10:32:30 -0300] "GET /cormun/servlet/solicitudot?e496c7fda9feabc0855453d7ce7e0c37c1250e0b35deafb9c2d7c83856ff91c60db21f38b46fcaaa71d679cdd08bad23414a0278871cf6c872583582be603536f415346395172064b44b4acc81c42574016a856489d7ff76dbb9e5fa38d2373f1d5a115975f3bbf5717cacddba3cb0c9d9ad0760310d5cf0fcf1f43754bb2da35e14acb8673c5cc44ceb49b7e28516156a2b26392e9a914700c0cb62fed63a77637a6453a7d1af322ed22b1eda56c40a543c253a7b341ba01fb262b1ab42e226989e79e3636da876c5ea38d04c17d2ebe008c81593bf9be2687dbf877aaf0ab3350c87c21f924bd3c756dbc0441b6517bd6b1b81446c533892a8cc44fcdb7a22ff0813f1e496cda2e658b7e829e11e2fcf73bcf8da7687d7afbb4076fcb137634334935c748183e14df0d83e940af08a5320e36c063d51bf3fa9fbca4bec14dc0ca649634980c1c4b0be3ff5230dae7434820205d0689be90aec1bdd1280fa528ed243b7bbce4bd7876e450dcb53db588542419835c221b888240fbe45cd4423,gx-no-cache=1515677410484 HTTP/1.1" 200 30
192.168.10.89 - - [11/Jan/2018:10:32:30 -0300] "POST /cormun/servlet/solicitudot?gx-no-cache=1515677410512 HTTP/1.1" 200 30
192.168.10.89 - - [11/Jan/2018:10:32:30 -0300] "POST /cormun/servlet/solicitudot?gx-no-cache=1515677410569 HTTP/1.1" 200 231
192.168.10.89 - - [11/Jan/2018:10:32:30 -0300] "POST /cormun/servlet/solicitudot?gx-no-cache=1515677410603 HTTP/1.1" 200 41
192.168.10.89 - - [11/Jan/2018:10:32:30 -0300] "GET /cormun/servlet/solicitudot?e496c7fda9feabc0855453d7ce7e0c3710c259e4c9e174c022bf711f46aaabb47eae64ef116a4172f92859f5006b2995c0eb1406a156a1de61539771cb65d01e1008aaf433ee1fd46e5285a2adf2339ec3342c36e15991eda00cebef598710cdf36e4d41820d6315879bf5f403fb2e2dfcd51094619d309f26e0f10a5f7561bc59536b70b7ff37e599cced4064cf1d0ecfb24e3655e8f90e47566639fc5126d6,gx-no-cache=1515677410634 HTTP/1.1" 200 29
192.168.10.89 - - [11/Jan/2018:10:32:30 -0300] "POST /cormun/servlet/solicitudot?gx-no-cache=1515677410659 HTTP/1.1" 200 217
192.168.10.89 - - [11/Jan/2018:10:32:31 -0300] "GET /cormun/servlet/solicitudot?e496c7fda9feabc0855453d7ce7e0c37a27d4842c1331bddff44e784324f3efcc8d4458917e6f557acfcc12105e6ba55ff0813f1e496cda2e658b7e829e11e2f1914846651f05efc08bcd02f80e9078f0225c571ee5f2cd92d48ff4182587e88ed5b435603d6da504352d29c8603cded9dcee0127e3ed2773cd3399bcd314f00776267e50080e9034ce37cd8ccd3d429c77e41b9a05493e1b23aa3eb83c19d1c,gx-no-cache=1515677410694 HTTP/1.1" 200 55
192.168.10.89 - - [11/Jan/2018:10:32:31 -0300] "GET /cormun/servlet/solicitudot?e496c7fda9feabc0855453d7ce7e0c3773f7acb7bacbcf7518d3cecf70af783ece97eabb284cd34bf2a9fb9ecce9b6db,gx-no-cache=1515677410723 HTTP/1.1" 200 30
192.168.10.89 - - [11/Jan/2018:10:32:31 -0300] "POST /cormun/servlet/solicitudot?gx-no-cache=1515677410756 HTTP/1.1" 200 30
186.103.157.246 - - [11/Jan/2018:10:32:34 -0300] "GET /cormun/servlet/solicitudotcontratos?INS,2018,0,16914304,8,2,2017,6735,LEY+SEP,201711,30,*, HTTP/1.1" 200 9863
186.103.157.246 - - [11/Jan/2018:10:32:34 -0300] "GET /cormun/servlet/solicitudotcontratos?INS,2018,0,16914304,8,2,2017,6735,LEY+SEP,201711,30,*, HTTP/1.1" 200 9900
186.103.157.246 - - [11/Jan/2018:10:32:35 -0300] "GET /cormun/servlet/solicitudotcontratos?6f5416e8acb3c2035c9a1768e29e8957b28028c9f8bc0853ed1dc6153cc74a5813935e04b328781b1e7e7aabef059038,gx-no-cache=1515677516880 HTTP/1.1" 200 30
186.103.157.246 - - [11/Jan/2018:10:32:35 -0300] "GET /cormun/servlet/solicitudotcontratos?6f5416e8acb3c2035c9a1768e29e895708a0b3860b72a8ea42319d42189f7e9411c926484e1cce67c77db873b63feb0d,gx-no-cache=1515677517120 HTTP/1.1" 200 30
186.103.157.246 - - [11/Jan/2018:10:32:35 -0300] "GET /cormun/servlet/solicitudotcontratos?6f5416e8acb3c2035c9a1768e29e89578a0aece470f94e64920f792df9aaaafc5c1f0b4081c761f0d0acd0d24a61cfe3bcd98679a753a1839969145ca803a03fdcd5fc3572e68d5f56224f17f36a90dd95846f5cbd2fbcb406da94de8fc3b004f5ac141a3dfea51be0013865e252e5fab8abb8d2810aebe91a4e8195f49a6470,gx-no-cache=1515677517233 HTTP/1.1" 200 48
186.103.157.246 - - [11/Jan/2018:10:32:35 -0300] "GET /cormun/servlet/solicitudotcontratos?6f5416e8acb3c2035c9a1768e29e895705140ddaa2c6301becf67fbbb618272678763a506da93cd4543f13be7f450d67,gx-no-cache=1515677517360 HTTP/1.1" 200 30
186.103.157.246 - - [11/Jan/2018:10:32:35 -0300] "GET /cormun/servlet/solicitudotcontratos?6f5416e8acb3c2035c9a1768e29e89576f1f4f03656227979594fa9ac10d0a913bdc460c51d94dd7dd4b82249a07cdd319d2352526cd3c4c49dbca3e476c063e610173c2a68e31aeab457fd3d2169ab8d6a3f4ff3bfc8e53a7c8db8bc9bf8d7092f86765d0285ea716341dadffc8364c,gx-no-cache=1515677517420 HTTP/1.1" 200 30
186.103.157.246 - - [11/Jan/2018:10:32:35 -0300] "GET /cormun/servlet/solicitudotcontratos?6f5416e8acb3c2035c9a1768e29e8957af7edc15546a5eaddd780dbbe6be2ea6e57a98890adc6181787686f80c37ad2f0729d7239e40b620c08c4d2844f0299b19d2352526cd3c4c49dbca3e476c063e073e0919ff58fff60959fb522ae91ba5cbab62afd5f0e2d0d8a72e75a9e47819a9f72d4cbf7075809b152ad209e8ba1616cd2d2390424fc2d05e8d740a3eeb4fd612f4f2277fcd00b8f56661fd58341f0729d7239e40b620c08c4d2844f0299b34cfd150ff61b0c525872ad97db142b084997815a2137e31cc9ac7f332a793d05008b2581b2b383727a4426f449e64acf9d8e6577814ed2a999b8f1e94b49d3ed7e0dcc81ffedae0b229d6980aa68429a4b49eb213bfc64794223b200fa7d902c6613f09ab5957958407f7852f07d730c8d8745a9a305406eba36c1387dffd3d1aaf5b3549a0af9a136fcfbb09bf90e69de9bc4164eac74594e067ce3349544275a61340ae8ca8b7d1d0a3f6c263a6bb64a7c8c5eb6a34aad19ca9f75d96b3b2ed6c761f017b968f9ac2a3efdc7d080a4955e0c449137eaf1ea662fc987198311807262d3b52b8d84a7e2ea75faee7d28589fc6df27d90043c80b73ce2295d142f58803f6df901c2e992670134efcdfcd5cb6d0066e943ce3e7f2b46ba4bdfa88dc28bf98b0a0b6577dc6b8baf6d3349d88f17587247a532b9970ec478c198ccb16a5e2bf6a9dcc62081c5fde4706261c7b003d898744424d7094b17a7de737806f8c0d6bca1a26643e1948a616d0b89784d378773031cbd8227ffedcb35ecb3e1015121bac55b361c9cedb29a14b3a6,gx-no-cache=1515677517464 HTTP/1.1" 200 79
186.103.159.189 - - [11/Jan/2018:10:32:45 -0300] "GET /cormun/servlet/trsolicitudot? HTTP/1.1" 200 7419
186.103.159.189 - - [11/Jan/2018:10:32:47 -0300] "GET /cormun/servlet/trsolicitudot? HTTP/1.1" 200 7419
186.103.157.246 - - [11/Jan/2018:10:32:48 -0300] "POST /cormun/servlet/solicitudotcontratos?1f55de11b821978a7feb820cebb20c07,INS,2018,0,16914304,8,2,2017,6735,LEY+SEP,201711,30,*,,gx-no-cache=1515677529935 HTTP/1.1" 200 10770
186.103.157.246 - - [11/Jan/2018:10:32:48 -0300] "POST /cormun/servlet/solicitudotcontratos?gx-no-cache=1515677530318 HTTP/1.1" 200 1343
186.103.157.246 - - [11/Jan/2018:10:32:48 -0300] "POST /cormun/servlet/solicitudotcontratos?gx-no-cache=1515677530373 HTTP/1.1" 200 1220
186.103.157.246 - - [11/Jan/2018:10:32:48 -0300] "GET /cormun/servlet/solicitudotcontratos?6f5416e8acb3c2035c9a1768e29e89573daa69179b542a6e8f98c6e9dedb4c4098b87b72664ae671a80c54a6eb37c77347465cfd97ed5fa3cc988f1ea6097cb13a275c3d53dc22754889afcf6c8855d9932ca7242efe873aaf4969958e2addaf58da12fa27b52e07378358274d51bd85664d06230f293b689c0dc152f1f802af,gx-no-cache=1515677530419 HTTP/1.1" 200 30
186.103.157.246 - - [11/Jan/2018:10:32:49 -0300] "POST /cormun/servlet/solicitudotcontratos?1f55de11b821978a7feb820cebb20c07,INS,2018,0,16914304,8,2,2017,6735,LEY+SEP,201711,30,*,,gx-no-cache=1515677530449 HTTP/1.1" 200 93
186.103.157.246 - - [11/Jan/2018:10:32:49 -0300] "GET /cormun/servlet/hpexe_return? HTTP/1.1" 200 1045
186.103.157.246 - - [11/Jan/2018:10:32:49 -0300] "GET /cormun/servlet/trcontratosolicitud HTTP/1.1" 200 14927
186.103.157.246 - - [11/Jan/2018:10:32:50 -0300] "GET /cormun/servlet/trcontratosolicitud HTTP/1.1" 200 14933
186.103.159.189 - - [11/Jan/2018:10:32:53 -0300] "GET /cormun/static/menuarrow.gif HTTP/1.1" 404 1015
200.112.4.188 - - [11/Jan/2018:10:32:54 -0300] "GET /cormun/servlet/solicitudot?6225526e56ffba6d1bc40d56d70cfe8d00e6b487fb4d5fe86879b8aa56eda180e70fccbba37e23e0a7cc8345b5d0099f,gx-no-cache=1515677536974 HTTP/1.1" 200 30
200.112.4.188 - - [11/Jan/2018:10:32:54 -0300] "POST /cormun/servlet/solicitudot?gx-no-cache=1515677537090 HTTP/1.1" 200 30
200.112.4.188 - - [11/Jan/2018:10:32:54 -0300] "POST /cormun/servlet/solicitudot?b781b9151e9c01b78afe6b0a837dd83d,INS,0,0,,gx-no-cache=1515677537191 HTTP/1.1" 200 93
200.112.4.188 - - [11/Jan/2018:10:32:54 -0300] "GET /cormun/servlet/hpexe_return? HTTP/1.1" 200 1006
200.112.4.188 - - [11/Jan/2018:10:32:55 -0300] "GET /cormun/servlet/trsolicitudot HTTP/1.1" 200 24208
200.112.4.188 - - [11/Jan/2018:10:32:56 -0300] "GET /cormun/servlet/trsolicitudot HTTP/1.1" 200 24203
200.112.4.188 - - [11/Jan/2018:10:33:04 -0300] "GET /cormun/servlet/solicitudot?INS,0,0, HTTP/1.1" 200 13918
200.112.4.188 - - [11/Jan/2018:10:33:04 -0300] "GET /cormun/servlet/solicitudot?INS,0,0, HTTP/1.1" 200 13923
200.112.4.188 - - [11/Jan/2018:10:33:07 -0300] "GET /cormun/servlet/prfichaempleado?,MD,,gxPopupLevel%3D0%3B HTTP/1.1" 200 9334
186.103.157.246 - - [11/Jan/2018:10:33:11 -0300] "GET /cormun/servlet/solicitudotcontratos?INS,2018,0,13030006,5,2,2017,4434,INTEGRACION,201711,23,B, HTTP/1.1" 200 9826
186.67.172.234 - - [11/Jan/2018:10:33:11 -0300] "GET /cormun/servlet/solicitudot?100295869f41d54472b7a07752b539a9c0130147568e3529cf9c15214e438a446c41eaeb4b411e602bf569003df2914384965fe0401e877904f77ac8ad5fd42f493db7218c9bdbfeda9f83ccaf7b4f750766ed2ac379cc24ffeff616f5ed6f8e6fff463f6d8c20f31c9a7d39249c713b,gx-no-cache=1515677550310 HTTP/1.1" 200 29
186.67.172.234 - - [11/Jan/2018:10:33:11 -0300] "POST /cormun/servlet/solicitudot?gx-no-cache=1515677550364 HTTP/1.1" 200 219
186.67.172.234 - - [11/Jan/2018:10:33:11 -0300] "GET /cormun/servlet/solicitudot?100295869f41d54472b7a07752b539a9c22e6a2a90c556b9e52e9cdd44597cf0d8d961addcabcf49e30e84173a0c07c791b9b859b28c3313cac08022640736540e89ca31f8add131e04e8df25d131991a8af8c4416330d61f060231a43167eaa6c41eaeb4b411e602bf569003df29143ba908aac7f316e8ab5fe7d60793197e0852384f62986367e59faa885c4053bdf,gx-no-cache=1515677550407 HTTP/1.1" 200 55
186.103.159.189 - - [11/Jan/2018:10:33:12 -0300] "GET /cormun/servlet/trcontratosolicitud? HTTP/1.1" 200 15023
186.67.172.234 - - [11/Jan/2018:10:33:14 -0300] "GET /cormun/static/menuarrow.gif HTTP/1.1" 404 1015
186.103.159.189 - - [11/Jan/2018:10:33:14 -0300] "GET /cormun/servlet/trcontratosolicitud? HTTP/1.1" 200 15023
186.103.157.246 - - [11/Jan/2018:10:33:15 -0300] "GET /cormun/servlet/solicitudotcontratos?INS,2018,0,13030006,5,2,2017,4434,INTEGRACION,201711,23,B, HTTP/1.1" 200 9859
186.103.157.246 - - [11/Jan/2018:10:33:15 -0300] "GET /cormun/servlet/solicitudotcontratos?6f5416e8acb3c2035c9a1768e29e8957af4c13e18e4336e1f80331279f37d2de13935e04b328781b1e7e7aabef059038,gx-no-cache=1515677557318 HTTP/1.1" 200 30
186.103.157.246 - - [11/Jan/2018:10:33:15 -0300] "GET /cormun/servlet/solicitudotcontratos?6f5416e8acb3c2035c9a1768e29e8957f1044d86ec8e2032e546504932301d5111c926484e1cce67c77db873b63feb0d,gx-no-cache=1515677557382 HTTP/1.1" 200 30
186.103.157.246 - - [11/Jan/2018:10:33:15 -0300] "GET /cormun/servlet/solicitudotcontratos?6f5416e8acb3c2035c9a1768e29e89578a0aece470f94e64920f792df9aaaafc99bfb324a7681eabbea43df96cfee010bcd98679a753a1839969145ca803a03f4c769615dc9fa223876092b537b98a9b95846f5cbd2fbcb406da94de8fc3b004f5ac141a3dfea51be0013865e252e5fab8abb8d2810aebe91a4e8195f49a6470,gx-no-cache=1515677557416 HTTP/1.1" 200 48
186.103.157.246 - - [11/Jan/2018:10:33:15 -0300] "GET /cormun/servlet/solicitudotcontratos?6f5416e8acb3c2035c9a1768e29e89579a65163df46ed40ebe4d90d3517fb524e3974835df3c10cee6dc78fd6553f4c4,gx-no-cache=1515677557454 HTTP/1.1" 200 30
186.103.157.246 - - [11/Jan/2018:10:33:15 -0300] "GET /cormun/servlet/solicitudotcontratos?6f5416e8acb3c2035c9a1768e29e89576f1f4f03656227979594fa9ac10d0a913bdc460c51d94dd7dd4b82249a07cdd319d2352526cd3c4c49dbca3e476c063e610173c2a68e31aeab457fd3d2169ab8d6a3f4ff3bfc8e53a7c8db8bc9bf8d7092f86765d0285ea716341dadffc8364c,gx-no-cache=1515677557501 HTTP/1.1" 200 30
186.103.157.246 - - [11/Jan/2018:10:33:16 -0300] "GET /cormun/servlet/solicitudotcontratos?6f5416e8acb3c2035c9a1768e29e8957af7edc15546a5eaddd780dbbe6be2ea6e57a98890adc6181787686f80c37ad2f8b1880ca4f866e8715c0b6d3e45b8bc8c385d2f607732fbf2d557f6d800a2ec88ea088f55740fac3f27b37edcd035481d2f72fb03e4a050634786021d783ba32b1847be80b82aec185c43914253e6283f8a80f463ff93c82f7f5d01280f590cb58e23e49deaf063c09845d7604abcc2f04b383c5057a4e6d54f85a505d9fd36f280ec5bc8181ae17634d6373ba543c246da77eb6b405b8aaeff077aa76af8d57743b4db767dd496e250170e90533022bf0eba521e5d38f1a1cff5fc8695f0313903b02382f0a82367c308bee849e07c2ed90c13d6109b75b9eb843d005b585a66f3d24e943e9dd90becc3245e87058103c9e346413b6abc5c81e3b9b6ed6d17c9927186ceb84625390805ca99ae7b85700e7b55a368f34bfac14f7e899be61cdf4bb096b823316f26ea96583e4dd1a5b062f8733207382e699eafb7db588ff46a837ce23eae7fbb8cf035acd1dab39dc0d76172de5d16725633775f2694bb2bb3d3e83374edee21750239448a6d192573fb4bbc881f189d3f4c8ad4b9ca11f2bf72172ca58ba0e8690c9a90862d760b911e338584f6f7dc1a30a96b063d4a5f486d89264f9cb7d7b47f79d26bdc3b11a750b9159fa008266b76727ce78b96301ee94885f0c629762224d5ff8932daa62b102c966caf328983b07de25fb38a90554eb6289034fc4cb2bc2aa55783185ece7cc561b9987649785a949762e003a851620465f8c88e16565549f8e58b21834,gx-no-cache=1515677557548 HTTP/1.1" 200 83
186.67.172.234 - - [11/Jan/2018:10:33:18 -0300] "GET /cormun/servlet/solicitudot?100295869f41d54472b7a07752b539a9e8afa0c6fc4908653e442bc38bd9a9d47ba72fc18f949eb7bfaeed107a33757a,gx-no-cache=1515677556758 HTTP/1.1" 200 30
200.112.4.188 - - [11/Jan/2018:10:33:20 -0300] "POST /cormun/servlet/prfichaempleado?b781b9151e9c01b78afe6b0a837dd83d,,MD,,gxPopupLevel%3D0%3B,gx-no-cache=1515677562675 HTTP/1.1" 200 3475
186.103.159.189 - - [11/Jan/2018:10:33:21 -0300] "GET /cormun/servlet/trsolicitudot? HTTP/1.1" 200 7419
186.67.172.234 - - [11/Jan/2018:10:33:22 -0300] "POST /cormun/servlet/solicitudot?gx-no-cache=1515677560752 HTTP/1.1" 200 30
186.103.159.189 - - [11/Jan/2018:10:33:22 -0300] "GET /cormun/servlet/trsolicitudot? HTTP/1.1" 200 7419
200.112.4.188 - - [11/Jan/2018:10:33:24 -0300] "POST /cormun/servlet/solicitudot?gx-no-cache=1515677567058 HTTP/1.1" 200 3823
200.112.4.188 - - [11/Jan/2018:10:33:25 -0300] "POST /cormun/servlet/solicitudot?b781b9151e9c01b78afe6b0a837dd83d,INS,0,0,,gx-no-cache=1515677567549 HTTP/1.1" 200 10788
200.112.4.188 - - [11/Jan/2018:10:33:25 -0300] "GET /cormun/servlet/solicitudot?6225526e56ffba6d1bc40d56d70cfe8d215b4a0dee004acd4c4f091f7ad3327db4d5b1c8092e206e985406646ca3dcf7,gx-no-cache=1515677568111 HTTP/1.1" 200 30
186.103.157.246 - - [11/Jan/2018:10:33:25 -0300] "POST /cormun/servlet/solicitudotcontratos?gx-no-cache=1515677567278 HTTP/1.1" 200 79
186.103.157.246 - - [11/Jan/2018:10:33:28 -0300] "POST /cormun/servlet/solicitudotcontratos?1f55de11b821978a7feb820cebb20c07,INS,2018,0,13030006,5,2,2017,4434,INTEGRACION,201711,23,B,,gx-no-cache=1515677569390 HTTP/1.1" 200 10765
186.103.157.246 - - [11/Jan/2018:10:33:28 -0300] "POST /cormun/servlet/solicitudotcontratos?gx-no-cache=1515677569732 HTTP/1.1" 200 1342
186.103.157.246 - - [11/Jan/2018:10:33:28 -0300] "POST /cormun/servlet/solicitudotcontratos?gx-no-cache=1515677569788 HTTP/1.1" 200 1220
186.67.172.234 - - [11/Jan/2018:10:33:34 -0300] "POST /cormun/servlet/solicitudot?6a45060ea41b8c4e5adc1453320c42a0,INS,0,0,,gx-no-cache=1515677573161 HTTP/1.1" 200 93
186.67.172.234 - - [11/Jan/2018:10:33:34 -0300] "GET /cormun/servlet/hpexe_return? HTTP/1.1" 200 1011
186.67.172.234 - - [11/Jan/2018:10:33:35 -0300] "GET /cormun/servlet/trsolicitudot HTTP/1.1" 200 8778
186.67.172.234 - - [11/Jan/2018:10:33:35 -0300] "GET /cormun/servlet/trsolicitudot HTTP/1.1" 200 8774
186.67.172.234 - - [11/Jan/2018:10:33:43 -0300] "GET /cormun/servlet/solicitudot?INS,0,0, HTTP/1.1" 200 14146
186.67.172.234 - - [11/Jan/2018:10:33:44 -0300] "GET /cormun/servlet/solicitudot?INS,0,0, HTTP/1.1" 200 14151
186.67.172.234 - - [11/Jan/2018:10:33:51 -0300] "POST /cormun/servlet/solicitudot?gx-no-cache=1515677589484 HTTP/1.1" 200 3832
186.67.172.234 - - [11/Jan/2018:10:33:51 -0300] "POST /cormun/servlet/solicitudot?6a45060ea41b8c4e5adc1453320c42a0,INS,0,0,,gx-no-cache=1515677589851 HTTP/1.1" 200 10994
186.67.172.234 - - [11/Jan/2018:10:33:54 -0300] "GET /cormun/servlet/solicitudot?100295869f41d54472b7a07752b539a9986939cf0aabb7ff37074b9b64e3f12ddf11f238177a8e209bbe115182b143a2,gx-no-cache=1515677592743 HTTP/1.1" 200 30
186.67.172.234 - - [11/Jan/2018:10:33:54 -0300] "POST /cormun/servlet/solicitudot?gx-no-cache=1515677592806 HTTP/1.1" 200 43
186.67.172.234 - - [11/Jan/2018:10:33:54 -0300] "POST /cormun/servlet/solicitudot?gx-no-cache=1515677592830 HTTP/1.1" 200 255
186.67.172.234 - - [11/Jan/2018:10:33:54 -0300] "GET /cormun/servlet/solicitudot?100295869f41d54472b7a07752b539a9614b1039a06c09bea8daf61daccb61f2644a4020c29354e3ac8cc2c3727cdf2ed958d668a4b4b5b307931e53e07f5e6ef2f71456f56cb080e8caca3efe093b33d76001ab7b16ea7dbbe052f85115fc1bfd1fdf47cdf811f2660403c819d29a4dba221a2a6503503c372c76ae692518ecba73cc61645a8a60e47569b94dcc4e32ad79e6cf54b0f053c8b38e5f618dd2566f6da18879533e4571b96ff3339a623a2018db8eda8d5f76743fddf1025e7572a869f606a6ab564457bb58a8596fed9d7aa02d107d26d7e868636c8c9423de079ca24cfd4dc4c1fdfc1ca76c864d72ce71ea9308e23b42c7f862775a5f94671df47fb9dec2f143f072db5bf7a813139938a9f155cc11ce8772b1eac2a0b1e2b6d97c98721a9d8a81228f458b2215ee138d1f71805728ba5f611db43397cf0aca5f247c0d7aa5bcee3b69c75092521ca42d7e434bd38360b23559043cd947de0052f78cd92b3f28cd244d3482cec8ac1ec03cc84b54c549d15157e3caad671acb,gx-no-cache=1515677592857 HTTP/1.1" 200 30
186.67.172.234 - - [11/Jan/2018:10:33:54 -0300] "POST /cormun/servlet/solicitudot?gx-no-cache=1515677592881 HTTP/1.1" 200 30
186.67.172.234 - - [11/Jan/2018:10:33:54 -0300] "POST /cormun/servlet/solicitudot?gx-no-cache=1515677592930 HTTP/1.1" 200 1357
186.67.172.234 - - [11/Jan/2018:10:33:54 -0300] "POST /cormun/servlet/solicitudot?gx-no-cache=1515677593006 HTTP/1.1" 200 38
186.67.172.234 - - [11/Jan/2018:10:34:03 -0300] "GET /cormun/servlet/solicitudot?100295869f41d54472b7a07752b539a9c0130147568e3529cf9c15214e438a446c41eaeb4b411e602bf569003df29143b358124dee8220aeb6989f1092e42452909ecd7cbb77ff74555b100f04f4eecbb1073d898714cad4171f986e628713393d320868a40d8e835f1844dc1fd698ead1a2595f0256bdac77a55e1acde24c0443bf601a262c65d9630ab0818e52a575613f21cb213eb585126454745dff03b02ba9059f95d7f3048d7b0c94ccd781bcb759a97c8fde2739aa3796bc8f478d18685731ffefcde0849046e648647123a0,gx-no-cache=1515677602158 HTTP/1.1" 200 29
186.67.172.234 - - [11/Jan/2018:10:34:05 -0300] "POST /cormun/servlet/solicitudot?gx-no-cache=1515677604239 HTTP/1.1" 200 219
186.67.172.234 - - [11/Jan/2018:10:34:05 -0300] "GET /cormun/servlet/solicitudot?100295869f41d54472b7a07752b539a9c22e6a2a90c556b9e52e9cdd44597cf0d8d961addcabcf49e30e84173a0c07c791b9b859b28c3313cac08022640736540e89ca31f8add131e04e8df25d131991a8af8c4416330d61f060231a43167eaa6c41eaeb4b411e602bf569003df29143ba908aac7f316e8ab5fe7d60793197e0852384f62986367e59faa885c4053bdf,gx-no-cache=1515677604293 HTTP/1.1" 200 55
186.67.172.234 - - [11/Jan/2018:10:34:07 -0300] "GET /cormun/static/menuarrow.gif HTTP/1.1" 404 1015
186.103.159.189 - - [11/Jan/2018:10:34:12 -0300] "GET /cormun/servlet/solicitudot?INS,0,0, HTTP/1.1" 200 14106
186.103.159.189 - - [11/Jan/2018:10:34:13 -0300] "GET /cormun/static/gxcfg.js?20181911371421 HTTP/1.1" 200 953
186.103.159.189 - - [11/Jan/2018:10:34:13 -0300] "GET /cormun/static/solicitudot.js?20181911371648 HTTP/1.1" 200 71402
186.67.172.234 - - [11/Jan/2018:10:34:13 -0300] "GET /cormun/servlet/solicitudot?100295869f41d54472b7a07752b539a9e8afa0c6fc4908653e442bc38bd9a9d47ba72fc18f949eb7bfaeed107a33757a,gx-no-cache=1515677612293 HTTP/1.1" 200 30
186.103.159.189 - - [11/Jan/2018:10:34:15 -0300] "GET /cormun/servlet/solicitudot?INS,0,0, HTTP/1.1" 200 14111
186.67.172.234 - - [11/Jan/2018:10:34:17 -0300] "POST /cormun/servlet/solicitudot?gx-no-cache=1515677615542 HTTP/1.1" 200 30
186.103.159.189 - - [11/Jan/2018:10:34:46 -0300] "POST /cormun/servlet/solicitudot?gx-no-cache=1515681243392 HTTP/1.1" 200 3805
186.103.159.189 - - [11/Jan/2018:10:34:46 -0300] "GET /cormun/static/Shared/jqueryui/images/ui-bg_highlight-soft_100_c6c2c8_1x100.png HTTP/1.1" 404 1117
186.103.159.189 - - [11/Jan/2018:10:34:46 -0300] "GET /cormun/static/Shared/jqueryui/images/ui-bg_flat_55_994d53_40x100.png HTTP/1.1" 404 1097
186.103.159.189 - - [11/Jan/2018:10:34:46 -0300] "GET /cormun/static/Shared/jqueryui/images/ui-icons_ebccce_256x240.png HTTP/1.1" 404 1089
186.103.159.189 - - [11/Jan/2018:10:34:46 -0300] "GET /cormun/static/Shared/jqueryui/images/ui-icons_82798d_256x240.png HTTP/1.1" 404 1089
186.103.159.189 - - [11/Jan/2018:10:34:46 -0300] "GET /cormun/servlet/solicitudot?4f5d1eb59b741b78f7f6e2fb72aa96da0e21dde5ff8b9e2b5db8a72fd14a2b0e,gx-no-cache=1515681243757 HTTP/1.1" 200 111
186.79.214.243 - - [11/Jan/2018:10:34:46 -0300] "GET /cormun/servlet/solicitudotcontratos?INS,2018,0,16494407,7,2,2017,7728,LEY+SEP,201711,38,B, HTTP/1.1" 200 9857
186.79.214.243 - - [11/Jan/2018:10:34:47 -0300] "GET /cormun/servlet/solicitudotcontratos?INS,2018,0,16494407,7,2,2017,7728,LEY+SEP,201711,38,B, HTTP/1.1" 200 9870
186.79.214.243 - - [11/Jan/2018:10:34:47 -0300] "GET /cormun/servlet/solicitudotcontratos?9bbe363bed419443060d1961d87e5cbcbe0c1e7ba59b3c352206efa6558a0e5146dd765e41f29c1c5c3fac1f4fc998aa,gx-no-cache=1515677647478 HTTP/1.1" 200 30
186.79.214.243 - - [11/Jan/2018:10:34:47 -0300] "GET /cormun/servlet/solicitudotcontratos?9bbe363bed419443060d1961d87e5cbca5cc5aa566ba72f52fd26740ea97d2cb28a414b917105de8f68b773a0c75d54d,gx-no-cache=1515677647539 HTTP/1.1" 200 30
186.79.214.243 - - [11/Jan/2018:10:34:47 -0300] "GET /cormun/servlet/solicitudotcontratos?9bbe363bed419443060d1961d87e5cbc03fa8fb7cdc140751e530f51049f097e0a968c4265cfcf2ee8c5eec9411d75f57320b5c0f9ecd0d84434ca04d227da884090ee7df2a377defff8060122744d597034fdcaa5f57b0078aeb9bbf760b289af630db1d93ed07668412be22e6a1e60496fb05a23c3624dc62dad34f37fd39a,gx-no-cache=1515677647600 HTTP/1.1" 200 48
186.79.214.243 - - [11/Jan/2018:10:34:47 -0300] "GET /cormun/servlet/solicitudotcontratos?9bbe363bed419443060d1961d87e5cbced1768d87da371525bdebd368bb0aedfc45bf1d4a301064b051dbeff577b3b39,gx-no-cache=1515677647661 HTTP/1.1" 200 30
186.79.214.243 - - [11/Jan/2018:10:34:47 -0300] "GET /cormun/servlet/solicitudotcontratos?9bbe363bed419443060d1961d87e5cbcb198c37f4460e92783676a1e8914d3919f97ab717f3dec75b85eb2308fb155068895ca5c5f9f3a146aa62a4610b4a59e9d23c1563979ab1a2fc3809ecf8d44c6eca20fb8a895a2dacf20325613f2894cd190e16bba48303a790527e773a7a470,gx-no-cache=1515677647719 HTTP/1.1" 200 30
186.79.214.243 - - [11/Jan/2018:10:34:48 -0300] "GET /cormun/servlet/solicitudotcontratos?9bbe363bed419443060d1961d87e5cbca22a995d692a796382b9db00d64350d2ce4245c84ff6ded5851b2cb5e410be1f76c5da9b1b3ea2cb164fbde1dcf893288895ca5c5f9f3a146aa62a4610b4a59e146bb9615f8dd2caf44a11e5e7f39e948266a2eda6ff5cff13eadebe64e5d95628aef749a8ef1096a1f3153010709b5ad29e2888e35a1cd22c6937e285f661d92e22b88973c60d82e943301fb18380c776c5da9b1b3ea2cb164fbde1dcf89328b6d41138a502d03109ba5efa5d55d8aff35a4154a673dfc53c08beef137c5b0bd04d6c0e0f1202f4b19f3bce334907f11f97b36a2a130a862eb9c31b1016721d87d46310dc16e85008553ae4db5255a1c1e3f405e56f2dfe82d1416b0e4f4dcbcf7fe797045f7208830b50173980f3b9efe8712dbf185070cb1d72c3493e245c8187b4fca66b4fa54c767472e2b8eeed6a2300dc91c45b76ce770af00c62ae375fe8b8abcf48478b414f00de6756ce9671c4cac1060ceb6d9784ddbc51708d76d69a223ff10ffd1da047d8f069c24c3d6a204f52cbd38b1735af773b5076b7f60120242c80ce1a43f9c40f98fef2e4a4895bca3c4270ed097a3c978272d506b2e2c0edbfc9b08e5a8ea4c4d0b24b04b9753d55798a63ed4bbe9e5f5c4c59dbc48a04f02c5b818c58a0795b0b355d82065cf3ca21120446bcae6768ae8bdda038b18b85e1210436f69a9e16c4cabb310fac08a80ab8592c6aa98eeee2635daf39ef13f8a8fb223d9f6cba4cf76d8bba3782cb45630b178a45cb14b472b57d00d193cab176b3123aa91eb8f286953f78cc,gx-no-cache=1515677647779 HTTP/1.1" 200 79
186.103.159.189 - - [11/Jan/2018:10:34:52 -0300] "GET /cormun/static/Resources/resize.gif HTTP/1.1" 200 77
186.103.159.189 - - [11/Jan/2018:10:34:53 -0300] "GET /cormun/servlet/prfichaempleado?,MD,,gxPopupLevel%3D0%3B HTTP/1.1" 200 9325
186.103.159.189 - - [11/Jan/2018:10:34:53 -0300] "GET /cormun/static/gxcfg.js?20177612134814 HTTP/1.1" 200 953
186.103.159.189 - - [11/Jan/2018:10:34:53 -0300] "GET /cormun/static/Resources/PXToolsMenuSearch.png HTTP/1.1" 200 2914
186.103.159.189 - - [11/Jan/2018:10:34:53 -0300] "GET /cormun/static/menusearch.js?201610171694467 HTTP/1.1" 200 1424
186.103.159.189 - - [11/Jan/2018:10:34:53 -0300] "GET /cormun/static/Resources/PXToolsMenuSearchCancel.png HTTP/1.1" 200 2972
186.103.159.189 - - [11/Jan/2018:10:34:53 -0300] "GET /cormun/static/prfichaempleado.js?20177612134999 HTTP/1.1" 200 16006
186.103.159.189 - - [11/Jan/2018:10:34:53 -0300] "GET /cormun/static/hmpwkw011.js?20177612121862 HTTP/1.1" 200 1968
186.67.172.234 - - [11/Jan/2018:10:34:56 -0300] "POST /cormun/servlet/solicitudot?gx-no-cache=1515677654621 HTTP/1.1" 200 30
186.67.172.234 - - [11/Jan/2018:10:34:58 -0300] "POST /cormun/servlet/solicitudot?gx-no-cache=1515677657136 HTTP/1.1" 200 1357
186.67.172.234 - - [11/Jan/2018:10:34:58 -0300] "POST /cormun/servlet/solicitudot?gx-no-cache=1515677657191 HTTP/1.1" 200 41
186.67.172.234 - - [11/Jan/2018:10:34:58 -0300] "POST /cormun/servlet/solicitudot?gx-no-cache=1515677657218 HTTP/1.1" 200 219
186.67.172.234 - - [11/Jan/2018:10:34:58 -0300] "GET /cormun/servlet/solicitudot?100295869f41d54472b7a07752b539a9c22e6a2a90c556b9e52e9cdd44597cf0d8d961addcabcf49e30e84173a0c07c791b9b859b28c3313cac08022640736540e89ca31f8add131e04e8df25d131991a8af8c4416330d61f060231a43167eaa6c41eaeb4b411e602bf569003df29143ba908aac7f316e8ab5fe7d60793197e0852384f62986367e59faa885c4053bdf,gx-no-cache=1515677657260 HTTP/1.1" 200 55
186.67.172.234 - - [11/Jan/2018:10:34:58 -0300] "GET /cormun/servlet/solicitudot?100295869f41d54472b7a07752b539a9e8afa0c6fc4908653e442bc38bd9a9d47ba72fc18f949eb7bfaeed107a33757a,gx-no-cache=1515677657299 HTTP/1.1" 200 30
186.67.172.234 - - [11/Jan/2018:10:34:58 -0300] "POST /cormun/servlet/solicitudot?gx-no-cache=1515677657339 HTTP/1.1" 200 30
186.67.172.234 - - [11/Jan/2018:10:34:59 -0300] "POST /cormun/servlet/solicitudot?6a45060ea41b8c4e5adc1453320c42a0,INS,0,0,,gx-no-cache=1515677657396 HTTP/1.1" 200 11442
186.67.172.234 - - [11/Jan/2018:10:34:59 -0300] "GET /cormun/static/Shared/jqueryui/images/ui-bg_highlight-soft_100_c6c2c8_1x100.png HTTP/1.1" 404 1117
186.67.172.234 - - [11/Jan/2018:10:34:59 -0300] "GET /cormun/static/Shared/jqueryui/images/ui-icons_82798d_256x240.png HTTP/1.1" 404 1089
186.67.172.234 - - [11/Jan/2018:10:34:59 -0300] "GET /cormun/static/Shared/jqueryui/images/ui-icons_ebccce_256x240.png HTTP/1.1" 404 1089
186.67.172.234 - - [11/Jan/2018:10:34:59 -0300] "GET /cormun/static/Shared/jqueryui/images/ui-bg_flat_55_994d53_40x100.png HTTP/1.1" 404 1097
186.67.172.234 - - [11/Jan/2018:10:35:04 -0300] "POST /cormun/servlet/solicitudot?6a45060ea41b8c4e5adc1453320c42a0,INS,0,0,,gx-no-cache=1515677663241 HTTP/1.1" 200 12493
186.79.214.243 - - [11/Jan/2018:10:35:06 -0300] "GET /cormun/servlet/trfichaempleado? HTTP/1.1" 200 14533
186.103.159.189 - - [11/Jan/2018:10:35:10 -0300] "POST /cormun/servlet/prfichaempleado?d134df0372c1084e85d48c640caa470d,,MD,,gxPopupLevel%3D0%3B,gx-no-cache=1515681267335 HTTP/1.1" 200 3419
186.67.172.234 - - [11/Jan/2018:10:35:13 -0300] "POST /cormun/servlet/solicitudot?6a45060ea41b8c4e5adc1453320c42a0,INS,0,0,,gx-no-cache=1515677671480 HTTP/1.1" 200 93
186.67.172.234 - - [11/Jan/2018:10:35:13 -0300] "GET /cormun/servlet/hpexe_return? HTTP/1.1" 200 1011
186.67.172.234 - - [11/Jan/2018:10:35:13 -0300] "GET /cormun/servlet/trsolicitudot HTTP/1.1" 200 8778
186.67.172.234 - - [11/Jan/2018:10:35:13 -0300] "GET /cormun/servlet/trsolicitudot HTTP/1.1" 200 8774
186.67.172.234 - - [11/Jan/2018:10:35:16 -0300] "GET /cormun/servlet/solicitudot?INS,0,0, HTTP/1.1" 200 14146
186.67.172.234 - - [11/Jan/2018:10:35:16 -0300] "GET /cormun/servlet/solicitudot?INS,0,0, HTTP/1.1" 200 14151
186.103.159.189 - - [11/Jan/2018:10:35:21 -0300] "POST /cormun/servlet/solicitudot?gx-no-cache=1515681278170 HTTP/1.1" 200 3846
186.103.159.189 - - [11/Jan/2018:10:35:21 -0300] "POST /cormun/servlet/solicitudot?d134df0372c1084e85d48c640caa470d,INS,0,0,,gx-no-cache=1515681278812 HTTP/1.1" 200 11011
186.79.214.243 - - [11/Jan/2018:10:35:29 -0300] "POST /cormun/servlet/solicitudotcontratos?cb379fd8ac43bd863b60af31387d1183,INS,2018,0,16494407,7,2,2017,7728,LEY+SEP,201711,38,B,,gx-no-cache=1515677689163 HTTP/1.1" 200 10810
186.79.214.243 - - [11/Jan/2018:10:35:30 -0300] "POST /cormun/servlet/solicitudotcontratos?gx-no-cache=1515677689677 HTTP/1.1" 200 1343
186.79.214.243 - - [11/Jan/2018:10:35:30 -0300] "POST /cormun/servlet/solicitudotcontratos?gx-no-cache=1515677689841 HTTP/1.1" 200 1221
186.79.214.243 - - [11/Jan/2018:10:35:30 -0300] "GET /cormun/servlet/solicitudotcontratos?9bbe363bed419443060d1961d87e5cbce1e5e540d077a66029ccb5f2cbff160cbfecf3a62604552c51f1381d6fed87a6c56c725780458a3c5aa61998e7a71988ae85be1619d88b35d0ccd323f654b811548ad9d5eb5e5e8789577b67296d407a1e5bb5e689499f000e8a3ca609f32253cf90f5d2b4813454d358bf5baf0a4bf2,gx-no-cache=1515677689991 HTTP/1.1" 200 30
186.79.214.243 - - [11/Jan/2018:10:35:30 -0300] "POST /cormun/servlet/solicitudotcontratos?cb379fd8ac43bd863b60af31387d1183,INS,2018,0,16494407,7,2,2017,7728,LEY+SEP,201711,38,B,,gx-no-cache=1515677690060 HTTP/1.1" 200 93
186.79.214.243 - - [11/Jan/2018:10:35:30 -0300] "GET /cormun/servlet/hpexe_return? HTTP/1.1" 200 1054
186.103.157.246 - - [11/Jan/2018:10:35:36 -0300] "GET /cormun/servlet/solicitudotcontratos?6f5416e8acb3c2035c9a1768e29e89573daa69179b542a6e8f98c6e9dedb4c4098b87b72664ae671a80c54a6eb37c77347465cfd97ed5fa3cc988f1ea6097cb13a275c3d53dc22754889afcf6c8855d9932ca7242efe873aaf4969958e2addaf58da12fa27b52e07378358274d51bd85664d06230f293b689c0dc152f1f802af,gx-no-cache=1515677698360 HTTP/1.1" 200 30
186.103.157.246 - - [11/Jan/2018:10:35:37 -0300] "POST /cormun/servlet/solicitudotcontratos?1f55de11b821978a7feb820cebb20c07,INS,2018,0,13030006,5,2,2017,4434,INTEGRACION,201711,23,B,,gx-no-cache=1515677698426 HTTP/1.1" 200 93
186.103.157.246 - - [11/Jan/2018:10:35:37 -0300] "GET /cormun/servlet/hpexe_return? HTTP/1.1" 200 1048
186.103.157.246 - - [11/Jan/2018:10:35:37 -0300] "GET /cormun/servlet/trcontratosolicitud HTTP/1.1" 200 14773
186.103.157.246 - - [11/Jan/2018:10:35:38 -0300] "GET /cormun/servlet/trcontratosolicitud HTTP/1.1" 200 14760
186.103.159.189 - - [11/Jan/2018:10:35:39 -0300] "GET /cormun/servlet/solicitudot?4f5d1eb59b741b78f7f6e2fb72aa96daa678579a0b48473aa3c16a6493cdfee31388ba1ed6f8f4d01d943120bde95847,gx-no-cache=1515681296831 HTTP/1.1" 200 30
186.103.159.189 - - [11/Jan/2018:10:35:39 -0300] "POST /cormun/servlet/solicitudot?gx-no-cache=1515681296938 HTTP/1.1" 200 70
186.103.159.189 - - [11/Jan/2018:10:35:39 -0300] "POST /cormun/servlet/solicitudot?gx-no-cache=1515681297036 HTTP/1.1" 200 255
186.103.159.189 - - [11/Jan/2018:10:35:40 -0300] "GET /cormun/servlet/solicitudot?4f5d1eb59b741b78f7f6e2fb72aa96dafaaa4f975b22ab401f269da285c3f415b5d94a382d8c43c00b7080c36e23c3308a635f87c2a44346cfee6a6a5d295e3fc45dee0cff9e49c0ecb0766b9bbb53f813a357ea9222a2328eca3df17c7573d4f1104f8a185fbbe3ae568478038d63fcd72824e3c39e110eeb612206ff8a84a010fdb36acbcacb4851a9a5985288cd267211c6425a75dbe3ef437d92f671c3d0bee9ebddf4808e131b3174478d3d183b7ce8c758a3dc7816470ce7867d34bc6c9e63e289dd8150c8ea427bbfda6f6d9288bde099de1a9f15b53d9767ce0125deb150410c9c08085e3e39f736591a4927bcdaf9927feca3152fc5a568977264cada6e5494e402f5b328e2812d51e34cd14191771393e75a78f3e050645170cc8d8568a80b63971e80df6d78438b4bb8fcaa5e572df1444530dc4ea2e925f13194b726dd263ee0a868a382c47ecdf693807bb9157ad9e9f4949fd4c960633ad59f467edcce8173c2d59b7d3c0cbecc7284fa9f1bde17693e3b38e31320301e7066,gx-no-cache=1515681297126 HTTP/1.1" 200 30
186.103.159.189 - - [11/Jan/2018:10:35:44 -0300] "POST /cormun/servlet/solicitudot?gx-no-cache=1515681301858 HTTP/1.1" 200 30
186.103.159.189 - - [11/Jan/2018:10:36:02 -0300] "POST /cormun/servlet/solicitudot?gx-no-cache=1515681319664 HTTP/1.1" 200 1358
186.103.159.189 - - [11/Jan/2018:10:36:02 -0300] "POST /cormun/servlet/solicitudot?gx-no-cache=1515681319824 HTTP/1.1" 200 38
186.103.159.189 - - [11/Jan/2018:10:36:31 -0300] "GET /cormun/servlet/solicitudot?4f5d1eb59b741b78f7f6e2fb72aa96da67fba269fceb07e580bbb309f30fc391436838c3c6f9ba8e44a869cfae333717094404ffdf5d52f732b90180dfb43743d50cbe9f6ddd1545a7ce62f0d5c87fc582787767b3217401636d639e743ce721f12aaf35420961afd0c12aaa6801825d31487f16a5e57535ec5f2bb88df6a373c16c2fe9eb6a81a9e6370e6f4bbb975612c41aeab40e20615ebfcd754baea9bd,gx-no-cache=1515681348582 HTTP/1.1" 200 29
186.103.159.189 - - [11/Jan/2018:10:36:38 -0300] "POST /cormun/servlet/solicitudot?gx-no-cache=1515681355828 HTTP/1.1" 200 220
