186.67.164.142 - - [11/Jan/2018:11:29:31 -0300] "GET /cormun/servlet/solicitudotcontratos?f099706ff20da19200308ff17f7472632a92455e001e660808342ae9acbf53d1c3f4d3b922e74d6b0dad9997056ebd27,gx-no-cache=1515680931488 HTTP/1.1" 200 30
186.67.164.142 - - [11/Jan/2018:11:29:31 -0300] "GET /cormun/servlet/solicitudotcontratos?f099706ff20da19200308ff17f7472635b0f55acb6636aa2e9ce29405126e81c43a4b546e8225e4fc35156739fe58bb32ff98c405e1a891800701ce6ab0909ac668fa8a49e2e4fdd6c6c0c6807f4ce1d79a7513eeb41ee8ece2ec4a39958c92246ac18cca372a351af5c23457b9712c2,gx-no-cache=1515680931512 HTTP/1.1" 200 30
186.67.164.142 - - [11/Jan/2018:11:29:31 -0300] "GET /cormun/servlet/solicitudotcontratos?f099706ff20da19200308ff17f747263b2bc12e410607482ed850755985154c7b529bad349f25399131fa92c58cb58ca72f14be47e12e17704992c273ff012be2ff98c405e1a891800701ce6ab0909ac64517cb2128e2a1bb54301a5b86bc2c886d3820e5b0103ea10c43127c2c555e9d89ae7c2f634ed4999f28af046681fb53b6a18c32e79103bb7cb116cbd4cffa1d4ed63a7181525ad6fba5daee1b6e0f272f14be47e12e17704992c273ff012be81e3f9bb89c171770c47ba14fd994318d6bfeaaef5ef0e1f560f02531d8a378ea5f83302c7c4f82ead75a390802b1799ac6d5895e34ab3ce71374a27f83ec98967eeb07a24c43c5167fb802371c3155ae48b79961a3d66de568ba33520f61757a7255691025687234053c89c84c4a7032d6b305c2121b0f14b546a8269a11c6bf0b376fb7d4d287fdee39bc10ca3e11dedd17475e3a7d65ca620d77ef967791b77a4887beafa6953fa542c61b724dab369ca0f9cbb455d2586b4b1f09bf2ebe91fcb1be06d2dc8c19b309e3220aecaa38acf780057ac61dc529ce78fb03bfd7976a6d6da3acb184601189a43be91e3164b05c8c924a9f10605e6ae2e3f1d0c9264ba0629239dea7ff2e615f2b9f487b3b7003ebfb88201536bc4185fda751710efe768dbd67e2a7d9444b5b445abe1be94025ebb7224e6b215292f3878df796a40a7ad70fcafab4673b876cf7b22da70318eac251ea761c62198d7ba21cb6ad7105fcf732a80ff918883ad86699c7e0308313d67257284cc37bf14d2356defc909bfbbe2bf9b900b03796165e07c96b9,gx-no-cache=1515680931537 HTTP/1.1" 200 79
186.103.158.250 - - [11/Jan/2018:11:29:32 -0300] "GET /cormun/servlet/solicitudotadjuntos?eefab0f54816ca845a5f396277ac21aa7513673dfbec561b1374ff4b6a3db1fe,gx-no-cache=1515680932015 HTTP/1.1" 200 30
186.103.158.250 - - [11/Jan/2018:11:29:33 -0300] "GET /cormun/servlet/solicitudotadjuntos?eefab0f54816ca845a5f396277ac21aa7513673dfbec561b1374ff4b6a3db1fe,gx-no-cache=1515680932060 HTTP/1.1" 200 30
186.103.158.250 - - [11/Jan/2018:11:29:33 -0300] "POST /cormun/servlet/solicitudotadjuntos?0200b3adc0323117d4cc876a5948844c,INS,2018,8661,,1, HTTP/1.1" 200 116
186.103.158.250 - - [11/Jan/2018:11:29:33 -0300] "GET /cormun/servlet/hpexe_return? HTTP/1.1" 200 1022
186.103.158.250 - - [11/Jan/2018:11:29:33 -0300] "GET /cormun/servlet/trsolicitudadjuntos?2018,8661, HTTP/1.1" 200 8818
186.103.158.250 - - [11/Jan/2018:11:29:35 -0300] "GET /cormun/servlet/trsolicitudadjuntos?2018,8661, HTTP/1.1" 200 8816
186.103.158.250 - - [11/Jan/2018:11:29:39 -0300] "GET /cormun/servlet/solicitudotadjuntos?INS,2018,8661,,1, HTTP/1.1" 200 6198
186.103.158.250 - - [11/Jan/2018:11:29:40 -0300] "GET /cormun/static/about:blank HTTP/1.1" 404 1011
186.103.158.250 - - [11/Jan/2018:11:29:40 -0300] "GET /cormun/servlet/solicitudotadjuntos?INS,2018,8661,,1, HTTP/1.1" 200 6192
186.103.158.250 - - [11/Jan/2018:11:29:41 -0300] "GET /cormun/servlet/solicitudotadjuntos?eefab0f54816ca845a5f396277ac21aae09c85a9b3009e98c723068b8d73020b05f71ad8e92cbc4f2f6f5eafbdd91543,gx-no-cache=1515680940445 HTTP/1.1" 200 30
186.103.158.250 - - [11/Jan/2018:11:29:41 -0300] "POST /cormun/servlet/solicitudotadjuntos?0200b3adc0323117d4cc876a5948844c,INS,2018,8661,,1,,gx-no-cache=1515680940505 HTTP/1.1" 200 4014
186.103.158.250 - - [11/Jan/2018:11:29:45 -0300] "POST /cormun/servlet/solicitudotadjuntos?gx-no-cache=1515680944102 HTTP/1.1" 200 26
186.103.159.44 - - [11/Jan/2018:11:29:45 -0300] "POST /cormun/servlet/solicitudot?gx-no-cache=1515680945423 HTTP/1.1" 200 51
186.103.159.44 - - [11/Jan/2018:11:29:45 -0300] "POST /cormun/servlet/solicitudot?gx-no-cache=1515680945483 HTTP/1.1" 200 255
186.103.159.44 - - [11/Jan/2018:11:29:45 -0300] "GET /cormun/servlet/solicitudot?93f5696ec6af881851328fe3ede9ab9aca178af43d1cb26f41301a94ab398fcae16a50620a9e56e52c4599413cc548ac9fa7114163a8dcb9d6f0ae5cc649eb6d06021dc8c0909d2873336f4766f517396e00b0e497829e810b4e23e219a1b793600802f6a441845f1459692f352738711e3044006bda95eb7703312891e587ec6e4bdaff2d8efdd3c7e6c08920ca6d4e84f69498e9b45028094e1fa01c6142a22c3db5dafe86d76a5d0a424bb4b61e6758bf7ef69fe05f4685ce04666d6294fffc8ea7afafaf6176adbcc2cd4fb6cd3bcf42f6c0fa19e9d7884afaadfd9e92630d6bf05bed45f917466ba90f6a2f42f96ed72287f1a22741013c3523bcca41f2dc727155fc5a866893dae2f83b783b5889ef3917a3eb2d140a553eebf4340a2abfb5016d04ad9dd360b8f858953a3fde6e49610b7637176d7ab5830426f480a51c6544c3732a59a34d5aa47046a5447a7b55452e68f5eb02eab4a16ce7fe1e7fca502636db432b557bb5134f3d9b22addc71600080094cc8d5b702185664d3a5,gx-no-cache=1515680945538 HTTP/1.1" 200 30
186.103.159.44 - - [11/Jan/2018:11:29:47 -0300] "POST /cormun/servlet/solicitudot?gx-no-cache=1515680947728 HTTP/1.1" 200 30
186.103.159.182 - - [11/Jan/2018:11:29:47 -0300] "POST /cormun/servlet/solicitudotcontratos?349bc9843eec3a427768c311b6245046,INS,2018,0,16882376,2,2,2017,1612,LEY+SEP,201711,30,*,,gx-no-cache=1515680943583 HTTP/1.1" 200 10766
186.103.159.182 - - [11/Jan/2018:11:29:48 -0300] "POST /cormun/servlet/solicitudotcontratos?gx-no-cache=1515680944260 HTTP/1.1" 200 1342
186.103.159.182 - - [11/Jan/2018:11:29:48 -0300] "POST /cormun/servlet/solicitudotcontratos?gx-no-cache=1515680944644 HTTP/1.1" 200 1221
186.103.159.182 - - [11/Jan/2018:11:29:48 -0300] "GET /cormun/servlet/solicitudotcontratos?4846520630624ebff6b0b8492efacec900f676fba492af5c65abdca4c82c8f157065de4d61cb7d113714ba5ce356908105c99d2811584c75cfcd0d8cb5f983429a855f9a048dc980089cb6b5b91261f9b66925a9bdf569e2ee7552d350875caca9b09fd99f7e36b403e4fae13c07e7c1c55af146b342a7f8c709c49e9c48fc90,gx-no-cache=1515680944710 HTTP/1.1" 200 30
201.236.57.155 - - [11/Jan/2018:11:29:48 -0300] "GET /cormun/servlet/hlogin HTTP/1.1" 200 1737
186.103.159.182 - - [11/Jan/2018:11:29:48 -0300] "POST /cormun/servlet/solicitudotcontratos?349bc9843eec3a427768c311b6245046,INS,2018,0,16882376,2,2,2017,1612,LEY+SEP,201711,30,*,,gx-no-cache=1515680944749 HTTP/1.1" 200 93
186.103.159.182 - - [11/Jan/2018:11:29:48 -0300] "GET /cormun/servlet/hpexe_return? HTTP/1.1" 200 1045
186.103.159.182 - - [11/Jan/2018:11:29:49 -0300] "GET /cormun/servlet/trcontratosolicitud HTTP/1.1" 200 14746
186.103.159.44 - - [11/Jan/2018:11:29:49 -0300] "GET /cormun/servlet/prcontratosol?9510587,,,,,MD,,gxPopupLevel%3D0%3B HTTP/1.1" 200 7423
201.236.57.155 - - [11/Jan/2018:11:29:50 -0300] "POST /cormun/servlet/hlogin?b781b9151e9c01b78afe6b0a837dd83d,gx-no-cache=1515680953257 HTTP/1.1" 200 90
201.236.57.155 - - [11/Jan/2018:11:29:50 -0300] "GET /cormun/servlet/hpexe_link HTTP/1.1" 200 949
201.236.57.155 - - [11/Jan/2018:11:29:50 -0300] "GET /cormun/servlet/hhome HTTP/1.1" 200 3981
201.236.57.155 - - [11/Jan/2018:11:29:51 -0300] "GET /cormun/servlet/hhome HTTP/1.1" 200 3976
186.103.159.182 - - [11/Jan/2018:11:29:51 -0300] "GET /cormun/servlet/trcontratosolicitud HTTP/1.1" 200 14743
186.103.159.189 - - [11/Jan/2018:11:29:53 -0300] "GET /cormun/servlet/solicitudotadjuntos?INS,2018,8668,,1, HTTP/1.1" 200 6225
186.103.158.250 - - [11/Jan/2018:11:29:53 -0300] "GET /cormun/servlet/solicitudotadjuntos?eefab0f54816ca845a5f396277ac21aa7513673dfbec561b1374ff4b6a3db1fe,gx-no-cache=1515680952519 HTTP/1.1" 200 30
186.103.158.250 - - [11/Jan/2018:11:29:53 -0300] "GET /cormun/servlet/solicitudotadjuntos?eefab0f54816ca845a5f396277ac21aa7513673dfbec561b1374ff4b6a3db1fe,gx-no-cache=1515680952542 HTTP/1.1" 200 30
186.103.158.250 - - [11/Jan/2018:11:29:53 -0300] "POST /cormun/servlet/solicitudotadjuntos?0200b3adc0323117d4cc876a5948844c,INS,2018,8661,,1, HTTP/1.1" 200 116
186.103.158.250 - - [11/Jan/2018:11:29:53 -0300] "GET /cormun/servlet/hpexe_return? HTTP/1.1" 200 1022
186.103.159.189 - - [11/Jan/2018:11:29:53 -0300] "GET /cormun/static/about:blank HTTP/1.1" 404 1011
186.103.158.250 - - [11/Jan/2018:11:29:54 -0300] "GET /cormun/servlet/trsolicitudadjuntos?2018,8661, HTTP/1.1" 200 8998
186.103.159.189 - - [11/Jan/2018:11:29:55 -0300] "GET /cormun/servlet/solicitudotadjuntos?INS,2018,8668,,1, HTTP/1.1" 200 6219
186.103.158.250 - - [11/Jan/2018:11:29:55 -0300] "GET /cormun/servlet/trsolicitudadjuntos?2018,8661, HTTP/1.1" 200 8994
186.103.159.189 - - [11/Jan/2018:11:29:55 -0300] "GET /cormun/servlet/solicitudotadjuntos?4f5d1eb59b741b78f7f6e2fb72aa96da4d210aaebc3683dc5fa0ff494322f87e2f88627ac305227fbc2ad8106fe23573,gx-no-cache=1515684553061 HTTP/1.1" 200 30
186.103.159.189 - - [11/Jan/2018:11:29:55 -0300] "POST /cormun/servlet/solicitudotadjuntos?d134df0372c1084e85d48c640caa470d,INS,2018,8668,,1,,gx-no-cache=1515684553138 HTTP/1.1" 200 4019
186.103.158.250 - - [11/Jan/2018:11:29:58 -0300] "GET /cormun/servlet/solicitudotadjuntos?INS,2018,8661,,1, HTTP/1.1" 200 6198
186.103.158.250 - - [11/Jan/2018:11:29:59 -0300] "GET /cormun/static/about:blank HTTP/1.1" 404 1011
186.103.158.250 - - [11/Jan/2018:11:29:59 -0300] "GET /cormun/servlet/solicitudotadjuntos?INS,2018,8661,,1, HTTP/1.1" 200 6192
186.103.158.250 - - [11/Jan/2018:11:30:00 -0300] "GET /cormun/servlet/solicitudotadjuntos?eefab0f54816ca845a5f396277ac21aae09c85a9b3009e98c723068b8d73020b05f71ad8e92cbc4f2f6f5eafbdd91543,gx-no-cache=1515680959432 HTTP/1.1" 200 30
186.103.158.250 - - [11/Jan/2018:11:30:00 -0300] "POST /cormun/servlet/solicitudotadjuntos?0200b3adc0323117d4cc876a5948844c,INS,2018,8661,,1,,gx-no-cache=1515680959491 HTTP/1.1" 200 4014
186.103.159.189 - - [11/Jan/2018:11:30:00 -0300] "POST /cormun/servlet/solicitudotadjuntos?gx-no-cache=1515684558409 HTTP/1.1" 200 26
186.103.158.250 - - [11/Jan/2018:11:30:01 -0300] "POST /cormun/servlet/solicitudotadjuntos?gx-no-cache=1515680960812 HTTP/1.1" 200 26
186.67.164.142 - - [11/Jan/2018:11:30:11 -0300] "POST /cormun/servlet/solicitudotcontratos?530b48bc55c1ac8bbe2dca4d4cb82fec,INS,2018,0,6103482,K,6,2017,1938,LEY+SEP,201711,2,B,,gx-no-cache=1515680971515 HTTP/1.1" 200 10793
186.67.164.142 - - [11/Jan/2018:11:30:11 -0300] "POST /cormun/servlet/solicitudotcontratos?gx-no-cache=1515680971774 HTTP/1.1" 200 1342
186.67.164.142 - - [11/Jan/2018:11:30:11 -0300] "POST /cormun/servlet/solicitudotcontratos?gx-no-cache=1515680971818 HTTP/1.1" 200 1221
186.67.164.142 - - [11/Jan/2018:11:30:11 -0300] "GET /cormun/servlet/solicitudotcontratos?f099706ff20da19200308ff17f747263da6f55995b89dda8b135e3fefa59404af1235fd811e2033dba4d078dc470a77fa70cf990e9710608ea5bdd52a066cd1ca43413a47f2547f5aed904d1f54c95d4f077878f108098a74cae47d2dddf5dce5f12b21360cfa840070a50875eac270d1658eab3f61fc4901b68d20a2c8d3439,gx-no-cache=1515680971856 HTTP/1.1" 200 30
186.67.164.142 - - [11/Jan/2018:11:30:12 -0300] "POST /cormun/servlet/solicitudotcontratos?530b48bc55c1ac8bbe2dca4d4cb82fec,INS,2018,0,6103482,K,6,2017,1938,LEY+SEP,201711,2,B,,gx-no-cache=1515680971893 HTTP/1.1" 200 93
186.67.164.142 - - [11/Jan/2018:11:30:12 -0300] "GET /cormun/servlet/hpexe_return? HTTP/1.1" 200 1051
186.67.164.142 - - [11/Jan/2018:11:30:12 -0300] "GET /cormun/static/gxcfg.js?2016101716175148 HTTP/1.1" 304 -
186.67.164.142 - - [11/Jan/2018:11:30:12 -0300] "GET /cormun/servlet/trcontratosolicitud HTTP/1.1" 200 14392
186.67.164.142 - - [11/Jan/2018:11:30:13 -0300] "GET /cormun/servlet/trcontratosolicitud HTTP/1.1" 200 14394
186.103.159.182 - - [11/Jan/2018:11:30:15 -0300] "GET /cormun/servlet/solicitudotcontratos?INS,2018,0,18379144,3,2,2017,4592,LEY+SEP,201711,30,*, HTTP/1.1" 200 10028
200.112.6.143 - - [11/Jan/2018:11:30:17 -0300] "GET /cormun/servlet/trcontratosolicitud? HTTP/1.1" 200 14653
186.103.159.182 - - [11/Jan/2018:11:30:17 -0300] "GET /cormun/servlet/solicitudotcontratos?INS,2018,0,18379144,3,2,2017,4592,LEY+SEP,201711,30,*, HTTP/1.1" 200 10065
186.103.159.182 - - [11/Jan/2018:11:30:17 -0300] "GET /cormun/servlet/solicitudotcontratos?4846520630624ebff6b0b8492efacec9cbe15d60b5017a9525812d32c4a58d6acc568d626fdff2f3386cc4b9f7c4be11,gx-no-cache=1515680974133 HTTP/1.1" 200 30
186.103.159.182 - - [11/Jan/2018:11:30:17 -0300] "GET /cormun/servlet/solicitudotcontratos?4846520630624ebff6b0b8492efacec9b1145e53c312806fb5c9494e9e4636351312c3686b3045d36144985c1d4f4425,gx-no-cache=1515680974173 HTTP/1.1" 200 30
186.103.159.182 - - [11/Jan/2018:11:30:18 -0300] "GET /cormun/servlet/solicitudotcontratos?4846520630624ebff6b0b8492efacec903173f6e2927116436e2650b9dcd6497b9a3b04ebbfa23b76d8b4c8a7bc672e4d8a52947cb31aa6453cc9802e7bb53c825f12b1cc3c9b6c6c5742d99258a66a443f5a7e0faf2c83aa5fb8168b6e99f774fb78bfda398a4244e7cadabc5bbd031208d0fe7a4e501284bdf5d1f36547f8d,gx-no-cache=1515680974232 HTTP/1.1" 200 48
186.103.159.182 - - [11/Jan/2018:11:30:18 -0300] "GET /cormun/servlet/solicitudotcontratos?4846520630624ebff6b0b8492efacec9c308616323427b39d0364d74e114e389d2e79d4ad408a005e9809118983046bd,gx-no-cache=1515680974300 HTTP/1.1" 200 30
186.103.159.182 - - [11/Jan/2018:11:30:18 -0300] "GET /cormun/servlet/solicitudotcontratos?4846520630624ebff6b0b8492efacec9c799184295d0b38889f181b678e5da192b9dc7822a2ec6a8c049eba1ec906423531c316ca0caeeddf2d67bf51d3fdb5d4d7093efb0640d5729373b212942ab37f1cf9de37249370ac54d0a1fa87a16c47d46d39858c147b50533a298b03c0b95,gx-no-cache=1515680974370 HTTP/1.1" 200 30
186.103.159.182 - - [11/Jan/2018:11:30:18 -0300] "GET /cormun/servlet/solicitudotcontratos?4846520630624ebff6b0b8492efacec98614ed5428caed5584b415d33ead89f5badb628b449087e4f919ca58dc04e9373bef79e7ee4ed717a52e092bf7b7a57a531c316ca0caeeddf2d67bf51d3fdb5d63e9de5ec2bb53197e76e83bbd8a433931ea590b471909c0a3ccae1389f4a40dcb8c9cbea93a041b694f44fde855735f1c10747e87431f39899766037e638e4697118ae511c85147e35031a05b4208733bef79e7ee4ed717a52e092bf7b7a57a8b556e93c2cbcbd6c21f546a6c3ecf26b6994f430fce67c73afe00c2d52594d91e5d6d1faf6a3d77818b9c8f58572e7294da05e7b93d6a303c5d4e9296d563679abbc966918305779c11e75e668465a03b76a8a577feaffefcbf6c965f6d484b153e0a5798ec60a8659cffc30b14ed8cb7fa883f90748f6a6de759b87b675a1016214a118320b7050fd9649650a0777853fa26c87a9bd6718dcb4809f91782adb706bfd2d504a70d616b6d03a6323c375dfd5a3a4742fca36cd730b90e7ccd4ac968f78f3b7b02da57eb41bd990c30deeb8ea3844c49e2d76e0c317672e0eeaf467421d8839852535f35ba20554f08d5fad22ec508b996364a134615f25f01b3a8b898917907c21ab290621699b695c1c6db126db0e884e43da3b15e025b6f5ae46eccd28c433a319aad8877af61f4fddbef7c142b119676cc9ba6f8af593d3710a2c49192798ea61b2395a63f646159374c42cb012dc66874e1b5a27a7cd223b692b965209deafdfaeedb25654733299c5b703cafae03e77403eb30bc1a5b5f446c37f97b24bf01fb6036721f14e46a,gx-no-cache=1515680974430 HTTP/1.1" 200 79
186.103.159.44 - - [11/Jan/2018:11:30:18 -0300] "POST /cormun/servlet/solicitudot?gx-no-cache=1515680978929 HTTP/1.1" 200 1358
186.103.159.44 - - [11/Jan/2018:11:30:18 -0300] "POST /cormun/servlet/solicitudot?gx-no-cache=1515680979175 HTTP/1.1" 200 38
186.103.159.44 - - [11/Jan/2018:11:30:19 -0300] "GET /cormun/servlet/solicitudot?93f5696ec6af881851328fe3ede9ab9a90414a9b43bae076af6ede11eb22171c6968e75b038fc69df4b5228a1baade1d7ecd3919845c3bc3dc5f08da3aab822b73cd6afc7d0d4252f0d4f49426f97466cafeb2c6b4ae3fe909764abf6d695ede5206a4937f53931110a76920126cf829fa6580f4d356f272592d4187c0fd44e3fb26665823cdf8bcb1eaac1cb933d14a3c924767910d7bc1ab6162bc5da0abae,gx-no-cache=1515680979217 HTTP/1.1" 200 29
186.103.159.44 - - [11/Jan/2018:11:30:19 -0300] "POST /cormun/servlet/solicitudot?gx-no-cache=1515680979599 HTTP/1.1" 200 220
186.103.159.44 - - [11/Jan/2018:11:30:19 -0300] "GET /cormun/servlet/solicitudot?93f5696ec6af881851328fe3ede9ab9a69dde240a495f9dd20956b2972380152a8614c50d0fcf39cb75798b25dc413488538cfa1a7f9eac7b9d853e7f2580eb73539f9e1548c46ac910285ac94355696da935aa79ce66eea9157b044bdd29cb96968e75b038fc69df4b5228a1baade1dc1a11adf7d1f965e78942db374f08cf7370ae16fbe0b338a181b06704fda282a,gx-no-cache=1515680979682 HTTP/1.1" 200 55
186.103.159.44 - - [11/Jan/2018:11:30:19 -0300] "GET /cormun/servlet/solicitudot?93f5696ec6af881851328fe3ede9ab9ac075b8701d6661de98fb0d2796d437fd,gx-no-cache=1515680980054 HTTP/1.1" 200 30
186.67.164.142 - - [11/Jan/2018:11:30:20 -0300] "GET /cormun/servlet/solicitudotcontratos?INS,2018,0,14332226,2,2,2015,3794,INTEGRACION,201711,36,M, HTTP/1.1" 200 9913
186.67.164.142 - - [11/Jan/2018:11:30:20 -0300] "GET /cormun/servlet/solicitudotcontratos?INS,2018,0,14332226,2,2,2015,3794,INTEGRACION,201711,36,M, HTTP/1.1" 200 9945
186.103.158.250 - - [11/Jan/2018:11:30:21 -0300] "POST /cormun/servlet/solicitudotadjuntos?gx-no-cache=1515680980073 HTTP/1.1" 200 26
186.67.164.142 - - [11/Jan/2018:11:30:21 -0300] "GET /cormun/servlet/solicitudotcontratos?f099706ff20da19200308ff17f7472635bab8dba8a098f658a4d5075a406cb5c666ae7ee1060905f91ce3b9b8f8a6bd9,gx-no-cache=1515680981170 HTTP/1.1" 200 30
186.67.164.142 - - [11/Jan/2018:11:30:21 -0300] "GET /cormun/servlet/solicitudotcontratos?f099706ff20da19200308ff17f74726318513cae829d922ab543ce56ffda3b86e5f9de86a1ad6d30ff29d4ffc86426e8,gx-no-cache=1515680981200 HTTP/1.1" 200 30
186.67.164.142 - - [11/Jan/2018:11:30:21 -0300] "GET /cormun/servlet/solicitudotcontratos?f099706ff20da19200308ff17f7472636e1010c753e0c54d61caec7495714f76ef8173a60b44617bbc264da969d1156049134cc012ccf26f480f03879518d4ad72ba5959d4cbe4a4f802edfade2f2ebd8fc3ce59a5c39e1f5ce23da6e075863c8daf3c94daf006ee55580d8eff9dbda3166043cdc885497588e9427dd89577c0,gx-no-cache=1515680981222 HTTP/1.1" 200 48
186.67.164.142 - - [11/Jan/2018:11:30:21 -0300] "GET /cormun/servlet/solicitudotcontratos?f099706ff20da19200308ff17f7472638940d9dff1ca67431a6e688c5837673814cc8599a371b1d651488c46ba589dce,gx-no-cache=1515680981250 HTTP/1.1" 200 30
186.67.164.142 - - [11/Jan/2018:11:30:21 -0300] "GET /cormun/servlet/solicitudotcontratos?f099706ff20da19200308ff17f7472635b0f55acb6636aa2e9ce29405126e81c43a4b546e8225e4fc35156739fe58bb32ff98c405e1a891800701ce6ab0909ac668fa8a49e2e4fdd6c6c0c6807f4ce1d03397c4a518c4b079d4b207e34d24d7846ac18cca372a351af5c23457b9712c2,gx-no-cache=1515680981294 HTTP/1.1" 200 30
186.67.164.142 - - [11/Jan/2018:11:30:21 -0300] "GET /cormun/servlet/solicitudotcontratos?f099706ff20da19200308ff17f747263b2bc12e410607482ed850755985154c7b529bad349f25399131fa92c58cb58ca8306122e784161178b7ee4d6d327fa5668186bc45555faa94388ddbcf9f67604214bd98f1c02e9ee667a13c0411ee878adbb432ad3a530ec7a7355e905af121c0069ab329647eb3fcb6b11ffff167d02e84d3d4d2ce99513face706d34f42f4057752a14444e0fd60a64b8b8c247b7f780e3ac61a2b40b585764feff9515226fac64c4ddab296640bd21d920398b3b5a65b1504288f0432cf92a85c112c2cb9a16c4cc1ebf8b4f2c699144aa40f3c4c5f79ac78a1bee2e790297c6adc662d2629fb2573ef8e1d3924ae09e56735efe8e1bd66c74b6a70ba39e964b6fe0c32b84bf534a930d6e3727bead921e46643272e835e8678d5e713e50dc47be9c8b16e759ddb0d88283840d18bbc6c75fe4329356efada9f67c278c99c2c6c30af6c65dee98d15254c5d7c72c8a1fa439dc4adcc404ae5d5a5f18e866536fdff858f79003cc3b3e7c6627884c83e704bd8fbdb8a8c1e3a309b4b8868bdf1c838c23d040985fb126c7ad002dbc2d631c1603112c9e4df2b27ec2b53408135aa5f5718b639e83ae73def337c4085189b7b0f69dbc5122bcd7fc7fb1d254a0f92abd5c0e56af4a7882b9d4ce189f522c503b355a64e540f1c1961dd087f5abff31238f9b397129d28ecb0f1c2a08a3497e62dd725262aee0a88b594fef330236f6daeb470d65bc6585d0803ac2445ae8b073da834122b1ec336f117a3e8a24d98949fda57938f672ae4a4619c8a05734506efb4ad7,gx-no-cache=1515680981358 HTTP/1.1" 200 83
186.67.164.142 - - [11/Jan/2018:11:30:25 -0300] "POST /cormun/servlet/solicitudotcontratos?530b48bc55c1ac8bbe2dca4d4cb82fec,INS,2018,0,14332226,2,2,2015,3794,INTEGRACION,201711,36,M,,gx-no-cache=1515680985216 HTTP/1.1" 200 93
186.67.164.142 - - [11/Jan/2018:11:30:25 -0300] "GET /cormun/servlet/hpexe_return? HTTP/1.1" 200 1057
186.67.164.142 - - [11/Jan/2018:11:30:25 -0300] "GET /cormun/servlet/trcontratosolicitud HTTP/1.1" 200 14392
186.67.164.142 - - [11/Jan/2018:11:30:26 -0300] "GET /cormun/servlet/trcontratosolicitud HTTP/1.1" 200 14385
186.103.159.182 - - [11/Jan/2018:11:30:27 -0300] "POST /cormun/servlet/solicitudotcontratos?349bc9843eec3a427768c311b6245046,INS,2018,0,18379144,3,2,2017,4592,LEY+SEP,201711,30,*,,gx-no-cache=1515680983446 HTTP/1.1" 200 10795
186.103.159.182 - - [11/Jan/2018:11:30:28 -0300] "POST /cormun/servlet/solicitudotcontratos?gx-no-cache=1515680984225 HTTP/1.1" 200 1343
186.103.159.182 - - [11/Jan/2018:11:30:28 -0300] "POST /cormun/servlet/solicitudotcontratos?gx-no-cache=1515680984798 HTTP/1.1" 200 1221
186.103.159.182 - - [11/Jan/2018:11:30:28 -0300] "GET /cormun/servlet/solicitudotcontratos?4846520630624ebff6b0b8492efacec900f676fba492af5c65abdca4c82c8f157065de4d61cb7d113714ba5ce356908105c99d2811584c75cfcd0d8cb5f983429a855f9a048dc980089cb6b5b91261f9b66925a9bdf569e2ee7552d350875caca9b09fd99f7e36b403e4fae13c07e7c1c55af146b342a7f8c709c49e9c48fc90,gx-no-cache=1515680984920 HTTP/1.1" 200 30
186.103.159.182 - - [11/Jan/2018:11:30:29 -0300] "POST /cormun/servlet/solicitudotcontratos?349bc9843eec3a427768c311b6245046,INS,2018,0,18379144,3,2,2017,4592,LEY+SEP,201711,30,*,,gx-no-cache=1515680985007 HTTP/1.1" 200 93
186.103.159.182 - - [11/Jan/2018:11:30:29 -0300] "GET /cormun/servlet/hpexe_return? HTTP/1.1" 200 1047
186.103.158.250 - - [11/Jan/2018:11:30:29 -0300] "GET /cormun/servlet/solicitudotadjuntos?eefab0f54816ca845a5f396277ac21aa7513673dfbec561b1374ff4b6a3db1fe,gx-no-cache=1515680988494 HTTP/1.1" 200 30
186.103.158.250 - - [11/Jan/2018:11:30:29 -0300] "GET /cormun/servlet/solicitudotadjuntos?eefab0f54816ca845a5f396277ac21aa7513673dfbec561b1374ff4b6a3db1fe,gx-no-cache=1515680988536 HTTP/1.1" 200 30
186.103.158.250 - - [11/Jan/2018:11:30:29 -0300] "POST /cormun/servlet/solicitudotadjuntos?0200b3adc0323117d4cc876a5948844c,INS,2018,8661,,1, HTTP/1.1" 200 116
186.103.159.182 - - [11/Jan/2018:11:30:29 -0300] "GET /cormun/servlet/trcontratosolicitud HTTP/1.1" 200 14744
186.103.158.250 - - [11/Jan/2018:11:30:29 -0300] "GET /cormun/servlet/hpexe_return? HTTP/1.1" 200 1022
186.103.158.250 - - [11/Jan/2018:11:30:30 -0300] "GET /cormun/servlet/trsolicitudadjuntos?2018,8661, HTTP/1.1" 200 9193
186.103.159.182 - - [11/Jan/2018:11:30:31 -0300] "GET /cormun/servlet/trcontratosolicitud HTTP/1.1" 200 14740
186.103.158.250 - - [11/Jan/2018:11:30:31 -0300] "GET /cormun/servlet/trsolicitudadjuntos?2018,8661, HTTP/1.1" 200 9192
186.103.158.250 - - [11/Jan/2018:11:30:34 -0300] "GET /cormun/servlet/solicitudotadjuntos?INS,2018,8661,,1, HTTP/1.1" 200 6198
186.103.158.250 - - [11/Jan/2018:11:30:34 -0300] "GET /cormun/static/about:blank HTTP/1.1" 404 1011
186.103.158.250 - - [11/Jan/2018:11:30:35 -0300] "GET /cormun/servlet/solicitudotadjuntos?INS,2018,8661,,1, HTTP/1.1" 200 6192
186.103.158.250 - - [11/Jan/2018:11:30:36 -0300] "GET /cormun/servlet/solicitudotadjuntos?eefab0f54816ca845a5f396277ac21aae09c85a9b3009e98c723068b8d73020b05f71ad8e92cbc4f2f6f5eafbdd91543,gx-no-cache=1515680995373 HTTP/1.1" 200 30
186.103.158.250 - - [11/Jan/2018:11:30:36 -0300] "POST /cormun/servlet/solicitudotadjuntos?0200b3adc0323117d4cc876a5948844c,INS,2018,8661,,1,,gx-no-cache=1515680995445 HTTP/1.1" 200 4014
186.103.157.246 - - [11/Jan/2018:11:30:39 -0300] "GET /cormun/servlet/trcontratosolicitud? HTTP/1.1" 200 12915
186.103.157.246 - - [11/Jan/2018:11:30:39 -0300] "GET /cormun/static/gxcfg.js?20177612214014 HTTP/1.1" 304 -
186.103.157.246 - - [11/Jan/2018:11:30:40 -0300] "GET /cormun/static/trcontratosolicitud.js?20177612214349 HTTP/1.1" 304 -
186.103.158.250 - - [11/Jan/2018:11:30:40 -0300] "POST /cormun/servlet/solicitudotadjuntos?gx-no-cache=1515680999188 HTTP/1.1" 200 26
186.103.157.246 - - [11/Jan/2018:11:30:40 -0300] "GET /cormun//static/Resources/PXToolsGridNew.png HTTP/1.1" 304 -
186.103.159.44 - - [11/Jan/2018:11:30:47 -0300] "POST /cormun/servlet/solicitudot?gx-no-cache=1515681007771 HTTP/1.1" 200 1358
186.103.159.182 - - [11/Jan/2018:11:30:47 -0300] "GET /cormun/servlet/solicitudotcontratos?INS,2018,0,17271747,0,2,2017,1616,LEY+SEP,201711,30,*, HTTP/1.1" 200 9974
186.103.159.44 - - [11/Jan/2018:11:30:47 -0300] "POST /cormun/servlet/solicitudot?gx-no-cache=1515681007947 HTTP/1.1" 200 38
186.103.159.182 - - [11/Jan/2018:11:30:49 -0300] "GET /cormun/servlet/solicitudotcontratos?INS,2018,0,17271747,0,2,2017,1616,LEY+SEP,201711,30,*, HTTP/1.1" 200 10009
186.103.159.182 - - [11/Jan/2018:11:30:49 -0300] "GET /cormun/servlet/solicitudotcontratos?4846520630624ebff6b0b8492efacec9e179087e75ee8f3bfc194d30d235bdeccc568d626fdff2f3386cc4b9f7c4be11,gx-no-cache=1515681005795 HTTP/1.1" 200 30
186.103.159.182 - - [11/Jan/2018:11:30:49 -0300] "GET /cormun/servlet/solicitudotcontratos?4846520630624ebff6b0b8492efacec97cb0a5d5d48b44c6f236ed14e36018541312c3686b3045d36144985c1d4f4425,gx-no-cache=1515681005846 HTTP/1.1" 200 30
186.103.159.182 - - [11/Jan/2018:11:30:49 -0300] "GET /cormun/servlet/solicitudotcontratos?4846520630624ebff6b0b8492efacec903173f6e2927116436e2650b9dcd6497b9a3b04ebbfa23b76d8b4c8a7bc672e4d8a52947cb31aa6453cc9802e7bb53c825f12b1cc3c9b6c6c5742d99258a66a443f5a7e0faf2c83aa5fb8168b6e99f774fb78bfda398a4244e7cadabc5bbd031208d0fe7a4e501284bdf5d1f36547f8d,gx-no-cache=1515681005893 HTTP/1.1" 200 48
186.103.159.182 - - [11/Jan/2018:11:30:49 -0300] "GET /cormun/servlet/solicitudotcontratos?4846520630624ebff6b0b8492efacec9d04423b4e829240006f4203c0ef9a0c1789b75afb9eba39601d89baeb62a41dc,gx-no-cache=1515681005940 HTTP/1.1" 200 30
186.103.159.182 - - [11/Jan/2018:11:30:49 -0300] "GET /cormun/servlet/solicitudotcontratos?4846520630624ebff6b0b8492efacec9c799184295d0b38889f181b678e5da192b9dc7822a2ec6a8c049eba1ec906423531c316ca0caeeddf2d67bf51d3fdb5d4d7093efb0640d5729373b212942ab37f1cf9de37249370ac54d0a1fa87a16c47d46d39858c147b50533a298b03c0b95,gx-no-cache=1515681005983 HTTP/1.1" 200 30
186.103.159.182 - - [11/Jan/2018:11:30:49 -0300] "GET /cormun/servlet/solicitudotcontratos?4846520630624ebff6b0b8492efacec98614ed5428caed5584b415d33ead89f5badb628b449087e4f919ca58dc04e9373bef79e7ee4ed717a52e092bf7b7a57a531c316ca0caeeddf2d67bf51d3fdb5d63e9de5ec2bb53197e76e83bbd8a433931ea590b471909c0a3ccae1389f4a40dcb8c9cbea93a041b694f44fde855735f1c10747e87431f39899766037e638e4697118ae511c85147e35031a05b4208733bef79e7ee4ed717a52e092bf7b7a57a8b556e93c2cbcbd6c21f546a6c3ecf26b6994f430fce67c73afe00c2d52594d91e5d6d1faf6a3d77818b9c8f58572e7294da05e7b93d6a303c5d4e9296d563679abbc966918305779c11e75e668465a03b76a8a577feaffefcbf6c965f6d484b153e0a5798ec60a8659cffc30b14ed8cb7fa883f90748f6a6de759b87b675a1016214a118320b7050fd9649650a0777853fa26c87a9bd6718dcb4809f91782adb706bfd2d504a70d616b6d03a6323c375dfd5a3a4742fca36cd730b90e7ccd4ac968f78f3b7b02da57eb41bd990c30deeb8ea3844c49e2d76e0c317672e0eeaf467421d8839852535f35ba20554f08d5fad22ec508b996364a134615f25f01b3a8b898917907c21ab290621699b695c1c6db126db0e884e43da3b15e025b6f5ae46eccd28c433a319aad8877af61f4fddbef7c142b119676cc9ba6f8af593d3710a2c49192798ea61b2395a63f646159374c42cb012dc66874e1b5a27a7cd223b692b965209deafdfaeedb25654733299c5b703cafae03e77403eb30bc1a5b5f446c37f97b24bf01fb6036721f14e46a,gx-no-cache=1515681006039 HTTP/1.1" 200 79
186.103.158.250 - - [11/Jan/2018:11:30:52 -0300] "GET /cormun/servlet/solicitudotadjuntos?eefab0f54816ca845a5f396277ac21aa7513673dfbec561b1374ff4b6a3db1fe,gx-no-cache=1515681011566 HTTP/1.1" 200 30
186.103.158.250 - - [11/Jan/2018:11:30:52 -0300] "GET /cormun/servlet/solicitudotadjuntos?eefab0f54816ca845a5f396277ac21aa7513673dfbec561b1374ff4b6a3db1fe,gx-no-cache=1515681011612 HTTP/1.1" 200 30
186.103.158.250 - - [11/Jan/2018:11:30:53 -0300] "POST /cormun/servlet/solicitudotadjuntos?0200b3adc0323117d4cc876a5948844c,INS,2018,8661,,1, HTTP/1.1" 200 116
186.103.158.250 - - [11/Jan/2018:11:30:53 -0300] "GET /cormun/servlet/hpexe_return? HTTP/1.1" 200 1022
186.103.158.250 - - [11/Jan/2018:11:30:53 -0300] "GET /cormun/servlet/trsolicitudadjuntos?2018,8661, HTTP/1.1" 200 9398
200.112.6.143 - - [11/Jan/2018:11:30:54 -0300] "GET /cormun/servlet/solicitudotcontratos?INS,2018,0,17503939,2,6,2017,1741,LEY+SEP,201711,2,B, HTTP/1.1" 200 9995
186.103.159.182 - - [11/Jan/2018:11:30:54 -0300] "POST /cormun/servlet/solicitudotcontratos?349bc9843eec3a427768c311b6245046,INS,2018,0,17271747,0,2,2017,1616,LEY+SEP,201711,30,*,,gx-no-cache=1515681010958 HTTP/1.1" 200 10747
186.103.158.250 - - [11/Jan/2018:11:30:55 -0300] "GET /cormun/servlet/trsolicitudadjuntos?2018,8661, HTTP/1.1" 200 9394
186.103.159.182 - - [11/Jan/2018:11:30:55 -0300] "POST /cormun/servlet/solicitudotcontratos?gx-no-cache=1515681011359 HTTP/1.1" 200 1342
186.103.159.182 - - [11/Jan/2018:11:30:55 -0300] "POST /cormun/servlet/solicitudotcontratos?gx-no-cache=1515681011435 HTTP/1.1" 200 1220
186.103.159.189 - - [11/Jan/2018:11:30:55 -0300] "GET /cormun/servlet/solicitudotadjuntos?4f5d1eb59b741b78f7f6e2fb72aa96da729ee1612dcfab9a93f007fe6a44292d,gx-no-cache=1515684612681 HTTP/1.1" 200 30
186.103.159.182 - - [11/Jan/2018:11:30:55 -0300] "GET /cormun/servlet/solicitudotcontratos?4846520630624ebff6b0b8492efacec900f676fba492af5c65abdca4c82c8f157065de4d61cb7d113714ba5ce356908105c99d2811584c75cfcd0d8cb5f983429a855f9a048dc980089cb6b5b91261f9b66925a9bdf569e2ee7552d350875caca9b09fd99f7e36b403e4fae13c07e7c1c55af146b342a7f8c709c49e9c48fc90,gx-no-cache=1515681011512 HTTP/1.1" 200 30
186.103.159.189 - - [11/Jan/2018:11:30:55 -0300] "GET /cormun/servlet/solicitudotadjuntos?4f5d1eb59b741b78f7f6e2fb72aa96da729ee1612dcfab9a93f007fe6a44292d,gx-no-cache=1515684612790 HTTP/1.1" 200 30
186.103.159.182 - - [11/Jan/2018:11:30:55 -0300] "POST /cormun/servlet/solicitudotcontratos?349bc9843eec3a427768c311b6245046,INS,2018,0,17271747,0,2,2017,1616,LEY+SEP,201711,30,*,,gx-no-cache=1515681011571 HTTP/1.1" 200 93
186.103.159.182 - - [11/Jan/2018:11:30:55 -0300] "GET /cormun/servlet/hpexe_return? HTTP/1.1" 200 1045
200.112.6.143 - - [11/Jan/2018:11:30:55 -0300] "GET /cormun/servlet/solicitudotcontratos?709aa30b3184132566b9eb87921a5d073ddf121219ee6a944f36d33fa6b5341a57564d50b4b3bd966785c1cc021af4e9,gx-no-cache=1515681013725 HTTP/1.1" 200 30
200.112.6.143 - - [11/Jan/2018:11:30:55 -0300] "GET /cormun/servlet/solicitudotcontratos?709aa30b3184132566b9eb87921a5d07484c1df3c344b34be9563bbc4131e2a110eda91ea94737aaf93034b4cc4bef45,gx-no-cache=1515681013914 HTTP/1.1" 200 30
200.112.6.143 - - [11/Jan/2018:11:30:56 -0300] "GET /cormun/servlet/solicitudotcontratos?709aa30b3184132566b9eb87921a5d075dae5b6ceffb24f5b8c5161f4cfc14e8acc5d06b82c4eacecd5084c5add4f02b381406d7fa276b130e2c9498f50defc424a568734e784052f9c818ca05429e8aa7a3dac2c8b556c2567079b59d6ebdb99646f0ea61da46fb8c05a2d80d06495eb16c164d08ff43f1631221a6dabae7d6,gx-no-cache=1515681014081 HTTP/1.1" 200 50
186.103.159.182 - - [11/Jan/2018:11:30:56 -0300] "GET /cormun/servlet/trcontratosolicitud HTTP/1.1" 200 14741
186.103.159.189 - - [11/Jan/2018:11:30:56 -0300] "POST /cormun/servlet/solicitudotadjuntos?d134df0372c1084e85d48c640caa470d,INS,2018,8668,,1, HTTP/1.1" 200 116
200.112.6.143 - - [11/Jan/2018:11:30:56 -0300] "GET /cormun/servlet/solicitudotcontratos?709aa30b3184132566b9eb87921a5d07c50ceb338f9bbd308f596ed15d0c93cf26162cede4b45d7f227c5adf3c1eaea9,gx-no-cache=1515681014194 HTTP/1.1" 200 30
200.112.6.143 - - [11/Jan/2018:11:30:56 -0300] "GET /cormun/servlet/solicitudotcontratos?709aa30b3184132566b9eb87921a5d071f3f2223bc63d1d7ab8740f7afbfaf0bc01021a181b696d3025a41b7afa8664a619d28e13eea24ac12d3b1b9e7a7848b66e73e941d1176c0c7aa065eb28aaa26c5caaec1b5b43323ceb4cd8c70660d5bb13c16936c01dce66876dcd8cb159d45,gx-no-cache=1515681014267 HTTP/1.1" 200 30
186.103.159.189 - - [11/Jan/2018:11:30:56 -0300] "GET /cormun/servlet/hpexe_return? HTTP/1.1" 200 1029
200.112.6.143 - - [11/Jan/2018:11:30:56 -0300] "GET /cormun/servlet/solicitudotcontratos?709aa30b3184132566b9eb87921a5d0779ead0cfde31f5d427d8e3bc4a98bf4c3b6a27c4798d76f0bbc392287b19824ea50e72d58851532ccdca7c6d34c58f77619d28e13eea24ac12d3b1b9e7a7848bf39c8f1c045992cb3f1b2efe31719f411a3aaca582f4d7875cb3c97407d613dd0e205213f26115d7d3b6528ffceb5b91eb3e74a8734542878dbd0da80058baab1e29296fdc080113d399cd17dc44ac0ca50e72d58851532ccdca7c6d34c58f7788774a5230ba2d23c5fcee57ff7a543eaaf179ce97caf51192ad55c05a8b48cd7fe6df8c4470652d28e6748dd118b990ff49ed7251369483705c1c5c34eba53fb048ec45c08045df29e2fa2842f5e7ab59a298b13dc6159b35a7cbea54d3bd35b891af6229a7e95d3d7fd76584c6b2914d126a93b3e306d7e29aea44ac3742af3ba1baaaa0a0d54989727926e727e559c1a05dcb104a799f528ca2759d1cca1fca56dd3d0f5c4ba10f9109c61a6b23dd17cd9091b16f80b58827786229f1584c2b17ab388de867ded9a4b5ef28a5e894deabfca0d60981d716bf94f9df5a8f09b33ec76f529a8df546b3089791bd0cd83fb510f103a0c81e3970f7bf548052c0febfb158d14602e07de44b33bd407f1d38c98ee464ae6192ef2b2bf64fe86f42dc5a8f479f1997c7dbf1fa24149d5cd13874ac022a1ebd3c6f889ed979e02a492152d02ec0d368b66c73ca9d11070cb82fd0c87a98bbcc7c38e7df26e8981c0a84d02d8d04190ab1e18dd407007c93703577bfe32b02d2727e9a94241e2099652473fcc79a856b5f446e8c4b0c759cc8,gx-no-cache=1515681014361 HTTP/1.1" 200 79
186.103.159.189 - - [11/Jan/2018:11:30:56 -0300] "GET /cormun/servlet/trsolicitudadjuntos?2018,8668, HTTP/1.1" 200 8584
186.103.159.44 - - [11/Jan/2018:11:30:57 -0300] "POST /cormun/servlet/solicitudot?gx-no-cache=1515681017606 HTTP/1.1" 200 220
186.103.159.44 - - [11/Jan/2018:11:30:57 -0300] "GET /cormun/servlet/solicitudot?93f5696ec6af881851328fe3ede9ab9a69dde240a495f9dd20956b2972380152a8614c50d0fcf39cb75798b25dc413488538cfa1a7f9eac7b9d853e7f2580eb73539f9e1548c46ac910285ac94355696da935aa79ce66eea9157b044bdd29cb96968e75b038fc69df4b5228a1baade1dc1a11adf7d1f965e78942db374f08cf7370ae16fbe0b338a181b06704fda282a,gx-no-cache=1515681017708 HTTP/1.1" 200 55
186.103.158.250 - - [11/Jan/2018:11:30:57 -0300] "GET /cormun/servlet/solicitudotadjuntos?INS,2018,8661,,1, HTTP/1.1" 200 6198
186.103.159.44 - - [11/Jan/2018:11:30:57 -0300] "GET /cormun/static/menuarrow.gif HTTP/1.1" 404 1015
186.103.159.182 - - [11/Jan/2018:11:30:58 -0300] "GET /cormun/servlet/trcontratosolicitud HTTP/1.1" 200 14737
186.103.158.250 - - [11/Jan/2018:11:30:58 -0300] "GET /cormun/static/about:blank HTTP/1.1" 404 1011
186.103.159.189 - - [11/Jan/2018:11:30:58 -0300] "GET /cormun/servlet/trsolicitudadjuntos?2018,8668, HTTP/1.1" 200 8578
200.112.6.143 - - [11/Jan/2018:11:30:58 -0300] "POST /cormun/servlet/solicitudotcontratos?gx-no-cache=1515681016714 HTTP/1.1" 200 72
186.103.158.250 - - [11/Jan/2018:11:30:59 -0300] "GET /cormun/servlet/solicitudotadjuntos?INS,2018,8661,,1, HTTP/1.1" 200 6192
186.103.159.44 - - [11/Jan/2018:11:30:59 -0300] "POST /cormun/servlet/solicitudot?gx-no-cache=1515681019524 HTTP/1.1" 200 216
186.103.158.250 - - [11/Jan/2018:11:30:59 -0300] "GET /cormun/servlet/solicitudotadjuntos?eefab0f54816ca845a5f396277ac21aae09c85a9b3009e98c723068b8d73020b05f71ad8e92cbc4f2f6f5eafbdd91543,gx-no-cache=1515681018616 HTTP/1.1" 200 30
186.103.159.44 - - [11/Jan/2018:11:30:59 -0300] "GET /cormun/servlet/solicitudot?93f5696ec6af881851328fe3ede9ab9a69dde240a495f9dd20956b2972380152a8614c50d0fcf39cb75798b25dc413488538cfa1a7f9eac7b9d853e7f2580eb73539f9e1548c46ac910285ac94355696da935aa79ce66eea9157b044bdd29cb96968e75b038fc69df4b5228a1baade1dc1a11adf7d1f965e78942db374f08cf7370ae16fbe0b338a181b06704fda282a,gx-no-cache=1515681019566 HTTP/1.1" 200 55
186.103.158.250 - - [11/Jan/2018:11:30:59 -0300] "POST /cormun/servlet/solicitudotadjuntos?0200b3adc0323117d4cc876a5948844c,INS,2018,8661,,1,,gx-no-cache=1515681018665 HTTP/1.1" 200 4014
186.103.159.189 - - [11/Jan/2018:11:31:01 -0300] "GET /cormun/servlet/solicitudotadjuntos?INS,2018,8668,,1, HTTP/1.1" 200 6225
186.103.159.44 - - [11/Jan/2018:11:31:02 -0300] "GET /cormun/servlet/solicitudot?93f5696ec6af881851328fe3ede9ab9aaee2238c4587c2a67663cdb450ef84643e2af2b1eb7fa8d2cb5a99401a42f343,gx-no-cache=1515681022918 HTTP/1.1" 200 30
186.103.159.189 - - [11/Jan/2018:11:31:02 -0300] "GET /cormun/static/about:blank HTTP/1.1" 404 1011
186.103.159.189 - - [11/Jan/2018:11:31:03 -0300] "GET /cormun/servlet/solicitudotadjuntos?INS,2018,8668,,1, HTTP/1.1" 200 6219
186.103.159.189 - - [11/Jan/2018:11:31:03 -0300] "GET /cormun/servlet/solicitudotadjuntos?4f5d1eb59b741b78f7f6e2fb72aa96da4d210aaebc3683dc5fa0ff494322f87e2f88627ac305227fbc2ad8106fe23573,gx-no-cache=1515684621045 HTTP/1.1" 200 30
186.103.159.189 - - [11/Jan/2018:11:31:03 -0300] "POST /cormun/servlet/solicitudotadjuntos?d134df0372c1084e85d48c640caa470d,INS,2018,8668,,1,,gx-no-cache=1515684621115 HTTP/1.1" 200 4019
186.103.158.250 - - [11/Jan/2018:11:31:04 -0300] "POST /cormun/servlet/solicitudotadjuntos?gx-no-cache=1515681023127 HTTP/1.1" 200 26
186.103.159.189 - - [11/Jan/2018:11:31:12 -0300] "POST /cormun/servlet/solicitudotadjuntos?gx-no-cache=1515684629796 HTTP/1.1" 200 26
186.103.158.250 - - [11/Jan/2018:11:31:12 -0300] "GET /cormun/servlet/solicitudotadjuntos?eefab0f54816ca845a5f396277ac21aa7513673dfbec561b1374ff4b6a3db1fe,gx-no-cache=1515681031687 HTTP/1.1" 200 30
186.103.158.250 - - [11/Jan/2018:11:31:12 -0300] "GET /cormun/servlet/solicitudotadjuntos?eefab0f54816ca845a5f396277ac21aa7513673dfbec561b1374ff4b6a3db1fe,gx-no-cache=1515681031742 HTTP/1.1" 200 30
186.103.158.250 - - [11/Jan/2018:11:31:13 -0300] "POST /cormun/servlet/solicitudotadjuntos?0200b3adc0323117d4cc876a5948844c,INS,2018,8661,,1, HTTP/1.1" 200 116
186.103.158.250 - - [11/Jan/2018:11:31:13 -0300] "GET /cormun/servlet/hpexe_return? HTTP/1.1" 200 1022
186.103.158.250 - - [11/Jan/2018:11:31:14 -0300] "GET /cormun/servlet/trsolicitudadjuntos?2018,8661, HTTP/1.1" 200 9678
186.103.158.250 - - [11/Jan/2018:11:31:15 -0300] "GET /cormun/servlet/trsolicitudadjuntos?2018,8661, HTTP/1.1" 200 9676
186.103.159.182 - - [11/Jan/2018:11:31:17 -0300] "GET /cormun/servlet/solicitudotcontratos?INS,2018,0,15126351,8,6,2017,6285,LEY+SEP,201711,10,B, HTTP/1.1" 200 9978
186.103.159.182 - - [11/Jan/2018:11:31:19 -0300] "GET /cormun/servlet/solicitudotcontratos?INS,2018,0,15126351,8,6,2017,6285,LEY+SEP,201711,10,B, HTTP/1.1" 200 10015
186.103.159.182 - - [11/Jan/2018:11:31:19 -0300] "GET /cormun/servlet/solicitudotcontratos?4846520630624ebff6b0b8492efacec91277bedcb7ed42e65d7e175a34ae8415cc568d626fdff2f3386cc4b9f7c4be11,gx-no-cache=1515681035852 HTTP/1.1" 200 30
186.103.159.182 - - [11/Jan/2018:11:31:19 -0300] "GET /cormun/servlet/solicitudotcontratos?4846520630624ebff6b0b8492efacec9753a28ca1febf400de3ab7155ab96bff1312c3686b3045d36144985c1d4f4425,gx-no-cache=1515681035888 HTTP/1.1" 200 30
186.103.159.182 - - [11/Jan/2018:11:31:19 -0300] "GET /cormun/servlet/solicitudotcontratos?4846520630624ebff6b0b8492efacec903173f6e2927116436e2650b9dcd6497d0d5af384f3799495d3a420e375d3e33d8a52947cb31aa6453cc9802e7bb53c87391c3a557727277e4b8b8910109df88d90733d78c16a85d0ff8a2860b30626f3903126706c0450a30d0a26eec26c31f1b081e171c89e52065152b36c84042dc,gx-no-cache=1515681035928 HTTP/1.1" 200 50
186.103.159.182 - - [11/Jan/2018:11:31:19 -0300] "GET /cormun/servlet/solicitudotcontratos?4846520630624ebff6b0b8492efacec963f91406beeae4fa88fedf2377d9a227fcb57fa03f1c0039368f1b8bafee0510,gx-no-cache=1515681035981 HTTP/1.1" 200 30
186.103.159.182 - - [11/Jan/2018:11:31:19 -0300] "GET /cormun/servlet/solicitudotcontratos?4846520630624ebff6b0b8492efacec9c799184295d0b38889f181b678e5da192b9dc7822a2ec6a8c049eba1ec906423531c316ca0caeeddf2d67bf51d3fdb5d4d7093efb0640d5729373b212942ab3749b50608bf8f79c17e3976fb5d5916007d46d39858c147b50533a298b03c0b95,gx-no-cache=1515681036026 HTTP/1.1" 200 30
186.103.159.182 - - [11/Jan/2018:11:31:19 -0300] "GET /cormun/servlet/solicitudotcontratos?4846520630624ebff6b0b8492efacec98614ed5428caed5584b415d33ead89f5badb628b449087e4f919ca58dc04e9373bef79e7ee4ed717a52e092bf7b7a57a531c316ca0caeeddf2d67bf51d3fdb5d63e9de5ec2bb53197e76e83bbd8a433931ea590b471909c0a3ccae1389f4a40dcb8c9cbea93a041b694f44fde855735f1c10747e87431f39899766037e638e4697118ae511c85147e35031a05b4208733bef79e7ee4ed717a52e092bf7b7a57a8b556e93c2cbcbd6c21f546a6c3ecf26b6994f430fce67c73afe00c2d52594d91e5d6d1faf6a3d77818b9c8f58572e7294da05e7b93d6a303c5d4e9296d563679abbc966918305779c11e75e668465a03b76a8a577feaffefcbf6c965f6d484b153e0a5798ec60a8659cffc30b14ed8cb7fa883f90748f6a6de759b87b675a1016214a118320b7050fd9649650a0777853fa26c87a9bd6718dcb4809f91782adb706bfd2d504a70d616b6d03a6323c375dfd5a3a4742fca36cd730b90e7ccd4ac968f78f3b7b02da57eb41bd990c30deeb8ea3844c49e2d76e0c317672e0eeaf467421d8839852535f35ba20554f08d5fad22ec508b996364a134615f25f01b3a8b898917907c21ab290621699b695c1c6db126db0e884e43da3b15e025b6f5ae46eccd28c433a319aad8877af61f4fddbef7c142b119676cc9ba6f8af593d3710a2c49192798ea61b2395a63f646159374c42cb012dc66874e1b5a27a7cd223b692b965209deafdfaeedb25654733299c5b703cafae03e77403eb30bc1a5b5f446c37f97b24bf01fb6036721f14e46a,gx-no-cache=1515681036085 HTTP/1.1" 200 79
186.103.159.189 - - [11/Jan/2018:11:31:28 -0300] "GET /cormun/servlet/solicitudotadjuntos?4f5d1eb59b741b78f7f6e2fb72aa96da729ee1612dcfab9a93f007fe6a44292d,gx-no-cache=1515684646153 HTTP/1.1" 200 30
186.103.159.189 - - [11/Jan/2018:11:31:28 -0300] "GET /cormun/servlet/solicitudotadjuntos?4f5d1eb59b741b78f7f6e2fb72aa96da729ee1612dcfab9a93f007fe6a44292d,gx-no-cache=1515684646213 HTTP/1.1" 200 30
186.103.159.189 - - [11/Jan/2018:11:31:29 -0300] "POST /cormun/servlet/solicitudotadjuntos?d134df0372c1084e85d48c640caa470d,INS,2018,8668,,1, HTTP/1.1" 200 116
186.103.159.189 - - [11/Jan/2018:11:31:29 -0300] "GET /cormun/servlet/hpexe_return? HTTP/1.1" 200 1029
186.103.158.250 - - [11/Jan/2018:11:31:30 -0300] "GET /cormun/servlet/trsolicitudot? HTTP/1.1" 200 8695
186.103.159.189 - - [11/Jan/2018:11:31:30 -0300] "GET /cormun/servlet/trsolicitudadjuntos?2018,8668, HTTP/1.1" 200 8832
186.103.159.189 - - [11/Jan/2018:11:31:31 -0300] "GET /cormun/servlet/trsolicitudadjuntos?2018,8668, HTTP/1.1" 200 8830
186.103.158.250 - - [11/Jan/2018:11:31:31 -0300] "GET /cormun/servlet/trsolicitudot? HTTP/1.1" 200 8689
200.112.6.143 - - [11/Jan/2018:11:31:34 -0300] "POST /cormun/servlet/solicitudotcontratos?e662bffeaf526a188a34770e7e897cb5,INS,2018,0,17503939,2,6,2017,1741,LEY+SEP,201711,2,B,,gx-no-cache=1515681052365 HTTP/1.1" 200 10808
200.112.6.143 - - [11/Jan/2018:11:31:35 -0300] "POST /cormun/servlet/solicitudotcontratos?gx-no-cache=1515681052981 HTTP/1.1" 200 1342
200.112.6.143 - - [11/Jan/2018:11:31:35 -0300] "POST /cormun/servlet/solicitudotcontratos?gx-no-cache=1515681053359 HTTP/1.1" 200 1221
200.112.6.143 - - [11/Jan/2018:11:31:35 -0300] "GET /cormun/servlet/solicitudotcontratos?709aa30b3184132566b9eb87921a5d07b1be58af40bdfe7d3986af8cf5bf8a48a82568297f9a754cb1fad585d51e344340b394fa83af459f5eb0ef44de3f1c1d0cdc6e150bbd9b623ea8380e78a0d4ce9c1cbfd6dd5da0140f3b73cdabd0e76fd2a9ca8ca446f529afd141ece7ef790a4d0c9b330087d6a59f4cbfd2313e3e2e,gx-no-cache=1515681053532 HTTP/1.1" 200 30
200.112.6.143 - - [11/Jan/2018:11:31:36 -0300] "POST /cormun/servlet/solicitudotcontratos?e662bffeaf526a188a34770e7e897cb5,INS,2018,0,17503939,2,6,2017,1741,LEY+SEP,201711,2,B,,gx-no-cache=1515681053615 HTTP/1.1" 200 93
186.103.159.189 - - [11/Jan/2018:11:31:36 -0300] "GET /cormun/servlet/solicitudotadjuntos?INS,2018,8668,,1, HTTP/1.1" 200 6226
200.112.6.143 - - [11/Jan/2018:11:31:36 -0300] "GET /cormun/servlet/hpexe_return? HTTP/1.1" 200 1052
186.103.159.189 - - [11/Jan/2018:11:31:36 -0300] "GET /cormun/static/about:blank HTTP/1.1" 404 1011
200.112.6.143 - - [11/Jan/2018:11:31:36 -0300] "GET /cormun/servlet/trcontratosolicitud HTTP/1.1" 200 14635
186.103.159.189 - - [11/Jan/2018:11:31:37 -0300] "GET /cormun/servlet/solicitudotadjuntos?INS,2018,8668,,1, HTTP/1.1" 200 6220
186.103.159.189 - - [11/Jan/2018:11:31:38 -0300] "GET /cormun/servlet/solicitudotadjuntos?4f5d1eb59b741b78f7f6e2fb72aa96da4d210aaebc3683dc5fa0ff494322f87e2f88627ac305227fbc2ad8106fe23573,gx-no-cache=1515684655602 HTTP/1.1" 200 30
186.103.159.189 - - [11/Jan/2018:11:31:38 -0300] "POST /cormun/servlet/solicitudotadjuntos?d134df0372c1084e85d48c640caa470d,INS,2018,8668,,1,,gx-no-cache=1515684655655 HTTP/1.1" 200 4021
186.103.158.250 - - [11/Jan/2018:11:31:43 -0300] "GET /cormun/servlet/solicitudot?INS,0,0, HTTP/1.1" 200 14084
186.103.159.182 - - [11/Jan/2018:11:31:43 -0300] "POST /cormun/servlet/solicitudotcontratos?349bc9843eec3a427768c311b6245046,INS,2018,0,15126351,8,6,2017,6285,LEY+SEP,201711,10,B,,gx-no-cache=1515681059691 HTTP/1.1" 200 10772
186.103.159.182 - - [11/Jan/2018:11:31:44 -0300] "POST /cormun/servlet/solicitudotcontratos?gx-no-cache=1515681060409 HTTP/1.1" 200 1342
186.103.159.182 - - [11/Jan/2018:11:31:44 -0300] "POST /cormun/servlet/solicitudotcontratos?gx-no-cache=1515681060495 HTTP/1.1" 200 1221
186.103.159.182 - - [11/Jan/2018:11:31:44 -0300] "GET /cormun/servlet/solicitudotcontratos?4846520630624ebff6b0b8492efacec900f676fba492af5c65abdca4c82c8f157065de4d61cb7d113714ba5ce356908105c99d2811584c75cfcd0d8cb5f983429a855f9a048dc980089cb6b5b91261f9b66925a9bdf569e2ee7552d350875caca9b09fd99f7e36b403e4fae13c07e7c1c55af146b342a7f8c709c49e9c48fc90,gx-no-cache=1515681060554 HTTP/1.1" 200 30
186.103.159.189 - - [11/Jan/2018:11:31:44 -0300] "POST /cormun/servlet/solicitudotadjuntos?gx-no-cache=1515684662073 HTTP/1.1" 200 26
186.103.159.182 - - [11/Jan/2018:11:31:44 -0300] "POST /cormun/servlet/solicitudotcontratos?349bc9843eec3a427768c311b6245046,INS,2018,0,15126351,8,6,2017,6285,LEY+SEP,201711,10,B,,gx-no-cache=1515681060595 HTTP/1.1" 200 93
186.103.159.182 - - [11/Jan/2018:11:31:44 -0300] "GET /cormun/servlet/hpexe_return? HTTP/1.1" 200 1047
186.103.159.182 - - [11/Jan/2018:11:31:45 -0300] "GET /cormun/servlet/trcontratosolicitud HTTP/1.1" 200 14800
186.103.158.250 - - [11/Jan/2018:11:31:45 -0300] "GET /cormun/servlet/solicitudot?INS,0,0, HTTP/1.1" 200 14089
186.103.159.182 - - [11/Jan/2018:11:31:47 -0300] "GET /cormun/servlet/trcontratosolicitud HTTP/1.1" 200 14795
186.103.159.182 - - [11/Jan/2018:11:31:54 -0300] "GET /cormun/servlet/solicitudotcontratos?INS,2018,0,15126351,8,6,2017,3322,LEY+SEP,201711,2,B, HTTP/1.1" 200 9976
186.103.157.246 - - [11/Jan/2018:11:31:55 -0300] "GET /cormun/servlet/solicitudotcontratos?INS,2018,0,17287037,6,6,2017,6020,LEY+SEP,201711,2,*, HTTP/1.1" 200 9866
186.103.157.246 - - [11/Jan/2018:11:31:55 -0300] "GET /cormun/static/calendar-system.css?85620 HTTP/1.1" 304 -
186.103.157.246 - - [11/Jan/2018:11:31:55 -0300] "GET /cormun/static/Resources/Spanish/PXTools.css?1255365 HTTP/1.1" 304 -
186.103.157.246 - - [11/Jan/2018:11:31:55 -0300] "GET /cormun/static/gxcfg.js?2018191138350 HTTP/1.1" 304 -
186.103.159.182 - - [11/Jan/2018:11:31:55 -0300] "GET /cormun/servlet/solicitudotcontratos?INS,2018,0,15126351,8,6,2017,3322,LEY+SEP,201711,2,B, HTTP/1.1" 200 10012
186.103.157.246 - - [11/Jan/2018:11:31:56 -0300] "GET /cormun/static/Resources/PXTools/calendar.png HTTP/1.1" 304 -
186.103.157.246 - - [11/Jan/2018:11:31:56 -0300] "GET /cormun/static/Resources/prompt.gif HTTP/1.1" 304 -
186.103.157.246 - - [11/Jan/2018:11:31:56 -0300] "GET /cormun/static/solicitudotcontratos.js?20181911383611 HTTP/1.1" 304 -
186.103.159.182 - - [11/Jan/2018:11:31:56 -0300] "GET /cormun/servlet/solicitudotcontratos?4846520630624ebff6b0b8492efacec91277bedcb7ed42e65d7e175a34ae8415cc568d626fdff2f3386cc4b9f7c4be11,gx-no-cache=1515681072562 HTTP/1.1" 200 30
186.103.159.182 - - [11/Jan/2018:11:31:56 -0300] "GET /cormun/servlet/solicitudotcontratos?4846520630624ebff6b0b8492efacec9753a28ca1febf400de3ab7155ab96bff1312c3686b3045d36144985c1d4f4425,gx-no-cache=1515681072613 HTTP/1.1" 200 30
186.103.159.182 - - [11/Jan/2018:11:31:56 -0300] "GET /cormun/servlet/solicitudotcontratos?4846520630624ebff6b0b8492efacec903173f6e2927116436e2650b9dcd6497d0d5af384f3799495d3a420e375d3e33d8a52947cb31aa6453cc9802e7bb53c87391c3a557727277e4b8b8910109df88d90733d78c16a85d0ff8a2860b30626f3903126706c0450a30d0a26eec26c31f1b081e171c89e52065152b36c84042dc,gx-no-cache=1515681072675 HTTP/1.1" 200 50
186.103.159.182 - - [11/Jan/2018:11:31:56 -0300] "GET /cormun/servlet/solicitudotcontratos?4846520630624ebff6b0b8492efacec963f91406beeae4fa88fedf2377d9a227fcb57fa03f1c0039368f1b8bafee0510,gx-no-cache=1515681072740 HTTP/1.1" 200 30
186.103.159.182 - - [11/Jan/2018:11:31:56 -0300] "GET /cormun/servlet/solicitudotcontratos?4846520630624ebff6b0b8492efacec9c799184295d0b38889f181b678e5da192b9dc7822a2ec6a8c049eba1ec906423531c316ca0caeeddf2d67bf51d3fdb5d4d7093efb0640d5729373b212942ab3749b50608bf8f79c17e3976fb5d5916007d46d39858c147b50533a298b03c0b95,gx-no-cache=1515681072800 HTTP/1.1" 200 30
186.103.159.182 - - [11/Jan/2018:11:31:56 -0300] "GET /cormun/servlet/solicitudotcontratos?4846520630624ebff6b0b8492efacec98614ed5428caed5584b415d33ead89f5badb628b449087e4f919ca58dc04e9373bef79e7ee4ed717a52e092bf7b7a57a531c316ca0caeeddf2d67bf51d3fdb5d63e9de5ec2bb53197e76e83bbd8a433931ea590b471909c0a3ccae1389f4a40dcb8c9cbea93a041b694f44fde855735f1c10747e87431f39899766037e638e4697118ae511c85147e35031a05b4208733bef79e7ee4ed717a52e092bf7b7a57a8b556e93c2cbcbd6c21f546a6c3ecf26b6994f430fce67c73afe00c2d52594d91e5d6d1faf6a3d77818b9c8f58572e7294da05e7b93d6a303c5d4e9296d563679abbc966918305779c11e75e668465a03b76a8a577feaffefcbf6c965f6d484b153e0a5798ec60a8659cffc30b14ed8cb7fa883f90748f6a6de759b87b675a1016214a118320b7050fd9649650a0777853fa26c87a9bd6718dcb4809f91782adb706bfd2d504a70d616b6d03a6323c375dfd5a3a4742fca36cd730b90e7ccd4ac968f78f3b7b02da57eb41bd990c30deeb8ea3844c49e2d76e0c317672e0eeaf467421d8839852535f35ba20554f08d5fad22ec508b996364a134615f25f01b3a8b898917907c21ab290621699b695c1c6db126db0e884e43da3b15e025b6f5ae46eccd28c433a319aad8877af61f4fddbef7c142b119676cc9ba6f8af593d3710a2c49192798ea61b2395a63f646159374c42cb012dc66874e1b5a27a7cd223b692b965209deafdfaeedb25654733299c5b703cafae03e77403eb30bc1a5b5f446c37f97b24bf01fb6036721f14e46a,gx-no-cache=1515681072871 HTTP/1.1" 200 79
186.103.157.246 - - [11/Jan/2018:11:31:57 -0300] "GET /cormun/servlet/solicitudotcontratos?1af892093fd08ef95f1712b5b4ff8742fee45a9f23d81c1f2b7dacc47f38e06ca08afc24223d45c7f4fbcdb532af1ea3,gx-no-cache=1515681074820 HTTP/1.1" 200 113
186.103.157.246 - - [11/Jan/2018:11:31:57 -0300] "GET /cormun/static/Shared/jqueryui/images/ui-bg_highlight-soft_100_c6c2c8_1x100.png HTTP/1.1" 404 1117
186.103.157.246 - - [11/Jan/2018:11:31:57 -0300] "GET /cormun/static/Shared/jqueryui/images/ui-icons_82798d_256x240.png HTTP/1.1" 404 1089
186.103.157.246 - - [11/Jan/2018:11:31:57 -0300] "GET /cormun/static/Shared/jqueryui/images/ui-bg_flat_55_994d53_40x100.png HTTP/1.1" 404 1097
186.103.157.246 - - [11/Jan/2018:11:31:57 -0300] "GET /cormun/static/Shared/jqueryui/images/ui-icons_ebccce_256x240.png HTTP/1.1" 404 1089
186.103.157.246 - - [11/Jan/2018:11:31:57 -0300] "GET /cormun/servlet/solicitudotcontratos?1af892093fd08ef95f1712b5b4ff8742fa28ac1522ebdda2e1aae88cd9a5aa6e4d4d462e94909d24926cbfe0c4b30167,gx-no-cache=1515681075196 HTTP/1.1" 200 30
