186.103.158.250 - - [11/Jan/2018:09:07:24 -0300] "GET /cormun/servlet/trcontratosolicitud HTTP/1.1" 200 14184
200.112.4.188 - - [11/Jan/2018:09:07:26 -0300] "POST /cormun/servlet/solicitudot?gx-no-cache=1515672409177 HTTP/1.1" 200 217
186.103.158.250 - - [11/Jan/2018:09:07:26 -0300] "GET /cormun/servlet/trcontratosolicitud HTTP/1.1" 200 14181
200.112.4.188 - - [11/Jan/2018:09:07:26 -0300] "GET /cormun/servlet/solicitudot?0ef28dfdcd90dde18e575c1415baee142eec0421c4fbe36328527318ba8d1288e5c58558b4feb03e307142c88025fbc1689ecf77d724299082f4e6c8bbfa8426841e14addbabbd947fb5c4f92b1b86a236f2ffba891440f08dddf21643f54aed7998582a99cb1cf3cdf4b1bc8a907b634f41cda70e1ac180a6d8829e9f85ab23dd477fd5a1c68b400fd8e3b6afcbee36,gx-no-cache=1515672409270 HTTP/1.1" 200 55
186.79.214.243 - - [11/Jan/2018:09:07:28 -0300] "GET /cormun/servlet/solicitudotcontratos?INS,2018,0,11757344,3,2,2017,6670,NADA,201711,44,B, HTTP/1.1" 200 9826
186.79.214.243 - - [11/Jan/2018:09:07:28 -0300] "GET /cormun/static/calendar-system.css?85620 HTTP/1.1" 200 5572
186.79.214.243 - - [11/Jan/2018:09:07:28 -0300] "GET /cormun/static/gxcfg.js?2018191138350 HTTP/1.1" 200 953
186.79.214.243 - - [11/Jan/2018:09:07:28 -0300] "GET /cormun/static/Resources/Spanish/PXTools.css?1255365 HTTP/1.1" 200 89042
186.79.214.243 - - [11/Jan/2018:09:07:28 -0300] "GET /cormun/static/solicitudotcontratos.js?20181911383611 HTTP/1.1" 200 43152
186.79.214.243 - - [11/Jan/2018:09:07:29 -0300] "GET /cormun/servlet/solicitudotcontratos?INS,2018,0,11757344,3,2,2017,6670,NADA,201711,44,B, HTTP/1.1" 200 9857
200.112.4.188 - - [11/Jan/2018:09:07:29 -0300] "GET /cormun/servlet/solicitudot?0ef28dfdcd90dde18e575c1415baee14ee2f976f41b77f23aa6de2e3f38a5901212fb761b83712a4dfca30098cc1f561,gx-no-cache=1515672412110 HTTP/1.1" 200 30
186.79.214.243 - - [11/Jan/2018:09:07:29 -0300] "GET /cormun/servlet/solicitudotcontratos?9bbe363bed419443060d1961d87e5cbc59407156418a8b2409fb01fe960e972f46dd765e41f29c1c5c3fac1f4fc998aa,gx-no-cache=1515672409318 HTTP/1.1" 200 30
186.79.214.243 - - [11/Jan/2018:09:07:29 -0300] "GET /cormun/servlet/solicitudotcontratos?9bbe363bed419443060d1961d87e5cbcbc93ef24522e0f4f3123f58cfb5b4cd328a414b917105de8f68b773a0c75d54d,gx-no-cache=1515672409386 HTTP/1.1" 200 30
186.79.214.243 - - [11/Jan/2018:09:07:29 -0300] "GET /cormun/servlet/solicitudotcontratos?9bbe363bed419443060d1961d87e5cbc03fa8fb7cdc140751e530f51049f097ef78ccc4a0bc6748c69ad6932364771837320b5c0f9ecd0d84434ca04d227da88c48f4a686f92034efd19b3156bcdc5027034fdcaa5f57b0078aeb9bbf760b289af630db1d93ed07668412be22e6a1e60496fb05a23c3624dc62dad34f37fd39a,gx-no-cache=1515672409442 HTTP/1.1" 200 48
186.79.214.243 - - [11/Jan/2018:09:07:29 -0300] "GET /cormun/servlet/solicitudotcontratos?9bbe363bed419443060d1961d87e5cbc8e8c1678e4e9d540a309a3fc924b9c9ca59ae669b3e368783123d3620ddc7d14,gx-no-cache=1515672409509 HTTP/1.1" 200 30
186.79.214.243 - - [11/Jan/2018:09:07:29 -0300] "GET /cormun/servlet/solicitudotcontratos?9bbe363bed419443060d1961d87e5cbcb198c37f4460e92783676a1e8914d3919f97ab717f3dec75b85eb2308fb155068895ca5c5f9f3a146aa62a4610b4a59e9d23c1563979ab1a2fc3809ecf8d44c6eca20fb8a895a2dacf20325613f2894cd190e16bba48303a790527e773a7a470,gx-no-cache=1515672409565 HTTP/1.1" 200 30
186.79.214.243 - - [11/Jan/2018:09:07:29 -0300] "GET /cormun/servlet/solicitudotcontratos?9bbe363bed419443060d1961d87e5cbca22a995d692a796382b9db00d64350d2ce4245c84ff6ded5851b2cb5e410be1f68ea885b8392a3bc9db846e3e0ea359bba7f3bb838b5bb0d0b4df7b210f644fa3a4459450545f9ac389c4f18ef2ab0940d5fb2eb913798606452a8f9e3f7b170f39bb9c249303b9bbfd5c12e4b807dd58c4268b43f1817e05d509c9112f3dec3cc86ecea1e54ea61371b49a1c3e0df6bd41f6dfb4563bb2403de5f602da90a8390c0dd390ce3785176317f8c0cf31c0cbde7110170f0c6856ab744082dd3b474731474438ca31d8ce9b43ee3e7eda1d0a11dd86636f40d74818002d8c05ac92b6d8e365b8fd69727ca1ec2a13a8ee2e0db77a04fe038c100820e5710fb379fdc44309d38090431ccd4704aa7c493245fc6f08932854fde85e3ad690c99d7065dcf7fe797045f7208830b50173980f3b98cd6dd8819f4636b56f2d50949817045ab94738dbc8c3a8edb15b5f26cbaae3992b31cbac3809b65e33953b4164a69502b720048f0d3f94cf30939c005dd65e06486bfc5b98d9953a9a0f09eed57d0a7060fa4433d37ac6eb982fd2eb6fcd5e3d2c657a962ea6e9fe481ad1288b1bc875d36d1285a46488e1cd8a28136539e70ad659cad3f0b63a142550a03f0946cea283fd77221fcd517048cad9d99735dea9591f0842ce7bf7d65b8f8322c639d04060fa4433d37ac6eb982fd2eb6fcd5e33a7bb566cd40e304b4f83f2371a00f4f97f2fb21fae6b96805ba572e18fe4feef2ca62a77e60df49bde0674e3d977b2b2020a932b3ed5e4b523acfd81dd3d0ed,gx-no-cache=1515672409626 HTTP/1.1" 200 72
200.112.4.188 - - [11/Jan/2018:09:07:32 -0300] "POST /cormun/servlet/solicitudot?gx-no-cache=1515672415783 HTTP/1.1" 200 30
200.112.4.188 - - [11/Jan/2018:09:07:35 -0300] "POST /cormun/servlet/solicitudot?fdac12490247b725ab8bbcf563743603,INS,0,0,,gx-no-cache=1515672418090 HTTP/1.1" 200 93
200.112.4.188 - - [11/Jan/2018:09:07:35 -0300] "GET /cormun/servlet/hpexe_return? HTTP/1.1" 200 1008
200.112.4.188 - - [11/Jan/2018:09:07:36 -0300] "GET /cormun/servlet/trsolicitudot HTTP/1.1" 200 21832
200.112.4.188 - - [11/Jan/2018:09:07:37 -0300] "GET /cormun/servlet/trsolicitudot HTTP/1.1" 200 21827
186.103.158.250 - - [11/Jan/2018:09:07:39 -0300] "GET /cormun/servlet/solicitudotcontratos?INS,2018,0,9775454,3,2,2017,2130,NADA,201711,30,B, HTTP/1.1" 200 9905
186.103.158.250 - - [11/Jan/2018:09:07:41 -0300] "GET /cormun/servlet/solicitudotcontratos?INS,2018,0,9775454,3,2,2017,2130,NADA,201711,30,B, HTTP/1.1" 200 9938
186.67.172.234 - - [11/Jan/2018:09:07:41 -0300] "POST /cormun/servlet/trsolicitudot?6a45060ea41b8c4e5adc1453320c42a0,gx-no-cache=1515672419645 HTTP/1.1" 200 12517
186.103.158.250 - - [11/Jan/2018:09:07:41 -0300] "GET /cormun/servlet/solicitudotcontratos?a901e8579d770ef9956a0673612987722c7c88b42d9698ea847788ab552fa9fe7db508227b8c96c44a3e5bb4df398def,gx-no-cache=1515672420747 HTTP/1.1" 200 30
186.103.158.250 - - [11/Jan/2018:09:07:41 -0300] "GET /cormun/servlet/solicitudotcontratos?a901e8579d770ef9956a067361298772006a269b3f3dad718ded14e4e15a53c4e60f82e2a28262e5edff4620167b9e9c,gx-no-cache=1515672420791 HTTP/1.1" 200 30
186.103.158.250 - - [11/Jan/2018:09:07:41 -0300] "GET /cormun/servlet/solicitudotcontratos?a901e8579d770ef9956a067361298772c065e519d6fc67c17da87e42743fc40e541a5ecd239aa80908b5141ff67ab2a68acfb38ce854b5d29b268d2a7d2ee120b366fa5fd6bfec45dcc3f69d0dc0253db3c3e8134b7c36bc51e64a8f2670adbd8fee44648d9a20097804eec3d60d2031325bda430574f2c04fbeb0bb201a57df,gx-no-cache=1515672420824 HTTP/1.1" 200 48
186.103.158.250 - - [11/Jan/2018:09:07:41 -0300] "GET /cormun/servlet/solicitudotcontratos?a901e8579d770ef9956a0673612987723fad858dbef6062a4a4466caaa2e1121627666110122bcdbed8dfa0b9ea7dc98,gx-no-cache=1515672420869 HTTP/1.1" 200 30
186.103.158.250 - - [11/Jan/2018:09:07:41 -0300] "GET /cormun/servlet/solicitudotcontratos?a901e8579d770ef9956a067361298772b4c670d2fc5833b8f8473ec35ae671fc084ea5ea939d6eb876cd02c3f3fa18d70e1d32d242b99dc8cb02f18c08bd47a737ac69397d30dedf568783ecc9b9c5c2c770ef9dfd958ccd42a8c2dfbd6c7be62d23b7f252c0655a7d982298b52ac401,gx-no-cache=1515672420905 HTTP/1.1" 200 30
186.103.158.250 - - [11/Jan/2018:09:07:42 -0300] "GET /cormun/servlet/solicitudotcontratos?a901e8579d770ef9956a0673612987728d1a52accefe0cbc9011be266272a58d0068141eed897a99b5aafae59e43b2ad387392448299383a9cb4590c2ffe6fd5d817c71ae32e84d0fb559a93b0cff3fc02fff935259c1f9f3f32f7940d610d57efd078f8ada9e82e0095691bad17e9d8eaa538306881e1281539caa46ca73035fe1e0d1236f5d35cc5aad138afe0c7b5fba2b68f2a0744d6cc091788354460d171365319299f94ef9a052597ac550b42736a918a5b1db36acf4b117df507f728e3517fbbbeef9cfde8b491f939453618cf14f7077234e99c0762bda5cf27db5d44c15ac71c261438e4d6190f8d2642babceba56201cbf1ff4516904f866aec2b0814f8882a61805e7342ee2456ac8c4fcb61c41031c86942c1031e33b765eb6c383f752b98a22020123a7e4655005942d09e32b368863eae9740f3ef11da131ee00f649b7fe0131c2c7d298f3c579f374fc4f193f5aefca8c98aa314985ee1cf7330169ea3ffa8fced2da67935be7044373e580951f5d445e26530041d8a343e0f3b8fa5b542c831506d30770caa47db305dffd09fff087ea96ebac101f2d6f25c7a74ec276450f7e73c8abbca5c55dca73b17b3a09ef10ed2ec87d29adb0ff4f05967c4288ff27ff0c6c6c18c28a0a67a987c9e0dc1a668aea834f29a13bd8156b43f1d618493f7e2657157d0b85f45305dffd09fff087ea96ebac101f2d6f28e762809bf71bc1c70e91d82c2fe8819137419a499c377ff6839d4ff7ed95fca7d734454b7704c2830f880e3509391742cc48a45398c91e4dd60b32f44c43a3e,gx-no-cache=1515672420952 HTTP/1.1" 200 72
200.112.4.188 - - [11/Jan/2018:09:07:45 -0300] "GET /cormun/servlet/solicitudot?INS,0,0, HTTP/1.1" 200 13923
186.67.172.234 - - [11/Jan/2018:09:07:46 -0300] "POST /cormun/servlet/trsolicitudot?6a45060ea41b8c4e5adc1453320c42a0,gx-no-cache=1515672424460 HTTP/1.1" 200 12454
200.112.4.188 - - [11/Jan/2018:09:07:46 -0300] "GET /cormun/servlet/solicitudot?INS,0,0, HTTP/1.1" 200 13928
200.112.4.188 - - [11/Jan/2018:09:07:48 -0300] "GET /cormun/servlet/prfichaempleado?,MD,,gxPopupLevel%3D0%3B HTTP/1.1" 200 9336
186.103.158.250 - - [11/Jan/2018:09:07:49 -0300] "POST /cormun/servlet/solicitudotcontratos?c68af9684c1ff4b1bc235ea41b069815,INS,2018,0,9775454,3,2,2017,2130,NADA,201711,30,B,,gx-no-cache=1515672428484 HTTP/1.1" 200 10793
186.103.158.250 - - [11/Jan/2018:09:07:49 -0300] "POST /cormun/servlet/solicitudotcontratos?gx-no-cache=1515672428895 HTTP/1.1" 200 1343
186.103.158.250 - - [11/Jan/2018:09:07:49 -0300] "POST /cormun/servlet/solicitudotcontratos?gx-no-cache=1515672428973 HTTP/1.1" 200 1220
186.103.158.250 - - [11/Jan/2018:09:07:49 -0300] "GET /cormun/servlet/solicitudotcontratos?a901e8579d770ef9956a0673612987727b104d8f2072ae4e6200696f0e2c250357a10b1952826259fb279366a39b6d573f375ffd8b55bc10c427fd93d3e7cc942ed032aab4a57d71db6025036732dff4f07250f37f17439cef928f1502fbcbad97522f3c74c4d2c44cfb1e14bbf551b76cdd7934bec08806281c49359fb80487,gx-no-cache=1515672429026 HTTP/1.1" 200 30
186.103.158.250 - - [11/Jan/2018:09:07:50 -0300] "POST /cormun/servlet/solicitudotcontratos?c68af9684c1ff4b1bc235ea41b069815,INS,2018,0,9775454,3,2,2017,2130,NADA,201711,30,B,,gx-no-cache=1515672429065 HTTP/1.1" 200 93
186.103.158.250 - - [11/Jan/2018:09:07:50 -0300] "GET /cormun/servlet/hpexe_return? HTTP/1.1" 200 1044
186.103.158.250 - - [11/Jan/2018:09:07:50 -0300] "GET /cormun/servlet/trcontratosolicitud HTTP/1.1" 200 14006
186.67.172.234 - - [11/Jan/2018:09:07:50 -0300] "POST /cormun/servlet/trsolicitudot?6a45060ea41b8c4e5adc1453320c42a0,gx-no-cache=1515672428828 HTTP/1.1" 200 12143
186.79.214.243 - - [11/Jan/2018:09:07:51 -0300] "POST /cormun/servlet/solicitudotcontratos?cb379fd8ac43bd863b60af31387d1183,INS,2018,0,11757344,3,2,2017,6670,NADA,201711,44,B,,gx-no-cache=1515672430688 HTTP/1.1" 200 10797
186.79.214.243 - - [11/Jan/2018:09:07:51 -0300] "POST /cormun/servlet/solicitudotcontratos?gx-no-cache=1515672431202 HTTP/1.1" 200 1342
186.79.214.243 - - [11/Jan/2018:09:07:51 -0300] "POST /cormun/servlet/solicitudotcontratos?gx-no-cache=1515672431365 HTTP/1.1" 200 1221
186.103.158.250 - - [11/Jan/2018:09:07:52 -0300] "GET /cormun/servlet/trcontratosolicitud HTTP/1.1" 200 14007
186.103.158.250 - - [11/Jan/2018:09:07:55 -0300] "GET /cormun/servlet/solicitudotcontratos?INS,2018,0,12517598,8,6,2017,2285,INTEGRACION,201711,19,B, HTTP/1.1" 200 9908
186.67.172.234 - - [11/Jan/2018:09:07:55 -0300] "POST /cormun/servlet/trsolicitudot?6a45060ea41b8c4e5adc1453320c42a0,gx-no-cache=1515672433854 HTTP/1.1" 200 12084
186.103.158.250 - - [11/Jan/2018:09:07:57 -0300] "GET /cormun/servlet/solicitudotcontratos?INS,2018,0,12517598,8,6,2017,2285,INTEGRACION,201711,19,B, HTTP/1.1" 200 9942
200.112.4.188 - - [11/Jan/2018:09:07:57 -0300] "POST /cormun/servlet/prfichaempleado?fdac12490247b725ab8bbcf563743603,,MD,,gxPopupLevel%3D0%3B,gx-no-cache=1515672439706 HTTP/1.1" 200 3187
186.103.158.250 - - [11/Jan/2018:09:07:57 -0300] "GET /cormun/servlet/solicitudotcontratos?a901e8579d770ef9956a0673612987728321bc1a5ab9fb565d2b49f6239c89c1470368f679241ac98408e4de1625e81a,gx-no-cache=1515672436790 HTTP/1.1" 200 30
186.103.158.250 - - [11/Jan/2018:09:07:57 -0300] "GET /cormun/servlet/solicitudotcontratos?a901e8579d770ef9956a067361298772a09c3567daf23d57b89fe8bd0abe4d91407a11f599f56865b8ffe0a554fe7197,gx-no-cache=1515672436829 HTTP/1.1" 200 30
186.103.158.250 - - [11/Jan/2018:09:07:57 -0300] "GET /cormun/servlet/solicitudotcontratos?a901e8579d770ef9956a067361298772c065e519d6fc67c17da87e42743fc40e541a5ecd239aa80908b5141ff67ab2a68acfb38ce854b5d29b268d2a7d2ee120b366fa5fd6bfec45dcc3f69d0dc0253ddc52d5b7098e70b246be4160e6ed4cf2cdf350beffdfc2f740becf4cb7ec632b6ce24506415e1d129938f93042e882f5,gx-no-cache=1515672436866 HTTP/1.1" 200 50
186.103.158.250 - - [11/Jan/2018:09:07:57 -0300] "GET /cormun/servlet/solicitudotcontratos?a901e8579d770ef9956a0673612987721aef9481b523d2378439cee6cc26efc66713133f48def5572305dd3d64de184c,gx-no-cache=1515672436908 HTTP/1.1" 200 30
186.103.158.250 - - [11/Jan/2018:09:07:57 -0300] "GET /cormun/servlet/solicitudotcontratos?a901e8579d770ef9956a067361298772b4c670d2fc5833b8f8473ec35ae671fc084ea5ea939d6eb876cd02c3f3fa18d70e1d32d242b99dc8cb02f18c08bd47a737ac69397d30dedf568783ecc9b9c5c230aa5433e482f2a1af630addd52f983d2d23b7f252c0655a7d982298b52ac401,gx-no-cache=1515672436944 HTTP/1.1" 200 30
186.103.158.250 - - [11/Jan/2018:09:07:58 -0300] "GET /cormun/servlet/solicitudotcontratos?a901e8579d770ef9956a0673612987728d1a52accefe0cbc9011be266272a58d0068141eed897a99b5aafae59e43b2ad2abbd0855c7135b5f1d51579f811bd2bf6417d3a6ec6347c01c53d67b37d2a2d6cc84219ad6be6f8f985c2631fd34da3e44b0e4aaf4148eb870fae5d79256f4971dce57c16b15a5d9fe42ed03acda9b951be613d4f57f889fb5c5f9487ed2f8d9beae3229afaa8603cbe710074bdda603e69eeafedad9a270922f0d56a546a369331490bef5e5fd8bb30f9177cb9aa8259eff87732b8fbc4b424bf689b34348f825ecef82340ca253a087221dfb6894bfdc6937eeb8947bc7f85342e551985a9276fdbcaa166f32c4bab318fee602b223a4e16b9943d63b9b199579991225211eaae96345c239808c384cffc7b038c6625dab67ebae598d858170a3e7b2f7c627a8f2d025fcbe324ffe564064170d0c544caf0f3a93e5c95afcd81197bbe37d46a7f4f2b5e35111d5afedfbc733f2b6603c3f4ee420c74472ae9d6aaac02ad5467f547b85c71cc173e96b583b62421b72f6485fd2fe5ef620020dc17609115bdf9fb70d3bafac87ad01496ac7f86ac3e61f7eb77ac688b0cf8b510210ec009ba3158e98e6734e3be70738f38f19526b037e71194ee1956bbfdb846919ddfcac45ec0e9fa6e35af169b871543666f8545e088ad8866c755420d976f2747d5ce547cab010d5197741173492973d8ab6e3aa30035c1aa4100d035d0b89267c50d88f0923dc20555f806cdf83094695ff1e2039f2a88ea1951f2a9788ed4a2d13bd6b02493f4dc0d0d3159f39304adee698e,gx-no-cache=1515672437003 HTTP/1.1" 200 83
186.67.172.234 - - [11/Jan/2018:09:08:01 -0300] "POST /cormun/servlet/trsolicitudot?6a45060ea41b8c4e5adc1453320c42a0,gx-no-cache=1515672439245 HTTP/1.1" 200 11889
186.103.158.250 - - [11/Jan/2018:09:08:02 -0300] "POST /cormun/servlet/solicitudotcontratos?c68af9684c1ff4b1bc235ea41b069815,INS,2018,0,12517598,8,6,2017,2285,INTEGRACION,201711,19,B,,gx-no-cache=1515672441744 HTTP/1.1" 200 10780
186.103.158.250 - - [11/Jan/2018:09:08:02 -0300] "POST /cormun/servlet/solicitudotcontratos?gx-no-cache=1515672442140 HTTP/1.1" 200 1341
200.112.4.188 - - [11/Jan/2018:09:08:02 -0300] "POST /cormun/servlet/prfichaempleado?fdac12490247b725ab8bbcf563743603,,MD,,gxPopupLevel%3D0%3B,gx-no-cache=1515672445711 HTTP/1.1" 200 3423
186.103.158.250 - - [11/Jan/2018:09:08:02 -0300] "POST /cormun/servlet/solicitudotcontratos?gx-no-cache=1515672442209 HTTP/1.1" 200 1220
186.103.158.250 - - [11/Jan/2018:09:08:03 -0300] "GET /cormun/servlet/solicitudotcontratos?a901e8579d770ef9956a0673612987727b104d8f2072ae4e6200696f0e2c250357a10b1952826259fb279366a39b6d573f375ffd8b55bc10c427fd93d3e7cc942ed032aab4a57d71db6025036732dff4f07250f37f17439cef928f1502fbcbad97522f3c74c4d2c44cfb1e14bbf551b76cdd7934bec08806281c49359fb80487,gx-no-cache=1515672442258 HTTP/1.1" 200 30
186.103.158.250 - - [11/Jan/2018:09:08:03 -0300] "POST /cormun/servlet/solicitudotcontratos?c68af9684c1ff4b1bc235ea41b069815,INS,2018,0,12517598,8,6,2017,2285,INTEGRACION,201711,19,B,,gx-no-cache=1515672442296 HTTP/1.1" 200 93
186.103.158.250 - - [11/Jan/2018:09:08:03 -0300] "GET /cormun/servlet/hpexe_return? HTTP/1.1" 200 1052
186.103.158.250 - - [11/Jan/2018:09:08:03 -0300] "GET /cormun/servlet/trcontratosolicitud HTTP/1.1" 200 13891
186.103.158.250 - - [11/Jan/2018:09:08:05 -0300] "GET /cormun/servlet/trcontratosolicitud HTTP/1.1" 200 13898
186.67.172.234 - - [11/Jan/2018:09:08:05 -0300] "POST /cormun/servlet/trsolicitudot?6a45060ea41b8c4e5adc1453320c42a0,gx-no-cache=1515672443966 HTTP/1.1" 200 11827
200.112.4.188 - - [11/Jan/2018:09:08:06 -0300] "POST /cormun/servlet/solicitudot?gx-no-cache=1515672448778 HTTP/1.1" 200 3853
200.112.4.188 - - [11/Jan/2018:09:08:06 -0300] "POST /cormun/servlet/solicitudot?fdac12490247b725ab8bbcf563743603,INS,0,0,,gx-no-cache=1515672449279 HTTP/1.1" 200 10842
200.112.4.188 - - [11/Jan/2018:09:08:06 -0300] "GET /cormun/servlet/solicitudot?0ef28dfdcd90dde18e575c1415baee141c0bb4beca403d9815cc9105c39a3ad7a4bd89237fe4e5bfe125c0bf9ab928b2,gx-no-cache=1515672449855 HTTP/1.1" 200 30
186.67.172.234 - - [11/Jan/2018:09:08:11 -0300] "POST /cormun/servlet/trsolicitudot?6a45060ea41b8c4e5adc1453320c42a0,gx-no-cache=1515672449843 HTTP/1.1" 200 11482
186.103.158.250 - - [11/Jan/2018:09:08:12 -0300] "GET /cormun/servlet/solicitudotcontratos?INS,2018,0,15465221,3,2,2017,3087,INTEGRACION,201711,4,*, HTTP/1.1" 200 9930
200.112.4.188 - - [11/Jan/2018:09:08:12 -0300] "POST /cormun/servlet/solicitudot?gx-no-cache=1515672455875 HTTP/1.1" 200 51
200.112.4.188 - - [11/Jan/2018:09:08:13 -0300] "POST /cormun/servlet/solicitudot?gx-no-cache=1515672456001 HTTP/1.1" 200 297
200.112.4.188 - - [11/Jan/2018:09:08:13 -0300] "GET /cormun/servlet/solicitudot?0ef28dfdcd90dde18e575c1415baee14f5f22a967603a0dc9ce77f4133c5c90f0f8030b97226761566075656b6684e76d2e56f19beb73a1c44aa5e52c031e8bd894c37c21476fde746e5884a7f354104a3fc55cec6d18900ffc857701f184d01bcfd925115fe845b32e9219817d1634dad54b2827e768cd32f33114c5dcfd21241ce5b058b5ef6745b1ab0466cee40bc512d883e52263564fa12ec14f32b394b4c84bb2fd0e6696773f8f1246e811a7c4760ccb6cb32c6ed498fff307e15ba845e0dbc4626af4e1cfdc0595b7708ed067185fc79813148ee0aeadc60a3cdcddc2a2a813edfc0f1a74189f0e5c347535759b7b1196b4b22cce0be0b2d4d029840ee84458d9e527078fe31f947dd7a6d367e61d24b8d0a724801a992c3de5acfc42d4ef2e2b289a177a74a1f68b70b6cf81648c0b710ed4bdc2108e051d9b6240f0fa8966df06195cc8a7cf6ce4f784838424a55eb693dd3dcf253f0d12a8bfe2ad8a4c3f1c40bb2766a60fc54f71c975693726cb32ce829aeaee41d53ec427de7f116ca37f762ec400b9ee6e7454f959b,gx-no-cache=1515672456154 HTTP/1.1" 200 30
186.103.158.250 - - [11/Jan/2018:09:08:13 -0300] "GET /cormun/servlet/solicitudotcontratos?INS,2018,0,15465221,3,2,2017,3087,INTEGRACION,201711,4,*, HTTP/1.1" 200 9963
186.103.158.250 - - [11/Jan/2018:09:08:14 -0300] "GET /cormun/servlet/solicitudotcontratos?a901e8579d770ef9956a06736129877256e226a608e54337539edd73c2b15fb7470368f679241ac98408e4de1625e81a,gx-no-cache=1515672453278 HTTP/1.1" 200 30
186.103.158.250 - - [11/Jan/2018:09:08:14 -0300] "GET /cormun/servlet/solicitudotcontratos?a901e8579d770ef9956a06736129877276ab1ce729a1dcdace31dd91b02fce9a407a11f599f56865b8ffe0a554fe7197,gx-no-cache=1515672453331 HTTP/1.1" 200 30
186.103.158.250 - - [11/Jan/2018:09:08:14 -0300] "GET /cormun/servlet/solicitudotcontratos?a901e8579d770ef9956a067361298772c065e519d6fc67c17da87e42743fc40eb8ba6801443c89c6cf7c0fe744e5178d8acfb38ce854b5d29b268d2a7d2ee12006bc35ad6e5a5eb307f2b61dedaa0999b3c3e8134b7c36bc51e64a8f2670adbd8fee44648d9a20097804eec3d60d2031325bda430574f2c04fbeb0bb201a57df,gx-no-cache=1515672453367 HTTP/1.1" 200 48
186.103.158.250 - - [11/Jan/2018:09:08:14 -0300] "GET /cormun/servlet/solicitudotcontratos?a901e8579d770ef9956a06736129877278bd721c51d80f345f2edd8a62c59fd33782ffd5d58a1430c48b46d762f51e20,gx-no-cache=1515672453406 HTTP/1.1" 200 30
186.103.158.250 - - [11/Jan/2018:09:08:14 -0300] "GET /cormun/servlet/solicitudotcontratos?a901e8579d770ef9956a067361298772b4c670d2fc5833b8f8473ec35ae671fc084ea5ea939d6eb876cd02c3f3fa18d70e1d32d242b99dc8cb02f18c08bd47a737ac69397d30dedf568783ecc9b9c5c2c770ef9dfd958ccd42a8c2dfbd6c7be62d23b7f252c0655a7d982298b52ac401,gx-no-cache=1515672453440 HTTP/1.1" 200 30
186.103.158.250 - - [11/Jan/2018:09:08:14 -0300] "GET /cormun/servlet/solicitudotcontratos?a901e8579d770ef9956a0673612987728d1a52accefe0cbc9011be266272a58d0068141eed897a99b5aafae59e43b2ad2abbd0855c7135b5f1d51579f811bd2bf6417d3a6ec6347c01c53d67b37d2a2d6cc84219ad6be6f8f985c2631fd34da3e44b0e4aaf4148eb870fae5d79256f4971dce57c16b15a5d9fe42ed03acda9b951be613d4f57f889fb5c5f9487ed2f8d9beae3229afaa8603cbe710074bdda603e69eeafedad9a270922f0d56a546a369331490bef5e5fd8bb30f9177cb9aa8259eff87732b8fbc4b424bf689b34348f825ecef82340ca253a087221dfb6894bfdc6937eeb8947bc7f85342e551985a9276fdbcaa166f32c4bab318fee602b223a4e16b9943d63b9b199579991225211eaae96345c239808c384cffc7b038c6625dab67ebae598d858170a3e7b2f7c627a8f2d025fcbe324ffe564064170d0c544caf0f3a93e5c95afcd81197bbe37d46a7f4f2b5e35111d5afedfbc733f2b6603c3f4ee420c74472ae9d6aaac02ad5467f547b85c71cc173e96b583b62421b72f6485fd2fe5ef620020dc17609115bdf9fb70d3bafac87ad01496ac7f86ac3e61f7eb77ac688b0cf8b510210ec009ba3158e98e6734e3be70738f38f19526b037e71194ee1956bbfdb846919ddfcac45ec0e9fa6e35af169b871543666f8545e088ad8866c755420d976f2747d5ce547cab010d5197741173492973d8ab6e3aa30035c1aa4100d035d0b89267c50d88f0923dc20555f806cdf83094695ff1e2039f2a88ea1951f2a9788ed4a2d13bd6b02493f4dc0d0d3159f39304adee698e,gx-no-cache=1515672453483 HTTP/1.1" 200 83
200.112.4.188 - - [11/Jan/2018:09:08:15 -0300] "POST /cormun/servlet/solicitudot?gx-no-cache=1515672458437 HTTP/1.1" 200 30
186.67.172.234 - - [11/Jan/2018:09:08:15 -0300] "POST /cormun/servlet/trsolicitudot?6a45060ea41b8c4e5adc1453320c42a0,gx-no-cache=1515672454262 HTTP/1.1" 200 11423
200.112.4.188 - - [11/Jan/2018:09:08:17 -0300] "POST /cormun/servlet/solicitudot?gx-no-cache=1515672460429 HTTP/1.1" 200 30
200.112.4.188 - - [11/Jan/2018:09:08:20 -0300] "POST /cormun/servlet/solicitudot?gx-no-cache=1515672462962 HTTP/1.1" 200 1357
200.112.4.188 - - [11/Jan/2018:09:08:20 -0300] "POST /cormun/servlet/solicitudot?gx-no-cache=1515672463116 HTTP/1.1" 200 38
200.112.4.188 - - [11/Jan/2018:09:08:20 -0300] "GET /cormun/servlet/solicitudot?0ef28dfdcd90dde18e575c1415baee1459fa5559b2e9cef4ce0de18385c073f77998582a99cb1cf3cdf4b1bc8a907b6323b4c4c9ad065f8a4766819ee2f445a38a6732c2dbccedb23984df3a998300f99b0a7ed7c612955898c43c960fcfdd3dec09db83b2111296df354bd840d2e7ef,gx-no-cache=1515672463218 HTTP/1.1" 200 29
200.112.4.188 - - [11/Jan/2018:09:08:20 -0300] "POST /cormun/servlet/solicitudot?gx-no-cache=1515672463330 HTTP/1.1" 200 219
200.112.4.188 - - [11/Jan/2018:09:08:20 -0300] "GET /cormun/servlet/solicitudot?0ef28dfdcd90dde18e575c1415baee142eec0421c4fbe36328527318ba8d1288e5c58558b4feb03e307142c88025fbc1689ecf77d724299082f4e6c8bbfa8426841e14addbabbd947fb5c4f92b1b86a236f2ffba891440f08dddf21643f54aed7998582a99cb1cf3cdf4b1bc8a907b634f41cda70e1ac180a6d8829e9f85ab23dd477fd5a1c68b400fd8e3b6afcbee36,gx-no-cache=1515672463534 HTTP/1.1" 200 55
186.67.172.234 - - [11/Jan/2018:09:08:21 -0300] "POST /cormun/servlet/trsolicitudot?6a45060ea41b8c4e5adc1453320c42a0,gx-no-cache=1515672459563 HTTP/1.1" 200 11190
186.67.172.234 - - [11/Jan/2018:09:08:25 -0300] "POST /cormun/servlet/trsolicitudot?6a45060ea41b8c4e5adc1453320c42a0,gx-no-cache=1515672464079 HTTP/1.1" 200 11124
200.112.4.188 - - [11/Jan/2018:09:08:29 -0300] "POST /cormun/servlet/solicitudot?gx-no-cache=1515672472311 HTTP/1.1" 200 217
200.112.4.188 - - [11/Jan/2018:09:08:29 -0300] "GET /cormun/servlet/solicitudot?0ef28dfdcd90dde18e575c1415baee142eec0421c4fbe36328527318ba8d1288e5c58558b4feb03e307142c88025fbc1689ecf77d724299082f4e6c8bbfa8426841e14addbabbd947fb5c4f92b1b86a236f2ffba891440f08dddf21643f54aed7998582a99cb1cf3cdf4b1bc8a907b634f41cda70e1ac180a6d8829e9f85ab23dd477fd5a1c68b400fd8e3b6afcbee36,gx-no-cache=1515672472430 HTTP/1.1" 200 55
200.112.4.188 - - [11/Jan/2018:09:08:29 -0300] "GET /cormun/static/menuarrow.gif HTTP/1.1" 404 1015
200.112.4.188 - - [11/Jan/2018:09:08:31 -0300] "POST /cormun/servlet/solicitudot?gx-no-cache=1515672474103 HTTP/1.1" 200 30
200.112.4.188 - - [11/Jan/2018:09:08:31 -0300] "POST /cormun/servlet/solicitudot?gx-no-cache=1515672474193 HTTP/1.1" 200 1357
200.112.4.188 - - [11/Jan/2018:09:08:31 -0300] "POST /cormun/servlet/solicitudot?gx-no-cache=1515672474338 HTTP/1.1" 200 38
200.112.4.188 - - [11/Jan/2018:09:08:31 -0300] "POST /cormun/servlet/solicitudot?gx-no-cache=1515672474449 HTTP/1.1" 200 219
200.112.4.188 - - [11/Jan/2018:09:08:31 -0300] "GET /cormun/servlet/solicitudot?0ef28dfdcd90dde18e575c1415baee142eec0421c4fbe36328527318ba8d1288e5c58558b4feb03e307142c88025fbc1689ecf77d724299082f4e6c8bbfa8426841e14addbabbd947fb5c4f92b1b86a236f2ffba891440f08dddf21643f54aed7998582a99cb1cf3cdf4b1bc8a907b634f41cda70e1ac180a6d8829e9f85ab23dd477fd5a1c68b400fd8e3b6afcbee36,gx-no-cache=1515672474637 HTTP/1.1" 200 55
200.112.4.188 - - [11/Jan/2018:09:08:34 -0300] "GET /cormun/servlet/solicitudot?0ef28dfdcd90dde18e575c1415baee14ee2f976f41b77f23aa6de2e3f38a5901212fb761b83712a4dfca30098cc1f561,gx-no-cache=1515672477533 HTTP/1.1" 200 30
200.112.4.188 - - [11/Jan/2018:09:08:38 -0300] "POST /cormun/servlet/solicitudot?gx-no-cache=1515672481684 HTTP/1.1" 200 30
186.79.214.243 - - [11/Jan/2018:09:08:42 -0300] "GET /cormun/servlet/solicitudotcontratos?9bbe363bed419443060d1961d87e5cbce1e5e540d077a66029ccb5f2cbff160cbfecf3a62604552c51f1381d6fed87a6c56c725780458a3c5aa61998e7a71988ae85be1619d88b35d0ccd323f654b811548ad9d5eb5e5e8789577b67296d407a1e5bb5e689499f000e8a3ca609f32253cf90f5d2b4813454d358bf5baf0a4bf2,gx-no-cache=1515672481957 HTTP/1.1" 200 30
200.112.4.188 - - [11/Jan/2018:09:08:42 -0300] "POST /cormun/servlet/solicitudot?fdac12490247b725ab8bbcf563743603,INS,0,0,,gx-no-cache=1515672484715 HTTP/1.1" 200 93
200.112.4.188 - - [11/Jan/2018:09:08:42 -0300] "GET /cormun/servlet/hpexe_return? HTTP/1.1" 200 1008
186.67.172.234 - - [11/Jan/2018:09:08:42 -0300] "POST /cormun/servlet/trsolicitudot?6a45060ea41b8c4e5adc1453320c42a0,gx-no-cache=1515672480867 HTTP/1.1" 200 10821
186.79.214.243 - - [11/Jan/2018:09:08:42 -0300] "POST /cormun/servlet/solicitudotcontratos?cb379fd8ac43bd863b60af31387d1183,INS,2018,0,11757344,3,2,2017,6670,NADA,201711,44,B,,gx-no-cache=1515672482073 HTTP/1.1" 200 93
186.79.214.243 - - [11/Jan/2018:09:08:42 -0300] "GET /cormun/servlet/hpexe_return? HTTP/1.1" 200 1043
200.112.4.188 - - [11/Jan/2018:09:08:42 -0300] "GET /cormun/servlet/trsolicitudot HTTP/1.1" 200 22204
186.79.214.243 - - [11/Jan/2018:09:08:43 -0300] "GET /cormun/static/gxcfg.js?2016101716175148 HTTP/1.1" 200 953
186.79.214.243 - - [11/Jan/2018:09:08:43 -0300] "GET /cormun/static/hpexe_return.js?2016101716175153 HTTP/1.1" 200 1633
186.79.214.243 - - [11/Jan/2018:09:08:43 -0300] "GET /cormun/static/Resources/Spanish/PXTools.css?167811 HTTP/1.1" 200 89042
186.79.214.243 - - [11/Jan/2018:09:08:43 -0300] "GET /cormun/servlet/trcontratosolicitud HTTP/1.1" 200 14489
186.79.214.243 - - [11/Jan/2018:09:08:44 -0300] "GET /cormun/servlet/trcontratosolicitud HTTP/1.1" 200 14476
200.112.4.188 - - [11/Jan/2018:09:08:44 -0300] "GET /cormun/servlet/trsolicitudot HTTP/1.1" 200 22199
186.67.172.234 - - [11/Jan/2018:09:08:46 -0300] "POST /cormun/servlet/trsolicitudot?6a45060ea41b8c4e5adc1453320c42a0,gx-no-cache=1515672485132 HTTP/1.1" 200 10763
200.112.4.188 - - [11/Jan/2018:09:08:48 -0300] "POST /cormun/servlet/trsolicitudot?fdac12490247b725ab8bbcf563743603,gx-no-cache=1515672489901 HTTP/1.1" 200 105
200.112.4.188 - - [11/Jan/2018:09:08:48 -0300] "GET /cormun/servlet/solicitudot?UPD,2018,8555, HTTP/1.1" 200 15698
200.112.4.188 - - [11/Jan/2018:09:08:49 -0300] "GET /cormun/servlet/solicitudot?UPD,2018,8555, HTTP/1.1" 200 15707
200.112.4.188 - - [11/Jan/2018:09:08:49 -0300] "POST /cormun/servlet/solicitudot?gx-no-cache=1515672492580 HTTP/1.1" 200 3850
200.112.4.188 - - [11/Jan/2018:09:08:50 -0300] "POST /cormun/servlet/solicitudot?fdac12490247b725ab8bbcf563743603,UPD,2018,8555,,gx-no-cache=1515672493103 HTTP/1.1" 200 11988
200.112.4.188 - - [11/Jan/2018:09:08:50 -0300] "GET /cormun/servlet/solicitudot?0ef28dfdcd90dde18e575c1415baee14f6b45e152012d83d35f598e453282ef636a1beb05a68bb89ac762dc57749f67f,gx-no-cache=1515672493684 HTTP/1.1" 200 30
200.112.4.188 - - [11/Jan/2018:09:08:50 -0300] "POST /cormun/servlet/solicitudot?gx-no-cache=1515672493762 HTTP/1.1" 200 53
200.112.4.188 - - [11/Jan/2018:09:08:50 -0300] "POST /cormun/servlet/solicitudot?gx-no-cache=1515672493874 HTTP/1.1" 200 297
200.112.4.188 - - [11/Jan/2018:09:08:51 -0300] "GET /cormun/servlet/solicitudot?0ef28dfdcd90dde18e575c1415baee14f5f22a967603a0dc9ce77f4133c5c90f0f8030b97226761566075656b6684e76d2e56f19beb73a1c44aa5e52c031e8bd894c37c21476fde746e5884a7f354104a3fc55cec6d18900ffc857701f184d01bcfd925115fe845b32e9219817d1634dad54b2827e768cd32f33114c5dcfd21241ce5b058b5ef6745b1ab0466cee40bc512d883e52263564fa12ec14f32b394b4c84bb2fd0e6696773f8f1246e811a7c4760ccb6cb32c6ed498fff307e15ba845e0dbc4626af4e1cfdc0595b7708ed067185fc79813148ee0aeadc60a3cdcddc2a2a813edfc0f1a74189f0e5c347535759b7b1196b4b22cce0be0b2d4d029840ee84458d9e527078fe31f947dd7a6d367e61d24b8d0a724801a992c3de5acfc42d4ef2e2b289a177a74a1f68b70b6cf81648c0b710ed4bdc2108e051d9b6240f0fa8966df06195cc8a7cf6ce4f784838424a55eb693dd3dcf253f0d12a8bfe2ad8a4c3f1c40bb2766a60fc54f71c97566058ee4f8cca608f55b7eb982a9f92dbf116ca37f762ec400b9ee6e7454f959b,gx-no-cache=1515672493988 HTTP/1.1" 200 30
200.112.4.188 - - [11/Jan/2018:09:08:51 -0300] "POST /cormun/servlet/solicitudot?gx-no-cache=1515672494075 HTTP/1.1" 200 30
200.112.4.188 - - [11/Jan/2018:09:08:51 -0300] "POST /cormun/servlet/solicitudot?gx-no-cache=1515672494201 HTTP/1.1" 200 1358
200.112.4.188 - - [11/Jan/2018:09:08:51 -0300] "POST /cormun/servlet/solicitudot?gx-no-cache=1515672494404 HTTP/1.1" 200 41
186.67.172.234 - - [11/Jan/2018:09:08:52 -0300] "POST /cormun/servlet/trsolicitudot?6a45060ea41b8c4e5adc1453320c42a0,gx-no-cache=1515672490587 HTTP/1.1" 200 10572
186.79.214.243 - - [11/Jan/2018:09:08:53 -0300] "GET /cormun/servlet/solicitudotcontratos?INS,2018,0,8113317,4,6,2017,7232,NADA,201711,2,B, HTTP/1.1" 200 9835
186.79.214.243 - - [11/Jan/2018:09:08:53 -0300] "GET /cormun/servlet/solicitudotcontratos?INS,2018,0,8113317,4,6,2017,7232,NADA,201711,2,B, HTTP/1.1" 200 9866
200.112.4.188 - - [11/Jan/2018:09:08:53 -0300] "POST /cormun/servlet/solicitudot?fdac12490247b725ab8bbcf563743603,UPD,2018,8555,,gx-no-cache=1515672496289 HTTP/1.1" 200 93
200.112.4.188 - - [11/Jan/2018:09:08:53 -0300] "GET /cormun/servlet/hpexe_return? HTTP/1.1" 200 1015
186.79.214.243 - - [11/Jan/2018:09:08:54 -0300] "GET /cormun/servlet/solicitudotcontratos?9bbe363bed419443060d1961d87e5cbc7693c135591d455c153c719ff6253f7f0d7792eeeafa0e90fec8cf31e8acf37c,gx-no-cache=1515672493828 HTTP/1.1" 200 30
186.79.214.243 - - [11/Jan/2018:09:08:54 -0300] "GET /cormun/servlet/solicitudotcontratos?9bbe363bed419443060d1961d87e5cbc6c7ad6ae7bcd5effa0758c995dad9c2da84856efecd422e9e0a76a73e9c89a05,gx-no-cache=1515672493887 HTTP/1.1" 200 30
186.79.214.243 - - [11/Jan/2018:09:08:54 -0300] "GET /cormun/servlet/solicitudotcontratos?9bbe363bed419443060d1961d87e5cbc03fa8fb7cdc140751e530f51049f097e0a968c4265cfcf2ee8c5eec9411d75f57320b5c0f9ecd0d84434ca04d227da884090ee7df2a377defff8060122744d598d3ff43f56b11bfa061637e4c7c2ef8b4381c07b105944617c8ed643bf393c905e3111578a41125ac66618e503f56a76,gx-no-cache=1515672493943 HTTP/1.1" 200 50
186.79.214.243 - - [11/Jan/2018:09:08:54 -0300] "GET /cormun/servlet/solicitudotcontratos?9bbe363bed419443060d1961d87e5cbcc17b5b8913cb6e215da00f582e289630d343e925cb501c0aac6fb8b2beca0f92,gx-no-cache=1515672494006 HTTP/1.1" 200 30
186.79.214.243 - - [11/Jan/2018:09:08:54 -0300] "GET /cormun/servlet/solicitudotcontratos?9bbe363bed419443060d1961d87e5cbcb198c37f4460e92783676a1e8914d3919f97ab717f3dec75b85eb2308fb155068895ca5c5f9f3a146aa62a4610b4a59e9d23c1563979ab1a2fc3809ecf8d44c63a94f4c13807037b7ae35aafd54e8950d190e16bba48303a790527e773a7a470,gx-no-cache=1515672494063 HTTP/1.1" 200 30
186.79.214.243 - - [11/Jan/2018:09:08:54 -0300] "GET /cormun/servlet/solicitudotcontratos?9bbe363bed419443060d1961d87e5cbca22a995d692a796382b9db00d64350d2ce4245c84ff6ded5851b2cb5e410be1f68ea885b8392a3bc9db846e3e0ea359bba7f3bb838b5bb0d0b4df7b210f644fa3a4459450545f9ac389c4f18ef2ab0940d5fb2eb913798606452a8f9e3f7b170f39bb9c249303b9bbfd5c12e4b807dd58c4268b43f1817e05d509c9112f3dec3cc86ecea1e54ea61371b49a1c3e0df6bd41f6dfb4563bb2403de5f602da90a8390c0dd390ce3785176317f8c0cf31c0cbde7110170f0c6856ab744082dd3b474731474438ca31d8ce9b43ee3e7eda1d0a11dd86636f40d74818002d8c05ac92b6d8e365b8fd69727ca1ec2a13a8ee2e0db77a04fe038c100820e5710fb379fdc44309d38090431ccd4704aa7c493245fc6f08932854fde85e3ad690c99d7065dcf7fe797045f7208830b50173980f3b98cd6dd8819f4636b56f2d50949817045ab94738dbc8c3a8edb15b5f26cbaae3992b31cbac3809b65e33953b4164a69502b720048f0d3f94cf30939c005dd65e06486bfc5b98d9953a9a0f09eed57d0a7060fa4433d37ac6eb982fd2eb6fcd5e3d2c657a962ea6e9fe481ad1288b1bc875d36d1285a46488e1cd8a28136539e70ad659cad3f0b63a142550a03f0946cea283fd77221fcd517048cad9d99735dea9591f0842ce7bf7d65b8f8322c639d04060fa4433d37ac6eb982fd2eb6fcd5e33a7bb566cd40e304b4f83f2371a00f4f97f2fb21fae6b96805ba572e18fe4feef2ca62a77e60df49bde0674e3d977b2b2020a932b3ed5e4b523acfd81dd3d0ed,gx-no-cache=1515672494125 HTTP/1.1" 200 72
200.112.4.188 - - [11/Jan/2018:09:08:54 -0300] "GET /cormun/servlet/trsolicitudot HTTP/1.1" 200 22204
200.112.4.188 - - [11/Jan/2018:09:08:55 -0300] "GET /cormun/servlet/trsolicitudot HTTP/1.1" 200 22199
186.67.172.234 - - [11/Jan/2018:09:08:56 -0300] "POST /cormun/servlet/trsolicitudot?6a45060ea41b8c4e5adc1453320c42a0,gx-no-cache=1515672494648 HTTP/1.1" 200 10513
186.67.172.234 - - [11/Jan/2018:09:09:01 -0300] "POST /cormun/servlet/trsolicitudot?6a45060ea41b8c4e5adc1453320c42a0,gx-no-cache=1515672500205 HTTP/1.1" 200 10204
186.67.172.234 - - [11/Jan/2018:09:09:07 -0300] "POST /cormun/servlet/trsolicitudot?6a45060ea41b8c4e5adc1453320c42a0,gx-no-cache=1515672506006 HTTP/1.1" 200 10146
200.112.4.188 - - [11/Jan/2018:09:09:08 -0300] "GET /cormun/servlet/solicitudot?INS,0,0, HTTP/1.1" 200 13922
200.112.4.188 - - [11/Jan/2018:09:09:09 -0300] "GET /cormun/servlet/solicitudot?INS,0,0, HTTP/1.1" 200 13927
186.67.172.234 - - [11/Jan/2018:09:09:12 -0300] "POST /cormun/servlet/trsolicitudot?6a45060ea41b8c4e5adc1453320c42a0,gx-no-cache=1515672510788 HTTP/1.1" 200 9911
186.67.172.234 - - [11/Jan/2018:09:09:18 -0300] "POST /cormun/servlet/trsolicitudot?6a45060ea41b8c4e5adc1453320c42a0,gx-no-cache=1515672516789 HTTP/1.1" 200 9853
200.112.4.188 - - [11/Jan/2018:09:09:20 -0300] "GET /cormun/servlet/prfichaempleado?,MD,,gxPopupLevel%3D0%3B HTTP/1.1" 200 9336
186.103.159.44 - - [11/Jan/2018:09:09:22 -0300] "GET /cormun/servlet/solicitudot?INS,0,0, HTTP/1.1" 200 14049
186.67.172.234 - - [11/Jan/2018:09:09:24 -0300] "POST /cormun/servlet/trsolicitudot?6a45060ea41b8c4e5adc1453320c42a0,gx-no-cache=1515672523297 HTTP/1.1" 200 9426
186.103.158.250 - - [11/Jan/2018:09:09:26 -0300] "POST /cormun/servlet/solicitudotcontratos?c68af9684c1ff4b1bc235ea41b069815,INS,2018,0,15465221,3,2,2017,3087,INTEGRACION,201711,4,*,,gx-no-cache=1515672526026 HTTP/1.1" 200 10788
186.103.158.250 - - [11/Jan/2018:09:09:27 -0300] "POST /cormun/servlet/solicitudotcontratos?gx-no-cache=1515672526434 HTTP/1.1" 200 1341
186.103.158.250 - - [11/Jan/2018:09:09:27 -0300] "POST /cormun/servlet/solicitudotcontratos?gx-no-cache=1515672526532 HTTP/1.1" 200 1219
186.103.158.250 - - [11/Jan/2018:09:09:27 -0300] "GET /cormun/servlet/solicitudotcontratos?a901e8579d770ef9956a0673612987727b104d8f2072ae4e6200696f0e2c250357a10b1952826259fb279366a39b6d573f375ffd8b55bc10c427fd93d3e7cc942ed032aab4a57d71db6025036732dff4f07250f37f17439cef928f1502fbcbad97522f3c74c4d2c44cfb1e14bbf551b76cdd7934bec08806281c49359fb80487,gx-no-cache=1515672526609 HTTP/1.1" 200 30
186.103.158.250 - - [11/Jan/2018:09:09:27 -0300] "POST /cormun/servlet/solicitudotcontratos?c68af9684c1ff4b1bc235ea41b069815,INS,2018,0,15465221,3,2,2017,3087,INTEGRACION,201711,4,*,,gx-no-cache=1515672526655 HTTP/1.1" 200 93
186.103.158.250 - - [11/Jan/2018:09:09:27 -0300] "GET /cormun/servlet/hpexe_return? HTTP/1.1" 200 1051
186.103.158.250 - - [11/Jan/2018:09:09:28 -0300] "GET /cormun/servlet/trcontratosolicitud HTTP/1.1" 200 13772
186.103.158.250 - - [11/Jan/2018:09:09:29 -0300] "GET /cormun/servlet/trcontratosolicitud HTTP/1.1" 200 13771
186.67.172.234 - - [11/Jan/2018:09:09:30 -0300] "POST /cormun/servlet/trsolicitudot?6a45060ea41b8c4e5adc1453320c42a0,gx-no-cache=1515672528666 HTTP/1.1" 200 9370
200.112.4.188 - - [11/Jan/2018:09:09:33 -0300] "POST /cormun/servlet/prfichaempleado?fdac12490247b725ab8bbcf563743603,,MD,,gxPopupLevel%3D0%3B,gx-no-cache=1515672536126 HTTP/1.1" 200 3426
186.67.172.234 - - [11/Jan/2018:09:09:34 -0300] "POST /cormun/servlet/trsolicitudot?6a45060ea41b8c4e5adc1453320c42a0,gx-no-cache=1515672533196 HTTP/1.1" 200 9186
200.112.4.188 - - [11/Jan/2018:09:09:36 -0300] "POST /cormun/servlet/solicitudot?gx-no-cache=1515672538987 HTTP/1.1" 200 3857
200.112.4.188 - - [11/Jan/2018:09:09:36 -0300] "POST /cormun/servlet/solicitudot?fdac12490247b725ab8bbcf563743603,INS,0,0,,gx-no-cache=1515672539455 HTTP/1.1" 200 10830
200.112.4.188 - - [11/Jan/2018:09:09:37 -0300] "GET /cormun/servlet/solicitudot?0ef28dfdcd90dde18e575c1415baee14e20a301e1aa5f33571fb8d0a96d4b5c5a4bd89237fe4e5bfe125c0bf9ab928b2,gx-no-cache=1515672540025 HTTP/1.1" 200 30
186.103.159.44 - - [11/Jan/2018:09:09:37 -0300] "POST /cormun/servlet/solicitudot?gx-no-cache=1515672539087 HTTP/1.1" 200 3749
186.103.159.44 - - [11/Jan/2018:09:09:37 -0300] "POST /cormun/servlet/solicitudot?7680f75a9c3e26756cadc1e4993d38b7,INS,0,0,,gx-no-cache=1515672539352 HTTP/1.1" 200 10898
200.112.4.188 - - [11/Jan/2018:09:09:38 -0300] "POST /cormun/servlet/solicitudot?gx-no-cache=1515672541083 HTTP/1.1" 200 53
200.112.4.188 - - [11/Jan/2018:09:09:38 -0300] "POST /cormun/servlet/solicitudot?gx-no-cache=1515672541183 HTTP/1.1" 200 297
200.112.4.188 - - [11/Jan/2018:09:09:38 -0300] "GET /cormun/servlet/solicitudot?0ef28dfdcd90dde18e575c1415baee14f5f22a967603a0dc9ce77f4133c5c90f0f8030b97226761566075656b6684e76d2e56f19beb73a1c44aa5e52c031e8bd894c37c21476fde746e5884a7f354104a3fc55cec6d18900ffc857701f184d01bcfd925115fe845b32e9219817d1634dad54b2827e768cd32f33114c5dcfd21241ce5b058b5ef6745b1ab0466cee40bc512d883e52263564fa12ec14f32b394b4c84bb2fd0e6696773f8f1246e811a7c4760ccb6cb32c6ed498fff307e15ba845e0dbc4626af4e1cfdc0595b7708ed067185fc79813148ee0aeadc60a3cdcddc2a2a813edfc0f1a74189f0e5c347535759b7b1196b4b22cce0be0b2d4d029840ee84458d9e527078fe31f947dd7a6d367e61d24b8d0a724801a992c3de5acfc42d4ef2e2b289a177a74a1f68b70b6cf81648c0b710ed4bdc2108e051d9b6240f0fa8966df06195cc8a7cf6ce4f784838424a55eb693dd3dcf253f0d12a8bfe2ad8a4c3f1c40bb2766a60fc54f71c975693726cb32ce829aeaee41d53ec427de7f116ca37f762ec400b9ee6e7454f959b,gx-no-cache=1515672541296 HTTP/1.1" 200 30
186.103.158.250 - - [11/Jan/2018:09:09:38 -0300] "GET /cormun/servlet/solicitudotcontratos?INS,2018,0,15465221,3,6,2017,3094,INTEGRACION,201711,3,*, HTTP/1.1" 200 9936
186.103.158.250 - - [11/Jan/2018:09:09:39 -0300] "GET /cormun/servlet/solicitudotcontratos?INS,2018,0,15465221,3,6,2017,3094,INTEGRACION,201711,3,*, HTTP/1.1" 200 9967
186.67.172.234 - - [11/Jan/2018:09:09:40 -0300] "POST /cormun/servlet/trsolicitudot?6a45060ea41b8c4e5adc1453320c42a0,gx-no-cache=1515672538571 HTTP/1.1" 200 9128
186.103.158.250 - - [11/Jan/2018:09:09:40 -0300] "GET /cormun/servlet/solicitudotcontratos?a901e8579d770ef9956a06736129877256e226a608e54337539edd73c2b15fb7470368f679241ac98408e4de1625e81a,gx-no-cache=1515672539626 HTTP/1.1" 200 30
186.103.158.250 - - [11/Jan/2018:09:09:40 -0300] "GET /cormun/servlet/solicitudotcontratos?a901e8579d770ef9956a06736129877276ab1ce729a1dcdace31dd91b02fce9a407a11f599f56865b8ffe0a554fe7197,gx-no-cache=1515672539666 HTTP/1.1" 200 30
186.103.158.250 - - [11/Jan/2018:09:09:40 -0300] "GET /cormun/servlet/solicitudotcontratos?a901e8579d770ef9956a067361298772c065e519d6fc67c17da87e42743fc40eb8ba6801443c89c6cf7c0fe744e5178d8acfb38ce854b5d29b268d2a7d2ee12006bc35ad6e5a5eb307f2b61dedaa0999dc52d5b7098e70b246be4160e6ed4cf2cdf350beffdfc2f740becf4cb7ec632b6ce24506415e1d129938f93042e882f5,gx-no-cache=1515672539698 HTTP/1.1" 200 50
186.103.158.250 - - [11/Jan/2018:09:09:40 -0300] "GET /cormun/servlet/solicitudotcontratos?a901e8579d770ef9956a06736129877278bd721c51d80f345f2edd8a62c59fd3424dd9638c536ff0a5fd153ec1f7b045,gx-no-cache=1515672539744 HTTP/1.1" 200 30
186.103.158.250 - - [11/Jan/2018:09:09:40 -0300] "GET /cormun/servlet/solicitudotcontratos?a901e8579d770ef9956a067361298772b4c670d2fc5833b8f8473ec35ae671fc084ea5ea939d6eb876cd02c3f3fa18d70e1d32d242b99dc8cb02f18c08bd47a737ac69397d30dedf568783ecc9b9c5c230aa5433e482f2a1af630addd52f983d2d23b7f252c0655a7d982298b52ac401,gx-no-cache=1515672539782 HTTP/1.1" 200 30
186.103.158.250 - - [11/Jan/2018:09:09:40 -0300] "GET /cormun/servlet/solicitudotcontratos?a901e8579d770ef9956a0673612987728d1a52accefe0cbc9011be266272a58d0068141eed897a99b5aafae59e43b2ad2abbd0855c7135b5f1d51579f811bd2bf6417d3a6ec6347c01c53d67b37d2a2d6cc84219ad6be6f8f985c2631fd34da3e44b0e4aaf4148eb870fae5d79256f4971dce57c16b15a5d9fe42ed03acda9b951be613d4f57f889fb5c5f9487ed2f8d9beae3229afaa8603cbe710074bdda603e69eeafedad9a270922f0d56a546a369331490bef5e5fd8bb30f9177cb9aa8259eff87732b8fbc4b424bf689b34348f825ecef82340ca253a087221dfb6894bfdc6937eeb8947bc7f85342e551985a9276fdbcaa166f32c4bab318fee602b223a4e16b9943d63b9b199579991225211eaae96345c239808c384cffc7b038c6625dab67ebae598d858170a3e7b2f7c627a8f2d025fcbe324ffe564064170d0c544caf0f3a93e5c95afcd81197bbe37d46a7f4f2b5e35111d5afedfbc733f2b6603c3f4ee420c74472ae9d6aaac02ad5467f547b85c71cc173e96b583b62421b72f6485fd2fe5ef620020dc17609115bdf9fb70d3bafac87ad01496ac7f86ac3e61f7eb77ac688b0cf8b510210ec009ba3158e98e6734e3be70738f38f19526b037e71194ee1956bbfdb846919ddfcac45ec0e9fa6e35af169b871543666f8545e088ad8866c755420d976f2747d5ce547cab010d5197741173492973d8ab6e3aa30035c1aa4100d035d0b89267c50d88f0923dc20555f806cdf83094695ff1e2039f2a88ea1951f2a9788ed4a2d13bd6b02493f4dc0d0d3159f39304adee698e,gx-no-cache=1515672539828 HTTP/1.1" 200 83
186.103.159.44 - - [11/Jan/2018:09:09:40 -0300] "GET /cormun/servlet/solicitudot?93f5696ec6af881851328fe3ede9ab9a4688e217cfc42abab1f24e4bf4b97e820afa67702f90fcf80c830d38ca38cad2,gx-no-cache=1515672542877 HTTP/1.1" 200 111
186.103.159.44 - - [11/Jan/2018:09:09:40 -0300] "GET /cormun/static/Shared/jqueryui/images/ui-bg_flat_55_994d53_40x100.png HTTP/1.1" 404 1097
186.103.159.44 - - [11/Jan/2018:09:09:40 -0300] "GET /cormun/static/Shared/jqueryui/images/ui-icons_82798d_256x240.png HTTP/1.1" 404 1089
186.103.159.44 - - [11/Jan/2018:09:09:40 -0300] "GET /cormun/static/Shared/jqueryui/images/ui-icons_ebccce_256x240.png HTTP/1.1" 404 1089
186.103.159.44 - - [11/Jan/2018:09:09:40 -0300] "GET /cormun/static/Shared/jqueryui/images/ui-bg_highlight-soft_100_c6c2c8_1x100.png HTTP/1.1" 404 1117
200.112.4.188 - - [11/Jan/2018:09:09:41 -0300] "POST /cormun/servlet/solicitudot?gx-no-cache=1515672544029 HTTP/1.1" 200 30
200.112.4.188 - - [11/Jan/2018:09:09:44 -0300] "POST /cormun/servlet/solicitudot?gx-no-cache=1515672547101 HTTP/1.1" 200 1357
200.112.4.188 - - [11/Jan/2018:09:09:44 -0300] "POST /cormun/servlet/solicitudot?gx-no-cache=1515672547223 HTTP/1.1" 200 38
186.67.172.234 - - [11/Jan/2018:09:09:48 -0300] "POST /cormun/servlet/trsolicitudot?6a45060ea41b8c4e5adc1453320c42a0,gx-no-cache=1515672546637 HTTP/1.1" 200 8829
186.103.159.44 - - [11/Jan/2018:09:09:52 -0300] "GET /cormun/servlet/solicitudot?93f5696ec6af881851328fe3ede9ab9a7d0a3506bbabf51ed121e76932efc2fed302c4afe19725eef41acb6861285f87,gx-no-cache=1515672555042 HTTP/1.1" 200 30
186.67.172.234 - - [11/Jan/2018:09:09:53 -0300] "POST /cormun/servlet/trsolicitudot?6a45060ea41b8c4e5adc1453320c42a0,gx-no-cache=1515672551942 HTTP/1.1" 200 8773
186.67.172.234 - - [11/Jan/2018:09:09:58 -0300] "POST /cormun/servlet/trsolicitudot?6a45060ea41b8c4e5adc1453320c42a0,gx-no-cache=1515672556949 HTTP/1.1" 200 8553
186.67.172.234 - - [11/Jan/2018:09:10:03 -0300] "POST /cormun/servlet/trsolicitudot?6a45060ea41b8c4e5adc1453320c42a0,gx-no-cache=1515672561881 HTTP/1.1" 200 8496
186.103.158.250 - - [11/Jan/2018:09:10:05 -0300] "GET /cormun/servlet/trcontratosolicitud HTTP/1.1" 200 13773
186.103.158.250 - - [11/Jan/2018:09:10:06 -0300] "GET /cormun/servlet/trcontratosolicitud HTTP/1.1" 200 13767
186.67.172.234 - - [11/Jan/2018:09:10:07 -0300] "POST /cormun/servlet/trsolicitudot?6a45060ea41b8c4e5adc1453320c42a0,gx-no-cache=1515672566060 HTTP/1.1" 200 8154
186.67.172.234 - - [11/Jan/2018:09:10:11 -0300] "POST /cormun/servlet/trsolicitudot?6a45060ea41b8c4e5adc1453320c42a0,gx-no-cache=1515672570071 HTTP/1.1" 200 8096
186.67.172.234 - - [11/Jan/2018:09:10:18 -0300] "POST /cormun/servlet/trsolicitudot?6a45060ea41b8c4e5adc1453320c42a0,gx-no-cache=1515672576941 HTTP/1.1" 200 7877
186.67.172.234 - - [11/Jan/2018:09:10:21 -0300] "POST /cormun/servlet/trsolicitudot?6a45060ea41b8c4e5adc1453320c42a0,gx-no-cache=1515672580289 HTTP/1.1" 200 7819
186.67.172.234 - - [11/Jan/2018:09:10:25 -0300] "POST /cormun/servlet/trsolicitudot?6a45060ea41b8c4e5adc1453320c42a0,gx-no-cache=1515672584084 HTTP/1.1" 200 7483
186.67.172.234 - - [11/Jan/2018:09:10:29 -0300] "POST /cormun/servlet/trsolicitudot?6a45060ea41b8c4e5adc1453320c42a0,gx-no-cache=1515672587765 HTTP/1.1" 200 7427
200.112.4.188 - - [11/Jan/2018:09:10:29 -0300] "GET /cormun/servlet/solicitudot?0ef28dfdcd90dde18e575c1415baee1459fa5559b2e9cef4ce0de18385c073f77998582a99cb1cf3cdf4b1bc8a907b6323b4c4c9ad065f8a4766819ee2f445a38a6732c2dbccedb23984df3a998300f99b0a7ed7c612955898c43c960fcfdd3dec09db83b2111296df354bd840d2e7ef,gx-no-cache=1515672592615 HTTP/1.1" 200 29
200.112.4.188 - - [11/Jan/2018:09:10:29 -0300] "POST /cormun/servlet/solicitudot?gx-no-cache=1515672592733 HTTP/1.1" 200 219
200.112.4.188 - - [11/Jan/2018:09:10:29 -0300] "GET /cormun/servlet/solicitudot?0ef28dfdcd90dde18e575c1415baee142eec0421c4fbe36328527318ba8d1288e5c58558b4feb03e307142c88025fbc1689ecf77d724299082f4e6c8bbfa8426841e14addbabbd947fb5c4f92b1b86a236f2ffba891440f08dddf21643f54aed7998582a99cb1cf3cdf4b1bc8a907b634f41cda70e1ac180a6d8829e9f85ab23dd477fd5a1c68b400fd8e3b6afcbee36,gx-no-cache=1515672592906 HTTP/1.1" 200 55
200.112.4.188 - - [11/Jan/2018:09:10:30 -0300] "GET /cormun/static/menuarrow.gif HTTP/1.1" 404 1015
200.112.4.188 - - [11/Jan/2018:09:10:31 -0300] "POST /cormun/servlet/solicitudot?gx-no-cache=1515672594675 HTTP/1.1" 200 217
200.112.4.188 - - [11/Jan/2018:09:10:31 -0300] "GET /cormun/servlet/solicitudot?0ef28dfdcd90dde18e575c1415baee142eec0421c4fbe36328527318ba8d1288e5c58558b4feb03e307142c88025fbc1689ecf77d724299082f4e6c8bbfa8426841e14addbabbd947fb5c4f92b1b86a236f2ffba891440f08dddf21643f54aed7998582a99cb1cf3cdf4b1bc8a907b634f41cda70e1ac180a6d8829e9f85ab23dd477fd5a1c68b400fd8e3b6afcbee36,gx-no-cache=1515672594759 HTTP/1.1" 200 55
200.112.4.188 - - [11/Jan/2018:09:10:34 -0300] "GET /cormun/servlet/solicitudot?0ef28dfdcd90dde18e575c1415baee14ee2f976f41b77f23aa6de2e3f38a5901212fb761b83712a4dfca30098cc1f561,gx-no-cache=1515672597637 HTTP/1.1" 200 30
186.67.172.234 - - [11/Jan/2018:09:10:37 -0300] "POST /cormun/servlet/trsolicitudot?6a45060ea41b8c4e5adc1453320c42a0,gx-no-cache=1515672596323 HTTP/1.1" 200 7179
186.67.172.234 - - [11/Jan/2018:09:10:40 -0300] "POST /cormun/servlet/trsolicitudot?6a45060ea41b8c4e5adc1453320c42a0,gx-no-cache=1515672599178 HTTP/1.1" 200 7121
200.112.4.188 - - [11/Jan/2018:09:10:42 -0300] "POST /cormun/servlet/solicitudot?gx-no-cache=1515672605666 HTTP/1.1" 200 30
186.67.172.234 - - [11/Jan/2018:09:10:44 -0300] "POST /cormun/servlet/trsolicitudot?6a45060ea41b8c4e5adc1453320c42a0,gx-no-cache=1515672602459 HTTP/1.1" 200 6786
186.67.172.234 - - [11/Jan/2018:09:10:46 -0300] "POST /cormun/servlet/trsolicitudot?6a45060ea41b8c4e5adc1453320c42a0,gx-no-cache=1515672605273 HTTP/1.1" 200 6728
200.112.4.188 - - [11/Jan/2018:09:10:48 -0300] "POST /cormun/servlet/solicitudot?fdac12490247b725ab8bbcf563743603,INS,0,0,,gx-no-cache=1515672611426 HTTP/1.1" 200 93
200.112.4.188 - - [11/Jan/2018:09:10:49 -0300] "GET /cormun/servlet/hpexe_return? HTTP/1.1" 200 1008
200.112.4.188 - - [11/Jan/2018:09:10:49 -0300] "GET /cormun/servlet/trsolicitudot HTTP/1.1" 200 22499
200.112.4.188 - - [11/Jan/2018:09:10:50 -0300] "GET /cormun/servlet/trsolicitudot HTTP/1.1" 200 22494
186.67.172.234 - - [11/Jan/2018:09:10:51 -0300] "POST /cormun/servlet/trsolicitudot?6a45060ea41b8c4e5adc1453320c42a0,gx-no-cache=1515672610011 HTTP/1.1" 200 6527
186.67.172.234 - - [11/Jan/2018:09:10:53 -0300] "POST /cormun/servlet/trsolicitudot?6a45060ea41b8c4e5adc1453320c42a0,gx-no-cache=1515672612375 HTTP/1.1" 200 6471
186.67.172.234 - - [11/Jan/2018:09:10:56 -0300] "POST /cormun/servlet/trsolicitudot?6a45060ea41b8c4e5adc1453320c42a0,gx-no-cache=1515672614891 HTTP/1.1" 200 6741
200.112.4.188 - - [11/Jan/2018:09:11:01 -0300] "GET /cormun/servlet/solicitudot?INS,0,0, HTTP/1.1" 200 13921
200.112.4.188 - - [11/Jan/2018:09:11:02 -0300] "GET /cormun/servlet/solicitudot?INS,0,0, HTTP/1.1" 200 13926
200.112.4.188 - - [11/Jan/2018:09:11:04 -0300] "GET /cormun/servlet/prfichaempleado?,MD,,gxPopupLevel%3D0%3B HTTP/1.1" 200 9336
186.67.172.234 - - [11/Jan/2018:09:11:07 -0300] "POST /cormun/servlet/trsolicitudot?6a45060ea41b8c4e5adc1453320c42a0,gx-no-cache=1515672625556 HTTP/1.1" 200 6255
186.67.172.234 - - [11/Jan/2018:09:11:08 -0300] "POST /cormun/servlet/trsolicitudot?6a45060ea41b8c4e5adc1453320c42a0,gx-no-cache=1515672627436 HTTP/1.1" 200 6198
186.103.158.250 - - [11/Jan/2018:09:11:09 -0300] "GET /cormun/servlet/solicitudotcontratos?INS,2018,0,15106022,6,2,2016,5134,LEY+SEP,201711,24,*, HTTP/1.1" 200 9940
186.103.158.250 - - [11/Jan/2018:09:11:10 -0300] "GET /cormun/servlet/solicitudotcontratos?INS,2018,0,15106022,6,2,2016,5134,LEY+SEP,201711,24,*, HTTP/1.1" 200 9976
186.103.158.250 - - [11/Jan/2018:09:11:11 -0300] "GET /cormun/servlet/solicitudotcontratos?a901e8579d770ef9956a067361298772e7e3e48ad537d8158785d0892cb417b1470368f679241ac98408e4de1625e81a,gx-no-cache=1515672630658 HTTP/1.1" 200 30
186.103.158.250 - - [11/Jan/2018:09:11:11 -0300] "GET /cormun/servlet/solicitudotcontratos?a901e8579d770ef9956a0673612987729128c0a28f3ff440f49e08d45d4fac42407a11f599f56865b8ffe0a554fe7197,gx-no-cache=1515672630700 HTTP/1.1" 200 30
