186.103.159.230 - - [11/Jan/2018:10:05:48 -0300] "GET /cormun/static/Shared/ext/resources/css/ext-all.css?205870 HTTP/1.1" 200 416045
186.103.159.230 - - [11/Jan/2018:10:05:48 -0300] "GET /cormun/static/Resources/PXToolsGridPage.gif HTTP/1.1" 200 725
186.103.159.230 - - [11/Jan/2018:10:05:49 -0300] "GET /cormun//static/Resources/PXToolsActionDisabled.gif HTTP/1.1" 200 53
186.103.159.230 - - [11/Jan/2018:10:05:49 -0300] "GET /cormun/static/Resources/asc.gif HTTP/1.1" 200 67
186.103.159.230 - - [11/Jan/2018:10:05:49 -0300] "GET /cormun//static/Resources/PXToolsGridNew.png HTTP/1.1" 200 2949
186.103.159.230 - - [11/Jan/2018:10:05:49 -0300] "GET /cormun/static/Resources/desc.gif HTTP/1.1" 200 65
186.103.159.230 - - [11/Jan/2018:10:05:49 -0300] "GET /cormun/servlet/trcontratosolicitud? HTTP/1.1" 200 14502
186.103.159.230 - - [11/Jan/2018:10:05:49 -0300] "GET /cormun/static/Shared/ext/resources/themes/images/default/panel/bg-headersPanel.png HTTP/1.1" 200 255
186.103.159.230 - - [11/Jan/2018:10:05:49 -0300] "GET /cormun/static/Shared/ext/resources/themes/images/default/tools/tool-sprites.gif HTTP/1.1" 200 5434
186.67.172.234 - - [11/Jan/2018:10:05:51 -0300] "POST /cormun/servlet/solicitudotlog?6a45060ea41b8c4e5adc1453320c42a0,INS,2018,7691,0,REC,,gx-no-cache=1515675909899 HTTP/1.1" 200 93
186.67.172.234 - - [11/Jan/2018:10:05:51 -0300] "GET /cormun/servlet/hpexe_return? HTTP/1.1" 200 1031
186.67.172.234 - - [11/Jan/2018:10:05:52 -0300] "GET /cormun/servlet/trautorizarsolicitud HTTP/1.1" 200 16602
186.103.159.44 - - [11/Jan/2018:10:05:52 -0300] "POST /cormun/servlet/solicitudot?gx-no-cache=1515675912852 HTTP/1.1" 200 1353
186.67.172.234 - - [11/Jan/2018:10:05:52 -0300] "GET /cormun/servlet/trautorizarsolicitud HTTP/1.1" 200 16598
186.103.159.44 - - [11/Jan/2018:10:05:52 -0300] "POST /cormun/servlet/solicitudot?gx-no-cache=1515675913066 HTTP/1.1" 200 38
186.103.159.44 - - [11/Jan/2018:10:06:06 -0300] "GET /cormun/servlet/solicitudot?93f5696ec6af881851328fe3ede9ab9a90414a9b43bae076af6ede11eb22171c6968e75b038fc69df4b5228a1baade1d0a1c77f7d1c3a2d06137c0718d2be0595f982d281fafff19880e51018b423e2b0c76bc7aa8d2faeea73b04433751910f0eaf9a1fa0f05350bec69b322d48ab24,gx-no-cache=1515675926015 HTTP/1.1" 200 29
186.103.159.44 - - [11/Jan/2018:10:06:06 -0300] "POST /cormun/servlet/solicitudot?gx-no-cache=1515675926409 HTTP/1.1" 200 219
186.103.159.44 - - [11/Jan/2018:10:06:06 -0300] "GET /cormun/servlet/solicitudot?93f5696ec6af881851328fe3ede9ab9a69dde240a495f9dd20956b2972380152a8614c50d0fcf39cb75798b25dc413488538cfa1a7f9eac7b9d853e7f2580eb73539f9e1548c46ac910285ac94355696da935aa79ce66eea9157b044bdd29cb96968e75b038fc69df4b5228a1baade1dc1a11adf7d1f965e78942db374f08cf7370ae16fbe0b338a181b06704fda282a,gx-no-cache=1515675926496 HTTP/1.1" 200 55
186.67.172.234 - - [11/Jan/2018:10:06:20 -0300] "POST /cormun/servlet/trautorizarsolicitud?6a45060ea41b8c4e5adc1453320c42a0,gx-no-cache=1515675938197 HTTP/1.1" 200 21234
186.103.159.44 - - [11/Jan/2018:10:06:25 -0300] "GET /cormun/static/menuarrow.gif HTTP/1.1" 404 1015
186.103.159.44 - - [11/Jan/2018:10:06:30 -0300] "GET /cormun/servlet/solicitudot?93f5696ec6af881851328fe3ede9ab9aaee2238c4587c2a67663cdb450ef84643e2af2b1eb7fa8d2cb5a99401a42f343,gx-no-cache=1515675950953 HTTP/1.1" 200 30
186.103.159.44 - - [11/Jan/2018:10:06:37 -0300] "POST /cormun/servlet/solicitudot?gx-no-cache=1515675957314 HTTP/1.1" 200 33
186.103.159.44 - - [11/Jan/2018:10:06:47 -0300] "POST /cormun/servlet/solicitudot?7680f75a9c3e26756cadc1e4993d38b7,INS,0,0,,gx-no-cache=1515675967325 HTTP/1.1" 200 93
186.103.159.44 - - [11/Jan/2018:10:06:47 -0300] "GET /cormun/servlet/hpexe_return? HTTP/1.1" 200 1007
186.103.159.44 - - [11/Jan/2018:10:06:47 -0300] "GET /cormun/servlet/trsolicitudot HTTP/1.1" 200 12210
186.79.214.243 - - [11/Jan/2018:10:07:04 -0300] "GET /cormun/servlet/solicitudotcontratos?INS,2018,0,7448903,6,2,2017,1812,NADA,201711,30,*, HTTP/1.1" 200 9831
186.79.214.243 - - [11/Jan/2018:10:07:04 -0300] "GET /cormun/servlet/solicitudotcontratos?INS,2018,0,7448903,6,2,2017,1812,NADA,201711,30,*, HTTP/1.1" 200 9842
186.79.214.243 - - [11/Jan/2018:10:07:05 -0300] "GET /cormun/servlet/solicitudotcontratos?9bbe363bed419443060d1961d87e5cbc07a1101a6a4e3e0b89a9391f1e53837b0d7792eeeafa0e90fec8cf31e8acf37c,gx-no-cache=1515675985029 HTTP/1.1" 200 30
186.79.214.243 - - [11/Jan/2018:10:07:05 -0300] "GET /cormun/servlet/solicitudotcontratos?9bbe363bed419443060d1961d87e5cbcb9117dca54def2da801e3317bbd4e839a84856efecd422e9e0a76a73e9c89a05,gx-no-cache=1515675985100 HTTP/1.1" 200 30
186.79.214.243 - - [11/Jan/2018:10:07:05 -0300] "GET /cormun/servlet/solicitudotcontratos?9bbe363bed419443060d1961d87e5cbc03fa8fb7cdc140751e530f51049f097ea483da4b02cb0012915113ff8b9507667320b5c0f9ecd0d84434ca04d227da88d247ddf49de6405f213c4cc5b0ecca057034fdcaa5f57b0078aeb9bbf760b289af630db1d93ed07668412be22e6a1e60496fb05a23c3624dc62dad34f37fd39a,gx-no-cache=1515675985167 HTTP/1.1" 200 48
186.79.214.243 - - [11/Jan/2018:10:07:05 -0300] "GET /cormun/servlet/solicitudotcontratos?9bbe363bed419443060d1961d87e5cbc7361ca4d0c40a1821f24486556f3e4041e2cfdc1bbcc8c356663c2149cbe2d45,gx-no-cache=1515675985242 HTTP/1.1" 200 30
186.79.214.243 - - [11/Jan/2018:10:07:05 -0300] "GET /cormun/servlet/solicitudotcontratos?9bbe363bed419443060d1961d87e5cbcb198c37f4460e92783676a1e8914d3919f97ab717f3dec75b85eb2308fb155068895ca5c5f9f3a146aa62a4610b4a59e9d23c1563979ab1a2fc3809ecf8d44c6eca20fb8a895a2dacf20325613f2894cd190e16bba48303a790527e773a7a470,gx-no-cache=1515675985309 HTTP/1.1" 200 30
186.79.214.243 - - [11/Jan/2018:10:07:05 -0300] "GET /cormun/servlet/solicitudotcontratos?9bbe363bed419443060d1961d87e5cbca22a995d692a796382b9db00d64350d2ce4245c84ff6ded5851b2cb5e410be1f68ea885b8392a3bc9db846e3e0ea359bba7f3bb838b5bb0d0b4df7b210f644fa3a4459450545f9ac389c4f18ef2ab0940d5fb2eb913798606452a8f9e3f7b170f39bb9c249303b9bbfd5c12e4b807dd58c4268b43f1817e05d509c9112f3dec3cc86ecea1e54ea61371b49a1c3e0df6bd41f6dfb4563bb2403de5f602da90a8390c0dd390ce3785176317f8c0cf31c0cbde7110170f0c6856ab744082dd3b474731474438ca31d8ce9b43ee3e7eda1d0a11dd86636f40d74818002d8c05ac92b6d8e365b8fd69727ca1ec2a13a8ee2e0db77a04fe038c100820e5710fb379fdc44309d38090431ccd4704aa7c493245fc6f08932854fde85e3ad690c99d7065dcf7fe797045f7208830b50173980f3b98cd6dd8819f4636b56f2d50949817045ab94738dbc8c3a8edb15b5f26cbaae3992b31cbac3809b65e33953b4164a69502b720048f0d3f94cf30939c005dd65e06486bfc5b98d9953a9a0f09eed57d0a7060fa4433d37ac6eb982fd2eb6fcd5e3d2c657a962ea6e9fe481ad1288b1bc875d36d1285a46488e1cd8a28136539e70ad659cad3f0b63a142550a03f0946cea283fd77221fcd517048cad9d99735dea9591f0842ce7bf7d65b8f8322c639d04060fa4433d37ac6eb982fd2eb6fcd5e33a7bb566cd40e304b4f83f2371a00f4f97f2fb21fae6b96805ba572e18fe4feef2ca62a77e60df49bde0674e3d977b2b2020a932b3ed5e4b523acfd81dd3d0ed,gx-no-cache=1515675985381 HTTP/1.1" 200 72
186.103.159.44 - - [11/Jan/2018:10:07:15 -0300] "POST /cormun/servlet/trsolicitudot?7680f75a9c3e26756cadc1e4993d38b7,gx-no-cache=1515675995969 HTTP/1.1" 200 105
186.103.159.44 - - [11/Jan/2018:10:07:16 -0300] "GET /cormun/servlet/solicitudot?UPD,2018,8572, HTTP/1.1" 200 14669
186.103.159.44 - - [11/Jan/2018:10:07:17 -0300] "POST /cormun/servlet/solicitudot?gx-no-cache=1515675997623 HTTP/1.1" 200 3813
186.103.159.44 - - [11/Jan/2018:10:07:17 -0300] "POST /cormun/servlet/solicitudot?7680f75a9c3e26756cadc1e4993d38b7,UPD,2018,8572,,gx-no-cache=1515675997905 HTTP/1.1" 200 11158
186.103.159.44 - - [11/Jan/2018:10:07:18 -0300] "GET /cormun/servlet/solicitudot?93f5696ec6af881851328fe3ede9ab9affe6aa0496831f31ef364e810e3d740041a2c6ffa922bafe85ed8fc090746ff8,gx-no-cache=1515675998149 HTTP/1.1" 200 30
186.103.159.44 - - [11/Jan/2018:10:07:18 -0300] "POST /cormun/servlet/solicitudot?gx-no-cache=1515675998235 HTTP/1.1" 200 51
186.103.159.44 - - [11/Jan/2018:10:07:18 -0300] "POST /cormun/servlet/solicitudot?gx-no-cache=1515675998269 HTTP/1.1" 200 297
186.103.159.44 - - [11/Jan/2018:10:07:18 -0300] "GET /cormun/servlet/solicitudot?93f5696ec6af881851328fe3ede9ab9aca178af43d1cb26f41301a94ab398fca0b22b85dfe27d28483d8b5f1ee354a939fa7114163a8dcb9d6f0ae5cc649eb6d06021dc8c0909d2873336f4766f517396e00b0e497829e810b4e23e219a1b793600802f6a441845f1459692f352738711e3044006bda95eb7703312891e587ec6e4bdaff2d8efdd3c7e6c08920ca6d4e84f69498e9b45028094e1fa01c6142a22c3db5dafe86d76a5d0a424bb4b61e6758bf7ef69fe05f4685ce04666d6294fffc8ea7afafaf6176adbcc2cd4fb6cd3bcf42f6c0fa19e9d7884afaadfd9e92630d6bf05bed45f917466ba90f6a2f42f9c1b1228b197a5dea8a04075a08697d1cdc727155fc5a866893dae2f83b783b5842a3bdba83ac3a4faacae8576c640b33caa5f55f3982e24d722bbf96a623f0da0d6f9c87d091b2430ef3c239c4781c46d1c686c4ee0dc1173abfdac28d071255bd318eda5f800c733ba190bd04905c1398f9e011fc30215dfa213601ddd43c2a9fc6b841c3c9840dceba9e58ef74d12576d385971690d3c3e10ab3ac296fcbe6,gx-no-cache=1515675998307 HTTP/1.1" 200 30
186.103.159.44 - - [11/Jan/2018:10:07:18 -0300] "POST /cormun/servlet/solicitudot?gx-no-cache=1515675998678 HTTP/1.1" 200 30
186.103.159.44 - - [11/Jan/2018:10:07:18 -0300] "POST /cormun/servlet/solicitudot?gx-no-cache=1515675998745 HTTP/1.1" 200 232
186.103.159.44 - - [11/Jan/2018:10:07:18 -0300] "POST /cormun/servlet/solicitudot?gx-no-cache=1515675998790 HTTP/1.1" 200 41
186.103.159.44 - - [11/Jan/2018:10:07:25 -0300] "GET /cormun/servlet/solicitudot?93f5696ec6af881851328fe3ede9ab9ab649c56e7ce42c39d10f63950bd28fe3814e42ca1fdf81903e3da3d480f972560584a2d72cc3cff0ed8c81e41e19576bcc56635a3a6c79ea80af0f0e070985f844fbf025c7bd1ee7d833a609bed21900dadc3ca499c2e440bebc533d772b5d8e,gx-no-cache=1515676005507 HTTP/1.1" 200 29
186.103.159.44 - - [11/Jan/2018:10:07:25 -0300] "POST /cormun/servlet/solicitudot?gx-no-cache=1515676005890 HTTP/1.1" 200 216
186.103.159.44 - - [11/Jan/2018:10:07:26 -0300] "GET /cormun/servlet/solicitudot?93f5696ec6af881851328fe3ede9ab9a69dde240a495f9dd20956b2972380152f3c000469cccd8dc90aea6fb5f97c0a8dc727155fc5a866893dae2f83b783b58aab18f76c0362417e5a7ef42b9d9199be999a6c3367aefc025a451acb9f6d3c5808b8aafd6505a86dd42f9ae95222f5de83c158a6869a57feb64f9b2607dcf31d0300e355148579f8da87e092bc555d35a40e1c51ab19d2f1b4e44230234f026,gx-no-cache=1515676005937 HTTP/1.1" 200 55
186.103.159.44 - - [11/Jan/2018:10:07:27 -0300] "GET /cormun/servlet/solicitudot?93f5696ec6af881851328fe3ede9ab9aaee2238c4587c2a67663cdb450ef84643e2af2b1eb7fa8d2cb5a99401a42f343,gx-no-cache=1515676007556 HTTP/1.1" 200 30
186.103.159.44 - - [11/Jan/2018:10:07:27 -0300] "POST /cormun/servlet/solicitudot?gx-no-cache=1515676007591 HTTP/1.1" 200 30
186.103.159.44 - - [11/Jan/2018:10:07:28 -0300] "POST /cormun/servlet/solicitudot?7680f75a9c3e26756cadc1e4993d38b7,UPD,2018,8572,,gx-no-cache=1515676007653 HTTP/1.1" 200 93
186.103.159.44 - - [11/Jan/2018:10:07:28 -0300] "GET /cormun/servlet/hpexe_return? HTTP/1.1" 200 1014
186.103.159.44 - - [11/Jan/2018:10:07:28 -0300] "GET /cormun/servlet/trsolicitudot HTTP/1.1" 200 12201
186.79.214.243 - - [11/Jan/2018:10:07:40 -0300] "POST /cormun/servlet/solicitudotcontratos?cb379fd8ac43bd863b60af31387d1183,INS,2018,0,7448903,6,2,2017,1812,NADA,201711,30,*,,gx-no-cache=1515676019956 HTTP/1.1" 200 10762
186.79.214.243 - - [11/Jan/2018:10:07:40 -0300] "POST /cormun/servlet/solicitudotcontratos?gx-no-cache=1515676020513 HTTP/1.1" 200 1342
186.79.214.243 - - [11/Jan/2018:10:07:40 -0300] "POST /cormun/servlet/solicitudotcontratos?gx-no-cache=1515676020677 HTTP/1.1" 200 1220
186.79.214.243 - - [11/Jan/2018:10:07:41 -0300] "GET /cormun/servlet/solicitudotcontratos?9bbe363bed419443060d1961d87e5cbce1e5e540d077a66029ccb5f2cbff160cbfecf3a62604552c51f1381d6fed87a6c56c725780458a3c5aa61998e7a71988ae85be1619d88b35d0ccd323f654b811548ad9d5eb5e5e8789577b67296d407a1e5bb5e689499f000e8a3ca609f32253cf90f5d2b4813454d358bf5baf0a4bf2,gx-no-cache=1515676020828 HTTP/1.1" 200 30
186.79.214.243 - - [11/Jan/2018:10:07:41 -0300] "POST /cormun/servlet/solicitudotcontratos?cb379fd8ac43bd863b60af31387d1183,INS,2018,0,7448903,6,2,2017,1812,NADA,201711,30,*,,gx-no-cache=1515676020973 HTTP/1.1" 200 93
186.79.214.243 - - [11/Jan/2018:10:07:41 -0300] "GET /cormun/servlet/hpexe_return? HTTP/1.1" 200 1066
186.79.214.243 - - [11/Jan/2018:10:07:42 -0300] "GET /cormun/servlet/trcontratosolicitud?gx-no-cache=1515675408726 HTTP/1.1" 200 10472
186.79.214.243 - - [11/Jan/2018:10:07:42 -0300] "GET /cormun/servlet/trcontratosolicitud?gx-no-cache=1515675408726 HTTP/1.1" 200 10480
186.79.214.243 - - [11/Jan/2018:10:09:40 -0300] "GET /cormun/servlet/solicitudotcontratos?INS,2018,0,8032322,0,6,2017,2213,INTEGRACION,201711,3,B, HTTP/1.1" 200 9859
186.79.214.243 - - [11/Jan/2018:10:09:40 -0300] "GET /cormun/servlet/solicitudotcontratos?INS,2018,0,8032322,0,6,2017,2213,INTEGRACION,201711,3,B, HTTP/1.1" 200 9867
186.79.214.243 - - [11/Jan/2018:10:09:41 -0300] "GET /cormun/servlet/solicitudotcontratos?9bbe363bed419443060d1961d87e5cbc76c9cd5a414e297c86d3cee278f64d440d7792eeeafa0e90fec8cf31e8acf37c,gx-no-cache=1515676140989 HTTP/1.1" 200 30
186.79.214.243 - - [11/Jan/2018:10:09:41 -0300] "GET /cormun/servlet/solicitudotcontratos?9bbe363bed419443060d1961d87e5cbc96bc9c6bf28861fdb1d04cb1f782edcba84856efecd422e9e0a76a73e9c89a05,gx-no-cache=1515676141063 HTTP/1.1" 200 30
186.79.214.243 - - [11/Jan/2018:10:09:41 -0300] "GET /cormun/servlet/solicitudotcontratos?9bbe363bed419443060d1961d87e5cbc03fa8fb7cdc140751e530f51049f097e0a968c4265cfcf2ee8c5eec9411d75f57320b5c0f9ecd0d84434ca04d227da884090ee7df2a377defff8060122744d598d3ff43f56b11bfa061637e4c7c2ef8b4381c07b105944617c8ed643bf393c905e3111578a41125ac66618e503f56a76,gx-no-cache=1515676141145 HTTP/1.1" 200 50
186.79.214.243 - - [11/Jan/2018:10:09:41 -0300] "GET /cormun/servlet/solicitudotcontratos?9bbe363bed419443060d1961d87e5cbcd7849020104b16e1c5d6d4ea903f1fa2d33c509ff1cc254586e44e3f1223d753,gx-no-cache=1515676141235 HTTP/1.1" 200 30
186.79.214.243 - - [11/Jan/2018:10:09:41 -0300] "GET /cormun/servlet/solicitudotcontratos?9bbe363bed419443060d1961d87e5cbcb198c37f4460e92783676a1e8914d3919f97ab717f3dec75b85eb2308fb155068895ca5c5f9f3a146aa62a4610b4a59e9d23c1563979ab1a2fc3809ecf8d44c63a94f4c13807037b7ae35aafd54e8950d190e16bba48303a790527e773a7a470,gx-no-cache=1515676141326 HTTP/1.1" 200 30
186.79.214.243 - - [11/Jan/2018:10:09:41 -0300] "GET /cormun/servlet/solicitudotcontratos?9bbe363bed419443060d1961d87e5cbca22a995d692a796382b9db00d64350d2ce4245c84ff6ded5851b2cb5e410be1fb837c5d347da0019674c16cbad8e57ec2c08b3882c4694d00caa75849f771c69609c8f857b1c85abccda8e92ac3170129ebc641da4387de41799a0f9186ec9500c00fbc2d432e270fccc99f49de33c1b8b5b75572327fbdfdace0c0762d3a70eb8ae9e5857cf8b9c9ba657ae9b8c1a08d85c1295d635cf4a43384a6cebeb1d1b36e8dc697c8d501a771ed7e60a58d666c400453724ce1d618a8c7f2553914d254b9173f919adefd542230d4fb03aeccea18d24093e13aa437753dbaa653848459b974b9fa0cfb68a2986d46bbee61d971b2a93748828331137e0f06912e6b586195168f6166e2412e8fce63062b2911ab3446c4747396920c93980e326493174eb3e75231f9e1b84ca76de1789022571d326a5f271d9693d7d5de1c3838026f11ef567d245b2c3b4c45897f121c6e6adba99d7890e003033734d9d41545ff8a2c486015248578f99bafad8f83925295bfd075300a6a67a0f5c291350297752ce3c9f327efeccd6afdde3e81990daab1b3af7a4f9afa7fb3178b59e01058bcc421e865673197d4c438ae6933b2d56a3ce262269e9fec150b3a6abd91ea60d0f4802530b355e0b53117aa02b92e9afaf3cd7235a515e9f6c8811ac94be234ae9c5c64c107b035525d7588a5256d76184ae2e8fd5a4982d04e3350df625c81dcde0da0a96308837af546006512e256481398050f9fb01a619aa27c5b26883e2e920f7c9a285a7ce954e4ef525f6e5327f73,gx-no-cache=1515676141414 HTTP/1.1" 200 83
186.79.214.243 - - [11/Jan/2018:10:09:48 -0300] "POST /cormun/servlet/solicitudotcontratos?cb379fd8ac43bd863b60af31387d1183,INS,2018,0,8032322,0,6,2017,2213,INTEGRACION,201711,3,B,,gx-no-cache=1515676147900 HTTP/1.1" 200 10835
186.79.214.243 - - [11/Jan/2018:10:09:48 -0300] "POST /cormun/servlet/solicitudotcontratos?gx-no-cache=1515676148382 HTTP/1.1" 200 1341
186.79.214.243 - - [11/Jan/2018:10:09:48 -0300] "POST /cormun/servlet/solicitudotcontratos?gx-no-cache=1515676148544 HTTP/1.1" 200 1221
186.79.214.243 - - [11/Jan/2018:10:09:48 -0300] "GET /cormun/servlet/solicitudotcontratos?9bbe363bed419443060d1961d87e5cbce1e5e540d077a66029ccb5f2cbff160cbfecf3a62604552c51f1381d6fed87a6c56c725780458a3c5aa61998e7a71988ae85be1619d88b35d0ccd323f654b811548ad9d5eb5e5e8789577b67296d407a1e5bb5e689499f000e8a3ca609f32253cf90f5d2b4813454d358bf5baf0a4bf2,gx-no-cache=1515676148695 HTTP/1.1" 200 30
186.79.214.243 - - [11/Jan/2018:10:09:49 -0300] "POST /cormun/servlet/solicitudotcontratos?cb379fd8ac43bd863b60af31387d1183,INS,2018,0,8032322,0,6,2017,2213,INTEGRACION,201711,3,B,,gx-no-cache=1515676148754 HTTP/1.1" 200 93
186.79.214.243 - - [11/Jan/2018:10:09:49 -0300] "GET /cormun/servlet/hpexe_return? HTTP/1.1" 200 1070
186.79.214.243 - - [11/Jan/2018:10:09:49 -0300] "GET /cormun/servlet/trcontratosolicitud?gx-no-cache=1515675408726 HTTP/1.1" 200 10354
186.79.214.243 - - [11/Jan/2018:10:09:50 -0300] "GET /cormun/servlet/trcontratosolicitud?gx-no-cache=1515675408726 HTTP/1.1" 200 10376
40.77.167.193 - - [11/Jan/2018:10:10:01 -0300] "GET /cormun/servlet/trsolicitudot HTTP/1.1" 200 6414
186.103.159.189 - - [11/Jan/2018:10:10:16 -0300] "GET /cormun/servlet/hlogin HTTP/1.1" 200 1722
186.103.159.189 - - [11/Jan/2018:10:10:17 -0300] "GET /cormun/static/messages.spa.js?85251 HTTP/1.1" 304 -
186.103.159.189 - - [11/Jan/2018:10:10:18 -0300] "GET /cormun/static/gxcfg.js?20175251213516 HTTP/1.1" 200 953
186.103.159.189 - - [11/Jan/2018:10:10:18 -0300] "GET /cormun/static/Resources/ComunLogin.png HTTP/1.1" 200 17326
186.103.159.189 - - [11/Jan/2018:10:10:18 -0300] "GET /cormun/static/Resources/Spanish/PXTools.css?11423723 HTTP/1.1" 200 89042
186.79.214.243 - - [11/Jan/2018:10:10:18 -0300] "POST /cormun/servlet/trcontratosolicitud?cb379fd8ac43bd863b60af31387d1183,gx-no-cache=1515675408726,gx-no-cache=1515676177244 HTTP/1.1" 200 12580
186.103.159.189 - - [11/Jan/2018:10:10:18 -0300] "GET /cormun/static/Resources/PXToolsLoginTop.png HTTP/1.1" 200 1337
186.103.159.189 - - [11/Jan/2018:10:10:18 -0300] "GET /cormun/static/Resources/PXToolsLoginBackground.png HTTP/1.1" 200 1164
186.103.159.189 - - [11/Jan/2018:10:10:18 -0300] "GET /cormun/static/Resources/PXToolsButtonLeft21.png HTTP/1.1" 200 1287
186.103.159.189 - - [11/Jan/2018:10:10:18 -0300] "GET /cormun/static/Resources/PXToolsButtonRight21.png HTTP/1.1" 200 1283
186.103.159.189 - - [11/Jan/2018:10:10:18 -0300] "GET /cormun/static/Resources/PXToolsLoginBottom.png HTTP/1.1" 200 1389
186.103.159.189 - - [11/Jan/2018:10:10:18 -0300] "GET /cormun/static/Resources/PXToolsButtonBackground2.png HTTP/1.1" 200 1181
186.79.214.243 - - [11/Jan/2018:10:11:06 -0300] "GET /cormun/servlet/solicitudotcontratos?INS,2018,0,8995658,7,6,2017,2240,INTEGRACION,201711,3,B, HTTP/1.1" 200 9820
186.79.214.243 - - [11/Jan/2018:10:11:06 -0300] "GET /cormun/servlet/solicitudotcontratos?INS,2018,0,8995658,7,6,2017,2240,INTEGRACION,201711,3,B, HTTP/1.1" 200 9830
186.79.214.243 - - [11/Jan/2018:10:11:07 -0300] "GET /cormun/servlet/solicitudotcontratos?9bbe363bed419443060d1961d87e5cbc0a2a72d72695fa2f1a2a66263d728a800d7792eeeafa0e90fec8cf31e8acf37c,gx-no-cache=1515676227008 HTTP/1.1" 200 30
186.79.214.243 - - [11/Jan/2018:10:11:07 -0300] "GET /cormun/servlet/solicitudotcontratos?9bbe363bed419443060d1961d87e5cbc120ba977cef2fb5a3adfe993e410d575a84856efecd422e9e0a76a73e9c89a05,gx-no-cache=1515676227074 HTTP/1.1" 200 30
186.79.214.243 - - [11/Jan/2018:10:11:07 -0300] "GET /cormun/servlet/solicitudotcontratos?9bbe363bed419443060d1961d87e5cbc03fa8fb7cdc140751e530f51049f097e0a968c4265cfcf2ee8c5eec9411d75f57320b5c0f9ecd0d84434ca04d227da884090ee7df2a377defff8060122744d598d3ff43f56b11bfa061637e4c7c2ef8b4381c07b105944617c8ed643bf393c905e3111578a41125ac66618e503f56a76,gx-no-cache=1515676227130 HTTP/1.1" 200 50
186.79.214.243 - - [11/Jan/2018:10:11:07 -0300] "GET /cormun/servlet/solicitudotcontratos?9bbe363bed419443060d1961d87e5cbcd985990dd6f541cbe5e0fb96d60f526075dcba9095bae4986cb41ba584e74e7c,gx-no-cache=1515676227239 HTTP/1.1" 200 30
186.79.214.243 - - [11/Jan/2018:10:11:07 -0300] "GET /cormun/servlet/solicitudotcontratos?9bbe363bed419443060d1961d87e5cbcb198c37f4460e92783676a1e8914d3919f97ab717f3dec75b85eb2308fb155068895ca5c5f9f3a146aa62a4610b4a59e9d23c1563979ab1a2fc3809ecf8d44c63a94f4c13807037b7ae35aafd54e8950d190e16bba48303a790527e773a7a470,gx-no-cache=1515676227297 HTTP/1.1" 200 30
186.79.214.243 - - [11/Jan/2018:10:11:07 -0300] "GET /cormun/servlet/solicitudotcontratos?9bbe363bed419443060d1961d87e5cbca22a995d692a796382b9db00d64350d2ce4245c84ff6ded5851b2cb5e410be1fb837c5d347da0019674c16cbad8e57ec2c08b3882c4694d00caa75849f771c69609c8f857b1c85abccda8e92ac3170129ebc641da4387de41799a0f9186ec9500c00fbc2d432e270fccc99f49de33c1b8b5b75572327fbdfdace0c0762d3a70eb8ae9e5857cf8b9c9ba657ae9b8c1a08d85c1295d635cf4a43384a6cebeb1d1b36e8dc697c8d501a771ed7e60a58d666c400453724ce1d618a8c7f2553914d254b9173f919adefd542230d4fb03aeccea18d24093e13aa437753dbaa653848459b974b9fa0cfb68a2986d46bbee61d971b2a93748828331137e0f06912e6b586195168f6166e2412e8fce63062b2911ab3446c4747396920c93980e326493174eb3e75231f9e1b84ca76de1789022571d326a5f271d9693d7d5de1c3838026f11ef567d245b2c3b4c45897f121c6e6adba99d7890e003033734d9d41545ff8a2c486015248578f99bafad8f83925295bfd075300a6a67a0f5c291350297752ce3c9f327efeccd6afdde3e81990daab1b3af7a4f9afa7fb3178b59e01058bcc421e865673197d4c438ae6933b2d56a3ce262269e9fec150b3a6abd91ea60d0f4802530b355e0b53117aa02b92e9afaf3cd7235a515e9f6c8811ac94be234ae9c5c64c107b035525d7588a5256d76184ae2e8fd5a4982d04e3350df625c81dcde0da0a96308837af546006512e256481398050f9fb01a619aa27c5b26883e2e920f7c9a285a7ce954e4ef525f6e5327f73,gx-no-cache=1515676227362 HTTP/1.1" 200 83
186.103.159.189 - - [11/Jan/2018:10:11:07 -0300] "POST /cormun/servlet/hlogin?d134df0372c1084e85d48c640caa470d,gx-no-cache=1515679825057 HTTP/1.1" 200 90
186.103.159.189 - - [11/Jan/2018:10:11:08 -0300] "GET /cormun/servlet/hpexe_link HTTP/1.1" 200 954
186.103.159.189 - - [11/Jan/2018:10:11:08 -0300] "GET /cormun/static/gxcfg.js?20177612121792 HTTP/1.1" 304 -
186.103.159.189 - - [11/Jan/2018:10:11:08 -0300] "GET /cormun/servlet/hhome HTTP/1.1" 200 4183
186.103.159.189 - - [11/Jan/2018:10:11:08 -0300] "GET /cormun/static/gxcfg.js?20175251212442 HTTP/1.1" 200 953
186.103.159.189 - - [11/Jan/2018:10:11:08 -0300] "GET /cormun/static/PXToolsJavascripts/pexe_cookies.js HTTP/1.1" 200 792
186.103.159.189 - - [11/Jan/2018:10:11:08 -0300] "GET /cormun/static/PXToolsJavascripts/pexe_menudivfix.js HTTP/1.1" 200 333
186.103.159.189 - - [11/Jan/2018:10:11:08 -0300] "GET /cormun/static/PXToolsJavascripts/pexe_oav.js HTTP/1.1" 200 645
186.103.159.189 - - [11/Jan/2018:10:11:08 -0300] "GET /cormun/static/PXToolsJavascripts/pexe_oavdivfix.js HTTP/1.1" 200 639
186.103.159.189 - - [11/Jan/2018:10:11:08 -0300] "GET /cormun/static/PXToolsJavascripts/pexe_picture.js HTTP/1.1" 200 689
186.103.159.189 - - [11/Jan/2018:10:11:08 -0300] "GET /cormun/static/PXToolsJavascripts/pexe_tabdivfix.js HTTP/1.1" 200 876
186.103.159.189 - - [11/Jan/2018:10:11:08 -0300] "GET /cormun/static/PXToolsJavascripts/PXToolsJavascriptsRender.js HTTP/1.1" 200 367
186.103.159.189 - - [11/Jan/2018:10:11:08 -0300] "GET /cormun/static/RunJS/RunJS.js HTTP/1.1" 200 288
186.103.159.189 - - [11/Jan/2018:10:11:08 -0300] "GET /cormun/static/hhome.js?20175251212450 HTTP/1.1" 200 777
186.103.159.189 - - [11/Jan/2018:10:11:08 -0300] "GET /cormun/static/Resources/PXToolsHeaderActionsBackground.png HTTP/1.1" 200 484
186.103.159.189 - - [11/Jan/2018:10:11:08 -0300] "GET /cormun/static/Resources/PXToolsFooterBackground2.png HTTP/1.1" 200 1172
186.103.159.189 - - [11/Jan/2018:10:11:08 -0300] "GET /cormun/static/Resources/PXToolsHeaderLogin.png HTTP/1.1" 200 4279
186.103.159.189 - - [11/Jan/2018:10:11:08 -0300] "GET /cormun/static/Resources/PXToolsHeaderActionsLeft.png HTTP/1.1" 200 1118
186.103.159.189 - - [11/Jan/2018:10:11:08 -0300] "GET /cormun/static/Resources/PXToolsHeaderSecurity.png HTTP/1.1" 200 4166
186.103.159.189 - - [11/Jan/2018:10:11:09 -0300] "GET /cormun/static/Resources/PXToolsDataTitle.png HTTP/1.1" 200 1173
186.103.159.189 - - [11/Jan/2018:10:11:09 -0300] "GET /cormun/static/Resources/PXToolsHeaderHome.png HTTP/1.1" 200 4147
186.103.159.189 - - [11/Jan/2018:10:11:09 -0300] "GET /cormun/static/Resources/logo4.png HTTP/1.1" 200 6582
186.103.159.189 - - [11/Jan/2018:10:11:09 -0300] "GET /cormun/static/Resources/PXToolsHeaderActionsRight.png HTTP/1.1" 200 1201
186.103.159.189 - - [11/Jan/2018:10:11:09 -0300] "GET /cormun/static/Resources/PXToolsHeaderBackground2.png HTTP/1.1" 200 1174
186.103.159.189 - - [11/Jan/2018:10:11:09 -0300] "GET /cormun/static/Resources/PXToolsHeaderPreferences.png HTTP/1.1" 200 4189
186.103.159.189 - - [11/Jan/2018:10:11:09 -0300] "GET /cormun/static/hpexe_messagecontroller.js?20177611595012 HTTP/1.1" 200 870
186.103.159.189 - - [11/Jan/2018:10:11:09 -0300] "GET /cormun/static/hpexe_messagepopupcomponent.js?20161017169425 HTTP/1.1" 200 605
186.103.159.189 - - [11/Jan/2018:10:11:09 -0300] "GET /cormun/static/hpexe_messagegenexuscomponent.js?201752511465344 HTTP/1.1" 200 587
186.103.159.189 - - [11/Jan/2018:10:11:10 -0300] "GET /cormun/servlet/hhome HTTP/1.1" 200 4179
186.103.159.189 - - [11/Jan/2018:10:11:10 -0300] "GET /cormun/static/SmoothNavMenu/resources/images/down.gif HTTP/1.1" 200 854
186.103.159.189 - - [11/Jan/2018:10:11:10 -0300] "GET /cormun/static/SmoothNavMenu/resources/images/right.gif HTTP/1.1" 200 860
186.79.214.243 - - [11/Jan/2018:10:11:13 -0300] "POST /cormun/servlet/solicitudotcontratos?cb379fd8ac43bd863b60af31387d1183,INS,2018,0,8995658,7,6,2017,2240,INTEGRACION,201711,3,B,,gx-no-cache=1515676232460 HTTP/1.1" 200 10796
186.79.214.243 - - [11/Jan/2018:10:11:13 -0300] "POST /cormun/servlet/solicitudotcontratos?gx-no-cache=1515676232984 HTTP/1.1" 200 1342
186.79.214.243 - - [11/Jan/2018:10:11:13 -0300] "POST /cormun/servlet/solicitudotcontratos?gx-no-cache=1515676233147 HTTP/1.1" 200 1220
186.79.214.243 - - [11/Jan/2018:10:11:13 -0300] "GET /cormun/servlet/solicitudotcontratos?9bbe363bed419443060d1961d87e5cbce1e5e540d077a66029ccb5f2cbff160cbfecf3a62604552c51f1381d6fed87a6c56c725780458a3c5aa61998e7a71988ae85be1619d88b35d0ccd323f654b811548ad9d5eb5e5e8789577b67296d407a1e5bb5e689499f000e8a3ca609f32253cf90f5d2b4813454d358bf5baf0a4bf2,gx-no-cache=1515676233651 HTTP/1.1" 200 30
186.79.214.243 - - [11/Jan/2018:10:11:14 -0300] "POST /cormun/servlet/solicitudotcontratos?cb379fd8ac43bd863b60af31387d1183,INS,2018,0,8995658,7,6,2017,2240,INTEGRACION,201711,3,B,,gx-no-cache=1515676233709 HTTP/1.1" 200 93
186.79.214.243 - - [11/Jan/2018:10:11:14 -0300] "GET /cormun/servlet/hpexe_return? HTTP/1.1" 200 1071
186.79.214.243 - - [11/Jan/2018:10:11:14 -0300] "GET /cormun/servlet/trcontratosolicitud?gx-no-cache=1515675408726 HTTP/1.1" 200 14831
186.79.214.243 - - [11/Jan/2018:10:11:15 -0300] "GET /cormun/servlet/trcontratosolicitud?gx-no-cache=1515675408726 HTTP/1.1" 200 14854
186.103.159.44 - - [11/Jan/2018:10:12:22 -0300] "GET /cormun/servlet/solicitudot?INS,0,0, HTTP/1.1" 200 14046
186.103.159.44 - - [11/Jan/2018:10:12:29 -0300] "POST /cormun/servlet/solicitudot?7680f75a9c3e26756cadc1e4993d38b7,INS,0,0,,gx-no-cache=1515676309406 HTTP/1.1" 200 11223
186.103.159.44 - - [11/Jan/2018:10:12:29 -0300] "GET /cormun/static/Shared/jqueryui/images/ui-icons_82798d_256x240.png HTTP/1.1" 404 1089
186.103.159.44 - - [11/Jan/2018:10:12:29 -0300] "GET /cormun/static/Shared/jqueryui/images/ui-bg_flat_55_994d53_40x100.png HTTP/1.1" 404 1097
186.103.159.44 - - [11/Jan/2018:10:12:29 -0300] "GET /cormun/static/Shared/jqueryui/images/ui-icons_ebccce_256x240.png HTTP/1.1" 404 1089
186.103.159.44 - - [11/Jan/2018:10:12:29 -0300] "GET /cormun/static/Shared/jqueryui/images/ui-bg_highlight-soft_100_c6c2c8_1x100.png HTTP/1.1" 404 1117
186.103.159.44 - - [11/Jan/2018:10:12:37 -0300] "POST /cormun/servlet/solicitudot?gx-no-cache=1515676317834 HTTP/1.1" 200 3749
186.103.159.44 - - [11/Jan/2018:10:12:37 -0300] "POST /cormun/servlet/solicitudot?7680f75a9c3e26756cadc1e4993d38b7,INS,0,0,,gx-no-cache=1515676318022 HTTP/1.1" 200 10955
186.103.159.44 - - [11/Jan/2018:10:12:39 -0300] "GET /cormun/servlet/solicitudot?93f5696ec6af881851328fe3ede9ab9a802c4ecdf496424d35ed82863cbc6e7ad302c4afe19725eef41acb6861285f87,gx-no-cache=1515676319385 HTTP/1.1" 200 30
186.67.172.234 - - [11/Jan/2018:10:12:43 -0300] "POST /cormun/servlet/trautorizarsolicitud?6a45060ea41b8c4e5adc1453320c42a0,gx-no-cache=1515676321279 HTTP/1.1" 200 21385
186.67.172.234 - - [11/Jan/2018:10:12:43 -0300] "GET /cormun/static/Shared/jqueryui/images/ui-bg_highlight-soft_100_c6c2c8_1x100.png HTTP/1.1" 404 1117
186.67.172.234 - - [11/Jan/2018:10:12:43 -0300] "GET /cormun/static/Shared/jqueryui/images/ui-icons_82798d_256x240.png HTTP/1.1" 404 1089
186.67.172.234 - - [11/Jan/2018:10:12:43 -0300] "GET /cormun/static/Shared/jqueryui/images/ui-icons_8d78a5_256x240.png HTTP/1.1" 404 1089
186.67.172.234 - - [11/Jan/2018:10:12:43 -0300] "GET /cormun/static/Shared/jqueryui/images/ui-bg_flat_55_fafafa_40x100.png HTTP/1.1" 404 1097
186.67.172.234 - - [11/Jan/2018:10:12:44 -0300] "POST /cormun/servlet/trautorizarsolicitud?6a45060ea41b8c4e5adc1453320c42a0,gx-no-cache=1515676322570 HTTP/1.1" 200 21324
186.67.172.234 - - [11/Jan/2018:10:12:49 -0300] "POST /cormun/servlet/trautorizarsolicitud?6a45060ea41b8c4e5adc1453320c42a0,gx-no-cache=1515676326898 HTTP/1.1" 200 21382
186.79.214.243 - - [11/Jan/2018:10:12:50 -0300] "GET /cormun/servlet/solicitudotcontratos?INS,2018,0,8400588,6,6,2017,2228,INTEGRACION,201711,3,B, HTTP/1.1" 200 9833
186.67.172.234 - - [11/Jan/2018:10:12:50 -0300] "POST /cormun/servlet/trautorizarsolicitud?6a45060ea41b8c4e5adc1453320c42a0,gx-no-cache=1515676328262 HTTP/1.1" 200 21322
186.79.214.243 - - [11/Jan/2018:10:12:50 -0300] "GET /cormun/servlet/solicitudotcontratos?INS,2018,0,8400588,6,6,2017,2228,INTEGRACION,201711,3,B, HTTP/1.1" 200 9842
186.79.214.243 - - [11/Jan/2018:10:12:51 -0300] "GET /cormun/servlet/solicitudotcontratos?9bbe363bed419443060d1961d87e5cbcacb2f5b122bd3e4ee66e32c3a917fcd20d7792eeeafa0e90fec8cf31e8acf37c,gx-no-cache=1515676330831 HTTP/1.1" 200 30
186.79.214.243 - - [11/Jan/2018:10:12:51 -0300] "GET /cormun/servlet/solicitudotcontratos?9bbe363bed419443060d1961d87e5cbcc524c644e039c29f7db0ca1e43bb47b8a84856efecd422e9e0a76a73e9c89a05,gx-no-cache=1515676330908 HTTP/1.1" 200 30
186.79.214.243 - - [11/Jan/2018:10:12:51 -0300] "GET /cormun/servlet/solicitudotcontratos?9bbe363bed419443060d1961d87e5cbc03fa8fb7cdc140751e530f51049f097e0a968c4265cfcf2ee8c5eec9411d75f57320b5c0f9ecd0d84434ca04d227da884090ee7df2a377defff8060122744d598d3ff43f56b11bfa061637e4c7c2ef8b4381c07b105944617c8ed643bf393c905e3111578a41125ac66618e503f56a76,gx-no-cache=1515676330977 HTTP/1.1" 200 50
186.79.214.243 - - [11/Jan/2018:10:12:51 -0300] "GET /cormun/servlet/solicitudotcontratos?9bbe363bed419443060d1961d87e5cbcc5de5bddbbe30242269167b2db8f9ded1fb0182be1862677e12f2f066a647d29,gx-no-cache=1515676331050 HTTP/1.1" 200 30
186.79.214.243 - - [11/Jan/2018:10:12:51 -0300] "GET /cormun/servlet/solicitudotcontratos?9bbe363bed419443060d1961d87e5cbcb198c37f4460e92783676a1e8914d3919f97ab717f3dec75b85eb2308fb155068895ca5c5f9f3a146aa62a4610b4a59e9d23c1563979ab1a2fc3809ecf8d44c63a94f4c13807037b7ae35aafd54e8950d190e16bba48303a790527e773a7a470,gx-no-cache=1515676331122 HTTP/1.1" 200 30
186.79.214.243 - - [11/Jan/2018:10:12:51 -0300] "GET /cormun/servlet/solicitudotcontratos?9bbe363bed419443060d1961d87e5cbca22a995d692a796382b9db00d64350d2ce4245c84ff6ded5851b2cb5e410be1fb837c5d347da0019674c16cbad8e57ec2c08b3882c4694d00caa75849f771c69609c8f857b1c85abccda8e92ac3170129ebc641da4387de41799a0f9186ec9500c00fbc2d432e270fccc99f49de33c1b8b5b75572327fbdfdace0c0762d3a70eb8ae9e5857cf8b9c9ba657ae9b8c1a08d85c1295d635cf4a43384a6cebeb1d1b36e8dc697c8d501a771ed7e60a58d666c400453724ce1d618a8c7f2553914d254b9173f919adefd542230d4fb03aeccea18d24093e13aa437753dbaa653848459b974b9fa0cfb68a2986d46bbee61d971b2a93748828331137e0f06912e6b586195168f6166e2412e8fce63062b2911ab3446c4747396920c93980e326493174eb3e75231f9e1b84ca76de1789022571d326a5f271d9693d7d5de1c3838026f11ef567d245b2c3b4c45897f121c6e6adba99d7890e003033734d9d41545ff8a2c486015248578f99bafad8f83925295bfd075300a6a67a0f5c291350297752ce3c9f327efeccd6afdde3e81990daab1b3af7a4f9afa7fb3178b59e01058bcc421e865673197d4c438ae6933b2d56a3ce262269e9fec150b3a6abd91ea60d0f4802530b355e0b53117aa02b92e9afaf3cd7235a515e9f6c8811ac94be234ae9c5c64c107b035525d7588a5256d76184ae2e8fd5a4982d04e3350df625c81dcde0da0a96308837af546006512e256481398050f9fb01a619aa27c5b26883e2e920f7c9a285a7ce954e4ef525f6e5327f73,gx-no-cache=1515676331192 HTTP/1.1" 200 83
186.79.214.243 - - [11/Jan/2018:10:13:04 -0300] "POST /cormun/servlet/solicitudotcontratos?cb379fd8ac43bd863b60af31387d1183,INS,2018,0,8400588,6,6,2017,2228,INTEGRACION,201711,3,B,,gx-no-cache=1515676344021 HTTP/1.1" 200 10805
186.79.214.243 - - [11/Jan/2018:10:13:04 -0300] "POST /cormun/servlet/solicitudotcontratos?gx-no-cache=1515676344501 HTTP/1.1" 200 1341
186.79.214.243 - - [11/Jan/2018:10:13:05 -0300] "POST /cormun/servlet/solicitudotcontratos?gx-no-cache=1515676344808 HTTP/1.1" 200 1221
186.79.214.243 - - [11/Jan/2018:10:13:05 -0300] "GET /cormun/servlet/solicitudotcontratos?9bbe363bed419443060d1961d87e5cbce1e5e540d077a66029ccb5f2cbff160cbfecf3a62604552c51f1381d6fed87a6c56c725780458a3c5aa61998e7a71988ae85be1619d88b35d0ccd323f654b811548ad9d5eb5e5e8789577b67296d407a1e5bb5e689499f000e8a3ca609f32253cf90f5d2b4813454d358bf5baf0a4bf2,gx-no-cache=1515676344960 HTTP/1.1" 200 30
186.79.214.243 - - [11/Jan/2018:10:13:05 -0300] "POST /cormun/servlet/solicitudotcontratos?cb379fd8ac43bd863b60af31387d1183,INS,2018,0,8400588,6,6,2017,2228,INTEGRACION,201711,3,B,,gx-no-cache=1515676345019 HTTP/1.1" 200 93
186.79.214.243 - - [11/Jan/2018:10:13:05 -0300] "GET /cormun/servlet/hpexe_return? HTTP/1.1" 200 1071
186.79.214.243 - - [11/Jan/2018:10:13:06 -0300] "GET /cormun/servlet/trcontratosolicitud?gx-no-cache=1515675408726 HTTP/1.1" 200 14832
186.79.214.243 - - [11/Jan/2018:10:13:06 -0300] "GET /cormun/servlet/trcontratosolicitud?gx-no-cache=1515675408726 HTTP/1.1" 200 14863
186.79.214.243 - - [11/Jan/2018:10:13:26 -0300] "GET /cormun/servlet/solicitudotcontratos?INS,2018,0,8382968,0,6,2017,2227,INTEGRACION,201711,3,B, HTTP/1.1" 200 9831
186.79.214.243 - - [11/Jan/2018:10:13:26 -0300] "GET /cormun/servlet/solicitudotcontratos?INS,2018,0,8382968,0,6,2017,2227,INTEGRACION,201711,3,B, HTTP/1.1" 200 9839
186.79.214.243 - - [11/Jan/2018:10:13:27 -0300] "GET /cormun/servlet/solicitudotcontratos?9bbe363bed419443060d1961d87e5cbc798f76e6d017a0a01c1a1ca12d7797670d7792eeeafa0e90fec8cf31e8acf37c,gx-no-cache=1515676366789 HTTP/1.1" 200 30
186.79.214.243 - - [11/Jan/2018:10:13:27 -0300] "GET /cormun/servlet/solicitudotcontratos?9bbe363bed419443060d1961d87e5cbc787c43a481b76985cabaa464167392d1a84856efecd422e9e0a76a73e9c89a05,gx-no-cache=1515676366849 HTTP/1.1" 200 30
186.79.214.243 - - [11/Jan/2018:10:13:27 -0300] "GET /cormun/servlet/solicitudotcontratos?9bbe363bed419443060d1961d87e5cbc03fa8fb7cdc140751e530f51049f097e0a968c4265cfcf2ee8c5eec9411d75f57320b5c0f9ecd0d84434ca04d227da884090ee7df2a377defff8060122744d598d3ff43f56b11bfa061637e4c7c2ef8b4381c07b105944617c8ed643bf393c905e3111578a41125ac66618e503f56a76,gx-no-cache=1515676366906 HTTP/1.1" 200 50
186.79.214.243 - - [11/Jan/2018:10:13:27 -0300] "GET /cormun/servlet/solicitudotcontratos?9bbe363bed419443060d1961d87e5cbc09d41771cf8121ad8465c15230a4f35e75e1898179d3c5affc7dfe39ffdb27f5,gx-no-cache=1515676366969 HTTP/1.1" 200 30
186.79.214.243 - - [11/Jan/2018:10:13:27 -0300] "GET /cormun/servlet/solicitudotcontratos?9bbe363bed419443060d1961d87e5cbcb198c37f4460e92783676a1e8914d3919f97ab717f3dec75b85eb2308fb155068895ca5c5f9f3a146aa62a4610b4a59e9d23c1563979ab1a2fc3809ecf8d44c63a94f4c13807037b7ae35aafd54e8950d190e16bba48303a790527e773a7a470,gx-no-cache=1515676367027 HTTP/1.1" 200 30
186.79.214.243 - - [11/Jan/2018:10:13:27 -0300] "GET /cormun/servlet/solicitudotcontratos?9bbe363bed419443060d1961d87e5cbca22a995d692a796382b9db00d64350d2ce4245c84ff6ded5851b2cb5e410be1fb837c5d347da0019674c16cbad8e57ec2c08b3882c4694d00caa75849f771c69609c8f857b1c85abccda8e92ac3170129ebc641da4387de41799a0f9186ec9500c00fbc2d432e270fccc99f49de33c1b8b5b75572327fbdfdace0c0762d3a70eb8ae9e5857cf8b9c9ba657ae9b8c1a08d85c1295d635cf4a43384a6cebeb1d1b36e8dc697c8d501a771ed7e60a58d666c400453724ce1d618a8c7f2553914d254b9173f919adefd542230d4fb03aeccea18d24093e13aa437753dbaa653848459b974b9fa0cfb68a2986d46bbee61d971b2a93748828331137e0f06912e6b586195168f6166e2412e8fce63062b2911ab3446c4747396920c93980e326493174eb3e75231f9e1b84ca76de1789022571d326a5f271d9693d7d5de1c3838026f11ef567d245b2c3b4c45897f121c6e6adba99d7890e003033734d9d41545ff8a2c486015248578f99bafad8f83925295bfd075300a6a67a0f5c291350297752ce3c9f327efeccd6afdde3e81990daab1b3af7a4f9afa7fb3178b59e01058bcc421e865673197d4c438ae6933b2d56a3ce262269e9fec150b3a6abd91ea60d0f4802530b355e0b53117aa02b92e9afaf3cd7235a515e9f6c8811ac94be234ae9c5c64c107b035525d7588a5256d76184ae2e8fd5a4982d04e3350df625c81dcde0da0a96308837af546006512e256481398050f9fb01a619aa27c5b26883e2e920f7c9a285a7ce954e4ef525f6e5327f73,gx-no-cache=1515676367088 HTTP/1.1" 200 83
186.79.214.243 - - [11/Jan/2018:10:13:33 -0300] "POST /cormun/servlet/solicitudotcontratos?cb379fd8ac43bd863b60af31387d1183,INS,2018,0,8382968,0,6,2017,2227,INTEGRACION,201711,3,B,,gx-no-cache=1515676373156 HTTP/1.1" 200 10786
186.79.214.243 - - [11/Jan/2018:10:13:33 -0300] "POST /cormun/servlet/solicitudotcontratos?gx-no-cache=1515676373643 HTTP/1.1" 200 1342
186.79.214.243 - - [11/Jan/2018:10:13:34 -0300] "POST /cormun/servlet/solicitudotcontratos?gx-no-cache=1515676373814 HTTP/1.1" 200 1221
186.79.214.243 - - [11/Jan/2018:10:13:34 -0300] "GET /cormun/servlet/solicitudotcontratos?9bbe363bed419443060d1961d87e5cbce1e5e540d077a66029ccb5f2cbff160cbfecf3a62604552c51f1381d6fed87a6c56c725780458a3c5aa61998e7a71988ae85be1619d88b35d0ccd323f654b811548ad9d5eb5e5e8789577b67296d407a1e5bb5e689499f000e8a3ca609f32253cf90f5d2b4813454d358bf5baf0a4bf2,gx-no-cache=1515676373971 HTTP/1.1" 200 30
186.79.214.243 - - [11/Jan/2018:10:13:34 -0300] "POST /cormun/servlet/solicitudotcontratos?cb379fd8ac43bd863b60af31387d1183,INS,2018,0,8382968,0,6,2017,2227,INTEGRACION,201711,3,B,,gx-no-cache=1515676374042 HTTP/1.1" 200 93
186.79.214.243 - - [11/Jan/2018:10:13:34 -0300] "GET /cormun/servlet/hpexe_return? HTTP/1.1" 200 1069
186.79.214.243 - - [11/Jan/2018:10:13:35 -0300] "GET /cormun/servlet/trcontratosolicitud?gx-no-cache=1515675408726 HTTP/1.1" 200 14844
186.79.214.243 - - [11/Jan/2018:10:13:35 -0300] "GET /cormun/servlet/trcontratosolicitud?gx-no-cache=1515675408726 HTTP/1.1" 200 14848
186.103.159.230 - - [11/Jan/2018:10:14:47 -0300] "GET /cormun/servlet/hlogin HTTP/1.1" 200 1724
186.79.214.243 - - [11/Jan/2018:10:14:47 -0300] "GET /cormun/servlet/solicitudotcontratos?INS,2018,0,16883799,2,2,2017,5720,INTEGRACION,201711,30,B, HTTP/1.1" 200 9870
186.79.214.243 - - [11/Jan/2018:10:14:47 -0300] "GET /cormun/servlet/solicitudotcontratos?INS,2018,0,16883799,2,2,2017,5720,INTEGRACION,201711,30,B, HTTP/1.1" 200 9880
186.79.214.243 - - [11/Jan/2018:10:14:48 -0300] "GET /cormun/servlet/solicitudotcontratos?9bbe363bed419443060d1961d87e5cbc1f7df5f0871fd4ad2a569b6b4145b17146dd765e41f29c1c5c3fac1f4fc998aa,gx-no-cache=1515676448048 HTTP/1.1" 200 30
186.79.214.243 - - [11/Jan/2018:10:14:48 -0300] "GET /cormun/servlet/solicitudotcontratos?9bbe363bed419443060d1961d87e5cbcda7f26cf327629801da398521288815f28a414b917105de8f68b773a0c75d54d,gx-no-cache=1515676448108 HTTP/1.1" 200 30
186.79.214.243 - - [11/Jan/2018:10:14:48 -0300] "GET /cormun/servlet/solicitudotcontratos?9bbe363bed419443060d1961d87e5cbc03fa8fb7cdc140751e530f51049f097e0a968c4265cfcf2ee8c5eec9411d75f57320b5c0f9ecd0d84434ca04d227da884090ee7df2a377defff8060122744d597034fdcaa5f57b0078aeb9bbf760b289af630db1d93ed07668412be22e6a1e60496fb05a23c3624dc62dad34f37fd39a,gx-no-cache=1515676448164 HTTP/1.1" 200 48
186.79.214.243 - - [11/Jan/2018:10:14:48 -0300] "GET /cormun/servlet/solicitudotcontratos?9bbe363bed419443060d1961d87e5cbc9f3fbff391a851bd0698cc8a7c40baf6e018f4664a42250c32af9d62233e6174,gx-no-cache=1515676448226 HTTP/1.1" 200 30
186.79.214.243 - - [11/Jan/2018:10:14:48 -0300] "GET /cormun/servlet/solicitudotcontratos?9bbe363bed419443060d1961d87e5cbcb198c37f4460e92783676a1e8914d3919f97ab717f3dec75b85eb2308fb155068895ca5c5f9f3a146aa62a4610b4a59e9d23c1563979ab1a2fc3809ecf8d44c6eca20fb8a895a2dacf20325613f2894cd190e16bba48303a790527e773a7a470,gx-no-cache=1515676448283 HTTP/1.1" 200 30
186.79.214.243 - - [11/Jan/2018:10:14:48 -0300] "GET /cormun/servlet/solicitudotcontratos?9bbe363bed419443060d1961d87e5cbca22a995d692a796382b9db00d64350d2ce4245c84ff6ded5851b2cb5e410be1fb837c5d347da0019674c16cbad8e57ec2c08b3882c4694d00caa75849f771c69609c8f857b1c85abccda8e92ac3170129ebc641da4387de41799a0f9186ec9500c00fbc2d432e270fccc99f49de33c1b8b5b75572327fbdfdace0c0762d3a70eb8ae9e5857cf8b9c9ba657ae9b8c1a08d85c1295d635cf4a43384a6cebeb1d1b36e8dc697c8d501a771ed7e60a58d666c400453724ce1d618a8c7f2553914d254b9173f919adefd542230d4fb03aeccea18d24093e13aa437753dbaa653848459b974b9fa0cfb68a2986d46bbee61d971b2a93748828331137e0f06912e6b586195168f6166e2412e8fce63062b2911ab3446c4747396920c93980e326493174eb3e75231f9e1b84ca76de1789022571d326a5f271d9693d7d5de1c3838026f11ef567d245b2c3b4c45897f121c6e6adba99d7890e003033734d9d41545ff8a2c486015248578f99bafad8f83925295bfd075300a6a67a0f5c291350297752ce3c9f327efeccd6afdde3e81990daab1b3af7a4f9afa7fb3178b59e01058bcc421e865673197d4c438ae6933b2d56a3ce262269e9fec150b3a6abd91ea60d0f4802530b355e0b53117aa02b92e9afaf3cd7235a515e9f6c8811ac94be234ae9c5c64c107b035525d7588a5256d76184ae2e8fd5a4982d04e3350df625c81dcde0da0a96308837af546006512e256481398050f9fb01a619aa27c5b26883e2e920f7c9a285a7ce954e4ef525f6e5327f73,gx-no-cache=1515676448372 HTTP/1.1" 200 83
186.79.214.243 - - [11/Jan/2018:10:15:00 -0300] "POST /cormun/servlet/solicitudotcontratos?cb379fd8ac43bd863b60af31387d1183,INS,2018,0,16883799,2,2,2017,5720,INTEGRACION,201711,30,B,,gx-no-cache=1515676459909 HTTP/1.1" 200 10837
186.79.214.243 - - [11/Jan/2018:10:15:00 -0300] "POST /cormun/servlet/solicitudotcontratos?gx-no-cache=1515676460402 HTTP/1.1" 200 1341
186.79.214.243 - - [11/Jan/2018:10:15:00 -0300] "POST /cormun/servlet/solicitudotcontratos?gx-no-cache=1515676460585 HTTP/1.1" 200 1220
186.79.214.243 - - [11/Jan/2018:10:15:00 -0300] "GET /cormun/servlet/solicitudotcontratos?9bbe363bed419443060d1961d87e5cbce1e5e540d077a66029ccb5f2cbff160cbfecf3a62604552c51f1381d6fed87a6c56c725780458a3c5aa61998e7a71988ae85be1619d88b35d0ccd323f654b811548ad9d5eb5e5e8789577b67296d407a1e5bb5e689499f000e8a3ca609f32253cf90f5d2b4813454d358bf5baf0a4bf2,gx-no-cache=1515676460761 HTTP/1.1" 200 30
186.79.214.243 - - [11/Jan/2018:10:15:01 -0300] "POST /cormun/servlet/solicitudotcontratos?cb379fd8ac43bd863b60af31387d1183,INS,2018,0,16883799,2,2,2017,5720,INTEGRACION,201711,30,B,,gx-no-cache=1515676460821 HTTP/1.1" 200 93
186.79.214.243 - - [11/Jan/2018:10:15:01 -0300] "GET /cormun/servlet/hpexe_return? HTTP/1.1" 200 1072
186.103.159.230 - - [11/Jan/2018:10:15:01 -0300] "POST /cormun/servlet/hlogin?96092aa5b0590e3f7af73623435c8e21,gx-no-cache=1515676453909 HTTP/1.1" 200 90
186.103.159.230 - - [11/Jan/2018:10:15:01 -0300] "GET /cormun/servlet/hpexe_link HTTP/1.1" 200 956
186.79.214.243 - - [11/Jan/2018:10:15:01 -0300] "GET /cormun/servlet/trcontratosolicitud?gx-no-cache=1515675408726 HTTP/1.1" 200 14800
186.103.159.230 - - [11/Jan/2018:10:15:01 -0300] "GET /cormun/servlet/hhome HTTP/1.1" 200 4155
186.103.159.230 - - [11/Jan/2018:10:15:02 -0300] "GET /cormun/servlet/hhome HTTP/1.1" 200 4151
186.79.214.243 - - [11/Jan/2018:10:15:02 -0300] "GET /cormun/servlet/trcontratosolicitud?gx-no-cache=1515675408726 HTTP/1.1" 200 14827
186.103.159.230 - - [11/Jan/2018:10:15:06 -0300] "GET /cormun/servlet/trcontratosolicitud? HTTP/1.1" 200 14514
186.103.159.230 - - [11/Jan/2018:10:15:07 -0300] "GET /cormun/servlet/trcontratosolicitud? HTTP/1.1" 200 14511
186.103.159.44 - - [11/Jan/2018:10:15:28 -0300] "POST /cormun/servlet/solicitudot?gx-no-cache=1515676489047 HTTP/1.1" 200 43
186.103.159.44 - - [11/Jan/2018:10:15:30 -0300] "POST /cormun/servlet/solicitudot?gx-no-cache=1515676490960 HTTP/1.1" 200 255
186.103.159.44 - - [11/Jan/2018:10:15:33 -0300] "GET /cormun/servlet/solicitudot?93f5696ec6af881851328fe3ede9ab9aca178af43d1cb26f41301a94ab398fcae16a50620a9e56e52c4599413cc548ac9fa7114163a8dcb9d6f0ae5cc649eb6d06021dc8c0909d2873336f4766f517396e00b0e497829e810b4e23e219a1b793600802f6a441845f1459692f352738711e3044006bda95eb7703312891e587ec6e4bdaff2d8efdd3c7e6c08920ca6d4e84f69498e9b45028094e1fa01c6142a22c3db5dafe86d76a5d0a424bb4b61e6758bf7ef69fe05f4685ce04666d6294fffc8ea7afafaf6176adbcc2cd4fb6cd3bcf42f6c0fa19e9d7884afaadfd9e92630d6bf05bed45f917466ba90f6a2f42f96ed72287f1a22741013c3523bcca41f2dc727155fc5a866893dae2f83b783b5889ef3917a3eb2d140a553eebf4340a2abfb5016d04ad9dd360b8f858953a3fde6e49610b7637176d7ab5830426f480a51c6544c3732a59a34d5aa47046a5447a7b55452e68f5eb02eab4a16ce7fe1e7fca502636db432b557bb5134f3d9b22addc71600080094cc8d5b702185664d3a5,gx-no-cache=1515676492937 HTTP/1.1" 200 30
186.103.159.44 - - [11/Jan/2018:10:15:37 -0300] "POST /cormun/servlet/solicitudot?gx-no-cache=1515676497247 HTTP/1.1" 200 30
186.79.214.243 - - [11/Jan/2018:10:15:48 -0300] "POST /cormun/servlet/trcontratosolicitud?cb379fd8ac43bd863b60af31387d1183,gx-no-cache=1515675408726,gx-no-cache=1515676506990 HTTP/1.1" 200 7409
186.103.159.44 - - [11/Jan/2018:10:16:06 -0300] "POST /cormun/servlet/solicitudot?gx-no-cache=1515676526253 HTTP/1.1" 200 1353
186.103.159.44 - - [11/Jan/2018:10:16:06 -0300] "POST /cormun/servlet/solicitudot?gx-no-cache=1515676526452 HTTP/1.1" 200 38
186.79.214.243 - - [11/Jan/2018:10:16:06 -0300] "POST /cormun/servlet/trcontratosolicitud?cb379fd8ac43bd863b60af31387d1183,gx-no-cache=1515675408726,gx-no-cache=1515676525539 HTTP/1.1" 200 12596
186.103.159.44 - - [11/Jan/2018:10:16:40 -0300] "GET /cormun/servlet/solicitudot?93f5696ec6af881851328fe3ede9ab9a90414a9b43bae076af6ede11eb22171c6968e75b038fc69df4b5228a1baade1d0a1c77f7d1c3a2d06137c0718d2be0595f982d281fafff19880e51018b423e2b0c76bc7aa8d2faeea73b04433751910f0eaf9a1fa0f05350bec69b322d48ab24,gx-no-cache=1515676559811 HTTP/1.1" 200 29
186.103.159.44 - - [11/Jan/2018:10:16:40 -0300] "POST /cormun/servlet/solicitudot?gx-no-cache=1515676560184 HTTP/1.1" 200 219
186.103.159.44 - - [11/Jan/2018:10:16:40 -0300] "GET /cormun/servlet/solicitudot?93f5696ec6af881851328fe3ede9ab9a69dde240a495f9dd20956b2972380152a8614c50d0fcf39cb75798b25dc413488538cfa1a7f9eac7b9d853e7f2580eb73539f9e1548c46ac910285ac94355696da935aa79ce66eea9157b044bdd29cb96968e75b038fc69df4b5228a1baade1dc1a11adf7d1f965e78942db374f08cf7370ae16fbe0b338a181b06704fda282a,gx-no-cache=1515676560276 HTTP/1.1" 200 55
186.103.159.44 - - [11/Jan/2018:10:16:42 -0300] "GET /cormun/static/menuarrow.gif HTTP/1.1" 404 1015
186.103.159.44 - - [11/Jan/2018:10:16:49 -0300] "GET /cormun/servlet/solicitudot?93f5696ec6af881851328fe3ede9ab9aaee2238c4587c2a67663cdb450ef84643e2af2b1eb7fa8d2cb5a99401a42f343,gx-no-cache=1515676569685 HTTP/1.1" 200 30
186.103.159.44 - - [11/Jan/2018:10:16:57 -0300] "POST /cormun/servlet/solicitudot?gx-no-cache=1515676577706 HTTP/1.1" 200 30
186.103.159.44 - - [11/Jan/2018:10:17:10 -0300] "POST /cormun/servlet/solicitudot?7680f75a9c3e26756cadc1e4993d38b7,INS,0,0,,gx-no-cache=1515676589856 HTTP/1.1" 200 93
186.103.159.44 - - [11/Jan/2018:10:17:10 -0300] "GET /cormun/servlet/hpexe_return? HTTP/1.1" 200 1007
186.103.159.44 - - [11/Jan/2018:10:17:10 -0300] "GET /cormun/servlet/trsolicitudot HTTP/1.1" 200 12618
186.67.172.234 - - [11/Jan/2018:10:17:17 -0300] "POST /cormun/servlet/trautorizarsolicitud?6a45060ea41b8c4e5adc1453320c42a0,gx-no-cache=1515676594084 HTTP/1.1" 200 21388
186.67.172.234 - - [11/Jan/2018:10:17:19 -0300] "POST /cormun/servlet/trautorizarsolicitud?6a45060ea41b8c4e5adc1453320c42a0,gx-no-cache=1515676596831 HTTP/1.1" 200 21328
186.67.172.234 - - [11/Jan/2018:10:17:22 -0300] "POST /cormun/servlet/trautorizarsolicitud?6a45060ea41b8c4e5adc1453320c42a0,gx-no-cache=1515676600538 HTTP/1.1" 200 21380
186.67.172.234 - - [11/Jan/2018:10:17:24 -0300] "POST /cormun/servlet/trautorizarsolicitud?6a45060ea41b8c4e5adc1453320c42a0,gx-no-cache=1515676602259 HTTP/1.1" 200 21320
186.103.159.44 - - [11/Jan/2018:10:17:29 -0300] "POST /cormun/servlet/trsolicitudot?7680f75a9c3e26756cadc1e4993d38b7,gx-no-cache=1515676609567 HTTP/1.1" 200 107
186.103.159.44 - - [11/Jan/2018:10:17:29 -0300] "GET /cormun/servlet/trsolicitudadjuntos?2018,8597, HTTP/1.1" 200 6221
186.79.214.243 - - [11/Jan/2018:10:17:33 -0300] "GET /cormun/servlet/solicitudotcontratos?INS,2018,0,17502990,7,6,2017,5022,INTEGRACION,201711,3,B, HTTP/1.1" 200 9855
186.67.172.234 - - [11/Jan/2018:10:17:33 -0300] "POST /cormun/servlet/trautorizarsolicitud?6a45060ea41b8c4e5adc1453320c42a0,gx-no-cache=1515676611506 HTTP/1.1" 200 21354
186.79.214.243 - - [11/Jan/2018:10:17:34 -0300] "GET /cormun/servlet/solicitudotcontratos?INS,2018,0,17502990,7,6,2017,5022,INTEGRACION,201711,3,B, HTTP/1.1" 200 9865
186.79.214.243 - - [11/Jan/2018:10:17:34 -0300] "GET /cormun/servlet/solicitudotcontratos?9bbe363bed419443060d1961d87e5cbc9254ebf078d9df3762c969cffbc5abd346dd765e41f29c1c5c3fac1f4fc998aa,gx-no-cache=1515676614198 HTTP/1.1" 200 30
186.79.214.243 - - [11/Jan/2018:10:17:34 -0300] "GET /cormun/servlet/solicitudotcontratos?9bbe363bed419443060d1961d87e5cbc44d744b9b8d2b01c8ef20654d9fecdba28a414b917105de8f68b773a0c75d54d,gx-no-cache=1515676614294 HTTP/1.1" 200 30
186.79.214.243 - - [11/Jan/2018:10:17:34 -0300] "GET /cormun/servlet/solicitudotcontratos?9bbe363bed419443060d1961d87e5cbc03fa8fb7cdc140751e530f51049f097e0a968c4265cfcf2ee8c5eec9411d75f57320b5c0f9ecd0d84434ca04d227da884090ee7df2a377defff8060122744d598d3ff43f56b11bfa061637e4c7c2ef8b4381c07b105944617c8ed643bf393c905e3111578a41125ac66618e503f56a76,gx-no-cache=1515676614475 HTTP/1.1" 200 50
186.79.214.243 - - [11/Jan/2018:10:17:34 -0300] "GET /cormun/servlet/solicitudotcontratos?9bbe363bed419443060d1961d87e5cbc3eb1b28f3f5fc5b4d97ea997a57f34d3edfad44a3c2539d415a8e0a47545f3aa,gx-no-cache=1515676614540 HTTP/1.1" 200 30
