200.112.48.103 - - [11/Jan/2018:08:33:08 -0300] "GET /cormun/servlet/solicitudot?d2f3a56701823d45e421ff76d4dea7fc12b742f26502fd3c378f57edbc78c2d69b705be3efec20fdece3fd1195e236a3e53d1bf9eff9db5ceff1c410fd1e81d6f7135341a68c4d25d625f7eb59847aa5c9201ec01f789adce15976cafe931dd3256f3a75b00232070cc2a277f780daa487a13baa5bd8398a48b119e0b34e76d25e17191ca36d252b198804df5629df9580e758a506529b85c0ca928ddc9f587cbf8a3476b6cfa0fd4b1530d7337032862cc25664996f6fb5c3329ef8fc6dbd2e34cf79d51d910bf5316f927b9baccb040ba3c3e89643140777af9d3bbfc39af1dbe5a90eab785790b05515bfef16935fa659839d2ccdf9d79e80a49caa0cb149e1f1f7fee709e5db7538c365376e5cb19b98fc87d59785fa9918d8980e56211e37e153a2270377895925ce7e8ede11eb798d96a70f6860795621507a08998f725d12a5d5149b66b7ae8de9f953c0169fab4882d14999ba9be2523ccc20fb2191b1fdfe192c4702d0327e2427e2ef98f9b7e8cef87df91389b272a1469dd96fc6,gx-no-cache=1515670346213 HTTP/1.1" 200 30
200.112.48.103 - - [11/Jan/2018:08:33:08 -0300] "POST /cormun/servlet/solicitudot?gx-no-cache=1515670346373 HTTP/1.1" 200 30
200.112.48.103 - - [11/Jan/2018:08:33:08 -0300] "POST /cormun/servlet/solicitudot?gx-no-cache=1515670346515 HTTP/1.1" 200 1357
200.112.48.103 - - [11/Jan/2018:08:33:08 -0300] "POST /cormun/servlet/solicitudot?gx-no-cache=1515670346752 HTTP/1.1" 200 38
200.112.4.188 - - [11/Jan/2018:08:33:10 -0300] "GET /cormun/servlet/solicitudot?INS,0,0, HTTP/1.1" 200 13922
200.112.4.188 - - [11/Jan/2018:08:33:11 -0300] "GET /cormun/servlet/solicitudot?INS,0,0, HTTP/1.1" 200 13927
200.112.4.188 - - [11/Jan/2018:08:33:13 -0300] "GET /cormun/servlet/prfichaempleado?,MD,,gxPopupLevel%3D0%3B HTTP/1.1" 200 9336
200.112.48.103 - - [11/Jan/2018:08:33:20 -0300] "POST /cormun/servlet/solicitudot?gx-no-cache=1515670358372 HTTP/1.1" 200 30
186.103.159.44 - - [11/Jan/2018:08:33:20 -0300] "POST /cormun/servlet/solicitudot?gx-no-cache=1515670362617 HTTP/1.1" 200 3862
186.103.159.44 - - [11/Jan/2018:08:33:20 -0300] "POST /cormun/servlet/solicitudot?7680f75a9c3e26756cadc1e4993d38b7,INS,0,0,,gx-no-cache=1515670362833 HTTP/1.1" 200 11083
200.112.4.188 - - [11/Jan/2018:08:33:23 -0300] "POST /cormun/servlet/prfichaempleado?fdac12490247b725ab8bbcf563743603,,MD,,gxPopupLevel%3D0%3B,gx-no-cache=1515670366196 HTTP/1.1" 200 3429
200.112.48.103 - - [11/Jan/2018:08:33:24 -0300] "POST /cormun/servlet/solicitudot?gx-no-cache=1515670362865 HTTP/1.1" 200 1357
200.112.48.103 - - [11/Jan/2018:08:33:24 -0300] "POST /cormun/servlet/solicitudot?gx-no-cache=1515670363117 HTTP/1.1" 200 38
186.103.159.44 - - [11/Jan/2018:08:33:25 -0300] "GET /cormun/servlet/solicitudot?93f5696ec6af881851328fe3ede9ab9a8fa7531a7f5f25ce6352c0223bd20cb0d302c4afe19725eef41acb6861285f87,gx-no-cache=1515670367869 HTTP/1.1" 200 30
186.103.159.44 - - [11/Jan/2018:08:33:25 -0300] "POST /cormun/servlet/solicitudot?gx-no-cache=1515670367955 HTTP/1.1" 200 53
186.103.159.44 - - [11/Jan/2018:08:33:25 -0300] "POST /cormun/servlet/solicitudot?gx-no-cache=1515670367997 HTTP/1.1" 200 255
200.112.4.188 - - [11/Jan/2018:08:33:26 -0300] "POST /cormun/servlet/solicitudot?gx-no-cache=1515670368817 HTTP/1.1" 200 3840
186.103.159.44 - - [11/Jan/2018:08:33:26 -0300] "GET /cormun/servlet/solicitudot?93f5696ec6af881851328fe3ede9ab9aca178af43d1cb26f41301a94ab398fcae16a50620a9e56e52c4599413cc548ac9fa7114163a8dcb9d6f0ae5cc649eb6d06021dc8c0909d2873336f4766f517396e00b0e497829e810b4e23e219a1b793600802f6a441845f1459692f352738711e3044006bda95eb7703312891e587ec6e4bdaff2d8efdd3c7e6c08920ca6d4e84f69498e9b45028094e1fa01c6142a22c3db5dafe86d76a5d0a424bb4b61e6758bf7ef69fe05f4685ce04666d6294fffc8ea7afafaf6176adbcc2cd4fb6cd3bcf42f6c0fa19e9d7884afaadfd9e92630d6bf05bed45f917466ba90f6a2f42f96ed72287f1a22741013c3523bcca41f2dc727155fc5a866893dae2f83b783b5889ef3917a3eb2d140a553eebf4340a2abfb5016d04ad9dd360b8f858953a3fde6e49610b7637176d7ab5830426f480a51c6544c3732a59a34d5aa47046a5447a7b55452e68f5eb02eab4a16ce7fe1e7fca502636db432b557bb5134f3d9b22addc71600080094cc8d5b702185664d3a5,gx-no-cache=1515670368061 HTTP/1.1" 200 30
200.112.4.188 - - [11/Jan/2018:08:33:26 -0300] "POST /cormun/servlet/solicitudot?fdac12490247b725ab8bbcf563743603,INS,0,0,,gx-no-cache=1515670369308 HTTP/1.1" 200 10810
200.112.4.188 - - [11/Jan/2018:08:33:26 -0300] "GET /cormun/servlet/solicitudot?0ef28dfdcd90dde18e575c1415baee1440216826726578f424153cd538bef86a5b53145d5829af92cf94aab99c80f9ca,gx-no-cache=1515670369927 HTTP/1.1" 200 30
186.103.159.44 - - [11/Jan/2018:08:33:28 -0300] "POST /cormun/servlet/solicitudot?gx-no-cache=1515670369998 HTTP/1.1" 200 30
200.112.4.188 - - [11/Jan/2018:08:33:28 -0300] "POST /cormun/servlet/solicitudot?gx-no-cache=1515670371452 HTTP/1.1" 200 51
200.112.4.188 - - [11/Jan/2018:08:33:29 -0300] "POST /cormun/servlet/solicitudot?gx-no-cache=1515670371592 HTTP/1.1" 200 255
200.112.4.188 - - [11/Jan/2018:08:33:29 -0300] "GET /cormun/servlet/solicitudot?0ef28dfdcd90dde18e575c1415baee14f5f22a967603a0dc9ce77f4133c5c90f5628f4008dafc31678a8baf2bf41b0dfd2e56f19beb73a1c44aa5e52c031e8bd894c37c21476fde746e5884a7f354104a3fc55cec6d18900ffc857701f184d01bcfd925115fe845b32e9219817d1634dad54b2827e768cd32f33114c5dcfd21241ce5b058b5ef6745b1ab0466cee40bc512d883e52263564fa12ec14f32b394b4c84bb2fd0e6696773f8f1246e811a7c4760ccb6cb32c6ed498fff307e15ba845e0dbc4626af4e1cfdc0595b7708ed067185fc79813148ee0aeadc60a3cdcddc2a2a813edfc0f1a74189f0e5c3475357f1e577a8e6b10d89f3dfafe5e6823d75ee84458d9e527078fe31f947dd7a6d3637c6732fa691df22b1597f8134df9d648835cddb70d80709a83114286b86318a0c5cc21616be27486fdd32e39b011774d2d622d0befccd15d68ebb63f0ad31c9e8a263908b86404cef0718c1c87321f5c7daf63ae6fc15e1d9318022eb956fc7645c3a705ce3da4e118d89aa3c58a584,gx-no-cache=1515670372340 HTTP/1.1" 200 30
200.112.4.188 - - [11/Jan/2018:08:33:39 -0300] "POST /cormun/servlet/solicitudot?gx-no-cache=1515670382541 HTTP/1.1" 200 30
200.112.4.188 - - [11/Jan/2018:08:33:43 -0300] "POST /cormun/servlet/solicitudot?gx-no-cache=1515670386377 HTTP/1.1" 200 1356
200.112.4.188 - - [11/Jan/2018:08:33:43 -0300] "POST /cormun/servlet/solicitudot?gx-no-cache=1515670386521 HTTP/1.1" 200 38
186.103.159.44 - - [11/Jan/2018:08:33:43 -0300] "GET /cormun/servlet/prcontratosol?18040304,,,,,MD,,gxPopupLevel%3D0%3B HTTP/1.1" 200 7422
200.112.48.103 - - [11/Jan/2018:08:33:49 -0300] "GET /cormun/servlet/solicitudot?d2f3a56701823d45e421ff76d4dea7fc729a7022825c9a14dcc497d3ffbc128a3cd7309b288b457313a6b42168e5077f6ee710181f61023c1ebabf10757e55ad5a536f0ae0465a42b84eef70cb0ae18d48ed1c93eedb3e1f7538233e53befb399fef16b7e8373de072d70f4c16a6c66d700a586eec0a0c208c6e51631afc1f42459f47f934d8302029e38edfd1acca034e0daabd52d354d3f28792bc3812f1fa,gx-no-cache=1515670387822 HTTP/1.1" 200 29
200.112.48.103 - - [11/Jan/2018:08:33:49 -0300] "POST /cormun/servlet/solicitudot?gx-no-cache=1515670388007 HTTP/1.1" 200 220
200.112.48.103 - - [11/Jan/2018:08:33:50 -0300] "GET /cormun/servlet/solicitudot?d2f3a56701823d45e421ff76d4dea7fc041fb9e3b5fff8941d31cd9aa7f43ddef58d5f9e6abac88e9b455b9ba41667bddd64f83b7dde7dc9e5a7c9af59908dcbcb50f416a361ea996a1f57fa21a5a0171f664da9bf6c1a41e755afbaf59d8d2c3cd7309b288b457313a6b42168e5077ffd1cd1a6c3c3bbcb5b2b90a086f1faf7cec2610ead38e9ea4cbe5448096a0336,gx-no-cache=1515670388216 HTTP/1.1" 200 55
200.112.48.103 - - [11/Jan/2018:08:33:50 -0300] "GET /cormun/static/menuarrow.gif HTTP/1.1" 404 1015
200.112.48.103 - - [11/Jan/2018:08:33:52 -0300] "POST /cormun/servlet/solicitudot?gx-no-cache=1515670391132 HTTP/1.1" 200 217
200.112.48.103 - - [11/Jan/2018:08:33:53 -0300] "GET /cormun/servlet/solicitudot?d2f3a56701823d45e421ff76d4dea7fc041fb9e3b5fff8941d31cd9aa7f43ddef58d5f9e6abac88e9b455b9ba41667bddd64f83b7dde7dc9e5a7c9af59908dcbcb50f416a361ea996a1f57fa21a5a0171f664da9bf6c1a41e755afbaf59d8d2c3cd7309b288b457313a6b42168e5077ffd1cd1a6c3c3bbcb5b2b90a086f1faf7cec2610ead38e9ea4cbe5448096a0336,gx-no-cache=1515670391361 HTTP/1.1" 200 55
186.103.158.250 - - [11/Jan/2018:08:33:57 -0300] "GET /cormun/servlet/hlogin HTTP/1.1" 200 1724
200.112.48.103 - - [11/Jan/2018:08:33:58 -0300] "GET /cormun/servlet/solicitudot?d2f3a56701823d45e421ff76d4dea7fcfcc851b4c0ebba9aede43b5b11b9c65659b20c1362088863abcbd84e46fb24d4,gx-no-cache=1515670396506 HTTP/1.1" 200 30
186.103.158.250 - - [11/Jan/2018:08:34:15 -0300] "POST /cormun/servlet/hlogin?8f88889e418a771d667cf57649e02004,gx-no-cache=1515670263048 HTTP/1.1" 200 90
186.103.158.250 - - [11/Jan/2018:08:34:15 -0300] "GET /cormun/servlet/hpexe_link HTTP/1.1" 200 953
186.103.158.250 - - [11/Jan/2018:08:34:16 -0300] "GET /cormun/servlet/hhome HTTP/1.1" 200 3952
200.112.48.103 - - [11/Jan/2018:08:34:17 -0300] "POST /cormun/servlet/solicitudot?gx-no-cache=1515670415681 HTTP/1.1" 200 30
186.103.158.250 - - [11/Jan/2018:08:34:19 -0300] "GET /cormun/servlet/hhome HTTP/1.1" 200 3949
186.103.158.250 - - [11/Jan/2018:08:34:25 -0300] "GET /cormun/servlet/trcontratoobservacion? HTTP/1.1" 200 6626
186.103.158.250 - - [11/Jan/2018:08:34:25 -0300] "GET /cormun/static/gxcfg.js?2017525126861 HTTP/1.1" 200 953
186.103.158.250 - - [11/Jan/2018:08:34:26 -0300] "GET /cormun/static/trcontratoobservacion.js?20175251261223 HTTP/1.1" 200 25148
186.103.158.250 - - [11/Jan/2018:08:34:27 -0300] "GET /cormun/servlet/trcontratoobservacion? HTTP/1.1" 200 6625
186.103.159.44 - - [11/Jan/2018:08:34:40 -0300] "POST /cormun/servlet/solicitudot?gx-no-cache=1515670442438 HTTP/1.1" 200 1357
186.103.159.44 - - [11/Jan/2018:08:34:40 -0300] "POST /cormun/servlet/solicitudot?gx-no-cache=1515670442702 HTTP/1.1" 200 38
186.103.159.44 - - [11/Jan/2018:08:34:41 -0300] "GET /cormun/servlet/solicitudot?93f5696ec6af881851328fe3ede9ab9a90414a9b43bae076af6ede11eb22171c6968e75b038fc69df4b5228a1baade1d0a1c77f7d1c3a2d06137c0718d2be05973cd6afc7d0d4252f0d4f49426f97466cafeb2c6b4ae3fe909764abf6d695ede5206a4937f53931110a76920126cf829fa6580f4d356f272592d4187c0fd44e3fb26665823cdf8bcb1eaac1cb933d14a3c924767910d7bc1ab6162bc5da0abae,gx-no-cache=1515670442777 HTTP/1.1" 200 29
186.103.159.44 - - [11/Jan/2018:08:34:41 -0300] "POST /cormun/servlet/solicitudot?gx-no-cache=1515670443200 HTTP/1.1" 200 220
186.103.159.44 - - [11/Jan/2018:08:34:41 -0300] "GET /cormun/servlet/solicitudot?93f5696ec6af881851328fe3ede9ab9a69dde240a495f9dd20956b2972380152a8614c50d0fcf39cb75798b25dc413488538cfa1a7f9eac7b9d853e7f2580eb73539f9e1548c46ac910285ac94355696da935aa79ce66eea9157b044bdd29cb96968e75b038fc69df4b5228a1baade1dc1a11adf7d1f965e78942db374f08cf7370ae16fbe0b338a181b06704fda282a,gx-no-cache=1515670443415 HTTP/1.1" 200 55
186.103.159.44 - - [11/Jan/2018:08:34:41 -0300] "GET /cormun/servlet/solicitudot?93f5696ec6af881851328fe3ede9ab9ac075b8701d6661de98fb0d2796d437fd,gx-no-cache=1515670443858 HTTP/1.1" 200 30
186.103.159.44 - - [11/Jan/2018:08:35:04 -0300] "POST /cormun/servlet/solicitudot?gx-no-cache=1515670466196 HTTP/1.1" 200 1357
186.103.159.44 - - [11/Jan/2018:08:35:04 -0300] "POST /cormun/servlet/solicitudot?gx-no-cache=1515670466420 HTTP/1.1" 200 38
200.112.48.103 - - [11/Jan/2018:08:35:05 -0300] "POST /cormun/servlet/solicitudot?bc2325251ecf88339ac469bc6bd5f685,INS,0,0,,gx-no-cache=1515670463275 HTTP/1.1" 200 93
200.112.48.103 - - [11/Jan/2018:08:35:05 -0300] "GET /cormun/servlet/hpexe_return? HTTP/1.1" 200 1005
200.112.48.103 - - [11/Jan/2018:08:35:06 -0300] "GET /cormun/static/gxcfg.js?2016101716175148 HTTP/1.1" 304 -
200.112.48.103 - - [11/Jan/2018:08:35:06 -0300] "GET /cormun/servlet/trsolicitudot HTTP/1.1" 200 8806
186.103.158.250 - - [11/Jan/2018:08:35:07 -0300] "POST /cormun/servlet/trcontratoobservacion?8f88889e418a771d667cf57649e02004,,gx-no-cache=1515670313495 HTTP/1.1" 200 111
186.103.158.250 - - [11/Jan/2018:08:35:07 -0300] "GET /cormun/ContratoObservacion-8422.xls HTTP/1.1" 200 4608
186.103.159.44 - - [11/Jan/2018:08:35:12 -0300] "GET /cormun/servlet/solicitudot?93f5696ec6af881851328fe3ede9ab9a90414a9b43bae076af6ede11eb22171c6968e75b038fc69df4b5228a1baade1d7ecd3919845c3bc3dc5f08da3aab822b73cd6afc7d0d4252f0d4f49426f97466cafeb2c6b4ae3fe909764abf6d695ede5206a4937f53931110a76920126cf829fa6580f4d356f272592d4187c0fd44e3fb26665823cdf8bcb1eaac1cb933d14a3c924767910d7bc1ab6162bc5da0abae,gx-no-cache=1515670474366 HTTP/1.1" 200 29
200.112.48.103 - - [11/Jan/2018:08:35:19 -0300] "POST /cormun/servlet/trsolicitudot?bc2325251ecf88339ac469bc6bd5f685,gx-no-cache=1515670477637 HTTP/1.1" 200 4671
200.112.48.103 - - [11/Jan/2018:08:35:20 -0300] "POST /cormun/servlet/trsolicitudot?bc2325251ecf88339ac469bc6bd5f685,gx-no-cache=1515670478225 HTTP/1.1" 200 4446
200.112.48.103 - - [11/Jan/2018:08:35:21 -0300] "GET /cormun/static/Shared/jqueryui/images/ui-bg_flat_55_fafafa_40x100.png HTTP/1.1" 404 1097
200.112.48.103 - - [11/Jan/2018:08:35:21 -0300] "GET /cormun/static/Shared/jqueryui/images/ui-icons_8d78a5_256x240.png HTTP/1.1" 404 1089
200.112.48.103 - - [11/Jan/2018:08:35:21 -0300] "GET /cormun/static/Shared/jqueryui/images/ui-icons_82798d_256x240.png HTTP/1.1" 404 1089
200.112.48.103 - - [11/Jan/2018:08:35:21 -0300] "GET /cormun/static/Shared/jqueryui/images/ui-bg_highlight-soft_100_c6c2c8_1x100.png HTTP/1.1" 404 1117
186.103.159.44 - - [11/Jan/2018:08:35:23 -0300] "POST /cormun/servlet/solicitudot?gx-no-cache=1515670485476 HTTP/1.1" 200 220
186.103.159.44 - - [11/Jan/2018:08:35:24 -0300] "GET /cormun/servlet/solicitudot?93f5696ec6af881851328fe3ede9ab9a69dde240a495f9dd20956b2972380152a8614c50d0fcf39cb75798b25dc413488538cfa1a7f9eac7b9d853e7f2580eb73539f9e1548c46ac910285ac94355696da935aa79ce66eea9157b044bdd29cb96968e75b038fc69df4b5228a1baade1dc1a11adf7d1f965e78942db374f08cf7370ae16fbe0b338a181b06704fda282a,gx-no-cache=1515670485786 HTTP/1.1" 200 55
186.103.159.44 - - [11/Jan/2018:08:35:24 -0300] "GET /cormun/static/menuarrow.gif HTTP/1.1" 404 1015
200.112.48.103 - - [11/Jan/2018:08:35:24 -0300] "GET /cormun/servlet/trautorizarsolicitud? HTTP/1.1" 200 8697
200.112.48.103 - - [11/Jan/2018:08:35:24 -0300] "GET /cormun/static/gxcfg.js?2017111423403364 HTTP/1.1" 304 -
186.103.159.44 - - [11/Jan/2018:08:35:25 -0300] "POST /cormun/servlet/solicitudot?gx-no-cache=1515670487131 HTTP/1.1" 200 216
186.103.159.44 - - [11/Jan/2018:08:35:25 -0300] "GET /cormun/servlet/solicitudot?93f5696ec6af881851328fe3ede9ab9a69dde240a495f9dd20956b2972380152a8614c50d0fcf39cb75798b25dc413488538cfa1a7f9eac7b9d853e7f2580eb73539f9e1548c46ac910285ac94355696da935aa79ce66eea9157b044bdd29cb96968e75b038fc69df4b5228a1baade1dc1a11adf7d1f965e78942db374f08cf7370ae16fbe0b338a181b06704fda282a,gx-no-cache=1515670487177 HTTP/1.1" 200 55
200.112.48.103 - - [11/Jan/2018:08:35:30 -0300] "POST /cormun/servlet/trautorizarsolicitud?bc2325251ecf88339ac469bc6bd5f685,,gx-no-cache=1515670487986 HTTP/1.1" 200 4606
200.112.48.103 - - [11/Jan/2018:08:35:30 -0300] "POST /cormun/servlet/trautorizarsolicitud?bc2325251ecf88339ac469bc6bd5f685,,gx-no-cache=1515670488639 HTTP/1.1" 200 4384
200.112.48.103 - - [11/Jan/2018:08:35:31 -0300] "GET /cormun/static/Shared/jqueryui/images/ui-bg_highlight-soft_100_c6c2c8_1x100.png HTTP/1.1" 404 1117
200.112.48.103 - - [11/Jan/2018:08:35:31 -0300] "GET /cormun/static/Shared/jqueryui/images/ui-icons_82798d_256x240.png HTTP/1.1" 404 1089
200.112.48.103 - - [11/Jan/2018:08:35:31 -0300] "GET /cormun/static/Shared/jqueryui/images/ui-bg_flat_55_fafafa_40x100.png HTTP/1.1" 404 1097
200.112.48.103 - - [11/Jan/2018:08:35:31 -0300] "GET /cormun/static/Shared/jqueryui/images/ui-icons_8d78a5_256x240.png HTTP/1.1" 404 1089
186.103.159.44 - - [11/Jan/2018:08:35:32 -0300] "GET /cormun/servlet/solicitudot?93f5696ec6af881851328fe3ede9ab9aaee2238c4587c2a67663cdb450ef84643e2af2b1eb7fa8d2cb5a99401a42f343,gx-no-cache=1515670494380 HTTP/1.1" 200 30
200.112.4.188 - - [11/Jan/2018:08:35:37 -0300] "GET /cormun/servlet/solicitudot?0ef28dfdcd90dde18e575c1415baee1459fa5559b2e9cef4ce0de18385c073f77998582a99cb1cf3cdf4b1bc8a907b63cf2c83964ea39af41d31d38b79e8cc2d1cb97456cf48f0d1be21d8cd92d1b115ed248dfad60270f486c601c4eab8351754bfad4a99dabb93b5f2515b4b5b9f898eca16f63d4554e2cc8c5823f23779d4543f821eb73905b0c63c1433d9fc9e33e5f8c6d0307c0463970433c86c3380d6,gx-no-cache=1515670500703 HTTP/1.1" 200 29
200.112.4.188 - - [11/Jan/2018:08:35:38 -0300] "POST /cormun/servlet/solicitudot?gx-no-cache=1515670500885 HTTP/1.1" 200 220
200.112.4.188 - - [11/Jan/2018:08:35:38 -0300] "GET /cormun/servlet/solicitudot?0ef28dfdcd90dde18e575c1415baee142eec0421c4fbe36328527318ba8d1288e5c58558b4feb03e307142c88025fbc1689ecf77d724299082f4e6c8bbfa8426841e14addbabbd947fb5c4f92b1b86a236f2ffba891440f08dddf21643f54aed7998582a99cb1cf3cdf4b1bc8a907b634f41cda70e1ac180a6d8829e9f85ab23dd477fd5a1c68b400fd8e3b6afcbee36,gx-no-cache=1515670501088 HTTP/1.1" 200 55
200.112.4.188 - - [11/Jan/2018:08:35:38 -0300] "GET /cormun/static/menuarrow.gif HTTP/1.1" 404 1015
200.112.4.188 - - [11/Jan/2018:08:35:39 -0300] "POST /cormun/servlet/solicitudot?gx-no-cache=1515670502498 HTTP/1.1" 200 217
200.112.4.188 - - [11/Jan/2018:08:35:39 -0300] "GET /cormun/servlet/solicitudot?0ef28dfdcd90dde18e575c1415baee142eec0421c4fbe36328527318ba8d1288e5c58558b4feb03e307142c88025fbc1689ecf77d724299082f4e6c8bbfa8426841e14addbabbd947fb5c4f92b1b86a236f2ffba891440f08dddf21643f54aed7998582a99cb1cf3cdf4b1bc8a907b634f41cda70e1ac180a6d8829e9f85ab23dd477fd5a1c68b400fd8e3b6afcbee36,gx-no-cache=1515670502586 HTTP/1.1" 200 55
200.112.4.188 - - [11/Jan/2018:08:35:43 -0300] "GET /cormun/servlet/solicitudot?0ef28dfdcd90dde18e575c1415baee14ee2f976f41b77f23aa6de2e3f38a5901212fb761b83712a4dfca30098cc1f561,gx-no-cache=1515670506805 HTTP/1.1" 200 30
200.112.4.188 - - [11/Jan/2018:08:35:48 -0300] "POST /cormun/servlet/solicitudot?gx-no-cache=1515670510976 HTTP/1.1" 200 30
186.103.159.44 - - [11/Jan/2018:08:35:51 -0300] "POST /cormun/servlet/solicitudot?gx-no-cache=1515670513501 HTTP/1.1" 200 30
200.112.4.188 - - [11/Jan/2018:08:35:57 -0300] "POST /cormun/servlet/solicitudot?fdac12490247b725ab8bbcf563743603,INS,0,0,,gx-no-cache=1515670519817 HTTP/1.1" 200 93
200.112.4.188 - - [11/Jan/2018:08:35:57 -0300] "GET /cormun/servlet/hpexe_return? HTTP/1.1" 200 1008
200.112.4.188 - - [11/Jan/2018:08:35:58 -0300] "GET /cormun/servlet/trsolicitudot HTTP/1.1" 200 17598
200.112.4.188 - - [11/Jan/2018:08:35:58 -0300] "GET /cormun/servlet/trsolicitudot HTTP/1.1" 200 17594
200.112.4.188 - - [11/Jan/2018:08:36:00 -0300] "GET /cormun/servlet/solicitudot?INS,0,0, HTTP/1.1" 200 13922
200.112.4.188 - - [11/Jan/2018:08:36:01 -0300] "GET /cormun/servlet/solicitudot?INS,0,0, HTTP/1.1" 200 13927
200.112.4.188 - - [11/Jan/2018:08:36:04 -0300] "GET /cormun/servlet/prfichaempleado?,MD,,gxPopupLevel%3D0%3B HTTP/1.1" 200 9336
200.112.48.103 - - [11/Jan/2018:08:36:08 -0300] "GET /cormun/servlet/trsolicitudot? HTTP/1.1" 200 7431
200.112.4.188 - - [11/Jan/2018:08:36:13 -0300] "POST /cormun/servlet/prfichaempleado?fdac12490247b725ab8bbcf563743603,,MD,,gxPopupLevel%3D0%3B,gx-no-cache=1515670536251 HTTP/1.1" 200 3194
186.103.159.44 - - [11/Jan/2018:08:36:18 -0300] "POST /cormun/servlet/solicitudot?7680f75a9c3e26756cadc1e4993d38b7,INS,0,0,,gx-no-cache=1515670539749 HTTP/1.1" 200 93
186.103.159.44 - - [11/Jan/2018:08:36:18 -0300] "GET /cormun/servlet/hpexe_return? HTTP/1.1" 200 1007
186.103.159.44 - - [11/Jan/2018:08:36:18 -0300] "GET /cormun/servlet/trsolicitudot HTTP/1.1" 200 9485
200.112.48.103 - - [11/Jan/2018:08:36:23 -0300] "GET /cormun/servlet/trcontratounov2? HTTP/1.1" 200 8437
200.112.4.188 - - [11/Jan/2018:08:36:24 -0300] "POST /cormun/servlet/prfichaempleado?fdac12490247b725ab8bbcf563743603,,MD,,gxPopupLevel%3D0%3B,gx-no-cache=1515670547224 HTTP/1.1" 200 3429
200.112.4.188 - - [11/Jan/2018:08:36:27 -0300] "POST /cormun/servlet/solicitudot?gx-no-cache=1515670549730 HTTP/1.1" 200 3840
200.112.4.188 - - [11/Jan/2018:08:36:27 -0300] "POST /cormun/servlet/solicitudot?fdac12490247b725ab8bbcf563743603,INS,0,0,,gx-no-cache=1515670550233 HTTP/1.1" 200 10809
200.112.4.188 - - [11/Jan/2018:08:36:27 -0300] "GET /cormun/servlet/solicitudot?0ef28dfdcd90dde18e575c1415baee1440216826726578f424153cd538bef86a5b53145d5829af92cf94aab99c80f9ca,gx-no-cache=1515670550819 HTTP/1.1" 200 30
200.112.48.103 - - [11/Jan/2018:08:36:32 -0300] "POST /cormun/servlet/trcontratounov2?bc2325251ecf88339ac469bc6bd5f685,,gx-no-cache=1515670550034 HTTP/1.1" 200 5610
200.112.4.188 - - [11/Jan/2018:08:36:33 -0300] "POST /cormun/servlet/solicitudot?gx-no-cache=1515670556322 HTTP/1.1" 200 51
200.112.4.188 - - [11/Jan/2018:08:36:33 -0300] "POST /cormun/servlet/solicitudot?gx-no-cache=1515670556442 HTTP/1.1" 200 255
200.112.4.188 - - [11/Jan/2018:08:36:33 -0300] "GET /cormun/servlet/solicitudot?0ef28dfdcd90dde18e575c1415baee14f5f22a967603a0dc9ce77f4133c5c90f5628f4008dafc31678a8baf2bf41b0dfd2e56f19beb73a1c44aa5e52c031e8bd894c37c21476fde746e5884a7f354104a3fc55cec6d18900ffc857701f184d01bcfd925115fe845b32e9219817d1634dad54b2827e768cd32f33114c5dcfd21241ce5b058b5ef6745b1ab0466cee40bc512d883e52263564fa12ec14f32b394b4c84bb2fd0e6696773f8f1246e811a7c4760ccb6cb32c6ed498fff307e15ba845e0dbc4626af4e1cfdc0595b7708ed067185fc79813148ee0aeadc60a3cdcddc2a2a813edfc0f1a74189f0e5c3475357f1e577a8e6b10d89f3dfafe5e6823d75ee84458d9e527078fe31f947dd7a6d3637c6732fa691df22b1597f8134df9d648835cddb70d80709a83114286b86318a0c5cc21616be27486fdd32e39b011774d2d622d0befccd15d68ebb63f0ad31c9e8a263908b86404cef0718c1c87321f5c7daf63ae6fc15e1d9318022eb956fc7645c3a705ce3da4e118d89aa3c58a584,gx-no-cache=1515670556576 HTTP/1.1" 200 30
186.103.159.44 - - [11/Jan/2018:08:36:36 -0300] "GET /cormun/servlet/solicitudot?INS,0,0, HTTP/1.1" 200 14048
200.112.4.188 - - [11/Jan/2018:08:36:38 -0300] "POST /cormun/servlet/solicitudot?gx-no-cache=1515670561373 HTTP/1.1" 200 30
200.112.4.188 - - [11/Jan/2018:08:36:40 -0300] "POST /cormun/servlet/solicitudot?gx-no-cache=1515670563642 HTTP/1.1" 200 1356
200.112.4.188 - - [11/Jan/2018:08:36:40 -0300] "POST /cormun/servlet/solicitudot?gx-no-cache=1515670563799 HTTP/1.1" 200 38
200.112.4.188 - - [11/Jan/2018:08:36:51 -0300] "GET /cormun/servlet/solicitudot?0ef28dfdcd90dde18e575c1415baee1459fa5559b2e9cef4ce0de18385c073f77998582a99cb1cf3cdf4b1bc8a907b63cf2c83964ea39af41d31d38b79e8cc2d1cb97456cf48f0d1be21d8cd92d1b115ed248dfad60270f486c601c4eab8351754bfad4a99dabb93b5f2515b4b5b9f898eca16f63d4554e2cc8c5823f23779d4543f821eb73905b0c63c1433d9fc9e33e5f8c6d0307c0463970433c86c3380d6,gx-no-cache=1515670574015 HTTP/1.1" 200 29
200.112.4.188 - - [11/Jan/2018:08:36:51 -0300] "POST /cormun/servlet/solicitudot?gx-no-cache=1515670574094 HTTP/1.1" 200 221
200.112.4.188 - - [11/Jan/2018:08:36:51 -0300] "GET /cormun/servlet/solicitudot?0ef28dfdcd90dde18e575c1415baee142eec0421c4fbe36328527318ba8d1288e5c58558b4feb03e307142c88025fbc1689ecf77d724299082f4e6c8bbfa8426841e14addbabbd947fb5c4f92b1b86a236f2ffba891440f08dddf21643f54aed7998582a99cb1cf3cdf4b1bc8a907b634f41cda70e1ac180a6d8829e9f85ab23dd477fd5a1c68b400fd8e3b6afcbee36,gx-no-cache=1515670574316 HTTP/1.1" 200 55
200.112.4.188 - - [11/Jan/2018:08:36:51 -0300] "GET /cormun/static/menuarrow.gif HTTP/1.1" 404 1015
200.112.4.188 - - [11/Jan/2018:08:36:52 -0300] "POST /cormun/servlet/solicitudot?gx-no-cache=1515670575946 HTTP/1.1" 200 217
200.112.4.188 - - [11/Jan/2018:08:36:53 -0300] "GET /cormun/servlet/solicitudot?0ef28dfdcd90dde18e575c1415baee142eec0421c4fbe36328527318ba8d1288e5c58558b4feb03e307142c88025fbc1689ecf77d724299082f4e6c8bbfa8426841e14addbabbd947fb5c4f92b1b86a236f2ffba891440f08dddf21643f54aed7998582a99cb1cf3cdf4b1bc8a907b634f41cda70e1ac180a6d8829e9f85ab23dd477fd5a1c68b400fd8e3b6afcbee36,gx-no-cache=1515670576045 HTTP/1.1" 200 55
200.112.4.188 - - [11/Jan/2018:08:36:55 -0300] "GET /cormun/servlet/solicitudot?0ef28dfdcd90dde18e575c1415baee14ee2f976f41b77f23aa6de2e3f38a5901212fb761b83712a4dfca30098cc1f561,gx-no-cache=1515670578293 HTTP/1.1" 200 30
200.112.4.188 - - [11/Jan/2018:08:37:02 -0300] "POST /cormun/servlet/solicitudot?gx-no-cache=1515670585769 HTTP/1.1" 200 30
200.112.48.103 - - [11/Jan/2018:08:37:05 -0300] "GET /cormun/servlet/trcontratosolicitud? HTTP/1.1" 200 14704
200.112.4.188 - - [11/Jan/2018:08:37:05 -0300] "POST /cormun/servlet/solicitudot?fdac12490247b725ab8bbcf563743603,INS,0,0,,gx-no-cache=1515670588434 HTTP/1.1" 200 93
200.112.4.188 - - [11/Jan/2018:08:37:06 -0300] "GET /cormun/servlet/hpexe_return? HTTP/1.1" 200 1008
200.112.4.188 - - [11/Jan/2018:08:37:06 -0300] "GET /cormun/servlet/trsolicitudot HTTP/1.1" 200 17809
200.112.4.188 - - [11/Jan/2018:08:37:07 -0300] "GET /cormun/servlet/trsolicitudot HTTP/1.1" 200 17804
200.112.48.103 - - [11/Jan/2018:08:37:10 -0300] "GET /cormun/servlet/trsolicitudot? HTTP/1.1" 200 7431
186.103.159.44 - - [11/Jan/2018:08:37:39 -0300] "POST /cormun/servlet/solicitudot?gx-no-cache=1515670621828 HTTP/1.1" 200 3863
186.103.159.44 - - [11/Jan/2018:08:37:40 -0300] "POST /cormun/servlet/solicitudot?7680f75a9c3e26756cadc1e4993d38b7,INS,0,0,,gx-no-cache=1515670622154 HTTP/1.1" 200 11032
186.103.159.44 - - [11/Jan/2018:08:37:43 -0300] "GET /cormun/servlet/solicitudot?93f5696ec6af881851328fe3ede9ab9a8abce57f82accf3d528da0715a0cb085d302c4afe19725eef41acb6861285f87,gx-no-cache=1515670625613 HTTP/1.1" 200 30
186.103.159.44 - - [11/Jan/2018:08:37:43 -0300] "POST /cormun/servlet/solicitudot?gx-no-cache=1515670625663 HTTP/1.1" 200 51
186.103.159.44 - - [11/Jan/2018:08:37:43 -0300] "POST /cormun/servlet/solicitudot?gx-no-cache=1515670625703 HTTP/1.1" 200 255
186.103.159.44 - - [11/Jan/2018:08:37:44 -0300] "GET /cormun/servlet/solicitudot?93f5696ec6af881851328fe3ede9ab9aca178af43d1cb26f41301a94ab398fcae16a50620a9e56e52c4599413cc548ac9fa7114163a8dcb9d6f0ae5cc649eb6d06021dc8c0909d2873336f4766f517396e00b0e497829e810b4e23e219a1b793600802f6a441845f1459692f352738711e3044006bda95eb7703312891e587ec6e4bdaff2d8efdd3c7e6c08920ca6d4e84f69498e9b45028094e1fa01c6142a22c3db5dafe86d76a5d0a424bb4b61e6758bf7ef69fe05f4685ce04666d6294fffc8ea7afafaf6176adbcc2cd4fb6cd3bcf42f6c0fa19e9d7884afaadfd9e92630d6bf05bed45f917466ba90f6a2f42f96ed72287f1a22741013c3523bcca41f2dc727155fc5a866893dae2f83b783b5889ef3917a3eb2d140a553eebf4340a2abfb5016d04ad9dd360b8f858953a3fde6e49610b7637176d7ab5830426f480a51c6544c3732a59a34d5aa47046a5447a7b55452e68f5eb02eab4a16ce7fe1e7fca502636db432b557bb5134f3d9b22addc71600080094cc8d5b702185664d3a5,gx-no-cache=1515670625754 HTTP/1.1" 200 30
186.103.159.44 - - [11/Jan/2018:08:37:46 -0300] "POST /cormun/servlet/solicitudot?gx-no-cache=1515670628382 HTTP/1.1" 200 30
186.103.159.44 - - [11/Jan/2018:08:37:47 -0300] "GET /cormun/servlet/prcontratosol?18001252,,,,,MD,,gxPopupLevel%3D0%3B HTTP/1.1" 200 7425
186.103.159.44 - - [11/Jan/2018:08:38:01 -0300] "POST /cormun/servlet/solicitudot?gx-no-cache=1515670643026 HTTP/1.1" 200 1357
186.103.159.44 - - [11/Jan/2018:08:38:01 -0300] "POST /cormun/servlet/solicitudot?gx-no-cache=1515670643236 HTTP/1.1" 200 38
186.103.159.44 - - [11/Jan/2018:08:38:01 -0300] "GET /cormun/servlet/solicitudot?93f5696ec6af881851328fe3ede9ab9a90414a9b43bae076af6ede11eb22171c6968e75b038fc69df4b5228a1baade1d7ecd3919845c3bc3dc5f08da3aab822b73cd6afc7d0d4252f0d4f49426f97466cafeb2c6b4ae3fe909764abf6d695ede5206a4937f53931110a76920126cf829fa6580f4d356f272592d4187c0fd44e3fb26665823cdf8bcb1eaac1cb933d14a3c924767910d7bc1ab6162bc5da0abae,gx-no-cache=1515670643275 HTTP/1.1" 200 29
186.103.159.44 - - [11/Jan/2018:08:38:01 -0300] "POST /cormun/servlet/solicitudot?gx-no-cache=1515670643619 HTTP/1.1" 200 221
186.103.159.44 - - [11/Jan/2018:08:38:01 -0300] "GET /cormun/servlet/solicitudot?93f5696ec6af881851328fe3ede9ab9a69dde240a495f9dd20956b2972380152a8614c50d0fcf39cb75798b25dc413488538cfa1a7f9eac7b9d853e7f2580eb73539f9e1548c46ac910285ac94355696da935aa79ce66eea9157b044bdd29cb96968e75b038fc69df4b5228a1baade1dc1a11adf7d1f965e78942db374f08cf7370ae16fbe0b338a181b06704fda282a,gx-no-cache=1515670643698 HTTP/1.1" 200 55
186.103.159.44 - - [11/Jan/2018:08:38:02 -0300] "GET /cormun/servlet/solicitudot?93f5696ec6af881851328fe3ede9ab9ac075b8701d6661de98fb0d2796d437fd,gx-no-cache=1515670644034 HTTP/1.1" 200 30
200.112.4.188 - - [11/Jan/2018:08:38:30 -0300] "POST /cormun/servlet/trsolicitudot?fdac12490247b725ab8bbcf563743603,gx-no-cache=1515670671586 HTTP/1.1" 200 106
200.112.4.188 - - [11/Jan/2018:08:38:30 -0300] "GET /cormun/servlet/solicitudot?UPD,2018,8496, HTTP/1.1" 200 15693
200.112.4.188 - - [11/Jan/2018:08:38:31 -0300] "GET /cormun/servlet/solicitudot?UPD,2018,8496, HTTP/1.1" 200 15702
200.112.4.188 - - [11/Jan/2018:08:38:32 -0300] "POST /cormun/servlet/solicitudot?gx-no-cache=1515670674961 HTTP/1.1" 200 3862
200.112.4.188 - - [11/Jan/2018:08:38:33 -0300] "POST /cormun/servlet/solicitudot?fdac12490247b725ab8bbcf563743603,UPD,2018,8496,,gx-no-cache=1515670675519 HTTP/1.1" 200 12003
200.112.4.188 - - [11/Jan/2018:08:38:33 -0300] "GET /cormun/servlet/solicitudot?0ef28dfdcd90dde18e575c1415baee14a10395c4286dddea58a7864d3babc04936a1beb05a68bb89ac762dc57749f67f,gx-no-cache=1515670676424 HTTP/1.1" 200 30
200.112.4.188 - - [11/Jan/2018:08:38:33 -0300] "POST /cormun/servlet/solicitudot?gx-no-cache=1515670676549 HTTP/1.1" 200 59
200.112.4.188 - - [11/Jan/2018:08:38:33 -0300] "POST /cormun/servlet/solicitudot?gx-no-cache=1515670676699 HTTP/1.1" 200 254
200.112.4.188 - - [11/Jan/2018:08:38:33 -0300] "GET /cormun/servlet/solicitudot?0ef28dfdcd90dde18e575c1415baee14f5f22a967603a0dc9ce77f4133c5c90f5628f4008dafc31678a8baf2bf41b0dfd2e56f19beb73a1c44aa5e52c031e8bd894c37c21476fde746e5884a7f354104a3fc55cec6d18900ffc857701f184d01bcfd925115fe845b32e9219817d1634dad54b2827e768cd32f33114c5dcfd21241ce5b058b5ef6745b1ab0466cee40bc512d883e52263564fa12ec14f32b394b4c84bb2fd0e6696773f8f1246e811a7c4760ccb6cb32c6ed498fff307e15ba845e0dbc4626af4e1cfdc0595b7708ed067185fc79813148ee0aeadc60a3cdcddc2a2a813edfc0f1a74189f0e5c3475357f1e577a8e6b10d89f3dfafe5e6823d75ee84458d9e527078fe31f947dd7a6d3637c6732fa691df22b1597f8134df9d648835cddb70d80709a83114286b86318a0c5cc21616be27486fdd32e39b011774d2d622d0befccd15d68ebb63f0ad31c9e8a263908b86404cef0718c1c87321f5c7daf63ae6fc15e1d9318022eb956fc71978195c1b98d237bf35302c127115b0,gx-no-cache=1515670676860 HTTP/1.1" 200 30
200.112.4.188 - - [11/Jan/2018:08:38:34 -0300] "POST /cormun/servlet/solicitudot?gx-no-cache=1515670676967 HTTP/1.1" 200 30
200.112.4.188 - - [11/Jan/2018:08:38:34 -0300] "POST /cormun/servlet/solicitudot?gx-no-cache=1515670677117 HTTP/1.1" 200 1357
200.112.4.188 - - [11/Jan/2018:08:38:34 -0300] "POST /cormun/servlet/solicitudot?gx-no-cache=1515670677350 HTTP/1.1" 200 41
200.112.48.103 - - [11/Jan/2018:08:38:35 -0300] "GET /cormun/servlet/solicitudot?INS,0,0, HTTP/1.1" 200 14147
200.112.4.188 - - [11/Jan/2018:08:38:37 -0300] "POST /cormun/servlet/solicitudot?fdac12490247b725ab8bbcf563743603,UPD,2018,8496,,gx-no-cache=1515670680291 HTTP/1.1" 200 93
200.112.4.188 - - [11/Jan/2018:08:38:37 -0300] "GET /cormun/servlet/hpexe_return? HTTP/1.1" 200 1015
200.112.4.188 - - [11/Jan/2018:08:38:38 -0300] "GET /cormun/servlet/trsolicitudot HTTP/1.1" 200 17809
200.112.4.188 - - [11/Jan/2018:08:38:39 -0300] "GET /cormun/servlet/trsolicitudot HTTP/1.1" 200 17804
200.112.4.188 - - [11/Jan/2018:08:38:47 -0300] "POST /cormun/servlet/trsolicitudot?fdac12490247b725ab8bbcf563743603,gx-no-cache=1515670689781 HTTP/1.1" 200 106
200.112.4.188 - - [11/Jan/2018:08:38:48 -0300] "GET /cormun/servlet/solicitudot?UPD,2018,8497, HTTP/1.1" 200 15692
200.112.4.188 - - [11/Jan/2018:08:38:48 -0300] "GET /cormun/servlet/solicitudot?UPD,2018,8497, HTTP/1.1" 200 15702
200.112.4.188 - - [11/Jan/2018:08:38:49 -0300] "POST /cormun/servlet/solicitudot?gx-no-cache=1515670692137 HTTP/1.1" 200 3862
200.112.4.188 - - [11/Jan/2018:08:38:50 -0300] "POST /cormun/servlet/solicitudot?fdac12490247b725ab8bbcf563743603,UPD,2018,8497,,gx-no-cache=1515670692694 HTTP/1.1" 200 12007
200.112.4.188 - - [11/Jan/2018:08:38:50 -0300] "GET /cormun/servlet/solicitudot?0ef28dfdcd90dde18e575c1415baee14a10395c4286dddea58a7864d3babc04936a1beb05a68bb89ac762dc57749f67f,gx-no-cache=1515670693276 HTTP/1.1" 200 30
200.112.4.188 - - [11/Jan/2018:08:38:50 -0300] "POST /cormun/servlet/solicitudot?gx-no-cache=1515670693377 HTTP/1.1" 200 59
200.112.4.188 - - [11/Jan/2018:08:38:50 -0300] "POST /cormun/servlet/solicitudot?gx-no-cache=1515670693512 HTTP/1.1" 200 254
200.112.4.188 - - [11/Jan/2018:08:38:50 -0300] "GET /cormun/servlet/solicitudot?0ef28dfdcd90dde18e575c1415baee14f5f22a967603a0dc9ce77f4133c5c90f5628f4008dafc31678a8baf2bf41b0dfd2e56f19beb73a1c44aa5e52c031e8bd894c37c21476fde746e5884a7f354104a3fc55cec6d18900ffc857701f184d01bcfd925115fe845b32e9219817d1634dad54b2827e768cd32f33114c5dcfd21241ce5b058b5ef6745b1ab0466cee40bc512d883e52263564fa12ec14f32b394b4c84bb2fd0e6696773f8f1246e811a7c4760ccb6cb32c6ed498fff307e15ba845e0dbc4626af4e1cfdc0595b7708ed067185fc79813148ee0aeadc60a3cdcddc2a2a813edfc0f1a74189f0e5c3475357f1e577a8e6b10d89f3dfafe5e6823d75ee84458d9e527078fe31f947dd7a6d3637c6732fa691df22b1597f8134df9d648835cddb70d80709a83114286b86318a0c5cc21616be27486fdd32e39b011774d2d622d0befccd15d68ebb63f0ad31c9e8a263908b86404cef0718c1c87321f5c7daf63ae6fc15e1d9318022eb956fc71978195c1b98d237bf35302c127115b0,gx-no-cache=1515670693667 HTTP/1.1" 200 30
200.112.4.188 - - [11/Jan/2018:08:38:50 -0300] "POST /cormun/servlet/solicitudot?gx-no-cache=1515670693797 HTTP/1.1" 200 30
200.112.4.188 - - [11/Jan/2018:08:38:51 -0300] "POST /cormun/servlet/solicitudot?gx-no-cache=1515670693893 HTTP/1.1" 200 1356
200.112.4.188 - - [11/Jan/2018:08:38:51 -0300] "POST /cormun/servlet/solicitudot?gx-no-cache=1515670694122 HTTP/1.1" 200 41
200.112.48.103 - - [11/Jan/2018:08:38:52 -0300] "GET /cormun/servlet/trcontratounov2? HTTP/1.1" 200 8055
200.112.4.188 - - [11/Jan/2018:08:38:55 -0300] "POST /cormun/servlet/solicitudot?gx-no-cache=1515670698253 HTTP/1.1" 200 30
200.112.4.188 - - [11/Jan/2018:08:38:59 -0300] "POST /cormun/servlet/solicitudot?gx-no-cache=1515670702466 HTTP/1.1" 200 1356
200.112.4.188 - - [11/Jan/2018:08:38:59 -0300] "POST /cormun/servlet/solicitudot?gx-no-cache=1515670702734 HTTP/1.1" 200 41
200.112.4.188 - - [11/Jan/2018:08:38:59 -0300] "GET /cormun/servlet/solicitudot?0ef28dfdcd90dde18e575c1415baee14aef289140e958d672b9427ee01c64cdd1bfbdc00b2177d8ac9ccb8da474cfc054bd7f0379ebef7c34f4b0184e810eba069b0bc8b10c8723a4f464a3481067af6e7dcff5e5478f3bc4096fe34e7da084b2c0b8ea75dad138e0163e9ec81f87ec2edbe39f4f2a66bbfcfcdd026bc1b39a91ad77242d67a15955ded2230a76b643f8aa80ab9296ecee8e7819762ee973ef9,gx-no-cache=1515670702880 HTTP/1.1" 200 29
200.112.4.188 - - [11/Jan/2018:08:39:00 -0300] "POST /cormun/servlet/solicitudot?gx-no-cache=1515670702966 HTTP/1.1" 200 1339
200.112.4.188 - - [11/Jan/2018:08:39:00 -0300] "POST /cormun/servlet/solicitudot?gx-no-cache=1515670703181 HTTP/1.1" 200 1221
200.112.4.188 - - [11/Jan/2018:08:39:00 -0300] "GET /cormun/servlet/solicitudot?0ef28dfdcd90dde18e575c1415baee14ee2f976f41b77f23aa6de2e3f38a5901212fb761b83712a4dfca30098cc1f561,gx-no-cache=1515670703391 HTTP/1.1" 200 30
200.112.4.188 - - [11/Jan/2018:08:39:00 -0300] "POST /cormun/servlet/solicitudot?gx-no-cache=1515670703472 HTTP/1.1" 200 30
200.112.4.188 - - [11/Jan/2018:08:39:01 -0300] "POST /cormun/servlet/solicitudot?fdac12490247b725ab8bbcf563743603,UPD,2018,8497,,gx-no-cache=1515670703620 HTTP/1.1" 200 12298
200.112.4.188 - - [11/Jan/2018:08:39:01 -0300] "GET /cormun/static/Shared/jqueryui/images/ui-bg_highlight-soft_100_c6c2c8_1x100.png HTTP/1.1" 404 1117
200.112.4.188 - - [11/Jan/2018:08:39:01 -0300] "GET /cormun/static/Shared/jqueryui/images/ui-bg_flat_55_994d53_40x100.png HTTP/1.1" 404 1097
200.112.4.188 - - [11/Jan/2018:08:39:01 -0300] "GET /cormun/static/Shared/jqueryui/images/ui-icons_82798d_256x240.png HTTP/1.1" 404 1089
200.112.4.188 - - [11/Jan/2018:08:39:01 -0300] "GET /cormun/static/Shared/jqueryui/images/ui-icons_ebccce_256x240.png HTTP/1.1" 404 1089
200.112.4.188 - - [11/Jan/2018:08:39:03 -0300] "POST /cormun/servlet/solicitudot?fdac12490247b725ab8bbcf563743603,UPD,2018,8497,,gx-no-cache=1515670706073 HTTP/1.1" 200 93
200.112.4.188 - - [11/Jan/2018:08:39:03 -0300] "GET /cormun/servlet/hpexe_return? HTTP/1.1" 200 1014
200.112.4.188 - - [11/Jan/2018:08:39:04 -0300] "GET /cormun/servlet/trsolicitudot HTTP/1.1" 200 17809
200.112.4.188 - - [11/Jan/2018:08:39:04 -0300] "GET /cormun/servlet/trsolicitudot HTTP/1.1" 200 17804
200.112.48.103 - - [11/Jan/2018:08:39:10 -0300] "GET /cormun/servlet/trcontratounov2? HTTP/1.1" 200 8049
200.112.48.103 - - [11/Jan/2018:08:39:14 -0300] "GET /cormun/servlet/trcontratosolicitud? HTTP/1.1" 200 14704
200.112.48.103 - - [11/Jan/2018:08:39:34 -0300] "GET /cormun/servlet/trcontratounov2? HTTP/1.1" 200 8039
200.112.48.103 - - [11/Jan/2018:08:39:57 -0300] "GET /cormun/servlet/trsolicitudot? HTTP/1.1" 200 7428
186.103.159.44 - - [11/Jan/2018:08:40:05 -0300] "GET /cormun/servlet/prcontratosol?18001252,,,,,MD,,gxPopupLevel%3D0%3B HTTP/1.1" 200 7425
200.112.48.103 - - [11/Jan/2018:08:40:13 -0300] "POST /cormun/servlet/trsolicitudot?bc2325251ecf88339ac469bc6bd5f685,,gx-no-cache=1515670771311 HTTP/1.1" 200 4479
186.103.159.44 - - [11/Jan/2018:08:40:21 -0300] "POST /cormun/servlet/solicitudot?gx-no-cache=1515670783567 HTTP/1.1" 200 1357
186.103.159.44 - - [11/Jan/2018:08:40:21 -0300] "POST /cormun/servlet/solicitudot?gx-no-cache=1515670783801 HTTP/1.1" 200 38
200.112.48.103 - - [11/Jan/2018:08:40:29 -0300] "GET /cormun/servlet/trautorizarsolicitud? HTTP/1.1" 200 7338
186.103.159.44 - - [11/Jan/2018:08:40:32 -0300] "POST /cormun/servlet/solicitudot?gx-no-cache=1515670794180 HTTP/1.1" 200 219
186.103.159.44 - - [11/Jan/2018:08:40:32 -0300] "GET /cormun/servlet/solicitudot?93f5696ec6af881851328fe3ede9ab9a69dde240a495f9dd20956b2972380152a8614c50d0fcf39cb75798b25dc413488538cfa1a7f9eac7b9d853e7f2580eb73539f9e1548c46ac910285ac94355696da935aa79ce66eea9157b044bdd29cb96968e75b038fc69df4b5228a1baade1dc1a11adf7d1f965e78942db374f08cf7370ae16fbe0b338a181b06704fda282a,gx-no-cache=1515670794232 HTTP/1.1" 200 55
186.103.159.44 - - [11/Jan/2018:08:40:32 -0300] "GET /cormun/static/menuarrow.gif HTTP/1.1" 404 1015
186.103.159.44 - - [11/Jan/2018:08:40:34 -0300] "POST /cormun/servlet/solicitudot?gx-no-cache=1515670796353 HTTP/1.1" 200 217
186.103.159.44 - - [11/Jan/2018:08:40:34 -0300] "GET /cormun/servlet/solicitudot?93f5696ec6af881851328fe3ede9ab9a69dde240a495f9dd20956b2972380152a8614c50d0fcf39cb75798b25dc413488538cfa1a7f9eac7b9d853e7f2580eb73539f9e1548c46ac910285ac94355696da935aa79ce66eea9157b044bdd29cb96968e75b038fc69df4b5228a1baade1dc1a11adf7d1f965e78942db374f08cf7370ae16fbe0b338a181b06704fda282a,gx-no-cache=1515670796394 HTTP/1.1" 200 55
200.112.48.103 - - [11/Jan/2018:08:40:34 -0300] "GET /cormun/servlet/trvisualizadoreventos? HTTP/1.1" 200 6974
200.112.48.103 - - [11/Jan/2018:08:40:34 -0300] "GET /cormun/static/gxcfg.js?20175251251426 HTTP/1.1" 304 -
186.103.159.44 - - [11/Jan/2018:08:40:40 -0300] "GET /cormun/servlet/solicitudot?93f5696ec6af881851328fe3ede9ab9aaee2238c4587c2a67663cdb450ef84643e2af2b1eb7fa8d2cb5a99401a42f343,gx-no-cache=1515670802643 HTTP/1.1" 200 30
186.103.159.44 - - [11/Jan/2018:08:40:49 -0300] "POST /cormun/servlet/solicitudot?gx-no-cache=1515670811614 HTTP/1.1" 200 30
200.112.4.188 - - [11/Jan/2018:08:40:58 -0300] "GET /cormun/servlet/solicitudot?INS,0,0, HTTP/1.1" 200 13921
186.103.158.250 - - [11/Jan/2018:08:40:59 -0300] "GET /cormun/servlet/hlogin HTTP/1.1" 200 1724
200.112.4.188 - - [11/Jan/2018:08:40:59 -0300] "GET /cormun/servlet/solicitudot?INS,0,0, HTTP/1.1" 200 13926
200.112.48.103 - - [11/Jan/2018:08:40:59 -0300] "GET /cormun/servlet/trcontratosolicitud? HTTP/1.1" 200 14712
200.112.4.188 - - [11/Jan/2018:08:41:01 -0300] "GET /cormun/servlet/prfichaempleado?,MD,,gxPopupLevel%3D0%3B HTTP/1.1" 200 9336
200.112.4.188 - - [11/Jan/2018:08:41:11 -0300] "POST /cormun/servlet/prfichaempleado?fdac12490247b725ab8bbcf563743603,,MD,,gxPopupLevel%3D0%3B,gx-no-cache=1515670833709 HTTP/1.1" 200 3426
200.112.4.188 - - [11/Jan/2018:08:41:14 -0300] "POST /cormun/servlet/solicitudot?gx-no-cache=1515670837613 HTTP/1.1" 200 3875
200.112.4.188 - - [11/Jan/2018:08:41:15 -0300] "POST /cormun/servlet/solicitudot?fdac12490247b725ab8bbcf563743603,INS,0,0,,gx-no-cache=1515670838077 HTTP/1.1" 200 10866
200.112.4.188 - - [11/Jan/2018:08:41:15 -0300] "GET /cormun/servlet/solicitudot?0ef28dfdcd90dde18e575c1415baee14a333df6b0d0d5d43137c4d0da4f8f6365b53145d5829af92cf94aab99c80f9ca,gx-no-cache=1515670838657 HTTP/1.1" 200 30
200.112.4.188 - - [11/Jan/2018:08:41:16 -0300] "POST /cormun/servlet/solicitudot?gx-no-cache=1515670839764 HTTP/1.1" 200 53
200.112.4.188 - - [11/Jan/2018:08:41:16 -0300] "POST /cormun/servlet/solicitudot?gx-no-cache=1515670839865 HTTP/1.1" 200 297
200.112.4.188 - - [11/Jan/2018:08:41:16 -0300] "GET /cormun/servlet/solicitudot?0ef28dfdcd90dde18e575c1415baee14f5f22a967603a0dc9ce77f4133c5c90f0f8030b97226761566075656b6684e76d2e56f19beb73a1c44aa5e52c031e8bd894c37c21476fde746e5884a7f354104a3fc55cec6d18900ffc857701f184d01bcfd925115fe845b32e9219817d1634dad54b2827e768cd32f33114c5dcfd21241ce5b058b5ef6745b1ab0466cee40bc512d883e52263564fa12ec14f32b394b4c84bb2fd0e6696773f8f1246e811a7c4760ccb6cb32c6ed498fff307e15ba845e0dbc4626af4e1cfdc0595b7708ed067185fc79813148ee0aeadc60a3cdcddc2a2a813edfc0f1a74189f0e5c347535759b7b1196b4b22cce0be0b2d4d029840ee84458d9e527078fe31f947dd7a6d367e61d24b8d0a724801a992c3de5acfc42d4ef2e2b289a177a74a1f68b70b6cf81648c0b710ed4bdc2108e051d9b6240f0fa8966df06195cc8a7cf6ce4f784838424a55eb693dd3dcf253f0d12a8bfe2ad8a4c3f1c40bb2766a60fc54f71c975693726cb32ce829aeaee41d53ec427de7f116ca37f762ec400b9ee6e7454f959b,gx-no-cache=1515670839969 HTTP/1.1" 200 30
200.112.4.188 - - [11/Jan/2018:08:41:18 -0300] "POST /cormun/servlet/solicitudot?gx-no-cache=1515670841590 HTTP/1.1" 200 30
186.103.159.44 - - [11/Jan/2018:08:41:27 -0300] "POST /cormun/servlet/solicitudot?7680f75a9c3e26756cadc1e4993d38b7,INS,0,0,,gx-no-cache=1515670849241 HTTP/1.1" 200 93
186.103.159.44 - - [11/Jan/2018:08:41:27 -0300] "GET /cormun/servlet/hpexe_return? HTTP/1.1" 200 1007
186.103.159.44 - - [11/Jan/2018:08:41:27 -0300] "GET /cormun/servlet/trsolicitudot HTTP/1.1" 200 9867
200.112.4.188 - - [11/Jan/2018:08:41:28 -0300] "POST /cormun/servlet/solicitudot?gx-no-cache=1515670851488 HTTP/1.1" 200 1356
200.112.4.188 - - [11/Jan/2018:08:41:28 -0300] "POST /cormun/servlet/solicitudot?gx-no-cache=1515670851622 HTTP/1.1" 200 38
200.112.4.188 - - [11/Jan/2018:08:41:37 -0300] "GET /cormun/servlet/solicitudot?0ef28dfdcd90dde18e575c1415baee1459fa5559b2e9cef4ce0de18385c073f77998582a99cb1cf3cdf4b1bc8a907b6323b4c4c9ad065f8a4766819ee2f445a38a6732c2dbccedb23984df3a998300f99b0a7ed7c612955898c43c960fcfdd3dec09db83b2111296df354bd840d2e7ef,gx-no-cache=1515670860583 HTTP/1.1" 200 29
200.112.4.188 - - [11/Jan/2018:08:41:37 -0300] "POST /cormun/servlet/solicitudot?gx-no-cache=1515670860657 HTTP/1.1" 200 220
200.112.4.188 - - [11/Jan/2018:08:41:37 -0300] "GET /cormun/servlet/solicitudot?0ef28dfdcd90dde18e575c1415baee142eec0421c4fbe36328527318ba8d1288e5c58558b4feb03e307142c88025fbc1689ecf77d724299082f4e6c8bbfa8426841e14addbabbd947fb5c4f92b1b86a236f2ffba891440f08dddf21643f54aed7998582a99cb1cf3cdf4b1bc8a907b634f41cda70e1ac180a6d8829e9f85ab23dd477fd5a1c68b400fd8e3b6afcbee36,gx-no-cache=1515670860830 HTTP/1.1" 200 55
200.112.4.188 - - [11/Jan/2018:08:41:37 -0300] "GET /cormun/static/menuarrow.gif HTTP/1.1" 404 1015
200.112.4.188 - - [11/Jan/2018:08:41:40 -0300] "POST /cormun/servlet/solicitudot?gx-no-cache=1515670863449 HTTP/1.1" 200 217
200.112.4.188 - - [11/Jan/2018:08:41:40 -0300] "GET /cormun/servlet/solicitudot?0ef28dfdcd90dde18e575c1415baee142eec0421c4fbe36328527318ba8d1288e5c58558b4feb03e307142c88025fbc1689ecf77d724299082f4e6c8bbfa8426841e14addbabbd947fb5c4f92b1b86a236f2ffba891440f08dddf21643f54aed7998582a99cb1cf3cdf4b1bc8a907b634f41cda70e1ac180a6d8829e9f85ab23dd477fd5a1c68b400fd8e3b6afcbee36,gx-no-cache=1515670863572 HTTP/1.1" 200 55
200.112.4.188 - - [11/Jan/2018:08:41:43 -0300] "GET /cormun/servlet/solicitudot?0ef28dfdcd90dde18e575c1415baee14ee2f976f41b77f23aa6de2e3f38a5901212fb761b83712a4dfca30098cc1f561,gx-no-cache=1515670866341 HTTP/1.1" 200 30
200.112.4.188 - - [11/Jan/2018:08:41:49 -0300] "POST /cormun/servlet/solicitudot?gx-no-cache=1515670872738 HTTP/1.1" 200 30
200.112.48.103 - - [11/Jan/2018:08:41:56 -0300] "GET /cormun/servlet/solicitudotcontratos?INS,2018,0,16960833,4,2,2017,1725,LEY+SEP,201711,35,B, HTTP/1.1" 200 9992
200.112.48.103 - - [11/Jan/2018:08:41:56 -0300] "GET /cormun/static/gxcfg.js?2018191138350 HTTP/1.1" 304 -
200.112.48.103 - - [11/Jan/2018:08:41:56 -0300] "GET /cormun/static/solicitudotcontratos.js?20181911383611 HTTP/1.1" 304 -
200.112.48.103 - - [11/Jan/2018:08:41:57 -0300] "GET /cormun/servlet/solicitudotcontratos?d2f3a56701823d45e421ff76d4dea7fc6d04eb2206be4d35b919ef3bbaec8a393ef91312942f797ab4f315e9328a2b58,gx-no-cache=1515670875923 HTTP/1.1" 200 30
200.112.48.103 - - [11/Jan/2018:08:41:57 -0300] "GET /cormun/servlet/solicitudotcontratos?d2f3a56701823d45e421ff76d4dea7fc7d04567e90e061226736cc86560c2f91a2a1a00eb913ae42a72828d4f2a7b092,gx-no-cache=1515670875994 HTTP/1.1" 200 30
200.112.48.103 - - [11/Jan/2018:08:41:57 -0300] "GET /cormun/servlet/solicitudotcontratos?d2f3a56701823d45e421ff76d4dea7fc95cda15b169913fc1eccfbd6e44e2f68b0c4c4bb5675c78639b13712bfe2a4311dad3e02a1a3f0c03be94d2c2effe74e2a163d9e214c206b5ae9d6f5e309eca7bd33c5a42b950fad1a9805c08dba69f6d4f615bd39ded863002931b70192231712eec940ccf786a3f3b721d279bdbc0f,gx-no-cache=1515670876060 HTTP/1.1" 200 48
200.112.48.103 - - [11/Jan/2018:08:41:57 -0300] "GET /cormun/servlet/solicitudotcontratos?d2f3a56701823d45e421ff76d4dea7fc21b8b81cbcd824bb686581f9d7f338826f266fe0e5ff0bdb53f37ce4ef71af31,gx-no-cache=1515670876130 HTTP/1.1" 200 30
200.112.48.103 - - [11/Jan/2018:08:41:58 -0300] "GET /cormun/servlet/solicitudotcontratos?d2f3a56701823d45e421ff76d4dea7fc1358ddbf20f433afb2ed5711346639ce62a4dfecdd8a793e92f8acea216d1606dd64f83b7dde7dc9e5a7c9af59908dcb8e74794f8537735950109bdf86eb8239f40797a931c2c10452229abcaa82276e36d33271b2f8c69b2bb664e87afe3e90,gx-no-cache=1515670876205 HTTP/1.1" 200 30
200.112.48.103 - - [11/Jan/2018:08:41:58 -0300] "GET /cormun/servlet/solicitudotcontratos?d2f3a56701823d45e421ff76d4dea7fc592d40b508545ffdd64765eb7b811d906f7670d579754e4270347f9e898d3725e612ba858c973c2bd1933a257a0fc6a5dd64f83b7dde7dc9e5a7c9af59908dcb1a6f508f504869e0178c2026d81bbe278badc1f66c1715aa80e1b5a1be6b00a1011afbe3bedaf3094246f6360376f6dbfa91288f6612ca31f52f57aca50c760eca305030f494d9c03c4038950eab733ee612ba858c973c2bd1933a257a0fc6a5f0ebf7dd791d0e11233a02381a3266d21bb9b2a7c8c1284ca2922b0adb5877e1cca7da50389a71cd256564da102aeb328c7fba39457b9f6cab4489800c1477b588c7acc0d54182b3318780ef01a699433ce71c7f497693d208ce267efebbc58660d1ed95cefe147982362c11a6295ecaf20a68933378792a055b76847e530f60abc6ff06542aad19c8ce9fb2eca370cfcb264b8a0fdb1413f09807017435b4a07122b18c3cce7ed7b8c9425a1ec1b679d0984b6f34a1f01e21c3169c50c139e7aa3d974fa62c134bfe0cb1bf5a10f96e72a0421d558d0cf463f24bba164a5c14e1334fc83c200facac9d60da133e655fe13566b86230b9ce7378a7dc2b4e3238a6e61ba1794c54b9e96d106f123f92b20cb9c79131114b3d32eee88c8e9c51429576450b02ccf5654ea84417ae4309e5b2cf7277d87b2d75721b1467e4f46257e870dceb9d93223dd988ed79577fc1d4b1ac1ac1d90eba1fc0b5fcbaa6c9bf17c09d63b59a88bf11c42e83e00dd6d3f3914caf343a3cf92156a585da91a3299a2d3b8f4c6d504841cab03ba4accc342b,gx-no-cache=1515670876280 HTTP/1.1" 200 79
200.112.48.103 - - [11/Jan/2018:08:42:03 -0300] "POST /cormun/servlet/solicitudotcontratos?bc2325251ecf88339ac469bc6bd5f685,INS,2018,0,16960833,4,2,2017,1725,LEY+SEP,201711,35,B,,gx-no-cache=1515670880956 HTTP/1.1" 200 10812
200.112.48.103 - - [11/Jan/2018:08:42:03 -0300] "POST /cormun/servlet/solicitudotcontratos?gx-no-cache=1515670881554 HTTP/1.1" 200 1342
200.112.48.103 - - [11/Jan/2018:08:42:03 -0300] "POST /cormun/servlet/solicitudotcontratos?gx-no-cache=1515670881758 HTTP/1.1" 200 1220
200.112.48.103 - - [11/Jan/2018:08:42:03 -0300] "GET /cormun/servlet/solicitudotcontratos?d2f3a56701823d45e421ff76d4dea7fcc6a7ba3784c6de16b7b70506fe7a60a497ea53bfbadc1a1715dec2aa83669ef3c4bc123c8e73acf3ec846cc23143eb26343da6c6425d46715cece1cbeb83d22f94b6483e21057c187928269e297b037823e356396e595c8764cfd42456beae9200fcb648b0a5f42454721ef88e1bc0f4,gx-no-cache=1515670881934 HTTP/1.1" 200 30
200.112.4.188 - - [11/Jan/2018:08:42:04 -0300] "POST /cormun/servlet/solicitudot?fdac12490247b725ab8bbcf563743603,INS,0,0,,gx-no-cache=1515670886050 HTTP/1.1" 200 93
200.112.4.188 - - [11/Jan/2018:08:42:04 -0300] "GET /cormun/servlet/hpexe_return? HTTP/1.1" 200 1008
200.112.48.103 - - [11/Jan/2018:08:42:04 -0300] "POST /cormun/servlet/solicitudotcontratos?bc2325251ecf88339ac469bc6bd5f685,INS,2018,0,16960833,4,2,2017,1725,LEY+SEP,201711,35,B,,gx-no-cache=1515670882006 HTTP/1.1" 200 93
200.112.48.103 - - [11/Jan/2018:08:42:04 -0300] "GET /cormun/servlet/hpexe_return? HTTP/1.1" 200 1049
200.112.4.188 - - [11/Jan/2018:08:42:04 -0300] "GET /cormun/servlet/trsolicitudot HTTP/1.1" 200 18258
200.112.48.103 - - [11/Jan/2018:08:42:04 -0300] "GET /cormun/servlet/trcontratosolicitud HTTP/1.1" 200 14704
200.112.4.188 - - [11/Jan/2018:08:42:05 -0300] "GET /cormun/servlet/trsolicitudot HTTP/1.1" 200 18254
200.112.4.188 - - [11/Jan/2018:08:42:13 -0300] "POST /cormun/servlet/trsolicitudot?fdac12490247b725ab8bbcf563743603,gx-no-cache=1515670894860 HTTP/1.1" 200 105
200.112.4.188 - - [11/Jan/2018:08:42:13 -0300] "GET /cormun/servlet/solicitudot?UPD,2018,8528, HTTP/1.1" 200 15665
200.112.4.188 - - [11/Jan/2018:08:42:13 -0300] "GET /cormun/servlet/solicitudot?UPD,2018,8528, HTTP/1.1" 200 15674
200.112.4.188 - - [11/Jan/2018:08:42:14 -0300] "POST /cormun/servlet/solicitudot?gx-no-cache=1515670897298 HTTP/1.1" 200 3840
200.112.4.188 - - [11/Jan/2018:08:42:15 -0300] "POST /cormun/servlet/solicitudot?fdac12490247b725ab8bbcf563743603,UPD,2018,8528,,gx-no-cache=1515670897871 HTTP/1.1" 200 11973
200.112.4.188 - - [11/Jan/2018:08:42:15 -0300] "GET /cormun/servlet/solicitudot?0ef28dfdcd90dde18e575c1415baee1440216826726578f424153cd538bef86ab17f0c509cc977d6c679f4b780708f39,gx-no-cache=1515670898410 HTTP/1.1" 200 30
200.112.4.188 - - [11/Jan/2018:08:42:15 -0300] "POST /cormun/servlet/solicitudot?gx-no-cache=1515670898510 HTTP/1.1" 200 51
200.112.4.188 - - [11/Jan/2018:08:42:15 -0300] "POST /cormun/servlet/solicitudot?gx-no-cache=1515670898624 HTTP/1.1" 200 255
