186.79.214.243 - - [11/Jan/2018:10:17:34 -0300] "GET /cormun/servlet/solicitudotcontratos?9bbe363bed419443060d1961d87e5cbcb198c37f4460e92783676a1e8914d3919f97ab717f3dec75b85eb2308fb155068895ca5c5f9f3a146aa62a4610b4a59e9d23c1563979ab1a2fc3809ecf8d44c63a94f4c13807037b7ae35aafd54e8950d190e16bba48303a790527e773a7a470,gx-no-cache=1515676614625 HTTP/1.1" 200 30
186.79.214.243 - - [11/Jan/2018:10:17:35 -0300] "GET /cormun/servlet/solicitudotcontratos?9bbe363bed419443060d1961d87e5cbca22a995d692a796382b9db00d64350d2ce4245c84ff6ded5851b2cb5e410be1fb837c5d347da0019674c16cbad8e57ec2c08b3882c4694d00caa75849f771c69609c8f857b1c85abccda8e92ac3170129ebc641da4387de41799a0f9186ec9500c00fbc2d432e270fccc99f49de33c1b8b5b75572327fbdfdace0c0762d3a70eb8ae9e5857cf8b9c9ba657ae9b8c1a08d85c1295d635cf4a43384a6cebeb1d1b36e8dc697c8d501a771ed7e60a58d666c400453724ce1d618a8c7f2553914d254b9173f919adefd542230d4fb03aeccea18d24093e13aa437753dbaa653848459b974b9fa0cfb68a2986d46bbee61d971b2a93748828331137e0f06912e6b586195168f6166e2412e8fce63062b2911ab3446c4747396920c93980e326493174eb3e75231f9e1b84ca76de1789022571d326a5f271d9693d7d5de1c3838026f11ef567d245b2c3b4c45897f121c6e6adba99d7890e003033734d9d41545ff8a2c486015248578f99bafad8f83925295bfd075300a6a67a0f5c291350297752ce3c9f327efeccd6afdde3e81990daab1b3af7a4f9afa7fb3178b59e01058bcc421e865673197d4c438ae6933b2d56a3ce262269e9fec150b3a6abd91ea60d0f4802530b355e0b53117aa02b92e9afaf3cd7235a515e9f6c8811ac94be234ae9c5c64c107b035525d7588a5256d76184ae2e8fd5a4982d04e3350df625c81dcde0da0a96308837af546006512e256481398050f9fb01a619aa27c5b26883e2e920f7c9a285a7ce954e4ef525f6e5327f73,gx-no-cache=1515676614806 HTTP/1.1" 200 83
186.67.172.234 - - [11/Jan/2018:10:17:35 -0300] "POST /cormun/servlet/trautorizarsolicitud?6a45060ea41b8c4e5adc1453320c42a0,gx-no-cache=1515676613290 HTTP/1.1" 200 21296
186.79.214.243 - - [11/Jan/2018:10:17:39 -0300] "POST /cormun/servlet/solicitudotcontratos?cb379fd8ac43bd863b60af31387d1183,INS,2018,0,17502990,7,6,2017,5022,INTEGRACION,201711,3,B,,gx-no-cache=1515676618613 HTTP/1.1" 200 10831
186.79.214.243 - - [11/Jan/2018:10:17:39 -0300] "POST /cormun/servlet/solicitudotcontratos?gx-no-cache=1515676619135 HTTP/1.1" 200 1341
186.79.214.243 - - [11/Jan/2018:10:17:39 -0300] "POST /cormun/servlet/solicitudotcontratos?gx-no-cache=1515676619297 HTTP/1.1" 200 1221
186.79.214.243 - - [11/Jan/2018:10:17:39 -0300] "GET /cormun/servlet/solicitudotcontratos?9bbe363bed419443060d1961d87e5cbce1e5e540d077a66029ccb5f2cbff160cbfecf3a62604552c51f1381d6fed87a6c56c725780458a3c5aa61998e7a71988ae85be1619d88b35d0ccd323f654b811548ad9d5eb5e5e8789577b67296d407a1e5bb5e689499f000e8a3ca609f32253cf90f5d2b4813454d358bf5baf0a4bf2,gx-no-cache=1515676619447 HTTP/1.1" 200 30
186.103.159.44 - - [11/Jan/2018:10:17:40 -0300] "GET /cormun/servlet/solicitudotadjuntos?INS,2018,8597,,1, HTTP/1.1" 200 6166
186.79.214.243 - - [11/Jan/2018:10:17:40 -0300] "POST /cormun/servlet/solicitudotcontratos?cb379fd8ac43bd863b60af31387d1183,INS,2018,0,17502990,7,6,2017,5022,INTEGRACION,201711,3,B,,gx-no-cache=1515676619561 HTTP/1.1" 200 93
186.79.214.243 - - [11/Jan/2018:10:17:40 -0300] "GET /cormun/servlet/hpexe_return? HTTP/1.1" 200 1070
186.103.159.44 - - [11/Jan/2018:10:17:40 -0300] "HEAD /cormun/static/about:blank HTTP/1.1" 404 -
186.79.214.243 - - [11/Jan/2018:10:17:40 -0300] "GET /cormun/servlet/trcontratosolicitud?gx-no-cache=1515675408726 HTTP/1.1" 200 14846
186.67.172.234 - - [11/Jan/2018:10:17:41 -0300] "POST /cormun/servlet/trautorizarsolicitud?6a45060ea41b8c4e5adc1453320c42a0,gx-no-cache=1515676619066 HTTP/1.1" 200 21354
186.79.214.243 - - [11/Jan/2018:10:17:41 -0300] "GET /cormun/servlet/trcontratosolicitud?gx-no-cache=1515675408726 HTTP/1.1" 200 14853
186.103.159.44 - - [11/Jan/2018:10:17:41 -0300] "GET /cormun/servlet/solicitudotadjuntos?93f5696ec6af881851328fe3ede9ab9a54b5ba06febcbb3556c5744f14ec0c7081507f878d8f593ed838d2692b79e81d,gx-no-cache=1515676621469 HTTP/1.1" 200 30
186.103.159.44 - - [11/Jan/2018:10:17:41 -0300] "POST /cormun/servlet/solicitudotadjuntos?7680f75a9c3e26756cadc1e4993d38b7,INS,2018,8597,,1,,gx-no-cache=1515676621532 HTTP/1.1" 200 4016
186.103.159.44 - - [11/Jan/2018:10:17:42 -0300] "POST /cormun/servlet/solicitudotadjuntos?gx-no-cache=1515676622659 HTTP/1.1" 200 26
186.67.172.234 - - [11/Jan/2018:10:17:43 -0300] "POST /cormun/servlet/trautorizarsolicitud?6a45060ea41b8c4e5adc1453320c42a0,gx-no-cache=1515676621033 HTTP/1.1" 200 21295
186.67.172.234 - - [11/Jan/2018:10:17:47 -0300] "POST /cormun/servlet/trautorizarsolicitud?6a45060ea41b8c4e5adc1453320c42a0,gx-no-cache=1515676625218 HTTP/1.1" 200 21440
186.67.172.234 - - [11/Jan/2018:10:17:49 -0300] "POST /cormun/servlet/trautorizarsolicitud?6a45060ea41b8c4e5adc1453320c42a0,gx-no-cache=1515676627311 HTTP/1.1" 200 21383
186.67.172.234 - - [11/Jan/2018:10:17:52 -0300] "POST /cormun/servlet/trautorizarsolicitud?6a45060ea41b8c4e5adc1453320c42a0,gx-no-cache=1515676630514 HTTP/1.1" 200 21346
186.103.159.44 - - [11/Jan/2018:10:17:54 -0300] "GET /cormun/servlet/solicitudotadjuntos?93f5696ec6af881851328fe3ede9ab9a135ff810eaf89621c468429739a4b92a,gx-no-cache=1515676634551 HTTP/1.1" 200 30
186.103.159.44 - - [11/Jan/2018:10:17:54 -0300] "GET /cormun/servlet/solicitudotadjuntos?93f5696ec6af881851328fe3ede9ab9a135ff810eaf89621c468429739a4b92a,gx-no-cache=1515676634569 HTTP/1.1" 200 30
186.67.172.234 - - [11/Jan/2018:10:17:55 -0300] "POST /cormun/servlet/trautorizarsolicitud?6a45060ea41b8c4e5adc1453320c42a0,gx-no-cache=1515676633086 HTTP/1.1" 200 21287
186.103.159.44 - - [11/Jan/2018:10:17:55 -0300] "POST /cormun/servlet/solicitudotadjuntos?7680f75a9c3e26756cadc1e4993d38b7,INS,2018,8597,,1, HTTP/1.1" 200 116
186.103.159.44 - - [11/Jan/2018:10:17:55 -0300] "GET /cormun/servlet/hpexe_return? HTTP/1.1" 200 1027
186.103.159.44 - - [11/Jan/2018:10:17:55 -0300] "GET /cormun/servlet/trsolicitudadjuntos?2018,8597, HTTP/1.1" 200 8559
186.67.172.234 - - [11/Jan/2018:10:17:58 -0300] "POST /cormun/servlet/trautorizarsolicitud?6a45060ea41b8c4e5adc1453320c42a0,gx-no-cache=1515676636658 HTTP/1.1" 200 21341
186.103.159.44 - - [11/Jan/2018:10:17:59 -0300] "GET /cormun/servlet/solicitudotadjuntos?INS,2018,8597,,1, HTTP/1.1" 200 6166
186.103.159.44 - - [11/Jan/2018:10:18:00 -0300] "HEAD /cormun/static/about:blank HTTP/1.1" 404 -
186.103.159.44 - - [11/Jan/2018:10:18:00 -0300] "GET /cormun/servlet/solicitudotadjuntos?93f5696ec6af881851328fe3ede9ab9a54b5ba06febcbb3556c5744f14ec0c7081507f878d8f593ed838d2692b79e81d,gx-no-cache=1515676641111 HTTP/1.1" 200 30
186.103.159.44 - - [11/Jan/2018:10:18:01 -0300] "POST /cormun/servlet/solicitudotadjuntos?7680f75a9c3e26756cadc1e4993d38b7,INS,2018,8597,,1,,gx-no-cache=1515676641142 HTTP/1.1" 200 4016
186.67.172.234 - - [11/Jan/2018:10:18:01 -0300] "POST /cormun/servlet/trautorizarsolicitud?6a45060ea41b8c4e5adc1453320c42a0,gx-no-cache=1515676639028 HTTP/1.1" 200 21281
186.103.159.44 - - [11/Jan/2018:10:18:03 -0300] "POST /cormun/servlet/solicitudotadjuntos?gx-no-cache=1515676643590 HTTP/1.1" 200 26
186.67.172.234 - - [11/Jan/2018:10:18:06 -0300] "POST /cormun/servlet/trautorizarsolicitud?6a45060ea41b8c4e5adc1453320c42a0,gx-no-cache=1515676643946 HTTP/1.1" 200 21389
186.67.172.234 - - [11/Jan/2018:10:18:08 -0300] "POST /cormun/servlet/trautorizarsolicitud?6a45060ea41b8c4e5adc1453320c42a0,gx-no-cache=1515676646422 HTTP/1.1" 200 21329
186.103.159.44 - - [11/Jan/2018:10:18:09 -0300] "GET /cormun/servlet/solicitudotadjuntos?93f5696ec6af881851328fe3ede9ab9a135ff810eaf89621c468429739a4b92a,gx-no-cache=1515676649198 HTTP/1.1" 200 30
186.103.159.44 - - [11/Jan/2018:10:18:09 -0300] "GET /cormun/servlet/solicitudotadjuntos?93f5696ec6af881851328fe3ede9ab9a135ff810eaf89621c468429739a4b92a,gx-no-cache=1515676649217 HTTP/1.1" 200 30
186.103.159.44 - - [11/Jan/2018:10:18:09 -0300] "POST /cormun/servlet/solicitudotadjuntos?7680f75a9c3e26756cadc1e4993d38b7,INS,2018,8597,,1, HTTP/1.1" 200 116
186.103.159.44 - - [11/Jan/2018:10:18:10 -0300] "GET /cormun/servlet/hpexe_return? HTTP/1.1" 200 1027
186.103.159.44 - - [11/Jan/2018:10:18:10 -0300] "GET /cormun/servlet/trsolicitudadjuntos?2018,8597, HTTP/1.1" 200 8762
186.103.159.44 - - [11/Jan/2018:10:18:14 -0300] "GET /cormun/servlet/solicitudotadjuntos?INS,2018,8597,,1, HTTP/1.1" 200 6166
186.103.159.44 - - [11/Jan/2018:10:18:14 -0300] "HEAD /cormun/static/about:blank HTTP/1.1" 404 -
186.103.159.44 - - [11/Jan/2018:10:18:15 -0300] "GET /cormun/servlet/solicitudotadjuntos?93f5696ec6af881851328fe3ede9ab9a54b5ba06febcbb3556c5744f14ec0c7081507f878d8f593ed838d2692b79e81d,gx-no-cache=1515676655699 HTTP/1.1" 200 30
186.103.159.44 - - [11/Jan/2018:10:18:16 -0300] "POST /cormun/servlet/solicitudotadjuntos?7680f75a9c3e26756cadc1e4993d38b7,INS,2018,8597,,1,,gx-no-cache=1515676655730 HTTP/1.1" 200 4016
186.103.159.44 - - [11/Jan/2018:10:18:19 -0300] "POST /cormun/servlet/solicitudotadjuntos?gx-no-cache=1515676659158 HTTP/1.1" 200 26
186.103.159.44 - - [11/Jan/2018:10:18:25 -0300] "GET /cormun/servlet/solicitudotadjuntos?93f5696ec6af881851328fe3ede9ab9a135ff810eaf89621c468429739a4b92a,gx-no-cache=1515676665455 HTTP/1.1" 200 30
186.103.159.44 - - [11/Jan/2018:10:18:25 -0300] "GET /cormun/servlet/solicitudotadjuntos?93f5696ec6af881851328fe3ede9ab9a135ff810eaf89621c468429739a4b92a,gx-no-cache=1515676665473 HTTP/1.1" 200 30
186.103.159.44 - - [11/Jan/2018:10:18:25 -0300] "POST /cormun/servlet/solicitudotadjuntos?7680f75a9c3e26756cadc1e4993d38b7,INS,2018,8597,,1, HTTP/1.1" 200 116
186.103.159.44 - - [11/Jan/2018:10:18:25 -0300] "GET /cormun/servlet/hpexe_return? HTTP/1.1" 200 1027
186.103.159.44 - - [11/Jan/2018:10:18:26 -0300] "GET /cormun/servlet/trsolicitudadjuntos?2018,8597, HTTP/1.1" 200 8933
186.103.159.44 - - [11/Jan/2018:10:18:29 -0300] "GET /cormun/servlet/solicitudotadjuntos?INS,2018,8597,,1, HTTP/1.1" 200 6166
186.103.159.44 - - [11/Jan/2018:10:18:29 -0300] "HEAD /cormun/static/about:blank HTTP/1.1" 404 -
186.67.172.234 - - [11/Jan/2018:10:18:30 -0300] "POST /cormun/servlet/trautorizarsolicitud?6a45060ea41b8c4e5adc1453320c42a0,gx-no-cache=1515676667938 HTTP/1.1" 200 21384
186.103.159.44 - - [11/Jan/2018:10:18:30 -0300] "GET /cormun/servlet/solicitudotadjuntos?93f5696ec6af881851328fe3ede9ab9a54b5ba06febcbb3556c5744f14ec0c7081507f878d8f593ed838d2692b79e81d,gx-no-cache=1515676671018 HTTP/1.1" 200 30
186.103.159.44 - - [11/Jan/2018:10:18:30 -0300] "POST /cormun/servlet/solicitudotadjuntos?7680f75a9c3e26756cadc1e4993d38b7,INS,2018,8597,,1,,gx-no-cache=1515676671050 HTTP/1.1" 200 4017
186.67.172.234 - - [11/Jan/2018:10:18:32 -0300] "POST /cormun/servlet/trautorizarsolicitud?6a45060ea41b8c4e5adc1453320c42a0,gx-no-cache=1515676670663 HTTP/1.1" 200 21324
186.103.159.44 - - [11/Jan/2018:10:18:33 -0300] "POST /cormun/servlet/solicitudotadjuntos?gx-no-cache=1515676673726 HTTP/1.1" 200 26
186.67.172.234 - - [11/Jan/2018:10:18:35 -0300] "POST /cormun/servlet/trautorizarsolicitud?6a45060ea41b8c4e5adc1453320c42a0,gx-no-cache=1515676673682 HTTP/1.1" 200 21370
186.67.172.234 - - [11/Jan/2018:10:18:38 -0300] "POST /cormun/servlet/trautorizarsolicitud?6a45060ea41b8c4e5adc1453320c42a0,gx-no-cache=1515676676590 HTTP/1.1" 200 21311
186.103.159.44 - - [11/Jan/2018:10:18:39 -0300] "GET /cormun/servlet/solicitudotadjuntos?93f5696ec6af881851328fe3ede9ab9a135ff810eaf89621c468429739a4b92a,gx-no-cache=1515676679326 HTTP/1.1" 200 30
186.103.159.44 - - [11/Jan/2018:10:18:39 -0300] "GET /cormun/servlet/solicitudotadjuntos?93f5696ec6af881851328fe3ede9ab9a135ff810eaf89621c468429739a4b92a,gx-no-cache=1515676679345 HTTP/1.1" 200 30
186.103.159.44 - - [11/Jan/2018:10:18:40 -0300] "POST /cormun/servlet/solicitudotadjuntos?7680f75a9c3e26756cadc1e4993d38b7,INS,2018,8597,,1, HTTP/1.1" 200 116
186.103.159.44 - - [11/Jan/2018:10:18:40 -0300] "GET /cormun/servlet/hpexe_return? HTTP/1.1" 200 1027
186.103.159.44 - - [11/Jan/2018:10:18:41 -0300] "GET /cormun/servlet/trsolicitudadjuntos?2018,8597, HTTP/1.1" 200 9110
186.103.159.44 - - [11/Jan/2018:10:18:44 -0300] "GET /cormun/servlet/solicitudotadjuntos?INS,2018,8597,,1, HTTP/1.1" 200 6166
186.103.159.44 - - [11/Jan/2018:10:18:44 -0300] "HEAD /cormun/static/about:blank HTTP/1.1" 404 -
186.103.159.44 - - [11/Jan/2018:10:18:45 -0300] "GET /cormun/servlet/solicitudotadjuntos?93f5696ec6af881851328fe3ede9ab9a54b5ba06febcbb3556c5744f14ec0c7081507f878d8f593ed838d2692b79e81d,gx-no-cache=1515676685769 HTTP/1.1" 200 30
186.103.159.44 - - [11/Jan/2018:10:18:45 -0300] "POST /cormun/servlet/solicitudotadjuntos?7680f75a9c3e26756cadc1e4993d38b7,INS,2018,8597,,1,,gx-no-cache=1515676685809 HTTP/1.1" 200 4017
186.103.159.44 - - [11/Jan/2018:10:18:48 -0300] "POST /cormun/servlet/solicitudotadjuntos?gx-no-cache=1515676688574 HTTP/1.1" 200 26
186.103.159.44 - - [11/Jan/2018:10:18:53 -0300] "GET /cormun/servlet/solicitudotadjuntos?93f5696ec6af881851328fe3ede9ab9a135ff810eaf89621c468429739a4b92a,gx-no-cache=1515676693422 HTTP/1.1" 200 30
186.103.159.44 - - [11/Jan/2018:10:18:53 -0300] "GET /cormun/servlet/solicitudotadjuntos?93f5696ec6af881851328fe3ede9ab9a135ff810eaf89621c468429739a4b92a,gx-no-cache=1515676693457 HTTP/1.1" 200 30
186.103.159.44 - - [11/Jan/2018:10:18:54 -0300] "POST /cormun/servlet/solicitudotadjuntos?7680f75a9c3e26756cadc1e4993d38b7,INS,2018,8597,,1, HTTP/1.1" 200 116
186.103.159.44 - - [11/Jan/2018:10:18:54 -0300] "GET /cormun/servlet/hpexe_return? HTTP/1.1" 200 1027
186.103.159.44 - - [11/Jan/2018:10:18:55 -0300] "GET /cormun/servlet/trsolicitudadjuntos?2018,8597, HTTP/1.1" 200 9317
186.67.172.234 - - [11/Jan/2018:10:18:58 -0300] "POST /cormun/servlet/trautorizarsolicitud?6a45060ea41b8c4e5adc1453320c42a0,gx-no-cache=1515676695691 HTTP/1.1" 200 21371
186.103.159.44 - - [11/Jan/2018:10:18:59 -0300] "GET /cormun/servlet/solicitudotadjuntos?INS,2018,8597,,1, HTTP/1.1" 200 6166
186.103.159.44 - - [11/Jan/2018:10:18:59 -0300] "HEAD /cormun/static/about:blank HTTP/1.1" 404 -
186.103.159.44 - - [11/Jan/2018:10:19:00 -0300] "GET /cormun/servlet/solicitudotadjuntos?93f5696ec6af881851328fe3ede9ab9a54b5ba06febcbb3556c5744f14ec0c7081507f878d8f593ed838d2692b79e81d,gx-no-cache=1515676700699 HTTP/1.1" 200 30
186.103.159.44 - - [11/Jan/2018:10:19:00 -0300] "POST /cormun/servlet/solicitudotadjuntos?7680f75a9c3e26756cadc1e4993d38b7,INS,2018,8597,,1,,gx-no-cache=1515676700743 HTTP/1.1" 200 4017
186.67.172.234 - - [11/Jan/2018:10:19:01 -0300] "POST /cormun/servlet/trautorizarsolicitud?6a45060ea41b8c4e5adc1453320c42a0,gx-no-cache=1515676699096 HTTP/1.1" 200 21309
186.103.159.44 - - [11/Jan/2018:10:19:03 -0300] "POST /cormun/servlet/solicitudotadjuntos?gx-no-cache=1515676703222 HTTP/1.1" 200 26
186.67.172.234 - - [11/Jan/2018:10:19:04 -0300] "POST /cormun/servlet/trautorizarsolicitud?6a45060ea41b8c4e5adc1453320c42a0,gx-no-cache=1515676702649 HTTP/1.1" 200 21408
186.103.159.44 - - [11/Jan/2018:10:19:07 -0300] "GET /cormun/servlet/solicitudotadjuntos?93f5696ec6af881851328fe3ede9ab9a135ff810eaf89621c468429739a4b92a,gx-no-cache=1515676707758 HTTP/1.1" 200 30
186.103.159.44 - - [11/Jan/2018:10:19:07 -0300] "GET /cormun/servlet/solicitudotadjuntos?93f5696ec6af881851328fe3ede9ab9a135ff810eaf89621c468429739a4b92a,gx-no-cache=1515676707778 HTTP/1.1" 200 30
186.67.172.234 - - [11/Jan/2018:10:19:07 -0300] "POST /cormun/servlet/trautorizarsolicitud?6a45060ea41b8c4e5adc1453320c42a0,gx-no-cache=1515676705782 HTTP/1.1" 200 21350
186.103.159.44 - - [11/Jan/2018:10:19:09 -0300] "POST /cormun/servlet/solicitudotadjuntos?7680f75a9c3e26756cadc1e4993d38b7,INS,2018,8597,,1, HTTP/1.1" 200 116
186.103.159.44 - - [11/Jan/2018:10:19:09 -0300] "GET /cormun/servlet/hpexe_return? HTTP/1.1" 200 1027
186.103.159.44 - - [11/Jan/2018:10:19:09 -0300] "GET /cormun/servlet/trsolicitudadjuntos?2018,8597, HTTP/1.1" 200 9564
186.67.172.234 - - [11/Jan/2018:10:19:11 -0300] "POST /cormun/servlet/trautorizarsolicitud?6a45060ea41b8c4e5adc1453320c42a0,gx-no-cache=1515676709435 HTTP/1.1" 200 21414
186.103.159.44 - - [11/Jan/2018:10:19:12 -0300] "GET /cormun/servlet/solicitudotadjuntos?INS,2018,8597,,2, HTTP/1.1" 200 6164
186.103.159.44 - - [11/Jan/2018:10:19:13 -0300] "HEAD /cormun/static/about:blank HTTP/1.1" 404 -
186.103.159.44 - - [11/Jan/2018:10:19:14 -0300] "GET /cormun/servlet/solicitudotadjuntos?93f5696ec6af881851328fe3ede9ab9a54b5ba06febcbb3556c5744f14ec0c7081507f878d8f593ed838d2692b79e81d,gx-no-cache=1515676714133 HTTP/1.1" 200 30
186.103.159.44 - - [11/Jan/2018:10:19:14 -0300] "POST /cormun/servlet/solicitudotadjuntos?7680f75a9c3e26756cadc1e4993d38b7,INS,2018,8597,,2,,gx-no-cache=1515676714221 HTTP/1.1" 200 4157
186.67.172.234 - - [11/Jan/2018:10:19:15 -0300] "POST /cormun/servlet/trautorizarsolicitud?6a45060ea41b8c4e5adc1453320c42a0,gx-no-cache=1515676712871 HTTP/1.1" 200 21354
186.103.159.44 - - [11/Jan/2018:10:19:17 -0300] "POST /cormun/servlet/solicitudotadjuntos?gx-no-cache=1515676717270 HTTP/1.1" 200 26
186.67.172.234 - - [11/Jan/2018:10:19:19 -0300] "POST /cormun/servlet/trautorizarsolicitud?6a45060ea41b8c4e5adc1453320c42a0,gx-no-cache=1515676716986 HTTP/1.1" 200 21400
186.103.159.44 - - [11/Jan/2018:10:19:22 -0300] "GET /cormun/servlet/solicitudotadjuntos?93f5696ec6af881851328fe3ede9ab9a135ff810eaf89621c468429739a4b92a,gx-no-cache=1515676722438 HTTP/1.1" 200 30
186.103.159.44 - - [11/Jan/2018:10:19:22 -0300] "GET /cormun/servlet/solicitudotadjuntos?93f5696ec6af881851328fe3ede9ab9a135ff810eaf89621c468429739a4b92a,gx-no-cache=1515676722480 HTTP/1.1" 200 30
186.67.172.234 - - [11/Jan/2018:10:19:22 -0300] "POST /cormun/servlet/trautorizarsolicitud?6a45060ea41b8c4e5adc1453320c42a0,gx-no-cache=1515676720462 HTTP/1.1" 200 21339
186.103.159.44 - - [11/Jan/2018:10:19:22 -0300] "POST /cormun/servlet/solicitudotadjuntos?7680f75a9c3e26756cadc1e4993d38b7,INS,2018,8597,,2, HTTP/1.1" 200 116
186.103.159.44 - - [11/Jan/2018:10:19:22 -0300] "GET /cormun/servlet/hpexe_return? HTTP/1.1" 200 1027
186.103.159.44 - - [11/Jan/2018:10:19:23 -0300] "GET /cormun/servlet/trsolicitudadjuntos?2018,8597, HTTP/1.1" 200 9728
186.67.172.234 - - [11/Jan/2018:10:19:26 -0300] "POST /cormun/servlet/trautorizarsolicitud?6a45060ea41b8c4e5adc1453320c42a0,gx-no-cache=1515676724122 HTTP/1.1" 200 21408
186.67.172.234 - - [11/Jan/2018:10:19:30 -0300] "POST /cormun/servlet/trautorizarsolicitud?6a45060ea41b8c4e5adc1453320c42a0,gx-no-cache=1515676727790 HTTP/1.1" 200 21348
186.103.159.44 - - [11/Jan/2018:10:19:31 -0300] "GET /cormun/servlet/trsolicitudot? HTTP/1.1" 200 12620
186.79.214.243 - - [11/Jan/2018:10:19:33 -0300] "POST /cormun/servlet/trcontratosolicitud?cb379fd8ac43bd863b60af31387d1183,gx-no-cache=1515675408726,gx-no-cache=1515676732149 HTTP/1.1" 200 7302
186.67.172.234 - - [11/Jan/2018:10:19:35 -0300] "POST /cormun/servlet/trautorizarsolicitud?6a45060ea41b8c4e5adc1453320c42a0,gx-no-cache=1515676732867 HTTP/1.1" 200 21394
186.67.172.234 - - [11/Jan/2018:10:19:38 -0300] "POST /cormun/servlet/trautorizarsolicitud?6a45060ea41b8c4e5adc1453320c42a0,gx-no-cache=1515676736689 HTTP/1.1" 200 21335
186.103.159.44 - - [11/Jan/2018:10:19:38 -0300] "GET /cormun/servlet/solicitudot?INS,0,0, HTTP/1.1" 200 14048
186.67.172.234 - - [11/Jan/2018:10:19:42 -0300] "POST /cormun/servlet/trautorizarsolicitud?6a45060ea41b8c4e5adc1453320c42a0,gx-no-cache=1515676740554 HTTP/1.1" 200 21391
186.67.172.234 - - [11/Jan/2018:10:19:46 -0300] "POST /cormun/servlet/trautorizarsolicitud?6a45060ea41b8c4e5adc1453320c42a0,gx-no-cache=1515676744492 HTTP/1.1" 200 21332
186.103.159.44 - - [11/Jan/2018:10:19:51 -0300] "POST /cormun/servlet/solicitudot?gx-no-cache=1515676751345 HTTP/1.1" 200 3749
186.67.172.234 - - [11/Jan/2018:10:19:51 -0300] "POST /cormun/servlet/trautorizarsolicitud?6a45060ea41b8c4e5adc1453320c42a0,gx-no-cache=1515676748970 HTTP/1.1" 200 21389
186.103.159.44 - - [11/Jan/2018:10:19:51 -0300] "POST /cormun/servlet/solicitudot?7680f75a9c3e26756cadc1e4993d38b7,INS,0,0,,gx-no-cache=1515676751651 HTTP/1.1" 200 10899
186.103.159.44 - - [11/Jan/2018:10:19:52 -0300] "GET /cormun/servlet/solicitudot?93f5696ec6af881851328fe3ede9ab9a802c4ecdf496424d35ed82863cbc6e7ad302c4afe19725eef41acb6861285f87,gx-no-cache=1515676752871 HTTP/1.1" 200 30
186.67.172.234 - - [11/Jan/2018:10:19:55 -0300] "POST /cormun/servlet/trautorizarsolicitud?6a45060ea41b8c4e5adc1453320c42a0,gx-no-cache=1515676753290 HTTP/1.1" 200 21330
186.67.172.234 - - [11/Jan/2018:10:20:00 -0300] "POST /cormun/servlet/trautorizarsolicitud?6a45060ea41b8c4e5adc1453320c42a0,gx-no-cache=1515676758114 HTTP/1.1" 200 21387
186.67.172.234 - - [11/Jan/2018:10:20:04 -0300] "POST /cormun/servlet/trautorizarsolicitud?6a45060ea41b8c4e5adc1453320c42a0,gx-no-cache=1515676762099 HTTP/1.1" 200 21329
186.67.172.234 - - [11/Jan/2018:10:20:08 -0300] "POST /cormun/servlet/trautorizarsolicitud?6a45060ea41b8c4e5adc1453320c42a0,gx-no-cache=1515676766162 HTTP/1.1" 200 21403
186.67.172.234 - - [11/Jan/2018:10:20:12 -0300] "POST /cormun/servlet/trautorizarsolicitud?6a45060ea41b8c4e5adc1453320c42a0,gx-no-cache=1515676770288 HTTP/1.1" 200 21345
186.67.172.234 - - [11/Jan/2018:10:20:25 -0300] "POST /cormun/servlet/trautorizarsolicitud?6a45060ea41b8c4e5adc1453320c42a0,gx-no-cache=1515676783708 HTTP/1.1" 200 21403
186.67.172.234 - - [11/Jan/2018:10:20:30 -0300] "POST /cormun/servlet/trautorizarsolicitud?6a45060ea41b8c4e5adc1453320c42a0,gx-no-cache=1515676787975 HTTP/1.1" 200 21345
186.67.172.234 - - [11/Jan/2018:10:20:34 -0300] "POST /cormun/servlet/trautorizarsolicitud?6a45060ea41b8c4e5adc1453320c42a0,gx-no-cache=1515676792386 HTTP/1.1" 200 21396
186.67.172.234 - - [11/Jan/2018:10:20:39 -0300] "POST /cormun/servlet/trautorizarsolicitud?6a45060ea41b8c4e5adc1453320c42a0,gx-no-cache=1515676797048 HTTP/1.1" 200 21338
186.67.172.234 - - [11/Jan/2018:10:20:42 -0300] "POST /cormun/servlet/trautorizarsolicitud?6a45060ea41b8c4e5adc1453320c42a0,gx-no-cache=1515676799837 HTTP/1.1" 200 21391
186.67.172.234 - - [11/Jan/2018:10:20:46 -0300] "POST /cormun/servlet/trautorizarsolicitud?6a45060ea41b8c4e5adc1453320c42a0,gx-no-cache=1515676804864 HTTP/1.1" 200 21331
186.67.172.234 - - [11/Jan/2018:10:20:54 -0300] "POST /cormun/servlet/trautorizarsolicitud?6a45060ea41b8c4e5adc1453320c42a0,gx-no-cache=1515676812001 HTTP/1.1" 200 21395
186.67.172.234 - - [11/Jan/2018:10:20:59 -0300] "POST /cormun/servlet/trautorizarsolicitud?6a45060ea41b8c4e5adc1453320c42a0,gx-no-cache=1515676817172 HTTP/1.1" 200 21338
186.103.159.44 - - [11/Jan/2018:10:21:04 -0300] "POST /cormun/servlet/solicitudot?gx-no-cache=1515676824300 HTTP/1.1" 200 43
186.103.159.44 - - [11/Jan/2018:10:21:05 -0300] "POST /cormun/servlet/solicitudot?gx-no-cache=1515676825733 HTTP/1.1" 200 255
186.103.159.44 - - [11/Jan/2018:10:21:07 -0300] "GET /cormun/servlet/solicitudot?93f5696ec6af881851328fe3ede9ab9aca178af43d1cb26f41301a94ab398fcae16a50620a9e56e52c4599413cc548ac9fa7114163a8dcb9d6f0ae5cc649eb6d06021dc8c0909d2873336f4766f517396e00b0e497829e810b4e23e219a1b793600802f6a441845f1459692f352738711e3044006bda95eb7703312891e587ec6e4bdaff2d8efdd3c7e6c08920ca6d4e84f69498e9b45028094e1fa01c6142a22c3db5dafe86d76a5d0a424bb4b61e6758bf7ef69fe05f4685ce04666d6294fffc8ea7afafaf6176adbcc2cd4fb6cd3bcf42f6c0fa19e9d7884afaadfd9e92630d6bf05bed45f917466ba90f6a2f42f96ed72287f1a22741013c3523bcca41f2dc727155fc5a866893dae2f83b783b5889ef3917a3eb2d140a553eebf4340a2abfb5016d04ad9dd360b8f858953a3fde6e49610b7637176d7ab5830426f480a51c6544c3732a59a34d5aa47046a5447a7b55452e68f5eb02eab4a16ce7fe1e7fca502636db432b557bb5134f3d9b22addc71600080094cc8d5b702185664d3a5,gx-no-cache=1515676827638 HTTP/1.1" 200 30
186.67.172.234 - - [11/Jan/2018:10:21:09 -0300] "POST /cormun/servlet/trautorizarsolicitud?6a45060ea41b8c4e5adc1453320c42a0,gx-no-cache=1515676827028 HTTP/1.1" 200 21003
186.103.159.44 - - [11/Jan/2018:10:21:10 -0300] "POST /cormun/servlet/solicitudot?gx-no-cache=1515676830253 HTTP/1.1" 200 30
186.67.172.234 - - [11/Jan/2018:10:21:14 -0300] "POST /cormun/servlet/trautorizarsolicitud?6a45060ea41b8c4e5adc1453320c42a0,gx-no-cache=1515676832156 HTTP/1.1" 200 20945
186.79.214.243 - - [11/Jan/2018:10:21:19 -0300] "POST /cormun/servlet/trcontratosolicitud?cb379fd8ac43bd863b60af31387d1183,gx-no-cache=1515675408726,gx-no-cache=1515676838162 HTTP/1.1" 200 12634
186.103.159.44 - - [11/Jan/2018:10:21:21 -0300] "GET /cormun/servlet/prcontratosol?17740191,,,,,MD,,gxPopupLevel%3D0%3B HTTP/1.1" 200 5606
186.103.159.44 - - [11/Jan/2018:10:21:28 -0300] "POST /cormun/servlet/solicitudot?gx-no-cache=1515676848838 HTTP/1.1" 200 1353
186.103.159.44 - - [11/Jan/2018:10:21:28 -0300] "POST /cormun/servlet/solicitudot?gx-no-cache=1515676849034 HTTP/1.1" 200 38
186.103.159.44 - - [11/Jan/2018:10:21:29 -0300] "GET /cormun/servlet/solicitudot?93f5696ec6af881851328fe3ede9ab9a90414a9b43bae076af6ede11eb22171c6968e75b038fc69df4b5228a1baade1d0a1c77f7d1c3a2d06137c0718d2be0595f982d281fafff19880e51018b423e2b0c76bc7aa8d2faeea73b04433751910f0eaf9a1fa0f05350bec69b322d48ab24,gx-no-cache=1515676849076 HTTP/1.1" 200 29
186.103.159.44 - - [11/Jan/2018:10:21:29 -0300] "POST /cormun/servlet/solicitudot?gx-no-cache=1515676849419 HTTP/1.1" 200 219
186.103.159.44 - - [11/Jan/2018:10:21:29 -0300] "GET /cormun/servlet/solicitudot?93f5696ec6af881851328fe3ede9ab9a69dde240a495f9dd20956b2972380152a8614c50d0fcf39cb75798b25dc413488538cfa1a7f9eac7b9d853e7f2580eb73539f9e1548c46ac910285ac94355696da935aa79ce66eea9157b044bdd29cb96968e75b038fc69df4b5228a1baade1dc1a11adf7d1f965e78942db374f08cf7370ae16fbe0b338a181b06704fda282a,gx-no-cache=1515676849500 HTTP/1.1" 200 55
186.103.159.44 - - [11/Jan/2018:10:21:29 -0300] "GET /cormun/servlet/solicitudot?93f5696ec6af881851328fe3ede9ab9ac075b8701d6661de98fb0d2796d437fd,gx-no-cache=1515676849833 HTTP/1.1" 200 30
186.103.159.44 - - [11/Jan/2018:10:21:33 -0300] "GET /cormun/servlet/trsolicitudot? HTTP/1.1" 200 12620
186.79.214.243 - - [11/Jan/2018:10:21:39 -0300] "POST /cormun/servlet/trcontratosolicitud?cb379fd8ac43bd863b60af31387d1183,gx-no-cache=1515675408726,gx-no-cache=1515676858757 HTTP/1.1" 200 7298
186.103.159.44 - - [11/Jan/2018:10:21:50 -0300] "GET /cormun/servlet/trsolicitudot? HTTP/1.1" 200 12614
186.103.159.44 - - [11/Jan/2018:10:21:54 -0300] "GET /cormun/servlet/solicitudot?INS,0,0, HTTP/1.1" 200 14048
186.103.159.44 - - [11/Jan/2018:10:22:02 -0300] "POST /cormun/servlet/solicitudot?gx-no-cache=1515676882691 HTTP/1.1" 200 3749
186.103.159.44 - - [11/Jan/2018:10:22:03 -0300] "POST /cormun/servlet/solicitudot?7680f75a9c3e26756cadc1e4993d38b7,INS,0,0,,gx-no-cache=1515676883053 HTTP/1.1" 200 10899
186.103.159.44 - - [11/Jan/2018:10:22:03 -0300] "GET /cormun/servlet/solicitudot?93f5696ec6af881851328fe3ede9ab9a802c4ecdf496424d35ed82863cbc6e7ad302c4afe19725eef41acb6861285f87,gx-no-cache=1515676883991 HTTP/1.1" 200 30
186.67.172.234 - - [11/Jan/2018:10:22:12 -0300] "POST /cormun/servlet/trautorizarsolicitud?6a45060ea41b8c4e5adc1453320c42a0,gx-no-cache=1515676890659 HTTP/1.1" 200 20686
186.67.172.234 - - [11/Jan/2018:10:22:17 -0300] "POST /cormun/servlet/trautorizarsolicitud?6a45060ea41b8c4e5adc1453320c42a0,gx-no-cache=1515676895754 HTTP/1.1" 200 20628
186.67.172.234 - - [11/Jan/2018:10:22:24 -0300] "POST /cormun/servlet/trautorizarsolicitud?6a45060ea41b8c4e5adc1453320c42a0,gx-no-cache=1515676902371 HTTP/1.1" 200 20444
186.67.172.234 - - [11/Jan/2018:10:22:29 -0300] "POST /cormun/servlet/trautorizarsolicitud?6a45060ea41b8c4e5adc1453320c42a0,gx-no-cache=1515676907508 HTTP/1.1" 200 20385
186.103.159.44 - - [11/Jan/2018:10:23:03 -0300] "POST /cormun/servlet/solicitudot?gx-no-cache=1515676943168 HTTP/1.1" 200 43
186.103.159.44 - - [11/Jan/2018:10:23:03 -0300] "POST /cormun/servlet/solicitudot?gx-no-cache=1515676944005 HTTP/1.1" 200 255
186.103.159.44 - - [11/Jan/2018:10:23:06 -0300] "GET /cormun/servlet/solicitudot?93f5696ec6af881851328fe3ede9ab9aca178af43d1cb26f41301a94ab398fcae16a50620a9e56e52c4599413cc548ac9fa7114163a8dcb9d6f0ae5cc649eb6d06021dc8c0909d2873336f4766f517396e00b0e497829e810b4e23e219a1b793600802f6a441845f1459692f352738711e3044006bda95eb7703312891e587ec6e4bdaff2d8efdd3c7e6c08920ca6d4e84f69498e9b45028094e1fa01c6142a22c3db5dafe86d76a5d0a424bb4b61e6758bf7ef69fe05f4685ce04666d6294fffc8ea7afafaf6176adbcc2cd4fb6cd3bcf42f6c0fa19e9d7884afaadfd9e92630d6bf05bed45f917466ba90f6a2f42f96ed72287f1a22741013c3523bcca41f2dc727155fc5a866893dae2f83b783b5889ef3917a3eb2d140a553eebf4340a2abfb5016d04ad9dd360b8f858953a3fde6e49610b7637176d7ab5830426f480a51c6544c3732a59a34d5aa47046a5447a7b55452e68f5eb02eab4a16ce7fe1e7fca502636db432b557bb5134f3d9b22addc71600080094cc8d5b702185664d3a5,gx-no-cache=1515676946766 HTTP/1.1" 200 30
186.67.172.234 - - [11/Jan/2018:10:23:07 -0300] "POST /cormun/servlet/trautorizarsolicitud?6a45060ea41b8c4e5adc1453320c42a0,gx-no-cache=1515676945716 HTTP/1.1" 200 20119
186.103.159.44 - - [11/Jan/2018:10:23:09 -0300] "POST /cormun/servlet/solicitudot?gx-no-cache=1515676949516 HTTP/1.1" 200 30
186.67.172.234 - - [11/Jan/2018:10:23:12 -0300] "POST /cormun/servlet/trautorizarsolicitud?6a45060ea41b8c4e5adc1453320c42a0,gx-no-cache=1515676950471 HTTP/1.1" 200 20061
186.103.157.246 - - [11/Jan/2018:10:23:18 -0300] "GET /cormun/servlet/hhome HTTP/1.1" 200 3370
186.103.157.246 - - [11/Jan/2018:10:23:19 -0300] "GET /cormun/static/gxcfg.js?20175251212442 HTTP/1.1" 304 -
186.103.157.246 - - [11/Jan/2018:10:23:19 -0300] "GET /cormun/static/messages.spa.js?85251 HTTP/1.1" 304 -
186.103.159.44 - - [11/Jan/2018:10:23:20 -0300] "POST /cormun/servlet/solicitudot?gx-no-cache=1515676960243 HTTP/1.1" 200 1353
186.67.172.234 - - [11/Jan/2018:10:23:20 -0300] "POST /cormun/servlet/trautorizarsolicitud?6a45060ea41b8c4e5adc1453320c42a0,gx-no-cache=1515676958234 HTTP/1.1" 200 19835
186.103.159.44 - - [11/Jan/2018:10:23:20 -0300] "POST /cormun/servlet/solicitudot?gx-no-cache=1515676960439 HTTP/1.1" 200 38
186.103.157.246 - - [11/Jan/2018:10:23:20 -0300] "GET /cormun/servlet/hhome HTTP/1.1" 200 3380
186.103.157.246 - - [11/Jan/2018:10:23:20 -0300] "GET /cormun/servlet/hlogin HTTP/1.1" 200 1726
186.103.157.246 - - [11/Jan/2018:10:23:20 -0300] "GET /cormun/servlet/hhome HTTP/1.1" 200 3380
186.103.157.246 - - [11/Jan/2018:10:23:20 -0300] "GET /cormun/static/gxcfg.js?20175251213516 HTTP/1.1" 304 -
186.67.172.234 - - [11/Jan/2018:10:23:24 -0300] "POST /cormun/servlet/trautorizarsolicitud?6a45060ea41b8c4e5adc1453320c42a0,gx-no-cache=1515676963058 HTTP/1.1" 200 19777
186.67.172.234 - - [11/Jan/2018:10:23:28 -0300] "POST /cormun/servlet/trautorizarsolicitud?6a45060ea41b8c4e5adc1453320c42a0,gx-no-cache=1515676966698 HTTP/1.1" 200 19434
186.67.172.234 - - [11/Jan/2018:10:23:33 -0300] "POST /cormun/servlet/trautorizarsolicitud?6a45060ea41b8c4e5adc1453320c42a0,gx-no-cache=1515676971524 HTTP/1.1" 200 19377
186.103.157.246 - - [11/Jan/2018:10:23:36 -0300] "POST /cormun/servlet/hlogin?1f55de11b821978a7feb820cebb20c07,gx-no-cache=1515676977619 HTTP/1.1" 200 90
186.103.157.246 - - [11/Jan/2018:10:23:36 -0300] "GET /cormun/servlet/hpexe_link HTTP/1.1" 200 946
186.103.157.246 - - [11/Jan/2018:10:23:36 -0300] "GET /cormun/static/gxcfg.js?20177612121792 HTTP/1.1" 304 -
186.103.157.246 - - [11/Jan/2018:10:23:36 -0300] "GET /cormun/servlet/hhome HTTP/1.1" 200 4101
186.103.157.246 - - [11/Jan/2018:10:23:36 -0300] "GET /cormun/servlet/hhome HTTP/1.1" 200 4098
186.67.172.234 - - [11/Jan/2018:10:23:37 -0300] "POST /cormun/servlet/trautorizarsolicitud?6a45060ea41b8c4e5adc1453320c42a0,gx-no-cache=1515676975644 HTTP/1.1" 200 19194
186.67.172.234 - - [11/Jan/2018:10:23:42 -0300] "POST /cormun/servlet/trautorizarsolicitud?6a45060ea41b8c4e5adc1453320c42a0,gx-no-cache=1515676980647 HTTP/1.1" 200 19133
186.67.172.234 - - [11/Jan/2018:10:23:46 -0300] "POST /cormun/servlet/trautorizarsolicitud?6a45060ea41b8c4e5adc1453320c42a0,gx-no-cache=1515676984580 HTTP/1.1" 200 18793
186.67.172.234 - - [11/Jan/2018:10:23:51 -0300] "POST /cormun/servlet/trautorizarsolicitud?6a45060ea41b8c4e5adc1453320c42a0,gx-no-cache=1515676989463 HTTP/1.1" 200 18738
186.67.172.234 - - [11/Jan/2018:10:23:58 -0300] "POST /cormun/servlet/trautorizarsolicitud?6a45060ea41b8c4e5adc1453320c42a0,gx-no-cache=1515676997034 HTTP/1.1" 200 18543
186.67.172.234 - - [11/Jan/2018:10:24:03 -0300] "POST /cormun/servlet/trautorizarsolicitud?6a45060ea41b8c4e5adc1453320c42a0,gx-no-cache=1515677001887 HTTP/1.1" 200 18484
186.67.172.234 - - [11/Jan/2018:10:24:11 -0300] "POST /cormun/servlet/trautorizarsolicitud?6a45060ea41b8c4e5adc1453320c42a0,gx-no-cache=1515677009146 HTTP/1.1" 200 18216
186.67.172.234 - - [11/Jan/2018:10:24:16 -0300] "POST /cormun/servlet/trautorizarsolicitud?6a45060ea41b8c4e5adc1453320c42a0,gx-no-cache=1515677014027 HTTP/1.1" 200 18157
186.67.172.234 - - [11/Jan/2018:10:24:20 -0300] "POST /cormun/servlet/trautorizarsolicitud?6a45060ea41b8c4e5adc1453320c42a0,gx-no-cache=1515677018866 HTTP/1.1" 200 17854
186.67.172.234 - - [11/Jan/2018:10:24:25 -0300] "POST /cormun/servlet/trautorizarsolicitud?6a45060ea41b8c4e5adc1453320c42a0,gx-no-cache=1515677023752 HTTP/1.1" 200 17797
186.67.172.234 - - [11/Jan/2018:10:24:29 -0300] "POST /cormun/servlet/trautorizarsolicitud?6a45060ea41b8c4e5adc1453320c42a0,gx-no-cache=1515677027522 HTTP/1.1" 200 17609
186.67.172.234 - - [11/Jan/2018:10:24:34 -0300] "POST /cormun/servlet/trautorizarsolicitud?6a45060ea41b8c4e5adc1453320c42a0,gx-no-cache=1515677032378 HTTP/1.1" 200 17551
186.67.172.234 - - [11/Jan/2018:10:24:42 -0300] "POST /cormun/servlet/trautorizarsolicitud?6a45060ea41b8c4e5adc1453320c42a0,gx-no-cache=1515677040210 HTTP/1.1" 200 17261
186.67.172.234 - - [11/Jan/2018:10:24:47 -0300] "POST /cormun/servlet/trautorizarsolicitud?6a45060ea41b8c4e5adc1453320c42a0,gx-no-cache=1515677045862 HTTP/1.1" 200 17203
186.103.159.44 - - [11/Jan/2018:10:24:49 -0300] "GET /cormun/servlet/solicitudot?93f5696ec6af881851328fe3ede9ab9a90414a9b43bae076af6ede11eb22171c6968e75b038fc69df4b5228a1baade1d0a1c77f7d1c3a2d06137c0718d2be0595f982d281fafff19880e51018b423e2b0c76bc7aa8d2faeea73b04433751910f0eaf9a1fa0f05350bec69b322d48ab24,gx-no-cache=1515677048958 HTTP/1.1" 200 29
186.103.159.44 - - [11/Jan/2018:10:24:49 -0300] "POST /cormun/servlet/solicitudot?gx-no-cache=1515677049311 HTTP/1.1" 200 218
186.103.159.44 - - [11/Jan/2018:10:24:49 -0300] "GET /cormun/servlet/solicitudot?93f5696ec6af881851328fe3ede9ab9a69dde240a495f9dd20956b2972380152a8614c50d0fcf39cb75798b25dc413488538cfa1a7f9eac7b9d853e7f2580eb73539f9e1548c46ac910285ac94355696da935aa79ce66eea9157b044bdd29cb96968e75b038fc69df4b5228a1baade1dc1a11adf7d1f965e78942db374f08cf7370ae16fbe0b338a181b06704fda282a,gx-no-cache=1515677049400 HTTP/1.1" 200 55
186.67.172.234 - - [11/Jan/2018:10:24:52 -0300] "POST /cormun/servlet/trautorizarsolicitud?6a45060ea41b8c4e5adc1453320c42a0,gx-no-cache=1515677050298 HTTP/1.1" 200 16893
186.103.159.44 - - [11/Jan/2018:10:24:53 -0300] "GET /cormun/static/menuarrow.gif HTTP/1.1" 404 1015
186.67.172.234 - - [11/Jan/2018:10:24:57 -0300] "POST /cormun/servlet/trautorizarsolicitud?6a45060ea41b8c4e5adc1453320c42a0,gx-no-cache=1515677055450 HTTP/1.1" 200 16834
186.67.172.234 - - [11/Jan/2018:10:25:01 -0300] "POST /cormun/servlet/trautorizarsolicitud?6a45060ea41b8c4e5adc1453320c42a0,gx-no-cache=1515677059577 HTTP/1.1" 200 16582
186.103.157.246 - - [11/Jan/2018:10:25:03 -0300] "GET /cormun/servlet/trcontratosolicitud? HTTP/1.1" 200 14878
186.103.157.246 - - [11/Jan/2018:10:25:03 -0300] "GET /cormun/static/gxcfg.js?20177612214014 HTTP/1.1" 304 -
186.103.159.44 - - [11/Jan/2018:10:25:03 -0300] "GET /cormun/servlet/solicitudot?93f5696ec6af881851328fe3ede9ab9aaee2238c4587c2a67663cdb450ef84643e2af2b1eb7fa8d2cb5a99401a42f343,gx-no-cache=1515677063730 HTTP/1.1" 200 30
186.103.157.246 - - [11/Jan/2018:10:25:04 -0300] "GET /cormun/servlet/trcontratosolicitud? HTTP/1.1" 200 14911
186.67.172.234 - - [11/Jan/2018:10:25:06 -0300] "POST /cormun/servlet/trautorizarsolicitud?6a45060ea41b8c4e5adc1453320c42a0,gx-no-cache=1515677064448 HTTP/1.1" 200 16524
186.103.159.44 - - [11/Jan/2018:10:25:10 -0300] "POST /cormun/servlet/solicitudot?gx-no-cache=1515677070134 HTTP/1.1" 200 33
186.67.172.234 - - [11/Jan/2018:10:25:13 -0300] "POST /cormun/servlet/trautorizarsolicitud?6a45060ea41b8c4e5adc1453320c42a0,gx-no-cache=1515677071817 HTTP/1.1" 200 16344
186.67.172.234 - - [11/Jan/2018:10:25:18 -0300] "POST /cormun/servlet/trautorizarsolicitud?6a45060ea41b8c4e5adc1453320c42a0,gx-no-cache=1515677076638 HTTP/1.1" 200 16288
186.67.172.234 - - [11/Jan/2018:10:25:22 -0300] "POST /cormun/servlet/trautorizarsolicitud?6a45060ea41b8c4e5adc1453320c42a0,gx-no-cache=1515677080874 HTTP/1.1" 200 15959
186.67.172.234 - - [11/Jan/2018:10:25:27 -0300] "POST /cormun/servlet/trautorizarsolicitud?6a45060ea41b8c4e5adc1453320c42a0,gx-no-cache=1515677085658 HTTP/1.1" 200 15901
186.67.172.234 - - [11/Jan/2018:10:25:31 -0300] "POST /cormun/servlet/trautorizarsolicitud?6a45060ea41b8c4e5adc1453320c42a0,gx-no-cache=1515677089689 HTTP/1.1" 200 15711
186.103.159.44 - - [11/Jan/2018:10:25:32 -0300] "POST /cormun/servlet/solicitudot?7680f75a9c3e26756cadc1e4993d38b7,INS,0,0,,gx-no-cache=1515677092462 HTTP/1.1" 200 93
186.103.159.44 - - [11/Jan/2018:10:25:32 -0300] "GET /cormun/servlet/hpexe_return? HTTP/1.1" 200 1007
186.103.159.44 - - [11/Jan/2018:10:25:33 -0300] "GET /cormun/servlet/trsolicitudot HTTP/1.1" 200 12964
186.67.172.234 - - [11/Jan/2018:10:25:36 -0300] "POST /cormun/servlet/trautorizarsolicitud?6a45060ea41b8c4e5adc1453320c42a0,gx-no-cache=1515677094383 HTTP/1.1" 200 15654
186.67.172.234 - - [11/Jan/2018:10:25:39 -0300] "POST /cormun/servlet/trautorizarsolicitud?6a45060ea41b8c4e5adc1453320c42a0,gx-no-cache=1515677097347 HTTP/1.1" 200 15386
186.67.172.234 - - [11/Jan/2018:10:25:43 -0300] "POST /cormun/servlet/trautorizarsolicitud?6a45060ea41b8c4e5adc1453320c42a0,gx-no-cache=1515677102060 HTTP/1.1" 200 15327
186.103.157.246 - - [11/Jan/2018:10:25:47 -0300] "GET /cormun/servlet/solicitudotcontratos?INS,2018,0,15524378,3,6,2017,5423,LEY+SEP,201711,4,B, HTTP/1.1" 200 9888
186.103.157.246 - - [11/Jan/2018:10:25:48 -0300] "GET /cormun/static/gxcfg.js?2018191138350 HTTP/1.1" 304 -
186.103.157.246 - - [11/Jan/2018:10:25:48 -0300] "GET /cormun/static/solicitudotcontratos.js?20181911383611 HTTP/1.1" 304 -
186.103.157.246 - - [11/Jan/2018:10:25:48 -0300] "GET /cormun/servlet/solicitudotcontratos?INS,2018,0,15524378,3,6,2017,5423,LEY+SEP,201711,4,B, HTTP/1.1" 200 9925
186.103.157.246 - - [11/Jan/2018:10:25:49 -0300] "GET /cormun/servlet/solicitudotcontratos?6f5416e8acb3c2035c9a1768e29e89577f020daa3cfda15f1f8c46faa5214cdc13935e04b328781b1e7e7aabef059038,gx-no-cache=1515677110675 HTTP/1.1" 200 30
186.103.157.246 - - [11/Jan/2018:10:25:49 -0300] "GET /cormun/servlet/solicitudotcontratos?6f5416e8acb3c2035c9a1768e29e8957fb3de91a751ce34d3b9b9f1dfc215f7a11c926484e1cce67c77db873b63feb0d,gx-no-cache=1515677110766 HTTP/1.1" 200 30
186.103.157.246 - - [11/Jan/2018:10:25:49 -0300] "GET /cormun/servlet/solicitudotcontratos?6f5416e8acb3c2035c9a1768e29e89578a0aece470f94e64920f792df9aaaafc99bfb324a7681eabbea43df96cfee010bcd98679a753a1839969145ca803a03f4c769615dc9fa223876092b537b98a9b733c349893e02d46be9beb90a2034e8102938ba5a3584bb0a6494db79e04cdaaad51d942b71e4daff1819f94a36dfe52,gx-no-cache=1515677110795 HTTP/1.1" 200 50
186.103.157.246 - - [11/Jan/2018:10:25:49 -0300] "GET /cormun/servlet/solicitudotcontratos?6f5416e8acb3c2035c9a1768e29e895789a1bec06b8193ec9b56df872712c2cc36379f706155ff4b2c0d6c9d5202fd2c,gx-no-cache=1515677110833 HTTP/1.1" 200 30
186.103.157.246 - - [11/Jan/2018:10:25:49 -0300] "GET /cormun/servlet/solicitudotcontratos?6f5416e8acb3c2035c9a1768e29e89576f1f4f03656227979594fa9ac10d0a913bdc460c51d94dd7dd4b82249a07cdd319d2352526cd3c4c49dbca3e476c063e610173c2a68e31aeab457fd3d2169ab87d54d020d05d613ee5e69a8a061370cf92f86765d0285ea716341dadffc8364c,gx-no-cache=1515677110890 HTTP/1.1" 200 30
186.103.157.246 - - [11/Jan/2018:10:25:49 -0300] "GET /cormun/servlet/solicitudotcontratos?6f5416e8acb3c2035c9a1768e29e8957af7edc15546a5eaddd780dbbe6be2ea6e57a98890adc6181787686f80c37ad2f0729d7239e40b620c08c4d2844f0299b19d2352526cd3c4c49dbca3e476c063e073e0919ff58fff60959fb522ae91ba5cbab62afd5f0e2d0d8a72e75a9e47819a9f72d4cbf7075809b152ad209e8ba1616cd2d2390424fc2d05e8d740a3eeb4fd612f4f2277fcd00b8f56661fd58341f0729d7239e40b620c08c4d2844f0299b34cfd150ff61b0c525872ad97db142b084997815a2137e31cc9ac7f332a793d05008b2581b2b383727a4426f449e64acf9d8e6577814ed2a999b8f1e94b49d3ed7e0dcc81ffedae0b229d6980aa68429a4b49eb213bfc64794223b200fa7d902c6613f09ab5957958407f7852f07d730c8d8745a9a305406eba36c1387dffd3d1aaf5b3549a0af9a136fcfbb09bf90e69de9bc4164eac74594e067ce3349544275a61340ae8ca8b7d1d0a3f6c263a6bb64a7c8c5eb6a34aad19ca9f75d96b3b2ed6c761f017b968f9ac2a3efdc7d080a4955e0c449137eaf1ea662fc987198311807262d3b52b8d84a7e2ea75faee7d28589fc6df27d90043c80b73ce2295d142f58803f6df901c2e992670134efcdfcd5cb6d0066e943ce3e7f2b46ba4bdfa88dc28bf98b0a0b6577dc6b8baf6d3349d88f17587247a532b9970ec478c198ccb16a5e2bf6a9dcc62081c5fde4706261c7b003d898744424d7094b17a7de737806f8c0d6bca1a26643e1948a616d0b89784d378773031cbd8227ffedcb35ecb3e1015121bac55b361c9cedb29a14b3a6,gx-no-cache=1515677110937 HTTP/1.1" 200 79
186.67.172.234 - - [11/Jan/2018:10:25:52 -0300] "POST /cormun/servlet/trautorizarsolicitud?6a45060ea41b8c4e5adc1453320c42a0,gx-no-cache=1515677110306 HTTP/1.1" 200 14964
186.79.214.243 - - [11/Jan/2018:10:25:55 -0300] "GET /cormun/servlet/solicitudotcontratos?INS,2018,0,17948281,9,6,2017,3545,LEY+SEP,201711,20,*, HTTP/1.1" 200 9860
186.79.214.243 - - [11/Jan/2018:10:25:55 -0300] "GET /cormun/servlet/solicitudotcontratos?INS,2018,0,17948281,9,6,2017,3545,LEY+SEP,201711,20,*, HTTP/1.1" 200 9874
186.79.214.243 - - [11/Jan/2018:10:25:55 -0300] "GET /cormun/servlet/solicitudotcontratos?9bbe363bed419443060d1961d87e5cbc088baeacbf8e6e6b61d6e23b759e4aef46dd765e41f29c1c5c3fac1f4fc998aa,gx-no-cache=1515677115720 HTTP/1.1" 200 30
186.79.214.243 - - [11/Jan/2018:10:25:55 -0300] "GET /cormun/servlet/solicitudotcontratos?9bbe363bed419443060d1961d87e5cbc7a2418a71e1d93d4f95d8643eb85267a28a414b917105de8f68b773a0c75d54d,gx-no-cache=1515677115780 HTTP/1.1" 200 30
186.79.214.243 - - [11/Jan/2018:10:25:56 -0300] "GET /cormun/servlet/solicitudotcontratos?9bbe363bed419443060d1961d87e5cbc03fa8fb7cdc140751e530f51049f097ef78ccc4a0bc6748c69ad6932364771837320b5c0f9ecd0d84434ca04d227da88c48f4a686f92034efd19b3156bcdc5028d3ff43f56b11bfa061637e4c7c2ef8b4381c07b105944617c8ed643bf393c905e3111578a41125ac66618e503f56a76,gx-no-cache=1515677115836 HTTP/1.1" 200 50
186.79.214.243 - - [11/Jan/2018:10:25:56 -0300] "GET /cormun/servlet/solicitudotcontratos?9bbe363bed419443060d1961d87e5cbc894e084363d1418512cdd31e1dd4af5f3bf0797672350accb4786b32d0a900a0,gx-no-cache=1515677115898 HTTP/1.1" 200 30
186.79.214.243 - - [11/Jan/2018:10:25:56 -0300] "GET /cormun/servlet/solicitudotcontratos?9bbe363bed419443060d1961d87e5cbcb198c37f4460e92783676a1e8914d3919f97ab717f3dec75b85eb2308fb155068895ca5c5f9f3a146aa62a4610b4a59e9d23c1563979ab1a2fc3809ecf8d44c63a94f4c13807037b7ae35aafd54e8950d190e16bba48303a790527e773a7a470,gx-no-cache=1515677115956 HTTP/1.1" 200 30
186.79.214.243 - - [11/Jan/2018:10:25:56 -0300] "GET /cormun/servlet/solicitudotcontratos?9bbe363bed419443060d1961d87e5cbca22a995d692a796382b9db00d64350d2ce4245c84ff6ded5851b2cb5e410be1f76c5da9b1b3ea2cb164fbde1dcf893288895ca5c5f9f3a146aa62a4610b4a59e146bb9615f8dd2caf44a11e5e7f39e948266a2eda6ff5cff13eadebe64e5d95628aef749a8ef1096a1f3153010709b5ad29e2888e35a1cd22c6937e285f661d92e22b88973c60d82e943301fb18380c776c5da9b1b3ea2cb164fbde1dcf89328b6d41138a502d03109ba5efa5d55d8aff35a4154a673dfc53c08beef137c5b0bd04d6c0e0f1202f4b19f3bce334907f11f97b36a2a130a862eb9c31b1016721d87d46310dc16e85008553ae4db5255a1c1e3f405e56f2dfe82d1416b0e4f4dcbcf7fe797045f7208830b50173980f3b9efe8712dbf185070cb1d72c3493e245c8187b4fca66b4fa54c767472e2b8eeed6a2300dc91c45b76ce770af00c62ae375fe8b8abcf48478b414f00de6756ce9671c4cac1060ceb6d9784ddbc51708d76d69a223ff10ffd1da047d8f069c24c3d6a204f52cbd38b1735af773b5076b7f60120242c80ce1a43f9c40f98fef2e4a4895bca3c4270ed097a3c978272d506b2e2c0edbfc9b08e5a8ea4c4d0b24b04b9753d55798a63ed4bbe9e5f5c4c59dbc48a04f02c5b818c58a0795b0b355d82065cf3ca21120446bcae6768ae8bdda038b18b85e1210436f69a9e16c4cabb310fac08a80ab8592c6aa98eeee2635daf39ef13f8a8fb223d9f6cba4cf76d8bba3782cb45630b178a45cb14b472b57d00d193cab176b3123aa91eb8f286953f78cc,gx-no-cache=1515677116017 HTTP/1.1" 200 79
186.67.172.234 - - [11/Jan/2018:10:25:57 -0300] "POST /cormun/servlet/trautorizarsolicitud?6a45060ea41b8c4e5adc1453320c42a0,gx-no-cache=1515677115280 HTTP/1.1" 200 14907
186.67.172.234 - - [11/Jan/2018:10:26:00 -0300] "POST /cormun/servlet/trautorizarsolicitud?6a45060ea41b8c4e5adc1453320c42a0,gx-no-cache=1515677118571 HTTP/1.1" 200 14704
186.67.172.234 - - [11/Jan/2018:10:26:04 -0300] "POST /cormun/servlet/trautorizarsolicitud?6a45060ea41b8c4e5adc1453320c42a0,gx-no-cache=1515677123110 HTTP/1.1" 200 14646
186.67.172.234 - - [11/Jan/2018:10:26:08 -0300] "POST /cormun/servlet/trautorizarsolicitud?6a45060ea41b8c4e5adc1453320c42a0,gx-no-cache=1515677126738 HTTP/1.1" 200 14326
186.67.172.234 - - [11/Jan/2018:10:26:13 -0300] "POST /cormun/servlet/trautorizarsolicitud?6a45060ea41b8c4e5adc1453320c42a0,gx-no-cache=1515677131272 HTTP/1.1" 200 14268
186.79.214.243 - - [11/Jan/2018:10:26:16 -0300] "POST /cormun/servlet/solicitudotcontratos?cb379fd8ac43bd863b60af31387d1183,INS,2018,0,17948281,9,6,2017,3545,LEY+SEP,201711,20,*,,gx-no-cache=1515677136277 HTTP/1.1" 200 10811
186.79.214.243 - - [11/Jan/2018:10:26:17 -0300] "POST /cormun/servlet/solicitudotcontratos?gx-no-cache=1515677136789 HTTP/1.1" 200 1343
186.79.214.243 - - [11/Jan/2018:10:26:17 -0300] "POST /cormun/servlet/solicitudotcontratos?gx-no-cache=1515677136954 HTTP/1.1" 200 1220
186.79.214.243 - - [11/Jan/2018:10:26:17 -0300] "GET /cormun/servlet/solicitudotcontratos?9bbe363bed419443060d1961d87e5cbce1e5e540d077a66029ccb5f2cbff160cbfecf3a62604552c51f1381d6fed87a6c56c725780458a3c5aa61998e7a71988ae85be1619d88b35d0ccd323f654b811548ad9d5eb5e5e8789577b67296d407a1e5bb5e689499f000e8a3ca609f32253cf90f5d2b4813454d358bf5baf0a4bf2,gx-no-cache=1515677137107 HTTP/1.1" 200 30
186.79.214.243 - - [11/Jan/2018:10:26:17 -0300] "POST /cormun/servlet/solicitudotcontratos?cb379fd8ac43bd863b60af31387d1183,INS,2018,0,17948281,9,6,2017,3545,LEY+SEP,201711,20,*,,gx-no-cache=1515677137175 HTTP/1.1" 200 93
186.67.172.234 - - [11/Jan/2018:10:26:17 -0300] "POST /cormun/servlet/trautorizarsolicitud?6a45060ea41b8c4e5adc1453320c42a0,gx-no-cache=1515677136122 HTTP/1.1" 200 14101
186.79.214.243 - - [11/Jan/2018:10:26:18 -0300] "GET /cormun/servlet/hpexe_return? HTTP/1.1" 200 1069
186.79.214.243 - - [11/Jan/2018:10:26:18 -0300] "GET /cormun/servlet/trcontratosolicitud?gx-no-cache=1515675408726 HTTP/1.1" 200 9585
186.79.214.243 - - [11/Jan/2018:10:26:18 -0300] "GET /cormun/servlet/trcontratosolicitud?gx-no-cache=1515675408726 HTTP/1.1" 200 9592
186.67.172.234 - - [11/Jan/2018:10:26:22 -0300] "POST /cormun/servlet/trautorizarsolicitud?6a45060ea41b8c4e5adc1453320c42a0,gx-no-cache=1515677140579 HTTP/1.1" 200 14044
186.67.172.234 - - [11/Jan/2018:10:26:26 -0300] "POST /cormun/servlet/trautorizarsolicitud?6a45060ea41b8c4e5adc1453320c42a0,gx-no-cache=1515677144218 HTTP/1.1" 200 13778
186.79.214.243 - - [11/Jan/2018:10:26:27 -0300] "GET /cormun/servlet/solicitudotcontratos?INS,2018,0,17948281,9,2,2017,3390,PRORETENCION,201711,20,*, HTTP/1.1" 200 9849
186.79.214.243 - - [11/Jan/2018:10:26:27 -0300] "GET /cormun/servlet/solicitudotcontratos?INS,2018,0,17948281,9,2,2017,3390,PRORETENCION,201711,20,*, HTTP/1.1" 200 9859
186.79.214.243 - - [11/Jan/2018:10:26:28 -0300] "GET /cormun/servlet/solicitudotcontratos?9bbe363bed419443060d1961d87e5cbc088baeacbf8e6e6b61d6e23b759e4aef46dd765e41f29c1c5c3fac1f4fc998aa,gx-no-cache=1515677147879 HTTP/1.1" 200 30
186.79.214.243 - - [11/Jan/2018:10:26:28 -0300] "GET /cormun/servlet/solicitudotcontratos?9bbe363bed419443060d1961d87e5cbc7a2418a71e1d93d4f95d8643eb85267a28a414b917105de8f68b773a0c75d54d,gx-no-cache=1515677147938 HTTP/1.1" 200 30
186.79.214.243 - - [11/Jan/2018:10:26:28 -0300] "GET /cormun/servlet/solicitudotcontratos?9bbe363bed419443060d1961d87e5cbc03fa8fb7cdc140751e530f51049f097ef78ccc4a0bc6748c69ad6932364771837320b5c0f9ecd0d84434ca04d227da88c48f4a686f92034efd19b3156bcdc5027034fdcaa5f57b0078aeb9bbf760b289af630db1d93ed07668412be22e6a1e60496fb05a23c3624dc62dad34f37fd39a,gx-no-cache=1515677147994 HTTP/1.1" 200 48
186.79.214.243 - - [11/Jan/2018:10:26:28 -0300] "GET /cormun/servlet/solicitudotcontratos?9bbe363bed419443060d1961d87e5cbc894e084363d1418512cdd31e1dd4af5f235dd8b6dab9aa583a69623b4e39407d,gx-no-cache=1515677148055 HTTP/1.1" 200 30
186.79.214.243 - - [11/Jan/2018:10:26:28 -0300] "GET /cormun/servlet/solicitudotcontratos?9bbe363bed419443060d1961d87e5cbcb198c37f4460e92783676a1e8914d3919f97ab717f3dec75b85eb2308fb155068895ca5c5f9f3a146aa62a4610b4a59e9d23c1563979ab1a2fc3809ecf8d44c6eca20fb8a895a2dacf20325613f2894cd190e16bba48303a790527e773a7a470,gx-no-cache=1515677148112 HTTP/1.1" 200 30
186.79.214.243 - - [11/Jan/2018:10:26:28 -0300] "GET /cormun/servlet/solicitudotcontratos?9bbe363bed419443060d1961d87e5cbca22a995d692a796382b9db00d64350d2ce4245c84ff6ded5851b2cb5e410be1fffdf2c4ad8f633a639fe59465b0eb0186ca240ff937fb202675aaea779ef91a65684fdafa53f8ae52ef4d1bb3f7ab8670a1db3082f70f21715cf2c97517ef6798570602296b1c2289c6bab084c210e32e5dabcfa45b48d307cf27e3a56d6552caa406ffb775160b0a535533c989011bf9ddc0231e58f773987845a65f0e10a52c1995459480aed42055c2f80e4ab90d04bf900312d57756a53d8b3e81665290d2c386a5489befbb0da4ae0fccdb1ecc492b31cbac3809b65e33953b4164a69505fe8b8abcf48478b414f00de6756ce9620184082be2331dea07a7231837f65e49b974b9fa0cfb68a2986d46bbee61d97e2d4ac0c1aa78de5ffc70dc830311e186446ae1267b6796c0e617d2bd2b3c1469704b842286ac0076ebc13a3b57e298deb3e75231f9e1b84ca76de178902257190dbe5999ded69b5e227e167739467859558f1d6fe517176616457aafab185bf66bba4d2b14519c2a7d518e0e70331384ca30b31edde9fac1c2fcf0e966ad5c449bdeae929cfbf0c01a0d074243c31dac0061d4e3bd2588a018fe03c512368a99d8578f8fd6ec6c437c0d7b1df85c0a491bbe8eed02df0ceda6a6e41d6a638326bfb0fda2e182ae65c33d5ccf3521a413b80c7d702a174e798cb43fae5f76d74e17a9b4648913df6c251dd434fa5ae93435e61bb3beb0aca95d635a4050040598a60d72ecc59fc3359eed432e5f2b963cf68d344f44f0d13c674cf6b88bcdc28,gx-no-cache=1515677148177 HTTP/1.1" 200 84
