186.103.159.189 - - [11/Jan/2018:11:36:26 -0300] "POST /cormun/servlet/solicitudotadjuntos?d134df0372c1084e85d48c640caa470d,INS,2018,8668,,1, HTTP/1.1" 200 116
186.103.159.189 - - [11/Jan/2018:11:36:26 -0300] "GET /cormun/servlet/hpexe_return? HTTP/1.1" 200 1029
186.103.159.182 - - [11/Jan/2018:11:36:26 -0300] "GET /cormun/servlet/trcontratosolicitud HTTP/1.1" 200 14796
186.103.159.189 - - [11/Jan/2018:11:36:27 -0300] "GET /cormun/servlet/trsolicitudadjuntos?2018,8668, HTTP/1.1" 200 9416
186.103.159.189 - - [11/Jan/2018:11:36:29 -0300] "GET /cormun/servlet/trsolicitudadjuntos?2018,8668, HTTP/1.1" 200 9412
186.103.159.182 - - [11/Jan/2018:11:36:29 -0300] "GET /cormun/servlet/trcontratosolicitud HTTP/1.1" 200 14794
186.103.159.189 - - [11/Jan/2018:11:36:35 -0300] "GET /cormun/servlet/solicitudotadjuntos?INS,2018,8668,,2, HTTP/1.1" 200 6224
186.103.159.189 - - [11/Jan/2018:11:36:35 -0300] "GET /cormun/static/about:blank HTTP/1.1" 404 1011
186.103.159.189 - - [11/Jan/2018:11:36:36 -0300] "GET /cormun/servlet/solicitudotadjuntos?INS,2018,8668,,2, HTTP/1.1" 200 6218
186.103.159.189 - - [11/Jan/2018:11:36:37 -0300] "GET /cormun/servlet/solicitudotadjuntos?4f5d1eb59b741b78f7f6e2fb72aa96da4d210aaebc3683dc5fa0ff494322f87e2f88627ac305227fbc2ad8106fe23573,gx-no-cache=1515684954587 HTTP/1.1" 200 30
186.103.159.189 - - [11/Jan/2018:11:36:37 -0300] "POST /cormun/servlet/solicitudotadjuntos?d134df0372c1084e85d48c640caa470d,INS,2018,8668,,2,,gx-no-cache=1515684954640 HTTP/1.1" 200 4157
186.103.159.182 - - [11/Jan/2018:11:36:42 -0300] "GET /cormun/servlet/solicitudotcontratos?INS,2018,0,12911556,4,2,2017,1581,LEY+SEP,201711,44,*, HTTP/1.1" 200 9997
186.103.159.182 - - [11/Jan/2018:11:36:43 -0300] "GET /cormun/servlet/solicitudotcontratos?INS,2018,0,12911556,4,2,2017,1581,LEY+SEP,201711,44,*, HTTP/1.1" 200 10034
186.103.159.182 - - [11/Jan/2018:11:36:44 -0300] "GET /cormun/servlet/solicitudotcontratos?4846520630624ebff6b0b8492efacec9e537b19e4bc3b87dc7a6ba728dfa351ecc568d626fdff2f3386cc4b9f7c4be11,gx-no-cache=1515681360267 HTTP/1.1" 200 30
186.103.159.182 - - [11/Jan/2018:11:36:44 -0300] "GET /cormun/servlet/solicitudotcontratos?4846520630624ebff6b0b8492efacec97ffe0c0763775eadfbdceccdf0b8786d1312c3686b3045d36144985c1d4f4425,gx-no-cache=1515681360305 HTTP/1.1" 200 30
186.103.159.182 - - [11/Jan/2018:11:36:44 -0300] "GET /cormun/servlet/solicitudotcontratos?4846520630624ebff6b0b8492efacec903173f6e2927116436e2650b9dcd6497de9717962564083d6233969547b6cf98d8a52947cb31aa6453cc9802e7bb53c80c0f4d71c296c6ca596fd2a89db650ab43f5a7e0faf2c83aa5fb8168b6e99f774fb78bfda398a4244e7cadabc5bbd031208d0fe7a4e501284bdf5d1f36547f8d,gx-no-cache=1515681360339 HTTP/1.1" 200 48
186.103.159.182 - - [11/Jan/2018:11:36:44 -0300] "GET /cormun/servlet/solicitudotcontratos?4846520630624ebff6b0b8492efacec9c54455784d0045eb2b3994c426fd05e26b4ea443cc5a5107e5f2c76cf84e1529,gx-no-cache=1515681360376 HTTP/1.1" 200 30
186.103.159.182 - - [11/Jan/2018:11:36:44 -0300] "GET /cormun/servlet/solicitudotcontratos?4846520630624ebff6b0b8492efacec9c799184295d0b38889f181b678e5da192b9dc7822a2ec6a8c049eba1ec906423531c316ca0caeeddf2d67bf51d3fdb5d4d7093efb0640d5729373b212942ab37f1cf9de37249370ac54d0a1fa87a16c47d46d39858c147b50533a298b03c0b95,gx-no-cache=1515681360411 HTTP/1.1" 200 30
186.103.159.182 - - [11/Jan/2018:11:36:44 -0300] "GET /cormun/servlet/solicitudotcontratos?4846520630624ebff6b0b8492efacec98614ed5428caed5584b415d33ead89f5badb628b449087e4f919ca58dc04e9373bef79e7ee4ed717a52e092bf7b7a57a531c316ca0caeeddf2d67bf51d3fdb5d63e9de5ec2bb53197e76e83bbd8a433931ea590b471909c0a3ccae1389f4a40dcb8c9cbea93a041b694f44fde855735f1c10747e87431f39899766037e638e4697118ae511c85147e35031a05b4208733bef79e7ee4ed717a52e092bf7b7a57a8b556e93c2cbcbd6c21f546a6c3ecf26b6994f430fce67c73afe00c2d52594d91e5d6d1faf6a3d77818b9c8f58572e7294da05e7b93d6a303c5d4e9296d563679abbc966918305779c11e75e668465a03b76a8a577feaffefcbf6c965f6d484b153e0a5798ec60a8659cffc30b14ed8cb7fa883f90748f6a6de759b87b675a1016214a118320b7050fd9649650a0777853fa26c87a9bd6718dcb4809f91782adb706bfd2d504a70d616b6d03a6323c375dfd5a3a4742fca36cd730b90e7ccd4ac968f78f3b7b02da57eb41bd990c30deeb8ea3844c49e2d76e0c317672e0eeaf467421d8839852535f35ba20554f08d5fad22ec508b996364a134615f25f01b3a8b898917907c21ab290621699b695c1c6db126db0e884e43da3b15e025b6f5ae46eccd28c433a319aad8877af61f4fddbef7c142b119676cc9ba6f8af593d3710a2c49192798ea61b2395a63f646159374c42cb012dc66874e1b5a27a7cd223b692b965209deafdfaeedb25654733299c5b703cafae03e77403eb30bc1a5b5f446c37f97b24bf01fb6036721f14e46a,gx-no-cache=1515681360457 HTTP/1.1" 200 79
186.103.159.189 - - [11/Jan/2018:11:36:57 -0300] "POST /cormun/servlet/solicitudotadjuntos?gx-no-cache=1515684974810 HTTP/1.1" 200 26
186.103.159.189 - - [11/Jan/2018:11:37:02 -0300] "GET /cormun/servlet/solicitudotadjuntos?4f5d1eb59b741b78f7f6e2fb72aa96da729ee1612dcfab9a93f007fe6a44292d,gx-no-cache=1515684980041 HTTP/1.1" 200 30
186.103.159.189 - - [11/Jan/2018:11:37:02 -0300] "GET /cormun/servlet/solicitudotadjuntos?4f5d1eb59b741b78f7f6e2fb72aa96da729ee1612dcfab9a93f007fe6a44292d,gx-no-cache=1515684980094 HTTP/1.1" 200 30
186.103.158.250 - - [11/Jan/2018:11:37:02 -0300] "POST /cormun/servlet/solicitudot?gx-no-cache=1515681381814 HTTP/1.1" 200 217
186.103.159.182 - - [11/Jan/2018:11:37:02 -0300] "POST /cormun/servlet/solicitudotcontratos?349bc9843eec3a427768c311b6245046,INS,2018,0,12911556,4,2,2017,1581,LEY+SEP,201711,44,*,,gx-no-cache=1515681378660 HTTP/1.1" 200 10788
186.103.158.250 - - [11/Jan/2018:11:37:02 -0300] "GET /cormun/servlet/solicitudot?eefab0f54816ca845a5f396277ac21aad7e8c11aee9646dbca60aef7f2b8f8aba3005b089ccad0d005b3b4d57775f16844d7309396f193ef85a35203e83c615934dd7687a9afd960b69bc90733f7b4b90ca31cfd10a25376b578836d936c6c490f14e81b9ada7746cea1588ce05c008af78a0f4f54a0c894ad08f45519209a5ef904e1cfd5f431eeb19fefc64cf3fb6b,gx-no-cache=1515681381873 HTTP/1.1" 200 55
186.103.158.250 - - [11/Jan/2018:11:37:02 -0300] "GET /cormun/static/menuarrow.gif HTTP/1.1" 404 1015
186.103.159.189 - - [11/Jan/2018:11:37:03 -0300] "POST /cormun/servlet/solicitudotadjuntos?d134df0372c1084e85d48c640caa470d,INS,2018,8668,,2, HTTP/1.1" 200 116
186.103.159.182 - - [11/Jan/2018:11:37:03 -0300] "POST /cormun/servlet/solicitudotcontratos?gx-no-cache=1515681379335 HTTP/1.1" 200 1342
186.103.159.189 - - [11/Jan/2018:11:37:03 -0300] "GET /cormun/servlet/hpexe_return? HTTP/1.1" 200 1029
186.103.159.182 - - [11/Jan/2018:11:37:03 -0300] "POST /cormun/servlet/solicitudotcontratos?gx-no-cache=1515681379438 HTTP/1.1" 200 1220
186.103.159.182 - - [11/Jan/2018:11:37:03 -0300] "GET /cormun/servlet/solicitudotcontratos?4846520630624ebff6b0b8492efacec900f676fba492af5c65abdca4c82c8f157065de4d61cb7d113714ba5ce356908105c99d2811584c75cfcd0d8cb5f983429a855f9a048dc980089cb6b5b91261f9b66925a9bdf569e2ee7552d350875caca9b09fd99f7e36b403e4fae13c07e7c1c55af146b342a7f8c709c49e9c48fc90,gx-no-cache=1515681379523 HTTP/1.1" 200 30
186.103.159.182 - - [11/Jan/2018:11:37:03 -0300] "POST /cormun/servlet/solicitudotcontratos?349bc9843eec3a427768c311b6245046,INS,2018,0,12911556,4,2,2017,1581,LEY+SEP,201711,44,*,,gx-no-cache=1515681379561 HTTP/1.1" 200 93
186.103.159.182 - - [11/Jan/2018:11:37:03 -0300] "GET /cormun/servlet/hpexe_return? HTTP/1.1" 200 1046
186.103.159.182 - - [11/Jan/2018:11:37:04 -0300] "GET /cormun/servlet/trcontratosolicitud HTTP/1.1" 200 14791
186.103.159.189 - - [11/Jan/2018:11:37:04 -0300] "GET /cormun/servlet/trsolicitudadjuntos?2018,8668, HTTP/1.1" 200 9651
186.103.158.250 - - [11/Jan/2018:11:37:05 -0300] "POST /cormun/servlet/solicitudot?gx-no-cache=1515681384468 HTTP/1.1" 200 217
186.103.158.250 - - [11/Jan/2018:11:37:05 -0300] "GET /cormun/servlet/solicitudot?eefab0f54816ca845a5f396277ac21aad7e8c11aee9646dbca60aef7f2b8f8aba3005b089ccad0d005b3b4d57775f16844d7309396f193ef85a35203e83c615934dd7687a9afd960b69bc90733f7b4b90ca31cfd10a25376b578836d936c6c490f14e81b9ada7746cea1588ce05c008af78a0f4f54a0c894ad08f45519209a5ef904e1cfd5f431eeb19fefc64cf3fb6b,gx-no-cache=1515681384527 HTTP/1.1" 200 55
186.103.159.182 - - [11/Jan/2018:11:37:06 -0300] "GET /cormun/servlet/trcontratosolicitud HTTP/1.1" 200 14784
186.103.159.189 - - [11/Jan/2018:11:37:06 -0300] "GET /cormun/servlet/trsolicitudadjuntos?2018,8668, HTTP/1.1" 200 9647
186.103.158.250 - - [11/Jan/2018:11:37:10 -0300] "GET /cormun/servlet/solicitudot?eefab0f54816ca845a5f396277ac21aa49d4c75df0d5610091119858d78a3c0775ec91b6dc8dc62d3c5a34317082dd14,gx-no-cache=1515681389928 HTTP/1.1" 200 30
186.103.158.250 - - [11/Jan/2018:11:37:21 -0300] "POST /cormun/servlet/solicitudot?gx-no-cache=1515681400397 HTTP/1.1" 200 30
186.103.159.182 - - [11/Jan/2018:11:37:24 -0300] "GET /cormun/servlet/solicitudotcontratos?INS,2018,0,11130975,2,2,2017,1579,LEY+SEP,201711,30,B, HTTP/1.1" 200 9985
186.103.156.24 - - [11/Jan/2018:11:37:25 -0300] "GET /cormun/servlet/trsolicitudot? HTTP/1.1" 200 7426
186.103.156.24 - - [11/Jan/2018:11:37:25 -0300] "GET /cormun/servlet/trsolicitudot? HTTP/1.1" 200 7426
186.103.159.182 - - [11/Jan/2018:11:37:26 -0300] "GET /cormun/servlet/solicitudotcontratos?INS,2018,0,11130975,2,2,2017,1579,LEY+SEP,201711,30,B, HTTP/1.1" 200 10021
186.103.159.182 - - [11/Jan/2018:11:37:26 -0300] "GET /cormun/servlet/solicitudotcontratos?4846520630624ebff6b0b8492efacec90aef6ac4df249295843a33a7ebcf1e47cc568d626fdff2f3386cc4b9f7c4be11,gx-no-cache=1515681402678 HTTP/1.1" 200 30
186.103.159.182 - - [11/Jan/2018:11:37:26 -0300] "GET /cormun/servlet/solicitudotcontratos?4846520630624ebff6b0b8492efacec94d9c575b21e8a3261b84e36f9e739c7d1312c3686b3045d36144985c1d4f4425,gx-no-cache=1515681402718 HTTP/1.1" 200 30
186.103.159.182 - - [11/Jan/2018:11:37:26 -0300] "GET /cormun/servlet/solicitudotcontratos?4846520630624ebff6b0b8492efacec903173f6e2927116436e2650b9dcd6497d0d5af384f3799495d3a420e375d3e33d8a52947cb31aa6453cc9802e7bb53c87391c3a557727277e4b8b8910109df8843f5a7e0faf2c83aa5fb8168b6e99f774fb78bfda398a4244e7cadabc5bbd031208d0fe7a4e501284bdf5d1f36547f8d,gx-no-cache=1515681402752 HTTP/1.1" 200 48
186.103.159.182 - - [11/Jan/2018:11:37:26 -0300] "GET /cormun/servlet/solicitudotcontratos?4846520630624ebff6b0b8492efacec914655e15a37111f854ba513e4b5d65b697ebf0c6bb9e37018ed8018314a70325,gx-no-cache=1515681402799 HTTP/1.1" 200 30
186.103.159.182 - - [11/Jan/2018:11:37:26 -0300] "GET /cormun/servlet/solicitudotcontratos?4846520630624ebff6b0b8492efacec9c799184295d0b38889f181b678e5da192b9dc7822a2ec6a8c049eba1ec906423531c316ca0caeeddf2d67bf51d3fdb5d4d7093efb0640d5729373b212942ab37f1cf9de37249370ac54d0a1fa87a16c47d46d39858c147b50533a298b03c0b95,gx-no-cache=1515681402833 HTTP/1.1" 200 30
186.103.159.182 - - [11/Jan/2018:11:37:26 -0300] "GET /cormun/servlet/solicitudotcontratos?4846520630624ebff6b0b8492efacec98614ed5428caed5584b415d33ead89f5badb628b449087e4f919ca58dc04e9373bef79e7ee4ed717a52e092bf7b7a57a531c316ca0caeeddf2d67bf51d3fdb5d63e9de5ec2bb53197e76e83bbd8a433931ea590b471909c0a3ccae1389f4a40dcb8c9cbea93a041b694f44fde855735f1c10747e87431f39899766037e638e4697118ae511c85147e35031a05b4208733bef79e7ee4ed717a52e092bf7b7a57a8b556e93c2cbcbd6c21f546a6c3ecf26b6994f430fce67c73afe00c2d52594d91e5d6d1faf6a3d77818b9c8f58572e7294da05e7b93d6a303c5d4e9296d563679abbc966918305779c11e75e668465a03b76a8a577feaffefcbf6c965f6d484b153e0a5798ec60a8659cffc30b14ed8cb7fa883f90748f6a6de759b87b675a1016214a118320b7050fd9649650a0777853fa26c87a9bd6718dcb4809f91782adb706bfd2d504a70d616b6d03a6323c375dfd5a3a4742fca36cd730b90e7ccd4ac968f78f3b7b02da57eb41bd990c30deeb8ea3844c49e2d76e0c317672e0eeaf467421d8839852535f35ba20554f08d5fad22ec508b996364a134615f25f01b3a8b898917907c21ab290621699b695c1c6db126db0e884e43da3b15e025b6f5ae46eccd28c433a319aad8877af61f4fddbef7c142b119676cc9ba6f8af593d3710a2c49192798ea61b2395a63f646159374c42cb012dc66874e1b5a27a7cd223b692b965209deafdfaeedb25654733299c5b703cafae03e77403eb30bc1a5b5f446c37f97b24bf01fb6036721f14e46a,gx-no-cache=1515681402880 HTTP/1.1" 200 79
186.103.156.24 - - [11/Jan/2018:11:37:28 -0300] "GET /cormun/servlet/solicitudot?INS,0,0, HTTP/1.1" 200 14139
186.103.156.24 - - [11/Jan/2018:11:37:28 -0300] "GET /cormun/servlet/solicitudot?INS,0,0, HTTP/1.1" 200 14144
186.103.159.182 - - [11/Jan/2018:11:37:33 -0300] "POST /cormun/servlet/solicitudotcontratos?349bc9843eec3a427768c311b6245046,INS,2018,0,11130975,2,2,2017,1579,LEY+SEP,201711,30,B,,gx-no-cache=1515681409378 HTTP/1.1" 200 10780
186.103.159.182 - - [11/Jan/2018:11:37:33 -0300] "POST /cormun/servlet/solicitudotcontratos?gx-no-cache=1515681409806 HTTP/1.1" 200 1342
186.103.159.182 - - [11/Jan/2018:11:37:33 -0300] "POST /cormun/servlet/solicitudotcontratos?gx-no-cache=1515681409893 HTTP/1.1" 200 1221
186.103.159.182 - - [11/Jan/2018:11:37:33 -0300] "GET /cormun/servlet/solicitudotcontratos?4846520630624ebff6b0b8492efacec900f676fba492af5c65abdca4c82c8f157065de4d61cb7d113714ba5ce356908105c99d2811584c75cfcd0d8cb5f983429a855f9a048dc980089cb6b5b91261f9b66925a9bdf569e2ee7552d350875caca9b09fd99f7e36b403e4fae13c07e7c1c55af146b342a7f8c709c49e9c48fc90,gx-no-cache=1515681409963 HTTP/1.1" 200 30
186.103.159.182 - - [11/Jan/2018:11:37:34 -0300] "POST /cormun/servlet/solicitudotcontratos?349bc9843eec3a427768c311b6245046,INS,2018,0,11130975,2,2,2017,1579,LEY+SEP,201711,30,B,,gx-no-cache=1515681410019 HTTP/1.1" 200 93
186.103.159.182 - - [11/Jan/2018:11:37:34 -0300] "GET /cormun/servlet/hpexe_return? HTTP/1.1" 200 1045
186.103.159.182 - - [11/Jan/2018:11:37:34 -0300] "GET /cormun/servlet/trcontratosolicitud HTTP/1.1" 200 14811
186.103.159.44 - - [11/Jan/2018:11:37:35 -0300] "POST /cormun/servlet/solicitudotcontratos?7680f75a9c3e26756cadc1e4993d38b7,INS,2018,0,19262892,K,2,2017,7227,LEY+SEP,201711,44,*,,gx-no-cache=1515681415671 HTTP/1.1" 200 10773
186.103.159.44 - - [11/Jan/2018:11:37:35 -0300] "POST /cormun/servlet/solicitudotcontratos?gx-no-cache=1515681415980 HTTP/1.1" 200 1342
186.103.159.44 - - [11/Jan/2018:11:37:35 -0300] "POST /cormun/servlet/solicitudotcontratos?gx-no-cache=1515681416031 HTTP/1.1" 200 1220
186.103.159.44 - - [11/Jan/2018:11:37:36 -0300] "GET /cormun/servlet/solicitudotcontratos?93f5696ec6af881851328fe3ede9ab9a6b61492b54ddcd8e2c4e907c699f706796a823d14d1bb8c5818d5762d057b700ae8ac5caac1955a2a5b5696332f8c0a8627eabbf7ab50dd858b444e05864b2d7eae30fa88149eae9122c68c2739dd0e6f68a338f6ad4c1a6e6f2b7e143fda26a2c7be26edc1156c58eee7c3b3e7f2606,gx-no-cache=1515681416074 HTTP/1.1" 200 30
186.103.159.182 - - [11/Jan/2018:11:37:36 -0300] "GET /cormun/servlet/trcontratosolicitud HTTP/1.1" 200 14806
186.103.159.44 - - [11/Jan/2018:11:37:36 -0300] "POST /cormun/servlet/solicitudotcontratos?7680f75a9c3e26756cadc1e4993d38b7,INS,2018,0,19262892,K,2,2017,7227,LEY+SEP,201711,44,*,,gx-no-cache=1515681416410 HTTP/1.1" 200 93
186.103.159.44 - - [11/Jan/2018:11:37:36 -0300] "GET /cormun/servlet/hpexe_return? HTTP/1.1" 200 1053
186.103.159.44 - - [11/Jan/2018:11:37:36 -0300] "GET /cormun/servlet/trcontratosolicitud? HTTP/1.1" 200 6676
200.112.6.143 - - [11/Jan/2018:11:37:37 -0300] "POST /cormun/servlet/trcontratosolicitud?e662bffeaf526a188a34770e7e897cb5,gx-no-cache=1515681413916 HTTP/1.1" 200 12327
186.103.159.189 - - [11/Jan/2018:11:37:38 -0300] "POST /cormun/servlet/trsolicitudadjuntos?d134df0372c1084e85d48c640caa470d,2018,8668,,gx-no-cache=1515685015819 HTTP/1.1" 200 90
186.103.159.189 - - [11/Jan/2018:11:37:38 -0300] "GET /cormun/servlet/hpexe_link HTTP/1.1" 200 971
186.103.159.189 - - [11/Jan/2018:11:37:38 -0300] "GET /cormun/servlet/trsolicitudot HTTP/1.1" 200 8726
186.103.159.189 - - [11/Jan/2018:11:37:40 -0300] "GET /cormun/servlet/trsolicitudot HTTP/1.1" 200 8725
186.103.158.250 - - [11/Jan/2018:11:37:51 -0300] "POST /cormun/servlet/solicitudot?0200b3adc0323117d4cc876a5948844c,INS,0,0,,gx-no-cache=1515681430428 HTTP/1.1" 200 93
186.103.158.250 - - [11/Jan/2018:11:37:51 -0300] "GET /cormun/servlet/hpexe_return? HTTP/1.1" 200 1004
186.103.158.250 - - [11/Jan/2018:11:37:51 -0300] "GET /cormun/servlet/trsolicitudot HTTP/1.1" 200 9117
186.103.159.182 - - [11/Jan/2018:11:37:52 -0300] "GET /cormun/servlet/solicitudotcontratos?INS,2018,0,16255216,3,2,2017,1608,NADA,201711,30,B, HTTP/1.1" 200 10001
186.103.158.250 - - [11/Jan/2018:11:37:53 -0300] "GET /cormun/servlet/trsolicitudot HTTP/1.1" 200 9113
186.103.159.182 - - [11/Jan/2018:11:37:53 -0300] "GET /cormun/servlet/solicitudotcontratos?INS,2018,0,16255216,3,2,2017,1608,NADA,201711,30,B, HTTP/1.1" 200 10034
186.103.159.182 - - [11/Jan/2018:11:37:54 -0300] "GET /cormun/servlet/solicitudotcontratos?4846520630624ebff6b0b8492efacec953666e6a5dc057fc334c6e3f3e474772cc568d626fdff2f3386cc4b9f7c4be11,gx-no-cache=1515681430504 HTTP/1.1" 200 30
186.103.159.182 - - [11/Jan/2018:11:37:54 -0300] "GET /cormun/servlet/solicitudotcontratos?4846520630624ebff6b0b8492efacec9823efd09918e1c7db981206b01e444711312c3686b3045d36144985c1d4f4425,gx-no-cache=1515681430567 HTTP/1.1" 200 30
186.103.159.182 - - [11/Jan/2018:11:37:54 -0300] "GET /cormun/servlet/solicitudotcontratos?4846520630624ebff6b0b8492efacec903173f6e2927116436e2650b9dcd6497d0d5af384f3799495d3a420e375d3e33d8a52947cb31aa6453cc9802e7bb53c87391c3a557727277e4b8b8910109df8843f5a7e0faf2c83aa5fb8168b6e99f774fb78bfda398a4244e7cadabc5bbd031208d0fe7a4e501284bdf5d1f36547f8d,gx-no-cache=1515681430631 HTTP/1.1" 200 48
186.103.159.182 - - [11/Jan/2018:11:37:54 -0300] "GET /cormun/servlet/solicitudotcontratos?4846520630624ebff6b0b8492efacec998be64bb2fe059af18784561c9cdcd938910854d4ed856d78f92f93225802f15,gx-no-cache=1515681430674 HTTP/1.1" 200 30
186.103.159.182 - - [11/Jan/2018:11:37:54 -0300] "GET /cormun/servlet/solicitudotcontratos?4846520630624ebff6b0b8492efacec9c799184295d0b38889f181b678e5da192b9dc7822a2ec6a8c049eba1ec906423531c316ca0caeeddf2d67bf51d3fdb5d4d7093efb0640d5729373b212942ab37f1cf9de37249370ac54d0a1fa87a16c47d46d39858c147b50533a298b03c0b95,gx-no-cache=1515681430708 HTTP/1.1" 200 30
186.103.159.182 - - [11/Jan/2018:11:37:54 -0300] "GET /cormun/servlet/solicitudotcontratos?4846520630624ebff6b0b8492efacec98614ed5428caed5584b415d33ead89f5badb628b449087e4f919ca58dc04e937f84501c684cbbd81cfd0c6ecf8f54dd2d0a9f21134a12889ab7aa8fd456bc5e7583a422b10499f6be561f5648f926daa2cb7387339433e6aafbbad29b564339f3a4fe0789e3cccc6757f9b603e2723617a765d50083e263774ab6ace6a839653f78ba4d54d13e3372090829577666934ea9964041ddbae62e68be13e917c9870897e49e6adb060a0b8594a084cd8ba576d1afb7083ae62cd616c5a678af4eae92ee8718a984f7e8cd576971f00967d6c7062b5caed121fb9ee54b22569c95e2b2da40466f956be6914aec71d8b4dd760c0b44146ade1f1348a1d6dcf546fa630d00ca3664e9adbef86e22b1a82e8e9398ea33e2f4451d56dc4bab5f50dc47fe9153e0a5798ec60a8659cffc30b14ed8c7454817c0a04f9a31a73d754490d70a5be76721d6fc2a7bd2ce3880ae954fa47b896052cf56cffdb7ea96b3f2fbc97853460b08c9edb124255c4fe522f93a7484e885d907a0a8ce59d54f2466ee77878b922bafbf41454eb95d338feddc00b13c5fdf95d89d04fb9ef2c04be4e24711712396a3d0207841a451b3d48bf2f849b84cdc605d2128d90c9c3f08d16aa709ae16cd814b5bfcb161f2b0ac02a1e91ccaa25d452d9a7c17acef867167340f211b922bafbf41454eb95d338feddc00b1346d7500328d5dc6792db98ff3132506799f048aa7853d8de1870adf7dc77efdc7ed240e78bcb3b78e532447cf0123372c07b5748d237e8e599c0e73a193a0fba,gx-no-cache=1515681430760 HTTP/1.1" 200 72
186.103.158.250 - - [11/Jan/2018:11:37:59 -0300] "GET /cormun/servlet/trcontratosolicitud? HTTP/1.1" 200 12269
186.103.159.182 - - [11/Jan/2018:11:38:00 -0300] "POST /cormun/servlet/solicitudotcontratos?349bc9843eec3a427768c311b6245046,INS,2018,0,16255216,3,2,2017,1608,NADA,201711,30,B,,gx-no-cache=1515681436341 HTTP/1.1" 200 10799
186.103.158.250 - - [11/Jan/2018:11:38:00 -0300] "GET /cormun/servlet/trcontratosolicitud? HTTP/1.1" 200 12277
186.103.159.182 - - [11/Jan/2018:11:38:00 -0300] "POST /cormun/servlet/solicitudotcontratos?gx-no-cache=1515681436811 HTTP/1.1" 200 1342
186.103.159.182 - - [11/Jan/2018:11:38:00 -0300] "POST /cormun/servlet/solicitudotcontratos?gx-no-cache=1515681436893 HTTP/1.1" 200 1221
186.103.159.182 - - [11/Jan/2018:11:38:00 -0300] "GET /cormun/servlet/solicitudotcontratos?4846520630624ebff6b0b8492efacec900f676fba492af5c65abdca4c82c8f157065de4d61cb7d113714ba5ce356908105c99d2811584c75cfcd0d8cb5f983429a855f9a048dc980089cb6b5b91261f9b66925a9bdf569e2ee7552d350875caca9b09fd99f7e36b403e4fae13c07e7c1c55af146b342a7f8c709c49e9c48fc90,gx-no-cache=1515681436962 HTTP/1.1" 200 30
186.103.159.182 - - [11/Jan/2018:11:38:01 -0300] "POST /cormun/servlet/solicitudotcontratos?349bc9843eec3a427768c311b6245046,INS,2018,0,16255216,3,2,2017,1608,NADA,201711,30,B,,gx-no-cache=1515681437021 HTTP/1.1" 200 93
186.103.159.182 - - [11/Jan/2018:11:38:01 -0300] "GET /cormun/servlet/hpexe_return? HTTP/1.1" 200 1042
186.103.159.182 - - [11/Jan/2018:11:38:01 -0300] "GET /cormun/servlet/trcontratosolicitud HTTP/1.1" 200 14807
186.79.214.243 - - [11/Jan/2018:11:38:01 -0300] "GET /cormun/servlet/trautorizarsolicitud? HTTP/1.1" 200 7181
186.79.214.243 - - [11/Jan/2018:11:38:01 -0300] "GET /cormun/static/gxcfg.js?2017111423403364 HTTP/1.1" 200 953
186.79.214.243 - - [11/Jan/2018:11:38:02 -0300] "GET /cormun/static/trautorizarsolicitud.js?201711142340425 HTTP/1.1" 200 53910
186.79.214.243 - - [11/Jan/2018:11:38:02 -0300] "GET /cormun/servlet/trautorizarsolicitud? HTTP/1.1" 200 7181
186.103.159.182 - - [11/Jan/2018:11:38:03 -0300] "GET /cormun/servlet/trcontratosolicitud HTTP/1.1" 200 14817
186.103.159.182 - - [11/Jan/2018:11:38:11 -0300] "GET /cormun/servlet/solicitudotcontratos?INS,2018,0,16255216,3,6,2017,1609,LEY+SEP,201711,2,B, HTTP/1.1" 200 10013
186.103.159.182 - - [11/Jan/2018:11:38:13 -0300] "GET /cormun/servlet/solicitudotcontratos?INS,2018,0,16255216,3,6,2017,1609,LEY+SEP,201711,2,B, HTTP/1.1" 200 10048
186.103.159.182 - - [11/Jan/2018:11:38:13 -0300] "GET /cormun/servlet/solicitudotcontratos?4846520630624ebff6b0b8492efacec953666e6a5dc057fc334c6e3f3e474772cc568d626fdff2f3386cc4b9f7c4be11,gx-no-cache=1515681449718 HTTP/1.1" 200 30
186.103.159.182 - - [11/Jan/2018:11:38:13 -0300] "GET /cormun/servlet/solicitudotcontratos?4846520630624ebff6b0b8492efacec9823efd09918e1c7db981206b01e444711312c3686b3045d36144985c1d4f4425,gx-no-cache=1515681449763 HTTP/1.1" 200 30
186.103.159.182 - - [11/Jan/2018:11:38:13 -0300] "GET /cormun/servlet/solicitudotcontratos?4846520630624ebff6b0b8492efacec903173f6e2927116436e2650b9dcd6497d0d5af384f3799495d3a420e375d3e33d8a52947cb31aa6453cc9802e7bb53c87391c3a557727277e4b8b8910109df88d90733d78c16a85d0ff8a2860b30626f3903126706c0450a30d0a26eec26c31f1b081e171c89e52065152b36c84042dc,gx-no-cache=1515681449796 HTTP/1.1" 200 50
186.103.159.182 - - [11/Jan/2018:11:38:13 -0300] "GET /cormun/servlet/solicitudotcontratos?4846520630624ebff6b0b8492efacec998be64bb2fe059af18784561c9cdcd93b7c30ed6dc7325e6fc0a59ec0bce50de,gx-no-cache=1515681449837 HTTP/1.1" 200 30
186.103.159.182 - - [11/Jan/2018:11:38:13 -0300] "GET /cormun/servlet/solicitudotcontratos?4846520630624ebff6b0b8492efacec9c799184295d0b38889f181b678e5da192b9dc7822a2ec6a8c049eba1ec906423531c316ca0caeeddf2d67bf51d3fdb5d4d7093efb0640d5729373b212942ab3749b50608bf8f79c17e3976fb5d5916007d46d39858c147b50533a298b03c0b95,gx-no-cache=1515681450198 HTTP/1.1" 200 30
186.103.159.182 - - [11/Jan/2018:11:38:14 -0300] "GET /cormun/servlet/solicitudotcontratos?4846520630624ebff6b0b8492efacec98614ed5428caed5584b415d33ead89f5badb628b449087e4f919ca58dc04e9373bef79e7ee4ed717a52e092bf7b7a57a531c316ca0caeeddf2d67bf51d3fdb5d63e9de5ec2bb53197e76e83bbd8a433931ea590b471909c0a3ccae1389f4a40dcb8c9cbea93a041b694f44fde855735f1c10747e87431f39899766037e638e4697118ae511c85147e35031a05b4208733bef79e7ee4ed717a52e092bf7b7a57a8b556e93c2cbcbd6c21f546a6c3ecf26b6994f430fce67c73afe00c2d52594d91e5d6d1faf6a3d77818b9c8f58572e7294da05e7b93d6a303c5d4e9296d563679abbc966918305779c11e75e668465a03b76a8a577feaffefcbf6c965f6d484b153e0a5798ec60a8659cffc30b14ed8cb7fa883f90748f6a6de759b87b675a1016214a118320b7050fd9649650a0777853fa26c87a9bd6718dcb4809f91782adb706bfd2d504a70d616b6d03a6323c375dfd5a3a4742fca36cd730b90e7ccd4ac968f78f3b7b02da57eb41bd990c30deeb8ea3844c49e2d76e0c317672e0eeaf467421d8839852535f35ba20554f08d5fad22ec508b996364a134615f25f01b3a8b898917907c21ab290621699b695c1c6db126db0e884e43da3b15e025b6f5ae46eccd28c433a319aad8877af61f4fddbef7c142b119676cc9ba6f8af593d3710a2c49192798ea61b2395a63f646159374c42cb012dc66874e1b5a27a7cd223b692b965209deafdfaeedb25654733299c5b703cafae03e77403eb30bc1a5b5f446c37f97b24bf01fb6036721f14e46a,gx-no-cache=1515681450246 HTTP/1.1" 200 79
186.103.159.44 - - [11/Jan/2018:11:38:19 -0300] "POST /cormun/servlet/trcontratosolicitud?7680f75a9c3e26756cadc1e4993d38b7,,gx-no-cache=1515681458952 HTTP/1.1" 200 4967
186.79.214.243 - - [11/Jan/2018:11:38:22 -0300] "GET /cormun/servlet/trcontratoobservaciondir? HTTP/1.1" 200 11731
186.79.214.243 - - [11/Jan/2018:11:38:23 -0300] "GET /cormun/servlet/trcontratoobservaciondir? HTTP/1.1" 200 11731
186.103.159.44 - - [11/Jan/2018:11:38:25 -0300] "GET /cormun/servlet/solicitudotcontratos?INS,2018,0,16254787,9,2,2017,3121,LEY+SEP,201711,44,*, HTTP/1.1" 200 9881
186.103.159.182 - - [11/Jan/2018:11:38:26 -0300] "POST /cormun/servlet/solicitudotcontratos?349bc9843eec3a427768c311b6245046,INS,2018,0,16255216,3,6,2017,1609,LEY+SEP,201711,2,B,,gx-no-cache=1515681462067 HTTP/1.1" 200 10812
186.103.159.182 - - [11/Jan/2018:11:38:26 -0300] "POST /cormun/servlet/solicitudotcontratos?gx-no-cache=1515681462508 HTTP/1.1" 200 1342
186.103.159.182 - - [11/Jan/2018:11:38:26 -0300] "POST /cormun/servlet/solicitudotcontratos?gx-no-cache=1515681462573 HTTP/1.1" 200 1221
186.103.159.44 - - [11/Jan/2018:11:38:26 -0300] "GET /cormun/servlet/solicitudotcontratos?93f5696ec6af881851328fe3ede9ab9ab91fa753cd1fb8f218234123d98bc7660afa67702f90fcf80c830d38ca38cad2,gx-no-cache=1515681466587 HTTP/1.1" 200 30
186.103.159.182 - - [11/Jan/2018:11:38:26 -0300] "GET /cormun/servlet/solicitudotcontratos?4846520630624ebff6b0b8492efacec900f676fba492af5c65abdca4c82c8f157065de4d61cb7d113714ba5ce356908105c99d2811584c75cfcd0d8cb5f983429a855f9a048dc980089cb6b5b91261f9b66925a9bdf569e2ee7552d350875caca9b09fd99f7e36b403e4fae13c07e7c1c55af146b342a7f8c709c49e9c48fc90,gx-no-cache=1515681462624 HTTP/1.1" 200 30
186.103.159.44 - - [11/Jan/2018:11:38:26 -0300] "GET /cormun/servlet/solicitudotcontratos?93f5696ec6af881851328fe3ede9ab9a6b6553df1e76130a2af568261d05598041a2c6ffa922bafe85ed8fc090746ff8,gx-no-cache=1515681466619 HTTP/1.1" 200 30
186.103.159.182 - - [11/Jan/2018:11:38:26 -0300] "POST /cormun/servlet/solicitudotcontratos?349bc9843eec3a427768c311b6245046,INS,2018,0,16255216,3,6,2017,1609,LEY+SEP,201711,2,B,,gx-no-cache=1515681462662 HTTP/1.1" 200 93
186.103.159.182 - - [11/Jan/2018:11:38:26 -0300] "GET /cormun/servlet/hpexe_return? HTTP/1.1" 200 1044
186.103.159.44 - - [11/Jan/2018:11:38:26 -0300] "GET /cormun/servlet/solicitudotcontratos?93f5696ec6af881851328fe3ede9ab9ad4a99751b62ef224d18ed9da634ac84f8c7b7f97149dd1f3d99e28283267c8642e83a578de4141b686a3d36c35dcf083b6e7f20063a3849ed097625802590da4197ad7ab5e80c8b02f53934890d9fb72c46162dfd30af3c77c0e269d694ac7bfb923fcdd90b0dd74bd0ac8bdcb4600c3,gx-no-cache=1515681466646 HTTP/1.1" 200 48
186.103.159.44 - - [11/Jan/2018:11:38:26 -0300] "GET /cormun/servlet/solicitudotcontratos?93f5696ec6af881851328fe3ede9ab9a9c5067d2056492ddece3debfc6d823ba6fad0819dc7ab9412b2163becd4f308d,gx-no-cache=1515681467056 HTTP/1.1" 200 30
186.103.159.182 - - [11/Jan/2018:11:38:27 -0300] "GET /cormun/servlet/trcontratosolicitud HTTP/1.1" 200 14743
186.103.159.44 - - [11/Jan/2018:11:38:27 -0300] "GET /cormun/servlet/solicitudotcontratos?93f5696ec6af881851328fe3ede9ab9aa3a96eea0126bb3422ec35b53268288fc50d8f86d74c1e2582f726bd5c35d5dd8538cfa1a7f9eac7b9d853e7f2580eb765eedb77bc260a38bf779b623c04934318bb11b0575b0da73b4522e8385befc3d302c4afe19725eef41acb6861285f87,gx-no-cache=1515681467084 HTTP/1.1" 200 30
186.103.159.44 - - [11/Jan/2018:11:38:27 -0300] "GET /cormun/servlet/solicitudotcontratos?93f5696ec6af881851328fe3ede9ab9a2a32bc871ba4cc0628932d6ffcd043b24f294e3271871d7a11e63146d1bd030e8a3dc4f8490a7973c4d164bba6f972798538cfa1a7f9eac7b9d853e7f2580eb73aafd9514b44832d9c2f0c820f29ba2e17ab24d7bfa6abedf92f91c1be3192e4775d29d837a72bec9fd73e1b134998d113204feacdebf667b1768228edd1c5c2092b633ca162c089c4f527690f7464408a3dc4f8490a7973c4d164bba6f97279c6312382907bb0e798557536f465c573c2037efbbfb6e72c2109c340f69d79ff5c2005df5662f41b550c86de1d9056e927c334b708e5121eb77e29079b2639c2cd92e17c7eb0d3d08f33d906a2162a0f174dffcfc8cbcbd3f93a25f4bf3c2b49bda04c5441595557320d66277e99b624bd09fa2043bdb24e6304d9c233ad8d9962e3941812206ae566080a3972b1d6b0324d3ee5e7c1f2964ccc4c34cf088f897380518bc196a25e924c261df438d6ec27c5e51ca09cb29db32ffbc84f15043ed5d1dab1007fb8255eaa8f912186cc60f173872c384f86cba3e979d19d42c2637ead7c805d0b667d36aa4bb9964152fcfeb7fcbc2a899b714b7dd81d31676f68df718c166a088a621e10e84b5871d1a867b23537ea654543601165c4167c197b4d3fde45e6954cb12e238bac9b63aa81bcaea5f3bbdea38c7e001b2952f941a5a77410831cd037a414fbbeea955c79c439e9a35d04dae37d6bbaac84c14bb4d4bcf73dd8301828bb66998c50e6cf16b95a067957b58e5ef375f1504c19ba626aa303edbc3e62f0dce75a1e5fa356e096,gx-no-cache=1515681467523 HTTP/1.1" 200 79
186.103.159.182 - - [11/Jan/2018:11:38:28 -0300] "GET /cormun/servlet/trcontratosolicitud HTTP/1.1" 200 14753
186.103.159.182 - - [11/Jan/2018:11:38:55 -0300] "GET /cormun/servlet/solicitudotcontratos?INS,2018,0,15130675,6,2,2017,1601,NADA,201711,30,B, HTTP/1.1" 200 10004
186.103.159.182 - - [11/Jan/2018:11:38:57 -0300] "GET /cormun/servlet/solicitudotcontratos?INS,2018,0,15130675,6,2,2017,1601,NADA,201711,30,B, HTTP/1.1" 200 10038
186.103.159.182 - - [11/Jan/2018:11:38:57 -0300] "GET /cormun/servlet/solicitudotcontratos?4846520630624ebff6b0b8492efacec9f64f671ebaa91aba8d04c54908b18870cc568d626fdff2f3386cc4b9f7c4be11,gx-no-cache=1515681494135 HTTP/1.1" 200 30
186.103.159.182 - - [11/Jan/2018:11:38:57 -0300] "GET /cormun/servlet/solicitudotcontratos?4846520630624ebff6b0b8492efacec9405db20d47a29fad2ab0a8f219924d851312c3686b3045d36144985c1d4f4425,gx-no-cache=1515681494172 HTTP/1.1" 200 30
186.103.159.182 - - [11/Jan/2018:11:38:57 -0300] "GET /cormun/servlet/solicitudotcontratos?4846520630624ebff6b0b8492efacec903173f6e2927116436e2650b9dcd6497d0d5af384f3799495d3a420e375d3e33d8a52947cb31aa6453cc9802e7bb53c87391c3a557727277e4b8b8910109df8843f5a7e0faf2c83aa5fb8168b6e99f774fb78bfda398a4244e7cadabc5bbd031208d0fe7a4e501284bdf5d1f36547f8d,gx-no-cache=1515681494214 HTTP/1.1" 200 48
186.103.159.182 - - [11/Jan/2018:11:38:58 -0300] "GET /cormun/servlet/solicitudotcontratos?4846520630624ebff6b0b8492efacec97aa98ef11ca9534fe57df6f875a6c69c90e69df1aec430d25641dedfffd1d210,gx-no-cache=1515681494258 HTTP/1.1" 200 30
186.103.159.182 - - [11/Jan/2018:11:38:58 -0300] "GET /cormun/servlet/solicitudotcontratos?4846520630624ebff6b0b8492efacec9c799184295d0b38889f181b678e5da192b9dc7822a2ec6a8c049eba1ec906423531c316ca0caeeddf2d67bf51d3fdb5d4d7093efb0640d5729373b212942ab37f1cf9de37249370ac54d0a1fa87a16c47d46d39858c147b50533a298b03c0b95,gx-no-cache=1515681494293 HTTP/1.1" 200 30
186.103.159.182 - - [11/Jan/2018:11:38:58 -0300] "GET /cormun/servlet/solicitudotcontratos?4846520630624ebff6b0b8492efacec98614ed5428caed5584b415d33ead89f5badb628b449087e4f919ca58dc04e937f84501c684cbbd81cfd0c6ecf8f54dd2d0a9f21134a12889ab7aa8fd456bc5e7583a422b10499f6be561f5648f926daa2cb7387339433e6aafbbad29b564339f3a4fe0789e3cccc6757f9b603e2723617a765d50083e263774ab6ace6a839653f78ba4d54d13e3372090829577666934ea9964041ddbae62e68be13e917c9870897e49e6adb060a0b8594a084cd8ba576d1afb7083ae62cd616c5a678af4eae92ee8718a984f7e8cd576971f00967d6c7062b5caed121fb9ee54b22569c95e2b2da40466f956be6914aec71d8b4dd760c0b44146ade1f1348a1d6dcf546fa630d00ca3664e9adbef86e22b1a82e8e9398ea33e2f4451d56dc4bab5f50dc47fe9153e0a5798ec60a8659cffc30b14ed8c7454817c0a04f9a31a73d754490d70a5be76721d6fc2a7bd2ce3880ae954fa47b896052cf56cffdb7ea96b3f2fbc97853460b08c9edb124255c4fe522f93a7484e885d907a0a8ce59d54f2466ee77878b922bafbf41454eb95d338feddc00b13c5fdf95d89d04fb9ef2c04be4e24711712396a3d0207841a451b3d48bf2f849b84cdc605d2128d90c9c3f08d16aa709ae16cd814b5bfcb161f2b0ac02a1e91ccaa25d452d9a7c17acef867167340f211b922bafbf41454eb95d338feddc00b1346d7500328d5dc6792db98ff3132506799f048aa7853d8de1870adf7dc77efdc7ed240e78bcb3b78e532447cf0123372c07b5748d237e8e599c0e73a193a0fba,gx-no-cache=1515681494345 HTTP/1.1" 200 72
186.103.159.44 - - [11/Jan/2018:11:39:02 -0300] "POST /cormun/servlet/solicitudotcontratos?7680f75a9c3e26756cadc1e4993d38b7,INS,2018,0,16254787,9,2,2017,3121,LEY+SEP,201711,44,*,,gx-no-cache=1515681502926 HTTP/1.1" 200 10775
186.103.159.44 - - [11/Jan/2018:11:39:03 -0300] "POST /cormun/servlet/solicitudotcontratos?gx-no-cache=1515681503232 HTTP/1.1" 200 1342
186.103.159.44 - - [11/Jan/2018:11:39:03 -0300] "POST /cormun/servlet/solicitudotcontratos?gx-no-cache=1515681503286 HTTP/1.1" 200 1221
186.103.159.44 - - [11/Jan/2018:11:39:03 -0300] "GET /cormun/servlet/solicitudotcontratos?93f5696ec6af881851328fe3ede9ab9a6b61492b54ddcd8e2c4e907c699f706796a823d14d1bb8c5818d5762d057b700ae8ac5caac1955a2a5b5696332f8c0a8627eabbf7ab50dd858b444e05864b2d7eae30fa88149eae9122c68c2739dd0e6f68a338f6ad4c1a6e6f2b7e143fda26a2c7be26edc1156c58eee7c3b3e7f2606,gx-no-cache=1515681503330 HTTP/1.1" 200 30
186.103.159.44 - - [11/Jan/2018:11:39:03 -0300] "POST /cormun/servlet/solicitudotcontratos?7680f75a9c3e26756cadc1e4993d38b7,INS,2018,0,16254787,9,2,2017,3121,LEY+SEP,201711,44,*,,gx-no-cache=1515681503668 HTTP/1.1" 200 93
186.103.158.250 - - [11/Jan/2018:11:39:03 -0300] "GET /cormun/servlet/trsolicitudot? HTTP/1.1" 200 9113
186.103.159.44 - - [11/Jan/2018:11:39:03 -0300] "GET /cormun/servlet/hpexe_return? HTTP/1.1" 200 1052
186.103.159.182 - - [11/Jan/2018:11:39:03 -0300] "POST /cormun/servlet/solicitudotcontratos?349bc9843eec3a427768c311b6245046,INS,2018,0,15130675,6,2,2017,1601,NADA,201711,30,B,,gx-no-cache=1515681499989 HTTP/1.1" 200 10800
186.103.159.44 - - [11/Jan/2018:11:39:04 -0300] "GET /cormun/servlet/trcontratosolicitud? HTTP/1.1" 200 6670
186.103.159.182 - - [11/Jan/2018:11:39:04 -0300] "POST /cormun/servlet/solicitudotcontratos?gx-no-cache=1515681500441 HTTP/1.1" 200 1343
186.103.159.182 - - [11/Jan/2018:11:39:04 -0300] "POST /cormun/servlet/solicitudotcontratos?gx-no-cache=1515681500846 HTTP/1.1" 200 1220
186.103.159.182 - - [11/Jan/2018:11:39:04 -0300] "GET /cormun/servlet/solicitudotcontratos?4846520630624ebff6b0b8492efacec900f676fba492af5c65abdca4c82c8f157065de4d61cb7d113714ba5ce356908105c99d2811584c75cfcd0d8cb5f983429a855f9a048dc980089cb6b5b91261f9b66925a9bdf569e2ee7552d350875caca9b09fd99f7e36b403e4fae13c07e7c1c55af146b342a7f8c709c49e9c48fc90,gx-no-cache=1515681500958 HTTP/1.1" 200 30
186.103.159.182 - - [11/Jan/2018:11:39:05 -0300] "POST /cormun/servlet/solicitudotcontratos?349bc9843eec3a427768c311b6245046,INS,2018,0,15130675,6,2,2017,1601,NADA,201711,30,B,,gx-no-cache=1515681500996 HTTP/1.1" 200 93
186.103.159.182 - - [11/Jan/2018:11:39:05 -0300] "GET /cormun/servlet/hpexe_return? HTTP/1.1" 200 1043
186.103.158.250 - - [11/Jan/2018:11:39:05 -0300] "GET /cormun/servlet/trsolicitudot? HTTP/1.1" 200 9113
186.103.159.182 - - [11/Jan/2018:11:39:05 -0300] "GET /cormun/servlet/trcontratosolicitud HTTP/1.1" 200 14751
186.103.159.182 - - [11/Jan/2018:11:39:07 -0300] "GET /cormun/servlet/trcontratosolicitud HTTP/1.1" 200 14738
186.103.158.250 - - [11/Jan/2018:11:39:09 -0300] "POST /cormun/servlet/trsolicitudot?0200b3adc0323117d4cc876a5948844c,,gx-no-cache=1515681507984 HTTP/1.1" 200 106
186.103.158.250 - - [11/Jan/2018:11:39:09 -0300] "GET /cormun/servlet/trsolicitudadjuntos?2018,8661, HTTP/1.1" 200 9674
186.103.158.250 - - [11/Jan/2018:11:39:10 -0300] "GET /cormun/servlet/trsolicitudadjuntos?2018,8661, HTTP/1.1" 200 9674
200.112.6.143 - - [11/Jan/2018:11:39:18 -0300] "POST /cormun/servlet/trcontratosolicitud?e662bffeaf526a188a34770e7e897cb5,gx-no-cache=1515681510274 HTTP/1.1" 200 12245
186.103.158.250 - - [11/Jan/2018:11:39:22 -0300] "GET /cormun/servlet/trsolicitudot? HTTP/1.1" 200 9113
186.103.158.250 - - [11/Jan/2018:11:39:24 -0300] "GET /cormun/servlet/trsolicitudot? HTTP/1.1" 200 9113
186.79.214.243 - - [11/Jan/2018:11:39:26 -0300] "GET /cormun/servlet/trvisualizadoreventos? HTTP/1.1" 200 6802
186.79.214.243 - - [11/Jan/2018:11:39:26 -0300] "GET /cormun/static/gxcfg.js?20175251251426 HTTP/1.1" 304 -
186.79.214.243 - - [11/Jan/2018:11:39:27 -0300] "GET /cormun/servlet/trvisualizadoreventos? HTTP/1.1" 200 6801
186.103.158.250 - - [11/Jan/2018:11:39:27 -0300] "POST /cormun/servlet/trsolicitudot?0200b3adc0323117d4cc876a5948844c,,gx-no-cache=1515681526591 HTTP/1.1" 200 106
186.103.158.250 - - [11/Jan/2018:11:39:27 -0300] "GET /cormun/servlet/trsolicitudadjuntos?2018,8685, HTTP/1.1" 200 6250
186.103.159.44 - - [11/Jan/2018:11:39:28 -0300] "POST /cormun/servlet/trcontratosolicitud?7680f75a9c3e26756cadc1e4993d38b7,,gx-no-cache=1515681528126 HTTP/1.1" 200 4150
200.112.6.143 - - [11/Jan/2018:11:39:28 -0300] "POST /cormun/servlet/trcontratosolicitud?e662bffeaf526a188a34770e7e897cb5,gx-no-cache=1515681524646 HTTP/1.1" 200 12302
186.103.158.250 - - [11/Jan/2018:11:39:28 -0300] "GET /cormun/servlet/trsolicitudadjuntos?2018,8685, HTTP/1.1" 200 6250
186.103.159.44 - - [11/Jan/2018:11:39:30 -0300] "POST /cormun/servlet/trcontratosolicitud?7680f75a9c3e26756cadc1e4993d38b7,,gx-no-cache=1515681530680 HTTP/1.1" 200 4151
186.103.158.250 - - [11/Jan/2018:11:39:32 -0300] "GET /cormun/servlet/solicitudotadjuntos?INS,2018,8685,,1, HTTP/1.1" 200 6199
186.103.158.250 - - [11/Jan/2018:11:39:32 -0300] "GET /cormun/static/about:blank HTTP/1.1" 404 1011
186.103.158.250 - - [11/Jan/2018:11:39:33 -0300] "GET /cormun/servlet/solicitudotadjuntos?INS,2018,8685,,1, HTTP/1.1" 200 6192
186.103.158.250 - - [11/Jan/2018:11:39:34 -0300] "GET /cormun/servlet/solicitudotadjuntos?eefab0f54816ca845a5f396277ac21aa540ad025b7611276733e093cab0876c905f71ad8e92cbc4f2f6f5eafbdd91543,gx-no-cache=1515681533200 HTTP/1.1" 200 30
186.103.158.250 - - [11/Jan/2018:11:39:34 -0300] "POST /cormun/servlet/solicitudotadjuntos?0200b3adc0323117d4cc876a5948844c,INS,2018,8685,,1,,gx-no-cache=1515681533250 HTTP/1.1" 200 4015
186.103.158.250 - - [11/Jan/2018:11:39:36 -0300] "POST /cormun/servlet/solicitudotadjuntos?gx-no-cache=1515681535316 HTTP/1.1" 200 26
186.103.159.182 - - [11/Jan/2018:11:39:37 -0300] "GET /cormun/servlet/solicitudotcontratos?INS,2018,0,10108738,7,2,2017,1570,NADA,201711,44,*, HTTP/1.1" 200 9957
186.103.159.182 - - [11/Jan/2018:11:39:39 -0300] "GET /cormun/servlet/solicitudotcontratos?INS,2018,0,10108738,7,2,2017,1570,NADA,201711,44,*, HTTP/1.1" 200 9991
186.103.159.182 - - [11/Jan/2018:11:39:39 -0300] "GET /cormun/servlet/solicitudotcontratos?4846520630624ebff6b0b8492efacec908cf41c8d2397b5e6d4695493b9e0f60cc568d626fdff2f3386cc4b9f7c4be11,gx-no-cache=1515681536182 HTTP/1.1" 200 30
186.103.159.182 - - [11/Jan/2018:11:39:40 -0300] "GET /cormun/servlet/solicitudotcontratos?4846520630624ebff6b0b8492efacec9a1fa1d957cca8a07f84c707c454ddd8f1312c3686b3045d36144985c1d4f4425,gx-no-cache=1515681536280 HTTP/1.1" 200 30
186.103.159.182 - - [11/Jan/2018:11:39:40 -0300] "GET /cormun/servlet/solicitudotcontratos?4846520630624ebff6b0b8492efacec903173f6e2927116436e2650b9dcd6497b9a3b04ebbfa23b76d8b4c8a7bc672e4d8a52947cb31aa6453cc9802e7bb53c825f12b1cc3c9b6c6c5742d99258a66a443f5a7e0faf2c83aa5fb8168b6e99f774fb78bfda398a4244e7cadabc5bbd031208d0fe7a4e501284bdf5d1f36547f8d,gx-no-cache=1515681536341 HTTP/1.1" 200 48
186.103.159.182 - - [11/Jan/2018:11:39:40 -0300] "GET /cormun/servlet/solicitudotcontratos?4846520630624ebff6b0b8492efacec9c2b9712b480ecd36fa50fb622ed8b07c9ef33df6358f46a753c8a45ace2804eb,gx-no-cache=1515681536386 HTTP/1.1" 200 30
186.103.159.182 - - [11/Jan/2018:11:39:40 -0300] "GET /cormun/servlet/solicitudotcontratos?4846520630624ebff6b0b8492efacec9c799184295d0b38889f181b678e5da192b9dc7822a2ec6a8c049eba1ec906423531c316ca0caeeddf2d67bf51d3fdb5d4d7093efb0640d5729373b212942ab37f1cf9de37249370ac54d0a1fa87a16c47d46d39858c147b50533a298b03c0b95,gx-no-cache=1515681536428 HTTP/1.1" 200 30
186.103.159.182 - - [11/Jan/2018:11:39:40 -0300] "GET /cormun/servlet/solicitudotcontratos?4846520630624ebff6b0b8492efacec98614ed5428caed5584b415d33ead89f5badb628b449087e4f919ca58dc04e937f84501c684cbbd81cfd0c6ecf8f54dd2d0a9f21134a12889ab7aa8fd456bc5e7583a422b10499f6be561f5648f926daa2cb7387339433e6aafbbad29b564339f3a4fe0789e3cccc6757f9b603e2723617a765d50083e263774ab6ace6a839653f78ba4d54d13e3372090829577666934ea9964041ddbae62e68be13e917c9870897e49e6adb060a0b8594a084cd8ba576d1afb7083ae62cd616c5a678af4eae92ee8718a984f7e8cd576971f00967d6c7062b5caed121fb9ee54b22569c95e2b2da40466f956be6914aec71d8b4dd760c0b44146ade1f1348a1d6dcf546fa630d00ca3664e9adbef86e22b1a82e8e9398ea33e2f4451d56dc4bab5f50dc47fe9153e0a5798ec60a8659cffc30b14ed8c7454817c0a04f9a31a73d754490d70a5be76721d6fc2a7bd2ce3880ae954fa47b896052cf56cffdb7ea96b3f2fbc97853460b08c9edb124255c4fe522f93a7484e885d907a0a8ce59d54f2466ee77878b922bafbf41454eb95d338feddc00b13c5fdf95d89d04fb9ef2c04be4e24711712396a3d0207841a451b3d48bf2f849b84cdc605d2128d90c9c3f08d16aa709ae16cd814b5bfcb161f2b0ac02a1e91ccaa25d452d9a7c17acef867167340f211b922bafbf41454eb95d338feddc00b1346d7500328d5dc6792db98ff3132506799f048aa7853d8de1870adf7dc77efdc7ed240e78bcb3b78e532447cf0123372c07b5748d237e8e599c0e73a193a0fba,gx-no-cache=1515681536499 HTTP/1.1" 200 72
186.103.158.250 - - [11/Jan/2018:11:40:02 -0300] "GET /cormun/servlet/solicitudotadjuntos?eefab0f54816ca845a5f396277ac21aa7513673dfbec561b1374ff4b6a3db1fe,gx-no-cache=1515681561805 HTTP/1.1" 200 30
186.103.158.250 - - [11/Jan/2018:11:40:02 -0300] "GET /cormun/servlet/solicitudotadjuntos?eefab0f54816ca845a5f396277ac21aa7513673dfbec561b1374ff4b6a3db1fe,gx-no-cache=1515681561853 HTTP/1.1" 200 30
186.103.158.250 - - [11/Jan/2018:11:40:03 -0300] "POST /cormun/servlet/solicitudotadjuntos?0200b3adc0323117d4cc876a5948844c,INS,2018,8685,,1, HTTP/1.1" 200 116
186.103.158.250 - - [11/Jan/2018:11:40:03 -0300] "GET /cormun/servlet/hpexe_return? HTTP/1.1" 200 1023
186.103.158.250 - - [11/Jan/2018:11:40:03 -0300] "GET /cormun/servlet/trsolicitudadjuntos?2018,8685, HTTP/1.1" 200 8583
186.103.158.250 - - [11/Jan/2018:11:40:04 -0300] "GET /cormun/servlet/trsolicitudadjuntos?2018,8685, HTTP/1.1" 200 8579
186.103.159.182 - - [11/Jan/2018:11:40:06 -0300] "POST /cormun/servlet/solicitudotcontratos?349bc9843eec3a427768c311b6245046,INS,2018,0,10108738,7,2,2017,1570,NADA,201711,44,*,,gx-no-cache=1515681562665 HTTP/1.1" 200 10732
186.103.159.182 - - [11/Jan/2018:11:40:07 -0300] "POST /cormun/servlet/solicitudotcontratos?gx-no-cache=1515681563471 HTTP/1.1" 200 1342
186.103.159.182 - - [11/Jan/2018:11:40:07 -0300] "POST /cormun/servlet/solicitudotcontratos?gx-no-cache=1515681563581 HTTP/1.1" 200 1220
186.103.159.182 - - [11/Jan/2018:11:40:07 -0300] "GET /cormun/servlet/solicitudotcontratos?4846520630624ebff6b0b8492efacec900f676fba492af5c65abdca4c82c8f157065de4d61cb7d113714ba5ce356908105c99d2811584c75cfcd0d8cb5f983429a855f9a048dc980089cb6b5b91261f9b66925a9bdf569e2ee7552d350875caca9b09fd99f7e36b403e4fae13c07e7c1c55af146b342a7f8c709c49e9c48fc90,gx-no-cache=1515681563647 HTTP/1.1" 200 30
186.103.159.182 - - [11/Jan/2018:11:40:07 -0300] "POST /cormun/servlet/solicitudotcontratos?349bc9843eec3a427768c311b6245046,INS,2018,0,10108738,7,2,2017,1570,NADA,201711,44,*,,gx-no-cache=1515681563686 HTTP/1.1" 200 93
186.103.159.182 - - [11/Jan/2018:11:40:07 -0300] "GET /cormun/servlet/hpexe_return? HTTP/1.1" 200 1044
186.103.159.182 - - [11/Jan/2018:11:40:08 -0300] "GET /cormun/servlet/trcontratosolicitud HTTP/1.1" 200 14745
186.103.158.250 - - [11/Jan/2018:11:40:08 -0300] "GET /cormun/servlet/solicitudotadjuntos?INS,2018,8685,,1, HTTP/1.1" 200 6199
186.103.158.250 - - [11/Jan/2018:11:40:08 -0300] "GET /cormun/static/about:blank HTTP/1.1" 404 1011
186.103.158.250 - - [11/Jan/2018:11:40:09 -0300] "GET /cormun/servlet/solicitudotadjuntos?INS,2018,8685,,1, HTTP/1.1" 200 6192
186.103.158.250 - - [11/Jan/2018:11:40:09 -0300] "GET /cormun/servlet/solicitudotadjuntos?eefab0f54816ca845a5f396277ac21aa540ad025b7611276733e093cab0876c905f71ad8e92cbc4f2f6f5eafbdd91543,gx-no-cache=1515681569012 HTTP/1.1" 200 30
186.103.158.250 - - [11/Jan/2018:11:40:10 -0300] "POST /cormun/servlet/solicitudotadjuntos?0200b3adc0323117d4cc876a5948844c,INS,2018,8685,,1,,gx-no-cache=1515681569062 HTTP/1.1" 200 4015
186.103.159.182 - - [11/Jan/2018:11:40:10 -0300] "GET /cormun/servlet/trcontratosolicitud HTTP/1.1" 200 14740
192.168.10.60 - - [11/Jan/2018:11:40:11 -0300] "GET /cormun/servlet/hlogin HTTP/1.1" 200 1719
192.168.10.60 - - [11/Jan/2018:11:40:12 -0300] "GET /cormun/static/gxcfg.js?20175251213516 HTTP/1.1" 304 -
192.168.10.60 - - [11/Jan/2018:11:40:12 -0300] "GET /cormun/static/messages.spa.js?85251 HTTP/1.1" 304 -
186.103.158.250 - - [11/Jan/2018:11:40:13 -0300] "POST /cormun/servlet/solicitudotadjuntos?gx-no-cache=1515681572438 HTTP/1.1" 200 26
192.168.10.60 - - [11/Jan/2018:11:40:15 -0300] "GET /cormun/servlet/hlogin HTTP/1.1" 200 1719
192.168.10.60 - - [11/Jan/2018:11:40:15 -0300] "GET /cormun/servlet/hlogin HTTP/1.1" 200 1729
192.168.10.60 - - [11/Jan/2018:11:40:17 -0300] "POST /cormun/servlet/hlogin?3e19093ee6dc2e466e3e93f55f2540b9,gx-no-cache=1515681477838 HTTP/1.1" 200 90
192.168.10.60 - - [11/Jan/2018:11:40:17 -0300] "GET /cormun/servlet/hpexe_link HTTP/1.1" 200 950
192.168.10.60 - - [11/Jan/2018:11:40:17 -0300] "GET /cormun/static/gxcfg.js?20177612121792 HTTP/1.1" 304 -
192.168.10.60 - - [11/Jan/2018:11:40:17 -0300] "GET /cormun/servlet/hhome HTTP/1.1" 200 3828
192.168.10.60 - - [11/Jan/2018:11:40:17 -0300] "GET /cormun/static/gxcfg.js?20175251212442 HTTP/1.1" 304 -
192.168.10.60 - - [11/Jan/2018:11:40:18 -0300] "GET /cormun/servlet/hhome HTTP/1.1" 200 3826
192.168.10.60 - - [11/Jan/2018:11:40:22 -0300] "GET /cormun/servlet/trautorizarot? HTTP/1.1" 200 8164
192.168.10.60 - - [11/Jan/2018:11:40:22 -0300] "GET /cormun/static/gxcfg.js?201711151294486 HTTP/1.1" 304 -
192.168.10.60 - - [11/Jan/2018:11:40:22 -0300] "GET /cormun/servlet/trautorizarot? HTTP/1.1" 200 8163
192.168.10.60 - - [11/Jan/2018:11:40:25 -0300] "POST /cormun/servlet/trautorizarot?3e19093ee6dc2e466e3e93f55f2540b9,,gx-no-cache=1515681485705 HTTP/1.1" 200 5179
186.103.158.250 - - [11/Jan/2018:11:40:26 -0300] "GET /cormun/servlet/solicitudotadjuntos?eefab0f54816ca845a5f396277ac21aa7513673dfbec561b1374ff4b6a3db1fe,gx-no-cache=1515681585372 HTTP/1.1" 200 30
186.103.158.250 - - [11/Jan/2018:11:40:26 -0300] "GET /cormun/servlet/solicitudotadjuntos?eefab0f54816ca845a5f396277ac21aa7513673dfbec561b1374ff4b6a3db1fe,gx-no-cache=1515681585413 HTTP/1.1" 200 30
186.103.158.250 - - [11/Jan/2018:11:40:26 -0300] "POST /cormun/servlet/solicitudotadjuntos?0200b3adc0323117d4cc876a5948844c,INS,2018,8685,,1, HTTP/1.1" 200 116
186.103.158.250 - - [11/Jan/2018:11:40:26 -0300] "GET /cormun/servlet/hpexe_return? HTTP/1.1" 200 1023
186.103.158.250 - - [11/Jan/2018:11:40:27 -0300] "GET /cormun/servlet/trsolicitudadjuntos?2018,8685, HTTP/1.1" 200 8834
186.103.158.250 - - [11/Jan/2018:11:40:28 -0300] "GET /cormun/servlet/trsolicitudadjuntos?2018,8685, HTTP/1.1" 200 8832
186.103.158.250 - - [11/Jan/2018:11:40:36 -0300] "GET /cormun/servlet/solicitudotadjuntos?INS,2018,8685,,1, HTTP/1.1" 200 6198
186.103.159.182 - - [11/Jan/2018:11:40:36 -0300] "GET /cormun/servlet/solicitudotcontratos?INS,2018,0,7161923,0,2,2017,1550,LEY+SEP,201711,44,B, HTTP/1.1" 200 9958
186.103.158.250 - - [11/Jan/2018:11:40:37 -0300] "GET /cormun/static/about:blank HTTP/1.1" 404 1011
186.103.158.250 - - [11/Jan/2018:11:40:37 -0300] "GET /cormun/servlet/solicitudotadjuntos?INS,2018,8685,,1, HTTP/1.1" 200 6192
186.103.158.250 - - [11/Jan/2018:11:40:38 -0300] "GET /cormun/servlet/solicitudotadjuntos?eefab0f54816ca845a5f396277ac21aa540ad025b7611276733e093cab0876c905f71ad8e92cbc4f2f6f5eafbdd91543,gx-no-cache=1515681597304 HTTP/1.1" 200 30
186.103.158.250 - - [11/Jan/2018:11:40:38 -0300] "POST /cormun/servlet/solicitudotadjuntos?0200b3adc0323117d4cc876a5948844c,INS,2018,8685,,1,,gx-no-cache=1515681597386 HTTP/1.1" 200 4014
186.103.159.182 - - [11/Jan/2018:11:40:38 -0300] "GET /cormun/servlet/solicitudotcontratos?INS,2018,0,7161923,0,2,2017,1550,LEY+SEP,201711,44,B, HTTP/1.1" 200 9993
186.103.159.182 - - [11/Jan/2018:11:40:39 -0300] "GET /cormun/servlet/solicitudotcontratos?4846520630624ebff6b0b8492efacec943db9add5766b11e8ec35a76233256b2f4062e1e373498beae30fc8e6c2e32ba,gx-no-cache=1515681595464 HTTP/1.1" 200 30
186.103.159.182 - - [11/Jan/2018:11:40:39 -0300] "GET /cormun/servlet/solicitudotcontratos?4846520630624ebff6b0b8492efacec9700fddb7ffff7fe9d80a0ef95b79e7881e06cf9e2d27fac7cf2f6fc4b3d01405,gx-no-cache=1515681595522 HTTP/1.1" 200 30
186.103.159.182 - - [11/Jan/2018:11:40:39 -0300] "GET /cormun/servlet/solicitudotcontratos?4846520630624ebff6b0b8492efacec903173f6e2927116436e2650b9dcd6497d0d5af384f3799495d3a420e375d3e33d8a52947cb31aa6453cc9802e7bb53c87391c3a557727277e4b8b8910109df8843f5a7e0faf2c83aa5fb8168b6e99f774fb78bfda398a4244e7cadabc5bbd031208d0fe7a4e501284bdf5d1f36547f8d,gx-no-cache=1515681595581 HTTP/1.1" 200 48
186.103.159.182 - - [11/Jan/2018:11:40:39 -0300] "GET /cormun/servlet/solicitudotcontratos?4846520630624ebff6b0b8492efacec95027561ad3344229b8d3a98b50b9c48cac8b606b57760c199527048b88dee3a2,gx-no-cache=1515681595667 HTTP/1.1" 200 30
186.103.159.182 - - [11/Jan/2018:11:40:39 -0300] "GET /cormun/servlet/solicitudotcontratos?4846520630624ebff6b0b8492efacec9c799184295d0b38889f181b678e5da192b9dc7822a2ec6a8c049eba1ec906423531c316ca0caeeddf2d67bf51d3fdb5d4d7093efb0640d5729373b212942ab37f1cf9de37249370ac54d0a1fa87a16c47d46d39858c147b50533a298b03c0b95,gx-no-cache=1515681595727 HTTP/1.1" 200 30
