186.103.157.42 - - [11/Jan/2018:09:20:04 -0300] "GET /cormun/servlet/trsolicitudot? HTTP/1.1" 200 9228
186.103.159.44 - - [11/Jan/2018:09:20:06 -0300] "POST /cormun/servlet/solicitudotadjuntos?7680f75a9c3e26756cadc1e4993d38b7,INS,2018,8567,,1, HTTP/1.1" 200 116
186.103.159.44 - - [11/Jan/2018:09:20:06 -0300] "GET /cormun/servlet/hpexe_return? HTTP/1.1" 200 1027
186.103.159.44 - - [11/Jan/2018:09:20:06 -0300] "GET /cormun/servlet/trsolicitudadjuntos?2018,8567, HTTP/1.1" 200 9327
186.103.157.42 - - [11/Jan/2018:09:20:07 -0300] "GET /cormun/servlet/solicitudot?INS,0,0, HTTP/1.1" 200 14170
186.103.157.42 - - [11/Jan/2018:09:20:07 -0300] "GET /cormun/static/gxcfg.js?20181911371421 HTTP/1.1" 200 953
186.103.157.42 - - [11/Jan/2018:09:20:07 -0300] "GET /cormun/static/solicitudot.js?20181911371648 HTTP/1.1" 200 71402
186.103.157.42 - - [11/Jan/2018:09:20:07 -0300] "GET /cormun/servlet/solicitudot?INS,0,0, HTTP/1.1" 200 14175
186.103.159.44 - - [11/Jan/2018:09:20:10 -0300] "GET /cormun/servlet/solicitudotadjuntos?INS,2018,8567,,1, HTTP/1.1" 200 6166
186.103.159.44 - - [11/Jan/2018:09:20:10 -0300] "HEAD /cormun/static/about:blank HTTP/1.1" 404 -
186.103.159.44 - - [11/Jan/2018:09:20:11 -0300] "GET /cormun/servlet/solicitudotadjuntos?93f5696ec6af881851328fe3ede9ab9a65f34cd21eac8e42fffad563b704d47df143493dfd812ba0b0ce7a0cd012de36,gx-no-cache=1515673173434 HTTP/1.1" 200 30
186.103.159.44 - - [11/Jan/2018:09:20:11 -0300] "POST /cormun/servlet/solicitudotadjuntos?7680f75a9c3e26756cadc1e4993d38b7,INS,2018,8567,,1,,gx-no-cache=1515673173468 HTTP/1.1" 200 3982
186.103.159.44 - - [11/Jan/2018:09:20:14 -0300] "POST /cormun/servlet/solicitudotadjuntos?gx-no-cache=1515673176779 HTTP/1.1" 200 26
186.103.157.42 - - [11/Jan/2018:09:20:20 -0300] "POST /cormun/servlet/solicitudot?gx-no-cache=1515673181980 HTTP/1.1" 200 3828
186.103.157.42 - - [11/Jan/2018:09:20:21 -0300] "POST /cormun/servlet/solicitudot?0a70b08d75965a9aded78eb4b9cb159f,INS,0,0,,gx-no-cache=1515673182254 HTTP/1.1" 200 10949
186.103.158.250 - - [11/Jan/2018:09:20:39 -0300] "POST /cormun/servlet/solicitudotcontratos?c68af9684c1ff4b1bc235ea41b069815,INS,2018,0,15106022,6,2,2016,5134,LEY+SEP,201711,24,*,,gx-no-cache=1515673197983 HTTP/1.1" 200 10787
186.103.158.250 - - [11/Jan/2018:09:20:39 -0300] "POST /cormun/servlet/solicitudotcontratos?gx-no-cache=1515673198788 HTTP/1.1" 200 1343
186.103.158.250 - - [11/Jan/2018:09:20:39 -0300] "POST /cormun/servlet/solicitudotcontratos?gx-no-cache=1515673198876 HTTP/1.1" 200 1220
186.103.158.250 - - [11/Jan/2018:09:20:39 -0300] "GET /cormun/servlet/solicitudotcontratos?a901e8579d770ef9956a0673612987727b104d8f2072ae4e6200696f0e2c250357a10b1952826259fb279366a39b6d573f375ffd8b55bc10c427fd93d3e7cc942ed032aab4a57d71db6025036732dff4f07250f37f17439cef928f1502fbcbad97522f3c74c4d2c44cfb1e14bbf551b76cdd7934bec08806281c49359fb80487,gx-no-cache=1515673198946 HTTP/1.1" 200 30
186.103.158.250 - - [11/Jan/2018:09:20:40 -0300] "POST /cormun/servlet/solicitudotcontratos?c68af9684c1ff4b1bc235ea41b069815,INS,2018,0,15106022,6,2,2016,5134,LEY+SEP,201711,24,*,,gx-no-cache=1515673199004 HTTP/1.1" 200 93
186.103.158.250 - - [11/Jan/2018:09:20:40 -0300] "GET /cormun/servlet/hpexe_return? HTTP/1.1" 200 1051
186.103.158.250 - - [11/Jan/2018:09:20:40 -0300] "GET /cormun/servlet/trcontratosolicitud HTTP/1.1" 200 13614
186.103.159.44 - - [11/Jan/2018:09:20:41 -0300] "GET /cormun/servlet/solicitudotadjuntos?93f5696ec6af881851328fe3ede9ab9a135ff810eaf89621c468429739a4b92a,gx-no-cache=1515673204003 HTTP/1.1" 200 30
186.103.159.44 - - [11/Jan/2018:09:20:41 -0300] "GET /cormun/servlet/solicitudotadjuntos?93f5696ec6af881851328fe3ede9ab9a135ff810eaf89621c468429739a4b92a,gx-no-cache=1515673204038 HTTP/1.1" 200 30
186.103.158.250 - - [11/Jan/2018:09:20:42 -0300] "GET /cormun/servlet/trcontratosolicitud HTTP/1.1" 200 13611
186.103.159.44 - - [11/Jan/2018:09:20:43 -0300] "POST /cormun/servlet/solicitudotadjuntos?7680f75a9c3e26756cadc1e4993d38b7,INS,2018,8567,,1, HTTP/1.1" 200 116
186.103.159.44 - - [11/Jan/2018:09:20:43 -0300] "GET /cormun/servlet/hpexe_return? HTTP/1.1" 200 1027
186.103.159.44 - - [11/Jan/2018:09:20:44 -0300] "GET /cormun/servlet/trsolicitudadjuntos?2018,8567, HTTP/1.1" 200 9601
186.103.159.44 - - [11/Jan/2018:09:20:49 -0300] "GET /cormun/servlet/solicitudotadjuntos?INS,2018,8567,,2, HTTP/1.1" 200 6166
186.103.159.44 - - [11/Jan/2018:09:20:49 -0300] "HEAD /cormun/static/about:blank HTTP/1.1" 404 -
186.103.159.44 - - [11/Jan/2018:09:20:50 -0300] "GET /cormun/servlet/solicitudotadjuntos?93f5696ec6af881851328fe3ede9ab9a65f34cd21eac8e42fffad563b704d47df143493dfd812ba0b0ce7a0cd012de36,gx-no-cache=1515673212514 HTTP/1.1" 200 30
186.103.159.44 - - [11/Jan/2018:09:20:50 -0300] "POST /cormun/servlet/solicitudotadjuntos?7680f75a9c3e26756cadc1e4993d38b7,INS,2018,8567,,2,,gx-no-cache=1515673212648 HTTP/1.1" 200 4195
186.103.159.44 - - [11/Jan/2018:09:20:53 -0300] "POST /cormun/servlet/solicitudotadjuntos?gx-no-cache=1515673215347 HTTP/1.1" 200 26
186.103.159.44 - - [11/Jan/2018:09:20:57 -0300] "GET /cormun/servlet/solicitudotadjuntos?93f5696ec6af881851328fe3ede9ab9a135ff810eaf89621c468429739a4b92a,gx-no-cache=1515673219707 HTTP/1.1" 200 30
186.103.159.44 - - [11/Jan/2018:09:20:57 -0300] "GET /cormun/servlet/solicitudotadjuntos?93f5696ec6af881851328fe3ede9ab9a135ff810eaf89621c468429739a4b92a,gx-no-cache=1515673219727 HTTP/1.1" 200 30
186.103.159.44 - - [11/Jan/2018:09:20:57 -0300] "POST /cormun/servlet/solicitudotadjuntos?7680f75a9c3e26756cadc1e4993d38b7,INS,2018,8567,,2, HTTP/1.1" 200 116
186.103.159.44 - - [11/Jan/2018:09:20:57 -0300] "GET /cormun/servlet/hpexe_return? HTTP/1.1" 200 1027
186.103.159.44 - - [11/Jan/2018:09:20:59 -0300] "GET /cormun/servlet/trsolicitudadjuntos?2018,8567, HTTP/1.1" 200 9755
186.103.159.44 - - [11/Jan/2018:09:21:04 -0300] "GET /cormun/servlet/trsolicitudot? HTTP/1.1" 200 11100
186.103.158.250 - - [11/Jan/2018:09:21:07 -0300] "GET /cormun/servlet/solicitudotcontratos?INS,2018,0,16882955,8,6,2017,8503,LEY+SEP,,10,B, HTTP/1.1" 200 9936
186.103.158.250 - - [11/Jan/2018:09:21:08 -0300] "GET /cormun/servlet/solicitudotcontratos?INS,2018,0,16882955,8,6,2017,8503,LEY+SEP,,10,B, HTTP/1.1" 200 9971
186.103.158.250 - - [11/Jan/2018:09:21:09 -0300] "GET /cormun/servlet/solicitudotcontratos?a901e8579d770ef9956a06736129877235eac91d8f541dd223e210240818bc1e470368f679241ac98408e4de1625e81a,gx-no-cache=1515673228432 HTTP/1.1" 200 30
186.103.158.250 - - [11/Jan/2018:09:21:09 -0300] "GET /cormun/servlet/solicitudotcontratos?a901e8579d770ef9956a067361298772512ba667b2f8e318fbf67c1f4e0df1fa407a11f599f56865b8ffe0a554fe7197,gx-no-cache=1515673228486 HTTP/1.1" 200 30
186.103.158.250 - - [11/Jan/2018:09:21:09 -0300] "GET /cormun/servlet/solicitudotcontratos?a901e8579d770ef9956a067361298772c065e519d6fc67c17da87e42743fc40e541a5ecd239aa80908b5141ff67ab2a68acfb38ce854b5d29b268d2a7d2ee120b366fa5fd6bfec45dcc3f69d0dc0253ddc52d5b7098e70b246be4160e6ed4cf2cdf350beffdfc2f740becf4cb7ec632b6ce24506415e1d129938f93042e882f5,gx-no-cache=1515673228523 HTTP/1.1" 200 50
186.103.158.250 - - [11/Jan/2018:09:21:09 -0300] "GET /cormun/servlet/solicitudotcontratos?a901e8579d770ef9956a06736129877259aa4bb216591dc2bc90e44d26d3e657787f7827b1fa24b2ab6e126febc2c6f2,gx-no-cache=1515673228571 HTTP/1.1" 200 30
186.103.158.250 - - [11/Jan/2018:09:21:09 -0300] "GET /cormun/servlet/solicitudotcontratos?a901e8579d770ef9956a067361298772b4c670d2fc5833b8f8473ec35ae671fc084ea5ea939d6eb876cd02c3f3fa18d70e1d32d242b99dc8cb02f18c08bd47a737ac69397d30dedf568783ecc9b9c5c230aa5433e482f2a1af630addd52f983d2d23b7f252c0655a7d982298b52ac401,gx-no-cache=1515673228629 HTTP/1.1" 200 30
186.103.158.250 - - [11/Jan/2018:09:21:09 -0300] "GET /cormun/servlet/solicitudotcontratos?a901e8579d770ef9956a0673612987728d1a52accefe0cbc9011be266272a58d0068141eed897a99b5aafae59e43b2ad6a2c943d10a7dbdf69559d5f71eb57530e1d32d242b99dc8cb02f18c08bd47a739edc2fb384fe1d84238f27237de501bcbf12b9838005e5dddfadd6de323579f69870088a99bdc791c2e0068825849a4e8ebfd7b496f8631a10c510c27d2715fb47dd52cedbb152d76da965f08cacfb66a2c943d10a7dbdf69559d5f71eb57539ac26a9576fc9f56644564cef5868d8c0ad10e5537bd5c6d75d6f950f80d3446882e3439b11bdc0cc0c1c4ae1df36ba50af3535df5034ec467010e1a3c568488f65c190781c0ddecaa2d560632b6836f09e384d9410d4ba56517484ff33c324fd09e32b368863eae9740f3ef11da131ef9d0e82aa87f80d574d41f798129bbf33aa4adc77635a261599f582c2ca142deec3fbc8b8581adb7653ddd0d98440f2a5771182fec5cc2295fd11506305f5eb9a0bf6ee6c479eac6978be257faff9583ca2970def7644012d8b8a7aefd2769f5f18a5412679d108c9b0c35fea12e43173a698ad5d53ae5d57b777f1cabdbe725789901ce9577ae50b1b754cf029076ee6839f7737fbe151bcb770da894fa404a74d07ec9f0f1500308800c0d405aa7b5fc8feaecdc98b746d015dc18e75b85ac74e3339c77f541c5bb4e1e4f3c02dba33bc78e8e4401a60bb63e2b1544a98b2be2a5342dc5076cc2728acc9b03afbd2d6cf897b9b1c5cf2ba73a9a9698ce67567176eaf842982d678c46a3e8e675226843146f2ba8a099d148ca77082a52bd27,gx-no-cache=1515673228711 HTTP/1.1" 200 79
186.103.159.44 - - [11/Jan/2018:09:21:36 -0300] "GET /cormun/servlet/solicitudot?INS,0,0, HTTP/1.1" 200 14048
200.112.48.103 - - [11/Jan/2018:09:21:49 -0300] "GET /cormun/servlet/solicitudotadjuntos?INS,2018,8544,,1, HTTP/1.1" 200 6262
200.112.48.103 - - [11/Jan/2018:09:21:49 -0300] "GET /cormun/static/gxcfg.js?2017761244068 HTTP/1.1" 200 953
200.112.48.103 - - [11/Jan/2018:09:21:49 -0300] "GET /cormun/static/solicitudotadjuntos.js?2017761244086 HTTP/1.1" 200 11771
200.112.48.103 - - [11/Jan/2018:09:21:49 -0300] "HEAD /cormun/static/about:blank HTTP/1.1" 404 -
200.112.48.103 - - [11/Jan/2018:09:21:50 -0300] "GET /cormun/servlet/solicitudotadjuntos?77d2866eae071542bf04a9655b84f1c7271f6429624f8dfeed987bbb7ec363ebf8da10cf034626c38eab9a8eb5259404,gx-no-cache=1515673268409 HTTP/1.1" 200 30
200.112.48.103 - - [11/Jan/2018:09:21:50 -0300] "POST /cormun/servlet/solicitudotadjuntos?4cd0188a8e55b63f6d147b625090a785,INS,2018,8544,,1,,gx-no-cache=1515673268486 HTTP/1.1" 200 4015
200.112.48.103 - - [11/Jan/2018:09:21:54 -0300] "POST /cormun/servlet/solicitudotadjuntos?gx-no-cache=1515673272375 HTTP/1.1" 200 26
186.103.159.44 - - [11/Jan/2018:09:22:00 -0300] "POST /cormun/servlet/solicitudot?gx-no-cache=1515673282608 HTTP/1.1" 200 3749
186.103.159.44 - - [11/Jan/2018:09:22:01 -0300] "POST /cormun/servlet/solicitudot?7680f75a9c3e26756cadc1e4993d38b7,INS,0,0,,gx-no-cache=1515673282937 HTTP/1.1" 200 10900
186.103.159.44 - - [11/Jan/2018:09:22:03 -0300] "GET /cormun/servlet/solicitudot?93f5696ec6af881851328fe3ede9ab9affe6aa0496831f31ef364e810e3d7400d302c4afe19725eef41acb6861285f87,gx-no-cache=1515673285354 HTTP/1.1" 200 30
200.112.48.103 - - [11/Jan/2018:09:22:32 -0300] "GET /cormun/servlet/solicitudotadjuntos?77d2866eae071542bf04a9655b84f1c7decc185a860135aeeffc5764ca2c4a51,gx-no-cache=1515673311012 HTTP/1.1" 200 30
200.112.48.103 - - [11/Jan/2018:09:22:33 -0300] "GET /cormun/servlet/solicitudotadjuntos?77d2866eae071542bf04a9655b84f1c7decc185a860135aeeffc5764ca2c4a51,gx-no-cache=1515673311191 HTTP/1.1" 200 30
192.168.10.89 - - [11/Jan/2018:09:22:34 -0300] "POST /cormun/servlet/trsolicitudot?c27d638c1596dc0b994e2194805d7f53,,gx-no-cache=1515673214206 HTTP/1.1" 200 4468
200.112.48.103 - - [11/Jan/2018:09:22:37 -0300] "POST /cormun/servlet/solicitudotadjuntos?4cd0188a8e55b63f6d147b625090a785,INS,2018,8544,,1, HTTP/1.1" 200 116
200.112.48.103 - - [11/Jan/2018:09:22:38 -0300] "GET /cormun/servlet/hpexe_return? HTTP/1.1" 200 1023
192.168.10.89 - - [11/Jan/2018:09:22:38 -0300] "GET /cormun/servlet/hlogin HTTP/1.1" 200 1738
200.112.48.103 - - [11/Jan/2018:09:22:38 -0300] "GET /cormun/servlet/trsolicitudadjuntos?2018,8544, HTTP/1.1" 200 8633
200.112.48.103 - - [11/Jan/2018:09:22:42 -0300] "GET /cormun/servlet/solicitudotadjuntos?INS,2018,8544,,1, HTTP/1.1" 200 6263
200.112.48.103 - - [11/Jan/2018:09:22:43 -0300] "HEAD /cormun/static/about:blank HTTP/1.1" 404 -
200.112.48.103 - - [11/Jan/2018:09:22:43 -0300] "GET /cormun/servlet/solicitudotadjuntos?77d2866eae071542bf04a9655b84f1c7271f6429624f8dfeed987bbb7ec363ebf8da10cf034626c38eab9a8eb5259404,gx-no-cache=1515673321998 HTTP/1.1" 200 30
200.112.48.103 - - [11/Jan/2018:09:22:44 -0300] "POST /cormun/servlet/solicitudotadjuntos?4cd0188a8e55b63f6d147b625090a785,INS,2018,8544,,1,,gx-no-cache=1515673322127 HTTP/1.1" 200 4015
192.168.10.89 - - [11/Jan/2018:09:22:44 -0300] "POST /cormun/servlet/hlogin?c27d638c1596dc0b994e2194805d7f53,gx-no-cache=1515673224281 HTTP/1.1" 200 451
200.112.48.103 - - [11/Jan/2018:09:22:48 -0300] "POST /cormun/servlet/solicitudotadjuntos?gx-no-cache=1515673325638 HTTP/1.1" 200 26
192.168.10.89 - - [11/Jan/2018:09:22:51 -0300] "POST /cormun/servlet/hlogin?c27d638c1596dc0b994e2194805d7f53,gx-no-cache=1515673230837 HTTP/1.1" 200 451
192.168.10.89 - - [11/Jan/2018:09:22:57 -0300] "POST /cormun/servlet/hlogin?c27d638c1596dc0b994e2194805d7f53,gx-no-cache=1515673236965 HTTP/1.1" 200 90
192.168.10.89 - - [11/Jan/2018:09:22:57 -0300] "GET /cormun/servlet/hpexe_link HTTP/1.1" 200 949
192.168.10.89 - - [11/Jan/2018:09:22:57 -0300] "GET /cormun/servlet/hhome HTTP/1.1" 200 4774
200.112.48.103 - - [11/Jan/2018:09:22:57 -0300] "GET /cormun/servlet/solicitudotadjuntos?77d2866eae071542bf04a9655b84f1c7decc185a860135aeeffc5764ca2c4a51,gx-no-cache=1515673335734 HTTP/1.1" 200 30
200.112.48.103 - - [11/Jan/2018:09:22:57 -0300] "GET /cormun/servlet/solicitudotadjuntos?77d2866eae071542bf04a9655b84f1c7decc185a860135aeeffc5764ca2c4a51,gx-no-cache=1515673335822 HTTP/1.1" 200 30
200.112.48.103 - - [11/Jan/2018:09:23:07 -0300] "POST /cormun/servlet/solicitudotadjuntos?4cd0188a8e55b63f6d147b625090a785,INS,2018,8544,,1, HTTP/1.1" 200 116
200.112.48.103 - - [11/Jan/2018:09:23:07 -0300] "GET /cormun/servlet/hpexe_return? HTTP/1.1" 200 1023
200.112.48.103 - - [11/Jan/2018:09:23:07 -0300] "GET /cormun/servlet/trsolicitudadjuntos?2018,8544, HTTP/1.1" 200 8839
186.79.214.243 - - [11/Jan/2018:09:23:11 -0300] "GET /cormun/servlet/trcontratosolicitud? HTTP/1.1" 200 14605
200.112.48.103 - - [11/Jan/2018:09:23:12 -0300] "GET /cormun/servlet/solicitudotadjuntos?INS,2018,8544,,1, HTTP/1.1" 200 6263
186.79.214.243 - - [11/Jan/2018:09:23:12 -0300] "GET /cormun/servlet/trcontratosolicitud? HTTP/1.1" 200 14599
200.112.48.103 - - [11/Jan/2018:09:23:12 -0300] "HEAD /cormun/static/about:blank HTTP/1.1" 404 -
200.112.48.103 - - [11/Jan/2018:09:23:13 -0300] "GET /cormun/servlet/solicitudotadjuntos?77d2866eae071542bf04a9655b84f1c7271f6429624f8dfeed987bbb7ec363ebf8da10cf034626c38eab9a8eb5259404,gx-no-cache=1515673351161 HTTP/1.1" 200 30
200.112.48.103 - - [11/Jan/2018:09:23:13 -0300] "POST /cormun/servlet/solicitudotadjuntos?4cd0188a8e55b63f6d147b625090a785,INS,2018,8544,,1,,gx-no-cache=1515673351227 HTTP/1.1" 200 4015
192.168.10.89 - - [11/Jan/2018:09:23:15 -0300] "GET /cormun/servlet/trsolicitudgral? HTTP/1.1" 200 26863
200.112.48.103 - - [11/Jan/2018:09:23:17 -0300] "POST /cormun/servlet/solicitudotadjuntos?gx-no-cache=1515673355557 HTTP/1.1" 200 26
200.112.48.103 - - [11/Jan/2018:09:23:23 -0300] "GET /cormun/servlet/solicitudotadjuntos?77d2866eae071542bf04a9655b84f1c7decc185a860135aeeffc5764ca2c4a51,gx-no-cache=1515673362093 HTTP/1.1" 200 30
200.112.48.103 - - [11/Jan/2018:09:23:23 -0300] "GET /cormun/servlet/solicitudotadjuntos?77d2866eae071542bf04a9655b84f1c7decc185a860135aeeffc5764ca2c4a51,gx-no-cache=1515673362148 HTTP/1.1" 200 30
192.168.10.89 - - [11/Jan/2018:09:23:26 -0300] "POST /cormun/servlet/trsolicitudgral?c27d638c1596dc0b994e2194805d7f53,,gx-no-cache=1515673265780 HTTP/1.1" 200 8446
200.112.48.103 - - [11/Jan/2018:09:23:27 -0300] "POST /cormun/servlet/solicitudotadjuntos?4cd0188a8e55b63f6d147b625090a785,INS,2018,8544,,1, HTTP/1.1" 200 116
200.112.48.103 - - [11/Jan/2018:09:23:27 -0300] "GET /cormun/servlet/hpexe_return? HTTP/1.1" 200 1023
200.112.48.103 - - [11/Jan/2018:09:23:27 -0300] "GET /cormun/servlet/trsolicitudadjuntos?2018,8544, HTTP/1.1" 200 9014
186.103.159.44 - - [11/Jan/2018:09:23:30 -0300] "POST /cormun/servlet/solicitudot?gx-no-cache=1515673372706 HTTP/1.1" 200 51
200.112.48.103 - - [11/Jan/2018:09:23:30 -0300] "GET /cormun/servlet/solicitudotadjuntos?INS,2018,8544,,1, HTTP/1.1" 200 6261
200.112.48.103 - - [11/Jan/2018:09:23:30 -0300] "HEAD /cormun/static/about:blank HTTP/1.1" 404 -
200.112.48.103 - - [11/Jan/2018:09:23:31 -0300] "GET /cormun/servlet/solicitudotadjuntos?77d2866eae071542bf04a9655b84f1c7271f6429624f8dfeed987bbb7ec363ebf8da10cf034626c38eab9a8eb5259404,gx-no-cache=1515673369813 HTTP/1.1" 200 30
200.112.48.103 - - [11/Jan/2018:09:23:32 -0300] "POST /cormun/servlet/solicitudotadjuntos?4cd0188a8e55b63f6d147b625090a785,INS,2018,8544,,1,,gx-no-cache=1515673369878 HTTP/1.1" 200 4012
186.103.159.44 - - [11/Jan/2018:09:23:35 -0300] "POST /cormun/servlet/solicitudot?7680f75a9c3e26756cadc1e4993d38b7,INS,0,0,,gx-no-cache=1515673376792 HTTP/1.1" 200 11084
186.103.159.44 - - [11/Jan/2018:09:23:35 -0300] "GET /cormun/static/Shared/jqueryui/images/ui-bg_flat_55_fafafa_40x100.png HTTP/1.1" 404 1097
186.103.159.44 - - [11/Jan/2018:09:23:35 -0300] "GET /cormun/static/Shared/jqueryui/images/ui-icons_82798d_256x240.png HTTP/1.1" 404 1089
186.103.159.44 - - [11/Jan/2018:09:23:35 -0300] "GET /cormun/static/Shared/jqueryui/images/ui-icons_8d78a5_256x240.png HTTP/1.1" 404 1089
186.103.159.44 - - [11/Jan/2018:09:23:35 -0300] "GET /cormun/static/Shared/jqueryui/images/ui-bg_highlight-soft_100_c6c2c8_1x100.png HTTP/1.1" 404 1117
186.103.159.44 - - [11/Jan/2018:09:23:37 -0300] "GET /cormun/servlet/solicitudot?93f5696ec6af881851328fe3ede9ab9affe6aa0496831f31ef364e810e3d740041a2c6ffa922bafe85ed8fc090746ff8,gx-no-cache=1515673379223 HTTP/1.1" 200 30
200.112.48.103 - - [11/Jan/2018:09:23:41 -0300] "POST /cormun/servlet/solicitudotadjuntos?gx-no-cache=1515673379839 HTTP/1.1" 200 26
186.103.159.44 - - [11/Jan/2018:09:23:44 -0300] "POST /cormun/servlet/solicitudot?gx-no-cache=1515673386331 HTTP/1.1" 200 297
186.103.159.44 - - [11/Jan/2018:09:23:44 -0300] "GET /cormun/servlet/solicitudot?93f5696ec6af881851328fe3ede9ab9aca178af43d1cb26f41301a94ab398fca0b22b85dfe27d28483d8b5f1ee354a939fa7114163a8dcb9d6f0ae5cc649eb6d06021dc8c0909d2873336f4766f517396e00b0e497829e810b4e23e219a1b793600802f6a441845f1459692f352738711e3044006bda95eb7703312891e587ec6e4bdaff2d8efdd3c7e6c08920ca6d4e84f69498e9b45028094e1fa01c6142a22c3db5dafe86d76a5d0a424bb4b61e6758bf7ef69fe05f4685ce04666d6294fffc8ea7afafaf6176adbcc2cd4fb6cd3bcf42f6c0fa19e9d7884afaadfd9e92630d6bf05bed45f917466ba90f6a2f42f9c1b1228b197a5dea8a04075a08697d1cdc727155fc5a866893dae2f83b783b5842a3bdba83ac3a4faacae8576c640b33caa5f55f3982e24d722bbf96a623f0da0d6f9c87d091b2430ef3c239c4781c46d1c686c4ee0dc1173abfdac28d071255bd318eda5f800c733ba190bd04905c1398f9e011fc30215dfa213601ddd43c2a01cc0a8ac0d318ea8e212abdfb31d2bf76d385971690d3c3e10ab3ac296fcbe6,gx-no-cache=1515673386408 HTTP/1.1" 200 30
186.103.159.44 - - [11/Jan/2018:09:23:45 -0300] "POST /cormun/servlet/solicitudot?gx-no-cache=1515673388069 HTTP/1.1" 200 30
200.112.48.103 - - [11/Jan/2018:09:23:48 -0300] "GET /cormun/servlet/solicitudotadjuntos?77d2866eae071542bf04a9655b84f1c7decc185a860135aeeffc5764ca2c4a51,gx-no-cache=1515673386629 HTTP/1.1" 200 30
200.112.48.103 - - [11/Jan/2018:09:23:48 -0300] "GET /cormun/servlet/solicitudotadjuntos?77d2866eae071542bf04a9655b84f1c7decc185a860135aeeffc5764ca2c4a51,gx-no-cache=1515673386685 HTTP/1.1" 200 30
186.103.159.44 - - [11/Jan/2018:09:23:51 -0300] "POST /cormun/servlet/solicitudot?gx-no-cache=1515673394003 HTTP/1.1" 200 1353
186.103.159.44 - - [11/Jan/2018:09:23:52 -0300] "POST /cormun/servlet/solicitudot?gx-no-cache=1515673394193 HTTP/1.1" 200 38
200.112.48.103 - - [11/Jan/2018:09:23:56 -0300] "POST /cormun/servlet/solicitudotadjuntos?4cd0188a8e55b63f6d147b625090a785,INS,2018,8544,,1, HTTP/1.1" 200 116
200.112.48.103 - - [11/Jan/2018:09:23:56 -0300] "GET /cormun/servlet/hpexe_return? HTTP/1.1" 200 1023
200.112.48.103 - - [11/Jan/2018:09:23:57 -0300] "GET /cormun/servlet/trsolicitudadjuntos?2018,8544, HTTP/1.1" 200 9226
200.112.48.103 - - [11/Jan/2018:09:24:00 -0300] "GET /cormun/servlet/solicitudotadjuntos?INS,2018,8544,,1, HTTP/1.1" 200 6261
200.112.48.103 - - [11/Jan/2018:09:24:00 -0300] "HEAD /cormun/static/about:blank HTTP/1.1" 404 -
200.112.48.103 - - [11/Jan/2018:09:24:01 -0300] "GET /cormun/servlet/solicitudotadjuntos?77d2866eae071542bf04a9655b84f1c7271f6429624f8dfeed987bbb7ec363ebf8da10cf034626c38eab9a8eb5259404,gx-no-cache=1515673399841 HTTP/1.1" 200 30
200.112.48.103 - - [11/Jan/2018:09:24:02 -0300] "POST /cormun/servlet/solicitudotadjuntos?4cd0188a8e55b63f6d147b625090a785,INS,2018,8544,,1,,gx-no-cache=1515673399999 HTTP/1.1" 200 4012
200.112.48.103 - - [11/Jan/2018:09:24:05 -0300] "POST /cormun/servlet/solicitudotadjuntos?gx-no-cache=1515673404017 HTTP/1.1" 200 26
192.168.10.89 - - [11/Jan/2018:09:24:07 -0300] "POST /cormun/servlet/trsolicitudgral?c27d638c1596dc0b994e2194805d7f53,,gx-no-cache=1515673307385 HTTP/1.1" 200 115
192.168.10.89 - - [11/Jan/2018:09:24:07 -0300] "GET /cormun/servlet/solicitudotlog?INS,2018,8562,0,REC, HTTP/1.1" 200 6571
192.168.10.89 - - [11/Jan/2018:09:24:07 -0300] "GET /cormun/static/gxcfg.js?2017761245646 HTTP/1.1" 304 -
192.168.10.89 - - [11/Jan/2018:09:24:08 -0300] "GET /cormun/servlet/solicitudotlog?150e337af8bb90df284ad9f4016038dd2e80c0375bd3670353f06e35205a3ad51a6c01c3fcf3a7a560cde9f962c4aacc85062ffea54e8a50e5ba18b7d34ab8d774d151f32b655a0f1c86f4e40c1e464c93e3d26138069dbd93638b11416bb1c6fbfb14268d15401affb0efd8ffa403e88c90cd6d17990207200e854ac9e5247c7d3160031c61e5f525abc3af4b3301b4288def0f6dd03991b3733f14730fa706,gx-no-cache=1515673308389 HTTP/1.1" 200 94
200.112.48.103 - - [11/Jan/2018:09:24:14 -0300] "GET /cormun/servlet/solicitudotadjuntos?77d2866eae071542bf04a9655b84f1c7decc185a860135aeeffc5764ca2c4a51,gx-no-cache=1515673412345 HTTP/1.1" 200 30
200.112.48.103 - - [11/Jan/2018:09:24:14 -0300] "GET /cormun/servlet/solicitudotadjuntos?77d2866eae071542bf04a9655b84f1c7decc185a860135aeeffc5764ca2c4a51,gx-no-cache=1515673412400 HTTP/1.1" 200 30
186.103.159.44 - - [11/Jan/2018:09:24:14 -0300] "GET /cormun/servlet/solicitudot?93f5696ec6af881851328fe3ede9ab9a90414a9b43bae076af6ede11eb22171c6968e75b038fc69df4b5228a1baade1d0a1c77f7d1c3a2d06137c0718d2be0595f982d281fafff19880e51018b423e2b0c76bc7aa8d2faeea73b04433751910f0eaf9a1fa0f05350bec69b322d48ab24,gx-no-cache=1515673416105 HTTP/1.1" 200 29
186.103.159.44 - - [11/Jan/2018:09:24:14 -0300] "POST /cormun/servlet/solicitudot?gx-no-cache=1515673416476 HTTP/1.1" 200 219
186.103.159.44 - - [11/Jan/2018:09:24:14 -0300] "GET /cormun/servlet/solicitudot?93f5696ec6af881851328fe3ede9ab9a69dde240a495f9dd20956b2972380152a8614c50d0fcf39cb75798b25dc413488538cfa1a7f9eac7b9d853e7f2580eb73539f9e1548c46ac910285ac94355696da935aa79ce66eea9157b044bdd29cb96968e75b038fc69df4b5228a1baade1dc1a11adf7d1f965e78942db374f08cf7370ae16fbe0b338a181b06704fda282a,gx-no-cache=1515673416567 HTTP/1.1" 200 55
192.168.10.89 - - [11/Jan/2018:09:24:16 -0300] "POST /cormun/servlet/solicitudotlog?c27d638c1596dc0b994e2194805d7f53,INS,2018,8562,0,REC,,gx-no-cache=1515673316013 HTTP/1.1" 200 93
192.168.10.89 - - [11/Jan/2018:09:24:16 -0300] "GET /cormun/servlet/hpexe_return? HTTP/1.1" 200 1021
192.168.10.89 - - [11/Jan/2018:09:24:16 -0300] "GET /cormun/servlet/trsolicitudgral? HTTP/1.1" 200 11622
200.112.48.103 - - [11/Jan/2018:09:24:19 -0300] "POST /cormun/servlet/solicitudotadjuntos?4cd0188a8e55b63f6d147b625090a785,INS,2018,8544,,1, HTTP/1.1" 200 116
200.112.48.103 - - [11/Jan/2018:09:24:20 -0300] "GET /cormun/servlet/hpexe_return? HTTP/1.1" 200 1023
200.112.48.103 - - [11/Jan/2018:09:24:20 -0300] "GET /cormun/servlet/trsolicitudadjuntos?2018,8544, HTTP/1.1" 200 9398
200.112.48.103 - - [11/Jan/2018:09:24:23 -0300] "GET /cormun/servlet/solicitudotadjuntos?INS,2018,8544,,1, HTTP/1.1" 200 6262
200.112.48.103 - - [11/Jan/2018:09:24:24 -0300] "HEAD /cormun/static/about:blank HTTP/1.1" 404 -
200.112.48.103 - - [11/Jan/2018:09:24:24 -0300] "GET /cormun/servlet/solicitudotadjuntos?77d2866eae071542bf04a9655b84f1c7271f6429624f8dfeed987bbb7ec363ebf8da10cf034626c38eab9a8eb5259404,gx-no-cache=1515673423079 HTTP/1.1" 200 30
200.112.48.103 - - [11/Jan/2018:09:24:25 -0300] "POST /cormun/servlet/solicitudotadjuntos?4cd0188a8e55b63f6d147b625090a785,INS,2018,8544,,1,,gx-no-cache=1515673423234 HTTP/1.1" 200 4015
186.103.159.44 - - [11/Jan/2018:09:24:28 -0300] "GET /cormun/servlet/trsolicitudot? HTTP/1.1" 200 11100
200.112.48.103 - - [11/Jan/2018:09:24:28 -0300] "POST /cormun/servlet/solicitudotadjuntos?gx-no-cache=1515673426766 HTTP/1.1" 200 26
200.112.48.103 - - [11/Jan/2018:09:24:34 -0300] "GET /cormun/servlet/solicitudotadjuntos?77d2866eae071542bf04a9655b84f1c7decc185a860135aeeffc5764ca2c4a51,gx-no-cache=1515673432870 HTTP/1.1" 200 30
200.112.48.103 - - [11/Jan/2018:09:24:34 -0300] "GET /cormun/servlet/solicitudotadjuntos?77d2866eae071542bf04a9655b84f1c7decc185a860135aeeffc5764ca2c4a51,gx-no-cache=1515673433142 HTTP/1.1" 200 30
186.103.159.44 - - [11/Jan/2018:09:24:35 -0300] "GET /cormun/servlet/solicitudot?INS,0,0, HTTP/1.1" 200 14049
200.112.48.103 - - [11/Jan/2018:09:24:41 -0300] "POST /cormun/servlet/solicitudotadjuntos?4cd0188a8e55b63f6d147b625090a785,INS,2018,8544,,1, HTTP/1.1" 200 116
200.112.48.103 - - [11/Jan/2018:09:24:41 -0300] "GET /cormun/servlet/hpexe_return? HTTP/1.1" 200 1023
200.112.48.103 - - [11/Jan/2018:09:24:42 -0300] "GET /cormun/servlet/trsolicitudadjuntos?2018,8544, HTTP/1.1" 200 9634
200.112.4.188 - - [11/Jan/2018:09:24:42 -0300] "GET /cormun/servlet/solicitudot?INS,0,0, HTTP/1.1" 200 13923
200.112.4.188 - - [11/Jan/2018:09:24:43 -0300] "GET /cormun/servlet/solicitudot?INS,0,0, HTTP/1.1" 200 13928
192.168.10.89 - - [11/Jan/2018:09:24:44 -0300] "GET /cormun/servlet/solicitudgral?UPD,2018,8559, HTTP/1.1" 200 13048
192.168.10.89 - - [11/Jan/2018:09:24:44 -0300] "GET /cormun/static/gxcfg.js?20181911354237 HTTP/1.1" 304 -
192.168.10.89 - - [11/Jan/2018:09:24:44 -0300] "GET /cormun/static/solicitudgral.js?20181911354326 HTTP/1.1" 304 -
192.168.10.89 - - [11/Jan/2018:09:24:45 -0300] "POST /cormun/servlet/solicitudgral?gx-no-cache=1515673345225 HTTP/1.1" 200 3872
192.168.10.89 - - [11/Jan/2018:09:24:45 -0300] "GET /cormun/servlet/solicitudgral?150e337af8bb90df284ad9f4016038ddb43edfaaa733eeee1927e0200cc34e027cc22785a0ff1f16f22598d7944f3daf1ba4bd358650e14e0c1a73cb98647b8b57db141acfafd5a8cf71a273b4011e4d580fdf5f537136f93806ea856cd0f0b5a848e94027199bd6a5b62faecaeee2446ac5c74175f9818282506b0fc117cb6d5e2ac58db8801a0452a382b01441ee00a83f37aab2cc8f723617ee0a09038d2dabde9b31a85db3522a9c62467fd6011780a4329ef6452c7afafcf7da670d3517660031ae88cdcb1c829e135980c73e4bf81135922ed8b615a6efd8e217314eb4efe45d30007134d00245110f6cc8a1501a6c01c3fcf3a7a560cde9f962c4aaccb8f12ed79ca3a23c45353b4beb69d74f17864941c266e8f3d0dc5155a240350f312bf321f1a756e9340c6629d5e7f812de9ecf3b3455ee74b03281ec69afe3a3c674bf873298378828ba1ddc6a0e4f39,gx-no-cache=1515673345446 HTTP/1.1" 200 256
186.103.159.44 - - [11/Jan/2018:09:24:46 -0300] "POST /cormun/servlet/solicitudot?gx-no-cache=1515673448123 HTTP/1.1" 200 3749
186.103.159.44 - - [11/Jan/2018:09:24:46 -0300] "POST /cormun/servlet/solicitudot?7680f75a9c3e26756cadc1e4993d38b7,INS,0,0,,gx-no-cache=1515673448443 HTTP/1.1" 200 10899
192.168.10.89 - - [11/Jan/2018:09:24:48 -0300] "POST /cormun/servlet/solicitudgral?c27d638c1596dc0b994e2194805d7f53,UPD,2018,8559,,gx-no-cache=1515673348063 HTTP/1.1" 200 93
192.168.10.89 - - [11/Jan/2018:09:24:48 -0300] "GET /cormun/servlet/hpexe_return? HTTP/1.1" 200 1011
186.103.159.44 - - [11/Jan/2018:09:24:48 -0300] "GET /cormun/servlet/solicitudot?93f5696ec6af881851328fe3ede9ab9affe6aa0496831f31ef364e810e3d7400d302c4afe19725eef41acb6861285f87,gx-no-cache=1515673450648 HTTP/1.1" 200 30
192.168.10.89 - - [11/Jan/2018:09:24:48 -0300] "GET /cormun/servlet/trsolicitudgral HTTP/1.1" 200 11622
200.112.4.188 - - [11/Jan/2018:09:24:49 -0300] "GET /cormun/servlet/prfichaempleado?,MD,,gxPopupLevel%3D0%3B HTTP/1.1" 200 9336
200.112.48.103 - - [11/Jan/2018:09:24:53 -0300] "GET /cormun/servlet/trautorizarsolicitud? HTTP/1.1" 200 7341
200.112.48.103 - - [11/Jan/2018:09:24:58 -0300] "GET /cormun/servlet/trsolicitudot? HTTP/1.1" 200 8773
200.112.4.188 - - [11/Jan/2018:09:24:59 -0300] "POST /cormun/servlet/prfichaempleado?fdac12490247b725ab8bbcf563743603,,MD,,gxPopupLevel%3D0%3B,gx-no-cache=1515673462012 HTTP/1.1" 200 3480
200.112.4.188 - - [11/Jan/2018:09:25:03 -0300] "POST /cormun/servlet/solicitudot?gx-no-cache=1515673466416 HTTP/1.1" 200 3863
200.112.4.188 - - [11/Jan/2018:09:25:04 -0300] "POST /cormun/servlet/solicitudot?fdac12490247b725ab8bbcf563743603,INS,0,0,,gx-no-cache=1515673466928 HTTP/1.1" 200 10840
200.112.4.188 - - [11/Jan/2018:09:25:04 -0300] "GET /cormun/servlet/solicitudot?0ef28dfdcd90dde18e575c1415baee148c12e069213f6ddcb3da95fe4e06999ca4bd89237fe4e5bfe125c0bf9ab928b2,gx-no-cache=1515673467506 HTTP/1.1" 200 30
186.103.157.42 - - [11/Jan/2018:09:25:04 -0300] "GET /cormun/servlet/trfichaempleado? HTTP/1.1" 200 14449
200.112.48.103 - - [11/Jan/2018:09:25:05 -0300] "POST /cormun/servlet/trsolicitudot?4cd0188a8e55b63f6d147b625090a785,,gx-no-cache=1515673463632 HTTP/1.1" 200 4666
200.112.4.188 - - [11/Jan/2018:09:25:05 -0300] "POST /cormun/servlet/solicitudot?gx-no-cache=1515673468794 HTTP/1.1" 200 51
200.112.4.188 - - [11/Jan/2018:09:25:05 -0300] "POST /cormun/servlet/solicitudot?gx-no-cache=1515673468894 HTTP/1.1" 200 297
200.112.4.188 - - [11/Jan/2018:09:25:06 -0300] "GET /cormun/servlet/solicitudot?0ef28dfdcd90dde18e575c1415baee14f5f22a967603a0dc9ce77f4133c5c90f0f8030b97226761566075656b6684e76d2e56f19beb73a1c44aa5e52c031e8bd894c37c21476fde746e5884a7f354104a3fc55cec6d18900ffc857701f184d01bcfd925115fe845b32e9219817d1634dad54b2827e768cd32f33114c5dcfd21241ce5b058b5ef6745b1ab0466cee40bc512d883e52263564fa12ec14f32b394b4c84bb2fd0e6696773f8f1246e811a7c4760ccb6cb32c6ed498fff307e15ba845e0dbc4626af4e1cfdc0595b7708ed067185fc79813148ee0aeadc60a3cdcddc2a2a813edfc0f1a74189f0e5c347535759b7b1196b4b22cce0be0b2d4d029840ee84458d9e527078fe31f947dd7a6d367e61d24b8d0a724801a992c3de5acfc42d4ef2e2b289a177a74a1f68b70b6cf81648c0b710ed4bdc2108e051d9b6240f0fa8966df06195cc8a7cf6ce4f784838424a55eb693dd3dcf253f0d12a8bfe2ad8a4c3f1c40bb2766a60fc54f71c975693726cb32ce829aeaee41d53ec427de7f116ca37f762ec400b9ee6e7454f959b,gx-no-cache=1515673469004 HTTP/1.1" 200 30
200.112.48.103 - - [11/Jan/2018:09:25:06 -0300] "POST /cormun/servlet/trsolicitudot?4cd0188a8e55b63f6d147b625090a785,,gx-no-cache=1515673464208 HTTP/1.1" 200 4454
200.112.48.103 - - [11/Jan/2018:09:25:06 -0300] "GET /cormun/static/Shared/jqueryui/images/ui-icons_8d78a5_256x240.png HTTP/1.1" 404 1089
200.112.48.103 - - [11/Jan/2018:09:25:06 -0300] "GET /cormun/static/Shared/jqueryui/images/ui-bg_highlight-soft_100_c6c2c8_1x100.png HTTP/1.1" 404 1117
200.112.48.103 - - [11/Jan/2018:09:25:06 -0300] "GET /cormun/static/Shared/jqueryui/images/ui-icons_82798d_256x240.png HTTP/1.1" 404 1089
200.112.48.103 - - [11/Jan/2018:09:25:06 -0300] "GET /cormun/static/Shared/jqueryui/images/ui-bg_flat_55_fafafa_40x100.png HTTP/1.1" 404 1097
200.112.4.188 - - [11/Jan/2018:09:25:07 -0300] "POST /cormun/servlet/solicitudot?gx-no-cache=1515673470886 HTTP/1.1" 200 30
200.112.4.188 - - [11/Jan/2018:09:25:10 -0300] "POST /cormun/servlet/solicitudot?gx-no-cache=1515673473631 HTTP/1.1" 200 1357
200.112.4.188 - - [11/Jan/2018:09:25:10 -0300] "POST /cormun/servlet/solicitudot?gx-no-cache=1515673473755 HTTP/1.1" 200 38
200.112.48.103 - - [11/Jan/2018:09:25:12 -0300] "GET /cormun/servlet/trautorizarsolicitud? HTTP/1.1" 200 8669
200.112.48.103 - - [11/Jan/2018:09:25:16 -0300] "POST /cormun/servlet/trautorizarsolicitud?4cd0188a8e55b63f6d147b625090a785,,gx-no-cache=1515673474501 HTTP/1.1" 200 4594
186.103.159.204 - - [11/Jan/2018:09:25:16 -0300] "GET /cormun/servlet/trcontratosolicitud HTTP/1.1" 200 5718
200.112.4.188 - - [11/Jan/2018:09:25:16 -0300] "GET /cormun/servlet/solicitudot?0ef28dfdcd90dde18e575c1415baee1459fa5559b2e9cef4ce0de18385c073f77998582a99cb1cf3cdf4b1bc8a907b6323b4c4c9ad065f8a4766819ee2f445a38a6732c2dbccedb23984df3a998300f99b0a7ed7c612955898c43c960fcfdd3dec09db83b2111296df354bd840d2e7ef,gx-no-cache=1515673479879 HTTP/1.1" 200 29
200.112.4.188 - - [11/Jan/2018:09:25:17 -0300] "POST /cormun/servlet/solicitudot?gx-no-cache=1515673479959 HTTP/1.1" 200 221
200.112.4.188 - - [11/Jan/2018:09:25:17 -0300] "GET /cormun/servlet/solicitudot?0ef28dfdcd90dde18e575c1415baee142eec0421c4fbe36328527318ba8d1288e5c58558b4feb03e307142c88025fbc1689ecf77d724299082f4e6c8bbfa8426841e14addbabbd947fb5c4f92b1b86a236f2ffba891440f08dddf21643f54aed7998582a99cb1cf3cdf4b1bc8a907b634f41cda70e1ac180a6d8829e9f85ab23dd477fd5a1c68b400fd8e3b6afcbee36,gx-no-cache=1515673480162 HTTP/1.1" 200 55
200.112.48.103 - - [11/Jan/2018:09:25:17 -0300] "POST /cormun/servlet/trautorizarsolicitud?4cd0188a8e55b63f6d147b625090a785,,gx-no-cache=1515673475081 HTTP/1.1" 200 4385
200.112.4.188 - - [11/Jan/2018:09:25:17 -0300] "GET /cormun/static/menuarrow.gif HTTP/1.1" 404 1015
200.112.48.103 - - [11/Jan/2018:09:25:17 -0300] "GET /cormun/static/Shared/jqueryui/images/ui-icons_8d78a5_256x240.png HTTP/1.1" 404 1089
200.112.48.103 - - [11/Jan/2018:09:25:17 -0300] "GET /cormun/static/Shared/jqueryui/images/ui-bg_flat_55_fafafa_40x100.png HTTP/1.1" 404 1097
200.112.48.103 - - [11/Jan/2018:09:25:17 -0300] "GET /cormun/static/Shared/jqueryui/images/ui-bg_highlight-soft_100_c6c2c8_1x100.png HTTP/1.1" 404 1117
200.112.48.103 - - [11/Jan/2018:09:25:17 -0300] "GET /cormun/static/Shared/jqueryui/images/ui-icons_82798d_256x240.png HTTP/1.1" 404 1089
186.103.159.204 - - [11/Jan/2018:09:25:19 -0300] "GET /cormun/static/calendar-system.css?75620 HTTP/1.1" 200 5572
186.103.159.204 - - [11/Jan/2018:09:25:19 -0300] "GET /cormun/static/SmoothNavMenu/resources/ddsmoothmenu.css?1012540 HTTP/1.1" 200 2223
186.103.159.204 - - [11/Jan/2018:09:25:19 -0300] "GET /cormun/static/gxui/gxui-all.css?110300 HTTP/1.1" 200 2179
186.103.159.204 - - [11/Jan/2018:09:25:19 -0300] "GET /cormun/static/Shared/jqueryui/jquery-ui.min.css?1245370 HTTP/1.1" 200 30288
186.103.159.204 - - [11/Jan/2018:09:25:19 -0300] "GET /cormun/static/Resources/Spanish/PXTools.css?1155365 HTTP/1.1" 200 89042
186.103.159.204 - - [11/Jan/2018:09:25:19 -0300] "GET /cormun/static/SmoothNavMenu/resources/ddsmoothmenu-v.css?1012540 HTTP/1.1" 200 1188
186.103.159.204 - - [11/Jan/2018:09:25:19 -0300] "GET /cormun/static/scaMessage/css/jquery.pnotify.default.css?1716380 HTTP/1.1" 200 1707
186.103.159.204 - - [11/Jan/2018:09:25:19 -0300] "GET /cormun/static/gxtimezone.js?85251 HTTP/1.1" 200 5781
186.103.159.204 - - [11/Jan/2018:09:25:19 -0300] "GET /cormun/static/Shared/ext/resources/css/ext-all.css?205870 HTTP/1.1" 200 416045
200.112.4.188 - - [11/Jan/2018:09:25:19 -0300] "POST /cormun/servlet/solicitudot?gx-no-cache=1515673482205 HTTP/1.1" 200 217
186.103.157.42 - - [11/Jan/2018:09:25:19 -0300] "GET /cormun/servlet/trfichaempleado? HTTP/1.1" 200 14449
186.103.159.204 - - [11/Jan/2018:09:25:19 -0300] "GET /cormun/static/gxcfg.js?20177612214014 HTTP/1.1" 200 953
186.103.159.204 - - [11/Jan/2018:09:25:19 -0300] "GET /cormun/static/calendar.js?85251 HTTP/1.1" 200 26246
186.103.159.204 - - [11/Jan/2018:09:25:19 -0300] "GET /cormun/static/calendar-setup.js?85251 HTTP/1.1" 200 2588
200.112.4.188 - - [11/Jan/2018:09:25:19 -0300] "GET /cormun/servlet/solicitudot?0ef28dfdcd90dde18e575c1415baee142eec0421c4fbe36328527318ba8d1288e5c58558b4feb03e307142c88025fbc1689ecf77d724299082f4e6c8bbfa8426841e14addbabbd947fb5c4f92b1b86a236f2ffba891440f08dddf21643f54aed7998582a99cb1cf3cdf4b1bc8a907b634f41cda70e1ac180a6d8829e9f85ab23dd477fd5a1c68b400fd8e3b6afcbee36,gx-no-cache=1515673482303 HTTP/1.1" 200 55
186.103.159.204 - - [11/Jan/2018:09:25:19 -0300] "GET /cormun/static/calendar-es.js?85251 HTTP/1.1" 200 1901
186.103.159.204 - - [11/Jan/2018:09:25:19 -0300] "GET /cormun/static/gxgral.js?85251 HTTP/1.1" 200 384558
186.103.159.204 - - [11/Jan/2018:09:25:19 -0300] "GET /cormun/static/RunJS/RunJS.js HTTP/1.1" 200 288
186.103.159.204 - - [11/Jan/2018:09:25:19 -0300] "GET /cormun/static/PXToolsJavascripts/pexe_autoreload.js HTTP/1.1" 200 1762
186.103.159.204 - - [11/Jan/2018:09:25:19 -0300] "GET /cormun/static/PXToolsJavascripts/pexe_cookies.js HTTP/1.1" 200 792
186.103.159.204 - - [11/Jan/2018:09:25:19 -0300] "GET /cormun/static/gxui/gxui-all.js HTTP/1.1" 200 107772
186.103.159.204 - - [11/Jan/2018:09:25:19 -0300] "GET /cormun/static/PXToolsJavascripts/pexe_windows.js HTTP/1.1" 200 15207
186.103.159.204 - - [11/Jan/2018:09:25:19 -0300] "GET /cormun/static/PXToolsJavascripts/pexe_grid.js HTTP/1.1" 200 7559
186.103.159.204 - - [11/Jan/2018:09:25:19 -0300] "GET /cormun/static/PXToolsJavascripts/pexe_griddivfix.js HTTP/1.1" 200 6644
186.103.159.204 - - [11/Jan/2018:09:25:19 -0300] "GET /cormun/static/PXToolsJavascripts/pexe_link.js HTTP/1.1" 200 5671
186.103.159.204 - - [11/Jan/2018:09:25:19 -0300] "GET /cormun/static/PXToolsJavascripts/pexe_menudivfix.js HTTP/1.1" 200 333
186.103.159.204 - - [11/Jan/2018:09:25:19 -0300] "GET /cormun/static/PXToolsJavascripts/pexe_menus.js HTTP/1.1" 200 1286
186.103.159.204 - - [11/Jan/2018:09:25:19 -0300] "GET /cormun/static/PXToolsJavascripts/pexe_layers.js HTTP/1.1" 200 4114
186.103.159.204 - - [11/Jan/2018:09:25:19 -0300] "GET /cormun/static/PXToolsJavascripts/pexe_oav.js HTTP/1.1" 200 645
186.103.159.204 - - [11/Jan/2018:09:25:19 -0300] "GET /cormun/static/PXToolsJavascripts/pexe_oavdivfix.js HTTP/1.1" 200 639
186.103.159.204 - - [11/Jan/2018:09:25:20 -0300] "GET /cormun/static/PXToolsJavascripts/pexe_picture.js HTTP/1.1" 200 689
186.103.159.204 - - [11/Jan/2018:09:25:20 -0300] "GET /cormun/static/PXToolsJavascripts/pexe_popup.js HTTP/1.1" 200 13458
186.103.159.204 - - [11/Jan/2018:09:25:20 -0300] "GET /cormun/static/PXToolsJavascripts/pexe_scrolldiv.js HTTP/1.1" 200 4138
186.103.159.204 - - [11/Jan/2018:09:25:20 -0300] "GET /cormun/static/PXToolsJavascripts/pexe_tabdivfix.js HTTP/1.1" 200 876
186.103.159.204 - - [11/Jan/2018:09:25:20 -0300] "GET /cormun/static/PXToolsJavascripts/pexe_tabs.js HTTP/1.1" 200 3748
186.103.159.204 - - [11/Jan/2018:09:25:20 -0300] "GET /cormun/static/PXToolsJavascripts/pexe_upload.js HTTP/1.1" 200 1423
186.103.159.204 - - [11/Jan/2018:09:25:20 -0300] "GET /cormun/static/PXToolsJavascripts/PXToolsJavascriptsRender.js HTTP/1.1" 200 367
186.103.159.204 - - [11/Jan/2018:09:25:20 -0300] "GET /cormun/static/Shared/ext/locale/ext-lang-en.js HTTP/1.1" 200 10940
186.103.159.204 - - [11/Jan/2018:09:25:20 -0300] "GET /cormun/static/messages.spa.js?85251 HTTP/1.1" 200 30736
186.103.159.204 - - [11/Jan/2018:09:25:20 -0300] "GET /cormun/static/gxdec.js?85251 HTTP/1.1" 200 19579
186.103.159.204 - - [11/Jan/2018:09:25:20 -0300] "GET /cormun/static/trcontratosolicitud.js?20177612214349 HTTP/1.1" 200 28237
186.103.159.204 - - [11/Jan/2018:09:25:20 -0300] "GET /cormun/static/hwchdr01.js?201752511465785 HTTP/1.1" 200 1183
186.103.159.204 - - [11/Jan/2018:09:25:20 -0300] "GET /cormun/static/hpexe_recentlink.js?20177611595044 HTTP/1.1" 200 2144
186.103.159.204 - - [11/Jan/2018:09:25:20 -0300] "GET /cormun/static/Shared/ext/ext-all.js HTTP/1.1" 200 1289687
186.103.159.204 - - [11/Jan/2018:09:25:20 -0300] "GET /cormun/static/hpexe_scripts.js?201752511465715 HTTP/1.1" 200 1544
186.103.159.204 - - [11/Jan/2018:09:25:20 -0300] "GET /cormun/static/hpexe_messagepopupcomponent.js?20161017169425 HTTP/1.1" 200 605
186.103.159.204 - - [11/Jan/2018:09:25:20 -0300] "GET /cormun/static/hpexe_messagecontroller.js?20177611595012 HTTP/1.1" 200 870
186.103.159.204 - - [11/Jan/2018:09:25:20 -0300] "GET /cormun/static/hpexe_messagegenexuscomponent.js?201752511465344 HTTP/1.1" 200 587
186.103.159.204 - - [11/Jan/2018:09:25:20 -0300] "GET /cormun/static/cmcontrolpreferences.js?201752511465670 HTTP/1.1" 200 1375
186.103.159.204 - - [11/Jan/2018:09:25:20 -0300] "GET /cormun/static/SmoothNavMenu/resources/ddsmoothmenu.js HTTP/1.1" 200 12712
186.103.159.204 - - [11/Jan/2018:09:25:20 -0300] "GET /cormun/static/SmoothNavMenu/resources/SmoothNavMenuRender.js HTTP/1.1" 200 5951
186.103.159.204 - - [11/Jan/2018:09:25:20 -0300] "GET /cormun/static/scaMessage/js/jquery.pnotify.min.js HTTP/1.1" 200 13038
186.103.159.204 - - [11/Jan/2018:09:25:20 -0300] "GET /cormun/static/Shared/jquery/jquery-1.4.2.min.js HTTP/1.1" 200 72174
186.103.159.204 - - [11/Jan/2018:09:25:20 -0300] "GET /cormun/static/Shared/jquery/jquery-1.10.2.min.js HTTP/1.1" 200 273199
186.103.159.204 - - [11/Jan/2018:09:25:20 -0300] "GET /cormun/static/scaMessage/scaMessageRender.js HTTP/1.1" 200 11977
186.103.159.204 - - [11/Jan/2018:09:25:20 -0300] "GET /cormun/static/hmpwkw03.js?20177612122668 HTTP/1.1" 200 3965
186.103.159.204 - - [11/Jan/2018:09:25:21 -0300] "GET /cormun/static/Resources/logo4.png HTTP/1.1" 200 6582
186.103.159.204 - - [11/Jan/2018:09:25:21 -0300] "GET /cormun/static/Resources/PXToolsHeaderHome.png HTTP/1.1" 200 4147
186.103.159.204 - - [11/Jan/2018:09:25:21 -0300] "GET /cormun/static/Resources/PXToolsHeaderPreferences.png HTTP/1.1" 200 4189
186.103.159.204 - - [11/Jan/2018:09:25:21 -0300] "GET /cormun/static/Resources/PXToolsHeaderLogin.png HTTP/1.1" 200 4279
186.103.159.204 - - [11/Jan/2018:09:25:21 -0300] "GET /cormun/static/Resources/PXToolsHeaderActionsLeft.png HTTP/1.1" 200 1118
186.103.159.204 - - [11/Jan/2018:09:25:21 -0300] "GET /cormun/static/Resources/PXToolsHeaderSecurity.png HTTP/1.1" 200 4166
186.103.159.204 - - [11/Jan/2018:09:25:21 -0300] "GET /cormun/static/Resources/PXToolsHeaderActionsRight.png HTTP/1.1" 200 1201
186.103.159.204 - - [11/Jan/2018:09:25:21 -0300] "GET /cormun/static/Shared/jqueryui/jquery-ui.min.js HTTP/1.1" 200 240427
186.103.159.204 - - [11/Jan/2018:09:25:21 -0300] "GET /cormun/static/Resources/PXToolsDataSearch.png HTTP/1.1" 200 419
186.103.159.204 - - [11/Jan/2018:09:25:21 -0300] "GET /cormun/static/Resources/PXToolsGridFirstDisabled.gif HTTP/1.1" 200 100
186.103.159.204 - - [11/Jan/2018:09:25:21 -0300] "GET /cormun/static/Resources/PXToolsGridPreviousDisabled.gif HTTP/1.1" 200 90
186.103.159.204 - - [11/Jan/2018:09:25:21 -0300] "GET /cormun/static/Resources/PXToolsGridLastDisabled.gif HTTP/1.1" 200 98
186.103.159.204 - - [11/Jan/2018:09:25:21 -0300] "GET /cormun/static/Resources/PXToolsGridNextDisabled.gif HTTP/1.1" 200 90
186.103.159.204 - - [11/Jan/2018:09:25:21 -0300] "GET /cormun/static/Resources/PXToolsGridPage.gif HTTP/1.1" 200 725
186.103.159.204 - - [11/Jan/2018:09:25:22 -0300] "GET /cormun/static/Resources/PXToolsFooterBackground2.png HTTP/1.1" 200 1172
186.103.159.204 - - [11/Jan/2018:09:25:22 -0300] "GET /cormun/static/Resources/PXToolsHeaderBackground2.png HTTP/1.1" 200 1174
186.103.159.204 - - [11/Jan/2018:09:25:22 -0300] "GET /cormun/static/Resources/PXToolsHeaderActionsBackground.png HTTP/1.1" 200 484
186.103.159.204 - - [11/Jan/2018:09:25:22 -0300] "GET /cormun/static/Resources/PXToolsDataTitle.png HTTP/1.1" 200 1173
200.112.4.188 - - [11/Jan/2018:09:25:22 -0300] "GET /cormun/servlet/solicitudot?0ef28dfdcd90dde18e575c1415baee14ee2f976f41b77f23aa6de2e3f38a5901212fb761b83712a4dfca30098cc1f561,gx-no-cache=1515673485709 HTTP/1.1" 200 30
186.103.159.204 - - [11/Jan/2018:09:25:23 -0300] "GET /cormun/static/Resources/indicator.gif HTTP/1.1" 200 1553
186.103.159.204 - - [11/Jan/2018:09:25:23 -0300] "GET /cormun/static/Resources/asc.gif HTTP/1.1" 200 67
186.103.159.204 - - [11/Jan/2018:09:25:23 -0300] "GET /cormun/static/Resources/desc.gif HTTP/1.1" 200 65
186.103.159.204 - - [11/Jan/2018:09:25:23 -0300] "GET /cormun/servlet/trcontratosolicitud HTTP/1.1" 200 5725
186.103.159.204 - - [11/Jan/2018:09:25:23 -0300] "GET /cormun/servlet/hlogin HTTP/1.1" 200 1736
186.103.159.204 - - [11/Jan/2018:09:25:23 -0300] "GET /cormun/static/Resources/Spanish/PXTools.css?11423723 HTTP/1.1" 200 89042
186.103.159.204 - - [11/Jan/2018:09:25:23 -0300] "GET /cormun/static/gxtimezone.js?85251 HTTP/1.1" 200 5781
186.103.159.204 - - [11/Jan/2018:09:25:24 -0300] "GET /cormun/static/gxcfg.js?20175251213516 HTTP/1.1" 200 953
186.103.159.204 - - [11/Jan/2018:09:25:24 -0300] "GET /cormun/static/messages.spa.js?85251 HTTP/1.1" 200 30736
186.103.159.204 - - [11/Jan/2018:09:25:24 -0300] "GET /cormun/static/hlogin.js?20175251213537 HTTP/1.1" 200 2136
186.103.159.204 - - [11/Jan/2018:09:25:24 -0300] "GET /cormun/static/gxgral.js?85251 HTTP/1.1" 200 384558
186.103.159.204 - - [11/Jan/2018:09:25:24 -0300] "GET /cormun/static/Resources/ComunLogin.png HTTP/1.1" 200 17326
186.103.159.204 - - [11/Jan/2018:09:25:24 -0300] "GET /cormun/static/Resources/indicator.gif HTTP/1.1" 200 1553
186.103.159.204 - - [11/Jan/2018:09:25:24 -0300] "GET /cormun/static/Resources/PXToolsLoginTop.png HTTP/1.1" 200 1337
186.103.159.204 - - [11/Jan/2018:09:25:24 -0300] "GET /cormun/static/Resources/PXToolsLoginBackground.png HTTP/1.1" 200 1164
186.103.159.204 - - [11/Jan/2018:09:25:24 -0300] "GET /cormun/static/Resources/PXToolsButtonLeft21.png HTTP/1.1" 200 1287
186.103.159.204 - - [11/Jan/2018:09:25:24 -0300] "GET /cormun/static/Resources/PXToolsButtonRight21.png HTTP/1.1" 200 1283
186.103.159.204 - - [11/Jan/2018:09:25:24 -0300] "GET /cormun/static/Resources/PXToolsButtonBackground2.png HTTP/1.1" 200 1181
186.103.159.204 - - [11/Jan/2018:09:25:24 -0300] "GET /cormun/static/Resources/PXToolsLoginBottom.png HTTP/1.1" 200 1389
200.112.4.188 - - [11/Jan/2018:09:25:31 -0300] "POST /cormun/servlet/solicitudot?gx-no-cache=1515673494897 HTTP/1.1" 200 30
200.112.4.188 - - [11/Jan/2018:09:25:45 -0300] "POST /cormun/servlet/solicitudot?fdac12490247b725ab8bbcf563743603,INS,0,0,,gx-no-cache=1515673507498 HTTP/1.1" 200 93
200.112.4.188 - - [11/Jan/2018:09:25:45 -0300] "GET /cormun/servlet/hpexe_return? HTTP/1.1" 200 1008
200.112.4.188 - - [11/Jan/2018:09:25:45 -0300] "GET /cormun/servlet/trsolicitudot HTTP/1.1" 200 23958
200.112.4.188 - - [11/Jan/2018:09:25:46 -0300] "GET /cormun/servlet/trsolicitudot HTTP/1.1" 200 23954
186.103.159.44 - - [11/Jan/2018:09:26:06 -0300] "POST /cormun/servlet/solicitudot?gx-no-cache=1515673528090 HTTP/1.1" 200 51
186.103.159.44 - - [11/Jan/2018:09:26:17 -0300] "POST /cormun/servlet/solicitudot?gx-no-cache=1515673539257 HTTP/1.1" 200 297
186.103.159.44 - - [11/Jan/2018:09:26:17 -0300] "GET /cormun/servlet/solicitudot?93f5696ec6af881851328fe3ede9ab9aca178af43d1cb26f41301a94ab398fca0b22b85dfe27d28483d8b5f1ee354a939fa7114163a8dcb9d6f0ae5cc649eb6d06021dc8c0909d2873336f4766f517396e00b0e497829e810b4e23e219a1b793600802f6a441845f1459692f352738711e3044006bda95eb7703312891e587ec6e4bdaff2d8efdd3c7e6c08920ca6d4e84f69498e9b45028094e1fa01c6142a22c3db5dafe86d76a5d0a424bb4b61e6758bf7ef69fe05f4685ce04666d6294fffc8ea7afafaf6176adbcc2cd4fb6cd3bcf42f6c0fa19e9d7884afaadfd9e92630d6bf05bed45f917466ba90f6a2f42f9c1b1228b197a5dea8a04075a08697d1cdc727155fc5a866893dae2f83b783b5842a3bdba83ac3a4faacae8576c640b33caa5f55f3982e24d722bbf96a623f0da0d6f9c87d091b2430ef3c239c4781c46d1c686c4ee0dc1173abfdac28d071255bd318eda5f800c733ba190bd04905c1398f9e011fc30215dfa213601ddd43c2a01cc0a8ac0d318ea8e212abdfb31d2bf76d385971690d3c3e10ab3ac296fcbe6,gx-no-cache=1515673539365 HTTP/1.1" 200 30
192.168.10.89 - - [11/Jan/2018:09:26:18 -0300] "GET /cormun/servlet/solicitudgral?UPD,2018,8559, HTTP/1.1" 200 13048
186.103.159.44 - - [11/Jan/2018:09:26:19 -0300] "POST /cormun/servlet/solicitudot?gx-no-cache=1515673540889 HTTP/1.1" 200 30
192.168.10.89 - - [11/Jan/2018:09:26:19 -0300] "POST /cormun/servlet/solicitudgral?gx-no-cache=1515673439210 HTTP/1.1" 200 3872
192.168.10.89 - - [11/Jan/2018:09:26:19 -0300] "GET /cormun/servlet/solicitudgral?150e337af8bb90df284ad9f4016038ddb43edfaaa733eeee1927e0200cc34e027cc22785a0ff1f16f22598d7944f3daf1ba4bd358650e14e0c1a73cb98647b8b57db141acfafd5a8cf71a273b4011e4d580fdf5f537136f93806ea856cd0f0b5a848e94027199bd6a5b62faecaeee2446ac5c74175f9818282506b0fc117cb6d5e2ac58db8801a0452a382b01441ee00a83f37aab2cc8f723617ee0a09038d2dabde9b31a85db3522a9c62467fd6011780a4329ef6452c7afafcf7da670d3517660031ae88cdcb1c829e135980c73e4bf81135922ed8b615a6efd8e217314eb4efe45d30007134d00245110f6cc8a1501a6c01c3fcf3a7a560cde9f962c4aaccb8f12ed79ca3a23c45353b4beb69d74f17864941c266e8f3d0dc5155a240350f312bf321f1a756e9340c6629d5e7f812de9ecf3b3455ee74b03281ec69afe3a3c674bf873298378828ba1ddc6a0e4f39,gx-no-cache=1515673439379 HTTP/1.1" 200 256
186.103.159.44 - - [11/Jan/2018:09:26:20 -0300] "POST /cormun/servlet/solicitudot?gx-no-cache=1515673542740 HTTP/1.1" 200 1353
186.103.159.44 - - [11/Jan/2018:09:26:20 -0300] "POST /cormun/servlet/solicitudot?gx-no-cache=1515673543012 HTTP/1.1" 200 38
192.168.10.89 - - [11/Jan/2018:09:26:21 -0300] "GET /cormun/servlet/solicitudgral?150e337af8bb90df284ad9f4016038dddcfab5eeb617385acd8397d2ff4d6b87e229e997ae54e915e2e0d9d14deaeb54b8f12ed79ca3a23c45353b4beb69d74f2de114e559a51850c219aad25683c09ed1a5fb4fefef25d90047d472bdb03643f571dc87a24f5f97f5de1b1ccca57e4a2514d78a041c9652e8eba2e451563608328f8bab4a865bfaa93463bb040e88b9378577970ba4abb012e21bd3a80673a460c525f84a6e94aadbce09f060f2f423e0e4281b4c2080a5f0ec11ce5bea446f5a840866e041d8144a598b1880aae6f8bd702912d6ff05f23a42a6f3c64b235ae62ae93c10ff53b7e9a6ad92ddfed9b4e8a6e33f94c15cd0e6dc4f2cec6210d773b523e86e964359dab6e6d9b926f870fdb7790e5457ccbcf0b23350b795f94a4193965145f1c8c6be826e0147b197f70e006827e5a986a2d6028b6b0e3c730e9f8924eb39b1176a49caac437c678a921a5019a3740c3fa20caca4f53a3af4ca5f927dbe27170b2ecd0c79a0e68485e5b814563e0d24554294b8d065f3205837d3739a6c1687cb1cb570414a6eee4462d47b77e1f42160ef1b863a2f7143c315c2e3c8d0c09e315c314d4411ada49e88e5a2ff60ac12fb4855121fbecbc4c5ff72f6edd342c5b20fc4b9c477bc7016749b7c4e01aabda367fa3ed60186ffb3e7d4b8f91e3174d364d1b7ab14459ba8d312da7f5b13b56ee5973fd71413bde0891fa017fff222c7db5976fc63977841cb3497454995824594706eb27b02ab5012a51834dd6c690af2fa2dc0e45a9f976f,gx-no-cache=1515673440803 HTTP/1.1" 200 48
200.86.95.220 - - [11/Jan/2018:09:26:22 -0300] "GET /cormun/servlet/hpexe_return? HTTP/1.1" 200 972
200.86.95.220 - - [11/Jan/2018:09:26:22 -0300] "GET /cormun/static/gxcfg.js?2016101716175148 HTTP/1.1" 304 -
200.86.95.220 - - [11/Jan/2018:09:26:22 -0300] "GET /cormun/static/messages.spa.js?85251 HTTP/1.1" 304 -
200.86.95.220 - - [11/Jan/2018:09:26:22 -0300] "GET /cormun/servlet/hhome HTTP/1.1" 200 3378
