186.79.214.243 - - [11/Jan/2018:09:58:02 -0300] "GET /cormun/servlet/solicitudotcontratos?9bbe363bed419443060d1961d87e5cbca22a995d692a796382b9db00d64350d2ce4245c84ff6ded5851b2cb5e410be1fb837c5d347da0019674c16cbad8e57ec2c08b3882c4694d00caa75849f771c69609c8f857b1c85abccda8e92ac3170129ebc641da4387de41799a0f9186ec9500c00fbc2d432e270fccc99f49de33c1b8b5b75572327fbdfdace0c0762d3a70eb8ae9e5857cf8b9c9ba657ae9b8c1a08d85c1295d635cf4a43384a6cebeb1d1b36e8dc697c8d501a771ed7e60a58d666c400453724ce1d618a8c7f2553914d254b9173f919adefd542230d4fb03aeccea18d24093e13aa437753dbaa653848459b974b9fa0cfb68a2986d46bbee61d971b2a93748828331137e0f06912e6b586195168f6166e2412e8fce63062b2911ab3446c4747396920c93980e326493174eb3e75231f9e1b84ca76de1789022571d326a5f271d9693d7d5de1c3838026f11ef567d245b2c3b4c45897f121c6e6adba99d7890e003033734d9d41545ff8a2c486015248578f99bafad8f83925295bfd075300a6a67a0f5c291350297752ce3c9f327efeccd6afdde3e81990daab1b3af7a4f9afa7fb3178b59e01058bcc421e865673197d4c438ae6933b2d56a3ce262269e9fec150b3a6abd91ea60d0f4802530b355e0b53117aa02b92e9afaf3cd7235a515e9f6c8811ac94be234ae9c5c64c107b035525d7588a5256d76184ae2e8fd5a4982d04e3350df625c81dcde0da0a96308837af546006512e256481398050f9fb01a619aa27c5b26883e2e920f7c9a285a7ce954e4ef525f6e5327f73,gx-no-cache=1515675441920 HTTP/1.1" 200 83
186.79.214.243 - - [11/Jan/2018:09:58:05 -0300] "POST /cormun/servlet/solicitudotcontratos?cb379fd8ac43bd863b60af31387d1183,INS,2018,0,11842464,6,6,2017,2273,INTEGRACION,201711,3,B,,gx-no-cache=1515675445118 HTTP/1.1" 200 10763
186.79.214.243 - - [11/Jan/2018:09:58:06 -0300] "POST /cormun/servlet/solicitudotcontratos?gx-no-cache=1515675445718 HTTP/1.1" 200 1342
186.79.214.243 - - [11/Jan/2018:09:58:06 -0300] "POST /cormun/servlet/solicitudotcontratos?gx-no-cache=1515675446022 HTTP/1.1" 200 1220
186.79.214.243 - - [11/Jan/2018:09:58:06 -0300] "GET /cormun/servlet/solicitudotcontratos?9bbe363bed419443060d1961d87e5cbce1e5e540d077a66029ccb5f2cbff160cbfecf3a62604552c51f1381d6fed87a6c56c725780458a3c5aa61998e7a71988ae85be1619d88b35d0ccd323f654b811548ad9d5eb5e5e8789577b67296d407a1e5bb5e689499f000e8a3ca609f32253cf90f5d2b4813454d358bf5baf0a4bf2,gx-no-cache=1515675446313 HTTP/1.1" 200 30
186.79.214.243 - - [11/Jan/2018:09:58:07 -0300] "POST /cormun/servlet/solicitudotcontratos?cb379fd8ac43bd863b60af31387d1183,INS,2018,0,11842464,6,6,2017,2273,INTEGRACION,201711,3,B,,gx-no-cache=1515675446423 HTTP/1.1" 200 93
186.79.214.243 - - [11/Jan/2018:09:58:07 -0300] "GET /cormun/servlet/hpexe_return? HTTP/1.1" 200 1072
186.79.214.243 - - [11/Jan/2018:09:58:07 -0300] "GET /cormun/servlet/trcontratosolicitud?gx-no-cache=1515675408726 HTTP/1.1" 200 11051
186.79.214.243 - - [11/Jan/2018:09:58:09 -0300] "GET /cormun/servlet/trcontratosolicitud?gx-no-cache=1515675408726 HTTP/1.1" 200 11065
186.103.159.44 - - [11/Jan/2018:09:58:09 -0300] "POST /cormun/servlet/solicitudot?gx-no-cache=1515675449647 HTTP/1.1" 200 255
186.103.159.44 - - [11/Jan/2018:09:58:13 -0300] "GET /cormun/servlet/solicitudot?93f5696ec6af881851328fe3ede9ab9aca178af43d1cb26f41301a94ab398fcae16a50620a9e56e52c4599413cc548ac9fa7114163a8dcb9d6f0ae5cc649eb6d06021dc8c0909d2873336f4766f517396e00b0e497829e810b4e23e219a1b793600802f6a441845f1459692f352738711e3044006bda95eb7703312891e587ec6e4bdaff2d8efdd3c7e6c08920ca6d4e84f69498e9b45028094e1fa01c6142a22c3db5dafe86d76a5d0a424bb4b61e6758bf7ef69fe05f4685ce04666d6294fffc8ea7afafaf6176adbcc2cd4fb6cd3bcf42f6c0fa19e9d7884afaadfd9e92630d6bf05bed45f917466ba90f6a2f42f96ed72287f1a22741013c3523bcca41f2dc727155fc5a866893dae2f83b783b5889ef3917a3eb2d140a553eebf4340a2abfb5016d04ad9dd360b8f858953a3fde6e49610b7637176d7ab5830426f480a51c6544c3732a59a34d5aa47046a5447a7b55452e68f5eb02eab4a16ce7fe1e7fca502636db432b557bb5134f3d9b22addc71600080094cc8d5b702185664d3a5,gx-no-cache=1515675453672 HTTP/1.1" 200 30
186.103.159.44 - - [11/Jan/2018:09:58:17 -0300] "POST /cormun/servlet/solicitudot?gx-no-cache=1515675457799 HTTP/1.1" 200 30
186.103.159.44 - - [11/Jan/2018:09:58:21 -0300] "POST /cormun/servlet/solicitudot?gx-no-cache=1515675461991 HTTP/1.1" 200 1353
186.103.159.44 - - [11/Jan/2018:09:58:22 -0300] "POST /cormun/servlet/solicitudot?gx-no-cache=1515675462210 HTTP/1.1" 200 38
186.103.159.44 - - [11/Jan/2018:09:59:07 -0300] "GET /cormun/servlet/solicitudot?93f5696ec6af881851328fe3ede9ab9a90414a9b43bae076af6ede11eb22171c6968e75b038fc69df4b5228a1baade1d0a1c77f7d1c3a2d06137c0718d2be0595f982d281fafff19880e51018b423e2b0c76bc7aa8d2faeea73b04433751910f0eaf9a1fa0f05350bec69b322d48ab24,gx-no-cache=1515675506848 HTTP/1.1" 200 29
186.103.159.44 - - [11/Jan/2018:09:59:07 -0300] "POST /cormun/servlet/solicitudot?gx-no-cache=1515675507210 HTTP/1.1" 200 219
186.103.159.44 - - [11/Jan/2018:09:59:07 -0300] "GET /cormun/servlet/solicitudot?93f5696ec6af881851328fe3ede9ab9a69dde240a495f9dd20956b2972380152a8614c50d0fcf39cb75798b25dc413488538cfa1a7f9eac7b9d853e7f2580eb73539f9e1548c46ac910285ac94355696da935aa79ce66eea9157b044bdd29cb96968e75b038fc69df4b5228a1baade1dc1a11adf7d1f965e78942db374f08cf7370ae16fbe0b338a181b06704fda282a,gx-no-cache=1515675507340 HTTP/1.1" 200 55
186.103.159.44 - - [11/Jan/2018:09:59:10 -0300] "GET /cormun/static/menuarrow.gif HTTP/1.1" 404 1015
186.103.159.44 - - [11/Jan/2018:09:59:15 -0300] "GET /cormun/servlet/solicitudot?93f5696ec6af881851328fe3ede9ab9aaee2238c4587c2a67663cdb450ef84643e2af2b1eb7fa8d2cb5a99401a42f343,gx-no-cache=1515675515661 HTTP/1.1" 200 30
186.103.159.44 - - [11/Jan/2018:09:59:34 -0300] "POST /cormun/servlet/solicitudot?gx-no-cache=1515675534562 HTTP/1.1" 200 30
186.103.159.44 - - [11/Jan/2018:10:00:05 -0300] "POST /cormun/servlet/solicitudot?7680f75a9c3e26756cadc1e4993d38b7,INS,0,0,,gx-no-cache=1515675565752 HTTP/1.1" 200 93
186.103.159.44 - - [11/Jan/2018:10:00:05 -0300] "GET /cormun/servlet/hpexe_return? HTTP/1.1" 200 1007
186.103.159.44 - - [11/Jan/2018:10:00:06 -0300] "GET /cormun/servlet/trsolicitudot HTTP/1.1" 200 11862
186.79.214.243 - - [11/Jan/2018:10:00:21 -0300] "GET /cormun/servlet/solicitudotcontratos?INS,2018,0,16828151,K,6,2017,5040,LEY+SEP,201711,2,B, HTTP/1.1" 200 9873
186.103.159.44 - - [11/Jan/2018:10:00:21 -0300] "POST /cormun/servlet/trsolicitudot?7680f75a9c3e26756cadc1e4993d38b7,gx-no-cache=1515675582060 HTTP/1.1" 200 106
186.103.159.44 - - [11/Jan/2018:10:00:22 -0300] "GET /cormun/servlet/trsolicitudadjuntos?2018,8586, HTTP/1.1" 200 6221
186.79.214.243 - - [11/Jan/2018:10:00:22 -0300] "GET /cormun/servlet/solicitudotcontratos?INS,2018,0,16828151,K,6,2017,5040,LEY+SEP,201711,2,B, HTTP/1.1" 200 9887
186.79.214.243 - - [11/Jan/2018:10:00:23 -0300] "GET /cormun/servlet/solicitudotcontratos?9bbe363bed419443060d1961d87e5cbc96a42097d9e1f754197c84e2e75de77946dd765e41f29c1c5c3fac1f4fc998aa,gx-no-cache=1515675583036 HTTP/1.1" 200 30
186.103.159.44 - - [11/Jan/2018:10:00:24 -0300] "GET /cormun/servlet/solicitudotadjuntos?INS,2018,8586,,1, HTTP/1.1" 200 6166
186.103.159.44 - - [11/Jan/2018:10:00:24 -0300] "HEAD /cormun/static/about:blank HTTP/1.1" 404 -
186.103.159.44 - - [11/Jan/2018:10:00:25 -0300] "GET /cormun/servlet/solicitudotadjuntos?93f5696ec6af881851328fe3ede9ab9a1c9ef9b125ca6708268731017b80ab9681507f878d8f593ed838d2692b79e81d,gx-no-cache=1515675585988 HTTP/1.1" 200 30
186.103.159.44 - - [11/Jan/2018:10:00:25 -0300] "POST /cormun/servlet/solicitudotadjuntos?7680f75a9c3e26756cadc1e4993d38b7,INS,2018,8586,,1,,gx-no-cache=1515675586029 HTTP/1.1" 200 4016
186.103.159.44 - - [11/Jan/2018:10:00:28 -0300] "POST /cormun/servlet/solicitudotadjuntos?gx-no-cache=1515675588691 HTTP/1.1" 200 26
186.79.214.243 - - [11/Jan/2018:10:00:32 -0300] "GET /cormun/servlet/solicitudotcontratos?9bbe363bed419443060d1961d87e5cbcbaf49e31ed463df415646741ccf03a7a28a414b917105de8f68b773a0c75d54d,gx-no-cache=1515675592176 HTTP/1.1" 200 30
186.79.214.243 - - [11/Jan/2018:10:00:32 -0300] "GET /cormun/servlet/solicitudotcontratos?9bbe363bed419443060d1961d87e5cbc03fa8fb7cdc140751e530f51049f097e0a968c4265cfcf2ee8c5eec9411d75f57320b5c0f9ecd0d84434ca04d227da884090ee7df2a377defff8060122744d598d3ff43f56b11bfa061637e4c7c2ef8b4381c07b105944617c8ed643bf393c905e3111578a41125ac66618e503f56a76,gx-no-cache=1515675592362 HTTP/1.1" 200 50
186.79.214.243 - - [11/Jan/2018:10:00:32 -0300] "GET /cormun/servlet/solicitudotcontratos?9bbe363bed419443060d1961d87e5cbcc77ca99cfce19c0b685484005206c360a30b1799963c3c39fddbba4fe7189796,gx-no-cache=1515675592479 HTTP/1.1" 200 30
186.79.214.243 - - [11/Jan/2018:10:00:32 -0300] "GET /cormun/servlet/solicitudotcontratos?9bbe363bed419443060d1961d87e5cbcb198c37f4460e92783676a1e8914d3919f97ab717f3dec75b85eb2308fb155068895ca5c5f9f3a146aa62a4610b4a59e9d23c1563979ab1a2fc3809ecf8d44c63a94f4c13807037b7ae35aafd54e8950d190e16bba48303a790527e773a7a470,gx-no-cache=1515675592617 HTTP/1.1" 200 30
186.79.214.243 - - [11/Jan/2018:10:00:33 -0300] "GET /cormun/servlet/solicitudotcontratos?9bbe363bed419443060d1961d87e5cbca22a995d692a796382b9db00d64350d2ce4245c84ff6ded5851b2cb5e410be1f76c5da9b1b3ea2cb164fbde1dcf893288895ca5c5f9f3a146aa62a4610b4a59e146bb9615f8dd2caf44a11e5e7f39e948266a2eda6ff5cff13eadebe64e5d95628aef749a8ef1096a1f3153010709b5ad29e2888e35a1cd22c6937e285f661d92e22b88973c60d82e943301fb18380c776c5da9b1b3ea2cb164fbde1dcf89328b6d41138a502d03109ba5efa5d55d8aff35a4154a673dfc53c08beef137c5b0bd04d6c0e0f1202f4b19f3bce334907f11f97b36a2a130a862eb9c31b1016721d87d46310dc16e85008553ae4db5255a1c1e3f405e56f2dfe82d1416b0e4f4dcbcf7fe797045f7208830b50173980f3b9efe8712dbf185070cb1d72c3493e245c8187b4fca66b4fa54c767472e2b8eeed6a2300dc91c45b76ce770af00c62ae375fe8b8abcf48478b414f00de6756ce9671c4cac1060ceb6d9784ddbc51708d76d69a223ff10ffd1da047d8f069c24c3d6a204f52cbd38b1735af773b5076b7f60120242c80ce1a43f9c40f98fef2e4a4895bca3c4270ed097a3c978272d506b2e2c0edbfc9b08e5a8ea4c4d0b24b04b9753d55798a63ed4bbe9e5f5c4c59dbc48a04f02c5b818c58a0795b0b355d82065cf3ca21120446bcae6768ae8bdda038b18b85e1210436f69a9e16c4cabb310fac08a80ab8592c6aa98eeee2635daf39ef13f8a8fb223d9f6cba4cf76d8bba3782cb45630b178a45cb14b472b57d00d193cab176b3123aa91eb8f286953f78cc,gx-no-cache=1515675592797 HTTP/1.1" 200 79
186.79.214.243 - - [11/Jan/2018:10:00:52 -0300] "POST /cormun/servlet/solicitudotcontratos?cb379fd8ac43bd863b60af31387d1183,INS,2018,0,16828151,K,6,2017,5040,LEY+SEP,201711,2,B,,gx-no-cache=1515675611964 HTTP/1.1" 200 10828
186.79.214.243 - - [11/Jan/2018:10:00:53 -0300] "POST /cormun/servlet/solicitudotcontratos?gx-no-cache=1515675612732 HTTP/1.1" 200 1342
186.79.214.243 - - [11/Jan/2018:10:00:54 -0300] "POST /cormun/servlet/solicitudotcontratos?gx-no-cache=1515675613004 HTTP/1.1" 200 1221
186.79.214.243 - - [11/Jan/2018:10:00:54 -0300] "GET /cormun/servlet/solicitudotcontratos?9bbe363bed419443060d1961d87e5cbce1e5e540d077a66029ccb5f2cbff160cbfecf3a62604552c51f1381d6fed87a6c56c725780458a3c5aa61998e7a71988ae85be1619d88b35d0ccd323f654b811548ad9d5eb5e5e8789577b67296d407a1e5bb5e689499f000e8a3ca609f32253cf90f5d2b4813454d358bf5baf0a4bf2,gx-no-cache=1515675614137 HTTP/1.1" 200 30
186.79.214.243 - - [11/Jan/2018:10:00:55 -0300] "POST /cormun/servlet/solicitudotcontratos?cb379fd8ac43bd863b60af31387d1183,INS,2018,0,16828151,K,6,2017,5040,LEY+SEP,201711,2,B,,gx-no-cache=1515675614328 HTTP/1.1" 200 93
186.79.214.243 - - [11/Jan/2018:10:00:55 -0300] "GET /cormun/servlet/hpexe_return? HTTP/1.1" 200 1069
186.79.214.243 - - [11/Jan/2018:10:00:55 -0300] "GET /cormun/servlet/trcontratosolicitud?gx-no-cache=1515675408726 HTTP/1.1" 200 10910
186.79.214.243 - - [11/Jan/2018:10:00:57 -0300] "GET /cormun/servlet/trcontratosolicitud?gx-no-cache=1515675408726 HTTP/1.1" 200 10919
186.103.159.46 - - [11/Jan/2018:10:00:58 -0300] "GET /cormun/servlet/hhome HTTP/1.1" 200 3380
186.103.159.46 - - [11/Jan/2018:10:00:59 -0300] "GET /cormun/static/gxcfg.js?20175251212442 HTTP/1.1" 304 -
186.103.159.46 - - [11/Jan/2018:10:00:59 -0300] "GET /cormun/static/messages.spa.js?85251 HTTP/1.1" 304 -
186.103.159.44 - - [11/Jan/2018:10:01:01 -0300] "GET /cormun/servlet/solicitudotadjuntos?93f5696ec6af881851328fe3ede9ab9a135ff810eaf89621c468429739a4b92a,gx-no-cache=1515675621222 HTTP/1.1" 200 30
186.103.159.44 - - [11/Jan/2018:10:01:01 -0300] "GET /cormun/servlet/solicitudotadjuntos?93f5696ec6af881851328fe3ede9ab9a135ff810eaf89621c468429739a4b92a,gx-no-cache=1515675621264 HTTP/1.1" 200 30
186.103.159.46 - - [11/Jan/2018:10:01:01 -0300] "GET /cormun/servlet/hhome HTTP/1.1" 200 3389
186.103.159.46 - - [11/Jan/2018:10:01:01 -0300] "GET /cormun/servlet/hlogin HTTP/1.1" 200 1738
186.103.159.46 - - [11/Jan/2018:10:01:01 -0300] "GET /cormun/static/gxcfg.js?20175251213516 HTTP/1.1" 304 -
186.103.159.46 - - [11/Jan/2018:10:01:01 -0300] "GET /favicon.ico HTTP/1.1" 200 21630
186.103.159.44 - - [11/Jan/2018:10:01:03 -0300] "POST /cormun/servlet/solicitudotadjuntos?7680f75a9c3e26756cadc1e4993d38b7,INS,2018,8586,,1, HTTP/1.1" 200 116
186.103.159.44 - - [11/Jan/2018:10:01:03 -0300] "GET /cormun/servlet/hpexe_return? HTTP/1.1" 200 1026
186.103.159.44 - - [11/Jan/2018:10:01:03 -0300] "GET /cormun/servlet/trsolicitudadjuntos?2018,8586, HTTP/1.1" 200 8569
186.103.159.44 - - [11/Jan/2018:10:01:07 -0300] "GET /cormun/servlet/solicitudotadjuntos?INS,2018,8586,,1, HTTP/1.1" 200 6166
186.103.159.44 - - [11/Jan/2018:10:01:07 -0300] "HEAD /cormun/static/about:blank HTTP/1.1" 404 -
186.103.159.44 - - [11/Jan/2018:10:01:08 -0300] "GET /cormun/servlet/solicitudotadjuntos?93f5696ec6af881851328fe3ede9ab9a1c9ef9b125ca6708268731017b80ab9681507f878d8f593ed838d2692b79e81d,gx-no-cache=1515675628440 HTTP/1.1" 200 30
186.103.159.44 - - [11/Jan/2018:10:01:08 -0300] "POST /cormun/servlet/solicitudotadjuntos?7680f75a9c3e26756cadc1e4993d38b7,INS,2018,8586,,1,,gx-no-cache=1515675628477 HTTP/1.1" 200 4016
186.103.159.44 - - [11/Jan/2018:10:01:10 -0300] "POST /cormun/servlet/solicitudotadjuntos?gx-no-cache=1515675630893 HTTP/1.1" 200 26
186.103.159.46 - - [11/Jan/2018:10:01:13 -0300] "POST /cormun/servlet/hlogin?73ce9466acdaab2e157898102c5fc79e,gx-no-cache=1515675633043 HTTP/1.1" 200 90
186.103.159.46 - - [11/Jan/2018:10:01:13 -0300] "GET /cormun/servlet/hpexe_link HTTP/1.1" 200 955
186.103.159.46 - - [11/Jan/2018:10:01:13 -0300] "GET /cormun/static/gxcfg.js?20177612121792 HTTP/1.1" 304 -
186.103.159.46 - - [11/Jan/2018:10:01:13 -0300] "GET /cormun/servlet/hhome HTTP/1.1" 200 4193
186.103.159.46 - - [11/Jan/2018:10:01:13 -0300] "GET /cormun/servlet/hhome HTTP/1.1" 200 4189
186.79.214.243 - - [11/Jan/2018:10:01:16 -0300] "GET /cormun/servlet/solicitudotcontratos?INS,2018,0,16828151,K,2,2017,1820,NADA,201711,37,B, HTTP/1.1" 200 9859
186.103.159.44 - - [11/Jan/2018:10:01:17 -0300] "GET /cormun/servlet/solicitudotadjuntos?93f5696ec6af881851328fe3ede9ab9a135ff810eaf89621c468429739a4b92a,gx-no-cache=1515675637333 HTTP/1.1" 200 30
186.103.159.44 - - [11/Jan/2018:10:01:17 -0300] "GET /cormun/servlet/solicitudotadjuntos?93f5696ec6af881851328fe3ede9ab9a135ff810eaf89621c468429739a4b92a,gx-no-cache=1515675637353 HTTP/1.1" 200 30
186.79.214.243 - - [11/Jan/2018:10:01:17 -0300] "GET /cormun/servlet/solicitudotcontratos?INS,2018,0,16828151,K,2,2017,1820,NADA,201711,37,B, HTTP/1.1" 200 9871
186.79.214.243 - - [11/Jan/2018:10:01:17 -0300] "GET /cormun/servlet/solicitudotcontratos?9bbe363bed419443060d1961d87e5cbc96a42097d9e1f754197c84e2e75de77946dd765e41f29c1c5c3fac1f4fc998aa,gx-no-cache=1515675637605 HTTP/1.1" 200 30
186.79.214.243 - - [11/Jan/2018:10:01:18 -0300] "GET /cormun/servlet/solicitudotcontratos?9bbe363bed419443060d1961d87e5cbcbaf49e31ed463df415646741ccf03a7a28a414b917105de8f68b773a0c75d54d,gx-no-cache=1515675637805 HTTP/1.1" 200 30
186.79.214.243 - - [11/Jan/2018:10:01:18 -0300] "GET /cormun/servlet/solicitudotcontratos?9bbe363bed419443060d1961d87e5cbc03fa8fb7cdc140751e530f51049f097e0a968c4265cfcf2ee8c5eec9411d75f57320b5c0f9ecd0d84434ca04d227da884090ee7df2a377defff8060122744d597034fdcaa5f57b0078aeb9bbf760b289af630db1d93ed07668412be22e6a1e60496fb05a23c3624dc62dad34f37fd39a,gx-no-cache=1515675638583 HTTP/1.1" 200 48
186.103.159.44 - - [11/Jan/2018:10:01:19 -0300] "POST /cormun/servlet/solicitudotadjuntos?7680f75a9c3e26756cadc1e4993d38b7,INS,2018,8586,,1, HTTP/1.1" 200 116
186.103.159.44 - - [11/Jan/2018:10:01:20 -0300] "GET /cormun/servlet/hpexe_return? HTTP/1.1" 200 1026
186.79.214.243 - - [11/Jan/2018:10:01:20 -0300] "GET /cormun/servlet/solicitudotcontratos?9bbe363bed419443060d1961d87e5cbcc77ca99cfce19c0b685484005206c36053d2953540d1b6ff1bfc77c17245f441,gx-no-cache=1515675639915 HTTP/1.1" 200 30
186.79.214.243 - - [11/Jan/2018:10:01:20 -0300] "GET /cormun/servlet/solicitudotcontratos?9bbe363bed419443060d1961d87e5cbcb198c37f4460e92783676a1e8914d3919f97ab717f3dec75b85eb2308fb155068895ca5c5f9f3a146aa62a4610b4a59e9d23c1563979ab1a2fc3809ecf8d44c6eca20fb8a895a2dacf20325613f2894cd190e16bba48303a790527e773a7a470,gx-no-cache=1515675640104 HTTP/1.1" 200 30
186.79.214.243 - - [11/Jan/2018:10:01:20 -0300] "GET /cormun/servlet/solicitudotcontratos?9bbe363bed419443060d1961d87e5cbca22a995d692a796382b9db00d64350d2ce4245c84ff6ded5851b2cb5e410be1f68ea885b8392a3bc9db846e3e0ea359bba7f3bb838b5bb0d0b4df7b210f644fa3a4459450545f9ac389c4f18ef2ab0940d5fb2eb913798606452a8f9e3f7b170f39bb9c249303b9bbfd5c12e4b807dd58c4268b43f1817e05d509c9112f3dec3cc86ecea1e54ea61371b49a1c3e0df6bd41f6dfb4563bb2403de5f602da90a8390c0dd390ce3785176317f8c0cf31c0cbde7110170f0c6856ab744082dd3b474731474438ca31d8ce9b43ee3e7eda1d0a11dd86636f40d74818002d8c05ac92b6d8e365b8fd69727ca1ec2a13a8ee2e0db77a04fe038c100820e5710fb379fdc44309d38090431ccd4704aa7c493245fc6f08932854fde85e3ad690c99d7065dcf7fe797045f7208830b50173980f3b98cd6dd8819f4636b56f2d50949817045ab94738dbc8c3a8edb15b5f26cbaae3992b31cbac3809b65e33953b4164a69502b720048f0d3f94cf30939c005dd65e06486bfc5b98d9953a9a0f09eed57d0a7060fa4433d37ac6eb982fd2eb6fcd5e3d2c657a962ea6e9fe481ad1288b1bc875d36d1285a46488e1cd8a28136539e70ad659cad3f0b63a142550a03f0946cea283fd77221fcd517048cad9d99735dea9591f0842ce7bf7d65b8f8322c639d04060fa4433d37ac6eb982fd2eb6fcd5e33a7bb566cd40e304b4f83f2371a00f4f97f2fb21fae6b96805ba572e18fe4feef2ca62a77e60df49bde0674e3d977b2b2020a932b3ed5e4b523acfd81dd3d0ed,gx-no-cache=1515675640299 HTTP/1.1" 200 72
186.103.159.44 - - [11/Jan/2018:10:01:20 -0300] "GET /cormun/servlet/trsolicitudadjuntos?2018,8586, HTTP/1.1" 200 8771
186.103.159.44 - - [11/Jan/2018:10:01:29 -0300] "GET /cormun/servlet/solicitudotadjuntos?INS,2018,8586,,1, HTTP/1.1" 200 6166
186.103.159.44 - - [11/Jan/2018:10:01:29 -0300] "HEAD /cormun/static/about:blank HTTP/1.1" 404 -
186.103.159.44 - - [11/Jan/2018:10:01:30 -0300] "GET /cormun/servlet/solicitudotadjuntos?93f5696ec6af881851328fe3ede9ab9a1c9ef9b125ca6708268731017b80ab9681507f878d8f593ed838d2692b79e81d,gx-no-cache=1515675650968 HTTP/1.1" 200 30
186.103.159.44 - - [11/Jan/2018:10:01:30 -0300] "POST /cormun/servlet/solicitudotadjuntos?7680f75a9c3e26756cadc1e4993d38b7,INS,2018,8586,,1,,gx-no-cache=1515675651006 HTTP/1.1" 200 4017
186.103.159.46 - - [11/Jan/2018:10:01:31 -0300] "GET /cormun/servlet/trcontratosolicitud? HTTP/1.1" 200 14833
186.103.159.46 - - [11/Jan/2018:10:01:31 -0300] "GET /cormun/static/gxcfg.js?20177612214014 HTTP/1.1" 304 -
186.103.159.46 - - [11/Jan/2018:10:01:33 -0300] "GET /cormun/servlet/trcontratosolicitud? HTTP/1.1" 200 14838
186.103.159.44 - - [11/Jan/2018:10:01:34 -0300] "POST /cormun/servlet/solicitudotadjuntos?gx-no-cache=1515675654149 HTTP/1.1" 200 26
186.79.214.243 - - [11/Jan/2018:10:01:42 -0300] "POST /cormun/servlet/solicitudotcontratos?cb379fd8ac43bd863b60af31387d1183,INS,2018,0,16828151,K,2,2017,1820,NADA,201711,37,B,,gx-no-cache=1515675661740 HTTP/1.1" 200 10816
186.79.214.243 - - [11/Jan/2018:10:01:49 -0300] "POST /cormun/servlet/solicitudotcontratos?gx-no-cache=1515675669075 HTTP/1.1" 200 1342
186.103.159.44 - - [11/Jan/2018:10:01:52 -0300] "GET /cormun/servlet/solicitudotadjuntos?93f5696ec6af881851328fe3ede9ab9a135ff810eaf89621c468429739a4b92a,gx-no-cache=1515675672285 HTTP/1.1" 200 30
186.103.159.44 - - [11/Jan/2018:10:01:52 -0300] "GET /cormun/servlet/solicitudotadjuntos?93f5696ec6af881851328fe3ede9ab9a135ff810eaf89621c468429739a4b92a,gx-no-cache=1515675672304 HTTP/1.1" 200 30
186.103.159.44 - - [11/Jan/2018:10:01:54 -0300] "POST /cormun/servlet/solicitudotadjuntos?7680f75a9c3e26756cadc1e4993d38b7,INS,2018,8586,,1, HTTP/1.1" 200 116
186.103.159.44 - - [11/Jan/2018:10:01:54 -0300] "GET /cormun/servlet/hpexe_return? HTTP/1.1" 200 1026
186.103.159.44 - - [11/Jan/2018:10:01:55 -0300] "GET /cormun/servlet/trsolicitudadjuntos?2018,8586, HTTP/1.1" 200 8942
186.79.214.243 - - [11/Jan/2018:10:01:56 -0300] "POST /cormun/servlet/solicitudotcontratos?gx-no-cache=1515675676627 HTTP/1.1" 200 1221
186.103.159.44 - - [11/Jan/2018:10:01:59 -0300] "GET /cormun/servlet/solicitudotadjuntos?INS,2018,8586,,1, HTTP/1.1" 200 6166
186.103.159.44 - - [11/Jan/2018:10:02:00 -0300] "HEAD /cormun/static/about:blank HTTP/1.1" 404 -
186.103.159.44 - - [11/Jan/2018:10:02:01 -0300] "GET /cormun/servlet/solicitudotadjuntos?93f5696ec6af881851328fe3ede9ab9a1c9ef9b125ca6708268731017b80ab9681507f878d8f593ed838d2692b79e81d,gx-no-cache=1515675681138 HTTP/1.1" 200 30
186.103.159.44 - - [11/Jan/2018:10:02:01 -0300] "POST /cormun/servlet/solicitudotadjuntos?7680f75a9c3e26756cadc1e4993d38b7,INS,2018,8586,,1,,gx-no-cache=1515675681170 HTTP/1.1" 200 4017
186.103.159.44 - - [11/Jan/2018:10:02:03 -0300] "POST /cormun/servlet/solicitudotadjuntos?gx-no-cache=1515675683933 HTTP/1.1" 200 26
186.103.159.44 - - [11/Jan/2018:10:02:11 -0300] "GET /cormun/servlet/solicitudotadjuntos?93f5696ec6af881851328fe3ede9ab9a135ff810eaf89621c468429739a4b92a,gx-no-cache=1515675691510 HTTP/1.1" 200 30
186.103.159.44 - - [11/Jan/2018:10:02:11 -0300] "GET /cormun/servlet/solicitudotadjuntos?93f5696ec6af881851328fe3ede9ab9a135ff810eaf89621c468429739a4b92a,gx-no-cache=1515675691528 HTTP/1.1" 200 30
186.103.159.44 - - [11/Jan/2018:10:02:12 -0300] "POST /cormun/servlet/solicitudotadjuntos?7680f75a9c3e26756cadc1e4993d38b7,INS,2018,8586,,1, HTTP/1.1" 200 116
186.103.159.44 - - [11/Jan/2018:10:02:12 -0300] "GET /cormun/servlet/hpexe_return? HTTP/1.1" 200 1026
186.103.159.44 - - [11/Jan/2018:10:02:13 -0300] "GET /cormun/servlet/trsolicitudadjuntos?2018,8586, HTTP/1.1" 200 9122
186.103.159.44 - - [11/Jan/2018:10:02:21 -0300] "GET /cormun/servlet/solicitudotadjuntos?INS,2018,8586,,1, HTTP/1.1" 200 6169
186.103.159.44 - - [11/Jan/2018:10:02:21 -0300] "HEAD /cormun/static/about:blank HTTP/1.1" 404 -
186.103.159.44 - - [11/Jan/2018:10:02:22 -0300] "GET /cormun/servlet/solicitudotadjuntos?93f5696ec6af881851328fe3ede9ab9a1c9ef9b125ca6708268731017b80ab9681507f878d8f593ed838d2692b79e81d,gx-no-cache=1515675702716 HTTP/1.1" 200 30
186.103.159.44 - - [11/Jan/2018:10:02:22 -0300] "POST /cormun/servlet/solicitudotadjuntos?7680f75a9c3e26756cadc1e4993d38b7,INS,2018,8586,,1,,gx-no-cache=1515675702752 HTTP/1.1" 200 4013
186.103.159.44 - - [11/Jan/2018:10:02:32 -0300] "POST /cormun/servlet/solicitudotadjuntos?gx-no-cache=1515675712733 HTTP/1.1" 200 26
186.103.159.44 - - [11/Jan/2018:10:02:45 -0300] "GET /cormun/servlet/solicitudotadjuntos?93f5696ec6af881851328fe3ede9ab9a135ff810eaf89621c468429739a4b92a,gx-no-cache=1515675725765 HTTP/1.1" 200 30
186.103.159.44 - - [11/Jan/2018:10:02:45 -0300] "GET /cormun/servlet/solicitudotadjuntos?93f5696ec6af881851328fe3ede9ab9a135ff810eaf89621c468429739a4b92a,gx-no-cache=1515675725798 HTTP/1.1" 200 30
186.103.159.44 - - [11/Jan/2018:10:02:47 -0300] "POST /cormun/servlet/solicitudotadjuntos?7680f75a9c3e26756cadc1e4993d38b7,INS,2018,8586,,1, HTTP/1.1" 200 116
186.103.159.44 - - [11/Jan/2018:10:02:47 -0300] "GET /cormun/servlet/hpexe_return? HTTP/1.1" 200 1026
186.103.159.44 - - [11/Jan/2018:10:02:48 -0300] "GET /cormun/servlet/trsolicitudadjuntos?2018,8586, HTTP/1.1" 200 9351
186.103.159.44 - - [11/Jan/2018:10:02:52 -0300] "GET /cormun/servlet/solicitudotadjuntos?INS,2018,8586,,1, HTTP/1.1" 200 6169
186.103.159.44 - - [11/Jan/2018:10:02:53 -0300] "HEAD /cormun/static/about:blank HTTP/1.1" 404 -
186.103.159.44 - - [11/Jan/2018:10:02:54 -0300] "GET /cormun/servlet/solicitudotadjuntos?93f5696ec6af881851328fe3ede9ab9a1c9ef9b125ca6708268731017b80ab9681507f878d8f593ed838d2692b79e81d,gx-no-cache=1515675734155 HTTP/1.1" 200 30
186.103.159.44 - - [11/Jan/2018:10:02:54 -0300] "POST /cormun/servlet/solicitudotadjuntos?7680f75a9c3e26756cadc1e4993d38b7,INS,2018,8586,,1,,gx-no-cache=1515675734236 HTTP/1.1" 200 4013
186.103.159.44 - - [11/Jan/2018:10:03:01 -0300] "POST /cormun/servlet/solicitudotadjuntos?gx-no-cache=1515675741477 HTTP/1.1" 200 26
186.67.172.234 - - [11/Jan/2018:10:03:12 -0300] "POST /cormun/servlet/trautorizarsolicitud?6a45060ea41b8c4e5adc1453320c42a0,,gx-no-cache=1515675750059 HTTP/1.1" 200 21245
186.103.159.44 - - [11/Jan/2018:10:03:15 -0300] "GET /cormun/servlet/solicitudotadjuntos?93f5696ec6af881851328fe3ede9ab9a135ff810eaf89621c468429739a4b92a,gx-no-cache=1515675755605 HTTP/1.1" 200 30
186.103.159.44 - - [11/Jan/2018:10:03:15 -0300] "GET /cormun/servlet/solicitudotadjuntos?93f5696ec6af881851328fe3ede9ab9a135ff810eaf89621c468429739a4b92a,gx-no-cache=1515675755624 HTTP/1.1" 200 30
186.67.172.234 - - [11/Jan/2018:10:03:16 -0300] "POST /cormun/servlet/trautorizarsolicitud?6a45060ea41b8c4e5adc1453320c42a0,,gx-no-cache=1515675754230 HTTP/1.1" 200 14763
186.103.159.44 - - [11/Jan/2018:10:03:18 -0300] "POST /cormun/servlet/solicitudotadjuntos?7680f75a9c3e26756cadc1e4993d38b7,INS,2018,8586,,1, HTTP/1.1" 200 116
186.103.159.44 - - [11/Jan/2018:10:03:18 -0300] "GET /cormun/servlet/hpexe_return? HTTP/1.1" 200 1026
186.103.159.44 - - [11/Jan/2018:10:03:19 -0300] "GET /cormun/servlet/trsolicitudadjuntos?2018,8586, HTTP/1.1" 200 9605
186.103.159.44 - - [11/Jan/2018:10:03:22 -0300] "GET /cormun/servlet/solicitudotadjuntos?INS,2018,8586,,2, HTTP/1.1" 200 6164
186.103.159.44 - - [11/Jan/2018:10:03:23 -0300] "HEAD /cormun/static/about:blank HTTP/1.1" 404 -
186.103.159.44 - - [11/Jan/2018:10:03:24 -0300] "GET /cormun/servlet/solicitudotadjuntos?93f5696ec6af881851328fe3ede9ab9a1c9ef9b125ca6708268731017b80ab9681507f878d8f593ed838d2692b79e81d,gx-no-cache=1515675764222 HTTP/1.1" 200 30
186.103.159.44 - - [11/Jan/2018:10:03:24 -0300] "POST /cormun/servlet/solicitudotadjuntos?7680f75a9c3e26756cadc1e4993d38b7,INS,2018,8586,,2,,gx-no-cache=1515675764263 HTTP/1.1" 200 4155
186.103.159.44 - - [11/Jan/2018:10:03:27 -0300] "POST /cormun/servlet/solicitudotadjuntos?gx-no-cache=1515675767388 HTTP/1.1" 200 26
186.67.172.234 - - [11/Jan/2018:10:03:28 -0300] "POST /cormun/servlet/trautorizarsolicitud?6a45060ea41b8c4e5adc1453320c42a0,,gx-no-cache=1515675766882 HTTP/1.1" 200 21245
186.103.159.44 - - [11/Jan/2018:10:03:31 -0300] "GET /cormun/servlet/solicitudotadjuntos?93f5696ec6af881851328fe3ede9ab9a135ff810eaf89621c468429739a4b92a,gx-no-cache=1515675771884 HTTP/1.1" 200 30
186.103.159.44 - - [11/Jan/2018:10:03:31 -0300] "GET /cormun/servlet/solicitudotadjuntos?93f5696ec6af881851328fe3ede9ab9a135ff810eaf89621c468429739a4b92a,gx-no-cache=1515675771903 HTTP/1.1" 200 30
186.103.159.44 - - [11/Jan/2018:10:03:31 -0300] "POST /cormun/servlet/solicitudotadjuntos?7680f75a9c3e26756cadc1e4993d38b7,INS,2018,8586,,2, HTTP/1.1" 200 116
186.103.159.44 - - [11/Jan/2018:10:03:32 -0300] "GET /cormun/servlet/hpexe_return? HTTP/1.1" 200 1027
186.103.159.44 - - [11/Jan/2018:10:03:33 -0300] "GET /cormun/servlet/trsolicitudadjuntos?2018,8586, HTTP/1.1" 200 9782
186.79.214.243 - - [11/Jan/2018:10:03:37 -0300] "GET /cormun/servlet/solicitudotcontratos?9bbe363bed419443060d1961d87e5cbce1e5e540d077a66029ccb5f2cbff160cbfecf3a62604552c51f1381d6fed87a6c56c725780458a3c5aa61998e7a71988ae85be1619d88b35d0ccd323f654b811548ad9d5eb5e5e8789577b67296d407a1e5bb5e689499f000e8a3ca609f32253cf90f5d2b4813454d358bf5baf0a4bf2,gx-no-cache=1515675776360 HTTP/1.1" 200 30
186.103.159.44 - - [11/Jan/2018:10:03:37 -0300] "GET /cormun/servlet/trsolicitudot? HTTP/1.1" 200 11864
186.79.214.243 - - [11/Jan/2018:10:03:37 -0300] "POST /cormun/servlet/solicitudotcontratos?cb379fd8ac43bd863b60af31387d1183,INS,2018,0,16828151,K,2,2017,1820,NADA,201711,37,B,,gx-no-cache=1515675776984 HTTP/1.1" 200 93
186.79.214.243 - - [11/Jan/2018:10:03:37 -0300] "GET /cormun/servlet/hpexe_return? HTTP/1.1" 200 1066
186.79.214.243 - - [11/Jan/2018:10:03:38 -0300] "GET /cormun/servlet/trcontratosolicitud?gx-no-cache=1515675408726 HTTP/1.1" 200 10745
186.79.214.243 - - [11/Jan/2018:10:03:39 -0300] "GET /cormun/servlet/trcontratosolicitud?gx-no-cache=1515675408726 HTTP/1.1" 200 10779
186.67.172.234 - - [11/Jan/2018:10:03:47 -0300] "POST /cormun/servlet/trautorizarsolicitud?6a45060ea41b8c4e5adc1453320c42a0,,gx-no-cache=1515675785237 HTTP/1.1" 200 14762
186.103.159.44 - - [11/Jan/2018:10:03:54 -0300] "GET /cormun/servlet/solicitudot?INS,0,0, HTTP/1.1" 200 14047
186.103.159.44 - - [11/Jan/2018:10:04:06 -0300] "POST /cormun/servlet/solicitudot?gx-no-cache=1515675806928 HTTP/1.1" 200 3749
186.103.159.44 - - [11/Jan/2018:10:04:07 -0300] "POST /cormun/servlet/solicitudot?7680f75a9c3e26756cadc1e4993d38b7,INS,0,0,,gx-no-cache=1515675807175 HTTP/1.1" 200 10899
186.103.159.44 - - [11/Jan/2018:10:04:13 -0300] "GET /cormun/servlet/solicitudot?93f5696ec6af881851328fe3ede9ab9af6a8afccefddaa5f6365baa20fbe06fad302c4afe19725eef41acb6861285f87,gx-no-cache=1515675813242 HTTP/1.1" 200 30
186.67.172.234 - - [11/Jan/2018:10:04:14 -0300] "POST /cormun/servlet/trautorizarsolicitud?6a45060ea41b8c4e5adc1453320c42a0,,gx-no-cache=1515675813012 HTTP/1.1" 200 115
186.67.172.234 - - [11/Jan/2018:10:04:14 -0300] "GET /cormun/servlet/solicitudotlog?INS,2018,7706,0,REC, HTTP/1.1" 200 6030
186.67.172.234 - - [11/Jan/2018:10:04:14 -0300] "GET /cormun/static/gxcfg.js?2017761245646 HTTP/1.1" 200 953
186.67.172.234 - - [11/Jan/2018:10:04:14 -0300] "GET /cormun/static/solicitudotlog.js?2017761245655 HTTP/1.1" 200 8934
186.67.172.234 - - [11/Jan/2018:10:04:15 -0300] "GET /cormun/servlet/solicitudotlog?INS,2018,7706,0,REC, HTTP/1.1" 200 6031
186.67.172.234 - - [11/Jan/2018:10:04:15 -0300] "GET /cormun/servlet/solicitudotlog?100295869f41d54472b7a07752b539a9f1ffd10130d4f6b7514def5143b78f336c41eaeb4b411e602bf569003df29143cdff3fed6d1e2d21caf7fd50f934344020e8a6624cd55cce6637c555356f82e55ad7751974e736026cf41fc68e28e1b0c14962696d42c88f481c5fab0d3b5c32a20c72cdcfffbdde2f3ec550ad28bacfaee81dc1d8e826be593fb5f1ddf9675c82582be4f2d6ac24604ef9ad83d79fa4,gx-no-cache=1515675814123 HTTP/1.1" 200 94
186.67.172.234 - - [11/Jan/2018:10:04:19 -0300] "POST /cormun/servlet/solicitudotlog?6a45060ea41b8c4e5adc1453320c42a0,INS,2018,7706,0,REC,,gx-no-cache=1515675818107 HTTP/1.1" 200 93
186.67.172.234 - - [11/Jan/2018:10:04:19 -0300] "GET /cormun/servlet/hpexe_return? HTTP/1.1" 200 1032
186.67.172.234 - - [11/Jan/2018:10:04:20 -0300] "GET /cormun/servlet/trautorizarsolicitud? HTTP/1.1" 200 17376
186.67.172.234 - - [11/Jan/2018:10:04:21 -0300] "GET /cormun/servlet/trautorizarsolicitud? HTTP/1.1" 200 17372
186.67.172.234 - - [11/Jan/2018:10:04:25 -0300] "POST /cormun/servlet/trautorizarsolicitud?6a45060ea41b8c4e5adc1453320c42a0,,gx-no-cache=1515675823902 HTTP/1.1" 200 115
186.67.172.234 - - [11/Jan/2018:10:04:25 -0300] "GET /cormun/servlet/solicitudotlog?INS,2018,7705,0,REC, HTTP/1.1" 200 6031
186.67.172.234 - - [11/Jan/2018:10:04:25 -0300] "GET /cormun/servlet/solicitudotlog?INS,2018,7705,0,REC, HTTP/1.1" 200 6031
186.67.172.234 - - [11/Jan/2018:10:04:26 -0300] "GET /cormun/servlet/solicitudotlog?100295869f41d54472b7a07752b539a9a46bb0fdf08542057236f8fe37b454906c41eaeb4b411e602bf569003df29143cdff3fed6d1e2d21caf7fd50f934344020e8a6624cd55cce6637c555356f82e55ad7751974e736026cf41fc68e28e1b0c14962696d42c88f481c5fab0d3b5c32a20c72cdcfffbdde2f3ec550ad28bacfaee81dc1d8e826be593fb5f1ddf9675c82582be4f2d6ac24604ef9ad83d79fa4,gx-no-cache=1515675824770 HTTP/1.1" 200 94
186.67.172.234 - - [11/Jan/2018:10:04:29 -0300] "POST /cormun/servlet/solicitudotlog?6a45060ea41b8c4e5adc1453320c42a0,INS,2018,7705,0,REC,,gx-no-cache=1515675828057 HTTP/1.1" 200 93
186.67.172.234 - - [11/Jan/2018:10:04:29 -0300] "GET /cormun/servlet/hpexe_return? HTTP/1.1" 200 1031
186.67.172.234 - - [11/Jan/2018:10:04:30 -0300] "GET /cormun/servlet/trautorizarsolicitud HTTP/1.1" 200 17036
186.67.172.234 - - [11/Jan/2018:10:04:31 -0300] "GET /cormun/servlet/trautorizarsolicitud HTTP/1.1" 200 17032
186.79.214.243 - - [11/Jan/2018:10:04:39 -0300] "GET /cormun/servlet/solicitudotcontratos?INS,2018,0,16828151,K,6,2017,2741,INTEGRACION,201711,3,B, HTTP/1.1" 200 9869
186.79.214.243 - - [11/Jan/2018:10:04:40 -0300] "GET /cormun/servlet/solicitudotcontratos?INS,2018,0,16828151,K,6,2017,2741,INTEGRACION,201711,3,B, HTTP/1.1" 200 9879
186.79.214.243 - - [11/Jan/2018:10:04:40 -0300] "GET /cormun/servlet/solicitudotcontratos?9bbe363bed419443060d1961d87e5cbc96a42097d9e1f754197c84e2e75de77946dd765e41f29c1c5c3fac1f4fc998aa,gx-no-cache=1515675840167 HTTP/1.1" 200 30
186.79.214.243 - - [11/Jan/2018:10:04:40 -0300] "GET /cormun/servlet/solicitudotcontratos?9bbe363bed419443060d1961d87e5cbcbaf49e31ed463df415646741ccf03a7a28a414b917105de8f68b773a0c75d54d,gx-no-cache=1515675840230 HTTP/1.1" 200 30
186.79.214.243 - - [11/Jan/2018:10:04:40 -0300] "GET /cormun/servlet/solicitudotcontratos?9bbe363bed419443060d1961d87e5cbc03fa8fb7cdc140751e530f51049f097e0a968c4265cfcf2ee8c5eec9411d75f57320b5c0f9ecd0d84434ca04d227da884090ee7df2a377defff8060122744d598d3ff43f56b11bfa061637e4c7c2ef8b4381c07b105944617c8ed643bf393c905e3111578a41125ac66618e503f56a76,gx-no-cache=1515675840294 HTTP/1.1" 200 50
186.79.214.243 - - [11/Jan/2018:10:04:40 -0300] "GET /cormun/servlet/solicitudotcontratos?9bbe363bed419443060d1961d87e5cbcc77ca99cfce19c0b685484005206c360a30b1799963c3c39fddbba4fe7189796,gx-no-cache=1515675840356 HTTP/1.1" 200 30
186.79.214.243 - - [11/Jan/2018:10:04:40 -0300] "GET /cormun/servlet/solicitudotcontratos?9bbe363bed419443060d1961d87e5cbcb198c37f4460e92783676a1e8914d3919f97ab717f3dec75b85eb2308fb155068895ca5c5f9f3a146aa62a4610b4a59e9d23c1563979ab1a2fc3809ecf8d44c63a94f4c13807037b7ae35aafd54e8950d190e16bba48303a790527e773a7a470,gx-no-cache=1515675840418 HTTP/1.1" 200 30
186.79.214.243 - - [11/Jan/2018:10:04:40 -0300] "GET /cormun/servlet/solicitudotcontratos?9bbe363bed419443060d1961d87e5cbca22a995d692a796382b9db00d64350d2ce4245c84ff6ded5851b2cb5e410be1fb837c5d347da0019674c16cbad8e57ec2c08b3882c4694d00caa75849f771c69609c8f857b1c85abccda8e92ac3170129ebc641da4387de41799a0f9186ec9500c00fbc2d432e270fccc99f49de33c1b8b5b75572327fbdfdace0c0762d3a70eb8ae9e5857cf8b9c9ba657ae9b8c1a08d85c1295d635cf4a43384a6cebeb1d1b36e8dc697c8d501a771ed7e60a58d666c400453724ce1d618a8c7f2553914d254b9173f919adefd542230d4fb03aeccea18d24093e13aa437753dbaa653848459b974b9fa0cfb68a2986d46bbee61d971b2a93748828331137e0f06912e6b586195168f6166e2412e8fce63062b2911ab3446c4747396920c93980e326493174eb3e75231f9e1b84ca76de1789022571d326a5f271d9693d7d5de1c3838026f11ef567d245b2c3b4c45897f121c6e6adba99d7890e003033734d9d41545ff8a2c486015248578f99bafad8f83925295bfd075300a6a67a0f5c291350297752ce3c9f327efeccd6afdde3e81990daab1b3af7a4f9afa7fb3178b59e01058bcc421e865673197d4c438ae6933b2d56a3ce262269e9fec150b3a6abd91ea60d0f4802530b355e0b53117aa02b92e9afaf3cd7235a515e9f6c8811ac94be234ae9c5c64c107b035525d7588a5256d76184ae2e8fd5a4982d04e3350df625c81dcde0da0a96308837af546006512e256481398050f9fb01a619aa27c5b26883e2e920f7c9a285a7ce954e4ef525f6e5327f73,gx-no-cache=1515675840546 HTTP/1.1" 200 83
186.79.214.243 - - [11/Jan/2018:10:04:45 -0300] "POST /cormun/servlet/solicitudotcontratos?cb379fd8ac43bd863b60af31387d1183,INS,2018,0,16828151,K,6,2017,2741,INTEGRACION,201711,3,B,,gx-no-cache=1515675845053 HTTP/1.1" 200 10830
186.79.214.243 - - [11/Jan/2018:10:04:45 -0300] "POST /cormun/servlet/solicitudotcontratos?gx-no-cache=1515675845538 HTTP/1.1" 200 1341
186.79.214.243 - - [11/Jan/2018:10:04:46 -0300] "POST /cormun/servlet/solicitudotcontratos?gx-no-cache=1515675845749 HTTP/1.1" 200 1221
186.79.214.243 - - [11/Jan/2018:10:04:46 -0300] "GET /cormun/servlet/solicitudotcontratos?9bbe363bed419443060d1961d87e5cbce1e5e540d077a66029ccb5f2cbff160cbfecf3a62604552c51f1381d6fed87a6c56c725780458a3c5aa61998e7a71988ae85be1619d88b35d0ccd323f654b811548ad9d5eb5e5e8789577b67296d407a1e5bb5e689499f000e8a3ca609f32253cf90f5d2b4813454d358bf5baf0a4bf2,gx-no-cache=1515675845919 HTTP/1.1" 200 30
186.79.214.243 - - [11/Jan/2018:10:04:46 -0300] "POST /cormun/servlet/solicitudotcontratos?cb379fd8ac43bd863b60af31387d1183,INS,2018,0,16828151,K,6,2017,2741,INTEGRACION,201711,3,B,,gx-no-cache=1515675846060 HTTP/1.1" 200 93
186.79.214.243 - - [11/Jan/2018:10:04:46 -0300] "GET /cormun/servlet/hpexe_return? HTTP/1.1" 200 1071
186.79.214.243 - - [11/Jan/2018:10:04:47 -0300] "GET /cormun/servlet/trcontratosolicitud?gx-no-cache=1515675408726 HTTP/1.1" 200 10658
186.79.214.243 - - [11/Jan/2018:10:04:47 -0300] "GET /cormun/servlet/trcontratosolicitud?gx-no-cache=1515675408726 HTTP/1.1" 200 10661
186.103.159.230 - - [11/Jan/2018:10:04:51 -0300] "GET /cormun/servlet/hlogin HTTP/1.1" 200 1719
186.103.159.230 - - [11/Jan/2018:10:04:51 -0300] "GET /cormun/static/gxtimezone.js?85251 HTTP/1.1" 200 5781
186.103.159.230 - - [11/Jan/2018:10:04:51 -0300] "GET /cormun/static/gxcfg.js?20175251213516 HTTP/1.1" 200 953
186.103.159.230 - - [11/Jan/2018:10:04:51 -0300] "GET /cormun/static/Resources/Spanish/PXTools.css?11423723 HTTP/1.1" 200 89042
186.103.159.230 - - [11/Jan/2018:10:04:51 -0300] "GET /cormun/static/messages.spa.js?85251 HTTP/1.1" 200 30736
186.103.159.230 - - [11/Jan/2018:10:04:51 -0300] "GET /cormun/static/hlogin.js?20175251213537 HTTP/1.1" 200 2136
186.103.159.230 - - [11/Jan/2018:10:04:51 -0300] "GET /cormun/static/gxgral.js?85251 HTTP/1.1" 200 384558
186.103.159.230 - - [11/Jan/2018:10:04:51 -0300] "GET /cormun/static/Resources/ComunLogin.png HTTP/1.1" 200 17326
186.103.159.230 - - [11/Jan/2018:10:04:51 -0300] "GET /cormun/static/Resources/PXToolsLoginTop.png HTTP/1.1" 200 1337
186.103.159.230 - - [11/Jan/2018:10:04:51 -0300] "GET /cormun/static/Resources/PXToolsButtonLeft21.png HTTP/1.1" 200 1287
186.103.159.230 - - [11/Jan/2018:10:04:51 -0300] "GET /cormun/static/Resources/PXToolsButtonRight21.png HTTP/1.1" 200 1283
186.103.159.230 - - [11/Jan/2018:10:04:51 -0300] "GET /cormun/static/Resources/PXToolsLoginBackground.png HTTP/1.1" 200 1164
186.103.159.230 - - [11/Jan/2018:10:04:51 -0300] "GET /cormun/static/Resources/PXToolsButtonBackground2.png HTTP/1.1" 200 1181
186.103.159.230 - - [11/Jan/2018:10:04:51 -0300] "GET /cormun/static/Resources/PXToolsLoginBottom.png HTTP/1.1" 200 1389
186.103.159.230 - - [11/Jan/2018:10:04:51 -0300] "GET /cormun/static/Resources/indicator.gif HTTP/1.1" 200 1553
186.103.159.230 - - [11/Jan/2018:10:04:51 -0300] "GET /cormun/servlet/hlogin HTTP/1.1" 200 1729
186.103.159.230 - - [11/Jan/2018:10:04:51 -0300] "GET /favicon.ico HTTP/1.1" 200 21630
186.103.159.230 - - [11/Jan/2018:10:05:30 -0300] "POST /cormun/servlet/hlogin?582229f3460084759ebb16508835dd72,gx-no-cache=1515675882500 HTTP/1.1" 200 90
186.103.159.230 - - [11/Jan/2018:10:05:30 -0300] "GET /cormun/servlet/hpexe_link HTTP/1.1" 200 949
186.103.159.230 - - [11/Jan/2018:10:05:30 -0300] "GET /cormun/static/gxcfg.js?20177612121792 HTTP/1.1" 200 953
186.103.159.230 - - [11/Jan/2018:10:05:30 -0300] "GET /cormun/static/hpexe_link.js?20177612121795 HTTP/1.1" 200 625
186.103.159.230 - - [11/Jan/2018:10:05:30 -0300] "GET /cormun/static/Resources/Spanish/PXTools.css?1155365 HTTP/1.1" 200 89042
186.103.159.230 - - [11/Jan/2018:10:05:30 -0300] "GET /cormun/servlet/hhome HTTP/1.1" 200 4149
186.103.159.230 - - [11/Jan/2018:10:05:30 -0300] "GET /cormun/static/Shared/jqueryui/jquery-ui.min.css?1245370 HTTP/1.1" 200 30288
186.103.159.230 - - [11/Jan/2018:10:05:30 -0300] "GET /cormun/static/SmoothNavMenu/resources/ddsmoothmenu.css?1012540 HTTP/1.1" 200 2223
186.103.159.230 - - [11/Jan/2018:10:05:30 -0300] "GET /cormun/static/SmoothNavMenu/resources/ddsmoothmenu-v.css?1012540 HTTP/1.1" 200 1188
186.103.159.230 - - [11/Jan/2018:10:05:30 -0300] "GET /cormun/static/gxcfg.js?20175251212442 HTTP/1.1" 200 953
186.103.159.230 - - [11/Jan/2018:10:05:30 -0300] "GET /cormun/static/scaMessage/css/jquery.pnotify.default.css?1716380 HTTP/1.1" 200 1707
186.103.159.230 - - [11/Jan/2018:10:05:30 -0300] "GET /cormun/static/PXToolsJavascripts/pexe_windows.js HTTP/1.1" 200 15207
186.103.159.230 - - [11/Jan/2018:10:05:30 -0300] "GET /cormun/static/PXToolsJavascripts/pexe_autoreload.js HTTP/1.1" 200 1762
186.103.159.230 - - [11/Jan/2018:10:05:30 -0300] "GET /cormun/static/PXToolsJavascripts/pexe_cookies.js HTTP/1.1" 200 792
186.103.159.230 - - [11/Jan/2018:10:05:30 -0300] "GET /cormun/static/PXToolsJavascripts/pexe_grid.js HTTP/1.1" 200 7559
186.103.159.230 - - [11/Jan/2018:10:05:30 -0300] "GET /cormun/static/PXToolsJavascripts/pexe_griddivfix.js HTTP/1.1" 200 6644
186.103.159.230 - - [11/Jan/2018:10:05:30 -0300] "GET /cormun/static/PXToolsJavascripts/pexe_link.js HTTP/1.1" 200 5671
186.103.159.230 - - [11/Jan/2018:10:05:30 -0300] "GET /cormun/static/PXToolsJavascripts/pexe_menudivfix.js HTTP/1.1" 200 333
186.103.159.230 - - [11/Jan/2018:10:05:30 -0300] "GET /cormun/static/PXToolsJavascripts/pexe_menus.js HTTP/1.1" 200 1286
186.103.159.230 - - [11/Jan/2018:10:05:30 -0300] "GET /cormun/static/PXToolsJavascripts/pexe_oavdivfix.js HTTP/1.1" 200 639
186.103.159.230 - - [11/Jan/2018:10:05:30 -0300] "GET /cormun/static/PXToolsJavascripts/pexe_layers.js HTTP/1.1" 200 4114
186.103.159.230 - - [11/Jan/2018:10:05:30 -0300] "GET /cormun/static/PXToolsJavascripts/pexe_oav.js HTTP/1.1" 200 645
186.103.159.230 - - [11/Jan/2018:10:05:30 -0300] "GET /cormun/static/PXToolsJavascripts/pexe_picture.js HTTP/1.1" 200 689
186.103.159.230 - - [11/Jan/2018:10:05:30 -0300] "GET /cormun/static/PXToolsJavascripts/pexe_popup.js HTTP/1.1" 200 13458
186.103.159.230 - - [11/Jan/2018:10:05:30 -0300] "GET /cormun/static/PXToolsJavascripts/pexe_scrolldiv.js HTTP/1.1" 200 4138
186.103.159.230 - - [11/Jan/2018:10:05:30 -0300] "GET /cormun/static/PXToolsJavascripts/pexe_tabdivfix.js HTTP/1.1" 200 876
186.103.159.230 - - [11/Jan/2018:10:05:30 -0300] "GET /cormun/static/PXToolsJavascripts/PXToolsJavascriptsRender.js HTTP/1.1" 200 367
186.103.159.230 - - [11/Jan/2018:10:05:30 -0300] "GET /cormun/static/PXToolsJavascripts/pexe_tabs.js HTTP/1.1" 200 3748
186.103.159.230 - - [11/Jan/2018:10:05:30 -0300] "GET /cormun/static/PXToolsJavascripts/pexe_upload.js HTTP/1.1" 200 1423
186.103.159.230 - - [11/Jan/2018:10:05:30 -0300] "GET /cormun/static/RunJS/RunJS.js HTTP/1.1" 200 288
186.103.159.230 - - [11/Jan/2018:10:05:30 -0300] "GET /cormun/static/hwchdr01.js?201752511465785 HTTP/1.1" 200 1183
186.103.159.230 - - [11/Jan/2018:10:05:30 -0300] "GET /cormun/static/Shared/ext/locale/ext-lang-en.js HTTP/1.1" 200 10940
186.103.159.230 - - [11/Jan/2018:10:05:30 -0300] "GET /cormun/static/hhome.js?20175251212450 HTTP/1.1" 200 777
186.103.159.230 - - [11/Jan/2018:10:05:30 -0300] "GET /cormun/static/hpexe_recentlink.js?20177611595044 HTTP/1.1" 200 2144
186.103.159.230 - - [11/Jan/2018:10:05:30 -0300] "GET /cormun/static/Resources/PXToolsHeaderBackground2.png HTTP/1.1" 200 1174
186.103.159.230 - - [11/Jan/2018:10:05:30 -0300] "GET /cormun/static/Resources/PXToolsFooterBackground2.png HTTP/1.1" 200 1172
186.103.159.230 - - [11/Jan/2018:10:05:30 -0300] "GET /cormun/static/Resources/PXToolsDataTitle.png HTTP/1.1" 200 1173
186.103.159.230 - - [11/Jan/2018:10:05:30 -0300] "GET /cormun/static/Resources/PXToolsHeaderActionsBackground.png HTTP/1.1" 200 484
186.103.159.230 - - [11/Jan/2018:10:05:30 -0300] "GET /cormun/static/Resources/PXToolsHeaderActionsLeft.png HTTP/1.1" 200 1118
186.103.159.230 - - [11/Jan/2018:10:05:30 -0300] "GET /cormun/static/gxui/gxui-all.js HTTP/1.1" 200 107772
186.103.159.230 - - [11/Jan/2018:10:05:30 -0300] "GET /cormun/static/Resources/PXToolsHeaderLogin.png HTTP/1.1" 200 4279
186.103.159.230 - - [11/Jan/2018:10:05:30 -0300] "GET /cormun/static/Resources/PXToolsHeaderSecurity.png HTTP/1.1" 200 4166
186.103.159.230 - - [11/Jan/2018:10:05:30 -0300] "GET /cormun/static/Resources/logo4.png HTTP/1.1" 200 6582
186.103.159.230 - - [11/Jan/2018:10:05:30 -0300] "GET /cormun/static/Resources/PXToolsHeaderHome.png HTTP/1.1" 200 4147
186.103.159.230 - - [11/Jan/2018:10:05:30 -0300] "GET /cormun/static/Resources/PXToolsHeaderActionsRight.png HTTP/1.1" 200 1201
186.103.159.230 - - [11/Jan/2018:10:05:30 -0300] "GET /cormun/static/Resources/PXToolsHeaderPreferences.png HTTP/1.1" 200 4189
186.103.159.230 - - [11/Jan/2018:10:05:30 -0300] "GET /cormun/static/hpexe_scripts.js?201752511465715 HTTP/1.1" 200 1544
186.103.159.230 - - [11/Jan/2018:10:05:30 -0300] "GET /cormun/static/hpexe_messagecontroller.js?20177611595012 HTTP/1.1" 200 870
186.103.159.230 - - [11/Jan/2018:10:05:30 -0300] "GET /cormun/static/hpexe_messagepopupcomponent.js?20161017169425 HTTP/1.1" 200 605
186.103.159.230 - - [11/Jan/2018:10:05:30 -0300] "GET /cormun/static/hpexe_messagegenexuscomponent.js?201752511465344 HTTP/1.1" 200 587
186.103.159.230 - - [11/Jan/2018:10:05:30 -0300] "GET /cormun/static/cmcontrolpreferences.js?201752511465670 HTTP/1.1" 200 1375
186.103.159.230 - - [11/Jan/2018:10:05:30 -0300] "GET /cormun/static/SmoothNavMenu/resources/ddsmoothmenu.js HTTP/1.1" 200 12712
186.103.159.230 - - [11/Jan/2018:10:05:30 -0300] "GET /cormun/static/SmoothNavMenu/resources/SmoothNavMenuRender.js HTTP/1.1" 200 5951
186.103.159.230 - - [11/Jan/2018:10:05:30 -0300] "GET /cormun/static/Shared/jquery/jquery-1.4.2.min.js HTTP/1.1" 200 72174
186.103.159.230 - - [11/Jan/2018:10:05:31 -0300] "GET /cormun/static/scaMessage/js/jquery.pnotify.min.js HTTP/1.1" 200 13038
186.103.159.230 - - [11/Jan/2018:10:05:31 -0300] "GET /cormun/static/Shared/jquery/jquery-1.10.2.min.js HTTP/1.1" 200 273199
186.103.159.230 - - [11/Jan/2018:10:05:31 -0300] "GET /cormun/static/scaMessage/scaMessageRender.js HTTP/1.1" 200 11977
186.103.159.230 - - [11/Jan/2018:10:05:31 -0300] "GET /cormun/static/hmpwkw03.js?20177612122668 HTTP/1.1" 200 3965
186.103.159.44 - - [11/Jan/2018:10:05:31 -0300] "POST /cormun/servlet/solicitudot?gx-no-cache=1515675891397 HTTP/1.1" 200 43
186.103.159.230 - - [11/Jan/2018:10:05:31 -0300] "GET /cormun/static/Shared/ext/ext-all.js HTTP/1.1" 200 1289687
186.103.159.230 - - [11/Jan/2018:10:05:32 -0300] "GET /cormun/static/Shared/jqueryui/jquery-ui.min.js HTTP/1.1" 200 240427
186.103.159.230 - - [11/Jan/2018:10:05:32 -0300] "GET /cormun/servlet/hhome HTTP/1.1" 200 4145
186.103.159.230 - - [11/Jan/2018:10:05:32 -0300] "GET /cormun/static/SmoothNavMenu/resources/images/down.gif HTTP/1.1" 200 854
186.103.159.230 - - [11/Jan/2018:10:05:32 -0300] "GET /cormun/static/SmoothNavMenu/resources/images/right.gif HTTP/1.1" 200 860
186.103.159.44 - - [11/Jan/2018:10:05:34 -0300] "POST /cormun/servlet/solicitudot?gx-no-cache=1515675894500 HTTP/1.1" 200 255
186.103.159.44 - - [11/Jan/2018:10:05:36 -0300] "GET /cormun/servlet/solicitudot?93f5696ec6af881851328fe3ede9ab9aca178af43d1cb26f41301a94ab398fcae16a50620a9e56e52c4599413cc548ac9fa7114163a8dcb9d6f0ae5cc649eb6d06021dc8c0909d2873336f4766f517396e00b0e497829e810b4e23e219a1b793600802f6a441845f1459692f352738711e3044006bda95eb7703312891e587ec6e4bdaff2d8efdd3c7e6c08920ca6d4e84f69498e9b45028094e1fa01c6142a22c3db5dafe86d76a5d0a424bb4b61e6758bf7ef69fe05f4685ce04666d6294fffc8ea7afafaf6176adbcc2cd4fb6cd3bcf42f6c0fa19e9d7884afaadfd9e92630d6bf05bed45f917466ba90f6a2f42f96ed72287f1a22741013c3523bcca41f2dc727155fc5a866893dae2f83b783b5889ef3917a3eb2d140a553eebf4340a2abfb5016d04ad9dd360b8f858953a3fde6e49610b7637176d7ab5830426f480a51c6544c3732a59a34d5aa47046a5447a7b55452e68f5eb02eab4a16ce7fe1e7fca502636db432b557bb5134f3d9b22addc71600080094cc8d5b702185664d3a5,gx-no-cache=1515675896765 HTTP/1.1" 200 30
186.103.159.44 - - [11/Jan/2018:10:05:39 -0300] "POST /cormun/servlet/solicitudot?gx-no-cache=1515675899596 HTTP/1.1" 200 30
186.67.172.234 - - [11/Jan/2018:10:05:45 -0300] "POST /cormun/servlet/trautorizarsolicitud?6a45060ea41b8c4e5adc1453320c42a0,gx-no-cache=1515675903845 HTTP/1.1" 200 115
186.67.172.234 - - [11/Jan/2018:10:05:45 -0300] "GET /cormun/servlet/solicitudotlog?INS,2018,7691,0,REC, HTTP/1.1" 200 6031
186.67.172.234 - - [11/Jan/2018:10:05:45 -0300] "GET /cormun/servlet/solicitudotlog?INS,2018,7691,0,REC, HTTP/1.1" 200 6031
186.67.172.234 - - [11/Jan/2018:10:05:46 -0300] "GET /cormun/servlet/solicitudotlog?100295869f41d54472b7a07752b539a91d73c4f6c392d46bba2e5290a1c734ed6c41eaeb4b411e602bf569003df29143cdff3fed6d1e2d21caf7fd50f934344020e8a6624cd55cce6637c555356f82e55ad7751974e736026cf41fc68e28e1b0c14962696d42c88f481c5fab0d3b5c32a20c72cdcfffbdde2f3ec550ad28bacfaee81dc1d8e826be593fb5f1ddf9675c82582be4f2d6ac24604ef9ad83d79fa4,gx-no-cache=1515675904802 HTTP/1.1" 200 94
186.103.159.230 - - [11/Jan/2018:10:05:48 -0300] "GET /cormun/servlet/trcontratosolicitud? HTTP/1.1" 200 14500
186.103.159.230 - - [11/Jan/2018:10:05:48 -0300] "GET /cormun/static/gxui/gxui-all.css?110300 HTTP/1.1" 200 2179
186.103.159.230 - - [11/Jan/2018:10:05:48 -0300] "GET /cormun/static/calendar-system.css?75620 HTTP/1.1" 200 5572
186.103.159.230 - - [11/Jan/2018:10:05:48 -0300] "GET /cormun/static/gxcfg.js?20177612214014 HTTP/1.1" 200 953
186.103.159.230 - - [11/Jan/2018:10:05:48 -0300] "GET /cormun/static/calendar.js?85251 HTTP/1.1" 200 26246
186.103.159.230 - - [11/Jan/2018:10:05:48 -0300] "GET /cormun/static/calendar-setup.js?85251 HTTP/1.1" 200 2588
186.103.159.230 - - [11/Jan/2018:10:05:48 -0300] "GET /cormun/static/calendar-es.js?85251 HTTP/1.1" 200 1901
186.103.159.230 - - [11/Jan/2018:10:05:48 -0300] "GET /cormun/static/gxdec.js?85251 HTTP/1.1" 200 19579
186.103.159.230 - - [11/Jan/2018:10:05:48 -0300] "GET /cormun/static/trcontratosolicitud.js?20177612214349 HTTP/1.1" 200 28237
186.103.159.230 - - [11/Jan/2018:10:05:48 -0300] "GET /cormun/static/Resources/PXToolsDataSearch.png HTTP/1.1" 200 419
186.103.159.230 - - [11/Jan/2018:10:05:48 -0300] "GET /cormun/static/Resources/PXToolsGridFirstDisabled.gif HTTP/1.1" 200 100
186.103.159.230 - - [11/Jan/2018:10:05:48 -0300] "GET /cormun/static/Resources/PXToolsGridPreviousDisabled.gif HTTP/1.1" 200 90
186.103.159.230 - - [11/Jan/2018:10:05:48 -0300] "GET /cormun/static/Resources/PXToolsGridNextDisabled.gif HTTP/1.1" 200 90
186.103.159.230 - - [11/Jan/2018:10:05:48 -0300] "GET /cormun/static/Resources/PXToolsGridLastDisabled.gif HTTP/1.1" 200 98
