201.236.57.155 - - [11/Jan/2018:10:45:57 -0300] "POST /cormun/servlet/solicitudot?b781b9151e9c01b78afe6b0a837dd83d,INS,0,0,,gx-no-cache=1515678319923 HTTP/1.1" 200 11968
201.236.57.155 - - [11/Jan/2018:10:45:57 -0300] "GET /cormun/servlet/solicitudot?6225526e56ffba6d1bc40d56d70cfe8d3fd5f55332097dd80e78c9377ee1a1a806bdacfd653d3e2507f3db74df849c1e,gx-no-cache=1515678320601 HTTP/1.1" 200 30
186.79.214.243 - - [11/Jan/2018:10:45:57 -0300] "GET /cormun/servlet/trfichaempleado HTTP/1.1" 200 14582
186.103.159.44 - - [11/Jan/2018:10:46:01 -0300] "POST /cormun/servlet/solicitudot?7680f75a9c3e26756cadc1e4993d38b7,INS,0,0,,gx-no-cache=1515678321748 HTTP/1.1" 200 93
186.103.159.44 - - [11/Jan/2018:10:46:01 -0300] "GET /cormun/servlet/hpexe_return? HTTP/1.1" 200 1007
186.103.159.44 - - [11/Jan/2018:10:46:02 -0300] "GET /cormun/servlet/trsolicitudot HTTP/1.1" 200 13649
186.103.159.189 - - [11/Jan/2018:10:46:10 -0300] "POST /cormun/servlet/solicitudot?gx-no-cache=1515681927573 HTTP/1.1" 200 30
186.103.159.189 - - [11/Jan/2018:10:46:13 -0300] "POST /cormun/servlet/solicitudot?gx-no-cache=1515681930596 HTTP/1.1" 200 1358
186.103.159.189 - - [11/Jan/2018:10:46:13 -0300] "POST /cormun/servlet/solicitudot?gx-no-cache=1515681930727 HTTP/1.1" 200 38
186.103.159.189 - - [11/Jan/2018:10:46:21 -0300] "GET /cormun/servlet/solicitudot?4f5d1eb59b741b78f7f6e2fb72aa96da67fba269fceb07e580bbb309f30fc391436838c3c6f9ba8e44a869cfae333717094404ffdf5d52f732b90180dfb43743d50cbe9f6ddd1545a7ce62f0d5c87fc582787767b3217401636d639e743ce721f12aaf35420961afd0c12aaa6801825d31487f16a5e57535ec5f2bb88df6a373c16c2fe9eb6a81a9e6370e6f4bbb975612c41aeab40e20615ebfcd754baea9bd,gx-no-cache=1515681938981 HTTP/1.1" 200 29
192.168.10.89 - - [11/Jan/2018:10:46:22 -0300] "POST /cormun/servlet/hlogin?ba1d55ff8319d50cbc3b07e07629f462,gx-no-cache=1515678241767 HTTP/1.1" 200 90
192.168.10.89 - - [11/Jan/2018:10:46:22 -0300] "GET /cormun/servlet/hpexe_link HTTP/1.1" 200 954
192.168.10.89 - - [11/Jan/2018:10:46:22 -0300] "GET /cormun/servlet/hhome HTTP/1.1" 200 4779
186.103.159.189 - - [11/Jan/2018:10:46:24 -0300] "POST /cormun/servlet/solicitudot?gx-no-cache=1515681941678 HTTP/1.1" 200 220
186.103.159.189 - - [11/Jan/2018:10:46:24 -0300] "GET /cormun/servlet/solicitudot?4f5d1eb59b741b78f7f6e2fb72aa96da0a2920591868f80d059649e351f9d425cee6cf709a1d4858e4f51f672693100381e62bde2e1542a45d678276b3a076631306e3be5b6a22c23cf725064a2f2ef4c8b04ee2e7648be254da57ee54532791436838c3c6f9ba8e44a869cfae33371767c6a028cf796bf4f8a8fafadc4bee7b25dfbd59d243de622e5297d4281bf54e,gx-no-cache=1515681941756 HTTP/1.1" 200 55
186.103.159.189 - - [11/Jan/2018:10:46:24 -0300] "GET /cormun/static/menuarrow.gif HTTP/1.1" 404 1015
186.103.159.189 - - [11/Jan/2018:10:46:25 -0300] "POST /cormun/servlet/solicitudot?gx-no-cache=1515681943381 HTTP/1.1" 200 217
186.103.159.189 - - [11/Jan/2018:10:46:26 -0300] "GET /cormun/servlet/solicitudot?4f5d1eb59b741b78f7f6e2fb72aa96da0a2920591868f80d059649e351f9d425cee6cf709a1d4858e4f51f672693100381e62bde2e1542a45d678276b3a076631306e3be5b6a22c23cf725064a2f2ef4c8b04ee2e7648be254da57ee54532791436838c3c6f9ba8e44a869cfae33371767c6a028cf796bf4f8a8fafadc4bee7b25dfbd59d243de622e5297d4281bf54e,gx-no-cache=1515681943476 HTTP/1.1" 200 55
192.168.10.89 - - [11/Jan/2018:10:46:31 -0300] "GET /cormun/servlet/trsolicitudgral? HTTP/1.1" 200 27537
186.103.159.189 - - [11/Jan/2018:10:46:34 -0300] "GET /cormun/servlet/solicitudot?4f5d1eb59b741b78f7f6e2fb72aa96dad337ed4c0ff81089dbb7a5793ccb16b7aec226b04fc6ba0c5f18f8037695d12d,gx-no-cache=1515681951893 HTTP/1.1" 200 30
192.168.10.89 - - [11/Jan/2018:10:46:39 -0300] "POST /cormun/servlet/trsolicitudgral?ba1d55ff8319d50cbc3b07e07629f462,,gx-no-cache=1515678258450 HTTP/1.1" 200 22272
186.103.159.189 - - [11/Jan/2018:10:46:40 -0300] "POST /cormun/servlet/solicitudot?gx-no-cache=1515681958134 HTTP/1.1" 200 30
192.168.10.89 - - [11/Jan/2018:10:46:42 -0300] "POST /cormun/servlet/trsolicitudgral?ba1d55ff8319d50cbc3b07e07629f462,,gx-no-cache=1515678262067 HTTP/1.1" 200 105
192.168.10.89 - - [11/Jan/2018:10:46:42 -0300] "GET /cormun/SolicitudGral-2518.xls HTTP/1.1" 200 38400
186.103.157.246 - - [11/Jan/2018:10:46:43 -0300] "GET /cormun/servlet/solicitudotcontratos?INS,2018,0,15753834,9,6,2017,3345,LEY+SEP,201711,5,B, HTTP/1.1" 200 9847
186.103.157.246 - - [11/Jan/2018:10:46:43 -0300] "GET /cormun/servlet/solicitudotcontratos?INS,2018,0,15753834,9,6,2017,3345,LEY+SEP,201711,5,B, HTTP/1.1" 200 9883
186.103.157.246 - - [11/Jan/2018:10:46:44 -0300] "GET /cormun/servlet/solicitudotcontratos?6f5416e8acb3c2035c9a1768e29e8957c33e08f2d860f38f0666045136f5cc8113935e04b328781b1e7e7aabef059038,gx-no-cache=1515678365872 HTTP/1.1" 200 30
186.103.157.246 - - [11/Jan/2018:10:46:44 -0300] "GET /cormun/servlet/solicitudotcontratos?6f5416e8acb3c2035c9a1768e29e8957d63b9c4d80610d9643546379fda0eb5c11c926484e1cce67c77db873b63feb0d,gx-no-cache=1515678365925 HTTP/1.1" 200 30
186.103.157.246 - - [11/Jan/2018:10:46:44 -0300] "GET /cormun/servlet/solicitudotcontratos?6f5416e8acb3c2035c9a1768e29e89578a0aece470f94e64920f792df9aaaafc99bfb324a7681eabbea43df96cfee010bcd98679a753a1839969145ca803a03f4c769615dc9fa223876092b537b98a9b733c349893e02d46be9beb90a2034e8102938ba5a3584bb0a6494db79e04cdaaad51d942b71e4daff1819f94a36dfe52,gx-no-cache=1515678365956 HTTP/1.1" 200 50
186.103.157.246 - - [11/Jan/2018:10:46:44 -0300] "GET /cormun/servlet/solicitudotcontratos?6f5416e8acb3c2035c9a1768e29e89578fdd65e4412e58e1148b621e24e915f5bf0e707bfde7a7064d5ad17ab78d96ec,gx-no-cache=1515678365998 HTTP/1.1" 200 30
186.103.157.246 - - [11/Jan/2018:10:46:44 -0300] "GET /cormun/servlet/solicitudotcontratos?6f5416e8acb3c2035c9a1768e29e89576f1f4f03656227979594fa9ac10d0a913bdc460c51d94dd7dd4b82249a07cdd319d2352526cd3c4c49dbca3e476c063e610173c2a68e31aeab457fd3d2169ab87d54d020d05d613ee5e69a8a061370cf92f86765d0285ea716341dadffc8364c,gx-no-cache=1515678366063 HTTP/1.1" 200 30
186.103.157.246 - - [11/Jan/2018:10:46:44 -0300] "GET /cormun/servlet/solicitudotcontratos?6f5416e8acb3c2035c9a1768e29e8957af7edc15546a5eaddd780dbbe6be2ea6e57a98890adc6181787686f80c37ad2f0729d7239e40b620c08c4d2844f0299b19d2352526cd3c4c49dbca3e476c063e073e0919ff58fff60959fb522ae91ba5cbab62afd5f0e2d0d8a72e75a9e47819a9f72d4cbf7075809b152ad209e8ba1616cd2d2390424fc2d05e8d740a3eeb4fd612f4f2277fcd00b8f56661fd58341f0729d7239e40b620c08c4d2844f0299b34cfd150ff61b0c525872ad97db142b084997815a2137e31cc9ac7f332a793d05008b2581b2b383727a4426f449e64acf9d8e6577814ed2a999b8f1e94b49d3ed7e0dcc81ffedae0b229d6980aa68429a4b49eb213bfc64794223b200fa7d902c6613f09ab5957958407f7852f07d730c8d8745a9a305406eba36c1387dffd3d1aaf5b3549a0af9a136fcfbb09bf90e69de9bc4164eac74594e067ce3349544275a61340ae8ca8b7d1d0a3f6c263a6bb64a7c8c5eb6a34aad19ca9f75d96b3b2ed6c761f017b968f9ac2a3efdc7d080a4955e0c449137eaf1ea662fc987198311807262d3b52b8d84a7e2ea75faee7d28589fc6df27d90043c80b73ce2295d142f58803f6df901c2e992670134efcdfcd5cb6d0066e943ce3e7f2b46ba4bdfa88dc28bf98b0a0b6577dc6b8baf6d3349d88f17587247a532b9970ec478c198ccb16a5e2bf6a9dcc62081c5fde4706261c7b003d898744424d7094b17a7de737806f8c0d6bca1a26643e1948a616d0b89784d378773031cbd8227ffedcb35ecb3e1015121bac55b361c9cedb29a14b3a6,gx-no-cache=1515678366113 HTTP/1.1" 200 79
192.168.10.89 - - [11/Jan/2018:10:46:44 -0300] "OPTIONS /cormun/ HTTP/1.1" 200 -
192.168.10.89 - - [11/Jan/2018:10:46:49 -0300] "HEAD /cormun/SolicitudGral-2518.xls HTTP/1.1" 200 -
192.168.10.89 - - [11/Jan/2018:10:46:49 -0300] "HEAD /cormun/SolicitudGral-2518.xls HTTP/1.1" 200 -
201.236.57.155 - - [11/Jan/2018:10:46:49 -0300] "POST /cormun/servlet/solicitudot?gx-no-cache=1515678372728 HTTP/1.1" 200 45
201.236.57.155 - - [11/Jan/2018:10:46:49 -0300] "POST /cormun/servlet/solicitudot?gx-no-cache=1515678372873 HTTP/1.1" 200 255
201.236.57.155 - - [11/Jan/2018:10:46:50 -0300] "GET /cormun/servlet/solicitudot?6225526e56ffba6d1bc40d56d70cfe8d17a8ef49a8532a52ad23dbee461ae9891668dda37ac7b1dfbb7b228ab3b28f1d988e918ee4b3dc0fdead33552a775edda6dac3642f1d6e4b204edeed33fb46d1da9e8880d2959af5405d00bd15f41e24d2ff9f5779277d33dd8fb8c89218f29a61bca72ecbff4271934667ca98f0931bc71e2474baae3b5ed63b40ba374b32fd44c6676be02d6380faa4f52a728517f9628f2ec79768b5f91d2326a0dd6d8b2d5dec14b9fcdea570af1cb1230e633cce5f7390176fd18d7f5f2be95da4ff141cb0182e7482f2d20c32ed9dcfe54862419fc3737f3186660c95ea3755634da320a805d3d64279525f24dd579a9f9f23fd53176ecb21f54d831f771dc9fc989010df8d26cc34e087623ad0fb68ffb863072de34d219e7a4835f0288cd56241a3a596131126b3b4abfc25a735a5f449a4a238723a83b56ca30e94411e26087b884d669499d40ff3918d37ac93c42fbb16d223d5e866ad3ff3894d06901806c4f961c05fce654ecbaba0a47505c5e968a2ee,gx-no-cache=1515678373016 HTTP/1.1" 200 30
201.236.57.155 - - [11/Jan/2018:10:46:50 -0300] "POST /cormun/servlet/solicitudot?gx-no-cache=1515678373102 HTTP/1.1" 200 30
201.236.57.155 - - [11/Jan/2018:10:46:50 -0300] "POST /cormun/servlet/solicitudot?gx-no-cache=1515678373213 HTTP/1.1" 200 1356
201.236.57.155 - - [11/Jan/2018:10:46:50 -0300] "POST /cormun/servlet/solicitudot?gx-no-cache=1515678373448 HTTP/1.1" 200 38
192.168.10.89 - - [11/Jan/2018:10:46:52 -0300] "GET /cormun/SolicitudGral-2518.xls HTTP/1.1" 200 38400
192.168.10.89 - - [11/Jan/2018:10:46:52 -0300] "HEAD /cormun/SolicitudGral-2518.xls HTTP/1.1" 200 -
186.103.159.189 - - [11/Jan/2018:10:46:54 -0300] "POST /cormun/servlet/solicitudot?d134df0372c1084e85d48c640caa470d,INS,0,0,,gx-no-cache=1515681971806 HTTP/1.1" 200 93
186.103.159.189 - - [11/Jan/2018:10:46:54 -0300] "GET /cormun/servlet/hpexe_return? HTTP/1.1" 200 1031
186.103.159.189 - - [11/Jan/2018:10:46:55 -0300] "GET /cormun/servlet/trsolicitudot?gx-no-cache=1515681485648 HTTP/1.1" 200 7421
186.103.157.246 - - [11/Jan/2018:10:46:55 -0300] "POST /cormun/servlet/solicitudotcontratos?1f55de11b821978a7feb820cebb20c07,INS,2018,0,15753834,9,6,2017,3345,LEY+SEP,201711,5,B,,gx-no-cache=1515678377146 HTTP/1.1" 200 10775
186.103.157.246 - - [11/Jan/2018:10:46:55 -0300] "POST /cormun/servlet/solicitudotcontratos?gx-no-cache=1515678377426 HTTP/1.1" 200 1342
186.103.157.246 - - [11/Jan/2018:10:46:55 -0300] "POST /cormun/servlet/solicitudotcontratos?gx-no-cache=1515678377484 HTTP/1.1" 200 1221
186.103.157.246 - - [11/Jan/2018:10:46:55 -0300] "GET /cormun/servlet/solicitudotcontratos?6f5416e8acb3c2035c9a1768e29e89573daa69179b542a6e8f98c6e9dedb4c4098b87b72664ae671a80c54a6eb37c77347465cfd97ed5fa3cc988f1ea6097cb13a275c3d53dc22754889afcf6c8855d9932ca7242efe873aaf4969958e2addaf58da12fa27b52e07378358274d51bd85664d06230f293b689c0dc152f1f802af,gx-no-cache=1515678377537 HTTP/1.1" 200 30
186.103.157.246 - - [11/Jan/2018:10:46:56 -0300] "POST /cormun/servlet/solicitudotcontratos?1f55de11b821978a7feb820cebb20c07,INS,2018,0,15753834,9,6,2017,3345,LEY+SEP,201711,5,B,,gx-no-cache=1515678377587 HTTP/1.1" 200 93
186.103.157.246 - - [11/Jan/2018:10:46:56 -0300] "GET /cormun/servlet/hpexe_return? HTTP/1.1" 200 1044
186.103.157.246 - - [11/Jan/2018:10:46:56 -0300] "GET /cormun/servlet/trcontratosolicitud HTTP/1.1" 200 13537
186.103.159.189 - - [11/Jan/2018:10:46:57 -0300] "GET /cormun/servlet/trsolicitudot?gx-no-cache=1515681485648 HTTP/1.1" 200 7440
186.103.157.246 - - [11/Jan/2018:10:46:57 -0300] "GET /cormun/servlet/trcontratosolicitud HTTP/1.1" 200 13537
201.236.57.155 - - [11/Jan/2018:10:47:04 -0300] "POST /cormun/servlet/solicitudot?gx-no-cache=1515678386975 HTTP/1.1" 200 30
201.236.57.155 - - [11/Jan/2018:10:47:07 -0300] "POST /cormun/servlet/solicitudot?gx-no-cache=1515678390102 HTTP/1.1" 200 1356
201.236.57.155 - - [11/Jan/2018:10:47:07 -0300] "POST /cormun/servlet/solicitudot?gx-no-cache=1515678390353 HTTP/1.1" 200 38
186.103.159.189 - - [11/Jan/2018:10:47:12 -0300] "GET /cormun/servlet/trcontratosolicitud? HTTP/1.1" 200 15046
201.236.57.155 - - [11/Jan/2018:10:47:13 -0300] "GET /cormun/servlet/solicitudot?6225526e56ffba6d1bc40d56d70cfe8d0e00898f9fcc29daeb9c4244d28817228939c33ae6b88aa91fa920ccad620ba762f989ff1fc7bfa02f72de892255c1ecff0affe9b07eec13448931150674641adde1d5a96f8f6529f6f3696f1f7e3f23b6c12ec3dfa178a1ed83ef24dbce16a04fa7c5088416a83a9709662a93c7787370bc8cdb56fb68bc43b1ccfbb5a2ed4c1450a4c45fca6d60207af34af2fb4add,gx-no-cache=1515678396477 HTTP/1.1" 200 29
201.236.57.155 - - [11/Jan/2018:10:47:13 -0300] "POST /cormun/servlet/solicitudot?gx-no-cache=1515678396552 HTTP/1.1" 200 1340
201.236.57.155 - - [11/Jan/2018:10:47:13 -0300] "POST /cormun/servlet/solicitudot?gx-no-cache=1515678396730 HTTP/1.1" 200 1221
201.236.57.155 - - [11/Jan/2018:10:47:13 -0300] "GET /cormun/servlet/solicitudot?6225526e56ffba6d1bc40d56d70cfe8dea08afcd826fef6437bf86f0af5958b4,gx-no-cache=1515678396910 HTTP/1.1" 200 30
201.236.57.155 - - [11/Jan/2018:10:47:14 -0300] "POST /cormun/servlet/solicitudot?gx-no-cache=1515678397015 HTTP/1.1" 200 30
186.103.159.189 - - [11/Jan/2018:10:47:14 -0300] "GET /cormun/servlet/trcontratosolicitud? HTTP/1.1" 200 15023
201.236.57.155 - - [11/Jan/2018:10:47:28 -0300] "POST /cormun/servlet/solicitudot?b781b9151e9c01b78afe6b0a837dd83d,INS,0,0,,gx-no-cache=1515678410658 HTTP/1.1" 200 12335
201.236.57.155 - - [11/Jan/2018:10:47:30 -0300] "POST /cormun/servlet/solicitudot?b781b9151e9c01b78afe6b0a837dd83d,INS,0,0,,gx-no-cache=1515678412487 HTTP/1.1" 200 12389
201.236.57.155 - - [11/Jan/2018:10:47:37 -0300] "GET /cormun/servlet/solicitudot?6225526e56ffba6d1bc40d56d70cfe8d00e6b487fb4d5fe86879b8aa56eda180e70fccbba37e23e0a7cc8345b5d0099f,gx-no-cache=1515678420193 HTTP/1.1" 200 30
186.103.159.189 - - [11/Jan/2018:10:47:38 -0300] "GET /cormun/servlet/trsolicitudot? HTTP/1.1" 200 7418
186.103.159.189 - - [11/Jan/2018:10:47:40 -0300] "GET /cormun/servlet/trsolicitudot? HTTP/1.1" 200 7418
201.236.57.155 - - [11/Jan/2018:10:47:43 -0300] "POST /cormun/servlet/solicitudot?gx-no-cache=1515678426583 HTTP/1.1" 200 30
201.236.57.155 - - [11/Jan/2018:10:47:44 -0300] "POST /cormun/servlet/solicitudot?b781b9151e9c01b78afe6b0a837dd83d,INS,0,0,,gx-no-cache=1515678426677 HTTP/1.1" 200 93
201.236.57.155 - - [11/Jan/2018:10:47:44 -0300] "GET /cormun/servlet/hpexe_return? HTTP/1.1" 200 1006
201.236.57.155 - - [11/Jan/2018:10:47:45 -0300] "GET /cormun/servlet/trsolicitudot HTTP/1.1" 200 24093
201.236.57.155 - - [11/Jan/2018:10:47:46 -0300] "GET /cormun/servlet/trsolicitudot HTTP/1.1" 200 24088
186.103.159.189 - - [11/Jan/2018:10:47:48 -0300] "GET /cormun/servlet/solicitudot?INS,0,0, HTTP/1.1" 200 14106
186.103.159.189 - - [11/Jan/2018:10:47:50 -0300] "GET /cormun/servlet/solicitudot?INS,0,0, HTTP/1.1" 200 14112
186.103.157.246 - - [11/Jan/2018:10:48:46 -0300] "GET /cormun/servlet/solicitudotcontratos?INS,2018,0,9454755,5,6,2017,3346,LEY+SEP,201711,5,B, HTTP/1.1" 200 9854
186.103.157.246 - - [11/Jan/2018:10:48:47 -0300] "GET /cormun/servlet/solicitudotcontratos?INS,2018,0,9454755,5,6,2017,3346,LEY+SEP,201711,5,B, HTTP/1.1" 200 9889
186.103.157.246 - - [11/Jan/2018:10:48:47 -0300] "GET /cormun/servlet/solicitudotcontratos?6f5416e8acb3c2035c9a1768e29e895721c9dc9014d26f14136ed35ac07dcd753d938fd257798f4d6415d47ff2dee39e,gx-no-cache=1515678489181 HTTP/1.1" 200 30
186.103.157.246 - - [11/Jan/2018:10:48:47 -0300] "GET /cormun/servlet/solicitudotcontratos?6f5416e8acb3c2035c9a1768e29e8957980336feb982d7741efb0793e1355fd5b889dd5626af73ffc5b5a6b4897b780d,gx-no-cache=1515678489215 HTTP/1.1" 200 30
186.103.157.246 - - [11/Jan/2018:10:48:47 -0300] "GET /cormun/servlet/solicitudotcontratos?6f5416e8acb3c2035c9a1768e29e89578a0aece470f94e64920f792df9aaaafc99bfb324a7681eabbea43df96cfee010bcd98679a753a1839969145ca803a03f4c769615dc9fa223876092b537b98a9b733c349893e02d46be9beb90a2034e8102938ba5a3584bb0a6494db79e04cdaaad51d942b71e4daff1819f94a36dfe52,gx-no-cache=1515678489245 HTTP/1.1" 200 50
186.103.157.246 - - [11/Jan/2018:10:48:47 -0300] "GET /cormun/servlet/solicitudotcontratos?6f5416e8acb3c2035c9a1768e29e8957c12d480888e7e80bb33b09f5640e19ca14b9dd13281999e9a037b64ac583494b,gx-no-cache=1515678489278 HTTP/1.1" 200 30
186.103.157.246 - - [11/Jan/2018:10:48:47 -0300] "GET /cormun/servlet/solicitudotcontratos?6f5416e8acb3c2035c9a1768e29e89576f1f4f03656227979594fa9ac10d0a913bdc460c51d94dd7dd4b82249a07cdd319d2352526cd3c4c49dbca3e476c063e610173c2a68e31aeab457fd3d2169ab87d54d020d05d613ee5e69a8a061370cf92f86765d0285ea716341dadffc8364c,gx-no-cache=1515678489322 HTTP/1.1" 200 30
186.103.157.246 - - [11/Jan/2018:10:48:48 -0300] "GET /cormun/servlet/solicitudotcontratos?6f5416e8acb3c2035c9a1768e29e8957af7edc15546a5eaddd780dbbe6be2ea6e57a98890adc6181787686f80c37ad2f0729d7239e40b620c08c4d2844f0299b19d2352526cd3c4c49dbca3e476c063e073e0919ff58fff60959fb522ae91ba5cbab62afd5f0e2d0d8a72e75a9e47819a9f72d4cbf7075809b152ad209e8ba1616cd2d2390424fc2d05e8d740a3eeb4fd612f4f2277fcd00b8f56661fd58341f0729d7239e40b620c08c4d2844f0299b34cfd150ff61b0c525872ad97db142b084997815a2137e31cc9ac7f332a793d05008b2581b2b383727a4426f449e64acf9d8e6577814ed2a999b8f1e94b49d3ed7e0dcc81ffedae0b229d6980aa68429a4b49eb213bfc64794223b200fa7d902c6613f09ab5957958407f7852f07d730c8d8745a9a305406eba36c1387dffd3d1aaf5b3549a0af9a136fcfbb09bf90e69de9bc4164eac74594e067ce3349544275a61340ae8ca8b7d1d0a3f6c263a6bb64a7c8c5eb6a34aad19ca9f75d96b3b2ed6c761f017b968f9ac2a3efdc7d080a4955e0c449137eaf1ea662fc987198311807262d3b52b8d84a7e2ea75faee7d28589fc6df27d90043c80b73ce2295d142f58803f6df901c2e992670134efcdfcd5cb6d0066e943ce3e7f2b46ba4bdfa88dc28bf98b0a0b6577dc6b8baf6d3349d88f17587247a532b9970ec478c198ccb16a5e2bf6a9dcc62081c5fde4706261c7b003d898744424d7094b17a7de737806f8c0d6bca1a26643e1948a616d0b89784d378773031cbd8227ffedcb35ecb3e1015121bac55b361c9cedb29a14b3a6,gx-no-cache=1515678489381 HTTP/1.1" 200 79
201.236.57.155 - - [11/Jan/2018:10:48:58 -0300] "GET /cormun/servlet/solicitudot?INS,0,0, HTTP/1.1" 200 13919
201.236.57.155 - - [11/Jan/2018:10:48:59 -0300] "GET /cormun/servlet/solicitudot?INS,0,0, HTTP/1.1" 200 13924
186.103.157.246 - - [11/Jan/2018:10:49:07 -0300] "POST /cormun/servlet/solicitudotcontratos?1f55de11b821978a7feb820cebb20c07,INS,2018,0,9454755,5,6,2017,3346,LEY+SEP,201711,5,B,,gx-no-cache=1515678508536 HTTP/1.1" 200 10793
186.103.157.246 - - [11/Jan/2018:10:49:07 -0300] "POST /cormun/servlet/solicitudotcontratos?gx-no-cache=1515678508801 HTTP/1.1" 200 1343
186.103.157.246 - - [11/Jan/2018:10:49:07 -0300] "POST /cormun/servlet/solicitudotcontratos?gx-no-cache=1515678508852 HTTP/1.1" 200 1220
186.103.157.246 - - [11/Jan/2018:10:49:07 -0300] "GET /cormun/servlet/solicitudotcontratos?6f5416e8acb3c2035c9a1768e29e89573daa69179b542a6e8f98c6e9dedb4c4098b87b72664ae671a80c54a6eb37c77347465cfd97ed5fa3cc988f1ea6097cb13a275c3d53dc22754889afcf6c8855d9932ca7242efe873aaf4969958e2addaf58da12fa27b52e07378358274d51bd85664d06230f293b689c0dc152f1f802af,gx-no-cache=1515678508897 HTTP/1.1" 200 30
186.103.157.246 - - [11/Jan/2018:10:49:07 -0300] "POST /cormun/servlet/solicitudotcontratos?1f55de11b821978a7feb820cebb20c07,INS,2018,0,9454755,5,6,2017,3346,LEY+SEP,201711,5,B,,gx-no-cache=1515678508929 HTTP/1.1" 200 93
186.103.157.246 - - [11/Jan/2018:10:49:07 -0300] "GET /cormun/servlet/hpexe_return? HTTP/1.1" 200 1043
186.103.157.246 - - [11/Jan/2018:10:49:07 -0300] "GET /cormun/servlet/trcontratosolicitud HTTP/1.1" 200 13421
186.103.157.246 - - [11/Jan/2018:10:49:08 -0300] "GET /cormun/servlet/trcontratosolicitud HTTP/1.1" 200 13419
201.236.57.155 - - [11/Jan/2018:10:49:09 -0300] "GET /cormun/servlet/prfichaempleado?,MD,,gxPopupLevel%3D0%3B HTTP/1.1" 200 9334
201.236.57.155 - - [11/Jan/2018:10:49:18 -0300] "POST /cormun/servlet/prfichaempleado?b781b9151e9c01b78afe6b0a837dd83d,,MD,,gxPopupLevel%3D0%3B,gx-no-cache=1515678520643 HTTP/1.1" 200 3416
186.103.157.246 - - [11/Jan/2018:10:49:24 -0300] "GET /cormun/servlet/solicitudotcontratos?INS,2018,0,18333764,5,2,2017,4250,LEY+SEP,201711,38,*, HTTP/1.1" 200 9868
186.103.157.246 - - [11/Jan/2018:10:49:25 -0300] "GET /cormun/servlet/solicitudotcontratos?INS,2018,0,18333764,5,2,2017,4250,LEY+SEP,201711,38,*, HTTP/1.1" 200 9905
186.103.157.246 - - [11/Jan/2018:10:49:25 -0300] "GET /cormun/servlet/solicitudotcontratos?6f5416e8acb3c2035c9a1768e29e8957e571b1338b3662b991f1cf5f74ae8b6013935e04b328781b1e7e7aabef059038,gx-no-cache=1515678527013 HTTP/1.1" 200 30
186.103.157.246 - - [11/Jan/2018:10:49:25 -0300] "GET /cormun/servlet/solicitudotcontratos?6f5416e8acb3c2035c9a1768e29e8957944e0bbf6e5064739d0b423f492c459911c926484e1cce67c77db873b63feb0d,gx-no-cache=1515678527229 HTTP/1.1" 200 30
186.103.157.246 - - [11/Jan/2018:10:49:25 -0300] "GET /cormun/servlet/solicitudotcontratos?6f5416e8acb3c2035c9a1768e29e89578a0aece470f94e64920f792df9aaaafc5c1f0b4081c761f0d0acd0d24a61cfe3bcd98679a753a1839969145ca803a03fdcd5fc3572e68d5f56224f17f36a90dd95846f5cbd2fbcb406da94de8fc3b004f5ac141a3dfea51be0013865e252e5fab8abb8d2810aebe91a4e8195f49a6470,gx-no-cache=1515678527311 HTTP/1.1" 200 48
186.103.157.246 - - [11/Jan/2018:10:49:25 -0300] "GET /cormun/servlet/solicitudotcontratos?6f5416e8acb3c2035c9a1768e29e8957b5c3388c46eaf7049fd89a4283182069e3d556f243c5abbf38b164e425da5c82,gx-no-cache=1515678527378 HTTP/1.1" 200 30
186.103.157.246 - - [11/Jan/2018:10:49:25 -0300] "GET /cormun/servlet/solicitudotcontratos?6f5416e8acb3c2035c9a1768e29e89576f1f4f03656227979594fa9ac10d0a913bdc460c51d94dd7dd4b82249a07cdd319d2352526cd3c4c49dbca3e476c063e610173c2a68e31aeab457fd3d2169ab8d6a3f4ff3bfc8e53a7c8db8bc9bf8d7092f86765d0285ea716341dadffc8364c,gx-no-cache=1515678527433 HTTP/1.1" 200 30
186.103.157.246 - - [11/Jan/2018:10:49:26 -0300] "GET /cormun/servlet/solicitudotcontratos?6f5416e8acb3c2035c9a1768e29e8957af7edc15546a5eaddd780dbbe6be2ea6e57a98890adc6181787686f80c37ad2f0729d7239e40b620c08c4d2844f0299b19d2352526cd3c4c49dbca3e476c063e073e0919ff58fff60959fb522ae91ba5cbab62afd5f0e2d0d8a72e75a9e47819a9f72d4cbf7075809b152ad209e8ba1616cd2d2390424fc2d05e8d740a3eeb4fd612f4f2277fcd00b8f56661fd58341f0729d7239e40b620c08c4d2844f0299b34cfd150ff61b0c525872ad97db142b084997815a2137e31cc9ac7f332a793d05008b2581b2b383727a4426f449e64acf9d8e6577814ed2a999b8f1e94b49d3ed7e0dcc81ffedae0b229d6980aa68429a4b49eb213bfc64794223b200fa7d902c6613f09ab5957958407f7852f07d730c8d8745a9a305406eba36c1387dffd3d1aaf5b3549a0af9a136fcfbb09bf90e69de9bc4164eac74594e067ce3349544275a61340ae8ca8b7d1d0a3f6c263a6bb64a7c8c5eb6a34aad19ca9f75d96b3b2ed6c761f017b968f9ac2a3efdc7d080a4955e0c449137eaf1ea662fc987198311807262d3b52b8d84a7e2ea75faee7d28589fc6df27d90043c80b73ce2295d142f58803f6df901c2e992670134efcdfcd5cb6d0066e943ce3e7f2b46ba4bdfa88dc28bf98b0a0b6577dc6b8baf6d3349d88f17587247a532b9970ec478c198ccb16a5e2bf6a9dcc62081c5fde4706261c7b003d898744424d7094b17a7de737806f8c0d6bca1a26643e1948a616d0b89784d378773031cbd8227ffedcb35ecb3e1015121bac55b361c9cedb29a14b3a6,gx-no-cache=1515678527505 HTTP/1.1" 200 79
186.103.157.246 - - [11/Jan/2018:10:49:31 -0300] "POST /cormun/servlet/solicitudotcontratos?1f55de11b821978a7feb820cebb20c07,INS,2018,0,18333764,5,2,2017,4250,LEY+SEP,201711,38,*,,gx-no-cache=1515678532856 HTTP/1.1" 200 10772
186.103.157.246 - - [11/Jan/2018:10:49:31 -0300] "POST /cormun/servlet/solicitudotcontratos?gx-no-cache=1515678533151 HTTP/1.1" 200 1342
186.103.157.246 - - [11/Jan/2018:10:49:31 -0300] "POST /cormun/servlet/solicitudotcontratos?gx-no-cache=1515678533215 HTTP/1.1" 200 1220
186.103.157.246 - - [11/Jan/2018:10:49:31 -0300] "GET /cormun/servlet/solicitudotcontratos?6f5416e8acb3c2035c9a1768e29e89573daa69179b542a6e8f98c6e9dedb4c4098b87b72664ae671a80c54a6eb37c77347465cfd97ed5fa3cc988f1ea6097cb13a275c3d53dc22754889afcf6c8855d9932ca7242efe873aaf4969958e2addaf58da12fa27b52e07378358274d51bd85664d06230f293b689c0dc152f1f802af,gx-no-cache=1515678533283 HTTP/1.1" 200 30
186.103.157.246 - - [11/Jan/2018:10:49:32 -0300] "POST /cormun/servlet/solicitudotcontratos?1f55de11b821978a7feb820cebb20c07,INS,2018,0,18333764,5,2,2017,4250,LEY+SEP,201711,38,*,,gx-no-cache=1515678533367 HTTP/1.1" 200 93
186.103.157.246 - - [11/Jan/2018:10:49:32 -0300] "GET /cormun/servlet/hpexe_return? HTTP/1.1" 200 1046
186.103.157.246 - - [11/Jan/2018:10:49:32 -0300] "GET /cormun/servlet/trcontratosolicitud HTTP/1.1" 200 13245
186.103.157.246 - - [11/Jan/2018:10:49:33 -0300] "GET /cormun/servlet/trcontratosolicitud HTTP/1.1" 200 13240
186.103.159.44 - - [11/Jan/2018:10:49:34 -0300] "POST /cormun/servlet/trsolicitudot?7680f75a9c3e26756cadc1e4993d38b7,gx-no-cache=1515678534410 HTTP/1.1" 200 106
186.103.159.44 - - [11/Jan/2018:10:49:34 -0300] "GET /cormun/servlet/trsolicitudadjuntos?2018,8621, HTTP/1.1" 200 6222
186.103.159.44 - - [11/Jan/2018:10:49:38 -0300] "GET /cormun/servlet/solicitudotadjuntos?INS,2018,8621,,1, HTTP/1.1" 200 6167
186.103.159.44 - - [11/Jan/2018:10:49:38 -0300] "HEAD /cormun/static/about:blank HTTP/1.1" 404 -
186.103.159.44 - - [11/Jan/2018:10:49:39 -0300] "GET /cormun/servlet/solicitudotadjuntos?93f5696ec6af881851328fe3ede9ab9ac25d3fd9320fc22e0b8ba81ecd0a72faf143493dfd812ba0b0ce7a0cd012de36,gx-no-cache=1515678539369 HTTP/1.1" 200 30
186.103.159.44 - - [11/Jan/2018:10:49:39 -0300] "POST /cormun/servlet/solicitudotadjuntos?7680f75a9c3e26756cadc1e4993d38b7,INS,2018,8621,,1,,gx-no-cache=1515678539417 HTTP/1.1" 200 3982
186.103.159.44 - - [11/Jan/2018:10:49:40 -0300] "POST /cormun/servlet/solicitudotadjuntos?gx-no-cache=1515678540542 HTTP/1.1" 200 26
186.103.157.246 - - [11/Jan/2018:10:49:43 -0300] "GET /cormun/servlet/solicitudotcontratos?INS,2018,0,11274361,8,2,2017,4078,LEY+SEP,201711,30,*, HTTP/1.1" 200 9857
186.103.157.246 - - [11/Jan/2018:10:49:44 -0300] "GET /cormun/servlet/solicitudotcontratos?INS,2018,0,11274361,8,2,2017,4078,LEY+SEP,201711,30,*, HTTP/1.1" 200 9892
186.103.157.246 - - [11/Jan/2018:10:49:44 -0300] "GET /cormun/servlet/solicitudotcontratos?6f5416e8acb3c2035c9a1768e29e895770a6066e8c36730ceca999bec2d088a313935e04b328781b1e7e7aabef059038,gx-no-cache=1515678546391 HTTP/1.1" 200 30
186.103.157.246 - - [11/Jan/2018:10:49:44 -0300] "GET /cormun/servlet/solicitudotcontratos?6f5416e8acb3c2035c9a1768e29e8957b0ff392da4f768a6d70248545fbafc5d11c926484e1cce67c77db873b63feb0d,gx-no-cache=1515678546439 HTTP/1.1" 200 30
186.103.157.246 - - [11/Jan/2018:10:49:44 -0300] "GET /cormun/servlet/solicitudotcontratos?6f5416e8acb3c2035c9a1768e29e89578a0aece470f94e64920f792df9aaaafc5c1f0b4081c761f0d0acd0d24a61cfe3bcd98679a753a1839969145ca803a03fdcd5fc3572e68d5f56224f17f36a90dd95846f5cbd2fbcb406da94de8fc3b004f5ac141a3dfea51be0013865e252e5fab8abb8d2810aebe91a4e8195f49a6470,gx-no-cache=1515678546471 HTTP/1.1" 200 48
186.103.157.246 - - [11/Jan/2018:10:49:44 -0300] "GET /cormun/servlet/solicitudotcontratos?6f5416e8acb3c2035c9a1768e29e8957ee7e01d050fcf10797d0053656a44834f3884170c5e1c96b4b7c093e67ecaac2,gx-no-cache=1515678546508 HTTP/1.1" 200 30
186.103.157.246 - - [11/Jan/2018:10:49:45 -0300] "GET /cormun/servlet/solicitudotcontratos?6f5416e8acb3c2035c9a1768e29e89576f1f4f03656227979594fa9ac10d0a913bdc460c51d94dd7dd4b82249a07cdd319d2352526cd3c4c49dbca3e476c063e610173c2a68e31aeab457fd3d2169ab8d6a3f4ff3bfc8e53a7c8db8bc9bf8d7092f86765d0285ea716341dadffc8364c,gx-no-cache=1515678546558 HTTP/1.1" 200 30
186.103.157.246 - - [11/Jan/2018:10:49:45 -0300] "GET /cormun/servlet/solicitudotcontratos?6f5416e8acb3c2035c9a1768e29e8957af7edc15546a5eaddd780dbbe6be2ea6e57a98890adc6181787686f80c37ad2f0729d7239e40b620c08c4d2844f0299b19d2352526cd3c4c49dbca3e476c063e073e0919ff58fff60959fb522ae91ba5cbab62afd5f0e2d0d8a72e75a9e47819a9f72d4cbf7075809b152ad209e8ba1616cd2d2390424fc2d05e8d740a3eeb4fd612f4f2277fcd00b8f56661fd58341f0729d7239e40b620c08c4d2844f0299b34cfd150ff61b0c525872ad97db142b084997815a2137e31cc9ac7f332a793d05008b2581b2b383727a4426f449e64acf9d8e6577814ed2a999b8f1e94b49d3ed7e0dcc81ffedae0b229d6980aa68429a4b49eb213bfc64794223b200fa7d902c6613f09ab5957958407f7852f07d730c8d8745a9a305406eba36c1387dffd3d1aaf5b3549a0af9a136fcfbb09bf90e69de9bc4164eac74594e067ce3349544275a61340ae8ca8b7d1d0a3f6c263a6bb64a7c8c5eb6a34aad19ca9f75d96b3b2ed6c761f017b968f9ac2a3efdc7d080a4955e0c449137eaf1ea662fc987198311807262d3b52b8d84a7e2ea75faee7d28589fc6df27d90043c80b73ce2295d142f58803f6df901c2e992670134efcdfcd5cb6d0066e943ce3e7f2b46ba4bdfa88dc28bf98b0a0b6577dc6b8baf6d3349d88f17587247a532b9970ec478c198ccb16a5e2bf6a9dcc62081c5fde4706261c7b003d898744424d7094b17a7de737806f8c0d6bca1a26643e1948a616d0b89784d378773031cbd8227ffedcb35ecb3e1015121bac55b361c9cedb29a14b3a6,gx-no-cache=1515678546603 HTTP/1.1" 200 79
201.236.57.155 - - [11/Jan/2018:10:50:08 -0300] "POST /cormun/servlet/solicitudot?b781b9151e9c01b78afe6b0a837dd83d,INS,0,0,,gx-no-cache=1515678570889 HTTP/1.1" 200 11114
201.236.57.155 - - [11/Jan/2018:10:50:08 -0300] "GET /cormun/static/Shared/jqueryui/images/ui-bg_highlight-soft_100_c6c2c8_1x100.png HTTP/1.1" 404 1117
201.236.57.155 - - [11/Jan/2018:10:50:08 -0300] "GET /cormun/static/Shared/jqueryui/images/ui-bg_flat_55_994d53_40x100.png HTTP/1.1" 404 1097
201.236.57.155 - - [11/Jan/2018:10:50:08 -0300] "GET /cormun/static/Shared/jqueryui/images/ui-icons_ebccce_256x240.png HTTP/1.1" 404 1089
201.236.57.155 - - [11/Jan/2018:10:50:08 -0300] "GET /cormun/static/Shared/jqueryui/images/ui-icons_82798d_256x240.png HTTP/1.1" 404 1089
201.236.57.155 - - [11/Jan/2018:10:50:12 -0300] "POST /cormun/servlet/solicitudot?gx-no-cache=1515678575098 HTTP/1.1" 200 3845
201.236.57.155 - - [11/Jan/2018:10:50:13 -0300] "POST /cormun/servlet/solicitudot?b781b9151e9c01b78afe6b0a837dd83d,INS,0,0,,gx-no-cache=1515678575567 HTTP/1.1" 200 11981
201.236.57.155 - - [11/Jan/2018:10:50:13 -0300] "GET /cormun/servlet/solicitudot?6225526e56ffba6d1bc40d56d70cfe8d1415dfd6e349cb467ce67a89b767ebddd844eda3683a3ff5cf8694c957d3fb98,gx-no-cache=1515678576200 HTTP/1.1" 200 30
201.236.57.155 - - [11/Jan/2018:10:50:13 -0300] "POST /cormun/servlet/solicitudot?gx-no-cache=1515678576296 HTTP/1.1" 200 53
201.236.57.155 - - [11/Jan/2018:10:50:13 -0300] "POST /cormun/servlet/solicitudot?gx-no-cache=1515678576410 HTTP/1.1" 200 255
201.236.57.155 - - [11/Jan/2018:10:50:13 -0300] "GET /cormun/servlet/solicitudot?6225526e56ffba6d1bc40d56d70cfe8d17a8ef49a8532a52ad23dbee461ae9891668dda37ac7b1dfbb7b228ab3b28f1d988e918ee4b3dc0fdead33552a775edda6dac3642f1d6e4b204edeed33fb46d1da9e8880d2959af5405d00bd15f41e24d2ff9f5779277d33dd8fb8c89218f29a61bca72ecbff4271934667ca98f0931bc71e2474baae3b5ed63b40ba374b32fd44c6676be02d6380faa4f52a728517f9628f2ec79768b5f91d2326a0dd6d8b2d5dec14b9fcdea570af1cb1230e633cce5f7390176fd18d7f5f2be95da4ff141cb0182e7482f2d20c32ed9dcfe54862419fc3737f3186660c95ea3755634da320a805d3d64279525f24dd579a9f9f23fd53176ecb21f54d831f771dc9fc989010df8d26cc34e087623ad0fb68ffb863072de34d219e7a4835f0288cd56241a3a596131126b3b4abfc25a735a5f449a4a238723a83b56ca30e94411e26087b884d669499d40ff3918d37ac93c42fbb16d223d5e866ad3ff3894d06901806c4f961c05fce654ecbaba0a47505c5e968a2ee,gx-no-cache=1515678576531 HTTP/1.1" 200 30
201.236.57.155 - - [11/Jan/2018:10:50:17 -0300] "POST /cormun/servlet/solicitudot?gx-no-cache=1515678580702 HTTP/1.1" 200 30
186.103.158.250 - - [11/Jan/2018:10:50:41 -0300] "GET /cormun/servlet/trcontratosolicitud? HTTP/1.1" 200 5734
186.103.158.250 - - [11/Jan/2018:10:50:41 -0300] "GET /cormun/static/gxcfg.js?20177612214014 HTTP/1.1" 304 -
186.103.158.250 - - [11/Jan/2018:10:50:42 -0300] "GET /cormun/servlet/trcontratosolicitud? HTTP/1.1" 200 5727
186.103.158.250 - - [11/Jan/2018:10:50:42 -0300] "GET /cormun/servlet/hlogin HTTP/1.1" 200 1742
186.103.159.44 - - [11/Jan/2018:10:50:46 -0300] "GET /cormun/servlet/solicitudotadjuntos?93f5696ec6af881851328fe3ede9ab9a135ff810eaf89621c468429739a4b92a,gx-no-cache=1515678606377 HTTP/1.1" 200 30
186.103.159.44 - - [11/Jan/2018:10:50:46 -0300] "GET /cormun/servlet/solicitudotadjuntos?93f5696ec6af881851328fe3ede9ab9a135ff810eaf89621c468429739a4b92a,gx-no-cache=1515678606407 HTTP/1.1" 200 30
186.103.159.44 - - [11/Jan/2018:10:50:47 -0300] "POST /cormun/servlet/solicitudotadjuntos?7680f75a9c3e26756cadc1e4993d38b7,INS,2018,8621,,1, HTTP/1.1" 200 116
186.103.159.44 - - [11/Jan/2018:10:50:47 -0300] "GET /cormun/servlet/hpexe_return? HTTP/1.1" 200 1027
186.103.159.44 - - [11/Jan/2018:10:50:48 -0300] "GET /cormun/servlet/trsolicitudadjuntos?2018,8621, HTTP/1.1" 200 8556
192.168.10.99 - - [11/Jan/2018:10:50:49 -0300] "GET /cormun/servlet/solicitudot?ee0ff0b63da5474c4ad98a9f8191ba2312ffb1be1d85c6009af01609459ab58eee05e0fc3a4706b1db253b6c6f20f2c9f2c99f7a1978acb8b5ab72496cd9155ce73cea51474283b6839692c52b547d2841e699a5005a653c7426220e3a19c5d71d2a163b05f72e7a17a50463209b7e20d17e0b0161d52f5833c225714ab89b890f32ed934e3108971a29cf2d2e8e8f24d6103abbd80dc32c729b62326c6bd346,gx-no-cache=1515678508673 HTTP/1.1" 200 29
192.168.10.99 - - [11/Jan/2018:10:50:49 -0300] "POST /cormun/servlet/solicitudot?gx-no-cache=1515678508697 HTTP/1.1" 200 216
192.168.10.99 - - [11/Jan/2018:10:50:49 -0300] "GET /cormun/servlet/solicitudot?ee0ff0b63da5474c4ad98a9f8191ba235bc4c9905adfe7394956765628ffdc3e758d0ea8c7f9990a7adbe3125386f585f27873f40e799afcb68d11eabb1316f95b83e5d4de425c61320f4b9d50003d563611d76a11aeaacde49abe5a288c6be051007f4c15616e37ce3972120dd9107c07c9b045bf368bcb6a72636977240a72db71c2e4d5bbd4479f35167a12afeb650881b8e0fd3ee898114cf3031e38fd54,gx-no-cache=1515678508725 HTTP/1.1" 200 55
192.168.10.99 - - [11/Jan/2018:10:50:50 -0300] "GET /cormun/servlet/solicitudot?ee0ff0b63da5474c4ad98a9f8191ba23ffe98a1171cb379a1c49f9c1851cc5e0f3df2a7fe8d0d64e152539fc667668b0,gx-no-cache=1515678509563 HTTP/1.1" 200 30
186.103.159.44 - - [11/Jan/2018:10:50:52 -0300] "GET /cormun/servlet/solicitudotadjuntos?INS,2018,8621,,1, HTTP/1.1" 200 6166
186.103.159.44 - - [11/Jan/2018:10:50:52 -0300] "HEAD /cormun/static/about:blank HTTP/1.1" 404 -
186.103.159.44 - - [11/Jan/2018:10:50:53 -0300] "GET /cormun/servlet/solicitudotadjuntos?93f5696ec6af881851328fe3ede9ab9ac25d3fd9320fc22e0b8ba81ecd0a72faf143493dfd812ba0b0ce7a0cd012de36,gx-no-cache=1515678613464 HTTP/1.1" 200 30
186.103.159.44 - - [11/Jan/2018:10:50:53 -0300] "POST /cormun/servlet/solicitudotadjuntos?7680f75a9c3e26756cadc1e4993d38b7,INS,2018,8621,,1,,gx-no-cache=1515678613494 HTTP/1.1" 200 3982
186.103.159.44 - - [11/Jan/2018:10:50:55 -0300] "POST /cormun/servlet/solicitudotadjuntos?gx-no-cache=1515678616161 HTTP/1.1" 200 26
186.103.157.246 - - [11/Jan/2018:10:50:57 -0300] "POST /cormun/servlet/solicitudotcontratos?1f55de11b821978a7feb820cebb20c07,INS,2018,0,11274361,8,2,2017,4078,LEY+SEP,201711,30,*,,gx-no-cache=1515678618961 HTTP/1.1" 200 10758
186.103.157.246 - - [11/Jan/2018:10:50:57 -0300] "POST /cormun/servlet/solicitudotcontratos?gx-no-cache=1515678619317 HTTP/1.1" 200 1342
186.103.157.246 - - [11/Jan/2018:10:50:57 -0300] "POST /cormun/servlet/solicitudotcontratos?gx-no-cache=1515678619367 HTTP/1.1" 200 1221
186.103.157.246 - - [11/Jan/2018:10:50:57 -0300] "GET /cormun/servlet/solicitudotcontratos?6f5416e8acb3c2035c9a1768e29e89573daa69179b542a6e8f98c6e9dedb4c4098b87b72664ae671a80c54a6eb37c77347465cfd97ed5fa3cc988f1ea6097cb13a275c3d53dc22754889afcf6c8855d9932ca7242efe873aaf4969958e2addaf58da12fa27b52e07378358274d51bd85664d06230f293b689c0dc152f1f802af,gx-no-cache=1515678619415 HTTP/1.1" 200 30
186.103.157.246 - - [11/Jan/2018:10:50:58 -0300] "POST /cormun/servlet/solicitudotcontratos?1f55de11b821978a7feb820cebb20c07,INS,2018,0,11274361,8,2,2017,4078,LEY+SEP,201711,30,*,,gx-no-cache=1515678619458 HTTP/1.1" 200 93
186.103.157.246 - - [11/Jan/2018:10:50:58 -0300] "GET /cormun/servlet/hpexe_return? HTTP/1.1" 200 1046
186.103.157.246 - - [11/Jan/2018:10:50:58 -0300] "GET /cormun/servlet/trcontratosolicitud HTTP/1.1" 200 13101
186.103.157.246 - - [11/Jan/2018:10:50:59 -0300] "GET /cormun/servlet/trcontratosolicitud HTTP/1.1" 200 13090
186.103.159.44 - - [11/Jan/2018:10:51:05 -0300] "GET /cormun/servlet/solicitudotadjuntos?93f5696ec6af881851328fe3ede9ab9a135ff810eaf89621c468429739a4b92a,gx-no-cache=1515678625337 HTTP/1.1" 200 30
186.103.159.44 - - [11/Jan/2018:10:51:05 -0300] "GET /cormun/servlet/solicitudotadjuntos?93f5696ec6af881851328fe3ede9ab9a135ff810eaf89621c468429739a4b92a,gx-no-cache=1515678625356 HTTP/1.1" 200 30
186.103.159.44 - - [11/Jan/2018:10:51:06 -0300] "POST /cormun/servlet/solicitudotadjuntos?7680f75a9c3e26756cadc1e4993d38b7,INS,2018,8621,,1, HTTP/1.1" 200 116
186.103.159.44 - - [11/Jan/2018:10:51:06 -0300] "GET /cormun/servlet/hpexe_return? HTTP/1.1" 200 1027
186.103.159.44 - - [11/Jan/2018:10:51:07 -0300] "GET /cormun/servlet/trsolicitudadjuntos?2018,8621, HTTP/1.1" 200 8755
186.103.159.44 - - [11/Jan/2018:10:51:10 -0300] "GET /cormun/servlet/solicitudotadjuntos?INS,2018,8621,,1, HTTP/1.1" 200 6166
186.103.159.44 - - [11/Jan/2018:10:51:10 -0300] "HEAD /cormun/static/about:blank HTTP/1.1" 404 -
186.103.159.44 - - [11/Jan/2018:10:51:11 -0300] "GET /cormun/servlet/solicitudotadjuntos?93f5696ec6af881851328fe3ede9ab9ac25d3fd9320fc22e0b8ba81ecd0a72faf143493dfd812ba0b0ce7a0cd012de36,gx-no-cache=1515678631489 HTTP/1.1" 200 30
186.103.159.44 - - [11/Jan/2018:10:51:11 -0300] "POST /cormun/servlet/solicitudotadjuntos?7680f75a9c3e26756cadc1e4993d38b7,INS,2018,8621,,1,,gx-no-cache=1515678631521 HTTP/1.1" 200 3982
186.103.159.44 - - [11/Jan/2018:10:51:14 -0300] "POST /cormun/servlet/solicitudotadjuntos?gx-no-cache=1515678634177 HTTP/1.1" 200 26
186.103.159.44 - - [11/Jan/2018:10:51:19 -0300] "GET /cormun/servlet/solicitudotadjuntos?93f5696ec6af881851328fe3ede9ab9a135ff810eaf89621c468429739a4b92a,gx-no-cache=1515678639721 HTTP/1.1" 200 30
186.103.159.44 - - [11/Jan/2018:10:51:19 -0300] "GET /cormun/servlet/solicitudotadjuntos?93f5696ec6af881851328fe3ede9ab9a135ff810eaf89621c468429739a4b92a,gx-no-cache=1515678639740 HTTP/1.1" 200 30
186.103.159.44 - - [11/Jan/2018:10:51:20 -0300] "POST /cormun/servlet/solicitudotadjuntos?7680f75a9c3e26756cadc1e4993d38b7,INS,2018,8621,,1, HTTP/1.1" 200 116
186.103.159.44 - - [11/Jan/2018:10:51:20 -0300] "GET /cormun/servlet/hpexe_return? HTTP/1.1" 200 1027
186.103.159.44 - - [11/Jan/2018:10:51:21 -0300] "GET /cormun/servlet/trsolicitudadjuntos?2018,8621, HTTP/1.1" 200 8922
186.103.159.44 - - [11/Jan/2018:10:51:24 -0300] "GET /cormun/servlet/solicitudotadjuntos?INS,2018,8621,,1, HTTP/1.1" 200 6167
186.103.159.44 - - [11/Jan/2018:10:51:24 -0300] "HEAD /cormun/static/about:blank HTTP/1.1" 404 -
186.103.159.44 - - [11/Jan/2018:10:51:25 -0300] "GET /cormun/servlet/solicitudotadjuntos?93f5696ec6af881851328fe3ede9ab9ac25d3fd9320fc22e0b8ba81ecd0a72faf143493dfd812ba0b0ce7a0cd012de36,gx-no-cache=1515678645411 HTTP/1.1" 200 30
186.103.159.44 - - [11/Jan/2018:10:51:25 -0300] "POST /cormun/servlet/solicitudotadjuntos?7680f75a9c3e26756cadc1e4993d38b7,INS,2018,8621,,1,,gx-no-cache=1515678645471 HTTP/1.1" 200 3982
186.103.159.44 - - [11/Jan/2018:10:51:27 -0300] "POST /cormun/servlet/solicitudotadjuntos?gx-no-cache=1515678647912 HTTP/1.1" 200 26
186.79.214.243 - - [11/Jan/2018:10:51:36 -0300] "GET /cormun/servlet/fichaempleado?UPD,17504128, HTTP/1.1" 200 6013
186.79.214.243 - - [11/Jan/2018:10:51:36 -0300] "GET /cormun/static/gxcfg.js?20176282043676 HTTP/1.1" 200 953
186.79.214.243 - - [11/Jan/2018:10:51:36 -0300] "GET /cormun/static/fichaempleado.js?2017628204374 HTTP/1.1" 200 17534
186.79.214.243 - - [11/Jan/2018:10:51:37 -0300] "GET /cormun/servlet/fichaempleado?UPD,17504128, HTTP/1.1" 200 6014
186.103.159.189 - - [11/Jan/2018:10:51:38 -0300] "POST /cormun/servlet/solicitudot?gx-no-cache=1515682255672 HTTP/1.1" 200 3805
186.103.159.189 - - [11/Jan/2018:10:51:38 -0300] "GET /cormun/static/Shared/jqueryui/images/ui-bg_highlight-soft_100_c6c2c8_1x100.png HTTP/1.1" 404 1117
186.103.159.189 - - [11/Jan/2018:10:51:38 -0300] "GET /cormun/static/Shared/jqueryui/images/ui-icons_82798d_256x240.png HTTP/1.1" 404 1089
186.103.159.189 - - [11/Jan/2018:10:51:38 -0300] "GET /cormun/static/Shared/jqueryui/images/ui-bg_flat_55_994d53_40x100.png HTTP/1.1" 404 1097
186.103.159.189 - - [11/Jan/2018:10:51:38 -0300] "GET /cormun/static/Shared/jqueryui/images/ui-icons_ebccce_256x240.png HTTP/1.1" 404 1089
186.103.159.189 - - [11/Jan/2018:10:51:38 -0300] "GET /cormun/servlet/solicitudot?4f5d1eb59b741b78f7f6e2fb72aa96da0e21dde5ff8b9e2b5db8a72fd14a2b0e,gx-no-cache=1515682255883 HTTP/1.1" 200 111
186.103.159.189 - - [11/Jan/2018:10:51:38 -0300] "POST /cormun/servlet/solicitudot?gx-no-cache=1515682255990 HTTP/1.1" 200 43
186.103.159.44 - - [11/Jan/2018:10:51:38 -0300] "GET /cormun/servlet/solicitudotadjuntos?93f5696ec6af881851328fe3ede9ab9a135ff810eaf89621c468429739a4b92a,gx-no-cache=1515678658768 HTTP/1.1" 200 30
186.103.159.44 - - [11/Jan/2018:10:51:38 -0300] "GET /cormun/servlet/solicitudotadjuntos?93f5696ec6af881851328fe3ede9ab9a135ff810eaf89621c468429739a4b92a,gx-no-cache=1515678658793 HTTP/1.1" 200 30
186.103.159.189 - - [11/Jan/2018:10:51:38 -0300] "GET /cormun/servlet/solicitudot?4f5d1eb59b741b78f7f6e2fb72aa96da23765e7e9e5fb52107c74a361685b3a826576a434fe20071adbfe471798695ade781032017bc8061c29e9b55f47eb88897af4532ad2c8ead204151c1b41e2328daf64fd3a16f635f0fe5051ef4df152de145d34c59892e42ca139041992ccf7f30fd70e04576313a8a7919c10dafba99e9912dc1fccfac69e96f6c2be874b5c6fb2736c5fb7dab4b41b5906bb882c08c159ad8dcba84b230f1082f825f1c772b0294c265924ee7f18de0666d62dd97ed214dc2b41388eb98ea2e159a63d1387ecefbca59a0699c955545cc2da224938b7c7a3dc263306325f4f5d44e4b87d427436838c3c6f9ba8e44a869cfae33371767c6a028cf796bf4f8a8fafadc4bee7b797b47bb5e166a91c7135526f88e3e2b1166238972afeb2b3b28e3dd96e4552f266e81dd9e0f5cc59a7b8b075a2e93de4172d2208caea5d96b45c14fb55bb024,gx-no-cache=1515682256062 HTTP/1.1" 200 297
186.103.159.189 - - [11/Jan/2018:10:51:39 -0300] "GET /cormun/servlet/solicitudot?4f5d1eb59b741b78f7f6e2fb72aa96dafaaa4f975b22ab401f269da285c3f415cda3a057302f9ee2ffcb2285cf38958f8a635f87c2a44346cfee6a6a5d295e3fc45dee0cff9e49c0ecb0766b9bbb53f813a357ea9222a2328eca3df17c7573d4f1104f8a185fbbe3ae568478038d63fcd72824e3c39e110eeb612206ff8a84a010fdb36acbcacb4851a9a5985288cd267211c6425a75dbe3ef437d92f671c3d0bee9ebddf4808e131b3174478d3d183b7ce8c758a3dc7816470ce7867d34bc6c9e63e289dd8150c8ea427bbfda6f6d9288bde099de1a9f15b53d9767ce0125deb150410c9c08085e3e39f736591a49270835c5b649494bbd10eedad8e3e34fc2da6e5494e402f5b328e2812d51e34cd1ec7f92a16b3eb4825a00d255bf1e3e912934464add3192501d480cf4be5cafc1f29a49e49669d099dd17f7c2bf4e90d53d834977c013272ea9131edf1005a9d3f2015fed600faf23b1275a5e4c43ad5689cce7d75a81790ec615b2056ca3354e984d5e1deed3ce217aa25839de637d298d84748a536c917551833bcf7a9d4903,gx-no-cache=1515682256451 HTTP/1.1" 200 30
186.103.159.189 - - [11/Jan/2018:10:51:39 -0300] "POST /cormun/servlet/solicitudot?gx-no-cache=1515682256848 HTTP/1.1" 200 30
186.103.159.189 - - [11/Jan/2018:10:51:39 -0300] "POST /cormun/servlet/solicitudot?gx-no-cache=1515682256922 HTTP/1.1" 200 1352
186.103.159.189 - - [11/Jan/2018:10:51:39 -0300] "POST /cormun/servlet/solicitudot?gx-no-cache=1515682257039 HTTP/1.1" 200 38
186.103.159.44 - - [11/Jan/2018:10:51:39 -0300] "POST /cormun/servlet/solicitudotadjuntos?7680f75a9c3e26756cadc1e4993d38b7,INS,2018,8621,,1, HTTP/1.1" 200 116
186.103.159.44 - - [11/Jan/2018:10:51:39 -0300] "GET /cormun/servlet/hpexe_return? HTTP/1.1" 200 1027
186.103.159.44 - - [11/Jan/2018:10:51:40 -0300] "GET /cormun/servlet/trsolicitudadjuntos?2018,8621, HTTP/1.1" 200 9097
186.79.214.243 - - [11/Jan/2018:10:51:48 -0300] "GET /cormun/servlet/hlogin HTTP/1.1" 200 1719
186.103.159.44 - - [11/Jan/2018:10:51:48 -0300] "GET /cormun/servlet/solicitudotadjuntos?INS,2018,8621,,1, HTTP/1.1" 200 6167
186.103.159.44 - - [11/Jan/2018:10:51:48 -0300] "HEAD /cormun/static/about:blank HTTP/1.1" 404 -
186.103.159.44 - - [11/Jan/2018:10:51:49 -0300] "GET /cormun/servlet/solicitudotadjuntos?93f5696ec6af881851328fe3ede9ab9ac25d3fd9320fc22e0b8ba81ecd0a72faf143493dfd812ba0b0ce7a0cd012de36,gx-no-cache=1515678669838 HTTP/1.1" 200 30
186.103.159.44 - - [11/Jan/2018:10:51:49 -0300] "POST /cormun/servlet/solicitudotadjuntos?7680f75a9c3e26756cadc1e4993d38b7,INS,2018,8621,,1,,gx-no-cache=1515678669909 HTTP/1.1" 200 3982
186.103.159.44 - - [11/Jan/2018:10:51:54 -0300] "POST /cormun/servlet/solicitudotadjuntos?gx-no-cache=1515678674696 HTTP/1.1" 200 26
186.79.214.243 - - [11/Jan/2018:10:51:58 -0300] "POST /cormun/servlet/hlogin?cb379fd8ac43bd863b60af31387d1183,gx-no-cache=1515678678433 HTTP/1.1" 200 90
186.79.214.243 - - [11/Jan/2018:10:51:58 -0300] "GET /cormun/servlet/hpexe_link HTTP/1.1" 200 956
186.103.159.44 - - [11/Jan/2018:10:51:59 -0300] "GET /cormun/servlet/solicitudotadjuntos?93f5696ec6af881851328fe3ede9ab9a135ff810eaf89621c468429739a4b92a,gx-no-cache=1515678679680 HTTP/1.1" 200 30
186.103.159.44 - - [11/Jan/2018:10:51:59 -0300] "GET /cormun/servlet/solicitudotadjuntos?93f5696ec6af881851328fe3ede9ab9a135ff810eaf89621c468429739a4b92a,gx-no-cache=1515678679699 HTTP/1.1" 200 30
186.103.159.44 - - [11/Jan/2018:10:52:00 -0300] "POST /cormun/servlet/solicitudotadjuntos?7680f75a9c3e26756cadc1e4993d38b7,INS,2018,8621,,1, HTTP/1.1" 200 116
186.103.159.44 - - [11/Jan/2018:10:52:00 -0300] "GET /cormun/servlet/hpexe_return? HTTP/1.1" 200 1027
186.103.159.44 - - [11/Jan/2018:10:52:01 -0300] "GET /cormun/servlet/trsolicitudadjuntos?2018,8621, HTTP/1.1" 200 9310
186.103.159.44 - - [11/Jan/2018:10:52:06 -0300] "GET /cormun/servlet/solicitudotadjuntos?INS,2018,8621,,1, HTTP/1.1" 200 6167
186.103.159.44 - - [11/Jan/2018:10:52:06 -0300] "HEAD /cormun/static/about:blank HTTP/1.1" 404 -
186.103.159.44 - - [11/Jan/2018:10:52:07 -0300] "GET /cormun/servlet/solicitudotadjuntos?93f5696ec6af881851328fe3ede9ab9ac25d3fd9320fc22e0b8ba81ecd0a72faf143493dfd812ba0b0ce7a0cd012de36,gx-no-cache=1515678687729 HTTP/1.1" 200 30
186.103.159.44 - - [11/Jan/2018:10:52:07 -0300] "POST /cormun/servlet/solicitudotadjuntos?7680f75a9c3e26756cadc1e4993d38b7,INS,2018,8621,,1,,gx-no-cache=1515678687815 HTTP/1.1" 200 3982
186.103.159.44 - - [11/Jan/2018:10:52:11 -0300] "POST /cormun/servlet/solicitudotadjuntos?gx-no-cache=1515678692048 HTTP/1.1" 200 26
186.103.159.44 - - [11/Jan/2018:10:52:18 -0300] "GET /cormun/servlet/solicitudotadjuntos?93f5696ec6af881851328fe3ede9ab9a135ff810eaf89621c468429739a4b92a,gx-no-cache=1515678698993 HTTP/1.1" 200 30
186.103.159.44 - - [11/Jan/2018:10:52:18 -0300] "GET /cormun/servlet/solicitudotadjuntos?93f5696ec6af881851328fe3ede9ab9a135ff810eaf89621c468429739a4b92a,gx-no-cache=1515678699011 HTTP/1.1" 200 30
186.103.159.44 - - [11/Jan/2018:10:52:22 -0300] "POST /cormun/servlet/solicitudotadjuntos?7680f75a9c3e26756cadc1e4993d38b7,INS,2018,8621,,1, HTTP/1.1" 200 116
186.103.159.44 - - [11/Jan/2018:10:52:22 -0300] "GET /cormun/servlet/hpexe_return? HTTP/1.1" 200 1027
186.103.159.44 - - [11/Jan/2018:10:52:24 -0300] "GET /cormun/servlet/trsolicitudadjuntos?2018,8621, HTTP/1.1" 200 9549
186.103.159.44 - - [11/Jan/2018:10:52:28 -0300] "GET /cormun/servlet/solicitudotadjuntos?INS,2018,8621,,2, HTTP/1.1" 200 6166
186.103.159.44 - - [11/Jan/2018:10:52:28 -0300] "HEAD /cormun/static/about:blank HTTP/1.1" 404 -
186.103.159.44 - - [11/Jan/2018:10:52:29 -0300] "GET /cormun/servlet/solicitudotadjuntos?93f5696ec6af881851328fe3ede9ab9ac25d3fd9320fc22e0b8ba81ecd0a72faf143493dfd812ba0b0ce7a0cd012de36,gx-no-cache=1515678709517 HTTP/1.1" 200 30
186.103.159.44 - - [11/Jan/2018:10:52:29 -0300] "POST /cormun/servlet/solicitudotadjuntos?7680f75a9c3e26756cadc1e4993d38b7,INS,2018,8621,,2,,gx-no-cache=1515678709548 HTTP/1.1" 200 4199
186.79.208.60 - - [11/Jan/2018:10:52:31 -0300] "GET /cormun/servlet/trcontratosolicitud HTTP/1.1" 200 5730
186.79.208.60 - - [11/Jan/2018:10:52:34 -0300] "GET /cormun/servlet/trcontratosolicitud HTTP/1.1" 200 5729
186.79.208.60 - - [11/Jan/2018:10:52:35 -0300] "GET /cormun/servlet/hlogin HTTP/1.1" 200 1739
186.79.208.60 - - [11/Jan/2018:10:52:35 -0300] "GET /cormun/static/gxcfg.js?20175251213516 HTTP/1.1" 304 -
186.79.208.60 - - [11/Jan/2018:10:52:35 -0300] "GET /cormun/static/messages.spa.js?85251 HTTP/1.1" 304 -
186.103.159.44 - - [11/Jan/2018:10:52:37 -0300] "POST /cormun/servlet/solicitudotadjuntos?gx-no-cache=1515678717384 HTTP/1.1" 200 26
186.103.159.44 - - [11/Jan/2018:10:52:41 -0300] "GET /cormun/servlet/solicitudotadjuntos?93f5696ec6af881851328fe3ede9ab9a135ff810eaf89621c468429739a4b92a,gx-no-cache=1515678721808 HTTP/1.1" 200 30
186.103.159.44 - - [11/Jan/2018:10:52:41 -0300] "GET /cormun/servlet/solicitudotadjuntos?93f5696ec6af881851328fe3ede9ab9a135ff810eaf89621c468429739a4b92a,gx-no-cache=1515678721834 HTTP/1.1" 200 30
186.103.159.44 - - [11/Jan/2018:10:52:41 -0300] "POST /cormun/servlet/solicitudotadjuntos?7680f75a9c3e26756cadc1e4993d38b7,INS,2018,8621,,2, HTTP/1.1" 200 116
186.103.159.44 - - [11/Jan/2018:10:52:41 -0300] "GET /cormun/servlet/hpexe_return? HTTP/1.1" 200 1027
186.103.159.44 - - [11/Jan/2018:10:52:43 -0300] "GET /cormun/servlet/trsolicitudadjuntos?2018,8621, HTTP/1.1" 200 9711
186.103.157.246 - - [11/Jan/2018:10:52:47 -0300] "GET /cormun/servlet/solicitudotcontratos?INS,2018,0,18378572,9,6,2017,8038,NADA,201711,9,B, HTTP/1.1" 200 9840
186.103.157.246 - - [11/Jan/2018:10:52:47 -0300] "GET /cormun/servlet/solicitudotcontratos?INS,2018,0,18378572,9,6,2017,8038,NADA,201711,9,B, HTTP/1.1" 200 9871
186.103.157.246 - - [11/Jan/2018:10:52:48 -0300] "GET /cormun/servlet/solicitudotcontratos?6f5416e8acb3c2035c9a1768e29e8957f9218c5070deb2bafb25fa66861e28d513935e04b328781b1e7e7aabef059038,gx-no-cache=1515678729848 HTTP/1.1" 200 30
186.103.157.246 - - [11/Jan/2018:10:52:48 -0300] "GET /cormun/servlet/solicitudotcontratos?6f5416e8acb3c2035c9a1768e29e8957dfcabc1e5204464f109c5690da1f80c011c926484e1cce67c77db873b63feb0d,gx-no-cache=1515678730227 HTTP/1.1" 200 30
186.103.157.246 - - [11/Jan/2018:10:52:48 -0300] "GET /cormun/servlet/solicitudotcontratos?6f5416e8acb3c2035c9a1768e29e89578a0aece470f94e64920f792df9aaaafc45c2d4a4ac98293b002d334ba5da7016bcd98679a753a1839969145ca803a03ffbc5bcd3623697dc18b2dbbcc1918de4733c349893e02d46be9beb90a2034e8102938ba5a3584bb0a6494db79e04cdaaad51d942b71e4daff1819f94a36dfe52,gx-no-cache=1515678730306 HTTP/1.1" 200 50
186.103.157.246 - - [11/Jan/2018:10:52:48 -0300] "GET /cormun/servlet/solicitudotcontratos?6f5416e8acb3c2035c9a1768e29e8957d84ab54b489cf65e3125a43a697cefdfe08be809a2a65ec466d4e794450c7827,gx-no-cache=1515678730391 HTTP/1.1" 200 30
186.103.157.246 - - [11/Jan/2018:10:52:48 -0300] "GET /cormun/servlet/solicitudotcontratos?6f5416e8acb3c2035c9a1768e29e89576f1f4f03656227979594fa9ac10d0a913bdc460c51d94dd7dd4b82249a07cdd319d2352526cd3c4c49dbca3e476c063e610173c2a68e31aeab457fd3d2169ab87d54d020d05d613ee5e69a8a061370cf92f86765d0285ea716341dadffc8364c,gx-no-cache=1515678730441 HTTP/1.1" 200 30
