186.67.172.234 - - [11/Jan/2018:08:57:43 -0300] "POST /cormun/servlet/trsolicitudot?6a45060ea41b8c4e5adc1453320c42a0,gx-no-cache=1515671821734 HTTP/1.1" 200 7135
186.67.172.234 - - [11/Jan/2018:08:57:46 -0300] "POST /cormun/servlet/trsolicitudot?6a45060ea41b8c4e5adc1453320c42a0,gx-no-cache=1515671824370 HTTP/1.1" 200 6851
186.67.172.234 - - [11/Jan/2018:08:57:47 -0300] "POST /cormun/servlet/trsolicitudot?6a45060ea41b8c4e5adc1453320c42a0,gx-no-cache=1515671825273 HTTP/1.1" 200 6795
200.112.48.103 - - [11/Jan/2018:08:57:47 -0300] "GET /cormun/servlet/trautorizarsolicitud? HTTP/1.1" 200 7338
186.67.172.234 - - [11/Jan/2018:08:57:52 -0300] "POST /cormun/servlet/trsolicitudot?6a45060ea41b8c4e5adc1453320c42a0,gx-no-cache=1515671830034 HTTP/1.1" 200 6603
186.67.172.234 - - [11/Jan/2018:08:57:53 -0300] "POST /cormun/servlet/trsolicitudot?6a45060ea41b8c4e5adc1453320c42a0,gx-no-cache=1515671831299 HTTP/1.1" 200 6547
200.112.48.103 - - [11/Jan/2018:08:57:59 -0300] "GET /cormun/servlet/trautorizarsolicitud? HTTP/1.1" 200 7338
186.67.172.234 - - [11/Jan/2018:08:58:01 -0300] "POST /cormun/servlet/trsolicitudot?6a45060ea41b8c4e5adc1453320c42a0,gx-no-cache=1515671839347 HTTP/1.1" 200 6234
186.67.172.234 - - [11/Jan/2018:08:58:01 -0300] "POST /cormun/servlet/trsolicitudot?6a45060ea41b8c4e5adc1453320c42a0,gx-no-cache=1515671840111 HTTP/1.1" 200 6175
200.112.48.103 - - [11/Jan/2018:08:58:05 -0300] "GET /cormun/servlet/trsolicitudot? HTTP/1.1" 200 7441
186.67.172.234 - - [11/Jan/2018:08:58:06 -0300] "POST /cormun/servlet/trsolicitudot?6a45060ea41b8c4e5adc1453320c42a0,gx-no-cache=1515671844298 HTTP/1.1" 200 5935
186.67.172.234 - - [11/Jan/2018:08:58:06 -0300] "POST /cormun/servlet/trsolicitudot?6a45060ea41b8c4e5adc1453320c42a0,gx-no-cache=1515671844956 HTTP/1.1" 200 5880
186.67.172.234 - - [11/Jan/2018:08:58:09 -0300] "POST /cormun/servlet/trsolicitudot?6a45060ea41b8c4e5adc1453320c42a0,gx-no-cache=1515671847290 HTTP/1.1" 200 4735
186.67.172.234 - - [11/Jan/2018:08:58:09 -0300] "POST /cormun/servlet/trsolicitudot?6a45060ea41b8c4e5adc1453320c42a0,gx-no-cache=1515671847884 HTTP/1.1" 200 4678
186.103.159.44 - - [11/Jan/2018:08:58:09 -0300] "GET /cormun/servlet/solicitudot?93f5696ec6af881851328fe3ede9ab9a90414a9b43bae076af6ede11eb22171c6968e75b038fc69df4b5228a1baade1d0a1c77f7d1c3a2d06137c0718d2be0595f982d281fafff19880e51018b423e2b0c76bc7aa8d2faeea73b04433751910f0eaf9a1fa0f05350bec69b322d48ab24,gx-no-cache=1515671851660 HTTP/1.1" 200 29
186.103.159.44 - - [11/Jan/2018:08:58:10 -0300] "POST /cormun/servlet/solicitudot?gx-no-cache=1515671852027 HTTP/1.1" 200 219
186.103.159.44 - - [11/Jan/2018:08:58:10 -0300] "GET /cormun/servlet/solicitudot?93f5696ec6af881851328fe3ede9ab9a69dde240a495f9dd20956b2972380152a8614c50d0fcf39cb75798b25dc413488538cfa1a7f9eac7b9d853e7f2580eb73539f9e1548c46ac910285ac94355696da935aa79ce66eea9157b044bdd29cb96968e75b038fc69df4b5228a1baade1dc1a11adf7d1f965e78942db374f08cf7370ae16fbe0b338a181b06704fda282a,gx-no-cache=1515671852128 HTTP/1.1" 200 55
186.103.159.44 - - [11/Jan/2018:08:58:10 -0300] "GET /cormun/static/menuarrow.gif HTTP/1.1" 404 1015
186.103.159.44 - - [11/Jan/2018:08:58:12 -0300] "POST /cormun/servlet/solicitudot?gx-no-cache=1515671854665 HTTP/1.1" 200 216
200.112.48.103 - - [11/Jan/2018:08:58:12 -0300] "GET /cormun/servlet/trsolicitudot? HTTP/1.1" 200 7441
186.103.159.44 - - [11/Jan/2018:08:58:12 -0300] "GET /cormun/servlet/solicitudot?93f5696ec6af881851328fe3ede9ab9a69dde240a495f9dd20956b2972380152a8614c50d0fcf39cb75798b25dc413488538cfa1a7f9eac7b9d853e7f2580eb73539f9e1548c46ac910285ac94355696da935aa79ce66eea9157b044bdd29cb96968e75b038fc69df4b5228a1baade1dc1a11adf7d1f965e78942db374f08cf7370ae16fbe0b338a181b06704fda282a,gx-no-cache=1515671854752 HTTP/1.1" 200 55
186.67.172.234 - - [11/Jan/2018:08:58:14 -0300] "POST /cormun/servlet/trsolicitudot?6a45060ea41b8c4e5adc1453320c42a0,gx-no-cache=1515671852434 HTTP/1.1" 200 21466
186.103.159.44 - - [11/Jan/2018:08:58:16 -0300] "GET /cormun/servlet/solicitudot?93f5696ec6af881851328fe3ede9ab9aaee2238c4587c2a67663cdb450ef84643e2af2b1eb7fa8d2cb5a99401a42f343,gx-no-cache=1515671858138 HTTP/1.1" 200 30
200.112.48.103 - - [11/Jan/2018:08:58:17 -0300] "GET /cormun/servlet/trvisualizadoreventos? HTTP/1.1" 200 6984
186.103.158.250 - - [11/Jan/2018:08:58:20 -0300] "GET /cormun/servlet/solicitudotcontratos?INS,2018,0,8803288,8,6,2017,2233,INTEGRACION,201711,3,B, HTTP/1.1" 200 9890
186.103.158.250 - - [11/Jan/2018:08:58:21 -0300] "GET /cormun/static/Resources/Spanish/PXTools.css?1255365 HTTP/1.1" 200 89042
186.103.158.250 - - [11/Jan/2018:08:58:21 -0300] "GET /cormun/static/gxcfg.js?2018191138350 HTTP/1.1" 200 953
186.103.158.250 - - [11/Jan/2018:08:58:21 -0300] "GET /cormun/static/calendar-system.css?85620 HTTP/1.1" 200 5572
186.103.158.250 - - [11/Jan/2018:08:58:21 -0300] "GET /cormun/static/solicitudotcontratos.js?20181911383611 HTTP/1.1" 200 43152
186.103.158.250 - - [11/Jan/2018:08:58:21 -0300] "GET /cormun/static/Resources/prompt.gif HTTP/1.1" 200 902
186.103.158.250 - - [11/Jan/2018:08:58:21 -0300] "GET /cormun/static/Resources/PXTools/calendar.png HTTP/1.1" 200 1306
186.67.172.234 - - [11/Jan/2018:08:58:22 -0300] "POST /cormun/servlet/trsolicitudot?6a45060ea41b8c4e5adc1453320c42a0,gx-no-cache=1515671859038 HTTP/1.1" 200 21267
186.103.158.250 - - [11/Jan/2018:08:58:22 -0300] "GET /cormun/servlet/solicitudotcontratos?INS,2018,0,8803288,8,6,2017,2233,INTEGRACION,201711,3,B, HTTP/1.1" 200 9923
186.103.158.250 - - [11/Jan/2018:08:58:23 -0300] "GET /cormun/servlet/solicitudotcontratos?a901e8579d770ef9956a0673612987726ebe8bbbb17280378832aea9fe2c7a767db508227b8c96c44a3e5bb4df398def,gx-no-cache=1515671862548 HTTP/1.1" 200 30
186.103.158.250 - - [11/Jan/2018:08:58:23 -0300] "GET /cormun/servlet/solicitudotcontratos?a901e8579d770ef9956a067361298772d8522893e5270457aba66ac46e115e91e60f82e2a28262e5edff4620167b9e9c,gx-no-cache=1515671862632 HTTP/1.1" 200 30
186.103.158.250 - - [11/Jan/2018:08:58:23 -0300] "GET /cormun/servlet/solicitudotcontratos?a901e8579d770ef9956a067361298772c065e519d6fc67c17da87e42743fc40e541a5ecd239aa80908b5141ff67ab2a68acfb38ce854b5d29b268d2a7d2ee120b366fa5fd6bfec45dcc3f69d0dc0253ddc52d5b7098e70b246be4160e6ed4cf2cdf350beffdfc2f740becf4cb7ec632b6ce24506415e1d129938f93042e882f5,gx-no-cache=1515671862716 HTTP/1.1" 200 50
186.103.158.250 - - [11/Jan/2018:08:58:23 -0300] "GET /cormun/servlet/solicitudotcontratos?a901e8579d770ef9956a067361298772e7a0352ec44ecdc87e5598856b9eb14d32b6ba8f3774656d49ac82b5a83d805d,gx-no-cache=1515671862800 HTTP/1.1" 200 30
186.103.158.250 - - [11/Jan/2018:08:58:23 -0300] "GET /cormun/servlet/solicitudotcontratos?a901e8579d770ef9956a067361298772b4c670d2fc5833b8f8473ec35ae671fc084ea5ea939d6eb876cd02c3f3fa18d70e1d32d242b99dc8cb02f18c08bd47a737ac69397d30dedf568783ecc9b9c5c230aa5433e482f2a1af630addd52f983d2d23b7f252c0655a7d982298b52ac401,gx-no-cache=1515671862852 HTTP/1.1" 200 30
186.103.158.250 - - [11/Jan/2018:08:58:23 -0300] "GET /cormun/servlet/solicitudotcontratos?a901e8579d770ef9956a0673612987728d1a52accefe0cbc9011be266272a58d0068141eed897a99b5aafae59e43b2ad2abbd0855c7135b5f1d51579f811bd2bf6417d3a6ec6347c01c53d67b37d2a2d6cc84219ad6be6f8f985c2631fd34da3e44b0e4aaf4148eb870fae5d79256f4971dce57c16b15a5d9fe42ed03acda9b951be613d4f57f889fb5c5f9487ed2f8d9beae3229afaa8603cbe710074bdda603e69eeafedad9a270922f0d56a546a369331490bef5e5fd8bb30f9177cb9aa8259eff87732b8fbc4b424bf689b34348f825ecef82340ca253a087221dfb6894bfdc6937eeb8947bc7f85342e551985a9276fdbcaa166f32c4bab318fee602b223a4e16b9943d63b9b199579991225211eaae96345c239808c384cffc7b038c6625dab67ebae598d858170a3e7b2f7c627a8f2d025fcbe324ffe564064170d0c544caf0f3a93e5c95afcd81197bbe37d46a7f4f2b5e35111d5afedfbc733f2b6603c3f4ee420c74472ae9d6aaac02ad5467f547b85c71cc173e96b583b62421b72f6485fd2fe5ef620020dc17609115bdf9fb70d3bafac87ad01496ac7f86ac3e61f7eb77ac688b0cf8b510210ec009ba3158e98e6734e3be70738f38f19526b037e71194ee1956bbfdb846919ddfcac45ec0e9fa6e35af169b871543666f8545e088ad8866c755420d976f2747d5ce547cab010d5197741173492973d8ab6e3aa30035c1aa4100d035d0b89267c50d88f0923dc20555f806cdf83094695ff1e2039f2a88ea1951f2a9788ed4a2d13bd6b02493f4dc0d0d3159f39304adee698e,gx-no-cache=1515671862956 HTTP/1.1" 200 83
200.112.48.103 - - [11/Jan/2018:08:58:26 -0300] "POST /cormun/servlet/trvisualizadoreventos?bc2325251ecf88339ac469bc6bd5f685,,gx-no-cache=1515671864309 HTTP/1.1" 200 4134
186.67.172.234 - - [11/Jan/2018:08:58:27 -0300] "POST /cormun/servlet/trsolicitudot?6a45060ea41b8c4e5adc1453320c42a0,gx-no-cache=1515671865548 HTTP/1.1" 200 21204
186.103.159.44 - - [11/Jan/2018:08:58:28 -0300] "POST /cormun/servlet/solicitudot?gx-no-cache=1515671870324 HTTP/1.1" 200 30
200.112.48.103 - - [11/Jan/2018:08:58:32 -0300] "GET /cormun/servlet/trautorizarsolicitud? HTTP/1.1" 200 7330
186.67.172.234 - - [11/Jan/2018:08:58:34 -0300] "POST /cormun/servlet/trsolicitudot?6a45060ea41b8c4e5adc1453320c42a0,gx-no-cache=1515671871238 HTTP/1.1" 200 20949
200.112.48.103 - - [11/Jan/2018:08:58:36 -0300] "GET /cormun/servlet/trvisualizadoreventos? HTTP/1.1" 200 6984
186.67.172.234 - - [11/Jan/2018:08:58:39 -0300] "POST /cormun/servlet/trsolicitudot?6a45060ea41b8c4e5adc1453320c42a0,gx-no-cache=1515671877247 HTTP/1.1" 200 20886
186.67.172.234 - - [11/Jan/2018:08:58:44 -0300] "POST /cormun/servlet/trsolicitudot?6a45060ea41b8c4e5adc1453320c42a0,gx-no-cache=1515671882317 HTTP/1.1" 200 20705
186.103.158.250 - - [11/Jan/2018:08:58:45 -0300] "POST /cormun/servlet/solicitudotcontratos?c68af9684c1ff4b1bc235ea41b069815,INS,2018,0,8803288,8,6,2017,2233,INTEGRACION,201711,3,B,,gx-no-cache=1515671884885 HTTP/1.1" 200 10769
186.103.158.250 - - [11/Jan/2018:08:58:46 -0300] "POST /cormun/servlet/solicitudotcontratos?gx-no-cache=1515671885303 HTTP/1.1" 200 1341
186.103.158.250 - - [11/Jan/2018:08:58:46 -0300] "POST /cormun/servlet/solicitudotcontratos?gx-no-cache=1515671885396 HTTP/1.1" 200 1221
186.103.158.250 - - [11/Jan/2018:08:58:46 -0300] "GET /cormun/servlet/solicitudotcontratos?a901e8579d770ef9956a0673612987727b104d8f2072ae4e6200696f0e2c250357a10b1952826259fb279366a39b6d573f375ffd8b55bc10c427fd93d3e7cc942ed032aab4a57d71db6025036732dff4f07250f37f17439cef928f1502fbcbad97522f3c74c4d2c44cfb1e14bbf551b76cdd7934bec08806281c49359fb80487,gx-no-cache=1515671885453 HTTP/1.1" 200 30
186.103.158.250 - - [11/Jan/2018:08:58:46 -0300] "POST /cormun/servlet/solicitudotcontratos?c68af9684c1ff4b1bc235ea41b069815,INS,2018,0,8803288,8,6,2017,2233,INTEGRACION,201711,3,B,,gx-no-cache=1515671885491 HTTP/1.1" 200 93
186.103.158.250 - - [11/Jan/2018:08:58:46 -0300] "GET /cormun/servlet/hpexe_return? HTTP/1.1" 200 1049
186.103.158.250 - - [11/Jan/2018:08:58:46 -0300] "GET /cormun/static/gxcfg.js?2016101716175148 HTTP/1.1" 200 953
186.103.158.250 - - [11/Jan/2018:08:58:46 -0300] "GET /cormun/static/hpexe_return.js?2016101716175153 HTTP/1.1" 200 1633
186.103.158.250 - - [11/Jan/2018:08:58:46 -0300] "GET /cormun/static/Resources/Spanish/PXTools.css?167811 HTTP/1.1" 200 89042
186.103.158.250 - - [11/Jan/2018:08:58:46 -0300] "GET /cormun/servlet/trcontratosolicitud HTTP/1.1" 200 14600
186.103.158.250 - - [11/Jan/2018:08:58:48 -0300] "GET /cormun/servlet/trcontratosolicitud HTTP/1.1" 200 14594
200.112.48.103 - - [11/Jan/2018:08:58:48 -0300] "GET /cormun/servlet/trsolicitudot? HTTP/1.1" 200 7441
186.67.172.234 - - [11/Jan/2018:08:58:50 -0300] "POST /cormun/servlet/trsolicitudot?6a45060ea41b8c4e5adc1453320c42a0,gx-no-cache=1515671887571 HTTP/1.1" 200 20644
186.103.159.44 - - [11/Jan/2018:08:58:52 -0300] "POST /cormun/servlet/solicitudot?7680f75a9c3e26756cadc1e4993d38b7,INS,0,0,,gx-no-cache=1515671892766 HTTP/1.1" 200 93
186.103.159.44 - - [11/Jan/2018:08:58:52 -0300] "GET /cormun/servlet/hpexe_return? HTTP/1.1" 200 1007
186.103.159.44 - - [11/Jan/2018:08:58:52 -0300] "GET /cormun/servlet/trsolicitudot HTTP/1.1" 200 10300
186.103.158.250 - - [11/Jan/2018:08:58:53 -0300] "GET /cormun/servlet/solicitudotcontratos?INS,2018,0,11056121,0,6,2017,5435,INTEGRACION,201711,14,*, HTTP/1.1" 200 9946
200.112.48.103 - - [11/Jan/2018:08:58:54 -0300] "GET /cormun/servlet/trautorizarsolicitud? HTTP/1.1" 200 7338
186.67.172.234 - - [11/Jan/2018:08:58:55 -0300] "POST /cormun/servlet/trsolicitudot?6a45060ea41b8c4e5adc1453320c42a0,gx-no-cache=1515671893263 HTTP/1.1" 200 20368
186.103.158.250 - - [11/Jan/2018:08:58:55 -0300] "GET /cormun/servlet/solicitudotcontratos?INS,2018,0,11056121,0,6,2017,5435,INTEGRACION,201711,14,*, HTTP/1.1" 200 9978
186.103.158.250 - - [11/Jan/2018:08:58:55 -0300] "GET /cormun/servlet/solicitudotcontratos?a901e8579d770ef9956a06736129877211b554f45e5a99c8879a644506b868db470368f679241ac98408e4de1625e81a,gx-no-cache=1515671894912 HTTP/1.1" 200 30
186.103.158.250 - - [11/Jan/2018:08:58:55 -0300] "GET /cormun/servlet/solicitudotcontratos?a901e8579d770ef9956a06736129877267262050bb5d1634cbabf6e4149fa565407a11f599f56865b8ffe0a554fe7197,gx-no-cache=1515671894954 HTTP/1.1" 200 30
186.103.158.250 - - [11/Jan/2018:08:58:55 -0300] "GET /cormun/servlet/solicitudotcontratos?a901e8579d770ef9956a067361298772c065e519d6fc67c17da87e42743fc40eb8ba6801443c89c6cf7c0fe744e5178d8acfb38ce854b5d29b268d2a7d2ee12006bc35ad6e5a5eb307f2b61dedaa0999dc52d5b7098e70b246be4160e6ed4cf2cdf350beffdfc2f740becf4cb7ec632b6ce24506415e1d129938f93042e882f5,gx-no-cache=1515671894989 HTTP/1.1" 200 50
186.103.158.250 - - [11/Jan/2018:08:58:55 -0300] "GET /cormun/servlet/solicitudotcontratos?a901e8579d770ef9956a067361298772eb8f65fb2bd8454d268b324ca9d83d4dbbd08ae0566a4614f9c61e1a1a54b675,gx-no-cache=1515671895037 HTTP/1.1" 200 30
186.103.158.250 - - [11/Jan/2018:08:58:55 -0300] "GET /cormun/servlet/solicitudotcontratos?a901e8579d770ef9956a067361298772b4c670d2fc5833b8f8473ec35ae671fc084ea5ea939d6eb876cd02c3f3fa18d70e1d32d242b99dc8cb02f18c08bd47a737ac69397d30dedf568783ecc9b9c5c230aa5433e482f2a1af630addd52f983d2d23b7f252c0655a7d982298b52ac401,gx-no-cache=1515671895076 HTTP/1.1" 200 30
186.103.158.250 - - [11/Jan/2018:08:58:56 -0300] "GET /cormun/servlet/solicitudotcontratos?a901e8579d770ef9956a0673612987728d1a52accefe0cbc9011be266272a58d0068141eed897a99b5aafae59e43b2ad2abbd0855c7135b5f1d51579f811bd2bf6417d3a6ec6347c01c53d67b37d2a2d6cc84219ad6be6f8f985c2631fd34da3e44b0e4aaf4148eb870fae5d79256f4971dce57c16b15a5d9fe42ed03acda9b951be613d4f57f889fb5c5f9487ed2f8d9beae3229afaa8603cbe710074bdda603e69eeafedad9a270922f0d56a546a369331490bef5e5fd8bb30f9177cb9aa8259eff87732b8fbc4b424bf689b34348f825ecef82340ca253a087221dfb6894bfdc6937eeb8947bc7f85342e551985a9276fdbcaa166f32c4bab318fee602b223a4e16b9943d63b9b199579991225211eaae96345c239808c384cffc7b038c6625dab67ebae598d858170a3e7b2f7c627a8f2d025fcbe324ffe564064170d0c544caf0f3a93e5c95afcd81197bbe37d46a7f4f2b5e35111d5afedfbc733f2b6603c3f4ee420c74472ae9d6aaac02ad5467f547b85c71cc173e96b583b62421b72f6485fd2fe5ef620020dc17609115bdf9fb70d3bafac87ad01496ac7f86ac3e61f7eb77ac688b0cf8b510210ec009ba3158e98e6734e3be70738f38f19526b037e71194ee1956bbfdb846919ddfcac45ec0e9fa6e35af169b871543666f8545e088ad8866c755420d976f2747d5ce547cab010d5197741173492973d8ab6e3aa30035c1aa4100d035d0b89267c50d88f0923dc20555f806cdf83094695ff1e2039f2a88ea1951f2a9788ed4a2d13bd6b02493f4dc0d0d3159f39304adee698e,gx-no-cache=1515671895126 HTTP/1.1" 200 83
200.112.48.103 - - [11/Jan/2018:08:58:57 -0300] "GET /cormun/servlet/trcontratounov2? HTTP/1.1" 200 8453
186.103.159.44 - - [11/Jan/2018:08:59:00 -0300] "POST /cormun/servlet/trsolicitudot?7680f75a9c3e26756cadc1e4993d38b7,gx-no-cache=1515671902433 HTTP/1.1" 200 107
186.103.159.44 - - [11/Jan/2018:08:59:00 -0300] "GET /cormun/servlet/trsolicitudadjuntos?2018,8546, HTTP/1.1" 200 6221
186.103.159.44 - - [11/Jan/2018:08:59:00 -0300] "GET /cormun/static/gxcfg.js?20177612135366 HTTP/1.1" 200 953
186.103.159.44 - - [11/Jan/2018:08:59:00 -0300] "GET /cormun/static/trsolicitudadjuntos.js?20177612135632 HTTP/1.1" 200 17922
186.67.172.234 - - [11/Jan/2018:08:59:00 -0300] "POST /cormun/servlet/trsolicitudot?6a45060ea41b8c4e5adc1453320c42a0,gx-no-cache=1515671898489 HTTP/1.1" 200 20304
186.103.159.44 - - [11/Jan/2018:08:59:04 -0300] "GET /cormun/servlet/solicitudotadjuntos?INS,2018,8546,,1, HTTP/1.1" 200 6166
186.103.159.44 - - [11/Jan/2018:08:59:04 -0300] "GET /cormun/static/gxcfg.js?2017761244068 HTTP/1.1" 200 953
186.103.159.44 - - [11/Jan/2018:08:59:04 -0300] "GET /cormun/static/solicitudotadjuntos.js?2017761244086 HTTP/1.1" 200 11771
186.103.159.44 - - [11/Jan/2018:08:59:04 -0300] "HEAD /cormun/static/about:blank HTTP/1.1" 404 -
186.103.159.44 - - [11/Jan/2018:08:59:05 -0300] "GET /cormun/servlet/solicitudotadjuntos?93f5696ec6af881851328fe3ede9ab9a6d84c9e47cba43cc7530a43f406c312af143493dfd812ba0b0ce7a0cd012de36,gx-no-cache=1515671907436 HTTP/1.1" 200 30
186.103.159.44 - - [11/Jan/2018:08:59:05 -0300] "POST /cormun/servlet/solicitudotadjuntos?7680f75a9c3e26756cadc1e4993d38b7,INS,2018,8546,,1,,gx-no-cache=1515671907498 HTTP/1.1" 200 3982
81.7.100.158 - - [11/Jan/2018:08:59:07 -0300] "GET / HTTP/1.0" 200 11197
186.103.159.44 - - [11/Jan/2018:08:59:08 -0300] "POST /cormun/servlet/solicitudotadjuntos?gx-no-cache=1515671910689 HTTP/1.1" 200 26
200.74.87.109 - - [11/Jan/2018:08:59:18 -0300] "GET /cormun/servlet/trcontratosolicitud HTTP/1.1" 200 5723
200.74.87.109 - - [11/Jan/2018:08:59:18 -0300] "GET /cormun/static/gxcfg.js?20177612214014 HTTP/1.1" 304 -
200.74.87.109 - - [11/Jan/2018:08:59:20 -0300] "GET /cormun/static/messages.spa.js?85251 HTTP/1.1" 304 -
200.112.4.188 - - [11/Jan/2018:08:59:22 -0300] "GET /cormun/servlet/solicitudot?INS,0,0, HTTP/1.1" 200 13923
200.74.87.109 - - [11/Jan/2018:08:59:22 -0300] "GET /cormun/servlet/trcontratosolicitud HTTP/1.1" 200 5722
200.74.87.109 - - [11/Jan/2018:08:59:22 -0300] "GET /cormun/servlet/hlogin HTTP/1.1" 200 1734
200.74.87.109 - - [11/Jan/2018:08:59:23 -0300] "GET /cormun/static/gxcfg.js?20175251213516 HTTP/1.1" 304 -
200.112.4.188 - - [11/Jan/2018:08:59:23 -0300] "GET /cormun/servlet/solicitudot?INS,0,0, HTTP/1.1" 200 13928
186.67.172.234 - - [11/Jan/2018:08:59:25 -0300] "POST /cormun/servlet/trsolicitudot?6a45060ea41b8c4e5adc1453320c42a0,gx-no-cache=1515671923029 HTTP/1.1" 200 20091
200.112.4.188 - - [11/Jan/2018:08:59:25 -0300] "GET /cormun/servlet/prfichaempleado?,MD,,gxPopupLevel%3D0%3B HTTP/1.1" 200 9336
186.103.159.44 - - [11/Jan/2018:08:59:27 -0300] "GET /cormun/servlet/solicitudotadjuntos?93f5696ec6af881851328fe3ede9ab9a135ff810eaf89621c468429739a4b92a,gx-no-cache=1515671929044 HTTP/1.1" 200 30
186.103.159.44 - - [11/Jan/2018:08:59:27 -0300] "GET /cormun/servlet/solicitudotadjuntos?93f5696ec6af881851328fe3ede9ab9a135ff810eaf89621c468429739a4b92a,gx-no-cache=1515671929095 HTTP/1.1" 200 30
186.67.172.234 - - [11/Jan/2018:08:59:30 -0300] "POST /cormun/servlet/trsolicitudot?6a45060ea41b8c4e5adc1453320c42a0,gx-no-cache=1515671928277 HTTP/1.1" 200 20029
186.103.158.250 - - [11/Jan/2018:08:59:30 -0300] "POST /cormun/servlet/solicitudotcontratos?gx-no-cache=1515671929956 HTTP/1.1" 200 79
186.103.159.44 - - [11/Jan/2018:08:59:31 -0300] "POST /cormun/servlet/solicitudotadjuntos?7680f75a9c3e26756cadc1e4993d38b7,INS,2018,8546,,1, HTTP/1.1" 200 116
186.103.159.44 - - [11/Jan/2018:08:59:31 -0300] "GET /cormun/servlet/hpexe_return? HTTP/1.1" 200 1027
186.103.159.44 - - [11/Jan/2018:08:59:32 -0300] "GET /cormun/servlet/trsolicitudadjuntos?2018,8546, HTTP/1.1" 200 8567
200.112.4.188 - - [11/Jan/2018:08:59:33 -0300] "POST /cormun/servlet/prfichaempleado?fdac12490247b725ab8bbcf563743603,,MD,,gxPopupLevel%3D0%3B,gx-no-cache=1515671936483 HTTP/1.1" 200 3425
186.67.172.234 - - [11/Jan/2018:08:59:35 -0300] "POST /cormun/servlet/trsolicitudot?6a45060ea41b8c4e5adc1453320c42a0,gx-no-cache=1515671933429 HTTP/1.1" 200 19692
200.112.4.188 - - [11/Jan/2018:08:59:36 -0300] "POST /cormun/servlet/solicitudot?gx-no-cache=1515671939412 HTTP/1.1" 200 3855
200.112.4.188 - - [11/Jan/2018:08:59:37 -0300] "POST /cormun/servlet/solicitudot?fdac12490247b725ab8bbcf563743603,INS,0,0,,gx-no-cache=1515671939885 HTTP/1.1" 200 10827
186.103.159.44 - - [11/Jan/2018:08:59:37 -0300] "GET /cormun/servlet/solicitudotadjuntos?INS,2018,8546,,1, HTTP/1.1" 200 6167
200.112.4.188 - - [11/Jan/2018:08:59:37 -0300] "GET /cormun/servlet/solicitudot?0ef28dfdcd90dde18e575c1415baee148e7c594bb69fe6a48c68c123d829843ea4bd89237fe4e5bfe125c0bf9ab928b2,gx-no-cache=1515671940483 HTTP/1.1" 200 30
186.103.159.44 - - [11/Jan/2018:08:59:37 -0300] "HEAD /cormun/static/about:blank HTTP/1.1" 404 -
186.103.159.44 - - [11/Jan/2018:08:59:38 -0300] "GET /cormun/servlet/solicitudotadjuntos?93f5696ec6af881851328fe3ede9ab9a6d84c9e47cba43cc7530a43f406c312af143493dfd812ba0b0ce7a0cd012de36,gx-no-cache=1515671940714 HTTP/1.1" 200 30
186.103.159.44 - - [11/Jan/2018:08:59:38 -0300] "POST /cormun/servlet/solicitudotadjuntos?7680f75a9c3e26756cadc1e4993d38b7,INS,2018,8546,,1,,gx-no-cache=1515671940750 HTTP/1.1" 200 3983
200.112.4.188 - - [11/Jan/2018:08:59:39 -0300] "POST /cormun/servlet/solicitudot?gx-no-cache=1515671942139 HTTP/1.1" 200 43
200.112.4.188 - - [11/Jan/2018:08:59:39 -0300] "POST /cormun/servlet/solicitudot?gx-no-cache=1515671942245 HTTP/1.1" 200 255
200.112.4.188 - - [11/Jan/2018:08:59:39 -0300] "GET /cormun/servlet/solicitudot?0ef28dfdcd90dde18e575c1415baee14f5f22a967603a0dc9ce77f4133c5c90f5628f4008dafc31678a8baf2bf41b0dfd2e56f19beb73a1c44aa5e52c031e8bd894c37c21476fde746e5884a7f354104a3fc55cec6d18900ffc857701f184d01bcfd925115fe845b32e9219817d1634dad54b2827e768cd32f33114c5dcfd21241ce5b058b5ef6745b1ab0466cee40bc512d883e52263564fa12ec14f32b394b4c84bb2fd0e6696773f8f1246e811a7c4760ccb6cb32c6ed498fff307e15ba845e0dbc4626af4e1cfdc0595b7708ed067185fc79813148ee0aeadc60a3cdcddc2a2a813edfc0f1a74189f0e5c3475357f1e577a8e6b10d89f3dfafe5e6823d75ee84458d9e527078fe31f947dd7a6d3637c6732fa691df22b1597f8134df9d648835cddb70d80709a83114286b86318a0c5cc21616be27486fdd32e39b011774d2d622d0befccd15d68ebb63f0ad31c9e8a263908b86404cef0718c1c87321f5c7daf63ae6fc15e1d9318022eb956fc7645c3a705ce3da4e118d89aa3c58a584,gx-no-cache=1515671942390 HTTP/1.1" 200 30
186.67.172.234 - - [11/Jan/2018:08:59:40 -0300] "POST /cormun/servlet/trsolicitudot?6a45060ea41b8c4e5adc1453320c42a0,gx-no-cache=1515671938704 HTTP/1.1" 200 19628
186.103.159.44 - - [11/Jan/2018:08:59:41 -0300] "POST /cormun/servlet/solicitudotadjuntos?gx-no-cache=1515671943395 HTTP/1.1" 200 26
200.112.4.188 - - [11/Jan/2018:08:59:41 -0300] "POST /cormun/servlet/solicitudot?gx-no-cache=1515671944341 HTTP/1.1" 200 30
200.112.4.188 - - [11/Jan/2018:08:59:42 -0300] "POST /cormun/servlet/solicitudot?gx-no-cache=1515671945488 HTTP/1.1" 200 1357
200.112.4.188 - - [11/Jan/2018:08:59:42 -0300] "POST /cormun/servlet/solicitudot?gx-no-cache=1515671945661 HTTP/1.1" 200 38
186.67.172.234 - - [11/Jan/2018:08:59:47 -0300] "POST /cormun/servlet/trsolicitudot?6a45060ea41b8c4e5adc1453320c42a0,gx-no-cache=1515671945477 HTTP/1.1" 200 19431
200.112.48.103 - - [11/Jan/2018:08:59:50 -0300] "GET /cormun/servlet/trautorizarsolicitud? HTTP/1.1" 200 7324
200.112.4.188 - - [11/Jan/2018:08:59:50 -0300] "GET /cormun/servlet/solicitudot?0ef28dfdcd90dde18e575c1415baee1459fa5559b2e9cef4ce0de18385c073f77998582a99cb1cf3cdf4b1bc8a907b63cf2c83964ea39af41d31d38b79e8cc2d1cb97456cf48f0d1be21d8cd92d1b115ed248dfad60270f486c601c4eab8351754bfad4a99dabb93b5f2515b4b5b9f898eca16f63d4554e2cc8c5823f23779d4543f821eb73905b0c63c1433d9fc9e33e5f8c6d0307c0463970433c86c3380d6,gx-no-cache=1515671953095 HTTP/1.1" 200 29
186.103.159.44 - - [11/Jan/2018:08:59:50 -0300] "GET /cormun/servlet/solicitudotadjuntos?93f5696ec6af881851328fe3ede9ab9a135ff810eaf89621c468429739a4b92a,gx-no-cache=1515671952555 HTTP/1.1" 200 30
186.103.159.44 - - [11/Jan/2018:08:59:50 -0300] "GET /cormun/servlet/solicitudotadjuntos?93f5696ec6af881851328fe3ede9ab9a135ff810eaf89621c468429739a4b92a,gx-no-cache=1515671952607 HTTP/1.1" 200 30
200.112.4.188 - - [11/Jan/2018:08:59:51 -0300] "POST /cormun/servlet/solicitudot?gx-no-cache=1515671953536 HTTP/1.1" 200 220
200.112.4.188 - - [11/Jan/2018:08:59:51 -0300] "GET /cormun/servlet/solicitudot?0ef28dfdcd90dde18e575c1415baee142eec0421c4fbe36328527318ba8d1288e5c58558b4feb03e307142c88025fbc1689ecf77d724299082f4e6c8bbfa8426841e14addbabbd947fb5c4f92b1b86a236f2ffba891440f08dddf21643f54aed7998582a99cb1cf3cdf4b1bc8a907b634f41cda70e1ac180a6d8829e9f85ab23dd477fd5a1c68b400fd8e3b6afcbee36,gx-no-cache=1515671954266 HTTP/1.1" 200 55
200.112.4.188 - - [11/Jan/2018:08:59:51 -0300] "GET /cormun/static/menuarrow.gif HTTP/1.1" 404 1015
200.112.4.188 - - [11/Jan/2018:08:59:52 -0300] "POST /cormun/servlet/solicitudot?gx-no-cache=1515671955837 HTTP/1.1" 200 216
200.112.4.188 - - [11/Jan/2018:08:59:52 -0300] "GET /cormun/servlet/solicitudot?0ef28dfdcd90dde18e575c1415baee142eec0421c4fbe36328527318ba8d1288e5c58558b4feb03e307142c88025fbc1689ecf77d724299082f4e6c8bbfa8426841e14addbabbd947fb5c4f92b1b86a236f2ffba891440f08dddf21643f54aed7998582a99cb1cf3cdf4b1bc8a907b634f41cda70e1ac180a6d8829e9f85ab23dd477fd5a1c68b400fd8e3b6afcbee36,gx-no-cache=1515671955936 HTTP/1.1" 200 55
186.67.172.234 - - [11/Jan/2018:08:59:53 -0300] "POST /cormun/servlet/trsolicitudot?6a45060ea41b8c4e5adc1453320c42a0,gx-no-cache=1515671950713 HTTP/1.1" 200 19368
186.103.159.44 - - [11/Jan/2018:08:59:53 -0300] "POST /cormun/servlet/solicitudotadjuntos?7680f75a9c3e26756cadc1e4993d38b7,INS,2018,8546,,1, HTTP/1.1" 200 116
186.103.159.44 - - [11/Jan/2018:08:59:53 -0300] "GET /cormun/servlet/hpexe_return? HTTP/1.1" 200 1027
186.103.159.44 - - [11/Jan/2018:08:59:53 -0300] "GET /cormun/servlet/trsolicitudadjuntos?2018,8546, HTTP/1.1" 200 8774
200.112.4.188 - - [11/Jan/2018:08:59:55 -0300] "GET /cormun/servlet/solicitudot?0ef28dfdcd90dde18e575c1415baee14ee2f976f41b77f23aa6de2e3f38a5901212fb761b83712a4dfca30098cc1f561,gx-no-cache=1515671958437 HTTP/1.1" 200 30
186.103.159.44 - - [11/Jan/2018:08:59:57 -0300] "GET /cormun/servlet/solicitudotadjuntos?INS,2018,8546,,1, HTTP/1.1" 200 6167
186.103.159.44 - - [11/Jan/2018:08:59:57 -0300] "HEAD /cormun/static/about:blank HTTP/1.1" 404 -
186.67.172.234 - - [11/Jan/2018:08:59:57 -0300] "POST /cormun/servlet/trsolicitudot?6a45060ea41b8c4e5adc1453320c42a0,gx-no-cache=1515671955477 HTTP/1.1" 200 19047
186.103.159.44 - - [11/Jan/2018:08:59:58 -0300] "GET /cormun/servlet/solicitudotadjuntos?93f5696ec6af881851328fe3ede9ab9a6d84c9e47cba43cc7530a43f406c312af143493dfd812ba0b0ce7a0cd012de36,gx-no-cache=1515671960248 HTTP/1.1" 200 30
186.103.159.44 - - [11/Jan/2018:08:59:58 -0300] "POST /cormun/servlet/solicitudotadjuntos?7680f75a9c3e26756cadc1e4993d38b7,INS,2018,8546,,1,,gx-no-cache=1515671960296 HTTP/1.1" 200 3983
200.112.4.188 - - [11/Jan/2018:08:59:58 -0300] "POST /cormun/servlet/solicitudot?gx-no-cache=1515671961855 HTTP/1.1" 200 30
186.103.159.44 - - [11/Jan/2018:09:00:00 -0300] "POST /cormun/servlet/solicitudotadjuntos?gx-no-cache=1515671963035 HTTP/1.1" 200 26
200.112.4.188 - - [11/Jan/2018:09:00:01 -0300] "POST /cormun/servlet/solicitudot?fdac12490247b725ab8bbcf563743603,INS,0,0,,gx-no-cache=1515671964242 HTTP/1.1" 200 11245
200.112.4.188 - - [11/Jan/2018:09:00:01 -0300] "GET /cormun/static/Shared/jqueryui/images/ui-bg_highlight-soft_100_c6c2c8_1x100.png HTTP/1.1" 404 1117
200.112.4.188 - - [11/Jan/2018:09:00:02 -0300] "GET /cormun/static/Shared/jqueryui/images/ui-icons_82798d_256x240.png HTTP/1.1" 404 1089
200.112.4.188 - - [11/Jan/2018:09:00:02 -0300] "GET /cormun/static/Shared/jqueryui/images/ui-bg_flat_55_994d53_40x100.png HTTP/1.1" 404 1097
200.112.4.188 - - [11/Jan/2018:09:00:02 -0300] "GET /cormun/static/Shared/jqueryui/images/ui-icons_ebccce_256x240.png HTTP/1.1" 404 1089
186.67.172.234 - - [11/Jan/2018:09:00:03 -0300] "POST /cormun/servlet/trsolicitudot?6a45060ea41b8c4e5adc1453320c42a0,gx-no-cache=1515671960820 HTTP/1.1" 200 18984
186.103.159.44 - - [11/Jan/2018:09:00:06 -0300] "GET /cormun/servlet/solicitudotadjuntos?93f5696ec6af881851328fe3ede9ab9a135ff810eaf89621c468429739a4b92a,gx-no-cache=1515671968820 HTTP/1.1" 200 30
186.103.159.44 - - [11/Jan/2018:09:00:06 -0300] "GET /cormun/servlet/solicitudotadjuntos?93f5696ec6af881851328fe3ede9ab9a135ff810eaf89621c468429739a4b92a,gx-no-cache=1515671968838 HTTP/1.1" 200 30
186.67.172.234 - - [11/Jan/2018:09:00:07 -0300] "POST /cormun/servlet/trsolicitudot?6a45060ea41b8c4e5adc1453320c42a0,gx-no-cache=1515671965397 HTTP/1.1" 200 18786
186.103.159.44 - - [11/Jan/2018:09:00:08 -0300] "POST /cormun/servlet/solicitudotadjuntos?7680f75a9c3e26756cadc1e4993d38b7,INS,2018,8546,,1, HTTP/1.1" 200 116
186.103.159.44 - - [11/Jan/2018:09:00:08 -0300] "GET /cormun/servlet/hpexe_return? HTTP/1.1" 200 1027
186.103.159.44 - - [11/Jan/2018:09:00:09 -0300] "GET /cormun/servlet/trsolicitudadjuntos?2018,8546, HTTP/1.1" 200 8939
186.103.159.44 - - [11/Jan/2018:09:00:12 -0300] "GET /cormun/servlet/solicitudotadjuntos?INS,2018,8546,,1, HTTP/1.1" 200 6167
186.103.159.44 - - [11/Jan/2018:09:00:12 -0300] "HEAD /cormun/static/about:blank HTTP/1.1" 404 -
186.67.172.234 - - [11/Jan/2018:09:00:12 -0300] "POST /cormun/servlet/trsolicitudot?6a45060ea41b8c4e5adc1453320c42a0,gx-no-cache=1515671970776 HTTP/1.1" 200 18723
186.103.159.44 - - [11/Jan/2018:09:00:13 -0300] "GET /cormun/servlet/solicitudotadjuntos?93f5696ec6af881851328fe3ede9ab9a6d84c9e47cba43cc7530a43f406c312af143493dfd812ba0b0ce7a0cd012de36,gx-no-cache=1515671975594 HTTP/1.1" 200 30
186.103.159.44 - - [11/Jan/2018:09:00:13 -0300] "POST /cormun/servlet/solicitudotadjuntos?7680f75a9c3e26756cadc1e4993d38b7,INS,2018,8546,,1,,gx-no-cache=1515671975636 HTTP/1.1" 200 3983
186.103.159.44 - - [11/Jan/2018:09:00:16 -0300] "POST /cormun/servlet/solicitudotadjuntos?gx-no-cache=1515671978427 HTTP/1.1" 200 26
186.67.172.234 - - [11/Jan/2018:09:00:17 -0300] "POST /cormun/servlet/trsolicitudot?6a45060ea41b8c4e5adc1453320c42a0,gx-no-cache=1515671975245 HTTP/1.1" 200 18455
200.112.48.103 - - [11/Jan/2018:09:00:18 -0300] "POST /cormun/servlet/trautorizarsolicitud?bc2325251ecf88339ac469bc6bd5f685,,gx-no-cache=1515671972972 HTTP/1.1" 200 4406
186.67.172.234 - - [11/Jan/2018:09:00:23 -0300] "POST /cormun/servlet/trsolicitudot?6a45060ea41b8c4e5adc1453320c42a0,gx-no-cache=1515671980450 HTTP/1.1" 200 18391
200.112.48.103 - - [11/Jan/2018:09:00:23 -0300] "POST /cormun/servlet/trautorizarsolicitud?bc2325251ecf88339ac469bc6bd5f685,,gx-no-cache=1515671980551 HTTP/1.1" 200 4407
186.67.172.234 - - [11/Jan/2018:09:00:27 -0300] "POST /cormun/servlet/trsolicitudot?6a45060ea41b8c4e5adc1453320c42a0,gx-no-cache=1515671985869 HTTP/1.1" 200 18095
186.103.159.44 - - [11/Jan/2018:09:00:28 -0300] "GET /cormun/servlet/solicitudotadjuntos?93f5696ec6af881851328fe3ede9ab9a135ff810eaf89621c468429739a4b92a,gx-no-cache=1515671990364 HTTP/1.1" 200 30
186.103.159.44 - - [11/Jan/2018:09:00:28 -0300] "GET /cormun/servlet/solicitudotadjuntos?93f5696ec6af881851328fe3ede9ab9a135ff810eaf89621c468429739a4b92a,gx-no-cache=1515671990382 HTTP/1.1" 200 30
186.103.159.44 - - [11/Jan/2018:09:00:29 -0300] "POST /cormun/servlet/solicitudotadjuntos?7680f75a9c3e26756cadc1e4993d38b7,INS,2018,8546,,1, HTTP/1.1" 200 116
186.103.159.44 - - [11/Jan/2018:09:00:29 -0300] "GET /cormun/servlet/hpexe_return? HTTP/1.1" 200 1027
186.103.159.44 - - [11/Jan/2018:09:00:30 -0300] "GET /cormun/servlet/trsolicitudadjuntos?2018,8546, HTTP/1.1" 200 9117
200.112.4.188 - - [11/Jan/2018:09:00:31 -0300] "POST /cormun/servlet/solicitudot?gx-no-cache=1515671993966 HTTP/1.1" 200 47
186.67.172.234 - - [11/Jan/2018:09:00:33 -0300] "POST /cormun/servlet/trsolicitudot?6a45060ea41b8c4e5adc1453320c42a0,gx-no-cache=1515671991158 HTTP/1.1" 200 18033
200.112.4.188 - - [11/Jan/2018:09:00:34 -0300] "POST /cormun/servlet/solicitudot?gx-no-cache=1515671997182 HTTP/1.1" 200 255
200.112.4.188 - - [11/Jan/2018:09:00:34 -0300] "GET /cormun/servlet/solicitudot?0ef28dfdcd90dde18e575c1415baee14f5f22a967603a0dc9ce77f4133c5c90f5628f4008dafc31678a8baf2bf41b0dfd2e56f19beb73a1c44aa5e52c031e8bd894c37c21476fde746e5884a7f354104a3fc55cec6d18900ffc857701f184d01bcfd925115fe845b32e9219817d1634dad54b2827e768cd32f33114c5dcfd21241ce5b058b5ef6745b1ab0466cee40bc512d883e52263564fa12ec14f32b394b4c84bb2fd0e6696773f8f1246e811a7c4760ccb6cb32c6ed498fff307e15ba845e0dbc4626af4e1cfdc0595b7708ed067185fc79813148ee0aeadc60a3cdcddc2a2a813edfc0f1a74189f0e5c3475357f1e577a8e6b10d89f3dfafe5e6823d75ee84458d9e527078fe31f947dd7a6d3637c6732fa691df22b1597f8134df9d648835cddb70d80709a83114286b86318a0c5cc21616be27486fdd32e39b011774d2d622d0befccd15d68ebb63f0ad31c9e8a263908b86404cef0718c1c87321f5c7daf63ae6fc15e1d9318022eb956fc71978195c1b98d237bf35302c127115b0,gx-no-cache=1515671997288 HTTP/1.1" 200 30
200.112.4.188 - - [11/Jan/2018:09:00:34 -0300] "POST /cormun/servlet/solicitudot?gx-no-cache=1515671997378 HTTP/1.1" 200 30
200.112.4.188 - - [11/Jan/2018:09:00:34 -0300] "POST /cormun/servlet/solicitudot?gx-no-cache=1515671997494 HTTP/1.1" 200 1356
200.112.4.188 - - [11/Jan/2018:09:00:34 -0300] "POST /cormun/servlet/solicitudot?gx-no-cache=1515671997667 HTTP/1.1" 200 41
200.112.4.188 - - [11/Jan/2018:09:00:34 -0300] "POST /cormun/servlet/solicitudot?gx-no-cache=1515671997788 HTTP/1.1" 200 1339
200.112.4.188 - - [11/Jan/2018:09:00:35 -0300] "POST /cormun/servlet/solicitudot?gx-no-cache=1515671997974 HTTP/1.1" 200 1220
200.112.4.188 - - [11/Jan/2018:09:00:35 -0300] "GET /cormun/servlet/solicitudot?0ef28dfdcd90dde18e575c1415baee14ee2f976f41b77f23aa6de2e3f38a5901212fb761b83712a4dfca30098cc1f561,gx-no-cache=1515671998164 HTTP/1.1" 200 30
200.112.4.188 - - [11/Jan/2018:09:00:35 -0300] "POST /cormun/servlet/solicitudot?gx-no-cache=1515671998245 HTTP/1.1" 200 30
200.112.4.188 - - [11/Jan/2018:09:00:35 -0300] "POST /cormun/servlet/solicitudot?fdac12490247b725ab8bbcf563743603,INS,0,0,,gx-no-cache=1515671998344 HTTP/1.1" 200 12295
186.67.172.234 - - [11/Jan/2018:09:00:37 -0300] "POST /cormun/servlet/trsolicitudot?6a45060ea41b8c4e5adc1453320c42a0,gx-no-cache=1515671996084 HTTP/1.1" 200 17846
186.103.159.44 - - [11/Jan/2018:09:00:39 -0300] "GET /cormun/servlet/solicitudotadjuntos?INS,2018,8546,,1, HTTP/1.1" 200 6166
186.103.159.44 - - [11/Jan/2018:09:00:39 -0300] "HEAD /cormun/static/about:blank HTTP/1.1" 404 -
186.103.159.44 - - [11/Jan/2018:09:00:40 -0300] "GET /cormun/servlet/solicitudotadjuntos?93f5696ec6af881851328fe3ede9ab9a6d84c9e47cba43cc7530a43f406c312af143493dfd812ba0b0ce7a0cd012de36,gx-no-cache=1515672002678 HTTP/1.1" 200 30
186.103.159.44 - - [11/Jan/2018:09:00:40 -0300] "POST /cormun/servlet/solicitudotadjuntos?7680f75a9c3e26756cadc1e4993d38b7,INS,2018,8546,,1,,gx-no-cache=1515672002730 HTTP/1.1" 200 3982
186.103.159.44 - - [11/Jan/2018:09:00:43 -0300] "POST /cormun/servlet/solicitudotadjuntos?gx-no-cache=1515672005635 HTTP/1.1" 200 26
186.67.172.234 - - [11/Jan/2018:09:00:43 -0300] "POST /cormun/servlet/trsolicitudot?6a45060ea41b8c4e5adc1453320c42a0,gx-no-cache=1515672001271 HTTP/1.1" 200 17784
200.112.4.188 - - [11/Jan/2018:09:00:47 -0300] "POST /cormun/servlet/solicitudot?fdac12490247b725ab8bbcf563743603,INS,0,0,,gx-no-cache=1515672009943 HTTP/1.1" 200 93
200.112.4.188 - - [11/Jan/2018:09:00:47 -0300] "GET /cormun/servlet/hpexe_return? HTTP/1.1" 200 1008
200.112.4.188 - - [11/Jan/2018:09:00:48 -0300] "GET /cormun/servlet/trsolicitudot HTTP/1.1" 200 20030
186.67.172.234 - - [11/Jan/2018:09:00:48 -0300] "POST /cormun/servlet/trsolicitudot?6a45060ea41b8c4e5adc1453320c42a0,gx-no-cache=1515672006236 HTTP/1.1" 200 17491
200.112.4.188 - - [11/Jan/2018:09:00:48 -0300] "GET /cormun/servlet/trsolicitudot HTTP/1.1" 200 20025
186.103.159.44 - - [11/Jan/2018:09:00:50 -0300] "GET /cormun/servlet/solicitudotadjuntos?93f5696ec6af881851328fe3ede9ab9a135ff810eaf89621c468429739a4b92a,gx-no-cache=1515672012147 HTTP/1.1" 200 30
186.103.159.44 - - [11/Jan/2018:09:00:50 -0300] "GET /cormun/servlet/solicitudotadjuntos?93f5696ec6af881851328fe3ede9ab9a135ff810eaf89621c468429739a4b92a,gx-no-cache=1515672012206 HTTP/1.1" 200 30
200.112.4.188 - - [11/Jan/2018:09:00:51 -0300] "GET /cormun/servlet/solicitudot?INS,0,0, HTTP/1.1" 200 13920
200.112.4.188 - - [11/Jan/2018:09:00:52 -0300] "GET /cormun/servlet/solicitudot?INS,0,0, HTTP/1.1" 200 13925
186.67.172.234 - - [11/Jan/2018:09:00:53 -0300] "POST /cormun/servlet/trsolicitudot?6a45060ea41b8c4e5adc1453320c42a0,gx-no-cache=1515672011395 HTTP/1.1" 200 17429
200.112.4.188 - - [11/Jan/2018:09:00:53 -0300] "GET /cormun/servlet/prfichaempleado?,MD,,gxPopupLevel%3D0%3B HTTP/1.1" 200 9336
186.67.172.234 - - [11/Jan/2018:09:00:58 -0300] "POST /cormun/servlet/trsolicitudot?6a45060ea41b8c4e5adc1453320c42a0,gx-no-cache=1515672016252 HTTP/1.1" 200 17122
186.103.159.44 - - [11/Jan/2018:09:00:59 -0300] "POST /cormun/servlet/solicitudotadjuntos?7680f75a9c3e26756cadc1e4993d38b7,INS,2018,8546,,1, HTTP/1.1" 200 116
186.103.159.44 - - [11/Jan/2018:09:00:59 -0300] "GET /cormun/servlet/hpexe_return? HTTP/1.1" 200 1027
186.103.159.44 - - [11/Jan/2018:09:01:00 -0300] "GET /cormun/servlet/trsolicitudadjuntos?2018,8546, HTTP/1.1" 200 9339
200.112.4.188 - - [11/Jan/2018:09:01:01 -0300] "POST /cormun/servlet/prfichaempleado?fdac12490247b725ab8bbcf563743603,,MD,,gxPopupLevel%3D0%3B,gx-no-cache=1515672023964 HTTP/1.1" 200 3417
186.67.172.234 - - [11/Jan/2018:09:01:03 -0300] "POST /cormun/servlet/trsolicitudot?6a45060ea41b8c4e5adc1453320c42a0,gx-no-cache=1515672021984 HTTP/1.1" 200 17060
200.112.4.188 - - [11/Jan/2018:09:01:04 -0300] "POST /cormun/servlet/solicitudot?gx-no-cache=1515672027108 HTTP/1.1" 200 3854
200.112.4.188 - - [11/Jan/2018:09:01:04 -0300] "POST /cormun/servlet/solicitudot?fdac12490247b725ab8bbcf563743603,INS,0,0,,gx-no-cache=1515672027571 HTTP/1.1" 200 10838
200.112.4.188 - - [11/Jan/2018:09:01:05 -0300] "GET /cormun/servlet/solicitudot?0ef28dfdcd90dde18e575c1415baee142d4464c9a9319135775b785d8667b0d7a4bd89237fe4e5bfe125c0bf9ab928b2,gx-no-cache=1515672028130 HTTP/1.1" 200 30
186.103.159.44 - - [11/Jan/2018:09:01:06 -0300] "GET /cormun/servlet/solicitudotadjuntos?INS,2018,8546,,1, HTTP/1.1" 200 6166
186.103.159.44 - - [11/Jan/2018:09:01:06 -0300] "HEAD /cormun/static/about:blank HTTP/1.1" 404 -
200.112.4.188 - - [11/Jan/2018:09:01:06 -0300] "POST /cormun/servlet/solicitudot?gx-no-cache=1515672029662 HTTP/1.1" 200 60
200.112.4.188 - - [11/Jan/2018:09:01:06 -0300] "POST /cormun/servlet/solicitudot?gx-no-cache=1515672029796 HTTP/1.1" 200 255
200.112.4.188 - - [11/Jan/2018:09:01:06 -0300] "GET /cormun/servlet/solicitudot?0ef28dfdcd90dde18e575c1415baee14f5f22a967603a0dc9ce77f4133c5c90f5628f4008dafc31678a8baf2bf41b0dfd2e56f19beb73a1c44aa5e52c031e8bd894c37c21476fde746e5884a7f354104a3fc55cec6d18900ffc857701f184d01bcfd925115fe845b32e9219817d1634dad54b2827e768cd32f33114c5dcfd21241ce5b058b5ef6745b1ab0466cee40bc512d883e52263564fa12ec14f32b394b4c84bb2fd0e6696773f8f1246e811a7c4760ccb6cb32c6ed498fff307e15ba845e0dbc4626af4e1cfdc0595b7708ed067185fc79813148ee0aeadc60a3cdcddc2a2a813edfc0f1a74189f0e5c3475357f1e577a8e6b10d89f3dfafe5e6823d75ee84458d9e527078fe31f947dd7a6d3637c6732fa691df22b1597f8134df9d648835cddb70d80709a83114286b86318a0c5cc21616be27486fdd32e39b011774d2d622d0befccd15d68ebb63f0ad31c9e8a263908b86404cef0718c1c87321f5c7daf63ae6fc15e1d9318022eb956fc7645c3a705ce3da4e118d89aa3c58a584,gx-no-cache=1515672029909 HTTP/1.1" 200 30
200.112.4.188 - - [11/Jan/2018:09:01:07 -0300] "POST /cormun/servlet/solicitudot?gx-no-cache=1515672030004 HTTP/1.1" 200 30
200.112.4.188 - - [11/Jan/2018:09:01:07 -0300] "POST /cormun/servlet/solicitudot?gx-no-cache=1515672030125 HTTP/1.1" 200 1357
186.103.159.44 - - [11/Jan/2018:09:01:07 -0300] "GET /cormun/servlet/solicitudotadjuntos?93f5696ec6af881851328fe3ede9ab9a6d84c9e47cba43cc7530a43f406c312af143493dfd812ba0b0ce7a0cd012de36,gx-no-cache=1515672029257 HTTP/1.1" 200 30
200.112.4.188 - - [11/Jan/2018:09:01:07 -0300] "POST /cormun/servlet/solicitudot?gx-no-cache=1515672030276 HTTP/1.1" 200 38
186.103.159.44 - - [11/Jan/2018:09:01:07 -0300] "POST /cormun/servlet/solicitudotadjuntos?7680f75a9c3e26756cadc1e4993d38b7,INS,2018,8546,,1,,gx-no-cache=1515672029298 HTTP/1.1" 200 3982
186.103.159.44 - - [11/Jan/2018:09:01:09 -0300] "POST /cormun/servlet/solicitudotadjuntos?gx-no-cache=1515672031835 HTTP/1.1" 200 26
186.67.172.234 - - [11/Jan/2018:09:01:10 -0300] "POST /cormun/servlet/trsolicitudot?6a45060ea41b8c4e5adc1453320c42a0,gx-no-cache=1515672028556 HTTP/1.1" 200 16808
200.112.4.188 - - [11/Jan/2018:09:01:13 -0300] "GET /cormun/servlet/solicitudot?0ef28dfdcd90dde18e575c1415baee1459fa5559b2e9cef4ce0de18385c073f77998582a99cb1cf3cdf4b1bc8a907b63cf2c83964ea39af41d31d38b79e8cc2d1cb97456cf48f0d1be21d8cd92d1b115ed248dfad60270f486c601c4eab8351754bfad4a99dabb93b5f2515b4b5b9f898eca16f63d4554e2cc8c5823f23779d4543f821eb73905b0c63c1433d9fc9e33e5f8c6d0307c0463970433c86c3380d6,gx-no-cache=1515672036472 HTTP/1.1" 200 29
200.112.4.188 - - [11/Jan/2018:09:01:13 -0300] "POST /cormun/servlet/solicitudot?gx-no-cache=1515672036549 HTTP/1.1" 200 220
200.112.4.188 - - [11/Jan/2018:09:01:13 -0300] "GET /cormun/servlet/solicitudot?0ef28dfdcd90dde18e575c1415baee142eec0421c4fbe36328527318ba8d1288e5c58558b4feb03e307142c88025fbc1689ecf77d724299082f4e6c8bbfa8426841e14addbabbd947fb5c4f92b1b86a236f2ffba891440f08dddf21643f54aed7998582a99cb1cf3cdf4b1bc8a907b634f41cda70e1ac180a6d8829e9f85ab23dd477fd5a1c68b400fd8e3b6afcbee36,gx-no-cache=1515672036732 HTTP/1.1" 200 55
200.112.4.188 - - [11/Jan/2018:09:01:13 -0300] "GET /cormun/static/menuarrow.gif HTTP/1.1" 404 1015
200.112.4.188 - - [11/Jan/2018:09:01:15 -0300] "POST /cormun/servlet/solicitudot?gx-no-cache=1515672038376 HTTP/1.1" 200 216
200.112.4.188 - - [11/Jan/2018:09:01:15 -0300] "GET /cormun/servlet/solicitudot?0ef28dfdcd90dde18e575c1415baee142eec0421c4fbe36328527318ba8d1288e5c58558b4feb03e307142c88025fbc1689ecf77d724299082f4e6c8bbfa8426841e14addbabbd947fb5c4f92b1b86a236f2ffba891440f08dddf21643f54aed7998582a99cb1cf3cdf4b1bc8a907b634f41cda70e1ac180a6d8829e9f85ab23dd477fd5a1c68b400fd8e3b6afcbee36,gx-no-cache=1515672038465 HTTP/1.1" 200 55
186.103.159.44 - - [11/Jan/2018:09:01:15 -0300] "GET /cormun/servlet/solicitudotadjuntos?93f5696ec6af881851328fe3ede9ab9a135ff810eaf89621c468429739a4b92a,gx-no-cache=1515672037715 HTTP/1.1" 200 30
186.103.159.44 - - [11/Jan/2018:09:01:15 -0300] "GET /cormun/servlet/solicitudotadjuntos?93f5696ec6af881851328fe3ede9ab9a135ff810eaf89621c468429739a4b92a,gx-no-cache=1515672037744 HTTP/1.1" 200 30
186.67.172.234 - - [11/Jan/2018:09:01:16 -0300] "POST /cormun/servlet/trsolicitudot?6a45060ea41b8c4e5adc1453320c42a0,gx-no-cache=1515672034174 HTTP/1.1" 200 16748
186.103.159.44 - - [11/Jan/2018:09:01:17 -0300] "POST /cormun/servlet/solicitudotadjuntos?7680f75a9c3e26756cadc1e4993d38b7,INS,2018,8546,,1, HTTP/1.1" 200 116
186.103.159.44 - - [11/Jan/2018:09:01:17 -0300] "GET /cormun/servlet/hpexe_return? HTTP/1.1" 200 1027
200.112.4.188 - - [11/Jan/2018:09:01:18 -0300] "GET /cormun/servlet/solicitudot?0ef28dfdcd90dde18e575c1415baee14ee2f976f41b77f23aa6de2e3f38a5901212fb761b83712a4dfca30098cc1f561,gx-no-cache=1515672041165 HTTP/1.1" 200 30
186.103.159.44 - - [11/Jan/2018:09:01:18 -0300] "GET /cormun/servlet/trsolicitudadjuntos?2018,8546, HTTP/1.1" 200 9576
186.103.158.250 - - [11/Jan/2018:09:01:19 -0300] "POST /cormun/servlet/solicitudotcontratos?c68af9684c1ff4b1bc235ea41b069815,INS,2018,0,11056121,0,6,2017,5435,INTEGRACION,201711,14,*,,gx-no-cache=1515672038096 HTTP/1.1" 200 10808
186.103.158.250 - - [11/Jan/2018:09:01:19 -0300] "POST /cormun/servlet/solicitudotcontratos?gx-no-cache=1515672038750 HTTP/1.1" 200 1342
186.103.158.250 - - [11/Jan/2018:09:01:19 -0300] "POST /cormun/servlet/solicitudotcontratos?gx-no-cache=1515672038857 HTTP/1.1" 200 1221
186.103.158.250 - - [11/Jan/2018:09:01:19 -0300] "GET /cormun/servlet/solicitudotcontratos?a901e8579d770ef9956a0673612987727b104d8f2072ae4e6200696f0e2c250357a10b1952826259fb279366a39b6d573f375ffd8b55bc10c427fd93d3e7cc942ed032aab4a57d71db6025036732dff4f07250f37f17439cef928f1502fbcbad97522f3c74c4d2c44cfb1e14bbf551b76cdd7934bec08806281c49359fb80487,gx-no-cache=1515672038952 HTTP/1.1" 200 30
186.103.158.250 - - [11/Jan/2018:09:01:19 -0300] "POST /cormun/servlet/solicitudotcontratos?c68af9684c1ff4b1bc235ea41b069815,INS,2018,0,11056121,0,6,2017,5435,INTEGRACION,201711,14,*,,gx-no-cache=1515672039024 HTTP/1.1" 200 10804
186.103.158.250 - - [11/Jan/2018:09:01:20 -0300] "POST /cormun/servlet/solicitudotcontratos?gx-no-cache=1515672039411 HTTP/1.1" 200 1342
186.103.158.250 - - [11/Jan/2018:09:01:20 -0300] "POST /cormun/servlet/solicitudotcontratos?gx-no-cache=1515672039480 HTTP/1.1" 200 1221
186.103.158.250 - - [11/Jan/2018:09:01:20 -0300] "GET /cormun/servlet/solicitudotcontratos?a901e8579d770ef9956a0673612987727b104d8f2072ae4e6200696f0e2c250357a10b1952826259fb279366a39b6d573f375ffd8b55bc10c427fd93d3e7cc942ed032aab4a57d71db6025036732dff4f07250f37f17439cef928f1502fbcbad97522f3c74c4d2c44cfb1e14bbf551b76cdd7934bec08806281c49359fb80487,gx-no-cache=1515672039531 HTTP/1.1" 200 30
186.67.172.234 - - [11/Jan/2018:09:01:21 -0300] "POST /cormun/servlet/trsolicitudot?6a45060ea41b8c4e5adc1453320c42a0,gx-no-cache=1515672039100 HTTP/1.1" 200 16574
186.103.159.44 - - [11/Jan/2018:09:01:21 -0300] "GET /cormun/servlet/solicitudotadjuntos?INS,2018,8546,,1, HTTP/1.1" 200 6167
186.103.159.44 - - [11/Jan/2018:09:01:22 -0300] "HEAD /cormun/static/about:blank HTTP/1.1" 404 -
186.103.159.44 - - [11/Jan/2018:09:01:22 -0300] "GET /cormun/servlet/solicitudotadjuntos?93f5696ec6af881851328fe3ede9ab9a6d84c9e47cba43cc7530a43f406c312af143493dfd812ba0b0ce7a0cd012de36,gx-no-cache=1515672045026 HTTP/1.1" 200 30
186.103.159.44 - - [11/Jan/2018:09:01:23 -0300] "POST /cormun/servlet/solicitudotadjuntos?7680f75a9c3e26756cadc1e4993d38b7,INS,2018,8546,,1,,gx-no-cache=1515672045078 HTTP/1.1" 200 3983
200.112.4.188 - - [11/Jan/2018:09:01:25 -0300] "POST /cormun/servlet/solicitudot?gx-no-cache=1515672048630 HTTP/1.1" 200 30
186.67.172.234 - - [11/Jan/2018:09:01:26 -0300] "POST /cormun/servlet/trsolicitudot?6a45060ea41b8c4e5adc1453320c42a0,gx-no-cache=1515672044681 HTTP/1.1" 200 16513
186.103.159.44 - - [11/Jan/2018:09:01:27 -0300] "POST /cormun/servlet/solicitudotadjuntos?7680f75a9c3e26756cadc1e4993d38b7,INS,2018,8546,,1,,gx-no-cache=1515672049351 HTTP/1.1" 200 93
186.103.159.44 - - [11/Jan/2018:09:01:27 -0300] "GET /cormun/servlet/hpexe_return? HTTP/1.1" 200 1027
200.112.4.188 - - [11/Jan/2018:09:01:28 -0300] "POST /cormun/servlet/solicitudot?gx-no-cache=1515672050641 HTTP/1.1" 200 1356
200.112.4.188 - - [11/Jan/2018:09:01:28 -0300] "POST /cormun/servlet/solicitudot?gx-no-cache=1515672051404 HTTP/1.1" 200 41
200.112.4.188 - - [11/Jan/2018:09:01:28 -0300] "POST /cormun/servlet/solicitudot?gx-no-cache=1515672051495 HTTP/1.1" 200 220
186.103.159.44 - - [11/Jan/2018:09:01:28 -0300] "GET /cormun/servlet/trsolicitudadjuntos?2018,8546, HTTP/1.1" 200 9575
200.112.4.188 - - [11/Jan/2018:09:01:28 -0300] "GET /cormun/servlet/solicitudot?0ef28dfdcd90dde18e575c1415baee142eec0421c4fbe36328527318ba8d1288e5c58558b4feb03e307142c88025fbc1689ecf77d724299082f4e6c8bbfa8426841e14addbabbd947fb5c4f92b1b86a236f2ffba891440f08dddf21643f54aed7998582a99cb1cf3cdf4b1bc8a907b634f41cda70e1ac180a6d8829e9f85ab23dd477fd5a1c68b400fd8e3b6afcbee36,gx-no-cache=1515672051687 HTTP/1.1" 200 55
200.112.4.188 - - [11/Jan/2018:09:01:28 -0300] "POST /cormun/servlet/solicitudot?gx-no-cache=1515672051765 HTTP/1.1" 200 30
200.112.4.188 - - [11/Jan/2018:09:01:29 -0300] "POST /cormun/servlet/solicitudot?fdac12490247b725ab8bbcf563743603,INS,0,0,,gx-no-cache=1515672051916 HTTP/1.1" 200 93
200.112.4.188 - - [11/Jan/2018:09:01:29 -0300] "GET /cormun/servlet/hpexe_return? HTTP/1.1" 200 1008
200.112.4.188 - - [11/Jan/2018:09:01:30 -0300] "GET /cormun/servlet/trsolicitudot HTTP/1.1" 200 20361
200.112.4.188 - - [11/Jan/2018:09:01:31 -0300] "GET /cormun/servlet/trsolicitudot HTTP/1.1" 200 20357
186.103.159.44 - - [11/Jan/2018:09:01:31 -0300] "GET /cormun/servlet/solicitudotadjuntos?INS,2018,8546,,2, HTTP/1.1" 200 6167
186.103.159.44 - - [11/Jan/2018:09:01:32 -0300] "HEAD /cormun/static/about:blank HTTP/1.1" 404 -
186.103.159.44 - - [11/Jan/2018:09:01:32 -0300] "GET /cormun/servlet/solicitudotadjuntos?93f5696ec6af881851328fe3ede9ab9a6d84c9e47cba43cc7530a43f406c312af143493dfd812ba0b0ce7a0cd012de36,gx-no-cache=1515672054953 HTTP/1.1" 200 30
186.103.159.44 - - [11/Jan/2018:09:01:33 -0300] "POST /cormun/servlet/solicitudotadjuntos?7680f75a9c3e26756cadc1e4993d38b7,INS,2018,8546,,2,,gx-no-cache=1515672055037 HTTP/1.1" 200 4197
200.112.4.188 - - [11/Jan/2018:09:01:36 -0300] "GET /cormun/servlet/solicitudot?INS,0,0, HTTP/1.1" 200 13923
186.67.172.234 - - [11/Jan/2018:09:01:36 -0300] "POST /cormun/servlet/trsolicitudot?6a45060ea41b8c4e5adc1453320c42a0,gx-no-cache=1515672054580 HTTP/1.1" 200 16177
200.112.4.188 - - [11/Jan/2018:09:01:36 -0300] "GET /cormun/servlet/solicitudot?INS,0,0, HTTP/1.1" 200 13928
186.103.159.44 - - [11/Jan/2018:09:01:36 -0300] "POST /cormun/servlet/solicitudotadjuntos?gx-no-cache=1515672058867 HTTP/1.1" 200 26
200.112.4.188 - - [11/Jan/2018:09:01:38 -0300] "GET /cormun/servlet/prfichaempleado?,MD,,gxPopupLevel%3D0%3B HTTP/1.1" 200 9336
186.103.158.250 - - [11/Jan/2018:09:01:40 -0300] "POST /cormun/servlet/solicitudotcontratos?c68af9684c1ff4b1bc235ea41b069815,INS,2018,0,11056121,0,6,2017,5435,INTEGRACION,201711,14,*,,gx-no-cache=1515672059602 HTTP/1.1" 200 10833
186.103.159.44 - - [11/Jan/2018:09:01:40 -0300] "GET /cormun/servlet/solicitudotadjuntos?93f5696ec6af881851328fe3ede9ab9a135ff810eaf89621c468429739a4b92a,gx-no-cache=1515672062755 HTTP/1.1" 200 30
186.103.159.44 - - [11/Jan/2018:09:01:40 -0300] "GET /cormun/servlet/solicitudotadjuntos?93f5696ec6af881851328fe3ede9ab9a135ff810eaf89621c468429739a4b92a,gx-no-cache=1515672062799 HTTP/1.1" 200 30
186.103.159.44 - - [11/Jan/2018:09:01:41 -0300] "POST /cormun/servlet/solicitudotadjuntos?7680f75a9c3e26756cadc1e4993d38b7,INS,2018,8546,,2, HTTP/1.1" 200 116
186.103.159.44 - - [11/Jan/2018:09:01:41 -0300] "GET /cormun/servlet/hpexe_return? HTTP/1.1" 200 1027
186.67.172.234 - - [11/Jan/2018:09:01:42 -0300] "POST /cormun/servlet/trsolicitudot?6a45060ea41b8c4e5adc1453320c42a0,gx-no-cache=1515672059673 HTTP/1.1" 200 16116
186.103.159.44 - - [11/Jan/2018:09:01:42 -0300] "GET /cormun/servlet/trsolicitudadjuntos?2018,8546, HTTP/1.1" 200 9742
200.112.4.188 - - [11/Jan/2018:09:01:46 -0300] "POST /cormun/servlet/prfichaempleado?fdac12490247b725ab8bbcf563743603,,MD,,gxPopupLevel%3D0%3B,gx-no-cache=1515672069667 HTTP/1.1" 200 3434
