186.103.159.189 - - [11/Jan/2018:11:55:36 -0300] "POST /cormun/servlet/solicitudotadjuntos?d134df0372c1084e85d48c640caa470d,INS,2018,8707,,1,,gx-no-cache=1515686094316 HTTP/1.1" 200 3984
157.55.39.90 - - [11/Jan/2018:11:55:37 -0300] "GET /cormun/servlet/trsolicitudot?_escaped_fragment_= HTTP/1.1" 200 6398
186.103.132.155 - - [11/Jan/2018:11:55:38 -0300] "GET /cormun/servlet/trcontratoobservaciondir? HTTP/1.1" 200 6370
186.103.132.155 - - [11/Jan/2018:11:55:38 -0300] "GET /cormun/static/gxcfg.js?20175251262281 HTTP/1.1" 200 953
190.151.100.218 - - [11/Jan/2018:11:55:39 -0300] "GET /cormun/static/trcontratoobservaciondir.js?20175251262715 HTTP/1.1" 200 27185
190.151.100.218 - - [11/Jan/2018:11:55:39 -0300] "GET /cormun/static/Resources/PXToolsActionExcel.png HTTP/1.1" 200 3187
190.151.100.218 - - [11/Jan/2018:11:55:39 -0300] "GET /cormun/servlet/trcontratoobservaciondir? HTTP/1.1" 200 6369
186.103.159.189 - - [11/Jan/2018:11:55:41 -0300] "POST /cormun/servlet/solicitudotadjuntos?gx-no-cache=1515686099462 HTTP/1.1" 200 26
40.77.167.52 - - [11/Jan/2018:11:55:50 -0300] "GET /cormun/static/gxui/gxui-all.css?120300 HTTP/1.1" 200 2179
186.103.159.189 - - [11/Jan/2018:11:55:50 -0300] "GET /cormun/servlet/solicitudotadjuntos?4f5d1eb59b741b78f7f6e2fb72aa96da729ee1612dcfab9a93f007fe6a44292d,gx-no-cache=1515686108395 HTTP/1.1" 200 30
186.103.159.189 - - [11/Jan/2018:11:55:50 -0300] "GET /cormun/servlet/solicitudotadjuntos?4f5d1eb59b741b78f7f6e2fb72aa96da729ee1612dcfab9a93f007fe6a44292d,gx-no-cache=1515686108441 HTTP/1.1" 200 30
186.103.159.230 - - [11/Jan/2018:11:55:51 -0300] "POST /cormun/servlet/solicitudotcontratos?791514d69b86179c2519017933654bd4,INS,2018,0,17524722,K,2,2017,1927,NADA,201711,30,B,,gx-no-cache=1515682503899 HTTP/1.1" 200 93
186.103.159.230 - - [11/Jan/2018:11:55:51 -0300] "GET /cormun/servlet/hpexe_return? HTTP/1.1" 200 1073
186.103.159.230 - - [11/Jan/2018:11:55:51 -0300] "GET /cormun/static/gxcfg.js?2016101716175148 HTTP/1.1" 200 953
186.103.159.230 - - [11/Jan/2018:11:55:51 -0300] "GET /cormun/static/hpexe_return.js?2016101716175153 HTTP/1.1" 200 1633
186.103.159.230 - - [11/Jan/2018:11:55:51 -0300] "GET /cormun/static/Resources/Spanish/PXTools.css?167811 HTTP/1.1" 200 89042
186.103.159.230 - - [11/Jan/2018:11:55:51 -0300] "GET /cormun/servlet/trcontratosolicitud?gx-no-cache=1515682282361 HTTP/1.1" 200 11596
40.77.167.52 - - [11/Jan/2018:11:55:51 -0300] "GET /cormun/static/trsolicitudot.js?201711142259839 HTTP/1.1" 200 54041
186.103.159.189 - - [11/Jan/2018:11:55:51 -0300] "POST /cormun/servlet/solicitudotadjuntos?d134df0372c1084e85d48c640caa470d,INS,2018,8707,,1, HTTP/1.1" 200 116
186.103.159.230 - - [11/Jan/2018:11:55:52 -0300] "GET /cormun/servlet/trcontratosolicitud?gx-no-cache=1515682282361 HTTP/1.1" 200 11607
186.103.159.189 - - [11/Jan/2018:11:55:52 -0300] "GET /cormun/servlet/hpexe_return? HTTP/1.1" 200 1029
186.103.159.189 - - [11/Jan/2018:11:55:52 -0300] "GET /cormun/servlet/trsolicitudadjuntos?2018,8707, HTTP/1.1" 200 9382
157.55.39.90 - - [11/Jan/2018:11:55:53 -0300] "GET /cormun/static/Shared/ext/resources/css/ext-all.css?215870 HTTP/1.1" 200 416045
190.151.100.218 - - [11/Jan/2018:11:55:53 -0300] "GET /cormun/servlet/trcontratosolicitud? HTTP/1.1" 200 10985
157.55.39.90 - - [11/Jan/2018:11:55:53 -0300] "GET /cormun/static/calendar-system.css?85620 HTTP/1.1" 200 5572
186.103.159.189 - - [11/Jan/2018:11:55:54 -0300] "GET /cormun/servlet/trsolicitudadjuntos?2018,8707, HTTP/1.1" 200 9380
190.151.100.218 - - [11/Jan/2018:11:55:54 -0300] "GET /cormun/servlet/trcontratosolicitud? HTTP/1.1" 200 10982
186.103.159.189 - - [11/Jan/2018:11:55:57 -0300] "GET /cormun/servlet/solicitudotadjuntos?INS,2018,8707,,1, HTTP/1.1" 200 6224
186.103.159.189 - - [11/Jan/2018:11:55:58 -0300] "GET /cormun/static/about:blank HTTP/1.1" 404 1011
186.103.159.189 - - [11/Jan/2018:11:55:58 -0300] "GET /cormun/servlet/solicitudotadjuntos?INS,2018,8707,,1, HTTP/1.1" 200 6218
186.103.159.189 - - [11/Jan/2018:11:55:58 -0300] "GET /cormun/servlet/solicitudotadjuntos?4f5d1eb59b741b78f7f6e2fb72aa96da5cf8bf539a3072ed92da7fb765caa66072ee627a7db0fe93f36cb4d6a68fb0c2,gx-no-cache=1515686116379 HTTP/1.1" 200 30
186.103.159.189 - - [11/Jan/2018:11:55:58 -0300] "POST /cormun/servlet/solicitudotadjuntos?d134df0372c1084e85d48c640caa470d,INS,2018,8707,,1,,gx-no-cache=1515686116437 HTTP/1.1" 200 3984
40.77.167.193 - - [11/Jan/2018:11:55:59 -0300] "GET /cormun/static/Resources/Spanish/PXTools.css?1255365 HTTP/1.1" 200 89042
186.103.159.189 - - [11/Jan/2018:11:56:03 -0300] "POST /cormun/servlet/solicitudotadjuntos?gx-no-cache=1515686121061 HTTP/1.1" 200 26
186.103.159.189 - - [11/Jan/2018:11:56:09 -0300] "GET /cormun/servlet/solicitudotadjuntos?4f5d1eb59b741b78f7f6e2fb72aa96da729ee1612dcfab9a93f007fe6a44292d,gx-no-cache=1515686127053 HTTP/1.1" 200 30
186.103.159.189 - - [11/Jan/2018:11:56:09 -0300] "GET /cormun/servlet/solicitudotadjuntos?4f5d1eb59b741b78f7f6e2fb72aa96da729ee1612dcfab9a93f007fe6a44292d,gx-no-cache=1515686127093 HTTP/1.1" 200 30
186.103.159.189 - - [11/Jan/2018:11:56:10 -0300] "POST /cormun/servlet/solicitudotadjuntos?d134df0372c1084e85d48c640caa470d,INS,2018,8707,,1, HTTP/1.1" 200 116
186.103.159.189 - - [11/Jan/2018:11:56:10 -0300] "GET /cormun/servlet/hpexe_return? HTTP/1.1" 200 1029
186.103.159.189 - - [11/Jan/2018:11:56:11 -0300] "GET /cormun/servlet/trsolicitudadjuntos?2018,8707, HTTP/1.1" 200 9624
186.103.159.189 - - [11/Jan/2018:11:56:13 -0300] "GET /cormun/servlet/trsolicitudadjuntos?2018,8707, HTTP/1.1" 200 9617
186.67.164.142 - - [11/Jan/2018:11:56:14 -0300] "POST /cormun/servlet/solicitudot?gx-no-cache=1515682534635 HTTP/1.1" 200 30
186.103.159.189 - - [11/Jan/2018:11:56:15 -0300] "GET /cormun/servlet/solicitudotadjuntos?INS,2018,8707,,2, HTTP/1.1" 200 6223
186.103.159.189 - - [11/Jan/2018:11:56:17 -0300] "GET /cormun/static/about:blank HTTP/1.1" 404 1011
186.103.159.189 - - [11/Jan/2018:11:56:17 -0300] "GET /cormun/servlet/solicitudotadjuntos?INS,2018,8707,,2, HTTP/1.1" 200 6217
186.103.159.189 - - [11/Jan/2018:11:56:17 -0300] "GET /cormun/servlet/solicitudotadjuntos?4f5d1eb59b741b78f7f6e2fb72aa96da5cf8bf539a3072ed92da7fb765caa66072ee627a7db0fe93f36cb4d6a68fb0c2,gx-no-cache=1515686135316 HTTP/1.1" 200 30
186.103.159.189 - - [11/Jan/2018:11:56:17 -0300] "POST /cormun/servlet/solicitudotadjuntos?d134df0372c1084e85d48c640caa470d,INS,2018,8707,,2,,gx-no-cache=1515686135375 HTTP/1.1" 200 4198
186.67.164.142 - - [11/Jan/2018:11:56:18 -0300] "POST /cormun/servlet/solicitudot?gx-no-cache=1515682538464 HTTP/1.1" 200 1357
186.67.164.142 - - [11/Jan/2018:11:56:18 -0300] "POST /cormun/servlet/solicitudot?gx-no-cache=1515682538550 HTTP/1.1" 200 38
190.151.100.218 - - [11/Jan/2018:11:56:20 -0300] "POST /cormun/servlet/trcontratosolicitud?516e029703274d436731b6a14b6c7d4d,,gx-no-cache=1515682540386 HTTP/1.1" 200 4150
186.103.159.189 - - [11/Jan/2018:11:56:30 -0300] "POST /cormun/servlet/solicitudotadjuntos?gx-no-cache=1515686148248 HTTP/1.1" 200 26
200.72.197.82 - - [11/Jan/2018:11:56:33 -0300] "POST /cormun/servlet/trcontratosolicitud?516e029703274d436731b6a14b6c7d4d,,gx-no-cache=1515682553538 HTTP/1.1" 200 4150
190.151.100.218 - - [11/Jan/2018:11:56:36 -0300] "GET /cormun/servlet/trcontratoobservaciondir? HTTP/1.1" 200 6370
190.151.100.218 - - [11/Jan/2018:11:56:37 -0300] "GET /cormun/servlet/trcontratoobservaciondir? HTTP/1.1" 200 6369
186.103.159.189 - - [11/Jan/2018:11:56:39 -0300] "GET /cormun/servlet/solicitudotadjuntos?4f5d1eb59b741b78f7f6e2fb72aa96da729ee1612dcfab9a93f007fe6a44292d,gx-no-cache=1515686157416 HTTP/1.1" 200 30
186.103.159.189 - - [11/Jan/2018:11:56:39 -0300] "GET /cormun/servlet/solicitudotadjuntos?4f5d1eb59b741b78f7f6e2fb72aa96da729ee1612dcfab9a93f007fe6a44292d,gx-no-cache=1515686157472 HTTP/1.1" 200 30
186.103.159.189 - - [11/Jan/2018:11:56:40 -0300] "POST /cormun/servlet/solicitudotadjuntos?d134df0372c1084e85d48c640caa470d,INS,2018,8707,,2, HTTP/1.1" 200 116
186.103.159.189 - - [11/Jan/2018:11:56:40 -0300] "GET /cormun/servlet/hpexe_return? HTTP/1.1" 200 1029
190.151.100.218 - - [11/Jan/2018:11:56:41 -0300] "GET /cormun/servlet/trcontratounov2? HTTP/1.1" 200 13550
186.103.159.189 - - [11/Jan/2018:11:56:41 -0300] "GET /cormun/servlet/trsolicitudadjuntos?2018,8707, HTTP/1.1" 200 9830
200.111.122.170 - - [11/Jan/2018:11:56:41 -0300] "GET /cormun/static/gxcfg.js?201752512124396 HTTP/1.1" 200 953
186.103.159.182 - - [11/Jan/2018:11:56:42 -0300] "GET /cormun/servlet/solicitudotcontratos?INS,2018,0,13718092,8,6,2017,1590,LEY+SEP,201711,14,B, HTTP/1.1" 200 9991
200.72.197.82 - - [11/Jan/2018:11:56:42 -0300] "GET /cormun/static/trcontratounov2.js?201752512125146 HTTP/1.1" 200 38486
200.72.197.82 - - [11/Jan/2018:11:56:42 -0300] "GET /cormun/static/Resources/PXToolsGridNew.png HTTP/1.1" 200 2949
200.72.197.82 - - [11/Jan/2018:11:56:42 -0300] "GET /cormun/static/Resources/PXToolsAddSelectedAction.png HTTP/1.1" 200 3660
200.72.197.82 - - [11/Jan/2018:11:56:43 -0300] "GET /cormun/servlet/trcontratounov2? HTTP/1.1" 200 13546
186.103.159.189 - - [11/Jan/2018:11:56:43 -0300] "GET /cormun/servlet/trsolicitudadjuntos?2018,8707, HTTP/1.1" 200 9827
186.103.159.182 - - [11/Jan/2018:11:56:44 -0300] "GET /cormun/servlet/solicitudotcontratos?INS,2018,0,13718092,8,6,2017,1590,LEY+SEP,201711,14,B, HTTP/1.1" 200 10028
200.72.197.82 - - [11/Jan/2018:11:56:44 -0300] "POST /cormun/servlet/acontrolpreferencessavestate?None,MQUEZADA,true HTTP/1.1" 200 35
186.67.164.142 - - [11/Jan/2018:11:56:44 -0300] "GET /cormun/servlet/solicitudot?f099706ff20da19200308ff17f747263029fe5d3444f3662424f3a207fb63f5335bc1b9d49a39347dadfc5e0c824d0f74c8820e45872b3758a7166a2678ac09442c7a90ce00dd3169dd383d77cda9c7b216bba30eeae5ac8a2d8b97ffe87a32cd68fec68dd225bcb215c86f661b6bbdbc309affe496ff757e2ad7cf550259737d5a872a10dee57a9ebf890a10b828a9d120748aa789e09ee9b91ff50d05ebf1539fc43d3966ac95ea5f4e8d376209c3710f996a879d04e049e5d19f3de7626eb9537de5b406f63adf65544f0c0ac47a4,gx-no-cache=1515682564397 HTTP/1.1" 200 29
186.67.164.142 - - [11/Jan/2018:11:56:44 -0300] "POST /cormun/servlet/solicitudot?gx-no-cache=1515682564428 HTTP/1.1" 200 219
186.67.164.142 - - [11/Jan/2018:11:56:44 -0300] "GET /cormun/servlet/solicitudot?f099706ff20da19200308ff17f747263b57170123c84d3596773d759178d2e451ba21bb52ce6772f0f5017f4e67102032ff98c405e1a891800701ce6ab0909acf3962c15bfb8d63a6e9abadee158452d8c04adaa329fc76c4b7cf588fd1050be35bc1b9d49a39347dadfc5e0c824d0f7a412260efda2b4a7116664d78d0596d66708005200cf617d77658bdbc07b24f8,gx-no-cache=1515682564462 HTTP/1.1" 200 55
186.67.164.142 - - [11/Jan/2018:11:56:44 -0300] "GET /cormun/static/menuarrow.gif HTTP/1.1" 404 1015
186.103.159.182 - - [11/Jan/2018:11:56:44 -0300] "GET /cormun/servlet/solicitudotcontratos?4846520630624ebff6b0b8492efacec91137b38621c7e8e790b0e9ca6a097067cc568d626fdff2f3386cc4b9f7c4be11,gx-no-cache=1515682560813 HTTP/1.1" 200 30
186.103.159.182 - - [11/Jan/2018:11:56:44 -0300] "GET /cormun/servlet/solicitudotcontratos?4846520630624ebff6b0b8492efacec9ccbd68cebb30538f5107f455e9a1b8aa1312c3686b3045d36144985c1d4f4425,gx-no-cache=1515682560857 HTTP/1.1" 200 30
186.103.159.182 - - [11/Jan/2018:11:56:44 -0300] "GET /cormun/servlet/solicitudotcontratos?4846520630624ebff6b0b8492efacec903173f6e2927116436e2650b9dcd6497d0d5af384f3799495d3a420e375d3e33d8a52947cb31aa6453cc9802e7bb53c87391c3a557727277e4b8b8910109df88d90733d78c16a85d0ff8a2860b30626f3903126706c0450a30d0a26eec26c31f1b081e171c89e52065152b36c84042dc,gx-no-cache=1515682560890 HTTP/1.1" 200 50
186.103.159.182 - - [11/Jan/2018:11:56:44 -0300] "GET /cormun/servlet/solicitudotcontratos?4846520630624ebff6b0b8492efacec96cf7e7b776b9759fc8e067924a385aef4a7b6e4160204e0b2952632cf461b9d1,gx-no-cache=1515682560936 HTTP/1.1" 200 30
186.103.159.182 - - [11/Jan/2018:11:56:44 -0300] "GET /cormun/servlet/solicitudotcontratos?4846520630624ebff6b0b8492efacec9c799184295d0b38889f181b678e5da192b9dc7822a2ec6a8c049eba1ec906423531c316ca0caeeddf2d67bf51d3fdb5d4d7093efb0640d5729373b212942ab3749b50608bf8f79c17e3976fb5d5916007d46d39858c147b50533a298b03c0b95,gx-no-cache=1515682560976 HTTP/1.1" 200 30
186.103.159.182 - - [11/Jan/2018:11:56:45 -0300] "GET /cormun/servlet/solicitudotcontratos?4846520630624ebff6b0b8492efacec98614ed5428caed5584b415d33ead89f5badb628b449087e4f919ca58dc04e9373bef79e7ee4ed717a52e092bf7b7a57a531c316ca0caeeddf2d67bf51d3fdb5d63e9de5ec2bb53197e76e83bbd8a433931ea590b471909c0a3ccae1389f4a40dcb8c9cbea93a041b694f44fde855735f1c10747e87431f39899766037e638e4697118ae511c85147e35031a05b4208733bef79e7ee4ed717a52e092bf7b7a57a8b556e93c2cbcbd6c21f546a6c3ecf26b6994f430fce67c73afe00c2d52594d91e5d6d1faf6a3d77818b9c8f58572e7294da05e7b93d6a303c5d4e9296d563679abbc966918305779c11e75e668465a03b76a8a577feaffefcbf6c965f6d484b153e0a5798ec60a8659cffc30b14ed8cb7fa883f90748f6a6de759b87b675a1016214a118320b7050fd9649650a0777853fa26c87a9bd6718dcb4809f91782adb706bfd2d504a70d616b6d03a6323c375dfd5a3a4742fca36cd730b90e7ccd4ac968f78f3b7b02da57eb41bd990c30deeb8ea3844c49e2d76e0c317672e0eeaf467421d8839852535f35ba20554f08d5fad22ec508b996364a134615f25f01b3a8b898917907c21ab290621699b695c1c6db126db0e884e43da3b15e025b6f5ae46eccd28c433a319aad8877af61f4fddbef7c142b119676cc9ba6f8af593d3710a2c49192798ea61b2395a63f646159374c42cb012dc66874e1b5a27a7cd223b692b965209deafdfaeedb25654733299c5b703cafae03e77403eb30bc1a5b5f446c37f97b24bf01fb6036721f14e46a,gx-no-cache=1515682561100 HTTP/1.1" 200 79
186.103.159.189 - - [11/Jan/2018:11:56:45 -0300] "GET /cormun/servlet/solicitudotadjuntos?INS,2018,8707,,2, HTTP/1.1" 200 6223
186.67.164.142 - - [11/Jan/2018:11:56:45 -0300] "POST /cormun/servlet/solicitudot?gx-no-cache=1515682565697 HTTP/1.1" 200 217
186.67.164.142 - - [11/Jan/2018:11:56:45 -0300] "GET /cormun/servlet/solicitudot?f099706ff20da19200308ff17f747263b57170123c84d3596773d759178d2e451ba21bb52ce6772f0f5017f4e67102032ff98c405e1a891800701ce6ab0909acf3962c15bfb8d63a6e9abadee158452d8c04adaa329fc76c4b7cf588fd1050be35bc1b9d49a39347dadfc5e0c824d0f7a412260efda2b4a7116664d78d0596d66708005200cf617d77658bdbc07b24f8,gx-no-cache=1515682565762 HTTP/1.1" 200 55
186.103.159.189 - - [11/Jan/2018:11:56:45 -0300] "GET /cormun/static/about:blank HTTP/1.1" 404 1011
186.103.159.189 - - [11/Jan/2018:11:56:46 -0300] "GET /cormun/servlet/solicitudotadjuntos?INS,2018,8707,,2, HTTP/1.1" 200 6217
186.103.159.189 - - [11/Jan/2018:11:56:47 -0300] "GET /cormun/servlet/solicitudotadjuntos?4f5d1eb59b741b78f7f6e2fb72aa96da5cf8bf539a3072ed92da7fb765caa66072ee627a7db0fe93f36cb4d6a68fb0c2,gx-no-cache=1515686164933 HTTP/1.1" 200 30
186.103.159.189 - - [11/Jan/2018:11:56:47 -0300] "POST /cormun/servlet/solicitudotadjuntos?d134df0372c1084e85d48c640caa470d,INS,2018,8707,,2,,gx-no-cache=1515686164995 HTTP/1.1" 200 4200
186.103.159.182 - - [11/Jan/2018:11:56:50 -0300] "POST /cormun/servlet/solicitudotcontratos?349bc9843eec3a427768c311b6245046,INS,2018,0,13718092,8,6,2017,1590,LEY+SEP,201711,14,B,,gx-no-cache=1515682566554 HTTP/1.1" 200 10776
186.103.159.182 - - [11/Jan/2018:11:56:50 -0300] "POST /cormun/servlet/solicitudotcontratos?gx-no-cache=1515682566991 HTTP/1.1" 200 1342
186.103.159.182 - - [11/Jan/2018:11:56:50 -0300] "POST /cormun/servlet/solicitudotcontratos?gx-no-cache=1515682567079 HTTP/1.1" 200 1221
186.103.159.182 - - [11/Jan/2018:11:56:50 -0300] "GET /cormun/servlet/solicitudotcontratos?4846520630624ebff6b0b8492efacec900f676fba492af5c65abdca4c82c8f157065de4d61cb7d113714ba5ce356908105c99d2811584c75cfcd0d8cb5f983429a855f9a048dc980089cb6b5b91261f9b66925a9bdf569e2ee7552d350875caca9b09fd99f7e36b403e4fae13c07e7c1c55af146b342a7f8c709c49e9c48fc90,gx-no-cache=1515682567141 HTTP/1.1" 200 30
186.103.159.182 - - [11/Jan/2018:11:56:51 -0300] "POST /cormun/servlet/solicitudotcontratos?349bc9843eec3a427768c311b6245046,INS,2018,0,13718092,8,6,2017,1590,LEY+SEP,201711,14,B,,gx-no-cache=1515682567193 HTTP/1.1" 200 93
186.103.159.182 - - [11/Jan/2018:11:56:51 -0300] "GET /cormun/servlet/hpexe_return? HTTP/1.1" 200 1047
186.103.159.182 - - [11/Jan/2018:11:56:51 -0300] "GET /cormun/servlet/trcontratosolicitud HTTP/1.1" 200 14659
186.67.164.142 - - [11/Jan/2018:11:56:51 -0300] "GET /cormun/servlet/solicitudot?f099706ff20da19200308ff17f747263b390da2569601effade96729eb5a91edb77dd558a2a0d3c97d2c71a725aedb35,gx-no-cache=1515682571928 HTTP/1.1" 200 30
190.46.88.54 - - [11/Jan/2018:11:56:52 -0300] "GET /cormun/servlet/trsolicitudot? HTTP/1.1" 200 7402
190.46.88.54 - - [11/Jan/2018:11:56:52 -0300] "GET /cormun/static/gxcfg.js?2017111422585916 HTTP/1.1" 304 -
190.46.88.54 - - [11/Jan/2018:11:56:53 -0300] "GET /cormun/servlet/trsolicitudot? HTTP/1.1" 200 7401
186.103.159.182 - - [11/Jan/2018:11:56:53 -0300] "GET /cormun/servlet/trcontratosolicitud HTTP/1.1" 200 14660
190.46.88.54 - - [11/Jan/2018:11:56:55 -0300] "GET /cormun/servlet/solicitudot?INS,0,0, HTTP/1.1" 200 14116
190.46.88.54 - - [11/Jan/2018:11:56:56 -0300] "GET /cormun/servlet/solicitudot?INS,0,0, HTTP/1.1" 200 14121
186.67.164.142 - - [11/Jan/2018:11:56:59 -0300] "POST /cormun/servlet/solicitudot?gx-no-cache=1515682579793 HTTP/1.1" 200 30
190.46.88.54 - - [11/Jan/2018:11:57:01 -0300] "GET /cormun/servlet/prfichaempleado?,MD,,gxPopupLevel%3D0%3B HTTP/1.1" 200 9345
190.46.88.54 - - [11/Jan/2018:11:57:01 -0300] "GET /cormun/static/gxcfg.js?20177612134814 HTTP/1.1" 304 -
186.103.159.189 - - [11/Jan/2018:11:57:07 -0300] "POST /cormun/servlet/solicitudotadjuntos?gx-no-cache=1515686184713 HTTP/1.1" 200 26
186.103.161.206 - - [11/Jan/2018:11:57:11 -0300] "POST /cormun/servlet/trcontratounov2?516e029703274d436731b6a14b6c7d4d,,gx-no-cache=1515682590893 HTTP/1.1" 200 105
186.103.161.206 - - [11/Jan/2018:11:57:12 -0300] "GET /cormun/ContratoUnoV3-2192.xls HTTP/1.1" 200 10752
190.46.88.54 - - [11/Jan/2018:11:57:13 -0300] "POST /cormun/servlet/prfichaempleado?29d53caa2aef5c22ce28a4d913eb1317,,MD,,gxPopupLevel%3D0%3B,gx-no-cache=1515682595752 HTTP/1.1" 200 3425
186.67.164.142 - - [11/Jan/2018:11:57:15 -0300] "POST /cormun/servlet/solicitudot?530b48bc55c1ac8bbe2dca4d4cb82fec,INS,0,0,,gx-no-cache=1515682594897 HTTP/1.1" 200 93
186.67.164.142 - - [11/Jan/2018:11:57:15 -0300] "GET /cormun/servlet/hpexe_return? HTTP/1.1" 200 1009
186.67.164.142 - - [11/Jan/2018:11:57:15 -0300] "GET /cormun/servlet/trsolicitudot HTTP/1.1" 200 8757
186.67.164.142 - - [11/Jan/2018:11:57:16 -0300] "GET /cormun//static/Resources/PXToolsActionView.png HTTP/1.1" 200 2995
186.67.164.142 - - [11/Jan/2018:11:57:16 -0300] "GET /cormun//static/Resources/PXToolsGridUpdate.png HTTP/1.1" 200 2984
186.67.164.142 - - [11/Jan/2018:11:57:16 -0300] "GET /cormun//static/Resources/PXToolsGridDelete.png HTTP/1.1" 200 357
186.67.164.142 - - [11/Jan/2018:11:57:16 -0300] "GET /cormun//static/Resources/PXToolsRemoveAllAction.png HTTP/1.1" 200 3558
186.67.164.142 - - [11/Jan/2018:11:57:16 -0300] "GET /cormun//static/Resources/PXTools/ActionInsert.png HTTP/1.1" 200 1482
186.67.164.142 - - [11/Jan/2018:11:57:16 -0300] "GET /cormun/servlet/trsolicitudot HTTP/1.1" 200 8753
190.46.88.54 - - [11/Jan/2018:11:57:20 -0300] "POST /cormun/servlet/solicitudot?gx-no-cache=1515682602901 HTTP/1.1" 200 3831
190.46.88.54 - - [11/Jan/2018:11:57:20 -0300] "POST /cormun/servlet/solicitudot?29d53caa2aef5c22ce28a4d913eb1317,INS,0,0,,gx-no-cache=1515682603252 HTTP/1.1" 200 10997
186.103.159.189 - - [11/Jan/2018:11:57:21 -0300] "GET /cormun/servlet/solicitudotadjuntos?4f5d1eb59b741b78f7f6e2fb72aa96da729ee1612dcfab9a93f007fe6a44292d,gx-no-cache=1515686198625 HTTP/1.1" 200 30
186.103.159.189 - - [11/Jan/2018:11:57:21 -0300] "GET /cormun/servlet/solicitudotadjuntos?4f5d1eb59b741b78f7f6e2fb72aa96da729ee1612dcfab9a93f007fe6a44292d,gx-no-cache=1515686198720 HTTP/1.1" 200 30
186.103.159.189 - - [11/Jan/2018:11:57:21 -0300] "POST /cormun/servlet/solicitudotadjuntos?d134df0372c1084e85d48c640caa470d,INS,2018,8707,,2, HTTP/1.1" 200 116
186.103.159.189 - - [11/Jan/2018:11:57:22 -0300] "GET /cormun/servlet/hpexe_return? HTTP/1.1" 200 1029
186.103.159.189 - - [11/Jan/2018:11:57:22 -0300] "GET /cormun/servlet/trsolicitudadjuntos?2018,8707, HTTP/1.1" 200 9971
186.103.159.189 - - [11/Jan/2018:11:57:25 -0300] "GET /cormun/servlet/trsolicitudadjuntos?2018,8707, HTTP/1.1" 200 9967
186.103.159.189 - - [11/Jan/2018:11:57:39 -0300] "POST /cormun/servlet/trsolicitudadjuntos?d134df0372c1084e85d48c640caa470d,2018,8707,,gx-no-cache=1515686217214 HTTP/1.1" 200 90
186.103.159.182 - - [11/Jan/2018:11:57:39 -0300] "GET /cormun/servlet/solicitudotcontratos?INS,2018,0,16882863,2,2,2017,1613,LEY+SEP,201711,30,*, HTTP/1.1" 200 9966
186.103.159.189 - - [11/Jan/2018:11:57:39 -0300] "GET /cormun/servlet/hpexe_link HTTP/1.1" 200 991
186.103.159.189 - - [11/Jan/2018:11:57:40 -0300] "GET /cormun/servlet/trsolicitudot?gx-no-cache=1515685958840 HTTP/1.1" 200 8741
186.103.159.182 - - [11/Jan/2018:11:57:41 -0300] "GET /cormun/servlet/solicitudotcontratos?INS,2018,0,16882863,2,2,2017,1613,LEY+SEP,201711,30,*, HTTP/1.1" 200 10002
186.103.159.189 - - [11/Jan/2018:11:57:41 -0300] "GET /cormun/servlet/trsolicitudot?gx-no-cache=1515685958840 HTTP/1.1" 200 8760
186.103.159.182 - - [11/Jan/2018:11:57:42 -0300] "GET /cormun/servlet/solicitudotcontratos?4846520630624ebff6b0b8492efacec922a86aa8f8a7b7ecaa3374830e9730facc568d626fdff2f3386cc4b9f7c4be11,gx-no-cache=1515682618256 HTTP/1.1" 200 30
186.103.159.182 - - [11/Jan/2018:11:57:42 -0300] "GET /cormun/servlet/solicitudotcontratos?4846520630624ebff6b0b8492efacec9abe46ee3d3b960b09ab050db68cb634e1312c3686b3045d36144985c1d4f4425,gx-no-cache=1515682618300 HTTP/1.1" 200 30
186.103.159.182 - - [11/Jan/2018:11:57:42 -0300] "GET /cormun/servlet/solicitudotcontratos?4846520630624ebff6b0b8492efacec903173f6e2927116436e2650b9dcd6497de9717962564083d6233969547b6cf98d8a52947cb31aa6453cc9802e7bb53c80c0f4d71c296c6ca596fd2a89db650ab43f5a7e0faf2c83aa5fb8168b6e99f774fb78bfda398a4244e7cadabc5bbd031208d0fe7a4e501284bdf5d1f36547f8d,gx-no-cache=1515682618337 HTTP/1.1" 200 48
186.103.159.182 - - [11/Jan/2018:11:57:42 -0300] "GET /cormun/servlet/solicitudotcontratos?4846520630624ebff6b0b8492efacec9c38d88d596f86a074316555971d6dd43abc8787712d7016c9b8314a419ce1d6f,gx-no-cache=1515682618378 HTTP/1.1" 200 30
186.103.159.182 - - [11/Jan/2018:11:57:42 -0300] "GET /cormun/servlet/solicitudotcontratos?4846520630624ebff6b0b8492efacec9c799184295d0b38889f181b678e5da192b9dc7822a2ec6a8c049eba1ec906423531c316ca0caeeddf2d67bf51d3fdb5d4d7093efb0640d5729373b212942ab37f1cf9de37249370ac54d0a1fa87a16c47d46d39858c147b50533a298b03c0b95,gx-no-cache=1515682618418 HTTP/1.1" 200 30
186.103.159.182 - - [11/Jan/2018:11:57:42 -0300] "GET /cormun/servlet/solicitudotcontratos?4846520630624ebff6b0b8492efacec98614ed5428caed5584b415d33ead89f5badb628b449087e4f919ca58dc04e9373bef79e7ee4ed717a52e092bf7b7a57a531c316ca0caeeddf2d67bf51d3fdb5d63e9de5ec2bb53197e76e83bbd8a433931ea590b471909c0a3ccae1389f4a40dcb8c9cbea93a041b694f44fde855735f1c10747e87431f39899766037e638e4697118ae511c85147e35031a05b4208733bef79e7ee4ed717a52e092bf7b7a57a8b556e93c2cbcbd6c21f546a6c3ecf26b6994f430fce67c73afe00c2d52594d91e5d6d1faf6a3d77818b9c8f58572e7294da05e7b93d6a303c5d4e9296d563679abbc966918305779c11e75e668465a03b76a8a577feaffefcbf6c965f6d484b153e0a5798ec60a8659cffc30b14ed8cb7fa883f90748f6a6de759b87b675a1016214a118320b7050fd9649650a0777853fa26c87a9bd6718dcb4809f91782adb706bfd2d504a70d616b6d03a6323c375dfd5a3a4742fca36cd730b90e7ccd4ac968f78f3b7b02da57eb41bd990c30deeb8ea3844c49e2d76e0c317672e0eeaf467421d8839852535f35ba20554f08d5fad22ec508b996364a134615f25f01b3a8b898917907c21ab290621699b695c1c6db126db0e884e43da3b15e025b6f5ae46eccd28c433a319aad8877af61f4fddbef7c142b119676cc9ba6f8af593d3710a2c49192798ea61b2395a63f646159374c42cb012dc66874e1b5a27a7cd223b692b965209deafdfaeedb25654733299c5b703cafae03e77403eb30bc1a5b5f446c37f97b24bf01fb6036721f14e46a,gx-no-cache=1515682618482 HTTP/1.1" 200 79
186.103.159.182 - - [11/Jan/2018:11:57:46 -0300] "POST /cormun/servlet/solicitudotcontratos?349bc9843eec3a427768c311b6245046,INS,2018,0,16882863,2,2,2017,1613,LEY+SEP,201711,30,*,,gx-no-cache=1515682622870 HTTP/1.1" 200 10746
186.103.159.182 - - [11/Jan/2018:11:57:47 -0300] "POST /cormun/servlet/solicitudotcontratos?gx-no-cache=1515682623259 HTTP/1.1" 200 1342
186.103.159.182 - - [11/Jan/2018:11:57:47 -0300] "POST /cormun/servlet/solicitudotcontratos?gx-no-cache=1515682623330 HTTP/1.1" 200 1221
186.103.159.182 - - [11/Jan/2018:11:57:47 -0300] "GET /cormun/servlet/solicitudotcontratos?4846520630624ebff6b0b8492efacec900f676fba492af5c65abdca4c82c8f157065de4d61cb7d113714ba5ce356908105c99d2811584c75cfcd0d8cb5f983429a855f9a048dc980089cb6b5b91261f9b66925a9bdf569e2ee7552d350875caca9b09fd99f7e36b403e4fae13c07e7c1c55af146b342a7f8c709c49e9c48fc90,gx-no-cache=1515682623388 HTTP/1.1" 200 30
186.103.159.189 - - [11/Jan/2018:11:57:47 -0300] "POST /cormun/servlet/trsolicitudot?d134df0372c1084e85d48c640caa470d,gx-no-cache=1515685958840,gx-no-cache=1515686224870 HTTP/1.1" 200 4680
186.103.159.182 - - [11/Jan/2018:11:57:47 -0300] "POST /cormun/servlet/solicitudotcontratos?349bc9843eec3a427768c311b6245046,INS,2018,0,16882863,2,2,2017,1613,LEY+SEP,201711,30,*,,gx-no-cache=1515682623427 HTTP/1.1" 200 93
186.103.159.189 - - [11/Jan/2018:11:57:47 -0300] "GET /cormun/static/Shared/jqueryui/images/ui-bg_highlight-soft_100_c6c2c8_1x100.png HTTP/1.1" 404 1117
186.103.159.182 - - [11/Jan/2018:11:57:47 -0300] "GET /cormun/servlet/hpexe_return? HTTP/1.1" 200 1045
186.103.159.189 - - [11/Jan/2018:11:57:47 -0300] "GET /cormun/static/Shared/jqueryui/images/ui-icons_82798d_256x240.png HTTP/1.1" 404 1089
186.103.159.189 - - [11/Jan/2018:11:57:47 -0300] "GET /cormun/static/Shared/jqueryui/images/ui-bg_flat_55_fafafa_40x100.png HTTP/1.1" 404 1097
186.103.159.189 - - [11/Jan/2018:11:57:47 -0300] "GET /cormun/static/Shared/jqueryui/images/ui-icons_8d78a5_256x240.png HTTP/1.1" 404 1089
186.103.159.189 - - [11/Jan/2018:11:57:48 -0300] "POST /cormun/servlet/trsolicitudot?d134df0372c1084e85d48c640caa470d,gx-no-cache=1515685958840,gx-no-cache=1515686225479 HTTP/1.1" 200 4468
186.103.159.182 - - [11/Jan/2018:11:57:48 -0300] "GET /cormun/servlet/trcontratosolicitud HTTP/1.1" 200 14678
186.103.159.182 - - [11/Jan/2018:11:57:50 -0300] "GET /cormun/servlet/trcontratosolicitud HTTP/1.1" 200 14673
186.103.159.182 - - [11/Jan/2018:11:58:15 -0300] "GET /cormun/servlet/solicitudotcontratos?INS,2018,0,5779897,1,2,2017,1548,LEY+SEP,201711,44,*, HTTP/1.1" 200 10018
186.103.159.182 - - [11/Jan/2018:11:58:17 -0300] "GET /cormun/servlet/solicitudotcontratos?INS,2018,0,5779897,1,2,2017,1548,LEY+SEP,201711,44,*, HTTP/1.1" 200 10055
186.103.159.182 - - [11/Jan/2018:11:58:17 -0300] "GET /cormun/servlet/solicitudotcontratos?4846520630624ebff6b0b8492efacec90de3cfdc62f0e0f2da092e529f76333cf4062e1e373498beae30fc8e6c2e32ba,gx-no-cache=1515682654157 HTTP/1.1" 200 30
186.103.159.182 - - [11/Jan/2018:11:58:18 -0300] "GET /cormun/servlet/solicitudotcontratos?4846520630624ebff6b0b8492efacec9760633f39e082a290938bca6d4e2b3a91e06cf9e2d27fac7cf2f6fc4b3d01405,gx-no-cache=1515682654212 HTTP/1.1" 200 30
186.103.159.182 - - [11/Jan/2018:11:58:18 -0300] "GET /cormun/servlet/solicitudotcontratos?4846520630624ebff6b0b8492efacec903173f6e2927116436e2650b9dcd6497b9a3b04ebbfa23b76d8b4c8a7bc672e4d8a52947cb31aa6453cc9802e7bb53c825f12b1cc3c9b6c6c5742d99258a66a443f5a7e0faf2c83aa5fb8168b6e99f774fb78bfda398a4244e7cadabc5bbd031208d0fe7a4e501284bdf5d1f36547f8d,gx-no-cache=1515682654257 HTTP/1.1" 200 48
186.103.159.182 - - [11/Jan/2018:11:58:18 -0300] "GET /cormun/servlet/solicitudotcontratos?4846520630624ebff6b0b8492efacec9f340fa7f4842c4cf1d35f52dec99bf6b5b4e154b50df32666c7ff32683174d5d,gx-no-cache=1515682654319 HTTP/1.1" 200 30
186.103.159.182 - - [11/Jan/2018:11:58:18 -0300] "GET /cormun/servlet/solicitudotcontratos?4846520630624ebff6b0b8492efacec9c799184295d0b38889f181b678e5da192b9dc7822a2ec6a8c049eba1ec906423531c316ca0caeeddf2d67bf51d3fdb5d4d7093efb0640d5729373b212942ab37f1cf9de37249370ac54d0a1fa87a16c47d46d39858c147b50533a298b03c0b95,gx-no-cache=1515682654366 HTTP/1.1" 200 30
186.103.159.182 - - [11/Jan/2018:11:58:18 -0300] "GET /cormun/servlet/solicitudotcontratos?4846520630624ebff6b0b8492efacec98614ed5428caed5584b415d33ead89f5badb628b449087e4f919ca58dc04e9373bef79e7ee4ed717a52e092bf7b7a57a531c316ca0caeeddf2d67bf51d3fdb5d63e9de5ec2bb53197e76e83bbd8a433931ea590b471909c0a3ccae1389f4a40dcb8c9cbea93a041b694f44fde855735f1c10747e87431f39899766037e638e4697118ae511c85147e35031a05b4208733bef79e7ee4ed717a52e092bf7b7a57a8b556e93c2cbcbd6c21f546a6c3ecf26b6994f430fce67c73afe00c2d52594d91e5d6d1faf6a3d77818b9c8f58572e7294da05e7b93d6a303c5d4e9296d563679abbc966918305779c11e75e668465a03b76a8a577feaffefcbf6c965f6d484b153e0a5798ec60a8659cffc30b14ed8cb7fa883f90748f6a6de759b87b675a1016214a118320b7050fd9649650a0777853fa26c87a9bd6718dcb4809f91782adb706bfd2d504a70d616b6d03a6323c375dfd5a3a4742fca36cd730b90e7ccd4ac968f78f3b7b02da57eb41bd990c30deeb8ea3844c49e2d76e0c317672e0eeaf467421d8839852535f35ba20554f08d5fad22ec508b996364a134615f25f01b3a8b898917907c21ab290621699b695c1c6db126db0e884e43da3b15e025b6f5ae46eccd28c433a319aad8877af61f4fddbef7c142b119676cc9ba6f8af593d3710a2c49192798ea61b2395a63f646159374c42cb012dc66874e1b5a27a7cd223b692b965209deafdfaeedb25654733299c5b703cafae03e77403eb30bc1a5b5f446c37f97b24bf01fb6036721f14e46a,gx-no-cache=1515682654430 HTTP/1.1" 200 79
186.103.159.182 - - [11/Jan/2018:11:58:20 -0300] "POST /cormun/servlet/solicitudotcontratos?349bc9843eec3a427768c311b6245046,INS,2018,0,5779897,1,2,2017,1548,LEY+SEP,201711,44,*,,gx-no-cache=1515682656711 HTTP/1.1" 200 10795
186.103.159.182 - - [11/Jan/2018:11:58:20 -0300] "POST /cormun/servlet/solicitudotcontratos?gx-no-cache=1515682657126 HTTP/1.1" 200 1342
186.103.159.182 - - [11/Jan/2018:11:58:21 -0300] "POST /cormun/servlet/solicitudotcontratos?gx-no-cache=1515682657214 HTTP/1.1" 200 1218
186.103.159.182 - - [11/Jan/2018:11:58:21 -0300] "GET /cormun/servlet/solicitudotcontratos?4846520630624ebff6b0b8492efacec900f676fba492af5c65abdca4c82c8f157065de4d61cb7d113714ba5ce356908105c99d2811584c75cfcd0d8cb5f983429a855f9a048dc980089cb6b5b91261f9b66925a9bdf569e2ee7552d350875caca9b09fd99f7e36b403e4fae13c07e7c1c55af146b342a7f8c709c49e9c48fc90,gx-no-cache=1515682657309 HTTP/1.1" 200 30
186.103.159.182 - - [11/Jan/2018:11:58:21 -0300] "POST /cormun/servlet/solicitudotcontratos?349bc9843eec3a427768c311b6245046,INS,2018,0,5779897,1,2,2017,1548,LEY+SEP,201711,44,*,,gx-no-cache=1515682657710 HTTP/1.1" 200 93
186.103.159.182 - - [11/Jan/2018:11:58:21 -0300] "GET /cormun/servlet/hpexe_return? HTTP/1.1" 200 1045
186.103.159.182 - - [11/Jan/2018:11:58:22 -0300] "GET /cormun/servlet/trcontratosolicitud HTTP/1.1" 200 14663
186.103.159.182 - - [11/Jan/2018:11:58:24 -0300] "GET /cormun/servlet/trcontratosolicitud HTTP/1.1" 200 14663
200.112.6.143 - - [11/Jan/2018:11:58:32 -0300] "GET /cormun/servlet/trsolicitudot? HTTP/1.1" 200 7438
186.103.159.182 - - [11/Jan/2018:11:58:36 -0300] "GET /cormun/servlet/solicitudotcontratos?INS,2018,0,9521772,9,6,2017,6732,LEY+SEP,201711,9,B, HTTP/1.1" 200 9947
186.103.159.182 - - [11/Jan/2018:11:58:38 -0300] "GET /cormun/servlet/solicitudotcontratos?INS,2018,0,9521772,9,6,2017,6732,LEY+SEP,201711,9,B, HTTP/1.1" 200 9982
186.103.159.182 - - [11/Jan/2018:11:58:38 -0300] "GET /cormun/servlet/solicitudotcontratos?4846520630624ebff6b0b8492efacec97165a8b5ee1b9c794b01815b9ee6b3eaf4062e1e373498beae30fc8e6c2e32ba,gx-no-cache=1515682675094 HTTP/1.1" 200 30
186.103.159.182 - - [11/Jan/2018:11:58:38 -0300] "GET /cormun/servlet/solicitudotcontratos?4846520630624ebff6b0b8492efacec9109b9921e18f8e6671d7cf740a850df01e06cf9e2d27fac7cf2f6fc4b3d01405,gx-no-cache=1515682675154 HTTP/1.1" 200 30
186.103.159.182 - - [11/Jan/2018:11:58:38 -0300] "GET /cormun/servlet/solicitudotcontratos?4846520630624ebff6b0b8492efacec903173f6e2927116436e2650b9dcd6497d0d5af384f3799495d3a420e375d3e33d8a52947cb31aa6453cc9802e7bb53c87391c3a557727277e4b8b8910109df88d90733d78c16a85d0ff8a2860b30626f3903126706c0450a30d0a26eec26c31f1b081e171c89e52065152b36c84042dc,gx-no-cache=1515682675193 HTTP/1.1" 200 50
186.103.159.182 - - [11/Jan/2018:11:58:39 -0300] "GET /cormun/servlet/solicitudotcontratos?4846520630624ebff6b0b8492efacec946b471c2b7216630068ed02a8588781e10763e20c17795f75c656fa3d8f51caf,gx-no-cache=1515682675236 HTTP/1.1" 200 30
186.103.159.182 - - [11/Jan/2018:11:58:39 -0300] "GET /cormun/servlet/solicitudotcontratos?4846520630624ebff6b0b8492efacec9c799184295d0b38889f181b678e5da192b9dc7822a2ec6a8c049eba1ec906423531c316ca0caeeddf2d67bf51d3fdb5d4d7093efb0640d5729373b212942ab3749b50608bf8f79c17e3976fb5d5916007d46d39858c147b50533a298b03c0b95,gx-no-cache=1515682675277 HTTP/1.1" 200 30
186.103.159.182 - - [11/Jan/2018:11:58:39 -0300] "GET /cormun/servlet/solicitudotcontratos?4846520630624ebff6b0b8492efacec98614ed5428caed5584b415d33ead89f5badb628b449087e4f919ca58dc04e9373bef79e7ee4ed717a52e092bf7b7a57a531c316ca0caeeddf2d67bf51d3fdb5d63e9de5ec2bb53197e76e83bbd8a433931ea590b471909c0a3ccae1389f4a40dcb8c9cbea93a041b694f44fde855735f1c10747e87431f39899766037e638e4697118ae511c85147e35031a05b4208733bef79e7ee4ed717a52e092bf7b7a57a8b556e93c2cbcbd6c21f546a6c3ecf26b6994f430fce67c73afe00c2d52594d91e5d6d1faf6a3d77818b9c8f58572e7294da05e7b93d6a303c5d4e9296d563679abbc966918305779c11e75e668465a03b76a8a577feaffefcbf6c965f6d484b153e0a5798ec60a8659cffc30b14ed8cb7fa883f90748f6a6de759b87b675a1016214a118320b7050fd9649650a0777853fa26c87a9bd6718dcb4809f91782adb706bfd2d504a70d616b6d03a6323c375dfd5a3a4742fca36cd730b90e7ccd4ac968f78f3b7b02da57eb41bd990c30deeb8ea3844c49e2d76e0c317672e0eeaf467421d8839852535f35ba20554f08d5fad22ec508b996364a134615f25f01b3a8b898917907c21ab290621699b695c1c6db126db0e884e43da3b15e025b6f5ae46eccd28c433a319aad8877af61f4fddbef7c142b119676cc9ba6f8af593d3710a2c49192798ea61b2395a63f646159374c42cb012dc66874e1b5a27a7cd223b692b965209deafdfaeedb25654733299c5b703cafae03e77403eb30bc1a5b5f446c37f97b24bf01fb6036721f14e46a,gx-no-cache=1515682675327 HTTP/1.1" 200 79
200.112.6.143 - - [11/Jan/2018:11:58:44 -0300] "GET /cormun/servlet/solicitudot?INS,0,0, HTTP/1.1" 200 14151
186.103.159.182 - - [11/Jan/2018:11:58:49 -0300] "POST /cormun/servlet/solicitudotcontratos?349bc9843eec3a427768c311b6245046,INS,2018,0,9521772,9,6,2017,6732,LEY+SEP,201711,9,B,,gx-no-cache=1515682685093 HTTP/1.1" 200 10750
186.103.159.182 - - [11/Jan/2018:11:58:49 -0300] "POST /cormun/servlet/solicitudotcontratos?gx-no-cache=1515682685476 HTTP/1.1" 200 1343
186.103.159.182 - - [11/Jan/2018:11:58:49 -0300] "POST /cormun/servlet/solicitudotcontratos?gx-no-cache=1515682685539 HTTP/1.1" 200 1221
186.103.159.182 - - [11/Jan/2018:11:58:49 -0300] "GET /cormun/servlet/solicitudotcontratos?4846520630624ebff6b0b8492efacec900f676fba492af5c65abdca4c82c8f157065de4d61cb7d113714ba5ce356908105c99d2811584c75cfcd0d8cb5f983429a855f9a048dc980089cb6b5b91261f9b66925a9bdf569e2ee7552d350875caca9b09fd99f7e36b403e4fae13c07e7c1c55af146b342a7f8c709c49e9c48fc90,gx-no-cache=1515682685588 HTTP/1.1" 200 30
186.103.159.182 - - [11/Jan/2018:11:58:49 -0300] "POST /cormun/servlet/solicitudotcontratos?349bc9843eec3a427768c311b6245046,INS,2018,0,9521772,9,6,2017,6732,LEY+SEP,201711,9,B,,gx-no-cache=1515682685628 HTTP/1.1" 200 93
186.103.159.182 - - [11/Jan/2018:11:58:49 -0300] "GET /cormun/servlet/hpexe_return? HTTP/1.1" 200 1045
186.103.159.182 - - [11/Jan/2018:11:58:50 -0300] "GET /cormun/servlet/trcontratosolicitud HTTP/1.1" 200 14673
186.103.159.182 - - [11/Jan/2018:11:58:51 -0300] "GET /cormun/servlet/trcontratosolicitud HTTP/1.1" 200 14664
200.112.6.143 - - [11/Jan/2018:11:59:03 -0300] "GET /cormun/servlet/prfichaempleado?,MD,,gxPopupLevel%3D0%3B HTTP/1.1" 200 9386
186.103.159.182 - - [11/Jan/2018:11:59:10 -0300] "GET /cormun/servlet/solicitudotcontratos?INS,2018,0,9521772,9,6,2017,1564,LEY+SEP,201711,2,B, HTTP/1.1" 200 9950
186.103.159.182 - - [11/Jan/2018:11:59:11 -0300] "GET /cormun/servlet/solicitudotcontratos?INS,2018,0,9521772,9,6,2017,1564,LEY+SEP,201711,2,B, HTTP/1.1" 200 9987
186.103.159.182 - - [11/Jan/2018:11:59:12 -0300] "GET /cormun/servlet/solicitudotcontratos?4846520630624ebff6b0b8492efacec97165a8b5ee1b9c794b01815b9ee6b3eaf4062e1e373498beae30fc8e6c2e32ba,gx-no-cache=1515682708343 HTTP/1.1" 200 30
186.103.159.182 - - [11/Jan/2018:11:59:12 -0300] "GET /cormun/servlet/solicitudotcontratos?4846520630624ebff6b0b8492efacec9109b9921e18f8e6671d7cf740a850df01e06cf9e2d27fac7cf2f6fc4b3d01405,gx-no-cache=1515682708377 HTTP/1.1" 200 30
186.103.159.182 - - [11/Jan/2018:11:59:12 -0300] "GET /cormun/servlet/solicitudotcontratos?4846520630624ebff6b0b8492efacec903173f6e2927116436e2650b9dcd6497d0d5af384f3799495d3a420e375d3e33d8a52947cb31aa6453cc9802e7bb53c87391c3a557727277e4b8b8910109df88d90733d78c16a85d0ff8a2860b30626f3903126706c0450a30d0a26eec26c31f1b081e171c89e52065152b36c84042dc,gx-no-cache=1515682708417 HTTP/1.1" 200 50
186.103.159.182 - - [11/Jan/2018:11:59:12 -0300] "GET /cormun/servlet/solicitudotcontratos?4846520630624ebff6b0b8492efacec946b471c2b7216630068ed02a8588781e10763e20c17795f75c656fa3d8f51caf,gx-no-cache=1515682708460 HTTP/1.1" 200 30
186.103.159.182 - - [11/Jan/2018:11:59:12 -0300] "GET /cormun/servlet/solicitudotcontratos?4846520630624ebff6b0b8492efacec9c799184295d0b38889f181b678e5da192b9dc7822a2ec6a8c049eba1ec906423531c316ca0caeeddf2d67bf51d3fdb5d4d7093efb0640d5729373b212942ab3749b50608bf8f79c17e3976fb5d5916007d46d39858c147b50533a298b03c0b95,gx-no-cache=1515682708496 HTTP/1.1" 200 30
186.103.159.182 - - [11/Jan/2018:11:59:12 -0300] "GET /cormun/servlet/solicitudotcontratos?4846520630624ebff6b0b8492efacec98614ed5428caed5584b415d33ead89f5badb628b449087e4f919ca58dc04e9373bef79e7ee4ed717a52e092bf7b7a57a531c316ca0caeeddf2d67bf51d3fdb5d63e9de5ec2bb53197e76e83bbd8a433931ea590b471909c0a3ccae1389f4a40dcb8c9cbea93a041b694f44fde855735f1c10747e87431f39899766037e638e4697118ae511c85147e35031a05b4208733bef79e7ee4ed717a52e092bf7b7a57a8b556e93c2cbcbd6c21f546a6c3ecf26b6994f430fce67c73afe00c2d52594d91e5d6d1faf6a3d77818b9c8f58572e7294da05e7b93d6a303c5d4e9296d563679abbc966918305779c11e75e668465a03b76a8a577feaffefcbf6c965f6d484b153e0a5798ec60a8659cffc30b14ed8cb7fa883f90748f6a6de759b87b675a1016214a118320b7050fd9649650a0777853fa26c87a9bd6718dcb4809f91782adb706bfd2d504a70d616b6d03a6323c375dfd5a3a4742fca36cd730b90e7ccd4ac968f78f3b7b02da57eb41bd990c30deeb8ea3844c49e2d76e0c317672e0eeaf467421d8839852535f35ba20554f08d5fad22ec508b996364a134615f25f01b3a8b898917907c21ab290621699b695c1c6db126db0e884e43da3b15e025b6f5ae46eccd28c433a319aad8877af61f4fddbef7c142b119676cc9ba6f8af593d3710a2c49192798ea61b2395a63f646159374c42cb012dc66874e1b5a27a7cd223b692b965209deafdfaeedb25654733299c5b703cafae03e77403eb30bc1a5b5f446c37f97b24bf01fb6036721f14e46a,gx-no-cache=1515682708544 HTTP/1.1" 200 79
186.103.159.182 - - [11/Jan/2018:11:59:28 -0300] "POST /cormun/servlet/solicitudotcontratos?349bc9843eec3a427768c311b6245046,INS,2018,0,9521772,9,6,2017,1564,LEY+SEP,201711,2,B,,gx-no-cache=1515682724334 HTTP/1.1" 200 10750
186.103.159.182 - - [11/Jan/2018:11:59:29 -0300] "POST /cormun/servlet/solicitudotcontratos?gx-no-cache=1515682725417 HTTP/1.1" 200 1343
186.103.159.182 - - [11/Jan/2018:11:59:29 -0300] "POST /cormun/servlet/solicitudotcontratos?gx-no-cache=1515682725708 HTTP/1.1" 200 1221
186.103.159.182 - - [11/Jan/2018:11:59:29 -0300] "GET /cormun/servlet/solicitudotcontratos?4846520630624ebff6b0b8492efacec900f676fba492af5c65abdca4c82c8f157065de4d61cb7d113714ba5ce356908105c99d2811584c75cfcd0d8cb5f983429a855f9a048dc980089cb6b5b91261f9b66925a9bdf569e2ee7552d350875caca9b09fd99f7e36b403e4fae13c07e7c1c55af146b342a7f8c709c49e9c48fc90,gx-no-cache=1515682726175 HTTP/1.1" 200 30
186.103.159.182 - - [11/Jan/2018:11:59:30 -0300] "POST /cormun/servlet/solicitudotcontratos?349bc9843eec3a427768c311b6245046,INS,2018,0,9521772,9,6,2017,1564,LEY+SEP,201711,2,B,,gx-no-cache=1515682726223 HTTP/1.1" 200 93
186.103.159.182 - - [11/Jan/2018:11:59:30 -0300] "GET /cormun/servlet/hpexe_return? HTTP/1.1" 200 1045
186.103.159.182 - - [11/Jan/2018:11:59:30 -0300] "GET /cormun/servlet/trcontratosolicitud HTTP/1.1" 200 14736
186.103.159.182 - - [11/Jan/2018:11:59:32 -0300] "GET /cormun/servlet/trcontratosolicitud HTTP/1.1" 200 14741
200.112.6.143 - - [11/Jan/2018:11:59:33 -0300] "POST /cormun/servlet/prfichaempleado?e662bffeaf526a188a34770e7e897cb5,,MD,,gxPopupLevel%3D0%3B,gx-no-cache=1515682709858 HTTP/1.1" 200 5708
200.112.6.143 - - [11/Jan/2018:12:00:05 -0300] "POST /cormun/servlet/prfichaempleado?e662bffeaf526a188a34770e7e897cb5,,MD,,gxPopupLevel%3D0%3B,gx-no-cache=1515682754029 HTTP/1.1" 200 3482
186.103.159.182 - - [11/Jan/2018:12:00:07 -0300] "GET /cormun/servlet/solicitudotcontratos?INS,2018,0,16253381,9,6,2017,1607,LEY+SEP,201711,2,B, HTTP/1.1" 200 9982
186.103.159.182 - - [11/Jan/2018:12:00:09 -0300] "GET /cormun/servlet/solicitudotcontratos?INS,2018,0,16253381,9,6,2017,1607,LEY+SEP,201711,2,B, HTTP/1.1" 200 10018
186.103.159.182 - - [11/Jan/2018:12:00:10 -0300] "GET /cormun/servlet/solicitudotcontratos?4846520630624ebff6b0b8492efacec98b9ced6647c346e86ad3d8c9fbf10426cc568d626fdff2f3386cc4b9f7c4be11,gx-no-cache=1515682766479 HTTP/1.1" 200 30
186.103.159.182 - - [11/Jan/2018:12:00:10 -0300] "GET /cormun/servlet/solicitudotcontratos?4846520630624ebff6b0b8492efacec9daefdc637b2037b5c64b3e4750dc887e1312c3686b3045d36144985c1d4f4425,gx-no-cache=1515682766520 HTTP/1.1" 200 30
186.103.159.182 - - [11/Jan/2018:12:00:10 -0300] "GET /cormun/servlet/solicitudotcontratos?4846520630624ebff6b0b8492efacec903173f6e2927116436e2650b9dcd6497d0d5af384f3799495d3a420e375d3e33d8a52947cb31aa6453cc9802e7bb53c87391c3a557727277e4b8b8910109df88d90733d78c16a85d0ff8a2860b30626f3903126706c0450a30d0a26eec26c31f1b081e171c89e52065152b36c84042dc,gx-no-cache=1515682766553 HTTP/1.1" 200 50
186.103.159.182 - - [11/Jan/2018:12:00:10 -0300] "GET /cormun/servlet/solicitudotcontratos?4846520630624ebff6b0b8492efacec998be64bb2fe059af18784561c9cdcd933b4d73ce52308a8ac594a442e14acd93,gx-no-cache=1515682766599 HTTP/1.1" 200 30
186.103.159.182 - - [11/Jan/2018:12:00:10 -0300] "GET /cormun/servlet/solicitudotcontratos?4846520630624ebff6b0b8492efacec9c799184295d0b38889f181b678e5da192b9dc7822a2ec6a8c049eba1ec906423531c316ca0caeeddf2d67bf51d3fdb5d4d7093efb0640d5729373b212942ab3749b50608bf8f79c17e3976fb5d5916007d46d39858c147b50533a298b03c0b95,gx-no-cache=1515682766637 HTTP/1.1" 200 30
186.103.159.182 - - [11/Jan/2018:12:00:10 -0300] "GET /cormun/servlet/solicitudotcontratos?4846520630624ebff6b0b8492efacec98614ed5428caed5584b415d33ead89f5badb628b449087e4f919ca58dc04e9373bef79e7ee4ed717a52e092bf7b7a57a531c316ca0caeeddf2d67bf51d3fdb5d63e9de5ec2bb53197e76e83bbd8a433931ea590b471909c0a3ccae1389f4a40dcb8c9cbea93a041b694f44fde855735f1c10747e87431f39899766037e638e4697118ae511c85147e35031a05b4208733bef79e7ee4ed717a52e092bf7b7a57a8b556e93c2cbcbd6c21f546a6c3ecf26b6994f430fce67c73afe00c2d52594d91e5d6d1faf6a3d77818b9c8f58572e7294da05e7b93d6a303c5d4e9296d563679abbc966918305779c11e75e668465a03b76a8a577feaffefcbf6c965f6d484b153e0a5798ec60a8659cffc30b14ed8cb7fa883f90748f6a6de759b87b675a1016214a118320b7050fd9649650a0777853fa26c87a9bd6718dcb4809f91782adb706bfd2d504a70d616b6d03a6323c375dfd5a3a4742fca36cd730b90e7ccd4ac968f78f3b7b02da57eb41bd990c30deeb8ea3844c49e2d76e0c317672e0eeaf467421d8839852535f35ba20554f08d5fad22ec508b996364a134615f25f01b3a8b898917907c21ab290621699b695c1c6db126db0e884e43da3b15e025b6f5ae46eccd28c433a319aad8877af61f4fddbef7c142b119676cc9ba6f8af593d3710a2c49192798ea61b2395a63f646159374c42cb012dc66874e1b5a27a7cd223b692b965209deafdfaeedb25654733299c5b703cafae03e77403eb30bc1a5b5f446c37f97b24bf01fb6036721f14e46a,gx-no-cache=1515682766686 HTTP/1.1" 200 79
186.103.159.182 - - [11/Jan/2018:12:00:19 -0300] "POST /cormun/servlet/solicitudotcontratos?349bc9843eec3a427768c311b6245046,INS,2018,0,16253381,9,6,2017,1607,LEY+SEP,201711,2,B,,gx-no-cache=1515682775193 HTTP/1.1" 200 10758
186.103.159.182 - - [11/Jan/2018:12:00:20 -0300] "POST /cormun/servlet/solicitudotcontratos?gx-no-cache=1515682775938 HTTP/1.1" 200 1342
186.103.159.182 - - [11/Jan/2018:12:00:20 -0300] "POST /cormun/servlet/solicitudotcontratos?gx-no-cache=1515682776348 HTTP/1.1" 200 1221
186.103.159.182 - - [11/Jan/2018:12:00:20 -0300] "GET /cormun/servlet/solicitudotcontratos?4846520630624ebff6b0b8492efacec900f676fba492af5c65abdca4c82c8f157065de4d61cb7d113714ba5ce356908105c99d2811584c75cfcd0d8cb5f983429a855f9a048dc980089cb6b5b91261f9b66925a9bdf569e2ee7552d350875caca9b09fd99f7e36b403e4fae13c07e7c1c55af146b342a7f8c709c49e9c48fc90,gx-no-cache=1515682776421 HTTP/1.1" 200 30
186.103.159.182 - - [11/Jan/2018:12:00:20 -0300] "POST /cormun/servlet/solicitudotcontratos?349bc9843eec3a427768c311b6245046,INS,2018,0,16253381,9,6,2017,1607,LEY+SEP,201711,2,B,,gx-no-cache=1515682776460 HTTP/1.1" 200 93
186.103.159.182 - - [11/Jan/2018:12:00:20 -0300] "GET /cormun/servlet/hpexe_return? HTTP/1.1" 200 1044
186.103.159.182 - - [11/Jan/2018:12:00:21 -0300] "GET /cormun/servlet/trcontratosolicitud HTTP/1.1" 200 14801
186.103.156.24 - - [11/Jan/2018:12:00:21 -0300] "GET /cormun/servlet/trcontratosolicitud? HTTP/1.1" 200 13677
186.103.156.24 - - [11/Jan/2018:12:00:21 -0300] "GET /cormun/static/gxcfg.js?20177612214014 HTTP/1.1" 304 -
186.103.158.250 - - [11/Jan/2018:12:00:21 -0300] "GET /cormun/servlet/trsolicitudot? HTTP/1.1" 200 9114
186.103.156.24 - - [11/Jan/2018:12:00:21 -0300] "GET /cormun/servlet/trcontratosolicitud? HTTP/1.1" 200 13668
186.103.159.182 - - [11/Jan/2018:12:00:22 -0300] "GET /cormun/servlet/trcontratosolicitud HTTP/1.1" 200 14788
186.103.158.250 - - [11/Jan/2018:12:00:23 -0300] "GET /cormun/servlet/trsolicitudot? HTTP/1.1" 200 9113
186.103.158.250 - - [11/Jan/2018:12:00:27 -0300] "GET /cormun/servlet/solicitudot?INS,0,0, HTTP/1.1" 200 14083
186.103.158.250 - - [11/Jan/2018:12:00:29 -0300] "GET /cormun/servlet/solicitudot?INS,0,0, HTTP/1.1" 200 14088
186.103.159.182 - - [11/Jan/2018:12:00:47 -0300] "GET /cormun/servlet/solicitudotcontratos?INS,2018,0,8157652,1,2,2017,2582,NADA,201711,44,B, HTTP/1.1" 200 9976
186.103.159.182 - - [11/Jan/2018:12:00:49 -0300] "GET /cormun/servlet/solicitudotcontratos?INS,2018,0,8157652,1,2,2017,2582,NADA,201711,44,B, HTTP/1.1" 200 10009
186.103.159.182 - - [11/Jan/2018:12:00:49 -0300] "GET /cormun/servlet/solicitudotcontratos?4846520630624ebff6b0b8492efacec9b1795abe2fd4f9f39149b02fe7a1795df4062e1e373498beae30fc8e6c2e32ba,gx-no-cache=1515682806170 HTTP/1.1" 200 30
186.103.159.182 - - [11/Jan/2018:12:00:49 -0300] "GET /cormun/servlet/solicitudotcontratos?4846520630624ebff6b0b8492efacec9b8f438a7525c62f5cfa222b415c3fe451e06cf9e2d27fac7cf2f6fc4b3d01405,gx-no-cache=1515682806203 HTTP/1.1" 200 30
186.103.159.182 - - [11/Jan/2018:12:00:50 -0300] "GET /cormun/servlet/solicitudotcontratos?4846520630624ebff6b0b8492efacec903173f6e2927116436e2650b9dcd6497d0d5af384f3799495d3a420e375d3e33d8a52947cb31aa6453cc9802e7bb53c87391c3a557727277e4b8b8910109df8843f5a7e0faf2c83aa5fb8168b6e99f774fb78bfda398a4244e7cadabc5bbd031208d0fe7a4e501284bdf5d1f36547f8d,gx-no-cache=1515682806241 HTTP/1.1" 200 48
186.103.159.182 - - [11/Jan/2018:12:00:50 -0300] "GET /cormun/servlet/solicitudotcontratos?4846520630624ebff6b0b8492efacec9b3bab8dc5c5d7aabafb17f152c65850563c32cb8e592975b8dcc78d45cfec915,gx-no-cache=1515682806282 HTTP/1.1" 200 30
186.103.159.182 - - [11/Jan/2018:12:00:50 -0300] "GET /cormun/servlet/solicitudotcontratos?4846520630624ebff6b0b8492efacec9c799184295d0b38889f181b678e5da192b9dc7822a2ec6a8c049eba1ec906423531c316ca0caeeddf2d67bf51d3fdb5d4d7093efb0640d5729373b212942ab37f1cf9de37249370ac54d0a1fa87a16c47d46d39858c147b50533a298b03c0b95,gx-no-cache=1515682806320 HTTP/1.1" 200 30
186.103.159.182 - - [11/Jan/2018:12:00:50 -0300] "GET /cormun/servlet/solicitudotcontratos?4846520630624ebff6b0b8492efacec98614ed5428caed5584b415d33ead89f5badb628b449087e4f919ca58dc04e937f84501c684cbbd81cfd0c6ecf8f54dd2d0a9f21134a12889ab7aa8fd456bc5e7583a422b10499f6be561f5648f926daa2cb7387339433e6aafbbad29b564339f3a4fe0789e3cccc6757f9b603e2723617a765d50083e263774ab6ace6a839653f78ba4d54d13e3372090829577666934ea9964041ddbae62e68be13e917c9870897e49e6adb060a0b8594a084cd8ba576d1afb7083ae62cd616c5a678af4eae92ee8718a984f7e8cd576971f00967d6c7062b5caed121fb9ee54b22569c95e2b2da40466f956be6914aec71d8b4dd760c0b44146ade1f1348a1d6dcf546fa630d00ca3664e9adbef86e22b1a82e8e9398ea33e2f4451d56dc4bab5f50dc47fe9153e0a5798ec60a8659cffc30b14ed8c7454817c0a04f9a31a73d754490d70a5be76721d6fc2a7bd2ce3880ae954fa47b896052cf56cffdb7ea96b3f2fbc97853460b08c9edb124255c4fe522f93a7484e885d907a0a8ce59d54f2466ee77878b922bafbf41454eb95d338feddc00b13c5fdf95d89d04fb9ef2c04be4e24711712396a3d0207841a451b3d48bf2f849b84cdc605d2128d90c9c3f08d16aa709ae16cd814b5bfcb161f2b0ac02a1e91ccaa25d452d9a7c17acef867167340f211b922bafbf41454eb95d338feddc00b1346d7500328d5dc6792db98ff3132506799f048aa7853d8de1870adf7dc77efdc7ed240e78bcb3b78e532447cf0123372c07b5748d237e8e599c0e73a193a0fba,gx-no-cache=1515682806381 HTTP/1.1" 200 72
186.103.158.250 - - [11/Jan/2018:12:00:51 -0300] "POST /cormun/servlet/solicitudot?gx-no-cache=1515682810319 HTTP/1.1" 200 3749
186.103.158.250 - - [11/Jan/2018:12:00:51 -0300] "POST /cormun/servlet/solicitudot?0200b3adc0323117d4cc876a5948844c,INS,0,0,,gx-no-cache=1515682810608 HTTP/1.1" 200 10898
186.103.158.250 - - [11/Jan/2018:12:00:54 -0300] "GET /cormun/servlet/solicitudot?eefab0f54816ca845a5f396277ac21aaa81a0bb000e746aa0720fae3bb8eb65f1d24279057cb18fe6d71014c73ae3a52,gx-no-cache=1515682813221 HTTP/1.1" 200 30
186.103.159.182 - - [11/Jan/2018:12:00:55 -0300] "POST /cormun/servlet/solicitudotcontratos?349bc9843eec3a427768c311b6245046,INS,2018,0,8157652,1,2,2017,2582,NADA,201711,44,B,,gx-no-cache=1515682811111 HTTP/1.1" 200 10766
186.103.159.182 - - [11/Jan/2018:12:00:55 -0300] "POST /cormun/servlet/solicitudotcontratos?gx-no-cache=1515682811661 HTTP/1.1" 200 1342
186.103.159.182 - - [11/Jan/2018:12:00:55 -0300] "POST /cormun/servlet/solicitudotcontratos?gx-no-cache=1515682811780 HTTP/1.1" 200 1221
186.103.159.182 - - [11/Jan/2018:12:00:55 -0300] "GET /cormun/servlet/solicitudotcontratos?4846520630624ebff6b0b8492efacec900f676fba492af5c65abdca4c82c8f157065de4d61cb7d113714ba5ce356908105c99d2811584c75cfcd0d8cb5f983429a855f9a048dc980089cb6b5b91261f9b66925a9bdf569e2ee7552d350875caca9b09fd99f7e36b403e4fae13c07e7c1c55af146b342a7f8c709c49e9c48fc90,gx-no-cache=1515682811864 HTTP/1.1" 200 30
