186.103.159.189 - - [11/Jan/2018:11:10:18 -0300] "GET /cormun/servlet/trsolicitudadjuntos?2018,8635, HTTP/1.1" 200 9031
186.103.158.250 - - [11/Jan/2018:11:10:18 -0300] "POST /cormun/servlet/solicitudotcontratos?0200b3adc0323117d4cc876a5948844c,INS,2018,0,12135823,9,6,2017,1697,LEY+SEP,201711,4,B,,gx-no-cache=1515679777557 HTTP/1.1" 200 93
186.103.158.250 - - [11/Jan/2018:11:10:18 -0300] "GET /cormun/servlet/hpexe_return? HTTP/1.1" 200 1047
186.103.158.250 - - [11/Jan/2018:11:10:19 -0300] "GET /cormun/servlet/trcontratosolicitud HTTP/1.1" 200 12455
186.103.158.250 - - [11/Jan/2018:11:10:20 -0300] "GET /cormun/servlet/trcontratosolicitud HTTP/1.1" 200 12450
186.103.159.189 - - [11/Jan/2018:11:10:21 -0300] "GET /cormun/servlet/solicitudotadjuntos?INS,2018,8635,,1, HTTP/1.1" 200 6224
186.103.159.44 - - [11/Jan/2018:11:10:21 -0300] "GET /cormun/servlet/solicitudotadjuntos?INS,2018,8641,,2, HTTP/1.1" 200 6166
186.103.159.44 - - [11/Jan/2018:11:10:21 -0300] "HEAD /cormun/static/about:blank HTTP/1.1" 404 -
186.103.159.189 - - [11/Jan/2018:11:10:22 -0300] "GET /cormun/static/about:blank HTTP/1.1" 404 1011
186.103.159.44 - - [11/Jan/2018:11:10:22 -0300] "GET /cormun/servlet/solicitudotadjuntos?93f5696ec6af881851328fe3ede9ab9a1f96de023f086c852ae9ade2dd4e05d5f143493dfd812ba0b0ce7a0cd012de36,gx-no-cache=1515679782858 HTTP/1.1" 200 30
186.103.159.189 - - [11/Jan/2018:11:10:22 -0300] "GET /cormun/servlet/solicitudotadjuntos?INS,2018,8635,,1, HTTP/1.1" 200 6218
186.103.159.44 - - [11/Jan/2018:11:10:22 -0300] "POST /cormun/servlet/solicitudotadjuntos?7680f75a9c3e26756cadc1e4993d38b7,INS,2018,8641,,2,,gx-no-cache=1515679782894 HTTP/1.1" 200 4198
186.103.159.189 - - [11/Jan/2018:11:10:23 -0300] "GET /cormun/servlet/solicitudotadjuntos?4f5d1eb59b741b78f7f6e2fb72aa96daea135bcdeb62f7a58b1058c8b5d3acce2f88627ac305227fbc2ad8106fe23573,gx-no-cache=1515683380688 HTTP/1.1" 200 30
186.103.159.189 - - [11/Jan/2018:11:10:23 -0300] "POST /cormun/servlet/solicitudotadjuntos?d134df0372c1084e85d48c640caa470d,INS,2018,8635,,1,,gx-no-cache=1515683380790 HTTP/1.1" 200 4018
186.103.159.182 - - [11/Jan/2018:11:10:24 -0300] "GET /cormun/servlet/trcontratosolicitud? HTTP/1.1" 200 7578
186.103.159.182 - - [11/Jan/2018:11:10:25 -0300] "GET /cormun/servlet/trcontratosolicitud? HTTP/1.1" 200 7577
186.103.159.189 - - [11/Jan/2018:11:10:27 -0300] "POST /cormun/servlet/solicitudotadjuntos?gx-no-cache=1515683384972 HTTP/1.1" 200 26
186.103.159.182 - - [11/Jan/2018:11:10:29 -0300] "POST /cormun/servlet/trcontratosolicitud?349bc9843eec3a427768c311b6245046,,gx-no-cache=1515679784944 HTTP/1.1" 200 12226
186.103.158.250 - - [11/Jan/2018:11:10:31 -0300] "GET /cormun/servlet/solicitudotcontratos?INS,2018,0,16492695,8,6,2017,3384,PRORETENCION,201711,14,*, HTTP/1.1" 200 9945
186.103.158.250 - - [11/Jan/2018:11:10:32 -0300] "GET /cormun/servlet/solicitudotcontratos?INS,2018,0,16492695,8,6,2017,3384,PRORETENCION,201711,14,*, HTTP/1.1" 200 9978
186.103.158.250 - - [11/Jan/2018:11:10:32 -0300] "GET /cormun/servlet/solicitudotcontratos?eefab0f54816ca845a5f396277ac21aa0a2c547ea0bf0a9e63323623f00ad3085f5f349b1f2231955e94432f6174c9a4,gx-no-cache=1515679791918 HTTP/1.1" 200 30
186.103.158.250 - - [11/Jan/2018:11:10:32 -0300] "GET /cormun/servlet/solicitudotcontratos?eefab0f54816ca845a5f396277ac21aac4999ebe501a6419284290af794113ec416e13fdab69e16068ef8f1cf0268663,gx-no-cache=1515679791950 HTTP/1.1" 200 30
186.103.158.250 - - [11/Jan/2018:11:10:32 -0300] "GET /cormun/servlet/solicitudotcontratos?eefab0f54816ca845a5f396277ac21aa7cd75ce0c4f26fd8c30879fec40bcf0d7ead2bd5796bf43a8ed42db3854804102d0297c930e0b3d05b907a8309bb179a14e8f47bcda93c77d3902c3cf185248f0bf29dfca36a2eda95ad3a95f42447a1751e1ea64311380c2ef216ba8029aac996b10d174dcd90b35ffcddde8d3aef5c,gx-no-cache=1515679791985 HTTP/1.1" 200 50
186.103.158.250 - - [11/Jan/2018:11:10:32 -0300] "GET /cormun/servlet/solicitudotcontratos?eefab0f54816ca845a5f396277ac21aac8ad43ed00432ba15a5dc17c47d621b155de8c2dc0d508a8aca387cc34b2aadf,gx-no-cache=1515679792028 HTTP/1.1" 200 30
186.103.158.250 - - [11/Jan/2018:11:10:33 -0300] "GET /cormun/servlet/solicitudotcontratos?eefab0f54816ca845a5f396277ac21aabaab7860bc3582036349aa2411b0ffaf452c85a16ff9c76698ce724ed78bb82344d7309396f193ef85a35203e83c615905f660030e59bd4618cf7467e399fc6232874a40686d9ca449905d9ef330921a1d24279057cb18fe6d71014c73ae3a52,gx-no-cache=1515679792067 HTTP/1.1" 200 30
186.103.158.250 - - [11/Jan/2018:11:10:33 -0300] "GET /cormun/servlet/solicitudotcontratos?eefab0f54816ca845a5f396277ac21aa8a8cd55730defd7ecdf785fbc51acc7edefdd17a910888a160b18ac7ac9ae5fc7ef4f9002ff14d251bfadbf95d1df9bd00c60db7bf5196be497d403c2e78d9e9f3f42f516633a39f69fff865d23e40e3c07fef5d1652d22feb20cdfda30e235cb82a6f2e096c24465b8981f2d3494c99932d451e276369b38927735a189d8ccd73ef003538f9e560ec2d681f59e864059a6dc08bc08e8d78f9be460d54ed2f85e39952c4fb047f62310542b9cb206ef6bef182bba8a7a46f241e4399eb6ba5cc276331374551d631064373ae76f5fc2c4d32663f8622c361c7af9abffceb2a682aabb6cfcc0cd46a12cb676c2471a2e8f76cc8bd4da019406a781f9c5de21edfdebe8bc8b6924cc610360587177f73aeb0e6a97a1479d94c0f7dd4de7707af5bd102367431a2516d01923b38329615af80c3800ac3cf2e9aa943238b172068646e839462f2a5284c88497d3488daff6fd4181856d2f99e396f80889d1fcc14fd569581f98bdd1bfd55a02ab59fb35ec8dcbd98f67dd872712e0f05ccd0a0c2afa8d79462c0c68ef62920eb21698a432e94cdf053d8487c8ffb3cb385c017f6a6ac4dce5798d3b45ed1b630623f83bd91e4403da20f53687269e585f06a5ddea438438e11bfdbab78e9996be8a4cbf549a83c72d21a8b7d0f31debcacbf83babdbcbe88b7a8b7c8a6f79c6e72f0053a28aed6aef0fd0006a0c4f35348712e6d717e572de479affa7f41f6dc5d8eee999367d168f7c4e069c59200ff979450fe07f0f1daa6d4d0c152384c104758319bca,gx-no-cache=1515679792115 HTTP/1.1" 200 84
186.103.158.250 - - [11/Jan/2018:11:10:35 -0300] "POST /cormun/servlet/solicitudotcontratos?0200b3adc0323117d4cc876a5948844c,INS,2018,0,16492695,8,6,2017,3384,PRORETENCION,201711,14,*,,gx-no-cache=1515679794175 HTTP/1.1" 200 10799
186.103.158.250 - - [11/Jan/2018:11:10:35 -0300] "POST /cormun/servlet/solicitudotcontratos?gx-no-cache=1515679794542 HTTP/1.1" 200 1343
186.103.158.250 - - [11/Jan/2018:11:10:35 -0300] "POST /cormun/servlet/solicitudotcontratos?gx-no-cache=1515679794608 HTTP/1.1" 200 1220
186.103.158.250 - - [11/Jan/2018:11:10:35 -0300] "GET /cormun/servlet/solicitudotcontratos?eefab0f54816ca845a5f396277ac21aabc77645c5e5c69868c2909328c91e95c4366741856812bd2ddaeecc12cff3a3adf1a6501d9ff13fc18503ab45d079284f2391afa0d7b8f48cc6eddec22c5578b57ad1c54419adebb17cdcaa357f81f525e054f8e55fed679b6aed97966377166125a2078150bf9cbae745fc8df51e841,gx-no-cache=1515679794669 HTTP/1.1" 200 30
186.103.158.250 - - [11/Jan/2018:11:10:35 -0300] "POST /cormun/servlet/solicitudotcontratos?0200b3adc0323117d4cc876a5948844c,INS,2018,0,16492695,8,6,2017,3384,PRORETENCION,201711,14,*,,gx-no-cache=1515679794710 HTTP/1.1" 200 93
186.103.158.250 - - [11/Jan/2018:11:10:35 -0300] "GET /cormun/servlet/hpexe_return? HTTP/1.1" 200 1048
186.103.158.250 - - [11/Jan/2018:11:10:36 -0300] "GET /cormun/servlet/trcontratosolicitud HTTP/1.1" 200 12274
186.103.158.250 - - [11/Jan/2018:11:10:37 -0300] "GET /cormun/servlet/trcontratosolicitud HTTP/1.1" 200 12274
201.236.57.155 - - [11/Jan/2018:11:10:38 -0300] "POST /cormun/servlet/trsolicitudot?b781b9151e9c01b78afe6b0a837dd83d,gx-no-cache=1515679799335 HTTP/1.1" 200 103
201.236.57.155 - - [11/Jan/2018:11:10:38 -0300] "GET /cormun/SolicitudOT-3956.xls HTTP/1.1" 200 28672
186.103.159.189 - - [11/Jan/2018:11:10:41 -0300] "GET /cormun/servlet/solicitudotadjuntos?4f5d1eb59b741b78f7f6e2fb72aa96da729ee1612dcfab9a93f007fe6a44292d,gx-no-cache=1515683399405 HTTP/1.1" 200 30
186.103.159.189 - - [11/Jan/2018:11:10:41 -0300] "GET /cormun/servlet/solicitudotadjuntos?4f5d1eb59b741b78f7f6e2fb72aa96da729ee1612dcfab9a93f007fe6a44292d,gx-no-cache=1515683399448 HTTP/1.1" 200 30
186.103.159.189 - - [11/Jan/2018:11:10:42 -0300] "POST /cormun/servlet/solicitudotadjuntos?d134df0372c1084e85d48c640caa470d,INS,2018,8635,,1, HTTP/1.1" 200 116
186.103.159.189 - - [11/Jan/2018:11:10:42 -0300] "GET /cormun/servlet/hpexe_return? HTTP/1.1" 200 1028
186.103.159.189 - - [11/Jan/2018:11:10:43 -0300] "GET /cormun/servlet/trsolicitudadjuntos?2018,8635, HTTP/1.1" 200 9230
186.103.159.189 - - [11/Jan/2018:11:10:45 -0300] "GET /cormun/servlet/trsolicitudadjuntos?2018,8635, HTTP/1.1" 200 9226
186.103.159.189 - - [11/Jan/2018:11:10:48 -0300] "GET /cormun/servlet/solicitudotadjuntos?INS,2018,8635,,1, HTTP/1.1" 200 6224
186.103.159.189 - - [11/Jan/2018:11:10:49 -0300] "GET /cormun/static/about:blank HTTP/1.1" 404 1011
186.103.159.189 - - [11/Jan/2018:11:10:50 -0300] "GET /cormun/servlet/solicitudotadjuntos?INS,2018,8635,,1, HTTP/1.1" 200 6218
186.103.159.189 - - [11/Jan/2018:11:10:50 -0300] "GET /cormun/servlet/solicitudotadjuntos?4f5d1eb59b741b78f7f6e2fb72aa96daea135bcdeb62f7a58b1058c8b5d3acce2f88627ac305227fbc2ad8106fe23573,gx-no-cache=1515683408076 HTTP/1.1" 200 30
186.103.159.189 - - [11/Jan/2018:11:10:50 -0300] "POST /cormun/servlet/solicitudotadjuntos?d134df0372c1084e85d48c640caa470d,INS,2018,8635,,1,,gx-no-cache=1515683408140 HTTP/1.1" 200 4018
186.103.158.250 - - [11/Jan/2018:11:10:53 -0300] "GET /cormun/servlet/solicitudotcontratos?INS,2018,0,16882955,8,6,2017,8503,LEY+SEP,,10,B, HTTP/1.1" 200 9931
186.103.159.189 - - [11/Jan/2018:11:10:53 -0300] "POST /cormun/servlet/solicitudotadjuntos?gx-no-cache=1515683411152 HTTP/1.1" 200 26
186.103.158.250 - - [11/Jan/2018:11:10:54 -0300] "GET /cormun/servlet/solicitudotcontratos?INS,2018,0,16882955,8,6,2017,8503,LEY+SEP,,10,B, HTTP/1.1" 200 9965
186.103.159.44 - - [11/Jan/2018:11:10:55 -0300] "POST /cormun/servlet/solicitudotadjuntos?gx-no-cache=1515679815424 HTTP/1.1" 200 26
186.103.158.250 - - [11/Jan/2018:11:10:55 -0300] "GET /cormun/servlet/solicitudotcontratos?eefab0f54816ca845a5f396277ac21aa4f23681fe7a7450ee25a06930fb4840e5f5f349b1f2231955e94432f6174c9a4,gx-no-cache=1515679814308 HTTP/1.1" 200 30
186.103.158.250 - - [11/Jan/2018:11:10:55 -0300] "GET /cormun/servlet/solicitudotcontratos?eefab0f54816ca845a5f396277ac21aace1f56867948eb681639c0aca3c192fb416e13fdab69e16068ef8f1cf0268663,gx-no-cache=1515679814344 HTTP/1.1" 200 30
186.103.158.250 - - [11/Jan/2018:11:10:55 -0300] "GET /cormun/servlet/solicitudotcontratos?eefab0f54816ca845a5f396277ac21aa7cd75ce0c4f26fd8c30879fec40bcf0d27ce3ccccedc39e0ebf707d351901a072d0297c930e0b3d05b907a8309bb179ab65720ff01cfbd3340b60ce53d4b16e50bf29dfca36a2eda95ad3a95f42447a1751e1ea64311380c2ef216ba8029aac996b10d174dcd90b35ffcddde8d3aef5c,gx-no-cache=1515679814379 HTTP/1.1" 200 50
186.103.158.250 - - [11/Jan/2018:11:10:55 -0300] "GET /cormun/servlet/solicitudotcontratos?eefab0f54816ca845a5f396277ac21aab78683008354dc136085c6039b5c004a9a7e7e3b8fc7981161deb37f51c262b6,gx-no-cache=1515679814424 HTTP/1.1" 200 30
186.103.158.250 - - [11/Jan/2018:11:10:55 -0300] "GET /cormun/servlet/solicitudotcontratos?eefab0f54816ca845a5f396277ac21aabaab7860bc3582036349aa2411b0ffaf452c85a16ff9c76698ce724ed78bb82344d7309396f193ef85a35203e83c615905f660030e59bd4618cf7467e399fc6232874a40686d9ca449905d9ef330921a1d24279057cb18fe6d71014c73ae3a52,gx-no-cache=1515679814461 HTTP/1.1" 200 30
186.103.158.250 - - [11/Jan/2018:11:10:55 -0300] "GET /cormun/servlet/solicitudotcontratos?eefab0f54816ca845a5f396277ac21aa8a8cd55730defd7ecdf785fbc51acc7edefdd17a910888a160b18ac7ac9ae5fcde8edba8148b2c83ffd6c462bd1c2ee444d7309396f193ef85a35203e83c6159c62a29f6c49eee0ba44d6f111442305a0ad54c64eaf3227f7c73dfc08ad38b87b05414d95294e20c643e85d4279045ff989d6e0c7e51d66504fb88b0fbcaf44a3d9f300993e75483dd72c319ce25d807de8edba8148b2c83ffd6c462bd1c2ee46fb9cc6de3d37c3a7e5287174e0c7380132821c6e51f0085a76eec264375b40aebbbaf7f36b2f87fe88e957a01eb6193042082fe0e2cfa6f41dcb3584cefb344a8141acb1e9f8fed9a33a5535d636a1e23dd6272255283067a39afd1a707ce619c2856130fdf39ed412acee6cf8d2db71eae58c76a66bc3548f3da136fc8062b2892bb2b55b79e97613032d259d1f296025206c56315390bda0b20aa15cc9f202aabb6cfcc0cd46a12cb676c2471a2e8b3e4008a2e703cbdd4486eba84f56447c375766aecebdc3b7f87a6fddef76398117d151a053d81a2f9a73e4904a3d4abf1f4fbbc1ee969bcb9d5fb2ad800a23088e76ffcefda680222d2fb8c372a4c3e12b21fa247f5e3d972537f740582456b69ed7e5aa2845628edbc2fd017988c48747abfe7c93d57f73634b7d3df82817aae4f75c1f43cce5991010b4cbb5289baa9ac1e6f47a7da4ee805031b9c1f4e8ee4814dc0158fed0439494b68280a1d3a07f28c7c8c3d185bec665f2904bcd027192467429780218804235184037fc1b6c5f3e6db6172e98e8a0fd66e3ec66ceb,gx-no-cache=1515679814513 HTTP/1.1" 200 79
186.103.159.44 - - [11/Jan/2018:11:11:01 -0300] "GET /cormun/servlet/solicitudotadjuntos?93f5696ec6af881851328fe3ede9ab9a135ff810eaf89621c468429739a4b92a,gx-no-cache=1515679821352 HTTP/1.1" 200 30
186.103.159.44 - - [11/Jan/2018:11:11:01 -0300] "GET /cormun/servlet/solicitudotadjuntos?93f5696ec6af881851328fe3ede9ab9a135ff810eaf89621c468429739a4b92a,gx-no-cache=1515679821407 HTTP/1.1" 200 30
186.103.159.44 - - [11/Jan/2018:11:11:01 -0300] "POST /cormun/servlet/solicitudotadjuntos?7680f75a9c3e26756cadc1e4993d38b7,INS,2018,8641,,2, HTTP/1.1" 200 116
186.103.159.44 - - [11/Jan/2018:11:11:01 -0300] "GET /cormun/servlet/hpexe_return? HTTP/1.1" 200 1027
186.103.159.189 - - [11/Jan/2018:11:11:01 -0300] "GET /cormun/servlet/solicitudotadjuntos?4f5d1eb59b741b78f7f6e2fb72aa96da729ee1612dcfab9a93f007fe6a44292d,gx-no-cache=1515683419174 HTTP/1.1" 200 30
186.103.159.189 - - [11/Jan/2018:11:11:01 -0300] "GET /cormun/servlet/solicitudotadjuntos?4f5d1eb59b741b78f7f6e2fb72aa96da729ee1612dcfab9a93f007fe6a44292d,gx-no-cache=1515683419287 HTTP/1.1" 200 30
186.103.159.44 - - [11/Jan/2018:11:11:02 -0300] "GET /cormun/servlet/trsolicitudadjuntos?2018,8641, HTTP/1.1" 200 9540
186.103.159.189 - - [11/Jan/2018:11:11:03 -0300] "POST /cormun/servlet/solicitudotadjuntos?d134df0372c1084e85d48c640caa470d,INS,2018,8635,,1, HTTP/1.1" 200 116
186.103.159.189 - - [11/Jan/2018:11:11:04 -0300] "GET /cormun/servlet/hpexe_return? HTTP/1.1" 200 1028
186.103.159.189 - - [11/Jan/2018:11:11:04 -0300] "GET /cormun/servlet/trsolicitudadjuntos?2018,8635, HTTP/1.1" 200 9429
186.103.159.189 - - [11/Jan/2018:11:11:06 -0300] "GET /cormun/servlet/trsolicitudadjuntos?2018,8635, HTTP/1.1" 200 9428
186.103.159.44 - - [11/Jan/2018:11:11:06 -0300] "GET /cormun/servlet/trsolicitudot? HTTP/1.1" 200 14000
186.103.159.182 - - [11/Jan/2018:11:11:07 -0300] "POST /cormun/servlet/trcontratosolicitud?349bc9843eec3a427768c311b6245046,,gx-no-cache=1515679823145 HTTP/1.1" 200 11922
186.103.159.189 - - [11/Jan/2018:11:11:08 -0300] "GET /cormun/servlet/solicitudotadjuntos?INS,2018,8635,,1, HTTP/1.1" 200 6224
186.103.159.189 - - [11/Jan/2018:11:11:10 -0300] "GET /cormun/static/about:blank HTTP/1.1" 404 1011
186.103.159.189 - - [11/Jan/2018:11:11:10 -0300] "GET /cormun/servlet/solicitudotadjuntos?INS,2018,8635,,1, HTTP/1.1" 200 6218
186.103.159.189 - - [11/Jan/2018:11:11:11 -0300] "GET /cormun/servlet/solicitudotadjuntos?4f5d1eb59b741b78f7f6e2fb72aa96daea135bcdeb62f7a58b1058c8b5d3acce2f88627ac305227fbc2ad8106fe23573,gx-no-cache=1515683428443 HTTP/1.1" 200 30
186.103.159.189 - - [11/Jan/2018:11:11:11 -0300] "POST /cormun/servlet/solicitudotadjuntos?d134df0372c1084e85d48c640caa470d,INS,2018,8635,,1,,gx-no-cache=1515683428550 HTTP/1.1" 200 4018
186.103.159.189 - - [11/Jan/2018:11:11:17 -0300] "POST /cormun/servlet/solicitudotadjuntos?gx-no-cache=1515683434839 HTTP/1.1" 200 26
186.103.158.250 - - [11/Jan/2018:11:11:21 -0300] "POST /cormun/servlet/solicitudotcontratos?0200b3adc0323117d4cc876a5948844c,INS,2018,0,16882955,8,6,2017,8503,LEY+SEP,,10,B,,gx-no-cache=1515679840288 HTTP/1.1" 200 10805
186.103.158.250 - - [11/Jan/2018:11:11:21 -0300] "POST /cormun/servlet/solicitudotcontratos?gx-no-cache=1515679840697 HTTP/1.1" 200 1343
186.103.158.250 - - [11/Jan/2018:11:11:21 -0300] "POST /cormun/servlet/solicitudotcontratos?gx-no-cache=1515679840776 HTTP/1.1" 200 1221
186.103.158.250 - - [11/Jan/2018:11:11:21 -0300] "GET /cormun/servlet/solicitudotcontratos?eefab0f54816ca845a5f396277ac21aabc77645c5e5c69868c2909328c91e95c4366741856812bd2ddaeecc12cff3a3adf1a6501d9ff13fc18503ab45d079284f2391afa0d7b8f48cc6eddec22c5578b57ad1c54419adebb17cdcaa357f81f525e054f8e55fed679b6aed97966377166125a2078150bf9cbae745fc8df51e841,gx-no-cache=1515679840828 HTTP/1.1" 200 30
186.103.158.250 - - [11/Jan/2018:11:11:22 -0300] "POST /cormun/servlet/solicitudotcontratos?0200b3adc0323117d4cc876a5948844c,INS,2018,0,16882955,8,6,2017,8503,LEY+SEP,,10,B,,gx-no-cache=1515679840869 HTTP/1.1" 200 93
186.103.158.250 - - [11/Jan/2018:11:11:22 -0300] "GET /cormun/servlet/hpexe_return? HTTP/1.1" 200 1045
186.103.158.250 - - [11/Jan/2018:11:11:22 -0300] "GET /cormun/servlet/trcontratosolicitud HTTP/1.1" 200 12272
186.103.158.250 - - [11/Jan/2018:11:11:24 -0300] "GET /cormun/servlet/trcontratosolicitud HTTP/1.1" 200 12275
186.103.159.189 - - [11/Jan/2018:11:11:28 -0300] "GET /cormun/servlet/solicitudotadjuntos?4f5d1eb59b741b78f7f6e2fb72aa96da729ee1612dcfab9a93f007fe6a44292d,gx-no-cache=1515683445800 HTTP/1.1" 200 30
186.103.159.189 - - [11/Jan/2018:11:11:28 -0300] "GET /cormun/servlet/solicitudotadjuntos?4f5d1eb59b741b78f7f6e2fb72aa96da729ee1612dcfab9a93f007fe6a44292d,gx-no-cache=1515683445894 HTTP/1.1" 200 30
186.103.159.189 - - [11/Jan/2018:11:11:29 -0300] "POST /cormun/servlet/solicitudotadjuntos?d134df0372c1084e85d48c640caa470d,INS,2018,8635,,1, HTTP/1.1" 200 116
186.103.159.189 - - [11/Jan/2018:11:11:29 -0300] "GET /cormun/servlet/hpexe_return? HTTP/1.1" 200 1028
186.103.159.189 - - [11/Jan/2018:11:11:30 -0300] "GET /cormun/servlet/trsolicitudadjuntos?2018,8635, HTTP/1.1" 200 9718
186.103.159.189 - - [11/Jan/2018:11:11:31 -0300] "GET /cormun/servlet/trsolicitudadjuntos?2018,8635, HTTP/1.1" 200 9717
186.103.159.189 - - [11/Jan/2018:11:11:35 -0300] "GET /cormun/servlet/solicitudotadjuntos?INS,2018,8635,,2, HTTP/1.1" 200 6222
186.103.159.189 - - [11/Jan/2018:11:11:36 -0300] "GET /cormun/static/about:blank HTTP/1.1" 404 1011
186.103.159.189 - - [11/Jan/2018:11:11:36 -0300] "GET /cormun/servlet/solicitudotadjuntos?INS,2018,8635,,2, HTTP/1.1" 200 6216
186.103.159.189 - - [11/Jan/2018:11:11:37 -0300] "GET /cormun/servlet/solicitudotadjuntos?4f5d1eb59b741b78f7f6e2fb72aa96daea135bcdeb62f7a58b1058c8b5d3acce2f88627ac305227fbc2ad8106fe23573,gx-no-cache=1515683454738 HTTP/1.1" 200 30
186.103.159.189 - - [11/Jan/2018:11:11:37 -0300] "POST /cormun/servlet/solicitudotadjuntos?d134df0372c1084e85d48c640caa470d,INS,2018,8635,,2,,gx-no-cache=1515683454782 HTTP/1.1" 200 4159
200.112.6.143 - - [11/Jan/2018:11:11:51 -0300] "GET /cormun/servlet/trcontratounov2? HTTP/1.1" 200 5988
186.103.159.182 - - [11/Jan/2018:11:11:52 -0300] "POST /cormun/servlet/acontrolpreferencessavestate?None,SGONGORA,true HTTP/1.1" 200 35
200.112.6.143 - - [11/Jan/2018:11:11:53 -0300] "GET /cormun/servlet/hlogin HTTP/1.1" 200 1743
186.103.159.189 - - [11/Jan/2018:11:11:53 -0300] "POST /cormun/servlet/solicitudotadjuntos?gx-no-cache=1515683470585 HTTP/1.1" 200 26
186.103.159.182 - - [11/Jan/2018:11:11:54 -0300] "GET /cormun/servlet/trcontratounov2? HTTP/1.1" 200 17380
186.103.159.182 - - [11/Jan/2018:11:11:54 -0300] "GET /cormun/static/gxcfg.js?201752512124396 HTTP/1.1" 200 953
186.103.159.182 - - [11/Jan/2018:11:11:54 -0300] "GET /cormun/static/Resources/PXToolsGridNew.png HTTP/1.1" 200 2949
186.103.159.182 - - [11/Jan/2018:11:11:54 -0300] "GET /cormun/static/Resources/PXToolsAddSelectedAction.png HTTP/1.1" 200 3660
186.103.159.182 - - [11/Jan/2018:11:11:54 -0300] "GET /cormun/static/trcontratounov2.js?201752512125146 HTTP/1.1" 200 38486
186.103.159.182 - - [11/Jan/2018:11:11:56 -0300] "GET /cormun/servlet/trcontratounov2? HTTP/1.1" 200 17371
200.112.6.143 - - [11/Jan/2018:11:12:02 -0300] "POST /cormun/servlet/hlogin?e662bffeaf526a188a34770e7e897cb5,gx-no-cache=1515679880806 HTTP/1.1" 200 90
200.112.6.143 - - [11/Jan/2018:11:12:03 -0300] "GET /cormun/servlet/hpexe_link HTTP/1.1" 200 960
200.112.6.143 - - [11/Jan/2018:11:12:04 -0300] "GET /cormun/servlet/trcontratounov2 HTTP/1.1" 200 17366
186.103.159.189 - - [11/Jan/2018:11:12:12 -0300] "GET /cormun/servlet/solicitudotadjuntos?4f5d1eb59b741b78f7f6e2fb72aa96da729ee1612dcfab9a93f007fe6a44292d,gx-no-cache=1515683489903 HTTP/1.1" 200 30
186.103.159.189 - - [11/Jan/2018:11:12:12 -0300] "GET /cormun/servlet/solicitudotadjuntos?4f5d1eb59b741b78f7f6e2fb72aa96da729ee1612dcfab9a93f007fe6a44292d,gx-no-cache=1515683489957 HTTP/1.1" 200 30
186.103.159.189 - - [11/Jan/2018:11:12:15 -0300] "POST /cormun/servlet/solicitudotadjuntos?d134df0372c1084e85d48c640caa470d,INS,2018,8635,,2, HTTP/1.1" 200 116
186.103.159.189 - - [11/Jan/2018:11:12:15 -0300] "GET /cormun/servlet/hpexe_return? HTTP/1.1" 200 1029
186.103.159.189 - - [11/Jan/2018:11:12:16 -0300] "GET /cormun/servlet/trsolicitudadjuntos?2018,8635, HTTP/1.1" 200 9907
186.103.159.189 - - [11/Jan/2018:11:12:18 -0300] "GET /cormun/servlet/trsolicitudadjuntos?2018,8635, HTTP/1.1" 200 9899
200.112.6.143 - - [11/Jan/2018:11:12:23 -0300] "GET /cormun/servlet/trcontratosolicitud? HTTP/1.1" 200 14663
186.103.159.189 - - [11/Jan/2018:11:12:23 -0300] "GET /cormun/servlet/solicitudotadjuntos?INS,2018,8635,,2, HTTP/1.1" 200 6222
186.103.159.189 - - [11/Jan/2018:11:12:24 -0300] "GET /cormun/static/about:blank HTTP/1.1" 404 1011
186.103.159.189 - - [11/Jan/2018:11:12:24 -0300] "GET /cormun/servlet/solicitudotadjuntos?INS,2018,8635,,2, HTTP/1.1" 200 6215
186.103.159.189 - - [11/Jan/2018:11:12:25 -0300] "GET /cormun/servlet/solicitudotadjuntos?4f5d1eb59b741b78f7f6e2fb72aa96daea135bcdeb62f7a58b1058c8b5d3acce2f88627ac305227fbc2ad8106fe23573,gx-no-cache=1515683502919 HTTP/1.1" 200 30
186.103.159.189 - - [11/Jan/2018:11:12:25 -0300] "POST /cormun/servlet/solicitudotadjuntos?d134df0372c1084e85d48c640caa470d,INS,2018,8635,,2,,gx-no-cache=1515683503011 HTTP/1.1" 200 4159
200.112.6.143 - - [11/Jan/2018:11:12:57 -0300] "GET /cormun/servlet/trsolicitudot? HTTP/1.1" 200 7438
200.112.6.143 - - [11/Jan/2018:11:13:03 -0300] "GET /cormun/servlet/solicitudot?INS,0,0, HTTP/1.1" 200 14150
200.112.6.143 - - [11/Jan/2018:11:13:06 -0300] "POST /cormun/servlet/solicitudot?gx-no-cache=1515679944129 HTTP/1.1" 200 3805
200.112.6.143 - - [11/Jan/2018:11:13:06 -0300] "GET /cormun/servlet/solicitudot?709aa30b3184132566b9eb87921a5d071ee01f15d879cb1c2502299a9285e6e8,gx-no-cache=1515679944583 HTTP/1.1" 200 111
200.112.6.143 - - [11/Jan/2018:11:13:06 -0300] "GET /cormun/static/Shared/jqueryui/images/ui-icons_ebccce_256x240.png HTTP/1.1" 404 1089
200.112.6.143 - - [11/Jan/2018:11:13:06 -0300] "GET /cormun/static/Shared/jqueryui/images/ui-bg_flat_55_994d53_40x100.png HTTP/1.1" 404 1097
200.112.6.143 - - [11/Jan/2018:11:13:06 -0300] "GET /cormun/static/Shared/jqueryui/images/ui-icons_82798d_256x240.png HTTP/1.1" 404 1089
200.112.6.143 - - [11/Jan/2018:11:13:06 -0300] "GET /cormun/static/Shared/jqueryui/images/ui-bg_highlight-soft_100_c6c2c8_1x100.png HTTP/1.1" 404 1117
200.86.95.220 - - [11/Jan/2018:11:13:07 -0300] "GET /cormun/servlet/hpexe_return? HTTP/1.1" 200 982
186.103.158.250 - - [11/Jan/2018:11:13:08 -0300] "GET /cormun/servlet/trsolicitudot? HTTP/1.1" 200 7368
200.86.95.220 - - [11/Jan/2018:11:13:08 -0300] "GET /cormun/servlet/hhome HTTP/1.1" 200 3390
186.103.158.250 - - [11/Jan/2018:11:13:08 -0300] "GET /cormun/static/gxui/gxui-all.css?120300 HTTP/1.1" 200 2179
186.103.158.250 - - [11/Jan/2018:11:13:08 -0300] "GET /cormun/static/gxcfg.js?2017111422585916 HTTP/1.1" 200 953
186.103.158.250 - - [11/Jan/2018:11:13:08 -0300] "GET /cormun/static/trsolicitudot.js?201711142259839 HTTP/1.1" 200 54041
186.103.158.250 - - [11/Jan/2018:11:13:08 -0300] "GET /cormun/static/Shared/ext/resources/css/ext-all.css?215870 HTTP/1.1" 200 416045
200.86.95.220 - - [11/Jan/2018:11:13:09 -0300] "GET /cormun/servlet/hhome HTTP/1.1" 200 3386
200.86.95.220 - - [11/Jan/2018:11:13:09 -0300] "GET /cormun/servlet/hlogin HTTP/1.1" 200 1730
186.103.158.250 - - [11/Jan/2018:11:13:10 -0300] "GET /cormun/servlet/trsolicitudot? HTTP/1.1" 200 7367
186.103.159.182 - - [11/Jan/2018:11:13:14 -0300] "GET /cormun/servlet/trcontratoobservaciondir? HTTP/1.1" 200 6432
186.103.159.182 - - [11/Jan/2018:11:13:14 -0300] "GET /cormun/static/gxcfg.js?20175251262281 HTTP/1.1" 200 953
186.103.159.182 - - [11/Jan/2018:11:13:14 -0300] "GET /cormun/static/trcontratoobservaciondir.js?20175251262715 HTTP/1.1" 200 27185
186.103.159.182 - - [11/Jan/2018:11:13:16 -0300] "GET /cormun/servlet/trcontratoobservaciondir? HTTP/1.1" 200 6431
186.103.159.182 - - [11/Jan/2018:11:13:20 -0300] "GET /cormun/servlet/trsolicitudot? HTTP/1.1" 200 7445
186.103.159.182 - - [11/Jan/2018:11:13:20 -0300] "GET /cormun/static/gxui/gxui-all.css?120300 HTTP/1.1" 200 2179
186.103.159.182 - - [11/Jan/2018:11:13:20 -0300] "GET /cormun/static/gxcfg.js?2017111422585916 HTTP/1.1" 200 953
186.103.159.182 - - [11/Jan/2018:11:13:20 -0300] "GET /cormun/static/Shared/ext/resources/css/ext-all.css?215870 HTTP/1.1" 200 416045
186.103.159.182 - - [11/Jan/2018:11:13:20 -0300] "GET /cormun/static/trsolicitudot.js?201711142259839 HTTP/1.1" 200 54041
186.103.159.182 - - [11/Jan/2018:11:13:21 -0300] "GET /cormun/servlet/trsolicitudot? HTTP/1.1" 200 7444
200.86.95.220 - - [11/Jan/2018:11:13:22 -0300] "POST /cormun/servlet/hlogin?57ead3d85eed59544e7eb6d07d262d02,gx-no-cache=1515679962939 HTTP/1.1" 200 90
200.86.95.220 - - [11/Jan/2018:11:13:22 -0300] "GET /cormun/servlet/hpexe_link HTTP/1.1" 200 950
200.86.95.220 - - [11/Jan/2018:11:13:22 -0300] "GET /cormun/servlet/hhome HTTP/1.1" 200 4116
200.86.95.220 - - [11/Jan/2018:11:13:23 -0300] "GET /cormun/servlet/hhome HTTP/1.1" 200 4112
186.103.159.182 - - [11/Jan/2018:11:13:24 -0300] "GET /cormun/servlet/solicitudot?INS,0,0, HTTP/1.1" 200 14156
186.103.159.182 - - [11/Jan/2018:11:13:24 -0300] "GET /cormun/static/gxcfg.js?20181911371421 HTTP/1.1" 200 953
186.103.159.182 - - [11/Jan/2018:11:13:24 -0300] "GET /cormun/static/solicitudot.js?20181911371648 HTTP/1.1" 200 71402
186.103.159.182 - - [11/Jan/2018:11:13:26 -0300] "GET /cormun/servlet/solicitudot?INS,0,0, HTTP/1.1" 200 14161
200.86.95.220 - - [11/Jan/2018:11:13:27 -0300] "GET /cormun/servlet/trsolicitudot? HTTP/1.1" 200 7336
200.86.95.220 - - [11/Jan/2018:11:13:27 -0300] "GET /cormun/static/gxcfg.js?2017111422585916 HTTP/1.1" 304 -
200.86.95.220 - - [11/Jan/2018:11:13:28 -0300] "GET /cormun/servlet/trsolicitudot? HTTP/1.1" 200 7336
200.86.95.220 - - [11/Jan/2018:11:13:31 -0300] "GET /cormun/servlet/solicitudot?INS,0,0, HTTP/1.1" 200 14033
200.86.95.220 - - [11/Jan/2018:11:13:31 -0300] "GET /cormun/static/gxcfg.js?20181911371421 HTTP/1.1" 304 -
200.86.95.220 - - [11/Jan/2018:11:13:31 -0300] "GET /cormun/static/solicitudot.js?20181911371648 HTTP/1.1" 304 -
186.103.159.182 - - [11/Jan/2018:11:13:32 -0300] "GET /cormun/servlet/trvisualizadoreventos? HTTP/1.1" 200 7004
200.86.95.220 - - [11/Jan/2018:11:13:32 -0300] "GET /cormun/servlet/solicitudot?INS,0,0, HTTP/1.1" 200 14038
186.103.159.182 - - [11/Jan/2018:11:13:33 -0300] "GET /cormun/servlet/trvisualizadoreventos? HTTP/1.1" 200 6998
186.67.172.234 - - [11/Jan/2018:11:13:35 -0300] "GET /cormun/servlet/trsolicitudot? HTTP/1.1" 200 6377
186.67.172.234 - - [11/Jan/2018:11:13:36 -0300] "GET /cormun/servlet/hlogin HTTP/1.1" 200 1738
186.67.172.234 - - [11/Jan/2018:11:13:36 -0300] "GET /cormun/servlet/trsolicitudot? HTTP/1.1" 200 6377
186.103.159.182 - - [11/Jan/2018:11:13:43 -0300] "GET /cormun/servlet/trcontratosolicitud? HTTP/1.1" 200 14337
186.103.159.182 - - [11/Jan/2018:11:13:45 -0300] "GET /cormun/servlet/trcontratosolicitud? HTTP/1.1" 200 14336
200.86.95.220 - - [11/Jan/2018:11:13:45 -0300] "POST /cormun/servlet/solicitudot?gx-no-cache=1515679986807 HTTP/1.1" 200 3749
200.86.95.220 - - [11/Jan/2018:11:13:46 -0300] "POST /cormun/servlet/solicitudot?57ead3d85eed59544e7eb6d07d262d02,INS,0,0,,gx-no-cache=1515679987022 HTTP/1.1" 200 10897
200.86.95.220 - - [11/Jan/2018:11:13:50 -0300] "GET /cormun/servlet/solicitudot?fc7a38ace9bd0a861f8967b35920954bb04eb517063f47fa97abc88c5ff40fef43b3661578e96166ccfea7b555e267fb,gx-no-cache=1515679991199 HTTP/1.1" 200 30
186.67.172.234 - - [11/Jan/2018:11:13:51 -0300] "POST /cormun/servlet/hlogin?7a10aec80527caf08d7374f35f4b51e6,gx-no-cache=1515679989590 HTTP/1.1" 200 90
186.67.172.234 - - [11/Jan/2018:11:13:51 -0300] "GET /cormun/servlet/hpexe_link HTTP/1.1" 200 959
186.67.172.234 - - [11/Jan/2018:11:13:51 -0300] "GET /cormun/servlet/trsolicitudot HTTP/1.1" 200 8652
186.67.172.234 - - [11/Jan/2018:11:13:52 -0300] "GET /cormun/servlet/trsolicitudot HTTP/1.1" 200 8651
186.67.172.234 - - [11/Jan/2018:11:14:01 -0300] "GET /cormun/servlet/solicitudot?INS,0,0, HTTP/1.1" 200 14144
186.67.172.234 - - [11/Jan/2018:11:14:02 -0300] "GET /cormun/servlet/solicitudot?INS,0,0, HTTP/1.1" 200 14149
186.67.172.234 - - [11/Jan/2018:11:14:10 -0300] "POST /cormun/servlet/solicitudot?gx-no-cache=1515680008834 HTTP/1.1" 200 3749
186.67.172.234 - - [11/Jan/2018:11:14:10 -0300] "POST /cormun/servlet/solicitudot?7a10aec80527caf08d7374f35f4b51e6,INS,0,0,,gx-no-cache=1515680008946 HTTP/1.1" 200 10896
186.67.172.234 - - [11/Jan/2018:11:14:13 -0300] "GET /cormun/servlet/solicitudot?eb202e6293d7ac2c7f11ceed0bdad3391a70258ba779bab2741bf92053930bbfcf35efd535f356691e3eb69d878035c0,gx-no-cache=1515680012175 HTTP/1.1" 200 30
200.86.95.220 - - [11/Jan/2018:11:14:30 -0300] "POST /cormun/servlet/solicitudot?gx-no-cache=1515680030940 HTTP/1.1" 200 43
200.112.6.143 - - [11/Jan/2018:11:14:30 -0300] "GET /cormun/servlet/prfichaempleado?,MD,,gxPopupLevel%3D0%3B HTTP/1.1" 200 9386
200.86.95.220 - - [11/Jan/2018:11:14:31 -0300] "POST /cormun/servlet/solicitudot?gx-no-cache=1515680032606 HTTP/1.1" 200 255
200.112.6.143 - - [11/Jan/2018:11:14:41 -0300] "POST /cormun/servlet/prfichaempleado?e662bffeaf526a188a34770e7e897cb5,,MD,,gxPopupLevel%3D0%3B,gx-no-cache=1515680037859 HTTP/1.1" 200 6357
200.112.6.143 - - [11/Jan/2018:11:14:44 -0300] "POST /cormun/servlet/prfichaempleado?e662bffeaf526a188a34770e7e897cb5,,MD,,gxPopupLevel%3D0%3B,gx-no-cache=1515680041999 HTTP/1.1" 200 6368
200.112.6.143 - - [11/Jan/2018:11:14:53 -0300] "POST /cormun/servlet/prfichaempleado?e662bffeaf526a188a34770e7e897cb5,,MD,,gxPopupLevel%3D0%3B,gx-no-cache=1515680050464 HTTP/1.1" 200 6334
200.112.6.143 - - [11/Jan/2018:11:14:56 -0300] "POST /cormun/servlet/prfichaempleado?e662bffeaf526a188a34770e7e897cb5,,MD,,gxPopupLevel%3D0%3B,gx-no-cache=1515680053479 HTTP/1.1" 200 6366
200.112.6.143 - - [11/Jan/2018:11:14:59 -0300] "POST /cormun/servlet/prfichaempleado?e662bffeaf526a188a34770e7e897cb5,,MD,,gxPopupLevel%3D0%3B,gx-no-cache=1515680056349 HTTP/1.1" 200 6423
200.112.6.143 - - [11/Jan/2018:11:15:03 -0300] "POST /cormun/servlet/prfichaempleado?e662bffeaf526a188a34770e7e897cb5,,MD,,gxPopupLevel%3D0%3B,gx-no-cache=1515680060446 HTTP/1.1" 200 6458
200.112.6.143 - - [11/Jan/2018:11:15:06 -0300] "POST /cormun/servlet/prfichaempleado?e662bffeaf526a188a34770e7e897cb5,,MD,,gxPopupLevel%3D0%3B,gx-no-cache=1515680063968 HTTP/1.1" 200 6360
200.112.6.143 - - [11/Jan/2018:11:15:10 -0300] "POST /cormun/servlet/prfichaempleado?e662bffeaf526a188a34770e7e897cb5,,MD,,gxPopupLevel%3D0%3B,gx-no-cache=1515680067632 HTTP/1.1" 200 6287
200.112.6.143 - - [11/Jan/2018:11:15:14 -0300] "POST /cormun/servlet/prfichaempleado?e662bffeaf526a188a34770e7e897cb5,,MD,,gxPopupLevel%3D0%3B,gx-no-cache=1515680071534 HTTP/1.1" 200 6324
186.67.172.234 - - [11/Jan/2018:11:15:16 -0300] "POST /cormun/servlet/solicitudot?gx-no-cache=1515680075478 HTTP/1.1" 200 43
186.67.172.234 - - [11/Jan/2018:11:15:17 -0300] "POST /cormun/servlet/solicitudot?gx-no-cache=1515680076437 HTTP/1.1" 200 255
186.67.172.234 - - [11/Jan/2018:11:15:19 -0300] "GET /cormun/servlet/solicitudot?eb202e6293d7ac2c7f11ceed0bdad33902386f6b1376aaba20488e470010c422960a059f35e01c78077afbac6ec36b2a84a3e7d8111355fdd86536866e3dc3abbf8ce889096dc861638b352d265958c3ed7c5c65fce9ade13bc52e2063ca658c2084691cda7c0dd1725707b38569ae79fdb958d4d1e937ba341850c099c589b16e20ed274ea4336f5d4e3dd10edc500d736d318ac29fafd1519f1dbdbdc2520ac5fe34e0fbcdea9f3c9aa2b4f2e24a2bd0137256a270890c88d21dc1a405d44eff198b5d4d70d12e3282d434eb87397b8b7faad6c2139a8a6826829e4f57a22e09468af204126b39065b4e3ed0b808086275d765494c0472f36fc418f3b5f62eabbfadb18988026a08990a380c5f2638cc7bc1e7577bd9b677750dd50f2487b798cc6df6f3d3eceea321384879401d312139fc755c416d8887ef72be1c100d98b77f45c336b21fa89461afed80533dbdd65618cd2cf2c27f451deb4fcada5f0e7f360d4cd4c5686519116eb0ed051738e85d79cfe1d37cae6719403b9d682230,gx-no-cache=1515680077912 HTTP/1.1" 200 30
200.86.95.220 - - [11/Jan/2018:11:15:21 -0300] "GET /cormun/servlet/hlogin HTTP/1.1" 200 1718
186.67.172.234 - - [11/Jan/2018:11:15:21 -0300] "POST /cormun/servlet/solicitudot?gx-no-cache=1515680079989 HTTP/1.1" 200 30
186.67.172.234 - - [11/Jan/2018:11:15:22 -0300] "POST /cormun/servlet/solicitudot?gx-no-cache=1515680080958 HTTP/1.1" 200 1353
186.67.172.234 - - [11/Jan/2018:11:15:22 -0300] "POST /cormun/servlet/solicitudot?gx-no-cache=1515680081030 HTTP/1.1" 200 38
200.112.6.143 - - [11/Jan/2018:11:15:23 -0300] "POST /cormun/servlet/prfichaempleado?e662bffeaf526a188a34770e7e897cb5,,MD,,gxPopupLevel%3D0%3B,gx-no-cache=1515680081101 HTTP/1.1" 200 3490
200.86.95.220 - - [11/Jan/2018:11:15:31 -0300] "POST /cormun/servlet/hlogin?57ead3d85eed59544e7eb6d07d262d02,gx-no-cache=1515680092010 HTTP/1.1" 200 90
200.86.95.220 - - [11/Jan/2018:11:15:31 -0300] "GET /cormun/servlet/hpexe_link HTTP/1.1" 200 960
200.86.95.220 - - [11/Jan/2018:11:15:31 -0300] "GET /cormun/servlet/solicitudot?INS,0,0, HTTP/1.1" 200 14036
200.86.95.220 - - [11/Jan/2018:11:15:33 -0300] "GET /cormun/servlet/solicitudot?INS,0,0, HTTP/1.1" 200 14039
200.112.6.143 - - [11/Jan/2018:11:15:37 -0300] "POST /cormun/servlet/solicitudot?gx-no-cache=1515680095212 HTTP/1.1" 200 3872
200.112.6.143 - - [11/Jan/2018:11:15:38 -0300] "POST /cormun/servlet/solicitudot?e662bffeaf526a188a34770e7e897cb5,INS,0,0,,gx-no-cache=1515680095773 HTTP/1.1" 200 11048
200.112.6.143 - - [11/Jan/2018:11:15:44 -0300] "GET /cormun/servlet/solicitudot?709aa30b3184132566b9eb87921a5d0748bf5f5cbe829dba1627c77a7adb3757b13c16936c01dce66876dcd8cb159d45,gx-no-cache=1515680102724 HTTP/1.1" 200 30
200.112.6.143 - - [11/Jan/2018:11:15:44 -0300] "POST /cormun/servlet/solicitudot?gx-no-cache=1515680102841 HTTP/1.1" 200 51
200.86.95.220 - - [11/Jan/2018:11:15:44 -0300] "POST /cormun/servlet/solicitudot?gx-no-cache=1515680105608 HTTP/1.1" 200 3749
200.112.6.143 - - [11/Jan/2018:11:15:44 -0300] "POST /cormun/servlet/solicitudot?gx-no-cache=1515680102968 HTTP/1.1" 200 255
200.86.95.220 - - [11/Jan/2018:11:15:45 -0300] "POST /cormun/servlet/solicitudot?57ead3d85eed59544e7eb6d07d262d02,INS,0,0,,gx-no-cache=1515680105895 HTTP/1.1" 200 10895
200.112.6.143 - - [11/Jan/2018:11:15:45 -0300] "GET /cormun/servlet/solicitudot?709aa30b3184132566b9eb87921a5d07f98a503db09f9dbbd74e7312cd78c57c7fe2e36f909f8279a751e6c35de1d119fa8637c2989d30b88b6372044dfb628459d29f55920d35db88f3efeaff5d365f26e8dba70d4849dd423a1d489f23c3b2c158ea5163215e4bbeb8e5c0e473a4400ffceea95ad8abcbd2f738c7cf7cd9c7a0140c277dd82b93c507dd9e1818b48aa32e14151df41e70ccc3e7318b008266571204b01d7cc0a5b34da6bfa24ab663b641d82672a65f3a3b3eda3c69579c25cb8852f6e49ef74c6fba7e245e1d097b6dbca468b6491bd883e58ed5b36c3a97b43be6eaaf6707b5f58fecf471237ab3c8903245292159529dd8e355df0b7c011ec531e37b40972a06124e155e657f4892108276c60c36b9efa7c175442ddd3657deccedefdfb34faf9550bc96371568048b99fedb6c23bb07200c4489ad7d0315b060b29625771fda58c8b97e02498129a2bacbd567c1449f1e9117e8e8c0cdb629f49a3648f400ba688f9c830c685e5a69730c296851bd02968808fc5d07f1,gx-no-cache=1515680103087 HTTP/1.1" 200 30
200.112.6.143 - - [11/Jan/2018:11:15:48 -0300] "POST /cormun/servlet/solicitudot?gx-no-cache=1515680106301 HTTP/1.1" 200 30
200.86.95.220 - - [11/Jan/2018:11:15:49 -0300] "GET /cormun/servlet/solicitudot?fc7a38ace9bd0a861f8967b35920954bb04eb517063f47fa97abc88c5ff40fef43b3661578e96166ccfea7b555e267fb,gx-no-cache=1515680110261 HTTP/1.1" 200 30
200.112.6.143 - - [11/Jan/2018:11:16:00 -0300] "POST /cormun/servlet/solicitudot?gx-no-cache=1515680118591 HTTP/1.1" 200 1357
200.112.6.143 - - [11/Jan/2018:11:16:00 -0300] "POST /cormun/servlet/solicitudot?gx-no-cache=1515680118793 HTTP/1.1" 200 38
200.112.6.143 - - [11/Jan/2018:11:16:11 -0300] "GET /cormun/servlet/prcontratosol?17526119,,,,,MD,,gxPopupLevel%3D0%3B HTTP/1.1" 200 7539
200.112.6.143 - - [11/Jan/2018:11:16:11 -0300] "GET /cormun/static/gxcfg.js?201761413223964 HTTP/1.1" 200 953
200.112.6.143 - - [11/Jan/2018:11:16:11 -0300] "GET /cormun/static/prcontratosol.js?201761413224174 HTTP/1.1" 200 15806
200.112.6.143 - - [11/Jan/2018:11:16:18 -0300] "POST /cormun/servlet/solicitudot?gx-no-cache=1515680136781 HTTP/1.1" 200 1357
200.112.6.143 - - [11/Jan/2018:11:16:18 -0300] "POST /cormun/servlet/solicitudot?gx-no-cache=1515680136979 HTTP/1.1" 200 38
200.112.6.143 - - [11/Jan/2018:11:16:19 -0300] "GET /cormun/servlet/solicitudot?709aa30b3184132566b9eb87921a5d07164de80a1550e8357028a1f378f3bd11757820283039f1f6f7e888a1761b223363e881c9b3ae92edf766716aead7b5c8f7b38503d703157038468a27cb778cfebf99297523d0af8aace4ed78d5aaab1b197b5b2f969fdaedf8768d84be9c5609e135e373d6b25a429f49aba898f3afaf29d486c5764040d571ae65d4df13aaf59a032a827ccbaa696870d2aa19e42f7a,gx-no-cache=1515680137110 HTTP/1.1" 200 29
200.112.6.143 - - [11/Jan/2018:11:16:19 -0300] "POST /cormun/servlet/solicitudot?gx-no-cache=1515680137222 HTTP/1.1" 200 220
200.112.6.143 - - [11/Jan/2018:11:16:19 -0300] "GET /cormun/servlet/solicitudot?709aa30b3184132566b9eb87921a5d07307169c071cf7942ca971ad17eabfe8ba51ccb98130484cc347a2388bd9865ce619d28e13eea24ac12d3b1b9e7a7848b5065cbcefe469788b028d3b11dc9989c54cd2d681ec59bbe82ae4c352f3829e7757820283039f1f6f7e888a1761b2233d8c3c4ef7c6fc0470ed0a02116b1c991d6c23fd4e95bfe3824d20803a5fcfbae,gx-no-cache=1515680137407 HTTP/1.1" 200 55
200.112.6.143 - - [11/Jan/2018:11:16:19 -0300] "GET /cormun/servlet/solicitudot?709aa30b3184132566b9eb87921a5d07098f84e3e9cc9b8afffbf874106e286d1d2ae424057c078f3f367e8e2dad2fc9,gx-no-cache=1515680137492 HTTP/1.1" 200 134
200.112.6.143 - - [11/Jan/2018:11:16:30 -0300] "GET /cormun/static/menuarrow.gif HTTP/1.1" 404 1015
200.86.95.220 - - [11/Jan/2018:11:16:47 -0300] "POST /cormun/servlet/solicitudot?gx-no-cache=1515680168374 HTTP/1.1" 200 43
200.86.95.220 - - [11/Jan/2018:11:16:48 -0300] "POST /cormun/servlet/solicitudot?gx-no-cache=1515680169627 HTTP/1.1" 200 255
200.112.6.143 - - [11/Jan/2018:11:16:50 -0300] "POST /cormun/servlet/solicitudot?gx-no-cache=1515680168204 HTTP/1.1" 200 217
200.112.6.143 - - [11/Jan/2018:11:16:50 -0300] "GET /cormun/servlet/solicitudot?709aa30b3184132566b9eb87921a5d07307169c071cf7942ca971ad17eabfe8ba51ccb98130484cc347a2388bd9865ce619d28e13eea24ac12d3b1b9e7a7848b5065cbcefe469788b028d3b11dc9989c54cd2d681ec59bbe82ae4c352f3829e7757820283039f1f6f7e888a1761b2233d8c3c4ef7c6fc0470ed0a02116b1c991d6c23fd4e95bfe3824d20803a5fcfbae,gx-no-cache=1515680168288 HTTP/1.1" 200 55
200.112.6.143 - - [11/Jan/2018:11:16:50 -0300] "GET /cormun/servlet/solicitudot?709aa30b3184132566b9eb87921a5d075e1254ccaf0db1e02db7365feb88201d1d2ae424057c078f3f367e8e2dad2fc9,gx-no-cache=1515680168364 HTTP/1.1" 200 30
200.86.95.220 - - [11/Jan/2018:11:16:52 -0300] "GET /cormun/servlet/solicitudot?fc7a38ace9bd0a861f8967b35920954b2c49320f420019e5470f2f276b2f8cd7ef1de629579da7ed29e9749c95dca8b25304062c49ac8527bcec75dbb90567f59c40849c47c0106b39b28daff36108c142abba9ef0169c05b9a32f18cb71dd0fc8d3750b735319d1b5d5bfed46f9e96ddce18731d8e98f8b4fa889799ab9fc9b17194c26698549ba333488d27f359d7f8df0c326c26163d9d2d3a602ff621803781f8916a0cee33679a5479baddbb5e16d8f4924f95038b58aafa775e55008f4c45acd790c23233bbb40aad9836cc6239e50304f842d72fbf4c2c2d096c137ff31c91ee710eb8acd599de2db3de20eff30c9e5cac279ecbb556ba6b7e1e0d14932f586f77b3f7603e22cd442291cb79892fb1424cdedc36e245f7c7ded96a3d91c66d5641f5aec44edf4e203381fbfb1ca565301eeb3d5efe30fb8997ac0592c9871565812737b6bb364433f573fd6c4294e4afe69e1575b3c7c15581766aa336bb77cf1d87146ff5e1240642195c7c2110f8a2f74ba698dcfa26ec94e8b2d5b,gx-no-cache=1515680173848 HTTP/1.1" 200 30
186.67.172.234 - - [11/Jan/2018:11:16:53 -0300] "GET /cormun/servlet/solicitudot?eb202e6293d7ac2c7f11ceed0bdad339cec6218e12e6a281e796878f889612f50df5525e98c2436cba31994267ce442533f52ebe764a6c1240dc74eb1a3b5f16acd8497d501d9f520f132f6abdf2749a1187b4e349a11242ba1692195d0b0e47e262635d04f0cb8765d32bc92111442d,gx-no-cache=1515680172162 HTTP/1.1" 200 29
186.67.172.234 - - [11/Jan/2018:11:16:53 -0300] "POST /cormun/servlet/solicitudot?gx-no-cache=1515680172209 HTTP/1.1" 200 218
186.67.172.234 - - [11/Jan/2018:11:16:53 -0300] "GET /cormun/servlet/solicitudot?eb202e6293d7ac2c7f11ceed0bdad339d897a2905a4058b90c703d1470599429058ffd23e88197b4fbe9648ef0dd6b6e2740cab974a6d6bf8b84eea81db16baa105462cb574f228fc0b284f03eba4dc1baceb5e8db73485ae87b11900c2d987e0df5525e98c2436cba31994267ce4425a7c2d4850f7437006afbf7657250f5af55c1daa77fb530a71525bf204e0afb6a,gx-no-cache=1515680172260 HTTP/1.1" 200 55
186.67.172.234 - - [11/Jan/2018:11:16:54 -0300] "GET /cormun/static/menuarrow.gif HTTP/1.1" 404 1015
200.86.95.220 - - [11/Jan/2018:11:16:56 -0300] "POST /cormun/servlet/solicitudot?gx-no-cache=1515680176859 HTTP/1.1" 200 30
200.112.6.143 - - [11/Jan/2018:11:16:57 -0300] "POST /cormun/servlet/solicitudot?gx-no-cache=1515680175982 HTTP/1.1" 200 217
200.112.6.143 - - [11/Jan/2018:11:16:58 -0300] "GET /cormun/servlet/solicitudot?709aa30b3184132566b9eb87921a5d07307169c071cf7942ca971ad17eabfe8ba51ccb98130484cc347a2388bd9865ce619d28e13eea24ac12d3b1b9e7a7848b5065cbcefe469788b028d3b11dc9989c54cd2d681ec59bbe82ae4c352f3829e7757820283039f1f6f7e888a1761b2233d8c3c4ef7c6fc0470ed0a02116b1c991d6c23fd4e95bfe3824d20803a5fcfbae,gx-no-cache=1515680176076 HTTP/1.1" 200 55
186.67.172.234 - - [11/Jan/2018:11:16:58 -0300] "GET /cormun/servlet/solicitudot?eb202e6293d7ac2c7f11ceed0bdad33964781cbaa4fd18db6bc1637ac54c5cb2dad0bd71b822792b27631ad2b464d8cb,gx-no-cache=1515680176837 HTTP/1.1" 200 30
200.112.6.143 - - [11/Jan/2018:11:16:59 -0300] "POST /cormun/servlet/solicitudot?gx-no-cache=1515680177644 HTTP/1.1" 200 217
200.112.6.143 - - [11/Jan/2018:11:16:59 -0300] "GET /cormun/servlet/solicitudot?709aa30b3184132566b9eb87921a5d07307169c071cf7942ca971ad17eabfe8ba51ccb98130484cc347a2388bd9865ce619d28e13eea24ac12d3b1b9e7a7848b5065cbcefe469788b028d3b11dc9989c54cd2d681ec59bbe82ae4c352f3829e7757820283039f1f6f7e888a1761b2233d8c3c4ef7c6fc0470ed0a02116b1c991d6c23fd4e95bfe3824d20803a5fcfbae,gx-no-cache=1515680177732 HTTP/1.1" 200 55
200.86.95.220 - - [11/Jan/2018:11:17:00 -0300] "POST /cormun/servlet/solicitudot?gx-no-cache=1515680181332 HTTP/1.1" 200 1353
200.86.95.220 - - [11/Jan/2018:11:17:00 -0300] "POST /cormun/servlet/solicitudot?gx-no-cache=1515680181487 HTTP/1.1" 200 38
186.67.172.234 - - [11/Jan/2018:11:17:01 -0300] "POST /cormun/servlet/solicitudot?gx-no-cache=1515680179928 HTTP/1.1" 200 30
200.112.6.143 - - [11/Jan/2018:11:17:11 -0300] "POST /cormun/servlet/solicitudot?gx-no-cache=1515680189438 HTTP/1.1" 200 30
200.112.6.143 - - [11/Jan/2018:11:17:41 -0300] "POST /cormun/servlet/solicitudot?e662bffeaf526a188a34770e7e897cb5,INS,0,0,,gx-no-cache=1515680218979 HTTP/1.1" 200 93
200.112.6.143 - - [11/Jan/2018:11:17:41 -0300] "GET /cormun/servlet/hpexe_return? HTTP/1.1" 200 1012
200.112.6.143 - - [11/Jan/2018:11:17:41 -0300] "GET /cormun/servlet/trsolicitudot HTTP/1.1" 200 8847
200.112.6.143 - - [11/Jan/2018:11:17:45 -0300] "POST /cormun/servlet/trsolicitudot?e662bffeaf526a188a34770e7e897cb5,gx-no-cache=1515680223246 HTTP/1.1" 200 4695
200.112.6.143 - - [11/Jan/2018:11:17:46 -0300] "POST /cormun/servlet/trsolicitudot?e662bffeaf526a188a34770e7e897cb5,gx-no-cache=1515680223848 HTTP/1.1" 200 4451
200.112.6.143 - - [11/Jan/2018:11:17:46 -0300] "GET /cormun/static/Shared/jqueryui/images/ui-bg_flat_55_fafafa_40x100.png HTTP/1.1" 404 1097
200.112.6.143 - - [11/Jan/2018:11:17:46 -0300] "GET /cormun/static/Shared/jqueryui/images/ui-bg_highlight-soft_100_c6c2c8_1x100.png HTTP/1.1" 404 1117
200.112.6.143 - - [11/Jan/2018:11:17:46 -0300] "GET /cormun/static/Shared/jqueryui/images/ui-icons_82798d_256x240.png HTTP/1.1" 404 1089
200.112.6.143 - - [11/Jan/2018:11:17:46 -0300] "GET /cormun/static/Shared/jqueryui/images/ui-icons_8d78a5_256x240.png HTTP/1.1" 404 1089
186.67.172.234 - - [11/Jan/2018:11:17:47 -0300] "POST /cormun/servlet/solicitudot?7a10aec80527caf08d7374f35f4b51e6,INS,0,0,,gx-no-cache=1515680225361 HTTP/1.1" 200 93
186.67.172.234 - - [11/Jan/2018:11:17:47 -0300] "GET /cormun/servlet/hpexe_return? HTTP/1.1" 200 1009
186.67.172.234 - - [11/Jan/2018:11:17:47 -0300] "GET /cormun/servlet/trsolicitudot HTTP/1.1" 200 8964
186.67.172.234 - - [11/Jan/2018:11:17:47 -0300] "GET /cormun/servlet/trsolicitudot HTTP/1.1" 200 8960
200.86.95.220 - - [11/Jan/2018:11:17:48 -0300] "GET /cormun/servlet/solicitudot?fc7a38ace9bd0a861f8967b35920954b2f168dca4f97bf49c4c40127299757ea03f463f643455fd3756e29eeddbc0d97882d3f7c9337bcae317238ace250e7dc25d1c849d2d2242ec23f817b053de4d7270116b039f514d8fb979003c969cbb0e1379c4d929c559f23a62343afbbc793,gx-no-cache=1515680229269 HTTP/1.1" 200 29
200.86.95.220 - - [11/Jan/2018:11:17:48 -0300] "POST /cormun/servlet/solicitudot?gx-no-cache=1515680229365 HTTP/1.1" 200 218
200.86.95.220 - - [11/Jan/2018:11:17:48 -0300] "GET /cormun/servlet/solicitudot?fc7a38ace9bd0a861f8967b35920954b2a3c0d53562354cea2f1ecb9abd64d90a94fa37a19d55e89339addf791767377ec14eea106f7a6b161208328a403a74b9b1eb14ced731fea9baa53166dac8c38ea9e9dc6ee0043b61584341c3ce9a6ae03f463f643455fd3756e29eeddbc0d9799db0c4f4d7c4837619ef802859a6de10331cb6307e662c54f0369eb1127b444,gx-no-cache=1515680229444 HTTP/1.1" 200 55
186.103.159.182 - - [11/Jan/2018:11:17:49 -0300] "GET /cormun/servlet/solicitudotcontratos?INS,2018,0,11067642,5,2,2017,1577,NADA,201711,30,B, HTTP/1.1" 200 10008
200.112.6.143 - - [11/Jan/2018:11:17:50 -0300] "GET /cormun/servlet/trautorizarsolicitud? HTTP/1.1" 200 8741
186.67.172.234 - - [11/Jan/2018:11:17:50 -0300] "POST /cormun/servlet/trsolicitudot?7a10aec80527caf08d7374f35f4b51e6,gx-no-cache=1515680229212 HTTP/1.1" 200 106
186.67.172.234 - - [11/Jan/2018:11:17:50 -0300] "GET /cormun/servlet/trsolicitudadjuntos?2018,8606, HTTP/1.1" 200 6319
186.67.172.234 - - [11/Jan/2018:11:17:51 -0300] "GET /cormun/servlet/trsolicitudadjuntos?2018,8606, HTTP/1.1" 200 6319
186.103.159.182 - - [11/Jan/2018:11:17:51 -0300] "GET /cormun/servlet/solicitudotcontratos?INS,2018,0,11067642,5,2,2017,1577,NADA,201711,30,B, HTTP/1.1" 200 10041
186.103.159.182 - - [11/Jan/2018:11:17:52 -0300] "GET /cormun/servlet/solicitudotcontratos?4846520630624ebff6b0b8492efacec96a1b100c805fdadae0b6d53dd4bbfa6acc568d626fdff2f3386cc4b9f7c4be11,gx-no-cache=1515680228567 HTTP/1.1" 200 30
186.103.159.182 - - [11/Jan/2018:11:17:52 -0300] "GET /cormun/servlet/solicitudotcontratos?4846520630624ebff6b0b8492efacec99eda9b836f4c1e8c3821e63fc7e5b49a1312c3686b3045d36144985c1d4f4425,gx-no-cache=1515680228615 HTTP/1.1" 200 30
186.103.159.182 - - [11/Jan/2018:11:17:52 -0300] "GET /cormun/servlet/solicitudotcontratos?4846520630624ebff6b0b8492efacec903173f6e2927116436e2650b9dcd6497d0d5af384f3799495d3a420e375d3e33d8a52947cb31aa6453cc9802e7bb53c87391c3a557727277e4b8b8910109df8843f5a7e0faf2c83aa5fb8168b6e99f774fb78bfda398a4244e7cadabc5bbd031208d0fe7a4e501284bdf5d1f36547f8d,gx-no-cache=1515680228648 HTTP/1.1" 200 48
186.103.159.182 - - [11/Jan/2018:11:17:52 -0300] "GET /cormun/servlet/solicitudotcontratos?4846520630624ebff6b0b8492efacec99824ea613ad429a8235233d4919745bc41cca0357b8a1bbf7668967e06efe56d,gx-no-cache=1515680228698 HTTP/1.1" 200 30
186.103.159.182 - - [11/Jan/2018:11:17:52 -0300] "GET /cormun/servlet/solicitudotcontratos?4846520630624ebff6b0b8492efacec9c799184295d0b38889f181b678e5da192b9dc7822a2ec6a8c049eba1ec906423531c316ca0caeeddf2d67bf51d3fdb5d4d7093efb0640d5729373b212942ab37f1cf9de37249370ac54d0a1fa87a16c47d46d39858c147b50533a298b03c0b95,gx-no-cache=1515680228735 HTTP/1.1" 200 30
186.103.159.182 - - [11/Jan/2018:11:17:52 -0300] "GET /cormun/servlet/solicitudotcontratos?4846520630624ebff6b0b8492efacec98614ed5428caed5584b415d33ead89f5badb628b449087e4f919ca58dc04e937f84501c684cbbd81cfd0c6ecf8f54dd2d0a9f21134a12889ab7aa8fd456bc5e7583a422b10499f6be561f5648f926daa2cb7387339433e6aafbbad29b564339f3a4fe0789e3cccc6757f9b603e2723617a765d50083e263774ab6ace6a839653f78ba4d54d13e3372090829577666934ea9964041ddbae62e68be13e917c9870897e49e6adb060a0b8594a084cd8ba576d1afb7083ae62cd616c5a678af4eae92ee8718a984f7e8cd576971f00967d6c7062b5caed121fb9ee54b22569c95e2b2da40466f956be6914aec71d8b4dd760c0b44146ade1f1348a1d6dcf546fa630d00ca3664e9adbef86e22b1a82e8e9398ea33e2f4451d56dc4bab5f50dc47fe9153e0a5798ec60a8659cffc30b14ed8c7454817c0a04f9a31a73d754490d70a5be76721d6fc2a7bd2ce3880ae954fa47b896052cf56cffdb7ea96b3f2fbc97853460b08c9edb124255c4fe522f93a7484e885d907a0a8ce59d54f2466ee77878b922bafbf41454eb95d338feddc00b13c5fdf95d89d04fb9ef2c04be4e24711712396a3d0207841a451b3d48bf2f849b84cdc605d2128d90c9c3f08d16aa709ae16cd814b5bfcb161f2b0ac02a1e91ccaa25d452d9a7c17acef867167340f211b922bafbf41454eb95d338feddc00b1346d7500328d5dc6792db98ff3132506799f048aa7853d8de1870adf7dc77efdc7ed240e78bcb3b78e532447cf0123372c07b5748d237e8e599c0e73a193a0fba,gx-no-cache=1515680228784 HTTP/1.1" 200 72
200.112.6.143 - - [11/Jan/2018:11:17:53 -0300] "POST /cormun/servlet/trautorizarsolicitud?e662bffeaf526a188a34770e7e897cb5,,gx-no-cache=1515680231380 HTTP/1.1" 200 4631
200.86.95.220 - - [11/Jan/2018:11:17:53 -0300] "GET /cormun/static/menuarrow.gif HTTP/1.1" 404 1015
200.112.6.143 - - [11/Jan/2018:11:17:54 -0300] "POST /cormun/servlet/trautorizarsolicitud?e662bffeaf526a188a34770e7e897cb5,,gx-no-cache=1515680232035 HTTP/1.1" 200 4389
200.112.6.143 - - [11/Jan/2018:11:17:54 -0300] "GET /cormun/static/Shared/jqueryui/images/ui-icons_8d78a5_256x240.png HTTP/1.1" 404 1089
200.112.6.143 - - [11/Jan/2018:11:17:54 -0300] "GET /cormun/static/Shared/jqueryui/images/ui-bg_flat_55_fafafa_40x100.png HTTP/1.1" 404 1097
200.112.6.143 - - [11/Jan/2018:11:17:54 -0300] "GET /cormun/static/Shared/jqueryui/images/ui-bg_highlight-soft_100_c6c2c8_1x100.png HTTP/1.1" 404 1117
200.112.6.143 - - [11/Jan/2018:11:17:54 -0300] "GET /cormun/static/Shared/jqueryui/images/ui-icons_82798d_256x240.png HTTP/1.1" 404 1089
