200.112.4.188 - - [11/Jan/2018:08:42:15 -0300] "GET /cormun/servlet/solicitudot?0ef28dfdcd90dde18e575c1415baee14f5f22a967603a0dc9ce77f4133c5c90f5628f4008dafc31678a8baf2bf41b0dfd2e56f19beb73a1c44aa5e52c031e8bd894c37c21476fde746e5884a7f354104a3fc55cec6d18900ffc857701f184d01bcfd925115fe845b32e9219817d1634dad54b2827e768cd32f33114c5dcfd21241ce5b058b5ef6745b1ab0466cee40bc512d883e52263564fa12ec14f32b394b4c84bb2fd0e6696773f8f1246e811a7c4760ccb6cb32c6ed498fff307e15ba845e0dbc4626af4e1cfdc0595b7708ed067185fc79813148ee0aeadc60a3cdcddc2a2a813edfc0f1a74189f0e5c3475357f1e577a8e6b10d89f3dfafe5e6823d75ee84458d9e527078fe31f947dd7a6d3637c6732fa691df22b1597f8134df9d648835cddb70d80709a83114286b86318a0c5cc21616be27486fdd32e39b011774d2d622d0befccd15d68ebb63f0ad31c9e8a263908b86404cef0718c1c87321f5c7daf63ae6fc15e1d9318022eb956fc71978195c1b98d237bf35302c127115b0,gx-no-cache=1515670898754 HTTP/1.1" 200 30
200.112.4.188 - - [11/Jan/2018:08:42:15 -0300] "POST /cormun/servlet/solicitudot?gx-no-cache=1515670898847 HTTP/1.1" 200 30
200.112.4.188 - - [11/Jan/2018:08:42:16 -0300] "POST /cormun/servlet/solicitudot?gx-no-cache=1515670898977 HTTP/1.1" 200 1356
200.112.4.188 - - [11/Jan/2018:08:42:16 -0300] "POST /cormun/servlet/solicitudot?gx-no-cache=1515670899219 HTTP/1.1" 200 41
200.112.4.188 - - [11/Jan/2018:08:42:17 -0300] "GET /cormun/servlet/solicitudot?0ef28dfdcd90dde18e575c1415baee14aef289140e958d672b9427ee01c64cdd1bfbdc00b2177d8ac9ccb8da474cfc054bd7f0379ebef7c34f4b0184e810eba069b0bc8b10c8723a4f464a3481067af6e7dcff5e5478f3bc4096fe34e7da084b2c0b8ea75dad138e0163e9ec81f87ec2edbe39f4f2a66bbfcfcdd026bc1b39a91ad77242d67a15955ded2230a76b643f8aa80ab9296ecee8e7819762ee973ef9,gx-no-cache=1515670900441 HTTP/1.1" 200 29
200.112.4.188 - - [11/Jan/2018:08:42:17 -0300] "POST /cormun/servlet/solicitudot?gx-no-cache=1515670900520 HTTP/1.1" 200 1339
200.112.4.188 - - [11/Jan/2018:08:42:17 -0300] "POST /cormun/servlet/solicitudot?gx-no-cache=1515670900711 HTTP/1.1" 200 1220
200.112.4.188 - - [11/Jan/2018:08:42:17 -0300] "GET /cormun/servlet/solicitudot?0ef28dfdcd90dde18e575c1415baee14ee2f976f41b77f23aa6de2e3f38a5901212fb761b83712a4dfca30098cc1f561,gx-no-cache=1515670900884 HTTP/1.1" 200 30
200.112.4.188 - - [11/Jan/2018:08:42:17 -0300] "POST /cormun/servlet/solicitudot?gx-no-cache=1515670900952 HTTP/1.1" 200 30
200.112.48.103 - - [11/Jan/2018:08:42:35 -0300] "GET /cormun/servlet/solicitudotcontratos?INS,2018,0,13947371,k,2,2017,2882,LEY+SEP,201711,40,B, HTTP/1.1" 200 9985
200.112.48.103 - - [11/Jan/2018:08:42:36 -0300] "GET /cormun/servlet/solicitudotcontratos?d2f3a56701823d45e421ff76d4dea7fc8c321eda7a0e235b7e5acaa5a9e676673ef91312942f797ab4f315e9328a2b58,gx-no-cache=1515670914540 HTTP/1.1" 200 30
200.112.48.103 - - [11/Jan/2018:08:42:36 -0300] "GET /cormun/servlet/solicitudotcontratos?d2f3a56701823d45e421ff76d4dea7fcd96666642f899dd4ba0c759f26d9aba3a2a1a00eb913ae42a72828d4f2a7b092,gx-no-cache=1515670914607 HTTP/1.1" 200 30
200.112.48.103 - - [11/Jan/2018:08:42:36 -0300] "GET /cormun/servlet/solicitudotcontratos?d2f3a56701823d45e421ff76d4dea7fc95cda15b169913fc1eccfbd6e44e2f68b0c4c4bb5675c78639b13712bfe2a4311dad3e02a1a3f0c03be94d2c2effe74e2a163d9e214c206b5ae9d6f5e309eca7bd33c5a42b950fad1a9805c08dba69f6d4f615bd39ded863002931b70192231712eec940ccf786a3f3b721d279bdbc0f,gx-no-cache=1515670914670 HTTP/1.1" 200 48
200.112.48.103 - - [11/Jan/2018:08:42:36 -0300] "GET /cormun/servlet/solicitudotcontratos?d2f3a56701823d45e421ff76d4dea7fcfa4c837b30791b21ae1f914d52f974970f3c0800c667721a51547285c75d7684,gx-no-cache=1515670914741 HTTP/1.1" 200 30
200.112.48.103 - - [11/Jan/2018:08:42:36 -0300] "GET /cormun/servlet/solicitudotcontratos?d2f3a56701823d45e421ff76d4dea7fc1358ddbf20f433afb2ed5711346639ce62a4dfecdd8a793e92f8acea216d1606dd64f83b7dde7dc9e5a7c9af59908dcb8e74794f8537735950109bdf86eb8239f40797a931c2c10452229abcaa82276e36d33271b2f8c69b2bb664e87afe3e90,gx-no-cache=1515670914818 HTTP/1.1" 200 30
200.112.48.103 - - [11/Jan/2018:08:42:36 -0300] "GET /cormun/servlet/solicitudotcontratos?d2f3a56701823d45e421ff76d4dea7fc592d40b508545ffdd64765eb7b811d906f7670d579754e4270347f9e898d3725e612ba858c973c2bd1933a257a0fc6a5dd64f83b7dde7dc9e5a7c9af59908dcb1a6f508f504869e0178c2026d81bbe278badc1f66c1715aa80e1b5a1be6b00a1011afbe3bedaf3094246f6360376f6dbfa91288f6612ca31f52f57aca50c760eca305030f494d9c03c4038950eab733ee612ba858c973c2bd1933a257a0fc6a5f0ebf7dd791d0e11233a02381a3266d21bb9b2a7c8c1284ca2922b0adb5877e1cca7da50389a71cd256564da102aeb328c7fba39457b9f6cab4489800c1477b588c7acc0d54182b3318780ef01a699433ce71c7f497693d208ce267efebbc58660d1ed95cefe147982362c11a6295ecaf20a68933378792a055b76847e530f60abc6ff06542aad19c8ce9fb2eca370cfcb264b8a0fdb1413f09807017435b4a07122b18c3cce7ed7b8c9425a1ec1b679d0984b6f34a1f01e21c3169c50c139e7aa3d974fa62c134bfe0cb1bf5a10f96e72a0421d558d0cf463f24bba164a5c14e1334fc83c200facac9d60da133e655fe13566b86230b9ce7378a7dc2b4e3238a6e61ba1794c54b9e96d106f123f92b20cb9c79131114b3d32eee88c8e9c51429576450b02ccf5654ea84417ae4309e5b2cf7277d87b2d75721b1467e4f46257e870dceb9d93223dd988ed79577fc1d4b1ac1ac1d90eba1fc0b5fcbaa6c9bf17c09d63b59a88bf11c42e83e00dd6d3f3914caf343a3cf92156a585da91a3299a2d3b8f4c6d504841cab03ba4accc342b,gx-no-cache=1515670914891 HTTP/1.1" 200 79
200.112.4.188 - - [11/Jan/2018:08:42:39 -0300] "POST /cormun/servlet/solicitudot?fdac12490247b725ab8bbcf563743603,UPD,2018,8528,,gx-no-cache=1515670921033 HTTP/1.1" 200 93
200.112.4.188 - - [11/Jan/2018:08:42:39 -0300] "GET /cormun/servlet/hpexe_return? HTTP/1.1" 200 1014
200.112.4.188 - - [11/Jan/2018:08:42:39 -0300] "GET /cormun/servlet/trsolicitudot HTTP/1.1" 200 18258
200.112.4.188 - - [11/Jan/2018:08:42:40 -0300] "GET /cormun/servlet/trsolicitudot HTTP/1.1" 200 18254
200.112.48.103 - - [11/Jan/2018:08:42:50 -0300] "POST /cormun/servlet/solicitudotcontratos?bc2325251ecf88339ac469bc6bd5f685,INS,2018,0,13947371,k,2,2017,2882,LEY+SEP,201711,40,B,,gx-no-cache=1515670927405 HTTP/1.1" 200 10795
200.112.48.103 - - [11/Jan/2018:08:42:50 -0300] "POST /cormun/servlet/solicitudotcontratos?gx-no-cache=1515670928410 HTTP/1.1" 200 1342
200.112.48.103 - - [11/Jan/2018:08:42:51 -0300] "POST /cormun/servlet/solicitudotcontratos?gx-no-cache=1515670928682 HTTP/1.1" 200 1220
200.112.48.103 - - [11/Jan/2018:08:42:51 -0300] "GET /cormun/servlet/solicitudotcontratos?d2f3a56701823d45e421ff76d4dea7fcc6a7ba3784c6de16b7b70506fe7a60a497ea53bfbadc1a1715dec2aa83669ef3c4bc123c8e73acf3ec846cc23143eb26343da6c6425d46715cece1cbeb83d22f94b6483e21057c187928269e297b037823e356396e595c8764cfd42456beae9200fcb648b0a5f42454721ef88e1bc0f4,gx-no-cache=1515670929293 HTTP/1.1" 200 30
200.112.48.103 - - [11/Jan/2018:08:42:51 -0300] "POST /cormun/servlet/solicitudotcontratos?bc2325251ecf88339ac469bc6bd5f685,INS,2018,0,13947371,k,2,2017,2882,LEY+SEP,201711,40,B,,gx-no-cache=1515670929379 HTTP/1.1" 200 93
200.112.48.103 - - [11/Jan/2018:08:42:51 -0300] "GET /cormun/servlet/hpexe_return? HTTP/1.1" 200 1049
200.112.48.103 - - [11/Jan/2018:08:42:52 -0300] "GET /cormun/servlet/trcontratosolicitud HTTP/1.1" 200 14670
200.112.4.188 - - [11/Jan/2018:08:42:52 -0300] "POST /cormun/servlet/trsolicitudot?fdac12490247b725ab8bbcf563743603,gx-no-cache=1515670934130 HTTP/1.1" 200 106
200.112.4.188 - - [11/Jan/2018:08:42:52 -0300] "GET /cormun/servlet/solicitudot?UPD,2018,8530, HTTP/1.1" 200 15666
200.112.4.188 - - [11/Jan/2018:08:42:53 -0300] "GET /cormun/servlet/solicitudot?UPD,2018,8530, HTTP/1.1" 200 15675
200.112.4.188 - - [11/Jan/2018:08:42:54 -0300] "POST /cormun/servlet/solicitudot?gx-no-cache=1515670936613 HTTP/1.1" 200 3840
200.112.4.188 - - [11/Jan/2018:08:42:54 -0300] "POST /cormun/servlet/solicitudot?fdac12490247b725ab8bbcf563743603,UPD,2018,8530,,gx-no-cache=1515670937198 HTTP/1.1" 200 11970
200.112.4.188 - - [11/Jan/2018:08:42:55 -0300] "GET /cormun/servlet/solicitudot?0ef28dfdcd90dde18e575c1415baee1440216826726578f424153cd538bef86ab17f0c509cc977d6c679f4b780708f39,gx-no-cache=1515670938191 HTTP/1.1" 200 30
200.112.4.188 - - [11/Jan/2018:08:42:55 -0300] "POST /cormun/servlet/solicitudot?gx-no-cache=1515670938310 HTTP/1.1" 200 51
200.112.4.188 - - [11/Jan/2018:08:42:55 -0300] "POST /cormun/servlet/solicitudot?gx-no-cache=1515670938434 HTTP/1.1" 200 254
200.112.4.188 - - [11/Jan/2018:08:42:55 -0300] "GET /cormun/servlet/solicitudot?0ef28dfdcd90dde18e575c1415baee14f5f22a967603a0dc9ce77f4133c5c90f5628f4008dafc31678a8baf2bf41b0dfd2e56f19beb73a1c44aa5e52c031e8bd894c37c21476fde746e5884a7f354104a3fc55cec6d18900ffc857701f184d01bcfd925115fe845b32e9219817d1634dad54b2827e768cd32f33114c5dcfd21241ce5b058b5ef6745b1ab0466cee40bc512d883e52263564fa12ec14f32b394b4c84bb2fd0e6696773f8f1246e811a7c4760ccb6cb32c6ed498fff307e15ba845e0dbc4626af4e1cfdc0595b7708ed067185fc79813148ee0aeadc60a3cdcddc2a2a813edfc0f1a74189f0e5c3475357f1e577a8e6b10d89f3dfafe5e6823d75ee84458d9e527078fe31f947dd7a6d3637c6732fa691df22b1597f8134df9d648835cddb70d80709a83114286b86318a0c5cc21616be27486fdd32e39b011774d2d622d0befccd15d68ebb63f0ad31c9e8a263908b86404cef0718c1c87321f5c7daf63ae6fc15e1d9318022eb956fc71978195c1b98d237bf35302c127115b0,gx-no-cache=1515670938563 HTTP/1.1" 200 30
200.112.4.188 - - [11/Jan/2018:08:42:55 -0300] "POST /cormun/servlet/solicitudot?gx-no-cache=1515670938692 HTTP/1.1" 200 30
200.112.4.188 - - [11/Jan/2018:08:42:55 -0300] "POST /cormun/servlet/solicitudot?gx-no-cache=1515670938838 HTTP/1.1" 200 1356
200.112.4.188 - - [11/Jan/2018:08:42:56 -0300] "POST /cormun/servlet/solicitudot?gx-no-cache=1515670939094 HTTP/1.1" 200 41
186.103.158.250 - - [11/Jan/2018:08:42:56 -0300] "POST /cormun/servlet/hlogin?8f88889e418a771d667cf57649e02004,gx-no-cache=1515670783776 HTTP/1.1" 200 431
200.112.4.188 - - [11/Jan/2018:08:42:57 -0300] "GET /cormun/servlet/solicitudot?0ef28dfdcd90dde18e575c1415baee14aef289140e958d672b9427ee01c64cdd1bfbdc00b2177d8ac9ccb8da474cfc054bd7f0379ebef7c34f4b0184e810eba069b0bc8b10c8723a4f464a3481067af6e7dcff5e5478f3bc4096fe34e7da084b2c0b8ea75dad138e0163e9ec81f87ec2edbe39f4f2a66bbfcfcdd026bc1b39a91ad77242d67a15955ded2230a76b643f8aa80ab9296ecee8e7819762ee973ef9,gx-no-cache=1515670940274 HTTP/1.1" 200 29
200.112.4.188 - - [11/Jan/2018:08:42:57 -0300] "POST /cormun/servlet/solicitudot?gx-no-cache=1515670940407 HTTP/1.1" 200 1339
200.112.4.188 - - [11/Jan/2018:08:42:57 -0300] "POST /cormun/servlet/solicitudot?gx-no-cache=1515670940729 HTTP/1.1" 200 1220
200.112.4.188 - - [11/Jan/2018:08:42:58 -0300] "GET /cormun/servlet/solicitudot?0ef28dfdcd90dde18e575c1415baee14ee2f976f41b77f23aa6de2e3f38a5901212fb761b83712a4dfca30098cc1f561,gx-no-cache=1515670941016 HTTP/1.1" 200 30
200.112.4.188 - - [11/Jan/2018:08:42:58 -0300] "POST /cormun/servlet/solicitudot?gx-no-cache=1515670941148 HTTP/1.1" 200 30
200.112.4.188 - - [11/Jan/2018:08:43:02 -0300] "POST /cormun/servlet/solicitudot?fdac12490247b725ab8bbcf563743603,UPD,2018,8530,,gx-no-cache=1515670944730 HTTP/1.1" 200 93
200.112.4.188 - - [11/Jan/2018:08:43:02 -0300] "GET /cormun/servlet/hpexe_return? HTTP/1.1" 200 1015
200.112.4.188 - - [11/Jan/2018:08:43:03 -0300] "GET /cormun/servlet/trsolicitudot HTTP/1.1" 200 18258
200.112.4.188 - - [11/Jan/2018:08:43:03 -0300] "GET /cormun/servlet/trsolicitudot HTTP/1.1" 200 18254
200.112.4.188 - - [11/Jan/2018:08:43:07 -0300] "POST /cormun/servlet/trsolicitudot?fdac12490247b725ab8bbcf563743603,gx-no-cache=1515670949495 HTTP/1.1" 200 105
200.112.4.188 - - [11/Jan/2018:08:43:08 -0300] "GET /cormun/servlet/solicitudot?UPD,2018,8532, HTTP/1.1" 200 15726
200.112.4.188 - - [11/Jan/2018:08:43:08 -0300] "GET /cormun/servlet/solicitudot?UPD,2018,8532, HTTP/1.1" 200 15736
200.112.4.188 - - [11/Jan/2018:08:43:09 -0300] "POST /cormun/servlet/solicitudot?gx-no-cache=1515670952026 HTTP/1.1" 200 3875
186.103.159.44 - - [11/Jan/2018:08:43:09 -0300] "GET /cormun/servlet/trcontratosolicitud? HTTP/1.1" 200 14752
186.103.158.250 - - [11/Jan/2018:08:43:09 -0300] "POST /cormun/servlet/hlogin?8f88889e418a771d667cf57649e02004,gx-no-cache=1515670797294 HTTP/1.1" 200 431
200.112.4.188 - - [11/Jan/2018:08:43:09 -0300] "POST /cormun/servlet/solicitudot?fdac12490247b725ab8bbcf563743603,UPD,2018,8532,,gx-no-cache=1515670952583 HTTP/1.1" 200 12024
200.112.4.188 - - [11/Jan/2018:08:43:10 -0300] "GET /cormun/servlet/solicitudot?0ef28dfdcd90dde18e575c1415baee14a333df6b0d0d5d43137c4d0da4f8f636b17f0c509cc977d6c679f4b780708f39,gx-no-cache=1515670953180 HTTP/1.1" 200 30
200.112.4.188 - - [11/Jan/2018:08:43:10 -0300] "POST /cormun/servlet/solicitudot?gx-no-cache=1515670953285 HTTP/1.1" 200 53
200.112.4.188 - - [11/Jan/2018:08:43:10 -0300] "POST /cormun/servlet/solicitudot?gx-no-cache=1515670953439 HTTP/1.1" 200 297
200.112.4.188 - - [11/Jan/2018:08:43:11 -0300] "GET /cormun/servlet/solicitudot?0ef28dfdcd90dde18e575c1415baee14f5f22a967603a0dc9ce77f4133c5c90f0f8030b97226761566075656b6684e76d2e56f19beb73a1c44aa5e52c031e8bd894c37c21476fde746e5884a7f354104a3fc55cec6d18900ffc857701f184d01bcfd925115fe845b32e9219817d1634dad54b2827e768cd32f33114c5dcfd21241ce5b058b5ef6745b1ab0466cee40bc512d883e52263564fa12ec14f32b394b4c84bb2fd0e6696773f8f1246e811a7c4760ccb6cb32c6ed498fff307e15ba845e0dbc4626af4e1cfdc0595b7708ed067185fc79813148ee0aeadc60a3cdcddc2a2a813edfc0f1a74189f0e5c347535759b7b1196b4b22cce0be0b2d4d029840ee84458d9e527078fe31f947dd7a6d367e61d24b8d0a724801a992c3de5acfc42d4ef2e2b289a177a74a1f68b70b6cf81648c0b710ed4bdc2108e051d9b6240f0fa8966df06195cc8a7cf6ce4f784838424a55eb693dd3dcf253f0d12a8bfe2ad8a4c3f1c40bb2766a60fc54f71c97566058ee4f8cca608f55b7eb982a9f92dbf116ca37f762ec400b9ee6e7454f959b,gx-no-cache=1515670954013 HTTP/1.1" 200 30
200.112.4.188 - - [11/Jan/2018:08:43:11 -0300] "POST /cormun/servlet/solicitudot?gx-no-cache=1515670954551 HTTP/1.1" 200 30
200.112.4.188 - - [11/Jan/2018:08:43:11 -0300] "POST /cormun/servlet/solicitudot?gx-no-cache=1515670954652 HTTP/1.1" 200 1356
200.112.4.188 - - [11/Jan/2018:08:43:11 -0300] "POST /cormun/servlet/solicitudot?gx-no-cache=1515670954887 HTTP/1.1" 200 41
200.112.4.188 - - [11/Jan/2018:08:43:19 -0300] "GET /cormun/servlet/solicitudot?0ef28dfdcd90dde18e575c1415baee14934c15a5086768b045e73bd601c6a17c1bfbdc00b2177d8ac9ccb8da474cfc05c973e1a931191a3b2951b7fa0636d9809cec62770cc9ddb633727f630f0321e90117cbccbcf7a47da7670889ab5e9642f8b7a1cb0902c70df1b7350943bc1fa3,gx-no-cache=1515670962824 HTTP/1.1" 200 29
200.112.4.188 - - [11/Jan/2018:08:43:20 -0300] "POST /cormun/servlet/solicitudot?gx-no-cache=1515670962894 HTTP/1.1" 200 1338
200.112.4.188 - - [11/Jan/2018:08:43:20 -0300] "POST /cormun/servlet/solicitudot?gx-no-cache=1515670963080 HTTP/1.1" 200 1218
200.112.4.188 - - [11/Jan/2018:08:43:20 -0300] "GET /cormun/servlet/solicitudot?0ef28dfdcd90dde18e575c1415baee14ee2f976f41b77f23aa6de2e3f38a5901212fb761b83712a4dfca30098cc1f561,gx-no-cache=1515670963264 HTTP/1.1" 200 30
200.112.4.188 - - [11/Jan/2018:08:43:20 -0300] "POST /cormun/servlet/solicitudot?gx-no-cache=1515670963346 HTTP/1.1" 200 30
200.112.4.188 - - [11/Jan/2018:08:43:21 -0300] "POST /cormun/servlet/solicitudot?fdac12490247b725ab8bbcf563743603,UPD,2018,8532,,gx-no-cache=1515670963481 HTTP/1.1" 200 93
200.112.4.188 - - [11/Jan/2018:08:43:21 -0300] "GET /cormun/servlet/hpexe_return? HTTP/1.1" 200 1015
200.112.4.188 - - [11/Jan/2018:08:43:21 -0300] "GET /cormun/servlet/trsolicitudot HTTP/1.1" 200 18258
200.112.4.188 - - [11/Jan/2018:08:43:22 -0300] "GET /cormun/servlet/trsolicitudot HTTP/1.1" 200 18254
200.112.4.188 - - [11/Jan/2018:08:43:24 -0300] "GET /cormun/servlet/solicitudot?INS,0,0, HTTP/1.1" 200 13922
200.112.4.188 - - [11/Jan/2018:08:43:24 -0300] "GET /cormun/servlet/solicitudot?INS,0,0, HTTP/1.1" 200 13927
200.112.4.188 - - [11/Jan/2018:08:43:26 -0300] "GET /cormun/servlet/prfichaempleado?,MD,,gxPopupLevel%3D0%3B HTTP/1.1" 200 9336
186.103.158.250 - - [11/Jan/2018:08:43:29 -0300] "POST /cormun/servlet/hlogin?8f88889e418a771d667cf57649e02004,gx-no-cache=1515670817117 HTTP/1.1" 200 431
200.112.4.188 - - [11/Jan/2018:08:43:36 -0300] "POST /cormun/servlet/prfichaempleado?fdac12490247b725ab8bbcf563743603,,MD,,gxPopupLevel%3D0%3B,gx-no-cache=1515670979186 HTTP/1.1" 200 3425
200.112.4.188 - - [11/Jan/2018:08:43:39 -0300] "POST /cormun/servlet/solicitudot?gx-no-cache=1515670982392 HTTP/1.1" 200 3879
200.112.4.188 - - [11/Jan/2018:08:43:40 -0300] "POST /cormun/servlet/solicitudot?fdac12490247b725ab8bbcf563743603,INS,0,0,,gx-no-cache=1515670982859 HTTP/1.1" 200 10870
200.112.4.188 - - [11/Jan/2018:08:43:40 -0300] "GET /cormun/servlet/solicitudot?0ef28dfdcd90dde18e575c1415baee141a59a63f7d09b420f7b99fb1b63e230da4bd89237fe4e5bfe125c0bf9ab928b2,gx-no-cache=1515670983449 HTTP/1.1" 200 30
200.112.4.188 - - [11/Jan/2018:08:43:43 -0300] "POST /cormun/servlet/solicitudot?gx-no-cache=1515670986174 HTTP/1.1" 200 53
200.112.4.188 - - [11/Jan/2018:08:43:43 -0300] "POST /cormun/servlet/solicitudot?gx-no-cache=1515670986279 HTTP/1.1" 200 297
200.112.4.188 - - [11/Jan/2018:08:43:43 -0300] "GET /cormun/servlet/solicitudot?0ef28dfdcd90dde18e575c1415baee14f5f22a967603a0dc9ce77f4133c5c90f0f8030b97226761566075656b6684e76d2e56f19beb73a1c44aa5e52c031e8bd894c37c21476fde746e5884a7f354104a3fc55cec6d18900ffc857701f184d01bcfd925115fe845b32e9219817d1634dad54b2827e768cd32f33114c5dcfd21241ce5b058b5ef6745b1ab0466cee40bc512d883e52263564fa12ec14f32b394b4c84bb2fd0e6696773f8f1246e811a7c4760ccb6cb32c6ed498fff307e15ba845e0dbc4626af4e1cfdc0595b7708ed067185fc79813148ee0aeadc60a3cdcddc2a2a813edfc0f1a74189f0e5c347535759b7b1196b4b22cce0be0b2d4d029840ee84458d9e527078fe31f947dd7a6d367e61d24b8d0a724801a992c3de5acfc42d4ef2e2b289a177a74a1f68b70b6cf81648c0b710ed4bdc2108e051d9b6240f0fa8966df06195cc8a7cf6ce4f784838424a55eb693dd3dcf253f0d12a8bfe2ad8a4c3f1c40bb2766a60fc54f71c975693726cb32ce829aeaee41d53ec427de7f116ca37f762ec400b9ee6e7454f959b,gx-no-cache=1515670986384 HTTP/1.1" 200 30
200.112.4.188 - - [11/Jan/2018:08:43:46 -0300] "POST /cormun/servlet/solicitudot?gx-no-cache=1515670989478 HTTP/1.1" 200 30
200.112.4.188 - - [11/Jan/2018:08:43:55 -0300] "POST /cormun/servlet/solicitudot?gx-no-cache=1515670998607 HTTP/1.1" 200 1356
200.112.4.188 - - [11/Jan/2018:08:43:55 -0300] "POST /cormun/servlet/solicitudot?gx-no-cache=1515670998761 HTTP/1.1" 200 38
200.112.4.188 - - [11/Jan/2018:08:44:01 -0300] "GET /cormun/servlet/solicitudot?0ef28dfdcd90dde18e575c1415baee1459fa5559b2e9cef4ce0de18385c073f77998582a99cb1cf3cdf4b1bc8a907b6323b4c4c9ad065f8a4766819ee2f445a38a6732c2dbccedb23984df3a998300f99b0a7ed7c612955898c43c960fcfdd3dec09db83b2111296df354bd840d2e7ef,gx-no-cache=1515671004663 HTTP/1.1" 200 29
200.112.4.188 - - [11/Jan/2018:08:44:01 -0300] "POST /cormun/servlet/solicitudot?gx-no-cache=1515671004816 HTTP/1.1" 200 220
200.112.4.188 - - [11/Jan/2018:08:44:02 -0300] "GET /cormun/servlet/solicitudot?0ef28dfdcd90dde18e575c1415baee142eec0421c4fbe36328527318ba8d1288e5c58558b4feb03e307142c88025fbc1689ecf77d724299082f4e6c8bbfa8426841e14addbabbd947fb5c4f92b1b86a236f2ffba891440f08dddf21643f54aed7998582a99cb1cf3cdf4b1bc8a907b634f41cda70e1ac180a6d8829e9f85ab23dd477fd5a1c68b400fd8e3b6afcbee36,gx-no-cache=1515671005047 HTTP/1.1" 200 55
200.112.4.188 - - [11/Jan/2018:08:44:02 -0300] "GET /cormun/static/menuarrow.gif HTTP/1.1" 404 1015
200.112.4.188 - - [11/Jan/2018:08:44:07 -0300] "GET /cormun/servlet/solicitudot?0ef28dfdcd90dde18e575c1415baee14ee2f976f41b77f23aa6de2e3f38a5901212fb761b83712a4dfca30098cc1f561,gx-no-cache=1515671010636 HTTP/1.1" 200 30
200.112.4.188 - - [11/Jan/2018:08:44:15 -0300] "POST /cormun/servlet/solicitudot?gx-no-cache=1515671018308 HTTP/1.1" 200 30
192.168.10.89 - - [11/Jan/2018:08:44:16 -0300] "POST /cormun/servlet/trsolicitudgral?c27d638c1596dc0b994e2194805d7f53,,gx-no-cache=1515670912051 HTTP/1.1" 200 24144
186.103.158.250 - - [11/Jan/2018:08:44:27 -0300] "POST /cormun/servlet/hlogin?8f88889e418a771d667cf57649e02004,gx-no-cache=1515670875050 HTTP/1.1" 200 431
200.112.4.188 - - [11/Jan/2018:08:44:32 -0300] "POST /cormun/servlet/solicitudot?fdac12490247b725ab8bbcf563743603,INS,0,0,,gx-no-cache=1515671035130 HTTP/1.1" 200 93
200.112.4.188 - - [11/Jan/2018:08:44:32 -0300] "GET /cormun/servlet/hpexe_return? HTTP/1.1" 200 1008
200.112.4.188 - - [11/Jan/2018:08:44:33 -0300] "GET /cormun/servlet/trsolicitudot HTTP/1.1" 200 18572
200.112.4.188 - - [11/Jan/2018:08:44:34 -0300] "GET /cormun/servlet/trsolicitudot HTTP/1.1" 200 18568
186.103.158.250 - - [11/Jan/2018:08:44:38 -0300] "POST /cormun/servlet/hlogin?8f88889e418a771d667cf57649e02004,gx-no-cache=1515670885965 HTTP/1.1" 200 90
186.103.158.250 - - [11/Jan/2018:08:44:38 -0300] "GET /cormun/servlet/hpexe_link HTTP/1.1" 200 953
186.103.158.250 - - [11/Jan/2018:08:44:38 -0300] "GET /cormun/servlet/hhome HTTP/1.1" 200 4163
186.103.158.250 - - [11/Jan/2018:08:44:40 -0300] "GET /cormun/servlet/hhome HTTP/1.1" 200 4159
186.103.158.250 - - [11/Jan/2018:08:44:54 -0300] "GET /cormun/servlet/trcontratounov2? HTTP/1.1" 200 17914
186.103.158.250 - - [11/Jan/2018:08:44:54 -0300] "GET /cormun/static/trcontratounov2.js?201752512125146 HTTP/1.1" 200 38486
186.103.158.250 - - [11/Jan/2018:08:44:54 -0300] "GET /cormun/static/Resources/PXToolsAddSelectedAction.png HTTP/1.1" 200 3660
186.103.158.250 - - [11/Jan/2018:08:44:55 -0300] "GET /cormun/static/gxcfg.js?201752512124396 HTTP/1.1" 200 953
186.103.158.250 - - [11/Jan/2018:08:44:57 -0300] "GET /cormun/servlet/trcontratounov2? HTTP/1.1" 200 17926
200.112.48.103 - - [11/Jan/2018:08:45:01 -0300] "GET /cormun/servlet/trcontratounov2? HTTP/1.1" 200 8039
200.112.4.188 - - [11/Jan/2018:08:45:02 -0300] "GET /cormun/servlet/solicitudot?INS,0,0, HTTP/1.1" 200 13922
200.112.4.188 - - [11/Jan/2018:08:45:03 -0300] "GET /cormun/servlet/solicitudot?INS,0,0, HTTP/1.1" 200 13927
200.112.4.188 - - [11/Jan/2018:08:45:05 -0300] "GET /cormun/servlet/prfichaempleado?,MD,,gxPopupLevel%3D0%3B HTTP/1.1" 200 9336
200.112.48.103 - - [11/Jan/2018:08:45:11 -0300] "POST /cormun/servlet/trcontratounov2?bc2325251ecf88339ac469bc6bd5f685,,gx-no-cache=1515671069224 HTTP/1.1" 200 5965
200.112.4.188 - - [11/Jan/2018:08:45:17 -0300] "POST /cormun/servlet/prfichaempleado?fdac12490247b725ab8bbcf563743603,,MD,,gxPopupLevel%3D0%3B,gx-no-cache=1515671080547 HTTP/1.1" 200 3427
200.112.4.188 - - [11/Jan/2018:08:45:22 -0300] "POST /cormun/servlet/solicitudot?gx-no-cache=1515671085518 HTTP/1.1" 200 3875
200.112.4.188 - - [11/Jan/2018:08:45:23 -0300] "POST /cormun/servlet/solicitudot?fdac12490247b725ab8bbcf563743603,INS,0,0,,gx-no-cache=1515671085986 HTTP/1.1" 200 10828
200.112.4.188 - - [11/Jan/2018:08:45:23 -0300] "GET /cormun/servlet/solicitudot?0ef28dfdcd90dde18e575c1415baee14743ba0e18d0603f4806c9240c9653b0aa4bd89237fe4e5bfe125c0bf9ab928b2,gx-no-cache=1515671086532 HTTP/1.1" 200 30
200.112.4.188 - - [11/Jan/2018:08:45:28 -0300] "POST /cormun/servlet/solicitudot?gx-no-cache=1515671091279 HTTP/1.1" 200 53
200.112.4.188 - - [11/Jan/2018:08:45:28 -0300] "POST /cormun/servlet/solicitudot?gx-no-cache=1515671091379 HTTP/1.1" 200 256
200.112.4.188 - - [11/Jan/2018:08:45:28 -0300] "GET /cormun/servlet/solicitudot?0ef28dfdcd90dde18e575c1415baee14f5f22a967603a0dc9ce77f4133c5c90f07a345bb0e39b24a7ca7e416ea185ff2d2e56f19beb73a1c44aa5e52c031e8bd894c37c21476fde746e5884a7f354104a3fc55cec6d18900ffc857701f184d01bcfd925115fe845b32e9219817d1634dad54b2827e768cd32f33114c5dcfd21241ce5b058b5ef6745b1ab0466cee40bc512d883e52263564fa12ec14f32b394b4c84bb2fd0e6696773f8f1246e811a7c4760ccb6cb32c6ed498fff307e15ba845e0dbc4626af4e1cfdc0595b7708ed067185fc79813148ee0aeadc60a3cdcddc2a2a813edfc0f1a74189f0e5c347535759b7b1196b4b22cce0be0b2d4d029840ee84458d9e527078fe31f947dd7a6d367e61d24b8d0a724801a992c3de5acfc42d4ef2e2b289a177a74a1f68b70b6cf81648c0b710ed4bdc2108e051d9b6240fdf2e1e35ca1e7b1dd02540243ae1eaa3f369a8246e4fb239119c67266b27c06b4b94655927b001cedac627edf0a0f1d1552004d950c52788e1c89ba9874dd8cc,gx-no-cache=1515671091472 HTTP/1.1" 200 30
200.112.4.188 - - [11/Jan/2018:08:45:28 -0300] "POST /cormun/servlet/solicitudot?gx-no-cache=1515671091555 HTTP/1.1" 200 30
200.112.4.188 - - [11/Jan/2018:08:45:28 -0300] "POST /cormun/servlet/solicitudot?gx-no-cache=1515671091669 HTTP/1.1" 200 1357
200.112.4.188 - - [11/Jan/2018:08:45:28 -0300] "POST /cormun/servlet/solicitudot?gx-no-cache=1515671091792 HTTP/1.1" 200 38
200.112.4.188 - - [11/Jan/2018:08:45:35 -0300] "GET /cormun/servlet/solicitudot?0ef28dfdcd90dde18e575c1415baee1459fa5559b2e9cef4ce0de18385c073f77998582a99cb1cf3cdf4b1bc8a907b6323b4c4c9ad065f8a4766819ee2f445a38a6732c2dbccedb23984df3a998300f99b0a7ed7c612955898c43c960fcfdd3dec09db83b2111296df354bd840d2e7ef,gx-no-cache=1515671098639 HTTP/1.1" 200 29
200.112.4.188 - - [11/Jan/2018:08:45:35 -0300] "POST /cormun/servlet/solicitudot?gx-no-cache=1515671098753 HTTP/1.1" 200 222
200.112.4.188 - - [11/Jan/2018:08:45:36 -0300] "GET /cormun/servlet/solicitudot?0ef28dfdcd90dde18e575c1415baee142eec0421c4fbe36328527318ba8d1288e5c58558b4feb03e307142c88025fbc1689ecf77d724299082f4e6c8bbfa8426841e14addbabbd947fb5c4f92b1b86a236f2ffba891440f08dddf21643f54aed7998582a99cb1cf3cdf4b1bc8a907b634f41cda70e1ac180a6d8829e9f85ab23dd477fd5a1c68b400fd8e3b6afcbee36,gx-no-cache=1515671098950 HTTP/1.1" 200 55
200.112.4.188 - - [11/Jan/2018:08:45:36 -0300] "GET /cormun/static/menuarrow.gif HTTP/1.1" 404 1015
192.168.10.89 - - [11/Jan/2018:08:45:39 -0300] "GET /cormun/servlet/hlogin HTTP/1.1" 200 1740
200.112.4.188 - - [11/Jan/2018:08:45:39 -0300] "POST /cormun/servlet/solicitudot?gx-no-cache=1515671102702 HTTP/1.1" 200 30
200.112.4.188 - - [11/Jan/2018:08:45:42 -0300] "POST /cormun/servlet/solicitudot?gx-no-cache=1515671105401 HTTP/1.1" 200 1357
200.112.4.188 - - [11/Jan/2018:08:45:42 -0300] "POST /cormun/servlet/solicitudot?gx-no-cache=1515671105532 HTTP/1.1" 200 38
200.112.4.188 - - [11/Jan/2018:08:45:42 -0300] "POST /cormun/servlet/solicitudot?gx-no-cache=1515671105640 HTTP/1.1" 200 222
200.112.4.188 - - [11/Jan/2018:08:45:42 -0300] "GET /cormun/servlet/solicitudot?0ef28dfdcd90dde18e575c1415baee142eec0421c4fbe36328527318ba8d1288e5c58558b4feb03e307142c88025fbc1689ecf77d724299082f4e6c8bbfa8426841e14addbabbd947fb5c4f92b1b86a236f2ffba891440f08dddf21643f54aed7998582a99cb1cf3cdf4b1bc8a907b634f41cda70e1ac180a6d8829e9f85ab23dd477fd5a1c68b400fd8e3b6afcbee36,gx-no-cache=1515671105828 HTTP/1.1" 200 55
200.112.4.188 - - [11/Jan/2018:08:45:44 -0300] "POST /cormun/servlet/solicitudot?gx-no-cache=1515671107610 HTTP/1.1" 200 30
200.112.4.188 - - [11/Jan/2018:08:45:44 -0300] "POST /cormun/servlet/solicitudot?gx-no-cache=1515671107707 HTTP/1.1" 200 1357
200.112.4.188 - - [11/Jan/2018:08:45:44 -0300] "POST /cormun/servlet/solicitudot?gx-no-cache=1515671107840 HTTP/1.1" 200 38
200.112.4.188 - - [11/Jan/2018:08:45:45 -0300] "POST /cormun/servlet/solicitudot?gx-no-cache=1515671107924 HTTP/1.1" 200 222
200.112.4.188 - - [11/Jan/2018:08:45:45 -0300] "GET /cormun/servlet/solicitudot?0ef28dfdcd90dde18e575c1415baee142eec0421c4fbe36328527318ba8d1288e5c58558b4feb03e307142c88025fbc1689ecf77d724299082f4e6c8bbfa8426841e14addbabbd947fb5c4f92b1b86a236f2ffba891440f08dddf21643f54aed7998582a99cb1cf3cdf4b1bc8a907b634f41cda70e1ac180a6d8829e9f85ab23dd477fd5a1c68b400fd8e3b6afcbee36,gx-no-cache=1515671108106 HTTP/1.1" 200 55
200.112.4.188 - - [11/Jan/2018:08:45:48 -0300] "GET /cormun/servlet/solicitudot?0ef28dfdcd90dde18e575c1415baee14ee2f976f41b77f23aa6de2e3f38a5901212fb761b83712a4dfca30098cc1f561,gx-no-cache=1515671111158 HTTP/1.1" 200 30
200.112.4.188 - - [11/Jan/2018:08:45:52 -0300] "POST /cormun/servlet/solicitudot?gx-no-cache=1515671115859 HTTP/1.1" 200 30
192.168.10.89 - - [11/Jan/2018:08:45:56 -0300] "POST /cormun/servlet/hlogin?c27d638c1596dc0b994e2194805d7f53,gx-no-cache=1515671015978 HTTP/1.1" 200 90
192.168.10.89 - - [11/Jan/2018:08:45:56 -0300] "GET /cormun/servlet/hpexe_link HTTP/1.1" 200 949
192.168.10.89 - - [11/Jan/2018:08:45:56 -0300] "GET /cormun/servlet/hhome HTTP/1.1" 200 4120
192.168.10.89 - - [11/Jan/2018:08:45:59 -0300] "GET /cormun/servlet/trcontratosolicitud? HTTP/1.1" 200 14742
200.112.4.188 - - [11/Jan/2018:08:46:00 -0300] "POST /cormun/servlet/solicitudot?fdac12490247b725ab8bbcf563743603,INS,0,0,,gx-no-cache=1515671122554 HTTP/1.1" 200 93
200.112.4.188 - - [11/Jan/2018:08:46:00 -0300] "GET /cormun/servlet/hpexe_return? HTTP/1.1" 200 1008
200.112.4.188 - - [11/Jan/2018:08:46:00 -0300] "GET /cormun/servlet/trsolicitudot HTTP/1.1" 200 18904
200.112.4.188 - - [11/Jan/2018:08:46:01 -0300] "GET /cormun/servlet/trsolicitudot HTTP/1.1" 200 18900
192.168.10.89 - - [11/Jan/2018:08:46:06 -0300] "POST /cormun/servlet/trcontratosolicitud?c27d638c1596dc0b994e2194805d7f53,,gx-no-cache=1515671026076 HTTP/1.1" 200 5630
200.112.4.188 - - [11/Jan/2018:08:46:07 -0300] "GET /cormun/servlet/solicitudot?INS,0,0, HTTP/1.1" 200 13923
200.112.4.188 - - [11/Jan/2018:08:46:07 -0300] "GET /cormun/servlet/solicitudot?INS,0,0, HTTP/1.1" 200 13928
200.112.4.188 - - [11/Jan/2018:08:46:10 -0300] "GET /cormun/servlet/prfichaempleado?,MD,,gxPopupLevel%3D0%3B HTTP/1.1" 200 9336
200.112.4.188 - - [11/Jan/2018:08:46:20 -0300] "POST /cormun/servlet/prfichaempleado?fdac12490247b725ab8bbcf563743603,,MD,,gxPopupLevel%3D0%3B,gx-no-cache=1515671143451 HTTP/1.1" 200 3427
200.112.4.188 - - [11/Jan/2018:08:46:24 -0300] "POST /cormun/servlet/solicitudot?gx-no-cache=1515671147143 HTTP/1.1" 200 3875
200.112.4.188 - - [11/Jan/2018:08:46:25 -0300] "POST /cormun/servlet/solicitudot?fdac12490247b725ab8bbcf563743603,INS,0,0,,gx-no-cache=1515671147619 HTTP/1.1" 200 10827
200.112.4.188 - - [11/Jan/2018:08:46:25 -0300] "GET /cormun/servlet/solicitudot?0ef28dfdcd90dde18e575c1415baee14743ba0e18d0603f4806c9240c9653b0aa4bd89237fe4e5bfe125c0bf9ab928b2,gx-no-cache=1515671148188 HTTP/1.1" 200 30
200.112.4.188 - - [11/Jan/2018:08:46:25 -0300] "POST /cormun/servlet/solicitudot?gx-no-cache=1515671148302 HTTP/1.1" 200 53
200.112.4.188 - - [11/Jan/2018:08:46:26 -0300] "POST /cormun/servlet/solicitudot?gx-no-cache=1515671149495 HTTP/1.1" 200 256
200.112.4.188 - - [11/Jan/2018:08:46:26 -0300] "GET /cormun/servlet/solicitudot?0ef28dfdcd90dde18e575c1415baee14f5f22a967603a0dc9ce77f4133c5c90f07a345bb0e39b24a7ca7e416ea185ff2d2e56f19beb73a1c44aa5e52c031e8bd894c37c21476fde746e5884a7f354104a3fc55cec6d18900ffc857701f184d01bcfd925115fe845b32e9219817d1634dad54b2827e768cd32f33114c5dcfd21241ce5b058b5ef6745b1ab0466cee40bc512d883e52263564fa12ec14f32b394b4c84bb2fd0e6696773f8f1246e811a7c4760ccb6cb32c6ed498fff307e15ba845e0dbc4626af4e1cfdc0595b7708ed067185fc79813148ee0aeadc60a3cdcddc2a2a813edfc0f1a74189f0e5c347535759b7b1196b4b22cce0be0b2d4d029840ee84458d9e527078fe31f947dd7a6d367e61d24b8d0a724801a992c3de5acfc42d4ef2e2b289a177a74a1f68b70b6cf81648c0b710ed4bdc2108e051d9b6240fdf2e1e35ca1e7b1dd02540243ae1eaa3f369a8246e4fb239119c67266b27c06b4b94655927b001cedac627edf0a0f1d1552004d950c52788e1c89ba9874dd8cc,gx-no-cache=1515671149592 HTTP/1.1" 200 30
200.112.4.188 - - [11/Jan/2018:08:46:29 -0300] "POST /cormun/servlet/solicitudot?gx-no-cache=1515671152302 HTTP/1.1" 200 30
200.112.4.188 - - [11/Jan/2018:08:46:30 -0300] "POST /cormun/servlet/solicitudot?gx-no-cache=1515671153519 HTTP/1.1" 200 1357
200.112.4.188 - - [11/Jan/2018:08:46:30 -0300] "POST /cormun/servlet/solicitudot?gx-no-cache=1515671153647 HTTP/1.1" 200 38
192.168.10.89 - - [11/Jan/2018:08:46:34 -0300] "GET /cormun/servlet/hlogin HTTP/1.1" 200 1741
200.112.4.188 - - [11/Jan/2018:08:46:35 -0300] "GET /cormun/servlet/solicitudot?0ef28dfdcd90dde18e575c1415baee1459fa5559b2e9cef4ce0de18385c073f77998582a99cb1cf3cdf4b1bc8a907b6323b4c4c9ad065f8a4766819ee2f445a38a6732c2dbccedb23984df3a998300f99b0a7ed7c612955898c43c960fcfdd3dec09db83b2111296df354bd840d2e7ef,gx-no-cache=1515671158023 HTTP/1.1" 200 29
200.112.4.188 - - [11/Jan/2018:08:46:35 -0300] "POST /cormun/servlet/solicitudot?gx-no-cache=1515671158129 HTTP/1.1" 200 221
200.112.4.188 - - [11/Jan/2018:08:46:35 -0300] "GET /cormun/servlet/solicitudot?0ef28dfdcd90dde18e575c1415baee142eec0421c4fbe36328527318ba8d1288e5c58558b4feb03e307142c88025fbc1689ecf77d724299082f4e6c8bbfa8426841e14addbabbd947fb5c4f92b1b86a236f2ffba891440f08dddf21643f54aed7998582a99cb1cf3cdf4b1bc8a907b634f41cda70e1ac180a6d8829e9f85ab23dd477fd5a1c68b400fd8e3b6afcbee36,gx-no-cache=1515671158344 HTTP/1.1" 200 55
200.112.4.188 - - [11/Jan/2018:08:46:35 -0300] "GET /cormun/static/menuarrow.gif HTTP/1.1" 404 1015
200.112.4.188 - - [11/Jan/2018:08:46:41 -0300] "POST /cormun/servlet/solicitudot?gx-no-cache=1515671163990 HTTP/1.1" 200 30
200.112.4.188 - - [11/Jan/2018:08:46:45 -0300] "POST /cormun/servlet/solicitudot?gx-no-cache=1515671168302 HTTP/1.1" 200 30
186.103.159.44 - - [11/Jan/2018:08:46:45 -0300] "POST /cormun/servlet/trcontratosolicitud?7680f75a9c3e26756cadc1e4993d38b7,,gx-no-cache=1515671167868 HTTP/1.1" 200 5260
200.112.4.188 - - [11/Jan/2018:08:46:48 -0300] "POST /cormun/servlet/solicitudot?gx-no-cache=1515671171345 HTTP/1.1" 200 1357
200.112.4.188 - - [11/Jan/2018:08:46:48 -0300] "POST /cormun/servlet/solicitudot?gx-no-cache=1515671171456 HTTP/1.1" 200 38
200.112.4.188 - - [11/Jan/2018:08:46:48 -0300] "POST /cormun/servlet/solicitudot?gx-no-cache=1515671171538 HTTP/1.1" 200 221
200.112.4.188 - - [11/Jan/2018:08:46:48 -0300] "GET /cormun/servlet/solicitudot?0ef28dfdcd90dde18e575c1415baee142eec0421c4fbe36328527318ba8d1288e5c58558b4feb03e307142c88025fbc1689ecf77d724299082f4e6c8bbfa8426841e14addbabbd947fb5c4f92b1b86a236f2ffba891440f08dddf21643f54aed7998582a99cb1cf3cdf4b1bc8a907b634f41cda70e1ac180a6d8829e9f85ab23dd477fd5a1c68b400fd8e3b6afcbee36,gx-no-cache=1515671171717 HTTP/1.1" 200 55
200.112.4.188 - - [11/Jan/2018:08:46:50 -0300] "POST /cormun/servlet/solicitudot?gx-no-cache=1515671173424 HTTP/1.1" 200 30
200.112.4.188 - - [11/Jan/2018:08:46:50 -0300] "POST /cormun/servlet/solicitudot?gx-no-cache=1515671173569 HTTP/1.1" 200 1357
200.112.4.188 - - [11/Jan/2018:08:46:50 -0300] "POST /cormun/servlet/solicitudot?gx-no-cache=1515671173730 HTTP/1.1" 200 38
200.112.4.188 - - [11/Jan/2018:08:46:50 -0300] "POST /cormun/servlet/solicitudot?gx-no-cache=1515671173874 HTTP/1.1" 200 221
200.112.4.188 - - [11/Jan/2018:08:46:51 -0300] "GET /cormun/servlet/solicitudot?0ef28dfdcd90dde18e575c1415baee142eec0421c4fbe36328527318ba8d1288e5c58558b4feb03e307142c88025fbc1689ecf77d724299082f4e6c8bbfa8426841e14addbabbd947fb5c4f92b1b86a236f2ffba891440f08dddf21643f54aed7998582a99cb1cf3cdf4b1bc8a907b634f41cda70e1ac180a6d8829e9f85ab23dd477fd5a1c68b400fd8e3b6afcbee36,gx-no-cache=1515671174070 HTTP/1.1" 200 55
200.112.4.188 - - [11/Jan/2018:08:46:53 -0300] "GET /cormun/servlet/solicitudot?0ef28dfdcd90dde18e575c1415baee14ee2f976f41b77f23aa6de2e3f38a5901212fb761b83712a4dfca30098cc1f561,gx-no-cache=1515671176877 HTTP/1.1" 200 30
200.112.4.188 - - [11/Jan/2018:08:46:57 -0300] "POST /cormun/servlet/solicitudot?gx-no-cache=1515671180580 HTTP/1.1" 200 30
200.112.4.188 - - [11/Jan/2018:08:47:02 -0300] "POST /cormun/servlet/solicitudot?fdac12490247b725ab8bbcf563743603,INS,0,0,,gx-no-cache=1515671184514 HTTP/1.1" 200 93
200.112.4.188 - - [11/Jan/2018:08:47:02 -0300] "GET /cormun/servlet/hpexe_return? HTTP/1.1" 200 1008
200.112.4.188 - - [11/Jan/2018:08:47:02 -0300] "GET /cormun/servlet/trsolicitudot HTTP/1.1" 200 19110
186.103.159.44 - - [11/Jan/2018:08:47:03 -0300] "GET /cormun/servlet/solicitudotcontratos?INS,2018,0,14047740,0,2,2017,1584,NADA,201711,26,B, HTTP/1.1" 200 9864
186.103.159.44 - - [11/Jan/2018:08:47:03 -0300] "GET /cormun/static/gxcfg.js?2018191138350 HTTP/1.1" 304 -
186.103.159.44 - - [11/Jan/2018:08:47:03 -0300] "GET /cormun/static/solicitudotcontratos.js?20181911383611 HTTP/1.1" 304 -
200.112.4.188 - - [11/Jan/2018:08:47:03 -0300] "GET /cormun/servlet/trsolicitudot HTTP/1.1" 200 19106
186.103.159.44 - - [11/Jan/2018:08:47:04 -0300] "GET /cormun/servlet/solicitudotcontratos?93f5696ec6af881851328fe3ede9ab9a2553781b70d4b5cd127a6563a1150ef90afa67702f90fcf80c830d38ca38cad2,gx-no-cache=1515671186625 HTTP/1.1" 200 30
186.103.159.44 - - [11/Jan/2018:08:47:04 -0300] "GET /cormun/servlet/solicitudotcontratos?93f5696ec6af881851328fe3ede9ab9a11952287b04a867ece4ed03c1b3f5a1e41a2c6ffa922bafe85ed8fc090746ff8,gx-no-cache=1515671186669 HTTP/1.1" 200 30
186.103.159.44 - - [11/Jan/2018:08:47:04 -0300] "GET /cormun/servlet/solicitudotcontratos?93f5696ec6af881851328fe3ede9ab9ad4a99751b62ef224d18ed9da634ac84fa8f7111a97c27b8c7c5fbd2a0ba912c62e83a578de4141b686a3d36c35dcf08367d897c3a0feb3a08b5d4d5fa2177d22197ad7ab5e80c8b02f53934890d9fb72c46162dfd30af3c77c0e269d694ac7bfb923fcdd90b0dd74bd0ac8bdcb4600c3,gx-no-cache=1515671186723 HTTP/1.1" 200 48
186.103.159.44 - - [11/Jan/2018:08:47:05 -0300] "GET /cormun/servlet/solicitudotcontratos?93f5696ec6af881851328fe3ede9ab9a9a60ed7677b19ec3c379cdaf332b835a385b73b76a660c1de184cf1c18d7fade,gx-no-cache=1515671187063 HTTP/1.1" 200 30
186.103.159.44 - - [11/Jan/2018:08:47:05 -0300] "GET /cormun/servlet/solicitudotcontratos?93f5696ec6af881851328fe3ede9ab9aa3a96eea0126bb3422ec35b53268288fc50d8f86d74c1e2582f726bd5c35d5dd8538cfa1a7f9eac7b9d853e7f2580eb765eedb77bc260a38bf779b623c04934318bb11b0575b0da73b4522e8385befc3d302c4afe19725eef41acb6861285f87,gx-no-cache=1515671187091 HTTP/1.1" 200 30
186.103.159.44 - - [11/Jan/2018:08:47:05 -0300] "GET /cormun/servlet/solicitudotcontratos?93f5696ec6af881851328fe3ede9ab9a2a32bc871ba4cc0628932d6ffcd043b24f294e3271871d7a11e63146d1bd030e10dfaf25067f8a2e490aab330fbe6d5e241462fd97ffb983665dbaa1bfd591d9ec5538dbea9b3a6bf5e783dd0c6382eae9708db2782a68ca800277d1b27f9540c10c170355c34db4bb19441e6dbeeab0fb739f6e56e2f411fe6b721e7dc4b249a298d14714fc2581ce24510c712859b046b928dd59c9f8d57acdec52cfe8c58299e3cf0b522219ad10a4c2b90eeaf2b87184d272450e4fcfa7a887395d9ad8cbcddd19f09adc5578d339a3929080b1619398329e5daf04636717847618e10db7200ebe1885931fededed20ae898d3c1e18fc07f588eeb528ac4c27d0cba094b602564645b92334536c6a69f7f6403a55df74bdd42f35cb9be2019640645232a0bda04c5441595557320d66277e99b6249117f93566d23f031d94585996dbdb9192445c7aaa574535ee0d41ed97827a8000828b78dd5fc42a4537a692827e498194e60643565561d049d78daa9ad58a360fea9be8d3204088400f74c23338411222451c9cf9ad545577268c975fad3823a2cfe3226eee180694e170c52245ed194dc327474242666ea89377190c863f4e7a99a15b16e71bad981cdbc5b5ff16b5c591e92eb2b74e692945e0b87e83b02eb8efae31a3e890503797fedf499cd0a722451c9cf9ad545577268c975fad382357abc8a9ddc66a195ca7b046d1d3de2690a6a36a29b893d669f8e6df2f83d16769e7aa834c8c76ae2499ffd765be9e0ac18b156cae0f7074623eadd35d404207,gx-no-cache=1515671187457 HTTP/1.1" 200 72
200.112.4.188 - - [11/Jan/2018:08:47:37 -0300] "GET /cormun/servlet/solicitudot?INS,0,0, HTTP/1.1" 200 13923
200.112.4.188 - - [11/Jan/2018:08:47:38 -0300] "GET /cormun/servlet/solicitudot?INS,0,0, HTTP/1.1" 200 13928
200.112.4.188 - - [11/Jan/2018:08:47:50 -0300] "GET /cormun/servlet/prfichaempleado?,MD,,gxPopupLevel%3D0%3B HTTP/1.1" 200 9336
200.112.4.188 - - [11/Jan/2018:08:47:59 -0300] "POST /cormun/servlet/prfichaempleado?fdac12490247b725ab8bbcf563743603,,MD,,gxPopupLevel%3D0%3B,gx-no-cache=1515671242083 HTTP/1.1" 200 3429
200.112.4.188 - - [11/Jan/2018:08:48:02 -0300] "POST /cormun/servlet/solicitudot?gx-no-cache=1515671244645 HTTP/1.1" 200 3885
200.112.4.188 - - [11/Jan/2018:08:48:02 -0300] "POST /cormun/servlet/solicitudot?fdac12490247b725ab8bbcf563743603,INS,0,0,,gx-no-cache=1515671245268 HTTP/1.1" 200 10847
200.112.4.188 - - [11/Jan/2018:08:48:02 -0300] "GET /cormun/servlet/solicitudot?0ef28dfdcd90dde18e575c1415baee14d5c7dfd68f97b2e3c29e37a4b450e40ba4bd89237fe4e5bfe125c0bf9ab928b2,gx-no-cache=1515671245891 HTTP/1.1" 200 30
200.112.4.188 - - [11/Jan/2018:08:48:07 -0300] "POST /cormun/servlet/solicitudot?gx-no-cache=1515671249888 HTTP/1.1" 200 51
200.112.4.188 - - [11/Jan/2018:08:48:07 -0300] "POST /cormun/servlet/solicitudot?gx-no-cache=1515671250092 HTTP/1.1" 200 256
200.112.4.188 - - [11/Jan/2018:08:48:07 -0300] "GET /cormun/servlet/solicitudot?0ef28dfdcd90dde18e575c1415baee14f5f22a967603a0dc9ce77f4133c5c90f07a345bb0e39b24a7ca7e416ea185ff2d2e56f19beb73a1c44aa5e52c031e8bd894c37c21476fde746e5884a7f354104a3fc55cec6d18900ffc857701f184d01bcfd925115fe845b32e9219817d1634dad54b2827e768cd32f33114c5dcfd21241ce5b058b5ef6745b1ab0466cee40bc512d883e52263564fa12ec14f32b394b4c84bb2fd0e6696773f8f1246e811a7c4760ccb6cb32c6ed498fff307e15ba845e0dbc4626af4e1cfdc0595b7708ed067185fc79813148ee0aeadc60a3cdcddc2a2a813edfc0f1a74189f0e5c347535759b7b1196b4b22cce0be0b2d4d029840ee84458d9e527078fe31f947dd7a6d367e61d24b8d0a724801a992c3de5acfc42d4ef2e2b289a177a74a1f68b70b6cf81648c0b710ed4bdc2108e051d9b6240fdf2e1e35ca1e7b1dd02540243ae1eaa3f369a8246e4fb239119c67266b27c06b4b94655927b001cedac627edf0a0f1d1552004d950c52788e1c89ba9874dd8cc,gx-no-cache=1515671250221 HTTP/1.1" 200 30
200.112.4.188 - - [11/Jan/2018:08:48:09 -0300] "POST /cormun/servlet/solicitudot?gx-no-cache=1515671252861 HTTP/1.1" 200 30
200.112.4.188 - - [11/Jan/2018:08:48:12 -0300] "POST /cormun/servlet/solicitudot?gx-no-cache=1515671255158 HTTP/1.1" 200 1357
200.112.4.188 - - [11/Jan/2018:08:48:12 -0300] "POST /cormun/servlet/solicitudot?gx-no-cache=1515671255298 HTTP/1.1" 200 38
200.112.4.188 - - [11/Jan/2018:08:48:21 -0300] "GET /cormun/servlet/solicitudot?0ef28dfdcd90dde18e575c1415baee1459fa5559b2e9cef4ce0de18385c073f77998582a99cb1cf3cdf4b1bc8a907b6323b4c4c9ad065f8a4766819ee2f445a38a6732c2dbccedb23984df3a998300f99b0a7ed7c612955898c43c960fcfdd3dec09db83b2111296df354bd840d2e7ef,gx-no-cache=1515671263967 HTTP/1.1" 200 29
200.112.4.188 - - [11/Jan/2018:08:48:21 -0300] "POST /cormun/servlet/solicitudot?gx-no-cache=1515671264082 HTTP/1.1" 200 221
200.112.4.188 - - [11/Jan/2018:08:48:21 -0300] "GET /cormun/servlet/solicitudot?0ef28dfdcd90dde18e575c1415baee142eec0421c4fbe36328527318ba8d1288e5c58558b4feb03e307142c88025fbc1689ecf77d724299082f4e6c8bbfa8426841e14addbabbd947fb5c4f92b1b86a236f2ffba891440f08dddf21643f54aed7998582a99cb1cf3cdf4b1bc8a907b634f41cda70e1ac180a6d8829e9f85ab23dd477fd5a1c68b400fd8e3b6afcbee36,gx-no-cache=1515671264309 HTTP/1.1" 200 55
200.112.4.188 - - [11/Jan/2018:08:48:21 -0300] "GET /cormun/static/menuarrow.gif HTTP/1.1" 404 1015
200.112.4.188 - - [11/Jan/2018:08:48:23 -0300] "POST /cormun/servlet/solicitudot?gx-no-cache=1515671266282 HTTP/1.1" 200 217
200.112.4.188 - - [11/Jan/2018:08:48:23 -0300] "GET /cormun/servlet/solicitudot?0ef28dfdcd90dde18e575c1415baee142eec0421c4fbe36328527318ba8d1288e5c58558b4feb03e307142c88025fbc1689ecf77d724299082f4e6c8bbfa8426841e14addbabbd947fb5c4f92b1b86a236f2ffba891440f08dddf21643f54aed7998582a99cb1cf3cdf4b1bc8a907b634f41cda70e1ac180a6d8829e9f85ab23dd477fd5a1c68b400fd8e3b6afcbee36,gx-no-cache=1515671266385 HTTP/1.1" 200 55
200.112.4.188 - - [11/Jan/2018:08:48:27 -0300] "GET /cormun/servlet/solicitudot?0ef28dfdcd90dde18e575c1415baee14ee2f976f41b77f23aa6de2e3f38a5901212fb761b83712a4dfca30098cc1f561,gx-no-cache=1515671270365 HTTP/1.1" 200 30
200.112.4.188 - - [11/Jan/2018:08:48:32 -0300] "POST /cormun/servlet/solicitudot?gx-no-cache=1515671275682 HTTP/1.1" 200 30
200.112.4.188 - - [11/Jan/2018:08:48:37 -0300] "POST /cormun/servlet/solicitudot?fdac12490247b725ab8bbcf563743603,INS,0,0,,gx-no-cache=1515671279867 HTTP/1.1" 200 93
200.112.4.188 - - [11/Jan/2018:08:48:37 -0300] "GET /cormun/servlet/hpexe_return? HTTP/1.1" 200 1008
200.112.4.188 - - [11/Jan/2018:08:48:38 -0300] "GET /cormun/servlet/trsolicitudot HTTP/1.1" 200 19483
200.112.4.188 - - [11/Jan/2018:08:48:39 -0300] "GET /cormun/servlet/trsolicitudot HTTP/1.1" 200 19479
186.103.159.44 - - [11/Jan/2018:08:48:41 -0300] "POST /cormun/servlet/solicitudotcontratos?7680f75a9c3e26756cadc1e4993d38b7,INS,2018,0,14047740,0,2,2017,1584,NADA,201711,26,B,,gx-no-cache=1515671282928 HTTP/1.1" 200 10790
186.103.159.44 - - [11/Jan/2018:08:48:41 -0300] "POST /cormun/servlet/solicitudotcontratos?gx-no-cache=1515671283356 HTTP/1.1" 200 1342
186.103.159.44 - - [11/Jan/2018:08:48:41 -0300] "POST /cormun/servlet/solicitudotcontratos?gx-no-cache=1515671283438 HTTP/1.1" 200 1221
186.103.159.44 - - [11/Jan/2018:08:48:41 -0300] "GET /cormun/servlet/solicitudotcontratos?93f5696ec6af881851328fe3ede9ab9a6b61492b54ddcd8e2c4e907c699f706796a823d14d1bb8c5818d5762d057b700ae8ac5caac1955a2a5b5696332f8c0a8627eabbf7ab50dd858b444e05864b2d7eae30fa88149eae9122c68c2739dd0e6f68a338f6ad4c1a6e6f2b7e143fda26a2c7be26edc1156c58eee7c3b3e7f2606,gx-no-cache=1515671283492 HTTP/1.1" 200 30
186.103.159.44 - - [11/Jan/2018:08:48:42 -0300] "POST /cormun/servlet/solicitudotcontratos?7680f75a9c3e26756cadc1e4993d38b7,INS,2018,0,14047740,0,2,2017,1584,NADA,201711,26,B,,gx-no-cache=1515671283938 HTTP/1.1" 200 93
186.103.159.44 - - [11/Jan/2018:08:48:42 -0300] "GET /cormun/servlet/hpexe_return? HTTP/1.1" 200 1049
186.103.159.44 - - [11/Jan/2018:08:48:42 -0300] "GET /cormun/servlet/trcontratosolicitud? HTTP/1.1" 200 7599
200.112.4.188 - - [11/Jan/2018:08:48:49 -0300] "GET /cormun/servlet/solicitudot?INS,0,0, HTTP/1.1" 200 13923
186.103.159.44 - - [11/Jan/2018:08:48:49 -0300] "GET /cormun/servlet/solicitudotcontratos?INS,2018,0,14047740,0,6,2017,2123,INTEGRACION,201711,3,B, HTTP/1.1" 200 9869
200.112.4.188 - - [11/Jan/2018:08:48:49 -0300] "GET /cormun/servlet/solicitudot?INS,0,0, HTTP/1.1" 200 13928
186.103.159.44 - - [11/Jan/2018:08:48:50 -0300] "GET /cormun/servlet/solicitudotcontratos?93f5696ec6af881851328fe3ede9ab9a2553781b70d4b5cd127a6563a1150ef90afa67702f90fcf80c830d38ca38cad2,gx-no-cache=1515671292578 HTTP/1.1" 200 30
186.103.159.44 - - [11/Jan/2018:08:48:50 -0300] "GET /cormun/servlet/solicitudotcontratos?93f5696ec6af881851328fe3ede9ab9a11952287b04a867ece4ed03c1b3f5a1e41a2c6ffa922bafe85ed8fc090746ff8,gx-no-cache=1515671292705 HTTP/1.1" 200 30
186.103.159.44 - - [11/Jan/2018:08:48:50 -0300] "GET /cormun/servlet/solicitudotcontratos?93f5696ec6af881851328fe3ede9ab9ad4a99751b62ef224d18ed9da634ac84fa8f7111a97c27b8c7c5fbd2a0ba912c62e83a578de4141b686a3d36c35dcf08367d897c3a0feb3a08b5d4d5fa2177d22e2b9aa2ab905b3e73041c4edfecc1b831d933766507b9fd2bb3c0e0957d5948345978074dbb0a9469a57b83c857dd34e,gx-no-cache=1515671292820 HTTP/1.1" 200 50
186.103.159.44 - - [11/Jan/2018:08:48:50 -0300] "GET /cormun/servlet/solicitudotcontratos?93f5696ec6af881851328fe3ede9ab9a9a60ed7677b19ec3c379cdaf332b835a582fa83dbce99063b21dd9d77a7588af,gx-no-cache=1515671293009 HTTP/1.1" 200 30
186.103.159.44 - - [11/Jan/2018:08:48:51 -0300] "GET /cormun/servlet/solicitudotcontratos?93f5696ec6af881851328fe3ede9ab9aa3a96eea0126bb3422ec35b53268288fc50d8f86d74c1e2582f726bd5c35d5dd8538cfa1a7f9eac7b9d853e7f2580eb765eedb77bc260a38bf779b623c0493433bb905b5655d9196666fea95d97cf71bd302c4afe19725eef41acb6861285f87,gx-no-cache=1515671293038 HTTP/1.1" 200 30
200.112.4.188 - - [11/Jan/2018:08:48:52 -0300] "GET /cormun/servlet/prfichaempleado?,MD,,gxPopupLevel%3D0%3B HTTP/1.1" 200 9336
186.103.159.44 - - [11/Jan/2018:08:48:52 -0300] "GET /cormun/servlet/solicitudotcontratos?93f5696ec6af881851328fe3ede9ab9a2a32bc871ba4cc0628932d6ffcd043b24f294e3271871d7a11e63146d1bd030e290d8b43551118aa309ad49017562729cc9b679935d65d7081bfac213b1ead10ffa82157ecfd673670fdd6b9c163ac7ff4bbd1250ecfdb5dbe0c11399d387697625fcd1be9449ab3df9606224d800d4e96aa0ba3a876e9cd5f9fcf2520002201b67bdbfcac8b00d2cecd3021a2acd6949ebeae8d857f8c6a6bb137fba5956e52d01cf4b2971b0c6615e3c83fa41a3837c1cc9f013932ad1c1ef696ce7bb40260fb5e7ce0efb4538b2d02c07223b20d44820aaed35493ded1ca60a3fa62577a6f6f32a57e20bd60db7cdba4f99d74b73f57bb330e7d825ae802432643188cb2a1c3990fea46f8d9a09583b200349432f550818b37155dcc9f47603e1220995e087d1fb1014a2ace21953b1535b286401c80e57a9c10253e88278ff1d6017fee30c8529d8a1b5f5debfa4e8260920cdee997bee329612b2e342bd2b395579a484eab0722e20efb1f1804f4bed2606d28b0dc700075d338e883071f2e5edb74aaf40303c18ce9672c7ed6a1b5b5ad6193814e3b4c27d57b314467954934f2a5e11e02e54f551367b2e30f0925516ce0c9787da20cbfe5b9073cf660bb16c7f020c3c343bd9f4aa5362d8a40b689baf869ac63f3cf85f7e567d39c6fc609e01161c26ada8b9e28464f4d1f56f2619b37f10df6973cceae46b5b44849a8939bb06dab1571dbece8c9b54a6bdfe51443805e02211f93186c8ee49b730d4c3d4811cc901c1934214e7ccf653a1270d529b3325f,gx-no-cache=1515671293464 HTTP/1.1" 200 83
186.103.159.44 - - [11/Jan/2018:08:48:58 -0300] "POST /cormun/servlet/solicitudotcontratos?7680f75a9c3e26756cadc1e4993d38b7,INS,2018,0,14047740,0,6,2017,2123,INTEGRACION,201711,3,B,,gx-no-cache=1515671299865 HTTP/1.1" 200 10800
186.103.159.44 - - [11/Jan/2018:08:48:58 -0300] "POST /cormun/servlet/solicitudotcontratos?gx-no-cache=1515671300522 HTTP/1.1" 200 1341
186.103.159.44 - - [11/Jan/2018:08:48:58 -0300] "POST /cormun/servlet/solicitudotcontratos?gx-no-cache=1515671300617 HTTP/1.1" 200 1221
186.103.159.44 - - [11/Jan/2018:08:48:59 -0300] "GET /cormun/servlet/solicitudotcontratos?93f5696ec6af881851328fe3ede9ab9a6b61492b54ddcd8e2c4e907c699f706796a823d14d1bb8c5818d5762d057b700ae8ac5caac1955a2a5b5696332f8c0a8627eabbf7ab50dd858b444e05864b2d7eae30fa88149eae9122c68c2739dd0e6f68a338f6ad4c1a6e6f2b7e143fda26a2c7be26edc1156c58eee7c3b3e7f2606,gx-no-cache=1515671300688 HTTP/1.1" 200 30
186.103.159.44 - - [11/Jan/2018:08:48:59 -0300] "POST /cormun/servlet/solicitudotcontratos?7680f75a9c3e26756cadc1e4993d38b7,INS,2018,0,14047740,0,6,2017,2123,INTEGRACION,201711,3,B,,gx-no-cache=1515671301106 HTTP/1.1" 200 93
186.103.159.44 - - [11/Jan/2018:08:48:59 -0300] "GET /cormun/servlet/hpexe_return? HTTP/1.1" 200 1052
186.103.159.44 - - [11/Jan/2018:08:48:59 -0300] "GET /cormun/servlet/trcontratosolicitud HTTP/1.1" 200 7458
186.103.159.44 - - [11/Jan/2018:08:49:03 -0300] "GET /cormun/servlet/solicitudotcontratos?INS,2018,0,14047740,0,6,2017,1623,LEY+SEP,201711,8,B, HTTP/1.1" 200 9873
200.112.4.188 - - [11/Jan/2018:08:49:04 -0300] "POST /cormun/servlet/prfichaempleado?fdac12490247b725ab8bbcf563743603,,MD,,gxPopupLevel%3D0%3B,gx-no-cache=1515671306963 HTTP/1.1" 200 3430
186.103.159.44 - - [11/Jan/2018:08:49:05 -0300] "GET /cormun/servlet/solicitudotcontratos?93f5696ec6af881851328fe3ede9ab9a2553781b70d4b5cd127a6563a1150ef90afa67702f90fcf80c830d38ca38cad2,gx-no-cache=1515671307088 HTTP/1.1" 200 30
186.103.159.44 - - [11/Jan/2018:08:49:05 -0300] "GET /cormun/servlet/solicitudotcontratos?93f5696ec6af881851328fe3ede9ab9a11952287b04a867ece4ed03c1b3f5a1e41a2c6ffa922bafe85ed8fc090746ff8,gx-no-cache=1515671307135 HTTP/1.1" 200 30
186.103.159.44 - - [11/Jan/2018:08:49:05 -0300] "GET /cormun/servlet/solicitudotcontratos?93f5696ec6af881851328fe3ede9ab9ad4a99751b62ef224d18ed9da634ac84fa8f7111a97c27b8c7c5fbd2a0ba912c62e83a578de4141b686a3d36c35dcf08367d897c3a0feb3a08b5d4d5fa2177d22e2b9aa2ab905b3e73041c4edfecc1b831d933766507b9fd2bb3c0e0957d5948345978074dbb0a9469a57b83c857dd34e,gx-no-cache=1515671307178 HTTP/1.1" 200 50
