186.103.159.189 - - [11/Jan/2018:11:51:42 -0300] "GET /cormun/servlet/solicitudot?4f5d1eb59b741b78f7f6e2fb72aa96da0a2920591868f80d059649e351f9d425cee6cf709a1d4858e4f51f672693100381e62bde2e1542a45d678276b3a076631306e3be5b6a22c23cf725064a2f2ef4c8b04ee2e7648be254da57ee54532791436838c3c6f9ba8e44a869cfae33371767c6a028cf796bf4f8a8fafadc4bee7b25dfbd59d243de622e5297d4281bf54e,gx-no-cache=1515685860211 HTTP/1.1" 200 55
186.103.159.189 - - [11/Jan/2018:11:51:45 -0300] "GET /cormun/static/menuarrow.gif HTTP/1.1" 404 1015
186.103.158.250 - - [11/Jan/2018:11:51:47 -0300] "POST /cormun/servlet/solicitudot?gx-no-cache=1515682266580 HTTP/1.1" 200 238
186.103.158.250 - - [11/Jan/2018:11:51:47 -0300] "GET /cormun/servlet/solicitudot?eefab0f54816ca845a5f396277ac21aac83c51ef34e133ff9f36e005b16f6b50fb1dec27cd77eff4ea1de0c7b88e1fff08f68a8f6fb5b92f700ff2b1430dcfe494e262352356f4d900229dba3084b907542592132c133b53ba95fbbde8f14e35eccfff6d5d2e49770f51b4651a897ea30cd49e14515a74ba5252da82df21319a29aef666b803ff96e6a74665a88d0f455cbd81413f88637e0ba0b893ef823db3051bc848ac4a92e9affca4de12c99e03cf584f1fe90e5ee6c123bc39951ae139b2e4e19e1ce32a62747d8aa7bbccc3c1895a38434ebd9d1256952c7cd22e062b8378c4857c82b45bc6f04e7861f06278c53819eca28f14b45b88e073cd18ad0900c60db7bf5196be497d403c2e78d9e9c9759750ae1f5fe5388852920b343c0475ed9a79f34ed34c875ba85da3ab5e28ec626944f2c53770fe0f21f6c37561c4c5b46225360b6e0fdf70849e4cf302ab8813615e07bcad55a53d2402ae8c073b656376edd30592f59de20b4e5b039a38d3b146952b8831cfe6fbdd0f14cb6932,gx-no-cache=1515682266671 HTTP/1.1" 200 30
186.103.158.250 - - [11/Jan/2018:11:51:48 -0300] "POST /cormun/servlet/solicitudot?gx-no-cache=1515682267021 HTTP/1.1" 200 30
186.103.158.250 - - [11/Jan/2018:11:51:48 -0300] "POST /cormun/servlet/solicitudot?gx-no-cache=1515682267102 HTTP/1.1" 200 231
186.103.158.250 - - [11/Jan/2018:11:51:48 -0300] "POST /cormun/servlet/solicitudot?gx-no-cache=1515682267170 HTTP/1.1" 200 41
186.103.158.250 - - [11/Jan/2018:11:51:48 -0300] "POST /cormun/servlet/solicitudot?gx-no-cache=1515682267216 HTTP/1.1" 200 217
186.103.158.250 - - [11/Jan/2018:11:51:48 -0300] "GET /cormun/servlet/solicitudot?eefab0f54816ca845a5f396277ac21aad7e8c11aee9646dbca60aef7f2b8f8aba3005b089ccad0d005b3b4d57775f16844d7309396f193ef85a35203e83c615934dd7687a9afd960b69bc90733f7b4b90ca31cfd10a25376b578836d936c6c490f14e81b9ada7746cea1588ce05c008af78a0f4f54a0c894ad08f45519209a5ef904e1cfd5f431eeb19fefc64cf3fb6b,gx-no-cache=1515682267273 HTTP/1.1" 200 55
186.103.158.250 - - [11/Jan/2018:11:51:48 -0300] "GET /cormun/servlet/solicitudot?eefab0f54816ca845a5f396277ac21aa49d4c75df0d5610091119858d78a3c0775ec91b6dc8dc62d3c5a34317082dd14,gx-no-cache=1515682267312 HTTP/1.1" 200 30
186.103.158.250 - - [11/Jan/2018:11:51:48 -0300] "POST /cormun/servlet/solicitudot?gx-no-cache=1515682267351 HTTP/1.1" 200 30
186.103.158.250 - - [11/Jan/2018:11:51:48 -0300] "POST /cormun/servlet/solicitudot?0200b3adc0323117d4cc876a5948844c,INS,0,0,,gx-no-cache=1515682267398 HTTP/1.1" 200 11514
186.103.159.189 - - [11/Jan/2018:11:51:51 -0300] "GET /cormun/servlet/solicitudot?4f5d1eb59b741b78f7f6e2fb72aa96dad337ed4c0ff81089dbb7a5793ccb16b7aec226b04fc6ba0c5f18f8037695d12d,gx-no-cache=1515685869173 HTTP/1.1" 200 30
186.103.156.24 - - [11/Jan/2018:11:51:51 -0300] "POST /cormun/servlet/solicitudot?gx-no-cache=1515682273581 HTTP/1.1" 200 3968
186.103.156.24 - - [11/Jan/2018:11:51:51 -0300] "GET /cormun/static/Shared/jqueryui/images/ui-bg_highlight-soft_100_c6c2c8_1x100.png HTTP/1.1" 404 1117
186.103.156.24 - - [11/Jan/2018:11:51:51 -0300] "GET /cormun/static/Shared/jqueryui/images/ui-icons_82798d_256x240.png HTTP/1.1" 404 1089
186.103.156.24 - - [11/Jan/2018:11:51:51 -0300] "GET /cormun/static/Shared/jqueryui/images/ui-bg_flat_55_994d53_40x100.png HTTP/1.1" 404 1097
186.103.156.24 - - [11/Jan/2018:11:51:51 -0300] "GET /cormun/static/Shared/jqueryui/images/ui-icons_ebccce_256x240.png HTTP/1.1" 404 1089
186.103.159.230 - - [11/Jan/2018:11:51:52 -0300] "POST /cormun/servlet/hlogin?791514d69b86179c2519017933654bd4,gx-no-cache=1515682264953 HTTP/1.1" 200 90
186.103.159.230 - - [11/Jan/2018:11:51:52 -0300] "GET /cormun/servlet/hpexe_link HTTP/1.1" 200 965
186.103.159.230 - - [11/Jan/2018:11:51:52 -0300] "GET /cormun/servlet/trcontratosolicitud HTTP/1.1" 200 14357
186.103.159.230 - - [11/Jan/2018:11:51:53 -0300] "GET /cormun/servlet/trcontratosolicitud HTTP/1.1" 200 14368
186.103.158.250 - - [11/Jan/2018:11:51:58 -0300] "POST /cormun/servlet/solicitudot?gx-no-cache=1515682277606 HTTP/1.1" 200 51
186.103.159.182 - - [11/Jan/2018:11:51:58 -0300] "POST /cormun/servlet/solicitudotcontratos?349bc9843eec3a427768c311b6245046,INS,2018,0,13098022,8,6,2011,1332,NADA,201711,22,*,,gx-no-cache=1515682273881 HTTP/1.1" 200 10756
186.103.159.182 - - [11/Jan/2018:11:51:59 -0300] "POST /cormun/servlet/solicitudotcontratos?gx-no-cache=1515682275204 HTTP/1.1" 200 1342
186.103.159.182 - - [11/Jan/2018:11:51:59 -0300] "POST /cormun/servlet/solicitudotcontratos?gx-no-cache=1515682275351 HTTP/1.1" 200 1220
186.103.159.182 - - [11/Jan/2018:11:51:59 -0300] "GET /cormun/servlet/solicitudotcontratos?4846520630624ebff6b0b8492efacec900f676fba492af5c65abdca4c82c8f157065de4d61cb7d113714ba5ce356908105c99d2811584c75cfcd0d8cb5f983429a855f9a048dc980089cb6b5b91261f9b66925a9bdf569e2ee7552d350875caca9b09fd99f7e36b403e4fae13c07e7c1c55af146b342a7f8c709c49e9c48fc90,gx-no-cache=1515682275437 HTTP/1.1" 200 30
186.103.159.182 - - [11/Jan/2018:11:51:59 -0300] "POST /cormun/servlet/solicitudotcontratos?349bc9843eec3a427768c311b6245046,INS,2018,0,13098022,8,6,2011,1332,NADA,201711,22,*,,gx-no-cache=1515682275494 HTTP/1.1" 200 93
186.103.159.182 - - [11/Jan/2018:11:51:59 -0300] "GET /cormun/servlet/hpexe_return? HTTP/1.1" 200 1042
186.103.159.189 - - [11/Jan/2018:11:52:00 -0300] "POST /cormun/servlet/solicitudot?gx-no-cache=1515685877631 HTTP/1.1" 200 30
186.103.159.182 - - [11/Jan/2018:11:52:00 -0300] "GET /cormun/servlet/trcontratosolicitud HTTP/1.1" 200 14707
186.103.159.182 - - [11/Jan/2018:11:52:02 -0300] "GET /cormun/servlet/trcontratosolicitud HTTP/1.1" 200 14705
186.103.159.230 - - [11/Jan/2018:11:52:02 -0300] "POST /cormun/servlet/trcontratosolicitud?791514d69b86179c2519017933654bd4,gx-no-cache=1515682275340 HTTP/1.1" 200 11918
186.103.159.230 - - [11/Jan/2018:11:52:02 -0300] "GET /cormun/static/Resources/PXToolsGridNext.gif HTTP/1.1" 200 369
186.103.159.230 - - [11/Jan/2018:11:52:02 -0300] "GET /cormun/static/Resources/PXToolsGridLast.gif HTTP/1.1" 200 370
186.103.159.230 - - [11/Jan/2018:11:52:06 -0300] "POST /cormun/servlet/trcontratosolicitud?791514d69b86179c2519017933654bd4,gx-no-cache=1515682278750 HTTP/1.1" 200 11916
186.103.159.230 - - [11/Jan/2018:11:52:09 -0300] "POST /cormun/servlet/trcontratosolicitud?791514d69b86179c2519017933654bd4,gx-no-cache=1515682282361 HTTP/1.1" 200 8916
186.103.159.230 - - [11/Jan/2018:11:52:09 -0300] "GET /cormun/static/Resources/PXToolsGridPrevious.gif HTTP/1.1" 200 369
186.103.159.230 - - [11/Jan/2018:11:52:09 -0300] "GET /cormun/static/Resources/PXToolsGridFirst.gif HTTP/1.1" 200 379
186.103.158.250 - - [11/Jan/2018:11:52:14 -0300] "POST /cormun/servlet/solicitudot?0200b3adc0323117d4cc876a5948844c,INS,0,0,,gx-no-cache=1515682293766 HTTP/1.1" 200 11363
186.103.158.250 - - [11/Jan/2018:11:52:17 -0300] "POST /cormun/servlet/solicitudot?0200b3adc0323117d4cc876a5948844c,INS,0,0,,gx-no-cache=1515682296367 HTTP/1.1" 200 11429
186.103.158.250 - - [11/Jan/2018:11:52:21 -0300] "POST /cormun/servlet/solicitudot?gx-no-cache=1515682299928 HTTP/1.1" 200 3850
186.103.158.250 - - [11/Jan/2018:11:52:21 -0300] "POST /cormun/servlet/solicitudot?0200b3adc0323117d4cc876a5948844c,INS,0,0,,gx-no-cache=1515682300224 HTTP/1.1" 200 11450
186.103.158.250 - - [11/Jan/2018:11:52:21 -0300] "GET /cormun/servlet/solicitudot?eefab0f54816ca845a5f396277ac21aa5bc5485733c395b704615f357c1d02aa416e13fdab69e16068ef8f1cf0268663,gx-no-cache=1515682300745 HTTP/1.1" 200 30
186.103.158.250 - - [11/Jan/2018:11:52:21 -0300] "POST /cormun/servlet/solicitudot?gx-no-cache=1515682300841 HTTP/1.1" 200 43
186.103.158.250 - - [11/Jan/2018:11:52:21 -0300] "POST /cormun/servlet/solicitudot?gx-no-cache=1515682300910 HTTP/1.1" 200 238
186.103.158.250 - - [11/Jan/2018:11:52:22 -0300] "GET /cormun/servlet/solicitudot?eefab0f54816ca845a5f396277ac21aac83c51ef34e133ff9f36e005b16f6b50fb1dec27cd77eff4ea1de0c7b88e1fff08f68a8f6fb5b92f700ff2b1430dcfe494e262352356f4d900229dba3084b907542592132c133b53ba95fbbde8f14e35eccfff6d5d2e49770f51b4651a897ea30cd49e14515a74ba5252da82df21319a29aef666b803ff96e6a74665a88d0f455cbd81413f88637e0ba0b893ef823db3051bc848ac4a92e9affca4de12c99e03cf584f1fe90e5ee6c123bc39951ae139b2e4e19e1ce32a62747d8aa7bbccc3c1895a38434ebd9d1256952c7cd22e062b8378c4857c82b45bc6f04e7861f06278c53819eca28f14b45b88e073cd18ad0900c60db7bf5196be497d403c2e78d9e9c9759750ae1f5fe5388852920b343c0475ed9a79f34ed34c875ba85da3ab5e28ec626944f2c53770fe0f21f6c37561c4c5b46225360b6e0fdf70849e4cf302ab8813615e07bcad55a53d2402ae8c073b656376edd30592f59de20b4e5b039a38d3b146952b8831cfe6fbdd0f14cb6932,gx-no-cache=1515682301011 HTTP/1.1" 200 30
186.103.158.250 - - [11/Jan/2018:11:52:22 -0300] "POST /cormun/servlet/solicitudot?gx-no-cache=1515682301379 HTTP/1.1" 200 30
186.103.158.250 - - [11/Jan/2018:11:52:22 -0300] "POST /cormun/servlet/solicitudot?gx-no-cache=1515682301487 HTTP/1.1" 200 1353
186.103.158.250 - - [11/Jan/2018:11:52:23 -0300] "POST /cormun/servlet/solicitudot?gx-no-cache=1515682301689 HTTP/1.1" 200 41
186.103.158.250 - - [11/Jan/2018:11:52:23 -0300] "GET /cormun/servlet/solicitudot?eefab0f54816ca845a5f396277ac21aabfd184e156125f6257dbf1e2fabfaaf70f14e81b9ada7746cea1588ce05c008ac54a73d25ba5bdb9b85a32dcfaa2b1767aec2f861397bed140192fac7f8806619cc6e8af9b2b5111ca7f1abf407188d2dd85e68e74c228e660e3654bf97f8ca4ce728d6a5a6a7e5fc3a725564a8db8f97cab3faff447273d6085daf7d39d3e11b24f5c0f20505fe5b12b184666dea867,gx-no-cache=1515682302114 HTTP/1.1" 200 29
186.103.158.250 - - [11/Jan/2018:11:52:23 -0300] "POST /cormun/servlet/solicitudot?gx-no-cache=1515682302195 HTTP/1.1" 200 219
186.103.158.250 - - [11/Jan/2018:11:52:23 -0300] "GET /cormun/servlet/solicitudot?eefab0f54816ca845a5f396277ac21aad7e8c11aee9646dbca60aef7f2b8f8aba3005b089ccad0d005b3b4d57775f16844d7309396f193ef85a35203e83c615934dd7687a9afd960b69bc90733f7b4b90ca31cfd10a25376b578836d936c6c490f14e81b9ada7746cea1588ce05c008af78a0f4f54a0c894ad08f45519209a5ef904e1cfd5f431eeb19fefc64cf3fb6b,gx-no-cache=1515682302410 HTTP/1.1" 200 55
186.103.158.250 - - [11/Jan/2018:11:52:23 -0300] "GET /cormun/servlet/solicitudot?eefab0f54816ca845a5f396277ac21aa49d4c75df0d5610091119858d78a3c0775ec91b6dc8dc62d3c5a34317082dd14,gx-no-cache=1515682302490 HTTP/1.1" 200 30
186.103.158.250 - - [11/Jan/2018:11:52:23 -0300] "POST /cormun/servlet/solicitudot?gx-no-cache=1515682302584 HTTP/1.1" 200 30
186.103.158.250 - - [11/Jan/2018:11:52:23 -0300] "POST /cormun/servlet/solicitudot?0200b3adc0323117d4cc876a5948844c,INS,0,0,,gx-no-cache=1515682302672 HTTP/1.1" 200 11709
200.72.197.82 - - [11/Jan/2018:11:52:32 -0300] "POST /cormun/servlet/solicitudotcontratos?516e029703274d436731b6a14b6c7d4d,INS,2018,0,15105577,k,6,2017,3182,NADA,201711,4,B,,gx-no-cache=1515682309851 HTTP/1.1" 200 11019
186.103.158.250 - - [11/Jan/2018:11:52:36 -0300] "POST /cormun/servlet/solicitudot?gx-no-cache=1515682315790 HTTP/1.1" 200 51
186.103.158.250 - - [11/Jan/2018:11:52:44 -0300] "POST /cormun/servlet/solicitudot?0200b3adc0323117d4cc876a5948844c,INS,0,0,,gx-no-cache=1515682323676 HTTP/1.1" 200 11594
200.72.197.82 - - [11/Jan/2018:11:52:45 -0300] "POST /cormun/servlet/solicitudotcontratos?516e029703274d436731b6a14b6c7d4d,INS,2018,0,15105577,k,6,2017,3182,NADA,201711,4,B,,gx-no-cache=1515682324493 HTTP/1.1" 200 11019
186.103.158.250 - - [11/Jan/2018:11:52:49 -0300] "POST /cormun/servlet/solicitudot?gx-no-cache=1515682327890 HTTP/1.1" 200 3850
186.103.158.250 - - [11/Jan/2018:11:52:49 -0300] "POST /cormun/servlet/solicitudot?0200b3adc0323117d4cc876a5948844c,INS,0,0,,gx-no-cache=1515682328205 HTTP/1.1" 200 11620
186.103.158.250 - - [11/Jan/2018:11:52:49 -0300] "GET /cormun/servlet/solicitudot?eefab0f54816ca845a5f396277ac21aa5bc5485733c395b704615f357c1d02aa416e13fdab69e16068ef8f1cf0268663,gx-no-cache=1515682328702 HTTP/1.1" 200 30
186.103.158.250 - - [11/Jan/2018:11:52:49 -0300] "POST /cormun/servlet/solicitudot?gx-no-cache=1515682328799 HTTP/1.1" 200 43
186.103.158.250 - - [11/Jan/2018:11:52:49 -0300] "POST /cormun/servlet/solicitudot?gx-no-cache=1515682328870 HTTP/1.1" 200 238
186.103.158.250 - - [11/Jan/2018:11:52:50 -0300] "GET /cormun/servlet/solicitudot?eefab0f54816ca845a5f396277ac21aac83c51ef34e133ff9f36e005b16f6b50fb1dec27cd77eff4ea1de0c7b88e1fff08f68a8f6fb5b92f700ff2b1430dcfe494e262352356f4d900229dba3084b907542592132c133b53ba95fbbde8f14e35eccfff6d5d2e49770f51b4651a897ea30cd49e14515a74ba5252da82df21319a29aef666b803ff96e6a74665a88d0f455cbd81413f88637e0ba0b893ef823db3051bc848ac4a92e9affca4de12c99e03cf584f1fe90e5ee6c123bc39951ae139b2e4e19e1ce32a62747d8aa7bbccc3c1895a38434ebd9d1256952c7cd22e062b8378c4857c82b45bc6f04e7861f06278c53819eca28f14b45b88e073cd18ad0900c60db7bf5196be497d403c2e78d9e9c9759750ae1f5fe5388852920b343c0475ed9a79f34ed34c875ba85da3ab5e28ec626944f2c53770fe0f21f6c37561c4c5b46225360b6e0fdf70849e4cf302ab8813615e07bcad55a53d2402ae8c073b656376edd30592f59de20b4e5b039a38d3b146952b8831cfe6fbdd0f14cb6932,gx-no-cache=1515682328937 HTTP/1.1" 200 30
186.103.158.250 - - [11/Jan/2018:11:52:50 -0300] "POST /cormun/servlet/solicitudot?gx-no-cache=1515682329310 HTTP/1.1" 200 30
186.103.158.250 - - [11/Jan/2018:11:52:50 -0300] "POST /cormun/servlet/solicitudot?gx-no-cache=1515682329420 HTTP/1.1" 200 1353
186.103.158.250 - - [11/Jan/2018:11:52:50 -0300] "POST /cormun/servlet/solicitudot?gx-no-cache=1515682329568 HTTP/1.1" 200 41
186.103.158.250 - - [11/Jan/2018:11:52:51 -0300] "GET /cormun/servlet/solicitudot?eefab0f54816ca845a5f396277ac21aabfd184e156125f6257dbf1e2fabfaaf70f14e81b9ada7746cea1588ce05c008ac54a73d25ba5bdb9b85a32dcfaa2b1767aec2f861397bed140192fac7f8806619cc6e8af9b2b5111ca7f1abf407188d2dd85e68e74c228e660e3654bf97f8ca4ce728d6a5a6a7e5fc3a725564a8db8f97cab3faff447273d6085daf7d39d3e11b24f5c0f20505fe5b12b184666dea867,gx-no-cache=1515682330050 HTTP/1.1" 200 29
186.103.158.250 - - [11/Jan/2018:11:52:51 -0300] "POST /cormun/servlet/solicitudot?gx-no-cache=1515682330213 HTTP/1.1" 200 219
186.103.158.250 - - [11/Jan/2018:11:52:51 -0300] "GET /cormun/servlet/solicitudot?eefab0f54816ca845a5f396277ac21aad7e8c11aee9646dbca60aef7f2b8f8aba3005b089ccad0d005b3b4d57775f16844d7309396f193ef85a35203e83c615934dd7687a9afd960b69bc90733f7b4b90ca31cfd10a25376b578836d936c6c490f14e81b9ada7746cea1588ce05c008af78a0f4f54a0c894ad08f45519209a5ef904e1cfd5f431eeb19fefc64cf3fb6b,gx-no-cache=1515682330428 HTTP/1.1" 200 55
186.103.158.250 - - [11/Jan/2018:11:52:51 -0300] "GET /cormun/servlet/solicitudot?eefab0f54816ca845a5f396277ac21aa49d4c75df0d5610091119858d78a3c0775ec91b6dc8dc62d3c5a34317082dd14,gx-no-cache=1515682330467 HTTP/1.1" 200 30
186.103.158.250 - - [11/Jan/2018:11:52:51 -0300] "POST /cormun/servlet/solicitudot?gx-no-cache=1515682330513 HTTP/1.1" 200 30
186.103.158.250 - - [11/Jan/2018:11:52:51 -0300] "POST /cormun/servlet/solicitudot?0200b3adc0323117d4cc876a5948844c,INS,0,0,,gx-no-cache=1515682330584 HTTP/1.1" 200 11964
186.103.159.189 - - [11/Jan/2018:11:53:05 -0300] "POST /cormun/servlet/solicitudot?gx-no-cache=1515685943092 HTTP/1.1" 200 217
186.103.159.189 - - [11/Jan/2018:11:53:05 -0300] "GET /cormun/servlet/solicitudot?4f5d1eb59b741b78f7f6e2fb72aa96da0a2920591868f80d059649e351f9d425cee6cf709a1d4858e4f51f672693100381e62bde2e1542a45d678276b3a076631306e3be5b6a22c23cf725064a2f2ef4c8b04ee2e7648be254da57ee54532791436838c3c6f9ba8e44a869cfae33371767c6a028cf796bf4f8a8fafadc4bee7b25dfbd59d243de622e5297d4281bf54e,gx-no-cache=1515685943171 HTTP/1.1" 200 55
186.103.159.189 - - [11/Jan/2018:11:53:05 -0300] "GET /cormun/servlet/solicitudot?4f5d1eb59b741b78f7f6e2fb72aa96dad337ed4c0ff81089dbb7a5793ccb16b7aec226b04fc6ba0c5f18f8037695d12d,gx-no-cache=1515685943217 HTTP/1.1" 200 30
186.103.159.189 - - [11/Jan/2018:11:53:05 -0300] "POST /cormun/servlet/solicitudot?gx-no-cache=1515685943263 HTTP/1.1" 200 30
200.111.122.170 - - [11/Jan/2018:11:53:05 -0300] "POST /cormun/servlet/solicitudotcontratos?516e029703274d436731b6a14b6c7d4d,INS,2018,0,15105577,k,6,2017,3182,NADA,201711,4,B,,gx-no-cache=1515682345866 HTTP/1.1" 200 93
186.103.159.189 - - [11/Jan/2018:11:53:05 -0300] "POST /cormun/servlet/solicitudot?d134df0372c1084e85d48c640caa470d,INS,0,0,,gx-no-cache=1515685943322 HTTP/1.1" 200 93
200.111.122.170 - - [11/Jan/2018:11:53:06 -0300] "GET /cormun/servlet/hpexe_return? HTTP/1.1" 200 1039
186.103.159.189 - - [11/Jan/2018:11:53:06 -0300] "GET /cormun/servlet/hpexe_return? HTTP/1.1" 200 1009
200.111.122.170 - - [11/Jan/2018:11:53:06 -0300] "GET /cormun/servlet/trcontratosolicitud HTTP/1.1" 200 10999
186.103.159.189 - - [11/Jan/2018:11:53:06 -0300] "GET /cormun/servlet/trsolicitudot HTTP/1.1" 200 8729
200.111.122.170 - - [11/Jan/2018:11:53:07 -0300] "GET /cormun/servlet/trcontratosolicitud HTTP/1.1" 200 10980
186.103.159.189 - - [11/Jan/2018:11:53:08 -0300] "GET /cormun/servlet/trsolicitudot HTTP/1.1" 200 8725
186.103.159.182 - - [11/Jan/2018:11:53:20 -0300] "GET /cormun/servlet/solicitudotcontratos?INS,2018,0,10633133,2,6,2017,1572,LEY+SEP,201711,2,B, HTTP/1.1" 200 9982
186.103.159.189 - - [11/Jan/2018:11:53:21 -0300] "POST /cormun/servlet/trsolicitudot?d134df0372c1084e85d48c640caa470d,gx-no-cache=1515685958840 HTTP/1.1" 200 5810
186.103.158.250 - - [11/Jan/2018:11:53:22 -0300] "POST /cormun/servlet/solicitudot?gx-no-cache=1515682361207 HTTP/1.1" 200 51
186.103.159.182 - - [11/Jan/2018:11:53:22 -0300] "GET /cormun/servlet/solicitudotcontratos?INS,2018,0,10633133,2,6,2017,1572,LEY+SEP,201711,2,B, HTTP/1.1" 200 10016
186.103.159.182 - - [11/Jan/2018:11:53:23 -0300] "GET /cormun/servlet/solicitudotcontratos?4846520630624ebff6b0b8492efacec91ff6934fb32690d235a9f04fa2692205cc568d626fdff2f3386cc4b9f7c4be11,gx-no-cache=1515682359508 HTTP/1.1" 200 30
186.103.159.182 - - [11/Jan/2018:11:53:23 -0300] "GET /cormun/servlet/solicitudotcontratos?4846520630624ebff6b0b8492efacec98f8697bd3e070e9fdcebef554b6ce90e1312c3686b3045d36144985c1d4f4425,gx-no-cache=1515682359582 HTTP/1.1" 200 30
186.103.159.182 - - [11/Jan/2018:11:53:23 -0300] "GET /cormun/servlet/solicitudotcontratos?4846520630624ebff6b0b8492efacec903173f6e2927116436e2650b9dcd6497d0d5af384f3799495d3a420e375d3e33d8a52947cb31aa6453cc9802e7bb53c87391c3a557727277e4b8b8910109df88d90733d78c16a85d0ff8a2860b30626f3903126706c0450a30d0a26eec26c31f1b081e171c89e52065152b36c84042dc,gx-no-cache=1515682359648 HTTP/1.1" 200 50
186.103.159.182 - - [11/Jan/2018:11:53:23 -0300] "GET /cormun/servlet/solicitudotcontratos?4846520630624ebff6b0b8492efacec99b1158703935de4156a0537c073787b623c09d27c235609aba516cc3cabc0ed5,gx-no-cache=1515682359729 HTTP/1.1" 200 30
186.103.159.182 - - [11/Jan/2018:11:53:23 -0300] "GET /cormun/servlet/solicitudotcontratos?4846520630624ebff6b0b8492efacec9c799184295d0b38889f181b678e5da192b9dc7822a2ec6a8c049eba1ec906423531c316ca0caeeddf2d67bf51d3fdb5d4d7093efb0640d5729373b212942ab3749b50608bf8f79c17e3976fb5d5916007d46d39858c147b50533a298b03c0b95,gx-no-cache=1515682359805 HTTP/1.1" 200 30
186.103.159.182 - - [11/Jan/2018:11:53:23 -0300] "GET /cormun/servlet/solicitudotcontratos?4846520630624ebff6b0b8492efacec98614ed5428caed5584b415d33ead89f5badb628b449087e4f919ca58dc04e9373bef79e7ee4ed717a52e092bf7b7a57a531c316ca0caeeddf2d67bf51d3fdb5d63e9de5ec2bb53197e76e83bbd8a433931ea590b471909c0a3ccae1389f4a40dcb8c9cbea93a041b694f44fde855735f1c10747e87431f39899766037e638e4697118ae511c85147e35031a05b4208733bef79e7ee4ed717a52e092bf7b7a57a8b556e93c2cbcbd6c21f546a6c3ecf26b6994f430fce67c73afe00c2d52594d91e5d6d1faf6a3d77818b9c8f58572e7294da05e7b93d6a303c5d4e9296d563679abbc966918305779c11e75e668465a03b76a8a577feaffefcbf6c965f6d484b153e0a5798ec60a8659cffc30b14ed8cb7fa883f90748f6a6de759b87b675a1016214a118320b7050fd9649650a0777853fa26c87a9bd6718dcb4809f91782adb706bfd2d504a70d616b6d03a6323c375dfd5a3a4742fca36cd730b90e7ccd4ac968f78f3b7b02da57eb41bd990c30deeb8ea3844c49e2d76e0c317672e0eeaf467421d8839852535f35ba20554f08d5fad22ec508b996364a134615f25f01b3a8b898917907c21ab290621699b695c1c6db126db0e884e43da3b15e025b6f5ae46eccd28c433a319aad8877af61f4fddbef7c142b119676cc9ba6f8af593d3710a2c49192798ea61b2395a63f646159374c42cb012dc66874e1b5a27a7cd223b692b965209deafdfaeedb25654733299c5b703cafae03e77403eb30bc1a5b5f446c37f97b24bf01fb6036721f14e46a,gx-no-cache=1515682359888 HTTP/1.1" 200 79
186.103.159.189 - - [11/Jan/2018:11:53:25 -0300] "POST /cormun/servlet/trsolicitudot?d134df0372c1084e85d48c640caa470d,gx-no-cache=1515685963077 HTTP/1.1" 200 106
186.103.159.189 - - [11/Jan/2018:11:53:25 -0300] "GET /cormun/servlet/trsolicitudadjuntos?2018,8707, HTTP/1.1" 200 6277
186.103.159.189 - - [11/Jan/2018:11:53:27 -0300] "GET /cormun/servlet/trsolicitudadjuntos?2018,8707, HTTP/1.1" 200 6277
186.103.159.182 - - [11/Jan/2018:11:53:28 -0300] "POST /cormun/servlet/solicitudotcontratos?349bc9843eec3a427768c311b6245046,INS,2018,0,10633133,2,6,2017,1572,LEY+SEP,201711,2,B,,gx-no-cache=1515682365026 HTTP/1.1" 200 10777
186.103.159.182 - - [11/Jan/2018:11:53:29 -0300] "POST /cormun/servlet/solicitudotcontratos?gx-no-cache=1515682365426 HTTP/1.1" 200 1342
186.103.159.182 - - [11/Jan/2018:11:53:29 -0300] "POST /cormun/servlet/solicitudotcontratos?gx-no-cache=1515682365490 HTTP/1.1" 200 1221
186.103.159.182 - - [11/Jan/2018:11:53:29 -0300] "GET /cormun/servlet/solicitudotcontratos?4846520630624ebff6b0b8492efacec900f676fba492af5c65abdca4c82c8f157065de4d61cb7d113714ba5ce356908105c99d2811584c75cfcd0d8cb5f983429a855f9a048dc980089cb6b5b91261f9b66925a9bdf569e2ee7552d350875caca9b09fd99f7e36b403e4fae13c07e7c1c55af146b342a7f8c709c49e9c48fc90,gx-no-cache=1515682365543 HTTP/1.1" 200 30
186.103.159.182 - - [11/Jan/2018:11:53:29 -0300] "POST /cormun/servlet/solicitudotcontratos?349bc9843eec3a427768c311b6245046,INS,2018,0,10633133,2,6,2017,1572,LEY+SEP,201711,2,B,,gx-no-cache=1515682365582 HTTP/1.1" 200 93
186.103.159.182 - - [11/Jan/2018:11:53:29 -0300] "GET /cormun/servlet/hpexe_return? HTTP/1.1" 200 1044
186.103.159.182 - - [11/Jan/2018:11:53:30 -0300] "GET /cormun/servlet/trcontratosolicitud HTTP/1.1" 200 14759
186.103.159.189 - - [11/Jan/2018:11:53:31 -0300] "GET /cormun/servlet/solicitudotadjuntos?INS,2018,8707,,1, HTTP/1.1" 200 6224
186.103.159.189 - - [11/Jan/2018:11:53:31 -0300] "GET /cormun/static/about:blank HTTP/1.1" 404 1011
186.103.159.182 - - [11/Jan/2018:11:53:31 -0300] "GET /cormun/servlet/trcontratosolicitud HTTP/1.1" 200 14757
186.103.159.189 - - [11/Jan/2018:11:53:32 -0300] "GET /cormun/servlet/solicitudotadjuntos?INS,2018,8707,,1, HTTP/1.1" 200 6218
186.103.159.189 - - [11/Jan/2018:11:53:33 -0300] "GET /cormun/servlet/solicitudotadjuntos?4f5d1eb59b741b78f7f6e2fb72aa96da5cf8bf539a3072ed92da7fb765caa66072ee627a7db0fe93f36cb4d6a68fb0c2,gx-no-cache=1515685970660 HTTP/1.1" 200 30
186.103.159.189 - - [11/Jan/2018:11:53:33 -0300] "POST /cormun/servlet/solicitudotadjuntos?d134df0372c1084e85d48c640caa470d,INS,2018,8707,,1,,gx-no-cache=1515685970743 HTTP/1.1" 200 3983
186.103.159.189 - - [11/Jan/2018:11:53:35 -0300] "POST /cormun/servlet/solicitudotadjuntos?gx-no-cache=1515685972751 HTTP/1.1" 200 26
186.103.158.250 - - [11/Jan/2018:11:53:36 -0300] "POST /cormun/servlet/solicitudot?0200b3adc0323117d4cc876a5948844c,INS,0,0,,gx-no-cache=1515682375607 HTTP/1.1" 200 11843
186.103.159.182 - - [11/Jan/2018:11:53:45 -0300] "GET /cormun/servlet/solicitudotcontratos?INS,2018,0,12915201,K,2,2017,3815,LEY+SEP,201711,30,*, HTTP/1.1" 200 10007
186.103.159.182 - - [11/Jan/2018:11:53:46 -0300] "GET /cormun/servlet/solicitudotcontratos?INS,2018,0,12915201,K,2,2017,3815,LEY+SEP,201711,30,*, HTTP/1.1" 200 10044
186.103.159.182 - - [11/Jan/2018:11:53:47 -0300] "GET /cormun/servlet/solicitudotcontratos?4846520630624ebff6b0b8492efacec9c6b9166f17b256d3ec20bd303e27549acc568d626fdff2f3386cc4b9f7c4be11,gx-no-cache=1515682383357 HTTP/1.1" 200 30
186.103.159.182 - - [11/Jan/2018:11:53:47 -0300] "GET /cormun/servlet/solicitudotcontratos?4846520630624ebff6b0b8492efacec9feda320f9d11fc0797c1297586fe2c931312c3686b3045d36144985c1d4f4425,gx-no-cache=1515682383391 HTTP/1.1" 200 30
186.103.159.182 - - [11/Jan/2018:11:53:47 -0300] "GET /cormun/servlet/solicitudotcontratos?4846520630624ebff6b0b8492efacec903173f6e2927116436e2650b9dcd6497b9a3b04ebbfa23b76d8b4c8a7bc672e4d8a52947cb31aa6453cc9802e7bb53c825f12b1cc3c9b6c6c5742d99258a66a443f5a7e0faf2c83aa5fb8168b6e99f774fb78bfda398a4244e7cadabc5bbd031208d0fe7a4e501284bdf5d1f36547f8d,gx-no-cache=1515682383426 HTTP/1.1" 200 48
186.103.159.182 - - [11/Jan/2018:11:53:47 -0300] "GET /cormun/servlet/solicitudotcontratos?4846520630624ebff6b0b8492efacec9c54455784d0045eb2b3994c426fd05e2cb690d9e0f88b364970f4f00e66673fc,gx-no-cache=1515682383491 HTTP/1.1" 200 30
186.103.159.182 - - [11/Jan/2018:11:53:47 -0300] "GET /cormun/servlet/solicitudotcontratos?4846520630624ebff6b0b8492efacec9c799184295d0b38889f181b678e5da192b9dc7822a2ec6a8c049eba1ec906423531c316ca0caeeddf2d67bf51d3fdb5d4d7093efb0640d5729373b212942ab37f1cf9de37249370ac54d0a1fa87a16c47d46d39858c147b50533a298b03c0b95,gx-no-cache=1515682383549 HTTP/1.1" 200 30
186.103.159.182 - - [11/Jan/2018:11:53:47 -0300] "GET /cormun/servlet/solicitudotcontratos?4846520630624ebff6b0b8492efacec98614ed5428caed5584b415d33ead89f5badb628b449087e4f919ca58dc04e9373bef79e7ee4ed717a52e092bf7b7a57a531c316ca0caeeddf2d67bf51d3fdb5d63e9de5ec2bb53197e76e83bbd8a433931ea590b471909c0a3ccae1389f4a40dcb8c9cbea93a041b694f44fde855735f1c10747e87431f39899766037e638e4697118ae511c85147e35031a05b4208733bef79e7ee4ed717a52e092bf7b7a57a8b556e93c2cbcbd6c21f546a6c3ecf26b6994f430fce67c73afe00c2d52594d91e5d6d1faf6a3d77818b9c8f58572e7294da05e7b93d6a303c5d4e9296d563679abbc966918305779c11e75e668465a03b76a8a577feaffefcbf6c965f6d484b153e0a5798ec60a8659cffc30b14ed8cb7fa883f90748f6a6de759b87b675a1016214a118320b7050fd9649650a0777853fa26c87a9bd6718dcb4809f91782adb706bfd2d504a70d616b6d03a6323c375dfd5a3a4742fca36cd730b90e7ccd4ac968f78f3b7b02da57eb41bd990c30deeb8ea3844c49e2d76e0c317672e0eeaf467421d8839852535f35ba20554f08d5fad22ec508b996364a134615f25f01b3a8b898917907c21ab290621699b695c1c6db126db0e884e43da3b15e025b6f5ae46eccd28c433a319aad8877af61f4fddbef7c142b119676cc9ba6f8af593d3710a2c49192798ea61b2395a63f646159374c42cb012dc66874e1b5a27a7cd223b692b965209deafdfaeedb25654733299c5b703cafae03e77403eb30bc1a5b5f446c37f97b24bf01fb6036721f14e46a,gx-no-cache=1515682383595 HTTP/1.1" 200 79
186.103.158.250 - - [11/Jan/2018:11:53:47 -0300] "POST /cormun/servlet/solicitudot?gx-no-cache=1515682386781 HTTP/1.1" 200 3850
186.103.158.250 - - [11/Jan/2018:11:53:48 -0300] "POST /cormun/servlet/solicitudot?0200b3adc0323117d4cc876a5948844c,INS,0,0,,gx-no-cache=1515682387004 HTTP/1.1" 200 11874
186.103.159.189 - - [11/Jan/2018:11:53:48 -0300] "GET /cormun/servlet/solicitudotadjuntos?4f5d1eb59b741b78f7f6e2fb72aa96da729ee1612dcfab9a93f007fe6a44292d,gx-no-cache=1515685985922 HTTP/1.1" 200 30
186.103.158.250 - - [11/Jan/2018:11:53:48 -0300] "GET /cormun/servlet/solicitudot?eefab0f54816ca845a5f396277ac21aa5bc5485733c395b704615f357c1d02aa416e13fdab69e16068ef8f1cf0268663,gx-no-cache=1515682387454 HTTP/1.1" 200 30
186.103.159.189 - - [11/Jan/2018:11:53:48 -0300] "GET /cormun/servlet/solicitudotadjuntos?4f5d1eb59b741b78f7f6e2fb72aa96da729ee1612dcfab9a93f007fe6a44292d,gx-no-cache=1515685985987 HTTP/1.1" 200 30
186.103.159.189 - - [11/Jan/2018:11:53:49 -0300] "POST /cormun/servlet/solicitudotadjuntos?d134df0372c1084e85d48c640caa470d,INS,2018,8707,,1, HTTP/1.1" 200 116
186.103.159.189 - - [11/Jan/2018:11:53:49 -0300] "GET /cormun/servlet/hpexe_return? HTTP/1.1" 200 1029
186.103.159.189 - - [11/Jan/2018:11:53:49 -0300] "GET /cormun/servlet/trsolicitudadjuntos?2018,8707, HTTP/1.1" 200 8584
186.103.159.189 - - [11/Jan/2018:11:53:51 -0300] "GET /cormun/servlet/trsolicitudadjuntos?2018,8707, HTTP/1.1" 200 8581
186.67.164.142 - - [11/Jan/2018:11:53:57 -0300] "GET /cormun/servlet/trsolicitudot? HTTP/1.1" 200 7370
186.67.164.142 - - [11/Jan/2018:11:53:57 -0300] "GET /cormun/static/gxui/gxui-all.css?120300 HTTP/1.1" 200 2179
186.67.164.142 - - [11/Jan/2018:11:53:57 -0300] "GET /cormun/static/gxcfg.js?2017111422585916 HTTP/1.1" 200 953
186.67.164.142 - - [11/Jan/2018:11:53:57 -0300] "GET /cormun/static/trsolicitudot.js?201711142259839 HTTP/1.1" 200 54041
186.67.164.142 - - [11/Jan/2018:11:53:57 -0300] "GET /cormun/static/Resources/PXToolsActionExcel.png HTTP/1.1" 200 3187
186.67.164.142 - - [11/Jan/2018:11:53:57 -0300] "GET /cormun/static/Resources/PXToolsGridNew.png HTTP/1.1" 200 2949
186.67.164.142 - - [11/Jan/2018:11:53:57 -0300] "GET /cormun/static/Shared/ext/resources/css/ext-all.css?215870 HTTP/1.1" 200 416045
186.67.164.142 - - [11/Jan/2018:11:53:58 -0300] "GET /cormun/servlet/trsolicitudot? HTTP/1.1" 200 7369
186.67.164.142 - - [11/Jan/2018:11:54:00 -0300] "GET /cormun/servlet/solicitudot?INS,0,0, HTTP/1.1" 200 14091
186.67.164.142 - - [11/Jan/2018:11:54:00 -0300] "GET /cormun/static/gxcfg.js?20181911371421 HTTP/1.1" 200 953
186.103.159.182 - - [11/Jan/2018:11:54:00 -0300] "POST /cormun/servlet/solicitudotcontratos?349bc9843eec3a427768c311b6245046,INS,2018,0,12915201,K,2,2017,3815,LEY+SEP,201711,30,*,,gx-no-cache=1515682396896 HTTP/1.1" 200 10782
186.67.164.142 - - [11/Jan/2018:11:54:00 -0300] "GET /cormun/static/solicitudot.js?20181911371648 HTTP/1.1" 200 71402
186.103.159.182 - - [11/Jan/2018:11:54:01 -0300] "POST /cormun/servlet/solicitudotcontratos?gx-no-cache=1515682397371 HTTP/1.1" 200 1342
186.103.159.189 - - [11/Jan/2018:11:54:01 -0300] "GET /cormun/servlet/solicitudotadjuntos?INS,2018,8707,,1, HTTP/1.1" 200 6224
186.67.164.142 - - [11/Jan/2018:11:54:01 -0300] "GET /cormun/servlet/solicitudot?INS,0,0, HTTP/1.1" 200 14096
186.103.159.182 - - [11/Jan/2018:11:54:01 -0300] "POST /cormun/servlet/solicitudotcontratos?gx-no-cache=1515682397453 HTTP/1.1" 200 1221
186.103.159.182 - - [11/Jan/2018:11:54:01 -0300] "GET /cormun/servlet/solicitudotcontratos?4846520630624ebff6b0b8492efacec900f676fba492af5c65abdca4c82c8f157065de4d61cb7d113714ba5ce356908105c99d2811584c75cfcd0d8cb5f983429a855f9a048dc980089cb6b5b91261f9b66925a9bdf569e2ee7552d350875caca9b09fd99f7e36b403e4fae13c07e7c1c55af146b342a7f8c709c49e9c48fc90,gx-no-cache=1515682397863 HTTP/1.1" 200 30
186.103.159.182 - - [11/Jan/2018:11:54:01 -0300] "POST /cormun/servlet/solicitudotcontratos?349bc9843eec3a427768c311b6245046,INS,2018,0,12915201,K,2,2017,3815,LEY+SEP,201711,30,*,,gx-no-cache=1515682397915 HTTP/1.1" 200 93
186.103.159.182 - - [11/Jan/2018:11:54:02 -0300] "GET /cormun/servlet/hpexe_return? HTTP/1.1" 200 1046
186.103.159.182 - - [11/Jan/2018:11:54:02 -0300] "GET /cormun/servlet/trcontratosolicitud HTTP/1.1" 200 14785
186.103.159.189 - - [11/Jan/2018:11:54:02 -0300] "GET /cormun/static/about:blank HTTP/1.1" 404 1011
186.103.159.189 - - [11/Jan/2018:11:54:02 -0300] "GET /cormun/servlet/solicitudotadjuntos?INS,2018,8707,,1, HTTP/1.1" 200 6218
186.103.159.189 - - [11/Jan/2018:11:54:03 -0300] "GET /cormun/servlet/solicitudotadjuntos?4f5d1eb59b741b78f7f6e2fb72aa96da5cf8bf539a3072ed92da7fb765caa66072ee627a7db0fe93f36cb4d6a68fb0c2,gx-no-cache=1515686000762 HTTP/1.1" 200 30
186.103.159.189 - - [11/Jan/2018:11:54:03 -0300] "POST /cormun/servlet/solicitudotadjuntos?d134df0372c1084e85d48c640caa470d,INS,2018,8707,,1,,gx-no-cache=1515686000832 HTTP/1.1" 200 3983
186.103.159.182 - - [11/Jan/2018:11:54:04 -0300] "GET /cormun/servlet/trcontratosolicitud HTTP/1.1" 200 14782
186.103.159.189 - - [11/Jan/2018:11:54:11 -0300] "POST /cormun/servlet/solicitudotadjuntos?gx-no-cache=1515686008978 HTTP/1.1" 200 26
186.103.159.182 - - [11/Jan/2018:11:54:15 -0300] "GET /cormun/servlet/solicitudotcontratos?INS,2018,0,14332274,2,2,2017,1597,LEY+SEP,201711,44,*, HTTP/1.1" 200 10000
186.67.164.142 - - [11/Jan/2018:11:54:17 -0300] "POST /cormun/servlet/solicitudot?gx-no-cache=1515682417170 HTTP/1.1" 200 3854
186.67.164.142 - - [11/Jan/2018:11:54:17 -0300] "POST /cormun/servlet/solicitudot?530b48bc55c1ac8bbe2dca4d4cb82fec,INS,0,0,,gx-no-cache=1515682417320 HTTP/1.1" 200 11028
186.103.159.182 - - [11/Jan/2018:11:54:17 -0300] "GET /cormun/servlet/solicitudotcontratos?INS,2018,0,14332274,2,2,2017,1597,LEY+SEP,201711,44,*, HTTP/1.1" 200 10037
186.103.159.182 - - [11/Jan/2018:11:54:17 -0300] "GET /cormun/servlet/solicitudotcontratos?4846520630624ebff6b0b8492efacec9d9136de43035836e996d7e7fea4985f8cc568d626fdff2f3386cc4b9f7c4be11,gx-no-cache=1515682414071 HTTP/1.1" 200 30
186.103.159.182 - - [11/Jan/2018:11:54:17 -0300] "GET /cormun/servlet/solicitudotcontratos?4846520630624ebff6b0b8492efacec98be3e5ae8789a396ecff9da3b872d9411312c3686b3045d36144985c1d4f4425,gx-no-cache=1515682414102 HTTP/1.1" 200 30
186.103.159.182 - - [11/Jan/2018:11:54:17 -0300] "GET /cormun/servlet/solicitudotcontratos?4846520630624ebff6b0b8492efacec903173f6e2927116436e2650b9dcd6497b9a3b04ebbfa23b76d8b4c8a7bc672e4d8a52947cb31aa6453cc9802e7bb53c825f12b1cc3c9b6c6c5742d99258a66a443f5a7e0faf2c83aa5fb8168b6e99f774fb78bfda398a4244e7cadabc5bbd031208d0fe7a4e501284bdf5d1f36547f8d,gx-no-cache=1515682414137 HTTP/1.1" 200 48
186.103.159.182 - - [11/Jan/2018:11:54:17 -0300] "GET /cormun/servlet/solicitudotcontratos?4846520630624ebff6b0b8492efacec9bd8cc0a1f9e23a273d47f055f140732e08163b8b8e9c570ab4affa6dcc15cb85,gx-no-cache=1515682414176 HTTP/1.1" 200 30
186.103.159.182 - - [11/Jan/2018:11:54:17 -0300] "GET /cormun/servlet/solicitudotcontratos?4846520630624ebff6b0b8492efacec9c799184295d0b38889f181b678e5da192b9dc7822a2ec6a8c049eba1ec906423531c316ca0caeeddf2d67bf51d3fdb5d4d7093efb0640d5729373b212942ab37f1cf9de37249370ac54d0a1fa87a16c47d46d39858c147b50533a298b03c0b95,gx-no-cache=1515682414214 HTTP/1.1" 200 30
186.103.158.250 - - [11/Jan/2018:11:54:18 -0300] "POST /cormun/servlet/solicitudot?gx-no-cache=1515682417021 HTTP/1.1" 200 43
186.103.158.250 - - [11/Jan/2018:11:54:18 -0300] "POST /cormun/servlet/solicitudot?gx-no-cache=1515682417091 HTTP/1.1" 200 238
186.103.159.182 - - [11/Jan/2018:11:54:18 -0300] "GET /cormun/servlet/solicitudotcontratos?4846520630624ebff6b0b8492efacec98614ed5428caed5584b415d33ead89f5badb628b449087e4f919ca58dc04e9373bef79e7ee4ed717a52e092bf7b7a57a531c316ca0caeeddf2d67bf51d3fdb5d63e9de5ec2bb53197e76e83bbd8a433931ea590b471909c0a3ccae1389f4a40dcb8c9cbea93a041b694f44fde855735f1c10747e87431f39899766037e638e4697118ae511c85147e35031a05b4208733bef79e7ee4ed717a52e092bf7b7a57a8b556e93c2cbcbd6c21f546a6c3ecf26b6994f430fce67c73afe00c2d52594d91e5d6d1faf6a3d77818b9c8f58572e7294da05e7b93d6a303c5d4e9296d563679abbc966918305779c11e75e668465a03b76a8a577feaffefcbf6c965f6d484b153e0a5798ec60a8659cffc30b14ed8cb7fa883f90748f6a6de759b87b675a1016214a118320b7050fd9649650a0777853fa26c87a9bd6718dcb4809f91782adb706bfd2d504a70d616b6d03a6323c375dfd5a3a4742fca36cd730b90e7ccd4ac968f78f3b7b02da57eb41bd990c30deeb8ea3844c49e2d76e0c317672e0eeaf467421d8839852535f35ba20554f08d5fad22ec508b996364a134615f25f01b3a8b898917907c21ab290621699b695c1c6db126db0e884e43da3b15e025b6f5ae46eccd28c433a319aad8877af61f4fddbef7c142b119676cc9ba6f8af593d3710a2c49192798ea61b2395a63f646159374c42cb012dc66874e1b5a27a7cd223b692b965209deafdfaeedb25654733299c5b703cafae03e77403eb30bc1a5b5f446c37f97b24bf01fb6036721f14e46a,gx-no-cache=1515682414261 HTTP/1.1" 200 79
186.103.158.250 - - [11/Jan/2018:11:54:18 -0300] "GET /cormun/servlet/solicitudot?eefab0f54816ca845a5f396277ac21aac83c51ef34e133ff9f36e005b16f6b50fb1dec27cd77eff4ea1de0c7b88e1fff08f68a8f6fb5b92f700ff2b1430dcfe494e262352356f4d900229dba3084b907542592132c133b53ba95fbbde8f14e35eccfff6d5d2e49770f51b4651a897ea30cd49e14515a74ba5252da82df21319a29aef666b803ff96e6a74665a88d0f455cbd81413f88637e0ba0b893ef823db3051bc848ac4a92e9affca4de12c99e03cf584f1fe90e5ee6c123bc39951ae139b2e4e19e1ce32a62747d8aa7bbccc3c1895a38434ebd9d1256952c7cd22e062b8378c4857c82b45bc6f04e7861f06278c53819eca28f14b45b88e073cd18ad0900c60db7bf5196be497d403c2e78d9e9c9759750ae1f5fe5388852920b343c0475ed9a79f34ed34c875ba85da3ab5e28ec626944f2c53770fe0f21f6c37561c4c5b46225360b6e0fdf70849e4cf302ab8813615e07bcad55a53d2402ae8c073b656376edd30592f59de20b4e5b039a38d3b146952b8831cfe6fbdd0f14cb6932,gx-no-cache=1515682417152 HTTP/1.1" 200 30
186.103.158.250 - - [11/Jan/2018:11:54:18 -0300] "POST /cormun/servlet/solicitudot?gx-no-cache=1515682417492 HTTP/1.1" 200 30
186.103.158.250 - - [11/Jan/2018:11:54:18 -0300] "POST /cormun/servlet/solicitudot?gx-no-cache=1515682417568 HTTP/1.1" 200 1353
186.103.158.250 - - [11/Jan/2018:11:54:18 -0300] "POST /cormun/servlet/solicitudot?gx-no-cache=1515682417668 HTTP/1.1" 200 41
186.103.158.250 - - [11/Jan/2018:11:54:18 -0300] "GET /cormun/servlet/solicitudot?eefab0f54816ca845a5f396277ac21aabfd184e156125f6257dbf1e2fabfaaf70f14e81b9ada7746cea1588ce05c008ac54a73d25ba5bdb9b85a32dcfaa2b1767aec2f861397bed140192fac7f8806619cc6e8af9b2b5111ca7f1abf407188d2dd85e68e74c228e660e3654bf97f8ca4ce728d6a5a6a7e5fc3a725564a8db8f97cab3faff447273d6085daf7d39d3e11b24f5c0f20505fe5b12b184666dea867,gx-no-cache=1515682417716 HTTP/1.1" 200 29
186.103.158.250 - - [11/Jan/2018:11:54:18 -0300] "POST /cormun/servlet/solicitudot?gx-no-cache=1515682417759 HTTP/1.1" 200 219
186.103.158.250 - - [11/Jan/2018:11:54:18 -0300] "GET /cormun/servlet/solicitudot?eefab0f54816ca845a5f396277ac21aad7e8c11aee9646dbca60aef7f2b8f8aba3005b089ccad0d005b3b4d57775f16844d7309396f193ef85a35203e83c615934dd7687a9afd960b69bc90733f7b4b90ca31cfd10a25376b578836d936c6c490f14e81b9ada7746cea1588ce05c008af78a0f4f54a0c894ad08f45519209a5ef904e1cfd5f431eeb19fefc64cf3fb6b,gx-no-cache=1515682417818 HTTP/1.1" 200 55
186.103.158.250 - - [11/Jan/2018:11:54:18 -0300] "GET /cormun/servlet/solicitudot?eefab0f54816ca845a5f396277ac21aa49d4c75df0d5610091119858d78a3c0775ec91b6dc8dc62d3c5a34317082dd14,gx-no-cache=1515682417855 HTTP/1.1" 200 30
186.103.158.250 - - [11/Jan/2018:11:54:18 -0300] "POST /cormun/servlet/solicitudot?gx-no-cache=1515682417894 HTTP/1.1" 200 30
186.103.158.250 - - [11/Jan/2018:11:54:19 -0300] "POST /cormun/servlet/solicitudot?0200b3adc0323117d4cc876a5948844c,INS,0,0,,gx-no-cache=1515682417945 HTTP/1.1" 200 12122
186.103.159.189 - - [11/Jan/2018:11:54:20 -0300] "GET /cormun/servlet/solicitudotadjuntos?4f5d1eb59b741b78f7f6e2fb72aa96da729ee1612dcfab9a93f007fe6a44292d,gx-no-cache=1515686018180 HTTP/1.1" 200 30
186.103.159.189 - - [11/Jan/2018:11:54:20 -0300] "GET /cormun/servlet/solicitudotadjuntos?4f5d1eb59b741b78f7f6e2fb72aa96da729ee1612dcfab9a93f007fe6a44292d,gx-no-cache=1515686018244 HTTP/1.1" 200 30
186.103.159.189 - - [11/Jan/2018:11:54:21 -0300] "POST /cormun/servlet/solicitudotadjuntos?d134df0372c1084e85d48c640caa470d,INS,2018,8707,,1, HTTP/1.1" 200 116
186.103.159.189 - - [11/Jan/2018:11:54:21 -0300] "GET /cormun/servlet/hpexe_return? HTTP/1.1" 200 1029
186.103.159.189 - - [11/Jan/2018:11:54:22 -0300] "GET /cormun/servlet/trsolicitudadjuntos?2018,8707, HTTP/1.1" 200 8805
186.103.159.189 - - [11/Jan/2018:11:54:23 -0300] "GET /cormun/servlet/trsolicitudadjuntos?2018,8707, HTTP/1.1" 200 8803
186.103.159.189 - - [11/Jan/2018:11:54:29 -0300] "GET /cormun/servlet/solicitudotadjuntos?INS,2018,8707,,1, HTTP/1.1" 200 6224
186.103.159.189 - - [11/Jan/2018:11:54:30 -0300] "GET /cormun/static/about:blank HTTP/1.1" 404 1011
186.103.159.189 - - [11/Jan/2018:11:54:30 -0300] "GET /cormun/servlet/solicitudotadjuntos?INS,2018,8707,,1, HTTP/1.1" 200 6218
186.103.159.189 - - [11/Jan/2018:11:54:30 -0300] "GET /cormun/servlet/solicitudotadjuntos?4f5d1eb59b741b78f7f6e2fb72aa96da5cf8bf539a3072ed92da7fb765caa66072ee627a7db0fe93f36cb4d6a68fb0c2,gx-no-cache=1515686028428 HTTP/1.1" 200 30
186.103.159.189 - - [11/Jan/2018:11:54:31 -0300] "POST /cormun/servlet/solicitudotadjuntos?d134df0372c1084e85d48c640caa470d,INS,2018,8707,,1,,gx-no-cache=1515686028477 HTTP/1.1" 200 3982
186.103.159.182 - - [11/Jan/2018:11:54:32 -0300] "POST /cormun/servlet/solicitudotcontratos?349bc9843eec3a427768c311b6245046,INS,2018,0,14332274,2,2,2017,1597,LEY+SEP,201711,44,*,,gx-no-cache=1515682428822 HTTP/1.1" 200 10777
186.103.159.182 - - [11/Jan/2018:11:54:33 -0300] "POST /cormun/servlet/solicitudotcontratos?gx-no-cache=1515682429321 HTTP/1.1" 200 1341
186.103.159.182 - - [11/Jan/2018:11:54:33 -0300] "POST /cormun/servlet/solicitudotcontratos?gx-no-cache=1515682429422 HTTP/1.1" 200 1218
186.103.159.182 - - [11/Jan/2018:11:54:33 -0300] "GET /cormun/servlet/solicitudotcontratos?4846520630624ebff6b0b8492efacec900f676fba492af5c65abdca4c82c8f157065de4d61cb7d113714ba5ce356908105c99d2811584c75cfcd0d8cb5f983429a855f9a048dc980089cb6b5b91261f9b66925a9bdf569e2ee7552d350875caca9b09fd99f7e36b403e4fae13c07e7c1c55af146b342a7f8c709c49e9c48fc90,gx-no-cache=1515682429508 HTTP/1.1" 200 30
186.103.159.182 - - [11/Jan/2018:11:54:33 -0300] "POST /cormun/servlet/solicitudotcontratos?349bc9843eec3a427768c311b6245046,INS,2018,0,14332274,2,2,2017,1597,LEY+SEP,201711,44,*,,gx-no-cache=1515682429594 HTTP/1.1" 200 93
186.103.159.182 - - [11/Jan/2018:11:54:33 -0300] "GET /cormun/servlet/hpexe_return? HTTP/1.1" 200 1046
186.103.159.189 - - [11/Jan/2018:11:54:33 -0300] "POST /cormun/servlet/solicitudotadjuntos?gx-no-cache=1515686031502 HTTP/1.1" 200 26
186.103.159.182 - - [11/Jan/2018:11:54:34 -0300] "GET /cormun/servlet/trcontratosolicitud HTTP/1.1" 200 14746
186.103.159.182 - - [11/Jan/2018:11:54:35 -0300] "GET /cormun/servlet/trcontratosolicitud HTTP/1.1" 200 14739
186.67.164.142 - - [11/Jan/2018:11:54:36 -0300] "GET /cormun/servlet/solicitudot?f099706ff20da19200308ff17f74726329b014b220e59375c908aaea9e75fefa666ae7ee1060905f91ce3b9b8f8a6bd9,gx-no-cache=1515682436619 HTTP/1.1" 200 30
186.67.164.142 - - [11/Jan/2018:11:54:36 -0300] "POST /cormun/servlet/solicitudot?gx-no-cache=1515682436675 HTTP/1.1" 200 51
186.67.164.142 - - [11/Jan/2018:11:54:36 -0300] "POST /cormun/servlet/solicitudot?gx-no-cache=1515682436705 HTTP/1.1" 200 255
186.67.164.142 - - [11/Jan/2018:11:54:36 -0300] "GET /cormun/servlet/solicitudot?f099706ff20da19200308ff17f747263e05a1f247434f6a4c9b97264f441d8d3fa681c0c627a6d7af09a6026a609725941591a35c0da9fcdad3da6d85a414c44b17cbb802901c278f0b7336dcae0763ac7496a5bc7e5981199cff5130e69cd38525f66832d662b4357307aefef471e365a5087bbc5066badf9cc88d6cfd469c4f9cd3dc5c64647547c3989ddb7251c7ded4399995eed704dba07382ced0de9c7fda5b57beecc015dccd2728f995bb054b90b3a86015359d767c1b95b6abe9ad404306e19b26618ad1804f065380a2c88e757ae31183f99355efc1331c71d14184a2dbade299e92951ec9d1b1a26ab571d7dbe18da3c2b94e547794b2ecbdcc809e5f0c543fe2aff24e1379d358dc37dd4a98f5e4ac906f7ce8a6fec46deb3d1e2d35db9c4ff12076f019b16442230dcd18340c02d47c1c8891c3131edaf29d2e0a0e54a8fadf77b48540d111407519b08f364750e40fa90dd49246c15ebc9c8ec618ab5f8167c8a44a2757b336b8b657e192a1bbfa1d9489b88ea5356c6358ef,gx-no-cache=1515682436742 HTTP/1.1" 200 30
200.112.6.143 - - [11/Jan/2018:11:54:41 -0300] "POST /cormun/servlet/trcontratosolicitud?e662bffeaf526a188a34770e7e897cb5,gx-no-cache=1515682416608 HTTP/1.1" 200 12333
186.103.159.189 - - [11/Jan/2018:11:54:43 -0300] "GET /cormun/servlet/solicitudotadjuntos?4f5d1eb59b741b78f7f6e2fb72aa96da729ee1612dcfab9a93f007fe6a44292d,gx-no-cache=1515686040781 HTTP/1.1" 200 30
186.103.159.189 - - [11/Jan/2018:11:54:43 -0300] "GET /cormun/servlet/solicitudotadjuntos?4f5d1eb59b741b78f7f6e2fb72aa96da729ee1612dcfab9a93f007fe6a44292d,gx-no-cache=1515686040827 HTTP/1.1" 200 30
186.103.159.189 - - [11/Jan/2018:11:54:43 -0300] "POST /cormun/servlet/solicitudotadjuntos?d134df0372c1084e85d48c640caa470d,INS,2018,8707,,1, HTTP/1.1" 200 116
186.103.159.189 - - [11/Jan/2018:11:54:44 -0300] "GET /cormun/servlet/hpexe_return? HTTP/1.1" 200 1029
186.103.159.189 - - [11/Jan/2018:11:54:44 -0300] "GET /cormun/servlet/trsolicitudadjuntos?2018,8707, HTTP/1.1" 200 8990
186.103.159.189 - - [11/Jan/2018:11:54:46 -0300] "GET /cormun/servlet/trsolicitudadjuntos?2018,8707, HTTP/1.1" 200 8988
186.103.159.189 - - [11/Jan/2018:11:54:49 -0300] "GET /cormun/servlet/solicitudotadjuntos?INS,2018,8707,,1, HTTP/1.1" 200 6224
186.103.159.189 - - [11/Jan/2018:11:54:50 -0300] "GET /cormun/static/about:blank HTTP/1.1" 404 1011
186.103.159.189 - - [11/Jan/2018:11:54:51 -0300] "GET /cormun/servlet/solicitudotadjuntos?INS,2018,8707,,1, HTTP/1.1" 200 6218
186.103.159.189 - - [11/Jan/2018:11:54:51 -0300] "GET /cormun/servlet/solicitudotadjuntos?4f5d1eb59b741b78f7f6e2fb72aa96da5cf8bf539a3072ed92da7fb765caa66072ee627a7db0fe93f36cb4d6a68fb0c2,gx-no-cache=1515686049281 HTTP/1.1" 200 30
186.103.159.189 - - [11/Jan/2018:11:54:51 -0300] "POST /cormun/servlet/solicitudotadjuntos?d134df0372c1084e85d48c640caa470d,INS,2018,8707,,1,,gx-no-cache=1515686049346 HTTP/1.1" 200 3982
186.103.159.230 - - [11/Jan/2018:11:55:15 -0300] "GET /cormun/servlet/solicitudotcontratos?INS,2018,0,17524722,K,2,2017,1927,NADA,201711,30,B, HTTP/1.1" 200 9916
186.103.159.230 - - [11/Jan/2018:11:55:15 -0300] "GET /cormun/static/calendar-system.css?85620 HTTP/1.1" 200 5572
186.103.159.230 - - [11/Jan/2018:11:55:15 -0300] "GET /cormun/static/gxcfg.js?2018191138350 HTTP/1.1" 200 953
186.103.159.230 - - [11/Jan/2018:11:55:15 -0300] "GET /cormun/static/solicitudotcontratos.js?20181911383611 HTTP/1.1" 200 43152
186.103.159.230 - - [11/Jan/2018:11:55:15 -0300] "GET /cormun/static/Resources/Spanish/PXTools.css?1255365 HTTP/1.1" 200 89042
186.103.159.230 - - [11/Jan/2018:11:55:15 -0300] "GET /cormun/static/Resources/PXTools/calendar.png HTTP/1.1" 200 1306
186.103.159.230 - - [11/Jan/2018:11:55:15 -0300] "GET /cormun/static/Resources/prompt.gif HTTP/1.1" 200 902
186.103.159.230 - - [11/Jan/2018:11:55:15 -0300] "GET /cormun/servlet/solicitudotcontratos?INS,2018,0,17524722,K,2,2017,1927,NADA,201711,30,B, HTTP/1.1" 200 9950
186.103.159.230 - - [11/Jan/2018:11:55:16 -0300] "GET /cormun/servlet/solicitudotcontratos?38f7d530097fd7797dd2262d78a1616e023f93a10f2ba0724e9e58bca79438d932f949a8a3a0334c5462048a5dc578dc,gx-no-cache=1515682469369 HTTP/1.1" 200 30
186.103.159.230 - - [11/Jan/2018:11:55:16 -0300] "GET /cormun/servlet/solicitudotcontratos?38f7d530097fd7797dd2262d78a1616ee40dab659c8cf118605cea58fab55a48fec1bc30d11a76f99653ed33bc44d0d3,gx-no-cache=1515682469439 HTTP/1.1" 200 30
186.103.159.230 - - [11/Jan/2018:11:55:16 -0300] "GET /cormun/servlet/solicitudotcontratos?38f7d530097fd7797dd2262d78a1616e1eb1a127b5c4b88804ae8fdab8341a788360dcf4c8f490d9640bf114c7af505c03fd7fd8879b5393d392bc7de345890029b006020e95c5cdae84c7275b6a29156e981f641db78f532cd3bf2671d3f23579f5896d3917cb0e654e7e62a4f60651cb3f08a70155d05e47f6bd3853709237,gx-no-cache=1515682469478 HTTP/1.1" 200 48
186.103.159.230 - - [11/Jan/2018:11:55:16 -0300] "GET /cormun/servlet/solicitudotcontratos?38f7d530097fd7797dd2262d78a1616e4c434a24a2448109902097ece8fdebbfb75df66fda1d9a73b2d36af5ec6ca130,gx-no-cache=1515682469524 HTTP/1.1" 200 30
186.103.159.230 - - [11/Jan/2018:11:55:16 -0300] "GET /cormun/servlet/solicitudotcontratos?38f7d530097fd7797dd2262d78a1616e20b037379467e09b0c267b1bf336852392f2197b60ba823fa236686e45889c929e28c5be436807c925f08bd2f25fad9179eb56c39e1f50dd881fbcc2c4091218c48ae7d717e2ffbb8fcef5119d5a82b29135c527645a38eaae0787b3eac51f80,gx-no-cache=1515682469559 HTTP/1.1" 200 30
186.103.159.230 - - [11/Jan/2018:11:55:16 -0300] "GET /cormun/servlet/solicitudotcontratos?38f7d530097fd7797dd2262d78a1616e2504417cdbedd323a82c5bb38bce16125d399e69de151fb24d2ddfd6ee5f2521866228a8805bf4e39b2262d8dfb8f7119b8473de0d9e2ec1e365cf4659f55f12beb0cd236b6c23650b0028ffce4aa6e903f513a2dcaa97a5ddf30a1486afa3374b804c82c6bad16621850c2f63f47e048f80963ea7ba79b302f97824bcfa302fed219db50111b7a7393a48a15ffb67fee74922c1dbd5cb99063ec4cf0f203c5202513fec2db564e08fc343ef177f6e4040963f5efe64fda61c4c0184b8ecf9dffd9843f8ffdb2b19b04a41e484cee6c2ba50f5426014a543a2b1fa94d5397cdadb362ae604470be4c31618383356d84d1f6170fb132392c7172de8b29ff826f82ea0259f58d8c86f23580ca015eff50504fab7ed2afb5b703f461a9e6981396d1fe65bfaac463e5f65617cea05d040fd5576126dd5966040fe33892c87b8701ff287487b41b9d722feaca9ceedce4fb132539ed5bf1e51fc5b483be74f0249c8432c5b9685afc9155b1eff415f9a7a6085c61f190987b38fb65330f66b358ca9adbb640247e8727c62796cfafa7f8fd8542d792f729d04b794857e76b4a4469fdb0df65457cf04b9faad38247ac23217132d9a39772f8ae0461cb377bd12863b48b657d221cbd3111039a178526ca657b8b0d3a397dafad241b640d75f6af0b1adbb640247e8727c62796cfafa7f8fd8c44cf4ca3a22dddee81366dc9948fb377e3fa647d1bd89125eb8a6f8faf069ac8ff0a2fe407a4f5a08531502a40a210d6b6593c3605c21095305809ccb2d1d37,gx-no-cache=1515682469610 HTTP/1.1" 200 72
186.103.159.189 - - [11/Jan/2018:11:55:20 -0300] "POST /cormun/servlet/solicitudotadjuntos?gx-no-cache=1515686077588 HTTP/1.1" 200 26
186.103.159.189 - - [11/Jan/2018:11:55:28 -0300] "GET /cormun/servlet/solicitudotadjuntos?4f5d1eb59b741b78f7f6e2fb72aa96da729ee1612dcfab9a93f007fe6a44292d,gx-no-cache=1515686086344 HTTP/1.1" 200 30
186.103.159.189 - - [11/Jan/2018:11:55:28 -0300] "GET /cormun/servlet/solicitudotadjuntos?4f5d1eb59b741b78f7f6e2fb72aa96da729ee1612dcfab9a93f007fe6a44292d,gx-no-cache=1515686086387 HTTP/1.1" 200 30
186.103.159.189 - - [11/Jan/2018:11:55:29 -0300] "POST /cormun/servlet/solicitudotadjuntos?d134df0372c1084e85d48c640caa470d,INS,2018,8707,,1, HTTP/1.1" 200 116
186.103.159.189 - - [11/Jan/2018:11:55:29 -0300] "GET /cormun/servlet/hpexe_return? HTTP/1.1" 200 1029
157.55.39.47 - - [11/Jan/2018:11:55:29 -0300] "GET /robots.txt HTTP/1.1" 404 981
186.103.159.189 - - [11/Jan/2018:11:55:30 -0300] "GET /cormun/servlet/trsolicitudadjuntos?2018,8707, HTTP/1.1" 200 9182
186.103.159.189 - - [11/Jan/2018:11:55:32 -0300] "GET /cormun/servlet/trsolicitudadjuntos?2018,8707, HTTP/1.1" 200 9180
186.103.159.189 - - [11/Jan/2018:11:55:34 -0300] "GET /cormun/servlet/solicitudotadjuntos?INS,2018,8707,,1, HTTP/1.1" 200 6224
186.103.159.189 - - [11/Jan/2018:11:55:35 -0300] "GET /cormun/static/about:blank HTTP/1.1" 404 1011
186.103.159.189 - - [11/Jan/2018:11:55:36 -0300] "GET /cormun/servlet/solicitudotadjuntos?INS,2018,8707,,1, HTTP/1.1" 200 6218
186.103.159.189 - - [11/Jan/2018:11:55:36 -0300] "GET /cormun/servlet/solicitudotadjuntos?4f5d1eb59b741b78f7f6e2fb72aa96da5cf8bf539a3072ed92da7fb765caa66072ee627a7db0fe93f36cb4d6a68fb0c2,gx-no-cache=1515686094213 HTTP/1.1" 200 30
