201.236.57.155 - - [11/Jan/2018:11:23:39 -0300] "POST /cormun/servlet/trsolicitudgral?b781b9151e9c01b78afe6b0a837dd83d,,gx-no-cache=1515680581426 HTTP/1.1" 200 5193
201.236.57.155 - - [11/Jan/2018:11:23:42 -0300] "POST /cormun/servlet/trsolicitudgral?b781b9151e9c01b78afe6b0a837dd83d,,gx-no-cache=1515680585215 HTTP/1.1" 200 5195
186.103.159.182 - - [11/Jan/2018:11:23:43 -0300] "GET /cormun/servlet/solicitudotcontratos?INS,2018,0,15730716,9,6,2017,1606,NADA,201711,9,B, HTTP/1.1" 200 10013
186.67.172.234 - - [11/Jan/2018:11:23:43 -0300] "GET /cormun/servlet/solicitudotcontratos?INS,2018,0,6152035,k,6,2017,2054,LEY+SEP,201711,7,M, HTTP/1.1" 200 10010
186.67.172.234 - - [11/Jan/2018:11:23:44 -0300] "GET /cormun/servlet/solicitudotcontratos?INS,2018,0,6152035,k,6,2017,2054,LEY+SEP,201711,7,M, HTTP/1.1" 200 10046
186.67.172.234 - - [11/Jan/2018:11:23:44 -0300] "GET /cormun/servlet/solicitudotcontratos?eb202e6293d7ac2c7f11ceed0bdad339c7d8547b4be3d6d7c701cc70cd586a0ea438cec75f247d242d0dd1655ac2442a,gx-no-cache=1515680583362 HTTP/1.1" 200 133
186.67.172.234 - - [11/Jan/2018:11:23:45 -0300] "GET /cormun/static/Shared/jqueryui/images/ui-icons_82798d_256x240.png HTTP/1.1" 404 1089
186.67.172.234 - - [11/Jan/2018:11:23:45 -0300] "GET /cormun/servlet/solicitudotcontratos?eb202e6293d7ac2c7f11ceed0bdad339f85a462bd1eb0b004a56d150cc181a81726199d26db4329a92d4814470be9194,gx-no-cache=1515680583515 HTTP/1.1" 200 30
186.67.172.234 - - [11/Jan/2018:11:23:45 -0300] "GET /cormun/static/Shared/jqueryui/images/ui-bg_flat_55_994d53_40x100.png HTTP/1.1" 404 1097
186.67.172.234 - - [11/Jan/2018:11:23:45 -0300] "GET /cormun/static/Shared/jqueryui/images/ui-icons_ebccce_256x240.png HTTP/1.1" 404 1089
186.67.172.234 - - [11/Jan/2018:11:23:45 -0300] "GET /cormun/servlet/solicitudotcontratos?eb202e6293d7ac2c7f11ceed0bdad3396f6a2b57dd070e3f180d0652a529ba7e65a5a8188657d19a92024594c21185d68430ff107aed43e9126cd245648107d290fe19aab3711da0d41e5bfe440c85ddbedf236e81735fb24ef6f5b1cf001747a200387b487f861bba9d0f57c496b343d4bead41e3a030813888504ee278f14b,gx-no-cache=1515680583622 HTTP/1.1" 200 50
186.67.172.234 - - [11/Jan/2018:11:23:45 -0300] "GET /cormun/servlet/solicitudotcontratos?eb202e6293d7ac2c7f11ceed0bdad339f8bf8c9f43c6ef42184d945fbcf3bb6eb08cf6fdb8ca2c3fc9308933d13e7d79,gx-no-cache=1515680583712 HTTP/1.1" 200 30
186.67.172.234 - - [11/Jan/2018:11:23:45 -0300] "GET /cormun/static/Shared/jqueryui/images/ui-bg_highlight-soft_100_c6c2c8_1x100.png HTTP/1.1" 404 1117
186.103.159.182 - - [11/Jan/2018:11:23:45 -0300] "GET /cormun/servlet/solicitudotcontratos?INS,2018,0,15730716,9,6,2017,1606,NADA,201711,9,B, HTTP/1.1" 200 10044
186.67.172.234 - - [11/Jan/2018:11:23:45 -0300] "GET /cormun/servlet/solicitudotcontratos?eb202e6293d7ac2c7f11ceed0bdad3398566925cb7318d323db051cad8633d0a63a767190fe09167d39e021ea56870ca2740cab974a6d6bf8b84eea81db16baa0ac09106ea780af3e0c5e4c9e9965e1ebbe14665f44509e525a468f6fbb98c96cf35efd535f356691e3eb69d878035c0,gx-no-cache=1515680583784 HTTP/1.1" 200 30
186.67.172.234 - - [11/Jan/2018:11:23:45 -0300] "GET /cormun/servlet/solicitudotcontratos?eb202e6293d7ac2c7f11ceed0bdad3398386354e75215c176ea71e7937886937fc787da6de2ba8ff3de106c59debaa89e510e4175734a0a9a696d6b4d8a8df582740cab974a6d6bf8b84eea81db16baa4b4ae517dc4b4ce4c901deeace528d2a6c5c3006ca9f94c65bff58b36a864c9becfe43431f3c793aab90a22f4d9a273bb1bc47f744fc7b5efcd7f41797132f2328d2d6d1f151f9c9a4c49637416a95e8e510e4175734a0a9a696d6b4d8a8df5800000dc95980efedb71cf6fa8705cc830cfa5eb622488cd9c9267ae8c05ef443a179128263e455489a411b2e89d3e2d1375dfe4a67591f2e1edb577422fede19816465b5d12b81c3d2c111d2c35445f88e0bd8c0c0bd9c2945173bcb0451f0e5ec1329b1853c6dfa5dca5bc3dd13dda434ff87e96b916438210df73d2d27edc410f55f6bc4eb642d3ed2a2d29b20011051b7d60214e669c4f0bba3de048de37c8e5b1ed158306467d0a9a670edb3e19289aba7bdc90be0d3cc27e18a1fa678b07c2ac8af70982b8173a145e8dbc0aac14852b6597311e08d26a961c7901d2305ee64a8ac094150f147bbf9fdb05bef7afe663771a64a23559c47611afa0bef18733a7fe1c5759c13a98f21b390a47d86677a57485a64f32cb7d7cb59a55f4ea9068d6a1f27dba045fccb6c39c917ef9c87d56ecd51b5739c0684452b9325e279af750ee096ff58bdbbdd4585fc327bc656cd089c9658f059f0b1da89702e1164821ddc76ad1fa7048d618645120fe5e183494a3afb6284c786c86e070353273c2e55b8cffd9b6783345e1a05c04203a4,gx-no-cache=1515680584115 HTTP/1.1" 200 79
186.103.159.182 - - [11/Jan/2018:11:23:45 -0300] "GET /cormun/servlet/solicitudotcontratos?4846520630624ebff6b0b8492efacec9c3f7e6bccc9e26ef86553c4e74eead9fcc568d626fdff2f3386cc4b9f7c4be11,gx-no-cache=1515680581995 HTTP/1.1" 200 30
186.103.159.182 - - [11/Jan/2018:11:23:45 -0300] "GET /cormun/servlet/solicitudotcontratos?4846520630624ebff6b0b8492efacec9a1284a9c71675e6271d1b808d1a5df991312c3686b3045d36144985c1d4f4425,gx-no-cache=1515680582052 HTTP/1.1" 200 30
186.103.159.182 - - [11/Jan/2018:11:23:45 -0300] "GET /cormun/servlet/solicitudotcontratos?4846520630624ebff6b0b8492efacec903173f6e2927116436e2650b9dcd6497d0d5af384f3799495d3a420e375d3e33d8a52947cb31aa6453cc9802e7bb53c87391c3a557727277e4b8b8910109df88d90733d78c16a85d0ff8a2860b30626f3903126706c0450a30d0a26eec26c31f1b081e171c89e52065152b36c84042dc,gx-no-cache=1515680582101 HTTP/1.1" 200 50
186.103.159.182 - - [11/Jan/2018:11:23:45 -0300] "GET /cormun/servlet/solicitudotcontratos?4846520630624ebff6b0b8492efacec9b9323879a9ada1f4d4ace8b4656894b2495e1358446d8d3bd9df3c41de228c96,gx-no-cache=1515680582178 HTTP/1.1" 200 30
186.103.159.182 - - [11/Jan/2018:11:23:46 -0300] "GET /cormun/servlet/solicitudotcontratos?4846520630624ebff6b0b8492efacec9c799184295d0b38889f181b678e5da192b9dc7822a2ec6a8c049eba1ec906423531c316ca0caeeddf2d67bf51d3fdb5d4d7093efb0640d5729373b212942ab3749b50608bf8f79c17e3976fb5d5916007d46d39858c147b50533a298b03c0b95,gx-no-cache=1515680582248 HTTP/1.1" 200 30
186.103.159.182 - - [11/Jan/2018:11:23:46 -0300] "GET /cormun/servlet/solicitudotcontratos?4846520630624ebff6b0b8492efacec98614ed5428caed5584b415d33ead89f5badb628b449087e4f919ca58dc04e937f84501c684cbbd81cfd0c6ecf8f54dd2d0a9f21134a12889ab7aa8fd456bc5e7583a422b10499f6be561f5648f926daa2cb7387339433e6aafbbad29b564339f3a4fe0789e3cccc6757f9b603e2723617a765d50083e263774ab6ace6a839653f78ba4d54d13e3372090829577666934ea9964041ddbae62e68be13e917c9870897e49e6adb060a0b8594a084cd8ba576d1afb7083ae62cd616c5a678af4eae92ee8718a984f7e8cd576971f00967d6c7062b5caed121fb9ee54b22569c95e2b2da40466f956be6914aec71d8b4dd760c0b44146ade1f1348a1d6dcf546fa630d00ca3664e9adbef86e22b1a82e8e9398ea33e2f4451d56dc4bab5f50dc47fe9153e0a5798ec60a8659cffc30b14ed8c7454817c0a04f9a31a73d754490d70a5be76721d6fc2a7bd2ce3880ae954fa47b896052cf56cffdb7ea96b3f2fbc97853460b08c9edb124255c4fe522f93a7484e885d907a0a8ce59d54f2466ee77878b922bafbf41454eb95d338feddc00b13c5fdf95d89d04fb9ef2c04be4e24711712396a3d0207841a451b3d48bf2f849b84cdc605d2128d90c9c3f08d16aa709ae16cd814b5bfcb161f2b0ac02a1e91ccaa25d452d9a7c17acef867167340f211b922bafbf41454eb95d338feddc00b1346d7500328d5dc6792db98ff3132506799f048aa7853d8de1870adf7dc77efdc7ed240e78bcb3b78e532447cf0123372c07b5748d237e8e599c0e73a193a0fba,gx-no-cache=1515680582342 HTTP/1.1" 200 72
186.67.172.234 - - [11/Jan/2018:11:23:56 -0300] "POST /cormun/servlet/solicitudotcontratos?7a10aec80527caf08d7374f35f4b51e6,INS,2018,0,6152035,k,6,2017,2054,LEY+SEP,201711,7,M,,gx-no-cache=1515680595185 HTTP/1.1" 200 10829
186.67.172.234 - - [11/Jan/2018:11:23:56 -0300] "POST /cormun/servlet/solicitudotcontratos?gx-no-cache=1515680595453 HTTP/1.1" 200 1342
186.67.172.234 - - [11/Jan/2018:11:23:57 -0300] "POST /cormun/servlet/solicitudotcontratos?gx-no-cache=1515680595543 HTTP/1.1" 200 1221
186.67.172.234 - - [11/Jan/2018:11:23:57 -0300] "GET /cormun/servlet/solicitudotcontratos?eb202e6293d7ac2c7f11ceed0bdad339755ea8fb0902922d16002d2a940b53b0133f7e097b4d176574effd993dabefef58805a0703112dbe60a3f731fec7c2b85b3b174fb83a0d84f04724b489e7f70a1f245db97fc0be79e5c07a9a14d9f6a64eabc34f8640c13a76fac9f19f7182119ba5c7ddc1bc63e41aed18c44249b001,gx-no-cache=1515680595621 HTTP/1.1" 200 30
186.67.172.234 - - [11/Jan/2018:11:23:57 -0300] "POST /cormun/servlet/solicitudotcontratos?7a10aec80527caf08d7374f35f4b51e6,INS,2018,0,6152035,k,6,2017,2054,LEY+SEP,201711,7,M,,gx-no-cache=1515680595697 HTTP/1.1" 200 11031
186.103.159.189 - - [11/Jan/2018:11:24:01 -0300] "GET /cormun/servlet/trsolicitudot? HTTP/1.1" 200 7406
186.103.159.182 - - [11/Jan/2018:11:24:01 -0300] "POST /cormun/servlet/solicitudotcontratos?349bc9843eec3a427768c311b6245046,INS,2018,0,15730716,9,6,2017,1606,NADA,201711,9,B,,gx-no-cache=1515680597485 HTTP/1.1" 200 10801
186.103.159.182 - - [11/Jan/2018:11:24:01 -0300] "POST /cormun/servlet/solicitudotcontratos?gx-no-cache=1515680597887 HTTP/1.1" 200 1342
186.103.159.182 - - [11/Jan/2018:11:24:01 -0300] "POST /cormun/servlet/solicitudotcontratos?gx-no-cache=1515680597957 HTTP/1.1" 200 1221
186.103.159.182 - - [11/Jan/2018:11:24:01 -0300] "GET /cormun/servlet/solicitudotcontratos?4846520630624ebff6b0b8492efacec900f676fba492af5c65abdca4c82c8f157065de4d61cb7d113714ba5ce356908105c99d2811584c75cfcd0d8cb5f983429a855f9a048dc980089cb6b5b91261f9b66925a9bdf569e2ee7552d350875caca9b09fd99f7e36b403e4fae13c07e7c1c55af146b342a7f8c709c49e9c48fc90,gx-no-cache=1515680598008 HTTP/1.1" 200 30
186.103.159.182 - - [11/Jan/2018:11:24:02 -0300] "POST /cormun/servlet/solicitudotcontratos?349bc9843eec3a427768c311b6245046,INS,2018,0,15730716,9,6,2017,1606,NADA,201711,9,B,,gx-no-cache=1515680598048 HTTP/1.1" 200 93
186.103.159.182 - - [11/Jan/2018:11:24:02 -0300] "GET /cormun/servlet/hpexe_return? HTTP/1.1" 200 1042
186.103.159.182 - - [11/Jan/2018:11:24:02 -0300] "GET /cormun/servlet/trcontratosolicitud HTTP/1.1" 200 14590
186.103.159.189 - - [11/Jan/2018:11:24:02 -0300] "GET /cormun/servlet/trsolicitudot? HTTP/1.1" 200 7405
200.112.6.143 - - [11/Jan/2018:11:24:03 -0300] "GET /cormun/servlet/trsolicitudot? HTTP/1.1" 200 7438
186.103.159.182 - - [11/Jan/2018:11:24:04 -0300] "GET /cormun/servlet/trcontratosolicitud HTTP/1.1" 200 14578
200.112.6.143 - - [11/Jan/2018:11:24:06 -0300] "GET /cormun/servlet/solicitudot?INS,0,0, HTTP/1.1" 200 14150
186.103.159.44 - - [11/Jan/2018:11:24:08 -0300] "GET /cormun/servlet/trcontratosolicitud? HTTP/1.1" 200 7401
186.103.159.189 - - [11/Jan/2018:11:24:12 -0300] "GET /cormun/servlet/solicitudot?INS,0,0, HTTP/1.1" 200 14105
186.103.159.189 - - [11/Jan/2018:11:24:13 -0300] "GET /cormun/servlet/solicitudot?INS,0,0, HTTP/1.1" 200 14111
186.103.158.250 - - [11/Jan/2018:11:24:14 -0300] "POST /cormun/servlet/solicitudot?0200b3adc0323117d4cc876a5948844c,INS,0,0,,gx-no-cache=1515680612997 HTTP/1.1" 200 11071
186.103.158.250 - - [11/Jan/2018:11:24:14 -0300] "GET /cormun/static/Shared/jqueryui/images/ui-bg_highlight-soft_100_c6c2c8_1x100.png HTTP/1.1" 404 1117
186.103.158.250 - - [11/Jan/2018:11:24:14 -0300] "GET /cormun/static/Shared/jqueryui/images/ui-icons_82798d_256x240.png HTTP/1.1" 404 1089
186.103.158.250 - - [11/Jan/2018:11:24:14 -0300] "GET /cormun/static/Shared/jqueryui/images/ui-bg_flat_55_fafafa_40x100.png HTTP/1.1" 404 1097
186.103.158.250 - - [11/Jan/2018:11:24:14 -0300] "GET /cormun/static/Shared/jqueryui/images/ui-icons_8d78a5_256x240.png HTTP/1.1" 404 1089
186.103.158.250 - - [11/Jan/2018:11:24:16 -0300] "GET /cormun/servlet/solicitudot?eefab0f54816ca845a5f396277ac21aa85d7965f8fe9d08d40c428111c2b6daa416e13fdab69e16068ef8f1cf0268663,gx-no-cache=1515680615798 HTTP/1.1" 200 30
186.103.158.250 - - [11/Jan/2018:11:24:16 -0300] "POST /cormun/servlet/solicitudot?gx-no-cache=1515680615907 HTTP/1.1" 200 43
186.67.172.234 - - [11/Jan/2018:11:24:17 -0300] "POST /cormun/servlet/solicitudotcontratos?7a10aec80527caf08d7374f35f4b51e6,INS,2018,0,6152035,k,6,2017,2054,LEY+SEP,201711,7,M,,gx-no-cache=1515680615710 HTTP/1.1" 200 93
186.67.172.234 - - [11/Jan/2018:11:24:17 -0300] "GET /cormun/servlet/hpexe_return? HTTP/1.1" 200 1051
186.67.172.234 - - [11/Jan/2018:11:24:17 -0300] "GET /cormun/servlet/trcontratosolicitud? HTTP/1.1" 200 14385
186.67.172.234 - - [11/Jan/2018:11:24:18 -0300] "GET /cormun/servlet/trcontratosolicitud? HTTP/1.1" 200 14396
186.67.172.234 - - [11/Jan/2018:11:24:26 -0300] "GET /cormun/servlet/solicitudotcontratos?INS,2018,0,6152035,k,6,2017,2053,NADA,201711,9,M, HTTP/1.1" 200 10006
186.67.172.234 - - [11/Jan/2018:11:24:27 -0300] "GET /cormun/servlet/solicitudotcontratos?INS,2018,0,6152035,k,6,2017,2053,NADA,201711,9,M, HTTP/1.1" 200 10039
186.67.172.234 - - [11/Jan/2018:11:24:27 -0300] "GET /cormun/servlet/solicitudotcontratos?eb202e6293d7ac2c7f11ceed0bdad339c7d8547b4be3d6d7c701cc70cd586a0ea438cec75f247d242d0dd1655ac2442a,gx-no-cache=1515680626108 HTTP/1.1" 200 133
186.67.172.234 - - [11/Jan/2018:11:24:27 -0300] "GET /cormun/static/Shared/jqueryui/images/ui-bg_highlight-soft_100_c6c2c8_1x100.png HTTP/1.1" 404 1117
186.67.172.234 - - [11/Jan/2018:11:24:27 -0300] "GET /cormun/static/Shared/jqueryui/images/ui-icons_82798d_256x240.png HTTP/1.1" 404 1089
186.67.172.234 - - [11/Jan/2018:11:24:27 -0300] "GET /cormun/static/Shared/jqueryui/images/ui-icons_ebccce_256x240.png HTTP/1.1" 404 1089
186.67.172.234 - - [11/Jan/2018:11:24:27 -0300] "GET /cormun/static/Shared/jqueryui/images/ui-bg_flat_55_994d53_40x100.png HTTP/1.1" 404 1097
186.67.172.234 - - [11/Jan/2018:11:24:27 -0300] "GET /cormun/servlet/solicitudotcontratos?eb202e6293d7ac2c7f11ceed0bdad339f85a462bd1eb0b004a56d150cc181a81726199d26db4329a92d4814470be9194,gx-no-cache=1515680626217 HTTP/1.1" 200 30
186.103.159.189 - - [11/Jan/2018:11:24:27 -0300] "POST /cormun/servlet/solicitudot?gx-no-cache=1515684224984 HTTP/1.1" 200 3843
186.67.172.234 - - [11/Jan/2018:11:24:27 -0300] "GET /cormun/servlet/solicitudotcontratos?eb202e6293d7ac2c7f11ceed0bdad3396f6a2b57dd070e3f180d0652a529ba7e65a5a8188657d19a92024594c21185d68430ff107aed43e9126cd245648107d290fe19aab3711da0d41e5bfe440c85ddbedf236e81735fb24ef6f5b1cf001747a200387b487f861bba9d0f57c496b343d4bead41e3a030813888504ee278f14b,gx-no-cache=1515680626295 HTTP/1.1" 200 50
186.67.172.234 - - [11/Jan/2018:11:24:27 -0300] "GET /cormun/servlet/solicitudotcontratos?eb202e6293d7ac2c7f11ceed0bdad339f8bf8c9f43c6ef42184d945fbcf3bb6eb08cf6fdb8ca2c3fc9308933d13e7d79,gx-no-cache=1515680626366 HTTP/1.1" 200 30
186.67.172.234 - - [11/Jan/2018:11:24:27 -0300] "GET /cormun/servlet/solicitudotcontratos?eb202e6293d7ac2c7f11ceed0bdad3398566925cb7318d323db051cad8633d0a63a767190fe09167d39e021ea56870ca2740cab974a6d6bf8b84eea81db16baa0ac09106ea780af3e0c5e4c9e9965e1ebbe14665f44509e525a468f6fbb98c96cf35efd535f356691e3eb69d878035c0,gx-no-cache=1515680626422 HTTP/1.1" 200 30
186.67.172.234 - - [11/Jan/2018:11:24:27 -0300] "GET /cormun/servlet/solicitudotcontratos?eb202e6293d7ac2c7f11ceed0bdad3398386354e75215c176ea71e7937886937fc787da6de2ba8ff3de106c59debaa89b61c878fc4ff0c5e04e0274d16e8d5cc6fa6dd712de9546acb859be1ccb05643fa0809ed843f02abfde38da697d907474f00f97a8d0e9317fcaf1a0945c9062adb679a45fd322c0a1ad3155a9cb33d6093b60b734eeac69afc6199a416fe1a3f39e1717f09772fc873f3b4bb2f90dfad3e35e95b8b564b2177dfbff841ebd06e497cc31a9f733e5e8fe5f5365a30ece07debf90f2d0ce5577df67c773cd5b72bbf48a581a755a5d8cd10219d35a70100e5c348dcaed81e8c8ae2b8921c009853e1b3a954771b37aa9c4a9dd7e06fafb4dbf9b25b38ec164bb482a4e368a005cfb7afd9b9946a661e79c7dae1f43b44a4ab9d0159ae29fbf312bed0bba8f91363ec1329b1853c6dfa5dca5bc3dd13dda40a0c21d42f2976ecce97d456b0d9fd1addde2e4280b73f16e9d556dfe235bef830cfbc2973cdd1336e573418e385b1a20f15f7b49ae18cc05006988bd90757042c97b1617f2bd67aaa2a51623d594674f24ca3b38a5165fbf9c83c8ea5e342392c5f8bf73efbfdbe798a5dafc635bc6095db0c0728feb17a2816a2d3023a37695a2510e68194bcd11bdc1544261d4068863a89bf692d8b992cd4585366a6b8d8be79ffd87fa404e9fedc0dc5bfe2d718f24ca3b38a5165fbf9c83c8ea5e34239046502ff9aaad4d1c6bd273b6db90b086844c76df901f65ded5a0e385df57c18646f8c1980c84c662ad472dd6e2e3ab8d6f7819d6ec42d9fbd966e66b71590d9,gx-no-cache=1515680626491 HTTP/1.1" 200 72
186.103.159.189 - - [11/Jan/2018:11:24:28 -0300] "POST /cormun/servlet/solicitudot?d134df0372c1084e85d48c640caa470d,INS,0,0,,gx-no-cache=1515684225463 HTTP/1.1" 200 11015
186.103.159.189 - - [11/Jan/2018:11:24:28 -0300] "GET /cormun/servlet/solicitudot?4f5d1eb59b741b78f7f6e2fb72aa96da59db2865c8822de7b3b892e792da7bf97b1b0c16ed80656f8296726c05db943a,gx-no-cache=1515684225916 HTTP/1.1" 200 30
186.103.159.182 - - [11/Jan/2018:11:24:29 -0300] "GET /cormun/servlet/solicitudotcontratos?INS,2018,0,19592229,2,2,2017,7213,INTEGRACION,201711,30,*, HTTP/1.1" 200 9983
200.112.6.143 - - [11/Jan/2018:11:24:29 -0300] "GET /cormun/servlet/trcontratounov2? HTTP/1.1" 200 8148
186.103.159.44 - - [11/Jan/2018:11:24:30 -0300] "POST /cormun/servlet/trcontratosolicitud?7680f75a9c3e26756cadc1e4993d38b7,,gx-no-cache=1515680630558 HTTP/1.1" 200 5122
186.103.159.182 - - [11/Jan/2018:11:24:31 -0300] "GET /cormun/servlet/solicitudotcontratos?INS,2018,0,19592229,2,2,2017,7213,INTEGRACION,201711,30,*, HTTP/1.1" 200 10016
186.103.159.182 - - [11/Jan/2018:11:24:31 -0300] "GET /cormun/servlet/solicitudotcontratos?4846520630624ebff6b0b8492efacec99d3e0be96cd97d8783c3bb2dc26a5d0bcc568d626fdff2f3386cc4b9f7c4be11,gx-no-cache=1515680628253 HTTP/1.1" 200 30
186.103.159.182 - - [11/Jan/2018:11:24:32 -0300] "GET /cormun/servlet/solicitudotcontratos?4846520630624ebff6b0b8492efacec9c77e8ee91cc0964d22b96e2afb2834131312c3686b3045d36144985c1d4f4425,gx-no-cache=1515680628295 HTTP/1.1" 200 30
186.103.159.182 - - [11/Jan/2018:11:24:32 -0300] "GET /cormun/servlet/solicitudotcontratos?4846520630624ebff6b0b8492efacec903173f6e2927116436e2650b9dcd6497b9a3b04ebbfa23b76d8b4c8a7bc672e4d8a52947cb31aa6453cc9802e7bb53c825f12b1cc3c9b6c6c5742d99258a66a443f5a7e0faf2c83aa5fb8168b6e99f774fb78bfda398a4244e7cadabc5bbd031208d0fe7a4e501284bdf5d1f36547f8d,gx-no-cache=1515680628335 HTTP/1.1" 200 48
186.103.159.182 - - [11/Jan/2018:11:24:32 -0300] "GET /cormun/servlet/solicitudotcontratos?4846520630624ebff6b0b8492efacec9ed5909f9e9a8dae6aa606b6dfd227f689e1a299fe38af79989fceed871c1e16a,gx-no-cache=1515680628378 HTTP/1.1" 200 30
186.103.159.182 - - [11/Jan/2018:11:24:32 -0300] "GET /cormun/servlet/solicitudotcontratos?4846520630624ebff6b0b8492efacec9c799184295d0b38889f181b678e5da192b9dc7822a2ec6a8c049eba1ec906423531c316ca0caeeddf2d67bf51d3fdb5d4d7093efb0640d5729373b212942ab37f1cf9de37249370ac54d0a1fa87a16c47d46d39858c147b50533a298b03c0b95,gx-no-cache=1515680628416 HTTP/1.1" 200 30
186.103.159.182 - - [11/Jan/2018:11:24:32 -0300] "GET /cormun/servlet/solicitudotcontratos?4846520630624ebff6b0b8492efacec98614ed5428caed5584b415d33ead89f5badb628b449087e4f919ca58dc04e93748712238da201426ba7b414dfb98d75340193b13b0bb6eb57b2ec2df32d017908830708159bfa6366750d823d179d2f604d01b95a4499fbf078b3c7f4d9166ec07f19859dfbbf1ce15d2b3898c8bf22f2beca89b927875642aaf731e5161f2d5b5f8af029543d25ec430a400de9339282619f531190325203ebc0732695c979dd38bf57393d00407e15f1fbd614a89dd8793628f73c86521145dd58241cfd7df314c950b690c77af874ef4d8607980e4a3327aee28f0da44a512d2952e1f26f4d49e67f6491351a099fdd403ccb22c422d825873e986d9b749a2bcc16a64cdbd431273a5175dd4612a4a2cbff72e373ebc5c79ede54ba175bdc3c48cc2e3dac9f2568875d3a063920eb68d980f8af8c94237477274904525fa1d506bb16088e7bb90d315b98c6031d9fc0432ac7c298669dd66a55caba0e665fd3ab967b3e0e322fcad273f337d3eafa65a899cb6bbdec4c3d9eb5fc645286b6de7194a31fb83a44df6e486329f12208866900c02c58ec858b69b038b1cb37ec8f731c0faa1fa1d4ea083e5f06dfd5bcb28cad9f7a6060f952c9029413e65fdf2d3ceb237947ea812621d1299c37626ede11148e5d1b444c0349869b527045fe46cb4c4bc6d995ef073dd340b18a6eeeae2634ae2481412dc5a0fee86ae5f62596a43b3b263ef108d18c2ec2ed0e41fa78ab2fabdfa245814fc7927bcdcee9c2cd13c5fdbe64e8bd726adf53f8c0ae98e639eaa223a02,gx-no-cache=1515680628467 HTTP/1.1" 200 83
186.67.172.234 - - [11/Jan/2018:11:24:34 -0300] "POST /cormun/servlet/solicitudotcontratos?gx-no-cache=1515680633230 HTTP/1.1" 200 79
186.103.158.250 - - [11/Jan/2018:11:24:38 -0300] "POST /cormun/servlet/solicitudot?gx-no-cache=1515680637548 HTTP/1.1" 200 51
200.112.6.143 - - [11/Jan/2018:11:24:41 -0300] "POST /cormun/servlet/trcontratounov2?e662bffeaf526a188a34770e7e897cb5,,gx-no-cache=1515680639237 HTTP/1.1" 200 5354
186.103.158.250 - - [11/Jan/2018:11:24:42 -0300] "POST /cormun/servlet/solicitudot?0200b3adc0323117d4cc876a5948844c,INS,0,0,,gx-no-cache=1515680641704 HTTP/1.1" 200 11143
186.67.172.234 - - [11/Jan/2018:11:24:45 -0300] "POST /cormun/servlet/solicitudotcontratos?7a10aec80527caf08d7374f35f4b51e6,INS,2018,0,6152035,k,6,2017,2053,NADA,201711,9,M,,gx-no-cache=1515680643825 HTTP/1.1" 200 10831
186.67.172.234 - - [11/Jan/2018:11:24:46 -0300] "POST /cormun/servlet/solicitudotcontratos?gx-no-cache=1515680644564 HTTP/1.1" 200 1342
186.67.172.234 - - [11/Jan/2018:11:24:46 -0300] "POST /cormun/servlet/solicitudotcontratos?gx-no-cache=1515680644624 HTTP/1.1" 200 1221
186.67.172.234 - - [11/Jan/2018:11:24:46 -0300] "GET /cormun/servlet/solicitudotcontratos?eb202e6293d7ac2c7f11ceed0bdad339755ea8fb0902922d16002d2a940b53b0133f7e097b4d176574effd993dabefef58805a0703112dbe60a3f731fec7c2b85b3b174fb83a0d84f04724b489e7f70a1f245db97fc0be79e5c07a9a14d9f6a64eabc34f8640c13a76fac9f19f7182119ba5c7ddc1bc63e41aed18c44249b001,gx-no-cache=1515680644673 HTTP/1.1" 200 30
186.67.172.234 - - [11/Jan/2018:11:24:46 -0300] "POST /cormun/servlet/solicitudotcontratos?7a10aec80527caf08d7374f35f4b51e6,INS,2018,0,6152035,k,6,2017,2053,NADA,201711,9,M,,gx-no-cache=1515680644722 HTTP/1.1" 200 11035
186.103.159.182 - - [11/Jan/2018:11:24:51 -0300] "POST /cormun/servlet/solicitudotcontratos?349bc9843eec3a427768c311b6245046,INS,2018,0,19592229,2,2,2017,7213,INTEGRACION,201711,30,*,,gx-no-cache=1515680646998 HTTP/1.1" 200 93
186.103.159.182 - - [11/Jan/2018:11:24:51 -0300] "GET /cormun/servlet/hpexe_return? HTTP/1.1" 200 1049
186.103.158.250 - - [11/Jan/2018:11:24:51 -0300] "GET /cormun/servlet/solicitudot?eefab0f54816ca845a5f396277ac21aa85d7965f8fe9d08d40c428111c2b6daa416e13fdab69e16068ef8f1cf0268663,gx-no-cache=1515680650405 HTTP/1.1" 200 30
186.103.159.182 - - [11/Jan/2018:11:24:51 -0300] "GET /cormun/servlet/trcontratosolicitud HTTP/1.1" 200 14584
186.103.158.250 - - [11/Jan/2018:11:24:52 -0300] "POST /cormun/servlet/solicitudot?gx-no-cache=1515680651702 HTTP/1.1" 200 255
186.103.159.182 - - [11/Jan/2018:11:24:53 -0300] "GET /cormun/servlet/trcontratosolicitud HTTP/1.1" 200 14584
186.67.172.234 - - [11/Jan/2018:11:24:55 -0300] "GET /cormun/servlet/trsolicitudot? HTTP/1.1" 200 7301
186.67.172.234 - - [11/Jan/2018:11:24:55 -0300] "GET /cormun/servlet/trsolicitudot? HTTP/1.1" 200 7264
186.103.158.250 - - [11/Jan/2018:11:24:56 -0300] "GET /cormun/servlet/solicitudot?eefab0f54816ca845a5f396277ac21aac83c51ef34e133ff9f36e005b16f6b500b4d5a287837e446aa06593fce8bf90708f68a8f6fb5b92f700ff2b1430dcfe494e262352356f4d900229dba3084b907542592132c133b53ba95fbbde8f14e35eccfff6d5d2e49770f51b4651a897ea30cd49e14515a74ba5252da82df21319a29aef666b803ff96e6a74665a88d0f455cbd81413f88637e0ba0b893ef823db3051bc848ac4a92e9affca4de12c99e03cf584f1fe90e5ee6c123bc39951ae139b2e4e19e1ce32a62747d8aa7bbccc3c1895a38434ebd9d1256952c7cd22e062b8378c4857c82b45bc6f04e7861f06278c53819eca28f14b45b88e073cd18ad0900c60db7bf5196be497d403c2e78d9e99e1866a2e06460f6419ea0a29f9a63b77fe7dc9327d4d07e87e4d42cb8ba521553a8bcab629d392fd536379988923bc0bc89db1b67e907b95cce43c9016111891040280bc4654ada0f0ee8bad95af68e6b98942f366538581bf634a56aec7007fbf208d225cbad0ea6778cc54fd10db8,gx-no-cache=1515680655455 HTTP/1.1" 200 30
186.103.159.44 - - [11/Jan/2018:11:24:57 -0300] "GET /cormun/servlet/solicitudotcontratos?INS,2018,0,8269735,7,6,2017,2993,LEY+SEP,201711,3,B, HTTP/1.1" 200 9892
186.67.172.234 - - [11/Jan/2018:11:24:58 -0300] "GET /cormun/servlet/solicitudot?INS,0,0, HTTP/1.1" 200 14145
186.103.159.44 - - [11/Jan/2018:11:24:58 -0300] "GET /cormun/servlet/solicitudotcontratos?93f5696ec6af881851328fe3ede9ab9a1751154cb718972d3969103447d539e676d385971690d3c3e10ab3ac296fcbe6,gx-no-cache=1515680658687 HTTP/1.1" 200 30
186.103.159.44 - - [11/Jan/2018:11:24:58 -0300] "GET /cormun/servlet/solicitudotcontratos?93f5696ec6af881851328fe3ede9ab9ad72853fa02ba74b64b3c209414f5feb34eb98b40515dab281b5241e6919927d1,gx-no-cache=1515680658730 HTTP/1.1" 200 30
186.67.172.234 - - [11/Jan/2018:11:24:58 -0300] "GET /cormun/servlet/solicitudot?INS,0,0, HTTP/1.1" 200 14150
186.103.159.44 - - [11/Jan/2018:11:24:58 -0300] "GET /cormun/servlet/solicitudotcontratos?93f5696ec6af881851328fe3ede9ab9ad4a99751b62ef224d18ed9da634ac84fa8f7111a97c27b8c7c5fbd2a0ba912c62e83a578de4141b686a3d36c35dcf08367d897c3a0feb3a08b5d4d5fa2177d22e2b9aa2ab905b3e73041c4edfecc1b831d933766507b9fd2bb3c0e0957d5948345978074dbb0a9469a57b83c857dd34e,gx-no-cache=1515680658772 HTTP/1.1" 200 50
186.103.159.44 - - [11/Jan/2018:11:24:58 -0300] "GET /cormun/servlet/solicitudotcontratos?93f5696ec6af881851328fe3ede9ab9a97e1329a215a223f8170381a53e3b07c6cd3f94a2e62c54a1da36049413df3ea,gx-no-cache=1515680659182 HTTP/1.1" 200 30
186.103.159.44 - - [11/Jan/2018:11:24:59 -0300] "GET /cormun/servlet/solicitudotcontratos?93f5696ec6af881851328fe3ede9ab9aa3a96eea0126bb3422ec35b53268288fc50d8f86d74c1e2582f726bd5c35d5dd8538cfa1a7f9eac7b9d853e7f2580eb765eedb77bc260a38bf779b623c0493433bb905b5655d9196666fea95d97cf71bd302c4afe19725eef41acb6861285f87,gx-no-cache=1515680659227 HTTP/1.1" 200 30
186.103.159.44 - - [11/Jan/2018:11:24:59 -0300] "GET /cormun/servlet/solicitudotcontratos?93f5696ec6af881851328fe3ede9ab9a2a32bc871ba4cc0628932d6ffcd043b24f294e3271871d7a11e63146d1bd030e8a3dc4f8490a7973c4d164bba6f972798538cfa1a7f9eac7b9d853e7f2580eb73aafd9514b44832d9c2f0c820f29ba2e17ab24d7bfa6abedf92f91c1be3192e4775d29d837a72bec9fd73e1b134998d113204feacdebf667b1768228edd1c5c2092b633ca162c089c4f527690f7464408a3dc4f8490a7973c4d164bba6f97279c6312382907bb0e798557536f465c573c2037efbbfb6e72c2109c340f69d79ff5c2005df5662f41b550c86de1d9056e927c334b708e5121eb77e29079b2639c2cd92e17c7eb0d3d08f33d906a2162a0f174dffcfc8cbcbd3f93a25f4bf3c2b49bda04c5441595557320d66277e99b624bd09fa2043bdb24e6304d9c233ad8d9962e3941812206ae566080a3972b1d6b0324d3ee5e7c1f2964ccc4c34cf088f897380518bc196a25e924c261df438d6ec27c5e51ca09cb29db32ffbc84f15043ed5d1dab1007fb8255eaa8f912186cc60f173872c384f86cba3e979d19d42c2637ead7c805d0b667d36aa4bb9964152fcfeb7fcbc2a899b714b7dd81d31676f68df718c166a088a621e10e84b5871d1a867b23537ea654543601165c4167c197b4d3fde45e6954cb12e238bac9b63aa81bcaea5f3bbdea38c7e001b2952f941a5a77410831cd037a414fbbeea955c79c439e9a35d04dae37d6bbaac84c14bb4d4bcf73dd8301828bb66998c50e6cf16b95a067957b58e5ef375f1504c19ba626aa303edbc3e62f0dce75a1e5fa356e096,gx-no-cache=1515680659656 HTTP/1.1" 200 79
186.103.159.182 - - [11/Jan/2018:11:25:01 -0300] "GET /cormun/servlet/solicitudotcontratos?INS,2018,0,7328366,3,2,2017,1551,NADA,201711,6,B, HTTP/1.1" 200 10003
186.103.159.182 - - [11/Jan/2018:11:25:03 -0300] "GET /cormun/servlet/solicitudotcontratos?INS,2018,0,7328366,3,2,2017,1551,NADA,201711,6,B, HTTP/1.1" 200 10035
186.103.159.182 - - [11/Jan/2018:11:25:03 -0300] "GET /cormun/servlet/solicitudotcontratos?4846520630624ebff6b0b8492efacec9bd7a1f0324170e5fdd00c69279fcdcb1f4062e1e373498beae30fc8e6c2e32ba,gx-no-cache=1515680659814 HTTP/1.1" 200 133
186.103.159.182 - - [11/Jan/2018:11:25:03 -0300] "GET /cormun/static/Shared/jqueryui/images/ui-bg_highlight-soft_100_c6c2c8_1x100.png HTTP/1.1" 404 1117
186.103.159.182 - - [11/Jan/2018:11:25:03 -0300] "GET /cormun/static/Shared/jqueryui/images/ui-icons_82798d_256x240.png HTTP/1.1" 404 1089
186.103.159.182 - - [11/Jan/2018:11:25:03 -0300] "GET /cormun/static/Shared/jqueryui/images/ui-bg_flat_55_994d53_40x100.png HTTP/1.1" 404 1097
186.103.159.182 - - [11/Jan/2018:11:25:03 -0300] "GET /cormun/static/Shared/jqueryui/images/ui-icons_ebccce_256x240.png HTTP/1.1" 404 1089
186.103.159.182 - - [11/Jan/2018:11:25:03 -0300] "GET /cormun/servlet/solicitudotcontratos?4846520630624ebff6b0b8492efacec9a78f8d7b94d07d5ba0b31e7150b2186d1e06cf9e2d27fac7cf2f6fc4b3d01405,gx-no-cache=1515680660082 HTTP/1.1" 200 30
186.103.159.182 - - [11/Jan/2018:11:25:03 -0300] "GET /cormun/servlet/solicitudotcontratos?4846520630624ebff6b0b8492efacec903173f6e2927116436e2650b9dcd6497d0d5af384f3799495d3a420e375d3e33d8a52947cb31aa6453cc9802e7bb53c87391c3a557727277e4b8b8910109df8843f5a7e0faf2c83aa5fb8168b6e99f774fb78bfda398a4244e7cadabc5bbd031208d0fe7a4e501284bdf5d1f36547f8d,gx-no-cache=1515680660120 HTTP/1.1" 200 48
186.103.159.182 - - [11/Jan/2018:11:25:03 -0300] "GET /cormun/servlet/solicitudotcontratos?4846520630624ebff6b0b8492efacec9f094e4711fe00d57025044bf67421561227b5010a63d0370b03ef837f227806a,gx-no-cache=1515680660169 HTTP/1.1" 200 30
186.103.159.182 - - [11/Jan/2018:11:25:03 -0300] "GET /cormun/servlet/solicitudotcontratos?4846520630624ebff6b0b8492efacec9c799184295d0b38889f181b678e5da192b9dc7822a2ec6a8c049eba1ec906423531c316ca0caeeddf2d67bf51d3fdb5d4d7093efb0640d5729373b212942ab37f1cf9de37249370ac54d0a1fa87a16c47d46d39858c147b50533a298b03c0b95,gx-no-cache=1515680660206 HTTP/1.1" 200 30
186.103.159.182 - - [11/Jan/2018:11:25:04 -0300] "GET /cormun/servlet/solicitudotcontratos?4846520630624ebff6b0b8492efacec98614ed5428caed5584b415d33ead89f5badb628b449087e4f919ca58dc04e937f84501c684cbbd81cfd0c6ecf8f54dd2d0a9f21134a12889ab7aa8fd456bc5e7583a422b10499f6be561f5648f926daa2cb7387339433e6aafbbad29b564339f3a4fe0789e3cccc6757f9b603e2723617a765d50083e263774ab6ace6a839653f78ba4d54d13e3372090829577666934ea9964041ddbae62e68be13e917c9870897e49e6adb060a0b8594a084cd8ba576d1afb7083ae62cd616c5a678af4eae92ee8718a984f7e8cd576971f00967d6c7062b5caed121fb9ee54b22569c95e2b2da40466f956be6914aec71d8b4dd760c0b44146ade1f1348a1d6dcf546fa630d00ca3664e9adbef86e22b1a82e8e9398ea33e2f4451d56dc4bab5f50dc47fe9153e0a5798ec60a8659cffc30b14ed8c7454817c0a04f9a31a73d754490d70a5be76721d6fc2a7bd2ce3880ae954fa47b896052cf56cffdb7ea96b3f2fbc97853460b08c9edb124255c4fe522f93a7484e885d907a0a8ce59d54f2466ee77878b922bafbf41454eb95d338feddc00b13c5fdf95d89d04fb9ef2c04be4e24711712396a3d0207841a451b3d48bf2f849b84cdc605d2128d90c9c3f08d16aa709ae16cd814b5bfcb161f2b0ac02a1e91ccaa25d452d9a7c17acef867167340f211b922bafbf41454eb95d338feddc00b1346d7500328d5dc6792db98ff3132506799f048aa7853d8de1870adf7dc77efdc7ed240e78bcb3b78e532447cf0123372c07b5748d237e8e599c0e73a193a0fba,gx-no-cache=1515680660259 HTTP/1.1" 200 72
186.103.158.250 - - [11/Jan/2018:11:25:04 -0300] "POST /cormun/servlet/solicitudot?gx-no-cache=1515680663747 HTTP/1.1" 200 30
186.103.158.250 - - [11/Jan/2018:11:25:08 -0300] "POST /cormun/servlet/solicitudot?gx-no-cache=1515680667594 HTTP/1.1" 200 1353
186.103.158.250 - - [11/Jan/2018:11:25:08 -0300] "POST /cormun/servlet/solicitudot?gx-no-cache=1515680667740 HTTP/1.1" 200 38
186.103.159.44 - - [11/Jan/2018:11:25:15 -0300] "POST /cormun/servlet/solicitudotcontratos?7680f75a9c3e26756cadc1e4993d38b7,INS,2018,0,8269735,7,6,2017,2993,LEY+SEP,201711,3,B,,gx-no-cache=1515680674963 HTTP/1.1" 200 10815
186.103.159.44 - - [11/Jan/2018:11:25:15 -0300] "POST /cormun/servlet/solicitudotcontratos?gx-no-cache=1515680675511 HTTP/1.1" 200 1342
186.103.159.44 - - [11/Jan/2018:11:25:15 -0300] "POST /cormun/servlet/solicitudotcontratos?gx-no-cache=1515680675638 HTTP/1.1" 200 1221
186.103.159.44 - - [11/Jan/2018:11:25:15 -0300] "GET /cormun/servlet/solicitudotcontratos?93f5696ec6af881851328fe3ede9ab9a6b61492b54ddcd8e2c4e907c699f706796a823d14d1bb8c5818d5762d057b700ae8ac5caac1955a2a5b5696332f8c0a8627eabbf7ab50dd858b444e05864b2d7eae30fa88149eae9122c68c2739dd0e6f68a338f6ad4c1a6e6f2b7e143fda26a2c7be26edc1156c58eee7c3b3e7f2606,gx-no-cache=1515680675738 HTTP/1.1" 200 30
186.103.159.44 - - [11/Jan/2018:11:25:16 -0300] "POST /cormun/servlet/solicitudotcontratos?7680f75a9c3e26756cadc1e4993d38b7,INS,2018,0,8269735,7,6,2017,2993,LEY+SEP,201711,3,B,,gx-no-cache=1515680676187 HTTP/1.1" 200 93
186.103.159.44 - - [11/Jan/2018:11:25:16 -0300] "GET /cormun/servlet/hpexe_return? HTTP/1.1" 200 1051
186.103.159.44 - - [11/Jan/2018:11:25:17 -0300] "GET /cormun/servlet/trcontratosolicitud? HTTP/1.1" 200 7404
186.67.172.234 - - [11/Jan/2018:11:25:17 -0300] "POST /cormun/servlet/solicitudot?gx-no-cache=1515680675894 HTTP/1.1" 200 3962
186.67.172.234 - - [11/Jan/2018:11:25:17 -0300] "GET /cormun/static/Shared/jqueryui/images/ui-bg_highlight-soft_100_c6c2c8_1x100.png HTTP/1.1" 404 1117
186.67.172.234 - - [11/Jan/2018:11:25:17 -0300] "GET /cormun/static/Shared/jqueryui/images/ui-icons_ebccce_256x240.png HTTP/1.1" 404 1089
186.67.172.234 - - [11/Jan/2018:11:25:17 -0300] "GET /cormun/static/Shared/jqueryui/images/ui-bg_flat_55_994d53_40x100.png HTTP/1.1" 404 1097
186.67.172.234 - - [11/Jan/2018:11:25:17 -0300] "GET /cormun/static/Shared/jqueryui/images/ui-icons_82798d_256x240.png HTTP/1.1" 404 1089
186.103.159.44 - - [11/Jan/2018:11:25:28 -0300] "GET /cormun/servlet/trsolicitudot? HTTP/1.1" 200 14387
186.103.158.250 - - [11/Jan/2018:11:25:30 -0300] "GET /cormun/servlet/solicitudot?eefab0f54816ca845a5f396277ac21aabfd184e156125f6257dbf1e2fabfaaf70f14e81b9ada7746cea1588ce05c008a48779aa8ae829ca52e5c9bdccca7816c69e3e7eece49d79c93ae8938376cfc098f7b4a6e691adb20c47f59e7b3ef0254ef3ccb087e92ac84b8bdf015ce92bf33,gx-no-cache=1515680689182 HTTP/1.1" 200 29
186.103.158.250 - - [11/Jan/2018:11:25:30 -0300] "POST /cormun/servlet/solicitudot?gx-no-cache=1515680689258 HTTP/1.1" 200 219
186.103.158.250 - - [11/Jan/2018:11:25:30 -0300] "GET /cormun/servlet/solicitudot?eefab0f54816ca845a5f396277ac21aad7e8c11aee9646dbca60aef7f2b8f8aba3005b089ccad0d005b3b4d57775f16844d7309396f193ef85a35203e83c615934dd7687a9afd960b69bc90733f7b4b90ca31cfd10a25376b578836d936c6c490f14e81b9ada7746cea1588ce05c008af78a0f4f54a0c894ad08f45519209a5ef904e1cfd5f431eeb19fefc64cf3fb6b,gx-no-cache=1515680689348 HTTP/1.1" 200 55
186.103.159.44 - - [11/Jan/2018:11:25:32 -0300] "GET /cormun/servlet/solicitudot?INS,0,0, HTTP/1.1" 200 14049
186.103.159.189 - - [11/Jan/2018:11:25:35 -0300] "POST /cormun/servlet/solicitudot?gx-no-cache=1515684292775 HTTP/1.1" 200 53
186.103.159.189 - - [11/Jan/2018:11:25:35 -0300] "POST /cormun/servlet/solicitudot?gx-no-cache=1515684292879 HTTP/1.1" 200 255
186.103.158.250 - - [11/Jan/2018:11:25:35 -0300] "GET /cormun/static/menuarrow.gif HTTP/1.1" 404 1015
186.103.159.189 - - [11/Jan/2018:11:25:36 -0300] "GET /cormun/servlet/solicitudot?4f5d1eb59b741b78f7f6e2fb72aa96dafaaa4f975b22ab401f269da285c3f415b5d94a382d8c43c00b7080c36e23c3308a635f87c2a44346cfee6a6a5d295e3fc45dee0cff9e49c0ecb0766b9bbb53f813a357ea9222a2328eca3df17c7573d4f1104f8a185fbbe3ae568478038d63fcd72824e3c39e110eeb612206ff8a84a010fdb36acbcacb4851a9a5985288cd267211c6425a75dbe3ef437d92f671c3d0bee9ebddf4808e131b3174478d3d183b7ce8c758a3dc7816470ce7867d34bc6c9e63e289dd8150c8ea427bbfda6f6d9288bde099de1a9f15b53d9767ce0125deb150410c9c08085e3e39f736591a4927bcdaf9927feca3152fc5a568977264cada6e5494e402f5b328e2812d51e34cd14191771393e75a78f3e050645170cc8d8568a80b63971e80df6d78438b4bb8fcaa5e572df1444530dc4ea2e925f13194b726dd263ee0a868a382c47ecdf693807bb9157ad9e9f4949fd4c960633ad59f467edcce8173c2d59b7d3c0cbecc7284fa9f1bde17693e3b38e31320301e7066,gx-no-cache=1515684292956 HTTP/1.1" 200 30
186.103.158.250 - - [11/Jan/2018:11:25:43 -0300] "GET /cormun/servlet/solicitudot?eefab0f54816ca845a5f396277ac21aa49d4c75df0d5610091119858d78a3c0775ec91b6dc8dc62d3c5a34317082dd14,gx-no-cache=1515680702229 HTTP/1.1" 200 30
186.103.159.182 - - [11/Jan/2018:11:25:43 -0300] "POST /cormun/servlet/solicitudotcontratos?349bc9843eec3a427768c311b6245046,INS,2018,0,7328366,3,2,2017,1551,NADA,201711,6,B,,gx-no-cache=1515680699770 HTTP/1.1" 200 10803
186.103.159.182 - - [11/Jan/2018:11:25:43 -0300] "POST /cormun/servlet/solicitudotcontratos?gx-no-cache=1515680700199 HTTP/1.1" 200 1342
186.103.159.182 - - [11/Jan/2018:11:25:44 -0300] "POST /cormun/servlet/solicitudotcontratos?gx-no-cache=1515680700267 HTTP/1.1" 200 1221
186.103.159.182 - - [11/Jan/2018:11:25:44 -0300] "GET /cormun/servlet/solicitudotcontratos?4846520630624ebff6b0b8492efacec900f676fba492af5c65abdca4c82c8f157065de4d61cb7d113714ba5ce356908105c99d2811584c75cfcd0d8cb5f983429a855f9a048dc980089cb6b5b91261f9b66925a9bdf569e2ee7552d350875caca9b09fd99f7e36b403e4fae13c07e7c1c55af146b342a7f8c709c49e9c48fc90,gx-no-cache=1515680700320 HTTP/1.1" 200 30
186.103.159.182 - - [11/Jan/2018:11:25:44 -0300] "POST /cormun/servlet/solicitudotcontratos?349bc9843eec3a427768c311b6245046,INS,2018,0,7328366,3,2,2017,1551,NADA,201711,6,B,,gx-no-cache=1515680700360 HTTP/1.1" 200 11020
186.103.159.44 - - [11/Jan/2018:11:25:44 -0300] "POST /cormun/servlet/solicitudot?gx-no-cache=1515680704983 HTTP/1.1" 200 3861
186.103.159.44 - - [11/Jan/2018:11:25:45 -0300] "POST /cormun/servlet/solicitudot?7680f75a9c3e26756cadc1e4993d38b7,INS,0,0,,gx-no-cache=1515680705412 HTTP/1.1" 200 11035
186.103.159.189 - - [11/Jan/2018:11:25:46 -0300] "POST /cormun/servlet/solicitudot?gx-no-cache=1515684304022 HTTP/1.1" 200 30
186.103.159.44 - - [11/Jan/2018:11:25:50 -0300] "GET /cormun/servlet/solicitudot?93f5696ec6af881851328fe3ede9ab9ad72853fa02ba74b64b3c209414f5feb30afa67702f90fcf80c830d38ca38cad2,gx-no-cache=1515680710228 HTTP/1.1" 200 30
186.103.159.44 - - [11/Jan/2018:11:25:50 -0300] "POST /cormun/servlet/solicitudot?gx-no-cache=1515680710273 HTTP/1.1" 200 51
186.103.159.44 - - [11/Jan/2018:11:25:50 -0300] "POST /cormun/servlet/solicitudot?gx-no-cache=1515680710310 HTTP/1.1" 200 255
186.103.159.44 - - [11/Jan/2018:11:25:50 -0300] "GET /cormun/servlet/solicitudot?93f5696ec6af881851328fe3ede9ab9aca178af43d1cb26f41301a94ab398fcae16a50620a9e56e52c4599413cc548ac9fa7114163a8dcb9d6f0ae5cc649eb6d06021dc8c0909d2873336f4766f517396e00b0e497829e810b4e23e219a1b793600802f6a441845f1459692f352738711e3044006bda95eb7703312891e587ec6e4bdaff2d8efdd3c7e6c08920ca6d4e84f69498e9b45028094e1fa01c6142a22c3db5dafe86d76a5d0a424bb4b61e6758bf7ef69fe05f4685ce04666d6294fffc8ea7afafaf6176adbcc2cd4fb6cd3bcf42f6c0fa19e9d7884afaadfd9e92630d6bf05bed45f917466ba90f6a2f42f96ed72287f1a22741013c3523bcca41f2dc727155fc5a866893dae2f83b783b5889ef3917a3eb2d140a553eebf4340a2abfb5016d04ad9dd360b8f858953a3fde6e49610b7637176d7ab5830426f480a51c6544c3732a59a34d5aa47046a5447a7b55452e68f5eb02eab4a16ce7fe1e7fca502636db432b557bb5134f3d9b22addc71600080094cc8d5b702185664d3a5,gx-no-cache=1515680710350 HTTP/1.1" 200 30
186.103.159.189 - - [11/Jan/2018:11:25:52 -0300] "POST /cormun/servlet/solicitudot?gx-no-cache=1515684309996 HTTP/1.1" 200 1353
186.103.159.189 - - [11/Jan/2018:11:25:52 -0300] "POST /cormun/servlet/solicitudot?gx-no-cache=1515684310143 HTTP/1.1" 200 38
186.103.159.44 - - [11/Jan/2018:11:25:53 -0300] "POST /cormun/servlet/solicitudot?gx-no-cache=1515680713555 HTTP/1.1" 200 30
186.103.159.44 - - [11/Jan/2018:11:25:54 -0300] "GET /cormun/servlet/prcontratosol?8269735,,,,,MD,,gxPopupLevel%3D0%3B HTTP/1.1" 200 7425
186.103.159.182 - - [11/Jan/2018:11:25:57 -0300] "POST /cormun/servlet/solicitudotcontratos?349bc9843eec3a427768c311b6245046,INS,2018,0,7328366,3,2,2017,1551,NADA,201711,6,B,,gx-no-cache=1515680713825 HTTP/1.1" 200 93
186.103.159.182 - - [11/Jan/2018:11:25:57 -0300] "GET /cormun/servlet/hpexe_return? HTTP/1.1" 200 1042
186.103.159.182 - - [11/Jan/2018:11:25:58 -0300] "GET /cormun/servlet/trcontratosolicitud HTTP/1.1" 200 14575
186.103.159.182 - - [11/Jan/2018:11:26:00 -0300] "GET /cormun/servlet/trcontratosolicitud HTTP/1.1" 200 14584
186.103.158.250 - - [11/Jan/2018:11:26:01 -0300] "POST /cormun/servlet/solicitudot?gx-no-cache=1515680720126 HTTP/1.1" 200 30
186.103.159.182 - - [11/Jan/2018:11:26:10 -0300] "GET /cormun/servlet/solicitudotcontratos?INS,2018,0,12915106,4,2,2017,5419,LEY+SEP,201711,30,*, HTTP/1.1" 200 9996
186.103.159.182 - - [11/Jan/2018:11:26:12 -0300] "GET /cormun/servlet/solicitudotcontratos?INS,2018,0,12915106,4,2,2017,5419,LEY+SEP,201711,30,*, HTTP/1.1" 200 10034
186.103.159.182 - - [11/Jan/2018:11:26:12 -0300] "GET /cormun/servlet/solicitudotcontratos?4846520630624ebff6b0b8492efacec914a5383c461274ddb58361a662759fcc1e06cf9e2d27fac7cf2f6fc4b3d01405,gx-no-cache=1515680729165 HTTP/1.1" 200 133
186.103.159.182 - - [11/Jan/2018:11:26:12 -0300] "GET /cormun/static/Shared/jqueryui/images/ui-bg_highlight-soft_100_c6c2c8_1x100.png HTTP/1.1" 404 1117
186.103.159.182 - - [11/Jan/2018:11:26:12 -0300] "GET /cormun/static/Shared/jqueryui/images/ui-icons_82798d_256x240.png HTTP/1.1" 404 1089
186.103.159.182 - - [11/Jan/2018:11:26:12 -0300] "GET /cormun/static/Shared/jqueryui/images/ui-bg_flat_55_994d53_40x100.png HTTP/1.1" 404 1097
186.103.159.182 - - [11/Jan/2018:11:26:12 -0300] "GET /cormun/static/Shared/jqueryui/images/ui-icons_ebccce_256x240.png HTTP/1.1" 404 1089
186.103.159.182 - - [11/Jan/2018:11:26:12 -0300] "GET /cormun/servlet/solicitudotcontratos?4846520630624ebff6b0b8492efacec9e7577414bf79c427a9bc804c761f66d81312c3686b3045d36144985c1d4f4425,gx-no-cache=1515680729257 HTTP/1.1" 200 30
186.103.159.182 - - [11/Jan/2018:11:26:13 -0300] "GET /cormun/servlet/solicitudotcontratos?4846520630624ebff6b0b8492efacec903173f6e2927116436e2650b9dcd6497b9a3b04ebbfa23b76d8b4c8a7bc672e4d8a52947cb31aa6453cc9802e7bb53c825f12b1cc3c9b6c6c5742d99258a66a443f5a7e0faf2c83aa5fb8168b6e99f774fb78bfda398a4244e7cadabc5bbd031208d0fe7a4e501284bdf5d1f36547f8d,gx-no-cache=1515680729292 HTTP/1.1" 200 48
186.103.159.182 - - [11/Jan/2018:11:26:13 -0300] "GET /cormun/servlet/solicitudotcontratos?4846520630624ebff6b0b8492efacec9c54455784d0045eb2b3994c426fd05e2d389b261f9dc03d36fc93ffc0443e68f,gx-no-cache=1515680729338 HTTP/1.1" 200 30
186.103.159.182 - - [11/Jan/2018:11:26:13 -0300] "GET /cormun/servlet/solicitudotcontratos?4846520630624ebff6b0b8492efacec9c799184295d0b38889f181b678e5da192b9dc7822a2ec6a8c049eba1ec906423531c316ca0caeeddf2d67bf51d3fdb5d4d7093efb0640d5729373b212942ab37f1cf9de37249370ac54d0a1fa87a16c47d46d39858c147b50533a298b03c0b95,gx-no-cache=1515680729381 HTTP/1.1" 200 30
186.103.159.182 - - [11/Jan/2018:11:26:13 -0300] "GET /cormun/servlet/solicitudotcontratos?4846520630624ebff6b0b8492efacec98614ed5428caed5584b415d33ead89f5badb628b449087e4f919ca58dc04e9373bef79e7ee4ed717a52e092bf7b7a57a531c316ca0caeeddf2d67bf51d3fdb5d63e9de5ec2bb53197e76e83bbd8a433931ea590b471909c0a3ccae1389f4a40dcb8c9cbea93a041b694f44fde855735f1c10747e87431f39899766037e638e4697118ae511c85147e35031a05b4208733bef79e7ee4ed717a52e092bf7b7a57a8b556e93c2cbcbd6c21f546a6c3ecf26b6994f430fce67c73afe00c2d52594d91e5d6d1faf6a3d77818b9c8f58572e7294da05e7b93d6a303c5d4e9296d563679abbc966918305779c11e75e668465a03b76a8a577feaffefcbf6c965f6d484b153e0a5798ec60a8659cffc30b14ed8cb7fa883f90748f6a6de759b87b675a1016214a118320b7050fd9649650a0777853fa26c87a9bd6718dcb4809f91782adb706bfd2d504a70d616b6d03a6323c375dfd5a3a4742fca36cd730b90e7ccd4ac968f78f3b7b02da57eb41bd990c30deeb8ea3844c49e2d76e0c317672e0eeaf467421d8839852535f35ba20554f08d5fad22ec508b996364a134615f25f01b3a8b898917907c21ab290621699b695c1c6db126db0e884e43da3b15e025b6f5ae46eccd28c433a319aad8877af61f4fddbef7c142b119676cc9ba6f8af593d3710a2c49192798ea61b2395a63f646159374c42cb012dc66874e1b5a27a7cd223b692b965209deafdfaeedb25654733299c5b703cafae03e77403eb30bc1a5b5f446c37f97b24bf01fb6036721f14e46a,gx-no-cache=1515680729434 HTTP/1.1" 200 79
186.103.159.182 - - [11/Jan/2018:11:26:17 -0300] "POST /cormun/servlet/solicitudotcontratos?349bc9843eec3a427768c311b6245046,INS,2018,0,12915106,4,2,2017,5419,LEY+SEP,201711,30,*,,gx-no-cache=1515680733931 HTTP/1.1" 200 93
186.103.159.182 - - [11/Jan/2018:11:26:17 -0300] "GET /cormun/servlet/hpexe_return? HTTP/1.1" 200 1047
186.103.159.182 - - [11/Jan/2018:11:26:18 -0300] "GET /cormun/servlet/trcontratosolicitud HTTP/1.1" 200 14588
186.103.159.44 - - [11/Jan/2018:11:26:18 -0300] "POST /cormun/servlet/solicitudot?gx-no-cache=1515680738356 HTTP/1.1" 200 1357
186.103.159.44 - - [11/Jan/2018:11:26:18 -0300] "POST /cormun/servlet/solicitudot?gx-no-cache=1515680738574 HTTP/1.1" 200 38
186.103.159.44 - - [11/Jan/2018:11:26:18 -0300] "GET /cormun/servlet/solicitudot?93f5696ec6af881851328fe3ede9ab9a90414a9b43bae076af6ede11eb22171c6968e75b038fc69df4b5228a1baade1d7ecd3919845c3bc3dc5f08da3aab822b73cd6afc7d0d4252f0d4f49426f97466cafeb2c6b4ae3fe909764abf6d695ede5206a4937f53931110a76920126cf829fa6580f4d356f272592d4187c0fd44e3fb26665823cdf8bcb1eaac1cb933d14a3c924767910d7bc1ab6162bc5da0abae,gx-no-cache=1515680738617 HTTP/1.1" 200 29
186.103.159.44 - - [11/Jan/2018:11:26:18 -0300] "POST /cormun/servlet/solicitudot?gx-no-cache=1515680738958 HTTP/1.1" 200 220
186.103.159.44 - - [11/Jan/2018:11:26:19 -0300] "GET /cormun/servlet/solicitudot?93f5696ec6af881851328fe3ede9ab9a69dde240a495f9dd20956b2972380152a8614c50d0fcf39cb75798b25dc413488538cfa1a7f9eac7b9d853e7f2580eb73539f9e1548c46ac910285ac94355696da935aa79ce66eea9157b044bdd29cb96968e75b038fc69df4b5228a1baade1dc1a11adf7d1f965e78942db374f08cf7370ae16fbe0b338a181b06704fda282a,gx-no-cache=1515680739046 HTTP/1.1" 200 55
186.103.159.44 - - [11/Jan/2018:11:26:19 -0300] "GET /cormun/servlet/solicitudot?93f5696ec6af881851328fe3ede9ab9ac075b8701d6661de98fb0d2796d437fd,gx-no-cache=1515680739405 HTTP/1.1" 200 30
186.103.159.182 - - [11/Jan/2018:11:26:19 -0300] "GET /cormun/servlet/trcontratosolicitud HTTP/1.1" 200 14584
186.103.159.44 - - [11/Jan/2018:11:26:31 -0300] "POST /cormun/servlet/solicitudot?gx-no-cache=1515680751660 HTTP/1.1" 200 1357
186.103.159.44 - - [11/Jan/2018:11:26:31 -0300] "POST /cormun/servlet/solicitudot?gx-no-cache=1515680751853 HTTP/1.1" 200 38
186.103.158.250 - - [11/Jan/2018:11:26:36 -0300] "POST /cormun/servlet/solicitudot?0200b3adc0323117d4cc876a5948844c,INS,0,0,,gx-no-cache=1515680755716 HTTP/1.1" 200 93
186.103.158.250 - - [11/Jan/2018:11:26:37 -0300] "GET /cormun/servlet/hpexe_return? HTTP/1.1" 200 1004
186.103.158.250 - - [11/Jan/2018:11:26:37 -0300] "GET /cormun/servlet/trsolicitudot HTTP/1.1" 200 8693
186.103.159.44 - - [11/Jan/2018:11:26:37 -0300] "POST /cormun/servlet/solicitudot?gx-no-cache=1515680757697 HTTP/1.1" 200 220
186.103.159.189 - - [11/Jan/2018:11:26:37 -0300] "GET /cormun/servlet/solicitudot?4f5d1eb59b741b78f7f6e2fb72aa96da67fba269fceb07e580bbb309f30fc391436838c3c6f9ba8e44a869cfae333717f894205f9e46d1de49dd75c2dd6f3a17d50cbe9f6ddd1545a7ce62f0d5c87fc582787767b3217401636d639e743ce721f12aaf35420961afd0c12aaa6801825d31487f16a5e57535ec5f2bb88df6a373c16c2fe9eb6a81a9e6370e6f4bbb975612c41aeab40e20615ebfcd754baea9bd,gx-no-cache=1515684355278 HTTP/1.1" 200 29
186.103.159.44 - - [11/Jan/2018:11:26:37 -0300] "GET /cormun/servlet/solicitudot?93f5696ec6af881851328fe3ede9ab9a69dde240a495f9dd20956b2972380152a8614c50d0fcf39cb75798b25dc413488538cfa1a7f9eac7b9d853e7f2580eb73539f9e1548c46ac910285ac94355696da935aa79ce66eea9157b044bdd29cb96968e75b038fc69df4b5228a1baade1dc1a11adf7d1f965e78942db374f08cf7370ae16fbe0b338a181b06704fda282a,gx-no-cache=1515680757769 HTTP/1.1" 200 55
186.103.159.189 - - [11/Jan/2018:11:26:37 -0300] "POST /cormun/servlet/solicitudot?gx-no-cache=1515684355373 HTTP/1.1" 200 219
186.103.159.44 - - [11/Jan/2018:11:26:37 -0300] "GET /cormun/static/menuarrow.gif HTTP/1.1" 404 1015
186.103.159.189 - - [11/Jan/2018:11:26:37 -0300] "GET /cormun/servlet/solicitudot?4f5d1eb59b741b78f7f6e2fb72aa96da0a2920591868f80d059649e351f9d425cee6cf709a1d4858e4f51f672693100381e62bde2e1542a45d678276b3a076631306e3be5b6a22c23cf725064a2f2ef4c8b04ee2e7648be254da57ee54532791436838c3c6f9ba8e44a869cfae33371767c6a028cf796bf4f8a8fafadc4bee7b25dfbd59d243de622e5297d4281bf54e,gx-no-cache=1515684355460 HTTP/1.1" 200 55
186.103.158.250 - - [11/Jan/2018:11:26:38 -0300] "GET /cormun//static/Resources/PXToolsGridUpdate.png HTTP/1.1" 200 2984
186.103.158.250 - - [11/Jan/2018:11:26:38 -0300] "GET /cormun//static/Resources/PXToolsActionView.png HTTP/1.1" 200 2995
186.103.158.250 - - [11/Jan/2018:11:26:38 -0300] "GET /cormun//static/Resources/PXToolsRemoveAllAction.png HTTP/1.1" 200 3558
186.103.158.250 - - [11/Jan/2018:11:26:38 -0300] "GET /cormun//static/Resources/PXToolsGridDelete.png HTTP/1.1" 200 357
186.103.158.250 - - [11/Jan/2018:11:26:38 -0300] "GET /cormun//static/Resources/PXTools/ActionInsert.png HTTP/1.1" 200 1482
186.103.158.250 - - [11/Jan/2018:11:26:38 -0300] "GET /cormun/servlet/trsolicitudot HTTP/1.1" 200 8689
186.103.159.44 - - [11/Jan/2018:11:26:39 -0300] "POST /cormun/servlet/solicitudot?gx-no-cache=1515680759494 HTTP/1.1" 200 216
186.103.159.44 - - [11/Jan/2018:11:26:39 -0300] "GET /cormun/servlet/solicitudot?93f5696ec6af881851328fe3ede9ab9a69dde240a495f9dd20956b2972380152a8614c50d0fcf39cb75798b25dc413488538cfa1a7f9eac7b9d853e7f2580eb73539f9e1548c46ac910285ac94355696da935aa79ce66eea9157b044bdd29cb96968e75b038fc69df4b5228a1baade1dc1a11adf7d1f965e78942db374f08cf7370ae16fbe0b338a181b06704fda282a,gx-no-cache=1515680759532 HTTP/1.1" 200 55
186.103.159.44 - - [11/Jan/2018:11:26:43 -0300] "GET /cormun/servlet/solicitudot?93f5696ec6af881851328fe3ede9ab9aaee2238c4587c2a67663cdb450ef84643e2af2b1eb7fa8d2cb5a99401a42f343,gx-no-cache=1515680763520 HTTP/1.1" 200 30
186.103.159.182 - - [11/Jan/2018:11:26:49 -0300] "GET /cormun/servlet/solicitudotcontratos?INS,2018,0,7924150,4,2,2017,1552,NADA,201711,30,B, HTTP/1.1" 200 9987
186.103.159.44 - - [11/Jan/2018:11:26:50 -0300] "POST /cormun/servlet/solicitudot?gx-no-cache=1515680770910 HTTP/1.1" 200 30
186.103.159.182 - - [11/Jan/2018:11:26:51 -0300] "GET /cormun/servlet/solicitudotcontratos?INS,2018,0,7924150,4,2,2017,1552,NADA,201711,30,B, HTTP/1.1" 200 10020
186.103.159.182 - - [11/Jan/2018:11:26:51 -0300] "GET /cormun/servlet/solicitudotcontratos?4846520630624ebff6b0b8492efacec965cd248b87d28e2d4b125fc1a0d17576f4062e1e373498beae30fc8e6c2e32ba,gx-no-cache=1515680767956 HTTP/1.1" 200 30
186.103.159.182 - - [11/Jan/2018:11:26:51 -0300] "GET /cormun/servlet/solicitudotcontratos?4846520630624ebff6b0b8492efacec9c0b7b4170afdb105aa7c8dba9af680071e06cf9e2d27fac7cf2f6fc4b3d01405,gx-no-cache=1515680767998 HTTP/1.1" 200 30
186.103.159.182 - - [11/Jan/2018:11:26:51 -0300] "GET /cormun/servlet/solicitudotcontratos?4846520630624ebff6b0b8492efacec903173f6e2927116436e2650b9dcd6497d0d5af384f3799495d3a420e375d3e33d8a52947cb31aa6453cc9802e7bb53c87391c3a557727277e4b8b8910109df8843f5a7e0faf2c83aa5fb8168b6e99f774fb78bfda398a4244e7cadabc5bbd031208d0fe7a4e501284bdf5d1f36547f8d,gx-no-cache=1515680768032 HTTP/1.1" 200 48
186.103.159.182 - - [11/Jan/2018:11:26:51 -0300] "GET /cormun/servlet/solicitudotcontratos?4846520630624ebff6b0b8492efacec9b54d7784ab930690d6a1930219d686de5960d0edee422c5e496e0f86695f23a1,gx-no-cache=1515680768072 HTTP/1.1" 200 30
