186.67.172.234 - - [09/Jan/2018:10:34:03 -0300] "GET /cormun/servlet/solicitudot?2b3ffd0fc2755cb2354396328dc0ac1d732652f40910cf598375b973de7be8177ab77fdefa186590b3cb65bfd69b8383,gx-no-cache=1515504803891 HTTP/1.1" 200 30
186.67.172.234 - - [09/Jan/2018:10:34:03 -0300] "POST /cormun/servlet/solicitudot?gx-no-cache=1515504803957 HTTP/1.1" 200 255
186.67.172.234 - - [09/Jan/2018:10:34:03 -0300] "GET /cormun/servlet/solicitudot?2b3ffd0fc2755cb2354396328dc0ac1d51a218034b1ede0f8d1f536767909a7fb700c4b13050466f6ea9395235451ca8c46ffe5f235c8578814bbe63a2047b3f6c4b21bcf270cb6cc155268f44005677b45a7bb03a6aa225908207a8a4a4d63def1bd930fdf3eb38f33ebdaac76770151b5c944dc72bed5e06636bb34383b9a28f7aac9b6f6028dc8a520a81fde66318e05620c7b4be66f440e752750e83e4683c9fbc8575c31f5b493b702b92329c962db0391bc31c212461f741d6495d830e4fd64c2c6bbebee871a61b8fc9e7549c7561cba1920cd2f314cd78b37d0b9a38709436eca9c86014a3e9dfefbbb3e78dcfb8643a776b045a0e4df11a1fe4d5a2baf7d65b8ab384dac1bb724fb31962f3f4c85acdc62a42d74eca205b6011905829b6f2bd5def0395637c863b38e8e7a402990a15d14d9f8b0709b9edb5e7b3ecd06875032852e1ad5efd6654288de2a65f5ae25d3279cc203a9dda1fbaf36205dd09e479ee3f7ea9b966b9b524e89504edbaac8a85329323e2012c3377d796eb,gx-no-cache=1515504804032 HTTP/1.1" 200 30
186.67.172.234 - - [09/Jan/2018:10:34:05 -0300] "POST /cormun/servlet/solicitudot?gx-no-cache=1515504805701 HTTP/1.1" 200 30
186.67.172.234 - - [09/Jan/2018:10:34:09 -0300] "POST /cormun/servlet/solicitudot?gx-no-cache=1515504809311 HTTP/1.1" 200 1359
186.67.172.234 - - [09/Jan/2018:10:34:09 -0300] "POST /cormun/servlet/solicitudot?gx-no-cache=1515504809389 HTTP/1.1" 200 38
192.168.10.90 - - [09/Jan/2018:10:34:15 -0300] "GET /cormun/servlet/solicitudcurso?INS,0, HTTP/1.1" 200 7453
192.168.10.90 - - [09/Jan/2018:10:34:15 -0300] "GET /cormun/static/gxcfg.js?201762917413758 HTTP/1.1" 200 953
192.168.10.90 - - [09/Jan/2018:10:34:15 -0300] "GET /cormun/static/solicitudcurso.js?201762917413782 HTTP/1.1" 200 23732
192.168.10.90 - - [09/Jan/2018:10:34:15 -0300] "GET /cormun/static/Resources/prompt.gif HTTP/1.1" 200 902
192.168.10.90 - - [09/Jan/2018:10:34:16 -0300] "GET /cormun/servlet/solicitudcurso?INS,0, HTTP/1.1" 200 7458
192.168.10.90 - - [09/Jan/2018:10:34:22 -0300] "GET /cormun/static/Resources/resize.gif HTTP/1.1" 200 77
192.168.10.90 - - [09/Jan/2018:10:34:23 -0300] "GET /cormun/servlet/prcurso2?,MD,,gxPopupLevel%3D0%3B HTTP/1.1" 200 5998
192.168.10.90 - - [09/Jan/2018:10:34:23 -0300] "GET /cormun/static/gxcfg.js?20176171223473 HTTP/1.1" 200 953
192.168.10.90 - - [09/Jan/2018:10:34:23 -0300] "GET /cormun/static/Resources/PXToolsMenuSearch.png HTTP/1.1" 200 2914
192.168.10.90 - - [09/Jan/2018:10:34:23 -0300] "GET /cormun/static/menusearch.js?201610171694467 HTTP/1.1" 200 1424
192.168.10.90 - - [09/Jan/2018:10:34:23 -0300] "GET /cormun/static/hmpwkw011.js?20177612121862 HTTP/1.1" 200 1968
192.168.10.90 - - [09/Jan/2018:10:34:23 -0300] "GET /cormun/static/Resources/PXToolsMenuSearchCancel.png HTTP/1.1" 200 2972
192.168.10.90 - - [09/Jan/2018:10:34:23 -0300] "GET /cormun/static/prcurso2.js?201761712234893 HTTP/1.1" 200 13407
186.103.156.166 - - [09/Jan/2018:10:34:25 -0300] "GET /cormun/servlet/hhome HTTP/1.1" 200 3370
186.103.156.166 - - [09/Jan/2018:10:34:25 -0300] "GET /cormun/servlet/hhome HTTP/1.1" 200 3372
186.103.156.166 - - [09/Jan/2018:10:34:26 -0300] "GET /cormun/servlet/hhome HTTP/1.1" 200 3376
186.103.156.166 - - [09/Jan/2018:10:34:26 -0300] "GET /cormun/servlet/hhome HTTP/1.1" 200 3375
186.103.156.166 - - [09/Jan/2018:10:34:26 -0300] "GET /cormun/static/gxgral.js?85251 HTTP/1.1" 304 -
186.103.156.166 - - [09/Jan/2018:10:34:26 -0300] "GET /cormun/static/gxcfg.js?20175251212442 HTTP/1.1" 304 -
186.103.156.166 - - [09/Jan/2018:10:34:26 -0300] "GET /cormun/static/messages.spa.js?85251 HTTP/1.1" 304 -
186.67.172.234 - - [09/Jan/2018:10:34:26 -0300] "GET /cormun/servlet/solicitudot?2b3ffd0fc2755cb2354396328dc0ac1d98afa36fef6c651a89ef61d5fc83cb2e87efdfdce3de6f90604ba1172befe5917167a6920fa1c81ebd14abaab9f60594809203d02dcf56071c80b7401d4d66caa207ebc75d5500b360d0aecc61dbd202fd79e0f052a9beb60fbdfc7e37478280641034e28f95d9cb23ce9c8e284bca186e2a33d5366fe2e3fa863054e76365fc012776e4658684e1728b692b2c0f3e9167764f131dc8a5d3de24234d83092f8afc4e4845baea966e12579f2c77205f3c6970c704b2c71c1fab7a6ea343b6d207,gx-no-cache=1515504826965 HTTP/1.1" 200 29
186.67.172.234 - - [09/Jan/2018:10:34:26 -0300] "POST /cormun/servlet/solicitudot?gx-no-cache=1515504827041 HTTP/1.1" 200 1340
186.67.172.234 - - [09/Jan/2018:10:34:26 -0300] "GET /cormun/static/menuarrow.gif HTTP/1.1" 404 1015
186.103.156.166 - - [09/Jan/2018:10:34:27 -0300] "GET /cormun/servlet/hlogin HTTP/1.1" 200 1730
186.103.156.166 - - [09/Jan/2018:10:34:27 -0300] "GET /cormun/servlet/hhome HTTP/1.1" 200 3384
186.103.156.166 - - [09/Jan/2018:10:34:27 -0300] "GET /cormun/static/gxcfg.js?20175251213516 HTTP/1.1" 304 -
186.67.172.234 - - [09/Jan/2018:10:34:28 -0300] "POST /cormun/servlet/solicitudot?gx-no-cache=1515504828917 HTTP/1.1" 200 1340
186.67.172.234 - - [09/Jan/2018:10:34:32 -0300] "GET /cormun/servlet/solicitudot?2b3ffd0fc2755cb2354396328dc0ac1de9014f562fc4654e2ef716cb4df60b008ba4420c28768c8f8e3f7465fd11f6de,gx-no-cache=1515504832163 HTTP/1.1" 200 30
186.67.172.234 - - [09/Jan/2018:10:34:37 -0300] "POST /cormun/servlet/solicitudot?gx-no-cache=1515504837611 HTTP/1.1" 200 30
186.67.172.234 - - [09/Jan/2018:10:34:47 -0300] "POST /cormun/servlet/solicitudot?9a7ff581075c9baf432784ef11227099,INS,0,0,,gx-no-cache=1515504847734 HTTP/1.1" 200 93
186.67.172.234 - - [09/Jan/2018:10:34:47 -0300] "GET /cormun/servlet/hpexe_return? HTTP/1.1" 200 1003
186.67.172.234 - - [09/Jan/2018:10:34:47 -0300] "GET /cormun/servlet/trsolicitudot HTTP/1.1" 200 10364
186.67.172.234 - - [09/Jan/2018:10:34:48 -0300] "GET /cormun/servlet/trsolicitudot HTTP/1.1" 200 10360
192.168.10.90 - - [09/Jan/2018:10:35:10 -0300] "GET /cormun/servlet/solicitudcurso?596746da0a754d0482ee6349606dd279c77a93fdaf0c1d30aec9bdb308b117b4cdf81de92725fea785534efe8cf41c2f,gx-no-cache=1515504770881 HTTP/1.1" 200 179
192.168.10.90 - - [09/Jan/2018:10:35:10 -0300] "GET /cormun/static/Shared/jqueryui/images/ui-bg_highlight-soft_100_c6c2c8_1x100.png HTTP/1.1" 404 1117
192.168.10.90 - - [09/Jan/2018:10:35:10 -0300] "GET /cormun/static/Shared/jqueryui/images/ui-icons_82798d_256x240.png HTTP/1.1" 404 1089
192.168.10.90 - - [09/Jan/2018:10:35:10 -0300] "GET /cormun/static/Shared/jqueryui/images/ui-icons_ebccce_256x240.png HTTP/1.1" 404 1089
192.168.10.90 - - [09/Jan/2018:10:35:10 -0300] "GET /cormun/static/Shared/jqueryui/images/ui-bg_flat_55_994d53_40x100.png HTTP/1.1" 404 1097
192.168.10.90 - - [09/Jan/2018:10:35:27 -0300] "GET /cormun/servlet/trsecurityuser01? HTTP/1.1" 200 12124
192.168.10.90 - - [09/Jan/2018:10:35:27 -0300] "GET /cormun/static/gxcfg.js?201762721181157 HTTP/1.1" 200 953
192.168.10.90 - - [09/Jan/2018:10:35:27 -0300] "GET /cormun/static/trsecurityuser01.js?201762721181494 HTTP/1.1" 200 19558
192.168.10.90 - - [09/Jan/2018:10:35:27 -0300] "GET /cormun/static/Resources/PXToolsActionExcel.png HTTP/1.1" 200 3187
192.168.10.90 - - [09/Jan/2018:10:35:27 -0300] "GET /cormun//static/Resources/PXToolsHeaderPreferences.png HTTP/1.1" 200 4189
192.168.10.90 - - [09/Jan/2018:10:35:27 -0300] "GET /cormun//static/Resources/PXToolsGridDelete.png HTTP/1.1" 200 357
192.168.10.90 - - [09/Jan/2018:10:35:27 -0300] "GET /cormun//static/Resources/PXToolsGridUpdate.png HTTP/1.1" 200 2984
192.168.10.90 - - [09/Jan/2018:10:35:27 -0300] "GET /cormun//static/Resources/PXToolsAddAllAction.png HTTP/1.1" 200 3624
192.168.10.90 - - [09/Jan/2018:10:35:27 -0300] "GET /cormun/servlet/trsecurityuser01? HTTP/1.1" 200 12118
186.67.172.234 - - [09/Jan/2018:10:35:38 -0300] "GET /cormun/servlet/solicitudot?INS,0,0, HTTP/1.1" 200 13019
186.67.172.234 - - [09/Jan/2018:10:35:39 -0300] "GET /cormun/servlet/solicitudot?INS,0,0, HTTP/1.1" 200 13023
186.67.172.234 - - [09/Jan/2018:10:35:53 -0300] "POST /cormun/servlet/solicitudot?gx-no-cache=1515504913903 HTTP/1.1" 200 3237
186.67.172.234 - - [09/Jan/2018:10:35:53 -0300] "POST /cormun/servlet/solicitudot?9a7ff581075c9baf432784ef11227099,INS,0,0,,gx-no-cache=1515504914093 HTTP/1.1" 200 10106
186.67.172.234 - - [09/Jan/2018:10:35:59 -0300] "GET /cormun/servlet/solicitudot?2b3ffd0fc2755cb2354396328dc0ac1d732652f40910cf598375b973de7be8177ab77fdefa186590b3cb65bfd69b8383,gx-no-cache=1515504919471 HTTP/1.1" 200 30
186.67.172.234 - - [09/Jan/2018:10:35:59 -0300] "POST /cormun/servlet/solicitudot?gx-no-cache=1515504919509 HTTP/1.1" 200 255
186.67.172.234 - - [09/Jan/2018:10:35:59 -0300] "GET /cormun/servlet/solicitudot?2b3ffd0fc2755cb2354396328dc0ac1d51a218034b1ede0f8d1f536767909a7fb700c4b13050466f6ea9395235451ca8c46ffe5f235c8578814bbe63a2047b3f6c4b21bcf270cb6cc155268f44005677b45a7bb03a6aa225908207a8a4a4d63def1bd930fdf3eb38f33ebdaac76770151b5c944dc72bed5e06636bb34383b9a28f7aac9b6f6028dc8a520a81fde66318e05620c7b4be66f440e752750e83e4683c9fbc8575c31f5b493b702b92329c962db0391bc31c212461f741d6495d830e4fd64c2c6bbebee871a61b8fc9e7549c7561cba1920cd2f314cd78b37d0b9a38709436eca9c86014a3e9dfefbbb3e78dcfb8643a776b045a0e4df11a1fe4d5a2baf7d65b8ab384dac1bb724fb31962f3f4c85acdc62a42d74eca205b6011905829b6f2bd5def0395637c863b38e8e7a402990a15d14d9f8b0709b9edb5e7b3ecd06875032852e1ad5efd6654288de2a65f5ae25d3279cc203a9dda1fbaf36205dd09e479ee3f7ea9b966b9b524e89504edbaac8a85329323e2012c3377d796eb,gx-no-cache=1515504919557 HTTP/1.1" 200 30
186.67.172.234 - - [09/Jan/2018:10:36:01 -0300] "POST /cormun/servlet/solicitudot?gx-no-cache=1515504921818 HTTP/1.1" 200 30
186.67.172.234 - - [09/Jan/2018:10:36:03 -0300] "POST /cormun/servlet/solicitudot?gx-no-cache=1515504923719 HTTP/1.1" 200 1359
186.67.172.234 - - [09/Jan/2018:10:36:03 -0300] "POST /cormun/servlet/solicitudot?gx-no-cache=1515504923786 HTTP/1.1" 200 38
186.67.172.234 - - [09/Jan/2018:10:36:13 -0300] "GET /cormun/servlet/solicitudot?2b3ffd0fc2755cb2354396328dc0ac1d98afa36fef6c651a89ef61d5fc83cb2e87efdfdce3de6f90604ba1172befe5917167a6920fa1c81ebd14abaab9f60594809203d02dcf56071c80b7401d4d66caa207ebc75d5500b360d0aecc61dbd202fd79e0f052a9beb60fbdfc7e37478280641034e28f95d9cb23ce9c8e284bca186e2a33d5366fe2e3fa863054e76365fc012776e4658684e1728b692b2c0f3e9167764f131dc8a5d3de24234d83092f8afc4e4845baea966e12579f2c77205f3c6970c704b2c71c1fab7a6ea343b6d207,gx-no-cache=1515504933407 HTTP/1.1" 200 29
186.67.172.234 - - [09/Jan/2018:10:36:13 -0300] "POST /cormun/servlet/solicitudot?gx-no-cache=1515504933445 HTTP/1.1" 200 1341
186.67.172.234 - - [09/Jan/2018:10:36:13 -0300] "GET /cormun/static/menuarrow.gif HTTP/1.1" 404 1015
186.67.172.234 - - [09/Jan/2018:10:36:15 -0300] "POST /cormun/servlet/solicitudot?gx-no-cache=1515504935593 HTTP/1.1" 200 1341
192.168.10.90 - - [09/Jan/2018:10:36:18 -0300] "GET /cormun/servlet/trsecurityrole? HTTP/1.1" 200 10513
192.168.10.90 - - [09/Jan/2018:10:36:18 -0300] "GET /cormun/static/gxcfg.js?20175251224777 HTTP/1.1" 200 953
192.168.10.90 - - [09/Jan/2018:10:36:18 -0300] "GET /cormun/static/trsecurityrole.js?20175251225115 HTTP/1.1" 200 15964
192.168.10.90 - - [09/Jan/2018:10:36:18 -0300] "GET /cormun//static/Resources/PXToolsGridDisplay.png HTTP/1.1" 200 362
192.168.10.90 - - [09/Jan/2018:10:36:18 -0300] "GET /cormun/servlet/trsecurityrole? HTTP/1.1" 200 10513
186.67.172.234 - - [09/Jan/2018:10:36:24 -0300] "GET /cormun/servlet/solicitudot?2b3ffd0fc2755cb2354396328dc0ac1de9014f562fc4654e2ef716cb4df60b008ba4420c28768c8f8e3f7465fd11f6de,gx-no-cache=1515504944609 HTTP/1.1" 200 30
186.67.172.234 - - [09/Jan/2018:10:36:30 -0300] "POST /cormun/servlet/solicitudot?gx-no-cache=1515504951129 HTTP/1.1" 200 30
192.168.10.90 - - [09/Jan/2018:10:36:38 -0300] "GET /cormun/servlet/trsecurityuserroles?2500, HTTP/1.1" 200 7124
192.168.10.90 - - [09/Jan/2018:10:36:38 -0300] "GET /cormun/static/gxcfg.js?20177612144287 HTTP/1.1" 200 953
192.168.10.90 - - [09/Jan/2018:10:36:38 -0300] "GET /cormun/static/trsecurityuserroles.js?20177612144520 HTTP/1.1" 200 16289
192.168.10.90 - - [09/Jan/2018:10:36:38 -0300] "GET /cormun/servlet/trsecurityuserroles?2500, HTTP/1.1" 200 7124
186.67.172.234 - - [09/Jan/2018:10:36:40 -0300] "POST /cormun/servlet/solicitudot?9a7ff581075c9baf432784ef11227099,INS,0,0,,gx-no-cache=1515504960208 HTTP/1.1" 200 93
186.67.172.234 - - [09/Jan/2018:10:36:40 -0300] "GET /cormun/servlet/hpexe_return? HTTP/1.1" 200 1003
186.67.172.234 - - [09/Jan/2018:10:36:40 -0300] "GET /cormun/servlet/trsolicitudot HTTP/1.1" 200 10619
186.67.172.234 - - [09/Jan/2018:10:36:41 -0300] "GET /cormun/servlet/trsolicitudot HTTP/1.1" 200 10615
186.67.172.234 - - [09/Jan/2018:10:36:49 -0300] "GET /cormun/servlet/solicitudot?INS,0,0, HTTP/1.1" 200 13019
192.168.10.90 - - [09/Jan/2018:10:36:49 -0300] "GET /cormun/servlet/trsecurityuser01? HTTP/1.1" 200 12125
192.168.10.90 - - [09/Jan/2018:10:36:49 -0300] "GET /cormun/servlet/trsecurityuser01? HTTP/1.1" 200 12118
186.67.172.234 - - [09/Jan/2018:10:36:49 -0300] "GET /cormun/servlet/solicitudot?INS,0,0, HTTP/1.1" 200 13024
192.168.10.90 - - [09/Jan/2018:10:36:58 -0300] "POST /cormun/servlet/trsecurityuser01?b02bb87456887ce6633f29f0252cf17d,,gx-no-cache=1515504879098 HTTP/1.1" 200 4257
192.168.10.90 - - [09/Jan/2018:10:37:03 -0300] "POST /cormun/servlet/trsecurityuser01?b02bb87456887ce6633f29f0252cf17d,,gx-no-cache=1515504884089 HTTP/1.1" 200 5163
192.168.10.90 - - [09/Jan/2018:10:37:07 -0300] "GET /cormun/servlet/securityusers?UPD,23, HTTP/1.1" 200 7731
192.168.10.90 - - [09/Jan/2018:10:37:07 -0300] "GET /cormun/static/gxcfg.js?20176272118832 HTTP/1.1" 200 953
192.168.10.90 - - [09/Jan/2018:10:37:07 -0300] "GET /cormun/static/securityusers.js?20176272118873 HTTP/1.1" 200 21417
192.168.10.90 - - [09/Jan/2018:10:37:07 -0300] "GET /cormun/servlet/securityusers?UPD,23, HTTP/1.1" 200 7730
186.67.172.234 - - [09/Jan/2018:10:37:08 -0300] "POST /cormun/servlet/solicitudot?gx-no-cache=1515504988957 HTTP/1.1" 200 3266
186.67.172.234 - - [09/Jan/2018:10:37:08 -0300] "POST /cormun/servlet/solicitudot?9a7ff581075c9baf432784ef11227099,INS,0,0,,gx-no-cache=1515504989109 HTTP/1.1" 200 10130
186.67.172.234 - - [09/Jan/2018:10:37:10 -0300] "GET /cormun/servlet/solicitudot?2b3ffd0fc2755cb2354396328dc0ac1d9eac847a78cc47b80406ad90ffe548527ab77fdefa186590b3cb65bfd69b8383,gx-no-cache=1515504991105 HTTP/1.1" 200 30
186.67.172.234 - - [09/Jan/2018:10:37:10 -0300] "POST /cormun/servlet/solicitudot?gx-no-cache=1515504991141 HTTP/1.1" 200 255
186.67.172.234 - - [09/Jan/2018:10:37:10 -0300] "GET /cormun/servlet/solicitudot?2b3ffd0fc2755cb2354396328dc0ac1d51a218034b1ede0f8d1f536767909a7fb700c4b13050466f6ea9395235451ca8c46ffe5f235c8578814bbe63a2047b3f6c4b21bcf270cb6cc155268f44005677b45a7bb03a6aa225908207a8a4a4d63def1bd930fdf3eb38f33ebdaac76770151b5c944dc72bed5e06636bb34383b9a28f7aac9b6f6028dc8a520a81fde66318e05620c7b4be66f440e752750e83e4683c9fbc8575c31f5b493b702b92329c962db0391bc31c212461f741d6495d830e4fd64c2c6bbebee871a61b8fc9e7549c7561cba1920cd2f314cd78b37d0b9a38709436eca9c86014a3e9dfefbbb3e78dcfb8643a776b045a0e4df11a1fe4d5a2baf7d65b8ab384dac1bb724fb31962f3f4c85acdc62a42d74eca205b6011905829b6f2bd5def0395637c863b38e8e7a402990a15d14d9f8b0709b9edb5e7b3ecd06875032852e1ad5efd6654288de2a65f5ae25d3279cc203a9dda1fbaf36205dd09e479ee3f7ea9b966b9b524e89504edbaac8a85329323e2012c3377d796eb,gx-no-cache=1515504991184 HTTP/1.1" 200 30
186.67.172.234 - - [09/Jan/2018:10:37:12 -0300] "POST /cormun/servlet/solicitudot?gx-no-cache=1515504992688 HTTP/1.1" 200 30
192.168.10.90 - - [09/Jan/2018:10:37:32 -0300] "GET /cormun/servlet/hlogin HTTP/1.1" 200 1737
192.168.10.90 - - [09/Jan/2018:10:37:36 -0300] "POST /cormun/servlet/hlogin?b02bb87456887ce6633f29f0252cf17d,gx-no-cache=1515504916969 HTTP/1.1" 200 451
192.168.10.90 - - [09/Jan/2018:10:37:44 -0300] "POST /cormun/servlet/hlogin?b02bb87456887ce6633f29f0252cf17d,gx-no-cache=1515504924927 HTTP/1.1" 200 90
192.168.10.90 - - [09/Jan/2018:10:37:44 -0300] "GET /cormun/servlet/hpexe_link HTTP/1.1" 200 946
192.168.10.90 - - [09/Jan/2018:10:37:44 -0300] "GET /cormun/servlet/hhome HTTP/1.1" 200 4007
192.168.10.90 - - [09/Jan/2018:10:37:45 -0300] "GET /cormun/servlet/hhome HTTP/1.1" 200 4004
192.168.10.90 - - [09/Jan/2018:10:37:51 -0300] "GET /cormun/servlet/hlogin HTTP/1.1" 200 1729
186.67.172.234 - - [09/Jan/2018:10:38:01 -0300] "POST /cormun/servlet/solicitudot?gx-no-cache=1515505041174 HTTP/1.1" 200 1359
186.67.172.234 - - [09/Jan/2018:10:38:01 -0300] "POST /cormun/servlet/solicitudot?gx-no-cache=1515505041435 HTTP/1.1" 200 38
186.67.172.234 - - [09/Jan/2018:10:38:08 -0300] "GET /cormun/servlet/solicitudot?2b3ffd0fc2755cb2354396328dc0ac1d98afa36fef6c651a89ef61d5fc83cb2e87efdfdce3de6f90604ba1172befe591887778990662ff633316d5e6c885cd4d809203d02dcf56071c80b7401d4d66caa207ebc75d5500b360d0aecc61dbd202fd79e0f052a9beb60fbdfc7e37478280641034e28f95d9cb23ce9c8e284bca186e2a33d5366fe2e3fa863054e76365fc012776e4658684e1728b692b2c0f3e9167764f131dc8a5d3de24234d83092f8afc4e4845baea966e12579f2c77205f3c6970c704b2c71c1fab7a6ea343b6d207,gx-no-cache=1515505048323 HTTP/1.1" 200 29
186.67.172.234 - - [09/Jan/2018:10:38:09 -0300] "POST /cormun/servlet/solicitudot?gx-no-cache=1515505050007 HTTP/1.1" 200 1341
186.67.172.234 - - [09/Jan/2018:10:38:09 -0300] "GET /cormun/static/menuarrow.gif HTTP/1.1" 404 1015
186.67.172.234 - - [09/Jan/2018:10:38:12 -0300] "POST /cormun/servlet/solicitudot?gx-no-cache=1515505052495 HTTP/1.1" 200 1341
186.67.172.234 - - [09/Jan/2018:10:38:14 -0300] "GET /cormun/servlet/solicitudot?2b3ffd0fc2755cb2354396328dc0ac1de9014f562fc4654e2ef716cb4df60b008ba4420c28768c8f8e3f7465fd11f6de,gx-no-cache=1515505055082 HTTP/1.1" 200 30
192.168.10.90 - - [09/Jan/2018:10:38:19 -0300] "POST /cormun/servlet/hlogin?b02bb87456887ce6633f29f0252cf17d,gx-no-cache=1515504960168 HTTP/1.1" 200 90
192.168.10.90 - - [09/Jan/2018:10:38:19 -0300] "GET /cormun/servlet/hpexe_link HTTP/1.1" 200 946
192.168.10.90 - - [09/Jan/2018:10:38:19 -0300] "GET /cormun/servlet/hhome HTTP/1.1" 200 4672
186.67.172.234 - - [09/Jan/2018:10:38:20 -0300] "POST /cormun/servlet/solicitudot?gx-no-cache=1515505060321 HTTP/1.1" 200 30
192.168.10.90 - - [09/Jan/2018:10:38:20 -0300] "GET /cormun/servlet/hhome HTTP/1.1" 200 4668
192.168.10.90 - - [09/Jan/2018:10:38:25 -0300] "GET /cormun/servlet/trsecurityuser01? HTTP/1.1" 200 7749
192.168.10.90 - - [09/Jan/2018:10:38:25 -0300] "GET /cormun/servlet/trsecurityuser01? HTTP/1.1" 200 7747
192.168.10.90 - - [09/Jan/2018:10:38:28 -0300] "GET /cormun/servlet/securityusers?UPD,23, HTTP/1.1" 200 7731
192.168.10.90 - - [09/Jan/2018:10:38:28 -0300] "GET /cormun/servlet/securityusers?UPD,23, HTTP/1.1" 200 7730
186.67.172.234 - - [09/Jan/2018:10:38:31 -0300] "POST /cormun/servlet/solicitudot?9a7ff581075c9baf432784ef11227099,INS,0,0,,gx-no-cache=1515505071599 HTTP/1.1" 200 93
186.67.172.234 - - [09/Jan/2018:10:38:31 -0300] "GET /cormun/servlet/hpexe_return? HTTP/1.1" 200 1003
186.67.172.234 - - [09/Jan/2018:10:38:31 -0300] "GET /cormun/servlet/trsolicitudot HTTP/1.1" 200 10981
186.67.172.234 - - [09/Jan/2018:10:38:32 -0300] "GET /cormun/servlet/trsolicitudot HTTP/1.1" 200 10976
192.168.10.90 - - [09/Jan/2018:10:38:38 -0300] "POST /cormun/servlet/securityusers?b02bb87456887ce6633f29f0252cf17d,UPD,23,,gx-no-cache=1515504978937 HTTP/1.1" 200 93
192.168.10.90 - - [09/Jan/2018:10:38:38 -0300] "GET /cormun/servlet/hpexe_return? HTTP/1.1" 200 1003
192.168.10.90 - - [09/Jan/2018:10:38:38 -0300] "GET /cormun/static/gxcfg.js?2016101716175148 HTTP/1.1" 200 953
192.168.10.90 - - [09/Jan/2018:10:38:38 -0300] "GET /cormun/static/hpexe_return.js?2016101716175153 HTTP/1.1" 200 1633
192.168.10.90 - - [09/Jan/2018:10:38:38 -0300] "GET /cormun/static/Resources/Spanish/PXTools.css?167811 HTTP/1.1" 200 89042
192.168.10.90 - - [09/Jan/2018:10:38:38 -0300] "GET /cormun/servlet/trsecurityuser01 HTTP/1.1" 200 7751
192.168.10.90 - - [09/Jan/2018:10:38:39 -0300] "GET /cormun/servlet/trsecurityuser01 HTTP/1.1" 200 7747
186.67.172.234 - - [09/Jan/2018:10:38:46 -0300] "GET /cormun/servlet/solicitudot?INS,0,0, HTTP/1.1" 200 13019
186.67.172.234 - - [09/Jan/2018:10:38:47 -0300] "GET /cormun/servlet/solicitudot?INS,0,0, HTTP/1.1" 200 13024
192.168.10.90 - - [09/Jan/2018:10:38:53 -0300] "GET /cormun/servlet/trsecurityrole? HTTP/1.1" 200 10513
192.168.10.90 - - [09/Jan/2018:10:38:53 -0300] "GET /cormun/servlet/trsecurityrole? HTTP/1.1" 200 10513
186.67.172.234 - - [09/Jan/2018:10:38:56 -0300] "POST /cormun/servlet/solicitudot?gx-no-cache=1515505096370 HTTP/1.1" 200 3266
186.67.172.234 - - [09/Jan/2018:10:38:56 -0300] "POST /cormun/servlet/solicitudot?9a7ff581075c9baf432784ef11227099,INS,0,0,,gx-no-cache=1515505096522 HTTP/1.1" 200 10129
186.67.172.234 - - [09/Jan/2018:10:38:57 -0300] "GET /cormun/servlet/solicitudot?2b3ffd0fc2755cb2354396328dc0ac1d9eac847a78cc47b80406ad90ffe548527ab77fdefa186590b3cb65bfd69b8383,gx-no-cache=1515505098169 HTTP/1.1" 200 30
186.67.172.234 - - [09/Jan/2018:10:38:57 -0300] "POST /cormun/servlet/solicitudot?gx-no-cache=1515505098247 HTTP/1.1" 200 255
186.67.172.234 - - [09/Jan/2018:10:38:58 -0300] "GET /cormun/servlet/solicitudot?2b3ffd0fc2755cb2354396328dc0ac1d51a218034b1ede0f8d1f536767909a7fb700c4b13050466f6ea9395235451ca8c46ffe5f235c8578814bbe63a2047b3f6c4b21bcf270cb6cc155268f44005677b45a7bb03a6aa225908207a8a4a4d63def1bd930fdf3eb38f33ebdaac76770151b5c944dc72bed5e06636bb34383b9a28f7aac9b6f6028dc8a520a81fde66318e05620c7b4be66f440e752750e83e4683c9fbc8575c31f5b493b702b92329c962db0391bc31c212461f741d6495d830e4fd64c2c6bbebee871a61b8fc9e7549c7561cba1920cd2f314cd78b37d0b9a38709436eca9c86014a3e9dfefbbb3e78dcfb8643a776b045a0e4df11a1fe4d5a2baf7d65b8ab384dac1bb724fb31962f3f4c85acdc62a42d74eca205b6011905829b6f2bd5def0395637c863b38e8e7a402990a15d14d9f8b0709b9edb5e7b3ecd06875032852e1ad5efd6654288de2a65f5ae25d3279cc203a9dda1fbaf36205dd09e479ee3f7ea9b966b9b524e89504edbaac8a85329323e2012c3377d796eb,gx-no-cache=1515505098305 HTTP/1.1" 200 30
186.67.172.234 - - [09/Jan/2018:10:38:59 -0300] "POST /cormun/servlet/solicitudot?gx-no-cache=1515505099833 HTTP/1.1" 200 30
186.67.172.234 - - [09/Jan/2018:10:39:01 -0300] "POST /cormun/servlet/solicitudot?gx-no-cache=1515505101372 HTTP/1.1" 200 1359
186.67.172.234 - - [09/Jan/2018:10:39:01 -0300] "POST /cormun/servlet/solicitudot?gx-no-cache=1515505101434 HTTP/1.1" 200 38
186.67.172.234 - - [09/Jan/2018:10:39:05 -0300] "GET /cormun/servlet/solicitudot?2b3ffd0fc2755cb2354396328dc0ac1d98afa36fef6c651a89ef61d5fc83cb2e87efdfdce3de6f90604ba1172befe591887778990662ff633316d5e6c885cd4d809203d02dcf56071c80b7401d4d66caa207ebc75d5500b360d0aecc61dbd202fd79e0f052a9beb60fbdfc7e37478280641034e28f95d9cb23ce9c8e284bca186e2a33d5366fe2e3fa863054e76365fc012776e4658684e1728b692b2c0f3e9167764f131dc8a5d3de24234d83092f8afc4e4845baea966e12579f2c77205f3c6970c704b2c71c1fab7a6ea343b6d207,gx-no-cache=1515505106192 HTTP/1.1" 200 29
192.168.10.90 - - [09/Jan/2018:10:39:06 -0300] "GET /cormun/servlet/trsecurityuserroles?2500, HTTP/1.1" 200 7124
192.168.10.90 - - [09/Jan/2018:10:39:06 -0300] "GET /cormun/servlet/trsecurityuserroles?2500, HTTP/1.1" 200 7124
186.67.172.234 - - [09/Jan/2018:10:39:13 -0300] "POST /cormun/servlet/solicitudot?gx-no-cache=1515505113808 HTTP/1.1" 200 1341
186.67.172.234 - - [09/Jan/2018:10:39:13 -0300] "GET /cormun/static/menuarrow.gif HTTP/1.1" 404 1015
192.168.10.90 - - [09/Jan/2018:10:39:15 -0300] "GET /cormun/servlet/trsecurityuser01? HTTP/1.1" 200 7753
186.67.172.234 - - [09/Jan/2018:10:39:15 -0300] "POST /cormun/servlet/solicitudot?gx-no-cache=1515505115589 HTTP/1.1" 200 1341
192.168.10.90 - - [09/Jan/2018:10:39:15 -0300] "GET /cormun/servlet/trsecurityuser01? HTTP/1.1" 200 7747
186.67.172.234 - - [09/Jan/2018:10:39:20 -0300] "GET /cormun/servlet/solicitudot?2b3ffd0fc2755cb2354396328dc0ac1de9014f562fc4654e2ef716cb4df60b008ba4420c28768c8f8e3f7465fd11f6de,gx-no-cache=1515505120447 HTTP/1.1" 200 30
192.168.10.90 - - [09/Jan/2018:10:39:24 -0300] "POST /cormun/servlet/trsecurityuser01?b02bb87456887ce6633f29f0252cf17d,,gx-no-cache=1515505024450 HTTP/1.1" 200 5304
186.67.172.234 - - [09/Jan/2018:10:39:24 -0300] "POST /cormun/servlet/solicitudot?gx-no-cache=1515505124465 HTTP/1.1" 200 30
186.67.172.234 - - [09/Jan/2018:10:39:32 -0300] "POST /cormun/servlet/solicitudot?9a7ff581075c9baf432784ef11227099,INS,0,0,,gx-no-cache=1515505132519 HTTP/1.1" 200 93
186.67.172.234 - - [09/Jan/2018:10:39:32 -0300] "GET /cormun/servlet/hpexe_return? HTTP/1.1" 200 1003
186.67.172.234 - - [09/Jan/2018:10:39:32 -0300] "GET /cormun/servlet/trsolicitudot HTTP/1.1" 200 11290
186.67.172.234 - - [09/Jan/2018:10:39:33 -0300] "GET /cormun/servlet/trsolicitudot HTTP/1.1" 200 11286
192.168.10.90 - - [09/Jan/2018:10:39:33 -0300] "POST /cormun/servlet/trsecurityuser01?b02bb87456887ce6633f29f0252cf17d,,gx-no-cache=1515505034159 HTTP/1.1" 200 4261
192.168.10.90 - - [09/Jan/2018:10:39:37 -0300] "POST /cormun/servlet/trsecurityuser01?b02bb87456887ce6633f29f0252cf17d,,gx-no-cache=1515505038183 HTTP/1.1" 200 9787
192.168.10.90 - - [09/Jan/2018:10:39:38 -0300] "GET /cormun/static/Resources/PXToolsGridNext.gif HTTP/1.1" 200 369
192.168.10.90 - - [09/Jan/2018:10:39:38 -0300] "GET /cormun/static/Resources/PXToolsGridLast.gif HTTP/1.1" 200 370
186.67.172.234 - - [09/Jan/2018:10:39:42 -0300] "GET /cormun/servlet/solicitudot?INS,0,0, HTTP/1.1" 200 13019
186.67.172.234 - - [09/Jan/2018:10:39:42 -0300] "GET /cormun/servlet/solicitudot?INS,0,0, HTTP/1.1" 200 13024
192.168.10.90 - - [09/Jan/2018:10:39:50 -0300] "GET /cormun/servlet/securityusers?UPD,61, HTTP/1.1" 200 7719
192.168.10.90 - - [09/Jan/2018:10:39:51 -0300] "GET /cormun/servlet/securityusers?UPD,61, HTTP/1.1" 200 7719
186.67.172.234 - - [09/Jan/2018:10:40:00 -0300] "POST /cormun/servlet/solicitudot?gx-no-cache=1515505160656 HTTP/1.1" 200 3235
186.67.172.234 - - [09/Jan/2018:10:40:00 -0300] "POST /cormun/servlet/solicitudot?9a7ff581075c9baf432784ef11227099,INS,0,0,,gx-no-cache=1515505160816 HTTP/1.1" 200 10106
192.168.10.90 - - [09/Jan/2018:10:40:03 -0300] "GET /cormun/servlet/hlogin HTTP/1.1" 200 1737
186.67.172.234 - - [09/Jan/2018:10:40:06 -0300] "GET /cormun/servlet/solicitudot?2b3ffd0fc2755cb2354396328dc0ac1d0bb77d283c69bf02ebc39af055ba8d6b7ab77fdefa186590b3cb65bfd69b8383,gx-no-cache=1515505166947 HTTP/1.1" 200 30
186.67.172.234 - - [09/Jan/2018:10:40:06 -0300] "POST /cormun/servlet/solicitudot?gx-no-cache=1515505166979 HTTP/1.1" 200 255
186.67.172.234 - - [09/Jan/2018:10:40:06 -0300] "GET /cormun/servlet/solicitudot?2b3ffd0fc2755cb2354396328dc0ac1d51a218034b1ede0f8d1f536767909a7fb700c4b13050466f6ea9395235451ca8c46ffe5f235c8578814bbe63a2047b3f6c4b21bcf270cb6cc155268f44005677b45a7bb03a6aa225908207a8a4a4d63def1bd930fdf3eb38f33ebdaac76770151b5c944dc72bed5e06636bb34383b9a28f7aac9b6f6028dc8a520a81fde66318e05620c7b4be66f440e752750e83e4683c9fbc8575c31f5b493b702b92329c962db0391bc31c212461f741d6495d830e4fd64c2c6bbebee871a61b8fc9e7549c7561cba1920cd2f314cd78b37d0b9a38709436eca9c86014a3e9dfefbbb3e78dcfb8643a776b045a0e4df11a1fe4d5a2baf7d65b8ab384dac1bb724fb31962f3f4c85acdc62a42d74eca205b6011905829b6f2bd5def0395637c863b38e8e7a402990a15d14d9f8b0709b9edb5e7b3ecd06875032852e1ad5efd6654288de2a65f5ae25d3279cc203a9dda1fbaf36205dd09e479ee3f7ea9b966b9b524e89504edbaac8a85329323e2012c3377d796eb,gx-no-cache=1515505167015 HTTP/1.1" 200 30
186.67.172.234 - - [09/Jan/2018:10:40:08 -0300] "POST /cormun/servlet/solicitudot?gx-no-cache=1515505168966 HTTP/1.1" 200 30
192.168.10.90 - - [09/Jan/2018:10:40:13 -0300] "POST /cormun/servlet/hlogin?b02bb87456887ce6633f29f0252cf17d,gx-no-cache=1515505073456 HTTP/1.1" 200 90
192.168.10.90 - - [09/Jan/2018:10:40:13 -0300] "GET /cormun/servlet/hpexe_link HTTP/1.1" 200 946
192.168.10.90 - - [09/Jan/2018:10:40:13 -0300] "GET /cormun/servlet/hhome HTTP/1.1" 200 3845
192.168.10.90 - - [09/Jan/2018:10:40:13 -0300] "GET /cormun/servlet/hhome HTTP/1.1" 200 3842
186.67.172.234 - - [09/Jan/2018:10:40:18 -0300] "POST /cormun/servlet/solicitudot?gx-no-cache=1515505178594 HTTP/1.1" 200 1359
186.67.172.234 - - [09/Jan/2018:10:40:18 -0300] "POST /cormun/servlet/solicitudot?gx-no-cache=1515505178681 HTTP/1.1" 200 38
192.168.10.90 - - [09/Jan/2018:10:40:37 -0300] "GET /cormun/servlet/hlogin HTTP/1.1" 200 1729
186.67.172.234 - - [09/Jan/2018:10:41:03 -0300] "GET /cormun/servlet/solicitudot?2b3ffd0fc2755cb2354396328dc0ac1d98afa36fef6c651a89ef61d5fc83cb2e87efdfdce3de6f90604ba1172befe591887778990662ff633316d5e6c885cd4d809203d02dcf56071c80b7401d4d66caa207ebc75d5500b360d0aecc61dbd202fd79e0f052a9beb60fbdfc7e37478280641034e28f95d9cb23ce9c8e284bca186e2a33d5366fe2e3fa863054e76365fc012776e4658684e1728b692b2c0f3e9167764f131dc8a5d3de24234d83092f8afc4e4845baea966e12579f2c77205f3c6970c704b2c71c1fab7a6ea343b6d207,gx-no-cache=1515505223981 HTTP/1.1" 200 29
186.67.172.234 - - [09/Jan/2018:10:41:05 -0300] "POST /cormun/servlet/solicitudot?gx-no-cache=1515505225658 HTTP/1.1" 200 1341
186.67.172.234 - - [09/Jan/2018:10:41:05 -0300] "GET /cormun/static/menuarrow.gif HTTP/1.1" 404 1015
186.67.172.234 - - [09/Jan/2018:10:41:07 -0300] "POST /cormun/servlet/solicitudot?gx-no-cache=1515505227561 HTTP/1.1" 200 1341
186.67.172.234 - - [09/Jan/2018:10:41:11 -0300] "GET /cormun/servlet/solicitudot?2b3ffd0fc2755cb2354396328dc0ac1de9014f562fc4654e2ef716cb4df60b008ba4420c28768c8f8e3f7465fd11f6de,gx-no-cache=1515505231740 HTTP/1.1" 200 30
186.67.172.234 - - [09/Jan/2018:10:41:15 -0300] "POST /cormun/servlet/solicitudot?gx-no-cache=1515505235792 HTTP/1.1" 200 30
186.67.172.234 - - [09/Jan/2018:10:41:24 -0300] "POST /cormun/servlet/solicitudot?9a7ff581075c9baf432784ef11227099,INS,0,0,,gx-no-cache=1515505244747 HTTP/1.1" 200 93
186.67.172.234 - - [09/Jan/2018:10:41:24 -0300] "GET /cormun/servlet/hpexe_return? HTTP/1.1" 200 1003
186.67.172.234 - - [09/Jan/2018:10:41:25 -0300] "GET /cormun/servlet/trsolicitudot HTTP/1.1" 200 11671
186.67.172.234 - - [09/Jan/2018:10:41:25 -0300] "GET /cormun/servlet/trsolicitudot HTTP/1.1" 200 11667
186.67.172.234 - - [09/Jan/2018:10:41:38 -0300] "GET /cormun/servlet/solicitudot?INS,0,0, HTTP/1.1" 200 13019
186.67.172.234 - - [09/Jan/2018:10:41:39 -0300] "GET /cormun/servlet/solicitudot?INS,0,0, HTTP/1.1" 200 13024
186.67.172.234 - - [09/Jan/2018:10:41:48 -0300] "POST /cormun/servlet/solicitudot?gx-no-cache=1515505268771 HTTP/1.1" 200 3235
186.67.172.234 - - [09/Jan/2018:10:41:48 -0300] "POST /cormun/servlet/solicitudot?9a7ff581075c9baf432784ef11227099,INS,0,0,,gx-no-cache=1515505268915 HTTP/1.1" 200 10106
186.67.172.234 - - [09/Jan/2018:10:41:50 -0300] "GET /cormun/servlet/solicitudot?2b3ffd0fc2755cb2354396328dc0ac1d0bb77d283c69bf02ebc39af055ba8d6b7ab77fdefa186590b3cb65bfd69b8383,gx-no-cache=1515505270865 HTTP/1.1" 200 30
186.67.172.234 - - [09/Jan/2018:10:41:50 -0300] "POST /cormun/servlet/solicitudot?gx-no-cache=1515505270951 HTTP/1.1" 200 255
186.67.172.234 - - [09/Jan/2018:10:41:50 -0300] "GET /cormun/servlet/solicitudot?2b3ffd0fc2755cb2354396328dc0ac1d51a218034b1ede0f8d1f536767909a7fb700c4b13050466f6ea9395235451ca8c46ffe5f235c8578814bbe63a2047b3f6c4b21bcf270cb6cc155268f44005677b45a7bb03a6aa225908207a8a4a4d63def1bd930fdf3eb38f33ebdaac76770151b5c944dc72bed5e06636bb34383b9a28f7aac9b6f6028dc8a520a81fde66318e05620c7b4be66f440e752750e83e4683c9fbc8575c31f5b493b702b92329c962db0391bc31c212461f741d6495d830e4fd64c2c6bbebee871a61b8fc9e7549c7561cba1920cd2f314cd78b37d0b9a38709436eca9c86014a3e9dfefbbb3e78dcfb8643a776b045a0e4df11a1fe4d5a2baf7d65b8ab384dac1bb724fb31962f3f4c85acdc62a42d74eca205b6011905829b6f2bd5def0395637c863b38e8e7a402990a15d14d9f8b0709b9edb5e7b3ecd06875032852e1ad5efd6654288de2a65f5ae25d3279cc203a9dda1fbaf36205dd09e479ee3f7ea9b966b9b524e89504edbaac8a85329323e2012c3377d796eb,gx-no-cache=1515505271066 HTTP/1.1" 200 30
186.67.172.234 - - [09/Jan/2018:10:41:51 -0300] "POST /cormun/servlet/solicitudot?gx-no-cache=1515505272250 HTTP/1.1" 200 30
186.67.172.234 - - [09/Jan/2018:10:41:53 -0300] "POST /cormun/servlet/solicitudot?gx-no-cache=1515505273602 HTTP/1.1" 200 1359
186.67.172.234 - - [09/Jan/2018:10:41:53 -0300] "POST /cormun/servlet/solicitudot?gx-no-cache=1515505273686 HTTP/1.1" 200 38
186.67.172.234 - - [09/Jan/2018:10:41:58 -0300] "GET /cormun/servlet/solicitudot?2b3ffd0fc2755cb2354396328dc0ac1d98afa36fef6c651a89ef61d5fc83cb2e87efdfdce3de6f90604ba1172befe591887778990662ff633316d5e6c885cd4d809203d02dcf56071c80b7401d4d66caa207ebc75d5500b360d0aecc61dbd202fd79e0f052a9beb60fbdfc7e37478280641034e28f95d9cb23ce9c8e284bca186e2a33d5366fe2e3fa863054e76365fc012776e4658684e1728b692b2c0f3e9167764f131dc8a5d3de24234d83092f8afc4e4845baea966e12579f2c77205f3c6970c704b2c71c1fab7a6ea343b6d207,gx-no-cache=1515505279283 HTTP/1.1" 200 29
186.67.172.234 - - [09/Jan/2018:10:42:00 -0300] "POST /cormun/servlet/solicitudot?gx-no-cache=1515505281168 HTTP/1.1" 200 1341
186.67.172.234 - - [09/Jan/2018:10:42:00 -0300] "GET /cormun/static/menuarrow.gif HTTP/1.1" 404 1015
186.67.172.234 - - [09/Jan/2018:10:42:02 -0300] "POST /cormun/servlet/solicitudot?gx-no-cache=1515505283237 HTTP/1.1" 200 1341
186.67.172.234 - - [09/Jan/2018:10:42:05 -0300] "GET /cormun/servlet/solicitudot?2b3ffd0fc2755cb2354396328dc0ac1de9014f562fc4654e2ef716cb4df60b008ba4420c28768c8f8e3f7465fd11f6de,gx-no-cache=1515505286014 HTTP/1.1" 200 30
186.67.172.234 - - [09/Jan/2018:10:42:10 -0300] "POST /cormun/servlet/solicitudot?gx-no-cache=1515505290978 HTTP/1.1" 200 30
186.67.172.234 - - [09/Jan/2018:10:43:10 -0300] "POST /cormun/servlet/solicitudot?9a7ff581075c9baf432784ef11227099,INS,0,0,,gx-no-cache=1515505350719 HTTP/1.1" 200 93
186.67.172.234 - - [09/Jan/2018:10:43:10 -0300] "GET /cormun/servlet/hpexe_return? HTTP/1.1" 200 1003
186.67.172.234 - - [09/Jan/2018:10:43:11 -0300] "GET /cormun/servlet/trsolicitudot HTTP/1.1" 200 11981
186.67.172.234 - - [09/Jan/2018:10:43:11 -0300] "GET /cormun/servlet/trsolicitudot HTTP/1.1" 200 11977
192.168.10.90 - - [09/Jan/2018:10:45:28 -0300] "POST /cormun/servlet/hlogin?b02bb87456887ce6633f29f0252cf17d,gx-no-cache=1515505388609 HTTP/1.1" 200 441
192.168.10.90 - - [09/Jan/2018:10:45:36 -0300] "POST /cormun/servlet/hlogin?b02bb87456887ce6633f29f0252cf17d,gx-no-cache=1515505396519 HTTP/1.1" 200 90
192.168.10.90 - - [09/Jan/2018:10:45:36 -0300] "GET /cormun/servlet/hpexe_link HTTP/1.1" 200 946
192.168.10.90 - - [09/Jan/2018:10:45:36 -0300] "GET /cormun/servlet/hhome HTTP/1.1" 200 4672
192.168.10.90 - - [09/Jan/2018:10:45:36 -0300] "GET /cormun/servlet/hhome HTTP/1.1" 200 4668
192.168.10.90 - - [09/Jan/2018:10:45:54 -0300] "GET /cormun/servlet/trreportecursos? HTTP/1.1" 200 7125
192.168.10.90 - - [09/Jan/2018:10:45:54 -0300] "GET /cormun/static/gxcfg.js?20177617245137 HTTP/1.1" 200 953
192.168.10.90 - - [09/Jan/2018:10:45:54 -0300] "GET /cormun/static/trreportecursos.js?20177617245395 HTTP/1.1" 200 21229
192.168.10.90 - - [09/Jan/2018:10:45:55 -0300] "GET /cormun/static/Resources/PXToolsActionPrint.png HTTP/1.1" 200 3317
192.168.10.90 - - [09/Jan/2018:10:45:55 -0300] "GET /cormun/servlet/trreportecursos? HTTP/1.1" 200 7124
192.168.10.90 - - [09/Jan/2018:10:45:58 -0300] "GET /cormun/servlet/traurorizarcormun? HTTP/1.1" 200 8554
192.168.10.90 - - [09/Jan/2018:10:45:58 -0300] "GET /cormun/static/gxcfg.js?201762917423125 HTTP/1.1" 200 953
192.168.10.90 - - [09/Jan/2018:10:45:58 -0300] "GET /cormun/static/traurorizarcormun.js?201762917423821 HTTP/1.1" 200 37362
192.168.10.90 - - [09/Jan/2018:10:45:58 -0300] "GET /cormun/servlet/traurorizarcormun? HTTP/1.1" 200 8553
192.168.10.90 - - [09/Jan/2018:10:45:59 -0300] "POST /cormun/servlet/acontrolpreferencessavestate?None,CDROGUETT,true HTTP/1.1" 200 35
192.168.10.90 - - [09/Jan/2018:10:46:01 -0300] "GET /cormun/servlet/trautorizarcursodirector? HTTP/1.1" 200 7048
192.168.10.90 - - [09/Jan/2018:10:46:01 -0300] "GET /cormun/static/gxcfg.js?201762917422280 HTTP/1.1" 200 953
192.168.10.90 - - [09/Jan/2018:10:46:01 -0300] "GET /cormun/static/trautorizarcursodirector.js?201762917422819 HTTP/1.1" 200 33627
192.168.10.90 - - [09/Jan/2018:10:46:01 -0300] "GET /cormun/servlet/trautorizarcursodirector? HTTP/1.1" 200 7048
192.168.10.90 - - [09/Jan/2018:10:46:05 -0300] "GET /cormun/servlet/trcurso? HTTP/1.1" 200 12704
192.168.10.90 - - [09/Jan/2018:10:46:05 -0300] "GET /cormun/servlet/trcurso? HTTP/1.1" 200 12703
192.168.10.90 - - [09/Jan/2018:10:46:16 -0300] "GET /cormunbeta/servlet/hlogin HTTP/1.1" 200 1717
192.168.10.90 - - [09/Jan/2018:10:46:21 -0300] "POST /cormunbeta/servlet/hlogin?ac94ec5ddb5d53ecc85dbe83ae7257c8,gx-no-cache=1515505440137 HTTP/1.1" 200 90
192.168.10.90 - - [09/Jan/2018:10:46:21 -0300] "GET /cormunbeta/servlet/hpexe_link HTTP/1.1" 200 954
192.168.10.90 - - [09/Jan/2018:10:46:21 -0300] "GET /cormunbeta/static/gxcfg.js?20177612121792 HTTP/1.1" 304 -
192.168.10.90 - - [09/Jan/2018:10:46:22 -0300] "GET /cormunbeta/servlet/hhome HTTP/1.1" 200 3707
192.168.10.90 - - [09/Jan/2018:10:46:22 -0300] "GET /cormunbeta/static/gxcfg.js?20175251212442 HTTP/1.1" 304 -
192.168.10.90 - - [09/Jan/2018:10:46:23 -0300] "GET /cormunbeta/servlet/hhome HTTP/1.1" 200 3705
192.168.10.90 - - [09/Jan/2018:10:46:28 -0300] "GET /cormunbeta/servlet/trsendmailoutboxcab? HTTP/1.1" 200 6478
192.168.10.90 - - [09/Jan/2018:10:46:28 -0300] "GET /cormunbeta/static/gxcfg.js?2017913941759 HTTP/1.1" 304 -
192.168.10.90 - - [09/Jan/2018:10:46:28 -0300] "GET /cormunbeta/servlet/trsendmailoutboxcab? HTTP/1.1" 200 6477
192.168.10.90 - - [09/Jan/2018:10:46:47 -0300] "GET /cormunbeta/servlet/sendmailoutboxcab?INS,0, HTTP/1.1" 200 5352
192.168.10.90 - - [09/Jan/2018:10:46:47 -0300] "GET /cormunbeta/static/gxcfg.js?20179131523587 HTTP/1.1" 200 953
192.168.10.90 - - [09/Jan/2018:10:46:47 -0300] "GET /cormunbeta/static/CKEditor/CKEditorRender.js HTTP/1.1" 200 10219
192.168.10.90 - - [09/Jan/2018:10:46:47 -0300] "GET /cormunbeta/static/CKEditor/ckeditor/ckeditor.js HTTP/1.1" 200 508072
192.168.10.90 - - [09/Jan/2018:10:46:47 -0300] "GET /cormunbeta/static/sendmailoutboxcab.js?20179131523597 HTTP/1.1" 200 9408
192.168.10.90 - - [09/Jan/2018:10:46:47 -0300] "GET /cormunbeta/static/CKEditor/ckeditor/config.js?t=DBAA HTTP/1.1" 200 332
192.168.10.90 - - [09/Jan/2018:10:46:47 -0300] "GET /cormunbeta/static/CKEditor/ckeditor/skins/kama/skin.js?t=DBAA HTTP/1.1" 200 2418
192.168.10.90 - - [09/Jan/2018:10:46:47 -0300] "GET /cormunbeta/static/CKEditor/ckeditor/skins/kama/editor.css?t=DBAA HTTP/1.1" 200 33967
192.168.10.90 - - [09/Jan/2018:10:46:47 -0300] "GET /cormunbeta/static/CKEditor/ckeditor/lang/es.js?t=DBAA HTTP/1.1" 200 20018
192.168.10.90 - - [09/Jan/2018:10:46:47 -0300] "GET /cormunbeta/servlet/sendmailoutboxcab?INS,0, HTTP/1.1" 200 5353
192.168.10.90 - - [09/Jan/2018:10:46:47 -0300] "GET /cormunbeta/static/CKEditor/ckeditor/styles.js?t=DBAA HTTP/1.1" 200 3594
192.168.10.90 - - [09/Jan/2018:10:46:47 -0300] "GET /cormunbeta/static/CKEditor/ckeditor/skins/kama/icons.png HTTP/1.1" 200 7546
192.168.10.90 - - [09/Jan/2018:10:46:47 -0300] "GET /cormunbeta/static/CKEditor/ckeditor/contents.css HTTP/1.1" 200 1850
192.168.10.90 - - [09/Jan/2018:10:46:47 -0300] "GET /cormunbeta/static/CKEditor/ckeditor/plugins/icons.png?t=DBAA HTTP/1.1" 200 20643
192.168.10.90 - - [09/Jan/2018:10:46:53 -0300] "GET /cormunbeta/servlet/trsendmailoutboxcab? HTTP/1.1" 200 6478
192.168.10.90 - - [09/Jan/2018:10:46:53 -0300] "GET /cormunbeta/servlet/trsendmailoutboxcab? HTTP/1.1" 200 6477
192.168.10.90 - - [09/Jan/2018:10:46:55 -0300] "GET /cormunbeta/servlet/vesendmailoutboxcab?11,, HTTP/1.1" 200 7364
192.168.10.90 - - [09/Jan/2018:10:46:55 -0300] "GET /cormunbeta/static/gxcfg.js?20179816563422 HTTP/1.1" 304 -
192.168.10.90 - - [09/Jan/2018:10:46:55 -0300] "GET /cormunbeta/pexe_scrolldiv.js HTTP/1.1" 404 1017
192.168.10.90 - - [09/Jan/2018:10:46:55 -0300] "GET /cormunbeta/pexe_scrolldiv.js HTTP/1.1" 404 1017
192.168.10.90 - - [09/Jan/2018:10:46:56 -0300] "GET /cormunbeta/servlet/vesendmailoutboxcab?11,, HTTP/1.1" 200 7364
192.168.10.90 - - [09/Jan/2018:10:46:58 -0300] "GET /cormunbeta/servlet/trsendmailoutboxcab? HTTP/1.1" 200 6478
192.168.10.90 - - [09/Jan/2018:10:46:58 -0300] "GET /cormunbeta/servlet/trsendmailoutboxcab? HTTP/1.1" 200 6477
192.168.10.90 - - [09/Jan/2018:10:47:00 -0300] "GET /cormunbeta/servlet/sendmailoutboxcab?UPD,11, HTTP/1.1" 200 6212
192.168.10.90 - - [09/Jan/2018:10:47:00 -0300] "GET /cormunbeta/servlet/sendmailoutboxcab?UPD,11, HTTP/1.1" 200 6212
192.168.10.90 - - [09/Jan/2018:10:47:14 -0300] "GET /cormunbeta/static/CKEditor/ckeditor/plugins/magicline/images/icon.png HTTP/1.1" 200 172
192.168.10.90 - - [09/Jan/2018:10:47:31 -0300] "POST /cormunbeta/servlet/sendmailoutboxcab?ac94ec5ddb5d53ecc85dbe83ae7257c8,UPD,11,,gx-no-cache=1515505511759 HTTP/1.1" 200 93
192.168.10.90 - - [09/Jan/2018:10:47:31 -0300] "GET /cormunbeta/servlet/hpexe_return? HTTP/1.1" 200 1014
192.168.10.90 - - [09/Jan/2018:10:47:31 -0300] "GET /cormunbeta/static/gxcfg.js?2016101716175148 HTTP/1.1" 200 953
192.168.10.90 - - [09/Jan/2018:10:47:31 -0300] "GET /cormunbeta/static/hpexe_return.js?2016101716175153 HTTP/1.1" 200 1633
192.168.10.90 - - [09/Jan/2018:10:47:31 -0300] "GET /cormunbeta/static/Resources/Spanish/PXTools.css?167811 HTTP/1.1" 200 89042
192.168.10.90 - - [09/Jan/2018:10:47:31 -0300] "GET /cormunbeta/servlet/trsendmailoutboxcab HTTP/1.1" 200 6481
192.168.10.90 - - [09/Jan/2018:10:47:32 -0300] "GET /cormunbeta/servlet/trsendmailoutboxcab HTTP/1.1" 200 6478
192.168.10.90 - - [09/Jan/2018:10:47:36 -0300] "GET /cormunbeta/servlet/vesendmailoutboxcab?11,, HTTP/1.1" 200 7364
192.168.10.90 - - [09/Jan/2018:10:47:36 -0300] "GET /cormunbeta/pexe_scrolldiv.js HTTP/1.1" 404 1017
192.168.10.90 - - [09/Jan/2018:10:47:36 -0300] "GET /cormunbeta/pexe_scrolldiv.js HTTP/1.1" 404 1017
192.168.10.90 - - [09/Jan/2018:10:47:36 -0300] "GET /cormunbeta/servlet/vesendmailoutboxcab?11,, HTTP/1.1" 200 7364
192.168.10.90 - - [09/Jan/2018:10:47:45 -0300] "GET /cormunbeta/servlet/vesendmailoutboxcab?11,,Destinatarios HTTP/1.1" 200 7203
192.168.10.90 - - [09/Jan/2018:10:47:45 -0300] "GET /cormunbeta/pexe_scrolldiv.js HTTP/1.1" 404 1017
192.168.10.90 - - [09/Jan/2018:10:47:45 -0300] "GET /cormunbeta/static/tbsendmailoutboxcab02.js?20179131594066 HTTP/1.1" 200 12757
192.168.10.90 - - [09/Jan/2018:10:47:45 -0300] "GET /cormunbeta/pexe_scrolldiv.js HTTP/1.1" 404 1017
192.168.10.90 - - [09/Jan/2018:10:47:45 -0300] "GET /cormunbeta/static/gxui/gxui-all.css HTTP/1.1" 200 2179
192.168.10.90 - - [09/Jan/2018:10:47:45 -0300] "GET /cormunbeta/static/Resources/PXToolsTabUnselectedSelected.png HTTP/1.1" 200 1444
192.168.10.90 - - [09/Jan/2018:10:47:45 -0300] "GET /cormunbeta/static/Resources/PXToolsTabFirstUnselected.png HTTP/1.1" 200 1264
192.168.10.90 - - [09/Jan/2018:10:47:45 -0300] "GET /cormunbeta/static/Shared/ext/resources/css/ext-all.css HTTP/1.1" 200 416045
192.168.10.90 - - [09/Jan/2018:10:47:46 -0300] "GET /cormunbeta/servlet/vesendmailoutboxcab?11,,Destinatarios HTTP/1.1" 200 7204
192.168.10.90 - - [09/Jan/2018:10:47:46 -0300] "POST /cormunbeta/servlet/acontrolpreferencessavestate?None,NFARIAS,true HTTP/1.1" 200 35
192.168.10.90 - - [09/Jan/2018:10:47:49 -0300] "POST /cormunbeta/servlet/vesendmailoutboxcab?ac94ec5ddb5d53ecc85dbe83ae7257c8,11,,Destinatarios,gx-no-cache=1515505529878 HTTP/1.1" 200 4844
192.168.10.90 - - [09/Jan/2018:10:47:49 -0300] "GET /cormunbeta/static/Resources/resize.gif HTTP/1.1" 200 77
192.168.10.90 - - [09/Jan/2018:10:47:49 -0300] "GET /cormunbeta//static/Resources/PXToolsTabLastUnselected.png HTTP/1.1" 200 1291
192.168.10.90 - - [09/Jan/2018:10:47:50 -0300] "GET /cormunbeta/servlet/pucapacitacionestablecimientos?11,MD,gxPopupLevel%3D0%3B HTTP/1.1" 200 6114
192.168.10.90 - - [09/Jan/2018:10:47:50 -0300] "GET /cormunbeta/static/gxcfg.js?20179816311671 HTTP/1.1" 200 953
192.168.10.90 - - [09/Jan/2018:10:47:50 -0300] "GET /cormunbeta/static/Resources/PXToolsMenuSearch.png HTTP/1.1" 200 2914
192.168.10.90 - - [09/Jan/2018:10:47:50 -0300] "GET /cormunbeta/static/Resources/PXToolsMenuSearchCancel.png HTTP/1.1" 200 2972
192.168.10.90 - - [09/Jan/2018:10:47:50 -0300] "GET /cormunbeta/static/pucapacitacionestablecimientos.js?20179816312224 HTTP/1.1" 200 17736
192.168.10.90 - - [09/Jan/2018:10:47:50 -0300] "GET /cormunbeta/static/menusearch.js?201610171694467 HTTP/1.1" 200 1424
192.168.10.90 - - [09/Jan/2018:10:47:50 -0300] "GET /cormunbeta/static/hmpwkw011.js?20177612121862 HTTP/1.1" 200 1968
192.168.10.90 - - [09/Jan/2018:10:47:50 -0300] "GET /cormunbeta/static/Resources/PXToolsAddAllAction.png HTTP/1.1" 200 3624
192.168.10.90 - - [09/Jan/2018:10:47:50 -0300] "GET /cormunbeta/static/Resources/PXToolsAddSelectedAction.png HTTP/1.1" 200 3660
192.168.10.90 - - [09/Jan/2018:10:47:50 -0300] "GET /cormunbeta/static/Resources/PXToolsRemoveSelectedAction.png HTTP/1.1" 200 3617
192.168.10.90 - - [09/Jan/2018:10:47:50 -0300] "GET /cormunbeta/static/Resources/PXToolsRemoveAllAction.png HTTP/1.1" 200 3558
186.67.172.234 - - [09/Jan/2018:10:47:55 -0300] "POST /cormun/servlet/trsolicitudot?9a7ff581075c9baf432784ef11227099,gx-no-cache=1515505635439 HTTP/1.1" 200 8653
186.67.172.234 - - [09/Jan/2018:10:47:55 -0300] "POST /cormun/servlet/trsolicitudot?9a7ff581075c9baf432784ef11227099,gx-no-cache=1515505636025 HTTP/1.1" 200 8633
192.168.10.90 - - [09/Jan/2018:10:47:58 -0300] "POST /cormunbeta/servlet/pucapacitacionestablecimientos?ac94ec5ddb5d53ecc85dbe83ae7257c8,11,MD,gxPopupLevel%3D0%3B,gx-no-cache=1515505538930 HTTP/1.1" 200 5364
192.168.10.90 - - [09/Jan/2018:10:47:58 -0300] "GET /cormunbeta/static/Resources/PXToolsGridLast.gif HTTP/1.1" 200 370
192.168.10.90 - - [09/Jan/2018:10:47:58 -0300] "GET /cormunbeta/static/Resources/PXToolsGridNext.gif HTTP/1.1" 200 369
192.168.10.90 - - [09/Jan/2018:10:48:42 -0300] "POST /cormunbeta/servlet/pucapacitacionestablecimientos?ac94ec5ddb5d53ecc85dbe83ae7257c8,11,MD,gxPopupLevel%3D0%3B,gx-no-cache=1515505582810 HTTP/1.1" 200 3857
186.103.156.166 - - [09/Jan/2018:10:48:46 -0300] "GET /cormun/servlet/hhome HTTP/1.1" 200 3375
186.103.156.166 - - [09/Jan/2018:10:48:46 -0300] "GET /cormun/servlet/hhome HTTP/1.1" 200 3375
186.103.156.166 - - [09/Jan/2018:10:48:46 -0300] "GET /cormun/servlet/hhome HTTP/1.1" 200 3375
192.168.10.90 - - [09/Jan/2018:10:48:47 -0300] "POST /cormunbeta/servlet/pucapacitacionestablecimientos?ac94ec5ddb5d53ecc85dbe83ae7257c8,11,MD,gxPopupLevel%3D0%3B,gx-no-cache=1515505587428 HTTP/1.1" 200 4424
186.103.156.166 - - [09/Jan/2018:10:48:47 -0300] "GET /cormun/servlet/hlogin HTTP/1.1" 200 1732
186.103.156.166 - - [09/Jan/2018:10:48:47 -0300] "GET /cormun/servlet/hhome HTTP/1.1" 200 3385
192.168.10.90 - - [09/Jan/2018:10:48:53 -0300] "POST /cormunbeta/servlet/pucapacitacionestablecimientos?ac94ec5ddb5d53ecc85dbe83ae7257c8,11,MD,gxPopupLevel%3D0%3B,gx-no-cache=1515505593532 HTTP/1.1" 200 4518
186.103.156.166 - - [09/Jan/2018:10:49:01 -0300] "POST /cormun/servlet/hlogin?05c168bb4f55a67b51f468c9bb002d9a,gx-no-cache=1515509297809 HTTP/1.1" 200 90
186.103.156.166 - - [09/Jan/2018:10:49:01 -0300] "GET /cormun/servlet/hpexe_link HTTP/1.1" 200 951
186.103.156.166 - - [09/Jan/2018:10:49:02 -0300] "GET /cormun/static/gxcfg.js?20177612121792 HTTP/1.1" 304 -
186.103.156.166 - - [09/Jan/2018:10:49:02 -0300] "GET /cormun/servlet/hhome HTTP/1.1" 200 3780
186.103.156.166 - - [09/Jan/2018:10:49:02 -0300] "GET /cormun/servlet/hhome HTTP/1.1" 200 3776
192.168.10.90 - - [09/Jan/2018:10:49:02 -0300] "POST /cormunbeta/servlet/pucapacitacionestablecimientos?ac94ec5ddb5d53ecc85dbe83ae7257c8,11,MD,gxPopupLevel%3D0%3B,gx-no-cache=1515505602882 HTTP/1.1" 200 5651
186.103.156.166 - - [09/Jan/2018:10:49:06 -0300] "GET /cormun/servlet/trlicencias? HTTP/1.1" 200 9237
186.103.156.166 - - [09/Jan/2018:10:49:06 -0300] "GET /cormun/servlet/trlicencias? HTTP/1.1" 200 9237
186.103.156.166 - - [09/Jan/2018:10:49:06 -0300] "GET /cormun/static/gxcfg.js?20176272054169 HTTP/1.1" 304 -
186.103.156.166 - - [09/Jan/2018:10:49:06 -0300] "GET /cormun/servlet/trlicencias? HTTP/1.1" 200 9235
192.168.10.90 - - [09/Jan/2018:10:49:07 -0300] "POST /cormunbeta/servlet/pucapacitacionestablecimientos?ac94ec5ddb5d53ecc85dbe83ae7257c8,11,MD,gxPopupLevel%3D0%3B,gx-no-cache=1515505607346 HTTP/1.1" 200 5614
186.103.156.166 - - [09/Jan/2018:10:49:32 -0300] "GET /cormun/servlet/alicenciaprn?9325427,L,20180101000000,PU HTTP/1.1" 200 1550
186.103.156.166 - - [09/Jan/2018:10:49:32 -0300] "GET /cormun/servlet/alicenciaprn?9325427,L,20180101000000,PU HTTP/1.1" 200 1549
186.67.172.234 - - [09/Jan/2018:10:49:37 -0300] "GET /cormun/servlet/solicitudot?INS,0,0, HTTP/1.1" 200 13019
186.67.172.234 - - [09/Jan/2018:10:49:38 -0300] "GET /cormun/servlet/solicitudot?INS,0,0, HTTP/1.1" 200 13024
192.168.10.90 - - [09/Jan/2018:10:49:40 -0300] "POST /cormunbeta/servlet/pucapacitacionestablecimientos?ac94ec5ddb5d53ecc85dbe83ae7257c8,11,MD,gxPopupLevel%3D0%3B,gx-no-cache=1515505627820 HTTP/1.1" 200 5650
192.168.10.90 - - [09/Jan/2018:10:49:40 -0300] "GET /cormunbeta/static/Shared/jqueryui/images/ui-bg_highlight-soft_100_c6c2c8_1x100.png HTTP/1.1" 404 1125
192.168.10.90 - - [09/Jan/2018:10:49:40 -0300] "GET /cormunbeta/static/Shared/jqueryui/images/ui-icons_82798d_256x240.png HTTP/1.1" 404 1097
192.168.10.90 - - [09/Jan/2018:10:49:40 -0300] "GET /cormunbeta/static/Shared/jqueryui/images/ui-icons_8d78a5_256x240.png HTTP/1.1" 404 1097
192.168.10.90 - - [09/Jan/2018:10:49:40 -0300] "GET /cormunbeta/static/Shared/jqueryui/images/ui-bg_flat_55_fafafa_40x100.png HTTP/1.1" 404 1105
192.168.10.90 - - [09/Jan/2018:10:49:46 -0300] "POST /cormunbeta/servlet/pucapacitacionestablecimientos?ac94ec5ddb5d53ecc85dbe83ae7257c8,11,MD,gxPopupLevel%3D0%3B,gx-no-cache=1515505646677 HTTP/1.1" 200 54
192.168.10.90 - - [09/Jan/2018:10:49:46 -0300] "POST /cormunbeta/servlet/vesendmailoutboxcab?ac94ec5ddb5d53ecc85dbe83ae7257c8,11,,Destinatarios,gx-no-cache=1515505646767 HTTP/1.1" 200 10504
192.168.10.90 - - [09/Jan/2018:10:50:09 -0300] "POST /cormunbeta/servlet/vesendmailoutboxcab?ac94ec5ddb5d53ecc85dbe83ae7257c8,11,,Destinatarios,gx-no-cache=1515505669522 HTTP/1.1" 200 10651
192.168.10.90 - - [09/Jan/2018:10:50:09 -0300] "GET /cormunbeta/static/Resources/PXToolsGridPrevious.gif HTTP/1.1" 200 369
192.168.10.90 - - [09/Jan/2018:10:50:09 -0300] "GET /cormunbeta/static/Resources/PXToolsGridFirst.gif HTTP/1.1" 200 379
