186.103.159.189 - - [09/Jan/2018:14:04:06 -0300] "GET /cormun/servlet/solicitudotcontratos?7a0b0f72cb25d236d4798dd800bb224f54749d71eef33c711ae052327bc1d0b2082ca8bc10bb1d76f812dbb4db7afb7d3e1706168cc5a6a44070cfaa96ff2dee91b3621ad04e9ed1b2042858f8cdeaf9166b51330d7db2d6d9edac64f44de135b90d537c5b0e6107a2126318067f2188b2779f45ab7d16e2281e1c132ba3145fc0402608911675eb4eddf3e25de08196875dc7f091ef9445bd8f5e2397fdcd68ea4858be96c4e0cf07377db38a3eec244262c6b82921d9cd0d8443a77b189a95aa49766b9680b677aa27c9297f534fbf933fdf31709f952490a805adac969c3a01b0a14413361a8de14fc3c28cfb2cf97a2462b0b2f93d51bbbc226e6ca44179bce51106546c14d8367d379a05ff3f03f6325a8620cbdb5f427e3ca2d86743971913f132b9176c21943ec9417a18af8aef4a5a34dfbf843ce23a6ffb0f599f771253856d92ad1a16dd97a24779770ca74f67e71ea5945221a364de10453a5b235199693f5d19d13e0cccece12412bf52c4f9757c9aa908ccc426007d04fdf9dec1c4105d2e82327d04e206358c89cd00d23235910790452045f073b56edcbb79d9d13202a42ace7bb2a76e6252c9da4452af7e25bcf93793cb6cb80b16d4486d6096ee196b53b87dd388c64bb3f99891410c6fd2065f9a3882da5bfae60a66786867164e1cfeba3da6627e9223428b43d23235910790452045f073b56edcbb7940b82f96afaec6b7fa6c85844454a0e1cdd423cd1c859c63744d56e2c165bb2da2bace8ea32c18709de024c44b579be5d2a96a1f4619088baf3e298dc1ff8977,gx-no-cache=1515517407555 HTTP/1.1" 200 72
186.103.159.44 - - [09/Jan/2018:14:04:08 -0300] "POST /cormun/servlet/hlogin?9dcd136bc64bdb8924dae6d3722de56a,gx-no-cache=1515517409824 HTTP/1.1" 200 90
186.103.159.44 - - [09/Jan/2018:14:04:08 -0300] "GET /cormun/servlet/hpexe_link HTTP/1.1" 200 961
186.103.159.44 - - [09/Jan/2018:14:04:08 -0300] "GET /cormun/servlet/trcontratoobservacion HTTP/1.1" 200 6117
186.103.157.42 - - [09/Jan/2018:14:04:11 -0300] "GET /cormun/servlet/solicitudot?9b1912eed4ea769aa7c809284bde830f5d7e9ee5c6d5c74a79541222eaa09fd93840aa24acb598ecf87db5ff9d6bdd9e98f11374a5c2f82f9fee57fe82cce38b4a0f17db47ad53a7d339eef61894bfe65c50157a66883c88a171680fda414bf29856751aa1cc1bbb8479998543e2d074,gx-no-cache=1515517411320 HTTP/1.1" 200 29
186.103.157.42 - - [09/Jan/2018:14:04:11 -0300] "POST /cormun/servlet/solicitudot?gx-no-cache=1515517411392 HTTP/1.1" 200 219
186.103.157.42 - - [09/Jan/2018:14:04:11 -0300] "GET /cormun/servlet/solicitudot?9b1912eed4ea769aa7c809284bde830f07ad516d91f175be71939700d302e330fc5680023982748f784b032dd8c5f04ee2b8b21bc7249db97e990efa8ae40ba5c3a7960bb9e377ad5d0a5275715f2a72072ec6d4d57314b91daef61482e20afc3840aa24acb598ecf87db5ff9d6bdd9ef97547b7cd24183659f8b011f35030408095f1971ccc3743359cc6679fc5e4ab,gx-no-cache=1515517411473 HTTP/1.1" 200 55
186.103.159.43 - - [09/Jan/2018:14:04:15 -0300] "GET /cormun/servlet/solicitudotcontratos?INS,2018,0,17523491,8,6,2017,6062,LEY+SEP,201711,7,*, HTTP/1.1" 200 8974
186.103.159.43 - - [09/Jan/2018:14:04:15 -0300] "GET /cormun/static/messages.spa.js?85251 HTTP/1.1" 304 -
186.103.159.43 - - [09/Jan/2018:14:04:16 -0300] "GET /cormun/servlet/solicitudotcontratos?INS,2018,0,17523491,8,6,2017,6062,LEY+SEP,201711,7,*, HTTP/1.1" 200 8988
186.103.159.43 - - [09/Jan/2018:14:04:16 -0300] "GET /cormun/servlet/solicitudotcontratos?fa87f2a2fd2b1feed12e7528232ac581d252f53f6c8cfe4967836a99df01aefbd4db2bb9eda4b42b66f247ddf1789148,gx-no-cache=1515517415724 HTTP/1.1" 200 113
186.103.159.43 - - [09/Jan/2018:14:04:16 -0300] "GET /cormun/static/Shared/jqueryui/images/ui-bg_highlight-soft_100_c6c2c8_1x100.png HTTP/1.1" 404 1117
186.103.159.43 - - [09/Jan/2018:14:04:16 -0300] "GET /cormun/static/Shared/jqueryui/images/ui-icons_82798d_256x240.png HTTP/1.1" 404 1089
186.103.159.43 - - [09/Jan/2018:14:04:16 -0300] "GET /cormun/static/Shared/jqueryui/images/ui-bg_flat_55_994d53_40x100.png HTTP/1.1" 404 1097
186.103.159.43 - - [09/Jan/2018:14:04:16 -0300] "GET /cormun/static/Shared/jqueryui/images/ui-icons_ebccce_256x240.png HTTP/1.1" 404 1089
186.103.159.43 - - [09/Jan/2018:14:04:16 -0300] "GET /cormun/servlet/solicitudotcontratos?fa87f2a2fd2b1feed12e7528232ac5811d0d20ccc54a1706063ca20a92b39d42d4db2bb9eda4b42b66f247ddf1789148,gx-no-cache=1515517415803 HTTP/1.1" 200 111
186.103.159.43 - - [09/Jan/2018:14:04:16 -0300] "GET /cormun/servlet/solicitudotcontratos?fa87f2a2fd2b1feed12e7528232ac581def85be854f0a451782ba3819affd3eb487e7b700957acde3ae22528318ec1044a60299bd913386bf8da5c2c270b63a3e3625faa12b499bfbe74804fc97557301760c4ccb7bdde7c27888a360e93bf5b,gx-no-cache=1515517415845 HTTP/1.1" 200 111
186.103.159.43 - - [09/Jan/2018:14:04:16 -0300] "GET /cormun/servlet/solicitudotcontratos?fa87f2a2fd2b1feed12e7528232ac5817457344b1b0dee3de71df3ef0cd0d9c903eb8150c889a580f09581f43eaffddb,gx-no-cache=1515517415881 HTTP/1.1" 200 30
186.103.159.43 - - [09/Jan/2018:14:04:16 -0300] "GET /cormun/servlet/solicitudotcontratos?fa87f2a2fd2b1feed12e7528232ac581ade79d0dab58c4a748b1a4245512277ee124939e9d7a070eeee7f16816b53bd04a60299bd913386bf8da5c2c270b63a320b2bfaee111eb1102fdacd4a32669f64513249d049dd21271689403627996f3e94ae0b59d4446546cd759f18eca282a,gx-no-cache=1515517415910 HTTP/1.1" 200 30
186.103.159.43 - - [09/Jan/2018:14:04:16 -0300] "GET /cormun/servlet/solicitudotcontratos?fa87f2a2fd2b1feed12e7528232ac5810bee81a3eda9cbbcc444a382160fccb8bda72dba6d9744c586e1c6ddaf5869a29a3b1f0361151698de06cce7de1893b34a60299bd913386bf8da5c2c270b63a3a4dc8a547284cebd210affb7376776365743979af3e98627fc7731359661e47cd43b4d19580c8435f5b97d2ce2ca34634d3050677e41e1d0c849430d974e0edcc461ae1b4c5390baf8fce8952378d46a9a3b1f0361151698de06cce7de1893b3f897aee854e29bca7494ca4fadd203d9c81eac95b5bde452bfa285ac04a61ddfc552ac1b85b2becd6bb03145d27d8d345b7612d2c0fc5f8b14c901addef6cecc282c75b7619499ac52b22a0eae8d2233e37cc45d93874eddb9a9f09944befa1dc0bb7bae60f7c97c12304e9db72fa9ef400ce654182b3274583ba978369b375ca12bfe04b292b2139f0f2e5a6592575dbdc60ba920c75a570e7d8aa2424396851bc9596841de83f35002fc02b0b52bc45956044bf0879c25913b82a7a6d6254ba768910f2056000e2eac03b62d97fc880e1adaee6cb67baa3fc3615419b68097c5d9429a7adb714227494926019e7ba3997378341f8f6d6cbd5cc8371af445706711cc733ee23a9c249471ba0142b51d4c641912bb0bfde16110d4433d8ce4d175fe9608dc2d755426ef1123cc08796c65b67671fdda905e79f52c66b8b15595290d6601809e8639c3d22535eeba9e4cba5906c84a600b302375cad56ad6613bea5da2ca41993dbc2b1671a83e2d944fd849733ceba4ca11fdb01c9152c0c8ce3312f959e6e7a4cf4fbe150f2f570edb,gx-no-cache=1515517415942 HTTP/1.1" 200 79
186.103.159.189 - - [09/Jan/2018:14:04:29 -0300] "POST /cormun/servlet/solicitudotcontratos?2d7c71b2e177f431baf853243e0109a1,INS,2018,0,17134198,1,6,2017,2738,NADA,201711,3,B,,gx-no-cache=1515517429794 HTTP/1.1" 200 10796
186.103.159.189 - - [09/Jan/2018:14:04:29 -0300] "POST /cormun/servlet/solicitudotcontratos?gx-no-cache=1515517430159 HTTP/1.1" 200 1342
186.103.159.189 - - [09/Jan/2018:14:04:29 -0300] "POST /cormun/servlet/solicitudotcontratos?gx-no-cache=1515517430261 HTTP/1.1" 200 1221
186.103.157.42 - - [09/Jan/2018:14:04:40 -0300] "POST /cormun/servlet/solicitudot?gx-no-cache=1515517439273 HTTP/1.1" 200 216
186.103.157.42 - - [09/Jan/2018:14:04:40 -0300] "GET /cormun/servlet/solicitudot?9b1912eed4ea769aa7c809284bde830f07ad516d91f175be71939700d302e330fc5680023982748f784b032dd8c5f04ee2b8b21bc7249db97e990efa8ae40ba5c3a7960bb9e377ad5d0a5275715f2a72072ec6d4d57314b91daef61482e20afc3840aa24acb598ecf87db5ff9d6bdd9ef97547b7cd24183659f8b011f35030408095f1971ccc3743359cc6679fc5e4ab,gx-no-cache=1515517439892 HTTP/1.1" 200 55
186.103.157.42 - - [09/Jan/2018:14:04:41 -0300] "GET /cormun/static/menuarrow.gif HTTP/1.1" 404 1015
186.103.159.43 - - [09/Jan/2018:14:04:41 -0300] "POST /cormun/servlet/solicitudotcontratos?5663fa1016bac5c1380321392baa639d,INS,2018,0,17523491,8,6,2017,6062,LEY+SEP,201711,7,*,,gx-no-cache=1515517440525 HTTP/1.1" 200 93
186.103.159.43 - - [09/Jan/2018:14:04:41 -0300] "GET /cormun/servlet/hpexe_return? HTTP/1.1" 200 1069
186.103.159.43 - - [09/Jan/2018:14:04:41 -0300] "GET /cormun/static/gxcfg.js?2016101716175148 HTTP/1.1" 304 -
186.103.159.43 - - [09/Jan/2018:14:04:42 -0300] "GET /cormun/servlet/trcontratosolicitud?gx-no-cache=1515514306466 HTTP/1.1" 200 14568
186.103.159.43 - - [09/Jan/2018:14:04:42 -0300] "GET /cormun/static/gxcfg.js?20177612214014 HTTP/1.1" 304 -
186.103.159.43 - - [09/Jan/2018:14:04:42 -0300] "GET /cormun/servlet/trcontratosolicitud?gx-no-cache=1515514306466 HTTP/1.1" 200 14571
186.103.157.42 - - [09/Jan/2018:14:04:44 -0300] "GET /cormun/servlet/solicitudot?9b1912eed4ea769aa7c809284bde830f1af4f85307e3b7a456dff7d2ee72947d3c8188d541c40efde429a2f9100f0608,gx-no-cache=1515517443833 HTTP/1.1" 200 30
186.103.157.42 - - [09/Jan/2018:14:04:49 -0300] "POST /cormun/servlet/solicitudot?gx-no-cache=1515517448993 HTTP/1.1" 200 30
186.103.157.42 - - [09/Jan/2018:14:04:55 -0300] "POST /cormun/servlet/solicitudot?c403aac7752776a243b9fc5ef8a6d842,INS,0,0,,gx-no-cache=1515517455260 HTTP/1.1" 200 93
186.103.157.42 - - [09/Jan/2018:14:04:55 -0300] "GET /cormun/servlet/hpexe_return? HTTP/1.1" 200 1003
186.103.157.42 - - [09/Jan/2018:14:04:56 -0300] "GET /cormun/servlet/trsolicitudot HTTP/1.1" 200 9521
186.103.157.42 - - [09/Jan/2018:14:04:56 -0300] "GET /cormun/servlet/trsolicitudot HTTP/1.1" 200 9517
186.103.157.42 - - [09/Jan/2018:14:05:02 -0300] "POST /cormun/servlet/trsolicitudot?c403aac7752776a243b9fc5ef8a6d842,gx-no-cache=1515517461695 HTTP/1.1" 200 105
186.103.157.42 - - [09/Jan/2018:14:05:02 -0300] "GET /cormun/servlet/solicitudot?UPD,2018,7790, HTTP/1.1" 200 14727
186.103.157.42 - - [09/Jan/2018:14:05:03 -0300] "GET /cormun/servlet/solicitudot?UPD,2018,7790, HTTP/1.1" 200 14737
186.103.157.42 - - [09/Jan/2018:14:05:03 -0300] "POST /cormun/servlet/solicitudot?gx-no-cache=1515517463183 HTTP/1.1" 200 3805
186.103.157.42 - - [09/Jan/2018:14:05:03 -0300] "POST /cormun/servlet/solicitudot?c403aac7752776a243b9fc5ef8a6d842,UPD,2018,7790,,gx-no-cache=1515517463367 HTTP/1.1" 200 11119
186.103.157.42 - - [09/Jan/2018:14:05:04 -0300] "GET /cormun/servlet/solicitudot?9b1912eed4ea769aa7c809284bde830f8e0ddcc0dade2982d92b1eeac16884ea5dc504b4ee1baefa8d6921f13d30a2b0,gx-no-cache=1515517463619 HTTP/1.1" 200 30
186.103.157.42 - - [09/Jan/2018:14:05:04 -0300] "POST /cormun/servlet/solicitudot?gx-no-cache=1515517463687 HTTP/1.1" 200 53
186.103.157.42 - - [09/Jan/2018:14:05:04 -0300] "POST /cormun/servlet/solicitudot?gx-no-cache=1515517463761 HTTP/1.1" 200 254
186.103.157.42 - - [09/Jan/2018:14:05:04 -0300] "GET /cormun/servlet/solicitudot?9b1912eed4ea769aa7c809284bde830fd0f2f52e8a31abd31c4128d2e20a41fb90e42e8f8769e94fe9a839cea3bb9564efd4a6cbaad8dcfe92ae5726e31f495a5d26c9a77ab63460e5195a53b19ff2e54f35b3075462f746a57faa6114852cb1d301b6ab558145fc52979156a1837f66e6e2528f93a4902fa85f9a2a1774693d6e7b367152d8705d44999231126247f8b1dd8dba9a406013fd34fe4337c1d833c2276a86c67a48f391622c56d1b637b48249db2941560ca25ed8f2af5eddc04f2cf46e7ea3640243a9e6ce94b751c5466ac32f6231ac0b34bd5aebbf55b1bc03e9cc81b73d895e06aa0b0c66b55c05ee617604848784c5e2e154b8c45496a0bf7359a7bd39903b9293a013c26338f81150aab7446f408442672b36119674e9013dd001f7edf15a2ddc5633e9ac00793ffc30f39841f07a1d0d7c330d5b72e21badd875eb2d7a1b0f3ddd2095f331c1e5a515ab96314ed0e39af39b858c19cafd79f8f7d1ea716a9380dcfc153b5813a7772d8342ec4212f999dcd18bfeb473f7,gx-no-cache=1515517463835 HTTP/1.1" 200 30
186.103.157.42 - - [09/Jan/2018:14:05:04 -0300] "POST /cormun/servlet/solicitudot?gx-no-cache=1515517464165 HTTP/1.1" 200 30
186.103.157.42 - - [09/Jan/2018:14:05:04 -0300] "POST /cormun/servlet/solicitudot?gx-no-cache=1515517464216 HTTP/1.1" 200 232
186.103.157.42 - - [09/Jan/2018:14:05:04 -0300] "POST /cormun/servlet/solicitudot?gx-no-cache=1515517464297 HTTP/1.1" 200 41
186.103.159.189 - - [09/Jan/2018:14:05:06 -0300] "POST /cormun/servlet/solicitudotcontratos?2d7c71b2e177f431baf853243e0109a1,INS,2018,0,17134198,1,6,2017,2738,NADA,201711,3,B,,gx-no-cache=1515517466749 HTTP/1.1" 200 10797
186.103.159.189 - - [09/Jan/2018:14:05:06 -0300] "POST /cormun/servlet/solicitudotcontratos?gx-no-cache=1515517467111 HTTP/1.1" 200 1341
186.103.159.189 - - [09/Jan/2018:14:05:06 -0300] "POST /cormun/servlet/solicitudotcontratos?gx-no-cache=1515517467172 HTTP/1.1" 200 1220
186.103.159.189 - - [09/Jan/2018:14:05:06 -0300] "GET /cormun/servlet/solicitudotcontratos?7a0b0f72cb25d236d4798dd800bb224f975f3353ef89cdb5be81f0c79387648f94bf826b42d51d66a3d481b4571931845f960f3d4f79263c379ef85ed198aaeeef2880426abb6b4a650edbf2c6db88f7922c47d6691abc22153a0f416fb9c0b1933392c080246dca18883a32e6034996aff12796a774e6679dac2c8581eb68f2,gx-no-cache=1515517467221 HTTP/1.1" 200 30
186.103.159.189 - - [09/Jan/2018:14:05:06 -0300] "POST /cormun/servlet/solicitudotcontratos?2d7c71b2e177f431baf853243e0109a1,INS,2018,0,17134198,1,6,2017,2738,NADA,201711,3,B,,gx-no-cache=1515517467258 HTTP/1.1" 200 93
186.103.159.189 - - [09/Jan/2018:14:05:06 -0300] "GET /cormun/servlet/hpexe_return? HTTP/1.1" 200 1048
186.103.159.189 - - [09/Jan/2018:14:05:07 -0300] "GET /cormun/servlet/trcontratosolicitud HTTP/1.1" 200 6706
186.103.159.189 - - [09/Jan/2018:14:05:08 -0300] "GET /cormun/servlet/trcontratosolicitud HTTP/1.1" 200 6702
186.103.157.42 - - [09/Jan/2018:14:05:10 -0300] "GET /cormun/servlet/solicitudot?9b1912eed4ea769aa7c809284bde830f8320330846caf5c1b5a3ecf50d19e383f085ce287000fedb60903ede9702a2201e77ec8b50537ee7c910b0a13e20706ce4b796be0840c8fc54887ec9bc50029d0a8ead2f5702f4e7c827a0e5c591e5b361e4a772f66b15d109dd09157c75289cd142af7d115e6bb12b29bde526c8df01a55f1f0d627cf14a0c84b2a65da25f5a7ff1c1467636aa925cfe32b4eb9caec0,gx-no-cache=1515517469812 HTTP/1.1" 200 29
186.103.157.42 - - [09/Jan/2018:14:05:10 -0300] "POST /cormun/servlet/solicitudot?gx-no-cache=1515517469844 HTTP/1.1" 200 216
186.103.157.42 - - [09/Jan/2018:14:05:10 -0300] "GET /cormun/servlet/solicitudot?9b1912eed4ea769aa7c809284bde830f07ad516d91f175be71939700d302e330f969989b005f89f185b1d7ba0678539d7359a7bd39903b9293a013c26338f811797134fe2cf9710d51e94cd26a9f55b1b1a7057bbc344ee51b2eae185ed798afac4fef186783d565b62c626421ee4220364b605b0a1da6d0b6e8aa640166823c525264d8e6de6c61bd5f207e444d3e7104902df1d39f918318910c2050cd82c3,gx-no-cache=1515517469883 HTTP/1.1" 200 55
186.103.159.189 - - [09/Jan/2018:14:05:27 -0300] "POST /cormun/servlet/trcontratosolicitud?2d7c71b2e177f431baf853243e0109a1,gx-no-cache=1515517487953 HTTP/1.1" 200 4972
186.103.159.189 - - [09/Jan/2018:14:05:31 -0300] "GET /cormun/servlet/solicitudotcontratos?INS,2018,0,9623662,k,2,2017,1822,NADA,201711,14,B, HTTP/1.1" 200 9926
186.103.159.189 - - [09/Jan/2018:14:05:33 -0300] "GET /cormun/servlet/solicitudotcontratos?INS,2018,0,9623662,k,2,2017,1822,NADA,201711,14,B, HTTP/1.1" 200 9959
186.103.159.189 - - [09/Jan/2018:14:05:33 -0300] "GET /cormun/servlet/solicitudotcontratos?7a0b0f72cb25d236d4798dd800bb224f73cc7d360e4b21886fb6dbb12f5555c577cd7b4647dcd1a717520864183fc00b,gx-no-cache=1515517494424 HTTP/1.1" 200 30
186.103.159.189 - - [09/Jan/2018:14:05:33 -0300] "GET /cormun/servlet/solicitudotcontratos?7a0b0f72cb25d236d4798dd800bb224f948356fdbc1f16fb989d8b3e9e263458574c49d05f41ebb2ad14468fe503c408,gx-no-cache=1515517494463 HTTP/1.1" 200 30
186.103.159.189 - - [09/Jan/2018:14:05:33 -0300] "GET /cormun/servlet/solicitudotcontratos?7a0b0f72cb25d236d4798dd800bb224f7f35a763d4eb043ab4ad0b212e413a62d9fb6f31db026d72a93427669d52f81356316171b11d24883af7a5de4bb27e57af945fb9651e1c33541cda9c6e5c349e064421a61e283484800a61c72fd2982ea2d18290b707bd2154a320c8e2d77068e5ed26f921ceda3a0aca1cf34d3ad52e,gx-no-cache=1515517494493 HTTP/1.1" 200 48
186.103.159.189 - - [09/Jan/2018:14:05:33 -0300] "GET /cormun/servlet/solicitudotcontratos?7a0b0f72cb25d236d4798dd800bb224faa03ce1f5bed8411b85d9ebcf2bcced6b4a55916030bbab0703fefab3243cfe1,gx-no-cache=1515517494535 HTTP/1.1" 200 30
186.103.159.189 - - [09/Jan/2018:14:05:33 -0300] "GET /cormun/servlet/solicitudotcontratos?7a0b0f72cb25d236d4798dd800bb224fc4cec413ba9326956f260df14174111c62d888824c61c2f1b988ccc960a8669e9abd2873d54d99c9074b69ca67e3953c8faf0a1dbe70601e54ff8e73c1e09e844786fe51fdd39089fc8d6b687fcada14056df9deb32c90e94ca5c439bfb382e4,gx-no-cache=1515517494571 HTTP/1.1" 200 30
186.103.159.189 - - [09/Jan/2018:14:05:33 -0300] "GET /cormun/servlet/solicitudotcontratos?7a0b0f72cb25d236d4798dd800bb224f54749d71eef33c711ae052327bc1d0b2082ca8bc10bb1d76f812dbb4db7afb7d3e1706168cc5a6a44070cfaa96ff2dee91b3621ad04e9ed1b2042858f8cdeaf9166b51330d7db2d6d9edac64f44de135b90d537c5b0e6107a2126318067f2188b2779f45ab7d16e2281e1c132ba3145fc0402608911675eb4eddf3e25de08196875dc7f091ef9445bd8f5e2397fdcd68ea4858be96c4e0cf07377db38a3eec244262c6b82921d9cd0d8443a77b189a95aa49766b9680b677aa27c9297f534fbf933fdf31709f952490a805adac969c3a01b0a14413361a8de14fc3c28cfb2cf97a2462b0b2f93d51bbbc226e6ca44179bce51106546c14d8367d379a05ff3f03f6325a8620cbdb5f427e3ca2d86743971913f132b9176c21943ec9417a18af8aef4a5a34dfbf843ce23a6ffb0f599f771253856d92ad1a16dd97a24779770ca74f67e71ea5945221a364de10453a5b235199693f5d19d13e0cccece12412bf52c4f9757c9aa908ccc426007d04fdf9dec1c4105d2e82327d04e206358c89cd00d23235910790452045f073b56edcbb79d9d13202a42ace7bb2a76e6252c9da4452af7e25bcf93793cb6cb80b16d4486d6096ee196b53b87dd388c64bb3f99891410c6fd2065f9a3882da5bfae60a66786867164e1cfeba3da6627e9223428b43d23235910790452045f073b56edcbb7940b82f96afaec6b7fa6c85844454a0e1cdd423cd1c859c63744d56e2c165bb2da2bace8ea32c18709de024c44b579be5d2a96a1f4619088baf3e298dc1ff8977,gx-no-cache=1515517494615 HTTP/1.1" 200 72
186.103.159.189 - - [09/Jan/2018:14:05:41 -0300] "POST /cormun/servlet/solicitudotcontratos?2d7c71b2e177f431baf853243e0109a1,INS,2018,0,9623662,k,2,2017,1822,NADA,201711,14,B,,gx-no-cache=1515517501597 HTTP/1.1" 200 10807
186.103.159.189 - - [09/Jan/2018:14:05:41 -0300] "POST /cormun/servlet/solicitudotcontratos?gx-no-cache=1515517501948 HTTP/1.1" 200 1342
186.103.159.189 - - [09/Jan/2018:14:05:41 -0300] "POST /cormun/servlet/solicitudotcontratos?gx-no-cache=1515517502016 HTTP/1.1" 200 1220
186.103.159.189 - - [09/Jan/2018:14:05:41 -0300] "GET /cormun/servlet/solicitudotcontratos?7a0b0f72cb25d236d4798dd800bb224f975f3353ef89cdb5be81f0c79387648f94bf826b42d51d66a3d481b4571931845f960f3d4f79263c379ef85ed198aaeeef2880426abb6b4a650edbf2c6db88f7922c47d6691abc22153a0f416fb9c0b1933392c080246dca18883a32e6034996aff12796a774e6679dac2c8581eb68f2,gx-no-cache=1515517502066 HTTP/1.1" 200 30
186.103.159.189 - - [09/Jan/2018:14:05:41 -0300] "POST /cormun/servlet/solicitudotcontratos?2d7c71b2e177f431baf853243e0109a1,INS,2018,0,9623662,k,2,2017,1822,NADA,201711,14,B,,gx-no-cache=1515517502104 HTTP/1.1" 200 93
186.103.159.189 - - [09/Jan/2018:14:05:41 -0300] "GET /cormun/servlet/hpexe_return? HTTP/1.1" 200 1070
186.103.159.189 - - [09/Jan/2018:14:05:42 -0300] "GET /cormun/servlet/trcontratosolicitud?gx-no-cache=1515517487953 HTTP/1.1" 200 6711
186.103.159.189 - - [09/Jan/2018:14:05:43 -0300] "GET /cormun/servlet/trcontratosolicitud?gx-no-cache=1515517487953 HTTP/1.1" 200 6727
186.103.159.43 - - [09/Jan/2018:14:05:43 -0300] "GET /cormun/servlet/solicitudotcontratos?INS,2018,0,5614503,6,6,2017,2843,INTEGRACION,201711,4,B, HTTP/1.1" 200 9899
186.103.159.43 - - [09/Jan/2018:14:05:44 -0300] "GET /cormun/servlet/solicitudotcontratos?INS,2018,0,5614503,6,6,2017,2843,INTEGRACION,201711,4,B, HTTP/1.1" 200 9908
186.103.159.43 - - [09/Jan/2018:14:05:44 -0300] "GET /cormun/servlet/solicitudotcontratos?fa87f2a2fd2b1feed12e7528232ac581811639de279b313206dc469b83595569f57cd9b442d2e9da3530cc07fc85a631,gx-no-cache=1515517503607 HTTP/1.1" 200 30
186.103.159.43 - - [09/Jan/2018:14:05:44 -0300] "GET /cormun/servlet/solicitudotcontratos?fa87f2a2fd2b1feed12e7528232ac58171d1e29ecf3e5c8751931a1fe75e132e1e0fffaa5596de666a56bb95da72f5d1,gx-no-cache=1515517503721 HTTP/1.1" 200 30
186.103.159.43 - - [09/Jan/2018:14:05:44 -0300] "GET /cormun/servlet/solicitudotcontratos?fa87f2a2fd2b1feed12e7528232ac581def85be854f0a451782ba3819affd3eb3cf947e6ee5edcea612d5d6fc9a5904284a0f392e595e0b02d5401e2cc19d712b34ce79745a802aebe88bba95115271f0dac4c30722a7fcb493b761a18a20359b203ab6d8f84bd32fe05916dd5687e3ad34d25128f09b0c0d76e0d5dad950630,gx-no-cache=1515517503779 HTTP/1.1" 200 50
186.103.159.43 - - [09/Jan/2018:14:05:44 -0300] "GET /cormun/servlet/solicitudotcontratos?fa87f2a2fd2b1feed12e7528232ac5815c2a55762439a372e1465602ab1b469a2ecf0461334c41275bd71eb5817b7550,gx-no-cache=1515517503841 HTTP/1.1" 200 30
186.103.159.43 - - [09/Jan/2018:14:05:44 -0300] "GET /cormun/servlet/solicitudotcontratos?fa87f2a2fd2b1feed12e7528232ac581ade79d0dab58c4a748b1a4245512277ee124939e9d7a070eeee7f16816b53bd04a60299bd913386bf8da5c2c270b63a320b2bfaee111eb1102fdacd4a32669f64513249d049dd21271689403627996f3e94ae0b59d4446546cd759f18eca282a,gx-no-cache=1515517503891 HTTP/1.1" 200 30
186.103.159.43 - - [09/Jan/2018:14:05:45 -0300] "GET /cormun/servlet/solicitudotcontratos?fa87f2a2fd2b1feed12e7528232ac5810bee81a3eda9cbbcc444a382160fccb8bda72dba6d9744c586e1c6ddaf5869a269f220e0636fcee9813a66ce8e8a5ed37e6175d6d1dd8426bb816fd25744793c062089809c1185093b74cc02f131461b042f25ec1b6e4c18f066402ace4f75b208c3a592b51deae833e6c152e23c415a08fa27e0e930fec0e215a9bfc32170272cf86065b8d79c99805c0035de02073302b30314233c0044b0a68e21b30a4fd44d3ceb67d92fc3ee8389bd34f115c29fa6a9fb33e11b960f6cab8befa4fe000cd77e0dfb57f28546ce5b46b47cc2fd21c2ff83c358615fa3530f3dafc4ded1a513e270112c73a58ab4627a39f0138b58a21fb82b1c56f6eb60be3a8d095f2c05802772115f8c8d759f04f44e0d66fca8dec9a9ee7241b6ace2dcba0c28fa7bc2ac10e3b65cdfe7980223e41295f44186d787f8416ee84d138019264c1fb45f341538eb36be2987fcea43580ceb0e42504a9c8f39169a87a4c1a69f8210b5441e451e7724a78e5ca7d0e15fc3f2e5a596ba9ea8a506c888880b5458a2f308e2a23da4799b03bcdb00706f6a7c178b47590912ca38425529b054d48fbaf0f4c1c975202cfffab6a791f6d65b73d92c39a4745b96c32dc3d69dfbaf47f91a1fba49e485f1e35648fec53ab0d7bfaee7d2e7893660513199b6880c3449d70085e1f403bf0c40971f0666eeb8c82f770bceb0bc7b1dc5e48ac8a7dc2562874d64c3b345ec4a54e3f2bcca63ed6b1b06693c1a90f7a4fde98c70b1ad2297c11e96f76674444df933e7e99ffb79b503f041676c,gx-no-cache=1515517503960 HTTP/1.1" 200 83
186.103.157.42 - - [09/Jan/2018:14:05:56 -0300] "GET /cormun/servlet/trsolicitudot? HTTP/1.1" 200 9523
186.103.157.42 - - [09/Jan/2018:14:05:57 -0300] "GET /cormun/servlet/trsolicitudot? HTTP/1.1" 200 9517
186.103.159.43 - - [09/Jan/2018:14:05:59 -0300] "POST /cormun/servlet/solicitudotcontratos?5663fa1016bac5c1380321392baa639d,INS,2018,0,5614503,6,6,2017,2843,INTEGRACION,201711,4,B,,gx-no-cache=1515517518031 HTTP/1.1" 200 10803
186.103.159.43 - - [09/Jan/2018:14:05:59 -0300] "POST /cormun/servlet/solicitudotcontratos?gx-no-cache=1515517518597 HTTP/1.1" 200 1341
186.103.159.43 - - [09/Jan/2018:14:05:59 -0300] "POST /cormun/servlet/solicitudotcontratos?gx-no-cache=1515517518699 HTTP/1.1" 200 1220
186.103.159.43 - - [09/Jan/2018:14:05:59 -0300] "GET /cormun/servlet/solicitudotcontratos?fa87f2a2fd2b1feed12e7528232ac58110bcc3711943de297efaae8c0263c2eb588fe426f19a6a798a3e224528671d4eb93e46e15e895e1b3bbcdddb8ba5e94279f64fd46904d1bb4ff4f8fabee25366b89223dda80fa03fb2d31722f39144f76f8040f1d44c9a2c97472451bc4324ae794116e69dab584a723d7dd619cffd89,gx-no-cache=1515517518799 HTTP/1.1" 200 30
186.103.159.43 - - [09/Jan/2018:14:06:00 -0300] "POST /cormun/servlet/solicitudotcontratos?5663fa1016bac5c1380321392baa639d,INS,2018,0,5614503,6,6,2017,2843,INTEGRACION,201711,4,B,,gx-no-cache=1515517518861 HTTP/1.1" 200 93
186.103.159.43 - - [09/Jan/2018:14:06:00 -0300] "GET /cormun/servlet/hpexe_return? HTTP/1.1" 200 1070
186.103.159.43 - - [09/Jan/2018:14:06:00 -0300] "GET /cormun/servlet/trcontratosolicitud?gx-no-cache=1515514306466 HTTP/1.1" 200 14541
186.103.159.43 - - [09/Jan/2018:14:06:01 -0300] "GET /cormun/servlet/trcontratosolicitud?gx-no-cache=1515514306466 HTTP/1.1" 200 14566
186.103.159.189 - - [09/Jan/2018:14:06:01 -0300] "POST /cormun/servlet/trcontratosolicitud?2d7c71b2e177f431baf853243e0109a1,gx-no-cache=1515517487953,gx-no-cache=1515517522075 HTTP/1.1" 200 4145
186.103.159.189 - - [09/Jan/2018:14:06:02 -0300] "POST /cormun/servlet/trcontratosolicitud?2d7c71b2e177f431baf853243e0109a1,gx-no-cache=1515517487953,gx-no-cache=1515517523457 HTTP/1.1" 200 4145
186.103.157.42 - - [09/Jan/2018:14:06:03 -0300] "GET /cormun/servlet/solicitudot?INS,0,0, HTTP/1.1" 200 14171
186.103.157.42 - - [09/Jan/2018:14:06:04 -0300] "GET /cormun/servlet/solicitudot?INS,0,0, HTTP/1.1" 200 14176
186.103.157.42 - - [09/Jan/2018:14:06:11 -0300] "POST /cormun/servlet/solicitudot?gx-no-cache=1515517530704 HTTP/1.1" 200 3828
186.103.157.42 - - [09/Jan/2018:14:06:11 -0300] "POST /cormun/servlet/solicitudot?c403aac7752776a243b9fc5ef8a6d842,INS,0,0,,gx-no-cache=1515517531068 HTTP/1.1" 200 10949
186.103.157.42 - - [09/Jan/2018:14:06:13 -0300] "GET /cormun/servlet/solicitudot?9b1912eed4ea769aa7c809284bde830fe99dd4af6ae7f790cad07f4cbe2d2497e375d785a063bec2f74b7d28325c3c5c,gx-no-cache=1515517533248 HTTP/1.1" 200 30
186.103.159.189 - - [09/Jan/2018:14:06:14 -0300] "POST /cormun/servlet/trcontratosolicitud?2d7c71b2e177f431baf853243e0109a1,gx-no-cache=1515517487953,gx-no-cache=1515517534827 HTTP/1.1" 200 4145
186.103.157.42 - - [09/Jan/2018:14:06:23 -0300] "POST /cormun/servlet/solicitudot?gx-no-cache=1515517543444 HTTP/1.1" 200 53
186.103.159.189 - - [09/Jan/2018:14:06:28 -0300] "POST /cormun/servlet/trcontratosolicitud?2d7c71b2e177f431baf853243e0109a1,gx-no-cache=1515517487953,gx-no-cache=1515517548771 HTTP/1.1" 200 4969
186.103.157.42 - - [09/Jan/2018:14:06:57 -0300] "POST /cormun/servlet/solicitudot?gx-no-cache=1515517576678 HTTP/1.1" 200 240
186.103.157.42 - - [09/Jan/2018:14:06:57 -0300] "GET /cormun/servlet/solicitudot?9b1912eed4ea769aa7c809284bde830fd0f2f52e8a31abd31c4128d2e20a41fb4aece4dd4a74231faead3ad7e3c8929eefd4a6cbaad8dcfe92ae5726e31f495a5d26c9a77ab63460e5195a53b19ff2e54f35b3075462f746a57faa6114852cb1d301b6ab558145fc52979156a1837f66e6e2528f93a4902fa85f9a2a1774693d6e7b367152d8705d44999231126247f8b1dd8dba9a406013fd34fe4337c1d833c2276a86c67a48f391622c56d1b637b48249db2941560ca25ed8f2af5eddc04f2cf46e7ea3640243a9e6ce94b751c5466ac32f6231ac0b34bd5aebbf55b1bc03e9cc81b73d895e06aa0b0c66b55c05ee885894ae1ec8c678f44b1646c3fd555d7359a7bd39903b9293a013c26338f811c36de0165543a7a9fdd42272e1dd32a1476aff0cdddfab9145e5ebb8689ad75424793e059d4c756e022b605cb71723d2937f03186ad7705552aebf0f096e6f0b9758260eaec5891b9ddddad9d479135491d42645a2edc919b431ee26d747dc867e6c88de94792df99d7e2e2bd4c8835f,gx-no-cache=1515517576829 HTTP/1.1" 200 30
186.103.157.42 - - [09/Jan/2018:14:07:00 -0300] "POST /cormun/servlet/solicitudot?gx-no-cache=1515517579878 HTTP/1.1" 200 30
186.103.159.43 - - [09/Jan/2018:14:07:03 -0300] "GET /cormun/servlet/solicitudotcontratos?INS,2018,0,17136872,3,6,2017,5955,LEY+SEP,201711,5,*, HTTP/1.1" 200 9705
186.103.159.43 - - [09/Jan/2018:14:07:04 -0300] "GET /cormun/servlet/solicitudotcontratos?INS,2018,0,17136872,3,6,2017,5955,LEY+SEP,201711,5,*, HTTP/1.1" 200 9718
186.103.159.43 - - [09/Jan/2018:14:07:04 -0300] "GET /cormun/servlet/solicitudotcontratos?fa87f2a2fd2b1feed12e7528232ac58139bc2fdb8a75d567a8e621a663ae1802d4db2bb9eda4b42b66f247ddf1789148,gx-no-cache=1515517583444 HTTP/1.1" 200 113
186.103.159.43 - - [09/Jan/2018:14:07:04 -0300] "GET /cormun/static/Shared/jqueryui/images/ui-bg_highlight-soft_100_c6c2c8_1x100.png HTTP/1.1" 404 1117
186.103.159.43 - - [09/Jan/2018:14:07:04 -0300] "GET /cormun/static/Shared/jqueryui/images/ui-icons_82798d_256x240.png HTTP/1.1" 404 1089
186.103.159.43 - - [09/Jan/2018:14:07:04 -0300] "GET /cormun/static/Shared/jqueryui/images/ui-icons_ebccce_256x240.png HTTP/1.1" 404 1089
186.103.159.43 - - [09/Jan/2018:14:07:04 -0300] "GET /cormun/static/Shared/jqueryui/images/ui-bg_flat_55_994d53_40x100.png HTTP/1.1" 404 1097
186.103.159.43 - - [09/Jan/2018:14:07:04 -0300] "GET /cormun/servlet/solicitudotcontratos?fa87f2a2fd2b1feed12e7528232ac581618e3697393c756ddf02bb5baafcaccad4db2bb9eda4b42b66f247ddf1789148,gx-no-cache=1515517583511 HTTP/1.1" 200 111
186.103.159.43 - - [09/Jan/2018:14:07:04 -0300] "GET /cormun/servlet/solicitudotcontratos?fa87f2a2fd2b1feed12e7528232ac581def85be854f0a451782ba3819affd3eb487e7b700957acde3ae22528318ec1044a60299bd913386bf8da5c2c270b63a3e3625faa12b499bfbe74804fc97557301760c4ccb7bdde7c27888a360e93bf5b,gx-no-cache=1515517583544 HTTP/1.1" 200 111
186.103.159.43 - - [09/Jan/2018:14:07:04 -0300] "GET /cormun/servlet/solicitudotcontratos?fa87f2a2fd2b1feed12e7528232ac581e46cfc62491f42252dd416ad9d2d0b7cc0d8f2565d9db0b9ef7a036e8d710322,gx-no-cache=1515517583574 HTTP/1.1" 200 30
186.103.159.43 - - [09/Jan/2018:14:07:04 -0300] "GET /cormun/servlet/solicitudotcontratos?fa87f2a2fd2b1feed12e7528232ac581ade79d0dab58c4a748b1a4245512277ee124939e9d7a070eeee7f16816b53bd04a60299bd913386bf8da5c2c270b63a320b2bfaee111eb1102fdacd4a32669f64513249d049dd21271689403627996f3e94ae0b59d4446546cd759f18eca282a,gx-no-cache=1515517583600 HTTP/1.1" 200 30
186.103.159.43 - - [09/Jan/2018:14:07:04 -0300] "GET /cormun/servlet/solicitudotcontratos?fa87f2a2fd2b1feed12e7528232ac5810bee81a3eda9cbbcc444a382160fccb8bda72dba6d9744c586e1c6ddaf5869a29a3b1f0361151698de06cce7de1893b34a60299bd913386bf8da5c2c270b63a3a4dc8a547284cebd210affb7376776365743979af3e98627fc7731359661e47cd43b4d19580c8435f5b97d2ce2ca34634d3050677e41e1d0c849430d974e0edcc461ae1b4c5390baf8fce8952378d46a9a3b1f0361151698de06cce7de1893b3f897aee854e29bca7494ca4fadd203d9c81eac95b5bde452bfa285ac04a61ddfc552ac1b85b2becd6bb03145d27d8d345b7612d2c0fc5f8b14c901addef6cecc282c75b7619499ac52b22a0eae8d2233e37cc45d93874eddb9a9f09944befa1dc0bb7bae60f7c97c12304e9db72fa9ef400ce654182b3274583ba978369b375ca12bfe04b292b2139f0f2e5a6592575dbdc60ba920c75a570e7d8aa2424396851bc9596841de83f35002fc02b0b52bc45956044bf0879c25913b82a7a6d6254ba768910f2056000e2eac03b62d97fc880e1adaee6cb67baa3fc3615419b68097c5d9429a7adb714227494926019e7ba3997378341f8f6d6cbd5cc8371af445706711cc733ee23a9c249471ba0142b51d4c641912bb0bfde16110d4433d8ce4d175fe9608dc2d755426ef1123cc08796c65b67671fdda905e79f52c66b8b15595290d6601809e8639c3d22535eeba9e4cba5906c84a600b302375cad56ad6613bea5da2ca41993dbc2b1671a83e2d944fd849733ceba4ca11fdb01c9152c0c8ce3312f959e6e7a4cf4fbe150f2f570edb,gx-no-cache=1515517583628 HTTP/1.1" 200 79
186.103.157.42 - - [09/Jan/2018:14:07:13 -0300] "POST /cormun/servlet/solicitudot?gx-no-cache=1515517592649 HTTP/1.1" 200 1357
186.103.157.42 - - [09/Jan/2018:14:07:13 -0300] "POST /cormun/servlet/solicitudot?gx-no-cache=1515517592742 HTTP/1.1" 200 38
186.103.157.42 - - [09/Jan/2018:14:07:29 -0300] "GET /cormun/servlet/solicitudot?9b1912eed4ea769aa7c809284bde830f5d7e9ee5c6d5c74a79541222eaa09fd93840aa24acb598ecf87db5ff9d6bdd9e98f11374a5c2f82f9fee57fe82cce38b4a0f17db47ad53a7d339eef61894bfe65c50157a66883c88a171680fda414bf29856751aa1cc1bbb8479998543e2d074,gx-no-cache=1515517608911 HTTP/1.1" 200 29
186.103.157.42 - - [09/Jan/2018:14:07:29 -0300] "POST /cormun/servlet/solicitudot?gx-no-cache=1515517608947 HTTP/1.1" 200 219
186.103.157.42 - - [09/Jan/2018:14:07:29 -0300] "GET /cormun/servlet/solicitudot?9b1912eed4ea769aa7c809284bde830f07ad516d91f175be71939700d302e330fc5680023982748f784b032dd8c5f04ee2b8b21bc7249db97e990efa8ae40ba5c3a7960bb9e377ad5d0a5275715f2a72072ec6d4d57314b91daef61482e20afc3840aa24acb598ecf87db5ff9d6bdd9ef97547b7cd24183659f8b011f35030408095f1971ccc3743359cc6679fc5e4ab,gx-no-cache=1515517609014 HTTP/1.1" 200 55
186.103.157.42 - - [09/Jan/2018:14:07:37 -0300] "POST /cormun/servlet/solicitudot?gx-no-cache=1515517616879 HTTP/1.1" 200 217
186.103.157.42 - - [09/Jan/2018:14:07:37 -0300] "GET /cormun/servlet/solicitudot?9b1912eed4ea769aa7c809284bde830f07ad516d91f175be71939700d302e330fc5680023982748f784b032dd8c5f04ee2b8b21bc7249db97e990efa8ae40ba5c3a7960bb9e377ad5d0a5275715f2a72072ec6d4d57314b91daef61482e20afc3840aa24acb598ecf87db5ff9d6bdd9ef97547b7cd24183659f8b011f35030408095f1971ccc3743359cc6679fc5e4ab,gx-no-cache=1515517616920 HTTP/1.1" 200 55
186.103.157.42 - - [09/Jan/2018:14:07:37 -0300] "GET /cormun/static/menuarrow.gif HTTP/1.1" 404 1015
186.103.157.42 - - [09/Jan/2018:14:07:38 -0300] "POST /cormun/servlet/solicitudot?gx-no-cache=1515517617782 HTTP/1.1" 200 217
186.103.157.42 - - [09/Jan/2018:14:07:38 -0300] "GET /cormun/servlet/solicitudot?9b1912eed4ea769aa7c809284bde830f07ad516d91f175be71939700d302e330fc5680023982748f784b032dd8c5f04ee2b8b21bc7249db97e990efa8ae40ba5c3a7960bb9e377ad5d0a5275715f2a72072ec6d4d57314b91daef61482e20afc3840aa24acb598ecf87db5ff9d6bdd9ef97547b7cd24183659f8b011f35030408095f1971ccc3743359cc6679fc5e4ab,gx-no-cache=1515517617825 HTTP/1.1" 200 55
186.103.157.42 - - [09/Jan/2018:14:07:40 -0300] "GET /cormun/servlet/solicitudot?9b1912eed4ea769aa7c809284bde830f1af4f85307e3b7a456dff7d2ee72947d3c8188d541c40efde429a2f9100f0608,gx-no-cache=1515517620457 HTTP/1.1" 200 30
186.103.157.42 - - [09/Jan/2018:14:07:44 -0300] "POST /cormun/servlet/solicitudot?gx-no-cache=1515517624338 HTTP/1.1" 200 30
186.103.157.42 - - [09/Jan/2018:14:07:47 -0300] "POST /cormun/servlet/solicitudot?c403aac7752776a243b9fc5ef8a6d842,INS,0,0,,gx-no-cache=1515517626606 HTTP/1.1" 200 11377
186.103.157.42 - - [09/Jan/2018:14:07:47 -0300] "GET /cormun/static/Shared/jqueryui/images/ui-bg_highlight-soft_100_c6c2c8_1x100.png HTTP/1.1" 404 1117
186.103.157.42 - - [09/Jan/2018:14:07:47 -0300] "GET /cormun/static/Shared/jqueryui/images/ui-icons_82798d_256x240.png HTTP/1.1" 404 1089
186.103.157.42 - - [09/Jan/2018:14:07:47 -0300] "GET /cormun/static/Shared/jqueryui/images/ui-bg_flat_55_994d53_40x100.png HTTP/1.1" 404 1097
186.103.157.42 - - [09/Jan/2018:14:07:47 -0300] "GET /cormun/static/Shared/jqueryui/images/ui-icons_ebccce_256x240.png HTTP/1.1" 404 1089
186.103.157.42 - - [09/Jan/2018:14:07:55 -0300] "POST /cormun/servlet/solicitudot?gx-no-cache=1515517634714 HTTP/1.1" 200 53
186.103.157.42 - - [09/Jan/2018:14:07:59 -0300] "POST /cormun/servlet/solicitudot?gx-no-cache=1515517639589 HTTP/1.1" 200 241
186.103.157.42 - - [09/Jan/2018:14:08:00 -0300] "GET /cormun/servlet/solicitudot?9b1912eed4ea769aa7c809284bde830fd0f2f52e8a31abd31c4128d2e20a41fb4aece4dd4a74231faead3ad7e3c8929eefd4a6cbaad8dcfe92ae5726e31f495a5d26c9a77ab63460e5195a53b19ff2e54f35b3075462f746a57faa6114852cb1d301b6ab558145fc52979156a1837f66e6e2528f93a4902fa85f9a2a1774693d6e7b367152d8705d44999231126247f8b1dd8dba9a406013fd34fe4337c1d833c2276a86c67a48f391622c56d1b637b48249db2941560ca25ed8f2af5eddc04f2cf46e7ea3640243a9e6ce94b751c5466ac32f6231ac0b34bd5aebbf55b1bc03e9cc81b73d895e06aa0b0c66b55c05ee885894ae1ec8c678f44b1646c3fd555d7359a7bd39903b9293a013c26338f811c36de0165543a7a9fdd42272e1dd32a1476aff0cdddfab9145e5ebb8689ad75424793e059d4c756e022b605cb71723d2937f03186ad7705552aebf0f096e6f0b9758260eaec5891b9ddddad9d479135491d42645a2edc919b431ee26d747dc867ed939d30986a53dff7a820f68eb638a,gx-no-cache=1515517639661 HTTP/1.1" 200 30
186.103.157.42 - - [09/Jan/2018:14:08:00 -0300] "POST /cormun/servlet/solicitudot?gx-no-cache=1515517640033 HTTP/1.1" 200 30
186.103.157.42 - - [09/Jan/2018:14:08:00 -0300] "POST /cormun/servlet/solicitudot?gx-no-cache=1515517640116 HTTP/1.1" 200 1357
186.103.157.42 - - [09/Jan/2018:14:08:00 -0300] "POST /cormun/servlet/solicitudot?gx-no-cache=1515517640194 HTTP/1.1" 200 41
186.103.157.42 - - [09/Jan/2018:14:08:00 -0300] "POST /cormun/servlet/solicitudot?gx-no-cache=1515517640233 HTTP/1.1" 200 1339
186.103.157.42 - - [09/Jan/2018:14:08:00 -0300] "POST /cormun/servlet/solicitudot?gx-no-cache=1515517640301 HTTP/1.1" 200 1218
186.103.159.43 - - [09/Jan/2018:14:08:01 -0300] "POST /cormun/servlet/solicitudotcontratos?5663fa1016bac5c1380321392baa639d,INS,2018,0,17136872,3,6,2017,5955,LEY+SEP,201711,5,*,,gx-no-cache=1515517640166 HTTP/1.1" 200 93
186.103.159.43 - - [09/Jan/2018:14:08:01 -0300] "GET /cormun/servlet/hpexe_return? HTTP/1.1" 200 1069
186.103.159.43 - - [09/Jan/2018:14:08:01 -0300] "GET /cormun/servlet/trcontratosolicitud?gx-no-cache=1515514306466 HTTP/1.1" 200 14546
186.103.159.43 - - [09/Jan/2018:14:08:02 -0300] "GET /cormun/servlet/trcontratosolicitud?gx-no-cache=1515514306466 HTTP/1.1" 200 14570
186.103.159.189 - - [09/Jan/2018:14:08:05 -0300] "GET /cormun/servlet/solicitudotcontratos?INS,2018,0,18798822,5,2,2017,4581,NADA,201711,37,B, HTTP/1.1" 200 9752
186.103.159.189 - - [09/Jan/2018:14:08:06 -0300] "GET /cormun/servlet/solicitudotcontratos?INS,2018,0,18798822,5,2,2017,4581,NADA,201711,37,B, HTTP/1.1" 200 9765
186.103.159.189 - - [09/Jan/2018:14:08:07 -0300] "GET /cormun/servlet/solicitudotcontratos?7a0b0f72cb25d236d4798dd800bb224f0901326f07ad65fb1e901bc4d3f59b48c205af3db35f135bc70779684e378203,gx-no-cache=1515517647832 HTTP/1.1" 200 30
186.103.159.189 - - [09/Jan/2018:14:08:07 -0300] "GET /cormun/servlet/solicitudotcontratos?7a0b0f72cb25d236d4798dd800bb224f51f2aa7c8522b7995d7e4e88bbed1b44c205af3db35f135bc70779684e378203,gx-no-cache=1515517647874 HTTP/1.1" 200 111
186.103.159.189 - - [09/Jan/2018:14:08:07 -0300] "GET /cormun/static/Shared/jqueryui/images/ui-bg_highlight-soft_100_c6c2c8_1x100.png HTTP/1.1" 404 1117
186.103.159.189 - - [09/Jan/2018:14:08:07 -0300] "GET /cormun/static/Shared/jqueryui/images/ui-icons_82798d_256x240.png HTTP/1.1" 404 1089
186.103.159.189 - - [09/Jan/2018:14:08:07 -0300] "GET /cormun/static/Shared/jqueryui/images/ui-bg_flat_55_994d53_40x100.png HTTP/1.1" 404 1097
186.103.159.189 - - [09/Jan/2018:14:08:07 -0300] "GET /cormun/static/Shared/jqueryui/images/ui-icons_ebccce_256x240.png HTTP/1.1" 404 1089
186.103.159.189 - - [09/Jan/2018:14:08:07 -0300] "GET /cormun/servlet/solicitudotcontratos?7a0b0f72cb25d236d4798dd800bb224f7f35a763d4eb043ab4ad0b212e413a628e087baec1a1bde8a31439a490593b129abd2873d54d99c9074b69ca67e3953c390e5160d73ddc7bcf91551b4cf0c7636c038f586ab3480ebcf89987d9d55688,gx-no-cache=1515517647968 HTTP/1.1" 200 111
186.103.159.189 - - [09/Jan/2018:14:08:07 -0300] "GET /cormun/servlet/solicitudotcontratos?7a0b0f72cb25d236d4798dd800bb224f3a4f60890b455f35edb3f66d17a2780c1427e10888af57a2d8e8ed4c3d6433a0,gx-no-cache=1515517648019 HTTP/1.1" 200 30
186.103.159.189 - - [09/Jan/2018:14:08:07 -0300] "GET /cormun/servlet/solicitudotcontratos?7a0b0f72cb25d236d4798dd800bb224fc4cec413ba9326956f260df14174111c62d888824c61c2f1b988ccc960a8669e9abd2873d54d99c9074b69ca67e3953c8faf0a1dbe70601e54ff8e73c1e09e844786fe51fdd39089fc8d6b687fcada14056df9deb32c90e94ca5c439bfb382e4,gx-no-cache=1515517648055 HTTP/1.1" 200 30
186.103.159.189 - - [09/Jan/2018:14:08:07 -0300] "GET /cormun/servlet/solicitudotcontratos?7a0b0f72cb25d236d4798dd800bb224f54749d71eef33c711ae052327bc1d0b2082ca8bc10bb1d76f812dbb4db7afb7d3e1706168cc5a6a44070cfaa96ff2dee91b3621ad04e9ed1b2042858f8cdeaf9166b51330d7db2d6d9edac64f44de135b90d537c5b0e6107a2126318067f2188b2779f45ab7d16e2281e1c132ba3145fc0402608911675eb4eddf3e25de08196875dc7f091ef9445bd8f5e2397fdcd68ea4858be96c4e0cf07377db38a3eec244262c6b82921d9cd0d8443a77b189a95aa49766b9680b677aa27c9297f534fbf933fdf31709f952490a805adac969c3a01b0a14413361a8de14fc3c28cfb2cf97a2462b0b2f93d51bbbc226e6ca44179bce51106546c14d8367d379a05ff3f03f6325a8620cbdb5f427e3ca2d86743971913f132b9176c21943ec9417a18af8aef4a5a34dfbf843ce23a6ffb0f599f771253856d92ad1a16dd97a24779770ca74f67e71ea5945221a364de10453a5b235199693f5d19d13e0cccece12412bf52c4f9757c9aa908ccc426007d04fdf9dec1c4105d2e82327d04e206358c89cd00d23235910790452045f073b56edcbb79d9d13202a42ace7bb2a76e6252c9da4452af7e25bcf93793cb6cb80b16d4486d6096ee196b53b87dd388c64bb3f99891410c6fd2065f9a3882da5bfae60a66786867164e1cfeba3da6627e9223428b43d23235910790452045f073b56edcbb7940b82f96afaec6b7fa6c85844454a0e1cdd423cd1c859c63744d56e2c165bb2da2bace8ea32c18709de024c44b579be5d2a96a1f4619088baf3e298dc1ff8977,gx-no-cache=1515517648095 HTTP/1.1" 200 72
186.103.157.42 - - [09/Jan/2018:14:08:15 -0300] "POST /cormun/servlet/solicitudot?gx-no-cache=1515517655220 HTTP/1.1" 200 1338
186.103.157.42 - - [09/Jan/2018:14:08:15 -0300] "POST /cormun/servlet/solicitudot?gx-no-cache=1515517655328 HTTP/1.1" 200 1219
186.103.157.42 - - [09/Jan/2018:14:08:15 -0300] "GET /cormun/servlet/solicitudot?9b1912eed4ea769aa7c809284bde830f1af4f85307e3b7a456dff7d2ee72947d3c8188d541c40efde429a2f9100f0608,gx-no-cache=1515517655411 HTTP/1.1" 200 30
186.103.157.42 - - [09/Jan/2018:14:08:15 -0300] "POST /cormun/servlet/solicitudot?gx-no-cache=1515517655449 HTTP/1.1" 200 30
186.103.157.42 - - [09/Jan/2018:14:08:16 -0300] "POST /cormun/servlet/solicitudot?c403aac7752776a243b9fc5ef8a6d842,INS,0,0,,gx-no-cache=1515517655492 HTTP/1.1" 200 12420
186.103.159.189 - - [09/Jan/2018:14:08:23 -0300] "POST /cormun/servlet/solicitudotcontratos?2d7c71b2e177f431baf853243e0109a1,INS,2018,0,18798822,5,2,2017,4581,NADA,201711,37,B,,gx-no-cache=1515517664038 HTTP/1.1" 200 10657
186.103.159.189 - - [09/Jan/2018:14:08:23 -0300] "POST /cormun/servlet/solicitudotcontratos?gx-no-cache=1515517664410 HTTP/1.1" 200 1342
186.103.159.189 - - [09/Jan/2018:14:08:23 -0300] "POST /cormun/servlet/solicitudotcontratos?gx-no-cache=1515517664478 HTTP/1.1" 200 1221
186.103.157.42 - - [09/Jan/2018:14:08:30 -0300] "POST /cormun/servlet/solicitudot?gx-no-cache=1515517669814 HTTP/1.1" 200 51
186.103.157.42 - - [09/Jan/2018:14:08:42 -0300] "POST /cormun/servlet/solicitudot?gx-no-cache=1515517681766 HTTP/1.1" 200 241
186.103.157.42 - - [09/Jan/2018:14:08:42 -0300] "GET /cormun/servlet/solicitudot?9b1912eed4ea769aa7c809284bde830fd0f2f52e8a31abd31c4128d2e20a41fb4aece4dd4a74231faead3ad7e3c8929eefd4a6cbaad8dcfe92ae5726e31f495a5d26c9a77ab63460e5195a53b19ff2e54f35b3075462f746a57faa6114852cb1d301b6ab558145fc52979156a1837f66e6e2528f93a4902fa85f9a2a1774693d6e7b367152d8705d44999231126247f8b1dd8dba9a406013fd34fe4337c1d833c2276a86c67a48f391622c56d1b637b48249db2941560ca25ed8f2af5eddc04f2cf46e7ea3640243a9e6ce94b751c5466ac32f6231ac0b34bd5aebbf55b1bc03e9cc81b73d895e06aa0b0c66b55c05ee885894ae1ec8c678f44b1646c3fd555d7359a7bd39903b9293a013c26338f811c36de0165543a7a9fdd42272e1dd32a1476aff0cdddfab9145e5ebb8689ad75424793e059d4c756e022b605cb71723d2937f03186ad7705552aebf0f096e6f0b9758260eaec5891b9ddddad9d479135491d42645a2edc919b431ee26d747dc867ed939d30986a53dff7a820f68eb638a,gx-no-cache=1515517681834 HTTP/1.1" 200 30
186.103.157.42 - - [09/Jan/2018:14:08:42 -0300] "POST /cormun/servlet/solicitudot?gx-no-cache=1515517682199 HTTP/1.1" 200 30
186.103.157.42 - - [09/Jan/2018:14:08:42 -0300] "POST /cormun/servlet/solicitudot?gx-no-cache=1515517682284 HTTP/1.1" 200 1357
186.103.157.42 - - [09/Jan/2018:14:08:42 -0300] "POST /cormun/servlet/solicitudot?gx-no-cache=1515517682397 HTTP/1.1" 200 41
186.103.159.189 - - [09/Jan/2018:14:08:46 -0300] "POST /cormun/servlet/solicitudotcontratos?gx-no-cache=1515517686858 HTTP/1.1" 200 1342
186.103.157.42 - - [09/Jan/2018:14:08:46 -0300] "POST /cormun/servlet/solicitudot?gx-no-cache=1515517685957 HTTP/1.1" 200 1339
186.103.159.189 - - [09/Jan/2018:14:08:46 -0300] "POST /cormun/servlet/solicitudotcontratos?gx-no-cache=1515517687069 HTTP/1.1" 200 1221
186.103.159.189 - - [09/Jan/2018:14:08:46 -0300] "GET /cormun/servlet/solicitudotcontratos?7a0b0f72cb25d236d4798dd800bb224f975f3353ef89cdb5be81f0c79387648f94bf826b42d51d66a3d481b4571931845f960f3d4f79263c379ef85ed198aaeeef2880426abb6b4a650edbf2c6db88f7922c47d6691abc22153a0f416fb9c0b1933392c080246dca18883a32e6034996aff12796a774e6679dac2c8581eb68f2,gx-no-cache=1515517687191 HTTP/1.1" 200 30
186.103.157.42 - - [09/Jan/2018:14:08:46 -0300] "POST /cormun/servlet/solicitudot?gx-no-cache=1515517686095 HTTP/1.1" 200 1218
186.103.159.189 - - [09/Jan/2018:14:08:46 -0300] "POST /cormun/servlet/solicitudotcontratos?2d7c71b2e177f431baf853243e0109a1,INS,2018,0,18798822,5,2,2017,4581,NADA,201711,37,B,,gx-no-cache=1515517687304 HTTP/1.1" 200 10902
186.103.157.42 - - [09/Jan/2018:14:08:52 -0300] "GET /cormun/servlet/solicitudot?9b1912eed4ea769aa7c809284bde830f1af4f85307e3b7a456dff7d2ee72947d3c8188d541c40efde429a2f9100f0608,gx-no-cache=1515517691628 HTTP/1.1" 200 30
186.103.157.42 - - [09/Jan/2018:14:08:52 -0300] "POST /cormun/servlet/solicitudot?gx-no-cache=1515517691712 HTTP/1.1" 200 30
186.103.157.42 - - [09/Jan/2018:14:08:52 -0300] "POST /cormun/servlet/solicitudot?c403aac7752776a243b9fc5ef8a6d842,INS,0,0,,gx-no-cache=1515517691764 HTTP/1.1" 200 12466
186.103.159.189 - - [09/Jan/2018:14:08:55 -0300] "POST /cormun/servlet/solicitudotcontratos?2d7c71b2e177f431baf853243e0109a1,INS,2018,0,18798822,5,2,2017,4581,NADA,201711,37,B,,gx-no-cache=1515517696288 HTTP/1.1" 200 10902
186.103.159.189 - - [09/Jan/2018:14:09:07 -0300] "POST /cormun/servlet/solicitudotcontratos?2d7c71b2e177f431baf853243e0109a1,INS,2018,0,18798822,5,2,2017,4581,NADA,201711,37,B,,gx-no-cache=1515517707981 HTTP/1.1" 200 10902
186.103.159.189 - - [09/Jan/2018:14:09:17 -0300] "POST /cormun/servlet/solicitudotcontratos?2d7c71b2e177f431baf853243e0109a1,INS,2018,0,18798822,5,2,2017,4581,NADA,201711,37,B,,gx-no-cache=1515517717750 HTTP/1.1" 200 93
186.103.159.189 - - [09/Jan/2018:14:09:17 -0300] "GET /cormun/servlet/hpexe_return? HTTP/1.1" 200 1069
186.103.159.189 - - [09/Jan/2018:14:09:17 -0300] "GET /cormun/servlet/trcontratosolicitud?gx-no-cache=1515517487953 HTTP/1.1" 200 7494
186.103.159.189 - - [09/Jan/2018:14:09:17 -0300] "GET /cormun/static/gxcfg.js?20177612214014 HTTP/1.1" 304 -
186.103.157.42 - - [09/Jan/2018:14:09:19 -0300] "POST /cormun/servlet/solicitudot?gx-no-cache=1515517719095 HTTP/1.1" 200 53
186.103.159.189 - - [09/Jan/2018:14:09:20 -0300] "GET /cormun/servlet/trcontratosolicitud?gx-no-cache=1515517487953 HTTP/1.1" 200 7511
186.103.159.189 - - [09/Jan/2018:14:09:25 -0300] "GET /cormun/servlet/solicitudotcontratos?INS,2018,0,18798822,5,2,2017,4581,NADA,201711,37,B, HTTP/1.1" 200 9752
186.103.159.189 - - [09/Jan/2018:14:09:27 -0300] "GET /cormun/servlet/solicitudotcontratos?INS,2018,0,18798822,5,2,2017,4581,NADA,201711,37,B, HTTP/1.1" 200 9765
186.103.159.189 - - [09/Jan/2018:14:09:27 -0300] "GET /cormun/servlet/solicitudotcontratos?7a0b0f72cb25d236d4798dd800bb224f0901326f07ad65fb1e901bc4d3f59b48c205af3db35f135bc70779684e378203,gx-no-cache=1515517728361 HTTP/1.1" 200 30
186.103.159.189 - - [09/Jan/2018:14:09:27 -0300] "GET /cormun/servlet/solicitudotcontratos?7a0b0f72cb25d236d4798dd800bb224f51f2aa7c8522b7995d7e4e88bbed1b44c205af3db35f135bc70779684e378203,gx-no-cache=1515517728410 HTTP/1.1" 200 111
186.103.159.189 - - [09/Jan/2018:14:09:27 -0300] "GET /cormun/static/Shared/jqueryui/images/ui-bg_highlight-soft_100_c6c2c8_1x100.png HTTP/1.1" 404 1117
186.103.159.189 - - [09/Jan/2018:14:09:27 -0300] "GET /cormun/static/Shared/jqueryui/images/ui-icons_82798d_256x240.png HTTP/1.1" 404 1089
186.103.159.189 - - [09/Jan/2018:14:09:27 -0300] "GET /cormun/static/Shared/jqueryui/images/ui-bg_flat_55_994d53_40x100.png HTTP/1.1" 404 1097
186.103.159.189 - - [09/Jan/2018:14:09:27 -0300] "GET /cormun/static/Shared/jqueryui/images/ui-icons_ebccce_256x240.png HTTP/1.1" 404 1089
186.103.159.189 - - [09/Jan/2018:14:09:27 -0300] "GET /cormun/servlet/solicitudotcontratos?7a0b0f72cb25d236d4798dd800bb224f7f35a763d4eb043ab4ad0b212e413a628e087baec1a1bde8a31439a490593b129abd2873d54d99c9074b69ca67e3953c390e5160d73ddc7bcf91551b4cf0c7636c038f586ab3480ebcf89987d9d55688,gx-no-cache=1515517728493 HTTP/1.1" 200 111
186.103.159.189 - - [09/Jan/2018:14:09:27 -0300] "GET /cormun/servlet/solicitudotcontratos?7a0b0f72cb25d236d4798dd800bb224f3a4f60890b455f35edb3f66d17a2780c1427e10888af57a2d8e8ed4c3d6433a0,gx-no-cache=1515517728542 HTTP/1.1" 200 30
186.103.159.189 - - [09/Jan/2018:14:09:27 -0300] "GET /cormun/servlet/solicitudotcontratos?7a0b0f72cb25d236d4798dd800bb224fc4cec413ba9326956f260df14174111c62d888824c61c2f1b988ccc960a8669e9abd2873d54d99c9074b69ca67e3953c8faf0a1dbe70601e54ff8e73c1e09e844786fe51fdd39089fc8d6b687fcada14056df9deb32c90e94ca5c439bfb382e4,gx-no-cache=1515517728575 HTTP/1.1" 200 30
186.103.159.189 - - [09/Jan/2018:14:09:28 -0300] "GET /cormun/servlet/solicitudotcontratos?7a0b0f72cb25d236d4798dd800bb224f54749d71eef33c711ae052327bc1d0b2082ca8bc10bb1d76f812dbb4db7afb7d3e1706168cc5a6a44070cfaa96ff2dee91b3621ad04e9ed1b2042858f8cdeaf9166b51330d7db2d6d9edac64f44de135b90d537c5b0e6107a2126318067f2188b2779f45ab7d16e2281e1c132ba3145fc0402608911675eb4eddf3e25de08196875dc7f091ef9445bd8f5e2397fdcd68ea4858be96c4e0cf07377db38a3eec244262c6b82921d9cd0d8443a77b189a95aa49766b9680b677aa27c9297f534fbf933fdf31709f952490a805adac969c3a01b0a14413361a8de14fc3c28cfb2cf97a2462b0b2f93d51bbbc226e6ca44179bce51106546c14d8367d379a05ff3f03f6325a8620cbdb5f427e3ca2d86743971913f132b9176c21943ec9417a18af8aef4a5a34dfbf843ce23a6ffb0f599f771253856d92ad1a16dd97a24779770ca74f67e71ea5945221a364de10453a5b235199693f5d19d13e0cccece12412bf52c4f9757c9aa908ccc426007d04fdf9dec1c4105d2e82327d04e206358c89cd00d23235910790452045f073b56edcbb79d9d13202a42ace7bb2a76e6252c9da4452af7e25bcf93793cb6cb80b16d4486d6096ee196b53b87dd388c64bb3f99891410c6fd2065f9a3882da5bfae60a66786867164e1cfeba3da6627e9223428b43d23235910790452045f073b56edcbb7940b82f96afaec6b7fa6c85844454a0e1cdd423cd1c859c63744d56e2c165bb2da2bace8ea32c18709de024c44b579be5d2a96a1f4619088baf3e298dc1ff8977,gx-no-cache=1515517728616 HTTP/1.1" 200 72
186.103.157.42 - - [09/Jan/2018:14:09:33 -0300] "POST /cormun/servlet/solicitudot?gx-no-cache=1515517732764 HTTP/1.1" 200 241
186.103.157.42 - - [09/Jan/2018:14:09:33 -0300] "GET /cormun/servlet/solicitudot?9b1912eed4ea769aa7c809284bde830fd0f2f52e8a31abd31c4128d2e20a41fb4aece4dd4a74231faead3ad7e3c8929eefd4a6cbaad8dcfe92ae5726e31f495a5d26c9a77ab63460e5195a53b19ff2e54f35b3075462f746a57faa6114852cb1d301b6ab558145fc52979156a1837f66e6e2528f93a4902fa85f9a2a1774693d6e7b367152d8705d44999231126247f8b1dd8dba9a406013fd34fe4337c1d833c2276a86c67a48f391622c56d1b637b48249db2941560ca25ed8f2af5eddc04f2cf46e7ea3640243a9e6ce94b751c5466ac32f6231ac0b34bd5aebbf55b1bc03e9cc81b73d895e06aa0b0c66b55c05ee885894ae1ec8c678f44b1646c3fd555d7359a7bd39903b9293a013c26338f811c36de0165543a7a9fdd42272e1dd32a1476aff0cdddfab9145e5ebb8689ad75424793e059d4c756e022b605cb71723d2937f03186ad7705552aebf0f096e6f0b9758260eaec5891b9ddddad9d479135491d42645a2edc919b431ee26d747dc867ed939d30986a53dff7a820f68eb638a,gx-no-cache=1515517732831 HTTP/1.1" 200 30
186.103.157.42 - - [09/Jan/2018:14:09:33 -0300] "POST /cormun/servlet/solicitudot?gx-no-cache=1515517733164 HTTP/1.1" 200 30
186.103.157.42 - - [09/Jan/2018:14:09:33 -0300] "POST /cormun/servlet/solicitudot?gx-no-cache=1515517733210 HTTP/1.1" 200 1357
186.103.157.42 - - [09/Jan/2018:14:09:33 -0300] "POST /cormun/servlet/solicitudot?gx-no-cache=1515517733291 HTTP/1.1" 200 41
186.103.157.42 - - [09/Jan/2018:14:09:36 -0300] "POST /cormun/servlet/solicitudot?gx-no-cache=1515517736095 HTTP/1.1" 200 1339
186.103.157.42 - - [09/Jan/2018:14:09:37 -0300] "POST /cormun/servlet/solicitudot?gx-no-cache=1515517736237 HTTP/1.1" 200 1218
