192.168.10.90 - - [09/Jan/2018:10:58:50 -0300] "GET /cormunbeta/servlet/vesendmailoutboxcab?11,,Attachments HTTP/1.1" 200 7601
192.168.10.90 - - [09/Jan/2018:10:58:50 -0300] "GET /cormunbeta/pexe_scrolldiv.js HTTP/1.1" 404 1017
192.168.10.90 - - [09/Jan/2018:10:58:50 -0300] "GET /cormunbeta/pexe_scrolldiv.js HTTP/1.1" 404 1017
192.168.10.90 - - [09/Jan/2018:10:58:51 -0300] "GET /cormunbeta/servlet/vesendmailoutboxcab?11,,Attachments HTTP/1.1" 200 7600
192.168.10.90 - - [09/Jan/2018:10:58:51 -0300] "POST /cormunbeta/servlet/acontrolpreferencessavestate?None,NFARIAS,true HTTP/1.1" 200 35
192.168.10.90 - - [09/Jan/2018:10:58:57 -0300] "GET /cormunbeta/PublicTempStorage/autorizacion5708008.docx HTTP/1.1" 200 46961
186.67.172.234 - - [09/Jan/2018:10:59:16 -0300] "POST /cormun/servlet/solicitudot?9a7ff581075c9baf432784ef11227099,INS,0,0,,gx-no-cache=1515506316748 HTTP/1.1" 200 93
186.67.172.234 - - [09/Jan/2018:10:59:16 -0300] "GET /cormun/servlet/hpexe_return? HTTP/1.1" 200 1024
186.67.172.234 - - [09/Jan/2018:10:59:17 -0300] "GET /cormun/servlet/trsolicitudot?gx-no-cache=1515505636025 HTTP/1.1" 200 13243
186.67.172.234 - - [09/Jan/2018:10:59:18 -0300] "GET /cormun/servlet/trsolicitudot?gx-no-cache=1515505636025 HTTP/1.1" 200 13260
186.103.161.206 - - [09/Jan/2018:10:59:36 -0300] "POST /cormun/servlet/hlogin?e2f1ef8a5924ba10f2da1fe935eb567e,gx-no-cache=1515506335209 HTTP/1.1" 200 442
186.67.172.234 - - [09/Jan/2018:10:59:54 -0300] "GET /cormun/servlet/solicitudot?INS,0,0, HTTP/1.1" 200 13041
186.67.172.234 - - [09/Jan/2018:10:59:55 -0300] "GET /cormun/servlet/solicitudot?INS,0,0, HTTP/1.1" 200 13024
186.103.132.155 - - [09/Jan/2018:11:00:20 -0300] "POST /cormun/servlet/hlogin?e2f1ef8a5924ba10f2da1fe935eb567e,gx-no-cache=1515506379039 HTTP/1.1" 200 442
186.103.161.206 - - [09/Jan/2018:11:00:23 -0300] "POST /cormun/servlet/hlogin?e2f1ef8a5924ba10f2da1fe935eb567e,gx-no-cache=1515506382849 HTTP/1.1" 200 441
190.151.100.218 - - [09/Jan/2018:11:00:38 -0300] "POST /cormun/servlet/hlogin?e2f1ef8a5924ba10f2da1fe935eb567e,gx-no-cache=1515506396819 HTTP/1.1" 200 90
190.151.100.218 - - [09/Jan/2018:11:00:38 -0300] "GET /cormun/servlet/hpexe_link HTTP/1.1" 200 948
190.151.100.218 - - [09/Jan/2018:11:00:38 -0300] "GET /cormun/static/Resources/Spanish/PXTools.css?1155365 HTTP/1.1" 304 -
200.111.122.170 - - [09/Jan/2018:11:00:38 -0300] "GET /cormun/static/hpexe_link.js?20177612121795 HTTP/1.1" 304 -
200.111.122.170 - - [09/Jan/2018:11:00:38 -0300] "GET /cormun/servlet/hhome HTTP/1.1" 200 4080
200.111.122.170 - - [09/Jan/2018:11:00:38 -0300] "GET /cormun/static/hhome.js?20175251212450 HTTP/1.1" 304 -
190.151.100.218 - - [09/Jan/2018:11:00:38 -0300] "GET /cormun/static/hwchdr01.js?201752511465785 HTTP/1.1" 304 -
186.103.161.206 - - [09/Jan/2018:11:00:38 -0300] "GET /cormun/static/hpexe_recentlink.js?20177611595044 HTTP/1.1" 304 -
200.111.122.170 - - [09/Jan/2018:11:00:38 -0300] "GET /cormun/static/hpexe_messagecontroller.js?20177611595012 HTTP/1.1" 304 -
190.151.100.218 - - [09/Jan/2018:11:00:38 -0300] "GET /cormun/static/hpexe_scripts.js?201752511465715 HTTP/1.1" 304 -
200.111.122.170 - - [09/Jan/2018:11:00:38 -0300] "GET /cormun/static/hpexe_messagegenexuscomponent.js?201752511465344 HTTP/1.1" 304 -
186.103.161.206 - - [09/Jan/2018:11:00:38 -0300] "GET /cormun/static/hpexe_messagepopupcomponent.js?20161017169425 HTTP/1.1" 304 -
186.103.161.206 - - [09/Jan/2018:11:00:38 -0300] "GET /cormun/static/cmcontrolpreferences.js?201752511465670 HTTP/1.1" 304 -
186.103.161.206 - - [09/Jan/2018:11:00:38 -0300] "GET /cormun/static/hmpwkw03.js?20177612122668 HTTP/1.1" 304 -
186.103.161.206 - - [09/Jan/2018:11:00:39 -0300] "GET /cormun/servlet/hhome HTTP/1.1" 200 4077
190.46.88.54 - - [09/Jan/2018:11:01:10 -0300] "GET /cormun/servlet/trfichaempleado? HTTP/1.1" 200 14185
192.168.10.90 - - [09/Jan/2018:11:01:35 -0300] "GET /cormun/servlet/hlogin HTTP/1.1" 200 1730
186.67.172.234 - - [09/Jan/2018:11:01:47 -0300] "POST /cormun/servlet/solicitudot?gx-no-cache=1515506467188 HTTP/1.1" 200 3218
186.67.172.234 - - [09/Jan/2018:11:01:47 -0300] "POST /cormun/servlet/solicitudot?9a7ff581075c9baf432784ef11227099,INS,0,0,,gx-no-cache=1515506467541 HTTP/1.1" 200 10107
192.168.10.90 - - [09/Jan/2018:11:01:55 -0300] "POST /cormun/servlet/hlogin?b02bb87456887ce6633f29f0252cf17d,gx-no-cache=1515506375911 HTTP/1.1" 200 442
186.67.172.234 - - [09/Jan/2018:11:02:05 -0300] "GET /cormun/servlet/solicitudot?2b3ffd0fc2755cb2354396328dc0ac1de325c344109f079377a2432a71d215c3cbcd35aaa443f3dadabea953f6bc0d1c,gx-no-cache=1515506485880 HTTP/1.1" 200 30
186.67.172.234 - - [09/Jan/2018:11:02:05 -0300] "POST /cormun/servlet/solicitudot?gx-no-cache=1515506486192 HTTP/1.1" 200 255
186.67.172.234 - - [09/Jan/2018:11:02:05 -0300] "GET /cormun/servlet/solicitudot?2b3ffd0fc2755cb2354396328dc0ac1d51a218034b1ede0f8d1f536767909a7fb700c4b13050466f6ea9395235451ca8c46ffe5f235c8578814bbe63a2047b3f6c4b21bcf270cb6cc155268f44005677b45a7bb03a6aa225908207a8a4a4d63def1bd930fdf3eb38f33ebdaac76770151b5c944dc72bed5e06636bb34383b9a28f7aac9b6f6028dc8a520a81fde66318e05620c7b4be66f440e752750e83e4683c9fbc8575c31f5b493b702b92329c962db0391bc31c212461f741d6495d830e4fd64c2c6bbebee871a61b8fc9e7549c7561cba1920cd2f314cd78b37d0b9a38709436eca9c86014a3e9dfefbbb3e78dcfb8643a776b045a0e4df11a1fe4d5a2baf7d65b8ab384dac1bb724fb31962f3f4c85acdc62a42d74eca205b6011905829b6f2bd5def0395637c863b38e8e7a402990a15d14d9f8b0709b9edb5e7b3ecd06875032852e1ad5efd6654288de2a65f5ae25d3279cc203a9dda1fbaf36205dd09e479ee3f7ea9b966b9b524e89504edbaac8a85329323e2012c3377d796eb,gx-no-cache=1515506486248 HTTP/1.1" 200 30
186.67.172.234 - - [09/Jan/2018:11:02:08 -0300] "POST /cormun/servlet/solicitudot?gx-no-cache=1515506488644 HTTP/1.1" 200 30
186.67.172.234 - - [09/Jan/2018:11:02:15 -0300] "POST /cormun/servlet/solicitudot?gx-no-cache=1515506495985 HTTP/1.1" 200 1359
186.67.172.234 - - [09/Jan/2018:11:02:15 -0300] "POST /cormun/servlet/solicitudot?gx-no-cache=1515506496089 HTTP/1.1" 200 38
186.67.172.234 - - [09/Jan/2018:11:02:20 -0300] "GET /cormun/servlet/solicitudot?2b3ffd0fc2755cb2354396328dc0ac1d98afa36fef6c651a89ef61d5fc83cb2e87efdfdce3de6f90604ba1172befe591887778990662ff633316d5e6c885cd4d809203d02dcf56071c80b7401d4d66caa207ebc75d5500b360d0aecc61dbd202fd79e0f052a9beb60fbdfc7e37478280641034e28f95d9cb23ce9c8e284bca186e2a33d5366fe2e3fa863054e76365fc012776e4658684e1728b692b2c0f3e9167764f131dc8a5d3de24234d83092f8afc4e4845baea966e12579f2c77205f3c6970c704b2c71c1fab7a6ea343b6d207,gx-no-cache=1515506501189 HTTP/1.1" 200 29
186.67.172.234 - - [09/Jan/2018:11:02:24 -0300] "POST /cormun/servlet/solicitudot?gx-no-cache=1515506504378 HTTP/1.1" 200 1341
186.67.172.234 - - [09/Jan/2018:11:02:48 -0300] "GET /cormun/static/menuarrow.gif HTTP/1.1" 404 1015
186.67.172.234 - - [09/Jan/2018:11:02:54 -0300] "GET /cormun/servlet/solicitudot?2b3ffd0fc2755cb2354396328dc0ac1de9014f562fc4654e2ef716cb4df60b008ba4420c28768c8f8e3f7465fd11f6de,gx-no-cache=1515506534840 HTTP/1.1" 200 30
186.67.172.234 - - [09/Jan/2018:11:02:59 -0300] "POST /cormun/servlet/solicitudot?gx-no-cache=1515506539858 HTTP/1.1" 200 30
190.151.100.218 - - [09/Jan/2018:11:03:25 -0300] "GET /cormun/servlet/trautorizarsolicitud? HTTP/1.1" 200 7008
186.103.132.155 - - [09/Jan/2018:11:03:25 -0300] "GET /cormun/static/gxcfg.js?20174261241362 HTTP/1.1" 200 953
190.151.100.218 - - [09/Jan/2018:11:03:25 -0300] "GET /cormun/static/calendar.js?85251 HTTP/1.1" 304 -
190.151.100.218 - - [09/Jan/2018:11:03:25 -0300] "GET /cormun/static/calendar-setup.js?85251 HTTP/1.1" 304 -
186.103.132.155 - - [09/Jan/2018:11:03:25 -0300] "GET /cormun/static/calendar-es.js?85251 HTTP/1.1" 304 -
190.151.100.218 - - [09/Jan/2018:11:03:25 -0300] "GET /cormun/static/Resources/Spanish/PXTools.css?11294912 HTTP/1.1" 200 89042
186.103.132.155 - - [09/Jan/2018:11:03:26 -0300] "GET /cormun/static/gxdec.js?85251 HTTP/1.1" 304 -
190.151.100.218 - - [09/Jan/2018:11:03:26 -0300] "GET /cormun/static/trautorizarsolicitud.js?201742612414370 HTTP/1.1" 200 53910
190.151.100.218 - - [09/Jan/2018:11:03:26 -0300] "GET /cormun/servlet/trautorizarsolicitud? HTTP/1.1" 200 7008
190.151.100.218 - - [09/Jan/2018:11:03:32 -0300] "GET /cormun/servlet/hhome HTTP/1.1" 200 4080
200.111.122.170 - - [09/Jan/2018:11:03:33 -0300] "GET /cormun/servlet/hhome HTTP/1.1" 200 4077
200.111.122.170 - - [09/Jan/2018:11:03:34 -0300] "GET /cormun/servlet/trsolicitudot? HTTP/1.1" 200 7293
200.111.122.170 - - [09/Jan/2018:11:03:34 -0300] "GET /cormun/static/gxcfg.js?20177612135780 HTTP/1.1" 200 953
200.111.122.170 - - [09/Jan/2018:11:03:35 -0300] "GET /cormun/static/trsolicitudot.js?2017761214480 HTTP/1.1" 200 54041
200.111.122.170 - - [09/Jan/2018:11:03:35 -0300] "GET /cormun/servlet/trsolicitudot? HTTP/1.1" 200 7292
186.67.172.234 - - [09/Jan/2018:11:03:35 -0300] "POST /cormun/servlet/solicitudot?9a7ff581075c9baf432784ef11227099,INS,0,0,,gx-no-cache=1515506575439 HTTP/1.1" 200 93
186.67.172.234 - - [09/Jan/2018:11:03:35 -0300] "GET /cormun/servlet/hpexe_return? HTTP/1.1" 200 1024
186.67.172.234 - - [09/Jan/2018:11:03:36 -0300] "GET /cormun/servlet/trsolicitudot?gx-no-cache=1515505636025 HTTP/1.1" 200 13535
186.67.172.234 - - [09/Jan/2018:11:03:37 -0300] "GET /cormun/servlet/trsolicitudot?gx-no-cache=1515505636025 HTTP/1.1" 200 13551
186.67.172.234 - - [09/Jan/2018:11:03:39 -0300] "GET /cormun/servlet/solicitudot?INS,0,0, HTTP/1.1" 200 13039
186.67.172.234 - - [09/Jan/2018:11:03:40 -0300] "GET /cormun/servlet/solicitudot?INS,0,0, HTTP/1.1" 200 13022
186.103.132.155 - - [09/Jan/2018:11:03:44 -0300] "GET /cormun/servlet/solicitudot?INS,0,0, HTTP/1.1" 200 12994
186.103.161.206 - - [09/Jan/2018:11:03:44 -0300] "GET /cormun/static/gxcfg.js?201783011173874 HTTP/1.1" 200 953
186.103.132.155 - - [09/Jan/2018:11:03:44 -0300] "GET /cormun/static/solicitudot.js?201783011174088 HTTP/1.1" 200 63803
186.103.132.155 - - [09/Jan/2018:11:03:44 -0300] "GET /cormun/servlet/solicitudot?INS,0,0, HTTP/1.1" 200 12999
186.67.172.234 - - [09/Jan/2018:11:03:50 -0300] "POST /cormun/servlet/solicitudot?gx-no-cache=1515506590990 HTTP/1.1" 200 3218
186.67.172.234 - - [09/Jan/2018:11:03:51 -0300] "POST /cormun/servlet/solicitudot?9a7ff581075c9baf432784ef11227099,INS,0,0,,gx-no-cache=1515506591220 HTTP/1.1" 200 10107
186.67.172.234 - - [09/Jan/2018:11:03:54 -0300] "GET /cormun/servlet/solicitudot?2b3ffd0fc2755cb2354396328dc0ac1de325c344109f079377a2432a71d215c3cbcd35aaa443f3dadabea953f6bc0d1c,gx-no-cache=1515506594343 HTTP/1.1" 200 30
186.67.172.234 - - [09/Jan/2018:11:03:54 -0300] "POST /cormun/servlet/solicitudot?gx-no-cache=1515506594446 HTTP/1.1" 200 255
186.67.172.234 - - [09/Jan/2018:11:03:54 -0300] "GET /cormun/servlet/solicitudot?2b3ffd0fc2755cb2354396328dc0ac1d51a218034b1ede0f8d1f536767909a7fb700c4b13050466f6ea9395235451ca8c46ffe5f235c8578814bbe63a2047b3f6c4b21bcf270cb6cc155268f44005677b45a7bb03a6aa225908207a8a4a4d63def1bd930fdf3eb38f33ebdaac76770151b5c944dc72bed5e06636bb34383b9a28f7aac9b6f6028dc8a520a81fde66318e05620c7b4be66f440e752750e83e4683c9fbc8575c31f5b493b702b92329c962db0391bc31c212461f741d6495d830e4fd64c2c6bbebee871a61b8fc9e7549c7561cba1920cd2f314cd78b37d0b9a38709436eca9c86014a3e9dfefbbb3e78dcfb8643a776b045a0e4df11a1fe4d5a2baf7d65b8ab384dac1bb724fb31962f3f4c85acdc62a42d74eca205b6011905829b6f2bd5def0395637c863b38e8e7a402990a15d14d9f8b0709b9edb5e7b3ecd06875032852e1ad5efd6654288de2a65f5ae25d3279cc203a9dda1fbaf36205dd09e479ee3f7ea9b966b9b524e89504edbaac8a85329323e2012c3377d796eb,gx-no-cache=1515506594500 HTTP/1.1" 200 30
186.67.172.234 - - [09/Jan/2018:11:03:55 -0300] "POST /cormun/servlet/solicitudot?gx-no-cache=1515506595862 HTTP/1.1" 200 30
186.67.172.234 - - [09/Jan/2018:11:03:58 -0300] "POST /cormun/servlet/solicitudot?gx-no-cache=1515506598635 HTTP/1.1" 200 1359
186.67.172.234 - - [09/Jan/2018:11:03:58 -0300] "POST /cormun/servlet/solicitudot?gx-no-cache=1515506598701 HTTP/1.1" 200 38
186.67.172.234 - - [09/Jan/2018:11:04:04 -0300] "GET /cormun/servlet/solicitudot?2b3ffd0fc2755cb2354396328dc0ac1d98afa36fef6c651a89ef61d5fc83cb2e87efdfdce3de6f90604ba1172befe591887778990662ff633316d5e6c885cd4d809203d02dcf56071c80b7401d4d66caa207ebc75d5500b360d0aecc61dbd202fd79e0f052a9beb60fbdfc7e37478280641034e28f95d9cb23ce9c8e284bca186e2a33d5366fe2e3fa863054e76365fc012776e4658684e1728b692b2c0f3e9167764f131dc8a5d3de24234d83092f8afc4e4845baea966e12579f2c77205f3c6970c704b2c71c1fab7a6ea343b6d207,gx-no-cache=1515506605152 HTTP/1.1" 200 29
186.67.172.234 - - [09/Jan/2018:11:04:06 -0300] "POST /cormun/servlet/solicitudot?gx-no-cache=1515506606931 HTTP/1.1" 200 1342
186.67.172.234 - - [09/Jan/2018:11:04:19 -0300] "GET /cormun/static/menuarrow.gif HTTP/1.1" 404 1015
186.67.172.234 - - [09/Jan/2018:11:04:25 -0300] "GET /cormun/servlet/solicitudot?2b3ffd0fc2755cb2354396328dc0ac1de9014f562fc4654e2ef716cb4df60b008ba4420c28768c8f8e3f7465fd11f6de,gx-no-cache=1515506625778 HTTP/1.1" 200 30
186.67.172.234 - - [09/Jan/2018:11:04:29 -0300] "POST /cormun/servlet/solicitudot?gx-no-cache=1515506630257 HTTP/1.1" 200 30
192.168.10.90 - - [09/Jan/2018:11:04:46 -0300] "GET /cormunbeta/servlet/trsendmailoutboxcab? HTTP/1.1" 200 6487
192.168.10.90 - - [09/Jan/2018:11:04:46 -0300] "GET /cormunbeta/servlet/trsendmailoutboxcab? HTTP/1.1" 200 6477
186.67.172.234 - - [09/Jan/2018:11:04:58 -0300] "POST /cormun/servlet/solicitudot?9a7ff581075c9baf432784ef11227099,INS,0,0,,gx-no-cache=1515506656067 HTTP/1.1" 200 93
186.67.172.234 - - [09/Jan/2018:11:04:58 -0300] "GET /cormun/servlet/hpexe_return? HTTP/1.1" 200 1024
186.67.172.234 - - [09/Jan/2018:11:04:58 -0300] "GET /cormun/servlet/trsolicitudot?gx-no-cache=1515505636025 HTTP/1.1" 200 13761
186.67.172.234 - - [09/Jan/2018:11:04:59 -0300] "GET /cormun/servlet/trsolicitudot?gx-no-cache=1515505636025 HTTP/1.1" 200 13778
192.168.10.90 - - [09/Jan/2018:11:05:23 -0300] "GET /cormunbeta/servlet/trcurso? HTTP/1.1" 200 10978
192.168.10.90 - - [09/Jan/2018:11:05:23 -0300] "GET /cormunbeta/static/gxcfg.js?20176161827647 HTTP/1.1" 304 -
192.168.10.90 - - [09/Jan/2018:11:05:24 -0300] "GET /cormunbeta/servlet/trcurso? HTTP/1.1" 200 10978
186.103.132.155 - - [09/Jan/2018:11:05:28 -0300] "GET /cormun/servlet/trcontratoobservaciondir? HTTP/1.1" 200 7118
186.103.132.155 - - [09/Jan/2018:11:05:28 -0300] "GET /cormun/static/gxcfg.js?20175251262281 HTTP/1.1" 200 953
200.72.197.82 - - [09/Jan/2018:11:05:28 -0300] "GET /cormun/static/trcontratoobservaciondir.js?20175251262715 HTTP/1.1" 200 27185
200.72.197.82 - - [09/Jan/2018:11:05:28 -0300] "GET /cormun/servlet/trcontratoobservaciondir? HTTP/1.1" 200 7112
186.67.172.234 - - [09/Jan/2018:11:05:35 -0300] "GET /cormun/servlet/solicitudot?INS,0,0, HTTP/1.1" 200 13040
186.67.172.234 - - [09/Jan/2018:11:05:36 -0300] "GET /cormun/servlet/solicitudot?INS,0,0, HTTP/1.1" 200 13023
192.168.10.90 - - [09/Jan/2018:11:05:38 -0300] "GET /cormunbeta/servlet/vecurso?5284691,, HTTP/1.1" 200 6977
192.168.10.90 - - [09/Jan/2018:11:05:39 -0300] "GET /cormunbeta/static/gxcfg.js?20176151724863 HTTP/1.1" 200 953
192.168.10.90 - - [09/Jan/2018:11:05:39 -0300] "GET /cormunbeta/pexe_scrolldiv.js HTTP/1.1" 404 1017
192.168.10.90 - - [09/Jan/2018:11:05:39 -0300] "GET /cormunbeta/static/vecurso.js?20176151724926 HTTP/1.1" 200 6520
192.168.10.90 - - [09/Jan/2018:11:05:39 -0300] "GET /cormunbeta/pexe_scrolldiv.js HTTP/1.1" 404 1017
192.168.10.90 - - [09/Jan/2018:11:05:39 -0300] "GET /cormunbeta/static/tbcurso01.js?20177611564026 HTTP/1.1" 200 17230
192.168.10.90 - - [09/Jan/2018:11:05:39 -0300] "GET /cormunbeta/static/calendar-system.css HTTP/1.1" 200 5572
192.168.10.90 - - [09/Jan/2018:11:05:39 -0300] "GET /cormunbeta/servlet/vecurso?5284691,, HTTP/1.1" 200 6977
192.168.10.90 - - [09/Jan/2018:11:05:42 -0300] "GET /cormunbeta/servlet/vecurso?5284691,,CursoDetalle HTTP/1.1" 200 8858
192.168.10.90 - - [09/Jan/2018:11:05:42 -0300] "GET /cormunbeta/pexe_scrolldiv.js HTTP/1.1" 404 1017
192.168.10.90 - - [09/Jan/2018:11:05:42 -0300] "GET /cormunbeta/static/tbcurso02.js?20176191375826 HTTP/1.1" 200 13641
192.168.10.90 - - [09/Jan/2018:11:05:42 -0300] "GET /cormunbeta/pexe_scrolldiv.js HTTP/1.1" 404 1017
192.168.10.90 - - [09/Jan/2018:11:05:43 -0300] "GET /cormunbeta/servlet/vecurso?5284691,,CursoDetalle HTTP/1.1" 200 8859
192.168.10.90 - - [09/Jan/2018:11:05:43 -0300] "POST /cormunbeta/servlet/acontrolpreferencessavestate?None,NFARIAS,true HTTP/1.1" 200 35
186.103.132.155 - - [09/Jan/2018:11:05:44 -0300] "POST /cormun/servlet/trcontratoobservaciondir?e2f1ef8a5924ba10f2da1fe935eb567e,,gx-no-cache=1515506702664 HTTP/1.1" 200 3860
192.168.10.90 - - [09/Jan/2018:11:05:48 -0300] "GET /cormunbeta/servlet/vecurso?5284691,,CursoEstablecimiento HTTP/1.1" 200 6884
192.168.10.90 - - [09/Jan/2018:11:05:48 -0300] "GET /cormunbeta/pexe_scrolldiv.js HTTP/1.1" 404 1017
192.168.10.90 - - [09/Jan/2018:11:05:48 -0300] "GET /cormunbeta/static/tbcurso03.js?201761516315059 HTTP/1.1" 200 8926
192.168.10.90 - - [09/Jan/2018:11:05:48 -0300] "GET /cormunbeta/pexe_scrolldiv.js HTTP/1.1" 404 1017
186.103.132.155 - - [09/Jan/2018:11:05:48 -0300] "GET /cormun/servlet/trcontratosolicitud? HTTP/1.1" 200 13870
186.103.132.155 - - [09/Jan/2018:11:05:48 -0300] "GET /cormun/static/gxcfg.js?20177612214014 HTTP/1.1" 200 953
192.168.10.90 - - [09/Jan/2018:11:05:48 -0300] "GET /cormunbeta/servlet/vecurso?5284691,,CursoEstablecimiento HTTP/1.1" 200 6884
186.103.132.155 - - [09/Jan/2018:11:05:48 -0300] "GET /cormun/static/trcontratosolicitud.js?20177612214349 HTTP/1.1" 200 28237
200.111.122.170 - - [09/Jan/2018:11:05:49 -0300] "GET /cormun//static/Resources/PXToolsGridNew.png HTTP/1.1" 200 2949
192.168.10.90 - - [09/Jan/2018:11:05:49 -0300] "POST /cormunbeta/servlet/acontrolpreferencessavestate?None,NFARIAS,true HTTP/1.1" 200 35
186.103.132.155 - - [09/Jan/2018:11:05:49 -0300] "GET /cormun/servlet/trcontratosolicitud? HTTP/1.1" 200 13871
192.168.10.90 - - [09/Jan/2018:11:05:52 -0300] "GET /cormunbeta/servlet/vecurso?5284691,,SolicitudCurso HTTP/1.1" 200 6959
192.168.10.90 - - [09/Jan/2018:11:05:52 -0300] "GET /cormunbeta/pexe_scrolldiv.js HTTP/1.1" 404 1017
192.168.10.90 - - [09/Jan/2018:11:05:52 -0300] "GET /cormunbeta/static/tbcurso04.js?20176191375455 HTTP/1.1" 200 18022
192.168.10.90 - - [09/Jan/2018:11:05:52 -0300] "GET /cormunbeta/pexe_scrolldiv.js HTTP/1.1" 404 1017
192.168.10.90 - - [09/Jan/2018:11:05:52 -0300] "GET /cormunbeta/servlet/vecurso?5284691,,SolicitudCurso HTTP/1.1" 200 6958
192.168.10.90 - - [09/Jan/2018:11:05:53 -0300] "POST /cormunbeta/servlet/acontrolpreferencessavestate?None,NFARIAS,true HTTP/1.1" 200 35
192.168.10.90 - - [09/Jan/2018:11:05:56 -0300] "GET /cormunbeta/servlet/vecurso?5284691,,General HTTP/1.1" 200 6983
192.168.10.90 - - [09/Jan/2018:11:05:56 -0300] "GET /cormunbeta/pexe_scrolldiv.js HTTP/1.1" 404 1017
192.168.10.90 - - [09/Jan/2018:11:05:56 -0300] "GET /cormunbeta/pexe_scrolldiv.js HTTP/1.1" 404 1017
192.168.10.90 - - [09/Jan/2018:11:05:56 -0300] "GET /cormunbeta/servlet/vecurso?5284691,,General HTTP/1.1" 200 6983
186.67.172.234 - - [09/Jan/2018:11:05:56 -0300] "POST /cormun/servlet/solicitudot?gx-no-cache=1515506716953 HTTP/1.1" 200 3245
186.67.172.234 - - [09/Jan/2018:11:05:57 -0300] "POST /cormun/servlet/solicitudot?9a7ff581075c9baf432784ef11227099,INS,0,0,,gx-no-cache=1515506717206 HTTP/1.1" 200 10128
186.67.172.234 - - [09/Jan/2018:11:06:00 -0300] "GET /cormun/servlet/solicitudot?2b3ffd0fc2755cb2354396328dc0ac1dec59d6ce60576227837dc419864d69d57ab77fdefa186590b3cb65bfd69b8383,gx-no-cache=1515506720822 HTTP/1.1" 200 30
186.67.172.234 - - [09/Jan/2018:11:06:00 -0300] "POST /cormun/servlet/solicitudot?gx-no-cache=1515506720888 HTTP/1.1" 200 255
186.67.172.234 - - [09/Jan/2018:11:06:00 -0300] "GET /cormun/servlet/solicitudot?2b3ffd0fc2755cb2354396328dc0ac1d51a218034b1ede0f8d1f536767909a7fb700c4b13050466f6ea9395235451ca8c46ffe5f235c8578814bbe63a2047b3f6c4b21bcf270cb6cc155268f44005677b45a7bb03a6aa225908207a8a4a4d63def1bd930fdf3eb38f33ebdaac76770151b5c944dc72bed5e06636bb34383b9a28f7aac9b6f6028dc8a520a81fde66318e05620c7b4be66f440e752750e83e4683c9fbc8575c31f5b493b702b92329c962db0391bc31c212461f741d6495d830e4fd64c2c6bbebee871a61b8fc9e7549c7561cba1920cd2f314cd78b37d0b9a38709436eca9c86014a3e9dfefbbb3e78dcfb8643a776b045a0e4df11a1fe4d5a2baf7d65b8ab384dac1bb724fb31962f3f4c85acdc62a42d74eca205b6011905829b6f2bd5def0395637c863b38e8e7a402990a15d14d9f8b0709b9edb5e7b3ecd06875032852e1ad5efd6654288de2a65f5ae25d3279cc203a9dda1fbaf36205dd09e479ee3f7ea9b966b9b524e89504edbaac8a85329323e2012c3377d796eb,gx-no-cache=1515506720946 HTTP/1.1" 200 30
186.67.172.234 - - [09/Jan/2018:11:06:01 -0300] "POST /cormun/servlet/solicitudot?gx-no-cache=1515506722244 HTTP/1.1" 200 30
200.72.197.82 - - [09/Jan/2018:11:06:35 -0300] "GET /cormun/servlet/trsolicitudot? HTTP/1.1" 200 7293
200.72.197.82 - - [09/Jan/2018:11:06:36 -0300] "GET /cormun/servlet/trsolicitudot? HTTP/1.1" 200 7292
200.72.197.82 - - [09/Jan/2018:11:06:39 -0300] "GET /cormun/static/menuarrow.gif HTTP/1.1" 404 1015
190.46.88.54 - - [09/Jan/2018:11:06:48 -0300] "GET /cormun/servlet/trfichaempleado? HTTP/1.1" 200 14185
190.46.88.54 - - [09/Jan/2018:11:06:49 -0300] "GET /cormun/servlet/trfichaempleado? HTTP/1.1" 200 14185
190.46.88.54 - - [09/Jan/2018:11:06:49 -0300] "GET /cormun/servlet/trfichaempleado? HTTP/1.1" 200 14185
190.46.88.54 - - [09/Jan/2018:11:06:50 -0300] "GET /cormun/servlet/trfichaempleado? HTTP/1.1" 200 14185
190.46.88.54 - - [09/Jan/2018:11:06:50 -0300] "GET /cormun/servlet/trfichaempleado? HTTP/1.1" 200 14185
190.46.88.54 - - [09/Jan/2018:11:06:51 -0300] "GET /cormun/servlet/trfichaempleado? HTTP/1.1" 200 14185
186.67.172.234 - - [09/Jan/2018:11:06:59 -0300] "POST /cormun/servlet/solicitudot?gx-no-cache=1515506779458 HTTP/1.1" 200 1359
186.67.172.234 - - [09/Jan/2018:11:06:59 -0300] "POST /cormun/servlet/solicitudot?gx-no-cache=1515506779554 HTTP/1.1" 200 38
200.111.122.170 - - [09/Jan/2018:11:07:11 -0300] "GET /cormun/servlet/trsolicitudot? HTTP/1.1" 200 7292
200.111.122.170 - - [09/Jan/2018:11:07:12 -0300] "GET /cormun/servlet/trsolicitudot? HTTP/1.1" 200 7292
186.67.172.234 - - [09/Jan/2018:11:07:31 -0300] "GET /cormun/servlet/solicitudot?2b3ffd0fc2755cb2354396328dc0ac1d98afa36fef6c651a89ef61d5fc83cb2e87efdfdce3de6f90604ba1172befe591887778990662ff633316d5e6c885cd4d809203d02dcf56071c80b7401d4d66caa207ebc75d5500b360d0aecc61dbd202fd79e0f052a9beb60fbdfc7e37478280641034e28f95d9cb23ce9c8e284bca186e2a33d5366fe2e3fa863054e76365fc012776e4658684e1728b692b2c0f3e9167764f131dc8a5d3de24234d83092f8afc4e4845baea966e12579f2c77205f3c6970c704b2c71c1fab7a6ea343b6d207,gx-no-cache=1515506811782 HTTP/1.1" 200 29
186.67.172.234 - - [09/Jan/2018:11:07:35 -0300] "POST /cormun/servlet/solicitudot?gx-no-cache=1515506815850 HTTP/1.1" 200 1341
186.67.172.234 - - [09/Jan/2018:11:07:35 -0300] "GET /cormun/static/menuarrow.gif HTTP/1.1" 404 1015
200.72.197.82 - - [09/Jan/2018:11:07:35 -0300] "GET /cormun/servlet/trpermisosgoce? HTTP/1.1" 200 11593
200.72.197.82 - - [09/Jan/2018:11:07:35 -0300] "GET /cormun/static/trpermisosgoce.js?20177612164335 HTTP/1.1" 304 -
200.72.197.82 - - [09/Jan/2018:11:07:36 -0300] "GET /cormun/servlet/trpermisosgoce? HTTP/1.1" 200 11586
186.67.172.234 - - [09/Jan/2018:11:07:37 -0300] "POST /cormun/servlet/solicitudot?gx-no-cache=1515506818027 HTTP/1.1" 200 1341
186.67.172.234 - - [09/Jan/2018:11:07:41 -0300] "GET /cormun/servlet/solicitudot?2b3ffd0fc2755cb2354396328dc0ac1de9014f562fc4654e2ef716cb4df60b008ba4420c28768c8f8e3f7465fd11f6de,gx-no-cache=1515506821337 HTTP/1.1" 200 30
200.72.197.82 - - [09/Jan/2018:11:07:44 -0300] "GET /cormun/servlet/trautorizarpermisogoce? HTTP/1.1" 200 6904
200.72.197.82 - - [09/Jan/2018:11:07:44 -0300] "GET /cormun/static/gxcfg.js?20176272062650 HTTP/1.1" 304 -
200.72.197.82 - - [09/Jan/2018:11:07:44 -0300] "GET /cormun/servlet/trautorizarpermisogoce? HTTP/1.1" 200 6903
186.67.172.234 - - [09/Jan/2018:11:07:48 -0300] "POST /cormun/servlet/solicitudot?gx-no-cache=1515506828354 HTTP/1.1" 200 30
200.72.197.82 - - [09/Jan/2018:11:07:58 -0300] "GET /cormun/static/menuarrow.gif HTTP/1.1" 404 1015
186.67.172.234 - - [09/Jan/2018:11:08:13 -0300] "POST /cormun/servlet/solicitudot?9a7ff581075c9baf432784ef11227099,INS,0,0,,gx-no-cache=1515506853742 HTTP/1.1" 200 93
186.67.172.234 - - [09/Jan/2018:11:08:13 -0300] "GET /cormun/servlet/hpexe_return? HTTP/1.1" 200 1024
186.67.172.234 - - [09/Jan/2018:11:08:14 -0300] "GET /cormun/servlet/trsolicitudot?gx-no-cache=1515505636025 HTTP/1.1" 200 14211
186.67.172.234 - - [09/Jan/2018:11:08:15 -0300] "GET /cormun/servlet/trsolicitudot?gx-no-cache=1515505636025 HTTP/1.1" 200 14230
185.40.4.124 - - [09/Jan/2018:11:08:24 -0300] "GET / HTTP/1.1" 200 11217
200.111.122.170 - - [09/Jan/2018:11:08:26 -0300] "POST /cormun/servlet/trautorizarpermisogoce?e2f1ef8a5924ba10f2da1fe935eb567e,,gx-no-cache=1515506864904 HTTP/1.1" 200 4142
186.67.172.234 - - [09/Jan/2018:11:08:41 -0300] "GET /cormun/servlet/solicitudot?INS,0,0, HTTP/1.1" 200 13040
186.67.172.234 - - [09/Jan/2018:11:08:41 -0300] "GET /cormun/servlet/solicitudot?INS,0,0, HTTP/1.1" 200 13023
186.67.172.234 - - [09/Jan/2018:11:08:47 -0300] "POST /cormun/servlet/solicitudot?gx-no-cache=1515506888005 HTTP/1.1" 200 3245
186.67.172.234 - - [09/Jan/2018:11:08:48 -0300] "POST /cormun/servlet/solicitudot?9a7ff581075c9baf432784ef11227099,INS,0,0,,gx-no-cache=1515506888323 HTTP/1.1" 200 10128
186.67.172.234 - - [09/Jan/2018:11:08:50 -0300] "GET /cormun/servlet/solicitudot?2b3ffd0fc2755cb2354396328dc0ac1dec59d6ce60576227837dc419864d69d57ab77fdefa186590b3cb65bfd69b8383,gx-no-cache=1515506890875 HTTP/1.1" 200 30
186.67.172.234 - - [09/Jan/2018:11:08:50 -0300] "POST /cormun/servlet/solicitudot?gx-no-cache=1515506890962 HTTP/1.1" 200 255
186.67.172.234 - - [09/Jan/2018:11:08:50 -0300] "GET /cormun/servlet/solicitudot?2b3ffd0fc2755cb2354396328dc0ac1d51a218034b1ede0f8d1f536767909a7fb700c4b13050466f6ea9395235451ca8c46ffe5f235c8578814bbe63a2047b3f6c4b21bcf270cb6cc155268f44005677b45a7bb03a6aa225908207a8a4a4d63def1bd930fdf3eb38f33ebdaac76770151b5c944dc72bed5e06636bb34383b9a28f7aac9b6f6028dc8a520a81fde66318e05620c7b4be66f440e752750e83e4683c9fbc8575c31f5b493b702b92329c962db0391bc31c212461f741d6495d830e4fd64c2c6bbebee871a61b8fc9e7549c7561cba1920cd2f314cd78b37d0b9a38709436eca9c86014a3e9dfefbbb3e78dcfb8643a776b045a0e4df11a1fe4d5a2baf7d65b8ab384dac1bb724fb31962f3f4c85acdc62a42d74eca205b6011905829b6f2bd5def0395637c863b38e8e7a402990a15d14d9f8b0709b9edb5e7b3ecd06875032852e1ad5efd6654288de2a65f5ae25d3279cc203a9dda1fbaf36205dd09e479ee3f7ea9b966b9b524e89504edbaac8a85329323e2012c3377d796eb,gx-no-cache=1515506891023 HTTP/1.1" 200 30
186.67.172.234 - - [09/Jan/2018:11:08:52 -0300] "POST /cormun/servlet/solicitudot?gx-no-cache=1515506892378 HTTP/1.1" 200 30
186.67.172.234 - - [09/Jan/2018:11:08:55 -0300] "POST /cormun/servlet/solicitudot?gx-no-cache=1515506894941 HTTP/1.1" 200 1359
186.67.172.234 - - [09/Jan/2018:11:08:55 -0300] "POST /cormun/servlet/solicitudot?gx-no-cache=1515506895439 HTTP/1.1" 200 38
186.67.172.234 - - [09/Jan/2018:11:09:11 -0300] "GET /cormun/servlet/solicitudot?2b3ffd0fc2755cb2354396328dc0ac1d98afa36fef6c651a89ef61d5fc83cb2e87efdfdce3de6f90604ba1172befe591887778990662ff633316d5e6c885cd4d809203d02dcf56071c80b7401d4d66caa207ebc75d5500b360d0aecc61dbd202fd79e0f052a9beb60fbdfc7e37478280641034e28f95d9cb23ce9c8e284bca186e2a33d5366fe2e3fa863054e76365fc012776e4658684e1728b692b2c0f3e9167764f131dc8a5d3de24234d83092f8afc4e4845baea966e12579f2c77205f3c6970c704b2c71c1fab7a6ea343b6d207,gx-no-cache=1515506911492 HTTP/1.1" 200 29
186.67.172.234 - - [09/Jan/2018:11:09:13 -0300] "POST /cormun/servlet/solicitudot?gx-no-cache=1515506913404 HTTP/1.1" 200 1341
186.67.172.234 - - [09/Jan/2018:11:09:13 -0300] "GET /cormun/static/menuarrow.gif HTTP/1.1" 404 1015
186.103.132.155 - - [09/Jan/2018:11:09:13 -0300] "POST /cormun/servlet/trautorizarpermisogoce?e2f1ef8a5924ba10f2da1fe935eb567e,,gx-no-cache=1515506912368 HTTP/1.1" 200 4151
186.67.172.234 - - [09/Jan/2018:11:09:15 -0300] "POST /cormun/servlet/solicitudot?gx-no-cache=1515506916082 HTTP/1.1" 200 1341
186.67.172.234 - - [09/Jan/2018:11:09:18 -0300] "GET /cormun/servlet/solicitudot?2b3ffd0fc2755cb2354396328dc0ac1de9014f562fc4654e2ef716cb4df60b008ba4420c28768c8f8e3f7465fd11f6de,gx-no-cache=1515506918519 HTTP/1.1" 200 30
186.103.132.155 - - [09/Jan/2018:11:09:18 -0300] "POST /cormun/servlet/trautorizarpermisogoce?e2f1ef8a5924ba10f2da1fe935eb567e,,gx-no-cache=1515506917327 HTTP/1.1" 200 4143
186.67.172.234 - - [09/Jan/2018:11:09:24 -0300] "POST /cormun/servlet/solicitudot?gx-no-cache=1515506925108 HTTP/1.1" 200 30
186.103.161.206 - - [09/Jan/2018:11:09:26 -0300] "GET /cormun/servlet/trcontratoobservaciondir? HTTP/1.1" 200 6300
186.103.161.206 - - [09/Jan/2018:11:09:26 -0300] "GET /cormun/servlet/trcontratoobservaciondir? HTTP/1.1" 200 6300
186.67.172.234 - - [09/Jan/2018:11:09:34 -0300] "POST /cormun/servlet/solicitudot?9a7ff581075c9baf432784ef11227099,INS,0,0,,gx-no-cache=1515506934886 HTTP/1.1" 200 93
186.67.172.234 - - [09/Jan/2018:11:09:34 -0300] "GET /cormun/servlet/hpexe_return? HTTP/1.1" 200 1024
186.67.172.234 - - [09/Jan/2018:11:09:35 -0300] "GET /cormun/servlet/trsolicitudot?gx-no-cache=1515505636025 HTTP/1.1" 200 14479
186.67.172.234 - - [09/Jan/2018:11:09:36 -0300] "GET /cormun/servlet/trsolicitudot?gx-no-cache=1515505636025 HTTP/1.1" 200 14496
190.151.100.218 - - [09/Jan/2018:11:09:42 -0300] "POST /cormun/servlet/trcontratoobservaciondir?e2f1ef8a5924ba10f2da1fe935eb567e,,gx-no-cache=1515506941343 HTTP/1.1" 200 3874
186.103.132.155 - - [09/Jan/2018:11:09:44 -0300] "POST /cormun/servlet/trcontratoobservaciondir?e2f1ef8a5924ba10f2da1fe935eb567e,,gx-no-cache=1515506943150 HTTP/1.1" 200 3873
186.103.132.155 - - [09/Jan/2018:11:09:45 -0300] "POST /cormun/servlet/trcontratoobservaciondir?e2f1ef8a5924ba10f2da1fe935eb567e,,gx-no-cache=1515506944534 HTTP/1.1" 200 3874
200.111.122.170 - - [09/Jan/2018:11:09:58 -0300] "GET /cormun/servlet/trautorizarpermisogoce? HTTP/1.1" 200 6920
200.111.122.170 - - [09/Jan/2018:11:09:59 -0300] "GET /cormun/servlet/trautorizarpermisogoce? HTTP/1.1" 200 6920
190.151.100.218 - - [09/Jan/2018:11:10:13 -0300] "POST /cormun/servlet/trautorizarpermisogoce?e2f1ef8a5924ba10f2da1fe935eb567e,,gx-no-cache=1515506971839 HTTP/1.1" 200 4150
186.67.172.234 - - [09/Jan/2018:11:11:32 -0300] "GET /cormun/servlet/solicitudot?INS,0,0, HTTP/1.1" 200 13040
186.67.172.234 - - [09/Jan/2018:11:11:33 -0300] "GET /cormun/servlet/solicitudot?INS,0,0, HTTP/1.1" 200 13023
186.67.172.234 - - [09/Jan/2018:11:12:34 -0300] "POST /cormun/servlet/solicitudot?9a7ff581075c9baf432784ef11227099,INS,0,0,,gx-no-cache=1515507114617 HTTP/1.1" 200 93
186.67.172.234 - - [09/Jan/2018:11:12:34 -0300] "GET /cormun/servlet/hpexe_return? HTTP/1.1" 200 1024
186.67.172.234 - - [09/Jan/2018:11:12:34 -0300] "GET /cormun/servlet/trsolicitudot?gx-no-cache=1515505636025 HTTP/1.1" 200 14479
186.67.172.234 - - [09/Jan/2018:11:12:35 -0300] "GET /cormun/servlet/trsolicitudot?gx-no-cache=1515505636025 HTTP/1.1" 200 14496
186.67.172.234 - - [09/Jan/2018:11:12:57 -0300] "POST /cormun/servlet/trsolicitudot?9a7ff581075c9baf432784ef11227099,gx-no-cache=1515505636025,gx-no-cache=1515507137989 HTTP/1.1" 200 106
186.67.172.234 - - [09/Jan/2018:11:12:57 -0300] "GET /cormun/servlet/solicitudot?UPD,2018,7696, HTTP/1.1" 200 14732
186.67.172.234 - - [09/Jan/2018:11:12:58 -0300] "GET /cormun/servlet/solicitudot?UPD,2018,7696, HTTP/1.1" 200 14719
186.67.172.234 - - [09/Jan/2018:11:12:59 -0300] "POST /cormun/servlet/solicitudot?gx-no-cache=1515507139290 HTTP/1.1" 200 3237
186.67.172.234 - - [09/Jan/2018:11:12:59 -0300] "POST /cormun/servlet/solicitudot?9a7ff581075c9baf432784ef11227099,UPD,2018,7696,,gx-no-cache=1515507139502 HTTP/1.1" 200 11262
186.67.172.234 - - [09/Jan/2018:11:12:59 -0300] "GET /cormun/servlet/solicitudot?2b3ffd0fc2755cb2354396328dc0ac1d732652f40910cf598375b973de7be8173e20f9feb17c8f2848691295d8b2fe37,gx-no-cache=1515507139758 HTTP/1.1" 200 30
186.67.172.234 - - [09/Jan/2018:11:12:59 -0300] "POST /cormun/servlet/solicitudot?gx-no-cache=1515507139792 HTTP/1.1" 200 254
186.67.172.234 - - [09/Jan/2018:11:12:59 -0300] "GET /cormun/servlet/solicitudot?2b3ffd0fc2755cb2354396328dc0ac1d51a218034b1ede0f8d1f536767909a7fb700c4b13050466f6ea9395235451ca8c46ffe5f235c8578814bbe63a2047b3f6c4b21bcf270cb6cc155268f44005677b45a7bb03a6aa225908207a8a4a4d63def1bd930fdf3eb38f33ebdaac76770151b5c944dc72bed5e06636bb34383b9a28f7aac9b6f6028dc8a520a81fde66318e05620c7b4be66f440e752750e83e4683c9fbc8575c31f5b493b702b92329c962db0391bc31c212461f741d6495d830e4fd64c2c6bbebee871a61b8fc9e7549c7561cba1920cd2f314cd78b37d0b9a38709436eca9c86014a3e9dfefbbb3e78dcfb8643a776b045a0e4df11a1fe4d5a2baf7d65b8ab384dac1bb724fb31962f3f4c85acdc62a42d74eca205b6011905829b6f2bd5def0395637c863b38e8e7a402990a15d14d9f8b0709b9edb5e7b3ecd06875032852e1ad5efd6654288de2a65f5ae25d3279cc203a9dda1fbaf36205dd09e479ee3f7ea9b966b9b524e89504ee31f6f23e97e70a5e79a5d6b200cf63,gx-no-cache=1515507139828 HTTP/1.1" 200 30
186.67.172.234 - - [09/Jan/2018:11:12:59 -0300] "POST /cormun/servlet/solicitudot?gx-no-cache=1515507139856 HTTP/1.1" 200 30
186.67.172.234 - - [09/Jan/2018:11:12:59 -0300] "POST /cormun/servlet/solicitudot?gx-no-cache=1515507139900 HTTP/1.1" 200 1359
186.67.172.234 - - [09/Jan/2018:11:12:59 -0300] "POST /cormun/servlet/solicitudot?gx-no-cache=1515507139968 HTTP/1.1" 200 41
186.67.172.234 - - [09/Jan/2018:11:13:06 -0300] "POST /cormun/servlet/solicitudot?gx-no-cache=1515507147135 HTTP/1.1" 200 30
192.168.10.90 - - [09/Jan/2018:11:13:10 -0300] "GET /cormunbeta/servlet/vecurso?5284691,,CursoDetalle HTTP/1.1" 200 8859
192.168.10.90 - - [09/Jan/2018:11:13:10 -0300] "GET /cormunbeta/pexe_scrolldiv.js HTTP/1.1" 404 1017
192.168.10.90 - - [09/Jan/2018:11:13:10 -0300] "GET /cormunbeta/pexe_scrolldiv.js HTTP/1.1" 404 1017
192.168.10.90 - - [09/Jan/2018:11:13:11 -0300] "GET /cormunbeta/servlet/vecurso?5284691,,CursoDetalle HTTP/1.1" 200 8859
192.168.10.90 - - [09/Jan/2018:11:13:11 -0300] "POST /cormunbeta/servlet/acontrolpreferencessavestate?None,NFARIAS,true HTTP/1.1" 200 35
186.67.172.234 - - [09/Jan/2018:11:13:12 -0300] "POST /cormun/servlet/solicitudot?gx-no-cache=1515507152295 HTTP/1.1" 200 30
192.168.10.90 - - [09/Jan/2018:11:13:12 -0300] "GET /cormunbeta/servlet/vecurso?5284691,,CursoEstablecimiento HTTP/1.1" 200 6884
192.168.10.90 - - [09/Jan/2018:11:13:12 -0300] "GET /cormunbeta/pexe_scrolldiv.js HTTP/1.1" 404 1017
192.168.10.90 - - [09/Jan/2018:11:13:12 -0300] "GET /cormunbeta/pexe_scrolldiv.js HTTP/1.1" 404 1017
192.168.10.90 - - [09/Jan/2018:11:13:13 -0300] "GET /cormunbeta/servlet/vecurso?5284691,,CursoEstablecimiento HTTP/1.1" 200 6884
192.168.10.90 - - [09/Jan/2018:11:13:13 -0300] "POST /cormunbeta/servlet/acontrolpreferencessavestate?None,NFARIAS,true HTTP/1.1" 200 35
192.168.10.90 - - [09/Jan/2018:11:13:15 -0300] "GET /cormunbeta/servlet/vecurso?5284691,,SolicitudCurso HTTP/1.1" 200 6959
192.168.10.90 - - [09/Jan/2018:11:13:15 -0300] "GET /cormunbeta/pexe_scrolldiv.js HTTP/1.1" 404 1017
192.168.10.90 - - [09/Jan/2018:11:13:15 -0300] "GET /cormunbeta/pexe_scrolldiv.js HTTP/1.1" 404 1017
192.168.10.90 - - [09/Jan/2018:11:13:15 -0300] "GET /cormunbeta/servlet/vecurso?5284691,,SolicitudCurso HTTP/1.1" 200 6958
192.168.10.90 - - [09/Jan/2018:11:13:16 -0300] "POST /cormunbeta/servlet/acontrolpreferencessavestate?None,NFARIAS,true HTTP/1.1" 200 35
200.111.122.170 - - [09/Jan/2018:11:13:34 -0300] "GET /cormun/servlet/trpermisosgoce? HTTP/1.1" 200 11594
200.111.122.170 - - [09/Jan/2018:11:13:35 -0300] "GET /cormun/servlet/trpermisosgoce? HTTP/1.1" 200 11591
186.67.172.234 - - [09/Jan/2018:11:13:38 -0300] "POST /cormun/servlet/solicitudot?gx-no-cache=1515507178335 HTTP/1.1" 200 30
200.72.197.82 - - [09/Jan/2018:11:13:46 -0300] "POST /cormun/servlet/trpermisosgoce?e2f1ef8a5924ba10f2da1fe935eb567e,,gx-no-cache=1515507184946 HTTP/1.1" 200 8790
186.67.172.234 - - [09/Jan/2018:11:13:47 -0300] "GET /cormun/servlet/prsolicitudot?14479174,,,,,MD,,gxPopupLevel%3D0%3B HTTP/1.1" 200 6150
186.67.172.234 - - [09/Jan/2018:11:13:47 -0300] "GET /cormun/static/gxcfg.js?2017761215935 HTTP/1.1" 200 953
186.67.172.234 - - [09/Jan/2018:11:13:47 -0300] "GET /cormun/static/prsolicitudot.js?20177612151099 HTTP/1.1" 200 13680
200.72.197.82 - - [09/Jan/2018:11:13:47 -0300] "GET /cormun/static/Shared/jqueryui/images/ui-bg_highlight-soft_100_c6c2c8_1x100.png HTTP/1.1" 404 1117
186.103.132.155 - - [09/Jan/2018:11:13:47 -0300] "GET /cormun/static/Shared/jqueryui/images/ui-icons_82798d_256x240.png HTTP/1.1" 404 1089
200.72.197.82 - - [09/Jan/2018:11:13:47 -0300] "GET /cormun/static/Shared/jqueryui/images/ui-bg_flat_55_fafafa_40x100.png HTTP/1.1" 404 1097
186.103.132.155 - - [09/Jan/2018:11:13:47 -0300] "GET /cormun/static/Shared/jqueryui/images/ui-icons_8d78a5_256x240.png HTTP/1.1" 404 1089
186.67.172.234 - - [09/Jan/2018:11:13:54 -0300] "POST /cormun/servlet/solicitudot?gx-no-cache=1515507194692 HTTP/1.1" 200 1359
186.67.172.234 - - [09/Jan/2018:11:13:54 -0300] "POST /cormun/servlet/solicitudot?gx-no-cache=1515507194792 HTTP/1.1" 200 41
186.67.172.234 - - [09/Jan/2018:11:13:54 -0300] "GET /cormun/servlet/solicitudot?2b3ffd0fc2755cb2354396328dc0ac1dac8f915c01aaa8d689c1e1c049d573e695429fd03d757836591b90b3eedff535f17c2710d55d24187960b5bec1aa0a38d52d546e5a30bad62265d9b069435646b84387ac7e62d567340ef56c8003ef34cc936ecd5cf4f32233be2ae3e7f7b48c144a1ffafb8a30f4af5a0dd9ff410dece5d8dab79aa5553546304dda62ab2784b6773f2dd9f4d961868b5e84d67b1d5293a5c8d9e87c31efa24f77d1d61fed1a71982b000783ccf63208291e0c177a3df9f5cfa56a8991fb0779c8f3a91529dd,gx-no-cache=1515507194873 HTTP/1.1" 200 29
186.67.172.234 - - [09/Jan/2018:11:13:54 -0300] "POST /cormun/servlet/solicitudot?gx-no-cache=1515507194930 HTTP/1.1" 200 1340
186.67.172.234 - - [09/Jan/2018:11:13:54 -0300] "GET /cormun/servlet/solicitudot?2b3ffd0fc2755cb2354396328dc0ac1de9014f562fc4654e2ef716cb4df60b008ba4420c28768c8f8e3f7465fd11f6de,gx-no-cache=1515507195007 HTTP/1.1" 200 30
186.103.161.206 - - [09/Jan/2018:11:14:15 -0300] "GET /cormun/servlet/trpermisosadjuntos?16493294,20180108093041,P, HTTP/1.1" 200 6394
186.103.161.206 - - [09/Jan/2018:11:14:15 -0300] "GET /cormun/static/gxcfg.js?201762817193957 HTTP/1.1" 304 -
186.103.161.206 - - [09/Jan/2018:11:14:16 -0300] "GET /cormun/servlet/trpermisosadjuntos?16493294,20180108093041,P, HTTP/1.1" 200 6395
186.103.161.206 - - [09/Jan/2018:11:14:19 -0300] "GET /cormun/servlet/permisosadjuntos?INS,16493294,P,20180108093041,, HTTP/1.1" 200 5725
186.103.161.206 - - [09/Jan/2018:11:14:19 -0300] "GET /cormun/static/gxcfg.js?201762717441171 HTTP/1.1" 304 -
186.103.161.206 - - [09/Jan/2018:11:14:19 -0300] "GET /cormun/static/about:blank HTTP/1.1" 404 1011
186.103.161.206 - - [09/Jan/2018:11:14:20 -0300] "GET /cormun/servlet/permisosadjuntos?INS,16493294,P,20180108093041,, HTTP/1.1" 200 5715
186.103.132.155 - - [09/Jan/2018:11:14:35 -0300] "POST /cormun/servlet/permisosadjuntos?e2f1ef8a5924ba10f2da1fe935eb567e,INS,16493294,P,20180108093041,, HTTP/1.1" 200 116
186.103.132.155 - - [09/Jan/2018:11:14:35 -0300] "GET /cormun/servlet/hpexe_return? HTTP/1.1" 200 1034
186.103.132.155 - - [09/Jan/2018:11:14:35 -0300] "GET /cormun/static/Resources/Spanish/PXTools.css?167811 HTTP/1.1" 304 -
190.151.100.218 - - [09/Jan/2018:11:14:35 -0300] "GET /cormun/static/hpexe_return.js?2016101716175153 HTTP/1.1" 304 -
190.151.100.218 - - [09/Jan/2018:11:14:35 -0300] "GET /cormun/servlet/trpermisosadjuntos?16493294,20180108093041,P, HTTP/1.1" 200 6895
190.151.100.218 - - [09/Jan/2018:11:14:36 -0300] "GET /cormun/servlet/trpermisosadjuntos?16493294,20180108093041,P, HTTP/1.1" 200 6891
200.72.197.82 - - [09/Jan/2018:11:15:05 -0300] "GET /cormun/PublicTempStorage/permiso_rocio_8-01-175446126.pdf HTTP/1.1" 200 278521
200.72.197.82 - - [09/Jan/2018:11:15:10 -0300] "GET /cormun/servlet/trpermisosadjuntos?16493294,20180108093041,P, HTTP/1.1" 200 6896
186.67.172.234 - - [09/Jan/2018:11:15:11 -0300] "POST /cormun/servlet/solicitudot?9a7ff581075c9baf432784ef11227099,UPD,2018,7696,,gx-no-cache=1515507271355 HTTP/1.1" 200 93
186.67.172.234 - - [09/Jan/2018:11:15:11 -0300] "GET /cormun/servlet/hpexe_return? HTTP/1.1" 200 1030
200.72.197.82 - - [09/Jan/2018:11:15:11 -0300] "GET /cormun/servlet/trpermisosadjuntos?16493294,20180108093041,P, HTTP/1.1" 200 6892
186.67.172.234 - - [09/Jan/2018:11:15:11 -0300] "GET /cormun/servlet/trsolicitudot?gx-no-cache=1515505636025 HTTP/1.1" 200 14479
186.67.172.234 - - [09/Jan/2018:11:15:12 -0300] "GET /cormun/servlet/trsolicitudot?gx-no-cache=1515505636025 HTTP/1.1" 200 14496
200.111.122.170 - - [09/Jan/2018:11:15:24 -0300] "GET /cormun/servlet/trautorizarsolicitud? HTTP/1.1" 200 7033
200.111.122.170 - - [09/Jan/2018:11:15:25 -0300] "GET /cormun/servlet/trautorizarsolicitud? HTTP/1.1" 200 7006
200.111.122.170 - - [09/Jan/2018:11:15:27 -0300] "GET /cormun/servlet/trpermisosadjuntos?16493294,20180108093041,P, HTTP/1.1" 200 6892
200.111.122.170 - - [09/Jan/2018:11:15:28 -0300] "GET /cormun/servlet/trpermisosadjuntos?16493294,20180108093041,P, HTTP/1.1" 200 6892
186.67.172.234 - - [09/Jan/2018:11:15:29 -0300] "POST /cormun/servlet/trsolicitudot?9a7ff581075c9baf432784ef11227099,gx-no-cache=1515505636025,gx-no-cache=1515507289269 HTTP/1.1" 200 11277
186.67.172.234 - - [09/Jan/2018:11:15:29 -0300] "POST /cormun/servlet/trsolicitudot?9a7ff581075c9baf432784ef11227099,gx-no-cache=1515505636025,gx-no-cache=1515507289922 HTTP/1.1" 200 11256
186.103.132.155 - - [09/Jan/2018:11:15:34 -0300] "GET /cormun/servlet/trfichaempleado? HTTP/1.1" 200 10147
200.72.197.82 - - [09/Jan/2018:11:15:34 -0300] "GET /cormun/servlet/permisosadjuntos?INS,16493294,P,20180108093041,, HTTP/1.1" 200 5728
200.72.197.82 - - [09/Jan/2018:11:15:35 -0300] "GET /cormun/servlet/permisosadjuntos?INS,16493294,P,20180108093041,, HTTP/1.1" 200 5718
186.103.161.206 - - [09/Jan/2018:11:15:42 -0300] "GET /cormun/servlet/trfichaempleado? HTTP/1.1" 200 10084
200.111.122.170 - - [09/Jan/2018:11:15:44 -0300] "POST /cormun/servlet/permisosadjuntos?e2f1ef8a5924ba10f2da1fe935eb567e,INS,16493294,P,20180108093041,,,gx-no-cache=1515507302679 HTTP/1.1" 200 93
200.111.122.170 - - [09/Jan/2018:11:15:44 -0300] "GET /cormun/servlet/hpexe_return? HTTP/1.1" 200 1034
200.111.122.170 - - [09/Jan/2018:11:15:44 -0300] "GET /cormun/servlet/trpermisosadjuntos?16493294,20180108093041,P, HTTP/1.1" 200 6895
200.111.122.170 - - [09/Jan/2018:11:15:45 -0300] "GET /cormun/servlet/trpermisosadjuntos?16493294,20180108093041,P, HTTP/1.1" 200 6892
200.72.197.82 - - [09/Jan/2018:11:15:48 -0300] "GET /cormun/servlet/trfichaempleado? HTTP/1.1" 200 10147
190.151.100.218 - - [09/Jan/2018:11:16:00 -0300] "GET /cormun/servlet/trautorizarpermisogoce? HTTP/1.1" 200 6943
190.151.100.218 - - [09/Jan/2018:11:16:00 -0300] "GET /cormun/servlet/trautorizarpermisogoce? HTTP/1.1" 200 6918
186.103.132.155 - - [09/Jan/2018:11:16:04 -0300] "GET /cormun/servlet/trfichaempleado? HTTP/1.1" 200 10137
186.67.172.234 - - [09/Jan/2018:11:16:11 -0300] "GET /cormun/servlet/solicitudot?INS,0,0, HTTP/1.1" 200 13040
186.67.172.234 - - [09/Jan/2018:11:16:12 -0300] "GET /cormun/servlet/solicitudot?INS,0,0, HTTP/1.1" 200 13023
190.151.100.218 - - [09/Jan/2018:11:16:16 -0300] "GET /cormun/servlet/trautorizarpermisogoce? HTTP/1.1" 200 6918
190.151.100.218 - - [09/Jan/2018:11:16:17 -0300] "GET /cormun/servlet/trautorizarpermisogoce? HTTP/1.1" 200 6918
200.72.197.82 - - [09/Jan/2018:11:16:27 -0300] "GET /cormun/servlet/trautorizarpermisogoce? HTTP/1.1" 200 6943
200.72.197.82 - - [09/Jan/2018:11:16:27 -0300] "GET /cormun/servlet/trautorizarpermisogoce? HTTP/1.1" 200 6918
186.67.172.234 - - [09/Jan/2018:11:16:37 -0300] "POST /cormun/servlet/solicitudot?gx-no-cache=1515507357569 HTTP/1.1" 200 3260
186.67.172.234 - - [09/Jan/2018:11:16:37 -0300] "POST /cormun/servlet/solicitudot?9a7ff581075c9baf432784ef11227099,INS,0,0,,gx-no-cache=1515507357730 HTTP/1.1" 200 10157
200.72.197.82 - - [09/Jan/2018:11:16:37 -0300] "GET /cormun/servlet/trpermisosgoce? HTTP/1.1" 200 11593
200.72.197.82 - - [09/Jan/2018:11:16:38 -0300] "GET /cormun/servlet/trpermisosgoce? HTTP/1.1" 200 11593
186.67.172.234 - - [09/Jan/2018:11:16:39 -0300] "GET /cormun/servlet/solicitudot?2b3ffd0fc2755cb2354396328dc0ac1d0b03de15c1562e83d40bf51044ca00ec7ab77fdefa186590b3cb65bfd69b8383,gx-no-cache=1515507359645 HTTP/1.1" 200 30
186.67.172.234 - - [09/Jan/2018:11:16:39 -0300] "POST /cormun/servlet/solicitudot?gx-no-cache=1515507359742 HTTP/1.1" 200 255
186.67.172.234 - - [09/Jan/2018:11:16:39 -0300] "GET /cormun/servlet/solicitudot?2b3ffd0fc2755cb2354396328dc0ac1d51a218034b1ede0f8d1f536767909a7fb700c4b13050466f6ea9395235451ca8c46ffe5f235c8578814bbe63a2047b3f6c4b21bcf270cb6cc155268f44005677b45a7bb03a6aa225908207a8a4a4d63def1bd930fdf3eb38f33ebdaac76770151b5c944dc72bed5e06636bb34383b9a28f7aac9b6f6028dc8a520a81fde66318e05620c7b4be66f440e752750e83e4683c9fbc8575c31f5b493b702b92329c962db0391bc31c212461f741d6495d830e4fd64c2c6bbebee871a61b8fc9e7549c7561cba1920cd2f314cd78b37d0b9a38709436eca9c86014a3e9dfefbbb3e78dcfb8643a776b045a0e4df11a1fe4d5a2baf7d65b8ab384dac1bb724fb31962f3f4c85acdc62a42d74eca205b6011905829b6f2bd5def0395637c863b38e8e7a402990a15d14d9f8b0709b9edb5e7b3ecd06875032852e1ad5efd6654288de2a65f5ae25d3279cc203a9dda1fbaf36205dd09e479ee3f7ea9b966b9b524e89504edbaac8a85329323e2012c3377d796eb,gx-no-cache=1515507359777 HTTP/1.1" 200 30
186.67.172.234 - - [09/Jan/2018:11:16:40 -0300] "POST /cormun/servlet/solicitudot?gx-no-cache=1515507361078 HTTP/1.1" 200 30
200.72.197.82 - - [09/Jan/2018:11:16:42 -0300] "GET /cormun/servlet/trpermisosadjuntos?7141963,20180108093734,P, HTTP/1.1" 200 6389
200.72.197.82 - - [09/Jan/2018:11:16:43 -0300] "GET /cormun/servlet/trpermisosadjuntos?7141963,20180108093734,P, HTTP/1.1" 200 6389
200.72.197.82 - - [09/Jan/2018:11:16:46 -0300] "GET /cormun/servlet/permisosadjuntos?INS,7141963,P,20180108093734,, HTTP/1.1" 200 5722
200.72.197.82 - - [09/Jan/2018:11:16:46 -0300] "GET /cormun/static/about:blank HTTP/1.1" 404 1011
186.103.161.206 - - [09/Jan/2018:11:16:47 -0300] "GET /cormun/servlet/permisosadjuntos?INS,7141963,P,20180108093734,, HTTP/1.1" 200 5712
186.67.172.234 - - [09/Jan/2018:11:16:49 -0300] "POST /cormun/servlet/solicitudot?gx-no-cache=1515507369946 HTTP/1.1" 200 1360
186.67.172.234 - - [09/Jan/2018:11:16:49 -0300] "POST /cormun/servlet/solicitudot?gx-no-cache=1515507370026 HTTP/1.1" 200 38
186.103.132.155 - - [09/Jan/2018:11:16:56 -0300] "POST /cormun/servlet/permisosadjuntos?e2f1ef8a5924ba10f2da1fe935eb567e,INS,7141963,P,20180108093734,, HTTP/1.1" 200 116
186.103.132.155 - - [09/Jan/2018:11:16:56 -0300] "GET /cormun/servlet/hpexe_return? HTTP/1.1" 200 1034
186.103.132.155 - - [09/Jan/2018:11:16:56 -0300] "GET /cormun/servlet/trpermisosadjuntos?7141963,20180108093734,P, HTTP/1.1" 200 6888
186.103.132.155 - - [09/Jan/2018:11:16:57 -0300] "GET /cormun/servlet/trpermisosadjuntos?7141963,20180108093734,P, HTTP/1.1" 200 6884
200.111.122.170 - - [09/Jan/2018:11:17:04 -0300] "GET /cormun/servlet/trpermisosgoce? HTTP/1.1" 200 11588
200.111.122.170 - - [09/Jan/2018:11:17:04 -0300] "GET /cormun/servlet/trpermisosgoce? HTTP/1.1" 200 11593
186.67.172.234 - - [09/Jan/2018:11:17:06 -0300] "GET /cormun/servlet/solicitudot?2b3ffd0fc2755cb2354396328dc0ac1d98afa36fef6c651a89ef61d5fc83cb2e87efdfdce3de6f90604ba1172befe591887778990662ff633316d5e6c885cd4d809203d02dcf56071c80b7401d4d66caa207ebc75d5500b360d0aecc61dbd202fd79e0f052a9beb60fbdfc7e37478280641034e28f95d9cb23ce9c8e284bca186e2a33d5366fe2e3fa863054e76365fc012776e4658684e1728b692b2c0f3e9167764f131dc8a5d3de24234d83092f8afc4e4845baea966e12579f2c77205f3c6970c704b2c71c1fab7a6ea343b6d207,gx-no-cache=1515507386611 HTTP/1.1" 200 29
186.67.172.234 - - [09/Jan/2018:11:17:11 -0300] "POST /cormun/servlet/solicitudot?gx-no-cache=1515507391642 HTTP/1.1" 200 1341
186.67.172.234 - - [09/Jan/2018:11:17:18 -0300] "GET /cormun/static/menuarrow.gif HTTP/1.1" 404 1015
190.151.100.218 - - [09/Jan/2018:11:17:22 -0300] "POST /cormun/servlet/trpermisosgoce?e2f1ef8a5924ba10f2da1fe935eb567e,,gx-no-cache=1515507400579 HTTP/1.1" 200 8773
190.151.100.218 - - [09/Jan/2018:11:17:23 -0300] "GET /cormun/static/Shared/jqueryui/images/ui-bg_highlight-soft_100_c6c2c8_1x100.png HTTP/1.1" 404 1117
186.103.132.155 - - [09/Jan/2018:11:17:23 -0300] "GET /cormun/static/Shared/jqueryui/images/ui-icons_82798d_256x240.png HTTP/1.1" 404 1089
186.103.161.206 - - [09/Jan/2018:11:17:23 -0300] "GET /cormun/static/Shared/jqueryui/images/ui-bg_flat_55_fafafa_40x100.png HTTP/1.1" 404 1097
186.103.161.206 - - [09/Jan/2018:11:17:23 -0300] "GET /cormun/static/Shared/jqueryui/images/ui-icons_8d78a5_256x240.png HTTP/1.1" 404 1089
186.67.172.234 - - [09/Jan/2018:11:17:24 -0300] "GET /cormun/servlet/solicitudot?2b3ffd0fc2755cb2354396328dc0ac1de9014f562fc4654e2ef716cb4df60b008ba4420c28768c8f8e3f7465fd11f6de,gx-no-cache=1515507404298 HTTP/1.1" 200 30
186.103.161.206 - - [09/Jan/2018:11:17:26 -0300] "POST /cormun/servlet/trpermisosgoce?e2f1ef8a5924ba10f2da1fe935eb567e,,gx-no-cache=1515507404222 HTTP/1.1" 200 8765
186.67.172.234 - - [09/Jan/2018:11:17:28 -0300] "POST /cormun/servlet/solicitudot?gx-no-cache=1515507409275 HTTP/1.1" 200 30
200.111.122.170 - - [09/Jan/2018:11:17:34 -0300] "GET /cormun/servlet/permisogoce?DSP,7141963,P,20180108093734, HTTP/1.1" 200 6804
200.111.122.170 - - [09/Jan/2018:11:17:34 -0300] "GET /cormun/static/permisogoce.js?2017761264459 HTTP/1.1" 304 -
200.111.122.170 - - [09/Jan/2018:11:17:35 -0300] "GET /cormun/servlet/permisogoce?DSP,7141963,P,20180108093734, HTTP/1.1" 200 6805
186.67.172.234 - - [09/Jan/2018:11:17:36 -0300] "POST /cormun/servlet/solicitudot?9a7ff581075c9baf432784ef11227099,INS,0,0,,gx-no-cache=1515507416572 HTTP/1.1" 200 93
186.67.172.234 - - [09/Jan/2018:11:17:36 -0300] "GET /cormun/servlet/hpexe_return? HTTP/1.1" 200 1024
186.67.172.234 - - [09/Jan/2018:11:17:36 -0300] "GET /cormun/servlet/trsolicitudot?gx-no-cache=1515505636025 HTTP/1.1" 200 14630
186.67.172.234 - - [09/Jan/2018:11:17:37 -0300] "GET /cormun/servlet/trsolicitudot?gx-no-cache=1515505636025 HTTP/1.1" 200 14647
186.67.172.234 - - [09/Jan/2018:11:17:45 -0300] "GET /cormun/servlet/solicitudot?INS,0,0, HTTP/1.1" 200 13040
