186.103.159.189 - - [19/Dec/2017:17:08:44 -0300] "POST /cormun/servlet/permisosadjuntos?1d9786cbf6e0342eafa75b548ee78395,INS,8510071,P,20171219085118,, HTTP/1.1" 200 116
186.103.159.189 - - [19/Dec/2017:17:08:44 -0300] "GET /cormun/servlet/hpexe_return? HTTP/1.1" 200 1037
186.103.159.189 - - [19/Dec/2017:17:08:45 -0300] "GET /cormun/servlet/trpermisosadjuntos?8510071,20171219085118,P, HTTP/1.1" 200 6695
186.103.159.189 - - [19/Dec/2017:17:08:46 -0300] "GET /cormun/servlet/trpermisosadjuntos?8510071,20171219085118,P, HTTP/1.1" 200 6690
186.79.20.181 - - [19/Dec/2017:17:08:48 -0300] "GET /cormun/servlet/permisogoce?37d036872dfd6f8ca20578a94f0ad20e5acc85a60cb63f99b86d0d0e79fbf1bc0e94f78a2cfd7fdf190d8447f61f5e2bc85275491ac9cd93721fa296494b5e6a,gx-no-cache=1513714097237 HTTP/1.1" 200 47
186.103.159.189 - - [19/Dec/2017:17:08:49 -0300] "GET /cormun/servlet/trpermisosgoce? HTTP/1.1" 200 11421
186.103.159.189 - - [19/Dec/2017:17:08:51 -0300] "GET /cormun/servlet/trpermisosgoce? HTTP/1.1" 200 11421
186.79.20.181 - - [19/Dec/2017:17:08:53 -0300] "POST /cormun/servlet/permisogoce?34d141e59cf3b8ed3c0e30f8981765a9,INS,0,,,,gx-no-cache=1513714101609 HTTP/1.1" 200 93
186.79.20.181 - - [19/Dec/2017:17:08:54 -0300] "GET /cormun/servlet/hpexe_return? HTTP/1.1" 200 1015
186.79.20.181 - - [19/Dec/2017:17:08:54 -0300] "GET /cormun/static/Resources/Spanish/PXTools.css?167811 HTTP/1.1" 304 -
201.214.54.198 - - [19/Dec/2017:17:08:54 -0300] "GET /cormun/static/hpexe_return.js?2016101716175153 HTTP/1.1" 304 -
201.214.54.198 - - [19/Dec/2017:17:08:54 -0300] "GET /cormun/servlet/trpermisosgoce HTTP/1.1" 200 11834
201.214.54.198 - - [19/Dec/2017:17:08:55 -0300] "GET /cormun/servlet/trpermisosgoce HTTP/1.1" 200 11825
186.103.159.189 - - [19/Dec/2017:17:08:58 -0300] "POST /cormun/servlet/trpermisosgoce?1d9786cbf6e0342eafa75b548ee78395,,gx-no-cache=1513717701344 HTTP/1.1" 200 8571
186.103.159.189 - - [19/Dec/2017:17:08:59 -0300] "GET /cormun/static/Shared/jqueryui/images/ui-bg_highlight-soft_100_c6c2c8_1x100.png HTTP/1.1" 404 1117
186.103.159.189 - - [19/Dec/2017:17:08:59 -0300] "GET /cormun/static/Shared/jqueryui/images/ui-icons_82798d_256x240.png HTTP/1.1" 404 1089
186.103.159.189 - - [19/Dec/2017:17:08:59 -0300] "GET /cormun/static/Shared/jqueryui/images/ui-bg_flat_55_fafafa_40x100.png HTTP/1.1" 404 1097
186.103.159.189 - - [19/Dec/2017:17:08:59 -0300] "GET /cormun/static/Shared/jqueryui/images/ui-icons_8d78a5_256x240.png HTTP/1.1" 404 1089
201.214.54.198 - - [19/Dec/2017:17:08:59 -0300] "GET /cormun/servlet/permisogoce?INS,0,,, HTTP/1.1" 200 6955
201.214.54.198 - - [19/Dec/2017:17:09:01 -0300] "GET /cormun/servlet/permisogoce?INS,0,,, HTTP/1.1" 200 6956
201.214.54.198 - - [19/Dec/2017:17:09:08 -0300] "GET /cormun/servlet/permisogoce?37d036872dfd6f8ca20578a94f0ad20ef304cfa0abe36140c54b086d2a461f83c8042f25b3a55accea7a2cacd0bfaee1142cbe1fd78eb56c77fb70745cf4fa3c,gx-no-cache=1513714117160 HTTP/1.1" 200 90
186.103.159.189 - - [19/Dec/2017:17:09:08 -0300] "GET /cormun/servlet/trpermisosadjuntos?7178861,20171211092715,P, HTTP/1.1" 200 6178
201.214.54.198 - - [19/Dec/2017:17:09:09 -0300] "GET /cormun/static/menuarrow.gif HTTP/1.1" 404 1015
186.103.159.189 - - [19/Dec/2017:17:09:10 -0300] "GET /cormun/servlet/trpermisosadjuntos?7178861,20171211092715,P, HTTP/1.1" 200 6178
201.214.54.198 - - [19/Dec/2017:17:09:14 -0300] "GET /cormun/servlet/permisogoce?37d036872dfd6f8ca20578a94f0ad20ede0cc50f56e4d02e79d5e18ebedad52000a0dc02a921e3fc822b244966db764d03bd38a82a8cd7db1e3d038d4456dd62,gx-no-cache=1513714122809 HTTP/1.1" 200 49
186.103.159.189 - - [19/Dec/2017:17:09:16 -0300] "GET /cormun/servlet/permisosadjuntos?INS,7178861,P,20171211092715,, HTTP/1.1" 200 5505
186.103.159.189 - - [19/Dec/2017:17:09:17 -0300] "GET /cormun/static/about:blank HTTP/1.1" 404 1011
186.103.159.189 - - [19/Dec/2017:17:09:18 -0300] "GET /cormun/servlet/permisosadjuntos?INS,7178861,P,20171211092715,, HTTP/1.1" 200 5495
201.214.54.198 - - [19/Dec/2017:17:09:19 -0300] "POST /cormun/servlet/permisogoce?34d141e59cf3b8ed3c0e30f8981765a9,INS,0,,,,gx-no-cache=1513714127181 HTTP/1.1" 200 93
201.214.54.198 - - [19/Dec/2017:17:09:19 -0300] "GET /cormun/servlet/hpexe_return? HTTP/1.1" 200 1015
201.214.54.198 - - [19/Dec/2017:17:09:19 -0300] "GET /cormun/servlet/trpermisosgoce HTTP/1.1" 200 12097
201.214.54.198 - - [19/Dec/2017:17:09:20 -0300] "GET /cormun/servlet/trpermisosgoce HTTP/1.1" 200 12085
201.214.54.198 - - [19/Dec/2017:17:09:24 -0300] "GET /cormun/servlet/permisogoce?INS,0,,, HTTP/1.1" 200 6955
201.214.54.198 - - [19/Dec/2017:17:09:25 -0300] "GET /cormun/servlet/permisogoce?INS,0,,, HTTP/1.1" 200 6955
186.103.159.189 - - [19/Dec/2017:17:09:31 -0300] "POST /cormun/servlet/permisosadjuntos?1d9786cbf6e0342eafa75b548ee78395,INS,7178861,P,20171211092715,, HTTP/1.1" 200 116
186.103.159.189 - - [19/Dec/2017:17:09:31 -0300] "GET /cormun/servlet/hpexe_return? HTTP/1.1" 200 1039
186.103.159.189 - - [19/Dec/2017:17:09:32 -0300] "GET /cormun/servlet/trpermisosadjuntos?7178861,20171211092715,P, HTTP/1.1" 200 6686
186.103.159.189 - - [19/Dec/2017:17:09:33 -0300] "GET /cormun/servlet/trpermisosadjuntos?7178861,20171211092715,P, HTTP/1.1" 200 6683
201.214.54.198 - - [19/Dec/2017:17:09:34 -0300] "GET /cormun/servlet/permisogoce?37d036872dfd6f8ca20578a94f0ad20ec95c57c1db0fe05cc714973dd8f4da18c8042f25b3a55accea7a2cacd0bfaee1142cbe1fd78eb56c77fb70745cf4fa3c,gx-no-cache=1513714143079 HTTP/1.1" 200 80
201.214.54.198 - - [19/Dec/2017:17:09:34 -0300] "GET /cormun/static/menuarrow.gif HTTP/1.1" 404 1015
186.103.159.189 - - [19/Dec/2017:17:09:37 -0300] "GET /cormun/servlet/trpermisosgoce? HTTP/1.1" 200 11414
186.103.159.189 - - [19/Dec/2017:17:09:39 -0300] "GET /cormun/servlet/trpermisosgoce? HTTP/1.1" 200 11385
201.214.54.198 - - [19/Dec/2017:17:09:41 -0300] "GET /cormun/servlet/permisogoce?37d036872dfd6f8ca20578a94f0ad20eac9dc584fe0be302cc4236e631467071b8d51a358396c11d794dc5a8c621275910796be38f26926db0ba9ad4b349c970,gx-no-cache=1513714150441 HTTP/1.1" 200 48
201.214.54.198 - - [19/Dec/2017:17:09:44 -0300] "POST /cormun/servlet/permisogoce?34d141e59cf3b8ed3c0e30f8981765a9,INS,0,,,,gx-no-cache=1513714152434 HTTP/1.1" 200 93
201.214.54.198 - - [19/Dec/2017:17:09:44 -0300] "GET /cormun/servlet/hpexe_return? HTTP/1.1" 200 1015
201.214.54.198 - - [19/Dec/2017:17:09:44 -0300] "GET /cormun/servlet/trpermisosgoce HTTP/1.1" 200 12358
201.214.54.198 - - [19/Dec/2017:17:09:45 -0300] "GET /cormun/servlet/trpermisosgoce HTTP/1.1" 200 12343
186.103.159.189 - - [19/Dec/2017:17:09:47 -0300] "POST /cormun/servlet/trpermisosgoce?1d9786cbf6e0342eafa75b548ee78395,,gx-no-cache=1513717749991 HTTP/1.1" 200 8565
186.103.159.189 - - [19/Dec/2017:17:09:47 -0300] "GET /cormun/static/Shared/jqueryui/images/ui-bg_highlight-soft_100_c6c2c8_1x100.png HTTP/1.1" 404 1117
186.103.159.189 - - [19/Dec/2017:17:09:47 -0300] "GET /cormun/static/Shared/jqueryui/images/ui-icons_82798d_256x240.png HTTP/1.1" 404 1089
186.103.159.189 - - [19/Dec/2017:17:09:48 -0300] "GET /cormun/static/Shared/jqueryui/images/ui-bg_flat_55_fafafa_40x100.png HTTP/1.1" 404 1097
186.103.159.189 - - [19/Dec/2017:17:09:48 -0300] "GET /cormun/static/Shared/jqueryui/images/ui-icons_8d78a5_256x240.png HTTP/1.1" 404 1089
201.214.54.198 - - [19/Dec/2017:17:09:50 -0300] "GET /cormun/servlet/permisogoce?INS,0,,, HTTP/1.1" 200 6956
201.214.54.198 - - [19/Dec/2017:17:09:51 -0300] "GET /cormun/servlet/permisogoce?INS,0,,, HTTP/1.1" 200 6956
186.103.159.189 - - [19/Dec/2017:17:09:56 -0300] "GET /cormun/servlet/trpermisosadjuntos?12911771,20171206150044,P, HTTP/1.1" 200 6180
186.103.159.189 - - [19/Dec/2017:17:09:58 -0300] "GET /cormun/servlet/trpermisosadjuntos?12911771,20171206150044,P, HTTP/1.1" 200 6179
201.214.54.198 - - [19/Dec/2017:17:10:03 -0300] "GET /cormun/servlet/permisogoce?37d036872dfd6f8ca20578a94f0ad20eac9674ec598be3e0a6bb7ba2ddf337f8c8042f25b3a55accea7a2cacd0bfaee1142cbe1fd78eb56c77fb70745cf4fa3c,gx-no-cache=1513714171550 HTTP/1.1" 200 80
201.214.54.198 - - [19/Dec/2017:17:10:03 -0300] "GET /cormun/static/menuarrow.gif HTTP/1.1" 404 1015
186.103.159.189 - - [19/Dec/2017:17:10:07 -0300] "GET /cormun/servlet/permisosadjuntos?INS,12911771,P,20171206150044,, HTTP/1.1" 200 5509
186.103.159.189 - - [19/Dec/2017:17:10:08 -0300] "GET /cormun/static/about:blank HTTP/1.1" 404 1011
186.103.159.189 - - [19/Dec/2017:17:10:09 -0300] "GET /cormun/servlet/permisosadjuntos?INS,12911771,P,20171206150044,, HTTP/1.1" 200 5499
201.214.54.198 - - [19/Dec/2017:17:10:09 -0300] "GET /cormun/servlet/permisogoce?37d036872dfd6f8ca20578a94f0ad20efe378b8336125b6e29e1b0db3dd8b868fd4e354ff0897801ef944e0a6fcdd48e03bd38a82a8cd7db1e3d038d4456dd62,gx-no-cache=1513714178025 HTTP/1.1" 200 48
201.214.54.198 - - [19/Dec/2017:17:10:12 -0300] "POST /cormun/servlet/permisogoce?34d141e59cf3b8ed3c0e30f8981765a9,INS,0,,,,gx-no-cache=1513714180363 HTTP/1.1" 200 93
201.214.54.198 - - [19/Dec/2017:17:10:12 -0300] "GET /cormun/servlet/hpexe_return? HTTP/1.1" 200 1015
201.214.54.198 - - [19/Dec/2017:17:10:12 -0300] "GET /cormun/servlet/trpermisosgoce HTTP/1.1" 200 12613
201.214.54.198 - - [19/Dec/2017:17:10:14 -0300] "GET /cormun/servlet/trpermisosgoce HTTP/1.1" 200 12621
201.214.54.198 - - [19/Dec/2017:17:10:17 -0300] "GET /cormun/servlet/permisogoce?INS,0,,, HTTP/1.1" 200 6955
201.214.54.198 - - [19/Dec/2017:17:10:18 -0300] "GET /cormun/servlet/permisogoce?INS,0,,, HTTP/1.1" 200 6956
186.103.159.189 - - [19/Dec/2017:17:10:22 -0300] "POST /cormun/servlet/permisosadjuntos?1d9786cbf6e0342eafa75b548ee78395,INS,12911771,P,20171206150044,, HTTP/1.1" 200 116
186.103.159.189 - - [19/Dec/2017:17:10:22 -0300] "GET /cormun/servlet/hpexe_return? HTTP/1.1" 200 1039
186.103.159.189 - - [19/Dec/2017:17:10:22 -0300] "GET /cormun/servlet/trpermisosadjuntos?12911771,20171206150044,P, HTTP/1.1" 200 6682
186.103.159.189 - - [19/Dec/2017:17:10:24 -0300] "GET /cormun/servlet/trpermisosadjuntos?12911771,20171206150044,P, HTTP/1.1" 200 6678
201.214.54.198 - - [19/Dec/2017:17:10:26 -0300] "GET /cormun/servlet/permisogoce?37d036872dfd6f8ca20578a94f0ad20e4dcc905cbe153909f7c801d5d2f1f99f800c39c1525e618dda1d158f6295a457,gx-no-cache=1513714194999 HTTP/1.1" 200 76
201.214.54.198 - - [19/Dec/2017:17:10:26 -0300] "GET /cormun/static/menuarrow.gif HTTP/1.1" 404 1015
186.103.159.189 - - [19/Dec/2017:17:10:27 -0300] "GET /cormun/servlet/trpermisosgoce? HTTP/1.1" 200 11386
186.103.159.189 - - [19/Dec/2017:17:10:29 -0300] "GET /cormun/servlet/trpermisosgoce? HTTP/1.1" 200 11416
201.214.54.198 - - [19/Dec/2017:17:10:34 -0300] "GET /cormun/servlet/permisogoce?37d036872dfd6f8ca20578a94f0ad20e614b173041838d49d082db8e796e1f039ed1342630b19eb90d953b20617a6efd401b2a576af46fa0e613fda7851ee4bf,gx-no-cache=1513714202878 HTTP/1.1" 200 48
186.103.159.189 - - [19/Dec/2017:17:10:35 -0300] "POST /cormun/servlet/trpermisosgoce?1d9786cbf6e0342eafa75b548ee78395,,gx-no-cache=1513717798634 HTTP/1.1" 200 8568
201.214.54.198 - - [19/Dec/2017:17:10:37 -0300] "POST /cormun/servlet/permisogoce?34d141e59cf3b8ed3c0e30f8981765a9,INS,0,,,,gx-no-cache=1513714205344 HTTP/1.1" 200 93
186.103.159.189 - - [19/Dec/2017:17:10:37 -0300] "GET /cormun/static/Shared/jqueryui/images/ui-bg_highlight-soft_100_c6c2c8_1x100.png HTTP/1.1" 404 1117
201.214.54.198 - - [19/Dec/2017:17:10:37 -0300] "GET /cormun/servlet/hpexe_return? HTTP/1.1" 200 1015
186.103.159.189 - - [19/Dec/2017:17:10:37 -0300] "GET /cormun/static/Shared/jqueryui/images/ui-icons_82798d_256x240.png HTTP/1.1" 404 1089
186.103.159.189 - - [19/Dec/2017:17:10:37 -0300] "GET /cormun/static/Shared/jqueryui/images/ui-bg_flat_55_fafafa_40x100.png HTTP/1.1" 404 1097
186.103.159.189 - - [19/Dec/2017:17:10:37 -0300] "GET /cormun/static/Shared/jqueryui/images/ui-icons_8d78a5_256x240.png HTTP/1.1" 404 1089
201.214.54.198 - - [19/Dec/2017:17:10:37 -0300] "GET /cormun/servlet/trpermisosgoce HTTP/1.1" 200 12856
201.214.54.198 - - [19/Dec/2017:17:10:38 -0300] "GET /cormun/servlet/trpermisosgoce HTTP/1.1" 200 12847
186.103.159.189 - - [19/Dec/2017:17:10:40 -0300] "GET /cormun/servlet/trpermisosadjuntos?13096115,20171205172651,P, HTTP/1.1" 200 6174
186.103.159.189 - - [19/Dec/2017:17:10:42 -0300] "GET /cormun/servlet/trpermisosadjuntos?13096115,20171205172651,P, HTTP/1.1" 200 6174
201.214.54.198 - - [19/Dec/2017:17:10:42 -0300] "GET /cormun/servlet/permisogoce?INS,0,,, HTTP/1.1" 200 6955
201.214.54.198 - - [19/Dec/2017:17:10:43 -0300] "GET /cormun/servlet/permisogoce?INS,0,,, HTTP/1.1" 200 6956
186.103.159.189 - - [19/Dec/2017:17:10:47 -0300] "GET /cormun/servlet/permisosadjuntos?INS,13096115,P,20171205172651,, HTTP/1.1" 200 5504
186.103.159.189 - - [19/Dec/2017:17:10:47 -0300] "GET /cormun/static/about:blank HTTP/1.1" 404 1011
186.103.159.189 - - [19/Dec/2017:17:10:48 -0300] "GET /cormun/servlet/permisosadjuntos?INS,13096115,P,20171205172651,, HTTP/1.1" 200 5494
201.214.54.198 - - [19/Dec/2017:17:10:50 -0300] "GET /cormun/servlet/permisogoce?37d036872dfd6f8ca20578a94f0ad20ecf73f90df7ecada181f531d4058684c8c8042f25b3a55accea7a2cacd0bfaee1142cbe1fd78eb56c77fb70745cf4fa3c,gx-no-cache=1513714218704 HTTP/1.1" 200 67
201.214.54.198 - - [19/Dec/2017:17:10:50 -0300] "GET /cormun/static/menuarrow.gif HTTP/1.1" 404 1015
201.214.54.198 - - [19/Dec/2017:17:10:56 -0300] "GET /cormun/servlet/permisogoce?37d036872dfd6f8ca20578a94f0ad20ea92c2fd3eaaabb4f15eaa1fb0e5ee7aaf0dff6a2f3c9cf1d76bdddbf41258b1610796be38f26926db0ba9ad4b349c970,gx-no-cache=1513714225345 HTTP/1.1" 200 47
201.214.54.198 - - [19/Dec/2017:17:10:58 -0300] "POST /cormun/servlet/permisogoce?34d141e59cf3b8ed3c0e30f8981765a9,INS,0,,,,gx-no-cache=1513714227036 HTTP/1.1" 200 93
201.214.54.198 - - [19/Dec/2017:17:10:59 -0300] "GET /cormun/servlet/hpexe_return? HTTP/1.1" 200 1015
201.214.54.198 - - [19/Dec/2017:17:10:59 -0300] "GET /cormun/servlet/trpermisosgoce HTTP/1.1" 200 13087
186.103.159.189 - - [19/Dec/2017:17:10:59 -0300] "POST /cormun/servlet/permisosadjuntos?1d9786cbf6e0342eafa75b548ee78395,INS,13096115,P,20171205172651,, HTTP/1.1" 200 116
186.103.159.189 - - [19/Dec/2017:17:10:59 -0300] "GET /cormun/servlet/hpexe_return? HTTP/1.1" 200 1040
186.103.159.189 - - [19/Dec/2017:17:11:00 -0300] "GET /cormun/servlet/trpermisosadjuntos?13096115,20171205172651,P, HTTP/1.1" 200 6676
201.214.54.198 - - [19/Dec/2017:17:11:00 -0300] "GET /cormun/servlet/trpermisosgoce HTTP/1.1" 200 13071
186.103.159.189 - - [19/Dec/2017:17:11:01 -0300] "GET /cormun/servlet/trpermisosadjuntos?13096115,20171205172651,P, HTTP/1.1" 200 6672
186.103.159.189 - - [19/Dec/2017:17:11:05 -0300] "GET /cormun/servlet/trpermisosgoce? HTTP/1.1" 200 11367
186.103.159.189 - - [19/Dec/2017:17:11:07 -0300] "GET /cormun/servlet/trpermisosgoce? HTTP/1.1" 200 11406
201.214.54.198 - - [19/Dec/2017:17:11:08 -0300] "GET /cormun/servlet/permisogoce?INS,0,,, HTTP/1.1" 200 6955
201.214.54.198 - - [19/Dec/2017:17:11:09 -0300] "GET /cormun/servlet/permisogoce?INS,0,,, HTTP/1.1" 200 6956
186.103.159.189 - - [19/Dec/2017:17:11:15 -0300] "POST /cormun/servlet/trpermisosgoce?1d9786cbf6e0342eafa75b548ee78395,,gx-no-cache=1513717838114 HTTP/1.1" 200 8536
186.103.159.189 - - [19/Dec/2017:17:11:15 -0300] "GET /cormun/static/Shared/jqueryui/images/ui-bg_highlight-soft_100_c6c2c8_1x100.png HTTP/1.1" 404 1117
186.103.159.189 - - [19/Dec/2017:17:11:15 -0300] "GET /cormun/static/Shared/jqueryui/images/ui-icons_82798d_256x240.png HTTP/1.1" 404 1089
186.103.159.189 - - [19/Dec/2017:17:11:16 -0300] "GET /cormun/static/Shared/jqueryui/images/ui-bg_flat_55_fafafa_40x100.png HTTP/1.1" 404 1097
186.103.159.189 - - [19/Dec/2017:17:11:16 -0300] "GET /cormun/static/Shared/jqueryui/images/ui-icons_8d78a5_256x240.png HTTP/1.1" 404 1089
201.214.54.198 - - [19/Dec/2017:17:11:18 -0300] "GET /cormun/servlet/permisogoce?37d036872dfd6f8ca20578a94f0ad20ef9668a66518e58b86c7c332fcfc1c075800c39c1525e618dda1d158f6295a457,gx-no-cache=1513714247038 HTTP/1.1" 200 85
201.214.54.198 - - [19/Dec/2017:17:11:18 -0300] "GET /cormun/static/menuarrow.gif HTTP/1.1" 404 1015
186.103.159.189 - - [19/Dec/2017:17:11:22 -0300] "GET /cormun/servlet/trpermisosadjuntos?17531133,20171205153024,P, HTTP/1.1" 200 6180
201.214.54.198 - - [19/Dec/2017:17:11:23 -0300] "GET /cormun/servlet/permisogoce?37d036872dfd6f8ca20578a94f0ad20e12a2b4bedb05259336312a120a386df4ca9c18f5764f0575c3dbb2378569d014c85275491ac9cd93721fa296494b5e6a,gx-no-cache=1513714252109 HTTP/1.1" 200 48
186.103.159.189 - - [19/Dec/2017:17:11:24 -0300] "GET /cormun/servlet/trpermisosadjuntos?17531133,20171205153024,P, HTTP/1.1" 200 6180
201.214.54.198 - - [19/Dec/2017:17:11:26 -0300] "POST /cormun/servlet/permisogoce?34d141e59cf3b8ed3c0e30f8981765a9,INS,0,,,,gx-no-cache=1513714254472 HTTP/1.1" 200 93
201.214.54.198 - - [19/Dec/2017:17:11:26 -0300] "GET /cormun/servlet/hpexe_return? HTTP/1.1" 200 1015
201.214.54.198 - - [19/Dec/2017:17:11:27 -0300] "GET /cormun/servlet/trpermisosgoce HTTP/1.1" 200 13286
201.214.54.198 - - [19/Dec/2017:17:11:28 -0300] "GET /cormun/servlet/trpermisosgoce HTTP/1.1" 200 13290
186.103.159.189 - - [19/Dec/2017:17:11:28 -0300] "GET /cormun/servlet/permisosadjuntos?INS,17531133,P,20171205153024,, HTTP/1.1" 200 5510
186.103.159.189 - - [19/Dec/2017:17:11:29 -0300] "GET /cormun/static/about:blank HTTP/1.1" 404 1011
186.103.159.189 - - [19/Dec/2017:17:11:30 -0300] "GET /cormun/servlet/permisosadjuntos?INS,17531133,P,20171205153024,, HTTP/1.1" 200 5500
201.214.54.198 - - [19/Dec/2017:17:11:36 -0300] "GET /cormun/servlet/permisogoce?INS,0,,, HTTP/1.1" 200 6955
201.214.54.198 - - [19/Dec/2017:17:11:37 -0300] "GET /cormun/servlet/permisogoce?INS,0,,, HTTP/1.1" 200 6958
186.103.159.189 - - [19/Dec/2017:17:11:43 -0300] "POST /cormun/servlet/permisosadjuntos?1d9786cbf6e0342eafa75b548ee78395,INS,17531133,P,20171205153024,, HTTP/1.1" 200 116
186.103.159.189 - - [19/Dec/2017:17:11:43 -0300] "GET /cormun/servlet/hpexe_return? HTTP/1.1" 200 1040
186.103.159.189 - - [19/Dec/2017:17:11:43 -0300] "GET /cormun/servlet/trpermisosadjuntos?17531133,20171205153024,P, HTTP/1.1" 200 6683
201.214.54.198 - - [19/Dec/2017:17:11:44 -0300] "GET /cormun/servlet/permisogoce?37d036872dfd6f8ca20578a94f0ad20e9d3740df0771f1a62c3667c7ec43569cc8042f25b3a55accea7a2cacd0bfaee1142cbe1fd78eb56c77fb70745cf4fa3c,gx-no-cache=1513714272806 HTTP/1.1" 200 77
201.214.54.198 - - [19/Dec/2017:17:11:44 -0300] "GET /cormun/static/menuarrow.gif HTTP/1.1" 404 1015
186.103.159.189 - - [19/Dec/2017:17:11:45 -0300] "GET /cormun/servlet/trpermisosadjuntos?17531133,20171205153024,P, HTTP/1.1" 200 6680
201.214.54.198 - - [19/Dec/2017:17:11:51 -0300] "GET /cormun/servlet/permisogoce?37d036872dfd6f8ca20578a94f0ad20eb9bfd22e814616654e6e9ae5bbfb17e7b090113ab05e56e1eb1c3f44c5f344ce03bd38a82a8cd7db1e3d038d4456dd62,gx-no-cache=1513714279945 HTTP/1.1" 200 47
186.103.159.189 - - [19/Dec/2017:17:11:52 -0300] "GET /cormun/servlet/trpermisosgoce? HTTP/1.1" 200 11381
186.103.159.189 - - [19/Dec/2017:17:11:53 -0300] "GET /cormun/servlet/trpermisosgoce? HTTP/1.1" 200 11403
201.214.54.198 - - [19/Dec/2017:17:11:54 -0300] "POST /cormun/servlet/permisogoce?34d141e59cf3b8ed3c0e30f8981765a9,INS,0,,,,gx-no-cache=1513714281768 HTTP/1.1" 200 93
201.214.54.198 - - [19/Dec/2017:17:11:54 -0300] "GET /cormun/servlet/hpexe_return? HTTP/1.1" 200 1015
201.214.54.198 - - [19/Dec/2017:17:11:54 -0300] "GET /cormun/servlet/trpermisosgoce HTTP/1.1" 200 13520
201.214.54.198 - - [19/Dec/2017:17:11:55 -0300] "GET /cormun/servlet/trpermisosgoce HTTP/1.1" 200 13519
201.214.54.198 - - [19/Dec/2017:17:11:58 -0300] "GET /cormun/servlet/permisogoce?INS,0,,, HTTP/1.1" 200 6956
201.214.54.198 - - [19/Dec/2017:17:11:59 -0300] "GET /cormun/servlet/permisogoce?INS,0,,, HTTP/1.1" 200 6956
186.103.159.189 - - [19/Dec/2017:17:12:04 -0300] "POST /cormun/servlet/trpermisosgoce?1d9786cbf6e0342eafa75b548ee78395,,gx-no-cache=1513717886656 HTTP/1.1" 200 8531
186.103.159.189 - - [19/Dec/2017:17:12:04 -0300] "GET /cormun/static/Shared/jqueryui/images/ui-bg_highlight-soft_100_c6c2c8_1x100.png HTTP/1.1" 404 1117
186.103.159.189 - - [19/Dec/2017:17:12:04 -0300] "GET /cormun/static/Shared/jqueryui/images/ui-icons_82798d_256x240.png HTTP/1.1" 404 1089
186.103.159.189 - - [19/Dec/2017:17:12:04 -0300] "GET /cormun/static/Shared/jqueryui/images/ui-bg_flat_55_fafafa_40x100.png HTTP/1.1" 404 1097
186.103.159.189 - - [19/Dec/2017:17:12:04 -0300] "GET /cormun/static/Shared/jqueryui/images/ui-icons_8d78a5_256x240.png HTTP/1.1" 404 1089
201.214.54.198 - - [19/Dec/2017:17:12:05 -0300] "GET /cormun/servlet/permisogoce?37d036872dfd6f8ca20578a94f0ad20e27a510d98b813032259086febb78e123c8042f25b3a55accea7a2cacd0bfaee1142cbe1fd78eb56c77fb70745cf4fa3c,gx-no-cache=1513714294151 HTTP/1.1" 200 77
201.214.54.198 - - [19/Dec/2017:17:12:05 -0300] "GET /cormun/static/menuarrow.gif HTTP/1.1" 404 1015
201.214.54.198 - - [19/Dec/2017:17:12:12 -0300] "GET /cormun/servlet/permisogoce?37d036872dfd6f8ca20578a94f0ad20e0579969f41421ce6fad411192190760904a3f2c71dcfce5773ab66765e1757ca10796be38f26926db0ba9ad4b349c970,gx-no-cache=1513714301177 HTTP/1.1" 200 47
201.214.54.198 - - [19/Dec/2017:17:12:15 -0300] "POST /cormun/servlet/permisogoce?34d141e59cf3b8ed3c0e30f8981765a9,INS,0,,,,gx-no-cache=1513714303389 HTTP/1.1" 200 93
201.214.54.198 - - [19/Dec/2017:17:12:15 -0300] "GET /cormun/servlet/hpexe_return? HTTP/1.1" 200 1015
201.214.54.198 - - [19/Dec/2017:17:12:15 -0300] "GET /cormun/servlet/trpermisosgoce HTTP/1.1" 200 13745
201.214.54.198 - - [19/Dec/2017:17:12:17 -0300] "GET /cormun/servlet/trpermisosgoce HTTP/1.1" 200 13750
201.214.54.198 - - [19/Dec/2017:17:12:20 -0300] "GET /cormun/servlet/permisogoce?INS,0,,, HTTP/1.1" 200 6955
186.103.159.189 - - [19/Dec/2017:17:12:21 -0300] "GET /cormun/servlet/trpermisosadjuntos?16261610,20171219145844,P, HTTP/1.1" 200 6178
201.214.54.198 - - [19/Dec/2017:17:12:21 -0300] "GET /cormun/servlet/permisogoce?INS,0,,, HTTP/1.1" 200 6954
186.103.159.189 - - [19/Dec/2017:17:12:23 -0300] "GET /cormun/servlet/trpermisosadjuntos?16261610,20171219145844,P, HTTP/1.1" 200 6179
201.214.54.198 - - [19/Dec/2017:17:12:29 -0300] "GET /cormun/servlet/permisogoce?37d036872dfd6f8ca20578a94f0ad20e537a8dbe857e4746de167928f5cb9835c8042f25b3a55accea7a2cacd0bfaee1142cbe1fd78eb56c77fb70745cf4fa3c,gx-no-cache=1513714317928 HTTP/1.1" 200 87
201.214.54.198 - - [19/Dec/2017:17:12:29 -0300] "GET /cormun/static/menuarrow.gif HTTP/1.1" 404 1015
186.103.159.189 - - [19/Dec/2017:17:12:33 -0300] "GET /cormun/servlet/permisosadjuntos?INS,16261610,P,20171219145844,, HTTP/1.1" 200 5504
186.103.159.189 - - [19/Dec/2017:17:12:34 -0300] "GET /cormun/static/about:blank HTTP/1.1" 404 1011
186.103.159.189 - - [19/Dec/2017:17:12:35 -0300] "GET /cormun/servlet/permisosadjuntos?INS,16261610,P,20171219145844,, HTTP/1.1" 200 5494
201.214.54.198 - - [19/Dec/2017:17:12:37 -0300] "GET /cormun/servlet/permisogoce?37d036872dfd6f8ca20578a94f0ad20e8c38f815609a669902ab5556d87922eddc172db309e64a467c3983d755d9619803bd38a82a8cd7db1e3d038d4456dd62,gx-no-cache=1513714326553 HTTP/1.1" 200 47
201.214.54.198 - - [19/Dec/2017:17:12:40 -0300] "POST /cormun/servlet/permisogoce?34d141e59cf3b8ed3c0e30f8981765a9,INS,0,,,,gx-no-cache=1513714328355 HTTP/1.1" 200 93
201.214.54.198 - - [19/Dec/2017:17:12:40 -0300] "GET /cormun/servlet/hpexe_return? HTTP/1.1" 200 1015
201.214.54.198 - - [19/Dec/2017:17:12:40 -0300] "GET /cormun/servlet/trpermisosgoce HTTP/1.1" 200 13976
201.214.54.198 - - [19/Dec/2017:17:12:42 -0300] "GET /cormun/servlet/trpermisosgoce HTTP/1.1" 200 13957
201.214.54.198 - - [19/Dec/2017:17:12:45 -0300] "GET /cormun/servlet/permisogoce?INS,0,,, HTTP/1.1" 200 6954
201.214.54.198 - - [19/Dec/2017:17:12:46 -0300] "GET /cormun/servlet/permisogoce?INS,0,,, HTTP/1.1" 200 6955
186.103.159.189 - - [19/Dec/2017:17:12:47 -0300] "POST /cormun/servlet/permisosadjuntos?1d9786cbf6e0342eafa75b548ee78395,INS,16261610,P,20171219145844,, HTTP/1.1" 200 116
186.103.159.189 - - [19/Dec/2017:17:12:47 -0300] "GET /cormun/servlet/hpexe_return? HTTP/1.1" 200 1038
186.103.159.189 - - [19/Dec/2017:17:12:47 -0300] "GET /cormun/servlet/trpermisosadjuntos?16261610,20171219145844,P, HTTP/1.1" 200 6675
186.103.159.189 - - [19/Dec/2017:17:12:49 -0300] "GET /cormun/servlet/trpermisosadjuntos?16261610,20171219145844,P, HTTP/1.1" 200 6673
201.214.54.198 - - [19/Dec/2017:17:12:53 -0300] "GET /cormun/servlet/permisogoce?37d036872dfd6f8ca20578a94f0ad20e9bf34ab6df774ccd20dfe20a4ca5bf2dc8042f25b3a55accea7a2cacd0bfaee1142cbe1fd78eb56c77fb70745cf4fa3c,gx-no-cache=1513714341847 HTTP/1.1" 200 93
201.214.54.198 - - [19/Dec/2017:17:12:53 -0300] "GET /cormun/static/menuarrow.gif HTTP/1.1" 404 1015
186.103.159.189 - - [19/Dec/2017:17:12:54 -0300] "GET /cormun/servlet/trpermisosgoce? HTTP/1.1" 200 11372
186.103.159.189 - - [19/Dec/2017:17:12:55 -0300] "GET /cormun/servlet/trpermisosgoce? HTTP/1.1" 200 11370
201.214.54.198 - - [19/Dec/2017:17:13:01 -0300] "GET /cormun/servlet/permisogoce?37d036872dfd6f8ca20578a94f0ad20e2f2a91eed5cf5a81f358c57c2ac446f442d294322f878b73c890b4f6bd40877e03bd38a82a8cd7db1e3d038d4456dd62,gx-no-cache=1513714349705 HTTP/1.1" 200 48
186.103.159.189 - - [19/Dec/2017:17:13:02 -0300] "GET /cormun/servlet/trpermisosadjuntos?18798822,20171219162006,P, HTTP/1.1" 200 6181
201.214.54.198 - - [19/Dec/2017:17:13:03 -0300] "POST /cormun/servlet/permisogoce?34d141e59cf3b8ed3c0e30f8981765a9,INS,0,,,,gx-no-cache=1513714351595 HTTP/1.1" 200 93
201.214.54.198 - - [19/Dec/2017:17:13:03 -0300] "GET /cormun/servlet/hpexe_return? HTTP/1.1" 200 1015
201.214.54.198 - - [19/Dec/2017:17:13:03 -0300] "GET /cormun/servlet/trpermisosgoce HTTP/1.1" 200 14188
186.103.159.189 - - [19/Dec/2017:17:13:03 -0300] "GET /cormun/servlet/trpermisosadjuntos?18798822,20171219162006,P, HTTP/1.1" 200 6181
201.214.54.198 - - [19/Dec/2017:17:13:05 -0300] "GET /cormun/servlet/trpermisosgoce HTTP/1.1" 200 14184
186.103.159.189 - - [19/Dec/2017:17:13:11 -0300] "GET /cormun/servlet/trpermisosgoce? HTTP/1.1" 200 11370
201.214.54.198 - - [19/Dec/2017:17:13:13 -0300] "GET /cormun/servlet/trpermisosadjuntos?7151905,20171219170621,P, HTTP/1.1" 200 6428
186.103.159.189 - - [19/Dec/2017:17:13:13 -0300] "GET /cormun/servlet/trpermisosgoce? HTTP/1.1" 200 11365
201.214.54.198 - - [19/Dec/2017:17:13:13 -0300] "GET /cormun/static/Resources/Spanish/PXTools.css?17315867 HTTP/1.1" 304 -
201.214.54.198 - - [19/Dec/2017:17:13:13 -0300] "GET /cormun/static/gxcfg.js?201762817193957 HTTP/1.1" 200 953
201.214.54.198 - - [19/Dec/2017:17:13:13 -0300] "GET /cormun/static/trpermisosadjuntos.js?201762817194366 HTTP/1.1" 200 20158
201.214.54.198 - - [19/Dec/2017:17:13:14 -0300] "GET /cormun/servlet/trpermisosadjuntos?7151905,20171219170621,P, HTTP/1.1" 200 6428
201.214.54.198 - - [19/Dec/2017:17:13:16 -0300] "GET /cormun/servlet/permisosadjuntos?INS,7151905,P,20171219170621,, HTTP/1.1" 200 5760
201.214.54.198 - - [19/Dec/2017:17:13:16 -0300] "GET /cormun/static/gxcfg.js?201762717441171 HTTP/1.1" 200 953
201.214.54.198 - - [19/Dec/2017:17:13:16 -0300] "GET /cormun/static/permisosadjuntos.js?201762717441184 HTTP/1.1" 200 8724
201.214.54.198 - - [19/Dec/2017:17:13:16 -0300] "GET /cormun/static/about:blank HTTP/1.1" 404 1011
201.214.54.198 - - [19/Dec/2017:17:13:17 -0300] "GET /cormun/servlet/permisosadjuntos?INS,7151905,P,20171219170621,, HTTP/1.1" 200 5750
186.79.20.181 - - [19/Dec/2017:17:13:45 -0300] "POST /cormun/servlet/permisosadjuntos?34d141e59cf3b8ed3c0e30f8981765a9,INS,7151905,P,20171219170621,, HTTP/1.1" 200 116
186.79.20.181 - - [19/Dec/2017:17:13:45 -0300] "GET /cormun/servlet/hpexe_return? HTTP/1.1" 200 1043
186.79.20.181 - - [19/Dec/2017:17:13:46 -0300] "GET /cormun/servlet/trpermisosadjuntos?7151905,20171219170621,P, HTTP/1.1" 200 6915
186.79.20.181 - - [19/Dec/2017:17:13:47 -0300] "GET /cormun/servlet/trpermisosadjuntos?7151905,20171219170621,P, HTTP/1.1" 200 6911
186.79.20.181 - - [19/Dec/2017:17:13:49 -0300] "POST /cormun/servlet/trpermisosadjuntos?34d141e59cf3b8ed3c0e30f8981765a9,7151905,20171219170621,P,,gx-no-cache=1513714398140 HTTP/1.1" 200 90
186.79.20.181 - - [19/Dec/2017:17:13:50 -0300] "GET /cormun/servlet/hpexe_link HTTP/1.1" 200 987
186.79.20.181 - - [19/Dec/2017:17:13:50 -0300] "GET /cormun/servlet/trpermisosgoce HTTP/1.1" 200 14205
186.79.20.181 - - [19/Dec/2017:17:13:51 -0300] "GET /cormun/servlet/trpermisosgoce HTTP/1.1" 200 14181
186.79.20.181 - - [19/Dec/2017:17:14:01 -0300] "POST /cormun/servlet/trpermisosgoce?34d141e59cf3b8ed3c0e30f8981765a9,gx-no-cache=1513714408902 HTTP/1.1" 200 11386
186.79.20.181 - - [19/Dec/2017:17:14:01 -0300] "GET /cormun/static/Shared/jqueryui/images/ui-bg_highlight-soft_100_c6c2c8_1x100.png HTTP/1.1" 404 1117
201.214.54.198 - - [19/Dec/2017:17:14:01 -0300] "GET /cormun/static/Shared/jqueryui/images/ui-icons_82798d_256x240.png HTTP/1.1" 404 1089
201.214.54.198 - - [19/Dec/2017:17:14:01 -0300] "GET /cormun/static/Shared/jqueryui/images/ui-bg_flat_55_fafafa_40x100.png HTTP/1.1" 404 1097
186.79.20.181 - - [19/Dec/2017:17:14:01 -0300] "GET /cormun/static/Shared/jqueryui/images/ui-icons_8d78a5_256x240.png HTTP/1.1" 404 1089
186.79.20.181 - - [19/Dec/2017:17:14:06 -0300] "GET /cormun/servlet/trpermisosadjuntos?11031603,20171219170648,P, HTTP/1.1" 200 6435
186.79.20.181 - - [19/Dec/2017:17:14:08 -0300] "GET /cormun/servlet/trpermisosadjuntos?11031603,20171219170648,P, HTTP/1.1" 200 6434
186.79.20.181 - - [19/Dec/2017:17:14:11 -0300] "GET /cormun/servlet/permisosadjuntos?INS,11031603,P,20171219170648,, HTTP/1.1" 200 5767
186.79.20.181 - - [19/Dec/2017:17:14:11 -0300] "GET /cormun/static/about:blank HTTP/1.1" 404 1011
186.79.20.181 - - [19/Dec/2017:17:14:12 -0300] "GET /cormun/servlet/permisosadjuntos?INS,11031603,P,20171219170648,, HTTP/1.1" 200 5758
186.79.20.181 - - [19/Dec/2017:17:14:27 -0300] "POST /cormun/servlet/permisosadjuntos?34d141e59cf3b8ed3c0e30f8981765a9,INS,11031603,P,20171219170648,, HTTP/1.1" 200 116
186.79.20.181 - - [19/Dec/2017:17:14:27 -0300] "GET /cormun/servlet/hpexe_return? HTTP/1.1" 200 1043
186.79.20.181 - - [19/Dec/2017:17:14:28 -0300] "GET /cormun/servlet/trpermisosadjuntos?11031603,20171219170648,P, HTTP/1.1" 200 6926
186.79.20.181 - - [19/Dec/2017:17:14:29 -0300] "GET /cormun/servlet/trpermisosadjuntos?11031603,20171219170648,P, HTTP/1.1" 200 6923
186.79.20.181 - - [19/Dec/2017:17:14:31 -0300] "POST /cormun/servlet/trpermisosadjuntos?34d141e59cf3b8ed3c0e30f8981765a9,11031603,20171219170648,P,,gx-no-cache=1513714439499 HTTP/1.1" 200 90
186.79.20.181 - - [19/Dec/2017:17:14:31 -0300] "GET /cormun/servlet/hpexe_link HTTP/1.1" 200 1009
186.79.20.181 - - [19/Dec/2017:17:14:32 -0300] "GET /cormun/servlet/trpermisosgoce?gx-no-cache=1513714408902 HTTP/1.1" 200 14192
186.79.20.181 - - [19/Dec/2017:17:14:33 -0300] "GET /cormun/servlet/trpermisosgoce?gx-no-cache=1513714408902 HTTP/1.1" 200 14227
186.79.20.181 - - [19/Dec/2017:17:14:41 -0300] "POST /cormun/servlet/trpermisosgoce?34d141e59cf3b8ed3c0e30f8981765a9,gx-no-cache=1513714408902,gx-no-cache=1513714448999 HTTP/1.1" 200 11373
186.79.20.181 - - [19/Dec/2017:17:14:41 -0300] "GET /cormun/static/Shared/jqueryui/images/ui-bg_highlight-soft_100_c6c2c8_1x100.png HTTP/1.1" 404 1117
201.214.54.198 - - [19/Dec/2017:17:14:41 -0300] "GET /cormun/static/Shared/jqueryui/images/ui-icons_82798d_256x240.png HTTP/1.1" 404 1089
201.214.54.198 - - [19/Dec/2017:17:14:42 -0300] "GET /cormun/static/Shared/jqueryui/images/ui-bg_flat_55_fafafa_40x100.png HTTP/1.1" 404 1097
186.79.20.181 - - [19/Dec/2017:17:14:42 -0300] "GET /cormun/static/Shared/jqueryui/images/ui-icons_8d78a5_256x240.png HTTP/1.1" 404 1089
186.79.20.181 - - [19/Dec/2017:17:14:48 -0300] "GET /cormun/servlet/trpermisosadjuntos?15036142,20171219170712,P, HTTP/1.1" 200 6451
186.79.20.181 - - [19/Dec/2017:17:14:49 -0300] "GET /cormun/servlet/trpermisosadjuntos?15036142,20171219170712,P, HTTP/1.1" 200 6430
186.79.20.181 - - [19/Dec/2017:17:14:51 -0300] "GET /cormun/servlet/permisosadjuntos?INS,15036142,P,20171219170712,, HTTP/1.1" 200 5760
186.79.20.181 - - [19/Dec/2017:17:14:52 -0300] "GET /cormun/static/about:blank HTTP/1.1" 404 1011
186.79.20.181 - - [19/Dec/2017:17:14:52 -0300] "GET /cormun/servlet/permisosadjuntos?INS,15036142,P,20171219170712,, HTTP/1.1" 200 5751
186.79.20.181 - - [19/Dec/2017:17:15:11 -0300] "POST /cormun/servlet/permisosadjuntos?34d141e59cf3b8ed3c0e30f8981765a9,INS,15036142,P,20171219170712,, HTTP/1.1" 200 116
186.79.20.181 - - [19/Dec/2017:17:15:11 -0300] "GET /cormun/servlet/hpexe_return? HTTP/1.1" 200 1043
186.79.20.181 - - [19/Dec/2017:17:15:11 -0300] "GET /cormun/servlet/trpermisosadjuntos?15036142,20171219170712,P, HTTP/1.1" 200 6923
186.79.20.181 - - [19/Dec/2017:17:15:13 -0300] "GET /cormun/servlet/trpermisosadjuntos?15036142,20171219170712,P, HTTP/1.1" 200 6920
186.79.20.181 - - [19/Dec/2017:17:15:15 -0300] "POST /cormun/servlet/trpermisosadjuntos?34d141e59cf3b8ed3c0e30f8981765a9,15036142,20171219170712,P,,gx-no-cache=1513714483619 HTTP/1.1" 200 90
186.79.20.181 - - [19/Dec/2017:17:15:15 -0300] "GET /cormun/servlet/hpexe_link HTTP/1.1" 200 1009
186.79.20.181 - - [19/Dec/2017:17:15:15 -0300] "GET /cormun/servlet/trpermisosgoce?gx-no-cache=1513714408902 HTTP/1.1" 200 14202
186.79.20.181 - - [19/Dec/2017:17:15:17 -0300] "GET /cormun/servlet/trpermisosgoce?gx-no-cache=1513714408902 HTTP/1.1" 200 14228
186.79.20.181 - - [19/Dec/2017:17:15:22 -0300] "POST /cormun/servlet/trpermisosgoce?34d141e59cf3b8ed3c0e30f8981765a9,gx-no-cache=1513714408902,gx-no-cache=1513714490240 HTTP/1.1" 200 11384
201.214.54.198 - - [19/Dec/2017:17:15:23 -0300] "GET /cormun/static/Shared/jqueryui/images/ui-icons_82798d_256x240.png HTTP/1.1" 404 1089
201.214.54.198 - - [19/Dec/2017:17:15:23 -0300] "GET /cormun/static/Shared/jqueryui/images/ui-bg_flat_55_fafafa_40x100.png HTTP/1.1" 404 1097
201.214.54.198 - - [19/Dec/2017:17:15:23 -0300] "GET /cormun/static/Shared/jqueryui/images/ui-icons_8d78a5_256x240.png HTTP/1.1" 404 1089
186.79.20.181 - - [19/Dec/2017:17:15:23 -0300] "GET /cormun/static/Shared/jqueryui/images/ui-bg_highlight-soft_100_c6c2c8_1x100.png HTTP/1.1" 404 1117
186.79.20.181 - - [19/Dec/2017:17:15:27 -0300] "GET /cormun/servlet/trpermisosadjuntos?17088324,20171219170738,P, HTTP/1.1" 200 6458
186.79.20.181 - - [19/Dec/2017:17:15:29 -0300] "GET /cormun/servlet/trpermisosadjuntos?17088324,20171219170738,P, HTTP/1.1" 200 6436
201.214.54.198 - - [19/Dec/2017:17:15:30 -0300] "GET /cormun/servlet/permisosadjuntos?INS,17088324,P,20171219170738,, HTTP/1.1" 200 5764
201.214.54.198 - - [19/Dec/2017:17:15:30 -0300] "GET /cormun/static/about:blank HTTP/1.1" 404 1011
201.214.54.198 - - [19/Dec/2017:17:15:31 -0300] "GET /cormun/servlet/permisosadjuntos?INS,17088324,P,20171219170738,, HTTP/1.1" 200 5754
201.214.54.198 - - [19/Dec/2017:17:15:38 -0300] "POST /cormun/servlet/permisosadjuntos?34d141e59cf3b8ed3c0e30f8981765a9,INS,17088324,P,20171219170738,, HTTP/1.1" 200 116
201.214.54.198 - - [19/Dec/2017:17:15:39 -0300] "GET /cormun/servlet/hpexe_return? HTTP/1.1" 200 1043
201.214.54.198 - - [19/Dec/2017:17:15:39 -0300] "GET /cormun/servlet/trpermisosadjuntos?17088324,20171219170738,P, HTTP/1.1" 200 6926
201.214.54.198 - - [19/Dec/2017:17:15:40 -0300] "GET /cormun/servlet/trpermisosadjuntos?17088324,20171219170738,P, HTTP/1.1" 200 6922
201.214.54.198 - - [19/Dec/2017:17:15:41 -0300] "POST /cormun/servlet/trpermisosadjuntos?34d141e59cf3b8ed3c0e30f8981765a9,17088324,20171219170738,P,,gx-no-cache=1513714510491 HTTP/1.1" 200 90
201.214.54.198 - - [19/Dec/2017:17:15:42 -0300] "GET /cormun/servlet/hpexe_link HTTP/1.1" 200 1009
201.214.54.198 - - [19/Dec/2017:17:15:42 -0300] "GET /cormun/servlet/trpermisosgoce?gx-no-cache=1513714408902 HTTP/1.1" 200 14179
201.214.54.198 - - [19/Dec/2017:17:15:43 -0300] "GET /cormun/servlet/trpermisosgoce?gx-no-cache=1513714408902 HTTP/1.1" 200 14208
201.214.54.198 - - [19/Dec/2017:17:15:46 -0300] "POST /cormun/servlet/trpermisosgoce?34d141e59cf3b8ed3c0e30f8981765a9,gx-no-cache=1513714408902,gx-no-cache=1513714514535 HTTP/1.1" 200 11372
201.214.54.198 - - [19/Dec/2017:17:15:46 -0300] "GET /cormun/static/Shared/jqueryui/images/ui-bg_highlight-soft_100_c6c2c8_1x100.png HTTP/1.1" 404 1117
201.214.54.198 - - [19/Dec/2017:17:15:46 -0300] "GET /cormun/static/Shared/jqueryui/images/ui-icons_82798d_256x240.png HTTP/1.1" 404 1089
201.214.54.198 - - [19/Dec/2017:17:15:46 -0300] "GET /cormun/static/Shared/jqueryui/images/ui-bg_flat_55_fafafa_40x100.png HTTP/1.1" 404 1097
201.214.54.198 - - [19/Dec/2017:17:15:46 -0300] "GET /cormun/static/Shared/jqueryui/images/ui-icons_8d78a5_256x240.png HTTP/1.1" 404 1089
201.214.54.198 - - [19/Dec/2017:17:15:52 -0300] "GET /cormun/servlet/trpermisosadjuntos?6534284,20171219170806,P, HTTP/1.1" 200 6447
201.214.54.198 - - [19/Dec/2017:17:15:53 -0300] "GET /cormun/servlet/trpermisosadjuntos?6534284,20171219170806,P, HTTP/1.1" 200 6426
201.214.54.198 - - [19/Dec/2017:17:15:55 -0300] "GET /cormun/servlet/permisosadjuntos?INS,6534284,P,20171219170806,, HTTP/1.1" 200 5757
201.214.54.198 - - [19/Dec/2017:17:15:55 -0300] "GET /cormun/static/about:blank HTTP/1.1" 404 1011
201.214.54.198 - - [19/Dec/2017:17:15:56 -0300] "GET /cormun/servlet/permisosadjuntos?INS,6534284,P,20171219170806,, HTTP/1.1" 200 5747
201.214.54.198 - - [19/Dec/2017:17:16:05 -0300] "POST /cormun/servlet/permisosadjuntos?34d141e59cf3b8ed3c0e30f8981765a9,INS,6534284,P,20171219170806,, HTTP/1.1" 200 116
201.214.54.198 - - [19/Dec/2017:17:16:05 -0300] "GET /cormun/servlet/hpexe_return? HTTP/1.1" 200 1043
201.214.54.198 - - [19/Dec/2017:17:16:06 -0300] "GET /cormun/servlet/trpermisosadjuntos?6534284,20171219170806,P, HTTP/1.1" 200 6913
201.214.54.198 - - [19/Dec/2017:17:16:07 -0300] "GET /cormun/servlet/trpermisosadjuntos?6534284,20171219170806,P, HTTP/1.1" 200 6909
201.214.54.198 - - [19/Dec/2017:17:16:08 -0300] "POST /cormun/servlet/trpermisosadjuntos?34d141e59cf3b8ed3c0e30f8981765a9,6534284,20171219170806,P,,gx-no-cache=1513714537324 HTTP/1.1" 200 90
201.214.54.198 - - [19/Dec/2017:17:16:08 -0300] "GET /cormun/servlet/hpexe_link HTTP/1.1" 200 1009
201.214.54.198 - - [19/Dec/2017:17:16:09 -0300] "GET /cormun/servlet/trpermisosgoce?gx-no-cache=1513714408902 HTTP/1.1" 200 14183
201.214.54.198 - - [19/Dec/2017:17:16:10 -0300] "GET /cormun/servlet/trpermisosgoce?gx-no-cache=1513714408902 HTTP/1.1" 200 14190
201.214.54.198 - - [19/Dec/2017:17:16:14 -0300] "POST /cormun/servlet/trpermisosgoce?34d141e59cf3b8ed3c0e30f8981765a9,gx-no-cache=1513714408902,gx-no-cache=1513714543110 HTTP/1.1" 200 11370
201.214.54.198 - - [19/Dec/2017:17:16:15 -0300] "GET /cormun/static/Shared/jqueryui/images/ui-bg_highlight-soft_100_c6c2c8_1x100.png HTTP/1.1" 404 1117
201.214.54.198 - - [19/Dec/2017:17:16:15 -0300] "GET /cormun/static/Shared/jqueryui/images/ui-icons_82798d_256x240.png HTTP/1.1" 404 1089
201.214.54.198 - - [19/Dec/2017:17:16:15 -0300] "GET /cormun/static/Shared/jqueryui/images/ui-bg_flat_55_fafafa_40x100.png HTTP/1.1" 404 1097
186.79.20.181 - - [19/Dec/2017:17:16:15 -0300] "GET /cormun/static/Shared/jqueryui/images/ui-icons_8d78a5_256x240.png HTTP/1.1" 404 1089
186.79.20.181 - - [19/Dec/2017:17:16:25 -0300] "GET /cormun/servlet/trpermisosadjuntos?11888168,20171219170830,P, HTTP/1.1" 200 6445
186.79.20.181 - - [19/Dec/2017:17:16:26 -0300] "GET /cormun/servlet/trpermisosadjuntos?11888168,20171219170830,P, HTTP/1.1" 200 6424
186.79.20.181 - - [19/Dec/2017:17:16:28 -0300] "GET /cormun/servlet/permisosadjuntos?INS,11888168,P,20171219170830,, HTTP/1.1" 200 5755
186.79.20.181 - - [19/Dec/2017:17:16:28 -0300] "GET /cormun/static/about:blank HTTP/1.1" 404 1011
186.79.20.181 - - [19/Dec/2017:17:16:29 -0300] "GET /cormun/servlet/permisosadjuntos?INS,11888168,P,20171219170830,, HTTP/1.1" 200 5746
186.79.20.181 - - [19/Dec/2017:17:16:50 -0300] "POST /cormun/servlet/permisosadjuntos?34d141e59cf3b8ed3c0e30f8981765a9,INS,11888168,P,20171219170830,, HTTP/1.1" 200 116
186.79.20.181 - - [19/Dec/2017:17:16:50 -0300] "GET /cormun/servlet/hpexe_return? HTTP/1.1" 200 1043
186.79.20.181 - - [19/Dec/2017:17:16:50 -0300] "GET /cormun/servlet/trpermisosadjuntos?11888168,20171219170830,P, HTTP/1.1" 200 6912
186.79.20.181 - - [19/Dec/2017:17:16:52 -0300] "GET /cormun/servlet/trpermisosadjuntos?11888168,20171219170830,P, HTTP/1.1" 200 6908
186.79.20.181 - - [19/Dec/2017:17:16:53 -0300] "POST /cormun/servlet/trpermisosadjuntos?34d141e59cf3b8ed3c0e30f8981765a9,11888168,20171219170830,P,,gx-no-cache=1513714582196 HTTP/1.1" 200 90
186.79.20.181 - - [19/Dec/2017:17:16:53 -0300] "GET /cormun/servlet/hpexe_link HTTP/1.1" 200 1009
186.79.20.181 - - [19/Dec/2017:17:16:54 -0300] "GET /cormun/servlet/trpermisosgoce?gx-no-cache=1513714408902 HTTP/1.1" 200 14202
186.79.20.181 - - [19/Dec/2017:17:16:56 -0300] "GET /cormun/servlet/trpermisosgoce?gx-no-cache=1513714408902 HTTP/1.1" 200 14180
201.214.54.198 - - [19/Dec/2017:17:16:59 -0300] "POST /cormun/servlet/trpermisosgoce?34d141e59cf3b8ed3c0e30f8981765a9,gx-no-cache=1513714408902,gx-no-cache=1513714587396 HTTP/1.1" 200 11402
201.214.54.198 - - [19/Dec/2017:17:16:59 -0300] "GET /cormun/static/Shared/jqueryui/images/ui-bg_highlight-soft_100_c6c2c8_1x100.png HTTP/1.1" 404 1117
201.214.54.198 - - [19/Dec/2017:17:16:59 -0300] "GET /cormun/static/Shared/jqueryui/images/ui-icons_82798d_256x240.png HTTP/1.1" 404 1089
201.214.54.198 - - [19/Dec/2017:17:16:59 -0300] "GET /cormun/static/Shared/jqueryui/images/ui-bg_flat_55_fafafa_40x100.png HTTP/1.1" 404 1097
201.214.54.198 - - [19/Dec/2017:17:16:59 -0300] "GET /cormun/static/Shared/jqueryui/images/ui-icons_8d78a5_256x240.png HTTP/1.1" 404 1089
201.214.54.198 - - [19/Dec/2017:17:17:03 -0300] "GET /cormun/servlet/trpermisosadjuntos?9448944,20171219170856,P, HTTP/1.1" 200 6455
201.214.54.198 - - [19/Dec/2017:17:17:04 -0300] "GET /cormun/servlet/trpermisosadjuntos?9448944,20171219170856,P, HTTP/1.1" 200 6432
201.214.54.198 - - [19/Dec/2017:17:17:06 -0300] "GET /cormun/servlet/permisosadjuntos?INS,9448944,P,20171219170856,, HTTP/1.1" 200 5762
201.214.54.198 - - [19/Dec/2017:17:17:06 -0300] "GET /cormun/static/about:blank HTTP/1.1" 404 1011
201.214.54.198 - - [19/Dec/2017:17:17:07 -0300] "GET /cormun/servlet/permisosadjuntos?INS,9448944,P,20171219170856,, HTTP/1.1" 200 5752
201.214.54.198 - - [19/Dec/2017:17:17:18 -0300] "POST /cormun/servlet/permisosadjuntos?34d141e59cf3b8ed3c0e30f8981765a9,INS,9448944,P,20171219170856,, HTTP/1.1" 200 116
201.214.54.198 - - [19/Dec/2017:17:17:18 -0300] "GET /cormun/servlet/hpexe_return? HTTP/1.1" 200 1040
201.214.54.198 - - [19/Dec/2017:17:17:18 -0300] "GET /cormun/servlet/trpermisosadjuntos?9448944,20171219170856,P, HTTP/1.1" 200 6921
201.214.54.198 - - [19/Dec/2017:17:17:19 -0300] "GET /cormun/servlet/trpermisosadjuntos?9448944,20171219170856,P, HTTP/1.1" 200 6916
201.214.54.198 - - [19/Dec/2017:17:17:22 -0300] "POST /cormun/servlet/trpermisosadjuntos?34d141e59cf3b8ed3c0e30f8981765a9,9448944,20171219170856,P,,gx-no-cache=1513714610691 HTTP/1.1" 200 90
201.214.54.198 - - [19/Dec/2017:17:17:22 -0300] "GET /cormun/servlet/hpexe_link HTTP/1.1" 200 1008
201.214.54.198 - - [19/Dec/2017:17:17:22 -0300] "GET /cormun/servlet/trpermisosgoce?gx-no-cache=1513714408902 HTTP/1.1" 200 14153
201.214.54.198 - - [19/Dec/2017:17:17:23 -0300] "GET /cormun/servlet/trpermisosgoce?gx-no-cache=1513714408902 HTTP/1.1" 200 14171
201.214.54.198 - - [19/Dec/2017:17:17:27 -0300] "POST /cormun/servlet/trpermisosgoce?34d141e59cf3b8ed3c0e30f8981765a9,gx-no-cache=1513714408902,gx-no-cache=1513714615888 HTTP/1.1" 200 11360
201.214.54.198 - - [19/Dec/2017:17:17:27 -0300] "GET /cormun/static/Shared/jqueryui/images/ui-bg_highlight-soft_100_c6c2c8_1x100.png HTTP/1.1" 404 1117
201.214.54.198 - - [19/Dec/2017:17:17:27 -0300] "GET /cormun/static/Shared/jqueryui/images/ui-icons_82798d_256x240.png HTTP/1.1" 404 1089
201.214.54.198 - - [19/Dec/2017:17:17:28 -0300] "GET /cormun/static/Shared/jqueryui/images/ui-bg_flat_55_fafafa_40x100.png HTTP/1.1" 404 1097
186.79.20.181 - - [19/Dec/2017:17:17:28 -0300] "GET /cormun/static/Shared/jqueryui/images/ui-icons_8d78a5_256x240.png HTTP/1.1" 404 1089
186.79.20.181 - - [19/Dec/2017:17:17:36 -0300] "GET /cormun/servlet/trpermisosadjuntos?12692706,20171219170924,P, HTTP/1.1" 200 6454
186.79.20.181 - - [19/Dec/2017:17:17:37 -0300] "GET /cormun/servlet/trpermisosadjuntos?12692706,20171219170924,P, HTTP/1.1" 200 6432
186.79.20.181 - - [19/Dec/2017:17:17:38 -0300] "GET /cormun/servlet/permisosadjuntos?INS,12692706,P,20171219170924,, HTTP/1.1" 200 5762
186.79.20.181 - - [19/Dec/2017:17:17:39 -0300] "GET /cormun/static/about:blank HTTP/1.1" 404 1011
186.79.20.181 - - [19/Dec/2017:17:17:40 -0300] "GET /cormun/servlet/permisosadjuntos?INS,12692706,P,20171219170924,, HTTP/1.1" 200 5752
186.79.20.181 - - [19/Dec/2017:17:17:55 -0300] "POST /cormun/servlet/permisosadjuntos?34d141e59cf3b8ed3c0e30f8981765a9,INS,12692706,P,20171219170924,, HTTP/1.1" 200 116
186.79.20.181 - - [19/Dec/2017:17:17:55 -0300] "GET /cormun/servlet/hpexe_return? HTTP/1.1" 200 1044
186.79.20.181 - - [19/Dec/2017:17:17:55 -0300] "GET /cormun/servlet/trpermisosadjuntos?12692706,20171219170924,P, HTTP/1.1" 200 6921
186.79.20.181 - - [19/Dec/2017:17:17:57 -0300] "GET /cormun/servlet/trpermisosadjuntos?12692706,20171219170924,P, HTTP/1.1" 200 6918
186.79.20.181 - - [19/Dec/2017:17:17:59 -0300] "POST /cormun/servlet/trpermisosadjuntos?34d141e59cf3b8ed3c0e30f8981765a9,12692706,20171219170924,P,,gx-no-cache=1513714647939 HTTP/1.1" 200 90
186.79.20.181 - - [19/Dec/2017:17:17:59 -0300] "GET /cormun/servlet/hpexe_link HTTP/1.1" 200 1010
186.79.20.181 - - [19/Dec/2017:17:18:00 -0300] "GET /cormun/servlet/trpermisosgoce?gx-no-cache=1513714408902 HTTP/1.1" 200 14165
186.79.20.181 - - [19/Dec/2017:17:18:01 -0300] "GET /cormun/servlet/trpermisosgoce?gx-no-cache=1513714408902 HTTP/1.1" 200 14177
186.79.20.181 - - [19/Dec/2017:17:18:08 -0300] "POST /cormun/servlet/trpermisosgoce?34d141e59cf3b8ed3c0e30f8981765a9,gx-no-cache=1513714408902,gx-no-cache=1513714656032 HTTP/1.1" 200 11369
186.79.20.181 - - [19/Dec/2017:17:18:09 -0300] "GET /cormun/static/Shared/jqueryui/images/ui-bg_highlight-soft_100_c6c2c8_1x100.png HTTP/1.1" 404 1117
201.214.54.198 - - [19/Dec/2017:17:18:09 -0300] "GET /cormun/static/Shared/jqueryui/images/ui-icons_82798d_256x240.png HTTP/1.1" 404 1089
186.79.20.181 - - [19/Dec/2017:17:18:09 -0300] "GET /cormun/static/Shared/jqueryui/images/ui-bg_flat_55_fafafa_40x100.png HTTP/1.1" 404 1097
201.214.54.198 - - [19/Dec/2017:17:18:09 -0300] "GET /cormun/static/Shared/jqueryui/images/ui-icons_8d78a5_256x240.png HTTP/1.1" 404 1089
186.79.20.181 - - [19/Dec/2017:17:18:12 -0300] "GET /cormun/servlet/trpermisosadjuntos?10346236,20171219170947,P, HTTP/1.1" 200 6449
186.79.20.181 - - [19/Dec/2017:17:18:13 -0300] "GET /cormun/servlet/trpermisosadjuntos?10346236,20171219170947,P, HTTP/1.1" 200 6428
186.79.20.181 - - [19/Dec/2017:17:18:14 -0300] "GET /cormun/servlet/permisosadjuntos?INS,10346236,P,20171219170947,, HTTP/1.1" 200 5760
186.79.20.181 - - [19/Dec/2017:17:18:14 -0300] "GET /cormun/static/about:blank HTTP/1.1" 404 1011
186.79.20.181 - - [19/Dec/2017:17:18:15 -0300] "GET /cormun/servlet/permisosadjuntos?INS,10346236,P,20171219170947,, HTTP/1.1" 200 5749
186.79.20.181 - - [19/Dec/2017:17:18:35 -0300] "POST /cormun/servlet/permisosadjuntos?34d141e59cf3b8ed3c0e30f8981765a9,INS,10346236,P,20171219170947,, HTTP/1.1" 200 116
186.79.20.181 - - [19/Dec/2017:17:18:35 -0300] "GET /cormun/servlet/hpexe_return? HTTP/1.1" 200 1043
186.79.20.181 - - [19/Dec/2017:17:18:35 -0300] "GET /cormun/servlet/trpermisosadjuntos?10346236,20171219170947,P, HTTP/1.1" 200 6916
186.79.20.181 - - [19/Dec/2017:17:18:36 -0300] "GET /cormun/servlet/trpermisosadjuntos?10346236,20171219170947,P, HTTP/1.1" 200 6914
186.79.20.181 - - [19/Dec/2017:17:18:39 -0300] "POST /cormun/servlet/trpermisosadjuntos?34d141e59cf3b8ed3c0e30f8981765a9,10346236,20171219170947,P,,gx-no-cache=1513714687389 HTTP/1.1" 200 90
186.79.20.181 - - [19/Dec/2017:17:18:39 -0300] "GET /cormun/servlet/hpexe_link HTTP/1.1" 200 1009
186.79.20.181 - - [19/Dec/2017:17:18:39 -0300] "GET /cormun/servlet/trpermisosgoce?gx-no-cache=1513714408902 HTTP/1.1" 200 14136
186.79.20.181 - - [19/Dec/2017:17:18:41 -0300] "GET /cormun/servlet/trpermisosgoce?gx-no-cache=1513714408902 HTTP/1.1" 200 14176
186.79.20.181 - - [19/Dec/2017:17:18:48 -0300] "POST /cormun/servlet/trpermisosgoce?34d141e59cf3b8ed3c0e30f8981765a9,gx-no-cache=1513714408902,gx-no-cache=1513714696160 HTTP/1.1" 200 11327
186.79.20.181 - - [19/Dec/2017:17:18:49 -0300] "GET /cormun/static/Shared/jqueryui/images/ui-bg_highlight-soft_100_c6c2c8_1x100.png HTTP/1.1" 404 1117
186.79.20.181 - - [19/Dec/2017:17:18:49 -0300] "GET /cormun/static/Shared/jqueryui/images/ui-icons_82798d_256x240.png HTTP/1.1" 404 1089
186.79.20.181 - - [19/Dec/2017:17:18:49 -0300] "GET /cormun/static/Shared/jqueryui/images/ui-bg_flat_55_fafafa_40x100.png HTTP/1.1" 404 1097
186.79.20.181 - - [19/Dec/2017:17:18:49 -0300] "GET /cormun/static/Shared/jqueryui/images/ui-icons_8d78a5_256x240.png HTTP/1.1" 404 1089
186.79.20.181 - - [19/Dec/2017:17:18:53 -0300] "GET /cormun/servlet/trpermisosadjuntos?15259664,20171219171009,P, HTTP/1.1" 200 6456
186.79.20.181 - - [19/Dec/2017:17:18:54 -0300] "GET /cormun/servlet/trpermisosadjuntos?15259664,20171219171009,P, HTTP/1.1" 200 6434
186.79.20.181 - - [19/Dec/2017:17:18:55 -0300] "GET /cormun/servlet/permisosadjuntos?INS,15259664,P,20171219171009,, HTTP/1.1" 200 5766
186.79.20.181 - - [19/Dec/2017:17:18:56 -0300] "GET /cormun/static/about:blank HTTP/1.1" 404 1011
186.79.20.181 - - [19/Dec/2017:17:18:56 -0300] "GET /cormun/servlet/permisosadjuntos?INS,15259664,P,20171219171009,, HTTP/1.1" 200 5756
186.79.20.181 - - [19/Dec/2017:17:19:12 -0300] "POST /cormun/servlet/permisosadjuntos?34d141e59cf3b8ed3c0e30f8981765a9,INS,15259664,P,20171219171009,, HTTP/1.1" 200 116
186.79.20.181 - - [19/Dec/2017:17:19:12 -0300] "GET /cormun/servlet/hpexe_return? HTTP/1.1" 200 1042
186.79.20.181 - - [19/Dec/2017:17:19:13 -0300] "GET /cormun/servlet/trpermisosadjuntos?15259664,20171219171009,P, HTTP/1.1" 200 6927
186.79.20.181 - - [19/Dec/2017:17:19:14 -0300] "GET /cormun/servlet/trpermisosadjuntos?15259664,20171219171009,P, HTTP/1.1" 200 6922
