186.103.156.24 - - [21/Nov/2017:15:32:58 -0300] "GET /cormun//static/Resources/PXToolsHeaderHelp.png HTTP/1.1" 200 4055
186.103.156.24 - - [21/Nov/2017:15:32:58 -0300] "GET /cormun//static/Resources/PXToolsHeaderFavorites.png HTTP/1.1" 200 2744
186.103.156.24 - - [21/Nov/2017:15:32:58 -0300] "GET /cormun/servlet/trlicencias? HTTP/1.1" 200 10782
186.103.156.24 - - [21/Nov/2017:15:32:58 -0300] "GET /cormun/static/Shared/ext/resources/themes/images/default/tools/tool-sprites.gif HTTP/1.1" 200 5434
186.103.156.24 - - [21/Nov/2017:15:32:58 -0300] "GET /cormun/static/Shared/ext/resources/themes/images/default/panel/bg-headersPanel.png HTTP/1.1" 200 255
192.168.10.60 - - [21/Nov/2017:15:33:06 -0300] "POST /cormun/servlet/trautorizarot?de40d79b6ebf63dfbd3e66b6126e3928,,gx-no-cache=1511289120993 HTTP/1.1" 200 5298
186.103.156.24 - - [21/Nov/2017:15:33:15 -0300] "POST /cormun/servlet/trlicencias?ce40c9ba51c923aa80508398d24d6016,,gx-no-cache=1511289218778 HTTP/1.1" 200 8096
186.103.156.24 - - [21/Nov/2017:15:33:35 -0300] "GET /cormun/servlet/licenciaspermisos?INS,0,,, HTTP/1.1" 200 7628
186.103.156.24 - - [21/Nov/2017:15:33:36 -0300] "GET /cormun/static/gxcfg.js?201762917281167 HTTP/1.1" 200 953
186.103.156.24 - - [21/Nov/2017:15:33:36 -0300] "GET /cormun/static/licenciaspermisos.js?201762917281260 HTTP/1.1" 200 37491
186.103.156.24 - - [21/Nov/2017:15:33:36 -0300] "GET /cormun/static/Resources/prompt.gif HTTP/1.1" 200 902
186.103.156.24 - - [21/Nov/2017:15:33:36 -0300] "GET /cormun/servlet/licenciaspermisos?INS,0,,, HTTP/1.1" 200 7636
186.103.156.24 - - [21/Nov/2017:15:33:38 -0300] "GET /cormun/static/Resources/resize.gif HTTP/1.1" 200 77
186.103.156.24 - - [21/Nov/2017:15:33:39 -0300] "GET /cormun/servlet/prfichaempleado?,MD,,gxPopupLevel%3D0%3B HTTP/1.1" 200 9347
186.103.156.24 - - [21/Nov/2017:15:33:40 -0300] "GET /cormun/static/gxcfg.js?20177612134814 HTTP/1.1" 200 953
186.103.156.24 - - [21/Nov/2017:15:33:40 -0300] "GET /cormun/static/prfichaempleado.js?20177612134999 HTTP/1.1" 200 16006
186.103.156.24 - - [21/Nov/2017:15:33:40 -0300] "GET /cormun/static/Resources/PXToolsMenuSearch.png HTTP/1.1" 200 2914
186.103.156.24 - - [21/Nov/2017:15:33:40 -0300] "GET /cormun/static/Resources/PXToolsMenuSearchCancel.png HTTP/1.1" 200 2972
186.103.156.24 - - [21/Nov/2017:15:33:40 -0300] "GET /cormun/static/menusearch.js?201610171694467 HTTP/1.1" 200 1424
186.103.156.24 - - [21/Nov/2017:15:33:40 -0300] "GET /cormun/static/hmpwkw011.js?20177612121862 HTTP/1.1" 200 1968
186.103.156.24 - - [21/Nov/2017:15:34:02 -0300] "POST /cormun/servlet/prfichaempleado?ce40c9ba51c923aa80508398d24d6016,,MD,,gxPopupLevel%3D0%3B,gx-no-cache=1511289265145 HTTP/1.1" 200 3487
186.103.156.24 - - [21/Nov/2017:15:34:16 -0300] "GET /cormun/servlet/licenciaspermisos?a2c76711ef83beefca70d3ded7cc3f30a5befd8e0f7814bffdb8bebd3667ac0569383bc496469a9077425998ff8f0659,gx-no-cache=1511289280442 HTTP/1.1" 200 105
186.103.156.24 - - [21/Nov/2017:15:34:17 -0300] "POST /cormun/servlet/licenciaspermisos?ce40c9ba51c923aa80508398d24d6016,INS,0,,,,gx-no-cache=1511289280524 HTTP/1.1" 200 4777
200.86.95.220 - - [21/Nov/2017:15:35:27 -0300] "GET /cormun/servlet/trlicencias? HTTP/1.1" 200 12598
200.86.95.220 - - [21/Nov/2017:15:35:29 -0300] "GET /cormun/servlet/trlicencias? HTTP/1.1" 200 12598
186.103.156.24 - - [21/Nov/2017:15:35:49 -0300] "GET /cormun/static/menuarrow.gif HTTP/1.1" 404 1015
200.74.87.109 - - [21/Nov/2017:15:35:54 -0300] "GET /cormun/servlet/permisogoce?INS,0,,, HTTP/1.1" 200 6053
200.74.87.109 - - [21/Nov/2017:15:35:55 -0300] "GET /cormun/servlet/permisogoce?INS,0,,, HTTP/1.1" 200 6047
200.74.87.109 - - [21/Nov/2017:15:35:55 -0300] "GET /cormun/servlet/hlogin HTTP/1.1" 200 1737
200.74.87.109 - - [21/Nov/2017:15:35:56 -0300] "POST /cormun/servlet/hlogin?f14511b54e99dc7186fe95bb5a63e888,gx-no-cache=1511289380800 HTTP/1.1" 200 90
200.74.87.109 - - [21/Nov/2017:15:35:56 -0300] "GET /cormun/servlet/hpexe_link HTTP/1.1" 200 956
200.74.87.109 - - [21/Nov/2017:15:35:57 -0300] "GET /cormun/servlet/permisogoce?INS,0,,, HTTP/1.1" 200 6851
200.74.87.109 - - [21/Nov/2017:15:35:57 -0300] "GET /cormun/servlet/permisogoce?INS,0,,, HTTP/1.1" 200 6852
200.74.87.109 - - [21/Nov/2017:15:36:11 -0300] "GET /cormun/servlet/permisogoce?59ea1034a92dcea327ff4bcaff77844a14581c5fcc475949bdeba7ea207426a2a4e3b1d971ca3876caae7f2b5f7d45248d0c83ae4062b0f530559233718f360a,gx-no-cache=1511289395390 HTTP/1.1" 200 81
200.74.87.109 - - [21/Nov/2017:15:36:12 -0300] "GET /cormun/static/menuarrow.gif HTTP/1.1" 404 1015
200.74.87.109 - - [21/Nov/2017:15:36:19 -0300] "GET /cormun/servlet/permisogoce?59ea1034a92dcea327ff4bcaff77844a39fe20dab0e98f809df5110abbd7e5bca01a8684e63712cbdef25b84b2e9902af239b9b0e6c1ec1b6800907c8de9048c,gx-no-cache=1511289403269 HTTP/1.1" 200 47
200.74.87.109 - - [21/Nov/2017:15:36:34 -0300] "POST /cormun/servlet/permisogoce?f14511b54e99dc7186fe95bb5a63e888,INS,0,,,,gx-no-cache=1511289417780 HTTP/1.1" 200 93
200.74.87.109 - - [21/Nov/2017:15:36:34 -0300] "GET /cormun/servlet/hpexe_return? HTTP/1.1" 200 1000
200.74.87.109 - - [21/Nov/2017:15:36:34 -0300] "GET /cormun/servlet/hhome HTTP/1.1" 200 4191
200.74.87.109 - - [21/Nov/2017:15:36:34 -0300] "GET /cormun/servlet/hhome HTTP/1.1" 200 4185
200.74.87.109 - - [21/Nov/2017:15:36:38 -0300] "GET /cormun/servlet/trpermisosgoce? HTTP/1.1" 200 10673
200.74.87.109 - - [21/Nov/2017:15:36:39 -0300] "GET /cormun/servlet/trpermisosgoce? HTTP/1.1" 200 10648
200.74.87.109 - - [21/Nov/2017:15:36:41 -0300] "GET /cormun/servlet/apermisogoceprn?12607468,P,20171121153452,PU HTTP/1.1" 200 1673
192.168.10.96 - - [21/Nov/2017:15:36:57 -0300] "GET /cormun/servlet/trlicenciasgenerales? HTTP/1.1" 200 9612
192.168.10.96 - - [21/Nov/2017:15:36:57 -0300] "GET /cormun/static/gxcfg.js?20177612162559 HTTP/1.1" 304 -
192.168.10.96 - - [21/Nov/2017:15:36:58 -0300] "GET /cormun/servlet/hlogin HTTP/1.1" 200 1740
192.168.10.96 - - [21/Nov/2017:15:36:58 -0300] "GET /cormun/servlet/trlicenciasgenerales? HTTP/1.1" 200 9604
200.86.95.220 - - [21/Nov/2017:15:37:11 -0300] "GET /cormun/servlet/trpermisosgoce? HTTP/1.1" 200 9775
200.86.95.220 - - [21/Nov/2017:15:37:13 -0300] "GET /cormun/servlet/trpermisosgoce? HTTP/1.1" 200 9777
200.86.95.220 - - [21/Nov/2017:15:37:24 -0300] "GET /cormun/servlet/trpermisosadjuntos?7021272,20171106111009,P, HTTP/1.1" 200 6158
200.86.95.220 - - [21/Nov/2017:15:37:25 -0300] "GET /cormun/servlet/trpermisosadjuntos?7021272,20171106111009,P, HTTP/1.1" 200 6157
200.86.95.220 - - [21/Nov/2017:15:37:27 -0300] "GET /cormun/servlet/permisosadjuntos?INS,7021272,P,20171106111009,, HTTP/1.1" 200 5489
200.86.95.220 - - [21/Nov/2017:15:37:27 -0300] "GET /cormun/static/about:blank HTTP/1.1" 404 1011
200.86.95.220 - - [21/Nov/2017:15:37:28 -0300] "GET /cormun/servlet/permisosadjuntos?INS,7021272,P,20171106111009,, HTTP/1.1" 200 5479
200.86.95.220 - - [21/Nov/2017:15:38:39 -0300] "POST /cormun/servlet/permisosadjuntos?7e242350639a9eadafcb7179b3416ebd,INS,7021272,P,20171106111009,, HTTP/1.1" 200 116
200.86.95.220 - - [21/Nov/2017:15:38:39 -0300] "GET /cormun/servlet/hpexe_return? HTTP/1.1" 200 1037
200.86.95.220 - - [21/Nov/2017:15:38:40 -0300] "GET /cormun/static/gxcfg.js?2016101716175148 HTTP/1.1" 304 -
200.86.95.220 - - [21/Nov/2017:15:38:40 -0300] "GET /cormun/servlet/trpermisosadjuntos?7021272,20171106111009,P, HTTP/1.1" 200 6623
200.86.95.220 - - [21/Nov/2017:15:38:41 -0300] "GET /cormun/servlet/trpermisosadjuntos?7021272,20171106111009,P, HTTP/1.1" 200 6619
200.86.95.220 - - [21/Nov/2017:15:38:42 -0300] "GET /cormun/PublicTempStorage/img2537385556.jpg HTTP/1.1" 200 405647
200.86.95.220 - - [21/Nov/2017:15:38:45 -0300] "POST /cormun/servlet/trpermisosadjuntos?7e242350639a9eadafcb7179b3416ebd,7021272,20171106111009,P,,gx-no-cache=1511289550034 HTTP/1.1" 200 90
200.86.95.220 - - [21/Nov/2017:15:38:45 -0300] "GET /cormun/servlet/hpexe_link HTTP/1.1" 200 982
200.86.95.220 - - [21/Nov/2017:15:38:46 -0300] "GET /cormun/servlet/trpermisosgoce HTTP/1.1" 200 9777
200.86.95.220 - - [21/Nov/2017:15:38:47 -0300] "GET /cormun/servlet/trpermisosgoce HTTP/1.1" 200 9775
200.86.95.220 - - [21/Nov/2017:15:39:04 -0300] "POST /cormun/servlet/trpermisosgoce?7e242350639a9eadafcb7179b3416ebd,gx-no-cache=1511289567822 HTTP/1.1" 200 7012
200.86.95.220 - - [21/Nov/2017:15:39:04 -0300] "GET /cormun/static/Shared/jqueryui/images/ui-bg_highlight-soft_100_c6c2c8_1x100.png HTTP/1.1" 404 1117
200.86.95.220 - - [21/Nov/2017:15:39:04 -0300] "GET /cormun/static/Shared/jqueryui/images/ui-bg_flat_55_fafafa_40x100.png HTTP/1.1" 404 1097
200.86.95.220 - - [21/Nov/2017:15:39:04 -0300] "GET /cormun/static/Shared/jqueryui/images/ui-icons_8d78a5_256x240.png HTTP/1.1" 404 1089
200.86.95.220 - - [21/Nov/2017:15:39:04 -0300] "GET /cormun/static/Shared/jqueryui/images/ui-icons_82798d_256x240.png HTTP/1.1" 404 1089
192.168.10.62 - - [21/Nov/2017:15:39:06 -0300] "GET /cormun/servlet/hlogin HTTP/1.1" 200 1717
192.168.10.62 - - [21/Nov/2017:15:39:06 -0300] "GET /cormun/static/gxgral.js?85251 HTTP/1.1" 304 -
192.168.10.62 - - [21/Nov/2017:15:39:06 -0300] "GET /cormun/static/Resources/Spanish/PXTools.css?11423723 HTTP/1.1" 304 -
192.168.10.62 - - [21/Nov/2017:15:39:06 -0300] "GET /cormun/static/hlogin.js?20175251213537 HTTP/1.1" 304 -
192.168.10.62 - - [21/Nov/2017:15:39:07 -0300] "GET /cormun/servlet/hlogin HTTP/1.1" 200 1727
192.168.10.89 - - [21/Nov/2017:15:43:36 -0300] "GET /cormun/servlet/solicitudgral3?UPD,2017,7630, HTTP/1.1" 200 13422
192.168.10.89 - - [21/Nov/2017:15:43:37 -0300] "POST /cormun/servlet/solicitudgral3?gx-no-cache=1511289752276 HTTP/1.1" 200 3377
192.168.10.89 - - [21/Nov/2017:15:43:37 -0300] "GET /cormun/servlet/solicitudgral3?f683aaabd25c71d381cc488b4e98404fe88dbd7935b7f0c9b4de79cf19cf1c73fb5c153e01b616090f40132ec7174a3b4b1813500607941f6c10816508bdee5b33c23443c6d3a0e6c240c723acab1e2c7bf4863ac3ed7a82a35a8e0a6fd30800b866c76427076968109f2a40f502109ee1f33a5449decae031ac210798eeb7bae4f1b1fc651d393ee57bb624474b2336f35236f824436e8179e9dda4a38b7d3d64347f3e576ccb9abab03ecfdfe8b36e5f911b32a0c13d03907e28578b191c00c10476c470b88270f006f492f842c1cdcf5dc80f944e4884206224dcd273ccf124fcba21f0afde123f35ed165e6cf194ce18e032fd1f0a4c2d7ddf739bd404da23dfd2cc4eec0b9555d85c6b8cce55725764379a4531db770cf0b45287cf7e17684f37203cf4823d7af39b841c7add37ddbdd981e95b466606fdb60301124b17fbc4db7a708ab925f9122922f6c64efe,gx-no-cache=1511289752475 HTTP/1.1" 200 242
192.168.10.89 - - [21/Nov/2017:15:43:37 -0300] "POST /cormun/servlet/solicitudgral3?gx-no-cache=1511289752499 HTTP/1.1" 200 1422
192.168.10.89 - - [21/Nov/2017:15:43:37 -0300] "GET /cormun/servlet/solicitudgral3?f683aaabd25c71d381cc488b4e98404fb5a10f8dad2fe61c3f21e1bb32a8fbe8a2f62425531eb76eddc78c1d1ac996934b1813500607941f6c10816508bdee5b69a35e4676efaed1a3909ae1087c90fc14abd4e17dfde63fd674741ed8d4d6b4b01303e84b1d96a5dd0d37cd38934d2f1343fff93679e0bbd465b904f1f5f1e5,gx-no-cache=1511289752590 HTTP/1.1" 200 41
200.86.95.220 - - [21/Nov/2017:15:44:08 -0300] "GET /cormun/servlet/hlogin HTTP/1.1" 200 1722
200.86.95.220 - - [21/Nov/2017:15:44:46 -0300] "POST /cormun/servlet/hlogin?7e242350639a9eadafcb7179b3416ebd,gx-no-cache=1511289910353 HTTP/1.1" 200 90
200.86.95.220 - - [21/Nov/2017:15:44:46 -0300] "GET /cormun/servlet/hpexe_link HTTP/1.1" 200 954
200.86.95.220 - - [21/Nov/2017:15:44:46 -0300] "GET /cormun/servlet/hhome HTTP/1.1" 200 4021
192.168.10.89 - - [21/Nov/2017:15:44:46 -0300] "POST /cormun/servlet/solicitudgral3?541b6706bcbfa90e3b9f60df7ac1ff20,UPD,2017,7630,,gx-no-cache=1511289821862 HTTP/1.1" 200 11323
192.168.10.89 - - [21/Nov/2017:15:44:47 -0300] "GET /cormun/servlet/solicitudgral3?f683aaabd25c71d381cc488b4e98404fb2a9dfb5b0b7d22b5c78f8db4569d1fd436cdf26c774c5633b3fa78cea2c445b98dc3c871652ef84c67a4b59065f6fca8009c4b8b1dc60ac48556931435c530c383d0dbabcf6435265690ea2bad6f8b6a4cadfdbd310a4da706a79f5f38dbf43068d46eaab541625a0ead8a0842090663623d8a5f341978e4129b4beefcf55321d286f756a03b771b0881bc7df1a6600,gx-no-cache=1511289822096 HTTP/1.1" 200 29
192.168.10.89 - - [21/Nov/2017:15:44:47 -0300] "POST /cormun/servlet/solicitudgral3?gx-no-cache=1511289822113 HTTP/1.1" 200 1315
192.168.10.89 - - [21/Nov/2017:15:44:47 -0300] "POST /cormun/servlet/solicitudgral3?gx-no-cache=1511289822143 HTTP/1.1" 200 1221
192.168.10.89 - - [21/Nov/2017:15:44:47 -0300] "GET /cormun/servlet/solicitudgral3?f683aaabd25c71d381cc488b4e98404f6bf09885be472eb2601c0259fd7b6c61ec99610007dace200ff00ebc181ed704ca67e4463fbea7152ee835b985baae84ddbdd981e95b466606fdb60301124b17a3b60a109870c5362fa2056cb59f1c7c88d62b76a775d7f013ffdd9dedabedf5e71b3c57ec3263e0477475b68bb4e6d0cd3534bec45b4b44179d6709729c9d01,gx-no-cache=1511289822171 HTTP/1.1" 200 30
200.86.95.220 - - [21/Nov/2017:15:44:47 -0300] "GET /cormun/servlet/hhome HTTP/1.1" 200 4017
200.86.95.220 - - [21/Nov/2017:15:44:51 -0300] "GET /cormun/servlet/trautorizarpermisogoce? HTTP/1.1" 200 7691
200.86.95.220 - - [21/Nov/2017:15:44:52 -0300] "GET /cormun/servlet/trautorizarpermisogoce? HTTP/1.1" 200 7688
200.86.95.220 - - [21/Nov/2017:15:45:00 -0300] "POST /cormun/servlet/trautorizarpermisogoce?7e242350639a9eadafcb7179b3416ebd,,gx-no-cache=1511289924271 HTTP/1.1" 200 4255
200.86.95.220 - - [21/Nov/2017:15:45:00 -0300] "GET /cormun/static/Shared/jqueryui/images/ui-bg_highlight-soft_100_c6c2c8_1x100.png HTTP/1.1" 404 1117
200.86.95.220 - - [21/Nov/2017:15:45:00 -0300] "GET /cormun/static/Shared/jqueryui/images/ui-icons_82798d_256x240.png HTTP/1.1" 404 1089
200.86.95.220 - - [21/Nov/2017:15:45:00 -0300] "GET /cormun/static/Shared/jqueryui/images/ui-bg_flat_55_fafafa_40x100.png HTTP/1.1" 404 1097
200.86.95.220 - - [21/Nov/2017:15:45:00 -0300] "GET /cormun/static/Shared/jqueryui/images/ui-icons_8d78a5_256x240.png HTTP/1.1" 404 1089
192.168.10.89 - - [21/Nov/2017:15:45:06 -0300] "POST /cormun/servlet/solicitudgral3?541b6706bcbfa90e3b9f60df7ac1ff20,UPD,2017,7630,,gx-no-cache=1511289840706 HTTP/1.1" 200 93
192.168.10.89 - - [21/Nov/2017:15:45:06 -0300] "GET /cormun/servlet/hpexe_return? HTTP/1.1" 200 1010
192.168.10.89 - - [21/Nov/2017:15:45:06 -0300] "GET /cormun/servlet/trsolicitudgral HTTP/1.1" 200 16130
200.86.95.220 - - [21/Nov/2017:15:45:45 -0300] "GET /cormun/servlet/hlogin HTTP/1.1" 200 1722
192.168.10.89 - - [21/Nov/2017:15:45:52 -0300] "POST /cormun/servlet/trsolicitudgral?541b6706bcbfa90e3b9f60df7ac1ff20,gx-no-cache=1511289887077 HTTP/1.1" 200 12054
192.168.10.89 - - [21/Nov/2017:15:45:52 -0300] "GET /cormun/static/Shared/jqueryui/images/ui-bg_flat_55_fafafa_40x100.png HTTP/1.1" 404 1097
192.168.10.89 - - [21/Nov/2017:15:45:52 -0300] "GET /cormun/static/Shared/jqueryui/images/ui-icons_8d78a5_256x240.png HTTP/1.1" 404 1089
192.168.10.89 - - [21/Nov/2017:15:45:52 -0300] "GET /cormun/static/Shared/jqueryui/images/ui-icons_82798d_256x240.png HTTP/1.1" 404 1089
192.168.10.89 - - [21/Nov/2017:15:45:52 -0300] "GET /cormun/static/Shared/jqueryui/images/ui-bg_highlight-soft_100_c6c2c8_1x100.png HTTP/1.1" 404 1117
200.86.95.220 - - [21/Nov/2017:15:45:53 -0300] "POST /cormun/servlet/hlogin?7e242350639a9eadafcb7179b3416ebd,gx-no-cache=1511289978019 HTTP/1.1" 200 90
200.86.95.220 - - [21/Nov/2017:15:45:53 -0300] "GET /cormun/servlet/hpexe_link HTTP/1.1" 200 954
200.86.95.220 - - [21/Nov/2017:15:45:54 -0300] "GET /cormun/servlet/hhome HTTP/1.1" 200 3844
200.86.95.220 - - [21/Nov/2017:15:45:55 -0300] "GET /cormun/servlet/hhome HTTP/1.1" 200 3841
200.86.95.220 - - [21/Nov/2017:15:45:57 -0300] "GET /cormun/servlet/trlicencias? HTTP/1.1" 200 12598
200.86.95.220 - - [21/Nov/2017:15:45:59 -0300] "GET /cormun/servlet/trlicencias? HTTP/1.1" 200 12595
200.86.95.220 - - [21/Nov/2017:15:46:08 -0300] "GET /cormun/servlet/licenciaspermisos?INS,0,,, HTTP/1.1" 200 7369
200.86.95.220 - - [21/Nov/2017:15:46:09 -0300] "GET /cormun/static/gxcfg.js?201762917281167 HTTP/1.1" 304 -
200.86.95.220 - - [21/Nov/2017:15:46:09 -0300] "GET /cormun/static/licenciaspermisos.js?201762917281260 HTTP/1.1" 304 -
192.168.10.89 - - [21/Nov/2017:15:46:09 -0300] "GET /cormun/servlet/solicitudgral2?UPD,2017,7644, HTTP/1.1" 200 12762
200.86.95.220 - - [21/Nov/2017:15:46:10 -0300] "GET /cormun/servlet/licenciaspermisos?INS,0,,, HTTP/1.1" 200 7368
192.168.10.89 - - [21/Nov/2017:15:46:10 -0300] "POST /cormun/servlet/solicitudgral2?gx-no-cache=1511289905382 HTTP/1.1" 200 3232
192.168.10.89 - - [21/Nov/2017:15:46:10 -0300] "GET /cormun/servlet/solicitudgral2?f683aaabd25c71d381cc488b4e98404fe88dbd7935b7f0c9b4de79cf19cf1c73fb5c153e01b616090f40132ec7174a3b4b1813500607941f6c10816508bdee5b33c23443c6d3a0e6c240c723acab1e2c2a0ac7b288efa39602132cb811d8bb75b866c76427076968109f2a40f502109ee1f33a5449decae031ac210798eeb7bae4f1b1fc651d393ee57bb624474b2336f35236f824436e8179e9dda4a38b7d3d64347f3e576ccb9abab03ecfdfe8b36e5f911b32a0c13d03907e28578b191c00c10476c470b88270f006f492f842c1cdcf5dc80f944e4884206224dcd273ccf124fcba21f0afde123f35ed165e6cf194ce18e032fd1f0a4c2d7ddf739bd404da23dfd2cc4eec0b9555d85c6b8cce55725764379a4531db770cf0b45287cf7e17684f37203cf4823d7af39b841c7add37ddbdd981e95b466606fdb60301124b17fbc4db7a708ab925f9122922f6c64efe,gx-no-cache=1511289905580 HTTP/1.1" 200 257
192.168.10.89 - - [21/Nov/2017:15:46:10 -0300] "POST /cormun/servlet/solicitudgral2?gx-no-cache=1511289905604 HTTP/1.1" 200 1418
192.168.10.89 - - [21/Nov/2017:15:46:10 -0300] "GET /cormun/servlet/solicitudgral2?f683aaabd25c71d381cc488b4e98404fb5a10f8dad2fe61c3f21e1bb32a8fbe8a2f62425531eb76eddc78c1d1ac996934b1813500607941f6c10816508bdee5b69a35e4676efaed1a3909ae1087c90fc0aa404a73df3553315d204119dc1837f6aa4301990f8917cc959c8ed07daae64,gx-no-cache=1511289905639 HTTP/1.1" 200 41
192.168.10.89 - - [21/Nov/2017:15:46:15 -0300] "POST /cormun/servlet/solicitudgral2?541b6706bcbfa90e3b9f60df7ac1ff20,UPD,2017,7644,,gx-no-cache=1511289910278 HTTP/1.1" 200 90
192.168.10.89 - - [21/Nov/2017:15:46:15 -0300] "GET /cormun/servlet/hpexe_link HTTP/1.1" 200 987
192.168.10.89 - - [21/Nov/2017:15:46:15 -0300] "GET /cormun/servlet/trsolicitudgral?gx-no-cache=1511289887077 HTTP/1.1" 200 15559
192.168.10.89 - - [21/Nov/2017:15:46:20 -0300] "POST /cormun/servlet/trsolicitudgral?541b6706bcbfa90e3b9f60df7ac1ff20,gx-no-cache=1511289887077,gx-no-cache=1511289914895 HTTP/1.1" 200 11646
192.168.10.89 - - [21/Nov/2017:15:46:20 -0300] "GET /cormun/static/Shared/jqueryui/images/ui-icons_82798d_256x240.png HTTP/1.1" 404 1089
192.168.10.89 - - [21/Nov/2017:15:46:20 -0300] "GET /cormun/static/Shared/jqueryui/images/ui-bg_highlight-soft_100_c6c2c8_1x100.png HTTP/1.1" 404 1117
192.168.10.89 - - [21/Nov/2017:15:46:20 -0300] "GET /cormun/static/Shared/jqueryui/images/ui-bg_flat_55_fafafa_40x100.png HTTP/1.1" 404 1097
192.168.10.89 - - [21/Nov/2017:15:46:20 -0300] "GET /cormun/static/Shared/jqueryui/images/ui-icons_8d78a5_256x240.png HTTP/1.1" 404 1089
200.86.95.220 - - [21/Nov/2017:15:46:25 -0300] "GET /cormun/servlet/licenciaspermisos?d9d0d15e7aad9eda9a3ce4f94b552ea02e9373d7b5400af03c4a908b868a80fd51609f1108fa7444063ffb91f05ffcc3,gx-no-cache=1511290009430 HTTP/1.1" 200 83
200.86.95.220 - - [21/Nov/2017:15:46:25 -0300] "POST /cormun/servlet/licenciaspermisos?7e242350639a9eadafcb7179b3416ebd,INS,0,,,,gx-no-cache=1511290009572 HTTP/1.1" 200 4566
200.86.95.220 - - [21/Nov/2017:15:46:43 -0300] "GET /cormun/static/menuarrow.gif HTTP/1.1" 404 1015
192.168.10.89 - - [21/Nov/2017:15:46:52 -0300] "POST /cormun/servlet/trsolicitudgral?541b6706bcbfa90e3b9f60df7ac1ff20,gx-no-cache=1511289887077,gx-no-cache=1511289947548 HTTP/1.1" 200 11117
200.74.87.109 - - [21/Nov/2017:15:47:03 -0300] "GET /cormun/servlet/permisogoce?UPD,6039442,P,20171121134326, HTTP/1.1" 200 7146
200.74.87.109 - - [21/Nov/2017:15:47:04 -0300] "GET /cormun/servlet/permisogoce?UPD,6039442,P,20171121134326, HTTP/1.1" 200 7146
200.74.87.109 - - [21/Nov/2017:15:47:04 -0300] "GET /cormun/servlet/permisogoce?59ea1034a92dcea327ff4bcaff77844ab36ca748657cd34d6f4ea46ea549fbb76c6bb6305d1f75bdae07836e1cbadd6d63a554249e499edc1d095dea6cb3b67d,gx-no-cache=1511290048815 HTTP/1.1" 200 82
200.74.87.109 - - [21/Nov/2017:15:47:06 -0300] "GET /cormun/servlet/permisogoce?59ea1034a92dcea327ff4bcaff77844af76b991ce238c2d27763b9851dfc617a44fcc5aa5a688fa5049ee5d5eaa4ff73294d0cb29d1a37228011cd786b6adb47,gx-no-cache=1511290049993 HTTP/1.1" 200 48
192.168.10.89 - - [21/Nov/2017:15:47:13 -0300] "POST /cormun/servlet/trsolicitudgral?541b6706bcbfa90e3b9f60df7ac1ff20,gx-no-cache=1511289887077,gx-no-cache=1511289968523 HTTP/1.1" 200 10647
192.168.10.89 - - [21/Nov/2017:15:47:19 -0300] "POST /cormun/servlet/trsolicitudgral?541b6706bcbfa90e3b9f60df7ac1ff20,gx-no-cache=1511289887077,gx-no-cache=1511289974392 HTTP/1.1" 200 10175
200.74.87.109 - - [21/Nov/2017:15:47:21 -0300] "POST /cormun/servlet/permisogoce?f14511b54e99dc7186fe95bb5a63e888,UPD,6039442,P,20171121134326,,gx-no-cache=1511290064511 HTTP/1.1" 200 93
200.74.87.109 - - [21/Nov/2017:15:47:21 -0300] "GET /cormun/servlet/hpexe_return? HTTP/1.1" 200 1020
200.74.87.109 - - [21/Nov/2017:15:47:21 -0300] "GET /cormun/servlet/trpermisosgoce HTTP/1.1" 200 10675
200.74.87.109 - - [21/Nov/2017:15:47:22 -0300] "GET /cormun/servlet/trpermisosgoce HTTP/1.1" 200 10650
200.74.87.109 - - [21/Nov/2017:15:47:25 -0300] "GET /cormun/servlet/apermisogoceprn?6039442,P,20171121134326,PU HTTP/1.1" 200 1660
192.168.10.89 - - [21/Nov/2017:15:47:34 -0300] "POST /cormun/servlet/trsolicitudgral?541b6706bcbfa90e3b9f60df7ac1ff20,gx-no-cache=1511289887077,gx-no-cache=1511289989263 HTTP/1.1" 200 7091
186.103.156.24 - - [21/Nov/2017:15:47:47 -0300] "GET /cormun/servlet/prfichaempleado?,MD,,gxPopupLevel%3D0%3B HTTP/1.1" 200 9347
192.168.10.89 - - [21/Nov/2017:15:47:53 -0300] "POST /cormun/servlet/trsolicitudgral?541b6706bcbfa90e3b9f60df7ac1ff20,gx-no-cache=1511289887077,gx-no-cache=1511290008534 HTTP/1.1" 200 13819
200.74.87.109 - - [21/Nov/2017:15:47:54 -0300] "GET /cormun/servlet/apermisogoceprn?6039442,P,20171121134326,PU HTTP/1.1" 200 1665
186.103.156.24 - - [21/Nov/2017:15:48:13 -0300] "POST /cormun/servlet/prfichaempleado?ce40c9ba51c923aa80508398d24d6016,,MD,,gxPopupLevel%3D0%3B,gx-no-cache=1511290116584 HTTP/1.1" 200 3421
186.103.156.24 - - [21/Nov/2017:15:48:16 -0300] "GET /cormun/servlet/licenciaspermisos?a2c76711ef83beefca70d3ded7cc3f302df1370f55e4179dd49464528dc741ce25a3fcd75285875e0d1fca82c9005f2cfba0d511a06499e5da73d8dd4c454a8fae83d83cc573f04b5c4a09d888f9e18f27a44696b9940523b6445d5bb8056786ce9a4566c86166c99c76fc2c0ea71b0411ff23c2be1a1efeaa05be2c1b403975d2b57092794b830662620b0eac94c401729d88f391905cea77032a88994f14d288e06c22363e4b5365348d2d0ba5493c,gx-no-cache=1511290119849 HTTP/1.1" 200 30
186.103.156.24 - - [21/Nov/2017:15:48:21 -0300] "GET /cormun/servlet/licenciaspermisos?a2c76711ef83beefca70d3ded7cc3f302df1370f55e4179dd49464528dc741cee9cb11b0aee18f97a15678324464822afba0d511a06499e5da73d8dd4c454a8fae83d83cc573f04b5c4a09d888f9e18f27a44696b9940523b6445d5bb8056786ce9a4566c86166c99c76fc2c0ea71b0411ff23c2be1a1efeaa05be2c1b403975d2b57092794b830662620b0eac94c401729d88f391905cea77032a88994f14d288e06c22363e4b5365348d2d0ba5493c,gx-no-cache=1511290123813 HTTP/1.1" 200 30
200.86.95.220 - - [21/Nov/2017:15:48:21 -0300] "GET /cormun/servlet/licenciaspermisos?d9d0d15e7aad9eda9a3ce4f94b552ea005f9fc226d138371a97f5a7510d7d6e2491789817920d1c09707989f43acc74737fcc3120a22a5416751aba99d3e26f7f9fb024dc4e05f96e593e0f6a866dd6111c9d3a83114b2d5934d85a082b17329afd0a8d24289735da510bb0c5ecfca6836cac0e0b6d682aecc2aa879ab7c4f39ebbfdedb0b2b995c4f4dfa20eeec0a18ff976a066d8e110505b9268f5709f490a6b09fe8bf03d8e32a1c3a97ad8cee60,gx-no-cache=1511290125906 HTTP/1.1" 200 30
186.103.156.24 - - [21/Nov/2017:15:48:22 -0300] "POST /cormun/servlet/licenciaspermisos?ce40c9ba51c923aa80508398d24d6016,INS,0,,,,gx-no-cache=1511290124959 HTTP/1.1" 200 4866
200.86.95.220 - - [21/Nov/2017:15:48:22 -0300] "POST /cormun/servlet/licenciaspermisos?7e242350639a9eadafcb7179b3416ebd,INS,0,,,,gx-no-cache=1511290126097 HTTP/1.1" 200 4663
200.86.95.220 - - [21/Nov/2017:15:48:23 -0300] "GET /cormun/static/Resources/resize.gif HTTP/1.1" 200 77
200.86.95.220 - - [21/Nov/2017:15:48:24 -0300] "GET /cormun/servlet/prfichaempleado?,MD,,gxPopupLevel%3D0%3B HTTP/1.1" 200 9275
200.86.95.220 - - [21/Nov/2017:15:48:24 -0300] "GET /cormun/static/Resources/PXToolsMenuSearch.png HTTP/1.1" 200 2914
200.86.95.220 - - [21/Nov/2017:15:48:24 -0300] "GET /cormun/static/Resources/PXToolsMenuSearchCancel.png HTTP/1.1" 200 2972
200.86.95.220 - - [21/Nov/2017:15:48:25 -0300] "GET /cormun/static/gxcfg.js?20177612134814 HTTP/1.1" 200 953
186.103.156.24 - - [21/Nov/2017:15:48:27 -0300] "GET /cormun/servlet/licenciaspermisos?a2c76711ef83beefca70d3ded7cc3f30a5befd8e0f7814bffdb8bebd3667ac05861da6bcf603b092b271b3f65fe71d9046e3ed871fc4b5b9769b7d0a27f0f60834a8a79e10b379af5c1ec4d44ed8a1355cd0cc338d2e27505ae65d04870b367ba7542d2c307e706c88e110ae2311248d8e99d72608f33e44d3fe300ac4290e41afbaf697e3c642a65e0d59f4234fce1f,gx-no-cache=1511290131756 HTTP/1.1" 200 95
186.103.156.24 - - [21/Nov/2017:15:48:28 -0300] "POST /cormun/servlet/licenciaspermisos?ce40c9ba51c923aa80508398d24d6016,INS,0,,,,gx-no-cache=1511290131831 HTTP/1.1" 200 4855
186.103.156.24 - - [21/Nov/2017:15:48:28 -0300] "GET /cormun/servlet/licenciaspermisos?a2c76711ef83beefca70d3ded7cc3f30609d611dbbe5b45c79458fd85303ce92b435068d25e2fa6527efe6b141c27fac674b1b40f39fc12946bb8892774bea7600ecb60038d7cbf1a53fa44e838189678a6850169b9187468c3fc8e5636695bb4e8e8d751ce5ae1b1c7ae02532e0aeae5918cf9de86151b64a1e9d2494cadb3ffe402e206c2c78510141ee67af51146d5cae8626ef0ccfba738e9de783b1abcefc694545487e59f497d17591ddd3dd02,gx-no-cache=1511290132225 HTTP/1.1" 200 56
186.103.156.24 - - [21/Nov/2017:15:48:29 -0300] "POST /cormun/servlet/licenciaspermisos?ce40c9ba51c923aa80508398d24d6016,INS,0,,,,gx-no-cache=1511290132690 HTTP/1.1" 200 93
186.103.156.24 - - [21/Nov/2017:15:48:29 -0300] "GET /cormun/servlet/hpexe_return? HTTP/1.1" 200 1012
186.103.156.24 - - [21/Nov/2017:15:48:29 -0300] "GET /cormun/static/gxcfg.js?2016101716175148 HTTP/1.1" 200 953
186.103.156.24 - - [21/Nov/2017:15:48:29 -0300] "GET /cormun/static/hpexe_return.js?2016101716175153 HTTP/1.1" 200 1633
186.103.156.24 - - [21/Nov/2017:15:48:30 -0300] "GET /cormun/static/Resources/Spanish/PXTools.css?167811 HTTP/1.1" 200 89042
186.103.156.24 - - [21/Nov/2017:15:48:30 -0300] "GET /cormun/servlet/trlicencias? HTTP/1.1" 200 11202
186.103.156.24 - - [21/Nov/2017:15:48:31 -0300] "GET /cormun//static/Resources/PXToolsGridUpdate.png HTTP/1.1" 200 2984
186.103.156.24 - - [21/Nov/2017:15:48:31 -0300] "GET /cormun//static/Resources/PXToolsGridDelete.png HTTP/1.1" 200 357
186.103.156.24 - - [21/Nov/2017:15:48:31 -0300] "GET /cormun/servlet/trlicencias? HTTP/1.1" 200 11189
200.86.95.220 - - [21/Nov/2017:15:48:41 -0300] "POST /cormun/servlet/prfichaempleado?7e242350639a9eadafcb7179b3416ebd,,MD,,gxPopupLevel%3D0%3B,gx-no-cache=1511290144812 HTTP/1.1" 200 3483
200.86.95.220 - - [21/Nov/2017:15:48:45 -0300] "GET /cormun/servlet/licenciaspermisos?d9d0d15e7aad9eda9a3ce4f94b552ea0c0d73a3b7f2d805ddc4b25de444023a7cf4299cb4e6eb7b5cdc925df475e41194c5448843a00f518f8b252e7a10df1a0b1f86b896c507f7f1814cee8d088c90ab124ce8a7a1e09a35fe41129475648cc953c6d1bfe4e8551409b2613f2f8c39205cd563690a1b5c8b25c73b022d5d91ad1a7873ec4688902560799b377e8816e9aec6d8cebde6b03b1c8b381143201af9a7ef0c75e83c73950b338c785fd0168e305dd8ce8956bd59f1e75a89c2dc434dddf36b452467b506d56620bc30d0445c4d05bb5b20e76e1f6084bc811a0f182073e9d06fa3e647321b23f94b9df0949,gx-no-cache=1511290150213 HTTP/1.1" 200 55
200.86.95.220 - - [21/Nov/2017:15:48:47 -0300] "POST /cormun/servlet/licenciaspermisos?7e242350639a9eadafcb7179b3416ebd,INS,0,,,,gx-no-cache=1511290150327 HTTP/1.1" 200 93
200.86.95.220 - - [21/Nov/2017:15:48:47 -0300] "GET /cormun/servlet/hpexe_return? HTTP/1.1" 200 1013
200.86.95.220 - - [21/Nov/2017:15:48:47 -0300] "GET /cormun/servlet/trlicencias HTTP/1.1" 200 12896
200.86.95.220 - - [21/Nov/2017:15:48:49 -0300] "GET /cormun/servlet/trlicencias HTTP/1.1" 200 12891
186.103.159.188 - - [21/Nov/2017:15:49:13 -0300] "GET /cormun/servlet/hlogin HTTP/1.1" 200 1732
186.103.159.188 - - [21/Nov/2017:15:49:15 -0300] "POST /cormun/servlet/hlogin?60e4062d89b64cd3142e560730e65a0d,gx-no-cache=1511290179188 HTTP/1.1" 200 90
186.103.159.188 - - [21/Nov/2017:15:49:16 -0300] "GET /cormun/servlet/hpexe_link HTTP/1.1" 200 954
186.103.159.188 - - [21/Nov/2017:15:49:16 -0300] "GET /cormun/servlet/hhome HTTP/1.1" 200 3847
186.103.159.188 - - [21/Nov/2017:15:49:16 -0300] "GET /cormun/servlet/hhome HTTP/1.1" 200 3843
200.86.95.220 - - [21/Nov/2017:15:49:18 -0300] "GET /cormun/servlet/licenciaspermisos?UPD,10820282,L,20171121000000, HTTP/1.1" 200 7591
200.86.95.220 - - [21/Nov/2017:15:49:20 -0300] "GET /cormun/servlet/licenciaspermisos?UPD,10820282,L,20171121000000, HTTP/1.1" 200 7590
186.103.159.188 - - [21/Nov/2017:15:49:20 -0300] "GET /cormun/servlet/trsolicitudot? HTTP/1.1" 200 11709
200.86.95.220 - - [21/Nov/2017:15:49:20 -0300] "GET /cormun/servlet/licenciaspermisos?d9d0d15e7aad9eda9a3ce4f94b552ea02e9373d7b5400af03c4a908b868a80fd61766786d2190223d2876e24aa52693d1d4f5e390de15e872d2a888768af3d3638b59b9cdd63e2a006cc4ebf9588da8003f3e031a17d88c8d93d1eab45432f59,gx-no-cache=1511290184953 HTTP/1.1" 200 98
186.103.159.188 - - [21/Nov/2017:15:49:23 -0300] "GET /cormun/servlet/trsolicitudot? HTTP/1.1" 200 11707
200.86.95.220 - - [21/Nov/2017:15:49:25 -0300] "GET /cormun/servlet/licenciaspermisos?d9d0d15e7aad9eda9a3ce4f94b552ea0336cb8ccbaf24b851d885f6269a011d7491789817920d1c09707989f43acc74737fcc3120a22a5416751aba99d3e26f7f9fb024dc4e05f96e593e0f6a866dd6111c9d3a83114b2d5934d85a082b1732980e4ff164410a6a133747a5f85c8067436cac0e0b6d682aecc2aa879ab7c4f397d6e0b380a25a6c50c8ba49412095600f6d633c0050bf17570abfa5cf9de28e987f022c22219cd483108f472c93a47aeeee9e4f6d373bb5d4a7f130332db88395594837a1f94000b5fbd8b0383f18bec4bc66f8f9c7061e9018771a1eb53a32a,gx-no-cache=1511290190037 HTTP/1.1" 200 30
200.86.95.220 - - [21/Nov/2017:15:49:25 -0300] "GET /cormun/servlet/licenciaspermisos?d9d0d15e7aad9eda9a3ce4f94b552ea0c0d73a3b7f2d805ddc4b25de444023a7cf4299cb4e6eb7b5cdc925df475e41194c5448843a00f518f8b252e7a10df1a0b1f86b896c507f7f1814cee8d088c90ab124ce8a7a1e09a35fe41129475648cc953c6d1bfe4e8551409b2613f2f8c39205cd563690a1b5c8b25c73b022d5d91ad1a7873ec4688902560799b377e8816e9aec6d8cebde6b03b1c8b381143201af9a7ef0c75e83c73950b338c785fd0168e305dd8ce8956bd59f1e75a89c2dc434dddf36b452467b506d56620bc30d0445c4d05bb5b20e76e1f6084bc811a0f182073e9d06fa3e647321b23f94b9df0949,gx-no-cache=1511290190162 HTTP/1.1" 200 55
200.86.95.220 - - [21/Nov/2017:15:49:27 -0300] "POST /cormun/servlet/licenciaspermisos?7e242350639a9eadafcb7179b3416ebd,UPD,10820282,L,20171121000000,,gx-no-cache=1511290190278 HTTP/1.1" 200 93
200.86.95.220 - - [21/Nov/2017:15:49:27 -0300] "GET /cormun/servlet/hpexe_return? HTTP/1.1" 200 1029
200.86.95.220 - - [21/Nov/2017:15:49:27 -0300] "GET /cormun/servlet/trlicencias HTTP/1.1" 200 12901
200.86.95.220 - - [21/Nov/2017:15:49:29 -0300] "GET /cormun/servlet/trlicencias HTTP/1.1" 200 12896
186.103.159.188 - - [21/Nov/2017:15:49:33 -0300] "POST /cormun/servlet/trsolicitudot?60e4062d89b64cd3142e560730e65a0d,,gx-no-cache=1511290196645 HTTP/1.1" 200 8793
186.103.159.188 - - [21/Nov/2017:15:50:01 -0300] "POST /cormun/servlet/trsolicitudot?60e4062d89b64cd3142e560730e65a0d,,gx-no-cache=1511290223788 HTTP/1.1" 200 105
186.103.159.188 - - [21/Nov/2017:15:50:01 -0300] "GET /cormun/servlet/solicitudot?UPD,2017,7631, HTTP/1.1" 200 14455
186.103.159.188 - - [21/Nov/2017:15:50:01 -0300] "GET /cormun/servlet/solicitudot?UPD,2017,7631, HTTP/1.1" 200 14465
190.161.236.41 - - [21/Nov/2017:15:50:02 -0300] "POST /cormun/servlet/solicitudot?gx-no-cache=1511290226023 HTTP/1.1" 200 3227
190.161.236.41 - - [21/Nov/2017:15:50:03 -0300] "POST /cormun/servlet/solicitudot?60e4062d89b64cd3142e560730e65a0d,UPD,2017,7631,,gx-no-cache=1511290226432 HTTP/1.1" 200 11044
190.161.236.41 - - [21/Nov/2017:15:50:03 -0300] "GET /cormun/servlet/solicitudot?28a5d97b4a619e4eb1a0667306755b04053c788d8b5ab4abee0be675a172c17d08c6424527f5c8ed6ee486a1b8287233,gx-no-cache=1511290227133 HTTP/1.1" 200 30
190.161.236.41 - - [21/Nov/2017:15:50:03 -0300] "POST /cormun/servlet/solicitudot?gx-no-cache=1511290227225 HTTP/1.1" 200 254
190.161.236.41 - - [21/Nov/2017:15:50:03 -0300] "GET /cormun/servlet/solicitudot?28a5d97b4a619e4eb1a0667306755b04a687e6bd3f17f9ce5f6899cdd375ff6f661cf640876beb720336927be5c9d31bba3bc02ea1fb607f295daf08dbbba7e73a5b995ae852df746ad7cbbd3956da661828892d50b23a1f96e3e728995ac35d747e83430bc89f6e975e4b75179e0d360f4499fad34dbc17278d9947d60531c0e7b378977db8c0ad4db102dece99a449ff3a0eb4f160c9fc2516fd1f5dc47932454f11e18bf4126ca17c2bd6b02f47d37b4a68543369de9750f5e8dee1a28bc76b8e6025457582e193b2375fcdca4f3f6a2c5151376e49dc6e2c7aa7c9d07d758a7a1c30fc0315d2548464a0281dc9e8fd73c9da564d097aefb87722e7e0e83538ad2507dc16b287620e2142f6dbb8aafa071ec33561a8997bb7c8e8951e5dcef20d897df994a38a847d640ccae5a78d5d9bef85e621e2055750730069fe2387d6b3f1f45995042dd939c1b3f5a7ca1c299d578f991459ce935a226b5cd88af6511aa3a25963a778ce06717adcef09a9bd9ff3cea60e83c0add2fe54c8b7c58f,gx-no-cache=1511290227303 HTTP/1.1" 200 30
190.161.236.41 - - [21/Nov/2017:15:50:03 -0300] "POST /cormun/servlet/solicitudot?gx-no-cache=1511290227376 HTTP/1.1" 200 30
190.161.236.41 - - [21/Nov/2017:15:50:03 -0300] "POST /cormun/servlet/solicitudot?gx-no-cache=1511290227468 HTTP/1.1" 200 1359
190.161.236.41 - - [21/Nov/2017:15:50:04 -0300] "POST /cormun/servlet/solicitudot?gx-no-cache=1511290227631 HTTP/1.1" 200 41
190.161.236.41 - - [21/Nov/2017:15:50:13 -0300] "GET /cormun/servlet/solicitudot?28a5d97b4a619e4eb1a0667306755b04515c2eea0a701bc2343754c7dd694c43861e01ef3ef6bcd247af7e90103fae6c577bf2b5b055262ec759aa9df4e80b7a1765d0d2a99815a4701ec8811ed1dad4c6458e7db71bda08872fdd5e593284e51b57ed0f5964bf0354ce529ca8ad5026c0810b88cf11aff9ffee49f596d5b627b3b1fe996ef747e86dabff7e91e7234ffc65aa1086e48f0bf84c7cd58c55d468,gx-no-cache=1511290236713 HTTP/1.1" 200 29
190.161.236.41 - - [21/Nov/2017:15:50:13 -0300] "POST /cormun/servlet/solicitudot?gx-no-cache=1511290236805 HTTP/1.1" 200 1341
190.161.236.41 - - [21/Nov/2017:15:50:13 -0300] "GET /cormun/servlet/solicitudot?28a5d97b4a619e4eb1a0667306755b04dae6cc2cf11db2e1baa9f58ffa0db3711b77f42fb00506bed6ea79c413bba535,gx-no-cache=1511290237394 HTTP/1.1" 200 30
190.161.236.41 - - [21/Nov/2017:15:50:14 -0300] "POST /cormun/servlet/solicitudot?gx-no-cache=1511290237482 HTTP/1.1" 200 30
190.161.236.41 - - [21/Nov/2017:15:50:15 -0300] "POST /cormun/servlet/solicitudot?60e4062d89b64cd3142e560730e65a0d,UPD,2017,7631,,gx-no-cache=1511290237878 HTTP/1.1" 200 93
190.161.236.41 - - [21/Nov/2017:15:50:15 -0300] "GET /cormun/servlet/hpexe_return? HTTP/1.1" 200 1017
190.161.236.41 - - [21/Nov/2017:15:50:15 -0300] "GET /cormun/static/gxcfg.js?2016101716175148 HTTP/1.1" 304 -
190.161.236.41 - - [21/Nov/2017:15:50:15 -0300] "GET /cormun/servlet/trsolicitudot? HTTP/1.1" 200 11712
190.161.236.41 - - [21/Nov/2017:15:50:15 -0300] "GET /cormun/servlet/trsolicitudot? HTTP/1.1" 200 11707
192.168.10.89 - - [21/Nov/2017:15:50:16 -0300] "POST /cormun/servlet/trsolicitudgral?541b6706bcbfa90e3b9f60df7ac1ff20,gx-no-cache=1511289887077,gx-no-cache=1511290151370 HTTP/1.1" 200 8991
186.103.159.188 - - [21/Nov/2017:15:50:22 -0300] "POST /cormun/servlet/trsolicitudot?60e4062d89b64cd3142e560730e65a0d,,gx-no-cache=1511290244387 HTTP/1.1" 200 8856
186.103.159.188 - - [21/Nov/2017:15:50:23 -0300] "GET /cormun/static/Shared/jqueryui/images/ui-icons_82798d_256x240.png HTTP/1.1" 404 1089
186.103.159.188 - - [21/Nov/2017:15:50:23 -0300] "GET /cormun/static/Shared/jqueryui/images/ui-bg_flat_55_fafafa_40x100.png HTTP/1.1" 404 1097
190.161.236.41 - - [21/Nov/2017:15:50:23 -0300] "GET /cormun/static/Shared/jqueryui/images/ui-icons_8d78a5_256x240.png HTTP/1.1" 404 1089
186.103.159.188 - - [21/Nov/2017:15:50:23 -0300] "GET /cormun/static/Shared/jqueryui/images/ui-bg_highlight-soft_100_c6c2c8_1x100.png HTTP/1.1" 404 1117
192.168.10.89 - - [21/Nov/2017:15:50:24 -0300] "POST /cormun/servlet/trsolicitudgral?541b6706bcbfa90e3b9f60df7ac1ff20,gx-no-cache=1511289887077,gx-no-cache=1511290159703 HTTP/1.1" 200 10142
190.161.236.41 - - [21/Nov/2017:15:50:26 -0300] "POST /cormun/servlet/trsolicitudot?60e4062d89b64cd3142e560730e65a0d,,gx-no-cache=1511290246616 HTTP/1.1" 200 8798
192.168.10.89 - - [21/Nov/2017:15:50:34 -0300] "POST /cormun/servlet/trsolicitudgral?541b6706bcbfa90e3b9f60df7ac1ff20,gx-no-cache=1511289887077,gx-no-cache=1511290169023 HTTP/1.1" 200 7516
190.161.236.41 - - [21/Nov/2017:15:50:34 -0300] "POST /cormun/servlet/trsolicitudot?60e4062d89b64cd3142e560730e65a0d,,gx-no-cache=1511290257548 HTTP/1.1" 200 8856
190.161.236.41 - - [21/Nov/2017:15:50:36 -0300] "POST /cormun/servlet/trsolicitudot?60e4062d89b64cd3142e560730e65a0d,,gx-no-cache=1511290258185 HTTP/1.1" 200 8798
192.168.10.89 - - [21/Nov/2017:15:50:39 -0300] "POST /cormun/servlet/trsolicitudgral?541b6706bcbfa90e3b9f60df7ac1ff20,gx-no-cache=1511289887077,gx-no-cache=1511290174158 HTTP/1.1" 200 7807
190.161.236.41 - - [21/Nov/2017:15:50:42 -0300] "POST /cormun/servlet/trsolicitudot?60e4062d89b64cd3142e560730e65a0d,,gx-no-cache=1511290265684 HTTP/1.1" 200 8853
190.161.236.41 - - [21/Nov/2017:15:50:43 -0300] "POST /cormun/servlet/trsolicitudot?60e4062d89b64cd3142e560730e65a0d,,gx-no-cache=1511290266463 HTTP/1.1" 200 8796
192.168.10.89 - - [21/Nov/2017:15:50:45 -0300] "POST /cormun/servlet/trsolicitudgral?541b6706bcbfa90e3b9f60df7ac1ff20,gx-no-cache=1511289887077,gx-no-cache=1511290180205 HTTP/1.1" 200 8059
192.168.10.89 - - [21/Nov/2017:15:50:46 -0300] "POST /cormun/servlet/trsolicitudgral?541b6706bcbfa90e3b9f60df7ac1ff20,gx-no-cache=1511289887077,gx-no-cache=1511290181120 HTTP/1.1" 200 8059
190.161.236.41 - - [21/Nov/2017:15:50:49 -0300] "POST /cormun/servlet/trsolicitudot?60e4062d89b64cd3142e560730e65a0d,,gx-no-cache=1511290272259 HTTP/1.1" 200 8849
190.161.236.41 - - [21/Nov/2017:15:50:51 -0300] "POST /cormun/servlet/trsolicitudot?60e4062d89b64cd3142e560730e65a0d,,gx-no-cache=1511290273424 HTTP/1.1" 200 8791
192.168.10.89 - - [21/Nov/2017:15:50:56 -0300] "POST /cormun/servlet/trsolicitudgral?541b6706bcbfa90e3b9f60df7ac1ff20,gx-no-cache=1511289887077,gx-no-cache=1511290190890 HTTP/1.1" 200 8508
190.161.236.41 - - [21/Nov/2017:15:50:56 -0300] "POST /cormun/servlet/trsolicitudot?60e4062d89b64cd3142e560730e65a0d,,gx-no-cache=1511290279219 HTTP/1.1" 200 8792
200.86.95.220 - - [21/Nov/2017:15:51:09 -0300] "GET /cormun/servlet/trlicenciaspermisosadjuntos?10820282,20171121000000,L, HTTP/1.1" 200 6195
200.86.95.220 - - [21/Nov/2017:15:51:09 -0300] "GET /cormun/static/trlicenciaspermisosadjuntos.js?20177612163719 HTTP/1.1" 304 -
200.86.95.220 - - [21/Nov/2017:15:51:10 -0300] "GET /cormun/servlet/trlicenciaspermisosadjuntos?10820282,20171121000000,L, HTTP/1.1" 200 6195
200.86.95.220 - - [21/Nov/2017:15:51:11 -0300] "GET /cormun/servlet/licenciaspermisosadjuntos?INS,10820282,L,20171121000000,, HTTP/1.1" 200 5491
200.86.95.220 - - [21/Nov/2017:15:51:12 -0300] "GET /cormun/static/licenciaspermisosadjuntos.js?201776126362 HTTP/1.1" 304 -
200.86.95.220 - - [21/Nov/2017:15:51:12 -0300] "GET /cormun/static/about:blank HTTP/1.1" 404 1011
200.86.95.220 - - [21/Nov/2017:15:51:12 -0300] "GET /cormun/servlet/licenciaspermisosadjuntos?INS,10820282,L,20171121000000,, HTTP/1.1" 200 5482
200.86.95.220 - - [21/Nov/2017:15:51:29 -0300] "POST /cormun/servlet/licenciaspermisosadjuntos?7e242350639a9eadafcb7179b3416ebd,INS,10820282,L,20171121000000,, HTTP/1.1" 200 116
200.86.95.220 - - [21/Nov/2017:15:51:29 -0300] "GET /cormun/servlet/hpexe_return? HTTP/1.1" 200 1043
200.86.95.220 - - [21/Nov/2017:15:51:30 -0300] "GET /cormun/servlet/trlicenciaspermisosadjuntos?10820282,20171121000000,L, HTTP/1.1" 200 6660
200.86.95.220 - - [21/Nov/2017:15:51:31 -0300] "GET /cormun/servlet/trlicenciaspermisosadjuntos?10820282,20171121000000,L, HTTP/1.1" 200 6657
200.86.95.220 - - [21/Nov/2017:15:51:32 -0300] "GET /cormun/PublicTempStorage/img2547752824.jpg HTTP/1.1" 200 1616537
200.86.95.220 - - [21/Nov/2017:15:51:35 -0300] "POST /cormun/servlet/trlicenciaspermisosadjuntos?7e242350639a9eadafcb7179b3416ebd,10820282,20171121000000,L,,gx-no-cache=1511290317770 HTTP/1.1" 200 90
200.86.95.220 - - [21/Nov/2017:15:51:35 -0300] "GET /cormun/servlet/hpexe_link HTTP/1.1" 200 986
200.86.95.220 - - [21/Nov/2017:15:51:35 -0300] "GET /cormun/servlet/trlicencias HTTP/1.1" 200 12898
200.86.95.220 - - [21/Nov/2017:15:51:36 -0300] "GET /cormun/servlet/trlicencias HTTP/1.1" 200 12896
200.86.95.220 - - [21/Nov/2017:15:51:42 -0300] "GET /cormun/servlet/alicenciaprn?10820282,L,20171121000000,PU HTTP/1.1" 200 1591
200.86.95.220 - - [21/Nov/2017:15:52:34 -0300] "GET /cormun/servlet/trpermisosgoce? HTTP/1.1" 200 9741
200.86.95.220 - - [21/Nov/2017:15:52:36 -0300] "GET /cormun/servlet/trpermisosgoce? HTTP/1.1" 200 9741
200.86.95.220 - - [21/Nov/2017:15:52:43 -0300] "GET /cormun/servlet/permisogoce?INS,0,,, HTTP/1.1" 200 6675
200.86.95.220 - - [21/Nov/2017:15:52:44 -0300] "GET /cormun/static/permisogoce.js?2017761264459 HTTP/1.1" 304 -
200.86.95.220 - - [21/Nov/2017:15:52:44 -0300] "GET /cormun/static/gxcfg.js?201776126440 HTTP/1.1" 304 -
200.86.95.220 - - [21/Nov/2017:15:52:45 -0300] "GET /cormun/servlet/permisogoce?INS,0,,, HTTP/1.1" 200 6674
192.168.10.89 - - [21/Nov/2017:15:52:45 -0300] "POST /cormun/servlet/trsolicitudgral?541b6706bcbfa90e3b9f60df7ac1ff20,gx-no-cache=1511289887077,gx-no-cache=1511290300295 HTTP/1.1" 200 10142
200.86.95.220 - - [21/Nov/2017:15:52:53 -0300] "GET /cormun/servlet/permisogoce?d9d0d15e7aad9eda9a3ce4f94b552ea0632173389120c5b92d13b71978db93768b9c2653f78297c61e9940425a8fc483,gx-no-cache=1511290397426 HTTP/1.1" 200 74
200.86.95.220 - - [21/Nov/2017:15:52:53 -0300] "GET /cormun/static/menuarrow.gif HTTP/1.1" 404 1015
200.86.95.220 - - [21/Nov/2017:15:53:04 -0300] "GET /cormun/servlet/permisogoce?d9d0d15e7aad9eda9a3ce4f94b552ea02b3eff859598608ca9b358f0f90943adc26f95d47ede0e3434165d6ff493503be6dc23b080f3a9b823b5e1d099e7afd8,gx-no-cache=1511290407906 HTTP/1.1" 200 47
200.86.95.220 - - [21/Nov/2017:15:53:36 -0300] "POST /cormun/servlet/permisogoce?7e242350639a9eadafcb7179b3416ebd,INS,0,,,,gx-no-cache=1511290439941 HTTP/1.1" 200 93
200.86.95.220 - - [21/Nov/2017:15:53:36 -0300] "GET /cormun/servlet/hpexe_return? HTTP/1.1" 200 1011
200.86.95.220 - - [21/Nov/2017:15:53:36 -0300] "GET /cormun/servlet/trpermisosgoce HTTP/1.1" 200 10003
200.86.95.220 - - [21/Nov/2017:15:53:38 -0300] "GET /cormun/servlet/trpermisosgoce HTTP/1.1" 200 9998
200.86.95.220 - - [21/Nov/2017:15:53:41 -0300] "GET /cormun/servlet/apermisogoceprn?7723191,P,20171121155139,PU HTTP/1.1" 200 1651
186.103.156.24 - - [21/Nov/2017:15:54:12 -0300] "GET /cormun/servlet/trlicenciaspermisosadjuntos?17485418,20171121000000,L, HTTP/1.1" 200 6454
186.103.156.24 - - [21/Nov/2017:15:54:12 -0300] "GET /cormun/static/gxcfg.js?20177612163414 HTTP/1.1" 200 953
186.103.156.24 - - [21/Nov/2017:15:54:12 -0300] "GET /cormun/static/trlicenciaspermisosadjuntos.js?20177612163719 HTTP/1.1" 200 21036
186.103.156.24 - - [21/Nov/2017:15:54:13 -0300] "GET /cormun/servlet/trlicenciaspermisosadjuntos?17485418,20171121000000,L, HTTP/1.1" 200 6454
186.103.156.24 - - [21/Nov/2017:15:54:15 -0300] "GET /cormun/servlet/licenciaspermisosadjuntos?INS,17485418,L,20171121000000,, HTTP/1.1" 200 5748
186.103.156.24 - - [21/Nov/2017:15:54:15 -0300] "GET /cormun/static/gxcfg.js?2017761263592 HTTP/1.1" 200 953
186.103.156.24 - - [21/Nov/2017:15:54:15 -0300] "GET /cormun/static/licenciaspermisosadjuntos.js?201776126362 HTTP/1.1" 200 8760
186.103.156.24 - - [21/Nov/2017:15:54:15 -0300] "GET /cormun/servlet/licenciaspermisosadjuntos?INS,17485418,L,20171121000000,, HTTP/1.1" 200 5737
186.103.156.24 - - [21/Nov/2017:15:54:16 -0300] "GET /cormun/static/about:blank HTTP/1.1" 404 1011
200.86.95.220 - - [21/Nov/2017:15:54:40 -0300] "GET /cormun/servlet/permisogoce?INS,0,,, HTTP/1.1" 200 6675
200.86.95.220 - - [21/Nov/2017:15:54:42 -0300] "GET /cormun/servlet/permisogoce?INS,0,,, HTTP/1.1" 200 6674
186.103.156.24 - - [21/Nov/2017:15:54:58 -0300] "POST /cormun/servlet/licenciaspermisosadjuntos?ce40c9ba51c923aa80508398d24d6016,INS,17485418,L,20171121000000,, HTTP/1.1" 200 116
186.103.156.24 - - [21/Nov/2017:15:54:58 -0300] "GET /cormun/servlet/hpexe_return? HTTP/1.1" 200 1041
186.103.156.24 - - [21/Nov/2017:15:54:58 -0300] "GET /cormun/servlet/trlicenciaspermisosadjuntos?17485418,20171121000000,L, HTTP/1.1" 200 6953
186.103.156.24 - - [21/Nov/2017:15:54:59 -0300] "GET /cormun/servlet/trlicenciaspermisosadjuntos?17485418,20171121000000,L, HTTP/1.1" 200 6950
186.103.156.24 - - [21/Nov/2017:15:55:04 -0300] "POST /cormun/servlet/trlicenciaspermisosadjuntos?ce40c9ba51c923aa80508398d24d6016,17485418,20171121000000,L,,gx-no-cache=1511290527281 HTTP/1.1" 200 90
186.103.156.24 - - [21/Nov/2017:15:55:04 -0300] "GET /cormun/servlet/hpexe_link HTTP/1.1" 200 983
186.103.156.24 - - [21/Nov/2017:15:55:05 -0300] "GET /cormun/servlet/trlicencias HTTP/1.1" 200 11191
186.103.156.24 - - [21/Nov/2017:15:55:06 -0300] "GET /cormun/servlet/trlicencias HTTP/1.1" 200 11199
186.103.156.24 - - [21/Nov/2017:15:55:13 -0300] "GET /cormun/servlet/alicenciaprn?17485418,L,20171121000000,PU HTTP/1.1" 200 1591
200.86.95.220 - - [21/Nov/2017:15:55:35 -0300] "GET /cormun/servlet/permisogoce?d9d0d15e7aad9eda9a3ce4f94b552ea0000ad8eaf328801064942699a89905c88b9c2653f78297c61e9940425a8fc483,gx-no-cache=1511290558953 HTTP/1.1" 200 82
200.86.95.220 - - [21/Nov/2017:15:55:35 -0300] "GET /cormun/static/menuarrow.gif HTTP/1.1" 404 1015
200.86.95.220 - - [21/Nov/2017:15:55:41 -0300] "GET /cormun/servlet/permisogoce?d9d0d15e7aad9eda9a3ce4f94b552ea0af0f5360f7bad94f69b6a6f0e5d2f102eb351057e7c2cd4658c73f1d29cd2bd4e6dc23b080f3a9b823b5e1d099e7afd8,gx-no-cache=1511290565527 HTTP/1.1" 200 48
186.103.156.166 - - [21/Nov/2017:15:55:47 -0300] "GET /cormun/servlet/hhome HTTP/1.1" 200 3379
186.103.156.166 - - [21/Nov/2017:15:55:48 -0300] "GET /cormun/servlet/hhome HTTP/1.1" 200 3389
186.103.156.166 - - [21/Nov/2017:15:55:48 -0300] "GET /cormun/servlet/hlogin HTTP/1.1" 200 1735
192.168.10.89 - - [21/Nov/2017:15:55:52 -0300] "POST /cormun/servlet/trsolicitudgral?541b6706bcbfa90e3b9f60df7ac1ff20,gx-no-cache=1511289887077,gx-no-cache=1511290487350 HTTP/1.1" 200 9681
200.86.95.220 - - [21/Nov/2017:15:55:57 -0300] "POST /cormun/servlet/permisogoce?7e242350639a9eadafcb7179b3416ebd,INS,0,,,,gx-no-cache=1511290580668 HTTP/1.1" 200 93
200.86.95.220 - - [21/Nov/2017:15:55:57 -0300] "GET /cormun/servlet/hpexe_return? HTTP/1.1" 200 1011
200.86.95.220 - - [21/Nov/2017:15:55:58 -0300] "GET /cormun/servlet/trpermisosgoce HTTP/1.1" 200 10264
200.86.95.220 - - [21/Nov/2017:15:55:59 -0300] "GET /cormun/servlet/trpermisosgoce HTTP/1.1" 200 10257
200.86.95.220 - - [21/Nov/2017:15:56:02 -0300] "GET /cormun/servlet/apermisogoceprn?9154169,P,20171121155336,PU HTTP/1.1" 200 1650
192.168.10.89 - - [21/Nov/2017:15:56:03 -0300] "GET /cormun/servlet/hlogin HTTP/1.1" 200 1756
186.103.156.166 - - [21/Nov/2017:15:56:04 -0300] "POST /cormun/servlet/hlogin?275aa534b0282ca276fba4f376347494,gx-no-cache=1511294183112 HTTP/1.1" 200 90
186.103.156.166 - - [21/Nov/2017:15:56:04 -0300] "GET /cormun/servlet/hpexe_link HTTP/1.1" 200 954
186.103.156.166 - - [21/Nov/2017:15:56:04 -0300] "GET /cormun/servlet/hhome HTTP/1.1" 200 3783
186.103.156.166 - - [21/Nov/2017:15:56:05 -0300] "GET /cormun/servlet/hhome HTTP/1.1" 200 3780
186.103.156.166 - - [21/Nov/2017:15:56:10 -0300] "GET /cormun/servlet/trpermisosgoce? HTTP/1.1" 200 10514
186.103.156.166 - - [21/Nov/2017:15:56:10 -0300] "GET /cormun/servlet/trpermisosgoce? HTTP/1.1" 200 10515
186.103.156.166 - - [21/Nov/2017:15:56:27 -0300] "GET /cormun/servlet/permisogoce?INS,0,,, HTTP/1.1" 200 6614
186.103.156.166 - - [21/Nov/2017:15:56:28 -0300] "GET /cormun/servlet/permisogoce?INS,0,,, HTTP/1.1" 200 6614
186.103.156.166 - - [21/Nov/2017:15:56:52 -0300] "GET /cormun/servlet/permisogoce?3538a5bdab71024b1e0960012ca0e62eecc2493fafec2efd38cca456513d7090420c5d437cae2a3121f14a534a194023834fa300ec43bcf078cbd978dd5c6501,gx-no-cache=1511294231079 HTTP/1.1" 200 80
186.103.156.166 - - [21/Nov/2017:15:57:16 -0300] "GET /cormun/static/menuarrow.gif HTTP/1.1" 404 1015
186.103.156.166 - - [21/Nov/2017:15:57:27 -0300] "GET /cormun/servlet/permisogoce?3538a5bdab71024b1e0960012ca0e62e0f4ce6158e4e8084953e065d0fd5ff910dc101815cf8a6c134ee3a395838cdfc90789eb987b261560926b31f0421561d,gx-no-cache=1511294265887 HTTP/1.1" 200 47
46.174.191.29 - - [21/Nov/2017:15:57:34 -0300] "GET / HTTP/1.0" 200 11197
186.103.156.166 - - [21/Nov/2017:15:57:52 -0300] "POST /cormun/servlet/permisogoce?275aa534b0282ca276fba4f376347494,INS,0,,,,gx-no-cache=1511294289442 HTTP/1.1" 200 93
186.103.156.166 - - [21/Nov/2017:15:57:52 -0300] "GET /cormun/servlet/hpexe_return? HTTP/1.1" 200 1012
186.103.156.166 - - [21/Nov/2017:15:57:52 -0300] "GET /cormun/static/Resources/Spanish/PXTools.css?167811 HTTP/1.1" 304 -
186.103.156.166 - - [21/Nov/2017:15:57:53 -0300] "GET /cormun/static/hpexe_return.js?2016101716175153 HTTP/1.1" 304 -
186.103.156.166 - - [21/Nov/2017:15:57:53 -0300] "GET /cormun/servlet/trpermisosgoce HTTP/1.1" 200 10849
186.103.156.166 - - [21/Nov/2017:15:57:54 -0300] "GET /cormun/servlet/trpermisosgoce HTTP/1.1" 200 10844
186.103.156.166 - - [21/Nov/2017:15:58:04 -0300] "GET /cormun/servlet/apermisogoceprn?10453079,P,20171121155522,PU HTTP/1.1" 200 1655
200.30.247.76 - - [21/Nov/2017:15:58:24 -0300] "GET /cormun/servlet/hlogin HTTP/1.1" 200 1722
200.30.247.76 - - [21/Nov/2017:15:58:25 -0300] "GET /cormun/static/gxtimezone.js?85251 HTTP/1.1" 200 5781
200.30.247.76 - - [21/Nov/2017:15:58:25 -0300] "GET /cormun/static/gxcfg.js?20175251213516 HTTP/1.1" 200 953
200.30.247.76 - - [21/Nov/2017:15:58:25 -0300] "GET /cormun/static/hlogin.js?20175251213537 HTTP/1.1" 200 2136
200.30.247.76 - - [21/Nov/2017:15:58:25 -0300] "GET /cormun/static/Resources/ComunLogin.png HTTP/1.1" 200 17326
200.30.247.76 - - [21/Nov/2017:15:58:25 -0300] "GET /cormun/static/messages.spa.js?85251 HTTP/1.1" 200 30736
200.30.247.76 - - [21/Nov/2017:15:58:25 -0300] "GET /cormun/static/Resources/Spanish/PXTools.css?11423723 HTTP/1.1" 200 89042
200.30.247.76 - - [21/Nov/2017:15:58:25 -0300] "GET /cormun/static/gxgral.js?85251 HTTP/1.1" 200 384558
