186.103.159.43 - - [13/Nov/2017:09:05:51 -0300] "GET /cormun/servlet/licenciaspermisos?8624b58ddac487936f9e4a70cf00c672e9dc35db0dc0f4554360e1bb4e6e1c5d66529202b9dbf7dc625dd55f730a3e4149b6a46277c4f2765a276348ed49d2a75b95feec592e15d4fdb10d7a4b6cdd78b52f0b3b454a2e0c6244d4d54d974e44bfcd932fffb2fde5fbea01a9c72e0a834e8f1f78b33bdc5c80f3729db39c93969958077e701db2b0fe81ce7e78c1d6578df2905d41ec1b5601f7a992a2bd8d8a66318b74c7b800373648a5ec6ce18f2e92287cb239e1f916bc943d568009a571ea0c7e36b6cfc7fab3e16e12d77ad26d34cdb1151de1eac7da3a7980c40e895d1bc8bd778bc3668c0123ea3eaed0b99c,gx-no-cache=1510574775852 HTTP/1.1" 200 58
186.103.159.43 - - [13/Nov/2017:09:05:51 -0300] "POST /cormun/servlet/licenciaspermisos?1b0de9d615f6296c24c11f383fa8d965,INS,0,,,,gx-no-cache=1510574776312 HTTP/1.1" 200 93
186.103.159.43 - - [13/Nov/2017:09:05:51 -0300] "GET /cormun/servlet/hpexe_return? HTTP/1.1" 200 1011
186.103.159.43 - - [13/Nov/2017:09:05:52 -0300] "GET /cormun/servlet/trlicencias HTTP/1.1" 200 12264
186.103.159.43 - - [13/Nov/2017:09:05:53 -0300] "GET /cormun/servlet/trlicencias HTTP/1.1" 200 12259
186.103.159.43 - - [13/Nov/2017:09:06:23 -0300] "GET /cormun/servlet/alicenciaprn?15738839,L,20171113000000,PU HTTP/1.1" 200 1623
186.103.159.43 - - [13/Nov/2017:09:09:13 -0300] "GET /cormun/servlet/hlogin HTTP/1.1" 200 1721
186.103.159.43 - - [13/Nov/2017:09:09:16 -0300] "POST /cormun/servlet/hlogin?b065fd7e643c01978b0050fbba8ad3b2,gx-no-cache=1510574980868 HTTP/1.1" 200 90
186.103.159.43 - - [13/Nov/2017:09:09:16 -0300] "GET /cormun/servlet/hpexe_link HTTP/1.1" 200 954
186.103.159.43 - - [13/Nov/2017:09:09:16 -0300] "GET /cormun/servlet/hhome HTTP/1.1" 200 3823
186.103.159.43 - - [13/Nov/2017:09:09:17 -0300] "GET /cormun/servlet/hhome HTTP/1.1" 200 3819
186.103.159.43 - - [13/Nov/2017:09:09:21 -0300] "GET /cormun/servlet/trlicencias? HTTP/1.1" 200 12264
186.103.159.43 - - [13/Nov/2017:09:09:22 -0300] "GET /cormun/servlet/trlicencias? HTTP/1.1" 200 12261
186.103.159.43 - - [13/Nov/2017:09:09:26 -0300] "GET /cormun/servlet/licenciaspermisos?INS,0,,, HTTP/1.1" 200 7347
186.103.159.43 - - [13/Nov/2017:09:09:26 -0300] "GET /cormun/servlet/licenciaspermisos?INS,0,,, HTTP/1.1" 200 7347
186.103.159.43 - - [13/Nov/2017:09:09:49 -0300] "GET /cormun/servlet/licenciaspermisos?ae343ecb586edf5c75751fd37f61f1120b38370e8cc9e063d83e6add01cca2057196614c16b134d04f77e9cf19576df6,gx-no-cache=1510575014240 HTTP/1.1" 200 105
186.103.159.43 - - [13/Nov/2017:09:09:49 -0300] "POST /cormun/servlet/licenciaspermisos?b065fd7e643c01978b0050fbba8ad3b2,INS,0,,,,gx-no-cache=1510575014344 HTTP/1.1" 200 4589
186.103.159.44 - - [13/Nov/2017:09:10:38 -0300] "GET /cormun/servlet/hlogin HTTP/1.1" 200 1715
186.103.159.44 - - [13/Nov/2017:09:10:38 -0300] "GET /cormun/servlet/hlogin HTTP/1.1" 200 1725
192.168.10.93 - - [13/Nov/2017:09:10:48 -0300] "GET /cormunbeta/servlet/hlogin HTTP/1.1" 200 1728
192.168.10.93 - - [13/Nov/2017:09:10:49 -0300] "GET /cormunbeta/servlet/hlogin HTTP/1.1" 200 1738
192.168.10.93 - - [13/Nov/2017:09:10:58 -0300] "POST /cormunbeta/servlet/hlogin?e814b202f6abe43c2572144fe8802f1a,gx-no-cache=1510574997226 HTTP/1.1" 200 90
192.168.10.93 - - [13/Nov/2017:09:10:58 -0300] "GET /cormunbeta/servlet/hpexe_link HTTP/1.1" 200 957
192.168.10.93 - - [13/Nov/2017:09:10:59 -0300] "GET /cormunbeta/servlet/hhome HTTP/1.1" 200 4399
192.168.10.93 - - [13/Nov/2017:09:10:59 -0300] "GET /cormunbeta/servlet/hhome HTTP/1.1" 200 4395
192.168.10.93 - - [13/Nov/2017:09:11:16 -0300] "GET /cormunbeta/servlet/trtipodocumentosadjuntos? HTTP/1.1" 200 9108
192.168.10.93 - - [13/Nov/2017:09:11:16 -0300] "GET /cormunbeta/static/gxcfg.js?2017525124565 HTTP/1.1" 200 953
192.168.10.93 - - [13/Nov/2017:09:11:16 -0300] "GET /cormunbeta/static/trtipodocumentosadjuntos.js?2017525124866 HTTP/1.1" 200 13494
192.168.10.93 - - [13/Nov/2017:09:11:17 -0300] "GET /cormunbeta/servlet/trtipodocumentosadjuntos? HTTP/1.1" 200 9106
186.103.159.44 - - [13/Nov/2017:09:11:26 -0300] "POST /cormun/servlet/hlogin?4505248a96a3958a5c93cea00ce783ba,gx-no-cache=1510575111653 HTTP/1.1" 200 90
186.103.159.44 - - [13/Nov/2017:09:11:26 -0300] "GET /cormun/servlet/hpexe_link HTTP/1.1" 200 947
186.103.159.44 - - [13/Nov/2017:09:11:27 -0300] "GET /cormun/servlet/hhome HTTP/1.1" 200 3847
186.103.159.44 - - [13/Nov/2017:09:11:30 -0300] "GET /cormun/servlet/trlicencias? HTTP/1.1" 200 11890
186.103.159.44 - - [13/Nov/2017:09:11:37 -0300] "GET /cormun/servlet/alicenciaprn?17651556,L,20171110000000,PU HTTP/1.1" 200 1549
186.103.159.43 - - [13/Nov/2017:09:12:04 -0300] "GET /cormun/servlet/licenciaspermisos?ae343ecb586edf5c75751fd37f61f112f49a6177c48a32056458a3387a256e382aaefd3e36eb06e1baebe0f4d0090f72f9bdbd094ea55e2dce4bff1b7dcd126a488d48988193ff772bc6eb4743ab7042cae540b17fbb88586aaa2e3574f10bc7f5e71ac380872b7d3383a71d27de544e95386abddeec0f01a545d12626ebc825ecd9dfa78063a51b44d037fd45d067294ed47324f52010d681e62af70da3f27a93206d59a279922edf6b15165da7ae863be11f887e0a796c014bcacbc2ab2f9a010ba6a1e047b9f26b11cda56b702488303783729a4d6732af98cf4ec5f0f5d8,gx-no-cache=1510575149370 HTTP/1.1" 200 30
186.103.159.43 - - [13/Nov/2017:09:12:05 -0300] "POST /cormun/servlet/licenciaspermisos?b065fd7e643c01978b0050fbba8ad3b2,INS,0,,,,gx-no-cache=1510575149721 HTTP/1.1" 200 4669
186.103.159.43 - - [13/Nov/2017:09:12:26 -0300] "GET /cormun/servlet/licenciaspermisos?ae343ecb586edf5c75751fd37f61f1120306e77435d15729335dec927d6e3f8be92f609ab5cd01916d440972ae4838cbac20b6f9df27ea353eeac365131578187d2f054f290111fea54eae127ac202cff041a42fbd48ecbf505311789df29a0095736d29b38b6e28aeff5c07194c804215d12ea8093fb0990bf16e26d8af415e3ebc93b6cde42c8dcb1f75b712883f253af41f6ac98e912047168f380a7c70a088db5591f1fa7ca3519a32f691013c08dc0ab5f1ee2947a399463c855d9b292473c23beb6119e025cf0d3c0e06c6f12d77bd73c73eb54f983c71c32bc6adfe65be76c8a694a224e19528cbeff0c50184,gx-no-cache=1510575170702 HTTP/1.1" 200 58
186.103.159.43 - - [13/Nov/2017:09:12:26 -0300] "POST /cormun/servlet/licenciaspermisos?b065fd7e643c01978b0050fbba8ad3b2,INS,0,,,,gx-no-cache=1510575171145 HTTP/1.1" 200 4750
186.103.159.43 - - [13/Nov/2017:09:12:26 -0300] "GET /cormun/static/Shared/jqueryui/images/ui-bg_highlight-soft_100_c6c2c8_1x100.png HTTP/1.1" 404 1117
186.103.159.43 - - [13/Nov/2017:09:12:26 -0300] "GET /cormun/static/Shared/jqueryui/images/ui-bg_flat_55_994d53_40x100.png HTTP/1.1" 404 1097
186.103.159.43 - - [13/Nov/2017:09:12:26 -0300] "GET /cormun/static/Shared/jqueryui/images/ui-icons_ebccce_256x240.png HTTP/1.1" 404 1089
186.103.159.43 - - [13/Nov/2017:09:12:26 -0300] "GET /cormun/static/Shared/jqueryui/images/ui-icons_82798d_256x240.png HTTP/1.1" 404 1089
186.103.159.44 - - [13/Nov/2017:09:12:31 -0300] "GET /cormun/servlet/licenciaspermisos?INS,0,,, HTTP/1.1" 200 7371
186.103.159.43 - - [13/Nov/2017:09:12:37 -0300] "GET /cormun/servlet/licenciaspermisos?ae343ecb586edf5c75751fd37f61f1120b38370e8cc9e063d83e6add01cca205c335f62073a0b863e4a872e0227581d0c82a3db9965f6b01082a83c9ee30f1b69318c367c38eb8b1098aded0d74c522b9af553756e8f6f685434773c9199d9de3f7d4fcc230386eaac4f13ebc9a6454191160454158eccfb8e2c65de782990c1,gx-no-cache=1510575182691 HTTP/1.1" 200 92
186.103.159.43 - - [13/Nov/2017:09:12:38 -0300] "POST /cormun/servlet/licenciaspermisos?b065fd7e643c01978b0050fbba8ad3b2,INS,0,,,,gx-no-cache=1510575182818 HTTP/1.1" 200 4703
186.103.159.43 - - [13/Nov/2017:09:12:38 -0300] "GET /cormun/servlet/licenciaspermisos?ae343ecb586edf5c75751fd37f61f112f49a6177c48a32056458a3387a256e382aaefd3e36eb06e1baebe0f4d0090f72f9bdbd094ea55e2dce4bff1b7dcd126a488d48988193ff772bc6eb4743ab7042cae540b17fbb88586aaa2e3574f10bc7f5e71ac380872b7d3383a71d27de544e95386abddeec0f01a545d12626ebc825ecd9dfa78063a51b44d037fd45d067294ed47324f52010d681e62af70da3f27a93206d59a279922edf6b15165da7ae863be11f887e0a796c014bcacbc2ab2f9a010ba6a1e047b9f26b11cda56b702488303783729a4d6732af98cf4ec5f0f5d8,gx-no-cache=1510575183055 HTTP/1.1" 200 30
186.103.159.43 - - [13/Nov/2017:09:12:38 -0300] "GET /cormun/servlet/licenciaspermisos?ae343ecb586edf5c75751fd37f61f1120306e77435d15729335dec927d6e3f8be92f609ab5cd01916d440972ae4838cbac20b6f9df27ea353eeac365131578187d2f054f290111fea54eae127ac202cff041a42fbd48ecbf505311789df29a0095736d29b38b6e28aeff5c07194c804215d12ea8093fb0990bf16e26d8af415e3ebc93b6cde42c8dcb1f75b712883f253af41f6ac98e912047168f380a7c70a088db5591f1fa7ca3519a32f691013c08dc0ab5f1ee2947a399463c855d9b292473c23beb6119e025cf0d3c0e06c6f12d77bd73c73eb54f983c71c32bc6adfe65d143a917d4d6f564c3f8221666f8fd7d7c6cb0bc508aa8c7958963ef45ee97e4e51298fa94bf6ff5c7a817015a2fc35f,gx-no-cache=1510575183103 HTTP/1.1" 200 58
186.103.159.43 - - [13/Nov/2017:09:12:38 -0300] "POST /cormun/servlet/licenciaspermisos?b065fd7e643c01978b0050fbba8ad3b2,INS,0,,,,gx-no-cache=1510575183472 HTTP/1.1" 200 4750
192.168.10.96 - - [13/Nov/2017:09:12:38 -0300] "GET /cormun/servlet/trsolicitudgral? HTTP/1.1" 200 21220
192.168.10.96 - - [13/Nov/2017:09:12:38 -0300] "GET /cormun/static/gxcfg.js?201762916363890 HTTP/1.1" 304 -
192.168.10.96 - - [13/Nov/2017:09:12:39 -0300] "GET /cormun/servlet/trsolicitudgral? HTTP/1.1" 200 21217
186.103.159.43 - - [13/Nov/2017:09:12:40 -0300] "POST /cormun/servlet/licenciaspermisos?b065fd7e643c01978b0050fbba8ad3b2,INS,0,,,,gx-no-cache=1510575185626 HTTP/1.1" 200 93
186.103.159.43 - - [13/Nov/2017:09:12:40 -0300] "GET /cormun/servlet/hpexe_return? HTTP/1.1" 200 1015
186.103.159.43 - - [13/Nov/2017:09:12:41 -0300] "GET /cormun/servlet/trlicencias HTTP/1.1" 200 12267
186.103.159.43 - - [13/Nov/2017:09:12:42 -0300] "GET /cormun/servlet/trlicencias HTTP/1.1" 200 12264
186.103.159.44 - - [13/Nov/2017:09:12:45 -0300] "GET /cormun/servlet/licenciaspermisos?d2191a30fc797244f34250dfbf981771070b3c0f97434386fec9f27da2e7611991814b6e6a4d6871b3c63f374a8c464e,gx-no-cache=1510575190705 HTTP/1.1" 200 97
186.103.159.44 - - [13/Nov/2017:09:12:45 -0300] "POST /cormun/servlet/licenciaspermisos?4505248a96a3958a5c93cea00ce783ba,INS,0,,,,gx-no-cache=1510575190757 HTTP/1.1" 200 4564
186.103.159.43 - - [13/Nov/2017:09:12:57 -0300] "GET /cormun/servlet/alicenciaprn?17235385,L,20171113000000,PU HTTP/1.1" 200 1617
192.168.10.40 - - [13/Nov/2017:09:13:07 -0300] "GET /cormunbeta/servlet/hhome HTTP/1.1" 200 3725
192.168.10.40 - - [13/Nov/2017:09:13:08 -0300] "GET /cormunbeta/servlet/hhome HTTP/1.1" 200 3735
192.168.10.40 - - [13/Nov/2017:09:13:28 -0300] "GET /cormunbeta/servlet/hlogin HTTP/1.1" 200 1733
186.103.159.43 - - [13/Nov/2017:09:15:00 -0300] "GET /cormun/servlet/trlicenciaspermisosadjuntos?17235385,20171113000000,L, HTTP/1.1" 200 6169
186.103.159.43 - - [13/Nov/2017:09:15:01 -0300] "GET /cormun/servlet/trlicenciaspermisosadjuntos?17235385,20171113000000,L, HTTP/1.1" 200 6169
186.103.159.43 - - [13/Nov/2017:09:15:04 -0300] "GET /cormun/servlet/licenciaspermisosadjuntos?INS,17235385,L,20171113000000,, HTTP/1.1" 200 5466
186.103.159.43 - - [13/Nov/2017:09:15:04 -0300] "GET /cormun/static/about:blank HTTP/1.1" 404 1011
186.103.159.43 - - [13/Nov/2017:09:15:04 -0300] "GET /cormun/servlet/licenciaspermisosadjuntos?INS,17235385,L,20171113000000,, HTTP/1.1" 200 5456
200.86.184.58 - - [13/Nov/2017:09:15:29 -0300] "GET /cormun/servlet/hlogin HTTP/1.1" 200 1708
200.86.184.58 - - [13/Nov/2017:09:15:30 -0300] "GET /cormun/static/Resources/Spanish/PXTools.css?11423723 HTTP/1.1" 304 -
200.86.184.58 - - [13/Nov/2017:09:15:30 -0300] "GET /cormun/static/gxcfg.js?20175251213516 HTTP/1.1" 304 -
200.86.184.58 - - [13/Nov/2017:09:15:30 -0300] "GET /cormun/static/hlogin.js?20175251213537 HTTP/1.1" 304 -
200.86.184.58 - - [13/Nov/2017:09:15:30 -0300] "GET /cormun/servlet/hlogin HTTP/1.1" 200 1719
186.103.159.43 - - [13/Nov/2017:09:16:03 -0300] "POST /cormun/servlet/licenciaspermisosadjuntos?b065fd7e643c01978b0050fbba8ad3b2,INS,17235385,L,20171113000000,, HTTP/1.1" 200 116
186.103.159.43 - - [13/Nov/2017:09:16:03 -0300] "GET /cormun/servlet/hpexe_return? HTTP/1.1" 200 1045
186.103.159.43 - - [13/Nov/2017:09:16:04 -0300] "GET /cormun/servlet/trlicenciaspermisosadjuntos?17235385,20171113000000,L, HTTP/1.1" 200 6651
186.103.159.43 - - [13/Nov/2017:09:16:05 -0300] "GET /cormun/servlet/trlicenciaspermisosadjuntos?17235385,20171113000000,L, HTTP/1.1" 200 6648
186.103.159.43 - - [13/Nov/2017:09:16:14 -0300] "GET /cormun/servlet/licenciaspermisosadjuntos?INS,17235385,L,20171113000000,, HTTP/1.1" 200 5466
186.103.159.43 - - [13/Nov/2017:09:16:14 -0300] "GET /cormun/servlet/licenciaspermisosadjuntos?INS,17235385,L,20171113000000,, HTTP/1.1" 200 5455
186.103.159.43 - - [13/Nov/2017:09:16:19 -0300] "POST /cormun/servlet/licenciaspermisosadjuntos?b065fd7e643c01978b0050fbba8ad3b2,INS,17235385,L,20171113000000,,,gx-no-cache=1510575403555 HTTP/1.1" 200 93
186.103.159.43 - - [13/Nov/2017:09:16:19 -0300] "GET /cormun/servlet/hpexe_return? HTTP/1.1" 200 1045
186.103.159.43 - - [13/Nov/2017:09:16:19 -0300] "GET /cormun/servlet/trlicenciaspermisosadjuntos?17235385,20171113000000,L, HTTP/1.1" 200 6717
186.103.159.43 - - [13/Nov/2017:09:16:20 -0300] "GET /cormun/servlet/trlicenciaspermisosadjuntos?17235385,20171113000000,L, HTTP/1.1" 200 6714
186.103.159.43 - - [13/Nov/2017:09:16:36 -0300] "GET /cormun/servlet/hlogin HTTP/1.1" 200 1724
186.103.159.43 - - [13/Nov/2017:09:16:37 -0300] "GET /cormun/servlet/hlogin HTTP/1.1" 200 1724
186.103.159.43 - - [13/Nov/2017:09:16:38 -0300] "POST /cormun/servlet/hlogin?cb9bdf9643a56ee49999b57bab1edab4,gx-no-cache=1510575423595 HTTP/1.1" 200 90
186.103.159.43 - - [13/Nov/2017:09:16:38 -0300] "GET /cormun/servlet/hpexe_link HTTP/1.1" 200 956
186.103.159.43 - - [13/Nov/2017:09:16:39 -0300] "GET /cormun/servlet/hhome HTTP/1.1" 200 3829
186.103.159.43 - - [13/Nov/2017:09:16:39 -0300] "GET /cormun/servlet/hhome HTTP/1.1" 200 3825
186.103.159.43 - - [13/Nov/2017:09:16:42 -0300] "GET /cormun/servlet/trlicencias? HTTP/1.1" 200 12268
186.103.159.43 - - [13/Nov/2017:09:16:43 -0300] "GET /cormun/servlet/trlicencias? HTTP/1.1" 200 12267
186.103.159.43 - - [13/Nov/2017:09:16:49 -0300] "POST /cormun/servlet/trlicencias?cb9bdf9643a56ee49999b57bab1edab4,,gx-no-cache=1510575433911 HTTP/1.1" 200 9626
186.103.159.43 - - [13/Nov/2017:09:16:49 -0300] "GET /cormun/static/Shared/jqueryui/images/ui-bg_highlight-soft_100_c6c2c8_1x100.png HTTP/1.1" 404 1117
186.103.159.43 - - [13/Nov/2017:09:16:49 -0300] "GET /cormun/static/Shared/jqueryui/images/ui-icons_82798d_256x240.png HTTP/1.1" 404 1089
186.103.159.43 - - [13/Nov/2017:09:16:49 -0300] "GET /cormun/static/Shared/jqueryui/images/ui-bg_flat_55_fafafa_40x100.png HTTP/1.1" 404 1097
186.103.159.43 - - [13/Nov/2017:09:16:49 -0300] "GET /cormun/static/Shared/jqueryui/images/ui-icons_8d78a5_256x240.png HTTP/1.1" 404 1089
186.103.159.44 - - [13/Nov/2017:09:17:58 -0300] "GET /cormun/servlet/licenciaspermisos?d2191a30fc797244f34250dfbf981771c3019aef80c92500e63b5a424270e0f428567ddd53ad0017fbf5b4f2593411678b343a44dea3b7119782010731e32cd6a77e096b34a9212eef323b051c95b7bbf97e23bc5358711286ade36338e6927622b2a64a38e0659531763563cf23c63e25f5cb78c4520fa49e3fbe6f993bd7364712d7e571937347bb7b98690c77c94d52781d85b2d3728fcd436f4638001c270917038d9cd87c37514644384e6a0b7c,gx-no-cache=1510575503210 HTTP/1.1" 200 30
186.103.159.44 - - [13/Nov/2017:09:17:59 -0300] "GET /cormun/servlet/licenciaspermisos?d2191a30fc797244f34250dfbf9817716fead599307c3cfa9c8768cde9dc944c651ba907cabd0e404245ed501aa210e0892cc94ef8fecb06999732f1a30aee5758197c79e7000dc35e79bc00ac092b91cf20cd29e19311d5f1731a4d29ec78d9d6bac73f200d46321ded04ec2fada62f45d3a53efb8a45a00c8cd63559099df430c5b0d5e5bae748cd613d19ec1adcc97670f4105250a688bcd16df4d3146a7a572883698cc31af146ec5bc903ec0dc6,gx-no-cache=1510575503693 HTTP/1.1" 200 29
186.103.159.44 - - [13/Nov/2017:09:17:59 -0300] "POST /cormun/servlet/licenciaspermisos?4505248a96a3958a5c93cea00ce783ba,INS,0,,,,gx-no-cache=1510575504120 HTTP/1.1" 200 93
186.103.159.44 - - [13/Nov/2017:09:17:59 -0300] "GET /cormun/servlet/hpexe_return? HTTP/1.1" 200 1008
186.103.159.44 - - [13/Nov/2017:09:18:00 -0300] "GET /cormun/servlet/trlicencias HTTP/1.1" 200 12435
186.103.159.44 - - [13/Nov/2017:09:18:06 -0300] "GET /cormun/servlet/trlicenciaspermisosadjuntos?17235421,20171113000000,L, HTTP/1.1" 200 6192
186.103.159.44 - - [13/Nov/2017:09:18:08 -0300] "GET /cormun/servlet/licenciaspermisosadjuntos?INS,17235421,L,20171113000000,, HTTP/1.1" 200 5487
186.103.159.44 - - [13/Nov/2017:09:18:09 -0300] "HEAD /cormun/static/about:blank HTTP/1.1" 404 -
186.103.159.44 - - [13/Nov/2017:09:18:22 -0300] "POST /cormun/servlet/licenciaspermisosadjuntos?4505248a96a3958a5c93cea00ce783ba,INS,17235421,L,20171113000000,, HTTP/1.1" 200 116
186.103.159.44 - - [13/Nov/2017:09:18:22 -0300] "GET /cormun/servlet/hpexe_return? HTTP/1.1" 200 1038
186.103.159.44 - - [13/Nov/2017:09:18:22 -0300] "GET /cormun/servlet/trlicenciaspermisosadjuntos?17235421,20171113000000,L, HTTP/1.1" 200 6673
186.103.159.44 - - [13/Nov/2017:09:18:26 -0300] "GET /cormun/PublicTempStorage/licencia_ana_vargas9841026.pdf HTTP/1.1" 200 680998
186.103.159.44 - - [13/Nov/2017:09:18:29 -0300] "GET /cormun/PublicTempStorage/licencia_ana_vargas9841026.pdf HTTP/1.1" 200 680998
186.103.159.44 - - [13/Nov/2017:09:18:30 -0300] "GET /cormun/servlet/trlicencias? HTTP/1.1" 200 12433
186.103.159.44 - - [13/Nov/2017:09:18:35 -0300] "GET /cormun/servlet/alicenciaprn?17235421,L,20171113000000,PU HTTP/1.1" 200 1534
186.103.159.44 - - [13/Nov/2017:09:20:21 -0300] "GET /cormun/servlet/alicenciaprn?17235421,L,20171113000000,PU HTTP/1.1" 200 1534
186.103.159.44 - - [13/Nov/2017:09:21:01 -0300] "GET /cormun/servlet/alicenciaprn?17235421,L,20171113000000,PU HTTP/1.1" 200 1534
200.86.184.58 - - [13/Nov/2017:09:21:46 -0300] "GET /cormun/servlet/hlogin HTTP/1.1" 200 1708
186.103.159.44 - - [13/Nov/2017:09:21:48 -0300] "GET /cormun/servlet/alicenciaprn?17235421,L,20171113000000,PU HTTP/1.1" 200 1531
200.112.233.47 - - [13/Nov/2017:09:21:52 -0300] "GET /cormun/servlet/trlicencias? HTTP/1.1" 200 10553
200.112.233.47 - - [13/Nov/2017:09:21:53 -0300] "GET /cormun/servlet/trlicencias? HTTP/1.1" 200 10550
200.112.233.47 - - [13/Nov/2017:09:21:56 -0300] "GET /cormun/servlet/licenciaspermisos?INS,0,,, HTTP/1.1" 200 7360
200.86.184.58 - - [13/Nov/2017:09:21:57 -0300] "POST /cormun/servlet/hlogin?ed161d31dc97a1561c749be1cebcd4f5,gx-no-cache=1510575744480 HTTP/1.1" 200 90
200.86.184.58 - - [13/Nov/2017:09:21:57 -0300] "GET /cormun/servlet/hpexe_link HTTP/1.1" 200 941
200.112.233.47 - - [13/Nov/2017:09:21:57 -0300] "GET /cormun/servlet/licenciaspermisos?INS,0,,, HTTP/1.1" 200 7359
200.86.184.58 - - [13/Nov/2017:09:21:57 -0300] "GET /cormun/static/Resources/Spanish/PXTools.css?1155365 HTTP/1.1" 304 -
200.86.184.58 - - [13/Nov/2017:09:21:57 -0300] "GET /cormun/static/gxcfg.js?20177612121792 HTTP/1.1" 304 -
200.86.184.58 - - [13/Nov/2017:09:21:57 -0300] "GET /cormun/static/hpexe_link.js?20177612121795 HTTP/1.1" 304 -
200.86.184.58 - - [13/Nov/2017:09:21:58 -0300] "GET /cormun/servlet/hhome HTTP/1.1" 200 4105
200.86.184.58 - - [13/Nov/2017:09:21:58 -0300] "GET /cormun/static/gxcfg.js?20175251212442 HTTP/1.1" 304 -
200.86.184.58 - - [13/Nov/2017:09:21:58 -0300] "GET /cormun/static/hwchdr01.js?201752511465785 HTTP/1.1" 304 -
200.86.184.58 - - [13/Nov/2017:09:21:58 -0300] "GET /cormun/static/hhome.js?20175251212450 HTTP/1.1" 304 -
186.79.212.108 - - [13/Nov/2017:09:21:58 -0300] "GET /cormun/static/hpexe_recentlink.js?20177611595044 HTTP/1.1" 304 -
200.86.184.58 - - [13/Nov/2017:09:21:58 -0300] "GET /cormun/static/hpexe_messagepopupcomponent.js?20161017169425 HTTP/1.1" 304 -
200.86.184.58 - - [13/Nov/2017:09:21:58 -0300] "GET /cormun/static/hpexe_messagecontroller.js?20177611595012 HTTP/1.1" 304 -
186.79.212.108 - - [13/Nov/2017:09:21:58 -0300] "GET /cormun/static/hpexe_scripts.js?201752511465715 HTTP/1.1" 304 -
200.86.184.58 - - [13/Nov/2017:09:21:58 -0300] "GET /cormun/static/cmcontrolpreferences.js?201752511465670 HTTP/1.1" 304 -
200.86.184.58 - - [13/Nov/2017:09:21:58 -0300] "GET /cormun/static/hpexe_messagegenexuscomponent.js?201752511465344 HTTP/1.1" 304 -
200.86.184.58 - - [13/Nov/2017:09:21:58 -0300] "GET /cormun/static/hmpwkw03.js?20177612122668 HTTP/1.1" 304 -
200.86.184.58 - - [13/Nov/2017:09:21:59 -0300] "GET /cormun/servlet/hhome HTTP/1.1" 200 4102
200.112.233.47 - - [13/Nov/2017:09:22:04 -0300] "GET /cormun/servlet/licenciaspermisos?256e8e1c53ca781aa25a88889153c0ae00413d6b6942fb9a91b4de376c83ef4a0bc4e04c91409ba0418c56dcb1dbbcdb,gx-no-cache=1510575749665 HTTP/1.1" 200 98
200.112.233.47 - - [13/Nov/2017:09:22:04 -0300] "POST /cormun/servlet/licenciaspermisos?074594b2cad3cfdc1b860767d5ac9657,INS,0,,,,gx-no-cache=1510575749715 HTTP/1.1" 200 4610
200.112.233.47 - - [13/Nov/2017:09:22:09 -0300] "POST /cormun/servlet/licenciaspermisos?074594b2cad3cfdc1b860767d5ac9657,INS,0,,,,gx-no-cache=1510575754147 HTTP/1.1" 200 93
200.112.233.47 - - [13/Nov/2017:09:22:09 -0300] "GET /cormun/servlet/hpexe_return? HTTP/1.1" 200 1017
200.112.233.47 - - [13/Nov/2017:09:22:09 -0300] "GET /cormun/servlet/trlicencias HTTP/1.1" 200 10555
200.112.233.47 - - [13/Nov/2017:09:22:10 -0300] "GET /cormun/servlet/trlicencias HTTP/1.1" 200 10550
200.112.233.47 - - [13/Nov/2017:09:22:16 -0300] "GET /cormun/servlet/licenciaspermisos?INS,0,,, HTTP/1.1" 200 7360
200.112.233.47 - - [13/Nov/2017:09:22:17 -0300] "GET /cormun/servlet/licenciaspermisos?INS,0,,, HTTP/1.1" 200 7359
200.86.184.58 - - [13/Nov/2017:09:22:18 -0300] "GET /cormun/servlet/trcontratounov2? HTTP/1.1" 200 17620
200.86.184.58 - - [13/Nov/2017:09:22:18 -0300] "GET /cormun/static/gxcfg.js?201752512124396 HTTP/1.1" 304 -
200.86.184.58 - - [13/Nov/2017:09:22:18 -0300] "GET /cormun/static/trcontratounov2.js?201752512125146 HTTP/1.1" 304 -
200.86.184.58 - - [13/Nov/2017:09:22:20 -0300] "GET /cormun/servlet/trcontratounov2? HTTP/1.1" 200 17628
200.112.233.47 - - [13/Nov/2017:09:22:24 -0300] "GET /cormun/servlet/licenciaspermisos?256e8e1c53ca781aa25a88889153c0ae00413d6b6942fb9a91b4de376c83ef4a0bc4e04c91409ba0418c56dcb1dbbcdb,gx-no-cache=1510575769009 HTTP/1.1" 200 98
200.112.233.47 - - [13/Nov/2017:09:22:24 -0300] "POST /cormun/servlet/licenciaspermisos?074594b2cad3cfdc1b860767d5ac9657,INS,0,,,,gx-no-cache=1510575769070 HTTP/1.1" 200 4609
186.79.212.108 - - [13/Nov/2017:09:23:09 -0300] "POST /cormun/servlet/trcontratounov2?ed161d31dc97a1561c749be1cebcd4f5,,gx-no-cache=1510575813709 HTTP/1.1" 200 17767
200.86.184.58 - - [13/Nov/2017:09:23:10 -0300] "GET /cormun/static/Resources/PXToolsGridPrevious.gif HTTP/1.1" 200 369
200.86.184.58 - - [13/Nov/2017:09:23:10 -0300] "GET /cormun/static/Resources/PXToolsGridNext.gif HTTP/1.1" 200 369
186.79.212.108 - - [13/Nov/2017:09:23:10 -0300] "GET /cormun/static/Resources/PXToolsGridFirst.gif HTTP/1.1" 200 379
200.86.184.58 - - [13/Nov/2017:09:23:10 -0300] "GET /cormun/static/Resources/PXToolsGridLast.gif HTTP/1.1" 200 370
186.79.212.108 - - [13/Nov/2017:09:24:01 -0300] "POST /cormun/servlet/trcontratounov2?ed161d31dc97a1561c749be1cebcd4f5,,gx-no-cache=1510575865476 HTTP/1.1" 200 12873
200.86.184.58 - - [13/Nov/2017:09:24:43 -0300] "POST /cormun/servlet/trcontratounov2?ed161d31dc97a1561c749be1cebcd4f5,,gx-no-cache=1510575910305 HTTP/1.1" 200 16834
186.79.212.108 - - [13/Nov/2017:09:25:06 -0300] "POST /cormun/servlet/trcontratounov2?ed161d31dc97a1561c749be1cebcd4f5,,gx-no-cache=1510575931321 HTTP/1.1" 200 17599
186.103.159.44 - - [13/Nov/2017:09:25:10 -0300] "GET /cormun/servlet/alicenciaprn?17235421,L,20171113000000,PU HTTP/1.1" 200 1536
186.79.212.108 - - [13/Nov/2017:09:26:21 -0300] "GET /cormun/servlet/trcontratosolicitud? HTTP/1.1" 200 14682
186.79.212.108 - - [13/Nov/2017:09:26:22 -0300] "GET /cormun/static/gxcfg.js?20177612214014 HTTP/1.1" 200 953
186.79.212.108 - - [13/Nov/2017:09:26:22 -0300] "GET /cormun/static/trcontratosolicitud.js?20177612214349 HTTP/1.1" 200 28237
200.86.184.58 - - [13/Nov/2017:09:26:23 -0300] "GET /cormun//static/Resources/PXToolsGridNew.png HTTP/1.1" 200 2949
186.79.212.108 - - [13/Nov/2017:09:26:23 -0300] "GET /cormun/servlet/trcontratosolicitud? HTTP/1.1" 200 14664
186.103.159.44 - - [13/Nov/2017:09:26:41 -0300] "GET /cormun/servlet/hlogin HTTP/1.1" 200 1716
186.79.212.108 - - [13/Nov/2017:09:26:57 -0300] "POST /cormun/servlet/trcontratosolicitud?ed161d31dc97a1561c749be1cebcd4f5,,gx-no-cache=1510576041791 HTTP/1.1" 200 12474
186.103.159.44 - - [13/Nov/2017:09:27:06 -0300] "POST /cormun/servlet/hlogin?188f24ab99c29f815ec3add79a4f6ea6,gx-no-cache=1510576051464 HTTP/1.1" 200 90
186.103.159.44 - - [13/Nov/2017:09:27:06 -0300] "GET /cormun/servlet/hpexe_link HTTP/1.1" 200 949
186.103.159.44 - - [13/Nov/2017:09:27:06 -0300] "GET /cormun/servlet/hhome HTTP/1.1" 200 3848
186.103.159.44 - - [13/Nov/2017:09:27:10 -0300] "GET /cormun/servlet/trlicencias? HTTP/1.1" 200 12437
200.112.233.47 - - [13/Nov/2017:09:27:51 -0300] "GET /cormun/servlet/licenciaspermisos?256e8e1c53ca781aa25a88889153c0aef1abbcc56d0bd1a91d0e49579cf7b561aa24702fe906fc556dd4edde47bef4dca334363ccfea26af7e026fcee3488bf8bfecf3efa41e91d7bacac24193758636ec8a45a8338060cd7ea85cb361221d9316ed0c50cb07401e623201f53432baa69df272f48635b3574c49d8c8923d1d9d2e7841910e886c3f676747320e917c57d6530be5ce30787d4a50e069a7b4bfd24ad1d8842bbe2b2155d7d502d0ba3ac162686774bbeb10e99533aac286fdd3f3bbd15b1af659f9cc7d5a4fcc0a6391b66f681687200f94a57bda2191ec9170e0,gx-no-cache=1510576096509 HTTP/1.1" 200 30
200.112.233.47 - - [13/Nov/2017:09:27:51 -0300] "POST /cormun/servlet/licenciaspermisos?074594b2cad3cfdc1b860767d5ac9657,INS,0,,,,gx-no-cache=1510576096585 HTTP/1.1" 200 4692
200.112.233.47 - - [13/Nov/2017:09:27:59 -0300] "GET /cormun/servlet/prfichaempleado?,MD,,gxPopupLevel%3D0%3B HTTP/1.1" 200 9250
200.112.233.47 - - [13/Nov/2017:09:28:13 -0300] "POST /cormun/servlet/prfichaempleado?074594b2cad3cfdc1b860767d5ac9657,,MD,,gxPopupLevel%3D0%3B,gx-no-cache=1510576117630 HTTP/1.1" 200 3207
200.112.233.47 - - [13/Nov/2017:09:28:19 -0300] "GET /cormun/servlet/licenciaspermisos?256e8e1c53ca781aa25a88889153c0aef1abbcc56d0bd1a91d0e49579cf7b561e87216ddaae08bdf8c82e9b2cc1c8a54a334363ccfea26af7e026fcee3488bf8bfecf3efa41e91d7bacac24193758636ec8a45a8338060cd7ea85cb361221d9316ed0c50cb07401e623201f53432baa69df272f48635b3574c49d8c8923d1d9d2e7841910e886c3f676747320e917c57d6530be5ce30787d4a50e069a7b4bfd24ad1d8842bbe2b2155d7d502d0ba3ac162686774bbeb10e99533aac286fdd3f3bbd15b1af659f9cc7d5a4fcc0a6391b66f681687200f94a57bda2191ec9170e0,gx-no-cache=1510576124407 HTTP/1.1" 200 30
200.112.233.47 - - [13/Nov/2017:09:28:19 -0300] "POST /cormun/servlet/licenciaspermisos?074594b2cad3cfdc1b860767d5ac9657,INS,0,,,,gx-no-cache=1510576124433 HTTP/1.1" 200 4693
200.112.233.47 - - [13/Nov/2017:09:28:38 -0300] "GET /cormun/servlet/licenciaspermisos?256e8e1c53ca781aa25a88889153c0ae3ade4d935ec86723e3b971c0911b6e9e23ba88d7a95fb1532dc74742b689fe818abd0d7cb5e51663af81f7ad63c686ae5bf0fff547da309d59e6ee10ecd11535c6ee61e5ee53f0855c2606d37e6e46f3b1a08901eb4a34afa2143d74b3a506175d87f70e5063854015e8d0e93e3e21749ae8868bfce39bc3eb4ba489bed4320bb48a761b2b50921eb46556b665a3b2111d457bf3a69cd82e96e7df5821a9b6eaf2534efdba474a68e3de79073a3c15356902c3da06f0fd6f48d4dc853a4ea96c566bb8bca665558c8589bba25dd88c83,gx-no-cache=1510576143553 HTTP/1.1" 200 29
200.112.233.47 - - [13/Nov/2017:09:28:39 -0300] "POST /cormun/servlet/licenciaspermisos?074594b2cad3cfdc1b860767d5ac9657,INS,0,,,,gx-no-cache=1510576143639 HTTP/1.1" 200 93
200.112.233.47 - - [13/Nov/2017:09:28:39 -0300] "GET /cormun/servlet/hpexe_return? HTTP/1.1" 200 1017
200.112.233.47 - - [13/Nov/2017:09:28:39 -0300] "GET /cormun/servlet/trlicencias HTTP/1.1" 200 11050
200.112.233.47 - - [13/Nov/2017:09:28:40 -0300] "GET /cormun/servlet/trlicencias HTTP/1.1" 200 11045
200.86.184.58 - - [13/Nov/2017:09:28:50 -0300] "POST /cormun/servlet/trcontratosolicitud?ed161d31dc97a1561c749be1cebcd4f5,,gx-no-cache=1510576157217 HTTP/1.1" 200 7016
186.103.159.44 - - [13/Nov/2017:09:29:34 -0300] "GET /cormun/servlet/alicenciaprn?17235421,L,20171113000000,PU HTTP/1.1" 200 1534
200.86.184.58 - - [13/Nov/2017:09:29:38 -0300] "GET /cormun/servlet/hlogin HTTP/1.1" 200 1729
200.86.184.58 - - [13/Nov/2017:09:29:53 -0300] "POST /cormun/servlet/hlogin?ed161d31dc97a1561c749be1cebcd4f5,gx-no-cache=1510576220220 HTTP/1.1" 200 90
200.86.184.58 - - [13/Nov/2017:09:29:53 -0300] "GET /cormun/servlet/hpexe_link HTTP/1.1" 200 950
200.86.184.58 - - [13/Nov/2017:09:29:53 -0300] "GET /cormun/servlet/trcontratosolicitud? HTTP/1.1" 200 9613
200.86.184.58 - - [13/Nov/2017:09:29:56 -0300] "GET /cormun/servlet/trcontratosolicitud? HTTP/1.1" 200 9612
200.112.233.47 - - [13/Nov/2017:09:29:56 -0300] "GET /cormun/servlet/trlicenciaspermisosadjuntos?13944404,20171113000000,L, HTTP/1.1" 200 6176
200.112.233.47 - - [13/Nov/2017:09:29:57 -0300] "GET /cormun/servlet/trlicenciaspermisosadjuntos?13944404,20171113000000,L, HTTP/1.1" 200 6176
200.86.184.58 - - [13/Nov/2017:09:29:58 -0300] "GET /cormun/servlet/trsolicitudot? HTTP/1.1" 200 15687
200.112.233.47 - - [13/Nov/2017:09:29:59 -0300] "GET /cormun/servlet/licenciaspermisosadjuntos?INS,13944404,L,20171113000000,, HTTP/1.1" 200 5474
200.112.233.47 - - [13/Nov/2017:09:29:59 -0300] "GET /cormun/static/about:blank HTTP/1.1" 404 1011
200.112.233.47 - - [13/Nov/2017:09:29:59 -0300] "GET /cormun/servlet/licenciaspermisosadjuntos?INS,13944404,L,20171113000000,, HTTP/1.1" 200 5464
200.86.184.58 - - [13/Nov/2017:09:30:00 -0300] "GET /cormun/servlet/trsolicitudot? HTTP/1.1" 200 15686
200.112.233.47 - - [13/Nov/2017:09:30:09 -0300] "POST /cormun/servlet/licenciaspermisosadjuntos?074594b2cad3cfdc1b860767d5ac9657,INS,13944404,L,20171113000000,, HTTP/1.1" 200 116
200.112.233.47 - - [13/Nov/2017:09:30:09 -0300] "GET /cormun/servlet/hpexe_return? HTTP/1.1" 200 1047
200.112.233.47 - - [13/Nov/2017:09:30:09 -0300] "GET /cormun/servlet/trlicenciaspermisosadjuntos?13944404,20171113000000,L, HTTP/1.1" 200 6685
200.112.233.47 - - [13/Nov/2017:09:30:10 -0300] "GET /cormun/servlet/trlicenciaspermisosadjuntos?13944404,20171113000000,L, HTTP/1.1" 200 6681
186.79.212.108 - - [13/Nov/2017:09:30:38 -0300] "GET /cormun/servlet/hlogin HTTP/1.1" 200 1726
200.112.233.47 - - [13/Nov/2017:09:30:57 -0300] "POST /cormun/servlet/trlicenciaspermisosadjuntos?074594b2cad3cfdc1b860767d5ac9657,13944404,20171113000000,L,,gx-no-cache=1510576282403 HTTP/1.1" 200 90
200.112.233.47 - - [13/Nov/2017:09:30:57 -0300] "GET /cormun/servlet/hpexe_link HTTP/1.1" 200 990
200.112.233.47 - - [13/Nov/2017:09:30:57 -0300] "GET /cormun/servlet/trlicencias HTTP/1.1" 200 11047
200.112.233.47 - - [13/Nov/2017:09:30:58 -0300] "GET /cormun/servlet/trlicencias HTTP/1.1" 200 11045
200.112.233.47 - - [13/Nov/2017:09:31:06 -0300] "GET /cormun/servlet/alicenciaprn?13944404,L,20171113000000,PU HTTP/1.1" 200 1564
200.112.233.47 - - [13/Nov/2017:09:31:45 -0300] "GET /cormun/servlet/alicenciaprn?13944404,L,20171113000000,PU HTTP/1.1" 200 1567
200.112.233.47 - - [13/Nov/2017:09:33:18 -0300] "POST /cormun/servlet/trlicencias?074594b2cad3cfdc1b860767d5ac9657,gx-no-cache=1510576422600 HTTP/1.1" 200 8395
200.112.233.47 - - [13/Nov/2017:09:33:18 -0300] "GET /cormun/static/Shared/jqueryui/images/ui-bg_highlight-soft_100_c6c2c8_1x100.png HTTP/1.1" 404 1117
200.112.233.47 - - [13/Nov/2017:09:33:18 -0300] "GET /cormun/static/Shared/jqueryui/images/ui-icons_82798d_256x240.png HTTP/1.1" 404 1089
200.112.233.47 - - [13/Nov/2017:09:33:18 -0300] "GET /cormun/static/Shared/jqueryui/images/ui-bg_flat_55_fafafa_40x100.png HTTP/1.1" 404 1097
200.112.233.47 - - [13/Nov/2017:09:33:18 -0300] "GET /cormun/static/Shared/jqueryui/images/ui-icons_8d78a5_256x240.png HTTP/1.1" 404 1089
200.112.233.47 - - [13/Nov/2017:09:34:19 -0300] "GET /cormun/servlet/licenciaspermisos?INS,0,,, HTTP/1.1" 200 7360
200.112.233.47 - - [13/Nov/2017:09:34:19 -0300] "GET /cormun/servlet/licenciaspermisos?INS,0,,, HTTP/1.1" 200 7359
200.112.233.47 - - [13/Nov/2017:09:34:44 -0300] "GET /cormun/servlet/licenciaspermisos?256e8e1c53ca781aa25a88889153c0ae19aaa0ed0ca00c1b0e7cab93b1c638660bc4e04c91409ba0418c56dcb1dbbcdb,gx-no-cache=1510576509033 HTTP/1.1" 200 185
200.112.233.47 - - [13/Nov/2017:09:34:44 -0300] "GET /cormun/static/Shared/jqueryui/images/ui-bg_highlight-soft_100_c6c2c8_1x100.png HTTP/1.1" 404 1117
200.112.233.47 - - [13/Nov/2017:09:34:44 -0300] "GET /cormun/static/Shared/jqueryui/images/ui-icons_82798d_256x240.png HTTP/1.1" 404 1089
200.112.233.47 - - [13/Nov/2017:09:34:44 -0300] "GET /cormun/static/Shared/jqueryui/images/ui-bg_flat_55_994d53_40x100.png HTTP/1.1" 404 1097
200.112.233.47 - - [13/Nov/2017:09:34:44 -0300] "GET /cormun/static/Shared/jqueryui/images/ui-icons_ebccce_256x240.png HTTP/1.1" 404 1089
200.112.233.47 - - [13/Nov/2017:09:34:48 -0300] "POST /cormun/servlet/licenciaspermisos?074594b2cad3cfdc1b860767d5ac9657,INS,0,,,,gx-no-cache=1510576512895 HTTP/1.1" 200 93
200.112.233.47 - - [13/Nov/2017:09:34:48 -0300] "GET /cormun/servlet/hpexe_return? HTTP/1.1" 200 1039
200.112.233.47 - - [13/Nov/2017:09:34:48 -0300] "GET /cormun/servlet/trlicencias?gx-no-cache=1510576422600 HTTP/1.1" 200 10944
200.112.233.47 - - [13/Nov/2017:09:34:49 -0300] "GET /cormun/servlet/trlicencias?gx-no-cache=1510576422600 HTTP/1.1" 200 10958
200.112.233.47 - - [13/Nov/2017:09:34:51 -0300] "GET /cormun/servlet/trsolicitudot? HTTP/1.1" 200 8792
200.112.233.47 - - [13/Nov/2017:09:34:51 -0300] "GET /cormun/static/gxcfg.js?20177612135780 HTTP/1.1" 200 953
200.112.233.47 - - [13/Nov/2017:09:34:51 -0300] "GET /cormun/static/trsolicitudot.js?2017761214480 HTTP/1.1" 200 54041
200.112.233.47 - - [13/Nov/2017:09:34:52 -0300] "GET /cormun//static/Resources/PXToolsActionView.png HTTP/1.1" 200 2995
200.112.233.47 - - [13/Nov/2017:09:34:52 -0300] "GET /cormun//static/Resources/PXToolsRemoveAllAction.png HTTP/1.1" 200 3558
200.112.233.47 - - [13/Nov/2017:09:34:52 -0300] "GET /cormun/servlet/trsolicitudot? HTTP/1.1" 200 8771
186.103.159.46 - - [13/Nov/2017:09:35:58 -0300] "GET /cormun/servlet/hhome HTTP/1.1" 200 3381
186.103.159.46 - - [13/Nov/2017:09:36:01 -0300] "GET /cormun/servlet/hhome HTTP/1.1" 200 3391
186.103.159.46 - - [13/Nov/2017:09:36:01 -0300] "GET /cormun/servlet/hlogin HTTP/1.1" 200 1735
200.112.233.47 - - [13/Nov/2017:09:36:11 -0300] "GET /cormun/servlet/solicitudot?INS,0,0, HTTP/1.1" 200 12730
200.112.233.47 - - [13/Nov/2017:09:36:11 -0300] "GET /cormun/static/gxcfg.js?201783011173874 HTTP/1.1" 200 953
200.112.233.47 - - [13/Nov/2017:09:36:11 -0300] "GET /cormun/static/solicitudot.js?201783011174088 HTTP/1.1" 200 63803
200.112.233.47 - - [13/Nov/2017:09:36:12 -0300] "GET /cormun/servlet/solicitudot?INS,0,0, HTTP/1.1" 200 12735
186.103.159.46 - - [13/Nov/2017:09:36:13 -0300] "POST /cormun/servlet/hlogin?9c6c40f1fd84069dd602853ba8b39116,gx-no-cache=1510576597759 HTTP/1.1" 200 90
186.103.159.46 - - [13/Nov/2017:09:36:13 -0300] "GET /cormun/servlet/hpexe_link HTTP/1.1" 200 955
186.103.159.46 - - [13/Nov/2017:09:36:13 -0300] "GET /cormun/servlet/hhome HTTP/1.1" 200 3847
186.103.159.46 - - [13/Nov/2017:09:36:14 -0300] "GET /cormun/servlet/hhome HTTP/1.1" 200 3844
200.112.233.47 - - [13/Nov/2017:09:36:26 -0300] "POST /cormun/servlet/solicitudot?gx-no-cache=1510576611774 HTTP/1.1" 200 3139
200.112.233.47 - - [13/Nov/2017:09:36:27 -0300] "POST /cormun/servlet/solicitudot?074594b2cad3cfdc1b860767d5ac9657,INS,0,0,,gx-no-cache=1510576611934 HTTP/1.1" 200 9824
200.112.233.47 - - [13/Nov/2017:09:36:28 -0300] "GET /cormun/servlet/solicitudot?34f32884de495c0f24ed563ace7ee2320a8ffb179d4607b0381dd6c8ee06b9c73b491d12695b7d2b9fa0af5af5a43bc9,gx-no-cache=1510576613024 HTTP/1.1" 200 30
186.103.159.46 - - [13/Nov/2017:09:36:30 -0300] "GET /cormun/servlet/trpermisosgoce? HTTP/1.1" 200 11401
186.103.159.46 - - [13/Nov/2017:09:36:30 -0300] "GET /cormun/static/gxcfg.js?20177612163875 HTTP/1.1" 304 -
186.103.159.46 - - [13/Nov/2017:09:36:31 -0300] "GET /cormun/servlet/trpermisosgoce? HTTP/1.1" 200 11399
186.103.159.46 - - [13/Nov/2017:09:36:56 -0300] "GET /cormun/servlet/permisogoce?INS,0,,, HTTP/1.1" 200 6677
186.103.159.46 - - [13/Nov/2017:09:36:58 -0300] "GET /cormun/servlet/permisogoce?INS,0,,, HTTP/1.1" 200 6677
186.103.159.46 - - [13/Nov/2017:09:37:27 -0300] "GET /cormun/servlet/permisogoce?38cc87d5ba31410b71c3043174ffed0898489e8d22cdc5edfb8f826e84e7d24ae1cab4aadecff8cfb29a83f68cf032463679f7ebc828480f513c95e614645fbf,gx-no-cache=1510576672164 HTTP/1.1" 200 76
186.103.159.46 - - [13/Nov/2017:09:37:27 -0300] "GET /cormun/static/menuarrow.gif HTTP/1.1" 404 1015
186.103.159.46 - - [13/Nov/2017:09:37:39 -0300] "GET /cormun/servlet/permisogoce?38cc87d5ba31410b71c3043174ffed0897c8783215e3fae1ca28640ab17c24b09e7251e325fb949749ebfe303e7cfb2847403f36f8cb0c994a9b7178fc05d707,gx-no-cache=1510576684109 HTTP/1.1" 200 49
186.103.159.46 - - [13/Nov/2017:09:37:46 -0300] "POST /cormun/servlet/permisogoce?9c6c40f1fd84069dd602853ba8b39116,INS,0,,,,gx-no-cache=1510576690641 HTTP/1.1" 200 93
186.103.159.46 - - [13/Nov/2017:09:37:46 -0300] "GET /cormun/servlet/hpexe_return? HTTP/1.1" 200 1014
186.103.159.46 - - [13/Nov/2017:09:37:46 -0300] "GET /cormun/servlet/trpermisosgoce HTTP/1.1" 200 11635
186.103.159.46 - - [13/Nov/2017:09:37:48 -0300] "GET /cormun/servlet/trpermisosgoce HTTP/1.1" 200 11630
186.103.159.46 - - [13/Nov/2017:09:37:55 -0300] "GET /cormun/servlet/apermisogoceprn?13567810,P,20171113093555,PU HTTP/1.1" 200 1647
200.112.233.47 - - [13/Nov/2017:09:39:44 -0300] "POST /cormun/servlet/solicitudot?gx-no-cache=1510576809362 HTTP/1.1" 200 240
200.112.233.47 - - [13/Nov/2017:09:39:50 -0300] "GET /cormun/servlet/solicitudot?34f32884de495c0f24ed563ace7ee232acb5a5aff171a4e1de4430aaabb1e6db478d2f087e9cab0c5c59700edc7f86f9c491ac445277c3e8df628e1981de12787506acfac594331a68b9c75e3944c2791cb1ad17a9cdad006ab1074b3430fab43d801586809ea81913cb9f8f2e83a821629de3eb36fdc04df8ffed7444cdc88ca904de86defd26eb3d8efd329cdcfe22a317b612a8b01cb194179a18d190afa40d723e0517502bf7644b240479ccd455f7952169e109b49b7ded2df95bcd18152770e9a008fb2316adf561b0453bbee1f8533a16ef9f24af2c6d56993879ff972f3990e47335212a477ba6781d42a72faa24702fe906fc556dd4edde47bef4dca334363ccfea26af7e026fcee3488bf8881f9dd60d816ee5f5326bfc372e5a4ab14b28c7ab22111a9b049f512c9a1d855c630f7fd1e11195aedc9056efd659af69d0fb529fd7170d828d14cea602e7fc82e08e1a4b8c9e7550b319e35f052bce6f7ab3c60a61ecb003ed1869038b04246821f2e663da77cb703fa77698a4dcfe,gx-no-cache=1510576815744 HTTP/1.1" 200 30
200.112.233.47 - - [13/Nov/2017:09:39:55 -0300] "POST /cormun/servlet/solicitudot?gx-no-cache=1510576819975 HTTP/1.1" 200 30
200.112.233.47 - - [13/Nov/2017:09:40:02 -0300] "GET /cormun/servlet/prfichaempleado?,MD,,gxPopupLevel%3D0%3B HTTP/1.1" 200 9247
200.112.233.47 - - [13/Nov/2017:09:40:16 -0300] "POST /cormun/servlet/prfichaempleado?074594b2cad3cfdc1b860767d5ac9657,,MD,,gxPopupLevel%3D0%3B,gx-no-cache=1510576841223 HTTP/1.1" 200 3438
200.112.233.47 - - [13/Nov/2017:09:40:20 -0300] "POST /cormun/servlet/solicitudot?gx-no-cache=1510576845237 HTTP/1.1" 200 1358
200.112.233.47 - - [13/Nov/2017:09:40:23 -0300] "GET /cormun/servlet/prlicenciaspermisos?7491739,L,,MD,,gxPopupLevel%3D0%3B HTTP/1.1" 200 7688
200.112.233.47 - - [13/Nov/2017:09:40:24 -0300] "GET /cormun/static/gxcfg.js?20176272053834 HTTP/1.1" 200 953
200.112.233.47 - - [13/Nov/2017:09:40:24 -0300] "GET /cormun/static/prlicenciaspermisos.js?20176272054050 HTTP/1.1" 200 13379
200.111.191.210 - - [13/Nov/2017:09:40:37 -0300] "GET /cormun/servlet/licenciaspermisos?INS,0,,, HTTP/1.1" 200 6749
200.111.191.210 - - [13/Nov/2017:09:40:38 -0300] "GET /cormun/servlet/hlogin HTTP/1.1" 200 1750
200.111.191.210 - - [13/Nov/2017:09:40:38 -0300] "GET /cormun/servlet/licenciaspermisos?INS,0,,, HTTP/1.1" 200 6747
200.111.191.210 - - [13/Nov/2017:09:40:42 -0300] "POST /cormun/servlet/hlogin?029c851b3e799375503cf1d563b8be77,gx-no-cache=1510576868102 HTTP/1.1" 200 90
200.111.191.210 - - [13/Nov/2017:09:40:42 -0300] "GET /cormun/servlet/hpexe_link HTTP/1.1" 200 970
200.111.191.210 - - [13/Nov/2017:09:40:42 -0300] "GET /cormun/servlet/licenciaspermisos?INS,0,,, HTTP/1.1" 200 7205
200.111.191.210 - - [13/Nov/2017:09:40:43 -0300] "GET /cormun/servlet/licenciaspermisos?INS,0,,, HTTP/1.1" 200 7204
200.111.191.210 - - [13/Nov/2017:09:40:46 -0300] "GET /cormun/servlet/licenciaspermisos?a2b1ce45aa386df9a15375190aa3010c5717e707d08710def927f679339b7fe9685685fd31ed604c649578a1aefef2f3,gx-no-cache=1510576872340 HTTP/1.1" 200 78
200.111.191.210 - - [13/Nov/2017:09:40:47 -0300] "POST /cormun/servlet/licenciaspermisos?029c851b3e799375503cf1d563b8be77,INS,0,,,,gx-no-cache=1510576872380 HTTP/1.1" 200 4308
200.112.233.47 - - [13/Nov/2017:09:40:57 -0300] "POST /cormun/servlet/solicitudot?gx-no-cache=1510576881991 HTTP/1.1" 200 41
200.112.233.47 - - [13/Nov/2017:09:41:31 -0300] "GET /cormun/servlet/solicitudot?34f32884de495c0f24ed563ace7ee2321d1c4d7a4f007422ef017b7e937e17b7cee8e51aff4bfd794864ffcc6784f56871a817de8026c254b538f13353a785937d17d889bf7a47ec02cb2891e29a4288dc449ddf0070309ca8c9f160d7b4ea5424d1ecbf700c240650facf5188531a8e,gx-no-cache=1510576916828 HTTP/1.1" 200 29
200.112.233.47 - - [13/Nov/2017:09:41:31 -0300] "POST /cormun/servlet/solicitudot?gx-no-cache=1510576916889 HTTP/1.1" 200 1340
200.112.233.47 - - [13/Nov/2017:09:41:42 -0300] "GET /cormun/servlet/solicitudot?34f32884de495c0f24ed563ace7ee232f0c6e27917feb4d064d84bb7109d542c1648df508bfd7a8c48332f66947f2534,gx-no-cache=1510576927184 HTTP/1.1" 200 30
200.112.233.47 - - [13/Nov/2017:09:41:42 -0300] "POST /cormun/servlet/solicitudot?gx-no-cache=1510576927269 HTTP/1.1" 200 34
186.67.164.142 - - [13/Nov/2017:09:42:21 -0300] "GET /cormun/servlet/hlogin HTTP/1.1" 200 1719
186.67.164.142 - - [13/Nov/2017:09:42:21 -0300] "GET /cormun/static/gxtimezone.js?85251 HTTP/1.1" 304 -
186.67.164.142 - - [13/Nov/2017:09:42:21 -0300] "GET /cormun/static/gxcfg.js?20175251213516 HTTP/1.1" 304 -
186.67.164.142 - - [13/Nov/2017:09:42:22 -0300] "GET /cormun/servlet/hlogin HTTP/1.1" 200 1730
186.67.164.142 - - [13/Nov/2017:09:42:27 -0300] "POST /cormun/servlet/hlogin?db0013964484ac8dce47914904f0599f,gx-no-cache=1510576972112 HTTP/1.1" 200 446
186.67.164.142 - - [13/Nov/2017:09:42:36 -0300] "POST /cormun/servlet/hlogin?db0013964484ac8dce47914904f0599f,gx-no-cache=1510576981397 HTTP/1.1" 200 90
186.67.164.142 - - [13/Nov/2017:09:42:36 -0300] "GET /cormun/servlet/hpexe_link HTTP/1.1" 200 953
186.67.164.142 - - [13/Nov/2017:09:42:36 -0300] "GET /cormun/static/Resources/Spanish/PXTools.css?1155365 HTTP/1.1" 304 -
186.67.164.142 - - [13/Nov/2017:09:42:36 -0300] "GET /cormun/static/gxcfg.js?20177612121792 HTTP/1.1" 304 -
186.67.164.142 - - [13/Nov/2017:09:42:36 -0300] "GET /cormun/static/hpexe_link.js?20177612121795 HTTP/1.1" 304 -
186.67.164.142 - - [13/Nov/2017:09:42:36 -0300] "GET /cormun/servlet/hhome HTTP/1.1" 200 3875
186.67.164.142 - - [13/Nov/2017:09:42:36 -0300] "GET /cormun/static/gxcfg.js?20175251212442 HTTP/1.1" 304 -
186.67.164.142 - - [13/Nov/2017:09:42:37 -0300] "GET /cormun/static/hhome.js?20175251212450 HTTP/1.1" 304 -
186.67.164.142 - - [13/Nov/2017:09:42:37 -0300] "GET /cormun/servlet/hhome HTTP/1.1" 200 3871
200.112.233.47 - - [13/Nov/2017:09:42:44 -0300] "POST /cormun/servlet/solicitudot?074594b2cad3cfdc1b860767d5ac9657,INS,0,0,,gx-no-cache=1510576988788 HTTP/1.1" 200 93
200.112.233.47 - - [13/Nov/2017:09:42:44 -0300] "GET /cormun/servlet/hpexe_return? HTTP/1.1" 200 1012
200.112.233.47 - - [13/Nov/2017:09:42:44 -0300] "GET /cormun/servlet/trsolicitudot HTTP/1.1" 200 9229
200.112.233.47 - - [13/Nov/2017:09:42:45 -0300] "GET /cormun/servlet/trsolicitudot HTTP/1.1" 200 9225
200.111.191.210 - - [13/Nov/2017:09:42:47 -0300] "GET /cormun/servlet/licenciaspermisos?a2b1ce45aa386df9a15375190aa3010c675c405f0e869f83dcbdbe336a6274079be38bd9650ce6684afab08ae1c61f9643fc8a08cebcde5d5fb1296691da0b6c1063a9278f2f74b17f529a3d1ce19b1f7a0ef04b98ec1cb5785dd576ca5ebc7a8e0503931ccbb58da10fde248f6629a5d1852b8971df5677a06130fd69429756b5b7633211ddf4da459300fae59f88abec98508e845762d9e5c20ab00aabe1f74b104415132b7cdb26381c139092aeb3c826cd247b350b4822bc6ccc1cf890e196635fa4cf6fdeaaacf7b0a820c091df1aedf71775769aee61a1e1a8e66e595e,gx-no-cache=1510576992417 HTTP/1.1" 200 30
200.111.191.210 - - [13/Nov/2017:09:42:47 -0300] "GET /cormun/servlet/licenciaspermisos?a2b1ce45aa386df9a15375190aa3010ca076f0a1d118cb2dc6428c05039278cb91d6bef008af3bbf163d6347cf0c83337dd0251a706c10ddcb7fad2daeafd6ce4f69be35f0dd30a81da3f889683476a4a49aaeb60bcf49b75c66831882f46b71e77403ccd163f915055fdd492deb5c1296f6bd1d7e700517ec2698ec8b2b9d7a1144a43109b05117b96b10e99ea1af9bc6c2f0523cba4283199be65a6e8f98efe5bb46ee00bba7e95ecc7bf94d3d5e049e1f21c4357bb323b8dd06d2de988fdca1a1d72a12a5fc11546126d15808e7fefb76e73807d2e30f08d80aef80283944,gx-no-cache=1510576992461 HTTP/1.1" 200 29
200.111.191.210 - - [13/Nov/2017:09:42:47 -0300] "POST /cormun/servlet/licenciaspermisos?029c851b3e799375503cf1d563b8be77,INS,0,,,,gx-no-cache=1510576992478 HTTP/1.1" 200 93
200.111.191.210 - - [13/Nov/2017:09:42:47 -0300] "GET /cormun/servlet/hpexe_return? HTTP/1.1" 200 1014
200.111.191.210 - - [13/Nov/2017:09:42:47 -0300] "GET /cormun/servlet/hhome HTTP/1.1" 200 3848
200.111.191.210 - - [13/Nov/2017:09:42:47 -0300] "GET /cormun/servlet/hhome HTTP/1.1" 200 3842
200.112.233.47 - - [13/Nov/2017:09:42:53 -0300] "POST /cormun/servlet/trsolicitudot?074594b2cad3cfdc1b860767d5ac9657,gx-no-cache=1510576997909 HTTP/1.1" 200 106
200.112.233.47 - - [13/Nov/2017:09:42:53 -0300] "GET /cormun/servlet/trsolicitudadjuntos?2017,7626, HTTP/1.1" 200 5928
200.112.233.47 - - [13/Nov/2017:09:42:53 -0300] "GET /cormun/static/gxcfg.js?20177612135366 HTTP/1.1" 200 953
200.112.233.47 - - [13/Nov/2017:09:42:53 -0300] "GET /cormun/static/trsolicitudadjuntos.js?20177612135632 HTTP/1.1" 200 17922
200.112.233.47 - - [13/Nov/2017:09:42:54 -0300] "GET /cormun/servlet/trsolicitudadjuntos?2017,7626, HTTP/1.1" 200 5928
200.112.233.47 - - [13/Nov/2017:09:42:56 -0300] "GET /cormun/servlet/solicitudotadjuntos?INS,2017,7626,,1, HTTP/1.1" 200 5877
200.112.233.47 - - [13/Nov/2017:09:42:56 -0300] "GET /cormun/static/gxcfg.js?2017761244068 HTTP/1.1" 200 953
200.112.233.47 - - [13/Nov/2017:09:42:56 -0300] "GET /cormun/static/solicitudotadjuntos.js?2017761244086 HTTP/1.1" 200 11771
200.112.233.47 - - [13/Nov/2017:09:42:57 -0300] "GET /cormun/static/about:blank HTTP/1.1" 404 1011
200.112.233.47 - - [13/Nov/2017:09:42:57 -0300] "GET /cormun/servlet/solicitudotadjuntos?INS,2017,7626,,1, HTTP/1.1" 200 5871
200.112.233.47 - - [13/Nov/2017:09:42:57 -0300] "GET /cormun/servlet/solicitudotadjuntos?34f32884de495c0f24ed563ace7ee23278760be9b7af0b73ab7995e18a77303360ead5ec85a06786d32c7d2732af398b,gx-no-cache=1510577002500 HTTP/1.1" 200 30
186.67.164.142 - - [13/Nov/2017:09:42:57 -0300] "GET /cormun/servlet/trlicencias? HTTP/1.1" 200 12325
200.112.233.47 - - [13/Nov/2017:09:42:57 -0300] "POST /cormun/servlet/solicitudotadjuntos?074594b2cad3cfdc1b860767d5ac9657,INS,2017,7626,,1,,gx-no-cache=1510577002539 HTTP/1.1" 200 3707
186.67.164.142 - - [13/Nov/2017:09:42:57 -0300] "GET /cormun/static/gxcfg.js?20176272054169 HTTP/1.1" 304 -
186.67.164.142 - - [13/Nov/2017:09:42:57 -0300] "GET /cormun/static/calendar.js?85251 HTTP/1.1" 304 -
186.67.164.142 - - [13/Nov/2017:09:42:57 -0300] "GET /cormun/static/calendar-setup.js?85251 HTTP/1.1" 304 -
186.67.164.142 - - [13/Nov/2017:09:42:57 -0300] "GET /cormun/static/calendar-es.js?85251 HTTP/1.1" 304 -
186.67.164.142 - - [13/Nov/2017:09:42:57 -0300] "GET /cormun/static/gxdec.js?85251 HTTP/1.1" 304 -
186.67.164.142 - - [13/Nov/2017:09:42:58 -0300] "GET /cormun/servlet/trlicencias? HTTP/1.1" 200 12322
200.112.233.47 - - [13/Nov/2017:09:42:59 -0300] "POST /cormun/servlet/solicitudotadjuntos?gx-no-cache=1510577004135 HTTP/1.1" 200 26
200.111.191.210 - - [13/Nov/2017:09:43:00 -0300] "GET /cormun/servlet/trlicencias? HTTP/1.1" 200 13322
200.111.191.210 - - [13/Nov/2017:09:43:01 -0300] "GET /cormun/servlet/trlicencias? HTTP/1.1" 200 13323
186.67.164.142 - - [13/Nov/2017:09:43:01 -0300] "GET /cormun/servlet/licenciaspermisos?INS,0,,, HTTP/1.1" 200 7395
186.67.164.142 - - [13/Nov/2017:09:43:01 -0300] "GET /cormun/static/licenciaspermisos.js?201762917281260 HTTP/1.1" 304 -
186.67.164.142 - - [13/Nov/2017:09:43:02 -0300] "GET /cormun/servlet/licenciaspermisos?INS,0,,, HTTP/1.1" 200 7394
200.111.191.210 - - [13/Nov/2017:09:43:03 -0300] "GET /cormun/servlet/alicenciaprn?12103177,L,20171113000000,PU HTTP/1.1" 200 1540
186.67.164.142 - - [13/Nov/2017:09:43:10 -0300] "GET /cormun/servlet/licenciaspermisos?cb46902a432bd32bf8c5c5006e32ec41b995b917987bae3296d1c70f437247819738512b8fb43a21f60e4089caeb3a4a,gx-no-cache=1510577015676 HTTP/1.1" 200 107
186.67.164.142 - - [13/Nov/2017:09:43:10 -0300] "POST /cormun/servlet/licenciaspermisos?db0013964484ac8dce47914904f0599f,INS,0,,,,gx-no-cache=1510577015721 HTTP/1.1" 200 4600
200.112.233.47 - - [13/Nov/2017:09:43:19 -0300] "GET /cormun/servlet/solicitudotadjuntos?34f32884de495c0f24ed563ace7ee232d22badbb77169472ba76de4b89b4536c,gx-no-cache=1510577024168 HTTP/1.1" 200 30
200.112.233.47 - - [13/Nov/2017:09:43:19 -0300] "GET /cormun/servlet/solicitudotadjuntos?34f32884de495c0f24ed563ace7ee232d22badbb77169472ba76de4b89b4536c,gx-no-cache=1510577024208 HTTP/1.1" 200 30
200.112.233.47 - - [13/Nov/2017:09:43:19 -0300] "POST /cormun/servlet/solicitudotadjuntos?074594b2cad3cfdc1b860767d5ac9657,INS,2017,7626,,1, HTTP/1.1" 200 116
200.112.233.47 - - [13/Nov/2017:09:43:19 -0300] "GET /cormun/servlet/hpexe_return? HTTP/1.1" 200 1030
200.112.233.47 - - [13/Nov/2017:09:43:19 -0300] "GET /cormun/servlet/trsolicitudadjuntos?2017,7626, HTTP/1.1" 200 8191
200.112.233.47 - - [13/Nov/2017:09:43:20 -0300] "GET /cormun/servlet/trsolicitudadjuntos?2017,7626, HTTP/1.1" 200 8187
200.112.233.47 - - [13/Nov/2017:09:43:22 -0300] "GET /cormun/servlet/solicitudotadjuntos?INS,2017,7626,,1, HTTP/1.1" 200 5876
200.112.233.47 - - [13/Nov/2017:09:43:22 -0300] "GET /cormun/static/about:blank HTTP/1.1" 404 1011
200.112.233.47 - - [13/Nov/2017:09:43:23 -0300] "GET /cormun/servlet/solicitudotadjuntos?INS,2017,7626,,1, HTTP/1.1" 200 5870
200.112.233.47 - - [13/Nov/2017:09:43:23 -0300] "GET /cormun/servlet/solicitudotadjuntos?34f32884de495c0f24ed563ace7ee23278760be9b7af0b73ab7995e18a77303360ead5ec85a06786d32c7d2732af398b,gx-no-cache=1510577028404 HTTP/1.1" 200 30
