186.79.56.55 - - [31/Oct/2017:09:11:37 -0300] "GET /cormun/servlet/solicitudot?0c1cb49f50c2091aee9f6fece1a87f1c9af3e963e8c5129151a1afc98e3b1daccb33f45f606f3165706d5de29232cdefbf283ac30b9e6b6210d9b3d56bd833b666cdf69c5d00b1abe862a5c0cdc09f5e8918ead944ac7db3ba0b0d318d241c08eff2147655d8e5620a015697aa35b534,gx-no-cache=1509451924884 HTTP/1.1" 200 29
186.79.56.55 - - [31/Oct/2017:09:11:38 -0300] "POST /cormun/servlet/solicitudot?gx-no-cache=1509451925623 HTTP/1.1" 200 1340
186.79.56.55 - - [31/Oct/2017:09:11:50 -0300] "GET /cormun/servlet/solicitudot?0c1cb49f50c2091aee9f6fece1a87f1c84b2bd7139daeeb51c9a846f3a99f22df81b3238c0acf48240fb3bd38c4ec735,gx-no-cache=1509451938543 HTTP/1.1" 200 30
186.79.56.55 - - [31/Oct/2017:09:11:50 -0300] "POST /cormun/servlet/solicitudot?gx-no-cache=1509451938664 HTTP/1.1" 200 34
186.103.159.43 - - [31/Oct/2017:09:13:01 -0300] "GET /cormun/servlet/hlogin HTTP/1.1" 200 1723
186.103.159.43 - - [31/Oct/2017:09:13:02 -0300] "GET /cormun/static/hlogin.js?20175251213537 HTTP/1.1" 304 -
186.103.159.43 - - [31/Oct/2017:09:13:04 -0300] "POST /cormun/servlet/hlogin?217afc7e32479b3ad6a48ce65a01bedb,gx-no-cache=1509452010163 HTTP/1.1" 200 90
186.103.159.43 - - [31/Oct/2017:09:13:05 -0300] "GET /cormun/servlet/hpexe_link HTTP/1.1" 200 952
186.103.159.43 - - [31/Oct/2017:09:13:05 -0300] "GET /cormun/static/hpexe_link.js?20177612121795 HTTP/1.1" 304 -
186.103.159.43 - - [31/Oct/2017:09:13:05 -0300] "GET /cormun/servlet/hhome HTTP/1.1" 200 3825
186.103.159.43 - - [31/Oct/2017:09:13:06 -0300] "GET /cormun/static/hhome.js?20175251212450 HTTP/1.1" 304 -
186.103.159.43 - - [31/Oct/2017:09:13:06 -0300] "GET /cormun/static/hpexe_recentlink.js?20177611595044 HTTP/1.1" 304 -
186.103.159.43 - - [31/Oct/2017:09:13:06 -0300] "GET /cormun/static/hpexe_scripts.js?201752511465715 HTTP/1.1" 304 -
186.103.159.43 - - [31/Oct/2017:09:13:06 -0300] "GET /cormun/static/hpexe_messagecontroller.js?20177611595012 HTTP/1.1" 304 -
186.103.159.43 - - [31/Oct/2017:09:13:06 -0300] "GET /cormun/static/hpexe_messagepopupcomponent.js?20161017169425 HTTP/1.1" 304 -
186.103.159.43 - - [31/Oct/2017:09:13:06 -0300] "GET /cormun/static/hpexe_messagegenexuscomponent.js?201752511465344 HTTP/1.1" 304 -
186.103.159.43 - - [31/Oct/2017:09:13:06 -0300] "GET /cormun/static/cmcontrolpreferences.js?201752511465670 HTTP/1.1" 304 -
186.103.159.43 - - [31/Oct/2017:09:13:06 -0300] "GET /cormun/static/hwchdr01.js?201752511465785 HTTP/1.1" 304 -
186.103.159.43 - - [31/Oct/2017:09:13:06 -0300] "GET /cormun/static/hmpwkw03.js?20177612122668 HTTP/1.1" 304 -
186.103.159.43 - - [31/Oct/2017:09:13:07 -0300] "GET /cormun/servlet/hhome HTTP/1.1" 200 3821
186.79.56.55 - - [31/Oct/2017:09:13:08 -0300] "POST /cormun/servlet/solicitudot?abde6d80aaaee6c4ca9d838a6fafbfe5,INS,0,0,,gx-no-cache=1509452015856 HTTP/1.1" 200 93
186.79.56.55 - - [31/Oct/2017:09:13:09 -0300] "GET /cormun/servlet/hpexe_return? HTTP/1.1" 200 1003
186.79.56.55 - - [31/Oct/2017:09:13:09 -0300] "GET /cormun/servlet/trsolicitudot HTTP/1.1" 200 9391
186.103.159.43 - - [31/Oct/2017:09:13:10 -0300] "GET /cormun/servlet/trlicencias? HTTP/1.1" 200 10997
186.103.159.43 - - [31/Oct/2017:09:13:10 -0300] "GET /cormun/static/Resources/Spanish/PXTools.css?17315867 HTTP/1.1" 304 -
186.103.159.43 - - [31/Oct/2017:09:13:10 -0300] "GET /cormun/static/trlicencias.js?20176272054837 HTTP/1.1" 304 -
186.79.56.55 - - [31/Oct/2017:09:13:10 -0300] "GET /cormun/servlet/trsolicitudot HTTP/1.1" 200 9387
186.103.159.43 - - [31/Oct/2017:09:13:11 -0300] "GET /cormun/servlet/trlicencias? HTTP/1.1" 200 11066
186.79.56.55 - - [31/Oct/2017:09:13:16 -0300] "GET /cormun/servlet/solicitudot?INS,0,0, HTTP/1.1" 200 12721
186.79.56.55 - - [31/Oct/2017:09:13:17 -0300] "GET /cormun/servlet/solicitudot?INS,0,0, HTTP/1.1" 200 12725
186.79.56.55 - - [31/Oct/2017:09:13:28 -0300] "POST /cormun/servlet/solicitudot?gx-no-cache=1509452036292 HTTP/1.1" 200 3139
186.79.56.55 - - [31/Oct/2017:09:13:28 -0300] "POST /cormun/servlet/solicitudot?abde6d80aaaee6c4ca9d838a6fafbfe5,INS,0,0,,gx-no-cache=1509452036773 HTTP/1.1" 200 9814
186.79.56.55 - - [31/Oct/2017:09:13:30 -0300] "GET /cormun/servlet/solicitudot?0c1cb49f50c2091aee9f6fece1a87f1c0adf93c2447cde7e6a483cec4f7b0ec3e0513580b0131ac138eb63d5a5c4abed,gx-no-cache=1509452038713 HTTP/1.1" 200 30
186.79.56.55 - - [31/Oct/2017:09:14:48 -0300] "POST /cormun/servlet/solicitudot?gx-no-cache=1509452116130 HTTP/1.1" 200 240
186.79.56.55 - - [31/Oct/2017:09:14:50 -0300] "GET /cormun/servlet/solicitudot?0c1cb49f50c2091aee9f6fece1a87f1c8df0faf1c3d3f5e39dfa6b74834c3f7ac2530e534a21c39989bb2d143585c1e1bc76aa7be42cafcb81b647ee36cfa91b5fa5fa05b179b72d05b1a81f85bcb770c199ad2f88fce24c89e9afceb1d3a7170e9514bdfdcd9f1092975f13d447ebc9bcc3a5574a301a28233763af84b9a372cc9d96664bec3fc84b70369ec656778841cbca8e2b11e90b1c397f36e75f2f15752eae6e38e339644a5372b54a5e7e6a77e8b6cc591f64fab8d41239b522253031aaf52a960fce0338f54ca0bdc51beae52529d840a3f52984c265febbe1ddb152482265aef23d2bdd678a3f2471a7c95c91169daa9cbdcaf786cf7a3abc02d4c1d0f9fb7b8904a6053505931d823a0ad5fe0c3b3f2ef203c057c286287042f25489e00714f3933073adfed982b3d2a6dc121b4f919de8fe4b8654e7cc037373efbbdcac721952c6ddd5e15268591ea4b1a775d71affebe8391bd107ce0025ff797b90d8bf31bf171c3241f195707bb5dc20ef5ef2f20b1ef5a42d6372d0a99f,gx-no-cache=1509452119003 HTTP/1.1" 200 30
186.79.56.55 - - [31/Oct/2017:09:14:56 -0300] "POST /cormun/servlet/solicitudot?gx-no-cache=1509452124579 HTTP/1.1" 200 30
186.79.56.55 - - [31/Oct/2017:09:15:12 -0300] "GET /cormun/servlet/prcontratosol?17504128,,,,,MD,,gxPopupLevel%3D0%3B HTTP/1.1" 200 5596
186.79.56.55 - - [31/Oct/2017:09:15:12 -0300] "GET /cormun/static/gxcfg.js?201761413223964 HTTP/1.1" 200 953
186.79.56.55 - - [31/Oct/2017:09:15:12 -0300] "GET /cormun/static/prcontratosol.js?201761413224174 HTTP/1.1" 200 15806
186.79.56.55 - - [31/Oct/2017:09:15:15 -0300] "POST /cormun/servlet/solicitudot?gx-no-cache=1509452143582 HTTP/1.1" 200 1438
186.79.56.55 - - [31/Oct/2017:09:15:15 -0300] "GET /cormun/static/Shared/jqueryui/images/ui-icons_82798d_256x240.png HTTP/1.1" 404 1089
186.79.56.55 - - [31/Oct/2017:09:15:15 -0300] "POST /cormun/servlet/solicitudot?gx-no-cache=1509452143785 HTTP/1.1" 200 117
186.79.56.55 - - [31/Oct/2017:09:15:15 -0300] "GET /cormun/static/Shared/jqueryui/images/ui-bg_flat_55_994d53_40x100.png HTTP/1.1" 404 1097
186.79.56.55 - - [31/Oct/2017:09:15:15 -0300] "GET /cormun/static/Shared/jqueryui/images/ui-icons_ebccce_256x240.png HTTP/1.1" 404 1089
186.79.56.55 - - [31/Oct/2017:09:15:15 -0300] "GET /cormun/servlet/solicitudot?0c1cb49f50c2091aee9f6fece1a87f1c9af3e963e8c5129151a1afc98e3b1daccb33f45f606f3165706d5de29232cdefbf283ac30b9e6b6210d9b3d56bd833b666cdf69c5d00b1abe862a5c0cdc09f5e8918ead944ac7db3ba0b0d318d241c08eff2147655d8e5620a015697aa35b534,gx-no-cache=1509452144058 HTTP/1.1" 200 29
186.79.56.55 - - [31/Oct/2017:09:15:15 -0300] "GET /cormun/static/Shared/jqueryui/images/ui-bg_highlight-soft_100_c6c2c8_1x100.png HTTP/1.1" 404 1117
186.79.56.55 - - [31/Oct/2017:09:15:15 -0300] "GET /cormun/servlet/solicitudot?0c1cb49f50c2091aee9f6fece1a87f1c5a2db248a0deb64c9fa85b0e0356ddf77516001684c89e9447f93355b8d422ffe903fc165790954a2c2536f719d57f681219643dfab8928972c4186123d21fb5961542c63c86f44cc4586ba6a2c62530736b501d7a8f06db38c168c2dceb3a62e5f2411e396921cc92020ddaf3f0f167decef699d5e1f30b8ffc4e16582fdfcb218c47e51d6a8cb65a24e3be3e17b41381d0c6406d8aab2288218d6984a1d7237ee5ca7570e15eeb577e4d94b1e019d6,gx-no-cache=1509452144232 HTTP/1.1" 200 62
186.79.56.55 - - [31/Oct/2017:09:15:15 -0300] "GET /cormun/servlet/solicitudot?0c1cb49f50c2091aee9f6fece1a87f1cdcae03126964c12c484a7680c086c770,gx-no-cache=1509452144406 HTTP/1.1" 200 30
186.103.157.42 - - [31/Oct/2017:09:15:41 -0300] "GET /cormun/servlet/hlogin HTTP/1.1" 200 1722
186.79.56.55 - - [31/Oct/2017:09:15:41 -0300] "POST /cormun/servlet/solicitudot?abde6d80aaaee6c4ca9d838a6fafbfe5,INS,0,0,,gx-no-cache=1509452169628 HTTP/1.1" 200 90
186.79.56.55 - - [31/Oct/2017:09:15:41 -0300] "GET /cormun/servlet/hpexe_link HTTP/1.1" 200 957
186.79.56.55 - - [31/Oct/2017:09:15:42 -0300] "GET /cormun/servlet/trsolicitudot HTTP/1.1" 200 9388
186.79.56.55 - - [31/Oct/2017:09:15:42 -0300] "GET /cormun/servlet/trsolicitudot HTTP/1.1" 200 9387
186.103.157.42 - - [31/Oct/2017:09:15:52 -0300] "POST /cormun/servlet/hlogin?e51429fa21bf48bbf6188028cbf17860,gx-no-cache=1509452179922 HTTP/1.1" 200 90
186.103.157.42 - - [31/Oct/2017:09:15:52 -0300] "GET /cormun/servlet/hpexe_link HTTP/1.1" 200 948
186.103.157.42 - - [31/Oct/2017:09:15:53 -0300] "GET /cormun/servlet/hhome HTTP/1.1" 200 4123
186.103.157.42 - - [31/Oct/2017:09:15:54 -0300] "GET /cormun/servlet/hhome HTTP/1.1" 200 4119
186.103.157.42 - - [31/Oct/2017:09:16:00 -0300] "GET /cormun/servlet/trsolicitudot? HTTP/1.1" 200 7327
186.103.157.42 - - [31/Oct/2017:09:16:01 -0300] "GET /cormun/static/gxcfg.js?20177612135780 HTTP/1.1" 200 953
186.103.157.42 - - [31/Oct/2017:09:16:01 -0300] "GET /cormun/static/trsolicitudot.js?2017761214480 HTTP/1.1" 200 54041
186.103.157.42 - - [31/Oct/2017:09:16:01 -0300] "GET /cormun/servlet/trsolicitudot? HTTP/1.1" 200 7326
186.79.56.55 - - [31/Oct/2017:09:16:30 -0300] "GET /cormun/servlet/solicitudot?INS,0,0, HTTP/1.1" 200 12721
186.79.56.55 - - [31/Oct/2017:09:16:31 -0300] "GET /cormun/servlet/solicitudot?INS,0,0, HTTP/1.1" 200 12726
186.79.56.55 - - [31/Oct/2017:09:16:44 -0300] "POST /cormun/servlet/solicitudot?gx-no-cache=1509452231904 HTTP/1.1" 200 3139
186.79.56.55 - - [31/Oct/2017:09:16:46 -0300] "POST /cormun/servlet/solicitudot?abde6d80aaaee6c4ca9d838a6fafbfe5,INS,0,0,,gx-no-cache=1509452233225 HTTP/1.1" 200 9814
186.79.56.55 - - [31/Oct/2017:09:16:46 -0300] "GET /cormun/servlet/solicitudot?0c1cb49f50c2091aee9f6fece1a87f1cedf269f066dab454f89c33859e4427f3e0513580b0131ac138eb63d5a5c4abed,gx-no-cache=1509452234860 HTTP/1.1" 200 111
186.79.56.55 - - [31/Oct/2017:09:16:46 -0300] "GET /cormun/static/Shared/jqueryui/images/ui-bg_highlight-soft_100_c6c2c8_1x100.png HTTP/1.1" 404 1117
186.79.56.55 - - [31/Oct/2017:09:16:46 -0300] "GET /cormun/static/Shared/jqueryui/images/ui-icons_82798d_256x240.png HTTP/1.1" 404 1089
186.103.157.42 - - [31/Oct/2017:09:16:46 -0300] "GET /cormun/servlet/trsolicitudot? HTTP/1.1" 200 7326
186.79.56.55 - - [31/Oct/2017:09:16:46 -0300] "GET /cormun/static/Shared/jqueryui/images/ui-bg_flat_55_994d53_40x100.png HTTP/1.1" 404 1097
186.79.56.55 - - [31/Oct/2017:09:16:46 -0300] "GET /cormun/static/Shared/jqueryui/images/ui-icons_ebccce_256x240.png HTTP/1.1" 404 1089
186.103.157.42 - - [31/Oct/2017:09:16:47 -0300] "GET /cormun/servlet/trsolicitudot? HTTP/1.1" 200 7326
186.103.157.42 - - [31/Oct/2017:09:16:50 -0300] "GET /cormun/servlet/solicitudot?INS,0,0, HTTP/1.1" 200 13016
186.103.157.42 - - [31/Oct/2017:09:16:50 -0300] "GET /cormun/static/gxcfg.js?201783011173874 HTTP/1.1" 200 953
186.103.157.42 - - [31/Oct/2017:09:16:50 -0300] "GET /cormun/static/solicitudot.js?201783011174088 HTTP/1.1" 200 63803
186.103.157.42 - - [31/Oct/2017:09:16:51 -0300] "GET /cormun/servlet/solicitudot?INS,0,0, HTTP/1.1" 200 13021
186.103.157.42 - - [31/Oct/2017:09:16:54 -0300] "GET /cormun/servlet/prfichaempleado?,MD,,gxPopupLevel%3D0%3B HTTP/1.1" 200 9373
186.103.157.42 - - [31/Oct/2017:09:16:54 -0300] "GET /cormun/static/Resources/PXToolsMenuSearch.png HTTP/1.1" 200 2914
186.103.157.42 - - [31/Oct/2017:09:16:54 -0300] "GET /cormun/static/prfichaempleado.js?20177612134999 HTTP/1.1" 200 16006
186.103.157.42 - - [31/Oct/2017:09:16:54 -0300] "GET /cormun/static/menusearch.js?201610171694467 HTTP/1.1" 200 1424
186.103.157.42 - - [31/Oct/2017:09:16:54 -0300] "GET /cormun/static/hmpwkw011.js?20177612121862 HTTP/1.1" 200 1968
186.103.157.42 - - [31/Oct/2017:09:16:54 -0300] "GET /cormun/static/Resources/PXToolsMenuSearchCancel.png HTTP/1.1" 200 2972
186.103.157.42 - - [31/Oct/2017:09:16:55 -0300] "GET /cormun/static/gxcfg.js?20177612134814 HTTP/1.1" 200 953
186.79.56.55 - - [31/Oct/2017:09:16:57 -0300] "POST /cormun/servlet/solicitudot?gx-no-cache=1509452245766 HTTP/1.1" 200 3141
186.79.56.55 - - [31/Oct/2017:09:16:58 -0300] "POST /cormun/servlet/solicitudot?abde6d80aaaee6c4ca9d838a6fafbfe5,INS,0,0,,gx-no-cache=1509452246349 HTTP/1.1" 200 9868
186.79.56.55 - - [31/Oct/2017:09:16:59 -0300] "GET /cormun/servlet/solicitudot?0c1cb49f50c2091aee9f6fece1a87f1c0adf93c2447cde7e6a483cec4f7b0ec3e0513580b0131ac138eb63d5a5c4abed,gx-no-cache=1509452247434 HTTP/1.1" 200 30
186.103.157.42 - - [31/Oct/2017:09:17:11 -0300] "POST /cormun/servlet/prfichaempleado?e51429fa21bf48bbf6188028cbf17860,,MD,,gxPopupLevel%3D0%3B,gx-no-cache=1509452258455 HTTP/1.1" 200 3415
186.103.157.42 - - [31/Oct/2017:09:17:20 -0300] "GET /cormun/servlet/trsolicitudot? HTTP/1.1" 200 7327
186.103.157.42 - - [31/Oct/2017:09:17:21 -0300] "GET /cormun/servlet/trsolicitudot? HTTP/1.1" 200 7326
186.103.157.42 - - [31/Oct/2017:09:17:36 -0300] "GET /cormun/servlet/trcontratosolicitud? HTTP/1.1" 200 14378
186.103.157.42 - - [31/Oct/2017:09:17:36 -0300] "GET /cormun/static/gxcfg.js?20177612214014 HTTP/1.1" 200 953
186.103.157.42 - - [31/Oct/2017:09:17:36 -0300] "GET /cormun/static/trcontratosolicitud.js?20177612214349 HTTP/1.1" 200 28237
186.103.157.42 - - [31/Oct/2017:09:17:36 -0300] "GET /cormun/servlet/trcontratosolicitud? HTTP/1.1" 200 14397
186.103.157.42 - - [31/Oct/2017:09:17:36 -0300] "GET /cormun//static/Resources/PXToolsGridNew.png HTTP/1.1" 200 2949
186.103.157.42 - - [31/Oct/2017:09:17:58 -0300] "GET /cormun/servlet/solicitudotcontratos?INS,2017,0,18377501,4,2,2017,5029,INTEGRACION,201709,35,B, HTTP/1.1" 200 9824
186.103.157.42 - - [31/Oct/2017:09:17:58 -0300] "GET /cormun/static/gxcfg.js?20177612111053 HTTP/1.1" 200 953
186.103.157.42 - - [31/Oct/2017:09:17:59 -0300] "GET /cormun/static/solicitudotcontratos.js?20177612111155 HTTP/1.1" 200 42908
186.103.157.42 - - [31/Oct/2017:09:18:00 -0300] "GET /cormun/servlet/solicitudotcontratos?INS,2017,0,18377501,4,2,2017,5029,INTEGRACION,201709,35,B, HTTP/1.1" 200 9856
186.103.157.42 - - [31/Oct/2017:09:18:02 -0300] "GET /cormun/servlet/solicitudotcontratos?a7c30f248d80fd38bbab72d4f0a8e932dd44582425ce45ecba76175256633cfe8bedf83afd75e546722249614f934c55,gx-no-cache=1509452309637 HTTP/1.1" 200 30
186.103.157.42 - - [31/Oct/2017:09:18:02 -0300] "GET /cormun/servlet/solicitudotcontratos?a7c30f248d80fd38bbab72d4f0a8e932f2b6f1cd40aaaca67366f7f893c73f494c483eb50ae21f06992a4558a6510af31c841ea578b4187bfb9b29db61f7ca50d460b716b313779764e8a35cdc28e67ffdca74f6be96ac3e88be9de3cd783934783381b492483b0b9af0652db23df022c759a3fefc7e4ee802fb0249e130c623,gx-no-cache=1509452309781 HTTP/1.1" 200 48
186.103.157.42 - - [31/Oct/2017:09:18:02 -0300] "GET /cormun/servlet/solicitudotcontratos?a7c30f248d80fd38bbab72d4f0a8e93202d6e0a8cb93125124908779484f2bdea153707f2ce64571cb52a564ee1418c7,gx-no-cache=1509452309819 HTTP/1.1" 200 30
186.103.157.42 - - [31/Oct/2017:09:18:02 -0300] "GET /cormun/servlet/solicitudotcontratos?a7c30f248d80fd38bbab72d4f0a8e9322a0ef660639ea9ffdb0654acab585acb808d8a4de66dd67be54ec20269ff413033f1546298aa5f6eb22749f4148226021d656510432f5e58c765914523b7365a3ff133d4c5a9a8453ce9f75b6ca586e63fd2234f564bb3643d114538903097f9,gx-no-cache=1509452309854 HTTP/1.1" 200 30
186.103.157.42 - - [31/Oct/2017:09:18:03 -0300] "GET /cormun/servlet/solicitudotcontratos?a7c30f248d80fd38bbab72d4f0a8e932e8c9b22bdc011f8e8f768eccee9f24ada62c5da553d7645de6fb122e64c15b65ea80f7522f5fbc08fb5220d01c400ab053f8aa8fd229d5d4c27c6b36ac042f55ce8f16ac5a5d6c011e4cf45a5bcf283b655634a4a8800a2648eb78a0a39602835743cf913bbce32bfb3882222b7d9815b66a99435140ee7a6740306ab71974976ec071a7f663244b821e39f6fe49f1aee7db507029b53cfd52b835bbab59dc7ee4dd68314c700825afb913e57abf55de2c3d244150855bf7ee1261d48920a4c9162a850bdc5e64e3f285113c677596ee48d838c6f35caf0e52e86dc63487a3432540785250481c0e3ea0321a7c410092fda47a4ef1efb8697d41f8886b4f9a45a83bf6ac92dc7dbf6097b384d0bfb5d4ef8b4a254870ceddcacdd981b90001b40264a7eba12fc64e4282f8d7dcd92856395441753f0ffa9a82db363406df346c2e78b9a3862892963a00ea9b40241648a71f1622a40ab7bfd8d2b2f97daaf0700ec1e5e6308d3e41769c376307282e2fea5886191c40082bb22969fd270a5a40781862f24fb970c2c7b90031b532264932c31614b56f632bcf368f005d298bd862282a958c6838a8dec5b4907b9a1a2511ac9478f44984dc223e520497776fdd4f0f60279291592ed6e66926de01d8a699630c7d1bd80cbdaf1e6b0ccfee807eae92ce1cf76e0ca29d73a2a5cf03fb37f44b94b2bf422ded2252f5fe98eb4a45492b21a8aca39a4979012bb75c9ef2163f788c11934611302d563d657bd7bf8fa83041973d90659761e99f4ff309e690,gx-no-cache=1509452309894 HTTP/1.1" 200 83
186.103.157.42 - - [31/Oct/2017:09:18:11 -0300] "GET /cormun/servlet/trsolicitudot? HTTP/1.1" 200 7327
186.103.157.42 - - [31/Oct/2017:09:18:12 -0300] "GET /cormun/servlet/trsolicitudot? HTTP/1.1" 200 7326
186.103.157.42 - - [31/Oct/2017:09:18:14 -0300] "GET /cormun/servlet/solicitudot?INS,0,0, HTTP/1.1" 200 13013
186.103.157.42 - - [31/Oct/2017:09:18:15 -0300] "GET /cormun/servlet/solicitudot?INS,0,0, HTTP/1.1" 200 13018
186.103.157.42 - - [31/Oct/2017:09:18:19 -0300] "POST /cormun/servlet/solicitudot?gx-no-cache=1509452326201 HTTP/1.1" 200 3238
186.103.157.42 - - [31/Oct/2017:09:18:19 -0300] "POST /cormun/servlet/solicitudot?e51429fa21bf48bbf6188028cbf17860,INS,0,0,,gx-no-cache=1509452326425 HTTP/1.1" 200 10110
186.103.157.42 - - [31/Oct/2017:09:18:19 -0300] "GET /cormun/servlet/solicitudot?a7c30f248d80fd38bbab72d4f0a8e932dd44582425ce45ecba76175256633cfe3fd2234f564bb3643d114538903097f9,gx-no-cache=1509452326779 HTTP/1.1" 200 30
186.103.157.42 - - [31/Oct/2017:09:18:21 -0300] "POST /cormun/servlet/solicitudot?gx-no-cache=1509452328261 HTTP/1.1" 200 255
186.79.56.55 - - [31/Oct/2017:09:18:21 -0300] "POST /cormun/servlet/solicitudot?gx-no-cache=1509452329638 HTTP/1.1" 200 240
186.103.157.42 - - [31/Oct/2017:09:18:21 -0300] "GET /cormun/servlet/solicitudot?a7c30f248d80fd38bbab72d4f0a8e9328c2b80752962e0419b24bbc6c88e61fb7e1618fbd7c8991f52f72af24387014ad93e00c8f8e6299cf62b2cc06d0bd8e97e8989cbca5526131fc36bf5a2336ef4abd09db2e56c34bc5530507e6de4747f543529ef58cfe8e37d56693c55d2150d5e1571b916f0eed7cb439d7a95aaa7427da27782075a885b8bfe42690975f2db3be28c25c401d8aee2946f158cc8b2e77132cc6d4a2409e72c96147bf7e61f31e7d73499ed7f1fa07bc842671281efbc3d332f74211f756ce1248cf872389c9cb6c0e0589128a9e29d26245f8037831cbfb0c109e781b4361f24d9cff51ca3ecc7afdb2113b463c1e2e1c5ec994b279b4a6e43845ad9bea072b4e67d51516cd3500474bf32c57b8870c6368c67d79958c6051e0f9823ee610b8a1d9848bbab13524d08654bfa61c004fad7b6b7a8dd9a8db00f0bc3913cc8a439003fcd49a2379205928c1cfa82880dbbeb0f67904945176b6c8301493ec1600f7cb9a947cf8f5eaa89b61eff57958acda939df81152e,gx-no-cache=1509452328349 HTTP/1.1" 200 30
186.79.56.55 - - [31/Oct/2017:09:18:23 -0300] "GET /cormun/servlet/solicitudot?0c1cb49f50c2091aee9f6fece1a87f1c8df0faf1c3d3f5e39dfa6b74834c3f7ac2530e534a21c39989bb2d143585c1e1bc76aa7be42cafcb81b647ee36cfa91b5fa5fa05b179b72d05b1a81f85bcb770c199ad2f88fce24c89e9afceb1d3a7170e9514bdfdcd9f1092975f13d447ebc9bcc3a5574a301a28233763af84b9a372cc9d96664bec3fc84b70369ec656778841cbca8e2b11e90b1c397f36e75f2f15752eae6e38e339644a5372b54a5e7e6a77e8b6cc591f64fab8d41239b522253031aaf52a960fce0338f54ca0bdc51beae52529d840a3f52984c265febbe1ddb152482265aef23d2bdd678a3f2471a7c95c91169daa9cbdcaf786cf7a3abc02d4c1d0f9fb7b8904a6053505931d823a0ad5fe0c3b3f2ef203c057c286287042f25489e00714f3933073adfed982b3d2a6dc121b4f919de8fe4b8654e7cc037373efbbdcac721952c6ddd5e15268591ea4b1a775d71affebe8391bd107ce0025ff797b90d8bf31bf171c3241f195707bb5dc20ef5ef2f20b1ef5a42d6372d0a99f,gx-no-cache=1509452332271 HTTP/1.1" 200 30
186.79.56.55 - - [31/Oct/2017:09:18:25 -0300] "POST /cormun/servlet/solicitudot?gx-no-cache=1509452333822 HTTP/1.1" 200 30
186.103.157.42 - - [31/Oct/2017:09:18:28 -0300] "POST /cormun/servlet/solicitudot?gx-no-cache=1509452335288 HTTP/1.1" 200 30
186.103.157.42 - - [31/Oct/2017:09:18:33 -0300] "POST /cormun/servlet/solicitudot?gx-no-cache=1509452340284 HTTP/1.1" 200 1359
186.103.157.42 - - [31/Oct/2017:09:18:33 -0300] "POST /cormun/servlet/solicitudot?gx-no-cache=1509452340422 HTTP/1.1" 200 38
186.79.56.55 - - [31/Oct/2017:09:18:47 -0300] "POST /cormun/servlet/solicitudot?gx-no-cache=1509452355254 HTTP/1.1" 200 1359
186.79.56.55 - - [31/Oct/2017:09:18:49 -0300] "GET /cormun/servlet/prlicenciaspermisos?13944404,L,,MD,,gxPopupLevel%3D0%3B HTTP/1.1" 200 5753
186.79.56.55 - - [31/Oct/2017:09:18:56 -0300] "POST /cormun/servlet/solicitudot?gx-no-cache=1509452364531 HTTP/1.1" 200 40
186.103.157.42 - - [31/Oct/2017:09:18:59 -0300] "GET /cormun/servlet/solicitudot?a7c30f248d80fd38bbab72d4f0a8e932c7b1deff09a1b42385fefe9d95a5fbe6dfca340d4f70f39292932676e5974710f5b89c7c45b0a73977ace40d16eac6cf9dbf2f097b7e4deef64e435b7949b1ac40d51cf39d6270de8d62addb6a64d17e0456d60b7dbb1fc103458ff0adee90d06a73c08c70b91129d999aa9efb635e379e0826b6eacae2744b089f068359c0c3d7568083c92af1cd2e50dffe98e6125d,gx-no-cache=1509452366146 HTTP/1.1" 200 29
186.103.157.42 - - [31/Oct/2017:09:18:59 -0300] "POST /cormun/servlet/solicitudot?gx-no-cache=1509452366347 HTTP/1.1" 200 1341
186.103.157.42 - - [31/Oct/2017:09:19:05 -0300] "GET /cormun/static/menuarrow.gif HTTP/1.1" 404 1015
186.103.157.42 - - [31/Oct/2017:09:19:10 -0300] "GET /cormun/servlet/solicitudot?a7c30f248d80fd38bbab72d4f0a8e932508947f1565f5185f653e7f701b7eb0d517c0db5b9c6dd21b49148d1898e1463,gx-no-cache=1509452377185 HTTP/1.1" 200 30
186.103.157.42 - - [31/Oct/2017:09:19:16 -0300] "GET /cormun/servlet/solicitudot?a7c30f248d80fd38bbab72d4f0a8e932508947f1565f5185f653e7f701b7eb0d2e0a779c2ee2fff5b2caf4c3066ab243,gx-no-cache=1509452383400 HTTP/1.1" 200 30
186.79.56.55 - - [31/Oct/2017:09:19:29 -0300] "GET /cormun/servlet/solicitudot?0c1cb49f50c2091aee9f6fece1a87f1c9af3e963e8c5129151a1afc98e3b1daccb33f45f606f3165706d5de29232cdefbf283ac30b9e6b6210d9b3d56bd833b666cdf69c5d00b1abe862a5c0cdc09f5e8918ead944ac7db3ba0b0d318d241c08eff2147655d8e5620a015697aa35b534,gx-no-cache=1509452398111 HTTP/1.1" 200 29
186.79.56.55 - - [31/Oct/2017:09:19:30 -0300] "POST /cormun/servlet/solicitudot?gx-no-cache=1509452398327 HTTP/1.1" 200 1342
186.79.56.55 - - [31/Oct/2017:09:19:36 -0300] "GET /cormun/servlet/solicitudot?0c1cb49f50c2091aee9f6fece1a87f1c84b2bd7139daeeb51c9a846f3a99f22df81b3238c0acf48240fb3bd38c4ec735,gx-no-cache=1509452404519 HTTP/1.1" 200 30
186.79.56.55 - - [31/Oct/2017:09:19:38 -0300] "POST /cormun/servlet/solicitudot?gx-no-cache=1509452406775 HTTP/1.1" 200 32
186.79.56.55 - - [31/Oct/2017:09:20:22 -0300] "POST /cormun/servlet/solicitudot?abde6d80aaaee6c4ca9d838a6fafbfe5,INS,0,0,,gx-no-cache=1509452449686 HTTP/1.1" 200 93
186.79.56.55 - - [31/Oct/2017:09:20:22 -0300] "GET /cormun/servlet/hpexe_return? HTTP/1.1" 200 1003
186.79.56.55 - - [31/Oct/2017:09:20:22 -0300] "GET /cormun/servlet/trsolicitudot HTTP/1.1" 200 9676
186.103.159.46 - - [31/Oct/2017:09:20:23 -0300] "GET /cormun/servlet/hhome HTTP/1.1" 200 3375
186.79.56.55 - - [31/Oct/2017:09:20:23 -0300] "GET /cormun/servlet/trsolicitudot HTTP/1.1" 200 9672
186.103.159.46 - - [31/Oct/2017:09:20:24 -0300] "GET /cormun/static/messages.spa.js?85251 HTTP/1.1" 304 -
186.103.157.42 - - [31/Oct/2017:09:20:24 -0300] "POST /cormun/servlet/solicitudot?gx-no-cache=1509452451547 HTTP/1.1" 200 30
186.103.159.46 - - [31/Oct/2017:09:20:25 -0300] "GET /cormun/servlet/hhome HTTP/1.1" 200 3385
186.103.159.46 - - [31/Oct/2017:09:20:25 -0300] "GET /cormun/servlet/hlogin HTTP/1.1" 200 1730
186.79.56.55 - - [31/Oct/2017:09:20:29 -0300] "POST /cormun/servlet/trsolicitudot?abde6d80aaaee6c4ca9d838a6fafbfe5,gx-no-cache=1509452457664 HTTP/1.1" 200 106
186.79.56.55 - - [31/Oct/2017:09:20:29 -0300] "GET /cormun/servlet/trsolicitudadjuntos?2017,7592, HTTP/1.1" 200 5919
186.79.56.55 - - [31/Oct/2017:09:20:29 -0300] "GET /cormun/static/gxcfg.js?20177612135366 HTTP/1.1" 200 953
186.79.56.55 - - [31/Oct/2017:09:20:30 -0300] "GET /cormun/static/trsolicitudadjuntos.js?20177612135632 HTTP/1.1" 200 17922
186.79.56.55 - - [31/Oct/2017:09:20:30 -0300] "GET /cormun/servlet/trsolicitudadjuntos?2017,7592, HTTP/1.1" 200 5919
186.79.56.55 - - [31/Oct/2017:09:20:33 -0300] "GET /cormun/servlet/solicitudotadjuntos?INS,2017,7592,,1, HTTP/1.1" 200 5865
186.79.56.55 - - [31/Oct/2017:09:20:33 -0300] "GET /cormun/static/gxcfg.js?2017761244068 HTTP/1.1" 200 953
186.79.56.55 - - [31/Oct/2017:09:20:33 -0300] "GET /cormun/static/solicitudotadjuntos.js?2017761244086 HTTP/1.1" 200 11771
186.79.56.55 - - [31/Oct/2017:09:20:34 -0300] "GET /cormun/static/about:blank HTTP/1.1" 404 1011
186.79.56.55 - - [31/Oct/2017:09:20:34 -0300] "GET /cormun/servlet/solicitudotadjuntos?INS,2017,7592,,1, HTTP/1.1" 200 5859
186.79.56.55 - - [31/Oct/2017:09:20:34 -0300] "GET /cormun/servlet/solicitudotadjuntos?0c1cb49f50c2091aee9f6fece1a87f1c45f62433ae8e59af0bb9d8190e3eef02da4fab388b2f49908fd96a16e69b771a,gx-no-cache=1509452463282 HTTP/1.1" 200 30
186.79.56.55 - - [31/Oct/2017:09:20:36 -0300] "POST /cormun/servlet/solicitudotadjuntos?abde6d80aaaee6c4ca9d838a6fafbfe5,INS,2017,7592,,1,,gx-no-cache=1509452463422 HTTP/1.1" 200 3700
186.79.56.55 - - [31/Oct/2017:09:20:38 -0300] "POST /cormun/servlet/solicitudotadjuntos?gx-no-cache=1509452467194 HTTP/1.1" 200 26
186.103.159.46 - - [31/Oct/2017:09:20:46 -0300] "POST /cormun/servlet/hlogin?6d55f6d6db2d599715c39d1e81b05465,gx-no-cache=1509452473019 HTTP/1.1" 200 448
186.103.157.42 - - [31/Oct/2017:09:20:50 -0300] "POST /cormun/servlet/solicitudot?e51429fa21bf48bbf6188028cbf17860,INS,0,0,,gx-no-cache=1509452474031 HTTP/1.1" 200 93
186.103.157.42 - - [31/Oct/2017:09:20:50 -0300] "GET /cormun/servlet/hpexe_return? HTTP/1.1" 200 1004
186.103.157.42 - - [31/Oct/2017:09:20:50 -0300] "GET /cormun/servlet/trsolicitudot HTTP/1.1" 200 8698
186.103.157.42 - - [31/Oct/2017:09:20:51 -0300] "GET /cormun//static/Resources/PXToolsActionView.png HTTP/1.1" 200 2995
186.103.157.42 - - [31/Oct/2017:09:20:51 -0300] "GET /cormun/servlet/trsolicitudot HTTP/1.1" 200 8696
186.103.157.42 - - [31/Oct/2017:09:20:51 -0300] "GET /cormun//static/Resources/PXToolsRemoveAllAction.png HTTP/1.1" 200 3558
186.79.56.55 - - [31/Oct/2017:09:20:56 -0300] "GET /cormun/servlet/solicitudotadjuntos?0c1cb49f50c2091aee9f6fece1a87f1c469769d06a6854ae73e77ed980fa1410,gx-no-cache=1509452484907 HTTP/1.1" 200 30
186.79.56.55 - - [31/Oct/2017:09:20:56 -0300] "GET /cormun/servlet/solicitudotadjuntos?0c1cb49f50c2091aee9f6fece1a87f1c469769d06a6854ae73e77ed980fa1410,gx-no-cache=1509452485012 HTTP/1.1" 200 30
186.103.157.42 - - [31/Oct/2017:09:20:58 -0300] "POST /cormun/servlet/trsolicitudot?e51429fa21bf48bbf6188028cbf17860,gx-no-cache=1509452484859 HTTP/1.1" 200 5771
186.103.157.42 - - [31/Oct/2017:09:20:58 -0300] "GET /cormun/static/Shared/jqueryui/images/ui-bg_highlight-soft_100_c6c2c8_1x100.png HTTP/1.1" 404 1117
186.103.157.42 - - [31/Oct/2017:09:20:58 -0300] "GET /cormun/static/Shared/jqueryui/images/ui-icons_82798d_256x240.png HTTP/1.1" 404 1089
186.103.157.42 - - [31/Oct/2017:09:20:58 -0300] "GET /cormun/static/Shared/jqueryui/images/ui-bg_flat_55_fafafa_40x100.png HTTP/1.1" 404 1097
186.103.157.42 - - [31/Oct/2017:09:20:58 -0300] "GET /cormun/static/Shared/jqueryui/images/ui-icons_8d78a5_256x240.png HTTP/1.1" 404 1089
186.103.157.42 - - [31/Oct/2017:09:20:59 -0300] "POST /cormun/servlet/trsolicitudot?e51429fa21bf48bbf6188028cbf17860,gx-no-cache=1509452485824 HTTP/1.1" 200 5716
186.79.56.55 - - [31/Oct/2017:09:20:59 -0300] "POST /cormun/servlet/solicitudotadjuntos?abde6d80aaaee6c4ca9d838a6fafbfe5,INS,2017,7592,,1, HTTP/1.1" 200 116
186.79.56.55 - - [31/Oct/2017:09:21:00 -0300] "GET /cormun/servlet/hpexe_return? HTTP/1.1" 200 1023
186.79.56.55 - - [31/Oct/2017:09:21:00 -0300] "GET /cormun/servlet/trsolicitudadjuntos?2017,7592, HTTP/1.1" 200 8211
186.79.56.55 - - [31/Oct/2017:09:21:01 -0300] "GET /cormun/servlet/trsolicitudadjuntos?2017,7592, HTTP/1.1" 200 8189
186.103.157.42 - - [31/Oct/2017:09:21:01 -0300] "GET /cormun/servlet/trautorizarsolicitud? HTTP/1.1" 200 8340
186.103.157.42 - - [31/Oct/2017:09:21:02 -0300] "GET /cormun/static/trautorizarsolicitud.js?201742612414370 HTTP/1.1" 200 53910
186.103.157.42 - - [31/Oct/2017:09:21:02 -0300] "GET /cormun/static/gxcfg.js?20174261241362 HTTP/1.1" 200 953
186.103.157.42 - - [31/Oct/2017:09:21:02 -0300] "GET /cormun/static/Resources/Spanish/PXTools.css?11294912 HTTP/1.1" 200 89042
186.103.159.46 - - [31/Oct/2017:09:21:02 -0300] "POST /cormun/servlet/hlogin?6d55f6d6db2d599715c39d1e81b05465,gx-no-cache=1509452489429 HTTP/1.1" 200 448
186.103.157.42 - - [31/Oct/2017:09:21:03 -0300] "GET /cormun/servlet/trautorizarsolicitud? HTTP/1.1" 200 8340
186.79.56.55 - - [31/Oct/2017:09:21:04 -0300] "GET /cormun/servlet/solicitudotadjuntos?INS,2017,7592,,1, HTTP/1.1" 200 5866
186.79.56.55 - - [31/Oct/2017:09:21:05 -0300] "GET /cormun/static/about:blank HTTP/1.1" 404 1011
186.79.56.55 - - [31/Oct/2017:09:21:05 -0300] "GET /cormun/servlet/solicitudotadjuntos?INS,2017,7592,,1, HTTP/1.1" 200 5860
186.79.56.55 - - [31/Oct/2017:09:21:05 -0300] "GET /cormun/servlet/solicitudotadjuntos?0c1cb49f50c2091aee9f6fece1a87f1c45f62433ae8e59af0bb9d8190e3eef02da4fab388b2f49908fd96a16e69b771a,gx-no-cache=1509452494109 HTTP/1.1" 200 30
186.79.56.55 - - [31/Oct/2017:09:21:06 -0300] "POST /cormun/servlet/solicitudotadjuntos?abde6d80aaaee6c4ca9d838a6fafbfe5,INS,2017,7592,,1,,gx-no-cache=1509452494224 HTTP/1.1" 200 3698
186.103.157.42 - - [31/Oct/2017:09:21:06 -0300] "POST /cormun/servlet/trautorizarsolicitud?e51429fa21bf48bbf6188028cbf17860,,gx-no-cache=1509452492688 HTTP/1.1" 200 4380
186.103.157.42 - - [31/Oct/2017:09:21:07 -0300] "POST /cormun/servlet/trautorizarsolicitud?e51429fa21bf48bbf6188028cbf17860,,gx-no-cache=1509452493508 HTTP/1.1" 200 4156
186.79.56.55 - - [31/Oct/2017:09:21:10 -0300] "POST /cormun/servlet/solicitudotadjuntos?gx-no-cache=1509452498564 HTTP/1.1" 200 26
186.103.157.42 - - [31/Oct/2017:09:21:11 -0300] "GET /cormun/servlet/trfichaempleado? HTTP/1.1" 200 14287
186.79.56.55 - - [31/Oct/2017:09:21:17 -0300] "GET /cormun/servlet/solicitudotadjuntos?0c1cb49f50c2091aee9f6fece1a87f1c469769d06a6854ae73e77ed980fa1410,gx-no-cache=1509452505897 HTTP/1.1" 200 30
186.79.56.55 - - [31/Oct/2017:09:21:17 -0300] "GET /cormun/servlet/solicitudotadjuntos?0c1cb49f50c2091aee9f6fece1a87f1c469769d06a6854ae73e77ed980fa1410,gx-no-cache=1509452506002 HTTP/1.1" 200 30
186.79.56.55 - - [31/Oct/2017:09:21:19 -0300] "POST /cormun/servlet/solicitudotadjuntos?abde6d80aaaee6c4ca9d838a6fafbfe5,INS,2017,7592,,1, HTTP/1.1" 200 116
186.79.56.55 - - [31/Oct/2017:09:21:20 -0300] "GET /cormun/servlet/hpexe_return? HTTP/1.1" 200 1023
186.79.56.55 - - [31/Oct/2017:09:21:20 -0300] "GET /cormun/servlet/trsolicitudadjuntos?2017,7592, HTTP/1.1" 200 8438
186.79.56.55 - - [31/Oct/2017:09:21:20 -0300] "GET /cormun/servlet/trsolicitudadjuntos?2017,7592, HTTP/1.1" 200 8437
186.79.56.55 - - [31/Oct/2017:09:21:22 -0300] "GET /cormun/servlet/solicitudotadjuntos?INS,2017,7592,,1, HTTP/1.1" 200 5866
186.79.56.55 - - [31/Oct/2017:09:21:23 -0300] "GET /cormun/static/about:blank HTTP/1.1" 404 1011
186.79.56.55 - - [31/Oct/2017:09:21:23 -0300] "GET /cormun/servlet/solicitudotadjuntos?INS,2017,7592,,1, HTTP/1.1" 200 5860
186.79.56.55 - - [31/Oct/2017:09:21:23 -0300] "GET /cormun/servlet/solicitudotadjuntos?0c1cb49f50c2091aee9f6fece1a87f1c45f62433ae8e59af0bb9d8190e3eef02da4fab388b2f49908fd96a16e69b771a,gx-no-cache=1509452512421 HTTP/1.1" 200 30
186.79.56.55 - - [31/Oct/2017:09:21:24 -0300] "POST /cormun/servlet/solicitudotadjuntos?abde6d80aaaee6c4ca9d838a6fafbfe5,INS,2017,7592,,1,,gx-no-cache=1509452512520 HTTP/1.1" 200 3698
186.103.159.46 - - [31/Oct/2017:09:21:25 -0300] "POST /cormun/servlet/hlogin?6d55f6d6db2d599715c39d1e81b05465,gx-no-cache=1509452512176 HTTP/1.1" 200 90
186.103.159.46 - - [31/Oct/2017:09:21:25 -0300] "GET /cormun/servlet/hpexe_link HTTP/1.1" 200 949
186.103.159.46 - - [31/Oct/2017:09:21:26 -0300] "GET /cormun/servlet/hhome HTTP/1.1" 200 3841
186.103.159.46 - - [31/Oct/2017:09:21:28 -0300] "GET /cormun/servlet/hhome HTTP/1.1" 200 3838
186.79.56.55 - - [31/Oct/2017:09:21:31 -0300] "POST /cormun/servlet/solicitudotadjuntos?gx-no-cache=1509452519695 HTTP/1.1" 200 26
186.79.56.55 - - [31/Oct/2017:09:21:40 -0300] "GET /cormun/servlet/solicitudotadjuntos?0c1cb49f50c2091aee9f6fece1a87f1c469769d06a6854ae73e77ed980fa1410,gx-no-cache=1509452528930 HTTP/1.1" 200 30
186.79.56.55 - - [31/Oct/2017:09:21:40 -0300] "GET /cormun/servlet/solicitudotadjuntos?0c1cb49f50c2091aee9f6fece1a87f1c469769d06a6854ae73e77ed980fa1410,gx-no-cache=1509452529025 HTTP/1.1" 200 30
186.103.159.46 - - [31/Oct/2017:09:21:40 -0300] "GET /cormun/servlet/hhome HTTP/1.1" 200 3373
186.79.56.55 - - [31/Oct/2017:09:21:41 -0300] "POST /cormun/servlet/solicitudotadjuntos?abde6d80aaaee6c4ca9d838a6fafbfe5,INS,2017,7592,,1, HTTP/1.1" 200 116
186.79.56.55 - - [31/Oct/2017:09:21:41 -0300] "GET /cormun/servlet/hpexe_return? HTTP/1.1" 200 1023
186.79.56.55 - - [31/Oct/2017:09:21:42 -0300] "GET /cormun/servlet/trsolicitudadjuntos?2017,7592, HTTP/1.1" 200 8605
186.79.56.55 - - [31/Oct/2017:09:21:43 -0300] "GET /cormun/servlet/trsolicitudadjuntos?2017,7592, HTTP/1.1" 200 8605
186.103.159.46 - - [31/Oct/2017:09:21:43 -0300] "GET /cormun/servlet/hhome HTTP/1.1" 200 3384
186.103.159.46 - - [31/Oct/2017:09:21:43 -0300] "GET /cormun/servlet/hlogin HTTP/1.1" 200 1728
186.79.56.55 - - [31/Oct/2017:09:21:46 -0300] "GET /cormun/servlet/solicitudotadjuntos?INS,2017,7592,,1, HTTP/1.1" 200 5866
186.79.56.55 - - [31/Oct/2017:09:21:47 -0300] "GET /cormun/static/about:blank HTTP/1.1" 404 1011
186.79.56.55 - - [31/Oct/2017:09:21:47 -0300] "GET /cormun/servlet/solicitudotadjuntos?INS,2017,7592,,1, HTTP/1.1" 200 5860
186.79.56.55 - - [31/Oct/2017:09:21:47 -0300] "GET /cormun/servlet/solicitudotadjuntos?0c1cb49f50c2091aee9f6fece1a87f1c45f62433ae8e59af0bb9d8190e3eef02da4fab388b2f49908fd96a16e69b771a,gx-no-cache=1509452536349 HTTP/1.1" 200 30
186.79.56.55 - - [31/Oct/2017:09:21:48 -0300] "POST /cormun/servlet/solicitudotadjuntos?abde6d80aaaee6c4ca9d838a6fafbfe5,INS,2017,7592,,1,,gx-no-cache=1509452536474 HTTP/1.1" 200 3698
186.79.56.55 - - [31/Oct/2017:09:21:52 -0300] "POST /cormun/servlet/solicitudotadjuntos?gx-no-cache=1509452541076 HTTP/1.1" 200 26
186.103.159.46 - - [31/Oct/2017:09:21:56 -0300] "GET /cormun/servlet/trvisualizadoreventos? HTTP/1.1" 200 6577
186.103.159.46 - - [31/Oct/2017:09:21:56 -0300] "GET /cormun/static/gxcfg.js?20175251251426 HTTP/1.1" 200 953
186.103.159.46 - - [31/Oct/2017:09:21:56 -0300] "GET /cormun/static/trvisualizadoreventos.js?20175251251768 HTTP/1.1" 200 19318
186.103.159.46 - - [31/Oct/2017:09:21:57 -0300] "GET /cormun/static/Resources/PXToolsActionPrint.png HTTP/1.1" 200 3317
186.103.159.46 - - [31/Oct/2017:09:21:57 -0300] "POST /cormun/servlet/hlogin?89c6f50973c17bbff02fe8a36f508698,gx-no-cache=1509452543923 HTTP/1.1" 200 90
186.103.159.46 - - [31/Oct/2017:09:21:57 -0300] "GET /cormun/servlet/hpexe_link HTTP/1.1" 200 948
186.103.159.46 - - [31/Oct/2017:09:21:57 -0300] "GET /cormun/servlet/hhome HTTP/1.1" 200 4066
186.103.159.46 - - [31/Oct/2017:09:21:58 -0300] "GET /cormun/servlet/trvisualizadoreventos? HTTP/1.1" 200 6576
186.103.159.46 - - [31/Oct/2017:09:21:58 -0300] "GET /cormun/servlet/hhome HTTP/1.1" 200 4064
186.103.159.46 - - [31/Oct/2017:09:22:01 -0300] "GET /cormun/static/menuarrow.gif HTTP/1.1" 404 1015
186.79.56.55 - - [31/Oct/2017:09:22:04 -0300] "GET /cormun/servlet/solicitudotadjuntos?0c1cb49f50c2091aee9f6fece1a87f1c469769d06a6854ae73e77ed980fa1410,gx-no-cache=1509452552629 HTTP/1.1" 200 30
186.79.56.55 - - [31/Oct/2017:09:22:04 -0300] "GET /cormun/servlet/solicitudotadjuntos?0c1cb49f50c2091aee9f6fece1a87f1c469769d06a6854ae73e77ed980fa1410,gx-no-cache=1509452552741 HTTP/1.1" 200 30
186.79.56.55 - - [31/Oct/2017:09:22:05 -0300] "POST /cormun/servlet/solicitudotadjuntos?abde6d80aaaee6c4ca9d838a6fafbfe5,INS,2017,7592,,1, HTTP/1.1" 200 116
186.79.56.55 - - [31/Oct/2017:09:22:05 -0300] "GET /cormun/servlet/hpexe_return? HTTP/1.1" 200 1023
186.79.56.55 - - [31/Oct/2017:09:22:05 -0300] "GET /cormun/servlet/trsolicitudadjuntos?2017,7592, HTTP/1.1" 200 8764
186.79.56.55 - - [31/Oct/2017:09:22:06 -0300] "GET /cormun/servlet/trsolicitudadjuntos?2017,7592, HTTP/1.1" 200 8764
186.79.56.55 - - [31/Oct/2017:09:22:08 -0300] "GET /cormun/servlet/solicitudotadjuntos?INS,2017,7592,,1, HTTP/1.1" 200 5865
186.103.159.46 - - [31/Oct/2017:09:22:08 -0300] "GET /cormun/servlet/trcontratosolicitud? HTTP/1.1" 200 14932
186.79.56.55 - - [31/Oct/2017:09:22:09 -0300] "GET /cormun/static/about:blank HTTP/1.1" 404 1011
186.79.56.55 - - [31/Oct/2017:09:22:09 -0300] "GET /cormun/servlet/solicitudotadjuntos?INS,2017,7592,,1, HTTP/1.1" 200 5859
186.79.56.55 - - [31/Oct/2017:09:22:09 -0300] "GET /cormun/servlet/solicitudotadjuntos?0c1cb49f50c2091aee9f6fece1a87f1c45f62433ae8e59af0bb9d8190e3eef02da4fab388b2f49908fd96a16e69b771a,gx-no-cache=1509452558249 HTTP/1.1" 200 30
186.79.56.55 - - [31/Oct/2017:09:22:10 -0300] "POST /cormun/servlet/solicitudotadjuntos?abde6d80aaaee6c4ca9d838a6fafbfe5,INS,2017,7592,,1,,gx-no-cache=1509452558322 HTTP/1.1" 200 3698
186.103.159.46 - - [31/Oct/2017:09:22:10 -0300] "GET /cormun/static/gxcfg.js?20177612214014 HTTP/1.1" 200 953
186.103.159.46 - - [31/Oct/2017:09:22:10 -0300] "GET /cormun/static/trcontratosolicitud.js?20177612214349 HTTP/1.1" 200 28237
186.103.159.46 - - [31/Oct/2017:09:22:11 -0300] "GET /cormun/servlet/trcontratosolicitud? HTTP/1.1" 200 14912
186.103.159.46 - - [31/Oct/2017:09:22:11 -0300] "GET /cormun//static/Resources/PXToolsGridNew.png HTTP/1.1" 200 2949
186.103.159.46 - - [31/Oct/2017:09:22:17 -0300] "GET /cormun/servlet/trcontratosolicitud? HTTP/1.1" 200 14924
186.103.159.46 - - [31/Oct/2017:09:22:18 -0300] "GET /cormun/servlet/trcontratosolicitud? HTTP/1.1" 200 14929
186.103.159.46 - - [31/Oct/2017:09:22:27 -0300] "POST /cormun/servlet/trcontratosolicitud?89c6f50973c17bbff02fe8a36f508698,,gx-no-cache=1509452571312 HTTP/1.1" 200 12604
186.103.159.46 - - [31/Oct/2017:09:22:28 -0300] "GET /cormun/static/Resources/PXToolsGridNext.gif HTTP/1.1" 200 369
186.103.159.46 - - [31/Oct/2017:09:22:28 -0300] "GET /cormun/static/Resources/PXToolsGridLast.gif HTTP/1.1" 200 370
186.79.56.55 - - [31/Oct/2017:09:22:33 -0300] "POST /cormun/servlet/solicitudotadjuntos?gx-no-cache=1509452581343 HTTP/1.1" 200 26
186.103.159.46 - - [31/Oct/2017:09:22:37 -0300] "POST /cormun/servlet/trcontratosolicitud?89c6f50973c17bbff02fe8a36f508698,,gx-no-cache=1509452581431 HTTP/1.1" 200 12208
186.103.159.46 - - [31/Oct/2017:09:22:37 -0300] "GET /cormun/static/Resources/PXToolsGridPrevious.gif HTTP/1.1" 200 369
186.103.159.46 - - [31/Oct/2017:09:22:38 -0300] "GET /cormun/static/Resources/PXToolsGridFirst.gif HTTP/1.1" 200 379
186.79.56.55 - - [31/Oct/2017:09:22:39 -0300] "GET /cormun/servlet/solicitudotadjuntos?0c1cb49f50c2091aee9f6fece1a87f1c469769d06a6854ae73e77ed980fa1410,gx-no-cache=1509452587826 HTTP/1.1" 200 30
186.79.56.55 - - [31/Oct/2017:09:22:39 -0300] "GET /cormun/servlet/solicitudotadjuntos?0c1cb49f50c2091aee9f6fece1a87f1c469769d06a6854ae73e77ed980fa1410,gx-no-cache=1509452587938 HTTP/1.1" 200 30
186.79.56.55 - - [31/Oct/2017:09:22:43 -0300] "POST /cormun/servlet/solicitudotadjuntos?abde6d80aaaee6c4ca9d838a6fafbfe5,INS,2017,7592,,1, HTTP/1.1" 200 116
186.79.56.55 - - [31/Oct/2017:09:22:43 -0300] "GET /cormun/servlet/hpexe_return? HTTP/1.1" 200 1023
186.79.56.55 - - [31/Oct/2017:09:22:44 -0300] "GET /cormun/servlet/trsolicitudadjuntos?2017,7592, HTTP/1.1" 200 9008
186.79.56.55 - - [31/Oct/2017:09:22:45 -0300] "GET /cormun/servlet/trsolicitudadjuntos?2017,7592, HTTP/1.1" 200 9006
186.79.56.55 - - [31/Oct/2017:09:22:56 -0300] "GET /cormun/servlet/solicitudotadjuntos?INS,2017,7592,,1, HTTP/1.1" 200 5864
186.79.56.55 - - [31/Oct/2017:09:22:56 -0300] "GET /cormun/static/about:blank HTTP/1.1" 404 1011
186.79.56.55 - - [31/Oct/2017:09:22:56 -0300] "GET /cormun/servlet/solicitudotadjuntos?INS,2017,7592,,1, HTTP/1.1" 200 5858
186.79.56.55 - - [31/Oct/2017:09:22:57 -0300] "GET /cormun/servlet/solicitudotadjuntos?0c1cb49f50c2091aee9f6fece1a87f1c45f62433ae8e59af0bb9d8190e3eef02da4fab388b2f49908fd96a16e69b771a,gx-no-cache=1509452605719 HTTP/1.1" 200 30
186.79.56.55 - - [31/Oct/2017:09:22:58 -0300] "POST /cormun/servlet/solicitudotadjuntos?abde6d80aaaee6c4ca9d838a6fafbfe5,INS,2017,7592,,1,,gx-no-cache=1509452605859 HTTP/1.1" 200 3698
186.79.56.55 - - [31/Oct/2017:09:23:02 -0300] "POST /cormun/servlet/solicitudotadjuntos?gx-no-cache=1509452610161 HTTP/1.1" 200 26
186.79.56.55 - - [31/Oct/2017:09:23:09 -0300] "GET /cormun/servlet/solicitudotadjuntos?0c1cb49f50c2091aee9f6fece1a87f1c469769d06a6854ae73e77ed980fa1410,gx-no-cache=1509452617106 HTTP/1.1" 200 30
186.79.56.55 - - [31/Oct/2017:09:23:10 -0300] "GET /cormun/servlet/solicitudotadjuntos?0c1cb49f50c2091aee9f6fece1a87f1c469769d06a6854ae73e77ed980fa1410,gx-no-cache=1509452617714 HTTP/1.1" 200 30
186.79.56.55 - - [31/Oct/2017:09:23:32 -0300] "POST /cormun/servlet/solicitudotadjuntos?abde6d80aaaee6c4ca9d838a6fafbfe5,INS,2017,7592,,1, HTTP/1.1" 200 116
186.79.56.55 - - [31/Oct/2017:09:23:32 -0300] "GET /cormun/servlet/hpexe_return? HTTP/1.1" 200 1023
186.79.56.55 - - [31/Oct/2017:09:23:33 -0300] "GET /cormun/servlet/trsolicitudadjuntos?2017,7592, HTTP/1.1" 200 9243
186.79.56.55 - - [31/Oct/2017:09:23:34 -0300] "GET /cormun/servlet/trsolicitudadjuntos?2017,7592, HTTP/1.1" 200 9239
186.79.56.55 - - [31/Oct/2017:09:23:44 -0300] "POST /cormun/servlet/trsolicitudadjuntos?abde6d80aaaee6c4ca9d838a6fafbfe5,2017,7592,,gx-no-cache=1509452651642 HTTP/1.1" 200 90
186.79.56.55 - - [31/Oct/2017:09:23:44 -0300] "GET /cormun/servlet/hpexe_link HTTP/1.1" 200 963
186.79.56.55 - - [31/Oct/2017:09:23:44 -0300] "GET /cormun/servlet/trsolicitudot HTTP/1.1" 200 9673
186.79.56.55 - - [31/Oct/2017:09:23:45 -0300] "GET /cormun/servlet/trsolicitudot HTTP/1.1" 200 9672
186.79.56.55 - - [31/Oct/2017:09:24:11 -0300] "POST /cormun/servlet/trsolicitudot?abde6d80aaaee6c4ca9d838a6fafbfe5,gx-no-cache=1509452679090 HTTP/1.1" 200 6888
186.79.56.55 - - [31/Oct/2017:09:24:11 -0300] "GET /cormun/static/Shared/jqueryui/images/ui-bg_highlight-soft_100_c6c2c8_1x100.png HTTP/1.1" 404 1117
186.79.56.55 - - [31/Oct/2017:09:24:11 -0300] "GET /cormun/static/Shared/jqueryui/images/ui-icons_82798d_256x240.png HTTP/1.1" 404 1089
186.79.56.55 - - [31/Oct/2017:09:24:11 -0300] "GET /cormun/static/Shared/jqueryui/images/ui-bg_flat_55_fafafa_40x100.png HTTP/1.1" 404 1097
186.79.56.55 - - [31/Oct/2017:09:24:11 -0300] "GET /cormun/static/Shared/jqueryui/images/ui-icons_8d78a5_256x240.png HTTP/1.1" 404 1089
186.79.56.55 - - [31/Oct/2017:09:24:13 -0300] "POST /cormun/servlet/trsolicitudot?abde6d80aaaee6c4ca9d838a6fafbfe5,gx-no-cache=1509452680305 HTTP/1.1" 200 6832
186.79.56.55 - - [31/Oct/2017:09:24:17 -0300] "POST /cormun/servlet/trsolicitudot?abde6d80aaaee6c4ca9d838a6fafbfe5,gx-no-cache=1509452684879 HTTP/1.1" 200 6881
186.79.56.55 - - [31/Oct/2017:09:24:18 -0300] "POST /cormun/servlet/trsolicitudot?abde6d80aaaee6c4ca9d838a6fafbfe5,gx-no-cache=1509452686267 HTTP/1.1" 200 6825
192.168.10.96 - - [31/Oct/2017:09:26:12 -0300] "GET /cormun/servlet/trsolicitudot? HTTP/1.1" 200 13335
192.168.10.96 - - [31/Oct/2017:09:26:12 -0300] "GET /cormun/servlet/trsolicitudot? HTTP/1.1" 200 13334
192.168.10.96 - - [31/Oct/2017:09:26:31 -0300] "GET /cormun/servlet/trsolicitudgral? HTTP/1.1" 200 10412
192.168.10.96 - - [31/Oct/2017:09:26:32 -0300] "GET /cormun/servlet/trsolicitudgral? HTTP/1.1" 200 10412
192.168.10.96 - - [31/Oct/2017:09:26:37 -0300] "POST /cormun/servlet/trsolicitudgral?571008065be7da177a4119fdfcb1c020,,gx-no-cache=1509452740782 HTTP/1.1" 200 5768
192.168.10.96 - - [31/Oct/2017:09:26:38 -0300] "POST /cormun/servlet/trsolicitudgral?571008065be7da177a4119fdfcb1c020,,gx-no-cache=1509452741715 HTTP/1.1" 200 5768
192.168.10.96 - - [31/Oct/2017:09:26:44 -0300] "POST /cormun/servlet/trsolicitudgral?571008065be7da177a4119fdfcb1c020,,gx-no-cache=1509452747660 HTTP/1.1" 200 5768
192.168.10.96 - - [31/Oct/2017:09:26:58 -0300] "POST /cormun/servlet/trsolicitudgral?571008065be7da177a4119fdfcb1c020,,gx-no-cache=1509452761564 HTTP/1.1" 200 5771
192.168.10.96 - - [31/Oct/2017:09:27:01 -0300] "POST /cormun/servlet/trsolicitudgral?571008065be7da177a4119fdfcb1c020,,gx-no-cache=1509452764708 HTTP/1.1" 200 5767
192.168.10.96 - - [31/Oct/2017:09:27:05 -0300] "POST /cormun/servlet/trsolicitudgral?571008065be7da177a4119fdfcb1c020,,gx-no-cache=1509452768700 HTTP/1.1" 200 5768
192.168.10.96 - - [31/Oct/2017:09:27:08 -0300] "POST /cormun/servlet/trsolicitudgral?571008065be7da177a4119fdfcb1c020,,gx-no-cache=1509452771700 HTTP/1.1" 200 5769
192.168.10.96 - - [31/Oct/2017:09:27:14 -0300] "POST /cormun/servlet/trsolicitudgral?571008065be7da177a4119fdfcb1c020,,gx-no-cache=1509452777499 HTTP/1.1" 200 8836
186.103.156.24 - - [31/Oct/2017:09:27:45 -0300] "GET /cormun/servlet/hlogin HTTP/1.1" 200 1719
186.103.156.24 - - [31/Oct/2017:09:27:54 -0300] "POST /cormun/servlet/hlogin?f9783777c57ac4a9bd91b24cad80d205,gx-no-cache=1509452901885 HTTP/1.1" 200 427
186.103.156.24 - - [31/Oct/2017:09:28:03 -0300] "POST /cormun/servlet/hlogin?f9783777c57ac4a9bd91b24cad80d205,gx-no-cache=1509452910387 HTTP/1.1" 200 90
186.103.156.24 - - [31/Oct/2017:09:28:03 -0300] "GET /cormun/servlet/hpexe_link HTTP/1.1" 200 949
186.103.156.24 - - [31/Oct/2017:09:28:03 -0300] "GET /cormun/servlet/hhome HTTP/1.1" 200 4100
186.103.156.24 - - [31/Oct/2017:09:28:04 -0300] "GET /cormun/servlet/hhome HTTP/1.1" 200 4098
186.103.156.24 - - [31/Oct/2017:09:28:06 -0300] "GET /cormun/servlet/trlicencias? HTTP/1.1" 200 10961
186.103.159.46 - - [31/Oct/2017:09:28:06 -0300] "POST /cormun/servlet/trvisualizadoreventos?6d55f6d6db2d599715c39d1e81b05465,,gx-no-cache=1509452913202 HTTP/1.1" 200 3836
186.103.156.24 - - [31/Oct/2017:09:28:07 -0300] "GET /cormun/servlet/trlicencias? HTTP/1.1" 200 10958
192.168.10.96 - - [31/Oct/2017:09:28:13 -0300] "POST /cormun/servlet/trsolicitudgral?571008065be7da177a4119fdfcb1c020,,gx-no-cache=1509452837244 HTTP/1.1" 200 5767
186.103.156.24 - - [31/Oct/2017:09:28:15 -0300] "GET /cormun/servlet/licenciaspermisos?INS,0,,, HTTP/1.1" 200 7630
186.103.156.24 - - [31/Oct/2017:09:28:16 -0300] "GET /cormun/servlet/licenciaspermisos?INS,0,,, HTTP/1.1" 200 7637
192.168.10.96 - - [31/Oct/2017:09:28:23 -0300] "POST /cormun/servlet/trsolicitudgral?571008065be7da177a4119fdfcb1c020,,gx-no-cache=1509452846587 HTTP/1.1" 200 5770
186.103.156.24 - - [31/Oct/2017:09:28:25 -0300] "GET /cormun/servlet/licenciaspermisos?252eb7f7cf067b102a304325a8efe83770d4503facaa9d9346386ed98648458478d48026355b20a7444c74d7c448755a,gx-no-cache=1509452933299 HTTP/1.1" 200 96
186.103.156.24 - - [31/Oct/2017:09:28:26 -0300] "POST /cormun/servlet/licenciaspermisos?f9783777c57ac4a9bd91b24cad80d205,INS,0,,,,gx-no-cache=1509452933400 HTTP/1.1" 200 4773
192.168.10.96 - - [31/Oct/2017:09:28:27 -0300] "POST /cormun/servlet/trsolicitudgral?571008065be7da177a4119fdfcb1c020,,gx-no-cache=1509452851042 HTTP/1.1" 200 5768
192.168.10.96 - - [31/Oct/2017:09:28:30 -0300] "POST /cormun/servlet/trsolicitudgral?571008065be7da177a4119fdfcb1c020,,gx-no-cache=1509452854163 HTTP/1.1" 200 8835
186.103.156.24 - - [31/Oct/2017:09:28:53 -0300] "GET /cormun/static/menuarrow.gif HTTP/1.1" 404 1015
186.103.159.46 - - [31/Oct/2017:09:29:38 -0300] "POST /cormun/servlet/trvisualizadoreventos?6d55f6d6db2d599715c39d1e81b05465,,gx-no-cache=1509453001593 HTTP/1.1" 200 3906
186.103.159.46 - - [31/Oct/2017:09:29:44 -0300] "POST /cormun/servlet/trvisualizadoreventos?6d55f6d6db2d599715c39d1e81b05465,,gx-no-cache=1509453010908 HTTP/1.1" 200 5846
192.168.10.96 - - [31/Oct/2017:09:30:00 -0300] "POST /cormun/servlet/trsolicitudgral?571008065be7da177a4119fdfcb1c020,,gx-no-cache=1509452944132 HTTP/1.1" 200 5767
192.168.10.96 - - [31/Oct/2017:09:30:04 -0300] "POST /cormun/servlet/trsolicitudgral?571008065be7da177a4119fdfcb1c020,,gx-no-cache=1509452948291 HTTP/1.1" 200 5768
192.168.10.96 - - [31/Oct/2017:09:30:09 -0300] "POST /cormun/servlet/trsolicitudgral?571008065be7da177a4119fdfcb1c020,,gx-no-cache=1509452952867 HTTP/1.1" 200 5768
186.103.159.46 - - [31/Oct/2017:09:30:17 -0300] "POST /cormun/servlet/trvisualizadoreventos?6d55f6d6db2d599715c39d1e81b05465,,gx-no-cache=1509453042323 HTTP/1.1" 200 5846
186.103.156.24 - - [31/Oct/2017:09:30:27 -0300] "GET /cormun/servlet/licenciaspermisos?252eb7f7cf067b102a304325a8efe837f2fa17d2563ecc49c4d94b81701dd1f0c3136a2c3375f6b635a1a307ff5d795bb17e9043e7796f88101c1281918efab48b643f6d28cff0f8cf67a1f57b13727a7555311d3402abdcaa937cd9ff5df62095071f47f4211794cede8aed9d6ec058f73196a0c091c5e7f1c01962c55fd73a45885de4faea4c0dfb9489be9f99915e179def3fbf72769161e82f8ed8a14e79b5515da189bedb83a88297a7f8fe908a,gx-no-cache=1509453055325 HTTP/1.1" 200 30
186.103.156.24 - - [31/Oct/2017:09:30:28 -0300] "POST /cormun/servlet/licenciaspermisos?f9783777c57ac4a9bd91b24cad80d205,INS,0,,,,gx-no-cache=1509453055460 HTTP/1.1" 200 4843
186.103.159.46 - - [31/Oct/2017:09:30:35 -0300] "POST /cormun/servlet/trvisualizadoreventos?6d55f6d6db2d599715c39d1e81b05465,,gx-no-cache=1509453060309 HTTP/1.1" 200 6244
186.103.159.46 - - [31/Oct/2017:09:30:58 -0300] "POST /cormun/servlet/trvisualizadoreventos?6d55f6d6db2d599715c39d1e81b05465,,gx-no-cache=1509453084611 HTTP/1.1" 200 6244
186.103.156.24 - - [31/Oct/2017:09:31:08 -0300] "GET /cormun/servlet/licenciaspermisos?252eb7f7cf067b102a304325a8efe8374663017893226da109f4f9a5fec8669c0dfd494a62c34f8dca3253404c3add55f30aea4261c9a514e1f2cbb1b76cd0b24b717b088db875fc52e778adf0afbcd10af770a5a3d25373e8873e677a2beda8ea47e9d34f0f55d8c3fd3e03a5604e048d9342a9f677885b7ccab1edeb05ea83ce6fbeb76fa782a92bf8b7359b869af57fb6b6b394dbfe000a1e2596a4ec0daf7526a271f8886c147c6428afd492e2ac0e3ea0c0a3be65ef1ee93995b86df59a8f047c06d71fddc5de0d2af3e96568b89b08bc6845ff9591956e9da9f151eb9e4c809d2b74f253e4bd8a6edbc91b892b,gx-no-cache=1509453096004 HTTP/1.1" 200 29
186.103.156.24 - - [31/Oct/2017:09:31:09 -0300] "POST /cormun/servlet/licenciaspermisos?f9783777c57ac4a9bd91b24cad80d205,INS,0,,,,gx-no-cache=1509453096562 HTTP/1.1" 200 93
186.103.156.24 - - [31/Oct/2017:09:31:10 -0300] "GET /cormun/servlet/hpexe_return? HTTP/1.1" 200 1011
186.103.156.24 - - [31/Oct/2017:09:31:10 -0300] "GET /cormun/static/Resources/Spanish/PXTools.css?167811 HTTP/1.1" 200 89042
