186.67.164.142 - - [26/Oct/2017:12:55:07 -0300] "GET /cormun/servlet/licenciaspermisos?4b00e6f6739271cde88b8f9d156b3c7e42149a8f9050d8a577591ec7c8d6008d97d783fba4c5211ca49c9648b3439e169f6462a98c8f7cfc208ed2628cf8e5a6d666139d6052ad7bc1cbc7b5002972eea80d003fe85d1ae734f51439ec5d382abc4d104ee791b2b3ff93efae1796dbae56f78324f5bcb3454d0abc3f27a370a3afb65624ed8c8c918b5448d729b04e95b2e747922584c97b02ab60d53efedc3a6b44b66d8ccb47f31b895e7bcaea6a5f,gx-no-cache=1509033334447 HTTP/1.1" 200 30
186.103.159.46 - - [26/Oct/2017:12:55:07 -0300] "GET /cormun/servlet/permisogoce?INS,0,,, HTTP/1.1" 200 6669
186.67.164.142 - - [26/Oct/2017:12:55:07 -0300] "POST /cormun/servlet/licenciaspermisos?b1534e5a4a869f76fa33b6d50bce4494,INS,0,,,,gx-no-cache=1509033334496 HTTP/1.1" 200 4655
186.67.164.142 - - [26/Oct/2017:12:55:09 -0300] "GET /cormun/static/Resources/resize.gif HTTP/1.1" 200 77
186.103.159.46 - - [26/Oct/2017:12:55:09 -0300] "GET /cormun/servlet/permisogoce?INS,0,,, HTTP/1.1" 200 6669
186.67.164.142 - - [26/Oct/2017:12:55:10 -0300] "GET /cormun/servlet/prfichaempleado?,MD,,gxPopupLevel%3D0%3B HTTP/1.1" 200 9307
186.67.164.142 - - [26/Oct/2017:12:55:10 -0300] "GET /cormun/static/gxcfg.js?20177612134814 HTTP/1.1" 200 953
186.67.164.142 - - [26/Oct/2017:12:55:10 -0300] "GET /cormun/static/Resources/PXToolsMenuSearchCancel.png HTTP/1.1" 200 2972
186.67.164.142 - - [26/Oct/2017:12:55:10 -0300] "GET /cormun/static/hmpwkw011.js?20177612121862 HTTP/1.1" 200 1968
186.67.164.142 - - [26/Oct/2017:12:55:10 -0300] "GET /cormun/static/menusearch.js?201610171694467 HTTP/1.1" 200 1424
186.67.164.142 - - [26/Oct/2017:12:55:10 -0300] "GET /cormun/static/prfichaempleado.js?20177612134999 HTTP/1.1" 200 16006
186.67.164.142 - - [26/Oct/2017:12:55:10 -0300] "GET /cormun/static/Resources/PXToolsMenuSearch.png HTTP/1.1" 200 2914
186.103.159.46 - - [26/Oct/2017:12:55:33 -0300] "GET /cormun/servlet/permisogoce?4d8210230b79172ac523e5a558ece08f5cc46605c366e043f0db77c25f03f4d35463032fdddf47d0a766ace3ebd137ad18f0f53e4c09290562e17f05f559d4a5,gx-no-cache=1509033359624 HTTP/1.1" 200 76
186.103.159.46 - - [26/Oct/2017:12:55:33 -0300] "GET /cormun/static/menuarrow.gif HTTP/1.1" 404 1015
192.168.10.96 - - [26/Oct/2017:12:55:42 -0300] "GET /cormun/servlet/trsecurityuser01? HTTP/1.1" 200 11905
192.168.10.96 - - [26/Oct/2017:12:55:43 -0300] "GET /cormun/servlet/trsecurityuser01? HTTP/1.1" 200 11904
186.103.159.43 - - [26/Oct/2017:12:55:45 -0300] "GET /cormun/servlet/hlogin HTTP/1.1" 200 1717
186.103.159.43 - - [26/Oct/2017:12:55:47 -0300] "POST /cormun/servlet/hlogin?936281e63f52eb85ec9124d3f08c70c3,gx-no-cache=1509033377139 HTTP/1.1" 200 90
186.103.159.43 - - [26/Oct/2017:12:55:47 -0300] "GET /cormun/servlet/hpexe_link HTTP/1.1" 200 947
186.103.159.43 - - [26/Oct/2017:12:55:48 -0300] "GET /cormun/servlet/hhome HTTP/1.1" 200 3820
186.103.159.43 - - [26/Oct/2017:12:55:48 -0300] "GET /cormun/servlet/hhome HTTP/1.1" 200 3816
186.103.159.43 - - [26/Oct/2017:12:55:51 -0300] "GET /cormun/servlet/trlicencias? HTTP/1.1" 200 10647
186.103.159.43 - - [26/Oct/2017:12:55:52 -0300] "GET /cormun/servlet/trlicencias? HTTP/1.1" 200 10645
192.168.10.96 - - [26/Oct/2017:12:55:53 -0300] "POST /cormun/servlet/trsecurityuser01?a57cbae5a513d5944019096b6c6affb8,,gx-no-cache=1509033298740 HTTP/1.1" 200 9804
192.168.10.96 - - [26/Oct/2017:12:55:54 -0300] "POST /cormun/servlet/trsecurityuser01?a57cbae5a513d5944019096b6c6affb8,,gx-no-cache=1509033300280 HTTP/1.1" 200 10254
186.103.159.43 - - [26/Oct/2017:12:55:55 -0300] "GET /cormun/servlet/licenciaspermisos?INS,0,,, HTTP/1.1" 200 7342
186.103.159.43 - - [26/Oct/2017:12:55:56 -0300] "GET /cormun/servlet/licenciaspermisos?INS,0,,, HTTP/1.1" 200 7341
186.103.159.46 - - [26/Oct/2017:12:55:57 -0300] "GET /cormun/servlet/permisogoce?4d8210230b79172ac523e5a558ece08f57b4698246b69667997710f4c3a87a1e8bc3946e132532b5a0d1a8e42020e8a517ff49bb33a148dacc94a2b2dab2e154,gx-no-cache=1509033385023 HTTP/1.1" 200 48
192.168.10.96 - - [26/Oct/2017:12:55:59 -0300] "GET /cormun/servlet/securityusers?UPD,12, HTTP/1.1" 200 7494
192.168.10.96 - - [26/Oct/2017:12:56:00 -0300] "GET /cormun/servlet/securityusers?UPD,12, HTTP/1.1" 200 7494
186.103.159.46 - - [26/Oct/2017:12:56:05 -0300] "POST /cormun/servlet/permisogoce?134e87decedb4963ca1dc3fa10e050ac,INS,0,,,,gx-no-cache=1509033392644 HTTP/1.1" 200 93
186.103.159.46 - - [26/Oct/2017:12:56:05 -0300] "GET /cormun/servlet/hpexe_return? HTTP/1.1" 200 1006
186.103.159.46 - - [26/Oct/2017:12:56:05 -0300] "GET /cormun/servlet/trpermisosgoce HTTP/1.1" 200 11823
186.103.159.46 - - [26/Oct/2017:12:56:07 -0300] "GET /cormun/servlet/trpermisosgoce HTTP/1.1" 200 11818
186.67.164.142 - - [26/Oct/2017:12:56:12 -0300] "GET /cormun/servlet/licenciaspermisos?4b00e6f6739271cde88b8f9d156b3c7e40650b52613b794ca202a7a0a1de07efaf9c45edfb08cc5714a0df037d9238b17945d4b39ad82785a3fb58268e5dcc313a16a3f85d2439b82858c9af3254a9211eb18196caf46b77f5c11b2008a6867a49ea1b6194e0b95f167b5e72f89041a53fcc7b626a65ae59403606d78fdcea9093e6bcbf54c3ce00f7b301ec9d2e8af62a264d327d361b752b35e5aca79898476783ccd57123a54807295a37e3880f63ae0fe9593d8e9be72715e02522bd8e937d9ca8ddb25582d23d223cee77922ef7604429dbb3f3aef84aefb13d23314bd5f09dfe2d7a9f67f89ee9d2490dc4b405,gx-no-cache=1509033399482 HTTP/1.1" 200 29
186.103.159.46 - - [26/Oct/2017:12:56:12 -0300] "GET /cormun/servlet/apermisogoceprn?17296081,P,20171026125412,PU HTTP/1.1" 200 1658
186.103.159.43 - - [26/Oct/2017:12:56:15 -0300] "GET /cormun/servlet/licenciaspermisos?89a29b6f193bb7580b982d370bee9a41dec160adde5edbdbcf21766b9220711a15b1e7fffeb51adfada84b29d3069c33,gx-no-cache=1509033404662 HTTP/1.1" 200 86
186.103.159.43 - - [26/Oct/2017:12:56:15 -0300] "POST /cormun/servlet/licenciaspermisos?936281e63f52eb85ec9124d3f08c70c3,INS,0,,,,gx-no-cache=1509033404727 HTTP/1.1" 200 4577
192.168.10.96 - - [26/Oct/2017:12:56:18 -0300] "GET /cormun/servlet/hlogin HTTP/1.1" 200 1742
186.67.164.142 - - [26/Oct/2017:12:56:25 -0300] "POST /cormun/servlet/licenciaspermisos?b1534e5a4a869f76fa33b6d50bce4494,INS,0,,,,gx-no-cache=1509033412041 HTTP/1.1" 200 93
186.67.164.142 - - [26/Oct/2017:12:56:25 -0300] "GET /cormun/servlet/hpexe_return? HTTP/1.1" 200 1012
186.67.164.142 - - [26/Oct/2017:12:56:25 -0300] "GET /cormun/servlet/trlicencias HTTP/1.1" 200 14649
186.67.164.142 - - [26/Oct/2017:12:56:26 -0300] "GET /cormun/servlet/trlicencias HTTP/1.1" 200 14644
192.168.10.96 - - [26/Oct/2017:12:56:34 -0300] "POST /cormun/servlet/hlogin?a57cbae5a513d5944019096b6c6affb8,gx-no-cache=1509033339790 HTTP/1.1" 200 461
192.168.10.96 - - [26/Oct/2017:12:56:37 -0300] "POST /cormun/servlet/hlogin?a57cbae5a513d5944019096b6c6affb8,gx-no-cache=1509033342773 HTTP/1.1" 200 461
186.67.164.142 - - [26/Oct/2017:12:56:40 -0300] "GET /cormun/servlet/licenciaspermisos?UPD,15730717,L,20171026000000, HTTP/1.1" 200 7589
186.67.164.142 - - [26/Oct/2017:12:56:40 -0300] "GET /cormun/servlet/licenciaspermisos?UPD,15730717,L,20171026000000, HTTP/1.1" 200 7588
186.67.164.142 - - [26/Oct/2017:12:56:40 -0300] "GET /cormun/servlet/licenciaspermisos?4b00e6f6739271cde88b8f9d156b3c7ef4862816096e371108f9b4223c6ea119a1529be0de3722c7e64b4063ab5aa24e25eab6489bbdda3a2ab2ebc8de917f9df6e8d68b898a030097075d2790232d93,gx-no-cache=1509033428064 HTTP/1.1" 200 88
186.67.164.142 - - [26/Oct/2017:12:56:43 -0300] "GET /cormun/servlet/licenciaspermisos?4b00e6f6739271cde88b8f9d156b3c7e8bdf222768aca6c70da9dc1a8f32136697d783fba4c5211ca49c9648b3439e169f6462a98c8f7cfc208ed2628cf8e5a6d666139d6052ad7bc1cbc7b5002972eea80d003fe85d1ae734f51439ec5d382affc8f746bd8184fbf145c246019754f556f78324f5bcb3454d0abc3f27a370a3f2edfa7311971d23be676ace0c88c46fdc324afd3eb3c1a1824caf170669ef0ecbd394a18520355b0460f3dba97a3b30dcfb52628976183aed3921ab86b921f680f620a871ad6294ecbda94b07e56d3516ef5ae523ab8ac7730c8c8a583d9f49,gx-no-cache=1509033430223 HTTP/1.1" 200 30
192.168.10.96 - - [26/Oct/2017:12:56:53 -0300] "POST /cormun/servlet/hlogin?a57cbae5a513d5944019096b6c6affb8,gx-no-cache=1509033358797 HTTP/1.1" 200 461
192.168.10.96 - - [26/Oct/2017:12:56:56 -0300] "POST /cormun/servlet/hlogin?a57cbae5a513d5944019096b6c6affb8,gx-no-cache=1509033361531 HTTP/1.1" 200 461
186.67.164.142 - - [26/Oct/2017:12:56:56 -0300] "GET /cormun/servlet/licenciaspermisos?4b00e6f6739271cde88b8f9d156b3c7e40650b52613b794ca202a7a0a1de07efaf9c45edfb08cc5714a0df037d9238b17945d4b39ad82785a3fb58268e5dcc313a16a3f85d2439b82858c9af3254a9211eb18196caf46b77f5c11b2008a6867a49ea1b6194e0b95f167b5e72f89041a53fcc7b626a65ae59403606d78fdcea9093e6bcbf54c3ce00f7b301ec9d2e8af62a264d327d361b752b35e5aca79898476783ccd57123a54807295a37e3880f63ae0fe9593d8e9be72715e02522bd8e937d9ca8ddb25582d23d223cee77922ef75b66597729da52c5655b478476e8673ef248bb79d89b7b5ebb90f92d2e9bbde4,gx-no-cache=1509033443929 HTTP/1.1" 200 59
186.67.164.142 - - [26/Oct/2017:12:57:01 -0300] "POST /cormun/servlet/licenciaspermisos?b1534e5a4a869f76fa33b6d50bce4494,UPD,15730717,L,20171026000000,,gx-no-cache=1509033448899 HTTP/1.1" 200 93
186.67.164.142 - - [26/Oct/2017:12:57:01 -0300] "GET /cormun/servlet/hpexe_return? HTTP/1.1" 200 1028
186.67.164.142 - - [26/Oct/2017:12:57:02 -0300] "GET /cormun/servlet/trlicencias HTTP/1.1" 200 14684
186.67.164.142 - - [26/Oct/2017:12:57:03 -0300] "GET /cormun/servlet/trlicencias HTTP/1.1" 200 14669
186.67.164.142 - - [26/Oct/2017:12:57:08 -0300] "GET /cormun/servlet/trlicenciaspermisosadjuntos?15730717,20171026000000,L, HTTP/1.1" 200 6218
186.67.164.142 - - [26/Oct/2017:12:57:09 -0300] "GET /cormun/servlet/trlicenciaspermisosadjuntos?15730717,20171026000000,L, HTTP/1.1" 200 6218
186.67.164.142 - - [26/Oct/2017:12:57:10 -0300] "GET /cormun/servlet/licenciaspermisosadjuntos?INS,15730717,L,20171026000000,, HTTP/1.1" 200 5513
186.67.164.142 - - [26/Oct/2017:12:57:10 -0300] "GET /cormun/static/about:blank HTTP/1.1" 404 1011
186.67.164.142 - - [26/Oct/2017:12:57:11 -0300] "GET /cormun/servlet/licenciaspermisosadjuntos?INS,15730717,L,20171026000000,, HTTP/1.1" 200 5503
192.168.10.96 - - [26/Oct/2017:12:57:20 -0300] "POST /cormun/servlet/hlogin?a57cbae5a513d5944019096b6c6affb8,gx-no-cache=1509033385931 HTTP/1.1" 200 461
192.168.10.96 - - [26/Oct/2017:12:57:23 -0300] "POST /cormun/servlet/hlogin?a57cbae5a513d5944019096b6c6affb8,gx-no-cache=1509033389125 HTTP/1.1" 200 90
192.168.10.96 - - [26/Oct/2017:12:57:23 -0300] "GET /cormun/servlet/hpexe_link HTTP/1.1" 200 952
192.168.10.96 - - [26/Oct/2017:12:57:23 -0300] "GET /cormun/servlet/hhome HTTP/1.1" 200 4018
192.168.10.96 - - [26/Oct/2017:12:57:24 -0300] "GET /cormun/servlet/hhome HTTP/1.1" 200 4014
186.67.164.142 - - [26/Oct/2017:12:57:26 -0300] "POST /cormun/servlet/licenciaspermisosadjuntos?b1534e5a4a869f76fa33b6d50bce4494,INS,15730717,L,20171026000000,, HTTP/1.1" 200 116
186.67.164.142 - - [26/Oct/2017:12:57:26 -0300] "GET /cormun/servlet/hpexe_return? HTTP/1.1" 200 1042
186.67.164.142 - - [26/Oct/2017:12:57:26 -0300] "GET /cormun/servlet/trlicenciaspermisosadjuntos?15730717,20171026000000,L, HTTP/1.1" 200 6690
186.67.164.142 - - [26/Oct/2017:12:57:27 -0300] "GET /cormun/servlet/trlicenciaspermisosadjuntos?15730717,20171026000000,L, HTTP/1.1" 200 6686
192.168.10.96 - - [26/Oct/2017:12:57:27 -0300] "GET /cormun/servlet/trsolicitudot? HTTP/1.1" 200 10012
192.168.10.96 - - [26/Oct/2017:12:57:28 -0300] "GET /cormun/servlet/trsolicitudot? HTTP/1.1" 200 10009
186.67.164.142 - - [26/Oct/2017:12:57:30 -0300] "POST /cormun/servlet/trlicenciaspermisosadjuntos?b1534e5a4a869f76fa33b6d50bce4494,15730717,20171026000000,L,,gx-no-cache=1509033477117 HTTP/1.1" 200 90
186.67.164.142 - - [26/Oct/2017:12:57:30 -0300] "GET /cormun/servlet/hpexe_link HTTP/1.1" 200 984
186.67.164.142 - - [26/Oct/2017:12:57:30 -0300] "GET /cormun/servlet/trlicencias HTTP/1.1" 200 14673
186.67.164.142 - - [26/Oct/2017:12:57:31 -0300] "GET /cormun/servlet/trlicencias HTTP/1.1" 200 14663
186.67.164.142 - - [26/Oct/2017:12:57:33 -0300] "GET /cormun/servlet/alicenciaprn?15730717,L,20171026000000,PU HTTP/1.1" 200 1619
192.168.10.96 - - [26/Oct/2017:12:57:37 -0300] "POST /cormun/servlet/trsolicitudot?a57cbae5a513d5944019096b6c6affb8,,gx-no-cache=1509033402817 HTTP/1.1" 200 4359
192.168.10.96 - - [26/Oct/2017:12:57:41 -0300] "POST /cormun/servlet/trsolicitudot?a57cbae5a513d5944019096b6c6affb8,,gx-no-cache=1509033407390 HTTP/1.1" 200 4362
192.168.10.96 - - [26/Oct/2017:12:57:44 -0300] "POST /cormun/servlet/trsolicitudot?a57cbae5a513d5944019096b6c6affb8,,gx-no-cache=1509033410005 HTTP/1.1" 200 5816
192.168.10.96 - - [26/Oct/2017:12:57:50 -0300] "POST /cormun/servlet/trsolicitudot?a57cbae5a513d5944019096b6c6affb8,,gx-no-cache=1509033415912 HTTP/1.1" 200 5793
192.168.10.96 - - [26/Oct/2017:12:57:53 -0300] "GET /cormun/servlet/treventos?2017,7574, HTTP/1.1" 200 7749
192.168.10.96 - - [26/Oct/2017:12:57:53 -0300] "GET /cormun/static/calendar-system.css?85620 HTTP/1.1" 200 5572
192.168.10.96 - - [26/Oct/2017:12:57:53 -0300] "GET /cormun/static/gxcfg.js?2016101716195975 HTTP/1.1" 200 953
192.168.10.96 - - [26/Oct/2017:12:57:53 -0300] "GET /cormun/static/gxui/gxui-all.css?120300 HTTP/1.1" 200 2179
192.168.10.96 - - [26/Oct/2017:12:57:53 -0300] "GET /cormun/static/treventos.js?201610171620222 HTTP/1.1" 200 16064
192.168.10.96 - - [26/Oct/2017:12:57:53 -0300] "GET /cormun/static/Shared/ext/resources/css/ext-all.css?215870 HTTP/1.1" 200 416045
192.168.10.96 - - [26/Oct/2017:12:57:54 -0300] "GET /cormun/servlet/treventos?2017,7574, HTTP/1.1" 200 7748
192.168.10.96 - - [26/Oct/2017:12:57:55 -0300] "POST /cormun/servlet/acontrolpreferencessavestate?None,MAGUERREBERE,true HTTP/1.1" 200 35
192.168.10.96 - - [26/Oct/2017:12:58:00 -0300] "POST /cormun/servlet/treventos?a57cbae5a513d5944019096b6c6affb8,2017,7574,,gx-no-cache=1509033426176 HTTP/1.1" 200 90
192.168.10.96 - - [26/Oct/2017:12:58:00 -0300] "GET /cormun/servlet/hpexe_link HTTP/1.1" 200 967
192.168.10.96 - - [26/Oct/2017:12:58:00 -0300] "GET /cormun/servlet/trsolicitudot? HTTP/1.1" 200 8676
192.168.10.96 - - [26/Oct/2017:12:58:01 -0300] "GET /cormun/servlet/trsolicitudot? HTTP/1.1" 200 8675
192.168.10.96 - - [26/Oct/2017:12:58:04 -0300] "GET /cormun/servlet/vesolicitudot?2017,7574,, HTTP/1.1" 200 8240
192.168.10.96 - - [26/Oct/2017:12:58:04 -0300] "GET /cormun/static/gxcfg.js?20175251244132 HTTP/1.1" 200 953
192.168.10.96 - - [26/Oct/2017:12:58:04 -0300] "GET /cormun/pexe_scrolldiv.js HTTP/1.1" 404 1009
192.168.10.96 - - [26/Oct/2017:12:58:04 -0300] "GET /cormun/pexe_scrolldiv.js HTTP/1.1" 404 1009
192.168.10.96 - - [26/Oct/2017:12:58:04 -0300] "GET /cormun/static/vesolicitudot.js?2017525124424 HTTP/1.1" 200 6091
192.168.10.96 - - [26/Oct/2017:12:58:04 -0300] "GET /cormun/static/tbsolicitudot01.js?201752511462191 HTTP/1.1" 200 28466
192.168.10.96 - - [26/Oct/2017:12:58:04 -0300] "GET /cormun/servlet/vesolicitudot?2017,7574,, HTTP/1.1" 200 8239
192.168.10.96 - - [26/Oct/2017:12:58:38 -0300] "GET /cormun/servlet/hlogin HTTP/1.1" 200 1744
192.168.10.96 - - [26/Oct/2017:12:59:09 -0300] "POST /cormun/servlet/hlogin?a57cbae5a513d5944019096b6c6affb8,gx-no-cache=1509033495207 HTTP/1.1" 200 90
192.168.10.96 - - [26/Oct/2017:12:59:09 -0300] "GET /cormun/servlet/hpexe_link HTTP/1.1" 200 952
192.168.10.96 - - [26/Oct/2017:12:59:09 -0300] "GET /cormun/servlet/hhome HTTP/1.1" 200 4455
192.168.10.96 - - [26/Oct/2017:12:59:10 -0300] "GET /cormun/servlet/hhome HTTP/1.1" 200 4451
192.168.10.96 - - [26/Oct/2017:12:59:20 -0300] "GET /cormun/servlet/trsolicitudgral? HTTP/1.1" 200 10338
192.168.10.96 - - [26/Oct/2017:12:59:21 -0300] "GET /cormun/servlet/trsolicitudgral? HTTP/1.1" 200 10335
192.168.10.96 - - [26/Oct/2017:12:59:52 -0300] "POST /cormun/servlet/trsolicitudgral?a57cbae5a513d5944019096b6c6affb8,,gx-no-cache=1509033537401 HTTP/1.1" 200 20143
192.168.10.96 - - [26/Oct/2017:13:00:00 -0300] "POST /cormun/servlet/trsolicitudgral?a57cbae5a513d5944019096b6c6affb8,,gx-no-cache=1509033545809 HTTP/1.1" 200 7126
186.103.159.43 - - [26/Oct/2017:13:01:35 -0300] "GET /cormun/servlet/licenciaspermisos?89a29b6f193bb7580b982d370bee9a41c1828c9bce72ddd29d1e57e45c8ba4aa618cee9d10b420b63815cf51bb27bad12358db931a0635817328f5f885825db5bc08234ef3ce127bbc17d271bef805a511953b07d2d710e8391ded7671b7cdd29931df4c0e4cfb96ef3aeffc347bb10784be8e91cb69bea4ca0c61cab174bd98993be78bd3019947f48f8cb16ba8d0189da3bb8410d08f3cafd31333bb0e49cb53ca97c63044218870637bb9a124dbb1d63fbc58ef8ae2d2b71ceea7a3748719e263594e15f8ca3154291ac7aec0d2f4a374e318af1cfe77fcc75bbb271b184f,gx-no-cache=1509033724580 HTTP/1.1" 200 30
186.103.159.43 - - [26/Oct/2017:13:01:35 -0300] "GET /cormun/servlet/licenciaspermisos?89a29b6f193bb7580b982d370bee9a41cd8a3c969944994452dd07c2c6fcf5b5d68a3ed7a18045241696add284ff6d403aaed3499f93b7fed311acc82559c39e242543edbc01a0b6eb81c7f73116735752699e16d30aacd99ca04f14268d354400b2a4918831cdfa7c857418dd2857319bb9281a049b2c2ab97be7ae93bebaa4966ef8d0fce3466a392f76d129d584f5e1f614c4397a2168b25f10dbbd06b236e7a0caf525a59546467487ff8e44c858141e07cf7d4e8e98d9114e46f25b745c2b5d121d86cac7f1f7414a798d661975003e011efd7fb1e2831e5971d82decb9,gx-no-cache=1509033724823 HTTP/1.1" 200 29
186.103.159.43 - - [26/Oct/2017:13:01:35 -0300] "POST /cormun/servlet/licenciaspermisos?936281e63f52eb85ec9124d3f08c70c3,INS,0,,,,gx-no-cache=1509033724928 HTTP/1.1" 200 93
186.103.159.43 - - [26/Oct/2017:13:01:36 -0300] "GET /cormun/servlet/hpexe_return? HTTP/1.1" 200 1008
186.103.159.43 - - [26/Oct/2017:13:01:36 -0300] "GET /cormun/servlet/trlicencias HTTP/1.1" 200 11108
186.103.159.43 - - [26/Oct/2017:13:01:37 -0300] "GET /cormun/servlet/trlicencias HTTP/1.1" 200 11103
186.103.156.166 - - [26/Oct/2017:13:01:38 -0300] "GET /cormun/servlet/hhome HTTP/1.1" 200 3371
186.103.156.166 - - [26/Oct/2017:13:01:38 -0300] "GET /cormun/servlet/hhome HTTP/1.1" 200 3371
186.103.156.166 - - [26/Oct/2017:13:01:39 -0300] "GET /cormun/servlet/hhome HTTP/1.1" 200 3381
186.103.156.166 - - [26/Oct/2017:13:01:39 -0300] "GET /cormun/servlet/hlogin HTTP/1.1" 200 1730
186.103.159.43 - - [26/Oct/2017:13:01:51 -0300] "GET /cormun/servlet/trlicenciaspermisosadjuntos?10920120,20171026000000,L, HTTP/1.1" 200 6167
186.103.159.43 - - [26/Oct/2017:13:01:52 -0300] "GET /cormun/servlet/trlicenciaspermisosadjuntos?10920120,20171026000000,L, HTTP/1.1" 200 6167
186.103.159.43 - - [26/Oct/2017:13:01:54 -0300] "GET /cormun/servlet/licenciaspermisosadjuntos?INS,10920120,L,20171026000000,, HTTP/1.1" 200 5466
186.103.159.43 - - [26/Oct/2017:13:01:54 -0300] "GET /cormun/static/about:blank HTTP/1.1" 404 1011
186.103.159.43 - - [26/Oct/2017:13:01:54 -0300] "GET /cormun/servlet/licenciaspermisosadjuntos?INS,10920120,L,20171026000000,, HTTP/1.1" 200 5455
186.103.156.166 - - [26/Oct/2017:13:02:00 -0300] "POST /cormun/servlet/hlogin?aaa1359ba46cf2f83dfab3dff39b3696,gx-no-cache=1509037333877 HTTP/1.1" 200 90
186.103.156.166 - - [26/Oct/2017:13:02:00 -0300] "GET /cormun/servlet/hpexe_link HTTP/1.1" 200 948
186.103.156.166 - - [26/Oct/2017:13:02:00 -0300] "GET /cormun/servlet/hhome HTTP/1.1" 200 3777
186.103.156.166 - - [26/Oct/2017:13:02:01 -0300] "GET /cormun/servlet/hhome HTTP/1.1" 200 3773
186.103.156.166 - - [26/Oct/2017:13:02:04 -0300] "GET /cormun/servlet/trlicencias? HTTP/1.1" 200 9452
186.103.156.166 - - [26/Oct/2017:13:02:05 -0300] "GET /cormun/servlet/trlicencias? HTTP/1.1" 200 9449
186.103.159.43 - - [26/Oct/2017:13:02:20 -0300] "POST /cormun/servlet/licenciaspermisosadjuntos?936281e63f52eb85ec9124d3f08c70c3,INS,10920120,L,20171026000000,, HTTP/1.1" 200 116
186.103.159.43 - - [26/Oct/2017:13:02:21 -0300] "GET /cormun/servlet/hpexe_return? HTTP/1.1" 200 1038
186.103.159.43 - - [26/Oct/2017:13:02:21 -0300] "GET /cormun/servlet/trlicenciaspermisosadjuntos?10920120,20171026000000,L, HTTP/1.1" 200 6657
186.103.159.43 - - [26/Oct/2017:13:02:22 -0300] "GET /cormun/servlet/trlicenciaspermisosadjuntos?10920120,20171026000000,L, HTTP/1.1" 200 6652
186.103.159.43 - - [26/Oct/2017:13:02:27 -0300] "GET /cormun/servlet/licenciaspermisosadjuntos?INS,10920120,L,20171026000000,, HTTP/1.1" 200 5468
186.103.159.43 - - [26/Oct/2017:13:02:28 -0300] "GET /cormun/servlet/licenciaspermisosadjuntos?INS,10920120,L,20171026000000,, HTTP/1.1" 200 5458
186.103.159.43 - - [26/Oct/2017:13:02:32 -0300] "GET /cormun/servlet/trlicenciaspermisosadjuntos?10920120,20171026000000,L, HTTP/1.1" 200 6657
186.103.159.43 - - [26/Oct/2017:13:02:32 -0300] "GET /cormun/servlet/trlicenciaspermisosadjuntos?10920120,20171026000000,L, HTTP/1.1" 200 6653
186.103.159.43 - - [26/Oct/2017:13:02:42 -0300] "GET /cormun/servlet/hlogin HTTP/1.1" 200 1716
186.103.159.43 - - [26/Oct/2017:13:02:44 -0300] "POST /cormun/servlet/hlogin?2f89040ee0292d273f9f6eb5e91b6a9f,gx-no-cache=1509033794227 HTTP/1.1" 200 90
186.103.159.43 - - [26/Oct/2017:13:02:45 -0300] "GET /cormun/servlet/hpexe_link HTTP/1.1" 200 948
186.103.159.43 - - [26/Oct/2017:13:02:45 -0300] "GET /cormun/servlet/hhome HTTP/1.1" 200 3819
186.103.159.43 - - [26/Oct/2017:13:02:46 -0300] "GET /cormun/servlet/hhome HTTP/1.1" 200 3816
186.103.159.43 - - [26/Oct/2017:13:02:49 -0300] "GET /cormun/servlet/trlicencias? HTTP/1.1" 200 11113
186.103.159.43 - - [26/Oct/2017:13:02:50 -0300] "GET /cormun/servlet/trlicencias? HTTP/1.1" 200 11103
186.103.159.43 - - [26/Oct/2017:13:02:59 -0300] "GET /cormun/servlet/alicenciaprn?10920120,L,20171026000000,PU HTTP/1.1" 200 1547
186.103.159.182 - - [26/Oct/2017:13:05:57 -0300] "GET /cormun/servlet/hlogin HTTP/1.1" 200 1715
186.103.159.182 - - [26/Oct/2017:13:05:58 -0300] "GET /cormun/static/gxcfg.js?20175251213516 HTTP/1.1" 200 953
186.103.159.182 - - [26/Oct/2017:13:05:58 -0300] "GET /cormun/static/Resources/Spanish/PXTools.css?11423723 HTTP/1.1" 200 89042
186.103.159.182 - - [26/Oct/2017:13:05:58 -0300] "GET /cormun/static/Resources/ComunLogin.png HTTP/1.1" 200 17326
186.103.159.182 - - [26/Oct/2017:13:05:58 -0300] "GET /cormun/static/Resources/PXToolsLoginTop.png HTTP/1.1" 200 1337
186.103.159.182 - - [26/Oct/2017:13:05:58 -0300] "GET /cormun/static/Resources/PXToolsLoginBackground.png HTTP/1.1" 200 1164
186.103.159.182 - - [26/Oct/2017:13:05:58 -0300] "GET /cormun/static/Resources/PXToolsButtonLeft21.png HTTP/1.1" 200 1287
186.103.159.182 - - [26/Oct/2017:13:05:58 -0300] "GET /cormun/static/Resources/PXToolsButtonBackground2.png HTTP/1.1" 200 1181
186.103.159.182 - - [26/Oct/2017:13:05:58 -0300] "GET /cormun/static/Resources/PXToolsButtonRight21.png HTTP/1.1" 200 1283
186.103.159.182 - - [26/Oct/2017:13:05:58 -0300] "GET /cormun/static/Resources/PXToolsLoginBottom.png HTTP/1.1" 200 1389
186.103.159.182 - - [26/Oct/2017:13:05:58 -0300] "GET /cormun/static/Resources/indicator.gif HTTP/1.1" 200 1553
186.103.159.182 - - [26/Oct/2017:13:05:58 -0300] "GET /cormun/servlet/hlogin HTTP/1.1" 200 1725
186.103.159.182 - - [26/Oct/2017:13:06:00 -0300] "POST /cormun/servlet/hlogin?47f3bcb0bd760204a37a6588cf1038de,gx-no-cache=1509033987731 HTTP/1.1" 200 90
186.103.159.182 - - [26/Oct/2017:13:06:00 -0300] "GET /cormun/servlet/hpexe_link HTTP/1.1" 200 948
186.103.159.182 - - [26/Oct/2017:13:06:01 -0300] "GET /cormun/servlet/hhome HTTP/1.1" 200 4119
186.103.159.182 - - [26/Oct/2017:13:06:01 -0300] "GET /cormun/static/Resources/PXToolsHeaderBackground2.png HTTP/1.1" 200 1174
186.103.159.182 - - [26/Oct/2017:13:06:01 -0300] "GET /cormun/static/Resources/PXToolsDataTitle.png HTTP/1.1" 200 1173
186.103.159.182 - - [26/Oct/2017:13:06:03 -0300] "GET /cormun/servlet/hhome HTTP/1.1" 200 4116
186.103.159.182 - - [26/Oct/2017:13:06:03 -0300] "GET /cormun/static/SmoothNavMenu/resources/images/right.gif HTTP/1.1" 200 860
186.103.159.182 - - [26/Oct/2017:13:06:03 -0300] "GET /cormun/static/SmoothNavMenu/resources/images/down.gif HTTP/1.1" 200 854
186.103.159.182 - - [26/Oct/2017:13:06:10 -0300] "GET /cormun/servlet/trpermisosgoce? HTTP/1.1" 200 8665
186.103.159.182 - - [26/Oct/2017:13:06:10 -0300] "GET /cormun/static/gxcfg.js?20177612163875 HTTP/1.1" 200 953
186.103.159.182 - - [26/Oct/2017:13:06:11 -0300] "GET /cormun/static/trpermisosgoce.js?20177612164335 HTTP/1.1" 200 35904
186.103.159.182 - - [26/Oct/2017:13:06:11 -0300] "GET /cormun/static/Resources/PXTools/calendar.png HTTP/1.1" 200 1306
186.103.159.182 - - [26/Oct/2017:13:06:12 -0300] "GET /cormun/servlet/trpermisosgoce? HTTP/1.1" 200 8661
186.67.164.142 - - [26/Oct/2017:13:06:13 -0300] "POST /cormun/servlet/trlicencias?b1534e5a4a869f76fa33b6d50bce4494,gx-no-cache=1509034000166 HTTP/1.1" 200 12270
186.67.164.142 - - [26/Oct/2017:13:06:13 -0300] "GET /cormun/static/Shared/jqueryui/images/ui-bg_highlight-soft_100_c6c2c8_1x100.png HTTP/1.1" 404 1117
186.67.164.142 - - [26/Oct/2017:13:06:13 -0300] "GET /cormun/static/Shared/jqueryui/images/ui-icons_82798d_256x240.png HTTP/1.1" 404 1089
186.67.164.142 - - [26/Oct/2017:13:06:13 -0300] "GET /cormun/static/Shared/jqueryui/images/ui-icons_8d78a5_256x240.png HTTP/1.1" 404 1089
186.67.164.142 - - [26/Oct/2017:13:06:13 -0300] "GET /cormun/static/Shared/jqueryui/images/ui-bg_flat_55_fafafa_40x100.png HTTP/1.1" 404 1097
186.103.159.182 - - [26/Oct/2017:13:06:23 -0300] "GET /cormun/servlet/permisogoce?INS,0,,, HTTP/1.1" 200 6955
186.103.159.182 - - [26/Oct/2017:13:06:23 -0300] "GET /cormun/static/gxcfg.js?201776126440 HTTP/1.1" 200 953
186.103.159.182 - - [26/Oct/2017:13:06:23 -0300] "GET /cormun/static/Resources/prompt.gif HTTP/1.1" 200 902
186.103.159.182 - - [26/Oct/2017:13:06:23 -0300] "GET /cormun/static/permisogoce.js?2017761264459 HTTP/1.1" 200 27897
186.103.159.182 - - [26/Oct/2017:13:06:25 -0300] "GET /cormun/servlet/permisogoce?INS,0,,, HTTP/1.1" 200 6955
186.103.159.182 - - [26/Oct/2017:13:06:48 -0300] "GET /cormun/servlet/permisogoce?fd530fd53c433cdb45c34ee0ed0da2096fbfee68f4798b677eee0eb260e446ed1cd3d5b296e045cd1ce85433c2abfd702b673d230e5a4b5b4a7a27a618cd2c32,gx-no-cache=1509034035875 HTTP/1.1" 200 85
186.103.159.182 - - [26/Oct/2017:13:06:48 -0300] "GET /cormun/static/menuarrow.gif HTTP/1.1" 404 1015
186.103.159.182 - - [26/Oct/2017:13:06:58 -0300] "GET /cormun/servlet/permisogoce?fd530fd53c433cdb45c34ee0ed0da209ca10219df4e5d5a5db4de67d6f1c18d4b2f3d7598ea97abe75a0ac162972a036d8b54dd40894584faa82ab90f7d32c40,gx-no-cache=1509034045144 HTTP/1.1" 200 47
186.103.159.182 - - [26/Oct/2017:13:07:04 -0300] "POST /cormun/servlet/permisogoce?47f3bcb0bd760204a37a6588cf1038de,INS,0,,,,gx-no-cache=1509034050536 HTTP/1.1" 200 93
186.103.159.182 - - [26/Oct/2017:13:07:04 -0300] "GET /cormun/servlet/hpexe_return? HTTP/1.1" 200 1007
186.103.159.182 - - [26/Oct/2017:13:07:04 -0300] "GET /cormun/servlet/trpermisosgoce HTTP/1.1" 200 8926
186.103.159.182 - - [26/Oct/2017:13:07:06 -0300] "GET /cormun/servlet/trpermisosgoce HTTP/1.1" 200 8919
186.103.159.182 - - [26/Oct/2017:13:07:11 -0300] "GET /cormun/servlet/apermisogoceprn?13947570,P,20171026130529,PU HTTP/1.1" 200 1648
186.103.159.43 - - [26/Oct/2017:13:07:33 -0300] "POST /cormun/servlet/trlicencias?2f89040ee0292d273f9f6eb5e91b6a9f,,gx-no-cache=1509034082212 HTTP/1.1" 200 8520
186.103.159.43 - - [26/Oct/2017:13:07:37 -0300] "POST /cormun/servlet/trlicencias?2f89040ee0292d273f9f6eb5e91b6a9f,,gx-no-cache=1509034086813 HTTP/1.1" 200 8522
186.103.159.43 - - [26/Oct/2017:13:07:44 -0300] "GET /cormun/servlet/trlicenciaspermisosadjuntos?17476807,20171026000000,L, HTTP/1.1" 200 6594
186.103.159.43 - - [26/Oct/2017:13:07:45 -0300] "GET /cormun/servlet/trlicenciaspermisosadjuntos?17476807,20171026000000,L, HTTP/1.1" 200 6594
186.103.159.43 - - [26/Oct/2017:13:08:21 -0300] "GET /cormun/servlet/hlogin HTTP/1.1" 200 1712
186.103.159.43 - - [26/Oct/2017:13:08:23 -0300] "POST /cormun/servlet/hlogin?6ef88227bbafe4ad14b5594a65cc674f,gx-no-cache=1509034133163 HTTP/1.1" 200 90
186.103.159.43 - - [26/Oct/2017:13:08:23 -0300] "GET /cormun/servlet/hpexe_link HTTP/1.1" 200 943
186.103.159.43 - - [26/Oct/2017:13:08:24 -0300] "GET /cormun/servlet/hhome HTTP/1.1" 200 3816
186.103.159.43 - - [26/Oct/2017:13:08:24 -0300] "GET /cormun/servlet/hhome HTTP/1.1" 200 3813
186.103.159.43 - - [26/Oct/2017:13:08:30 -0300] "GET /cormun/servlet/trlicencias? HTTP/1.1" 200 11109
186.103.159.43 - - [26/Oct/2017:13:08:31 -0300] "GET /cormun/servlet/trlicencias? HTTP/1.1" 200 11107
192.168.10.62 - - [26/Oct/2017:13:10:12 -0300] "POST /cormun/servlet/vesolicitudgral?d915f03d67b6bfef355f8c9614b7749c,2017,7483,,,gx-no-cache=1509034157813 HTTP/1.1" 440 972
192.168.10.62 - - [26/Oct/2017:13:10:13 -0300] "GET /cormun/servlet/vesolicitudgral?2017,7483,, HTTP/1.1" 200 7703
192.168.10.62 - - [26/Oct/2017:13:10:13 -0300] "GET /cormun/pexe_scrolldiv.js HTTP/1.1" 404 1009
192.168.10.62 - - [26/Oct/2017:13:10:13 -0300] "GET /cormun/pexe_scrolldiv.js HTTP/1.1" 404 1009
192.168.10.62 - - [26/Oct/2017:13:10:14 -0300] "GET /cormun/servlet/hlogin HTTP/1.1" 200 1749
192.168.10.62 - - [26/Oct/2017:13:10:14 -0300] "GET /cormun/servlet/vesolicitudgral?2017,7483,, HTTP/1.1" 200 7703
192.168.10.62 - - [26/Oct/2017:13:10:23 -0300] "POST /cormun/servlet/hlogin?a8a0f378af48889dfbe01e4590bec44c,gx-no-cache=1509034168791 HTTP/1.1" 200 90
192.168.10.62 - - [26/Oct/2017:13:10:23 -0300] "GET /cormun/servlet/hpexe_link HTTP/1.1" 200 967
192.168.10.62 - - [26/Oct/2017:13:10:23 -0300] "GET /cormun/servlet/vesolicitudgral?2017,7483,, HTTP/1.1" 200 8117
192.168.10.62 - - [26/Oct/2017:13:10:23 -0300] "GET /cormun/pexe_scrolldiv.js HTTP/1.1" 404 1009
192.168.10.62 - - [26/Oct/2017:13:10:23 -0300] "GET /cormun/pexe_scrolldiv.js HTTP/1.1" 404 1009
192.168.10.62 - - [26/Oct/2017:13:10:23 -0300] "GET /cormun/servlet/vesolicitudgral?2017,7483,, HTTP/1.1" 200 8116
192.168.10.62 - - [26/Oct/2017:13:10:39 -0300] "GET /cormun/servlet/trconsultaempleado? HTTP/1.1" 200 9513
192.168.10.62 - - [26/Oct/2017:13:10:40 -0300] "GET /cormun/servlet/trconsultaempleado? HTTP/1.1" 200 9503
192.168.10.62 - - [26/Oct/2017:13:10:42 -0300] "GET /cormun/servlet/trsolicitudgral? HTTP/1.1" 200 12523
192.168.10.62 - - [26/Oct/2017:13:10:43 -0300] "GET /cormun/servlet/trsolicitudgral? HTTP/1.1" 200 12523
192.168.10.62 - - [26/Oct/2017:13:10:51 -0300] "POST /cormun/servlet/trsolicitudgral?a8a0f378af48889dfbe01e4590bec44c,,gx-no-cache=1509034196303 HTTP/1.1" 200 12334
192.168.10.62 - - [26/Oct/2017:13:10:54 -0300] "GET /cormun/servlet/vesolicitudgral?2017,7502,, HTTP/1.1" 200 8127
192.168.10.62 - - [26/Oct/2017:13:10:54 -0300] "GET /cormun/pexe_scrolldiv.js HTTP/1.1" 404 1009
192.168.10.62 - - [26/Oct/2017:13:10:54 -0300] "GET /cormun/pexe_scrolldiv.js HTTP/1.1" 404 1009
192.168.10.62 - - [26/Oct/2017:13:10:54 -0300] "GET /cormun/servlet/vesolicitudgral?2017,7502,, HTTP/1.1" 200 8127
186.103.159.182 - - [26/Oct/2017:13:10:55 -0300] "GET /cormun/servlet/trpermisosadjuntos?13947570,20171026130529,P, HTTP/1.1" 200 6435
186.103.159.182 - - [26/Oct/2017:13:10:55 -0300] "GET /cormun/static/gxcfg.js?201762817193957 HTTP/1.1" 200 953
186.103.159.182 - - [26/Oct/2017:13:10:55 -0300] "GET /cormun/static/trpermisosadjuntos.js?201762817194366 HTTP/1.1" 200 20158
186.103.159.182 - - [26/Oct/2017:13:10:57 -0300] "GET /cormun/servlet/trpermisosadjuntos?13947570,20171026130529,P, HTTP/1.1" 200 6434
186.103.159.182 - - [26/Oct/2017:13:11:00 -0300] "GET /cormun/servlet/permisosadjuntos?INS,13947570,P,20171026130529,, HTTP/1.1" 200 5765
186.103.159.182 - - [26/Oct/2017:13:11:00 -0300] "GET /cormun/static/gxcfg.js?201762717441171 HTTP/1.1" 200 953
186.103.159.182 - - [26/Oct/2017:13:11:01 -0300] "GET /cormun/static/permisosadjuntos.js?201762717441184 HTTP/1.1" 200 8724
186.103.159.182 - - [26/Oct/2017:13:11:01 -0300] "GET /cormun/static/about:blank HTTP/1.1" 404 1011
186.103.159.182 - - [26/Oct/2017:13:11:02 -0300] "GET /cormun/servlet/permisosadjuntos?INS,13947570,P,20171026130529,, HTTP/1.1" 200 5755
186.103.159.182 - - [26/Oct/2017:13:11:14 -0300] "POST /cormun/servlet/permisosadjuntos?47f3bcb0bd760204a37a6588cf1038de,INS,13947570,P,20171026130529,, HTTP/1.1" 200 116
186.103.159.182 - - [26/Oct/2017:13:11:14 -0300] "GET /cormun/servlet/hpexe_return? HTTP/1.1" 200 1035
186.103.159.182 - - [26/Oct/2017:13:11:14 -0300] "GET /cormun/servlet/trpermisosadjuntos?13947570,20171026130529,P, HTTP/1.1" 200 6935
186.103.159.182 - - [26/Oct/2017:13:11:16 -0300] "GET /cormun/servlet/trpermisosadjuntos?13947570,20171026130529,P, HTTP/1.1" 200 6931
186.103.159.182 - - [26/Oct/2017:13:11:19 -0300] "POST /cormun/servlet/trpermisosadjuntos?47f3bcb0bd760204a37a6588cf1038de,13947570,20171026130529,P,,gx-no-cache=1509034306853 HTTP/1.1" 200 90
186.103.159.182 - - [26/Oct/2017:13:11:19 -0300] "GET /cormun/servlet/hpexe_link HTTP/1.1" 200 979
186.103.159.182 - - [26/Oct/2017:13:11:20 -0300] "GET /cormun/servlet/trpermisosgoce HTTP/1.1" 200 8920
186.103.159.182 - - [26/Oct/2017:13:11:21 -0300] "GET /cormun/servlet/trpermisosgoce HTTP/1.1" 200 8922
192.168.10.62 - - [26/Oct/2017:13:11:28 -0300] "POST /cormun/servlet/vesolicitudgral?a8a0f378af48889dfbe01e4590bec44c,2017,7502,,,gx-no-cache=1509034233679 HTTP/1.1" 200 93
192.168.10.62 - - [26/Oct/2017:13:11:28 -0300] "GET /cormun/servlet/hpexe_return? HTTP/1.1" 200 1012
192.168.10.62 - - [26/Oct/2017:13:11:28 -0300] "GET /cormun/servlet/hhome HTTP/1.1" 200 3807
192.168.10.62 - - [26/Oct/2017:13:11:28 -0300] "GET /cormun/servlet/hhome HTTP/1.1" 200 3802
186.103.159.182 - - [26/Oct/2017:13:11:29 -0300] "POST /cormun/servlet/trpermisosgoce?47f3bcb0bd760204a37a6588cf1038de,gx-no-cache=1509034316249 HTTP/1.1" 200 6046
186.103.159.182 - - [26/Oct/2017:13:11:29 -0300] "GET /cormun/static/Shared/jqueryui/images/ui-bg_highlight-soft_100_c6c2c8_1x100.png HTTP/1.1" 404 1117
186.103.159.182 - - [26/Oct/2017:13:11:29 -0300] "GET /cormun/static/Shared/jqueryui/images/ui-icons_82798d_256x240.png HTTP/1.1" 404 1089
186.103.159.182 - - [26/Oct/2017:13:11:29 -0300] "GET /cormun/static/Shared/jqueryui/images/ui-bg_flat_55_fafafa_40x100.png HTTP/1.1" 404 1097
186.103.159.182 - - [26/Oct/2017:13:11:29 -0300] "GET /cormun/static/Shared/jqueryui/images/ui-icons_8d78a5_256x240.png HTTP/1.1" 404 1089
192.168.10.62 - - [26/Oct/2017:13:11:31 -0300] "GET /cormun/servlet/trsolicitudgral? HTTP/1.1" 200 15566
192.168.10.62 - - [26/Oct/2017:13:11:31 -0300] "GET /cormun/servlet/trsolicitudgral? HTTP/1.1" 200 15564
186.103.159.182 - - [26/Oct/2017:13:11:34 -0300] "GET /cormun/servlet/trautorizarpermisogoce? HTTP/1.1" 200 7781
186.103.159.182 - - [26/Oct/2017:13:11:34 -0300] "GET /cormun/static/gxcfg.js?20176272062650 HTTP/1.1" 200 953
186.103.159.182 - - [26/Oct/2017:13:11:34 -0300] "GET /cormun/static/trautorizarpermisogoce.js?2017627206316 HTTP/1.1" 200 34948
186.103.159.182 - - [26/Oct/2017:13:11:36 -0300] "GET /cormun/servlet/trautorizarpermisogoce? HTTP/1.1" 200 7781
186.103.159.182 - - [26/Oct/2017:13:11:39 -0300] "POST /cormun/servlet/trautorizarpermisogoce?47f3bcb0bd760204a37a6588cf1038de,,gx-no-cache=1509034326612 HTTP/1.1" 200 4248
186.103.159.182 - - [26/Oct/2017:13:11:39 -0300] "GET /cormun/static/Shared/jqueryui/images/ui-bg_highlight-soft_100_c6c2c8_1x100.png HTTP/1.1" 404 1117
186.103.159.182 - - [26/Oct/2017:13:11:39 -0300] "GET /cormun/static/Shared/jqueryui/images/ui-icons_82798d_256x240.png HTTP/1.1" 404 1089
186.103.159.182 - - [26/Oct/2017:13:11:39 -0300] "GET /cormun/static/Shared/jqueryui/images/ui-bg_flat_55_fafafa_40x100.png HTTP/1.1" 404 1097
186.103.159.182 - - [26/Oct/2017:13:11:39 -0300] "GET /cormun/static/Shared/jqueryui/images/ui-icons_8d78a5_256x240.png HTTP/1.1" 404 1089
192.168.10.62 - - [26/Oct/2017:13:11:58 -0300] "POST /cormun/servlet/trsolicitudgral?a8a0f378af48889dfbe01e4590bec44c,,gx-no-cache=1509034263528 HTTP/1.1" 200 12324
192.168.10.62 - - [26/Oct/2017:13:12:13 -0300] "GET /cormun/servlet/vesolicitudgral?2017,7492,, HTTP/1.1" 200 8229
192.168.10.62 - - [26/Oct/2017:13:12:13 -0300] "GET /cormun/pexe_scrolldiv.js HTTP/1.1" 404 1009
192.168.10.62 - - [26/Oct/2017:13:12:13 -0300] "GET /cormun/pexe_scrolldiv.js HTTP/1.1" 404 1009
192.168.10.62 - - [26/Oct/2017:13:12:14 -0300] "GET /cormun/servlet/vesolicitudgral?2017,7492,, HTTP/1.1" 200 8229
192.168.10.62 - - [26/Oct/2017:13:12:34 -0300] "POST /cormun/servlet/vesolicitudgral?a8a0f378af48889dfbe01e4590bec44c,2017,7492,,,gx-no-cache=1509034299824 HTTP/1.1" 200 90
192.168.10.62 - - [26/Oct/2017:13:12:34 -0300] "GET /cormun/servlet/hpexe_link HTTP/1.1" 200 967
192.168.10.62 - - [26/Oct/2017:13:12:34 -0300] "GET /cormun/servlet/trsolicitudgral? HTTP/1.1" 200 15567
192.168.10.62 - - [26/Oct/2017:13:12:35 -0300] "GET /cormun/servlet/trsolicitudgral? HTTP/1.1" 200 15565
192.168.10.62 - - [26/Oct/2017:13:12:54 -0300] "GET /cormun/servlet/vesolicitudgral?2017,7482,, HTTP/1.1" 200 8220
192.168.10.62 - - [26/Oct/2017:13:12:55 -0300] "GET /cormun/pexe_scrolldiv.js HTTP/1.1" 404 1009
192.168.10.62 - - [26/Oct/2017:13:12:55 -0300] "GET /cormun/pexe_scrolldiv.js HTTP/1.1" 404 1009
192.168.10.62 - - [26/Oct/2017:13:12:55 -0300] "GET /cormun/servlet/vesolicitudgral?2017,7482,, HTTP/1.1" 200 8219
192.168.10.96 - - [26/Oct/2017:13:13:21 -0300] "POST /cormun/servlet/trsolicitudgral?a57cbae5a513d5944019096b6c6affb8,,gx-no-cache=1509034346998 HTTP/1.1" 200 20145
192.168.10.62 - - [26/Oct/2017:13:14:11 -0300] "POST /cormun/servlet/vesolicitudgral?a8a0f378af48889dfbe01e4590bec44c,2017,7482,,,gx-no-cache=1509034396666 HTTP/1.1" 200 107
192.168.10.62 - - [26/Oct/2017:13:14:11 -0300] "GET /cormun/servlet/solicitudgral?UPD,2017,7482, HTTP/1.1" 200 11755
192.168.10.62 - - [26/Oct/2017:13:14:11 -0300] "GET /cormun/servlet/solicitudgral?UPD,2017,7482, HTTP/1.1" 200 11756
192.168.10.62 - - [26/Oct/2017:13:14:12 -0300] "POST /cormun/servlet/solicitudgral?gx-no-cache=1509034397729 HTTP/1.1" 200 3203
192.168.10.62 - - [26/Oct/2017:13:14:12 -0300] "GET /cormun/servlet/solicitudgral?a2dfb2a80e42d37a70e67f15b935ab7f2dad54fabca90c47ccfe0a61e720ef33f1550fcf044fd6dc9fb224166f28088aff47ea41a333f3ce7505743a0f7a4eef7ddd63dac24d307a742ae5ae3939172d6b02189ed0d0de551e908e8ef717c29d7fab7e2c773fd4ed029b1c6cbb56abeaa07589035c2234b086e00c629b66cc76e8956e9c98824526978f0129f95bf6ed3ea19d0f88b34578b40b98bbf065795bac25aa4d1574d6bf9e22af82433ff79fc689ed98f43ee0ba5466ab1482390c85c22a144d8a9678dd05f4757c12a960705332dd22e4b5bb9e162e9277a3f56cdb81cfdca07efef15c70b8e5377dbf910fdf67ade3bf62246a95fd3bb2e2c889167699aecc67e799ed9c6266f6adb52e93843dff077711034dc1db21d95e5f47d0c392405f0c37412fba04ea1b55aadeff1d52e6a7ee666d9ad4f3482102abd902453378700a9d8b1997a686a33d91800d,gx-no-cache=1509034397859 HTTP/1.1" 200 258
192.168.10.62 - - [26/Oct/2017:13:14:16 -0300] "GET /cormun/servlet/solicitudgral?a2dfb2a80e42d37a70e67f15b935ab7f8ebf5a78cf89d730545dc531d8af185a8dc5e6aa1ab64b228070cd334345382afca4cba92e267d8171aa1dc991220443d37c226d5cdbbad325d367cb030bd5a2de4cc0e2a8fed4f1db9b1b8041c5110e98be27a556bca9a72d5d50e0b80b1d74469d3f34f18fca20d1c78945b92faa7f2817dbf9ba51a531b215f62c4c0737bb5006eb9e66efb4c2f66f9ef391f13735a2789d9e0a6c44b1ce33beb3a6cb8e26d04208d53118955721043547c68389de8e71e76d4e898b61aa07d7294a9e979c4777dc07058bb24db38dc98e7e1d164bc2020ffaeefb5551761375a1b10fed14a37d9af67f02624d6b76f3e1db5d5b7abde8967a3d36f5c0a952fe6a1e2ebb5e0f6e18d4bdcf1a72a90bcec06d43982aa510e63f60cac66e5b97356c194cdbcc9209a5aac28c87ce0679a293a8848f9154287bf9bf52dfb3973dea9ff045c57e069e8c5d88a46f1fc12aca7ce280985c7cc24d10cb40f522e5090765d88c3f7534887c6d4039235b613251413b9693c7e97b407281b2a4b417322aeb70b5406d4950bc244844c17202bab0fda5bf3b41edb1242fbe8b5c4e85357997499aa110a20987c558970cbe0632e596e4ee1ebd5f8d51a7f773e661ba7a4a14af5f0d7b78604998c157387f12e6900315e5006acd53b82d85e6eccb2052a8243541060c45e719096c9b95320904b4a5a47a7f582b5cd329829857b7ee8479eabe9bf159e694a224f9962b1377f5ad39381f8737c4656f72ef6b69a925fcdc4382cc593e,gx-no-cache=1509034402405 HTTP/1.1" 200 48
192.168.10.96 - - [26/Oct/2017:13:14:17 -0300] "POST /cormun/servlet/trsolicitudgral?a57cbae5a513d5944019096b6c6affb8,,gx-no-cache=1509034402664 HTTP/1.1" 200 7124
192.168.10.62 - - [26/Oct/2017:13:14:17 -0300] "POST /cormun/servlet/solicitudgral?a8a0f378af48889dfbe01e4590bec44c,UPD,2017,7482,,gx-no-cache=1509034403308 HTTP/1.1" 200 10327
192.168.10.62 - - [26/Oct/2017:13:14:18 -0300] "GET /cormun/servlet/solicitudgral?a2dfb2a80e42d37a70e67f15b935ab7f47cb12a75f6ed48d238a6f2db4652cc8a9766a7ca1a79974dd6ae7bfc182e9af74d75f21c33ca2ea38e121760e33fed1070416520f6d2079171a237450056f020497285bd5d47c0b89ff92a2f52e669eff92f1249e51af42f458e1801cb6cd53,gx-no-cache=1509034403500 HTTP/1.1" 200 29
192.168.10.62 - - [26/Oct/2017:13:14:18 -0300] "POST /cormun/servlet/solicitudgral?gx-no-cache=1509034403514 HTTP/1.1" 200 1315
192.168.10.62 - - [26/Oct/2017:13:14:18 -0300] "POST /cormun/servlet/solicitudgral?gx-no-cache=1509034403541 HTTP/1.1" 200 1220
192.168.10.62 - - [26/Oct/2017:13:14:18 -0300] "POST /cormun/servlet/solicitudgral?a8a0f378af48889dfbe01e4590bec44c,UPD,2017,7482,,gx-no-cache=1509034403578 HTTP/1.1" 200 93
192.168.10.62 - - [26/Oct/2017:13:14:18 -0300] "GET /cormun/servlet/hpexe_return? HTTP/1.1" 200 1018
192.168.10.62 - - [26/Oct/2017:13:14:18 -0300] "GET /cormun/servlet/vesolicitudgral?2017,7482,, HTTP/1.1" 200 8227
192.168.10.62 - - [26/Oct/2017:13:14:18 -0300] "GET /cormun/pexe_scrolldiv.js HTTP/1.1" 404 1009
192.168.10.62 - - [26/Oct/2017:13:14:18 -0300] "GET /cormun/pexe_scrolldiv.js HTTP/1.1" 404 1009
192.168.10.62 - - [26/Oct/2017:13:14:18 -0300] "GET /cormun/servlet/vesolicitudgral?2017,7482,, HTTP/1.1" 200 8223
192.168.10.96 - - [26/Oct/2017:13:14:23 -0300] "POST /cormun/servlet/trsolicitudgral?a57cbae5a513d5944019096b6c6affb8,,gx-no-cache=1509034408516 HTTP/1.1" 200 7129
192.168.10.96 - - [26/Oct/2017:13:14:24 -0300] "POST /cormun/servlet/trsolicitudgral?a57cbae5a513d5944019096b6c6affb8,,gx-no-cache=1509034409460 HTTP/1.1" 200 7129
192.168.10.96 - - [26/Oct/2017:13:14:24 -0300] "POST /cormun/servlet/trsolicitudgral?a57cbae5a513d5944019096b6c6affb8,,gx-no-cache=1509034409756 HTTP/1.1" 200 7129
192.168.10.96 - - [26/Oct/2017:13:14:24 -0300] "POST /cormun/servlet/trsolicitudgral?a57cbae5a513d5944019096b6c6affb8,,gx-no-cache=1509034410076 HTTP/1.1" 200 7129
192.168.10.96 - - [26/Oct/2017:13:14:24 -0300] "POST /cormun/servlet/trsolicitudgral?a57cbae5a513d5944019096b6c6affb8,,gx-no-cache=1509034410319 HTTP/1.1" 200 7129
192.168.10.96 - - [26/Oct/2017:13:14:25 -0300] "POST /cormun/servlet/trsolicitudgral?a57cbae5a513d5944019096b6c6affb8,,gx-no-cache=1509034410579 HTTP/1.1" 200 7129
192.168.10.62 - - [26/Oct/2017:13:14:41 -0300] "POST /cormun/servlet/vesolicitudgral?a8a0f378af48889dfbe01e4590bec44c,2017,7482,,,gx-no-cache=1509034427228 HTTP/1.1" 200 90
192.168.10.62 - - [26/Oct/2017:13:14:41 -0300] "GET /cormun/servlet/hpexe_link HTTP/1.1" 200 966
192.168.10.62 - - [26/Oct/2017:13:14:42 -0300] "GET /cormun/servlet/trsolicitudgral HTTP/1.1" 200 15145
192.168.10.62 - - [26/Oct/2017:13:14:42 -0300] "GET /cormun/servlet/trsolicitudgral HTTP/1.1" 200 15143
192.168.10.62 - - [26/Oct/2017:13:14:46 -0300] "GET /cormun/servlet/vesolicitudgral?2017,7491,, HTTP/1.1" 200 8241
192.168.10.62 - - [26/Oct/2017:13:14:46 -0300] "GET /cormun/pexe_scrolldiv.js HTTP/1.1" 404 1009
192.168.10.62 - - [26/Oct/2017:13:14:46 -0300] "GET /cormun/pexe_scrolldiv.js HTTP/1.1" 404 1009
192.168.10.62 - - [26/Oct/2017:13:14:46 -0300] "GET /cormun/servlet/vesolicitudgral?2017,7491,, HTTP/1.1" 200 8241
186.103.156.166 - - [26/Oct/2017:13:19:09 -0300] "GET /cormun/servlet/hlogin HTTP/1.1" 200 1734
186.79.22.144 - - [26/Oct/2017:13:27:40 -0300] "GET /cormun/servlet/hhome HTTP/1.1" 200 3374
186.79.22.144 - - [26/Oct/2017:13:27:42 -0300] "GET /cormun/servlet/hhome HTTP/1.1" 200 3383
186.79.22.144 - - [26/Oct/2017:13:27:42 -0300] "GET /cormun/servlet/hlogin HTTP/1.1" 200 1729
186.79.22.144 - - [26/Oct/2017:13:27:43 -0300] "POST /cormun/servlet/hlogin?a0d2469bc229769d331d3a91b0a14041,gx-no-cache=1509035293964 HTTP/1.1" 200 90
186.79.22.144 - - [26/Oct/2017:13:27:44 -0300] "GET /cormun/servlet/hpexe_link HTTP/1.1" 200 949
186.79.22.144 - - [26/Oct/2017:13:27:44 -0300] "GET /cormun/servlet/hhome HTTP/1.1" 200 3820
186.79.22.144 - - [26/Oct/2017:13:27:44 -0300] "GET /cormun/servlet/hhome HTTP/1.1" 200 3817
186.79.22.144 - - [26/Oct/2017:13:27:53 -0300] "GET /cormun/servlet/trpermisosgoce? HTTP/1.1" 200 10767
186.79.22.144 - - [26/Oct/2017:13:27:53 -0300] "GET /cormun/servlet/trpermisosgoce? HTTP/1.1" 200 10770
186.79.22.144 - - [26/Oct/2017:13:27:57 -0300] "GET /cormun/servlet/permisogoce?INS,0,,, HTTP/1.1" 200 6661
186.79.22.144 - - [26/Oct/2017:13:27:58 -0300] "GET /cormun/servlet/permisogoce?INS,0,,, HTTP/1.1" 200 6661
186.79.22.144 - - [26/Oct/2017:13:28:09 -0300] "GET /cormun/servlet/permisogoce?97be978d85d58c5a64fc21698fa9594a12af4124826edfb2a82f7c377a1b9399e009a897fcfe46e70e7b5b729def0efac891b7bf79462920cc151e91780ec65b,gx-no-cache=1509035319453 HTTP/1.1" 200 82
186.79.22.144 - - [26/Oct/2017:13:29:16 -0300] "GET /cormun/servlet/permisogoce?97be978d85d58c5a64fc21698fa9594a33e6344981dbfaeef74db04ff6759514a9d5a1822e46e9c662152fdaf96f51260ac6b223d243ce08847dc15ccf233b393d52fd4b8f1c3db7d611fd5062b7b2673316c851e79fa1d98854207277ef76c28daf7f0480e74dcc48fc734924765540,gx-no-cache=1509035386904 HTTP/1.1" 200 85
186.79.22.144 - - [26/Oct/2017:13:29:26 -0300] "POST /cormun/servlet/permisogoce?a0d2469bc229769d331d3a91b0a14041,INS,0,,,,gx-no-cache=1509035396756 HTTP/1.1" 200 93
186.79.22.144 - - [26/Oct/2017:13:29:26 -0300] "GET /cormun/servlet/hpexe_return? HTTP/1.1" 200 1008
186.79.22.144 - - [26/Oct/2017:13:29:27 -0300] "GET /cormun/servlet/trpermisosgoce HTTP/1.1" 200 10779
186.79.22.144 - - [26/Oct/2017:13:29:28 -0300] "GET /cormun/servlet/trpermisosgoce HTTP/1.1" 200 10745
157.55.39.246 - - [26/Oct/2017:13:30:05 -0300] "GET /cormun/servlet/licenciaspermisosadjuntos?INS,9335247,L,20170228000000,,&_escaped_fragment_= HTTP/1.1" 200 4698
192.168.10.96 - - [26/Oct/2017:13:30:41 -0300] "POST /cormun/servlet/trsolicitudgral?a57cbae5a513d5944019096b6c6affb8,,gx-no-cache=1509035386543 HTTP/1.1" 200 7118
192.168.10.62 - - [26/Oct/2017:13:40:44 -0300] "POST /cormun/servlet/vesolicitudgral?a8a0f378af48889dfbe01e4590bec44c,2017,7491,,,gx-no-cache=1509035990149 HTTP/1.1" 200 90
192.168.10.62 - - [26/Oct/2017:13:40:44 -0300] "GET /cormun/servlet/hpexe_link HTTP/1.1" 200 966
192.168.10.62 - - [26/Oct/2017:13:40:45 -0300] "GET /cormun/servlet/trsolicitudgral HTTP/1.1" 200 15145
192.168.10.62 - - [26/Oct/2017:13:40:45 -0300] "GET /cormun/servlet/trsolicitudgral HTTP/1.1" 200 15143
192.168.10.89 - - [26/Oct/2017:13:40:55 -0300] "GET /cormun/servlet/hlogin HTTP/1.1" 200 1724
192.168.10.89 - - [26/Oct/2017:13:41:02 -0300] "POST /cormun/servlet/hlogin?0c1bc7915db181ac482b871b8d88618b,gx-no-cache=1509036007833 HTTP/1.1" 200 90
192.168.10.89 - - [26/Oct/2017:13:41:02 -0300] "GET /cormun/servlet/hpexe_link HTTP/1.1" 200 952
192.168.10.89 - - [26/Oct/2017:13:41:02 -0300] "GET /cormun/servlet/hhome HTTP/1.1" 200 4634
192.168.10.89 - - [26/Oct/2017:13:41:04 -0300] "GET /cormun/servlet/trsolicitudgral? HTTP/1.1" 200 23440
192.168.10.96 - - [26/Oct/2017:13:41:05 -0300] "POST /cormun/servlet/trsolicitudgral?a57cbae5a513d5944019096b6c6affb8,,gx-no-cache=1509036010949 HTTP/1.1" 200 7123
192.168.10.89 - - [26/Oct/2017:13:41:11 -0300] "POST /cormun/servlet/trsolicitudgral?0c1bc7915db181ac482b871b8d88618b,,gx-no-cache=1509036016866 HTTP/1.1" 200 7123
192.168.10.96 - - [26/Oct/2017:13:41:36 -0300] "GET /cormun/servlet/trsolicitudgral? HTTP/1.1" 200 10339
192.168.10.96 - - [26/Oct/2017:13:41:36 -0300] "GET /cormun/servlet/trsolicitudgral? HTTP/1.1" 200 10339
186.103.156.24 - - [26/Oct/2017:13:48:34 -0300] "GET /cormun/servlet/hlogin HTTP/1.1" 200 1719
186.103.156.24 - - [26/Oct/2017:13:48:34 -0300] "GET /cormun/static/gxtimezone.js?85251 HTTP/1.1" 200 5781
186.103.156.24 - - [26/Oct/2017:13:48:34 -0300] "GET /cormun/static/gxcfg.js?20175251213516 HTTP/1.1" 200 953
186.103.156.24 - - [26/Oct/2017:13:48:34 -0300] "GET /cormun/static/Resources/Spanish/PXTools.css?11423723 HTTP/1.1" 200 89042
186.103.156.24 - - [26/Oct/2017:13:48:35 -0300] "GET /cormun/static/messages.spa.js?85251 HTTP/1.1" 200 30736
186.103.156.24 - - [26/Oct/2017:13:48:35 -0300] "GET /cormun/static/gxgral.js?85251 HTTP/1.1" 200 384558
186.103.156.24 - - [26/Oct/2017:13:48:35 -0300] "GET /cormun/static/hlogin.js?20175251213537 HTTP/1.1" 200 2136
186.103.156.24 - - [26/Oct/2017:13:48:35 -0300] "GET /cormun/static/Resources/ComunLogin.png HTTP/1.1" 200 17326
186.103.156.24 - - [26/Oct/2017:13:48:35 -0300] "GET /cormun/static/Resources/PXToolsLoginBackground.png HTTP/1.1" 200 1164
186.103.156.24 - - [26/Oct/2017:13:48:35 -0300] "GET /cormun/static/Resources/PXToolsLoginTop.png HTTP/1.1" 200 1337
186.103.156.24 - - [26/Oct/2017:13:48:35 -0300] "GET /cormun/static/Resources/PXToolsButtonRight21.png HTTP/1.1" 200 1283
186.103.156.24 - - [26/Oct/2017:13:48:35 -0300] "GET /cormun/static/Resources/PXToolsButtonLeft21.png HTTP/1.1" 200 1287
186.103.156.24 - - [26/Oct/2017:13:48:35 -0300] "GET /cormun/static/Resources/PXToolsLoginBottom.png HTTP/1.1" 200 1389
186.103.156.24 - - [26/Oct/2017:13:48:35 -0300] "GET /cormun/static/Resources/PXToolsButtonBackground2.png HTTP/1.1" 200 1181
186.103.156.24 - - [26/Oct/2017:13:48:35 -0300] "GET /cormun/static/Resources/indicator.gif HTTP/1.1" 200 1553
186.103.156.24 - - [26/Oct/2017:13:48:35 -0300] "GET /cormun/servlet/hlogin HTTP/1.1" 200 1729
186.103.156.24 - - [26/Oct/2017:13:48:35 -0300] "GET /favicon.ico HTTP/1.1" 200 21630
186.103.156.24 - - [26/Oct/2017:13:48:53 -0300] "POST /cormun/servlet/hlogin?372ab0184763f04c9951aa21ceb02738,gx-no-cache=1509036561714 HTTP/1.1" 200 90
186.103.156.24 - - [26/Oct/2017:13:48:53 -0300] "GET /cormun/servlet/hpexe_link HTTP/1.1" 200 951
186.103.156.24 - - [26/Oct/2017:13:48:53 -0300] "GET /cormun/static/gxcfg.js?20177612121792 HTTP/1.1" 200 953
186.103.156.24 - - [26/Oct/2017:13:48:53 -0300] "GET /cormun/static/hpexe_link.js?20177612121795 HTTP/1.1" 200 625
186.103.156.24 - - [26/Oct/2017:13:48:53 -0300] "GET /cormun/static/Resources/Spanish/PXTools.css?1155365 HTTP/1.1" 200 89042
186.103.156.24 - - [26/Oct/2017:13:48:53 -0300] "GET /cormun/servlet/hhome HTTP/1.1" 200 4102
186.103.156.24 - - [26/Oct/2017:13:48:53 -0300] "GET /cormun/static/Shared/jqueryui/jquery-ui.min.css?1245370 HTTP/1.1" 200 30288
186.103.156.24 - - [26/Oct/2017:13:48:53 -0300] "GET /cormun/static/SmoothNavMenu/resources/ddsmoothmenu-v.css?1012540 HTTP/1.1" 200 1188
186.103.156.24 - - [26/Oct/2017:13:48:53 -0300] "GET /cormun/static/PXToolsJavascripts/pexe_autoreload.js HTTP/1.1" 200 1762
