186.103.159.204 - - [26/Oct/2017:18:01:17 -0300] "GET /cormun/static/menuarrow.gif HTTP/1.1" 404 1015
192.168.10.96 - - [26/Oct/2017:18:01:19 -0300] "POST /cormun/servlet/trsolicitudgral?5b54ab81a85f7a0fb91d246c3c22992c,,gx-no-cache=1509051625071 HTTP/1.1" 200 7607
192.168.10.96 - - [26/Oct/2017:18:01:19 -0300] "POST /cormun/servlet/trsolicitudgral?5b54ab81a85f7a0fb91d246c3c22992c,,gx-no-cache=1509051625316 HTTP/1.1" 200 7607
192.168.10.96 - - [26/Oct/2017:18:01:20 -0300] "POST /cormun/servlet/trsolicitudgral?5b54ab81a85f7a0fb91d246c3c22992c,,gx-no-cache=1509051625557 HTTP/1.1" 200 7607
192.168.10.96 - - [26/Oct/2017:18:01:20 -0300] "POST /cormun/servlet/trsolicitudgral?5b54ab81a85f7a0fb91d246c3c22992c,,gx-no-cache=1509051625815 HTTP/1.1" 200 7607
192.168.10.96 - - [26/Oct/2017:18:01:20 -0300] "POST /cormun/servlet/trsolicitudgral?5b54ab81a85f7a0fb91d246c3c22992c,,gx-no-cache=1509051626063 HTTP/1.1" 200 7607
186.103.159.204 - - [26/Oct/2017:18:01:21 -0300] "GET /cormun/servlet/solicitudot?120eb09d74b445abdf25a0b58b562f46f6e125335309bfe67d26d7437324bf645e8781d46951d09a66df8bb97dbdbb7a,gx-no-cache=1509051707740 HTTP/1.1" 200 30
192.168.10.96 - - [26/Oct/2017:18:01:27 -0300] "POST /cormun/servlet/trsolicitudgral?5b54ab81a85f7a0fb91d246c3c22992c,,gx-no-cache=1509051632975 HTTP/1.1" 200 7608
192.168.10.96 - - [26/Oct/2017:18:01:27 -0300] "POST /cormun/servlet/trsolicitudgral?5b54ab81a85f7a0fb91d246c3c22992c,,gx-no-cache=1509051633246 HTTP/1.1" 200 7607
192.168.10.96 - - [26/Oct/2017:18:01:28 -0300] "POST /cormun/servlet/trsolicitudgral?5b54ab81a85f7a0fb91d246c3c22992c,,gx-no-cache=1509051633498 HTTP/1.1" 200 7607
192.168.10.96 - - [26/Oct/2017:18:01:28 -0300] "POST /cormun/servlet/trsolicitudgral?5b54ab81a85f7a0fb91d246c3c22992c,,gx-no-cache=1509051633772 HTTP/1.1" 200 7607
192.168.10.96 - - [26/Oct/2017:18:01:28 -0300] "POST /cormun/servlet/trsolicitudgral?5b54ab81a85f7a0fb91d246c3c22992c,,gx-no-cache=1509051634104 HTTP/1.1" 200 7606
186.103.159.204 - - [26/Oct/2017:18:01:30 -0300] "POST /cormun/servlet/solicitudot?gx-no-cache=1509051717102 HTTP/1.1" 200 30
186.103.159.204 - - [26/Oct/2017:18:01:30 -0300] "POST /cormun/servlet/solicitudot?e8200f0fddc67c2c227be8b65cde3231,INS,0,0,,gx-no-cache=1509051717137 HTTP/1.1" 200 93
186.103.159.204 - - [26/Oct/2017:18:01:30 -0300] "GET /cormun/servlet/hpexe_return? HTTP/1.1" 200 1008
186.103.159.204 - - [26/Oct/2017:18:01:31 -0300] "GET /cormun/servlet/trsolicitudot HTTP/1.1" 200 12199
186.103.159.204 - - [26/Oct/2017:18:01:32 -0300] "GET /cormun/servlet/trsolicitudot HTTP/1.1" 200 12195
186.103.159.204 - - [26/Oct/2017:18:02:29 -0300] "GET /cormun/servlet/solicitudot?INS,0,0, HTTP/1.1" 200 12965
186.103.159.204 - - [26/Oct/2017:18:02:30 -0300] "GET /cormun/servlet/solicitudot?INS,0,0, HTTP/1.1" 200 12970
192.168.10.89 - - [26/Oct/2017:18:02:41 -0300] "GET /cormun/servlet/hlogin HTTP/1.1" 200 1717
186.103.159.204 - - [26/Oct/2017:18:02:42 -0300] "POST /cormun/servlet/solicitudot?gx-no-cache=1509051789544 HTTP/1.1" 200 3139
186.103.159.204 - - [26/Oct/2017:18:02:43 -0300] "POST /cormun/servlet/solicitudot?e8200f0fddc67c2c227be8b65cde3231,INS,0,0,,gx-no-cache=1509051789713 HTTP/1.1" 200 10004
186.103.156.166 - - [26/Oct/2017:18:02:45 -0300] "GET /cormun/servlet/trpermisosadjuntos?17522628,20171026175810,P, HTTP/1.1" 200 6084
186.103.159.204 - - [26/Oct/2017:18:02:45 -0300] "GET /cormun/servlet/solicitudot?120eb09d74b445abdf25a0b58b562f4625a7352e5367e4b5b769a3d5acc63980912c390b5b9082ce53fc8ed0e28b6ec6,gx-no-cache=1509051792571 HTTP/1.1" 200 30
186.103.156.166 - - [26/Oct/2017:18:02:46 -0300] "GET /cormun/servlet/trpermisosadjuntos?17522628,20171026175810,P, HTTP/1.1" 200 6084
186.103.156.166 - - [26/Oct/2017:18:02:48 -0300] "GET /cormun/servlet/permisosadjuntos?INS,17522628,P,20171026175810,, HTTP/1.1" 200 5415
186.103.156.166 - - [26/Oct/2017:18:02:48 -0300] "GET /cormun/servlet/permisosadjuntos?INS,17522628,P,20171026175810,, HTTP/1.1" 200 5415
186.103.156.166 - - [26/Oct/2017:18:02:49 -0300] "GET /cormun/static/about:blank HTTP/1.1" 404 1011
186.103.156.166 - - [26/Oct/2017:18:02:49 -0300] "GET /cormun/servlet/permisosadjuntos?INS,17522628,P,20171026175810,, HTTP/1.1" 200 5405
192.168.10.89 - - [26/Oct/2017:18:02:50 -0300] "POST /cormun/servlet/hlogin?84e13f8d6d1125a6eaa0b56c0fc34d85,gx-no-cache=1509051716178 HTTP/1.1" 200 90
192.168.10.89 - - [26/Oct/2017:18:02:50 -0300] "GET /cormun/servlet/hpexe_link HTTP/1.1" 200 951
192.168.10.89 - - [26/Oct/2017:18:02:50 -0300] "GET /cormun/servlet/hhome HTTP/1.1" 200 3741
192.168.10.89 - - [26/Oct/2017:18:02:53 -0300] "GET /cormun/servlet/trautorizarot? HTTP/1.1" 200 9942
192.168.10.89 - - [26/Oct/2017:18:02:58 -0300] "POST /cormun/servlet/trautorizarot?84e13f8d6d1125a6eaa0b56c0fc34d85,,gx-no-cache=1509051723396 HTTP/1.1" 200 115
192.168.10.89 - - [26/Oct/2017:18:02:58 -0300] "GET /cormun/servlet/solicitudotlog?INS,2017,7507,0,APR, HTTP/1.1" 200 5556
192.168.10.89 - - [26/Oct/2017:18:02:58 -0300] "GET /cormun/servlet/solicitudotlog?43e09380b8efb5ec3cb36c99155e5bfaf7bb868010f4b7e2029bdd83d96a8f8e997c0d4bf022713cee33f161a0b663f38fb06c0a785ea832f8b3226150cbfb2c330f5fd077b5499e679b1ca9574a7aa0b4cd21dfd34fd4825dcc1f8aa555f3110b4e1239b93e7358b4cd251e7d5b66a40cfe5c5f31dafe723bef9741d0a4f0928c93d5e805f33c53c866b9e9ba96c65411e11a899154a4f3e3ee66ef22eaa59b,gx-no-cache=1509051724388 HTTP/1.1" 200 94
192.168.10.89 - - [26/Oct/2017:18:02:59 -0300] "GET /cormun/servlet/trautorizarot? HTTP/1.1" 200 9942
192.168.10.89 - - [26/Oct/2017:18:03:03 -0300] "POST /cormun/servlet/trautorizarot?84e13f8d6d1125a6eaa0b56c0fc34d85,,gx-no-cache=1509051728415 HTTP/1.1" 200 5257
192.168.10.62 - - [26/Oct/2017:18:04:04 -0300] "GET /cormun/servlet/trsolicitudgral? HTTP/1.1" 200 9602
192.168.10.62 - - [26/Oct/2017:18:04:05 -0300] "GET /cormun/servlet/trsolicitudgral? HTTP/1.1" 200 9581
192.168.10.62 - - [26/Oct/2017:18:04:09 -0300] "POST /cormun/servlet/trsolicitudgral?5150429b4db344563011698af7230df2,,gx-no-cache=1509051794405 HTTP/1.1" 200 6819
192.168.10.62 - - [26/Oct/2017:18:04:22 -0300] "GET /cormun/servlet/hlogin HTTP/1.1" 200 1737
186.103.159.204 - - [26/Oct/2017:18:05:19 -0300] "POST /cormun/servlet/solicitudot?gx-no-cache=1509051946210 HTTP/1.1" 200 255
186.103.159.204 - - [26/Oct/2017:18:05:21 -0300] "GET /cormun/servlet/solicitudot?120eb09d74b445abdf25a0b58b562f460361d7c1ef6076eca753b23a4857967c8e1936352cfd0f2ebfc6a179405960496189bc83d250d41ac21bdb38659a0d895a4b5a9352009dd33b000714a4b96aced7f5b1eed8b25d60ce72d6c7b97a9bc3fe0635b6afdd17e8b49cd36435b1723e4a4b7e69d144e745414d005b6d0eb5891930274a2848b7b0b7938fd4b55278233f83b0e542d8390d33aa5510a733e461860e12ea153d04d1a19d50278b6103aa61d3897a4090ae9a4670682daff7fc574e3435693c9d084dd0d72a9d595ed27acd99246b616a1e5ebe1c58ab6b92ca70a5b3b4d633ffd94d6a501fb009793e64926a69323d29a3b2709da93b1b96f29ff31d504a63661b4657ed54b70af82f4e9b554be664a2a0aad2b485c5fb48f7e233619035f8cac46298226895916dccaed5198b7e74c82296043c79cd1f95f2004ba9729157e133986752f3953dcb3d4e011cacd6d3cfb14f7ae6c8540b3c785fe3db4227f4f781a7c61861aa3dafd71e90099c57d587a88bee71c0084bb57a80,gx-no-cache=1509051948077 HTTP/1.1" 200 30
186.103.159.204 - - [26/Oct/2017:18:05:31 -0300] "POST /cormun/servlet/solicitudot?gx-no-cache=1509051957339 HTTP/1.1" 200 30
186.103.159.204 - - [26/Oct/2017:18:05:31 -0300] "POST /cormun/servlet/solicitudot?gx-no-cache=1509051957728 HTTP/1.1" 200 1357
186.103.159.204 - - [26/Oct/2017:18:05:31 -0300] "POST /cormun/servlet/solicitudot?gx-no-cache=1509051957824 HTTP/1.1" 200 38
186.103.159.204 - - [26/Oct/2017:18:06:14 -0300] "POST /cormun/servlet/solicitudot?gx-no-cache=1509052001436 HTTP/1.1" 200 1357
186.103.159.204 - - [26/Oct/2017:18:06:14 -0300] "POST /cormun/servlet/solicitudot?gx-no-cache=1509052001593 HTTP/1.1" 200 38
186.103.159.204 - - [26/Oct/2017:18:06:34 -0300] "GET /cormun/servlet/solicitudot?120eb09d74b445abdf25a0b58b562f46fc72cd304bfd3c0cb9ed87581eb219a76f21fb3a0d8fa1298bbcbfe492070f8a759b8e696edbe8eb1b1f163f4ff40f09d16933f250bcea60da21f3416b9e67027662b745653364afc79b208a00e5a63ae3fd3ce4642c80291436ca8b2a2f08cd,gx-no-cache=1509052021129 HTTP/1.1" 200 29
186.103.159.204 - - [26/Oct/2017:18:06:34 -0300] "POST /cormun/servlet/solicitudot?gx-no-cache=1509052021257 HTTP/1.1" 200 1340
186.103.159.204 - - [26/Oct/2017:18:07:24 -0300] "GET /cormun/static/menuarrow.gif HTTP/1.1" 404 1015
186.103.159.204 - - [26/Oct/2017:18:07:27 -0300] "GET /cormun/servlet/solicitudot?120eb09d74b445abdf25a0b58b562f46f6e125335309bfe67d26d7437324bf645e8781d46951d09a66df8bb97dbdbb7a,gx-no-cache=1509052074081 HTTP/1.1" 200 30
186.103.159.204 - - [26/Oct/2017:18:07:35 -0300] "POST /cormun/servlet/solicitudot?gx-no-cache=1509052081628 HTTP/1.1" 200 30
186.103.159.204 - - [26/Oct/2017:18:07:35 -0300] "POST /cormun/servlet/solicitudot?e8200f0fddc67c2c227be8b65cde3231,INS,0,0,,gx-no-cache=1509052081666 HTTP/1.1" 200 93
186.103.159.204 - - [26/Oct/2017:18:07:35 -0300] "GET /cormun/servlet/hpexe_return? HTTP/1.1" 200 1008
186.103.159.204 - - [26/Oct/2017:18:07:35 -0300] "GET /cormun/servlet/trsolicitudot HTTP/1.1" 200 12471
186.103.159.204 - - [26/Oct/2017:18:07:36 -0300] "GET /cormun/servlet/trsolicitudot HTTP/1.1" 200 12467
186.103.159.204 - - [26/Oct/2017:18:07:46 -0300] "GET /cormun/servlet/solicitudot?INS,0,0, HTTP/1.1" 200 12966
186.103.159.204 - - [26/Oct/2017:18:07:47 -0300] "GET /cormun/servlet/solicitudot?INS,0,0, HTTP/1.1" 200 12971
186.103.159.204 - - [26/Oct/2017:18:08:00 -0300] "POST /cormun/servlet/solicitudot?gx-no-cache=1509052106664 HTTP/1.1" 200 3139
186.103.159.204 - - [26/Oct/2017:18:08:00 -0300] "POST /cormun/servlet/solicitudot?e8200f0fddc67c2c227be8b65cde3231,INS,0,0,,gx-no-cache=1509052106796 HTTP/1.1" 200 10004
192.168.10.60 - - [26/Oct/2017:18:08:00 -0300] "GET /cormun/servlet/solicitudotlog?INS,2017,7473,0,REC, HTTP/1.1" 200 5587
192.168.10.60 - - [26/Oct/2017:18:08:00 -0300] "GET /cormun/servlet/solicitudotlog?INS,2017,7473,0,REC, HTTP/1.1" 200 5589
192.168.10.60 - - [26/Oct/2017:18:08:01 -0300] "GET /cormun/servlet/solicitudotlog?8b89780dc852db9982d8df1339ca7c4a5fce36b9ac22fb0a2d83e7e0f7473aeeec9fadfc7e5f0951ba311d9e8e7e836a877b099c5783381b6fc5ad6bf680e9b7be7ccf5ef3ed87f6e3797e9fe7ef70e8494bcc14072d550258a05932567ed7f5a9dda55d088dd0affae7a48e65723b9c52309873a69a6f2f9791eb021cb6c48fcc090feeb5084bd783b639e63fdc3a48987b62f43b9a79dd62fbef07521f9bbc,gx-no-cache=1509052026561 HTTP/1.1" 200 94
186.103.159.204 - - [26/Oct/2017:18:08:02 -0300] "GET /cormun/servlet/solicitudot?120eb09d74b445abdf25a0b58b562f4625a7352e5367e4b5b769a3d5acc63980912c390b5b9082ce53fc8ed0e28b6ec6,gx-no-cache=1509052109241 HTTP/1.1" 200 30
192.168.10.60 - - [26/Oct/2017:18:08:22 -0300] "GET /cormun/servlet/hlogin HTTP/1.1" 200 1718
192.168.10.60 - - [26/Oct/2017:18:08:25 -0300] "POST /cormun/servlet/hlogin?dd0abe592deab2c44fe75676ecb8868e,gx-no-cache=1509052050535 HTTP/1.1" 200 90
192.168.10.60 - - [26/Oct/2017:18:08:25 -0300] "GET /cormun/servlet/hpexe_link HTTP/1.1" 200 950
192.168.10.60 - - [26/Oct/2017:18:08:25 -0300] "GET /cormun/servlet/hhome HTTP/1.1" 200 3775
192.168.10.60 - - [26/Oct/2017:18:08:25 -0300] "GET /cormun/servlet/hhome HTTP/1.1" 200 3775
192.168.10.60 - - [26/Oct/2017:18:08:29 -0300] "GET /cormun/servlet/trautorizarot? HTTP/1.1" 200 8110
192.168.10.60 - - [26/Oct/2017:18:08:30 -0300] "GET /cormun/servlet/trautorizarot? HTTP/1.1" 200 8109
192.168.10.60 - - [26/Oct/2017:18:08:32 -0300] "GET /cormun/static/menuarrow.gif HTTP/1.1" 404 1015
192.168.10.60 - - [26/Oct/2017:18:08:38 -0300] "POST /cormun/servlet/trautorizarot?dd0abe592deab2c44fe75676ecb8868e,,gx-no-cache=1509052064160 HTTP/1.1" 200 5125
192.168.10.96 - - [26/Oct/2017:18:09:21 -0300] "POST /cormun/servlet/trsolicitudgral?5b54ab81a85f7a0fb91d246c3c22992c,,gx-no-cache=1509052107154 HTTP/1.1" 200 5751
192.168.10.96 - - [26/Oct/2017:18:09:22 -0300] "POST /cormun/servlet/trsolicitudgral?5b54ab81a85f7a0fb91d246c3c22992c,,gx-no-cache=1509052107385 HTTP/1.1" 200 5751
192.168.10.96 - - [26/Oct/2017:18:09:22 -0300] "POST /cormun/servlet/trsolicitudgral?5b54ab81a85f7a0fb91d246c3c22992c,,gx-no-cache=1509052107587 HTTP/1.1" 200 5751
192.168.10.96 - - [26/Oct/2017:18:09:22 -0300] "POST /cormun/servlet/trsolicitudgral?5b54ab81a85f7a0fb91d246c3c22992c,,gx-no-cache=1509052107953 HTTP/1.1" 200 5750
192.168.10.96 - - [26/Oct/2017:18:09:22 -0300] "POST /cormun/servlet/trsolicitudgral?5b54ab81a85f7a0fb91d246c3c22992c,,gx-no-cache=1509052108197 HTTP/1.1" 200 5752
186.103.159.204 - - [26/Oct/2017:18:09:23 -0300] "POST /cormun/servlet/solicitudot?gx-no-cache=1509052189738 HTTP/1.1" 200 255
192.168.10.96 - - [26/Oct/2017:18:09:23 -0300] "POST /cormun/servlet/trsolicitudgral?5b54ab81a85f7a0fb91d246c3c22992c,,gx-no-cache=1509052108594 HTTP/1.1" 200 5751
186.103.159.204 - - [26/Oct/2017:18:09:24 -0300] "GET /cormun/servlet/solicitudot?120eb09d74b445abdf25a0b58b562f460361d7c1ef6076eca753b23a4857967c8e1936352cfd0f2ebfc6a179405960496189bc83d250d41ac21bdb38659a0d895a4b5a9352009dd33b000714a4b96aced7f5b1eed8b25d60ce72d6c7b97a9bc3fe0635b6afdd17e8b49cd36435b1723e4a4b7e69d144e745414d005b6d0eb5891930274a2848b7b0b7938fd4b55278233f83b0e542d8390d33aa5510a733e461860e12ea153d04d1a19d50278b6103aa61d3897a4090ae9a4670682daff7fc574e3435693c9d084dd0d72a9d595ed27acd99246b616a1e5ebe1c58ab6b92ca70a5b3b4d633ffd94d6a501fb009793e64926a69323d29a3b2709da93b1b96f29ff31d504a63661b4657ed54b70af82f4e9b554be664a2a0aad2b485c5fb48f7e233619035f8cac46298226895916dccaed5198b7e74c82296043c79cd1f95f2004ba9729157e133986752f3953dcb3d4e011cacd6d3cfb14f7ae6c8540b3c785fe3db4227f4f781a7c61861aa3dafd71e90099c57d587a88bee71c0084bb57a80,gx-no-cache=1509052191401 HTTP/1.1" 200 30
186.103.159.204 - - [26/Oct/2017:18:09:29 -0300] "POST /cormun/servlet/solicitudot?gx-no-cache=1509052195946 HTTP/1.1" 200 30
186.103.159.204 - - [26/Oct/2017:18:09:29 -0300] "POST /cormun/servlet/solicitudot?gx-no-cache=1509052196367 HTTP/1.1" 200 1357
186.103.159.204 - - [26/Oct/2017:18:09:29 -0300] "POST /cormun/servlet/solicitudot?gx-no-cache=1509052196461 HTTP/1.1" 200 38
186.103.156.166 - - [26/Oct/2017:18:09:36 -0300] "POST /cormun/servlet/permisosadjuntos?42d8dcebb30991bd0026883edc738dbf,INS,17522628,P,20171026175810,, HTTP/1.1" 200 116
186.103.156.166 - - [26/Oct/2017:18:09:36 -0300] "GET /cormun/servlet/hpexe_return? HTTP/1.1" 200 1032
186.103.156.166 - - [26/Oct/2017:18:09:36 -0300] "GET /cormun/servlet/trpermisosadjuntos?17522628,20171026175810,P, HTTP/1.1" 200 6558
186.103.156.166 - - [26/Oct/2017:18:09:37 -0300] "GET /cormun/servlet/trpermisosadjuntos?17522628,20171026175810,P, HTTP/1.1" 200 6554
186.103.156.166 - - [26/Oct/2017:18:09:43 -0300] "POST /cormun/servlet/trpermisosadjuntos?42d8dcebb30991bd0026883edc738dbf,17522628,20171026175810,P,,gx-no-cache=1509055797403 HTTP/1.1" 200 90
186.103.156.166 - - [26/Oct/2017:18:09:43 -0300] "GET /cormun/servlet/hpexe_link HTTP/1.1" 200 978
186.103.156.166 - - [26/Oct/2017:18:09:43 -0300] "GET /cormun/servlet/trpermisosgoce HTTP/1.1" 200 9510
186.103.156.166 - - [26/Oct/2017:18:09:44 -0300] "GET /cormun/servlet/trpermisosgoce HTTP/1.1" 200 9506
186.103.156.166 - - [26/Oct/2017:18:10:03 -0300] "POST /cormun/servlet/trpermisosgoce?42d8dcebb30991bd0026883edc738dbf,gx-no-cache=1509055817324 HTTP/1.1" 200 6689
186.103.156.166 - - [26/Oct/2017:18:10:03 -0300] "GET /cormun/static/Shared/jqueryui/images/ui-bg_highlight-soft_100_c6c2c8_1x100.png HTTP/1.1" 404 1117
186.103.156.166 - - [26/Oct/2017:18:10:03 -0300] "GET /cormun/static/Shared/jqueryui/images/ui-icons_82798d_256x240.png HTTP/1.1" 404 1089
186.103.156.166 - - [26/Oct/2017:18:10:03 -0300] "GET /cormun/static/Shared/jqueryui/images/ui-bg_flat_55_fafafa_40x100.png HTTP/1.1" 404 1097
186.103.156.166 - - [26/Oct/2017:18:10:03 -0300] "GET /cormun/static/Shared/jqueryui/images/ui-icons_8d78a5_256x240.png HTTP/1.1" 404 1089
192.168.10.89 - - [26/Oct/2017:18:10:15 -0300] "GET /cormun/servlet/hlogin HTTP/1.1" 200 1735
186.103.159.204 - - [26/Oct/2017:18:10:32 -0300] "POST /cormun/servlet/solicitudot?gx-no-cache=1509052258764 HTTP/1.1" 200 1355
186.103.159.204 - - [26/Oct/2017:18:10:32 -0300] "POST /cormun/servlet/solicitudot?gx-no-cache=1509052259061 HTTP/1.1" 200 38
186.103.159.204 - - [26/Oct/2017:18:10:32 -0300] "GET /cormun/servlet/solicitudot?120eb09d74b445abdf25a0b58b562f46fc72cd304bfd3c0cb9ed87581eb219a76f21fb3a0d8fa1298bbcbfe492070f8a759b8e696edbe8eb1b1f163f4ff40f09d16933f250bcea60da21f3416b9e67027662b745653364afc79b208a00e5a63ae3fd3ce4642c80291436ca8b2a2f08cd,gx-no-cache=1509052259110 HTTP/1.1" 200 29
186.103.159.204 - - [26/Oct/2017:18:10:32 -0300] "POST /cormun/servlet/solicitudot?gx-no-cache=1509052259143 HTTP/1.1" 200 1340
186.103.159.204 - - [26/Oct/2017:18:10:38 -0300] "GET /cormun/static/menuarrow.gif HTTP/1.1" 404 1015
186.103.156.166 - - [26/Oct/2017:18:10:39 -0300] "GET /cormun/servlet/hlogin HTTP/1.1" 200 1732
186.103.159.204 - - [26/Oct/2017:18:10:42 -0300] "GET /cormun/servlet/solicitudot?120eb09d74b445abdf25a0b58b562f46f6e125335309bfe67d26d7437324bf645e8781d46951d09a66df8bb97dbdbb7a,gx-no-cache=1509052268954 HTTP/1.1" 200 30
186.103.159.204 - - [26/Oct/2017:18:10:49 -0300] "POST /cormun/servlet/solicitudot?gx-no-cache=1509052276604 HTTP/1.1" 200 30
186.103.159.204 - - [26/Oct/2017:18:10:56 -0300] "POST /cormun/servlet/solicitudot?e8200f0fddc67c2c227be8b65cde3231,INS,0,0,,gx-no-cache=1509052283225 HTTP/1.1" 200 93
186.103.159.204 - - [26/Oct/2017:18:10:56 -0300] "GET /cormun/servlet/hpexe_return? HTTP/1.1" 200 1008
186.103.159.204 - - [26/Oct/2017:18:10:57 -0300] "GET /cormun/servlet/trsolicitudot HTTP/1.1" 200 12747
186.103.159.204 - - [26/Oct/2017:18:10:58 -0300] "GET /cormun/servlet/trsolicitudot HTTP/1.1" 200 12743
186.103.156.166 - - [26/Oct/2017:18:11:01 -0300] "POST /cormun/servlet/hlogin?42d8dcebb30991bd0026883edc738dbf,gx-no-cache=1509055875107 HTTP/1.1" 200 90
186.103.156.166 - - [26/Oct/2017:18:11:01 -0300] "GET /cormun/servlet/hpexe_link HTTP/1.1" 200 947
186.103.156.166 - - [26/Oct/2017:18:11:01 -0300] "GET /cormun/servlet/hhome HTTP/1.1" 200 4055
186.103.156.166 - - [26/Oct/2017:18:11:02 -0300] "GET /cormun/servlet/hhome HTTP/1.1" 200 4051
186.103.156.166 - - [26/Oct/2017:18:11:10 -0300] "GET /cormun/servlet/trautorizarpermisogoce? HTTP/1.1" 200 7660
186.103.156.166 - - [26/Oct/2017:18:11:10 -0300] "GET /cormun/servlet/trautorizarpermisogoce? HTTP/1.1" 200 7720
186.103.156.166 - - [26/Oct/2017:18:11:11 -0300] "GET /cormun/servlet/trautorizarpermisogoce? HTTP/1.1" 200 7718
186.103.159.204 - - [26/Oct/2017:18:11:46 -0300] "POST /cormun/servlet/trsolicitudot?e8200f0fddc67c2c227be8b65cde3231,gx-no-cache=1509052332965 HTTP/1.1" 200 9874
186.103.159.204 - - [26/Oct/2017:18:11:46 -0300] "GET /cormun/static/Shared/jqueryui/images/ui-bg_highlight-soft_100_c6c2c8_1x100.png HTTP/1.1" 404 1117
186.103.159.204 - - [26/Oct/2017:18:11:46 -0300] "GET /cormun/static/Shared/jqueryui/images/ui-icons_82798d_256x240.png HTTP/1.1" 404 1089
186.103.159.204 - - [26/Oct/2017:18:11:46 -0300] "GET /cormun/static/Shared/jqueryui/images/ui-icons_8d78a5_256x240.png HTTP/1.1" 404 1089
186.103.159.204 - - [26/Oct/2017:18:11:46 -0300] "GET /cormun/static/Shared/jqueryui/images/ui-bg_flat_55_fafafa_40x100.png HTTP/1.1" 404 1097
186.103.156.166 - - [26/Oct/2017:18:12:09 -0300] "POST /cormun/servlet/trautorizarpermisogoce?42d8dcebb30991bd0026883edc738dbf,,gx-no-cache=1509055942874 HTTP/1.1" 200 4236
186.103.156.166 - - [26/Oct/2017:18:12:09 -0300] "GET /cormun/static/Shared/jqueryui/images/ui-bg_highlight-soft_100_c6c2c8_1x100.png HTTP/1.1" 404 1117
186.103.156.166 - - [26/Oct/2017:18:12:09 -0300] "GET /cormun/static/Shared/jqueryui/images/ui-icons_82798d_256x240.png HTTP/1.1" 404 1089
186.103.156.166 - - [26/Oct/2017:18:12:09 -0300] "GET /cormun/static/Shared/jqueryui/images/ui-bg_flat_55_fafafa_40x100.png HTTP/1.1" 404 1097
186.103.156.166 - - [26/Oct/2017:18:12:09 -0300] "GET /cormun/static/Shared/jqueryui/images/ui-icons_8d78a5_256x240.png HTTP/1.1" 404 1089
186.103.159.204 - - [26/Oct/2017:18:12:10 -0300] "POST /cormun/servlet/trsolicitudot?e8200f0fddc67c2c227be8b65cde3231,gx-no-cache=1509052356810 HTTP/1.1" 200 9874
186.103.159.204 - - [26/Oct/2017:18:12:21 -0300] "POST /cormun/servlet/trsolicitudot?e8200f0fddc67c2c227be8b65cde3231,gx-no-cache=1509052368149 HTTP/1.1" 200 9874
186.103.156.166 - - [26/Oct/2017:18:12:50 -0300] "GET /cormun/servlet/hlogin HTTP/1.1" 200 1738
186.103.159.204 - - [26/Oct/2017:18:27:54 -0300] "POST /cormun/servlet/trsolicitudot?e8200f0fddc67c2c227be8b65cde3231,gx-no-cache=1509053300075 HTTP/1.1" 200 9874
186.103.159.204 - - [26/Oct/2017:18:27:55 -0300] "POST /cormun/servlet/trsolicitudot?e8200f0fddc67c2c227be8b65cde3231,gx-no-cache=1509053301602 HTTP/1.1" 200 9874
186.103.159.204 - - [26/Oct/2017:18:27:55 -0300] "POST /cormun/servlet/trsolicitudot?e8200f0fddc67c2c227be8b65cde3231,gx-no-cache=1509053302251 HTTP/1.1" 200 9874
186.103.159.204 - - [26/Oct/2017:18:37:58 -0300] "POST /cormun/servlet/trsolicitudot?e8200f0fddc67c2c227be8b65cde3231,gx-no-cache=1509053905300 HTTP/1.1" 200 9873
186.103.159.204 - - [26/Oct/2017:18:39:42 -0300] "GET /cormun/servlet/hlogin HTTP/1.1" 200 1737
95.213.177.124 - - [26/Oct/2017:18:41:18 -0300] "CONNECT check.proxyradar.com:80 HTTP/1.1" 400 -
157.55.39.94 - - [26/Oct/2017:19:28:09 -0300] "GET /cormun/servlet/hlogin?_escaped_fragment_= HTTP/1.1" 200 1762
46.174.191.30 - - [26/Oct/2017:19:33:13 -0300] "GET / HTTP/1.0" 200 11197
93.158.161.6 - - [26/Oct/2017:19:43:16 -0300] "GET /robots.txt HTTP/1.1" 404 981
93.158.161.6 - - [26/Oct/2017:19:43:20 -0300] "GET /docs/api/index.html?org/apache/catalina/websocket/package-summary.html HTTP/1.1" 200 1295
66.249.85.29 - - [26/Oct/2017:20:51:11 -0300] "GET /cormun/servlet/hlogin HTTP/1.1" 200 1724
66.249.85.28 - - [26/Oct/2017:20:51:16 -0300] "GET /cormun/static/Resources/Spanish/PXTools.css?11423723 HTTP/1.1" 200 89042
66.249.85.27 - - [26/Oct/2017:20:51:17 -0300] "GET /cormun/static/gxtimezone.js?85251 HTTP/1.1" 200 5781
66.249.85.29 - - [26/Oct/2017:20:51:17 -0300] "GET /cormun/static/gxgral.js?85251 HTTP/1.1" 200 384558
66.249.85.28 - - [26/Oct/2017:20:51:20 -0300] "GET /cormun/static/gxcfg.js?20175251213516 HTTP/1.1" 200 953
66.249.85.27 - - [26/Oct/2017:20:51:20 -0300] "GET /cormun/static/Resources/ComunLogin.png HTTP/1.1" 200 17326
66.249.85.27 - - [26/Oct/2017:20:51:22 -0300] "GET /cormun/static/messages.spa.js?85251 HTTP/1.1" 200 30736
66.249.85.28 - - [26/Oct/2017:20:51:22 -0300] "GET /cormun/static/hlogin.js?20175251213537 HTTP/1.1" 200 2136
66.249.85.27 - - [26/Oct/2017:20:51:22 -0300] "GET /cormun/static/Resources/PXToolsLoginTop.png HTTP/1.1" 200 1337
66.249.85.27 - - [26/Oct/2017:20:51:22 -0300] "GET /cormun/static/Resources/PXToolsLoginBackground.png HTTP/1.1" 200 1164
66.249.85.29 - - [26/Oct/2017:20:51:22 -0300] "GET /cormun/static/Resources/PXToolsButtonLeft21.png HTTP/1.1" 200 1287
66.249.85.27 - - [26/Oct/2017:20:51:22 -0300] "GET /cormun/static/Resources/PXToolsButtonRight21.png HTTP/1.1" 200 1283
66.249.85.28 - - [26/Oct/2017:20:51:22 -0300] "GET /cormun/static/Resources/PXToolsButtonBackground2.png HTTP/1.1" 200 1181
66.249.85.28 - - [26/Oct/2017:20:51:22 -0300] "GET /cormun/static/Resources/PXToolsLoginBottom.png HTTP/1.1" 200 1389
66.249.85.27 - - [26/Oct/2017:20:51:23 -0300] "GET /cormun/static/Resources/indicator.gif HTTP/1.1" 200 1553
66.249.83.209 - - [26/Oct/2017:20:51:23 -0300] "GET /cormun/servlet/hlogin HTTP/1.1" 200 1730
66.249.83.207 - - [26/Oct/2017:20:51:24 -0300] "GET /cormun/static/gxcfg.js?20175251213516 HTTP/1.1" 200 953
66.249.83.209 - - [26/Oct/2017:20:51:24 -0300] "GET /cormun/static/hlogin.js?20175251213537 HTTP/1.1" 200 2136
66.249.80.2 - - [26/Oct/2017:20:51:24 -0300] "GET /cormun/static/gxtimezone.js?85251 HTTP/1.1" 200 5781
66.249.83.209 - - [26/Oct/2017:20:51:24 -0300] "GET /cormun/static/Resources/Spanish/PXTools.css?11423723 HTTP/1.1" 200 89042
66.249.83.205 - - [26/Oct/2017:20:51:24 -0300] "GET /cormun/static/Resources/ComunLogin.png HTTP/1.1" 200 17326
66.249.80.7 - - [26/Oct/2017:20:51:24 -0300] "GET /cormun/static/messages.spa.js?85251 HTTP/1.1" 200 30736
66.249.80.5 - - [26/Oct/2017:20:51:25 -0300] "GET /cormun/static/gxgral.js?85251 HTTP/1.1" 200 384558
66.249.83.207 - - [26/Oct/2017:20:51:25 -0300] "GET /cormun/static/Resources/PXToolsLoginBackground.png HTTP/1.1" 200 1164
66.249.83.209 - - [26/Oct/2017:20:51:25 -0300] "GET /cormun/static/Resources/PXToolsButtonRight21.png HTTP/1.1" 200 1283
66.249.83.209 - - [26/Oct/2017:20:51:25 -0300] "GET /cormun/static/Resources/PXToolsLoginTop.png HTTP/1.1" 200 1337
66.249.83.205 - - [26/Oct/2017:20:51:25 -0300] "GET /cormun/static/Resources/PXToolsButtonLeft21.png HTTP/1.1" 200 1287
66.249.80.5 - - [26/Oct/2017:20:51:25 -0300] "GET /cormun/static/Resources/PXToolsButtonBackground2.png HTTP/1.1" 200 1181
66.249.83.207 - - [26/Oct/2017:20:51:25 -0300] "GET /cormun/static/Resources/PXToolsLoginBottom.png HTTP/1.1" 200 1389
66.249.83.207 - - [26/Oct/2017:20:51:25 -0300] "GET /cormun/static/Resources/indicator.gif HTTP/1.1" 200 1553
66.249.83.207 - - [26/Oct/2017:20:51:25 -0300] "GET /cormun/static/Resources/PXToolsButtonLeft21.png HTTP/1.1" 200 1287
66.249.83.207 - - [26/Oct/2017:20:51:25 -0300] "GET /cormun/static/Resources/PXToolsLoginTop.png HTTP/1.1" 200 1337
66.249.83.209 - - [26/Oct/2017:20:51:25 -0300] "GET /cormun/static/Resources/PXToolsLoginBottom.png HTTP/1.1" 200 1389
66.249.83.207 - - [26/Oct/2017:20:51:25 -0300] "GET /cormun/static/Resources/PXToolsButtonBackground2.png HTTP/1.1" 200 1181
66.249.80.5 - - [26/Oct/2017:20:51:25 -0300] "GET /cormun/static/Resources/indicator.gif HTTP/1.1" 200 1553
66.249.85.27 - - [26/Oct/2017:20:51:27 -0300] "GET /favicon.ico HTTP/1.1" 200 21630
66.249.83.209 - - [26/Oct/2017:20:54:30 -0300] "GET /cormun/servlet/hlogin HTTP/1.1" 200 1727
139.162.111.98 - - [26/Oct/2017:22:14:57 -0300] "GET / HTTP/1.1" 200 11217
66.249.64.27 - - [26/Oct/2017:22:57:14 -0300] "GET /robots.txt HTTP/1.1" 404 981
66.249.64.28 - - [26/Oct/2017:22:57:14 -0300] "GET /cormun/servlet/hlogin HTTP/1.1" 200 1706
66.249.64.29 - - [26/Oct/2017:22:57:14 -0300] "GET /cormun/servlet/hlogin?_escaped_fragment_= HTTP/1.1" 200 1717
95.213.177.125 - - [26/Oct/2017:23:07:29 -0300] "CONNECT check.proxyradar.com:80 HTTP/1.1" 400 -
46.174.191.30 - - [26/Oct/2017:23:52:37 -0300] "GET / HTTP/1.0" 200 11197