186.103.159.204 - - [26/Oct/2017:17:44:29 -0300] "GET /cormun/servlet/solicitudot?120eb09d74b445abdf25a0b58b562f460361d7c1ef6076eca753b23a4857967c8e1936352cfd0f2ebfc6a179405960496189bc83d250d41ac21bdb38659a0d895a4b5a9352009dd33b000714a4b96aced7f5b1eed8b25d60ce72d6c7b97a9bc3fe0635b6afdd17e8b49cd36435b1723e4a4b7e69d144e745414d005b6d0eb5891930274a2848b7b0b7938fd4b55278233f83b0e542d8390d33aa5510a733e461860e12ea153d04d1a19d50278b6103aa61d3897a4090ae9a4670682daff7fc574e3435693c9d084dd0d72a9d595ed27acd99246b616a1e5ebe1c58ab6b92ca70a5b3b4d633ffd94d6a501fb009793e64926a69323d29a3b2709da93b1b96f29ff31d504a63661b4657ed54b70af82f4e9b554be664a2a0aad2b485c5fb48f7e233619035f8cac46298226895916dccaed5198b7e74c82296043c79cd1f95f2004ba9729157e133986752f3953dcb3d4e011cacd6d3cfb14f7ae6c8540b3c785fe3db4227f4f781a7c61861aa3dafd71e90099c57d587a88bee71c0084bb57a80,gx-no-cache=1509050695981 HTTP/1.1" 200 30
173.212.217.181 - - [26/Oct/2017:17:44:48 -0300] "GET / HTTP/1.1" 200 11217
173.212.217.181 - - [26/Oct/2017:17:44:49 -0300] "GET / HTTP/1.1" 200 11217
173.212.217.181 - - [26/Oct/2017:17:44:49 -0300] "GET //__ HTTP/1.1" 400 -
173.212.217.181 - - [26/Oct/2017:17:44:52 -0300] "GET /examples/ HTTP/1.1" 200 1253
173.212.217.181 - - [26/Oct/2017:17:44:52 -0300] "GET /docs/config/ HTTP/1.1" 200 10964
173.212.217.181 - - [26/Oct/2017:17:44:52 -0300] "GET /docs/ HTTP/1.1" 200 19088
173.212.217.181 - - [26/Oct/2017:17:44:52 -0300] "GET /docs/security-howto.html HTTP/1.1" 200 40296
173.212.217.181 - - [26/Oct/2017:17:44:52 -0300] "GET /host-manager/html HTTP/1.1" 401 2045
173.212.217.181 - - [26/Oct/2017:17:44:52 -0300] "GET /manager/status HTTP/1.1" 401 2474
173.212.217.181 - - [26/Oct/2017:17:44:52 -0300] "GET /manager/html HTTP/1.1" 401 2474
173.212.217.181 - - [26/Oct/2017:17:44:52 -0300] "GET /docs/security-howto.html/__ HTTP/1.1" 400 -
173.212.217.181 - - [26/Oct/2017:17:44:52 -0300] "GET /docs//__ HTTP/1.1" 400 -
173.212.217.181 - - [26/Oct/2017:17:44:52 -0300] "GET /docs/manager-howto.html/__ HTTP/1.1" 400 -
173.212.217.181 - - [26/Oct/2017:17:44:52 -0300] "GET /docs/cluster-howto.html/__ HTTP/1.1" 400 -
173.212.217.181 - - [26/Oct/2017:17:44:53 -0300] "GET /host-manager/html/__ HTTP/1.1" 400 -
173.212.217.181 - - [26/Oct/2017:17:44:53 -0300] "GET /docs/manager-howto.html HTTP/1.1" 200 40960
173.212.217.181 - - [26/Oct/2017:17:44:53 -0300] "GET /docs/config//__ HTTP/1.1" 400 -
173.212.217.181 - - [26/Oct/2017:17:44:54 -0300] "GET /manager/status/__ HTTP/1.1" 400 -
173.212.217.181 - - [26/Oct/2017:17:44:55 -0300] "GET /manager/html/__ HTTP/1.1" 400 -
192.168.10.62 - - [26/Oct/2017:17:46:54 -0300] "POST /cormun/servlet/vesolicitudgral?5150429b4db344563011698af7230df2,2017,7504,,,gx-no-cache=1509050759993 HTTP/1.1" 200 90
192.168.10.62 - - [26/Oct/2017:17:46:54 -0300] "GET /cormun/servlet/hpexe_link HTTP/1.1" 200 965
192.168.10.62 - - [26/Oct/2017:17:46:54 -0300] "GET /cormun/servlet/trsolicitudgral HTTP/1.1" 200 12023
192.168.10.62 - - [26/Oct/2017:17:46:55 -0300] "GET /cormun/servlet/trsolicitudgral HTTP/1.1" 200 12022
192.168.10.89 - - [26/Oct/2017:17:47:00 -0300] "POST /cormun/servlet/trsolicitudgral?4df35c7bf0cb0bca9c2e873be5c8f8fa,,gx-no-cache=1509050765354 HTTP/1.1" 200 5744
186.103.159.182 - - [26/Oct/2017:17:47:36 -0300] "GET /cormun/servlet/hlogin HTTP/1.1" 200 1716
186.103.159.182 - - [26/Oct/2017:17:47:37 -0300] "GET /cormun/static/gxtimezone.js?85251 HTTP/1.1" 304 -
186.103.159.182 - - [26/Oct/2017:17:47:37 -0300] "GET /cormun/static/gxcfg.js?20175251213516 HTTP/1.1" 200 953
186.103.159.182 - - [26/Oct/2017:17:47:37 -0300] "GET /cormun/static/Resources/Spanish/PXTools.css?11423723 HTTP/1.1" 200 89042
186.103.159.182 - - [26/Oct/2017:17:47:37 -0300] "GET /cormun/static/messages.spa.js?85251 HTTP/1.1" 304 -
186.103.159.182 - - [26/Oct/2017:17:47:37 -0300] "GET /cormun/static/Resources/ComunLogin.png HTTP/1.1" 200 17326
186.103.159.182 - - [26/Oct/2017:17:47:37 -0300] "GET /cormun/static/Resources/PXToolsLoginTop.png HTTP/1.1" 200 1337
186.103.159.182 - - [26/Oct/2017:17:47:37 -0300] "GET /cormun/static/Resources/PXToolsLoginBackground.png HTTP/1.1" 200 1164
186.103.159.182 - - [26/Oct/2017:17:47:37 -0300] "GET /cormun/static/Resources/PXToolsButtonLeft21.png HTTP/1.1" 200 1287
186.103.159.182 - - [26/Oct/2017:17:47:37 -0300] "GET /cormun/static/Resources/PXToolsButtonRight21.png HTTP/1.1" 200 1283
186.103.159.182 - - [26/Oct/2017:17:47:37 -0300] "GET /cormun/static/Resources/PXToolsButtonBackground2.png HTTP/1.1" 200 1181
186.103.159.182 - - [26/Oct/2017:17:47:37 -0300] "GET /cormun/static/Resources/PXToolsLoginBottom.png HTTP/1.1" 200 1389
186.103.159.182 - - [26/Oct/2017:17:47:37 -0300] "GET /cormun/servlet/hlogin HTTP/1.1" 200 1725
186.103.159.182 - - [26/Oct/2017:17:47:38 -0300] "GET /favicon.ico HTTP/1.1" 200 21630
186.103.159.182 - - [26/Oct/2017:17:47:40 -0300] "POST /cormun/servlet/hlogin?8667bee2ce582a3d112ab56e1b04a189,gx-no-cache=1509051120316 HTTP/1.1" 200 90
186.103.159.182 - - [26/Oct/2017:17:47:40 -0300] "GET /cormun/servlet/hpexe_link HTTP/1.1" 200 948
186.103.159.182 - - [26/Oct/2017:17:47:40 -0300] "GET /cormun/static/gxcfg.js?20177612121792 HTTP/1.1" 200 953
186.103.159.182 - - [26/Oct/2017:17:47:40 -0300] "GET /cormun/static/hpexe_link.js?20177612121795 HTTP/1.1" 200 625
186.103.159.182 - - [26/Oct/2017:17:47:40 -0300] "GET /cormun/servlet/hhome HTTP/1.1" 200 4120
186.103.159.182 - - [26/Oct/2017:17:47:40 -0300] "GET /cormun/static/PXToolsJavascripts/pexe_cookies.js HTTP/1.1" 200 792
186.103.159.182 - - [26/Oct/2017:17:47:40 -0300] "GET /cormun/static/PXToolsJavascripts/pexe_picture.js HTTP/1.1" 200 689
186.103.159.182 - - [26/Oct/2017:17:47:40 -0300] "GET /cormun/static/PXToolsJavascripts/pexe_menudivfix.js HTTP/1.1" 200 333
186.103.159.182 - - [26/Oct/2017:17:47:40 -0300] "GET /cormun/static/gxcfg.js?20175251212442 HTTP/1.1" 200 953
186.103.159.182 - - [26/Oct/2017:17:47:40 -0300] "GET /cormun/static/PXToolsJavascripts/pexe_oav.js HTTP/1.1" 200 645
186.103.159.182 - - [26/Oct/2017:17:47:40 -0300] "GET /cormun/static/PXToolsJavascripts/pexe_oavdivfix.js HTTP/1.1" 200 639
186.103.159.182 - - [26/Oct/2017:17:47:40 -0300] "GET /cormun/static/PXToolsJavascripts/pexe_tabdivfix.js HTTP/1.1" 200 876
186.103.159.182 - - [26/Oct/2017:17:47:40 -0300] "GET /cormun/static/PXToolsJavascripts/PXToolsJavascriptsRender.js HTTP/1.1" 200 367
186.103.159.182 - - [26/Oct/2017:17:47:40 -0300] "GET /cormun/static/RunJS/RunJS.js HTTP/1.1" 200 288
186.103.159.182 - - [26/Oct/2017:17:47:40 -0300] "GET /cormun/static/hhome.js?20175251212450 HTTP/1.1" 200 777
186.103.159.182 - - [26/Oct/2017:17:47:40 -0300] "GET /cormun/static/hpexe_messagecontroller.js?20177611595012 HTTP/1.1" 200 870
186.103.159.182 - - [26/Oct/2017:17:47:40 -0300] "GET /cormun/static/hpexe_messagepopupcomponent.js?20161017169425 HTTP/1.1" 200 605
186.103.159.182 - - [26/Oct/2017:17:47:40 -0300] "GET /cormun/static/hpexe_messagegenexuscomponent.js?201752511465344 HTTP/1.1" 200 587
186.103.159.182 - - [26/Oct/2017:17:47:41 -0300] "GET /cormun/static/Resources/logo4.png HTTP/1.1" 200 6582
186.103.159.182 - - [26/Oct/2017:17:47:41 -0300] "GET /cormun/static/Resources/PXToolsHeaderActionsLeft.png HTTP/1.1" 200 1118
186.103.159.182 - - [26/Oct/2017:17:47:41 -0300] "GET /cormun/static/Resources/PXToolsHeaderHome.png HTTP/1.1" 200 4147
186.103.159.182 - - [26/Oct/2017:17:47:41 -0300] "GET /cormun/static/Resources/PXToolsHeaderLogin.png HTTP/1.1" 200 4279
186.103.159.182 - - [26/Oct/2017:17:47:41 -0300] "GET /cormun/static/Resources/PXToolsHeaderPreferences.png HTTP/1.1" 200 4189
186.103.159.182 - - [26/Oct/2017:17:47:41 -0300] "GET /cormun/static/Resources/PXToolsHeaderSecurity.png HTTP/1.1" 200 4166
186.103.159.182 - - [26/Oct/2017:17:47:41 -0300] "GET /cormun/static/Resources/PXToolsHeaderBackground2.png HTTP/1.1" 200 1174
186.103.159.182 - - [26/Oct/2017:17:47:41 -0300] "GET /cormun/static/Resources/PXToolsFooterBackground2.png HTTP/1.1" 200 1172
186.103.159.182 - - [26/Oct/2017:17:47:41 -0300] "GET /cormun/static/Resources/PXToolsHeaderActionsBackground.png HTTP/1.1" 200 484
186.103.159.182 - - [26/Oct/2017:17:47:41 -0300] "GET /cormun/static/Resources/PXToolsDataTitle.png HTTP/1.1" 200 1173
186.103.159.182 - - [26/Oct/2017:17:47:41 -0300] "GET /cormun/static/Resources/PXToolsHeaderActionsRight.png HTTP/1.1" 200 1201
186.103.159.182 - - [26/Oct/2017:17:47:42 -0300] "GET /cormun/servlet/hhome HTTP/1.1" 200 4117
186.103.159.182 - - [26/Oct/2017:17:47:42 -0300] "GET /cormun/static/SmoothNavMenu/resources/images/down.gif HTTP/1.1" 200 854
186.103.159.182 - - [26/Oct/2017:17:47:42 -0300] "GET /cormun/static/SmoothNavMenu/resources/images/right.gif HTTP/1.1" 200 860
186.103.159.182 - - [26/Oct/2017:17:47:59 -0300] "GET /cormun/servlet/trpermisosgoce? HTTP/1.1" 200 8886
186.103.159.182 - - [26/Oct/2017:17:47:59 -0300] "GET /cormun/static/gxcfg.js?20177612163875 HTTP/1.1" 304 -
186.103.159.182 - - [26/Oct/2017:17:47:59 -0300] "GET /cormun/static/calendar.js?85251 HTTP/1.1" 304 -
186.103.159.182 - - [26/Oct/2017:17:47:59 -0300] "GET /cormun/static/calendar-setup.js?85251 HTTP/1.1" 304 -
186.103.159.182 - - [26/Oct/2017:17:47:59 -0300] "GET /cormun/static/calendar-es.js?85251 HTTP/1.1" 304 -
186.103.159.182 - - [26/Oct/2017:17:47:59 -0300] "GET /cormun/static/Resources/PXTools/calendar.png HTTP/1.1" 200 1306
186.103.159.182 - - [26/Oct/2017:17:47:59 -0300] "GET /cormun/static/gxdec.js?85251 HTTP/1.1" 304 -
186.103.159.182 - - [26/Oct/2017:17:48:00 -0300] "GET /cormun/servlet/trpermisosgoce? HTTP/1.1" 200 8884
186.103.159.182 - - [26/Oct/2017:17:48:01 -0300] "GET /cormun//static/Resources/PXToolsActionDisabled.gif HTTP/1.1" 200 53
192.168.10.96 - - [26/Oct/2017:17:48:11 -0300] "POST /cormun/servlet/trsolicitudgral?5b54ab81a85f7a0fb91d246c3c22992c,,gx-no-cache=1509050836475 HTTP/1.1" 200 5772
186.103.159.182 - - [26/Oct/2017:17:48:20 -0300] "GET /cormun/servlet/permisogoce?INS,0,,, HTTP/1.1" 200 6959
186.103.159.182 - - [26/Oct/2017:17:48:20 -0300] "GET /cormun/static/gxcfg.js?201776126440 HTTP/1.1" 304 -
186.103.159.182 - - [26/Oct/2017:17:48:21 -0300] "GET /cormun/servlet/permisogoce?INS,0,,, HTTP/1.1" 200 6959
65.55.210.63 - - [26/Oct/2017:17:48:22 -0300] "GET /cormun/static/SmoothNavMenu/resources/ddsmoothmenu.css?1012540 HTTP/1.1" 200 2223
199.30.24.146 - - [26/Oct/2017:17:48:28 -0300] "GET /cormun/static/PXToolsJavascripts/pexe_griddivfix.js HTTP/1.1" 200 6644
186.103.159.182 - - [26/Oct/2017:17:48:33 -0300] "GET /cormun/servlet/permisogoce?280cead7ab67863ff830745dc504b13f4b68eaf76dcc1b2cc949704cf779d883f9b3db844bd0ff6be2b2f88b61c187736e526a32066e8be10ece9803bfbccd5f,gx-no-cache=1509051173114 HTTP/1.1" 200 77
186.103.159.182 - - [26/Oct/2017:17:48:33 -0300] "GET /cormun/static/menuarrow.gif HTTP/1.1" 404 1015
186.103.159.182 - - [26/Oct/2017:17:48:38 -0300] "GET /cormun/servlet/permisogoce?280cead7ab67863ff830745dc504b13f7ecb10d2197316ffefd19caf421493d9b4893680e289953d6cdc88c35adbce378a49770d77ef6df5acd125568d4f2f79,gx-no-cache=1509051178248 HTTP/1.1" 200 47
199.30.25.7 - - [26/Oct/2017:17:48:40 -0300] "GET /cormun/static/SmoothNavMenu/resources/SmoothNavMenuRender.js HTTP/1.1" 200 5951
186.103.159.182 - - [26/Oct/2017:17:48:41 -0300] "POST /cormun/servlet/permisogoce?8667bee2ce582a3d112ab56e1b04a189,INS,0,,,,gx-no-cache=1509051181186 HTTP/1.1" 200 93
186.103.159.182 - - [26/Oct/2017:17:48:41 -0300] "GET /cormun/servlet/hpexe_return? HTTP/1.1" 200 1007
186.103.159.182 - - [26/Oct/2017:17:48:41 -0300] "GET /cormun/static/gxcfg.js?2016101716175148 HTTP/1.1" 304 -
186.103.159.182 - - [26/Oct/2017:17:48:41 -0300] "GET /cormun/servlet/trpermisosgoce HTTP/1.1" 200 9119
65.55.210.134 - - [26/Oct/2017:17:48:42 -0300] "GET /cormun/static/scaMessage/js/jquery.pnotify.min.js HTTP/1.1" 200 13038
186.103.159.182 - - [26/Oct/2017:17:48:43 -0300] "GET /cormun/servlet/trpermisosgoce HTTP/1.1" 200 9120
199.30.25.140 - - [26/Oct/2017:17:48:43 -0300] "GET /cormun/static/scaMessage/scaMessageRender.js HTTP/1.1" 200 11977
186.103.159.182 - - [26/Oct/2017:17:48:46 -0300] "GET /cormun/servlet/apermisogoceprn?14332274,P,20171026174726,PU HTTP/1.1" 200 1655
192.168.10.96 - - [26/Oct/2017:17:49:23 -0300] "POST /cormun/servlet/trsolicitudgral?5b54ab81a85f7a0fb91d246c3c22992c,,gx-no-cache=1509050908494 HTTP/1.1" 200 5772
192.168.10.96 - - [26/Oct/2017:17:49:26 -0300] "POST /cormun/servlet/trsolicitudgral?5b54ab81a85f7a0fb91d246c3c22992c,,gx-no-cache=1509050911855 HTTP/1.1" 200 5768
192.168.10.96 - - [26/Oct/2017:17:49:35 -0300] "POST /cormun/servlet/trsolicitudgral?5b54ab81a85f7a0fb91d246c3c22992c,,gx-no-cache=1509050920295 HTTP/1.1" 200 11115
192.168.10.96 - - [26/Oct/2017:17:49:42 -0300] "POST /cormun/servlet/trsolicitudgral?5b54ab81a85f7a0fb91d246c3c22992c,,gx-no-cache=1509050927455 HTTP/1.1" 200 11117
192.168.10.89 - - [26/Oct/2017:17:49:45 -0300] "GET /cormun/servlet/hlogin HTTP/1.1" 200 1733
192.168.10.96 - - [26/Oct/2017:17:49:47 -0300] "POST /cormun/servlet/trsolicitudgral?5b54ab81a85f7a0fb91d246c3c22992c,,gx-no-cache=1509050933135 HTTP/1.1" 200 5762
186.103.159.204 - - [26/Oct/2017:17:49:49 -0300] "POST /cormun/servlet/solicitudot?gx-no-cache=1509051015950 HTTP/1.1" 200 30
186.103.159.204 - - [26/Oct/2017:17:49:49 -0300] "POST /cormun/servlet/solicitudot?gx-no-cache=1509051016472 HTTP/1.1" 200 1357
186.103.159.204 - - [26/Oct/2017:17:49:49 -0300] "POST /cormun/servlet/solicitudot?gx-no-cache=1509051016588 HTTP/1.1" 200 38
192.168.10.89 - - [26/Oct/2017:17:49:50 -0300] "GET /cormun/servlet/hlogin HTTP/1.1" 200 1733
186.103.159.204 - - [26/Oct/2017:17:50:25 -0300] "POST /cormun/servlet/solicitudot?gx-no-cache=1509051051975 HTTP/1.1" 200 30
186.103.159.204 - - [26/Oct/2017:17:51:23 -0300] "POST /cormun/servlet/solicitudot?gx-no-cache=1509051109543 HTTP/1.1" 200 1357
186.103.159.204 - - [26/Oct/2017:17:51:23 -0300] "POST /cormun/servlet/solicitudot?gx-no-cache=1509051110031 HTTP/1.1" 200 38
186.103.159.204 - - [26/Oct/2017:17:51:59 -0300] "GET /cormun/servlet/solicitudot?120eb09d74b445abdf25a0b58b562f46fc72cd304bfd3c0cb9ed87581eb219a76f21fb3a0d8fa1298bbcbfe492070f8a759b8e696edbe8eb1b1f163f4ff40f09d16933f250bcea60da21f3416b9e67027662b745653364afc79b208a00e5a63ae3fd3ce4642c80291436ca8b2a2f08cd,gx-no-cache=1509051145913 HTTP/1.1" 200 29
186.103.159.204 - - [26/Oct/2017:17:51:59 -0300] "POST /cormun/servlet/solicitudot?gx-no-cache=1509051146165 HTTP/1.1" 200 1340
192.168.10.62 - - [26/Oct/2017:17:52:13 -0300] "POST /cormun/servlet/trsolicitudgral?5150429b4db344563011698af7230df2,gx-no-cache=1509051078816 HTTP/1.1" 200 7287
192.168.10.62 - - [26/Oct/2017:17:52:13 -0300] "GET /cormun/static/Shared/jqueryui/images/ui-icons_82798d_256x240.png HTTP/1.1" 404 1089
192.168.10.62 - - [26/Oct/2017:17:52:13 -0300] "GET /cormun/static/Shared/jqueryui/images/ui-bg_flat_55_fafafa_40x100.png HTTP/1.1" 404 1097
192.168.10.62 - - [26/Oct/2017:17:52:13 -0300] "GET /cormun/static/Shared/jqueryui/images/ui-icons_8d78a5_256x240.png HTTP/1.1" 404 1089
192.168.10.62 - - [26/Oct/2017:17:52:13 -0300] "GET /cormun/static/Shared/jqueryui/images/ui-bg_highlight-soft_100_c6c2c8_1x100.png HTTP/1.1" 404 1117
192.168.10.96 - - [26/Oct/2017:17:52:15 -0300] "GET /cormun/servlet/trsolicitudgral? HTTP/1.1" 200 11716
192.168.10.96 - - [26/Oct/2017:17:52:16 -0300] "GET /cormun/servlet/trsolicitudgral? HTTP/1.1" 200 11716
192.168.10.96 - - [26/Oct/2017:17:52:24 -0300] "POST /cormun/servlet/trsolicitudgral?5b54ab81a85f7a0fb91d246c3c22992c,,gx-no-cache=1509051090281 HTTP/1.1" 200 9498
192.168.10.96 - - [26/Oct/2017:17:52:35 -0300] "POST /cormun/servlet/trsolicitudgral?5b54ab81a85f7a0fb91d246c3c22992c,,gx-no-cache=1509051100967 HTTP/1.1" 200 8538
186.103.159.204 - - [26/Oct/2017:17:52:54 -0300] "GET /cormun/static/menuarrow.gif HTTP/1.1" 404 1015
192.168.10.62 - - [26/Oct/2017:17:53:01 -0300] "GET /cormun/servlet/vesolicitudgral?2017,7494,, HTTP/1.1" 200 8190
192.168.10.62 - - [26/Oct/2017:17:53:01 -0300] "GET /cormun/pexe_scrolldiv.js HTTP/1.1" 404 1009
192.168.10.62 - - [26/Oct/2017:17:53:01 -0300] "GET /cormun/pexe_scrolldiv.js HTTP/1.1" 404 1009
192.168.10.62 - - [26/Oct/2017:17:53:01 -0300] "GET /cormun/servlet/vesolicitudgral?2017,7494,, HTTP/1.1" 200 8190
186.103.159.204 - - [26/Oct/2017:17:53:07 -0300] "GET /cormun/servlet/solicitudot?120eb09d74b445abdf25a0b58b562f46f6e125335309bfe67d26d7437324bf645e8781d46951d09a66df8bb97dbdbb7a,gx-no-cache=1509051214008 HTTP/1.1" 200 30
192.168.10.96 - - [26/Oct/2017:17:53:09 -0300] "POST /cormun/servlet/trsolicitudgral?5b54ab81a85f7a0fb91d246c3c22992c,,gx-no-cache=1509051134527 HTTP/1.1" 200 8538
192.168.10.96 - - [26/Oct/2017:17:53:09 -0300] "POST /cormun/servlet/trsolicitudgral?5b54ab81a85f7a0fb91d246c3c22992c,,gx-no-cache=1509051135166 HTTP/1.1" 200 8536
192.168.10.96 - - [26/Oct/2017:17:53:10 -0300] "POST /cormun/servlet/trsolicitudgral?5b54ab81a85f7a0fb91d246c3c22992c,,gx-no-cache=1509051135384 HTTP/1.1" 200 8538
192.168.10.96 - - [26/Oct/2017:17:53:10 -0300] "POST /cormun/servlet/trsolicitudgral?5b54ab81a85f7a0fb91d246c3c22992c,,gx-no-cache=1509051135588 HTTP/1.1" 200 8536
192.168.10.96 - - [26/Oct/2017:17:53:10 -0300] "POST /cormun/servlet/trsolicitudgral?5b54ab81a85f7a0fb91d246c3c22992c,,gx-no-cache=1509051135791 HTTP/1.1" 200 8538
192.168.10.96 - - [26/Oct/2017:17:53:10 -0300] "POST /cormun/servlet/trsolicitudgral?5b54ab81a85f7a0fb91d246c3c22992c,,gx-no-cache=1509051136017 HTTP/1.1" 200 8536
192.168.10.60 - - [26/Oct/2017:17:53:14 -0300] "GET /cormun/static/menuarrow.gif HTTP/1.1" 404 1015
192.168.10.60 - - [26/Oct/2017:17:53:17 -0300] "POST /cormun/servlet/trautorizarot?f4cae480f468625cf739f6ad5bb090bc,,gx-no-cache=1509051142790 HTTP/1.1" 200 7885
192.168.10.62 - - [26/Oct/2017:17:53:18 -0300] "POST /cormun/servlet/vesolicitudgral?5150429b4db344563011698af7230df2,2017,7494,,,gx-no-cache=1509051144136 HTTP/1.1" 200 10559
192.168.10.62 - - [26/Oct/2017:17:53:18 -0300] "GET /cormun/static/Shared/jqueryui/images/ui-bg_highlight-soft_100_c6c2c8_1x100.png HTTP/1.1" 404 1117
192.168.10.62 - - [26/Oct/2017:17:53:18 -0300] "GET /cormun/static/Shared/jqueryui/images/ui-icons_82798d_256x240.png HTTP/1.1" 404 1089
192.168.10.62 - - [26/Oct/2017:17:53:18 -0300] "GET /cormun/static/Shared/jqueryui/images/ui-bg_flat_55_fafafa_40x100.png HTTP/1.1" 404 1097
192.168.10.62 - - [26/Oct/2017:17:53:18 -0300] "GET /cormun/static/Shared/jqueryui/images/ui-icons_8d78a5_256x240.png HTTP/1.1" 404 1089
192.168.10.62 - - [26/Oct/2017:17:53:19 -0300] "POST /cormun/servlet/vesolicitudgral?5150429b4db344563011698af7230df2,2017,7494,,,gx-no-cache=1509051144343 HTTP/1.1" 200 10495
192.168.10.96 - - [26/Oct/2017:17:53:21 -0300] "GET /cormun/servlet/vesolicitudgral?2017,7504,, HTTP/1.1" 200 8921
192.168.10.96 - - [26/Oct/2017:17:53:21 -0300] "GET /cormun/pexe_scrolldiv.js HTTP/1.1" 404 1009
192.168.10.96 - - [26/Oct/2017:17:53:21 -0300] "GET /cormun/pexe_scrolldiv.js HTTP/1.1" 404 1009
192.168.10.96 - - [26/Oct/2017:17:53:21 -0300] "GET /cormun/servlet/vesolicitudgral?2017,7504,, HTTP/1.1" 200 8919
192.168.10.96 - - [26/Oct/2017:17:53:23 -0300] "GET /cormun/servlet/vesolicitudgral?2017,7504,,SolicitudOTAdjuntos HTTP/1.1" 200 10815
192.168.10.96 - - [26/Oct/2017:17:53:23 -0300] "GET /cormun/pexe_scrolldiv.js HTTP/1.1" 404 1009
192.168.10.96 - - [26/Oct/2017:17:53:23 -0300] "GET /cormun/pexe_scrolldiv.js HTTP/1.1" 404 1009
192.168.10.96 - - [26/Oct/2017:17:53:24 -0300] "GET /cormun/servlet/vesolicitudgral?2017,7504,,SolicitudOTAdjuntos HTTP/1.1" 200 10817
192.168.10.96 - - [26/Oct/2017:17:53:24 -0300] "POST /cormun/servlet/acontrolpreferencessavestate?None,DZAMUDIO,true HTTP/1.1" 200 35
192.168.10.96 - - [26/Oct/2017:17:53:25 -0300] "GET /cormun/PublicTempStorage/natalia9938243.pdf HTTP/1.1" 200 372652
192.168.10.96 - - [26/Oct/2017:17:53:31 -0300] "GET /cormun/servlet/vesolicitudgral?2017,7504,,SolicitudOTAdjuntos HTTP/1.1" 200 10815
192.168.10.96 - - [26/Oct/2017:17:53:31 -0300] "GET /cormun/servlet/vesolicitudgral?2017,7504,,SolicitudOTAdjuntos HTTP/1.1" 200 10816
192.168.10.96 - - [26/Oct/2017:17:53:32 -0300] "POST /cormun/servlet/acontrolpreferencessavestate?None,DZAMUDIO,true HTTP/1.1" 200 35
192.168.10.96 - - [26/Oct/2017:17:53:32 -0300] "GET /cormun/PublicTempStorage/titulo5173519.pdf HTTP/1.1" 200 584875
192.168.10.96 - - [26/Oct/2017:17:53:37 -0300] "GET /cormun/servlet/vesolicitudgral?2017,7504,,SolicitudOTAdjuntos HTTP/1.1" 200 10814
192.168.10.96 - - [26/Oct/2017:17:53:38 -0300] "GET /cormun/servlet/vesolicitudgral?2017,7504,,SolicitudOTAdjuntos HTTP/1.1" 200 10817
192.168.10.96 - - [26/Oct/2017:17:53:38 -0300] "POST /cormun/servlet/acontrolpreferencessavestate?None,DZAMUDIO,true HTTP/1.1" 200 35
192.168.10.96 - - [26/Oct/2017:17:53:39 -0300] "GET /cormun/PublicTempStorage/afp2841420.pdf HTTP/1.1" 200 340249
192.168.10.60 - - [26/Oct/2017:17:53:43 -0300] "POST /cormun/servlet/trautorizarot?f4cae480f468625cf739f6ad5bb090bc,,gx-no-cache=1509051168382 HTTP/1.1" 200 8246
192.168.10.96 - - [26/Oct/2017:17:53:43 -0300] "GET /cormun/servlet/vesolicitudgral?2017,7504,,SolicitudOTAdjuntos HTTP/1.1" 200 10812
192.168.10.96 - - [26/Oct/2017:17:53:44 -0300] "GET /cormun/servlet/vesolicitudgral?2017,7504,,SolicitudOTAdjuntos HTTP/1.1" 200 10815
192.168.10.96 - - [26/Oct/2017:17:53:45 -0300] "POST /cormun/servlet/acontrolpreferencessavestate?None,DZAMUDIO,true HTTP/1.1" 200 35
192.168.10.96 - - [26/Oct/2017:17:53:45 -0300] "GET /cormun/PublicTempStorage/salud370458.pdf HTTP/1.1" 200 455552
192.168.10.62 - - [26/Oct/2017:17:53:49 -0300] "POST /cormun/servlet/vesolicitudgral?5150429b4db344563011698af7230df2,2017,7494,,,gx-no-cache=1509051174547 HTTP/1.1" 200 90
192.168.10.62 - - [26/Oct/2017:17:53:49 -0300] "GET /cormun/servlet/hpexe_link HTTP/1.1" 200 986
192.168.10.62 - - [26/Oct/2017:17:53:49 -0300] "GET /cormun/servlet/trsolicitudgral?gx-no-cache=1509051078816 HTTP/1.1" 200 9983
192.168.10.62 - - [26/Oct/2017:17:53:49 -0300] "GET /cormun/servlet/trsolicitudgral?gx-no-cache=1509051078816 HTTP/1.1" 200 10004
192.168.10.62 - - [26/Oct/2017:17:53:51 -0300] "GET /cormun/servlet/vesolicitudgral?2017,7507,, HTTP/1.1" 200 8220
192.168.10.62 - - [26/Oct/2017:17:53:51 -0300] "GET /cormun/pexe_scrolldiv.js HTTP/1.1" 404 1009
192.168.10.62 - - [26/Oct/2017:17:53:51 -0300] "GET /cormun/pexe_scrolldiv.js HTTP/1.1" 404 1009
192.168.10.62 - - [26/Oct/2017:17:53:51 -0300] "GET /cormun/servlet/vesolicitudgral?2017,7507,, HTTP/1.1" 200 8180
192.168.10.96 - - [26/Oct/2017:17:53:52 -0300] "GET /cormun/servlet/vesolicitudgral?2017,7504,,SolicitudOTAdjuntos HTTP/1.1" 200 10815
192.168.10.96 - - [26/Oct/2017:17:53:53 -0300] "GET /cormun/servlet/vesolicitudgral?2017,7504,,SolicitudOTAdjuntos HTTP/1.1" 200 10813
192.168.10.96 - - [26/Oct/2017:17:53:53 -0300] "POST /cormun/servlet/acontrolpreferencessavestate?None,DZAMUDIO,true HTTP/1.1" 200 35
192.168.10.96 - - [26/Oct/2017:17:53:54 -0300] "GET /cormun/PublicTempStorage/antecedentes9522561.pdf HTTP/1.1" 200 435929
192.168.10.62 - - [26/Oct/2017:17:53:56 -0300] "POST /cormun/servlet/vesolicitudgral?5150429b4db344563011698af7230df2,2017,7507,,,gx-no-cache=1509051181653 HTTP/1.1" 200 90
192.168.10.62 - - [26/Oct/2017:17:53:56 -0300] "GET /cormun/servlet/hpexe_link HTTP/1.1" 200 986
192.168.10.62 - - [26/Oct/2017:17:53:56 -0300] "GET /cormun/servlet/trsolicitudgral?gx-no-cache=1509051078816 HTTP/1.1" 200 9983
192.168.10.62 - - [26/Oct/2017:17:53:56 -0300] "GET /cormun/servlet/trsolicitudgral?gx-no-cache=1509051078816 HTTP/1.1" 200 10004
192.168.10.62 - - [26/Oct/2017:17:53:58 -0300] "GET /cormun/servlet/vesolicitudgral?2017,7541,, HTTP/1.1" 200 8236
192.168.10.62 - - [26/Oct/2017:17:53:58 -0300] "GET /cormun/pexe_scrolldiv.js HTTP/1.1" 404 1009
192.168.10.96 - - [26/Oct/2017:17:53:58 -0300] "GET /cormun/servlet/vesolicitudgral?2017,7504,,SolicitudOTAdjuntos HTTP/1.1" 200 10813
192.168.10.62 - - [26/Oct/2017:17:53:59 -0300] "GET /cormun/servlet/vesolicitudgral?2017,7541,, HTTP/1.1" 200 8212
192.168.10.96 - - [26/Oct/2017:17:53:59 -0300] "GET /cormun/servlet/vesolicitudgral?2017,7504,,SolicitudOTAdjuntos HTTP/1.1" 200 10814
192.168.10.96 - - [26/Oct/2017:17:54:00 -0300] "POST /cormun/servlet/acontrolpreferencessavestate?None,DZAMUDIO,true HTTP/1.1" 200 35
192.168.10.96 - - [26/Oct/2017:17:54:00 -0300] "GET /cormun/PublicTempStorage/curriculum1102792.pdf HTTP/1.1" 200 452473
192.168.10.96 - - [26/Oct/2017:17:54:13 -0300] "GET /cormun/servlet/vesolicitudgral?2017,7504,,SolicitudOTAdjuntos HTTP/1.1" 200 10813
192.168.10.96 - - [26/Oct/2017:17:54:14 -0300] "GET /cormun/servlet/vesolicitudgral?2017,7504,,SolicitudOTAdjuntos HTTP/1.1" 200 10815
192.168.10.96 - - [26/Oct/2017:17:54:15 -0300] "POST /cormun/servlet/acontrolpreferencessavestate?None,DZAMUDIO,true HTTP/1.1" 200 35
192.168.10.96 - - [26/Oct/2017:17:54:15 -0300] "GET /cormun/servlet/trsolicitudgral? HTTP/1.1" 200 12068
192.168.10.96 - - [26/Oct/2017:17:54:16 -0300] "GET /cormun/servlet/trsolicitudgral? HTTP/1.1" 200 12062
192.168.10.96 - - [26/Oct/2017:17:54:19 -0300] "POST /cormun/servlet/trsolicitudgral?5b54ab81a85f7a0fb91d246c3c22992c,,gx-no-cache=1509051204874 HTTP/1.1" 200 8895
192.168.10.96 - - [26/Oct/2017:17:54:19 -0300] "POST /cormun/servlet/trsolicitudgral?5b54ab81a85f7a0fb91d246c3c22992c,,gx-no-cache=1509051205102 HTTP/1.1" 200 8894
192.168.10.96 - - [26/Oct/2017:17:54:19 -0300] "POST /cormun/servlet/trsolicitudgral?5b54ab81a85f7a0fb91d246c3c22992c,,gx-no-cache=1509051205304 HTTP/1.1" 200 8893
192.168.10.96 - - [26/Oct/2017:17:54:24 -0300] "POST /cormun/servlet/trsolicitudgral?5b54ab81a85f7a0fb91d246c3c22992c,,gx-no-cache=1509051209849 HTTP/1.1" 200 14292
192.168.10.60 - - [26/Oct/2017:17:54:29 -0300] "POST /cormun/servlet/trautorizarot?f4cae480f468625cf739f6ad5bb090bc,,gx-no-cache=1509051214452 HTTP/1.1" 200 8248
192.168.10.60 - - [26/Oct/2017:17:54:33 -0300] "POST /cormun/servlet/trautorizarot?f4cae480f468625cf739f6ad5bb090bc,,gx-no-cache=1509051218972 HTTP/1.1" 200 103
192.168.10.60 - - [26/Oct/2017:17:54:33 -0300] "POST /cormun/servlet/trautorizarot?f4cae480f468625cf739f6ad5bb090bc,,gx-no-cache=1509051219123 HTTP/1.1" 200 8229
192.168.10.60 - - [26/Oct/2017:17:54:33 -0300] "GET /cormun/AutorizarOT-7229.xls HTTP/1.1" 200 7168
192.168.10.96 - - [26/Oct/2017:17:54:35 -0300] "POST /cormun/servlet/trsolicitudgral?5b54ab81a85f7a0fb91d246c3c22992c,,gx-no-cache=1509051220825 HTTP/1.1" 200 9162
192.168.10.96 - - [26/Oct/2017:17:54:39 -0300] "POST /cormun/servlet/trsolicitudgral?5b54ab81a85f7a0fb91d246c3c22992c,,gx-no-cache=1509051224654 HTTP/1.1" 200 9163
192.168.10.96 - - [26/Oct/2017:17:54:39 -0300] "POST /cormun/servlet/trsolicitudgral?5b54ab81a85f7a0fb91d246c3c22992c,,gx-no-cache=1509051224908 HTTP/1.1" 200 9162
192.168.10.96 - - [26/Oct/2017:17:54:39 -0300] "POST /cormun/servlet/trsolicitudgral?5b54ab81a85f7a0fb91d246c3c22992c,,gx-no-cache=1509051225263 HTTP/1.1" 200 9162
192.168.10.96 - - [26/Oct/2017:17:54:54 -0300] "GET /cormun/servlet/vesolicitudgral?2017,7507,, HTTP/1.1" 200 8863
192.168.10.96 - - [26/Oct/2017:17:54:54 -0300] "GET /cormun/pexe_scrolldiv.js HTTP/1.1" 404 1009
192.168.10.96 - - [26/Oct/2017:17:54:54 -0300] "GET /cormun/pexe_scrolldiv.js HTTP/1.1" 404 1009
192.168.10.96 - - [26/Oct/2017:17:54:55 -0300] "GET /cormun/servlet/vesolicitudgral?2017,7507,, HTTP/1.1" 200 8862
192.168.10.96 - - [26/Oct/2017:17:54:56 -0300] "GET /cormun/servlet/vesolicitudgral?2017,7507,,SolicitudOTAdjuntos HTTP/1.1" 200 10798
192.168.10.96 - - [26/Oct/2017:17:54:56 -0300] "GET /cormun/pexe_scrolldiv.js HTTP/1.1" 404 1009
192.168.10.96 - - [26/Oct/2017:17:54:57 -0300] "GET /cormun/pexe_scrolldiv.js HTTP/1.1" 404 1009
192.168.10.96 - - [26/Oct/2017:17:54:57 -0300] "GET /cormun/servlet/vesolicitudgral?2017,7507,,SolicitudOTAdjuntos HTTP/1.1" 200 10798
186.103.159.204 - - [26/Oct/2017:17:54:57 -0300] "POST /cormun/servlet/solicitudot?gx-no-cache=1509051324513 HTTP/1.1" 200 30
192.168.10.96 - - [26/Oct/2017:17:54:58 -0300] "POST /cormun/servlet/acontrolpreferencessavestate?None,DZAMUDIO,true HTTP/1.1" 200 35
186.103.159.204 - - [26/Oct/2017:17:54:58 -0300] "POST /cormun/servlet/solicitudot?e8200f0fddc67c2c227be8b65cde3231,INS,0,0,,gx-no-cache=1509051324581 HTTP/1.1" 200 93
186.103.159.204 - - [26/Oct/2017:17:54:58 -0300] "GET /cormun/servlet/hpexe_return? HTTP/1.1" 200 1008
186.103.159.204 - - [26/Oct/2017:17:54:58 -0300] "GET /cormun/static/gxcfg.js?2016101716175148 HTTP/1.1" 200 953
186.103.159.204 - - [26/Oct/2017:17:54:58 -0300] "GET /cormun/static/hpexe_return.js?2016101716175153 HTTP/1.1" 200 1633
186.103.159.204 - - [26/Oct/2017:17:54:58 -0300] "GET /cormun/static/Resources/Spanish/PXTools.css?167811 HTTP/1.1" 200 89042
186.103.159.204 - - [26/Oct/2017:17:54:58 -0300] "GET /cormun/servlet/trsolicitudot HTTP/1.1" 200 11938
192.168.10.96 - - [26/Oct/2017:17:54:58 -0300] "GET /cormun/PublicTempStorage/ced.identidad6650129.pdf HTTP/1.1" 200 214274
186.103.159.204 - - [26/Oct/2017:17:54:59 -0300] "GET /cormun/servlet/trsolicitudot HTTP/1.1" 200 11934
192.168.10.96 - - [26/Oct/2017:17:55:03 -0300] "GET /cormun/servlet/vesolicitudgral?2017,7507,,SolicitudOTAdjuntos HTTP/1.1" 200 10798
192.168.10.96 - - [26/Oct/2017:17:55:04 -0300] "GET /cormun/servlet/vesolicitudgral?2017,7507,,SolicitudOTAdjuntos HTTP/1.1" 200 10797
192.168.10.96 - - [26/Oct/2017:17:55:04 -0300] "POST /cormun/servlet/acontrolpreferencessavestate?None,DZAMUDIO,true HTTP/1.1" 200 35
192.168.10.96 - - [26/Oct/2017:17:55:05 -0300] "GET /cormun/PublicTempStorage/titulo4173956.pdf HTTP/1.1" 200 466262
192.168.10.96 - - [26/Oct/2017:17:55:11 -0300] "GET /cormun/servlet/vesolicitudgral?2017,7507,,SolicitudOTAdjuntos HTTP/1.1" 200 10799
192.168.10.96 - - [26/Oct/2017:17:55:12 -0300] "GET /cormun/servlet/vesolicitudgral?2017,7507,,SolicitudOTAdjuntos HTTP/1.1" 200 10798
192.168.10.96 - - [26/Oct/2017:17:55:12 -0300] "POST /cormun/servlet/acontrolpreferencessavestate?None,DZAMUDIO,true HTTP/1.1" 200 35
192.168.10.96 - - [26/Oct/2017:17:55:14 -0300] "GET /cormun/PublicTempStorage/afp8710968.pdf HTTP/1.1" 200 244102
192.168.10.96 - - [26/Oct/2017:17:55:18 -0300] "GET /cormun/servlet/vesolicitudgral?2017,7507,,SolicitudOTAdjuntos HTTP/1.1" 200 10797
192.168.10.96 - - [26/Oct/2017:17:55:18 -0300] "GET /cormun/servlet/vesolicitudgral?2017,7507,,SolicitudOTAdjuntos HTTP/1.1" 200 10800
192.168.10.96 - - [26/Oct/2017:17:55:19 -0300] "POST /cormun/servlet/acontrolpreferencessavestate?None,DZAMUDIO,true HTTP/1.1" 200 35
192.168.10.96 - - [26/Oct/2017:17:55:21 -0300] "GET /cormun/PublicTempStorage/fonasa3437394.pdf HTTP/1.1" 200 274516
192.168.10.96 - - [26/Oct/2017:17:55:25 -0300] "GET /cormun/servlet/vesolicitudgral?2017,7507,,SolicitudOTAdjuntos HTTP/1.1" 200 10794
192.168.10.96 - - [26/Oct/2017:17:55:25 -0300] "GET /cormun/servlet/vesolicitudgral?2017,7507,,SolicitudOTAdjuntos HTTP/1.1" 200 10799
192.168.10.96 - - [26/Oct/2017:17:55:26 -0300] "POST /cormun/servlet/acontrolpreferencessavestate?None,DZAMUDIO,true HTTP/1.1" 200 35
192.168.10.96 - - [26/Oct/2017:17:55:26 -0300] "GET /cormun/PublicTempStorage/antecedentes8420412.pdf HTTP/1.1" 200 324212
192.168.10.96 - - [26/Oct/2017:17:55:31 -0300] "GET /cormun/servlet/vesolicitudgral?2017,7507,,SolicitudOTAdjuntos HTTP/1.1" 200 10798
192.168.10.96 - - [26/Oct/2017:17:55:31 -0300] "GET /cormun/servlet/vesolicitudgral?2017,7507,,SolicitudOTAdjuntos HTTP/1.1" 200 10799
192.168.10.96 - - [26/Oct/2017:17:55:32 -0300] "POST /cormun/servlet/acontrolpreferencessavestate?None,DZAMUDIO,true HTTP/1.1" 200 35
192.168.10.96 - - [26/Oct/2017:17:55:33 -0300] "GET /cormun/PublicTempStorage/curriculum3155795.pdf HTTP/1.1" 200 272008
192.168.10.96 - - [26/Oct/2017:17:55:37 -0300] "GET /cormun/servlet/vesolicitudgral?2017,7507,,SolicitudOTAdjuntos HTTP/1.1" 200 10798
192.168.10.96 - - [26/Oct/2017:17:55:37 -0300] "GET /cormun/servlet/vesolicitudgral?2017,7507,,SolicitudOTAdjuntos HTTP/1.1" 200 10801
192.168.10.96 - - [26/Oct/2017:17:55:38 -0300] "POST /cormun/servlet/acontrolpreferencessavestate?None,DZAMUDIO,true HTTP/1.1" 200 35
192.168.10.96 - - [26/Oct/2017:17:55:41 -0300] "POST /cormun/servlet/vesolicitudgral?5b54ab81a85f7a0fb91d246c3c22992c,2017,7507,,SolicitudOTAdjuntos,gx-no-cache=1509051286546 HTTP/1.1" 200 90
192.168.10.96 - - [26/Oct/2017:17:55:41 -0300] "GET /cormun/servlet/hpexe_link HTTP/1.1" 200 976
192.168.10.96 - - [26/Oct/2017:17:55:41 -0300] "GET /cormun/servlet/trsolicitudgral? HTTP/1.1" 200 12323
192.168.10.96 - - [26/Oct/2017:17:55:41 -0300] "GET /cormun/servlet/trsolicitudgral? HTTP/1.1" 200 12321
186.103.159.204 - - [26/Oct/2017:17:55:48 -0300] "GET /cormun/servlet/solicitudot?INS,0,0, HTTP/1.1" 200 12966
186.103.159.204 - - [26/Oct/2017:17:55:49 -0300] "GET /cormun/servlet/solicitudot?INS,0,0, HTTP/1.1" 200 12971
192.168.10.96 - - [26/Oct/2017:17:55:54 -0300] "POST /cormun/servlet/trsolicitudgral?5b54ab81a85f7a0fb91d246c3c22992c,,gx-no-cache=1509051300087 HTTP/1.1" 200 9146
192.168.10.96 - - [26/Oct/2017:17:55:55 -0300] "POST /cormun/servlet/trsolicitudgral?5b54ab81a85f7a0fb91d246c3c22992c,,gx-no-cache=1509051300313 HTTP/1.1" 200 9145
192.168.10.96 - - [26/Oct/2017:17:55:55 -0300] "POST /cormun/servlet/trsolicitudgral?5b54ab81a85f7a0fb91d246c3c22992c,,gx-no-cache=1509051300639 HTTP/1.1" 200 9146
192.168.10.96 - - [26/Oct/2017:17:56:09 -0300] "POST /cormun/servlet/trsolicitudgral?5b54ab81a85f7a0fb91d246c3c22992c,,gx-no-cache=1509051314767 HTTP/1.1" 200 9146
192.168.10.96 - - [26/Oct/2017:17:56:09 -0300] "POST /cormun/servlet/trsolicitudgral?5b54ab81a85f7a0fb91d246c3c22992c,,gx-no-cache=1509051315008 HTTP/1.1" 200 9145
192.168.10.96 - - [26/Oct/2017:17:56:10 -0300] "POST /cormun/servlet/trsolicitudgral?5b54ab81a85f7a0fb91d246c3c22992c,,gx-no-cache=1509051315302 HTTP/1.1" 200 9146
192.168.10.96 - - [26/Oct/2017:17:56:10 -0300] "POST /cormun/servlet/trsolicitudgral?5b54ab81a85f7a0fb91d246c3c22992c,,gx-no-cache=1509051315543 HTTP/1.1" 200 9146
192.168.10.96 - - [26/Oct/2017:17:56:10 -0300] "POST /cormun/servlet/trsolicitudgral?5b54ab81a85f7a0fb91d246c3c22992c,,gx-no-cache=1509051315830 HTTP/1.1" 200 9146
192.168.10.96 - - [26/Oct/2017:17:56:10 -0300] "POST /cormun/servlet/trsolicitudgral?5b54ab81a85f7a0fb91d246c3c22992c,,gx-no-cache=1509051316093 HTTP/1.1" 200 9146
186.103.159.204 - - [26/Oct/2017:17:56:10 -0300] "POST /cormun/servlet/solicitudot?gx-no-cache=1509051397323 HTTP/1.1" 200 3139
186.103.159.204 - - [26/Oct/2017:17:56:11 -0300] "POST /cormun/servlet/solicitudot?e8200f0fddc67c2c227be8b65cde3231,INS,0,0,,gx-no-cache=1509051397576 HTTP/1.1" 200 10004
186.103.159.204 - - [26/Oct/2017:17:56:11 -0300] "GET /cormun/servlet/solicitudot?120eb09d74b445abdf25a0b58b562f46b7e78fc8f1aa761e1a78c17fbd145e20eb4e7d5a29ea7f7443aa9e41f28f3fa0,gx-no-cache=1509051397794 HTTP/1.1" 200 111
186.103.159.204 - - [26/Oct/2017:17:56:11 -0300] "GET /cormun/static/Shared/jqueryui/images/ui-bg_highlight-soft_100_c6c2c8_1x100.png HTTP/1.1" 404 1117
186.103.159.204 - - [26/Oct/2017:17:56:11 -0300] "GET /cormun/static/Shared/jqueryui/images/ui-icons_82798d_256x240.png HTTP/1.1" 404 1089
186.103.159.204 - - [26/Oct/2017:17:56:11 -0300] "GET /cormun/static/Shared/jqueryui/images/ui-icons_ebccce_256x240.png HTTP/1.1" 404 1089
186.103.159.204 - - [26/Oct/2017:17:56:11 -0300] "GET /cormun/static/Shared/jqueryui/images/ui-bg_flat_55_994d53_40x100.png HTTP/1.1" 404 1097
186.103.159.204 - - [26/Oct/2017:17:56:19 -0300] "GET /cormun/servlet/solicitudot?120eb09d74b445abdf25a0b58b562f4625a7352e5367e4b5b769a3d5acc63980912c390b5b9082ce53fc8ed0e28b6ec6,gx-no-cache=1509051406567 HTTP/1.1" 200 30
192.168.10.60 - - [26/Oct/2017:17:56:23 -0300] "POST /cormun/servlet/trautorizarot?f4cae480f468625cf739f6ad5bb090bc,,gx-no-cache=1509051328988 HTTP/1.1" 200 115
192.168.10.60 - - [26/Oct/2017:17:56:23 -0300] "GET /cormun/servlet/solicitudotlog?INS,2017,7473,0,REC, HTTP/1.1" 200 5588
192.168.10.60 - - [26/Oct/2017:17:56:23 -0300] "GET /cormun/static/gxcfg.js?2017761245646 HTTP/1.1" 200 953
192.168.10.60 - - [26/Oct/2017:17:56:23 -0300] "GET /cormun/static/solicitudotlog.js?2017761245655 HTTP/1.1" 200 8934
192.168.10.60 - - [26/Oct/2017:17:56:24 -0300] "GET /cormun/servlet/solicitudotlog?INS,2017,7473,0,REC, HTTP/1.1" 200 5589
192.168.10.60 - - [26/Oct/2017:17:56:24 -0300] "GET /cormun/servlet/solicitudotlog?8b89780dc852db9982d8df1339ca7c4a5fce36b9ac22fb0a2d83e7e0f7473aeeec9fadfc7e5f0951ba311d9e8e7e836a877b099c5783381b6fc5ad6bf680e9b7be7ccf5ef3ed87f6e3797e9fe7ef70e8494bcc14072d550258a05932567ed7f5a9dda55d088dd0affae7a48e65723b9c52309873a69a6f2f9791eb021cb6c48fcc090feeb5084bd783b639e63fdc3a48987b62f43b9a79dd62fbef07521f9bbc,gx-no-cache=1509051330077 HTTP/1.1" 200 94
192.168.10.60 - - [26/Oct/2017:17:56:26 -0300] "GET /cormun/servlet/trautorizarot? HTTP/1.1" 200 11225
192.168.10.60 - - [26/Oct/2017:17:56:27 -0300] "GET /cormun/servlet/trautorizarot? HTTP/1.1" 200 11223
192.168.10.62 - - [26/Oct/2017:17:56:31 -0300] "POST /cormun/servlet/vesolicitudgral?5150429b4db344563011698af7230df2,2017,7541,,,gx-no-cache=1509051336907 HTTP/1.1" 200 90
192.168.10.62 - - [26/Oct/2017:17:56:31 -0300] "GET /cormun/servlet/hpexe_link HTTP/1.1" 200 986
192.168.10.62 - - [26/Oct/2017:17:56:31 -0300] "GET /cormun/servlet/trsolicitudgral?gx-no-cache=1509051078816 HTTP/1.1" 200 9983
192.168.10.62 - - [26/Oct/2017:17:56:32 -0300] "GET /cormun/servlet/trsolicitudgral?gx-no-cache=1509051078816 HTTP/1.1" 200 10004
192.168.10.60 - - [26/Oct/2017:17:56:39 -0300] "POST /cormun/servlet/trautorizarot?f4cae480f468625cf739f6ad5bb090bc,,gx-no-cache=1509051344574 HTTP/1.1" 200 6533
192.168.10.96 - - [26/Oct/2017:17:56:51 -0300] "POST /cormun/servlet/trsolicitudgral?5b54ab81a85f7a0fb91d246c3c22992c,,gx-no-cache=1509051356751 HTTP/1.1" 200 9147
192.168.10.96 - - [26/Oct/2017:17:56:51 -0300] "POST /cormun/servlet/trsolicitudgral?5b54ab81a85f7a0fb91d246c3c22992c,,gx-no-cache=1509051357038 HTTP/1.1" 200 9146
192.168.10.96 - - [26/Oct/2017:17:56:52 -0300] "POST /cormun/servlet/trsolicitudgral?5b54ab81a85f7a0fb91d246c3c22992c,,gx-no-cache=1509051357329 HTTP/1.1" 200 9147
192.168.10.60 - - [26/Oct/2017:17:56:55 -0300] "POST /cormun/servlet/trautorizarot?f4cae480f468625cf739f6ad5bb090bc,,gx-no-cache=1509051360986 HTTP/1.1" 200 115
192.168.10.60 - - [26/Oct/2017:17:56:55 -0300] "GET /cormun/servlet/solicitudotlog?INS,2017,7473,0,REC, HTTP/1.1" 200 5588
192.168.10.60 - - [26/Oct/2017:17:56:55 -0300] "GET /cormun/servlet/solicitudotlog?INS,2017,7473,0,REC, HTTP/1.1" 200 5589
192.168.10.60 - - [26/Oct/2017:17:56:56 -0300] "GET /cormun/servlet/solicitudotlog?8b89780dc852db9982d8df1339ca7c4a5fce36b9ac22fb0a2d83e7e0f7473aeeec9fadfc7e5f0951ba311d9e8e7e836a877b099c5783381b6fc5ad6bf680e9b7be7ccf5ef3ed87f6e3797e9fe7ef70e8494bcc14072d550258a05932567ed7f5a9dda55d088dd0affae7a48e65723b9c52309873a69a6f2f9791eb021cb6c48fcc090feeb5084bd783b639e63fdc3a48987b62f43b9a79dd62fbef07521f9bbc,gx-no-cache=1509051361891 HTTP/1.1" 200 94
192.168.10.96 - - [26/Oct/2017:17:57:03 -0300] "POST /cormun/servlet/trsolicitudgral?5b54ab81a85f7a0fb91d246c3c22992c,,gx-no-cache=1509051368486 HTTP/1.1" 200 7171
192.168.10.96 - - [26/Oct/2017:17:57:04 -0300] "POST /cormun/servlet/trsolicitudgral?5b54ab81a85f7a0fb91d246c3c22992c,,gx-no-cache=1509051370013 HTTP/1.1" 200 7170
192.168.10.96 - - [26/Oct/2017:17:57:04 -0300] "POST /cormun/servlet/trsolicitudgral?5b54ab81a85f7a0fb91d246c3c22992c,,gx-no-cache=1509051370225 HTTP/1.1" 200 7170
192.168.10.96 - - [26/Oct/2017:17:57:08 -0300] "POST /cormun/servlet/trsolicitudgral?5b54ab81a85f7a0fb91d246c3c22992c,,gx-no-cache=1509051373790 HTTP/1.1" 200 7171
192.168.10.96 - - [26/Oct/2017:17:57:08 -0300] "POST /cormun/servlet/trsolicitudgral?5b54ab81a85f7a0fb91d246c3c22992c,,gx-no-cache=1509051374003 HTTP/1.1" 200 7170
192.168.10.96 - - [26/Oct/2017:17:57:08 -0300] "POST /cormun/servlet/trsolicitudgral?5b54ab81a85f7a0fb91d246c3c22992c,,gx-no-cache=1509051374236 HTTP/1.1" 200 7170
192.168.10.96 - - [26/Oct/2017:17:57:11 -0300] "POST /cormun/servlet/trsolicitudgral?5b54ab81a85f7a0fb91d246c3c22992c,,gx-no-cache=1509051377271 HTTP/1.1" 200 7171
192.168.10.96 - - [26/Oct/2017:17:57:12 -0300] "POST /cormun/servlet/trsolicitudgral?5b54ab81a85f7a0fb91d246c3c22992c,,gx-no-cache=1509051377473 HTTP/1.1" 200 7170
192.168.10.60 - - [26/Oct/2017:17:57:35 -0300] "POST /cormun/servlet/solicitudotlog?f4cae480f468625cf739f6ad5bb090bc,INS,2017,7473,0,REC,,gx-no-cache=1509051400570 HTTP/1.1" 200 93
192.168.10.60 - - [26/Oct/2017:17:57:35 -0300] "GET /cormun/servlet/hpexe_return? HTTP/1.1" 200 1021
192.168.10.60 - - [26/Oct/2017:17:57:35 -0300] "GET /cormun/static/hpexe_return.js?2016101716175153 HTTP/1.1" 200 1633
192.168.10.60 - - [26/Oct/2017:17:57:35 -0300] "GET /cormun/static/gxcfg.js?2016101716175148 HTTP/1.1" 200 953
192.168.10.60 - - [26/Oct/2017:17:57:35 -0300] "GET /cormun/static/Resources/Spanish/PXTools.css?167811 HTTP/1.1" 200 89042
192.168.10.60 - - [26/Oct/2017:17:57:35 -0300] "GET /cormun/servlet/trautorizarot? HTTP/1.1" 200 8111
192.168.10.60 - - [26/Oct/2017:17:57:35 -0300] "GET /cormun/servlet/trautorizarot? HTTP/1.1" 200 8107
192.168.10.62 - - [26/Oct/2017:17:57:43 -0300] "POST /cormun/servlet/trsolicitudgral?5150429b4db344563011698af7230df2,gx-no-cache=1509051078816,gx-no-cache=1509051408860 HTTP/1.1" 200 7212
192.168.10.62 - - [26/Oct/2017:17:57:45 -0300] "POST /cormun/servlet/trsolicitudgral?5150429b4db344563011698af7230df2,gx-no-cache=1509051078816,gx-no-cache=1509051410450 HTTP/1.1" 200 7212
192.168.10.62 - - [26/Oct/2017:17:57:55 -0300] "GET /cormun/servlet/vesolicitudgral?2017,7475,, HTTP/1.1" 200 8233
192.168.10.62 - - [26/Oct/2017:17:57:55 -0300] "GET /cormun/pexe_scrolldiv.js HTTP/1.1" 404 1009
192.168.10.62 - - [26/Oct/2017:17:57:55 -0300] "GET /cormun/pexe_scrolldiv.js HTTP/1.1" 404 1009
192.168.10.62 - - [26/Oct/2017:17:57:55 -0300] "GET /cormun/servlet/vesolicitudgral?2017,7475,, HTTP/1.1" 200 8191
192.168.10.62 - - [26/Oct/2017:17:58:01 -0300] "POST /cormun/servlet/vesolicitudgral?5150429b4db344563011698af7230df2,2017,7475,,,gx-no-cache=1509051427357 HTTP/1.1" 200 90
192.168.10.62 - - [26/Oct/2017:17:58:02 -0300] "GET /cormun/servlet/hpexe_link HTTP/1.1" 200 986
192.168.10.62 - - [26/Oct/2017:17:58:02 -0300] "GET /cormun/servlet/trsolicitudgral?gx-no-cache=1509051078816 HTTP/1.1" 200 10305
192.168.10.62 - - [26/Oct/2017:17:58:02 -0300] "GET /cormun/servlet/trsolicitudgral?gx-no-cache=1509051078816 HTTP/1.1" 200 10325
192.168.10.62 - - [26/Oct/2017:17:58:03 -0300] "POST /cormun/servlet/trsolicitudgral?5150429b4db344563011698af7230df2,gx-no-cache=1509051078816,gx-no-cache=1509051429267 HTTP/1.1" 200 105
192.168.10.62 - - [26/Oct/2017:17:58:04 -0300] "POST /cormun/servlet/trsolicitudgral?5150429b4db344563011698af7230df2,gx-no-cache=1509051078816,gx-no-cache=1509051429374 HTTP/1.1" 200 7194
192.168.10.62 - - [26/Oct/2017:17:58:04 -0300] "GET /cormun/SolicitudGral-1555.xls HTTP/1.1" 200 6144
186.103.156.166 - - [26/Oct/2017:17:58:33 -0300] "GET /cormun/servlet/trpermisosgoce? HTTP/1.1" 200 6070
186.103.156.166 - - [26/Oct/2017:17:58:34 -0300] "GET /cormun/servlet/hlogin HTTP/1.1" 200 1733
186.103.156.166 - - [26/Oct/2017:17:58:34 -0300] "GET /cormun/servlet/trpermisosgoce? HTTP/1.1" 200 6067
186.103.159.204 - - [26/Oct/2017:17:58:38 -0300] "POST /cormun/servlet/solicitudot?gx-no-cache=1509051544588 HTTP/1.1" 200 297
186.103.159.204 - - [26/Oct/2017:17:58:38 -0300] "GET /cormun/servlet/solicitudot?120eb09d74b445abdf25a0b58b562f460361d7c1ef6076eca753b23a4857967c8190f84ad5e87e43aed949315d4182536189bc83d250d41ac21bdb38659a0d895a4b5a9352009dd33b000714a4b96aced7f5b1eed8b25d60ce72d6c7b97a9bc3fe0635b6afdd17e8b49cd36435b1723e4a4b7e69d144e745414d005b6d0eb5891930274a2848b7b0b7938fd4b55278233f83b0e542d8390d33aa5510a733e461860e12ea153d04d1a19d50278b6103aa61d3897a4090ae9a4670682daff7fc574e3435693c9d084dd0d72a9d595ed27acd99246b616a1e5ebe1c58ab6b92ca70a5b3b4d633ffd94d6a501fb009793e6406b52b17f6aea308f62def08345e3fc4f31d504a63661b4657ed54b70af82f4e9d858bb71785de0f35d568cb44eb207b55a3a0f709423a10026bd018efdc31197b3c5940080049aed04b0b4de4619bc0839e79aada3aca6ba3413cea651bcf64df00be13aba619881fe8aba9c567eb3093b356c3f7b07cd48b1c67f1f68b28620a54f6f529ea315378d8f1719ff5925a5cdad75ad34290a6860de8d8831b78ce,gx-no-cache=1509051544677 HTTP/1.1" 200 30
186.103.159.204 - - [26/Oct/2017:17:58:38 -0300] "POST /cormun/servlet/solicitudot?gx-no-cache=1509051544720 HTTP/1.1" 200 30
186.103.159.204 - - [26/Oct/2017:17:58:38 -0300] "POST /cormun/servlet/solicitudot?gx-no-cache=1509051544803 HTTP/1.1" 200 1357
186.103.159.204 - - [26/Oct/2017:17:58:38 -0300] "POST /cormun/servlet/solicitudot?gx-no-cache=1509051544918 HTTP/1.1" 200 38
186.103.159.204 - - [26/Oct/2017:17:58:42 -0300] "POST /cormun/servlet/solicitudot?gx-no-cache=1509051548986 HTTP/1.1" 200 255
186.103.159.204 - - [26/Oct/2017:17:58:45 -0300] "GET /cormun/servlet/solicitudot?120eb09d74b445abdf25a0b58b562f460361d7c1ef6076eca753b23a4857967c8e1936352cfd0f2ebfc6a179405960496189bc83d250d41ac21bdb38659a0d895a4b5a9352009dd33b000714a4b96aced7f5b1eed8b25d60ce72d6c7b97a9bc3fe0635b6afdd17e8b49cd36435b1723e4a4b7e69d144e745414d005b6d0eb5891930274a2848b7b0b7938fd4b55278233f83b0e542d8390d33aa5510a733e461860e12ea153d04d1a19d50278b6103aa61d3897a4090ae9a4670682daff7fc574e3435693c9d084dd0d72a9d595ed27acd99246b616a1e5ebe1c58ab6b92ca70a5b3b4d633ffd94d6a501fb009793e64926a69323d29a3b2709da93b1b96f29ff31d504a63661b4657ed54b70af82f4e9b554be664a2a0aad2b485c5fb48f7e233619035f8cac46298226895916dccaed5198b7e74c82296043c79cd1f95f2004ba9729157e133986752f3953dcb3d4e011cacd6d3cfb14f7ae6c8540b3c785fe3db4227f4f781a7c61861aa3dafd71e03f4822c35ac8d4aa0e2472565352170,gx-no-cache=1509051552314 HTTP/1.1" 200 30
186.103.156.166 - - [26/Oct/2017:17:58:48 -0300] "POST /cormun/servlet/hlogin?42d8dcebb30991bd0026883edc738dbf,gx-no-cache=1509055142096 HTTP/1.1" 200 90
186.103.156.166 - - [26/Oct/2017:17:58:48 -0300] "GET /cormun/servlet/hpexe_link HTTP/1.1" 200 952
186.103.156.166 - - [26/Oct/2017:17:58:48 -0300] "GET /cormun/servlet/trpermisosgoce HTTP/1.1" 200 9234
186.103.156.166 - - [26/Oct/2017:17:58:49 -0300] "GET /cormun/servlet/trpermisosgoce HTTP/1.1" 200 9232
186.103.159.204 - - [26/Oct/2017:17:58:57 -0300] "POST /cormun/servlet/solicitudot?gx-no-cache=1509051564198 HTTP/1.1" 200 30
186.103.159.204 - - [26/Oct/2017:17:58:58 -0300] "POST /cormun/servlet/solicitudot?gx-no-cache=1509051564611 HTTP/1.1" 200 1357
186.103.159.204 - - [26/Oct/2017:17:58:58 -0300] "POST /cormun/servlet/solicitudot?gx-no-cache=1509051564687 HTTP/1.1" 200 38
186.103.156.166 - - [26/Oct/2017:17:59:04 -0300] "GET /cormun/servlet/permisogoce?INS,0,,, HTTP/1.1" 200 6607
186.103.156.166 - - [26/Oct/2017:17:59:05 -0300] "GET /cormun/servlet/permisogoce?INS,0,,, HTTP/1.1" 200 6607
192.168.10.62 - - [26/Oct/2017:17:59:08 -0300] "POST /cormun/servlet/trsolicitudgral?5150429b4db344563011698af7230df2,gx-no-cache=1509051078816,gx-no-cache=1509051493981 HTTP/1.1" 200 6846
192.168.10.62 - - [26/Oct/2017:17:59:08 -0300] "GET /cormun/static/Shared/jqueryui/images/ui-bg_highlight-soft_100_c6c2c8_1x100.png HTTP/1.1" 404 1117
192.168.10.62 - - [26/Oct/2017:17:59:08 -0300] "GET /cormun/static/Shared/jqueryui/images/ui-icons_82798d_256x240.png HTTP/1.1" 404 1089
192.168.10.62 - - [26/Oct/2017:17:59:08 -0300] "GET /cormun/static/Shared/jqueryui/images/ui-icons_8d78a5_256x240.png HTTP/1.1" 404 1089
192.168.10.62 - - [26/Oct/2017:17:59:08 -0300] "GET /cormun/static/Shared/jqueryui/images/ui-bg_flat_55_fafafa_40x100.png HTTP/1.1" 404 1097
186.103.156.166 - - [26/Oct/2017:17:59:28 -0300] "GET /cormun/servlet/permisogoce?41f931286ba6c4b914fd57bd13654f46a679bdaf1ca9f3525a9483cefae650cc544dbc1efbf9559a157264972a7dec45ca218498ad3270af3de930bcfb984aba,gx-no-cache=1509055182749 HTTP/1.1" 200 77
186.103.156.166 - - [26/Oct/2017:17:59:31 -0300] "GET /cormun/static/menuarrow.gif HTTP/1.1" 404 1015
186.103.156.166 - - [26/Oct/2017:17:59:39 -0300] "GET /cormun/servlet/permisogoce?41f931286ba6c4b914fd57bd13654f46b55f2206da2d9fc096ebd3ed26fc926d86fc9fed576dbab5fbd9485fb6bd3a5171f24d9387caeaaa87aaf3e2b3eb5142,gx-no-cache=1509055193610 HTTP/1.1" 200 47
186.103.156.166 - - [26/Oct/2017:17:59:47 -0300] "POST /cormun/servlet/permisogoce?42d8dcebb30991bd0026883edc738dbf,INS,0,,,,gx-no-cache=1509055200506 HTTP/1.1" 200 93
186.103.156.166 - - [26/Oct/2017:17:59:47 -0300] "GET /cormun/servlet/hpexe_return? HTTP/1.1" 200 1006
186.103.156.166 - - [26/Oct/2017:17:59:48 -0300] "GET /cormun/servlet/trpermisosgoce HTTP/1.1" 200 9513
186.103.156.166 - - [26/Oct/2017:17:59:48 -0300] "GET /cormun/servlet/trpermisosgoce HTTP/1.1" 200 9508
186.103.156.166 - - [26/Oct/2017:17:59:57 -0300] "GET /cormun/servlet/apermisogoceprn?17522628,P,20171026175810,PU HTTP/1.1" 200 1655
186.103.159.204 - - [26/Oct/2017:18:00:06 -0300] "POST /cormun/servlet/solicitudot?gx-no-cache=1509051633122 HTTP/1.1" 200 1357
186.103.159.204 - - [26/Oct/2017:18:00:06 -0300] "POST /cormun/servlet/solicitudot?gx-no-cache=1509051633444 HTTP/1.1" 200 38
186.103.159.204 - - [26/Oct/2017:18:00:15 -0300] "GET /cormun/servlet/solicitudot?120eb09d74b445abdf25a0b58b562f46fc72cd304bfd3c0cb9ed87581eb219a76f21fb3a0d8fa1298bbcbfe492070f8a759b8e696edbe8eb1b1f163f4ff40f09d16933f250bcea60da21f3416b9e67027662b745653364afc79b208a00e5a63ae3fd3ce4642c80291436ca8b2a2f08cd,gx-no-cache=1509051642045 HTTP/1.1" 200 29
186.103.159.204 - - [26/Oct/2017:18:00:15 -0300] "POST /cormun/servlet/solicitudot?gx-no-cache=1509051642296 HTTP/1.1" 200 1341
192.168.10.62 - - [26/Oct/2017:18:00:19 -0300] "POST /cormun/servlet/trsolicitudgral?5150429b4db344563011698af7230df2,gx-no-cache=1509051078816,gx-no-cache=1509051564541 HTTP/1.1" 200 6890
192.168.10.62 - - [26/Oct/2017:18:00:23 -0300] "POST /cormun/servlet/trsolicitudgral?5150429b4db344563011698af7230df2,gx-no-cache=1509051078816,gx-no-cache=1509051569263 HTTP/1.1" 200 6508
192.168.10.96 - - [26/Oct/2017:18:01:15 -0300] "POST /cormun/servlet/trsolicitudgral?5b54ab81a85f7a0fb91d246c3c22992c,,gx-no-cache=1509051620656 HTTP/1.1" 200 7607
192.168.10.96 - - [26/Oct/2017:18:01:17 -0300] "POST /cormun/servlet/trsolicitudgral?5b54ab81a85f7a0fb91d246c3c22992c,,gx-no-cache=1509051622719 HTTP/1.1" 200 7606
