186.103.159.43 - - [18/Oct/2017:11:39:21 -0300] "GET /cormun/static/Resources/Spanish/PXTools.css?11294912 HTTP/1.1" 304 -
186.103.159.43 - - [18/Oct/2017:11:39:21 -0300] "GET /cormun/static/gxcfg.js?20174261241362 HTTP/1.1" 304 -
186.103.159.43 - - [18/Oct/2017:11:39:21 -0300] "GET /cormun/static/trautorizarsolicitud.js?201742612414370 HTTP/1.1" 304 -
186.103.159.43 - - [18/Oct/2017:11:39:22 -0300] "GET /cormun/servlet/trautorizarsolicitud? HTTP/1.1" 200 8164
192.168.10.89 - - [18/Oct/2017:11:40:06 -0300] "POST /cormun/servlet/trsolicitudgral?eaeab00360fcffae7b63a88c9d489e97,gx-no-cache=1508337555020 HTTP/1.1" 200 18793
192.168.10.89 - - [18/Oct/2017:11:40:17 -0300] "POST /cormun/servlet/trsolicitudgral?eaeab00360fcffae7b63a88c9d489e97,gx-no-cache=1508337565494 HTTP/1.1" 200 105
192.168.10.89 - - [18/Oct/2017:11:40:17 -0300] "GET /cormun/SolicitudGral-2915.xls HTTP/1.1" 200 19456
192.168.10.89 - - [18/Oct/2017:11:40:20 -0300] "OPTIONS /cormun/ HTTP/1.1" 200 -
192.168.10.89 - - [18/Oct/2017:11:40:20 -0300] "OPTIONS /cormun/ HTTP/1.1" 200 -
192.168.10.89 - - [18/Oct/2017:11:40:25 -0300] "HEAD /cormun/SolicitudGral-2915.xls HTTP/1.1" 200 -
192.168.10.89 - - [18/Oct/2017:11:40:25 -0300] "HEAD /cormun/SolicitudGral-2915.xls HTTP/1.1" 200 -
192.168.10.89 - - [18/Oct/2017:11:40:47 -0300] "GET /cormun/SolicitudGral-2915.xls HTTP/1.1" 200 19456
192.168.10.89 - - [18/Oct/2017:11:40:47 -0300] "HEAD /cormun/SolicitudGral-2915.xls HTTP/1.1" 200 -
192.168.10.89 - - [18/Oct/2017:11:41:04 -0300] "POST /cormun/servlet/trsolicitudgral?eaeab00360fcffae7b63a88c9d489e97,gx-no-cache=1508337612943 HTTP/1.1" 200 7506
186.103.159.43 - - [18/Oct/2017:11:41:15 -0300] "GET /cormun/servlet/hlogin HTTP/1.1" 200 1719
186.103.159.43 - - [18/Oct/2017:11:41:16 -0300] "GET /cormun/servlet/hlogin HTTP/1.1" 200 1729
186.103.159.43 - - [18/Oct/2017:11:41:17 -0300] "POST /cormun/servlet/hlogin?e4468526fe7171cffe9e51efb52e297b,gx-no-cache=1508337707730 HTTP/1.1" 200 90
186.103.159.43 - - [18/Oct/2017:11:41:17 -0300] "GET /cormun/servlet/hpexe_link HTTP/1.1" 200 947
186.103.159.43 - - [18/Oct/2017:11:41:17 -0300] "GET /cormun/servlet/hhome HTTP/1.1" 200 3819
186.103.159.43 - - [18/Oct/2017:11:41:18 -0300] "GET /cormun/servlet/hhome HTTP/1.1" 200 3816
186.103.159.43 - - [18/Oct/2017:11:41:29 -0300] "GET /cormun/servlet/trsolicitudot? HTTP/1.1" 200 9940
186.103.159.43 - - [18/Oct/2017:11:41:30 -0300] "GET /cormun/servlet/trsolicitudot? HTTP/1.1" 200 9938
192.168.10.89 - - [18/Oct/2017:11:41:32 -0300] "POST /cormun/servlet/trsolicitudgral?eaeab00360fcffae7b63a88c9d489e97,gx-no-cache=1508337640877 HTTP/1.1" 200 5976
192.168.10.89 - - [18/Oct/2017:11:41:32 -0300] "GET /cormun/static/Shared/jqueryui/images/ui-icons_82798d_256x240.png HTTP/1.1" 404 1089
192.168.10.89 - - [18/Oct/2017:11:41:32 -0300] "GET /cormun/static/Shared/jqueryui/images/ui-bg_highlight-soft_100_c6c2c8_1x100.png HTTP/1.1" 404 1117
192.168.10.89 - - [18/Oct/2017:11:41:32 -0300] "GET /cormun/static/Shared/jqueryui/images/ui-icons_8d78a5_256x240.png HTTP/1.1" 404 1089
192.168.10.89 - - [18/Oct/2017:11:41:32 -0300] "GET /cormun/static/Shared/jqueryui/images/ui-bg_flat_55_fafafa_40x100.png HTTP/1.1" 404 1097
186.103.159.43 - - [18/Oct/2017:11:41:51 -0300] "POST /cormun/servlet/trsolicitudot?e4468526fe7171cffe9e51efb52e297b,,gx-no-cache=1508337741143 HTTP/1.1" 200 7111
186.103.159.43 - - [18/Oct/2017:11:41:53 -0300] "POST /cormun/servlet/trsolicitudot?e4468526fe7171cffe9e51efb52e297b,,gx-no-cache=1508337742995 HTTP/1.1" 200 7112
192.168.10.89 - - [18/Oct/2017:11:41:54 -0300] "POST /cormun/servlet/trsolicitudgral?eaeab00360fcffae7b63a88c9d489e97,gx-no-cache=1508337663328 HTTP/1.1" 200 7161
186.103.159.43 - - [18/Oct/2017:11:41:59 -0300] "POST /cormun/servlet/trsolicitudot?e4468526fe7171cffe9e51efb52e297b,,gx-no-cache=1508337749348 HTTP/1.1" 200 7111
186.103.159.44 - - [18/Oct/2017:11:42:01 -0300] "POST /cormun/servlet/solicitudot?gx-no-cache=1508337752584 HTTP/1.1" 200 240
186.103.159.44 - - [18/Oct/2017:11:42:05 -0300] "GET /cormun/servlet/solicitudot?f6e046902aa15724094c62c74c6c17543a1813c58976fcae61aa08ea82100d91d6e7fb0d4a752358c1b92f11ce356563753e5bfe7ac9bb3339c9ffe90ce38bff86259dda62f9c4fbd576a0800082344d6858362ce8b6bc5488d4f7c54bf8b06711d99d1bc1cb9dc80041977b04b73759442265bac7f7abb59dadf8899a2098ec7d9c7b7f1b844bfc12c3094e5414340684a9c16d1e6e7d251c1805b4ab97c66fae4a2b29f47c352b1f4941c36802990a9419d43cbdb183681502ef662f3280ff60e80487c66ff36fafcad7694cbb5dced3d9be312b103c4eeeadc11a643fa3c27334358a6635ac4db4d96e42b22e1145fd6ffa1dd6e25ddc24f599a512620a8d8cd19c77a1a12ea701ce760daca6542702df2d3644c2b98278896c9f22641132adf7c464c75c2d27360b19d6c7297302a8e8a97a80047b596a344219b8f4de9100880cf978a3ea36bf50513a6f6af0fa3dec28aa4d677c57dea4bf8f9fdc0dada0648482ae3d79d8aa8f20eb61423e016b8f5553672fb7da239638574e0903e8,gx-no-cache=1508337756130 HTTP/1.1" 200 30
186.103.159.44 - - [18/Oct/2017:11:42:08 -0300] "POST /cormun/servlet/solicitudot?gx-no-cache=1508337759292 HTTP/1.1" 200 30
186.103.159.43 - - [18/Oct/2017:11:42:12 -0300] "GET /cormun/servlet/treventos?2017,7530, HTTP/1.1" 200 7390
186.103.159.43 - - [18/Oct/2017:11:42:12 -0300] "GET /cormun/static/gxcfg.js?2016101716195975 HTTP/1.1" 200 953
186.103.159.43 - - [18/Oct/2017:11:42:12 -0300] "GET /cormun/static/calendar-system.css?85620 HTTP/1.1" 200 5572
186.103.159.43 - - [18/Oct/2017:11:42:12 -0300] "GET /cormun/static/gxui/gxui-all.css?120300 HTTP/1.1" 200 2179
186.103.159.43 - - [18/Oct/2017:11:42:12 -0300] "GET /cormun/static/Resources/Spanish/PXTools.css?167811 HTTP/1.1" 200 89042
186.103.159.44 - - [18/Oct/2017:11:42:12 -0300] "POST /cormun/servlet/solicitudot?gx-no-cache=1508337763719 HTTP/1.1" 200 30
186.103.159.43 - - [18/Oct/2017:11:42:12 -0300] "GET /cormun/static/Shared/ext/resources/css/ext-all.css?215870 HTTP/1.1" 200 416045
186.103.159.43 - - [18/Oct/2017:11:42:12 -0300] "GET /cormun/static/treventos.js?201610171620222 HTTP/1.1" 200 16064
186.103.159.43 - - [18/Oct/2017:11:42:13 -0300] "GET /cormun/servlet/treventos?2017,7530, HTTP/1.1" 200 7390
186.103.159.43 - - [18/Oct/2017:11:42:20 -0300] "GET /cormun/servlet/trsolicitudot? HTTP/1.1" 200 9938
186.103.159.43 - - [18/Oct/2017:11:42:20 -0300] "GET /cormun/servlet/trsolicitudot? HTTP/1.1" 200 9938
186.103.159.44 - - [18/Oct/2017:11:42:42 -0300] "POST /cormun/servlet/solicitudot?gx-no-cache=1508337793457 HTTP/1.1" 200 1354
186.103.159.44 - - [18/Oct/2017:11:42:48 -0300] "GET /cormun/servlet/prlicenciaspermisos?11274563,L,,MD,,gxPopupLevel%3D0%3B HTTP/1.1" 200 5909
186.103.159.44 - - [18/Oct/2017:11:42:48 -0300] "GET /cormun/static/gxcfg.js?20176272053834 HTTP/1.1" 304 -
186.103.159.44 - - [18/Oct/2017:11:42:49 -0300] "GET /cormun/static/prlicenciaspermisos.js?20176272054050 HTTP/1.1" 304 -
186.103.159.44 - - [18/Oct/2017:11:43:13 -0300] "GET /cormun/static/menuarrow.gif HTTP/1.1" 404 1015
186.103.159.44 - - [18/Oct/2017:11:43:16 -0300] "POST /cormun/servlet/solicitudot?gx-no-cache=1508337828149 HTTP/1.1" 200 41
186.103.159.44 - - [18/Oct/2017:11:44:01 -0300] "GET /cormun/servlet/solicitudot?f6e046902aa15724094c62c74c6c1754c5582fdb8236c5dbc4ce5a0807fc57437bf90c556955dde6242628938b818ab67cd3e926bb18f337aab043cc4f0dcf2033b5ecf49236f707a10a26cdc6e27a08defb0ed2a6b4fc96f34f4e663c964bac6013fcd558c448b4b604c427db45b7f0,gx-no-cache=1508337872865 HTTP/1.1" 200 29
186.103.159.44 - - [18/Oct/2017:11:44:02 -0300] "POST /cormun/servlet/solicitudot?gx-no-cache=1508337873217 HTTP/1.1" 200 1336
186.103.159.44 - - [18/Oct/2017:11:44:03 -0300] "POST /cormun/servlet/solicitudot?gx-no-cache=1508337874887 HTTP/1.1" 200 1336
186.103.159.44 - - [18/Oct/2017:11:44:04 -0300] "GET /cormun/servlet/solicitudot?f6e046902aa15724094c62c74c6c1754071acbf0ed014cdd43cfd805f17dc32ae6bec9ff560167a9af62b257d2143d76,gx-no-cache=1508337875806 HTTP/1.1" 200 30
186.103.159.44 - - [18/Oct/2017:11:44:04 -0300] "POST /cormun/servlet/solicitudot?gx-no-cache=1508337875841 HTTP/1.1" 200 34
186.103.159.43 - - [18/Oct/2017:11:44:17 -0300] "POST /cormun/servlet/trsolicitudot?e4468526fe7171cffe9e51efb52e297b,,gx-no-cache=1508337887762 HTTP/1.1" 200 7115
186.103.159.44 - - [18/Oct/2017:11:44:19 -0300] "POST /cormun/servlet/solicitudot?3ffb1f29538faab18031cffca322fa2c,INS,0,0,,gx-no-cache=1508337890131 HTTP/1.1" 200 93
186.103.159.44 - - [18/Oct/2017:11:44:19 -0300] "GET /cormun/servlet/hpexe_return? HTTP/1.1" 200 1003
186.103.159.44 - - [18/Oct/2017:11:44:19 -0300] "GET /cormun/servlet/trsolicitudot HTTP/1.1" 200 10369
186.103.159.44 - - [18/Oct/2017:11:44:26 -0300] "POST /cormun/servlet/trsolicitudot?3ffb1f29538faab18031cffca322fa2c,gx-no-cache=1508337897569 HTTP/1.1" 200 106
186.103.159.44 - - [18/Oct/2017:11:44:26 -0300] "GET /cormun/servlet/trsolicitudadjuntos?2017,7540, HTTP/1.1" 200 5940
186.103.159.44 - - [18/Oct/2017:11:44:26 -0300] "GET /cormun/static/gxcfg.js?20177612135366 HTTP/1.1" 304 -
186.103.159.44 - - [18/Oct/2017:11:44:26 -0300] "GET /cormun/static/trsolicitudadjuntos.js?20177612135632 HTTP/1.1" 304 -
186.103.159.44 - - [18/Oct/2017:11:44:29 -0300] "GET /cormun/servlet/solicitudotadjuntos?INS,2017,7540,,1, HTTP/1.1" 200 5891
186.103.159.44 - - [18/Oct/2017:11:44:29 -0300] "GET /cormun/static/gxcfg.js?2017761244068 HTTP/1.1" 304 -
186.103.159.44 - - [18/Oct/2017:11:44:29 -0300] "GET /cormun/static/solicitudotadjuntos.js?2017761244086 HTTP/1.1" 304 -
186.103.159.44 - - [18/Oct/2017:11:44:29 -0300] "HEAD /cormun/static/about:blank HTTP/1.1" 404 -
186.103.159.44 - - [18/Oct/2017:11:44:30 -0300] "GET /cormun/servlet/solicitudotadjuntos?f6e046902aa15724094c62c74c6c1754e31684c5daa6dbb274477e2e614c18c5e5765cdfcdfdac14eeb450f5d6c84640,gx-no-cache=1508337901897 HTTP/1.1" 200 30
186.103.159.44 - - [18/Oct/2017:11:44:30 -0300] "POST /cormun/servlet/solicitudotadjuntos?3ffb1f29538faab18031cffca322fa2c,INS,2017,7540,,1,,gx-no-cache=1508337901950 HTTP/1.1" 200 3688
186.103.159.43 - - [18/Oct/2017:11:44:35 -0300] "POST /cormun/servlet/trsolicitudot?e4468526fe7171cffe9e51efb52e297b,,gx-no-cache=1508337905244 HTTP/1.1" 200 7115
186.103.159.44 - - [18/Oct/2017:11:44:43 -0300] "POST /cormun/servlet/solicitudotadjuntos?gx-no-cache=1508337914483 HTTP/1.1" 200 26
186.103.159.44 - - [18/Oct/2017:11:44:53 -0300] "GET /cormun/servlet/solicitudotadjuntos?f6e046902aa15724094c62c74c6c1754e8690c78f9006c968dbdbcaa118f8bf6,gx-no-cache=1508337924882 HTTP/1.1" 200 30
186.103.159.44 - - [18/Oct/2017:11:44:53 -0300] "GET /cormun/servlet/solicitudotadjuntos?f6e046902aa15724094c62c74c6c1754e8690c78f9006c968dbdbcaa118f8bf6,gx-no-cache=1508337924982 HTTP/1.1" 200 30
186.103.159.43 - - [18/Oct/2017:11:44:54 -0300] "POST /cormun/servlet/trsolicitudot?e4468526fe7171cffe9e51efb52e297b,,gx-no-cache=1508337924709 HTTP/1.1" 200 7115
186.103.159.44 - - [18/Oct/2017:11:44:54 -0300] "POST /cormun/servlet/solicitudotadjuntos?3ffb1f29538faab18031cffca322fa2c,INS,2017,7540,,1, HTTP/1.1" 200 116
186.103.159.44 - - [18/Oct/2017:11:44:54 -0300] "GET /cormun/servlet/hpexe_return? HTTP/1.1" 200 1022
186.103.159.44 - - [18/Oct/2017:11:44:55 -0300] "GET /cormun/servlet/trsolicitudadjuntos?2017,7540, HTTP/1.1" 200 8259
186.103.159.44 - - [18/Oct/2017:11:44:59 -0300] "GET /cormun/servlet/solicitudotadjuntos?INS,2017,7540,,1, HTTP/1.1" 200 5891
186.103.159.44 - - [18/Oct/2017:11:44:59 -0300] "HEAD /cormun/static/about:blank HTTP/1.1" 404 -
186.103.159.43 - - [18/Oct/2017:11:44:59 -0300] "POST /cormun/servlet/trsolicitudot?e4468526fe7171cffe9e51efb52e297b,,gx-no-cache=1508337929337 HTTP/1.1" 200 7114
186.103.159.44 - - [18/Oct/2017:11:45:00 -0300] "GET /cormun/servlet/solicitudotadjuntos?f6e046902aa15724094c62c74c6c1754e31684c5daa6dbb274477e2e614c18c5e5765cdfcdfdac14eeb450f5d6c84640,gx-no-cache=1508337931679 HTTP/1.1" 200 30
186.103.159.44 - - [18/Oct/2017:11:45:00 -0300] "POST /cormun/servlet/solicitudotadjuntos?3ffb1f29538faab18031cffca322fa2c,INS,2017,7540,,1,,gx-no-cache=1508337931714 HTTP/1.1" 200 3688
186.103.159.44 - - [18/Oct/2017:11:45:02 -0300] "POST /cormun/servlet/solicitudotadjuntos?gx-no-cache=1508337934240 HTTP/1.1" 200 26
186.103.159.43 - - [18/Oct/2017:11:45:08 -0300] "GET /cormun/servlet/solicitudot?INS,0,0, HTTP/1.1" 200 12714
186.103.159.43 - - [18/Oct/2017:11:45:08 -0300] "GET /cormun/static/gxcfg.js?201783011173874 HTTP/1.1" 200 953
186.103.159.43 - - [18/Oct/2017:11:45:08 -0300] "GET /cormun/static/Resources/prompt.gif HTTP/1.1" 200 902
186.103.159.43 - - [18/Oct/2017:11:45:09 -0300] "GET /cormun/servlet/solicitudot?INS,0,0, HTTP/1.1" 200 12719
186.103.159.44 - - [18/Oct/2017:11:45:30 -0300] "GET /cormun/servlet/solicitudotadjuntos?f6e046902aa15724094c62c74c6c1754e8690c78f9006c968dbdbcaa118f8bf6,gx-no-cache=1508337961820 HTTP/1.1" 200 30
186.103.159.44 - - [18/Oct/2017:11:45:31 -0300] "POST /cormun/servlet/solicitudotadjuntos?3ffb1f29538faab18031cffca322fa2c,INS,2017,7540,,1, HTTP/1.1" 200 116
186.103.159.44 - - [18/Oct/2017:11:45:31 -0300] "GET /cormun/servlet/hpexe_return? HTTP/1.1" 200 1022
186.103.159.44 - - [18/Oct/2017:11:45:32 -0300] "GET /cormun/servlet/trsolicitudadjuntos?2017,7540, HTTP/1.1" 200 8486
186.103.159.43 - - [18/Oct/2017:11:45:34 -0300] "POST /cormun/servlet/solicitudot?gx-no-cache=1508337964227 HTTP/1.1" 200 3229
186.103.159.43 - - [18/Oct/2017:11:45:34 -0300] "POST /cormun/servlet/solicitudot?e4468526fe7171cffe9e51efb52e297b,INS,0,0,,gx-no-cache=1508337964441 HTTP/1.1" 200 9861
186.103.159.43 - - [18/Oct/2017:11:45:39 -0300] "GET /cormun/servlet/solicitudot?86ca746c64fc07af92e11ca728999e3b53b1d39b47d38f3c668b8a678bb1a5652d89985aa79ba808cee2848c3ce2c575,gx-no-cache=1508337969385 HTTP/1.1" 200 30
186.103.159.43 - - [18/Oct/2017:11:45:39 -0300] "POST /cormun/servlet/solicitudot?gx-no-cache=1508337969439 HTTP/1.1" 200 240
186.103.159.43 - - [18/Oct/2017:11:45:39 -0300] "GET /cormun/servlet/solicitudot?86ca746c64fc07af92e11ca728999e3b5f388302ff5dd2fb07487dbc4d7b3fe6f57dede4beaeef1f57abe62278a47d0f5757fe7d8a8bc28cb677424ea3f32eb07dcb67593f9aa470b09c1e176b3fcdb4e260421a96eb8ee3e81ef048e9061aa956c53f125891d2b8a4bad564c18825d809cc1ea75334045c07c4864b09e393de10e70ca6071b5fc6d2c920e00e2daaebac52f27f9d0c8b7f6517f4f708c3a7b03d0c30bb2e160c721abeba99370322101912d5b09d887388f0a09e5b65ca79fc5435870119c7bd6764b92151316df33c5bdaed83797b4409fc7e92bd904d310952369b4ddf3596254a709b705249a9d299e354a2ae7af07a4cdc3ce3b9aaf1e85ca147e75d10e96df263bc0d5f69e4158336c4d12c2dcb4ab914bc04de4875c8de10d062a82612d394c30c5554d24c3826790ee4346c4565caaf410de3738d8ea9dfcd8f6f254d6af6f9c50534acf38b0255d62f5b574b9b11318c44a83d6bf669d98d63717a018e56cf4d850ec4563d55376e4b063b65b8a2e2b25d1267f126,gx-no-cache=1508337969486 HTTP/1.1" 200 30
186.103.159.43 - - [18/Oct/2017:11:45:44 -0300] "POST /cormun/servlet/solicitudot?gx-no-cache=1508337974556 HTTP/1.1" 200 30
186.103.159.44 - - [18/Oct/2017:11:45:44 -0300] "GET /cormun/servlet/solicitudotadjuntos?INS,2017,7540,,1, HTTP/1.1" 200 5891
186.103.159.44 - - [18/Oct/2017:11:45:44 -0300] "HEAD /cormun/static/about:blank HTTP/1.1" 404 -
186.103.159.44 - - [18/Oct/2017:11:45:45 -0300] "GET /cormun/servlet/solicitudotadjuntos?f6e046902aa15724094c62c74c6c1754e31684c5daa6dbb274477e2e614c18c5e5765cdfcdfdac14eeb450f5d6c84640,gx-no-cache=1508337977196 HTTP/1.1" 200 30
186.103.159.44 - - [18/Oct/2017:11:45:46 -0300] "POST /cormun/servlet/solicitudotadjuntos?3ffb1f29538faab18031cffca322fa2c,INS,2017,7540,,1,,gx-no-cache=1508337977234 HTTP/1.1" 200 3688
186.103.159.43 - - [18/Oct/2017:11:45:46 -0300] "POST /cormun/servlet/solicitudot?gx-no-cache=1508337977163 HTTP/1.1" 200 1355
186.103.159.43 - - [18/Oct/2017:11:45:46 -0300] "POST /cormun/servlet/solicitudot?gx-no-cache=1508337977246 HTTP/1.1" 200 38
186.103.159.44 - - [18/Oct/2017:11:45:48 -0300] "POST /cormun/servlet/solicitudotadjuntos?gx-no-cache=1508337979664 HTTP/1.1" 200 26
186.103.159.43 - - [18/Oct/2017:11:45:54 -0300] "GET /cormun/servlet/solicitudot?86ca746c64fc07af92e11ca728999e3b2f577913eda3965c7add80f1adf8b94881f5564eaced7e81b6aa7025ae5835f2062c56986c6a9c95279f3fc74d9048d7c76d7aeccc56ccefd2d65c129bafabd45006a3180a531fb1bd5372c1a05f40005a3669002239c26db84b911d7f0db6a6,gx-no-cache=1508337985046 HTTP/1.1" 200 29
186.103.159.43 - - [18/Oct/2017:11:45:54 -0300] "POST /cormun/servlet/solicitudot?gx-no-cache=1508337985125 HTTP/1.1" 200 1336
186.103.159.44 - - [18/Oct/2017:11:45:55 -0300] "GET /cormun/servlet/solicitudotadjuntos?f6e046902aa15724094c62c74c6c1754e8690c78f9006c968dbdbcaa118f8bf6,gx-no-cache=1508337986657 HTTP/1.1" 200 30
186.103.159.44 - - [18/Oct/2017:11:45:55 -0300] "GET /cormun/servlet/solicitudotadjuntos?f6e046902aa15724094c62c74c6c1754e8690c78f9006c968dbdbcaa118f8bf6,gx-no-cache=1508337986677 HTTP/1.1" 200 30
186.103.159.44 - - [18/Oct/2017:11:45:56 -0300] "POST /cormun/servlet/solicitudotadjuntos?3ffb1f29538faab18031cffca322fa2c,INS,2017,7540,,1, HTTP/1.1" 200 116
186.103.159.44 - - [18/Oct/2017:11:45:56 -0300] "GET /cormun/servlet/hpexe_return? HTTP/1.1" 200 1022
186.103.159.44 - - [18/Oct/2017:11:45:57 -0300] "GET /cormun/servlet/trsolicitudadjuntos?2017,7540, HTTP/1.1" 200 8666
186.103.159.44 - - [18/Oct/2017:11:46:01 -0300] "GET /cormun/servlet/solicitudotadjuntos?INS,2017,7540,,1, HTTP/1.1" 200 5891
186.103.159.44 - - [18/Oct/2017:11:46:01 -0300] "HEAD /cormun/static/about:blank HTTP/1.1" 404 -
192.168.10.89 - - [18/Oct/2017:11:46:02 -0300] "POST /cormun/servlet/trsolicitudgral?eaeab00360fcffae7b63a88c9d489e97,gx-no-cache=1508337910901 HTTP/1.1" 200 5963
186.103.159.44 - - [18/Oct/2017:11:46:02 -0300] "GET /cormun/servlet/solicitudotadjuntos?f6e046902aa15724094c62c74c6c1754e31684c5daa6dbb274477e2e614c18c5e5765cdfcdfdac14eeb450f5d6c84640,gx-no-cache=1508337993889 HTTP/1.1" 200 30
186.103.159.44 - - [18/Oct/2017:11:46:02 -0300] "POST /cormun/servlet/solicitudotadjuntos?3ffb1f29538faab18031cffca322fa2c,INS,2017,7540,,1,,gx-no-cache=1508337993945 HTTP/1.1" 200 3688
186.103.159.43 - - [18/Oct/2017:11:46:05 -0300] "GET /cormun/servlet/solicitudot?86ca746c64fc07af92e11ca728999e3be93d1c083d796e2cb9daa9b749b4e017ccaa6e4c214e6d1018245ec4530b2a3b,gx-no-cache=1508337995544 HTTP/1.1" 200 30
186.103.159.44 - - [18/Oct/2017:11:46:05 -0300] "POST /cormun/servlet/solicitudotadjuntos?gx-no-cache=1508337997008 HTTP/1.1" 200 26
186.103.159.44 - - [18/Oct/2017:11:46:12 -0300] "GET /cormun/servlet/solicitudotadjuntos?f6e046902aa15724094c62c74c6c1754e8690c78f9006c968dbdbcaa118f8bf6,gx-no-cache=1508338003617 HTTP/1.1" 200 30
186.103.159.44 - - [18/Oct/2017:11:46:12 -0300] "GET /cormun/servlet/solicitudotadjuntos?f6e046902aa15724094c62c74c6c1754e8690c78f9006c968dbdbcaa118f8bf6,gx-no-cache=1508338003669 HTTP/1.1" 200 30
186.103.159.44 - - [18/Oct/2017:11:46:13 -0300] "POST /cormun/servlet/solicitudotadjuntos?3ffb1f29538faab18031cffca322fa2c,INS,2017,7540,,1, HTTP/1.1" 200 116
186.103.159.44 - - [18/Oct/2017:11:46:13 -0300] "GET /cormun/servlet/hpexe_return? HTTP/1.1" 200 1022
186.103.159.44 - - [18/Oct/2017:11:46:14 -0300] "GET /cormun/servlet/trsolicitudadjuntos?2017,7540, HTTP/1.1" 200 8810
186.103.159.44 - - [18/Oct/2017:11:46:18 -0300] "GET /cormun/servlet/solicitudotadjuntos?INS,2017,7540,,1, HTTP/1.1" 200 5891
186.103.159.44 - - [18/Oct/2017:11:46:18 -0300] "HEAD /cormun/static/about:blank HTTP/1.1" 404 -
186.103.159.44 - - [18/Oct/2017:11:46:19 -0300] "GET /cormun/servlet/solicitudotadjuntos?f6e046902aa15724094c62c74c6c1754e31684c5daa6dbb274477e2e614c18c5e5765cdfcdfdac14eeb450f5d6c84640,gx-no-cache=1508338010731 HTTP/1.1" 200 30
186.103.159.44 - - [18/Oct/2017:11:46:20 -0300] "POST /cormun/servlet/solicitudotadjuntos?3ffb1f29538faab18031cffca322fa2c,INS,2017,7540,,1,,gx-no-cache=1508338010790 HTTP/1.1" 200 3688
186.103.159.44 - - [18/Oct/2017:11:46:23 -0300] "POST /cormun/servlet/solicitudotadjuntos?gx-no-cache=1508338014299 HTTP/1.1" 200 26
186.103.159.43 - - [18/Oct/2017:11:46:28 -0300] "POST /cormun/servlet/solicitudot?gx-no-cache=1508338018497 HTTP/1.1" 200 1336
186.103.159.43 - - [18/Oct/2017:11:46:28 -0300] "POST /cormun/servlet/solicitudot?gx-no-cache=1508338018595 HTTP/1.1" 200 30
186.103.159.44 - - [18/Oct/2017:11:46:34 -0300] "POST /cormun/servlet/solicitudotadjuntos?3ffb1f29538faab18031cffca322fa2c,INS,2017,7540,,1, HTTP/1.1" 200 116
186.103.159.44 - - [18/Oct/2017:11:46:34 -0300] "GET /cormun/servlet/hpexe_return? HTTP/1.1" 200 1022
186.103.159.44 - - [18/Oct/2017:11:46:35 -0300] "GET /cormun/servlet/trsolicitudadjuntos?2017,7540, HTTP/1.1" 200 8809
192.168.10.89 - - [18/Oct/2017:11:46:38 -0300] "POST /cormun/servlet/trsolicitudgral?eaeab00360fcffae7b63a88c9d489e97,gx-no-cache=1508337946937 HTTP/1.1" 200 7181
186.103.159.44 - - [18/Oct/2017:11:46:39 -0300] "GET /cormun/servlet/solicitudotadjuntos?INS,2017,7540,,1, HTTP/1.1" 200 5891
186.103.159.44 - - [18/Oct/2017:11:46:39 -0300] "HEAD /cormun/static/about:blank HTTP/1.1" 404 -
186.103.159.44 - - [18/Oct/2017:11:46:40 -0300] "GET /cormun/servlet/solicitudotadjuntos?f6e046902aa15724094c62c74c6c1754e31684c5daa6dbb274477e2e614c18c5e5765cdfcdfdac14eeb450f5d6c84640,gx-no-cache=1508338031864 HTTP/1.1" 200 30
186.103.159.44 - - [18/Oct/2017:11:46:40 -0300] "POST /cormun/servlet/solicitudotadjuntos?3ffb1f29538faab18031cffca322fa2c,INS,2017,7540,,1,,gx-no-cache=1508338031930 HTTP/1.1" 200 3688
192.168.10.89 - - [18/Oct/2017:11:46:40 -0300] "GET /cormun/servlet/vesolicitudgral?2017,7525,, HTTP/1.1" 200 9031
192.168.10.89 - - [18/Oct/2017:11:46:41 -0300] "GET /cormun/static/gxcfg.js?20176271754486 HTTP/1.1" 304 -
192.168.10.89 - - [18/Oct/2017:11:46:41 -0300] "GET /cormun/pexe_scrolldiv.js HTTP/1.1" 404 1009
192.168.10.89 - - [18/Oct/2017:11:46:41 -0300] "GET /cormun/static/hwcviewtabs.js?20177611594913 HTTP/1.1" 304 -
192.168.10.89 - - [18/Oct/2017:11:46:41 -0300] "GET /cormun/static/hpexe_tabsview.js?201610171694228 HTTP/1.1" 304 -
192.168.10.89 - - [18/Oct/2017:11:46:41 -0300] "GET /cormun/servlet/vesolicitudgral?2017,7525,, HTTP/1.1" 200 9030
192.168.10.89 - - [18/Oct/2017:11:46:41 -0300] "GET /cormun/pexe_scrolldiv.js HTTP/1.1" 404 1009
186.103.159.44 - - [18/Oct/2017:11:46:42 -0300] "POST /cormun/servlet/solicitudotadjuntos?gx-no-cache=1508338034212 HTTP/1.1" 200 26
192.168.10.89 - - [18/Oct/2017:11:46:43 -0300] "GET /cormun/servlet/vesolicitudgral?2017,7525,,SolicitudOTAdjuntos HTTP/1.1" 200 7882
192.168.10.89 - - [18/Oct/2017:11:46:43 -0300] "GET /cormun/pexe_scrolldiv.js HTTP/1.1" 404 1009
192.168.10.89 - - [18/Oct/2017:11:46:45 -0300] "POST /cormun/servlet/acontrolpreferencessavestate?None,CDROGUETT,true HTTP/1.1" 200 35
186.103.159.44 - - [18/Oct/2017:11:46:48 -0300] "GET /cormun/servlet/solicitudotadjuntos?f6e046902aa15724094c62c74c6c1754e8690c78f9006c968dbdbcaa118f8bf6,gx-no-cache=1508338040101 HTTP/1.1" 200 30
186.103.159.44 - - [18/Oct/2017:11:46:48 -0300] "GET /cormun/servlet/solicitudotadjuntos?f6e046902aa15724094c62c74c6c1754e8690c78f9006c968dbdbcaa118f8bf6,gx-no-cache=1508338040128 HTTP/1.1" 200 30
186.103.159.44 - - [18/Oct/2017:11:46:49 -0300] "POST /cormun/servlet/solicitudotadjuntos?3ffb1f29538faab18031cffca322fa2c,INS,2017,7540,,1, HTTP/1.1" 200 116
186.103.159.44 - - [18/Oct/2017:11:46:49 -0300] "GET /cormun/servlet/hpexe_return? HTTP/1.1" 200 1022
186.103.159.44 - - [18/Oct/2017:11:46:50 -0300] "GET /cormun/servlet/trsolicitudadjuntos?2017,7540, HTTP/1.1" 200 9064
192.168.10.89 - - [18/Oct/2017:11:46:50 -0300] "GET /cormun/servlet/vesolicitudgral?2017,7525,,General HTTP/1.1" 200 9036
192.168.10.89 - - [18/Oct/2017:11:46:50 -0300] "GET /cormun/pexe_scrolldiv.js HTTP/1.1" 404 1009
192.168.10.89 - - [18/Oct/2017:11:46:52 -0300] "POST /cormun/servlet/vesolicitudgral?eaeab00360fcffae7b63a88c9d489e97,2017,7525,,General,gx-no-cache=1508337961181 HTTP/1.1" 200 90
192.168.10.89 - - [18/Oct/2017:11:46:52 -0300] "GET /cormun/servlet/hpexe_link HTTP/1.1" 200 987
192.168.10.89 - - [18/Oct/2017:11:46:52 -0300] "GET /cormun/servlet/trsolicitudgral?gx-no-cache=1508337946937 HTTP/1.1" 200 10577
186.103.159.44 - - [18/Oct/2017:11:46:55 -0300] "GET /cormun/servlet/solicitudotadjuntos?INS,2017,7540,,1, HTTP/1.1" 200 5892
186.103.159.44 - - [18/Oct/2017:11:46:55 -0300] "HEAD /cormun/static/about:blank HTTP/1.1" 404 -
192.168.10.89 - - [18/Oct/2017:11:46:55 -0300] "POST /cormun/servlet/trsolicitudgral?eaeab00360fcffae7b63a88c9d489e97,gx-no-cache=1508337946937,gx-no-cache=1508337964520 HTTP/1.1" 200 5986
192.168.10.89 - - [18/Oct/2017:11:46:56 -0300] "GET /cormun/static/Shared/jqueryui/images/ui-icons_82798d_256x240.png HTTP/1.1" 404 1089
192.168.10.89 - - [18/Oct/2017:11:46:56 -0300] "GET /cormun/static/Shared/jqueryui/images/ui-bg_flat_55_fafafa_40x100.png HTTP/1.1" 404 1097
192.168.10.89 - - [18/Oct/2017:11:46:56 -0300] "GET /cormun/static/Shared/jqueryui/images/ui-bg_highlight-soft_100_c6c2c8_1x100.png HTTP/1.1" 404 1117
192.168.10.89 - - [18/Oct/2017:11:46:56 -0300] "GET /cormun/static/Shared/jqueryui/images/ui-icons_8d78a5_256x240.png HTTP/1.1" 404 1089
186.103.159.44 - - [18/Oct/2017:11:46:56 -0300] "GET /cormun/servlet/solicitudotadjuntos?f6e046902aa15724094c62c74c6c1754e31684c5daa6dbb274477e2e614c18c5e5765cdfcdfdac14eeb450f5d6c84640,gx-no-cache=1508338047691 HTTP/1.1" 200 30
186.103.159.44 - - [18/Oct/2017:11:46:56 -0300] "POST /cormun/servlet/solicitudotadjuntos?3ffb1f29538faab18031cffca322fa2c,INS,2017,7540,,1,,gx-no-cache=1508338047748 HTTP/1.1" 200 3688
186.103.159.44 - - [18/Oct/2017:11:46:59 -0300] "POST /cormun/servlet/solicitudotadjuntos?gx-no-cache=1508338050402 HTTP/1.1" 200 26
186.103.159.44 - - [18/Oct/2017:11:47:04 -0300] "GET /cormun/servlet/solicitudotadjuntos?f6e046902aa15724094c62c74c6c1754e8690c78f9006c968dbdbcaa118f8bf6,gx-no-cache=1508338056162 HTTP/1.1" 200 30
186.103.159.44 - - [18/Oct/2017:11:47:04 -0300] "GET /cormun/servlet/solicitudotadjuntos?f6e046902aa15724094c62c74c6c1754e8690c78f9006c968dbdbcaa118f8bf6,gx-no-cache=1508338056183 HTTP/1.1" 200 30
186.103.159.44 - - [18/Oct/2017:11:47:05 -0300] "POST /cormun/servlet/solicitudotadjuntos?3ffb1f29538faab18031cffca322fa2c,INS,2017,7540,,1, HTTP/1.1" 200 116
186.103.159.44 - - [18/Oct/2017:11:47:05 -0300] "GET /cormun/servlet/hpexe_return? HTTP/1.1" 200 1022
186.103.159.44 - - [18/Oct/2017:11:47:06 -0300] "GET /cormun/servlet/trsolicitudadjuntos?2017,7540, HTTP/1.1" 200 9296
186.103.159.44 - - [18/Oct/2017:11:47:10 -0300] "GET /cormun/servlet/solicitudotadjuntos?INS,2017,7540,,2, HTTP/1.1" 200 5892
186.103.159.44 - - [18/Oct/2017:11:47:10 -0300] "HEAD /cormun/static/about:blank HTTP/1.1" 404 -
186.103.159.44 - - [18/Oct/2017:11:47:11 -0300] "GET /cormun/servlet/solicitudotadjuntos?f6e046902aa15724094c62c74c6c1754e31684c5daa6dbb274477e2e614c18c5e5765cdfcdfdac14eeb450f5d6c84640,gx-no-cache=1508338062717 HTTP/1.1" 200 30
186.103.159.44 - - [18/Oct/2017:11:47:11 -0300] "POST /cormun/servlet/solicitudotadjuntos?3ffb1f29538faab18031cffca322fa2c,INS,2017,7540,,2,,gx-no-cache=1508338062762 HTTP/1.1" 200 3900
186.103.159.44 - - [18/Oct/2017:11:47:14 -0300] "POST /cormun/servlet/solicitudotadjuntos?gx-no-cache=1508338065677 HTTP/1.1" 200 26
186.103.159.44 - - [18/Oct/2017:11:47:16 -0300] "POST /cormun/servlet/solicitudotadjuntos?gx-no-cache=1508338068199 HTTP/1.1" 200 26
186.103.159.44 - - [18/Oct/2017:11:47:21 -0300] "GET /cormun/servlet/solicitudotadjuntos?f6e046902aa15724094c62c74c6c1754e8690c78f9006c968dbdbcaa118f8bf6,gx-no-cache=1508338073200 HTTP/1.1" 200 30
186.103.159.44 - - [18/Oct/2017:11:47:21 -0300] "GET /cormun/servlet/solicitudotadjuntos?f6e046902aa15724094c62c74c6c1754e8690c78f9006c968dbdbcaa118f8bf6,gx-no-cache=1508338073237 HTTP/1.1" 200 30
186.103.159.44 - - [18/Oct/2017:11:47:22 -0300] "POST /cormun/servlet/solicitudotadjuntos?3ffb1f29538faab18031cffca322fa2c,INS,2017,7540,,2, HTTP/1.1" 200 116
186.103.159.44 - - [18/Oct/2017:11:47:22 -0300] "GET /cormun/servlet/hpexe_return? HTTP/1.1" 200 1022
186.103.159.44 - - [18/Oct/2017:11:47:23 -0300] "GET /cormun/servlet/trsolicitudadjuntos?2017,7540, HTTP/1.1" 200 9472
186.103.159.43 - - [18/Oct/2017:11:47:24 -0300] "GET /cormun/servlet/hlogin HTTP/1.1" 200 1716
186.103.159.43 - - [18/Oct/2017:11:47:26 -0300] "POST /cormun/servlet/hlogin?d2b781e5015d58abf1af63ae415f8dac,gx-no-cache=1508338076928 HTTP/1.1" 200 90
186.103.159.43 - - [18/Oct/2017:11:47:26 -0300] "GET /cormun/servlet/hpexe_link HTTP/1.1" 200 947
186.103.159.43 - - [18/Oct/2017:11:47:27 -0300] "GET /cormun/servlet/hhome HTTP/1.1" 200 3819
186.103.159.44 - - [18/Oct/2017:11:47:27 -0300] "GET /cormun/servlet/trsolicitudot? HTTP/1.1" 200 10371
186.103.159.43 - - [18/Oct/2017:11:47:27 -0300] "GET /cormun/servlet/hhome HTTP/1.1" 200 3816
186.103.159.43 - - [18/Oct/2017:11:47:30 -0300] "GET /cormun/servlet/trsolicitudot? HTTP/1.1" 200 9939
186.103.159.43 - - [18/Oct/2017:11:47:31 -0300] "GET /cormun/servlet/trsolicitudot? HTTP/1.1" 200 9937
186.103.159.44 - - [18/Oct/2017:11:47:36 -0300] "POST /cormun/servlet/trsolicitudot?3ffb1f29538faab18031cffca322fa2c,,gx-no-cache=1508338087423 HTTP/1.1" 200 7596
186.103.159.44 - - [18/Oct/2017:11:47:37 -0300] "POST /cormun/servlet/trsolicitudot?3ffb1f29538faab18031cffca322fa2c,,gx-no-cache=1508338088043 HTTP/1.1" 200 7538
186.103.159.44 - - [18/Oct/2017:11:47:37 -0300] "GET /cormun/static/Shared/jqueryui/images/ui-bg_flat_55_fafafa_40x100.png HTTP/1.1" 404 1097
186.103.159.44 - - [18/Oct/2017:11:47:37 -0300] "GET /cormun/static/Shared/jqueryui/images/ui-icons_8d78a5_256x240.png HTTP/1.1" 404 1089
186.103.159.44 - - [18/Oct/2017:11:47:37 -0300] "GET /cormun/static/Shared/jqueryui/images/ui-bg_highlight-soft_100_c6c2c8_1x100.png HTTP/1.1" 404 1117
186.103.159.44 - - [18/Oct/2017:11:47:37 -0300] "GET /cormun/static/Shared/jqueryui/images/ui-icons_82798d_256x240.png HTTP/1.1" 404 1089
186.103.159.43 - - [18/Oct/2017:11:47:39 -0300] "POST /cormun/servlet/trsolicitudot?d2b781e5015d58abf1af63ae415f8dac,,gx-no-cache=1508338089917 HTTP/1.1" 200 102
186.103.159.43 - - [18/Oct/2017:11:47:40 -0300] "GET /cormun/SolicitudOT-385.xls HTTP/1.1" 200 6656
186.103.159.43 - - [18/Oct/2017:11:47:56 -0300] "POST /cormun/servlet/trsolicitudot?d2b781e5015d58abf1af63ae415f8dac,,gx-no-cache=1508338106863 HTTP/1.1" 200 103
186.103.159.43 - - [18/Oct/2017:11:47:57 -0300] "POST /cormun/servlet/trsolicitudot?d2b781e5015d58abf1af63ae415f8dac,,gx-no-cache=1508338107060 HTTP/1.1" 200 7113
186.103.159.43 - - [18/Oct/2017:11:47:57 -0300] "GET /cormun/SolicitudOT-5907.xls HTTP/1.1" 200 6656
186.103.159.43 - - [18/Oct/2017:11:48:26 -0300] "POST /cormun/servlet/trsolicitudot?d2b781e5015d58abf1af63ae415f8dac,,gx-no-cache=1508338137098 HTTP/1.1" 200 102
186.103.159.43 - - [18/Oct/2017:11:48:27 -0300] "POST /cormun/servlet/trsolicitudot?d2b781e5015d58abf1af63ae415f8dac,,gx-no-cache=1508338137283 HTTP/1.1" 200 7113
186.103.159.43 - - [18/Oct/2017:11:48:27 -0300] "GET /cormun/SolicitudOT-380.xls HTTP/1.1" 200 6656
186.103.159.43 - - [18/Oct/2017:11:48:39 -0300] "GET /cormun/servlet/hlogin HTTP/1.1" 200 1721
186.103.159.43 - - [18/Oct/2017:11:48:41 -0300] "POST /cormun/servlet/hlogin?b5045ed53cd06edef2f21eb829734735,gx-no-cache=1508338151882 HTTP/1.1" 200 90
186.103.159.43 - - [18/Oct/2017:11:48:41 -0300] "GET /cormun/servlet/hpexe_link HTTP/1.1" 200 953
186.103.159.43 - - [18/Oct/2017:11:48:41 -0300] "GET /cormun/servlet/hhome HTTP/1.1" 200 3823
186.103.159.43 - - [18/Oct/2017:11:48:42 -0300] "GET /cormun/servlet/hhome HTTP/1.1" 200 3819
201.214.54.220 - - [18/Oct/2017:11:48:58 -0300] "GET /cormun/servlet/hlogin HTTP/1.1" 200 1720
186.103.159.43 - - [18/Oct/2017:11:49:00 -0300] "GET /cormun/servlet/trsolicitudot? HTTP/1.1" 200 9944
186.103.159.43 - - [18/Oct/2017:11:49:01 -0300] "GET /cormun/servlet/trsolicitudot? HTTP/1.1" 200 9942
186.103.159.43 - - [18/Oct/2017:11:49:05 -0300] "POST /cormun/servlet/trsolicitudot?b5045ed53cd06edef2f21eb829734735,,gx-no-cache=1508338175427 HTTP/1.1" 200 103
186.103.159.43 - - [18/Oct/2017:11:49:05 -0300] "POST /cormun/servlet/trsolicitudot?b5045ed53cd06edef2f21eb829734735,,gx-no-cache=1508338175598 HTTP/1.1" 200 7117
186.103.159.43 - - [18/Oct/2017:11:49:06 -0300] "GET /cormun/SolicitudOT-3249.xls HTTP/1.1" 200 6656
201.214.54.220 - - [18/Oct/2017:11:49:06 -0300] "POST /cormun/servlet/hlogin?14c6e0e12f2890dd0ee39447f46105a5,gx-no-cache=1508338180342 HTTP/1.1" 200 90
201.214.54.220 - - [18/Oct/2017:11:49:06 -0300] "GET /cormun/servlet/hpexe_link HTTP/1.1" 200 951
201.214.54.220 - - [18/Oct/2017:11:49:06 -0300] "GET /cormun/servlet/hhome HTTP/1.1" 200 4119
201.214.54.220 - - [18/Oct/2017:11:49:08 -0300] "GET /cormun/servlet/hhome HTTP/1.1" 200 4115
201.214.54.220 - - [18/Oct/2017:11:49:17 -0300] "GET /cormun/servlet/trcontratounov2? HTTP/1.1" 200 17600
201.214.54.220 - - [18/Oct/2017:11:49:19 -0300] "GET /cormun/servlet/trcontratounov2? HTTP/1.1" 200 17594
186.103.159.43 - - [18/Oct/2017:11:49:20 -0300] "POST /cormun/servlet/trsolicitudot?b5045ed53cd06edef2f21eb829734735,,gx-no-cache=1508338190156 HTTP/1.1" 200 103
186.103.159.43 - - [18/Oct/2017:11:49:20 -0300] "POST /cormun/servlet/trsolicitudot?b5045ed53cd06edef2f21eb829734735,,gx-no-cache=1508338190337 HTTP/1.1" 200 7116
186.103.159.43 - - [18/Oct/2017:11:49:20 -0300] "GET /cormun/SolicitudOT-2608.xls HTTP/1.1" 200 6656
201.214.54.220 - - [18/Oct/2017:11:49:33 -0300] "POST /cormun/servlet/trcontratounov2?14c6e0e12f2890dd0ee39447f46105a5,,gx-no-cache=1508338207106 HTTP/1.1" 200 17660
186.103.159.43 - - [18/Oct/2017:11:49:33 -0300] "POST /cormun/servlet/trsolicitudot?b5045ed53cd06edef2f21eb829734735,,gx-no-cache=1508338204100 HTTP/1.1" 200 7116
201.214.54.220 - - [18/Oct/2017:11:49:34 -0300] "GET /cormun/static/Resources/PXToolsGridLast.gif HTTP/1.1" 200 370
201.214.54.220 - - [18/Oct/2017:11:49:34 -0300] "GET /cormun/static/Resources/PXToolsGridFirst.gif HTTP/1.1" 200 379
201.214.54.220 - - [18/Oct/2017:11:49:34 -0300] "GET /cormun/static/Resources/PXToolsGridNext.gif HTTP/1.1" 200 369
201.214.54.220 - - [18/Oct/2017:11:49:34 -0300] "GET /cormun/static/Resources/PXToolsGridPrevious.gif HTTP/1.1" 200 369
201.214.54.220 - - [18/Oct/2017:11:49:57 -0300] "GET /cormun/servlet/trsolicitudot? HTTP/1.1" 200 16156
201.214.54.220 - - [18/Oct/2017:11:49:59 -0300] "GET /cormun/servlet/trsolicitudot? HTTP/1.1" 200 16155
201.214.54.220 - - [18/Oct/2017:11:50:03 -0300] "GET /cormun/servlet/solicitudot?INS,0,0, HTTP/1.1" 200 12997
201.214.54.220 - - [18/Oct/2017:11:50:04 -0300] "GET /cormun/servlet/solicitudot?INS,0,0, HTTP/1.1" 200 13002
201.214.54.220 - - [18/Oct/2017:11:50:11 -0300] "POST /cormun/servlet/solicitudot?gx-no-cache=1508338245402 HTTP/1.1" 200 3232
201.214.54.220 - - [18/Oct/2017:11:50:12 -0300] "POST /cormun/servlet/solicitudot?14c6e0e12f2890dd0ee39447f46105a5,INS,0,0,,gx-no-cache=1508338245691 HTTP/1.1" 200 10098
201.214.54.220 - - [18/Oct/2017:11:50:16 -0300] "GET /cormun/servlet/solicitudot?3705f0a67635417555fa1c6e2ae1cd22ea082135ef7f0b98e9e4bbdb234a8928af5b1d93476a6afd558fab5ce1a54920,gx-no-cache=1508338250464 HTTP/1.1" 200 30
201.214.54.220 - - [18/Oct/2017:11:50:16 -0300] "POST /cormun/servlet/solicitudot?gx-no-cache=1508338250582 HTTP/1.1" 200 255
201.214.54.220 - - [18/Oct/2017:11:50:16 -0300] "GET /cormun/servlet/solicitudot?3705f0a67635417555fa1c6e2ae1cd22aac1aea276c534f878e28838b54ff3a2699415d5d42fe3334376e3a3ba6be3e43889259fbe854f2edb17080a4b41e6e761c7552a184bcc616958c2d5a1c72eb9b984464dfa26cacdd3251af5016e9141d8b890a3bf6240dbeb86ecde3616a49ba5f887e5f585af9ec486a4ff93d648f5747d41d23fe37cf915fa37e4ab37e2682c841568796d5e9377b18c51c57a42d47a778facb097c108c46c45236eb1904aa530d336e87d03f43a68d2c7c063b0ced8929379063ec5e72e0e64c1bfb568f29181b1ae67e40f1a73bd87c50973c5a3296666f48011cb75c46c1a663caaa1174798a72de2b094261462ced6e8ceebde5273f31216192a521bd36159024c8d76b350a32bed66e5f05f0c9603ca90d0d0bf8fd313b8da5ceea66e8bbb9b7940fac2eaf2ff695bc5cb22643eed06da036b496344fe7f178fc43965b6bf3e6a9168282f62cd450e1317fae5581b97b10d0f950a28e6489d26b3c55dda3a4fa049d1a02bc8a912c30e99e72253208dd5e9de,gx-no-cache=1508338250700 HTTP/1.1" 200 30
186.103.159.43 - - [18/Oct/2017:11:50:19 -0300] "GET /cormun/servlet/hlogin HTTP/1.1" 200 1716
186.103.159.43 - - [18/Oct/2017:11:50:21 -0300] "POST /cormun/servlet/hlogin?5ffb38c824b1fc651b7d16bb3e5c584f,gx-no-cache=1508338251826 HTTP/1.1" 200 90
186.103.159.43 - - [18/Oct/2017:11:50:21 -0300] "GET /cormun/servlet/hpexe_link HTTP/1.1" 200 946
186.103.159.43 - - [18/Oct/2017:11:50:21 -0300] "GET /cormun/servlet/hhome HTTP/1.1" 200 3818
186.103.159.43 - - [18/Oct/2017:11:50:22 -0300] "GET /cormun/servlet/hhome HTTP/1.1" 200 3814
201.214.54.220 - - [18/Oct/2017:11:50:28 -0300] "POST /cormun/servlet/solicitudot?gx-no-cache=1508338262567 HTTP/1.1" 200 30
201.214.54.220 - - [18/Oct/2017:11:50:30 -0300] "GET /cormun/static/Resources/resize.gif HTTP/1.1" 200 77
201.214.54.220 - - [18/Oct/2017:11:50:30 -0300] "GET /cormun/servlet/prsolicitudot?15108514,,,,,MD,,gxPopupLevel%3D0%3B HTTP/1.1" 200 6125
201.214.54.220 - - [18/Oct/2017:11:50:30 -0300] "GET /cormun/static/Resources/PXToolsMenuSearch.png HTTP/1.1" 200 2914
201.214.54.220 - - [18/Oct/2017:11:50:30 -0300] "GET /cormun/static/Resources/PXToolsMenuSearchCancel.png HTTP/1.1" 200 2972
186.103.159.43 - - [18/Oct/2017:11:50:30 -0300] "GET /cormun/servlet/trsolicitudot? HTTP/1.1" 200 9938
186.103.159.43 - - [18/Oct/2017:11:50:31 -0300] "GET /cormun/servlet/trsolicitudot? HTTP/1.1" 200 9936
201.214.54.220 - - [18/Oct/2017:11:50:40 -0300] "POST /cormun/servlet/solicitudot?gx-no-cache=1508338274438 HTTP/1.1" 200 1433
201.214.54.220 - - [18/Oct/2017:11:50:40 -0300] "GET /cormun/static/Shared/jqueryui/images/ui-bg_highlight-soft_100_c6c2c8_1x100.png HTTP/1.1" 404 1117
201.214.54.220 - - [18/Oct/2017:11:50:40 -0300] "GET /cormun/static/Shared/jqueryui/images/ui-icons_82798d_256x240.png HTTP/1.1" 404 1089
201.214.54.220 - - [18/Oct/2017:11:50:40 -0300] "GET /cormun/static/Shared/jqueryui/images/ui-bg_flat_55_994d53_40x100.png HTTP/1.1" 404 1097
201.214.54.220 - - [18/Oct/2017:11:50:40 -0300] "GET /cormun/static/Shared/jqueryui/images/ui-icons_ebccce_256x240.png HTTP/1.1" 404 1089
201.214.54.220 - - [18/Oct/2017:11:50:40 -0300] "POST /cormun/servlet/solicitudot?gx-no-cache=1508338274605 HTTP/1.1" 200 117
201.214.54.220 - - [18/Oct/2017:11:50:40 -0300] "GET /cormun/servlet/solicitudot?3705f0a67635417555fa1c6e2ae1cd22ebdb57faec81cb8036cd52b7dc5c56f0d139e565233bc6f27232e6ba8193d9ce0a667444162a3ae8da8f7f1787b685235596ecd16f5103674fa71a7a160e578a3d268c21d99560b04898f95b3f3a63bfbf2272bb6ced40c50db88669992b0228c01f4db1d5e09a6b814c543c229745f22fa151b23ceccbf701bf368fe6ec8c62fb91944ddb667864acb2ec46f571e806,gx-no-cache=1508338274683 HTTP/1.1" 200 29
201.214.54.220 - - [18/Oct/2017:11:50:40 -0300] "GET /cormun/servlet/solicitudot?3705f0a67635417555fa1c6e2ae1cd2227e8d441dfd0b96951fba4fa06f35f6b6b7240afefbbcc711919b50165e6a16fdc79c94e1d72787211f2cf4449458bb57824a600da7af427ab20a821e20edc5136ce38243810b1d93d873188202cfacfa5429a67e5fee526ed082d6f5971ccca82a636b6f781adb2d48beb3e643ae78eb5c738ed4321690e0b2e42e603f745951e8e7ca142e9cb502924d52c77127aa14ceb6c536ed1ad278011c8e1123e8e33d31088aa95810396d7355a84e4d50df1,gx-no-cache=1508338274760 HTTP/1.1" 200 62
201.214.54.220 - - [18/Oct/2017:11:50:41 -0300] "GET /cormun/servlet/solicitudot?3705f0a67635417555fa1c6e2ae1cd228dd7a0164db322b5df7fdb9f720b298d,gx-no-cache=1508338274815 HTTP/1.1" 200 30
186.103.159.43 - - [18/Oct/2017:11:50:41 -0300] "POST /cormun/servlet/trsolicitudot?5ffb38c824b1fc651b7d16bb3e5c584f,,gx-no-cache=1508338271344 HTTP/1.1" 200 7114
201.214.54.220 - - [18/Oct/2017:11:50:42 -0300] "GET /cormun/servlet/prcontratosol?15108514,,,,,MD,,gxPopupLevel%3D0%3B HTTP/1.1" 200 7536
201.214.54.220 - - [18/Oct/2017:11:50:42 -0300] "GET /cormun/static/gxcfg.js?201761413223964 HTTP/1.1" 200 953
201.214.54.220 - - [18/Oct/2017:11:50:54 -0300] "GET /cormun/servlet/prsolicitudot?15108514,,,,,MD,,gxPopupLevel%3D0%3B HTTP/1.1" 200 6125
186.103.159.43 - - [18/Oct/2017:11:50:59 -0300] "GET /cormun/servlet/solicitudot?INS,0,0, HTTP/1.1" 200 12713
186.103.159.43 - - [18/Oct/2017:11:51:00 -0300] "GET /cormun/servlet/solicitudot?INS,0,0, HTTP/1.1" 200 12718
201.214.54.220 - - [18/Oct/2017:11:51:07 -0300] "GET /cormun/servlet/prcontratosol?15108514,,,,,MD,,gxPopupLevel%3D0%3B HTTP/1.1" 200 7536
201.214.54.220 - - [18/Oct/2017:11:51:23 -0300] "POST /cormun/servlet/solicitudot?gx-no-cache=1508338317638 HTTP/1.1" 200 1433
201.214.54.220 - - [18/Oct/2017:11:51:23 -0300] "POST /cormun/servlet/solicitudot?gx-no-cache=1508338317739 HTTP/1.1" 200 117
201.214.54.220 - - [18/Oct/2017:11:51:24 -0300] "GET /cormun/servlet/solicitudot?3705f0a67635417555fa1c6e2ae1cd2227e8d441dfd0b96951fba4fa06f35f6b6b7240afefbbcc711919b50165e6a16fdc79c94e1d72787211f2cf4449458bb57824a600da7af427ab20a821e20edc5136ce38243810b1d93d873188202cfacfa5429a67e5fee526ed082d6f5971ccca82a636b6f781adb2d48beb3e643ae78eb5c738ed4321690e0b2e42e603f745951e8e7ca142e9cb502924d52c77127aa14ceb6c536ed1ad278011c8e1123e8e33d31088aa95810396d7355a84e4d50df1,gx-no-cache=1508338317848 HTTP/1.1" 200 62
201.214.54.220 - - [18/Oct/2017:11:51:24 -0300] "GET /cormun/servlet/solicitudot?3705f0a67635417555fa1c6e2ae1cd22292bc5032e3ac5d8b2042fe95889b3e4b63c5cea5df36138d7627db132a14cdb,gx-no-cache=1508338317893 HTTP/1.1" 200 134
201.214.54.220 - - [18/Oct/2017:11:51:33 -0300] "GET /cormun/servlet/trcontratounov2? HTTP/1.1" 200 17817
201.214.54.220 - - [18/Oct/2017:11:51:35 -0300] "GET /cormun/servlet/trcontratounov2? HTTP/1.1" 200 17813
201.214.54.220 - - [18/Oct/2017:11:51:55 -0300] "GET /cormun/servlet/trsolicitudot? HTTP/1.1" 200 16156
186.103.159.43 - - [18/Oct/2017:11:51:55 -0300] "POST /cormun/servlet/solicitudot?gx-no-cache=1508338345917 HTTP/1.1" 200 3229
186.103.159.43 - - [18/Oct/2017:11:51:56 -0300] "POST /cormun/servlet/solicitudot?5ffb38c824b1fc651b7d16bb3e5c584f,INS,0,0,,gx-no-cache=1508338346232 HTTP/1.1" 200 9861
201.214.54.220 - - [18/Oct/2017:11:51:57 -0300] "GET /cormun/servlet/trsolicitudot? HTTP/1.1" 200 16155
186.103.159.43 - - [18/Oct/2017:11:51:59 -0300] "GET /cormun/servlet/solicitudot?1154987ca7d6d83acc5cc651955a0cfc38598fe370166e62660707456daff5e9f6b459f43eecff462121e7149adb5820,gx-no-cache=1508338349754 HTTP/1.1" 200 30
186.103.159.43 - - [18/Oct/2017:11:51:59 -0300] "POST /cormun/servlet/solicitudot?gx-no-cache=1508338349862 HTTP/1.1" 200 240
186.103.159.43 - - [18/Oct/2017:11:51:59 -0300] "GET /cormun/servlet/solicitudot?1154987ca7d6d83acc5cc651955a0cfc08682975d2fb5832ca7e4726facb27db1691cfc38c5c0f061adc7d46c89a122d267a6b4de666629ba22c38273f8b0d6b465a1d22da49e76697490eebaf22534d5f11e3fd91c8e0d20a7b0980514bed15e1c34c6c4d786148fa2ea89914c4f6bcf7eb1b653eee002ccef1feef8da3699879c81486c8679bb378e7da6eb71aa8477a8fccc1a0127061794069d1c58401c91f76815c4f84c7ce830282259bbd7c220eceb2ca99ff79c06ce2fafa479e54e50b64ae6ac96604245bc7d167935138c352c781694078cd470fccaf54252885e4926c2a0dfa3cef51c576abf29fc418f21059608ad6a3c2e569e169f01cc66aac7f49c7bda6f3abc1e5d3b87114e269733eb20e49b1afd7a025f9f658e533924fbbf706219bc9a41c1230b229333eb4c4f77ea23cf8a52a453e591bac1caa950767abbbebe053d4628e73a6ad351599d652d638faf68e08fef4510fe63211afaaf38626281cc349758d2057015ff602d02ee506f434eaff8085fca49873cdc63f,gx-no-cache=1508338349952 HTTP/1.1" 200 30
201.214.54.220 - - [18/Oct/2017:11:52:00 -0300] "GET /cormun/servlet/solicitudot?INS,0,0, HTTP/1.1" 200 12996
201.214.54.220 - - [18/Oct/2017:11:52:01 -0300] "GET /cormun/servlet/solicitudot?INS,0,0, HTTP/1.1" 200 13001
186.103.159.43 - - [18/Oct/2017:11:52:02 -0300] "POST /cormun/servlet/solicitudot?gx-no-cache=1508338352646 HTTP/1.1" 200 30
186.103.159.43 - - [18/Oct/2017:11:52:06 -0300] "POST /cormun/servlet/solicitudot?gx-no-cache=1508338356449 HTTP/1.1" 200 1355
186.103.159.43 - - [18/Oct/2017:11:52:06 -0300] "POST /cormun/servlet/solicitudot?gx-no-cache=1508338356601 HTTP/1.1" 200 38
201.214.54.220 - - [18/Oct/2017:11:52:08 -0300] "POST /cormun/servlet/solicitudot?gx-no-cache=1508338362014 HTTP/1.1" 200 3232
201.214.54.220 - - [18/Oct/2017:11:52:08 -0300] "POST /cormun/servlet/solicitudot?14c6e0e12f2890dd0ee39447f46105a5,INS,0,0,,gx-no-cache=1508338362337 HTTP/1.1" 200 10098
201.214.54.220 - - [18/Oct/2017:11:52:10 -0300] "GET /cormun/servlet/solicitudot?3705f0a67635417555fa1c6e2ae1cd22ea082135ef7f0b98e9e4bbdb234a8928af5b1d93476a6afd558fab5ce1a54920,gx-no-cache=1508338364505 HTTP/1.1" 200 30
201.214.54.220 - - [18/Oct/2017:11:52:10 -0300] "POST /cormun/servlet/solicitudot?gx-no-cache=1508338364618 HTTP/1.1" 200 255
201.214.54.220 - - [18/Oct/2017:11:52:10 -0300] "GET /cormun/servlet/solicitudot?3705f0a67635417555fa1c6e2ae1cd22aac1aea276c534f878e28838b54ff3a2699415d5d42fe3334376e3a3ba6be3e43889259fbe854f2edb17080a4b41e6e761c7552a184bcc616958c2d5a1c72eb9b984464dfa26cacdd3251af5016e9141d8b890a3bf6240dbeb86ecde3616a49ba5f887e5f585af9ec486a4ff93d648f5747d41d23fe37cf915fa37e4ab37e2682c841568796d5e9377b18c51c57a42d47a778facb097c108c46c45236eb1904aa530d336e87d03f43a68d2c7c063b0ced8929379063ec5e72e0e64c1bfb568f29181b1ae67e40f1a73bd87c50973c5a3296666f48011cb75c46c1a663caaa1174798a72de2b094261462ced6e8ceebde5273f31216192a521bd36159024c8d76b350a32bed66e5f05f0c9603ca90d0d0bf8fd313b8da5ceea66e8bbb9b7940fac2eaf2ff695bc5cb22643eed06da036b496344fe7f178fc43965b6bf3e6a9168282f62cd450e1317fae5581b97b10d0f950a28e6489d26b3c55dda3a4fa049d1a02bc8a912c30e99e72253208dd5e9de,gx-no-cache=1508338364718 HTTP/1.1" 200 30
201.214.54.220 - - [18/Oct/2017:11:52:14 -0300] "POST /cormun/servlet/solicitudot?gx-no-cache=1508338368474 HTTP/1.1" 200 30
201.214.54.220 - - [18/Oct/2017:11:52:16 -0300] "GET /cormun/servlet/prcontratosol?15108514,,,,,MD,,gxPopupLevel%3D0%3B HTTP/1.1" 200 7536
186.103.159.43 - - [18/Oct/2017:11:52:17 -0300] "GET /cormun/servlet/solicitudot?1154987ca7d6d83acc5cc651955a0cfc2e2d5536ae1147dc79883877b99089846e7610edf847ab9e5043e58a7a278b8a12cd59887aac23dabdcf3bae7eaeab0bc9634b6ccb19ef1e81df3a3e7800dc824341aaf287691233849216ecf8bf5197e3254ff318afff6c26b895505a8ae2a4,gx-no-cache=1508338367680 HTTP/1.1" 200 29
186.103.159.43 - - [18/Oct/2017:11:52:17 -0300] "POST /cormun/servlet/solicitudot?gx-no-cache=1508338367759 HTTP/1.1" 200 1336
201.214.54.220 - - [18/Oct/2017:11:52:19 -0300] "POST /cormun/servlet/solicitudot?gx-no-cache=1508338373114 HTTP/1.1" 200 1433
201.214.54.220 - - [18/Oct/2017:11:52:19 -0300] "GET /cormun/static/Shared/jqueryui/images/ui-bg_highlight-soft_100_c6c2c8_1x100.png HTTP/1.1" 404 1117
201.214.54.220 - - [18/Oct/2017:11:52:19 -0300] "POST /cormun/servlet/solicitudot?gx-no-cache=1508338373255 HTTP/1.1" 200 117
201.214.54.220 - - [18/Oct/2017:11:52:19 -0300] "GET /cormun/static/Shared/jqueryui/images/ui-bg_flat_55_994d53_40x100.png HTTP/1.1" 404 1097
201.214.54.220 - - [18/Oct/2017:11:52:19 -0300] "GET /cormun/static/Shared/jqueryui/images/ui-icons_82798d_256x240.png HTTP/1.1" 404 1089
201.214.54.220 - - [18/Oct/2017:11:52:19 -0300] "GET /cormun/static/Shared/jqueryui/images/ui-icons_ebccce_256x240.png HTTP/1.1" 404 1089
201.214.54.220 - - [18/Oct/2017:11:52:19 -0300] "GET /cormun/servlet/solicitudot?3705f0a67635417555fa1c6e2ae1cd22ebdb57faec81cb8036cd52b7dc5c56f0d139e565233bc6f27232e6ba8193d9ce0a667444162a3ae8da8f7f1787b685235596ecd16f5103674fa71a7a160e578a3d268c21d99560b04898f95b3f3a63bfbf2272bb6ced40c50db88669992b0228c01f4db1d5e09a6b814c543c229745f22fa151b23ceccbf701bf368fe6ec8c62fb91944ddb667864acb2ec46f571e806,gx-no-cache=1508338373388 HTTP/1.1" 200 29
201.214.54.220 - - [18/Oct/2017:11:52:19 -0300] "GET /cormun/servlet/solicitudot?3705f0a67635417555fa1c6e2ae1cd2227e8d441dfd0b96951fba4fa06f35f6b6b7240afefbbcc711919b50165e6a16fdc79c94e1d72787211f2cf4449458bb57824a600da7af427ab20a821e20edc5136ce38243810b1d93d873188202cfacfa5429a67e5fee526ed082d6f5971ccca82a636b6f781adb2d48beb3e643ae78eb5c738ed4321690e0b2e42e603f745951e8e7ca142e9cb502924d52c77127aa14ceb6c536ed1ad278011c8e1123e8e33d31088aa95810396d7355a84e4d50df1,gx-no-cache=1508338373480 HTTP/1.1" 200 62
201.214.54.220 - - [18/Oct/2017:11:52:19 -0300] "GET /cormun/servlet/solicitudot?3705f0a67635417555fa1c6e2ae1cd22292bc5032e3ac5d8b2042fe95889b3e4b63c5cea5df36138d7627db132a14cdb,gx-no-cache=1508338373575 HTTP/1.1" 200 134
186.103.159.43 - - [18/Oct/2017:11:52:28 -0300] "GET /cormun/servlet/solicitudot?1154987ca7d6d83acc5cc651955a0cfc7c713f876bb2df0c5d786f615dfc6628f2ecb4ffcbb180a2ce54d8d21ad5292c,gx-no-cache=1508338378323 HTTP/1.1" 200 30
46.174.191.28 - - [18/Oct/2017:11:52:28 -0300] "GET / HTTP/1.0" 200 11197
201.214.54.220 - - [18/Oct/2017:11:52:30 -0300] "GET /cormun/servlet/prlicenciaspermisos?9186216,L,,MD,,gxPopupLevel%3D0%3B HTTP/1.1" 200 6416
201.214.54.220 - - [18/Oct/2017:11:52:30 -0300] "GET /cormun/static/gxcfg.js?20176272053834 HTTP/1.1" 200 953
201.214.54.220 - - [18/Oct/2017:11:52:30 -0300] "GET /cormun/static/prlicenciaspermisos.js?20176272054050 HTTP/1.1" 200 13379
201.214.54.220 - - [18/Oct/2017:11:52:36 -0300] "POST /cormun/servlet/solicitudot?gx-no-cache=1508338389493 HTTP/1.1" 200 1353
186.103.159.43 - - [18/Oct/2017:11:52:37 -0300] "POST /cormun/servlet/solicitudot?gx-no-cache=1508338387427 HTTP/1.1" 200 30
201.214.54.220 - - [18/Oct/2017:11:52:45 -0300] "POST /cormun/servlet/solicitudot?gx-no-cache=1508338399663 HTTP/1.1" 200 41
201.214.54.220 - - [18/Oct/2017:11:52:53 -0300] "POST /cormun/servlet/solicitudot?gx-no-cache=1508338406496 HTTP/1.1" 200 1336
201.214.54.220 - - [18/Oct/2017:11:52:53 -0300] "GET /cormun/static/menuarrow.gif HTTP/1.1" 404 1015
201.214.54.220 - - [18/Oct/2017:11:53:01 -0300] "GET /cormun/servlet/prsolicitudot?15108514,,,,,MD,,gxPopupLevel%3D0%3B HTTP/1.1" 200 6125
201.214.54.220 - - [18/Oct/2017:11:53:14 -0300] "POST /cormun/servlet/solicitudot?gx-no-cache=1508338428411 HTTP/1.1" 200 1336
201.214.54.220 - - [18/Oct/2017:11:53:14 -0300] "GET /cormun/servlet/solicitudot?3705f0a67635417555fa1c6e2ae1cd22292bc5032e3ac5d8b2042fe95889b3e4d29bcb4c9bf701e0b823f6660c25f3d1,gx-no-cache=1508338428534 HTTP/1.1" 200 134
186.103.159.43 - - [18/Oct/2017:11:53:22 -0300] "POST /cormun/servlet/solicitudot?5ffb38c824b1fc651b7d16bb3e5c584f,INS,0,0,,gx-no-cache=1508338432551 HTTP/1.1" 200 93
186.103.159.43 - - [18/Oct/2017:11:53:22 -0300] "GET /cormun/servlet/hpexe_return? HTTP/1.1" 200 1001
186.103.159.43 - - [18/Oct/2017:11:53:22 -0300] "GET /cormun/static/gxcfg.js?2016101716175148 HTTP/1.1" 200 953
186.103.159.43 - - [18/Oct/2017:11:53:23 -0300] "GET /cormun/servlet/trsolicitudot? HTTP/1.1" 200 10212
