186.67.172.234 - - [11/Oct/2017:10:24:28 -0300] "GET /cormun/servlet/prlicenciaspermisos?7918129,L,,MD,,gxPopupLevel%3D0%3B HTTP/1.1" 200 7868
186.67.172.234 - - [11/Oct/2017:10:24:31 -0300] "POST /cormun/servlet/solicitudot?gx-no-cache=1507728302502 HTTP/1.1" 200 1355
186.103.159.44 - - [11/Oct/2017:10:24:35 -0300] "POST /cormun/servlet/hlogin?c05d12d46011e5e7dc4c23e5d41c5e10,gx-no-cache=1507728306365 HTTP/1.1" 200 90
186.103.159.44 - - [11/Oct/2017:10:24:35 -0300] "GET /cormun/servlet/hpexe_link HTTP/1.1" 200 950
186.103.159.44 - - [11/Oct/2017:10:24:35 -0300] "GET /cormun/static/Resources/Spanish/PXTools.css?1155365 HTTP/1.1" 304 -
186.103.159.44 - - [11/Oct/2017:10:24:35 -0300] "GET /cormun/static/hpexe_link.js?20177612121795 HTTP/1.1" 304 -
186.103.159.44 - - [11/Oct/2017:10:24:35 -0300] "GET /cormun/servlet/hhome HTTP/1.1" 200 3845
186.103.159.44 - - [11/Oct/2017:10:24:36 -0300] "GET /cormun/static/hhome.js?20175251212450 HTTP/1.1" 304 -
186.67.172.234 - - [11/Oct/2017:10:24:36 -0300] "POST /cormun/servlet/solicitudot?gx-no-cache=1507728307266 HTTP/1.1" 200 41
186.103.159.44 - - [11/Oct/2017:10:24:36 -0300] "GET /cormun/static/hwchdr01.js?201752511465785 HTTP/1.1" 304 -
186.103.159.44 - - [11/Oct/2017:10:24:36 -0300] "GET /cormun/static/hpexe_scripts.js?201752511465715 HTTP/1.1" 304 -
186.103.159.44 - - [11/Oct/2017:10:24:36 -0300] "GET /cormun/static/hpexe_messagepopupcomponent.js?20161017169425 HTTP/1.1" 304 -
186.103.159.44 - - [11/Oct/2017:10:24:36 -0300] "GET /cormun/static/hpexe_recentlink.js?20177611595044 HTTP/1.1" 304 -
186.103.159.44 - - [11/Oct/2017:10:24:36 -0300] "GET /cormun/static/hpexe_messagegenexuscomponent.js?201752511465344 HTTP/1.1" 304 -
186.103.159.44 - - [11/Oct/2017:10:24:36 -0300] "GET /cormun/static/hpexe_messagecontroller.js?20177611595012 HTTP/1.1" 304 -
186.103.159.44 - - [11/Oct/2017:10:24:36 -0300] "GET /cormun/static/cmcontrolpreferences.js?201752511465670 HTTP/1.1" 304 -
186.103.159.44 - - [11/Oct/2017:10:24:36 -0300] "GET /cormun/static/hmpwkw03.js?20177612122668 HTTP/1.1" 304 -
186.67.172.234 - - [11/Oct/2017:10:24:39 -0300] "GET /cormun/servlet/solicitudot?4f5d634f8b0bf355a7b6e23b3434bffcbbbc6dd1524ebe180b4d0c4f06800667273d3b68a04b709bd20f3affab227c6a436e4b9a80c1d3441ccfa083b823d2804293ed49c6db8768232e31bef7abfcf68e0859eb4b5d32541789283c52d3cf9b301c4d506bb8834b47b52320ca2ff34d1a37dd3d6c06a25265831ebd91cb8b1d859b935b682d5f493ac4971f6d9d86e56b60226b638faef5c6e99fc4d003c7f4321a9e98b137caddb70c4962e48b60dc26c3876ebd18f525e212dd1c7c4a12955df14e7170a9786fee4b6d4a22c44437,gx-no-cache=1507728310101 HTTP/1.1" 200 29
186.103.159.44 - - [11/Oct/2017:10:24:46 -0300] "GET /cormun/servlet/trlicencias? HTTP/1.1" 200 12727
186.103.159.44 - - [11/Oct/2017:10:24:46 -0300] "GET /cormun/static/Resources/Spanish/PXTools.css?17315867 HTTP/1.1" 304 -
186.103.159.44 - - [11/Oct/2017:10:24:46 -0300] "GET /cormun/static/trlicencias.js?20176272054837 HTTP/1.1" 304 -
186.67.172.234 - - [11/Oct/2017:10:24:49 -0300] "POST /cormun/servlet/solicitudot?gx-no-cache=1507728320966 HTTP/1.1" 200 1337
186.67.172.234 - - [11/Oct/2017:10:24:49 -0300] "GET /cormun/static/menuarrow.gif HTTP/1.1" 404 1015
200.112.4.131 - - [11/Oct/2017:10:24:50 -0300] "GET /cormun/servlet/alicenciaprn?12694303,L,20171011000000,PU HTTP/1.1" 200 1536
186.103.159.44 - - [11/Oct/2017:10:24:51 -0300] "GET /cormun/servlet/licenciaspermisos?INS,0,,, HTTP/1.1" 200 7372
186.103.157.39 - - [11/Oct/2017:10:24:55 -0300] "POST /cormun/servlet/solicitudot?gx-no-cache=1507728325468 HTTP/1.1" 200 3228
186.103.157.39 - - [11/Oct/2017:10:24:55 -0300] "POST /cormun/servlet/solicitudot?9cb3094b5b702eae9da94fc0d22c39a1,INS,0,0,,gx-no-cache=1507728325853 HTTP/1.1" 200 9908
200.112.4.131 - - [11/Oct/2017:10:24:58 -0300] "POST /cormun/servlet/trlicencias?7e49ad77ee6b821c3bf63ec5bf132b81,gx-no-cache=1507728151943,gx-no-cache=1507728327970 HTTP/1.1" 200 12417
200.112.4.131 - - [11/Oct/2017:10:24:59 -0300] "GET /cormun/static/Shared/jqueryui/images/ui-bg_highlight-soft_100_c6c2c8_1x100.png HTTP/1.1" 404 1117
200.112.4.131 - - [11/Oct/2017:10:24:59 -0300] "GET /cormun/static/Shared/jqueryui/images/ui-icons_82798d_256x240.png HTTP/1.1" 404 1089
200.112.4.131 - - [11/Oct/2017:10:24:59 -0300] "GET /cormun/static/Shared/jqueryui/images/ui-bg_flat_55_fafafa_40x100.png HTTP/1.1" 404 1097
200.112.4.131 - - [11/Oct/2017:10:24:59 -0300] "GET /cormun/static/Shared/jqueryui/images/ui-icons_8d78a5_256x240.png HTTP/1.1" 404 1089
200.112.4.131 - - [11/Oct/2017:10:25:02 -0300] "GET /cormun/servlet/trlicenciaspermisosadjuntos?12694303,20171011000000,L, HTTP/1.1" 200 6478
200.112.4.131 - - [11/Oct/2017:10:25:03 -0300] "GET /cormun/servlet/trlicenciaspermisosadjuntos?12694303,20171011000000,L, HTTP/1.1" 200 6459
186.103.157.39 - - [11/Oct/2017:10:25:04 -0300] "GET /cormun/servlet/solicitudot?ff45935efed937392624d2bc37a5182ef0b62210879c63aab8d78ededc81cf18b2a45e77d5556e0e82992f34f675a954,gx-no-cache=1507728334791 HTTP/1.1" 200 30
200.112.4.131 - - [11/Oct/2017:10:25:04 -0300] "GET /cormun/servlet/licenciaspermisosadjuntos?INS,12694303,L,20171011000000,, HTTP/1.1" 200 5760
200.112.4.131 - - [11/Oct/2017:10:25:04 -0300] "GET /cormun/static/about:blank HTTP/1.1" 404 1011
200.112.4.131 - - [11/Oct/2017:10:25:04 -0300] "GET /cormun/servlet/licenciaspermisosadjuntos?INS,12694303,L,20171011000000,, HTTP/1.1" 200 5748
186.67.172.234 - - [11/Oct/2017:10:25:30 -0300] "POST /cormun/servlet/solicitudot?gx-no-cache=1507728361366 HTTP/1.1" 200 1337
186.103.159.44 - - [11/Oct/2017:10:25:41 -0300] "GET /cormun/servlet/licenciaspermisos?05ee8aa17640ec4292ab2f174e9c2884bf252067f6e6aa567f7386c3c67fcf5643f0ddb7ac7ec529e280a44cfe5e7b52,gx-no-cache=1507728372027 HTTP/1.1" 200 97
186.103.159.44 - - [11/Oct/2017:10:25:41 -0300] "POST /cormun/servlet/licenciaspermisos?c05d12d46011e5e7dc4c23e5d41c5e10,INS,0,,,,gx-no-cache=1507728372120 HTTP/1.1" 200 4571
186.67.172.234 - - [11/Oct/2017:10:25:42 -0300] "GET /cormun/servlet/solicitudot?4f5d634f8b0bf355a7b6e23b3434bffc2a73e794be9b878297b3344de826573e572a24cb0cf7e43a88de2ba31509e176,gx-no-cache=1507728373949 HTTP/1.1" 200 30
186.103.157.39 - - [11/Oct/2017:10:26:08 -0300] "POST /cormun/servlet/solicitudot?gx-no-cache=1507728399113 HTTP/1.1" 200 240
186.103.157.39 - - [11/Oct/2017:10:26:08 -0300] "GET /cormun/servlet/solicitudot?ff45935efed937392624d2bc37a5182e4426ca16b976ca672357f75b259b5cb898997a778899978c050a3b08773b60f3bde7ac607183afc5808bc612167ed181a093b059d76e667d72fb9db99bed13de22f309e04af8b107c3b4325b00ecee58ebb19c4596e6c7c2613596e08bcd70c48da585701965280b2967d0128d202c810bcc0bcf4441ffdc8b8c7540cee70a001e2c15b8e5181b3fc8176d6c9c5edc6b197e52aa2478c02feda854887c9bd469fd63c61aaba6ca5a0269acdc58ba0e4aca1090c9d5d054c1003ae2e9544c5d374f6af8867d91a653df54b83ab3ac11baa780fe5b7347efc6f993cc7dce7f9c1b90cb9804a01f86266d311c7a64a9ff662d6b39dc2f1da6287e0676b420886a9553d11bfd63d5f21eac717f303bff5472883b50487976a4ca496cc14b207c1563bcf58d7c1fce02e333e199e243a4b397cb5e67baed049696127034e07497eded9a660500c86b420cd8856e7e5936c6230587d526dcae5175c68fe9e615901e75b93f0d5607acf3ee03e49a59440d5a56,gx-no-cache=1507728399221 HTTP/1.1" 200 30
186.103.157.39 - - [11/Oct/2017:10:26:12 -0300] "POST /cormun/servlet/solicitudot?gx-no-cache=1507728403439 HTTP/1.1" 200 30
186.103.157.39 - - [11/Oct/2017:10:28:06 -0300] "GET /cormun/servlet/prfichaempleado?,MD,,gxPopupLevel%3D0%3B HTTP/1.1" 200 9238
190.45.55.254 - - [11/Oct/2017:10:28:29 -0300] "POST /cormun/servlet/solicitudot?gx-no-cache=1507728540750 HTTP/1.1" 200 30
186.103.157.39 - - [11/Oct/2017:10:28:36 -0300] "POST /cormun/servlet/prfichaempleado?9cb3094b5b702eae9da94fc0d22c39a1,,MD,,gxPopupLevel%3D0%3B,gx-no-cache=1507728546584 HTTP/1.1" 200 3882
190.45.55.254 - - [11/Oct/2017:10:28:36 -0300] "POST /cormun/servlet/solicitudot?gx-no-cache=1507728547254 HTTP/1.1" 200 1352
190.45.55.254 - - [11/Oct/2017:10:28:37 -0300] "POST /cormun/servlet/solicitudot?gx-no-cache=1507728547823 HTTP/1.1" 200 41
186.67.172.234 - - [11/Oct/2017:10:28:46 -0300] "POST /cormun/servlet/solicitudot?gx-no-cache=1507728556702 HTTP/1.1" 200 32
186.67.172.234 - - [11/Oct/2017:10:28:46 -0300] "POST /cormun/servlet/solicitudot?373e307b658dce1f7ea26e88a93bbaf2,INS,0,0,,gx-no-cache=1507728557254 HTTP/1.1" 200 93
186.67.172.234 - - [11/Oct/2017:10:28:46 -0300] "GET /cormun/servlet/hpexe_return? HTTP/1.1" 200 1009
186.67.172.234 - - [11/Oct/2017:10:28:46 -0300] "GET /cormun/servlet/trsolicitudot HTTP/1.1" 200 13636
186.67.172.234 - - [11/Oct/2017:10:28:47 -0300] "GET /cormun/servlet/trsolicitudot HTTP/1.1" 200 13631
186.103.157.39 - - [11/Oct/2017:10:28:47 -0300] "POST /cormun/servlet/solicitudot?gx-no-cache=1507728558313 HTTP/1.1" 200 1352
186.103.157.39 - - [11/Oct/2017:10:28:48 -0300] "GET /cormun/static/menuarrow.gif HTTP/1.1" 404 1015
186.103.157.39 - - [11/Oct/2017:10:28:58 -0300] "POST /cormun/servlet/solicitudot?gx-no-cache=1507728569321 HTTP/1.1" 200 41
190.45.55.254 - - [11/Oct/2017:10:29:00 -0300] "POST /cormun/servlet/solicitudot?gx-no-cache=1507728571359 HTTP/1.1" 200 1336
190.45.55.254 - - [11/Oct/2017:10:29:00 -0300] "GET /cormun/servlet/solicitudot?3540acc902f25645c85bb57415299808a9872714a1cafc61690ced82b5d92dd6bbdd7ec74424fad3271ebd06c0bd625f,gx-no-cache=1507728571612 HTTP/1.1" 200 30
190.45.55.254 - - [11/Oct/2017:10:29:00 -0300] "POST /cormun/servlet/solicitudot?gx-no-cache=1507728571709 HTTP/1.1" 200 30
190.45.55.254 - - [11/Oct/2017:10:29:01 -0300] "POST /cormun/servlet/solicitudot?c6b5bb675026e46c225ef9f74f83a241,INS,0,0,,gx-no-cache=1507728571794 HTTP/1.1" 200 93
190.45.55.254 - - [11/Oct/2017:10:29:01 -0300] "GET /cormun/servlet/hpexe_return? HTTP/1.1" 200 997
190.45.55.254 - - [11/Oct/2017:10:29:01 -0300] "GET /cormun/static/gxcfg.js?2016101716175148 HTTP/1.1" 200 953
190.45.55.254 - - [11/Oct/2017:10:29:01 -0300] "GET /cormun/static/hpexe_return.js?2016101716175153 HTTP/1.1" 200 1633
190.45.55.254 - - [11/Oct/2017:10:29:01 -0300] "GET /cormun/static/Resources/Spanish/PXTools.css?167811 HTTP/1.1" 200 89042
190.45.55.254 - - [11/Oct/2017:10:29:01 -0300] "GET /cormun/servlet/trsolicitudot HTTP/1.1" 200 9195
190.45.55.254 - - [11/Oct/2017:10:29:02 -0300] "GET /cormun/servlet/trsolicitudot HTTP/1.1" 200 9191
186.103.157.39 - - [11/Oct/2017:10:29:15 -0300] "GET /cormun/servlet/solicitudot?ff45935efed937392624d2bc37a5182eaef305bbe8f68e682bf21da9440216cac2376dae5d2e4db29d4d707eeb874b4f830426d3022b550537cae14c82b3f74b82201200b2283758cbd8c58595499ae636b796917d2ecb006dac0ece8417cbad9c385755fbcd1b3815d13035c8a171e14a2f87707a3238d95cf2bd9bcccae5aa7cd8caa5d80a5715e83922e361cb4e7955b0e73a1c59b10156d073e8121ee295890e332df805a78807bd619a5450c87aea483097abcae81d8f0f4aa8bccbac900b5caca301e6a77d2635ed1e3d148ce0,gx-no-cache=1507728585789 HTTP/1.1" 200 29
186.103.157.39 - - [11/Oct/2017:10:29:15 -0300] "POST /cormun/servlet/solicitudot?gx-no-cache=1507728585897 HTTP/1.1" 200 1336
186.103.157.39 - - [11/Oct/2017:10:29:17 -0300] "POST /cormun/servlet/solicitudot?gx-no-cache=1507728587563 HTTP/1.1" 200 1336
186.103.157.39 - - [11/Oct/2017:10:29:24 -0300] "GET /cormun/servlet/solicitudot?ff45935efed937392624d2bc37a5182e494459e733b437d2df06213c494f9bba0bc069f5a0acbadbbe0a13b5b75bd65d,gx-no-cache=1507728595053 HTTP/1.1" 200 30
186.103.157.39 - - [11/Oct/2017:10:29:24 -0300] "POST /cormun/servlet/solicitudot?gx-no-cache=1507728595145 HTTP/1.1" 200 34
186.103.157.39 - - [11/Oct/2017:10:29:55 -0300] "POST /cormun/servlet/solicitudot?9cb3094b5b702eae9da94fc0d22c39a1,INS,0,0,,gx-no-cache=1507728620726 HTTP/1.1" 200 93
186.103.157.39 - - [11/Oct/2017:10:29:55 -0300] "GET /cormun/servlet/hpexe_return? HTTP/1.1" 200 1006
186.103.157.39 - - [11/Oct/2017:10:29:55 -0300] "GET /cormun/servlet/trsolicitudot HTTP/1.1" 200 9298
186.103.157.39 - - [11/Oct/2017:10:29:56 -0300] "GET /cormun/servlet/trsolicitudot HTTP/1.1" 200 9294
186.79.171.102 - - [11/Oct/2017:10:30:00 -0300] "GET /cormun/servlet/solicitudot?INS,0,0, HTTP/1.1" 200 12714
186.79.171.102 - - [11/Oct/2017:10:30:00 -0300] "GET /cormun/static/gxcfg.js?201783011173874 HTTP/1.1" 304 -
186.79.171.102 - - [11/Oct/2017:10:30:00 -0300] "GET /cormun/static/solicitudot.js?201783011174088 HTTP/1.1" 304 -
186.79.171.102 - - [11/Oct/2017:10:30:01 -0300] "GET /cormun/servlet/solicitudot?INS,0,0, HTTP/1.1" 200 12719
186.79.171.102 - - [11/Oct/2017:10:30:06 -0300] "POST /cormun/servlet/solicitudot?811f0d6309d91b735feec57ffd6584a6,INS,0,0,,gx-no-cache=1507728637364 HTTP/1.1" 200 90
186.79.171.102 - - [11/Oct/2017:10:30:06 -0300] "GET /cormun/servlet/hpexe_link HTTP/1.1" 200 967
186.79.171.102 - - [11/Oct/2017:10:30:07 -0300] "GET /cormun/servlet/trsolicitudot? HTTP/1.1" 200 24799
186.79.171.102 - - [11/Oct/2017:10:30:08 -0300] "GET /cormun/servlet/trsolicitudot? HTTP/1.1" 200 24797
186.79.171.102 - - [11/Oct/2017:10:30:11 -0300] "GET /cormun/servlet/trpermisosgoce? HTTP/1.1" 200 10257
186.79.171.102 - - [11/Oct/2017:10:30:12 -0300] "GET /cormun/servlet/trpermisosgoce? HTTP/1.1" 200 10254
186.79.171.102 - - [11/Oct/2017:10:30:15 -0300] "GET /cormun/servlet/permisogoce?INS,0,,, HTTP/1.1" 200 6667
186.79.171.102 - - [11/Oct/2017:10:30:16 -0300] "GET /cormun/servlet/permisogoce?INS,0,,, HTTP/1.1" 200 6667
186.79.171.102 - - [11/Oct/2017:10:30:49 -0300] "GET /cormun/servlet/permisogoce?104ec405cb673a1331a1fa28870102743ed437c80cbccd2ff85be17435138d06820546dee7331c6db01f2ace049eed6fad53fec39e32c044d78c00469b3e2128,gx-no-cache=1507728681176 HTTP/1.1" 200 83
192.168.10.96 - - [11/Oct/2017:10:32:11 -0300] "POST /cormun/servlet/trsolicitudgral?8cd2b655d533b8fe7e93c18286ed28b6,,gx-no-cache=1507728682312 HTTP/1.1" 440 972
192.168.10.96 - - [11/Oct/2017:10:32:12 -0300] "GET /cormun/servlet/trsolicitudgral? HTTP/1.1" 500 10
192.168.10.96 - - [11/Oct/2017:10:32:15 -0300] "GET /cormun/servlet/hlogin HTTP/1.1" 200 1723
186.67.172.234 - - [11/Oct/2017:10:32:46 -0300] "POST /cormun/servlet/trsolicitudot?373e307b658dce1f7ea26e88a93bbaf2,gx-no-cache=1507728797132 HTTP/1.1" 200 10801
186.67.172.234 - - [11/Oct/2017:10:32:46 -0300] "GET /cormun/static/Shared/jqueryui/images/ui-bg_highlight-soft_100_c6c2c8_1x100.png HTTP/1.1" 404 1117
186.67.172.234 - - [11/Oct/2017:10:32:46 -0300] "GET /cormun/static/Shared/jqueryui/images/ui-bg_flat_55_fafafa_40x100.png HTTP/1.1" 404 1097
186.67.172.234 - - [11/Oct/2017:10:32:46 -0300] "GET /cormun/static/Shared/jqueryui/images/ui-icons_8d78a5_256x240.png HTTP/1.1" 404 1089
186.67.172.234 - - [11/Oct/2017:10:32:46 -0300] "GET /cormun/static/Shared/jqueryui/images/ui-icons_82798d_256x240.png HTTP/1.1" 404 1089
186.67.172.234 - - [11/Oct/2017:10:32:47 -0300] "POST /cormun/servlet/trsolicitudot?373e307b658dce1f7ea26e88a93bbaf2,gx-no-cache=1507728797637 HTTP/1.1" 200 10743
186.67.172.234 - - [11/Oct/2017:10:32:57 -0300] "POST /cormun/servlet/trsolicitudot?373e307b658dce1f7ea26e88a93bbaf2,gx-no-cache=1507728807833 HTTP/1.1" 200 10802
186.67.172.234 - - [11/Oct/2017:10:32:58 -0300] "POST /cormun/servlet/trsolicitudot?373e307b658dce1f7ea26e88a93bbaf2,gx-no-cache=1507728808824 HTTP/1.1" 200 10743
186.67.172.234 - - [11/Oct/2017:10:33:04 -0300] "POST /cormun/servlet/trsolicitudot?373e307b658dce1f7ea26e88a93bbaf2,gx-no-cache=1507728813263 HTTP/1.1" 200 10795
186.67.172.234 - - [11/Oct/2017:10:33:05 -0300] "POST /cormun/servlet/trsolicitudot?373e307b658dce1f7ea26e88a93bbaf2,gx-no-cache=1507728815493 HTTP/1.1" 200 10737
186.103.157.39 - - [11/Oct/2017:10:33:10 -0300] "POST /cormun/servlet/trsolicitudot?9cb3094b5b702eae9da94fc0d22c39a1,gx-no-cache=1507728819871 HTTP/1.1" 200 106
186.103.157.39 - - [11/Oct/2017:10:33:10 -0300] "GET /cormun/servlet/solicitudot?UPD,2017,7503, HTTP/1.1" 200 14389
186.67.172.234 - - [11/Oct/2017:10:33:11 -0300] "GET /cormun/servlet/trautorizarsolicitud? HTTP/1.1" 200 9563
186.67.172.234 - - [11/Oct/2017:10:33:11 -0300] "GET /cormun/static/gxcfg.js?20174261241362 HTTP/1.1" 200 953
186.103.157.39 - - [11/Oct/2017:10:33:12 -0300] "GET /cormun/servlet/solicitudot?UPD,2017,7503, HTTP/1.1" 200 14398
186.67.172.234 - - [11/Oct/2017:10:33:12 -0300] "GET /cormun/static/Resources/Spanish/PXTools.css?11294912 HTTP/1.1" 200 89042
186.67.172.234 - - [11/Oct/2017:10:33:12 -0300] "GET /cormun/static/trautorizarsolicitud.js?201742612414370 HTTP/1.1" 200 53910
186.67.172.234 - - [11/Oct/2017:10:33:12 -0300] "GET /cormun/servlet/trautorizarsolicitud? HTTP/1.1" 200 9563
186.103.157.39 - - [11/Oct/2017:10:33:23 -0300] "POST /cormun/servlet/solicitudot?gx-no-cache=1507728822797 HTTP/1.1" 200 3228
186.103.157.39 - - [11/Oct/2017:10:33:34 -0300] "POST /cormun/servlet/solicitudot?9cb3094b5b702eae9da94fc0d22c39a1,UPD,2017,7503,,gx-no-cache=1507728834357 HTTP/1.1" 200 11062
186.103.157.39 - - [11/Oct/2017:10:33:34 -0300] "GET /cormun/servlet/solicitudot?ff45935efed937392624d2bc37a5182ef0b62210879c63aab8d78ededc81cf18d5f41bb7ddd2d64ac3863c931140d3a4,gx-no-cache=1507728845221 HTTP/1.1" 200 30
186.103.157.39 - - [11/Oct/2017:10:33:35 -0300] "POST /cormun/servlet/solicitudot?gx-no-cache=1507728845412 HTTP/1.1" 200 240
186.103.157.39 - - [11/Oct/2017:10:33:36 -0300] "GET /cormun/servlet/solicitudot?ff45935efed937392624d2bc37a5182e4426ca16b976ca672357f75b259b5cb898997a778899978c050a3b08773b60f3bde7ac607183afc5808bc612167ed181a093b059d76e667d72fb9db99bed13de22f309e04af8b107c3b4325b00ecee58ebb19c4596e6c7c2613596e08bcd70c48da585701965280b2967d0128d202c810bcc0bcf4441ffdc8b8c7540cee70a001e2c15b8e5181b3fc8176d6c9c5edc6b197e52aa2478c02feda854887c9bd469fd63c61aaba6ca5a0269acdc58ba0e4aca1090c9d5d054c1003ae2e9544c5d374f6af8867d91a653df54b83ab3ac11baa780fe5b7347efc6f993cc7dce7f9c1b90cb9804a01f86266d311c7a64a9ff662d6b39dc2f1da6287e0676b420886a9553d11bfd63d5f21eac717f303bff5472883b50487976a4ca496cc14b207c1563bcf58d7c1fce02e333e199e243a4b397cb5e67baed049696127034e07497eded9a660500c86b420cd8856e7e5936c6230587d526dcae5175c68fe9e615901e757e88815c82a62284b6a94563816d1453,gx-no-cache=1507728846251 HTTP/1.1" 200 30
200.112.4.131 - - [11/Oct/2017:10:33:37 -0300] "POST /cormun/servlet/licenciaspermisosadjuntos?7e49ad77ee6b821c3bf63ec5bf132b81,INS,12694303,L,20171011000000,, HTTP/1.1" 200 116
200.112.4.131 - - [11/Oct/2017:10:33:38 -0300] "GET /cormun/servlet/hpexe_return? HTTP/1.1" 200 1047
186.67.172.234 - - [11/Oct/2017:10:33:40 -0300] "POST /cormun/servlet/trautorizarsolicitud?373e307b658dce1f7ea26e88a93bbaf2,,gx-no-cache=1507728846227 HTTP/1.1" 200 6454
186.67.172.234 - - [11/Oct/2017:10:33:40 -0300] "GET /cormun/static/Shared/jqueryui/images/ui-icons_82798d_256x240.png HTTP/1.1" 404 1089
186.67.172.234 - - [11/Oct/2017:10:33:40 -0300] "GET /cormun/static/Shared/jqueryui/images/ui-icons_8d78a5_256x240.png HTTP/1.1" 404 1089
186.67.172.234 - - [11/Oct/2017:10:33:41 -0300] "GET /cormun/static/Shared/jqueryui/images/ui-bg_flat_55_fafafa_40x100.png HTTP/1.1" 404 1097
186.103.157.39 - - [11/Oct/2017:10:33:41 -0300] "POST /cormun/servlet/solicitudot?gx-no-cache=1507728847020 HTTP/1.1" 200 30
186.67.172.234 - - [11/Oct/2017:10:33:41 -0300] "POST /cormun/servlet/trautorizarsolicitud?373e307b658dce1f7ea26e88a93bbaf2,,gx-no-cache=1507728851918 HTTP/1.1" 200 6398
186.103.157.39 - - [11/Oct/2017:10:33:44 -0300] "POST /cormun/servlet/solicitudot?gx-no-cache=1507728852103 HTTP/1.1" 200 1352
200.112.4.131 - - [11/Oct/2017:10:33:44 -0300] "GET /cormun/servlet/trlicenciaspermisosadjuntos?12694303,20171011000000,L, HTTP/1.1" 200 6971
186.103.157.39 - - [11/Oct/2017:10:33:45 -0300] "POST /cormun/servlet/solicitudot?gx-no-cache=1507728855371 HTTP/1.1" 200 41
186.67.172.234 - - [11/Oct/2017:10:33:50 -0300] "GET /cormun/static/Shared/jqueryui/images/ui-bg_highlight-soft_100_c6c2c8_1x100.png HTTP/1.1" 404 1117
186.67.172.234 - - [11/Oct/2017:10:33:50 -0300] "POST /cormun/servlet/trautorizarsolicitud?373e307b658dce1f7ea26e88a93bbaf2,,gx-no-cache=1507728858725 HTTP/1.1" 200 6081
186.67.172.234 - - [11/Oct/2017:10:33:51 -0300] "POST /cormun/servlet/trautorizarsolicitud?373e307b658dce1f7ea26e88a93bbaf2,,gx-no-cache=1507728861496 HTTP/1.1" 200 6027
186.67.172.234 - - [11/Oct/2017:10:33:58 -0300] "POST /cormun/servlet/trautorizarsolicitud?373e307b658dce1f7ea26e88a93bbaf2,,gx-no-cache=1507728869326 HTTP/1.1" 200 5534
186.103.157.39 - - [11/Oct/2017:10:34:01 -0300] "GET /cormun/servlet/trsolicitudot? HTTP/1.1" 200 9300
186.67.172.234 - - [11/Oct/2017:10:34:02 -0300] "POST /cormun/servlet/trautorizarsolicitud?373e307b658dce1f7ea26e88a93bbaf2,,gx-no-cache=1507728869714 HTTP/1.1" 200 5478
186.103.157.39 - - [11/Oct/2017:10:34:03 -0300] "GET /cormun/servlet/trsolicitudot? HTTP/1.1" 200 9294
200.112.4.131 - - [11/Oct/2017:10:34:04 -0300] "GET /cormun/servlet/trlicenciaspermisosadjuntos?12694303,20171011000000,L, HTTP/1.1" 200 6967
186.79.171.102 - - [11/Oct/2017:10:34:08 -0300] "POST /cormun/servlet/permisogoce?811f0d6309d91b735feec57ffd6584a6,INS,0,,,,gx-no-cache=1507728878439 HTTP/1.1" 200 93
186.79.171.102 - - [11/Oct/2017:10:34:08 -0300] "GET /cormun/servlet/hpexe_return? HTTP/1.1" 200 1015
186.79.171.102 - - [11/Oct/2017:10:34:09 -0300] "GET /cormun/servlet/trpermisosgoce HTTP/1.1" 200 10261
186.103.157.39 - - [11/Oct/2017:10:34:09 -0300] "POST /cormun/servlet/trsolicitudot?9cb3094b5b702eae9da94fc0d22c39a1,,gx-no-cache=1507728878299 HTTP/1.1" 200 6491
186.103.157.39 - - [11/Oct/2017:10:34:09 -0300] "GET /cormun/static/Shared/jqueryui/images/ui-bg_highlight-soft_100_c6c2c8_1x100.png HTTP/1.1" 404 1117
186.103.157.39 - - [11/Oct/2017:10:34:09 -0300] "GET /cormun/static/Shared/jqueryui/images/ui-icons_82798d_256x240.png HTTP/1.1" 404 1089
186.103.157.39 - - [11/Oct/2017:10:34:09 -0300] "GET /cormun/static/Shared/jqueryui/images/ui-bg_flat_55_fafafa_40x100.png HTTP/1.1" 404 1097
186.103.157.39 - - [11/Oct/2017:10:34:09 -0300] "GET /cormun/static/Shared/jqueryui/images/ui-icons_8d78a5_256x240.png HTTP/1.1" 404 1089
186.79.171.102 - - [11/Oct/2017:10:34:10 -0300] "GET /cormun/servlet/trpermisosgoce HTTP/1.1" 200 10254
186.103.157.39 - - [11/Oct/2017:10:34:10 -0300] "POST /cormun/servlet/trsolicitudot?9cb3094b5b702eae9da94fc0d22c39a1,,gx-no-cache=1507728880653 HTTP/1.1" 200 6436
186.103.157.39 - - [11/Oct/2017:10:34:17 -0300] "POST /cormun/servlet/trsolicitudot?9cb3094b5b702eae9da94fc0d22c39a1,,gx-no-cache=1507728886614 HTTP/1.1" 200 106
186.103.157.39 - - [11/Oct/2017:10:34:17 -0300] "GET /cormun/servlet/trsolicitudadjuntos?2017,7503, HTTP/1.1" 200 5860
186.103.157.39 - - [11/Oct/2017:10:34:17 -0300] "GET /cormun/static/gxcfg.js?20177612135366 HTTP/1.1" 200 953
186.103.157.39 - - [11/Oct/2017:10:34:18 -0300] "GET /cormun/static/trsolicitudadjuntos.js?20177612135632 HTTP/1.1" 200 17922
186.103.157.39 - - [11/Oct/2017:10:34:18 -0300] "GET /cormun/servlet/trsolicitudadjuntos?2017,7503, HTTP/1.1" 200 5860
186.103.157.39 - - [11/Oct/2017:10:34:28 -0300] "POST /cormun/servlet/trsolicitudadjuntos?9cb3094b5b702eae9da94fc0d22c39a1,2017,7503,,gx-no-cache=1507728897564 HTTP/1.1" 200 3741
186.103.157.39 - - [11/Oct/2017:10:35:11 -0300] "POST /cormun/servlet/trsolicitudadjuntos?9cb3094b5b702eae9da94fc0d22c39a1,2017,7503,,gx-no-cache=1507728901372 HTTP/1.1" 500 10
186.103.159.44 - - [11/Oct/2017:10:36:31 -0300] "GET /cormun/servlet/licenciaspermisos?05ee8aa17640ec4292ab2f174e9c2884560dbff6ffe046d396bf46856a8194cf7ae4182dcae65b8f9e8ae8bd22717388582ee0d6eb74c604dd225dada831f604a469f4c911d6a69d245609083333e3eb7a90303088e80b011ac842a310e885d36ff649c9aad2f914071172d73aba0ba558acfd561c94d5e5cb733ec328f36a5e5e209a92809058468bc2d516e1982943e6744eb2c9fbd8ac41611d84c04de42aef5342b65bf66ba59440f50205453d59,gx-no-cache=1507729022215 HTTP/1.1" 200 30
186.103.159.44 - - [11/Oct/2017:10:36:33 -0300] "GET /cormun/servlet/licenciaspermisos?05ee8aa17640ec4292ab2f174e9c28840033a7789465da76845ee4ab6c2b8843966fb6834463d3647138270d5f3e6493bc64d7de341d93c26d5c9d213a64477a8531a8e7011174aac1a85ad2a5930d5a631099e3a2ae735c42e96dd1ddd0ea1743680cb5684f18f70182b86d1dab3bff54948bfc8bc0501ce6340e4ad59d89d6f2dda1d2ede8504f4a50594a329ccd2cc7fbb46031e70b8af008e20f6abf1aae4e9e25d6513ba3251d5bf800872b10da,gx-no-cache=1507729022806 HTTP/1.1" 200 29
186.103.159.44 - - [11/Oct/2017:10:36:35 -0300] "POST /cormun/servlet/licenciaspermisos?c05d12d46011e5e7dc4c23e5d41c5e10,INS,0,,,,gx-no-cache=1507729023887 HTTP/1.1" 200 93
186.103.159.44 - - [11/Oct/2017:10:36:35 -0300] "GET /cormun/servlet/hpexe_return? HTTP/1.1" 200 1011
186.103.159.44 - - [11/Oct/2017:10:36:35 -0300] "GET /cormun/static/hpexe_return.js?2016101716175153 HTTP/1.1" 304 -
186.103.159.44 - - [11/Oct/2017:10:36:36 -0300] "GET /cormun/static/Resources/Spanish/PXTools.css?167811 HTTP/1.1" 304 -
186.103.159.44 - - [11/Oct/2017:10:36:40 -0300] "GET /cormun/servlet/trlicencias HTTP/1.1" 200 13107
186.103.159.44 - - [11/Oct/2017:10:36:48 -0300] "GET /cormun/servlet/trlicenciaspermisosadjuntos?17235421,20171011000000,L, HTTP/1.1" 200 6190
186.103.159.44 - - [11/Oct/2017:10:36:52 -0300] "GET /cormun/servlet/licenciaspermisosadjuntos?INS,17235421,L,20171011000000,, HTTP/1.1" 200 5486
186.103.159.44 - - [11/Oct/2017:10:36:53 -0300] "HEAD /cormun/static/about:blank HTTP/1.1" 404 -
200.112.4.131 - - [11/Oct/2017:10:37:11 -0300] "GET /cormun/servlet/hlogin HTTP/1.1" 200 1719
200.112.4.131 - - [11/Oct/2017:10:37:11 -0300] "GET /cormun/static/Resources/Spanish/PXTools.css?11423723 HTTP/1.1" 304 -
200.112.4.131 - - [11/Oct/2017:10:37:11 -0300] "GET /cormun/static/gxtimezone.js?85251 HTTP/1.1" 304 -
200.112.4.131 - - [11/Oct/2017:10:37:11 -0300] "GET /cormun/static/gxgral.js?85251 HTTP/1.1" 304 -
200.112.4.131 - - [11/Oct/2017:10:37:11 -0300] "GET /cormun/static/gxcfg.js?20175251213516 HTTP/1.1" 304 -
200.112.4.131 - - [11/Oct/2017:10:37:11 -0300] "GET /cormun/static/messages.spa.js?85251 HTTP/1.1" 304 -
200.112.4.131 - - [11/Oct/2017:10:37:12 -0300] "GET /cormun/static/Resources/PXToolsLoginBackground.png HTTP/1.1" 304 -
200.112.4.131 - - [11/Oct/2017:10:37:12 -0300] "GET /cormun/static/Resources/PXToolsButtonLeft21.png HTTP/1.1" 304 -
200.112.4.131 - - [11/Oct/2017:10:37:12 -0300] "GET /cormun/static/Resources/PXToolsButtonRight21.png HTTP/1.1" 304 -
200.112.4.131 - - [11/Oct/2017:10:37:13 -0300] "GET /cormun/static/Resources/PXToolsButtonBackground2.png HTTP/1.1" 304 -
200.112.4.131 - - [11/Oct/2017:10:37:13 -0300] "GET /cormun/static/Resources/ComunLogin.png HTTP/1.1" 304 -
200.112.4.131 - - [11/Oct/2017:10:37:14 -0300] "GET /cormun/static/Resources/PXToolsLoginBottom.png HTTP/1.1" 304 -
200.112.4.131 - - [11/Oct/2017:10:37:14 -0300] "GET /cormun/static/hlogin.js?20175251213537 HTTP/1.1" 304 -
200.112.4.131 - - [11/Oct/2017:10:37:15 -0300] "GET /cormun/static/Resources/PXToolsLoginTop.png HTTP/1.1" 304 -
200.112.4.131 - - [11/Oct/2017:10:37:15 -0300] "GET /cormun/servlet/hlogin HTTP/1.1" 200 1730
200.112.4.131 - - [11/Oct/2017:10:37:36 -0300] "POST /cormun/servlet/hlogin?7b36344de2aa11179c24e6ba0941f2bf,gx-no-cache=1507729082938 HTTP/1.1" 200 90
200.112.4.131 - - [11/Oct/2017:10:37:43 -0300] "GET /cormun/servlet/hpexe_link HTTP/1.1" 200 951
200.112.4.131 - - [11/Oct/2017:10:37:43 -0300] "GET /cormun/static/Resources/Spanish/PXTools.css?1155365 HTTP/1.1" 304 -
200.112.4.131 - - [11/Oct/2017:10:37:44 -0300] "GET /cormun/static/gxcfg.js?20177612121792 HTTP/1.1" 304 -
200.112.4.131 - - [11/Oct/2017:10:37:44 -0300] "GET /cormun/static/hpexe_link.js?20177612121795 HTTP/1.1" 304 -
200.112.4.131 - - [11/Oct/2017:10:37:46 -0300] "GET /cormun/servlet/hhome HTTP/1.1" 200 4109
200.112.4.131 - - [11/Oct/2017:10:37:47 -0300] "GET /cormun/static/gxcfg.js?20175251212442 HTTP/1.1" 304 -
200.112.4.131 - - [11/Oct/2017:10:37:48 -0300] "GET /cormun/static/PXToolsJavascripts/pexe_windows.js HTTP/1.1" 304 -
200.112.4.131 - - [11/Oct/2017:10:37:49 -0300] "GET /cormun/static/hwchdr01.js?201752511465785 HTTP/1.1" 304 -
200.112.4.131 - - [11/Oct/2017:10:37:49 -0300] "GET /cormun/static/hhome.js?20175251212450 HTTP/1.1" 304 -
200.112.4.131 - - [11/Oct/2017:10:37:50 -0300] "GET /cormun/static/PXToolsJavascripts/pexe_popup.js HTTP/1.1" 304 -
200.112.4.131 - - [11/Oct/2017:10:37:50 -0300] "GET /cormun/static/PXToolsJavascripts/pexe_link.js HTTP/1.1" 304 -
200.112.4.131 - - [11/Oct/2017:10:37:51 -0300] "GET /cormun/static/PXToolsJavascripts/pexe_tabdivfix.js HTTP/1.1" 304 -
200.112.4.131 - - [11/Oct/2017:10:37:51 -0300] "GET /cormun/static/PXToolsJavascripts/pexe_tabs.js HTTP/1.1" 304 -
200.112.4.131 - - [11/Oct/2017:10:37:51 -0300] "GET /cormun/static/hpexe_messagepopupcomponent.js?20161017169425 HTTP/1.1" 304 -
200.112.4.131 - - [11/Oct/2017:10:37:51 -0300] "GET /cormun/static/hpexe_recentlink.js?20177611595044 HTTP/1.1" 304 -
200.112.4.131 - - [11/Oct/2017:10:37:51 -0300] "GET /cormun/static/hpexe_messagegenexuscomponent.js?201752511465344 HTTP/1.1" 304 -
200.112.4.131 - - [11/Oct/2017:10:37:51 -0300] "GET /cormun/static/cmcontrolpreferences.js?201752511465670 HTTP/1.1" 304 -
200.112.4.131 - - [11/Oct/2017:10:37:51 -0300] "GET /cormun/static/hmpwkw03.js?20177612122668 HTTP/1.1" 304 -
200.112.4.131 - - [11/Oct/2017:10:37:52 -0300] "GET /cormun/static/gxui/gxui-all.js HTTP/1.1" 304 -
200.112.4.131 - - [11/Oct/2017:10:37:54 -0300] "GET /cormun/static/hpexe_scripts.js?201752511465715 HTTP/1.1" 304 -
200.112.4.131 - - [11/Oct/2017:10:37:56 -0300] "GET /cormun/static/PXToolsJavascripts/pexe_griddivfix.js HTTP/1.1" 304 -
200.112.4.131 - - [11/Oct/2017:10:38:12 -0300] "GET /cormun/static/hpexe_messagecontroller.js?20177611595012 HTTP/1.1" 304 -
200.112.4.131 - - [11/Oct/2017:10:38:15 -0300] "GET /cormun/servlet/trlicencias? HTTP/1.1" 200 14783
200.112.4.131 - - [11/Oct/2017:10:38:16 -0300] "GET /cormun/static/Resources/Spanish/PXTools.css?17315867 HTTP/1.1" 304 -
200.112.4.131 - - [11/Oct/2017:10:38:17 -0300] "GET /cormun/static/trlicencias.js?20176272054837 HTTP/1.1" 304 -
200.112.4.131 - - [11/Oct/2017:10:38:19 -0300] "GET /cormun/static/gxcfg.js?20176272054169 HTTP/1.1" 304 -
186.103.159.44 - - [11/Oct/2017:10:39:32 -0300] "GET /cormun/servlet/hlogin HTTP/1.1" 200 1719
186.103.159.44 - - [11/Oct/2017:10:39:39 -0300] "POST /cormun/servlet/licenciaspermisosadjuntos?c05d12d46011e5e7dc4c23e5d41c5e10,INS,17235421,L,20171011000000,, HTTP/1.1" 200 6333
200.112.4.131 - - [11/Oct/2017:10:39:54 -0300] "POST /cormun/servlet/trlicenciaspermisosadjuntos?7e49ad77ee6b821c3bf63ec5bf132b81,12694303,20171011000000,L,,gx-no-cache=1507729203601 HTTP/1.1" 500 10
186.103.159.44 - - [11/Oct/2017:10:39:54 -0300] "POST /cormun/servlet/hlogin?5dcb7149e4169f7366126d6c1453283d,gx-no-cache=1507729221125 HTTP/1.1" 200 90
186.103.159.44 - - [11/Oct/2017:10:39:54 -0300] "GET /cormun/servlet/hpexe_link HTTP/1.1" 200 951
186.103.159.44 - - [11/Oct/2017:10:39:55 -0300] "GET /cormun/servlet/hhome HTTP/1.1" 200 3848
186.103.159.44 - - [11/Oct/2017:10:41:25 -0300] "GET /cormun/servlet/trpermisosgoce? HTTP/1.1" 200 9317
186.103.159.44 - - [11/Oct/2017:10:41:25 -0300] "GET /cormun/static/gxcfg.js?20177612163875 HTTP/1.1" 304 -
186.103.159.44 - - [11/Oct/2017:10:41:26 -0300] "GET /cormun/static/trpermisosgoce.js?20177612164335 HTTP/1.1" 304 -
186.103.159.44 - - [11/Oct/2017:10:41:28 -0300] "GET /cormun/servlet/permisogoce?INS,0,,, HTTP/1.1" 200 6674
186.103.159.44 - - [11/Oct/2017:10:41:29 -0300] "GET /cormun/static/gxcfg.js?201776126440 HTTP/1.1" 304 -
186.103.159.44 - - [11/Oct/2017:10:41:29 -0300] "GET /cormun/static/permisogoce.js?2017761264459 HTTP/1.1" 304 -
186.103.159.44 - - [11/Oct/2017:10:41:38 -0300] "GET /cormun/servlet/permisogoce?719cf1acc65c88e01a396ac65c1eb311ae9fab5eeced093aec5df5b83dd428a9db86e82f9ddc6c87045a5c5346405a4aa6e41a6f61030587ffb23aa23725a46c,gx-no-cache=1507729328888 HTTP/1.1" 200 81
186.103.159.44 - - [11/Oct/2017:10:41:48 -0300] "GET /cormun/servlet/permisogoce?719cf1acc65c88e01a396ac65c1eb3112cafe97e171c92abe051179e448dd4fbff08b18281c7991c391ec01a76e557ce07ee2eab678555c7d58a068083add86f,gx-no-cache=1507729339078 HTTP/1.1" 200 129
186.103.159.44 - - [11/Oct/2017:10:41:48 -0300] "GET /cormun/static/Shared/jqueryui/images/ui-icons_82798d_256x240.png HTTP/1.1" 404 1089
186.103.159.44 - - [11/Oct/2017:10:41:48 -0300] "GET /cormun/static/Shared/jqueryui/images/ui-bg_flat_55_994d53_40x100.png HTTP/1.1" 404 1097
186.103.159.44 - - [11/Oct/2017:10:41:48 -0300] "GET /cormun/static/Shared/jqueryui/images/ui-icons_ebccce_256x240.png HTTP/1.1" 404 1089
186.103.159.44 - - [11/Oct/2017:10:41:48 -0300] "GET /cormun/static/Shared/jqueryui/images/ui-bg_highlight-soft_100_c6c2c8_1x100.png HTTP/1.1" 404 1117
186.103.159.44 - - [11/Oct/2017:10:41:58 -0300] "GET /cormun/servlet/permisogoce?719cf1acc65c88e01a396ac65c1eb3112cafe97e171c92abe051179e448dd4fb80332850e49a4c0b41c92606471ec47f07ee2eab678555c7d58a068083add86f,gx-no-cache=1507729348865 HTTP/1.1" 200 47
186.103.159.44 - - [11/Oct/2017:10:42:08 -0300] "POST /cormun/servlet/permisogoce?5dcb7149e4169f7366126d6c1453283d,INS,0,,,,gx-no-cache=1507729358890 HTTP/1.1" 200 93
186.103.159.44 - - [11/Oct/2017:10:42:08 -0300] "GET /cormun/servlet/hpexe_return? HTTP/1.1" 200 1011
186.103.159.44 - - [11/Oct/2017:10:42:08 -0300] "GET /cormun/servlet/trpermisosgoce HTTP/1.1" 200 9571
186.103.159.44 - - [11/Oct/2017:10:42:14 -0300] "GET /cormun/servlet/apermisogoceprn?16255269,P,20171011104040,PU HTTP/1.1" 200 1644
186.103.159.44 - - [11/Oct/2017:10:43:00 -0300] "GET /cormun/servlet/trlicencias? HTTP/1.1" 200 13104
186.103.159.44 - - [11/Oct/2017:10:43:07 -0300] "GET /cormun/servlet/trlicenciaspermisosadjuntos?17235421,20171011000000,L, HTTP/1.1" 200 6189
186.103.159.44 - - [11/Oct/2017:10:43:09 -0300] "GET /cormun/servlet/licenciaspermisosadjuntos?INS,17235421,L,20171011000000,, HTTP/1.1" 200 5484
186.103.159.44 - - [11/Oct/2017:10:43:09 -0300] "HEAD /cormun/static/about:blank HTTP/1.1" 404 -
186.103.159.44 - - [11/Oct/2017:10:43:40 -0300] "POST /cormun/servlet/licenciaspermisosadjuntos?5dcb7149e4169f7366126d6c1453283d,INS,17235421,L,20171011000000,, HTTP/1.1" 200 116
186.103.159.44 - - [11/Oct/2017:10:43:40 -0300] "GET /cormun/servlet/hpexe_return? HTTP/1.1" 200 1043
186.103.159.44 - - [11/Oct/2017:10:43:41 -0300] "GET /cormun/servlet/trlicenciaspermisosadjuntos?17235421,20171011000000,L, HTTP/1.1" 200 6688
186.103.159.44 - - [11/Oct/2017:10:43:43 -0300] "GET /cormun/PublicTempStorage/licencia_medica_ana_vargas7579322.pdf HTTP/1.1" 200 670282
186.103.159.44 - - [11/Oct/2017:10:43:44 -0300] "GET /cormun/PublicTempStorage/licencia_medica_ana_vargas7579322.pdf HTTP/1.1" 200 670282
186.79.171.102 - - [11/Oct/2017:10:44:12 -0300] "GET /cormun/servlet/permisogoce?INS,0,,, HTTP/1.1" 200 6667
186.79.171.102 - - [11/Oct/2017:10:44:13 -0300] "GET /cormun/servlet/permisogoce?INS,0,,, HTTP/1.1" 200 6667
186.79.171.102 - - [11/Oct/2017:10:44:15 -0300] "GET /cormun/servlet/prfichaempleado?,MD,,gxPopupLevel%3D0%3B HTTP/1.1" 200 9250
186.79.171.102 - - [11/Oct/2017:10:44:33 -0300] "POST /cormun/servlet/prfichaempleado?811f0d6309d91b735feec57ffd6584a6,,MD,,gxPopupLevel%3D0%3B,gx-no-cache=1507729503747 HTTP/1.1" 200 3206
186.79.171.102 - - [11/Oct/2017:10:44:50 -0300] "GET /cormun/servlet/trsolicitudot? HTTP/1.1" 200 24807
186.79.171.102 - - [11/Oct/2017:10:44:54 -0300] "GET /cormun/servlet/trsolicitudot? HTTP/1.1" 200 24797
186.79.171.102 - - [11/Oct/2017:10:45:26 -0300] "GET /cormun/servlet/trpermisosgoce? HTTP/1.1" 200 10258
186.79.171.102 - - [11/Oct/2017:10:45:27 -0300] "GET /cormun/servlet/trpermisosgoce? HTTP/1.1" 200 10263
186.79.171.102 - - [11/Oct/2017:10:45:30 -0300] "GET /cormun/servlet/permisogoce?INS,0,,, HTTP/1.1" 200 6667
186.79.171.102 - - [11/Oct/2017:10:45:30 -0300] "GET /cormun/servlet/permisogoce?INS,0,,, HTTP/1.1" 200 6667
186.79.171.102 - - [11/Oct/2017:10:45:33 -0300] "GET /cormun/servlet/prfichaempleado?,MD,,gxPopupLevel%3D0%3B HTTP/1.1" 200 9250
186.79.171.102 - - [11/Oct/2017:10:45:46 -0300] "POST /cormun/servlet/prfichaempleado?811f0d6309d91b735feec57ffd6584a6,,MD,,gxPopupLevel%3D0%3B,gx-no-cache=1507729573860 HTTP/1.1" 200 6282
186.79.171.102 - - [11/Oct/2017:10:45:46 -0300] "GET /cormun/static/Resources/PXToolsGridNext.gif HTTP/1.1" 200 369
186.79.171.102 - - [11/Oct/2017:10:45:47 -0300] "GET /cormun/static/Resources/PXToolsGridLast.gif HTTP/1.1" 200 370
186.79.171.102 - - [11/Oct/2017:10:46:08 -0300] "POST /cormun/servlet/prfichaempleado?811f0d6309d91b735feec57ffd6584a6,,MD,,gxPopupLevel%3D0%3B,gx-no-cache=1507729598959 HTTP/1.1" 200 3206
186.79.171.102 - - [11/Oct/2017:10:46:21 -0300] "POST /cormun/servlet/prfichaempleado?811f0d6309d91b735feec57ffd6584a6,,MD,,gxPopupLevel%3D0%3B,gx-no-cache=1507729608853 HTTP/1.1" 200 6282
186.79.171.102 - - [11/Oct/2017:10:46:52 -0300] "POST /cormun/servlet/prfichaempleado?811f0d6309d91b735feec57ffd6584a6,,MD,,gxPopupLevel%3D0%3B,gx-no-cache=1507729639379 HTTP/1.1" 200 6242
186.79.171.102 - - [11/Oct/2017:10:46:52 -0300] "GET /cormun/static/Resources/PXToolsGridFirst.gif HTTP/1.1" 200 379
186.79.171.102 - - [11/Oct/2017:10:46:52 -0300] "GET /cormun/static/Resources/PXToolsGridPrevious.gif HTTP/1.1" 200 369
186.79.171.102 - - [11/Oct/2017:10:47:19 -0300] "POST /cormun/servlet/prfichaempleado?811f0d6309d91b735feec57ffd6584a6,,MD,,gxPopupLevel%3D0%3B,gx-no-cache=1507729669454 HTTP/1.1" 200 6280
186.79.171.102 - - [11/Oct/2017:10:48:16 -0300] "GET /cormun/servlet/permisogoce?104ec405cb673a1331a1fa28870102743ed437c80cbccd2ff85be17435138d06820546dee7331c6db01f2ace049eed6fad53fec39e32c044d78c00469b3e2128,gx-no-cache=1507729726174 HTTP/1.1" 200 83
186.79.171.102 - - [11/Oct/2017:10:48:46 -0300] "GET /cormun/servlet/permisogoce?104ec405cb673a1331a1fa28870102743e33ccc079b665cd751f4ef979b64a24c8091ec9e8ee5109eeaee73e5413e0d6fc0066fdb7e8721dd8aeb1b3b73db606,gx-no-cache=1507729757763 HTTP/1.1" 200 47
186.79.171.102 - - [11/Oct/2017:10:49:02 -0300] "POST /cormun/servlet/permisogoce?811f0d6309d91b735feec57ffd6584a6,INS,0,,,,gx-no-cache=1507729772811 HTTP/1.1" 200 93
186.79.171.102 - - [11/Oct/2017:10:49:02 -0300] "GET /cormun/servlet/hpexe_return? HTTP/1.1" 200 1015
186.79.171.102 - - [11/Oct/2017:10:49:02 -0300] "GET /cormun/servlet/trpermisosgoce HTTP/1.1" 200 10559
186.79.171.102 - - [11/Oct/2017:10:49:03 -0300] "GET /cormun/servlet/trpermisosgoce HTTP/1.1" 200 10532
186.103.159.44 - - [11/Oct/2017:10:51:47 -0300] "GET /cormun/servlet/trlicencias? HTTP/1.1" 200 13103
186.103.159.44 - - [11/Oct/2017:10:51:56 -0300] "POST /cormun/servlet/trlicencias?5dcb7149e4169f7366126d6c1453283d,,gx-no-cache=1507729945354 HTTP/1.1" 200 10452
186.103.159.44 - - [11/Oct/2017:10:51:57 -0300] "GET /cormun/static/Shared/jqueryui/images/ui-icons_8d78a5_256x240.png HTTP/1.1" 404 1089
186.103.159.44 - - [11/Oct/2017:10:51:57 -0300] "GET /cormun/static/Shared/jqueryui/images/ui-bg_flat_55_fafafa_40x100.png HTTP/1.1" 404 1097
186.103.159.44 - - [11/Oct/2017:10:51:57 -0300] "GET /cormun/static/Shared/jqueryui/images/ui-icons_82798d_256x240.png HTTP/1.1" 404 1089
186.103.159.44 - - [11/Oct/2017:10:51:57 -0300] "GET /cormun/static/Shared/jqueryui/images/ui-bg_highlight-soft_100_c6c2c8_1x100.png HTTP/1.1" 404 1117
186.103.159.44 - - [11/Oct/2017:10:51:58 -0300] "GET /cormun/servlet/alicenciaprn?17235421,L,20171011000000,PU HTTP/1.1" 200 1522
66.102.6.225 - - [11/Oct/2017:10:52:04 -0300] "GET /cormun/servlet/hlogin HTTP/1.1" 200 5121
66.102.6.228 - - [11/Oct/2017:10:52:04 -0300] "GET /cormun/static/hlogin.js?20175251213537 HTTP/1.1" 200 2136
66.102.6.225 - - [11/Oct/2017:10:52:04 -0300] "GET /cormun/static/gxcfg.js?20175251213516 HTTP/1.1" 200 953
66.102.6.230 - - [11/Oct/2017:10:52:04 -0300] "GET /cormun/static/gxtimezone.js?85251 HTTP/1.1" 200 5781
66.102.6.230 - - [11/Oct/2017:10:52:05 -0300] "GET /cormun/static/Resources/Spanish/PXTools.css?11423723 HTTP/1.1" 200 89042
66.102.6.225 - - [11/Oct/2017:10:52:05 -0300] "GET /cormun/static/messages.spa.js?85251 HTTP/1.1" 200 30736
66.102.6.230 - - [11/Oct/2017:10:52:05 -0300] "GET /cormun/static/gxgral.js?85251 HTTP/1.1" 200 384558
66.102.6.228 - - [11/Oct/2017:10:52:05 -0300] "GET /cormun/static/Resources/PXToolsButtonBackground2.png HTTP/1.1" 200 1181
66.102.6.230 - - [11/Oct/2017:10:52:05 -0300] "GET /cormun/static/Resources/PXToolsLoginBackground.png HTTP/1.1" 200 1164
66.102.6.225 - - [11/Oct/2017:10:52:05 -0300] "GET /cormun/static/Resources/PXToolsButtonLeft21.png HTTP/1.1" 200 1287
66.102.6.228 - - [11/Oct/2017:10:52:06 -0300] "GET /cormun/static/Resources/PXToolsButtonRight21.png HTTP/1.1" 200 1283
66.102.6.228 - - [11/Oct/2017:10:52:06 -0300] "GET /cormun/static/Resources/indicator.gif HTTP/1.1" 200 1553
66.102.6.225 - - [11/Oct/2017:10:52:06 -0300] "GET /cormun/static/Resources/PXToolsLoginBottom.png HTTP/1.1" 200 1389
66.102.6.230 - - [11/Oct/2017:10:52:06 -0300] "GET /cormun/servlet/hlogin HTTP/1.1" 200 5142
66.102.6.230 - - [11/Oct/2017:10:52:06 -0300] "GET /cormun/static/Resources/PXToolsLoginTop.png HTTP/1.1" 200 1337
66.102.6.228 - - [11/Oct/2017:10:52:06 -0300] "GET /cormun/static/Resources/ComunLogin.png HTTP/1.1" 200 17326
66.102.6.230 - - [11/Oct/2017:10:52:07 -0300] "GET /cormun/static/Resources/ComunLogin.png HTTP/1.1" 200 17326
200.112.4.131 - - [11/Oct/2017:10:53:37 -0300] "GET /cormun/servlet/trlicenciaspermisosadjuntos?12694303,20171011000000,L, HTTP/1.1" 200 6968
200.112.4.131 - - [11/Oct/2017:10:53:39 -0300] "GET /cormun/servlet/trlicenciaspermisosadjuntos?12694303,20171011000000,L, HTTP/1.1" 200 6967
200.112.4.131 - - [11/Oct/2017:10:54:34 -0300] "GET /cormun/PublicTempStorage/alajandra_gallardo_105857343.pdf HTTP/1.1" 206 14661158
186.103.159.46 - - [11/Oct/2017:10:55:24 -0300] "GET /cormun/servlet/hhome HTTP/1.1" 200 3374
186.103.159.46 - - [11/Oct/2017:10:55:26 -0300] "GET /cormun/servlet/hlogin HTTP/1.1" 200 1730
186.103.159.46 - - [11/Oct/2017:10:55:26 -0300] "GET /cormun/servlet/hhome HTTP/1.1" 200 3382
186.79.171.102 - - [11/Oct/2017:10:55:33 -0300] "GET /cormun/servlet/trpermisosadjuntos?16934637,20171011104441,P, HTTP/1.1" 200 6142
186.79.171.102 - - [11/Oct/2017:10:55:34 -0300] "GET /cormun/servlet/trpermisosadjuntos?16934637,20171011104441,P, HTTP/1.1" 200 6141
186.79.171.102 - - [11/Oct/2017:10:55:36 -0300] "GET /cormun/servlet/permisosadjuntos?INS,16934637,P,20171011104441,, HTTP/1.1" 200 5469
186.79.171.102 - - [11/Oct/2017:10:55:36 -0300] "GET /cormun/static/about:blank HTTP/1.1" 404 1011
186.79.171.102 - - [11/Oct/2017:10:55:37 -0300] "GET /cormun/servlet/permisosadjuntos?INS,16934637,P,20171011104441,, HTTP/1.1" 200 5458
200.112.4.131 - - [11/Oct/2017:10:55:39 -0300] "GET /cormun/servlet/trlicenciaspermisosadjuntos?12694303,20171011000000,L, HTTP/1.1" 200 6966
200.112.4.131 - - [11/Oct/2017:10:55:41 -0300] "GET /cormun/servlet/trlicenciaspermisosadjuntos?12694303,20171011000000,L, HTTP/1.1" 200 6967
200.112.4.131 - - [11/Oct/2017:10:55:43 -0300] "POST /cormun/servlet/trlicenciaspermisosadjuntos?7e49ad77ee6b821c3bf63ec5bf132b81,12694303,20171011000000,L,,gx-no-cache=1507730173015 HTTP/1.1" 200 90
186.103.159.46 - - [11/Oct/2017:10:55:43 -0300] "POST /cormun/servlet/hlogin?71fb79fcc0623770d174f42fb2ae8d8a,gx-no-cache=1507730173938 HTTP/1.1" 200 90
186.103.159.46 - - [11/Oct/2017:10:55:43 -0300] "GET /cormun/servlet/hpexe_link HTTP/1.1" 200 949
186.103.159.46 - - [11/Oct/2017:10:55:43 -0300] "GET /cormun/servlet/hhome HTTP/1.1" 200 3840
200.112.4.131 - - [11/Oct/2017:10:55:44 -0300] "GET /cormun/servlet/hpexe_link HTTP/1.1" 200 1011
186.103.159.46 - - [11/Oct/2017:10:55:45 -0300] "GET /cormun/servlet/hhome HTTP/1.1" 200 3837
200.112.4.131 - - [11/Oct/2017:10:55:47 -0300] "GET /cormun/servlet/trlicencias?gx-no-cache=1507728151943 HTTP/1.1" 200 14784
200.112.4.131 - - [11/Oct/2017:10:55:47 -0300] "GET /cormun/servlet/trlicencias?gx-no-cache=1507728151943 HTTP/1.1" 200 14802
186.79.171.102 - - [11/Oct/2017:10:55:51 -0300] "POST /cormun/servlet/permisosadjuntos?811f0d6309d91b735feec57ffd6584a6,INS,16934637,P,20171011104441,, HTTP/1.1" 200 116
186.103.159.46 - - [11/Oct/2017:10:55:51 -0300] "GET /cormun/servlet/trpermisosgoce? HTTP/1.1" 200 12777
186.79.171.102 - - [11/Oct/2017:10:55:51 -0300] "GET /cormun/servlet/hpexe_return? HTTP/1.1" 200 1040
186.79.171.102 - - [11/Oct/2017:10:55:52 -0300] "GET /cormun/servlet/trpermisosadjuntos?16934637,20171011104441,P, HTTP/1.1" 200 6626
186.103.159.46 - - [11/Oct/2017:10:55:53 -0300] "GET /cormun/servlet/trpermisosgoce? HTTP/1.1" 200 12779
186.79.171.102 - - [11/Oct/2017:10:55:53 -0300] "GET /cormun/servlet/trpermisosadjuntos?16934637,20171011104441,P, HTTP/1.1" 200 6623
200.112.4.131 - - [11/Oct/2017:10:55:55 -0300] "POST /cormun/servlet/trlicencias?7e49ad77ee6b821c3bf63ec5bf132b81,gx-no-cache=1507728151943,gx-no-cache=1507730184191 HTTP/1.1" 200 12311
200.112.4.131 - - [11/Oct/2017:10:55:56 -0300] "GET /cormun/static/Shared/jqueryui/images/ui-bg_highlight-soft_100_c6c2c8_1x100.png HTTP/1.1" 404 1117
200.112.4.131 - - [11/Oct/2017:10:55:56 -0300] "GET /cormun/static/Shared/jqueryui/images/ui-icons_8d78a5_256x240.png HTTP/1.1" 404 1089
200.112.4.131 - - [11/Oct/2017:10:55:56 -0300] "GET /cormun/static/Shared/jqueryui/images/ui-icons_82798d_256x240.png HTTP/1.1" 404 1089
200.112.4.131 - - [11/Oct/2017:10:55:56 -0300] "GET /cormun/static/Shared/jqueryui/images/ui-bg_flat_55_fafafa_40x100.png HTTP/1.1" 404 1097
186.79.171.102 - - [11/Oct/2017:10:55:59 -0300] "POST /cormun/servlet/trpermisosadjuntos?811f0d6309d91b735feec57ffd6584a6,16934637,20171011104441,P,,gx-no-cache=1507730189264 HTTP/1.1" 200 90
186.79.171.102 - - [11/Oct/2017:10:55:59 -0300] "GET /cormun/servlet/hpexe_link HTTP/1.1" 200 987
186.79.171.102 - - [11/Oct/2017:10:55:59 -0300] "GET /cormun/servlet/trpermisosgoce HTTP/1.1" 200 10528
186.79.171.102 - - [11/Oct/2017:10:56:00 -0300] "GET /cormun/servlet/trpermisosgoce HTTP/1.1" 200 10526
186.79.171.102 - - [11/Oct/2017:10:56:22 -0300] "GET /cormun/servlet/apermisogoceprn?16934637,P,20171011104441,PU HTTP/1.1" 200 1669
186.79.171.102 - - [11/Oct/2017:10:56:50 -0300] "POST /cormun/servlet/trpermisosgoce?811f0d6309d91b735feec57ffd6584a6,gx-no-cache=1507730241419 HTTP/1.1" 200 7813
186.79.171.102 - - [11/Oct/2017:10:56:51 -0300] "GET /cormun/static/Shared/jqueryui/images/ui-icons_82798d_256x240.png HTTP/1.1" 404 1089
186.79.171.102 - - [11/Oct/2017:10:56:51 -0300] "GET /cormun/static/Shared/jqueryui/images/ui-icons_8d78a5_256x240.png HTTP/1.1" 404 1089
186.79.171.102 - - [11/Oct/2017:10:56:51 -0300] "GET /cormun/static/Shared/jqueryui/images/ui-bg_highlight-soft_100_c6c2c8_1x100.png HTTP/1.1" 404 1117
186.79.171.102 - - [11/Oct/2017:10:56:51 -0300] "GET /cormun/static/Shared/jqueryui/images/ui-bg_flat_55_fafafa_40x100.png HTTP/1.1" 404 1097
186.103.159.204 - - [11/Oct/2017:10:58:08 -0300] "GET /cormun/servlet/hlogin HTTP/1.1" 200 1725
186.103.159.204 - - [11/Oct/2017:10:58:24 -0300] "POST /cormun/servlet/hlogin?46ebc376a1087743db3d07dd870f9233,gx-no-cache=1507730318966 HTTP/1.1" 200 435
186.103.159.204 - - [11/Oct/2017:10:58:31 -0300] "POST /cormun/servlet/hlogin?46ebc376a1087743db3d07dd870f9233,gx-no-cache=1507730326487 HTTP/1.1" 200 90
186.103.159.204 - - [11/Oct/2017:10:58:31 -0300] "GET /cormun/servlet/hpexe_link HTTP/1.1" 200 953
186.103.159.204 - - [11/Oct/2017:10:58:31 -0300] "GET /cormun/servlet/hhome HTTP/1.1" 200 4072
186.103.159.204 - - [11/Oct/2017:10:58:32 -0300] "GET /cormun/servlet/hhome HTTP/1.1" 200 4069
186.103.159.204 - - [11/Oct/2017:10:58:39 -0300] "GET /cormun/servlet/trlicencias? HTTP/1.1" 200 10401
186.103.159.204 - - [11/Oct/2017:10:58:40 -0300] "GET /cormun/servlet/trlicencias? HTTP/1.1" 200 10398
186.79.171.102 - - [11/Oct/2017:10:59:24 -0300] "GET /cormun/servlet/permisogoce?INS,0,,, HTTP/1.1" 200 6666
186.79.171.102 - - [11/Oct/2017:10:59:25 -0300] "GET /cormun/servlet/permisogoce?INS,0,,, HTTP/1.1" 200 6666
186.103.159.46 - - [11/Oct/2017:10:59:29 -0300] "GET /cormun/servlet/trpermisosadjuntos?8998776,20171002095042,P, HTTP/1.1" 200 6154
186.103.159.46 - - [11/Oct/2017:10:59:30 -0300] "GET /cormun/static/Resources/Spanish/PXTools.css?17315867 HTTP/1.1" 304 -
186.103.159.46 - - [11/Oct/2017:10:59:30 -0300] "GET /cormun/static/gxcfg.js?201762817193957 HTTP/1.1" 200 953
186.103.159.46 - - [11/Oct/2017:10:59:30 -0300] "GET /cormun/static/trpermisosadjuntos.js?201762817194366 HTTP/1.1" 200 20158
186.103.159.46 - - [11/Oct/2017:10:59:32 -0300] "GET /cormun/servlet/trpermisosadjuntos?8998776,20171002095042,P, HTTP/1.1" 200 6153
186.79.171.102 - - [11/Oct/2017:10:59:34 -0300] "GET /cormun/servlet/permisogoce?104ec405cb673a1331a1fa28870102746ac7f547a2ef7ac11623dbd3f4f4af7f820546dee7331c6db01f2ace049eed6fad53fec39e32c044d78c00469b3e2128,gx-no-cache=1507730405896 HTTP/1.1" 200 80
186.103.159.46 - - [11/Oct/2017:10:59:34 -0300] "GET /cormun/servlet/permisosadjuntos?INS,8998776,P,20171002095042,, HTTP/1.1" 200 5483
186.103.159.46 - - [11/Oct/2017:10:59:34 -0300] "GET /cormun/static/gxcfg.js?201762717441171 HTTP/1.1" 200 953
186.103.159.46 - - [11/Oct/2017:10:59:34 -0300] "GET /cormun/static/permisosadjuntos.js?201762717441184 HTTP/1.1" 200 8724
186.103.159.46 - - [11/Oct/2017:10:59:35 -0300] "GET /cormun/static/about:blank HTTP/1.1" 404 1011
186.103.159.46 - - [11/Oct/2017:10:59:36 -0300] "GET /cormun/servlet/permisosadjuntos?INS,8998776,P,20171002095042,, HTTP/1.1" 200 5473
186.103.159.46 - - [11/Oct/2017:11:00:23 -0300] "POST /cormun/servlet/permisosadjuntos?71fb79fcc0623770d174f42fb2ae8d8a,INS,8998776,P,20171002095042,, HTTP/1.1" 200 6464
186.79.171.102 - - [11/Oct/2017:11:00:25 -0300] "GET /cormun/servlet/permisogoce?104ec405cb673a1331a1fa28870102743c4632bcd35197c5dd55742c3840879f7b215a7a9ff4ddd1ec96f82df63cead9fc0066fdb7e8721dd8aeb1b3b73db606,gx-no-cache=1507730457371 HTTP/1.1" 200 47
186.79.171.102 - - [11/Oct/2017:11:00:41 -0300] "POST /cormun/servlet/permisogoce?811f0d6309d91b735feec57ffd6584a6,INS,0,,,,gx-no-cache=1507730472027 HTTP/1.1" 200 93
186.79.171.102 - - [11/Oct/2017:11:00:41 -0300] "GET /cormun/servlet/hpexe_return? HTTP/1.1" 200 1037
186.79.171.102 - - [11/Oct/2017:11:00:41 -0300] "GET /cormun/servlet/trpermisosgoce?gx-no-cache=1507730241419 HTTP/1.1" 200 10754
186.79.171.102 - - [11/Oct/2017:11:00:42 -0300] "GET /cormun/servlet/trpermisosgoce?gx-no-cache=1507730241419 HTTP/1.1" 200 10769
186.103.159.46 - - [11/Oct/2017:11:00:43 -0300] "POST /cormun/servlet/permisosadjuntos?71fb79fcc0623770d174f42fb2ae8d8a,INS,8998776,P,20171002095042,, HTTP/1.1" 200 116
