186.103.196.90 - - [11/Oct/2017:12:43:29 -0300] "POST /cormun/servlet/solicitudotadjuntos?970f8ac470a8d39250b6ffe59a29bf1d,INS,2017,7504,,1, HTTP/1.1" 200 116
186.103.196.90 - - [11/Oct/2017:12:43:29 -0300] "GET /cormun/servlet/hpexe_return? HTTP/1.1" 200 1027
186.103.196.90 - - [11/Oct/2017:12:43:29 -0300] "GET /cormun/servlet/trsolicitudadjuntos?2017,7504, HTTP/1.1" 200 8433
186.103.196.90 - - [11/Oct/2017:12:43:30 -0300] "GET /cormun/servlet/trsolicitudadjuntos?2017,7504, HTTP/1.1" 200 8431
186.103.196.90 - - [11/Oct/2017:12:43:34 -0300] "GET /cormun/servlet/solicitudotadjuntos?INS,2017,7504,,1, HTTP/1.1" 200 6106
186.103.196.90 - - [11/Oct/2017:12:43:34 -0300] "GET /cormun/static/about:blank HTTP/1.1" 404 1011
186.67.84.234 - - [11/Oct/2017:12:43:34 -0300] "GET /cormun/servlet/solicitudotadjuntos?INS,2017,7504,,1, HTTP/1.1" 200 6099
186.103.196.90 - - [11/Oct/2017:12:43:35 -0300] "GET /cormun/servlet/solicitudotadjuntos?3421f9d14c262bd267424d017e810e2c57ba739470c8f91fa4c703a70715b649b05f84334ec40abc7704594664871ea5,gx-no-cache=1507736638444 HTTP/1.1" 200 30
186.103.196.90 - - [11/Oct/2017:12:43:35 -0300] "POST /cormun/servlet/solicitudotadjuntos?970f8ac470a8d39250b6ffe59a29bf1d,INS,2017,7504,,1,,gx-no-cache=1507736638630 HTTP/1.1" 200 3880
186.103.196.90 - - [11/Oct/2017:12:43:40 -0300] "POST /cormun/servlet/solicitudotadjuntos?gx-no-cache=1507736644002 HTTP/1.1" 200 26
190.151.99.26 - - [11/Oct/2017:12:44:19 -0300] "GET /cormun/servlet/solicitudotadjuntos?3421f9d14c262bd267424d017e810e2c76745b42714f44eaefc688931449dc66,gx-no-cache=1507736682531 HTTP/1.1" 200 30
190.151.99.26 - - [11/Oct/2017:12:44:20 -0300] "GET /cormun/servlet/solicitudotadjuntos?3421f9d14c262bd267424d017e810e2c76745b42714f44eaefc688931449dc66,gx-no-cache=1507736682899 HTTP/1.1" 200 30
190.151.99.26 - - [11/Oct/2017:12:44:32 -0300] "POST /cormun/servlet/solicitudotadjuntos?970f8ac470a8d39250b6ffe59a29bf1d,INS,2017,7504,,1, HTTP/1.1" 200 116
190.151.99.26 - - [11/Oct/2017:12:44:32 -0300] "GET /cormun/servlet/hpexe_return? HTTP/1.1" 200 1027
190.151.99.26 - - [11/Oct/2017:12:44:32 -0300] "GET /cormun/servlet/trsolicitudadjuntos?2017,7504, HTTP/1.1" 200 8628
190.151.99.26 - - [11/Oct/2017:12:44:33 -0300] "GET /cormun/servlet/trsolicitudadjuntos?2017,7504, HTTP/1.1" 200 8626
186.67.84.234 - - [11/Oct/2017:12:44:36 -0300] "GET /cormun/servlet/solicitudotadjuntos?INS,2017,7504,,1, HTTP/1.1" 200 6106
186.67.84.234 - - [11/Oct/2017:12:44:36 -0300] "GET /cormun/static/about:blank HTTP/1.1" 404 1011
186.67.84.234 - - [11/Oct/2017:12:44:37 -0300] "GET /cormun/servlet/solicitudotadjuntos?INS,2017,7504,,1, HTTP/1.1" 200 6099
186.103.196.90 - - [11/Oct/2017:12:44:37 -0300] "GET /cormun/servlet/solicitudotadjuntos?3421f9d14c262bd267424d017e810e2c57ba739470c8f91fa4c703a70715b649b05f84334ec40abc7704594664871ea5,gx-no-cache=1507736700718 HTTP/1.1" 200 30
186.103.196.90 - - [11/Oct/2017:12:44:37 -0300] "POST /cormun/servlet/solicitudotadjuntos?970f8ac470a8d39250b6ffe59a29bf1d,INS,2017,7504,,1,,gx-no-cache=1507736700896 HTTP/1.1" 200 3880
186.103.196.90 - - [11/Oct/2017:12:44:43 -0300] "POST /cormun/servlet/solicitudotadjuntos?gx-no-cache=1507736706132 HTTP/1.1" 200 26
186.103.196.90 - - [11/Oct/2017:12:44:57 -0300] "GET /cormun/servlet/solicitudotadjuntos?3421f9d14c262bd267424d017e810e2c76745b42714f44eaefc688931449dc66,gx-no-cache=1507736720870 HTTP/1.1" 200 30
186.103.196.90 - - [11/Oct/2017:12:44:57 -0300] "GET /cormun/servlet/solicitudotadjuntos?3421f9d14c262bd267424d017e810e2c76745b42714f44eaefc688931449dc66,gx-no-cache=1507736721057 HTTP/1.1" 200 30
186.103.196.90 - - [11/Oct/2017:12:45:09 -0300] "POST /cormun/servlet/solicitudotadjuntos?970f8ac470a8d39250b6ffe59a29bf1d,INS,2017,7504,,1, HTTP/1.1" 200 116
186.103.196.90 - - [11/Oct/2017:12:45:09 -0300] "GET /cormun/servlet/hpexe_return? HTTP/1.1" 200 1027
186.103.196.90 - - [11/Oct/2017:12:45:09 -0300] "GET /cormun/servlet/trsolicitudadjuntos?2017,7504, HTTP/1.1" 200 8802
186.103.196.90 - - [11/Oct/2017:12:45:10 -0300] "GET /cormun/servlet/trsolicitudadjuntos?2017,7504, HTTP/1.1" 200 8798
190.151.99.26 - - [11/Oct/2017:12:45:13 -0300] "GET /cormun/servlet/solicitudotadjuntos?INS,2017,7504,,1, HTTP/1.1" 200 6105
190.151.99.26 - - [11/Oct/2017:12:45:13 -0300] "GET /cormun/static/about:blank HTTP/1.1" 404 1011
190.151.99.26 - - [11/Oct/2017:12:45:14 -0300] "GET /cormun/servlet/solicitudotadjuntos?INS,2017,7504,,1, HTTP/1.1" 200 6099
190.151.124.170 - - [11/Oct/2017:12:45:14 -0300] "GET /cormun/servlet/solicitudotadjuntos?3421f9d14c262bd267424d017e810e2c57ba739470c8f91fa4c703a70715b649b05f84334ec40abc7704594664871ea5,gx-no-cache=1507736737817 HTTP/1.1" 200 30
190.151.124.170 - - [11/Oct/2017:12:45:15 -0300] "POST /cormun/servlet/solicitudotadjuntos?970f8ac470a8d39250b6ffe59a29bf1d,INS,2017,7504,,1,,gx-no-cache=1507736737967 HTTP/1.1" 200 3879
190.151.124.170 - - [11/Oct/2017:12:45:19 -0300] "POST /cormun/servlet/solicitudotadjuntos?gx-no-cache=1507736742070 HTTP/1.1" 200 26
186.103.157.42 - - [11/Oct/2017:12:45:39 -0300] "GET /cormun/servlet/hlogin HTTP/1.1" 200 1729
186.103.196.84 - - [11/Oct/2017:12:45:44 -0300] "GET /cormun/servlet/solicitudotadjuntos?3421f9d14c262bd267424d017e810e2c76745b42714f44eaefc688931449dc66,gx-no-cache=1507736766922 HTTP/1.1" 200 30
186.103.196.84 - - [11/Oct/2017:12:45:44 -0300] "GET /cormun/servlet/solicitudotadjuntos?3421f9d14c262bd267424d017e810e2c76745b42714f44eaefc688931449dc66,gx-no-cache=1507736767388 HTTP/1.1" 200 30
186.103.196.84 - - [11/Oct/2017:12:45:45 -0300] "POST /cormun/servlet/solicitudotadjuntos?970f8ac470a8d39250b6ffe59a29bf1d,INS,2017,7504,,1, HTTP/1.1" 200 116
186.103.196.84 - - [11/Oct/2017:12:45:45 -0300] "GET /cormun/servlet/hpexe_return? HTTP/1.1" 200 1027
186.103.196.84 - - [11/Oct/2017:12:45:45 -0300] "GET /cormun/servlet/trsolicitudadjuntos?2017,7504, HTTP/1.1" 200 8967
186.103.196.84 - - [11/Oct/2017:12:45:46 -0300] "GET /cormun/servlet/trsolicitudadjuntos?2017,7504, HTTP/1.1" 200 8965
190.151.124.170 - - [11/Oct/2017:12:45:49 -0300] "GET /cormun/servlet/solicitudotadjuntos?INS,2017,7504,,1, HTTP/1.1" 200 6106
190.151.124.170 - - [11/Oct/2017:12:45:49 -0300] "GET /cormun/static/about:blank HTTP/1.1" 404 1011
190.151.124.170 - - [11/Oct/2017:12:45:49 -0300] "GET /cormun/servlet/solicitudotadjuntos?INS,2017,7504,,1, HTTP/1.1" 200 6099
190.151.124.170 - - [11/Oct/2017:12:45:50 -0300] "GET /cormun/servlet/solicitudotadjuntos?3421f9d14c262bd267424d017e810e2c57ba739470c8f91fa4c703a70715b649b05f84334ec40abc7704594664871ea5,gx-no-cache=1507736773622 HTTP/1.1" 200 30
190.151.124.170 - - [11/Oct/2017:12:45:50 -0300] "POST /cormun/servlet/solicitudotadjuntos?970f8ac470a8d39250b6ffe59a29bf1d,INS,2017,7504,,1,,gx-no-cache=1507736773715 HTTP/1.1" 200 3880
190.151.124.170 - - [11/Oct/2017:12:45:54 -0300] "POST /cormun/servlet/solicitudotadjuntos?gx-no-cache=1507736777922 HTTP/1.1" 200 26
186.67.172.234 - - [11/Oct/2017:12:46:09 -0300] "GET /cormun/servlet/hlogin HTTP/1.1" 200 1721
186.67.172.234 - - [11/Oct/2017:12:46:09 -0300] "GET /cormun/servlet/hlogin HTTP/1.1" 200 1731
190.151.124.170 - - [11/Oct/2017:12:46:11 -0300] "GET /cormun/servlet/solicitudotadjuntos?3421f9d14c262bd267424d017e810e2c76745b42714f44eaefc688931449dc66,gx-no-cache=1507736795093 HTTP/1.1" 200 30
190.151.124.170 - - [11/Oct/2017:12:46:11 -0300] "GET /cormun/servlet/solicitudotadjuntos?3421f9d14c262bd267424d017e810e2c76745b42714f44eaefc688931449dc66,gx-no-cache=1507736795141 HTTP/1.1" 200 30
190.151.124.170 - - [11/Oct/2017:12:46:14 -0300] "POST /cormun/servlet/solicitudotadjuntos?970f8ac470a8d39250b6ffe59a29bf1d,INS,2017,7504,,1, HTTP/1.1" 200 116
190.151.124.170 - - [11/Oct/2017:12:46:14 -0300] "GET /cormun/servlet/hpexe_return? HTTP/1.1" 200 1027
190.151.124.170 - - [11/Oct/2017:12:46:15 -0300] "GET /cormun/servlet/trsolicitudadjuntos?2017,7504, HTTP/1.1" 200 9183
190.151.124.170 - - [11/Oct/2017:12:46:16 -0300] "GET /cormun/servlet/trsolicitudadjuntos?2017,7504, HTTP/1.1" 200 9182
186.67.172.234 - - [11/Oct/2017:12:46:27 -0300] "POST /cormun/servlet/hlogin?d3378e5aab24335d6b05953bb6007864,gx-no-cache=1507736816496 HTTP/1.1" 200 90
186.67.172.234 - - [11/Oct/2017:12:46:27 -0300] "GET /cormun/servlet/hpexe_link HTTP/1.1" 200 952
186.67.172.234 - - [11/Oct/2017:12:46:28 -0300] "GET /cormun/servlet/hhome HTTP/1.1" 200 3844
186.67.172.234 - - [11/Oct/2017:12:46:29 -0300] "GET /cormun/servlet/hhome HTTP/1.1" 200 3841
186.67.84.234 - - [11/Oct/2017:12:46:30 -0300] "GET /cormun/servlet/solicitudotadjuntos?INS,2017,7504,,1, HTTP/1.1" 200 6106
186.67.84.234 - - [11/Oct/2017:12:46:30 -0300] "GET /cormun/static/about:blank HTTP/1.1" 404 1011
186.67.84.234 - - [11/Oct/2017:12:46:31 -0300] "GET /cormun/servlet/solicitudotadjuntos?INS,2017,7504,,1, HTTP/1.1" 200 6099
190.151.124.170 - - [11/Oct/2017:12:46:31 -0300] "GET /cormun/servlet/solicitudotadjuntos?3421f9d14c262bd267424d017e810e2c57ba739470c8f91fa4c703a70715b649b05f84334ec40abc7704594664871ea5,gx-no-cache=1507736814802 HTTP/1.1" 200 30
190.151.124.170 - - [11/Oct/2017:12:46:31 -0300] "POST /cormun/servlet/solicitudotadjuntos?970f8ac470a8d39250b6ffe59a29bf1d,INS,2017,7504,,1,,gx-no-cache=1507736814895 HTTP/1.1" 200 3880
190.151.124.170 - - [11/Oct/2017:12:46:36 -0300] "POST /cormun/servlet/solicitudotadjuntos?gx-no-cache=1507736818674 HTTP/1.1" 200 26
186.67.172.234 - - [11/Oct/2017:12:46:39 -0300] "GET /cormun/servlet/trlicencias? HTTP/1.1" 200 11828
186.67.172.234 - - [11/Oct/2017:12:46:40 -0300] "GET /cormun/servlet/trlicencias? HTTP/1.1" 200 11826
190.151.124.170 - - [11/Oct/2017:12:46:54 -0300] "GET /cormun/servlet/solicitudotadjuntos?3421f9d14c262bd267424d017e810e2c76745b42714f44eaefc688931449dc66,gx-no-cache=1507736835465 HTTP/1.1" 200 30
190.151.124.170 - - [11/Oct/2017:12:46:54 -0300] "GET /cormun/servlet/solicitudotadjuntos?3421f9d14c262bd267424d017e810e2c76745b42714f44eaefc688931449dc66,gx-no-cache=1507736837924 HTTP/1.1" 200 30
190.151.124.170 - - [11/Oct/2017:12:46:58 -0300] "POST /cormun/servlet/solicitudotadjuntos?970f8ac470a8d39250b6ffe59a29bf1d,INS,2017,7504,,1, HTTP/1.1" 200 116
190.151.124.170 - - [11/Oct/2017:12:46:58 -0300] "GET /cormun/servlet/hpexe_return? HTTP/1.1" 200 1027
190.151.124.170 - - [11/Oct/2017:12:46:58 -0300] "GET /cormun/servlet/trsolicitudadjuntos?2017,7504, HTTP/1.1" 200 9400
190.151.124.170 - - [11/Oct/2017:12:46:59 -0300] "GET /cormun/servlet/trsolicitudadjuntos?2017,7504, HTTP/1.1" 200 9397
186.103.196.90 - - [11/Oct/2017:12:47:16 -0300] "GET /cormun/servlet/trsolicitudot? HTTP/1.1" 200 8630
186.103.196.90 - - [11/Oct/2017:12:47:16 -0300] "GET /cormun/servlet/trsolicitudot? HTTP/1.1" 200 8624
190.151.124.170 - - [11/Oct/2017:12:47:33 -0300] "POST /cormun/servlet/trsolicitudot?970f8ac470a8d39250b6ffe59a29bf1d,,gx-no-cache=1507736875411 HTTP/1.1" 200 5761
190.151.124.170 - - [11/Oct/2017:12:47:33 -0300] "GET /cormun/static/Shared/jqueryui/images/ui-bg_highlight-soft_100_c6c2c8_1x100.png HTTP/1.1" 404 1117
190.151.124.170 - - [11/Oct/2017:12:47:33 -0300] "GET /cormun/static/Shared/jqueryui/images/ui-bg_flat_55_fafafa_40x100.png HTTP/1.1" 404 1097
186.103.196.84 - - [11/Oct/2017:12:47:33 -0300] "GET /cormun/static/Shared/jqueryui/images/ui-icons_8d78a5_256x240.png HTTP/1.1" 404 1089
190.151.124.170 - - [11/Oct/2017:12:47:33 -0300] "GET /cormun/static/Shared/jqueryui/images/ui-icons_82798d_256x240.png HTTP/1.1" 404 1089
190.151.124.170 - - [11/Oct/2017:12:47:33 -0300] "POST /cormun/servlet/trsolicitudot?970f8ac470a8d39250b6ffe59a29bf1d,,gx-no-cache=1507736876546 HTTP/1.1" 200 5704
190.151.124.170 - - [11/Oct/2017:12:47:41 -0300] "GET /cormun/servlet/trautorizarsolicitud? HTTP/1.1" 200 8247
190.151.124.170 - - [11/Oct/2017:12:47:41 -0300] "GET /cormun/static/gxcfg.js?20174261241362 HTTP/1.1" 200 953
190.151.124.170 - - [11/Oct/2017:12:47:41 -0300] "GET /cormun/static/trautorizarsolicitud.js?201742612414370 HTTP/1.1" 304 -
190.151.124.170 - - [11/Oct/2017:12:47:41 -0300] "GET /cormun/static/Resources/Spanish/PXTools.css?11294912 HTTP/1.1" 200 89042
190.151.124.170 - - [11/Oct/2017:12:47:41 -0300] "GET /cormun/servlet/trautorizarsolicitud? HTTP/1.1" 200 8246
190.151.124.170 - - [11/Oct/2017:12:47:52 -0300] "POST /cormun/servlet/trautorizarsolicitud?970f8ac470a8d39250b6ffe59a29bf1d,,gx-no-cache=1507736892779 HTTP/1.1" 200 106
190.151.124.170 - - [11/Oct/2017:12:47:52 -0300] "GET /cormun/servlet/trsolicitudadjuntos?2017,7504, HTTP/1.1" 200 9284
190.151.124.170 - - [11/Oct/2017:12:47:53 -0300] "GET /cormun/servlet/trsolicitudadjuntos?2017,7504, HTTP/1.1" 200 9291
186.103.196.84 - - [11/Oct/2017:12:47:56 -0300] "GET /cormun/servlet/trautorizarsolicitud? HTTP/1.1" 200 8247
186.103.196.84 - - [11/Oct/2017:12:47:57 -0300] "GET /cormun/servlet/trautorizarsolicitud? HTTP/1.1" 200 8246
190.151.124.170 - - [11/Oct/2017:12:48:04 -0300] "POST /cormun/servlet/trautorizarsolicitud?970f8ac470a8d39250b6ffe59a29bf1d,,gx-no-cache=1507736907440 HTTP/1.1" 200 4378
186.103.196.90 - - [11/Oct/2017:12:48:04 -0300] "GET /cormun/static/Shared/jqueryui/images/ui-icons_82798d_256x240.png HTTP/1.1" 404 1089
190.151.124.170 - - [11/Oct/2017:12:48:04 -0300] "GET /cormun/static/Shared/jqueryui/images/ui-bg_highlight-soft_100_c6c2c8_1x100.png HTTP/1.1" 404 1117
186.103.196.84 - - [11/Oct/2017:12:48:04 -0300] "GET /cormun/static/Shared/jqueryui/images/ui-bg_flat_55_fafafa_40x100.png HTTP/1.1" 404 1097
190.151.124.170 - - [11/Oct/2017:12:48:04 -0300] "GET /cormun/static/Shared/jqueryui/images/ui-icons_8d78a5_256x240.png HTTP/1.1" 404 1089
190.151.99.26 - - [11/Oct/2017:12:48:04 -0300] "POST /cormun/servlet/trautorizarsolicitud?970f8ac470a8d39250b6ffe59a29bf1d,,gx-no-cache=1507736907803 HTTP/1.1" 200 4161
190.151.99.26 - - [11/Oct/2017:12:48:10 -0300] "GET /cormun/servlet/trvisualizadoreventos? HTTP/1.1" 200 6812
190.151.99.26 - - [11/Oct/2017:12:48:10 -0300] "GET /cormun/static/gxcfg.js?20175251251426 HTTP/1.1" 200 953
190.151.99.26 - - [11/Oct/2017:12:48:11 -0300] "GET /cormun/static/trvisualizadoreventos.js?20175251251768 HTTP/1.1" 200 19318
186.103.196.84 - - [11/Oct/2017:12:48:11 -0300] "GET /cormun/servlet/trvisualizadoreventos? HTTP/1.1" 200 6812
190.151.99.26 - - [11/Oct/2017:12:48:11 -0300] "GET /cormun/static/Resources/PXToolsActionPrint.png HTTP/1.1" 200 3317
190.151.99.26 - - [11/Oct/2017:12:48:16 -0300] "GET /cormun/servlet/trautorizarsolicitud? HTTP/1.1" 200 6986
190.151.99.26 - - [11/Oct/2017:12:48:16 -0300] "GET /cormun/servlet/trautorizarsolicitud? HTTP/1.1" 200 6986
200.112.4.131 - - [11/Oct/2017:12:49:24 -0300] "GET /cormun/servlet/trsolicitudot? HTTP/1.1" 200 6364
200.112.4.131 - - [11/Oct/2017:12:49:25 -0300] "GET /cormun/static/gxcfg.js?20177612135780 HTTP/1.1" 304 -
200.112.4.131 - - [11/Oct/2017:12:49:25 -0300] "GET /cormun/static/trsolicitudot.js?2017761214480 HTTP/1.1" 304 -
200.112.4.131 - - [11/Oct/2017:12:49:26 -0300] "GET /cormun/servlet/hlogin HTTP/1.1" 200 1737
186.103.157.246 - - [11/Oct/2017:12:50:49 -0300] "GET /cormun/servlet/hlogin HTTP/1.1" 200 1727
186.103.157.246 - - [11/Oct/2017:12:51:03 -0300] "POST /cormun/servlet/hlogin?1b7855faa1f7bfeefcaf447a18871747,gx-no-cache=1507737093707 HTTP/1.1" 200 90
186.103.157.246 - - [11/Oct/2017:12:51:03 -0300] "GET /cormun/servlet/hpexe_link HTTP/1.1" 200 954
186.103.157.246 - - [11/Oct/2017:12:51:03 -0300] "GET /cormun/servlet/hhome HTTP/1.1" 200 4020
186.103.157.246 - - [11/Oct/2017:12:51:04 -0300] "GET /cormun/servlet/hhome HTTP/1.1" 200 4017
186.103.157.246 - - [11/Oct/2017:12:51:11 -0300] "GET /cormun/servlet/trlicencias? HTTP/1.1" 200 12473
186.103.157.246 - - [11/Oct/2017:12:51:12 -0300] "GET /cormun/servlet/trlicencias? HTTP/1.1" 200 12470
186.103.157.246 - - [11/Oct/2017:12:51:21 -0300] "GET /cormun/servlet/trlicenciaspermisosadjuntos?12102306,20171011000000,L, HTTP/1.1" 200 6367
186.103.157.246 - - [11/Oct/2017:12:51:21 -0300] "GET /cormun/static/gxcfg.js?20177612163414 HTTP/1.1" 304 -
186.103.157.246 - - [11/Oct/2017:12:51:21 -0300] "GET /cormun/static/trlicenciaspermisosadjuntos.js?20177612163719 HTTP/1.1" 304 -
186.103.157.246 - - [11/Oct/2017:12:51:22 -0300] "GET /cormun/servlet/trlicenciaspermisosadjuntos?12102306,20171011000000,L, HTTP/1.1" 200 6366
186.103.157.246 - - [11/Oct/2017:12:51:26 -0300] "GET /cormun/servlet/licenciaspermisosadjuntos?INS,12102306,L,20171011000000,, HTTP/1.1" 200 5668
186.103.157.246 - - [11/Oct/2017:12:51:26 -0300] "GET /cormun/static/gxcfg.js?2017761263592 HTTP/1.1" 304 -
186.103.157.246 - - [11/Oct/2017:12:51:26 -0300] "GET /cormun/static/licenciaspermisosadjuntos.js?201776126362 HTTP/1.1" 304 -
186.103.157.246 - - [11/Oct/2017:12:51:26 -0300] "GET /cormun/static/about:blank HTTP/1.1" 404 1011
186.103.157.246 - - [11/Oct/2017:12:51:27 -0300] "GET /cormun/servlet/licenciaspermisosadjuntos?INS,12102306,L,20171011000000,, HTTP/1.1" 200 5657
190.45.55.254 - - [11/Oct/2017:12:51:55 -0300] "GET /cormun/servlet/hlogin HTTP/1.1" 200 1719
200.112.4.131 - - [11/Oct/2017:12:52:00 -0300] "POST /cormun/servlet/hlogin?3dfa5afbf8f07b4fb363e4d02a824c38,gx-no-cache=1507737147100 HTTP/1.1" 200 90
200.112.4.131 - - [11/Oct/2017:12:52:00 -0300] "GET /cormun/servlet/hpexe_link HTTP/1.1" 200 954
200.112.4.131 - - [11/Oct/2017:12:52:01 -0300] "GET /cormun/servlet/trsolicitudot HTTP/1.1" 200 12556
200.112.4.131 - - [11/Oct/2017:12:52:08 -0300] "GET /cormun/servlet/trsolicitudot? HTTP/1.1" 200 12554
200.112.4.131 - - [11/Oct/2017:12:52:14 -0300] "GET /cormun/servlet/solicitudot?INS,0,0, HTTP/1.1" 200 12982
200.112.4.131 - - [11/Oct/2017:12:52:14 -0300] "GET /cormun/static/gxcfg.js?201783011173874 HTTP/1.1" 304 -
200.112.4.131 - - [11/Oct/2017:12:52:14 -0300] "GET /cormun/static/solicitudot.js?201783011174088 HTTP/1.1" 304 -
190.45.55.254 - - [11/Oct/2017:12:52:15 -0300] "POST /cormun/servlet/hlogin?8ae894275a4f61d88db3fd276316acba,gx-no-cache=1507737165101 HTTP/1.1" 200 90
190.45.55.254 - - [11/Oct/2017:12:52:15 -0300] "GET /cormun/servlet/hpexe_link HTTP/1.1" 200 947
190.45.55.254 - - [11/Oct/2017:12:52:15 -0300] "GET /cormun/servlet/hhome HTTP/1.1" 200 4189
190.45.55.254 - - [11/Oct/2017:12:52:16 -0300] "GET /cormun/servlet/hhome HTTP/1.1" 200 4186
190.45.55.254 - - [11/Oct/2017:12:52:21 -0300] "GET /cormun/servlet/trsolicitudot? HTTP/1.1" 200 9196
190.45.55.254 - - [11/Oct/2017:12:52:21 -0300] "GET /cormun/servlet/trsolicitudot? HTTP/1.1" 200 9194
200.112.4.131 - - [11/Oct/2017:12:52:30 -0300] "POST /cormun/servlet/solicitudot?gx-no-cache=1507737178886 HTTP/1.1" 200 3234
200.112.4.131 - - [11/Oct/2017:12:52:31 -0300] "POST /cormun/servlet/solicitudot?3dfa5afbf8f07b4fb363e4d02a824c38,INS,0,0,,gx-no-cache=1507737179728 HTTP/1.1" 200 10078
186.103.157.246 - - [11/Oct/2017:12:52:34 -0300] "POST /cormun/servlet/licenciaspermisosadjuntos?1b7855faa1f7bfeefcaf447a18871747,INS,12102306,L,20171011000000,, HTTP/1.1" 200 116
186.103.157.246 - - [11/Oct/2017:12:52:34 -0300] "GET /cormun/servlet/hpexe_return? HTTP/1.1" 200 1045
186.103.157.246 - - [11/Oct/2017:12:52:35 -0300] "GET /cormun/servlet/trlicenciaspermisosadjuntos?12102306,20171011000000,L, HTTP/1.1" 200 6852
186.103.157.246 - - [11/Oct/2017:12:52:36 -0300] "GET /cormun/servlet/trlicenciaspermisosadjuntos?12102306,20171011000000,L, HTTP/1.1" 200 6848
200.112.4.131 - - [11/Oct/2017:12:52:37 -0300] "GET /cormun/servlet/solicitudot?fb1f80e3470adf621bc45c1e4c4fae16afb06352b2d21febb367c540b5c33eea5665773e3b1b1969703f5c5b8a818428,gx-no-cache=1507737186232 HTTP/1.1" 200 30
200.112.4.131 - - [11/Oct/2017:12:52:37 -0300] "POST /cormun/servlet/solicitudot?gx-no-cache=1507737186349 HTTP/1.1" 200 240
200.112.4.131 - - [11/Oct/2017:12:52:37 -0300] "GET /cormun/servlet/solicitudot?fb1f80e3470adf621bc45c1e4c4fae16577c0644cc48539c45904273b1b8029480fda6f1efa17ff78c38b097c1f9985dca9d7c4a91e58c984f2c59f0f3547ef5df39e37c9498ef265a2c25e4ddac841592f5ae79edcee58cda3ab16b5fd191b48d424ea0bf94b27858d31ba7db4e8a55e0a234860e83db1a1721b2cdbbfd469e33e7d353c67b980de83c945e233c0f210ad536903365bba9d799e419b466e2d9bedadba1ab5dc2e0a3d066fad9b5ed9354f209a2dedac9156cbf7283562363f8b171b78e69b2d8cad902dc0c62ade1389d02112d21acb4199e4e2554a5046a9494af9f192bb41e83106f86ab3c7ed4185b2618f549c8dfa3124ee3a9d1ea62f06e3dd379e9fa778f719ecbd4899e1268dfbc2618c1507b44e2800ac95ea07ce7215adef7a2c60fad3f767e1c98c925d4a21fdb77e3eaccb4277b2738db8016e6044d2955f8b820434e83794a56c2f49e8e397e668b1270cea87b405518a9590c666f5dbbb4123cc529031b43f55cc8ca2dcf6792c411f4ad7a72bb90d5ab7209,gx-no-cache=1507737186781 HTTP/1.1" 200 30
200.112.4.131 - - [11/Oct/2017:12:52:40 -0300] "POST /cormun/servlet/solicitudot?gx-no-cache=1507737189285 HTTP/1.1" 200 30
186.103.157.246 - - [11/Oct/2017:12:52:43 -0300] "POST /cormun/servlet/trlicenciaspermisosadjuntos?1b7855faa1f7bfeefcaf447a18871747,12102306,20171011000000,L,,gx-no-cache=1507737192807 HTTP/1.1" 200 90
186.103.157.246 - - [11/Oct/2017:12:52:43 -0300] "GET /cormun/servlet/hpexe_link HTTP/1.1" 200 987
186.103.157.246 - - [11/Oct/2017:12:52:44 -0300] "GET /cormun/servlet/trlicencias HTTP/1.1" 200 12472
190.45.55.254 - - [11/Oct/2017:12:52:44 -0300] "POST /cormun/servlet/trsolicitudot?8ae894275a4f61d88db3fd276316acba,,gx-no-cache=1507737193855 HTTP/1.1" 200 105
190.45.55.254 - - [11/Oct/2017:12:52:45 -0300] "GET /cormun/servlet/solicitudot?UPD,2017,7502, HTTP/1.1" 200 14862
186.103.157.246 - - [11/Oct/2017:12:52:45 -0300] "GET /cormun/servlet/trlicencias HTTP/1.1" 200 12470
190.45.55.254 - - [11/Oct/2017:12:52:45 -0300] "GET /cormun/servlet/solicitudot?UPD,2017,7502, HTTP/1.1" 200 14871
190.45.55.254 - - [11/Oct/2017:12:52:46 -0300] "POST /cormun/servlet/solicitudot?gx-no-cache=1507737195664 HTTP/1.1" 200 3235
190.45.55.254 - - [11/Oct/2017:12:52:47 -0300] "POST /cormun/servlet/solicitudot?8ae894275a4f61d88db3fd276316acba,UPD,2017,7502,,gx-no-cache=1507737196558 HTTP/1.1" 200 11267
190.45.55.254 - - [11/Oct/2017:12:52:47 -0300] "GET /cormun/servlet/solicitudot?9a17a1f1be496dcf7635938b8db6b522201c374c6aae7d2ff16da8b17375714cf03ef3aeadda7717c84ae59525f09fca,gx-no-cache=1507737197033 HTTP/1.1" 200 30
190.45.55.254 - - [11/Oct/2017:12:52:47 -0300] "POST /cormun/servlet/solicitudot?gx-no-cache=1507737197117 HTTP/1.1" 200 297
190.45.55.254 - - [11/Oct/2017:12:52:47 -0300] "GET /cormun/servlet/solicitudot?9a17a1f1be496dcf7635938b8db6b5224a6d7fe5362b7ed328ff28dccb1e48c8ad69903766d257a93cc310ddde80939446d59cb6154fb33469535818e3d5e390a6860cab8c287eb5b7c8919b9ad8d31daf894a3ae967561f92141f9f18217a5a2277a3621571c0d956ac846d7edd5ca62f321b28fd0fec26b07d6d6085bfee48fcd0adb66e6d18fec27e58ec4d9020868bf6ac36da6b89432c522d2787abe4aab6b29fafe9c37b9be5bde01c54a687b3e81799e8c71dd6d9fc449961b760a7fdeba1e27a36f1073c2222cdff6d326c471d73ab5d01dafcf58d4c39f931a1fe2a5a73625581de2a1c230b986aaac7f3c6d1fcc944828e861eee22587b94305eba770994d5eb8ba485f6e17861339313d82ac834301142fbfba036612aaa6a3a414b9ffff8624bbb1cd2054b07dc66c66c0fa627d345643388ba359816207969cf65ee751bf69e8cfb9da62653126d469fc1f2a2654321a5dec2df38d51b73d9a87168799308cb32f3f2e76ada9c9962801ab0dc04308f7fd8464f4225c34f27f7781eca38841cb61e6fac9b1e2be5ff4d,gx-no-cache=1507737197199 HTTP/1.1" 200 30
190.45.55.254 - - [11/Oct/2017:12:52:47 -0300] "POST /cormun/servlet/solicitudot?gx-no-cache=1507737197282 HTTP/1.1" 200 30
190.45.55.254 - - [11/Oct/2017:12:52:47 -0300] "POST /cormun/servlet/solicitudot?gx-no-cache=1507737197369 HTTP/1.1" 200 1352
190.45.55.254 - - [11/Oct/2017:12:52:47 -0300] "POST /cormun/servlet/solicitudot?gx-no-cache=1507737197519 HTTP/1.1" 200 41
200.112.4.131 - - [11/Oct/2017:12:52:48 -0300] "GET /cormun/servlet/prcontratosol?18780014,,,,,MD,,gxPopupLevel%3D0%3B HTTP/1.1" 200 7526
200.112.4.131 - - [11/Oct/2017:12:52:49 -0300] "GET /cormun/static/gxcfg.js?201761413223964 HTTP/1.1" 304 -
200.112.4.131 - - [11/Oct/2017:12:52:49 -0300] "GET /cormun/static/prcontratosol.js?201761413224174 HTTP/1.1" 304 -
200.112.4.131 - - [11/Oct/2017:12:52:49 -0300] "GET /cormun/static/menusearch.js?201610171694467 HTTP/1.1" 304 -
200.112.4.131 - - [11/Oct/2017:12:52:49 -0300] "GET /cormun/static/hmpwkw011.js?20177612121862 HTTP/1.1" 304 -
200.112.4.131 - - [11/Oct/2017:12:52:53 -0300] "POST /cormun/servlet/solicitudot?gx-no-cache=1507737201987 HTTP/1.1" 200 1437
200.112.4.131 - - [11/Oct/2017:12:52:53 -0300] "POST /cormun/servlet/solicitudot?gx-no-cache=1507737202163 HTTP/1.1" 200 117
200.112.4.131 - - [11/Oct/2017:12:52:53 -0300] "GET /cormun/servlet/solicitudot?fb1f80e3470adf621bc45c1e4c4fae1635499aee422cea3c282b4cdf3f8304401af5ae22ca884084aad669611b286d419be2878ee698a04aa707cee4801bc95d2751b303f409a87f7e209f1102902e85a2845a18ba11423ea5372893589fa8d7a5c6435705ece2a168c89feb9ae85b8c5266cac072e0d6e76ce37e3e84ef60530fca0bffbc3dfb64f233f460bff19f1f2f82d2eb55588c1a5c01b37a311edbe5,gx-no-cache=1507737202294 HTTP/1.1" 200 29
200.112.4.131 - - [11/Oct/2017:12:52:53 -0300] "GET /cormun/servlet/solicitudot?fb1f80e3470adf621bc45c1e4c4fae1652a71a47ea39cf32ce43cc219289a7e837fa819c223b61284128c8cb2952cfecd6ef6eb608ff244954e6ffac97afbc3ce3bb986ac1f9b57095923ca6330204886b2b3acd6087ebd1ab26a4a77361437403c8c47959ac5a0282fb827af0eaff1919f0c21fc5c892cfe66573ccc00763f3a9f19bebcd329096f6554a255d4edac8265b176817ada64d222ca0b3dff1a267204dfedba91aabcba4d2e712ff945481a55aa32e57dfe970b2a64c2b26527db8,gx-no-cache=1507737202402 HTTP/1.1" 200 62
200.112.4.131 - - [11/Oct/2017:12:52:53 -0300] "GET /cormun/servlet/solicitudot?fb1f80e3470adf621bc45c1e4c4fae1629f06a806112ec4e8c1382de1b8bb28b2bbc25564f7591a0684728f8886c4017,gx-no-cache=1507737202521 HTTP/1.1" 200 134
200.112.4.131 - - [11/Oct/2017:12:52:53 -0300] "GET /cormun/static/Shared/jqueryui/images/ui-bg_highlight-soft_100_c6c2c8_1x100.png HTTP/1.1" 404 1117
200.112.4.131 - - [11/Oct/2017:12:52:53 -0300] "GET /cormun/static/Shared/jqueryui/images/ui-icons_82798d_256x240.png HTTP/1.1" 404 1089
200.112.4.131 - - [11/Oct/2017:12:52:53 -0300] "GET /cormun/static/Shared/jqueryui/images/ui-bg_flat_55_994d53_40x100.png HTTP/1.1" 404 1097
200.112.4.131 - - [11/Oct/2017:12:52:53 -0300] "GET /cormun/static/Shared/jqueryui/images/ui-icons_ebccce_256x240.png HTTP/1.1" 404 1089
186.103.157.246 - - [11/Oct/2017:12:52:54 -0300] "GET /cormun/servlet/trlicenciaspermisosadjuntos?12102306,20171011000000,L, HTTP/1.1" 200 6848
186.103.157.246 - - [11/Oct/2017:12:52:54 -0300] "GET /cormun/servlet/trlicenciaspermisosadjuntos?12102306,20171011000000,L, HTTP/1.1" 200 6847
200.112.4.131 - - [11/Oct/2017:12:53:05 -0300] "GET /cormun/static/menuarrow.gif HTTP/1.1" 404 1015
186.103.157.246 - - [11/Oct/2017:12:53:07 -0300] "GET /cormun/servlet/licenciaspermisosadjuntos?INS,12102306,L,20171011000000,, HTTP/1.1" 200 5668
186.103.157.246 - - [11/Oct/2017:12:53:07 -0300] "GET /cormun/static/about:blank HTTP/1.1" 404 1011
186.103.157.246 - - [11/Oct/2017:12:53:07 -0300] "GET /cormun/servlet/licenciaspermisosadjuntos?INS,12102306,L,20171011000000,, HTTP/1.1" 200 5658
190.45.55.254 - - [11/Oct/2017:12:53:51 -0300] "GET /cormun/servlet/solicitudot?9a17a1f1be496dcf7635938b8db6b522b86cc66061c9de37f60c49695326ad1e7da4ded73d0d80bd8305d3f64cafce8228c22b1c04da3ec82d6ce814a05637a6caf10dd7b1d1d87f8bd812b8388a63f474d24c096afb42cbeb7d4bb167f4d1e7dcca949cb5e92ab453f38e33b3ec560e,gx-no-cache=1507737261193 HTTP/1.1" 200 29
190.45.55.254 - - [11/Oct/2017:12:53:51 -0300] "POST /cormun/servlet/solicitudot?gx-no-cache=1507737261352 HTTP/1.1" 200 1336
190.45.55.254 - - [11/Oct/2017:12:53:51 -0300] "GET /cormun/servlet/solicitudot?9a17a1f1be496dcf7635938b8db6b52276186981e2ed90a66e821bf3eda8b906f0abc91f2370c9b72a7d8ad08fecd26b,gx-no-cache=1507737261509 HTTP/1.1" 200 30
190.45.55.254 - - [11/Oct/2017:12:53:52 -0300] "POST /cormun/servlet/solicitudot?gx-no-cache=1507737261590 HTTP/1.1" 200 30
190.45.55.254 - - [11/Oct/2017:12:53:57 -0300] "POST /cormun/servlet/solicitudot?8ae894275a4f61d88db3fd276316acba,UPD,2017,7502,,gx-no-cache=1507737261991 HTTP/1.1" 200 93
190.45.55.254 - - [11/Oct/2017:12:53:57 -0300] "GET /cormun/servlet/hpexe_return? HTTP/1.1" 200 1007
190.45.55.254 - - [11/Oct/2017:12:53:57 -0300] "GET /cormun/static/gxcfg.js?2016101716175148 HTTP/1.1" 304 -
190.45.55.254 - - [11/Oct/2017:12:53:58 -0300] "GET /cormun/servlet/trsolicitudot HTTP/1.1" 200 9206
190.45.55.254 - - [11/Oct/2017:12:53:58 -0300] "GET /cormun/servlet/trsolicitudot HTTP/1.1" 200 9202
186.103.157.246 - - [11/Oct/2017:12:54:15 -0300] "POST /cormun/servlet/licenciaspermisosadjuntos?1b7855faa1f7bfeefcaf447a18871747,INS,12102306,L,20171011000000,, HTTP/1.1" 200 116
186.103.157.246 - - [11/Oct/2017:12:54:16 -0300] "GET /cormun/servlet/hpexe_return? HTTP/1.1" 200 1045
186.103.157.246 - - [11/Oct/2017:12:54:16 -0300] "GET /cormun/servlet/trlicenciaspermisosadjuntos?12102306,20171011000000,L, HTTP/1.1" 200 6970
186.103.157.246 - - [11/Oct/2017:12:54:17 -0300] "GET /cormun/servlet/trlicenciaspermisosadjuntos?12102306,20171011000000,L, HTTP/1.1" 200 6970
190.45.55.254 - - [11/Oct/2017:12:54:23 -0300] "POST /cormun/servlet/trsolicitudot?8ae894275a4f61d88db3fd276316acba,gx-no-cache=1507737293202 HTTP/1.1" 200 106
190.45.55.254 - - [11/Oct/2017:12:54:24 -0300] "GET /cormun/servlet/trsolicitudadjuntos?2017,7502, HTTP/1.1" 200 6280
190.45.55.254 - - [11/Oct/2017:12:54:24 -0300] "GET /cormun/static/gxcfg.js?20177612135366 HTTP/1.1" 200 953
190.45.55.254 - - [11/Oct/2017:12:54:24 -0300] "GET /cormun/static/trsolicitudadjuntos.js?20177612135632 HTTP/1.1" 200 17922
190.45.55.254 - - [11/Oct/2017:12:54:24 -0300] "GET /cormun/servlet/trsolicitudadjuntos?2017,7502, HTTP/1.1" 200 6280
190.45.55.254 - - [11/Oct/2017:12:54:42 -0300] "GET /cormun/servlet/solicitudotadjuntos?INS,2017,7502,,1, HTTP/1.1" 200 6226
190.45.55.254 - - [11/Oct/2017:12:54:42 -0300] "GET /cormun/static/solicitudotadjuntos.js?2017761244086 HTTP/1.1" 200 11771
190.45.55.254 - - [11/Oct/2017:12:54:42 -0300] "GET /cormun/static/gxcfg.js?2017761244068 HTTP/1.1" 200 953
190.45.55.254 - - [11/Oct/2017:12:54:42 -0300] "GET /cormun/static/about:blank HTTP/1.1" 404 1011
190.45.55.254 - - [11/Oct/2017:12:54:43 -0300] "GET /cormun/servlet/solicitudotadjuntos?INS,2017,7502,,1, HTTP/1.1" 200 6219
190.45.55.254 - - [11/Oct/2017:12:54:43 -0300] "GET /cormun/servlet/solicitudotadjuntos?9a17a1f1be496dcf7635938b8db6b52267e4c079a768e57cf059621e1cbc0b3890c5b7969ba53f5c84372212b3659008,gx-no-cache=1507737313113 HTTP/1.1" 200 30
190.45.55.254 - - [11/Oct/2017:12:54:43 -0300] "POST /cormun/servlet/solicitudotadjuntos?8ae894275a4f61d88db3fd276316acba,INS,2017,7502,,1,,gx-no-cache=1507737313202 HTTP/1.1" 200 3878
190.45.55.254 - - [11/Oct/2017:12:54:46 -0300] "POST /cormun/servlet/solicitudotadjuntos?gx-no-cache=1507737315741 HTTP/1.1" 200 26
200.112.4.131 - - [11/Oct/2017:12:55:18 -0300] "GET /cormun/servlet/solicitudot?fb1f80e3470adf621bc45c1e4c4fae16db2eb671a4476d991a04a481f21a0e92f6aa4915c3c47804cd87a92ffa4db424,gx-no-cache=1507737347073 HTTP/1.1" 200 30
200.112.4.131 - - [11/Oct/2017:12:55:25 -0300] "POST /cormun/servlet/solicitudot?gx-no-cache=1507737353990 HTTP/1.1" 200 146
190.45.55.254 - - [11/Oct/2017:12:55:40 -0300] "GET /cormun/servlet/solicitudotadjuntos?9a17a1f1be496dcf7635938b8db6b5223174eb16c8474f6db81494b4e6d70645,gx-no-cache=1507737370218 HTTP/1.1" 200 30
190.45.55.254 - - [11/Oct/2017:12:55:40 -0300] "GET /cormun/servlet/solicitudotadjuntos?9a17a1f1be496dcf7635938b8db6b5223174eb16c8474f6db81494b4e6d70645,gx-no-cache=1507737370317 HTTP/1.1" 200 30
190.45.55.254 - - [11/Oct/2017:12:55:41 -0300] "POST /cormun/servlet/solicitudotadjuntos?8ae894275a4f61d88db3fd276316acba,INS,2017,7502,,1, HTTP/1.1" 200 116
190.45.55.254 - - [11/Oct/2017:12:55:41 -0300] "GET /cormun/servlet/hpexe_return? HTTP/1.1" 200 1020
190.45.55.254 - - [11/Oct/2017:12:55:42 -0300] "GET /cormun/servlet/trsolicitudadjuntos?2017,7502, HTTP/1.1" 200 8587
190.45.55.254 - - [11/Oct/2017:12:55:42 -0300] "GET /cormun/servlet/trsolicitudadjuntos?2017,7502, HTTP/1.1" 200 8582
190.45.55.254 - - [11/Oct/2017:12:55:46 -0300] "GET /cormun/servlet/solicitudotadjuntos?INS,2017,7502,,1, HTTP/1.1" 200 6226
190.45.55.254 - - [11/Oct/2017:12:55:46 -0300] "GET /cormun/static/about:blank HTTP/1.1" 404 1011
190.45.55.254 - - [11/Oct/2017:12:55:47 -0300] "GET /cormun/servlet/solicitudotadjuntos?INS,2017,7502,,1, HTTP/1.1" 200 6219
190.45.55.254 - - [11/Oct/2017:12:55:47 -0300] "GET /cormun/servlet/solicitudotadjuntos?9a17a1f1be496dcf7635938b8db6b52267e4c079a768e57cf059621e1cbc0b3890c5b7969ba53f5c84372212b3659008,gx-no-cache=1507737377111 HTTP/1.1" 200 30
190.45.55.254 - - [11/Oct/2017:12:55:48 -0300] "POST /cormun/servlet/solicitudotadjuntos?8ae894275a4f61d88db3fd276316acba,INS,2017,7502,,1,,gx-no-cache=1507737377494 HTTP/1.1" 200 3878
190.45.55.254 - - [11/Oct/2017:12:55:53 -0300] "POST /cormun/servlet/solicitudotadjuntos?gx-no-cache=1507737382548 HTTP/1.1" 200 26
190.45.55.254 - - [11/Oct/2017:12:56:00 -0300] "GET /cormun/servlet/solicitudotadjuntos?9a17a1f1be496dcf7635938b8db6b5223174eb16c8474f6db81494b4e6d70645,gx-no-cache=1507737390114 HTTP/1.1" 200 30
190.45.55.254 - - [11/Oct/2017:12:56:00 -0300] "GET /cormun/servlet/solicitudotadjuntos?9a17a1f1be496dcf7635938b8db6b5223174eb16c8474f6db81494b4e6d70645,gx-no-cache=1507737390195 HTTP/1.1" 200 30
190.45.55.254 - - [11/Oct/2017:12:56:03 -0300] "POST /cormun/servlet/solicitudotadjuntos?8ae894275a4f61d88db3fd276316acba,INS,2017,7502,,1, HTTP/1.1" 200 116
190.45.55.254 - - [11/Oct/2017:12:56:03 -0300] "GET /cormun/servlet/hpexe_return? HTTP/1.1" 200 1020
190.45.55.254 - - [11/Oct/2017:12:56:03 -0300] "GET /cormun/servlet/trsolicitudadjuntos?2017,7502, HTTP/1.1" 200 8814
190.45.55.254 - - [11/Oct/2017:12:56:04 -0300] "GET /cormun/servlet/trsolicitudadjuntos?2017,7502, HTTP/1.1" 200 8811
200.112.4.131 - - [11/Oct/2017:12:56:47 -0300] "POST /cormun/servlet/solicitudot?gx-no-cache=1507737436269 HTTP/1.1" 200 30
200.112.4.131 - - [11/Oct/2017:12:56:58 -0300] "POST /cormun/servlet/solicitudot?gx-no-cache=1507737447433 HTTP/1.1" 200 1356
200.112.4.131 - - [11/Oct/2017:12:56:58 -0300] "POST /cormun/servlet/solicitudot?gx-no-cache=1507737447670 HTTP/1.1" 200 41
200.112.4.131 - - [11/Oct/2017:12:56:58 -0300] "POST /cormun/servlet/solicitudot?gx-no-cache=1507737447804 HTTP/1.1" 200 1336
200.112.4.131 - - [11/Oct/2017:12:56:59 -0300] "POST /cormun/servlet/solicitudot?gx-no-cache=1507737448117 HTTP/1.1" 200 30
200.112.4.131 - - [11/Oct/2017:12:56:59 -0300] "POST /cormun/servlet/solicitudot?3dfa5afbf8f07b4fb363e4d02a824c38,INS,0,0,,gx-no-cache=1507737448248 HTTP/1.1" 200 93
200.112.4.131 - - [11/Oct/2017:12:56:59 -0300] "GET /cormun/servlet/hpexe_return? HTTP/1.1" 200 1005
200.112.4.131 - - [11/Oct/2017:12:57:00 -0300] "GET /cormun/static/Resources/Spanish/PXTools.css?167811 HTTP/1.1" 304 -
200.112.4.131 - - [11/Oct/2017:12:57:00 -0300] "GET /cormun/static/gxcfg.js?2016101716175148 HTTP/1.1" 304 -
200.112.4.131 - - [11/Oct/2017:12:57:00 -0300] "GET /cormun/static/hpexe_return.js?2016101716175153 HTTP/1.1" 304 -
200.112.4.131 - - [11/Oct/2017:12:57:00 -0300] "GET /cormun/servlet/trsolicitudot HTTP/1.1" 200 12883
190.45.55.254 - - [11/Oct/2017:12:57:00 -0300] "GET /cormun/servlet/solicitudotadjuntos?INS,2017,7502,,1, HTTP/1.1" 200 6226
190.45.55.254 - - [11/Oct/2017:12:57:01 -0300] "GET /cormun/static/about:blank HTTP/1.1" 404 1011
190.45.55.254 - - [11/Oct/2017:12:57:01 -0300] "GET /cormun/servlet/solicitudotadjuntos?INS,2017,7502,,1, HTTP/1.1" 200 6220
190.45.55.254 - - [11/Oct/2017:12:57:01 -0300] "GET /cormun/servlet/solicitudotadjuntos?9a17a1f1be496dcf7635938b8db6b52267e4c079a768e57cf059621e1cbc0b3890c5b7969ba53f5c84372212b3659008,gx-no-cache=1507737451275 HTTP/1.1" 200 30
190.45.55.254 - - [11/Oct/2017:12:57:02 -0300] "POST /cormun/servlet/solicitudotadjuntos?8ae894275a4f61d88db3fd276316acba,INS,2017,7502,,1,,gx-no-cache=1507737451484 HTTP/1.1" 200 3878
190.45.55.254 - - [11/Oct/2017:12:57:05 -0300] "POST /cormun/servlet/solicitudotadjuntos?gx-no-cache=1507737454992 HTTP/1.1" 200 26
200.112.4.131 - - [11/Oct/2017:12:57:12 -0300] "POST /cormun/servlet/trsolicitudot?3dfa5afbf8f07b4fb363e4d02a824c38,gx-no-cache=1507737460922 HTTP/1.1" 200 105
200.112.4.131 - - [11/Oct/2017:12:57:13 -0300] "GET /cormun/servlet/solicitudot?UPD,2017,7505, HTTP/1.1" 200 14732
200.112.4.131 - - [11/Oct/2017:12:57:15 -0300] "POST /cormun/servlet/solicitudot?gx-no-cache=1507737463360 HTTP/1.1" 200 3234
200.112.4.131 - - [11/Oct/2017:12:57:16 -0300] "POST /cormun/servlet/solicitudot?3dfa5afbf8f07b4fb363e4d02a824c38,UPD,2017,7505,,gx-no-cache=1507737464294 HTTP/1.1" 200 11248
200.112.4.131 - - [11/Oct/2017:12:57:16 -0300] "GET /cormun/servlet/solicitudot?fb1f80e3470adf621bc45c1e4c4fae16afb06352b2d21febb367c540b5c33eead233785e616314bf7a65701fe5910d19,gx-no-cache=1507737465348 HTTP/1.1" 200 30
200.112.4.131 - - [11/Oct/2017:12:57:16 -0300] "POST /cormun/servlet/solicitudot?gx-no-cache=1507737465483 HTTP/1.1" 200 238
200.112.4.131 - - [11/Oct/2017:12:57:16 -0300] "GET /cormun/servlet/solicitudot?fb1f80e3470adf621bc45c1e4c4fae16577c0644cc48539c45904273b1b8029480fda6f1efa17ff78c38b097c1f9985dca9d7c4a91e58c984f2c59f0f3547ef5df39e37c9498ef265a2c25e4ddac841592f5ae79edcee58cda3ab16b5fd191b48d424ea0bf94b27858d31ba7db4e8a55e0a234860e83db1a1721b2cdbbfd469e33e7d353c67b980de83c945e233c0f210ad536903365bba9d799e419b466e2d9bedadba1ab5dc2e0a3d066fad9b5ed9354f209a2dedac9156cbf7283562363f8b171b78e69b2d8cad902dc0c62ade1389d02112d21acb4199e4e2554a5046a9494af9f192bb41e83106f86ab3c7ed4185b2618f549c8dfa3124ee3a9d1ea62f06e3dd379e9fa778f719ecbd4899e1268dfbc2618c1507b44e2800ac95ea07ce7215adef7a2c60fad3f767e1c98c925d4a21fdb77e3eaccb4277b2738db8016e6044d2955f8b820434e83794a56c2f49e8e397e668b1270cea87b405518a9590c666f5dbbb4123cc529031b43f55cc8cabf508046a4ccff42fedd14a7ceb6a6ec,gx-no-cache=1507737465607 HTTP/1.1" 200 30
200.112.4.131 - - [11/Oct/2017:12:57:17 -0300] "POST /cormun/servlet/solicitudot?gx-no-cache=1507737465718 HTTP/1.1" 200 30
200.112.4.131 - - [11/Oct/2017:12:57:18 -0300] "POST /cormun/servlet/solicitudot?gx-no-cache=1507737466768 HTTP/1.1" 200 1356
200.112.4.131 - - [11/Oct/2017:12:57:18 -0300] "POST /cormun/servlet/solicitudot?gx-no-cache=1507737467162 HTTP/1.1" 200 41
190.45.55.254 - - [11/Oct/2017:12:57:27 -0300] "GET /cormun/servlet/solicitudotadjuntos?9a17a1f1be496dcf7635938b8db6b5223174eb16c8474f6db81494b4e6d70645,gx-no-cache=1507737476334 HTTP/1.1" 200 30
190.45.55.254 - - [11/Oct/2017:12:57:27 -0300] "GET /cormun/servlet/solicitudotadjuntos?9a17a1f1be496dcf7635938b8db6b5223174eb16c8474f6db81494b4e6d70645,gx-no-cache=1507737476750 HTTP/1.1" 200 30
200.112.4.131 - - [11/Oct/2017:12:57:27 -0300] "GET /cormun/servlet/solicitudot?fb1f80e3470adf621bc45c1e4c4fae169cf96c65b6b1df09cc0182ff3b940fa9a70c2768bf064050427b1a0adfda8df8ce2bf2f23c52e608d7a98d56dfd467ab113a78de783c5688c97d912bb0af1a8ecdfa6a1bb4b03b212b0da8d6812ff6fca1cdffa62e9cbf189666648ef2801c7065b09f559f282812d5a0d0ed1d9003b2b7644309fd272ebfe940f4e515d8c3a9000b747f4c951c48bb9f5a92eaa48617,gx-no-cache=1507737476725 HTTP/1.1" 200 29
200.112.4.131 - - [11/Oct/2017:12:57:28 -0300] "POST /cormun/servlet/solicitudot?gx-no-cache=1507737476857 HTTP/1.1" 200 1336
200.112.4.131 - - [11/Oct/2017:12:57:28 -0300] "GET /cormun/servlet/solicitudot?fb1f80e3470adf621bc45c1e4c4fae16db2eb671a4476d991a04a481f21a0e92f6aa4915c3c47804cd87a92ffa4db424,gx-no-cache=1507737477220 HTTP/1.1" 200 30
200.112.4.131 - - [11/Oct/2017:12:57:28 -0300] "POST /cormun/servlet/solicitudot?gx-no-cache=1507737477350 HTTP/1.1" 200 30
190.45.55.254 - - [11/Oct/2017:12:57:34 -0300] "POST /cormun/servlet/solicitudotadjuntos?8ae894275a4f61d88db3fd276316acba,INS,2017,7502,,1, HTTP/1.1" 200 116
190.45.55.254 - - [11/Oct/2017:12:57:34 -0300] "GET /cormun/servlet/hpexe_return? HTTP/1.1" 200 1020
190.45.55.254 - - [11/Oct/2017:12:57:34 -0300] "GET /cormun/servlet/trsolicitudadjuntos?2017,7502, HTTP/1.1" 200 8984
190.45.55.254 - - [11/Oct/2017:12:57:35 -0300] "GET /cormun/servlet/trsolicitudadjuntos?2017,7502, HTTP/1.1" 200 8981
186.103.157.246 - - [11/Oct/2017:12:57:45 -0300] "GET /cormun/servlet/licenciaspermisosadjuntos?INS,12102306,L,20171011000000,, HTTP/1.1" 200 5667
186.103.157.246 - - [11/Oct/2017:12:57:45 -0300] "GET /cormun/static/about:blank HTTP/1.1" 404 1011
186.103.157.246 - - [11/Oct/2017:12:57:46 -0300] "GET /cormun/servlet/licenciaspermisosadjuntos?INS,12102306,L,20171011000000,, HTTP/1.1" 200 5657
190.45.55.254 - - [11/Oct/2017:12:57:50 -0300] "GET /cormun/servlet/solicitudotadjuntos?INS,2017,7502,,1, HTTP/1.1" 200 6225
190.45.55.254 - - [11/Oct/2017:12:57:50 -0300] "GET /cormun/static/about:blank HTTP/1.1" 404 1011
190.45.55.254 - - [11/Oct/2017:12:57:50 -0300] "GET /cormun/servlet/solicitudotadjuntos?INS,2017,7502,,1, HTTP/1.1" 200 6219
190.45.55.254 - - [11/Oct/2017:12:57:50 -0300] "GET /cormun/servlet/solicitudotadjuntos?9a17a1f1be496dcf7635938b8db6b52267e4c079a768e57cf059621e1cbc0b3890c5b7969ba53f5c84372212b3659008,gx-no-cache=1507737500491 HTTP/1.1" 200 30
190.45.55.254 - - [11/Oct/2017:12:57:51 -0300] "POST /cormun/servlet/solicitudotadjuntos?8ae894275a4f61d88db3fd276316acba,INS,2017,7502,,1,,gx-no-cache=1507737500602 HTTP/1.1" 200 3877
186.103.157.246 - - [11/Oct/2017:12:57:51 -0300] "POST /cormun/servlet/licenciaspermisosadjuntos?1b7855faa1f7bfeefcaf447a18871747,INS,12102306,L,20171011000000,,,gx-no-cache=1507737501731 HTTP/1.1" 200 90
186.103.157.246 - - [11/Oct/2017:12:57:52 -0300] "GET /cormun/servlet/hpexe_link HTTP/1.1" 200 998
186.103.157.246 - - [11/Oct/2017:12:57:52 -0300] "GET /cormun/servlet/trlicenciaspermisosadjuntos?12102306,20171011000000,L, HTTP/1.1" 200 6968
186.103.157.246 - - [11/Oct/2017:12:57:54 -0300] "GET /cormun/servlet/trlicenciaspermisosadjuntos?12102306,20171011000000,L, HTTP/1.1" 200 6969
190.45.55.254 - - [11/Oct/2017:12:57:56 -0300] "POST /cormun/servlet/solicitudotadjuntos?gx-no-cache=1507737504948 HTTP/1.1" 200 26
186.103.157.246 - - [11/Oct/2017:12:58:04 -0300] "POST /cormun/servlet/trlicenciaspermisosadjuntos?1b7855faa1f7bfeefcaf447a18871747,12102306,20171011000000,L,,gx-no-cache=1507737513314 HTTP/1.1" 200 90
186.103.157.246 - - [11/Oct/2017:12:58:04 -0300] "GET /cormun/servlet/hpexe_link HTTP/1.1" 200 987
186.103.157.246 - - [11/Oct/2017:12:58:05 -0300] "GET /cormun/servlet/trlicencias HTTP/1.1" 200 12472
186.103.157.246 - - [11/Oct/2017:12:58:06 -0300] "GET /cormun/servlet/trlicencias HTTP/1.1" 200 12470
190.45.55.254 - - [11/Oct/2017:12:58:17 -0300] "GET /cormun/servlet/solicitudotadjuntos?9a17a1f1be496dcf7635938b8db6b5223174eb16c8474f6db81494b4e6d70645,gx-no-cache=1507737527302 HTTP/1.1" 200 30
190.45.55.254 - - [11/Oct/2017:12:58:17 -0300] "GET /cormun/servlet/solicitudotadjuntos?9a17a1f1be496dcf7635938b8db6b5223174eb16c8474f6db81494b4e6d70645,gx-no-cache=1507737527416 HTTP/1.1" 200 30
186.103.157.246 - - [11/Oct/2017:12:58:18 -0300] "POST /cormun/servlet/trlicencias?1b7855faa1f7bfeefcaf447a18871747,gx-no-cache=1507737528004 HTTP/1.1" 200 9849
186.103.157.246 - - [11/Oct/2017:12:58:18 -0300] "GET /cormun/static/Shared/jqueryui/images/ui-bg_highlight-soft_100_c6c2c8_1x100.png HTTP/1.1" 404 1117
186.103.157.246 - - [11/Oct/2017:12:58:18 -0300] "GET /cormun/static/Shared/jqueryui/images/ui-icons_82798d_256x240.png HTTP/1.1" 404 1089
186.103.157.246 - - [11/Oct/2017:12:58:18 -0300] "GET /cormun/static/Shared/jqueryui/images/ui-bg_flat_55_fafafa_40x100.png HTTP/1.1" 404 1097
186.103.157.246 - - [11/Oct/2017:12:58:18 -0300] "GET /cormun/static/Shared/jqueryui/images/ui-icons_8d78a5_256x240.png HTTP/1.1" 404 1089
190.45.55.254 - - [11/Oct/2017:12:58:19 -0300] "POST /cormun/servlet/solicitudotadjuntos?8ae894275a4f61d88db3fd276316acba,INS,2017,7502,,1, HTTP/1.1" 200 116
190.45.55.254 - - [11/Oct/2017:12:58:19 -0300] "GET /cormun/servlet/hpexe_return? HTTP/1.1" 200 1020
190.45.55.254 - - [11/Oct/2017:12:58:19 -0300] "GET /cormun/servlet/trsolicitudadjuntos?2017,7502, HTTP/1.1" 200 9173
190.45.55.254 - - [11/Oct/2017:12:58:20 -0300] "GET /cormun/servlet/trsolicitudadjuntos?2017,7502, HTTP/1.1" 200 9172
190.45.55.254 - - [11/Oct/2017:12:58:21 -0300] "GET /cormun/servlet/solicitudotadjuntos?INS,2017,7502,,1, HTTP/1.1" 200 6225
190.45.55.254 - - [11/Oct/2017:12:58:22 -0300] "GET /cormun/static/about:blank HTTP/1.1" 404 1011
190.45.55.254 - - [11/Oct/2017:12:58:22 -0300] "GET /cormun/servlet/solicitudotadjuntos?INS,2017,7502,,1, HTTP/1.1" 200 6219
190.45.55.254 - - [11/Oct/2017:12:58:22 -0300] "GET /cormun/servlet/solicitudotadjuntos?9a17a1f1be496dcf7635938b8db6b52267e4c079a768e57cf059621e1cbc0b3890c5b7969ba53f5c84372212b3659008,gx-no-cache=1507737532320 HTTP/1.1" 200 30
190.45.55.254 - - [11/Oct/2017:12:58:23 -0300] "POST /cormun/servlet/solicitudotadjuntos?8ae894275a4f61d88db3fd276316acba,INS,2017,7502,,1,,gx-no-cache=1507737532410 HTTP/1.1" 200 3877
190.45.55.254 - - [11/Oct/2017:12:58:26 -0300] "POST /cormun/servlet/solicitudotadjuntos?gx-no-cache=1507737536433 HTTP/1.1" 200 26
186.103.157.246 - - [11/Oct/2017:12:58:27 -0300] "GET /cormun/servlet/licenciaspermisos?DSP,12102306,L,20171011000000, HTTP/1.1" 200 7171
186.103.157.246 - - [11/Oct/2017:12:58:27 -0300] "GET /cormun/servlet/licenciaspermisos?DSP,12102306,L,20171011000000, HTTP/1.1" 200 7170
190.45.55.254 - - [11/Oct/2017:12:58:32 -0300] "GET /cormun/servlet/solicitudotadjuntos?9a17a1f1be496dcf7635938b8db6b5223174eb16c8474f6db81494b4e6d70645,gx-no-cache=1507737542481 HTTP/1.1" 200 30
190.45.55.254 - - [11/Oct/2017:12:58:33 -0300] "GET /cormun/servlet/solicitudotadjuntos?9a17a1f1be496dcf7635938b8db6b5223174eb16c8474f6db81494b4e6d70645,gx-no-cache=1507737542560 HTTP/1.1" 200 30
190.45.55.254 - - [11/Oct/2017:12:58:36 -0300] "POST /cormun/servlet/solicitudotadjuntos?8ae894275a4f61d88db3fd276316acba,INS,2017,7502,,1, HTTP/1.1" 200 116
190.45.55.254 - - [11/Oct/2017:12:58:36 -0300] "GET /cormun/servlet/hpexe_return? HTTP/1.1" 200 1020
190.45.55.254 - - [11/Oct/2017:12:58:37 -0300] "GET /cormun/servlet/trsolicitudadjuntos?2017,7502, HTTP/1.1" 200 9395
190.45.55.254 - - [11/Oct/2017:12:58:37 -0300] "GET /cormun/servlet/trsolicitudadjuntos?2017,7502, HTTP/1.1" 200 9392
200.112.4.131 - - [11/Oct/2017:12:58:39 -0300] "POST /cormun/servlet/solicitudot?3dfa5afbf8f07b4fb363e4d02a824c38,UPD,2017,7505,,gx-no-cache=1507737547318 HTTP/1.1" 200 93
200.112.4.131 - - [11/Oct/2017:12:58:39 -0300] "GET /cormun/servlet/hpexe_return? HTTP/1.1" 200 1011
186.103.157.246 - - [11/Oct/2017:12:58:39 -0300] "POST /cormun/servlet/licenciaspermisos?1b7855faa1f7bfeefcaf447a18871747,DSP,12102306,L,20171011000000,,gx-no-cache=1507737549662 HTTP/1.1" 200 93
186.103.157.246 - - [11/Oct/2017:12:58:39 -0300] "GET /cormun/servlet/hpexe_return? HTTP/1.1" 200 1052
200.112.4.131 - - [11/Oct/2017:12:58:39 -0300] "GET /cormun/servlet/trsolicitudot HTTP/1.1" 200 12892
190.45.55.254 - - [11/Oct/2017:12:58:39 -0300] "GET /cormun/servlet/solicitudotadjuntos?INS,2017,7502,,1, HTTP/1.1" 200 6225
186.103.157.246 - - [11/Oct/2017:12:58:39 -0300] "GET /cormun/servlet/trlicencias?gx-no-cache=1507737528004 HTTP/1.1" 200 12396
190.45.55.254 - - [11/Oct/2017:12:58:40 -0300] "GET /cormun/static/about:blank HTTP/1.1" 404 1011
190.45.55.254 - - [11/Oct/2017:12:58:40 -0300] "GET /cormun/servlet/solicitudotadjuntos?INS,2017,7502,,1, HTTP/1.1" 200 6219
190.45.55.254 - - [11/Oct/2017:12:58:40 -0300] "GET /cormun/servlet/solicitudotadjuntos?9a17a1f1be496dcf7635938b8db6b52267e4c079a768e57cf059621e1cbc0b3890c5b7969ba53f5c84372212b3659008,gx-no-cache=1507737550281 HTTP/1.1" 200 30
190.45.55.254 - - [11/Oct/2017:12:58:40 -0300] "POST /cormun/servlet/solicitudotadjuntos?8ae894275a4f61d88db3fd276316acba,INS,2017,7502,,1,,gx-no-cache=1507737550363 HTTP/1.1" 200 3877
186.103.157.246 - - [11/Oct/2017:12:58:40 -0300] "GET /cormun/servlet/trlicencias?gx-no-cache=1507737528004 HTTP/1.1" 200 12412
200.112.4.131 - - [11/Oct/2017:12:58:44 -0300] "POST /cormun/servlet/trsolicitudot?3dfa5afbf8f07b4fb363e4d02a824c38,gx-no-cache=1507737552735 HTTP/1.1" 200 9831
190.45.55.254 - - [11/Oct/2017:12:58:44 -0300] "POST /cormun/servlet/solicitudotadjuntos?gx-no-cache=1507737554305 HTTP/1.1" 200 26
200.112.4.131 - - [11/Oct/2017:12:58:46 -0300] "POST /cormun/servlet/trsolicitudot?3dfa5afbf8f07b4fb363e4d02a824c38,gx-no-cache=1507737554362 HTTP/1.1" 200 9772
200.112.4.131 - - [11/Oct/2017:12:58:47 -0300] "GET /cormun/static/Shared/jqueryui/images/ui-bg_highlight-soft_100_c6c2c8_1x100.png HTTP/1.1" 404 1117
200.112.4.131 - - [11/Oct/2017:12:58:47 -0300] "GET /cormun/static/Shared/jqueryui/images/ui-bg_flat_55_fafafa_40x100.png HTTP/1.1" 404 1097
200.112.4.131 - - [11/Oct/2017:12:58:47 -0300] "GET /cormun/static/Shared/jqueryui/images/ui-icons_82798d_256x240.png HTTP/1.1" 404 1089
200.112.4.131 - - [11/Oct/2017:12:58:47 -0300] "GET /cormun/static/Shared/jqueryui/images/ui-icons_8d78a5_256x240.png HTTP/1.1" 404 1089
186.103.157.246 - - [11/Oct/2017:12:58:49 -0300] "GET /cormun/servlet/trlicenciaspermisosadjuntos?13473358,20171011000000,L, HTTP/1.1" 200 6391
186.103.157.246 - - [11/Oct/2017:12:58:50 -0300] "GET /cormun/servlet/trlicenciaspermisosadjuntos?13473358,20171011000000,L, HTTP/1.1" 200 6367
190.45.55.254 - - [11/Oct/2017:12:58:50 -0300] "GET /cormun/servlet/solicitudotadjuntos?9a17a1f1be496dcf7635938b8db6b5223174eb16c8474f6db81494b4e6d70645,gx-no-cache=1507737560565 HTTP/1.1" 200 30
190.45.55.254 - - [11/Oct/2017:12:58:51 -0300] "GET /cormun/servlet/solicitudotadjuntos?9a17a1f1be496dcf7635938b8db6b5223174eb16c8474f6db81494b4e6d70645,gx-no-cache=1507737560639 HTTP/1.1" 200 30
190.45.55.254 - - [11/Oct/2017:12:58:52 -0300] "POST /cormun/servlet/solicitudotadjuntos?8ae894275a4f61d88db3fd276316acba,INS,2017,7502,,1, HTTP/1.1" 200 116
190.45.55.254 - - [11/Oct/2017:12:58:52 -0300] "GET /cormun/servlet/hpexe_return? HTTP/1.1" 200 1020
190.45.55.254 - - [11/Oct/2017:12:58:53 -0300] "GET /cormun/servlet/trsolicitudadjuntos?2017,7502, HTTP/1.1" 200 9601
190.45.55.254 - - [11/Oct/2017:12:58:53 -0300] "GET /cormun/servlet/trsolicitudadjuntos?2017,7502, HTTP/1.1" 200 9595
200.112.4.131 - - [11/Oct/2017:12:58:54 -0300] "GET /cormun/servlet/trautorizarsolicitud? HTTP/1.1" 200 8333
200.112.4.131 - - [11/Oct/2017:12:58:54 -0300] "GET /cormun/static/gxcfg.js?20174261241362 HTTP/1.1" 304 -
200.112.4.131 - - [11/Oct/2017:12:58:54 -0300] "GET /cormun/static/Resources/Spanish/PXTools.css?11294912 HTTP/1.1" 304 -
