200.30.247.76 - - [02/Oct/2017:09:30:06 -0300] "GET /cormun/static/hpexe_return.js?2016101716175153 HTTP/1.1" 200 1633
200.30.247.76 - - [02/Oct/2017:09:30:06 -0300] "GET /cormun/static/Resources/Spanish/PXTools.css?167811 HTTP/1.1" 200 89042
200.30.247.76 - - [02/Oct/2017:09:30:06 -0300] "GET /cormun/servlet/trlicencias HTTP/1.1" 200 8946
200.30.247.76 - - [02/Oct/2017:09:30:08 -0300] "GET /cormun//static/Resources/PXToolsGridUpdate.png HTTP/1.1" 200 2984
200.30.247.76 - - [02/Oct/2017:09:30:08 -0300] "GET /cormun//static/Resources/PXToolsGridDelete.png HTTP/1.1" 200 357
186.67.172.234 - - [02/Oct/2017:09:30:09 -0300] "GET /cormun/servlet/solicitudotadjuntos?INS,2017,7471,,1, HTTP/1.1" 200 5890
186.67.172.234 - - [02/Oct/2017:09:30:09 -0300] "GET /cormun/static/about:blank HTTP/1.1" 404 1011
186.67.172.234 - - [02/Oct/2017:09:30:09 -0300] "GET /cormun/servlet/solicitudotadjuntos?INS,2017,7471,,1, HTTP/1.1" 200 5884
186.67.172.234 - - [02/Oct/2017:09:30:10 -0300] "GET /cormun/servlet/solicitudotadjuntos?13d6fe7e720e6d5fd370330fe972ac9128f8e1f9efea9507b19248e63b522d05f59a28c0a5f6ecb52bb38edc6d28c0c3,gx-no-cache=1506947440141 HTTP/1.1" 200 30
186.67.172.234 - - [02/Oct/2017:09:30:10 -0300] "POST /cormun/servlet/solicitudotadjuntos?b9709939d419eb6bb18db26dbaba8f7e,INS,2017,7471,,1,,gx-no-cache=1506947440206 HTTP/1.1" 200 3702
200.30.247.76 - - [02/Oct/2017:09:30:13 -0300] "GET /cormun/servlet/trlicenciaspermisosadjuntos?15104970,20171002000000,L, HTTP/1.1" 200 6361
200.30.247.76 - - [02/Oct/2017:09:30:14 -0300] "GET /cormun/static/gxcfg.js?20177612163414 HTTP/1.1" 200 953
186.67.172.234 - - [02/Oct/2017:09:30:14 -0300] "POST /cormun/servlet/solicitudotadjuntos?gx-no-cache=1506947443991 HTTP/1.1" 200 26
200.30.247.76 - - [02/Oct/2017:09:30:14 -0300] "GET /cormun/static/trlicenciaspermisosadjuntos.js?20177612163719 HTTP/1.1" 200 21036
200.30.247.76 - - [02/Oct/2017:09:30:19 -0300] "GET /cormun/servlet/licenciaspermisosadjuntos?INS,15104970,L,20171002000000,, HTTP/1.1" 200 5658
200.30.247.76 - - [02/Oct/2017:09:30:19 -0300] "GET /cormun/static/gxcfg.js?2017761263592 HTTP/1.1" 200 953
200.30.247.76 - - [02/Oct/2017:09:30:19 -0300] "GET /cormun/static/licenciaspermisosadjuntos.js?201776126362 HTTP/1.1" 200 8760
200.30.247.76 - - [02/Oct/2017:09:30:19 -0300] "HEAD /cormun/static/about:blank HTTP/1.1" 404 -
186.67.172.234 - - [02/Oct/2017:09:30:26 -0300] "GET /cormun/servlet/solicitudotadjuntos?13d6fe7e720e6d5fd370330fe972ac91d7538cd0b946a0fd1abf872095612a08,gx-no-cache=1506947455250 HTTP/1.1" 200 30
186.67.172.234 - - [02/Oct/2017:09:30:26 -0300] "GET /cormun/servlet/solicitudotadjuntos?13d6fe7e720e6d5fd370330fe972ac91d7538cd0b946a0fd1abf872095612a08,gx-no-cache=1506947456196 HTTP/1.1" 200 30
186.67.172.234 - - [02/Oct/2017:09:30:38 -0300] "POST /cormun/servlet/solicitudotadjuntos?b9709939d419eb6bb18db26dbaba8f7e,INS,2017,7471,,1, HTTP/1.1" 200 116
186.67.172.234 - - [02/Oct/2017:09:30:38 -0300] "GET /cormun/servlet/hpexe_return? HTTP/1.1" 200 1027
186.67.172.234 - - [02/Oct/2017:09:30:43 -0300] "GET /cormun/servlet/trsolicitudadjuntos?2017,7471, HTTP/1.1" 200 9090
186.67.172.234 - - [02/Oct/2017:09:30:49 -0300] "GET /cormun/servlet/trsolicitudadjuntos?2017,7471, HTTP/1.1" 200 9090
186.67.172.234 - - [02/Oct/2017:09:30:51 -0300] "POST /cormun/servlet/trsolicitudadjuntos?b9709939d419eb6bb18db26dbaba8f7e,2017,7471,,gx-no-cache=1506947481175 HTTP/1.1" 200 90
186.67.172.234 - - [02/Oct/2017:09:30:51 -0300] "GET /cormun/servlet/hpexe_link HTTP/1.1" 200 992
186.67.172.234 - - [02/Oct/2017:09:30:51 -0300] "GET /cormun/servlet/trsolicitudot?gx-no-cache=1506947027997 HTTP/1.1" 200 13780
186.67.172.234 - - [02/Oct/2017:09:30:52 -0300] "GET /cormun/servlet/trsolicitudot?gx-no-cache=1506947027997 HTTP/1.1" 200 13800
186.67.172.234 - - [02/Oct/2017:09:30:55 -0300] "POST /cormun/servlet/trsolicitudot?b9709939d419eb6bb18db26dbaba8f7e,gx-no-cache=1506947027997,gx-no-cache=1506947484819 HTTP/1.1" 200 10970
186.67.172.234 - - [02/Oct/2017:09:31:06 -0300] "POST /cormun/servlet/trsolicitudot?b9709939d419eb6bb18db26dbaba8f7e,gx-no-cache=1506947027997,gx-no-cache=1506947495739 HTTP/1.1" 200 106
186.67.172.234 - - [02/Oct/2017:09:31:11 -0300] "GET /cormun/servlet/trsolicitudadjuntos?2017,7471, HTTP/1.1" 200 9109
186.67.172.234 - - [02/Oct/2017:09:31:16 -0300] "GET /cormun/servlet/trsolicitudadjuntos?2017,7471, HTTP/1.1" 200 9091
200.30.247.76 - - [02/Oct/2017:09:31:17 -0300] "POST /cormun/servlet/licenciaspermisosadjuntos?6e7c1d3a3b7c4de5582c8d0d4332a94d,INS,15104970,L,20171002000000,, HTTP/1.1" 200 116
200.30.247.76 - - [02/Oct/2017:09:31:17 -0300] "GET /cormun/servlet/hpexe_return? HTTP/1.1" 200 1039
186.79.94.136 - - [02/Oct/2017:09:31:17 -0300] "POST /cormun/servlet/trlicencias?3f1bf1dd1d2784130b304586a5b0b248,gx-no-cache=1506947508250 HTTP/1.1" 200 10834
186.79.94.136 - - [02/Oct/2017:09:31:18 -0300] "GET /cormun/static/Shared/jqueryui/images/ui-bg_highlight-soft_100_c6c2c8_1x100.png HTTP/1.1" 404 1117
186.79.94.136 - - [02/Oct/2017:09:31:18 -0300] "GET /cormun/static/Shared/jqueryui/images/ui-icons_82798d_256x240.png HTTP/1.1" 404 1089
200.30.247.76 - - [02/Oct/2017:09:31:18 -0300] "GET /cormun/servlet/trlicenciaspermisosadjuntos?15104970,20171002000000,L, HTTP/1.1" 200 6902
186.79.94.136 - - [02/Oct/2017:09:31:18 -0300] "GET /cormun/static/Shared/jqueryui/images/ui-icons_8d78a5_256x240.png HTTP/1.1" 404 1089
186.79.94.136 - - [02/Oct/2017:09:31:18 -0300] "GET /cormun/static/Shared/jqueryui/images/ui-bg_flat_55_fafafa_40x100.png HTTP/1.1" 404 1097
200.30.247.76 - - [02/Oct/2017:09:31:21 -0300] "HEAD /cormun/PublicTempStorage/licencia_medica_andrea_cruz_morales_28_septiembre1468230.pdf HTTP/1.1" 200 -
200.30.247.76 - - [02/Oct/2017:09:31:23 -0300] "GET /cormun/PublicTempStorage/licencia_medica_andrea_cruz_morales_28_septiembre1468230.pdf HTTP/1.1" 206 461537
186.79.94.136 - - [02/Oct/2017:09:31:25 -0300] "GET /cormun/servlet/trsolicitudot? HTTP/1.1" 200 13152
186.67.172.234 - - [02/Oct/2017:09:31:25 -0300] "GET /cormun/servlet/solicitudotadjuntos?INS,2017,7471,,1, HTTP/1.1" 200 5890
186.79.94.136 - - [02/Oct/2017:09:31:25 -0300] "GET /cormun/static/gxcfg.js?20177612135780 HTTP/1.1" 304 -
186.67.172.234 - - [02/Oct/2017:09:31:26 -0300] "GET /cormun/static/about:blank HTTP/1.1" 404 1011
186.67.172.234 - - [02/Oct/2017:09:31:26 -0300] "GET /cormun/servlet/solicitudotadjuntos?INS,2017,7471,,1, HTTP/1.1" 200 5884
186.67.172.234 - - [02/Oct/2017:09:31:26 -0300] "GET /cormun/servlet/solicitudotadjuntos?13d6fe7e720e6d5fd370330fe972ac9128f8e1f9efea9507b19248e63b522d05f59a28c0a5f6ecb52bb38edc6d28c0c3,gx-no-cache=1506947516663 HTTP/1.1" 200 30
186.67.172.234 - - [02/Oct/2017:09:31:26 -0300] "POST /cormun/servlet/solicitudotadjuntos?b9709939d419eb6bb18db26dbaba8f7e,INS,2017,7471,,1,,gx-no-cache=1506947516687 HTTP/1.1" 200 3701
186.79.94.136 - - [02/Oct/2017:09:31:27 -0300] "GET /cormun/servlet/trsolicitudot? HTTP/1.1" 200 13153
200.30.247.76 - - [02/Oct/2017:09:31:30 -0300] "POST /cormun/servlet/trlicenciaspermisosadjuntos?6e7c1d3a3b7c4de5582c8d0d4332a94d,15104970,20171002000000,L,,gx-no-cache=1506947523074 HTTP/1.1" 200 90
200.30.247.76 - - [02/Oct/2017:09:31:30 -0300] "GET /cormun/servlet/hpexe_link HTTP/1.1" 200 981
200.30.247.76 - - [02/Oct/2017:09:31:31 -0300] "GET /cormun/servlet/trlicencias HTTP/1.1" 200 8944
186.67.172.234 - - [02/Oct/2017:09:31:32 -0300] "POST /cormun/servlet/solicitudotadjuntos?gx-no-cache=1506947521903 HTTP/1.1" 200 26
186.67.172.234 - - [02/Oct/2017:09:31:37 -0300] "GET /cormun/servlet/solicitudotadjuntos?13d6fe7e720e6d5fd370330fe972ac91d7538cd0b946a0fd1abf872095612a08,gx-no-cache=1506947526863 HTTP/1.1" 200 30
186.67.172.234 - - [02/Oct/2017:09:31:37 -0300] "GET /cormun/servlet/solicitudotadjuntos?13d6fe7e720e6d5fd370330fe972ac91d7538cd0b946a0fd1abf872095612a08,gx-no-cache=1506947526879 HTTP/1.1" 200 30
186.79.94.136 - - [02/Oct/2017:09:31:40 -0300] "GET /cormun/servlet/solicitudot?INS,0,0, HTTP/1.1" 200 12979
186.79.94.136 - - [02/Oct/2017:09:31:40 -0300] "GET /cormun/static/gxcfg.js?201783011173874 HTTP/1.1" 304 -
186.79.94.136 - - [02/Oct/2017:09:31:40 -0300] "GET /cormun/static/solicitudot.js?201783011174088 HTTP/1.1" 304 -
186.79.94.136 - - [02/Oct/2017:09:31:41 -0300] "GET /cormun/servlet/solicitudot?INS,0,0, HTTP/1.1" 200 12984
200.30.247.76 - - [02/Oct/2017:09:31:46 -0300] "GET /cormun/servlet/alicenciaprn?15104970,L,20171002000000,PU HTTP/1.1" 200 1587
200.30.247.76 - - [02/Oct/2017:09:31:47 -0300] "GET /cormun/servlet/alicenciaprn?15104970,L,20171002000000,PU HTTP/1.1" 200 1594
186.79.94.136 - - [02/Oct/2017:09:31:48 -0300] "POST /cormun/servlet/solicitudot?gx-no-cache=1506947543212 HTTP/1.1" 200 3238
186.79.94.136 - - [02/Oct/2017:09:31:49 -0300] "POST /cormun/servlet/solicitudot?3f1bf1dd1d2784130b304586a5b0b248,INS,0,0,,gx-no-cache=1506947543854 HTTP/1.1" 200 10069
186.67.172.234 - - [02/Oct/2017:09:31:57 -0300] "POST /cormun/servlet/solicitudotadjuntos?b9709939d419eb6bb18db26dbaba8f7e,INS,2017,7471,,1, HTTP/1.1" 200 116
186.67.172.234 - - [02/Oct/2017:09:31:58 -0300] "GET /cormun/servlet/hpexe_return? HTTP/1.1" 200 1027
186.79.94.136 - - [02/Oct/2017:09:32:03 -0300] "GET /cormun/servlet/solicitudot?8758af5250bedc6aa102588fd3cdfc860221b8dfddd6cde7164b78d7582c1a181104ea1058cec7d3c78807498e0008e4,gx-no-cache=1506947558189 HTTP/1.1" 200 30
186.79.94.136 - - [02/Oct/2017:09:32:03 -0300] "POST /cormun/servlet/solicitudot?gx-no-cache=1506947558303 HTTP/1.1" 200 240
186.79.94.136 - - [02/Oct/2017:09:32:03 -0300] "GET /cormun/servlet/solicitudot?8758af5250bedc6aa102588fd3cdfc86b59958c7e6feb1f036cdd076644d394d199c6959335063edd17e8e6fad463227fa959713958ce2cf0bcf115aff5bb9861185625d4a7e5e584acd2bf481efded25226b855e272a47bef196d89af567163e7d5c50862060bd4120bf22ffd0eecc5750fa822daedd655968701907d9a86a41e43939e021bac81738ee3a88cc32d310a583620053be22f5ca9624f006229946d5f4300b19bda524e5771b1481e846f6c4d0eb47d0b648d09d4981db652a773a3d7817cb856e1ff6fbced80f6585e27df274c5d703aa337d83417cf593e9037bd37fa740f3fa844be098542fe1b55616d9aca7416f139ccf7fa950be217c8bfee6ab050e06f8390244ae878a97aa402af167f913656622cee128a3b07e21e1b4c31b30df1dba8c5af314ba6ac7ab4ffc0f136416e2e8d80e36ae23aa7fa036e5fed677a7d0b4299c6829924214b0db72fa5a79733a643c133f9d6d97a2c7ba2a62e4f0503056367d3ec6942c9dd0256a38474a5e8a0db4d5c132358f159b391,gx-no-cache=1506947558511 HTTP/1.1" 200 30
186.67.172.234 - - [02/Oct/2017:09:32:04 -0300] "GET /cormun/servlet/trsolicitudadjuntos?2017,7471, HTTP/1.1" 200 9263
186.67.172.234 - - [02/Oct/2017:09:32:10 -0300] "GET /cormun/servlet/trsolicitudadjuntos?2017,7471, HTTP/1.1" 200 9261
186.79.94.136 - - [02/Oct/2017:09:32:11 -0300] "POST /cormun/servlet/solicitudot?gx-no-cache=1506947566585 HTTP/1.1" 200 30
186.79.94.136 - - [02/Oct/2017:09:32:12 -0300] "POST /cormun/servlet/solicitudot?gx-no-cache=1506947566804 HTTP/1.1" 200 1352
186.79.94.136 - - [02/Oct/2017:09:32:12 -0300] "POST /cormun/servlet/solicitudot?gx-no-cache=1506947567025 HTTP/1.1" 200 38
186.67.172.234 - - [02/Oct/2017:09:32:21 -0300] "POST /cormun/servlet/trsolicitudadjuntos?b9709939d419eb6bb18db26dbaba8f7e,2017,7471,,gx-no-cache=1506947571583 HTTP/1.1" 200 90
186.67.172.234 - - [02/Oct/2017:09:32:21 -0300] "GET /cormun/servlet/hpexe_link HTTP/1.1" 200 992
186.67.172.234 - - [02/Oct/2017:09:32:22 -0300] "GET /cormun/servlet/trsolicitudot?gx-no-cache=1506947027997 HTTP/1.1" 200 13780
186.67.172.234 - - [02/Oct/2017:09:32:23 -0300] "GET /cormun/servlet/trsolicitudot?gx-no-cache=1506947027997 HTTP/1.1" 200 13800
186.67.172.234 - - [02/Oct/2017:09:32:26 -0300] "POST /cormun/servlet/trsolicitudot?b9709939d419eb6bb18db26dbaba8f7e,gx-no-cache=1506947027997,gx-no-cache=1506947575789 HTTP/1.1" 200 10932
186.67.172.234 - - [02/Oct/2017:09:32:26 -0300] "POST /cormun/servlet/trsolicitudot?b9709939d419eb6bb18db26dbaba8f7e,gx-no-cache=1506947027997,gx-no-cache=1506947576184 HTTP/1.1" 200 10873
186.79.94.136 - - [02/Oct/2017:09:32:29 -0300] "POST /cormun/servlet/solicitudot?3f1bf1dd1d2784130b304586a5b0b248,INS,0,0,,gx-no-cache=1506947583350 HTTP/1.1" 200 90
186.79.94.136 - - [02/Oct/2017:09:32:29 -0300] "GET /cormun/servlet/hpexe_link HTTP/1.1" 200 963
186.79.94.136 - - [02/Oct/2017:09:32:29 -0300] "GET /cormun/servlet/trsolicitudot HTTP/1.1" 200 13154
186.79.94.136 - - [02/Oct/2017:09:32:31 -0300] "GET /cormun/servlet/trsolicitudot HTTP/1.1" 200 13152
190.151.100.218 - - [02/Oct/2017:09:32:32 -0300] "GET /cormun/servlet/trvisualizadoreventos? HTTP/1.1" 200 6843
190.151.100.218 - - [02/Oct/2017:09:32:32 -0300] "GET /cormun/static/gxcfg.js?20175251251426 HTTP/1.1" 304 -
190.151.100.218 - - [02/Oct/2017:09:32:33 -0300] "GET /cormun/servlet/trvisualizadoreventos? HTTP/1.1" 200 6835
186.103.161.206 - - [02/Oct/2017:09:32:45 -0300] "POST /cormun/servlet/trvisualizadoreventos?5e9e7ad31c177285ddb0bba94d87f9ae,,gx-no-cache=1506947595927 HTTP/1.1" 200 4028
186.67.172.234 - - [02/Oct/2017:09:32:47 -0300] "GET /cormun/servlet/trvisualizadoreventos? HTTP/1.1" 200 6595
186.67.172.234 - - [02/Oct/2017:09:32:47 -0300] "GET /cormun/static/gxcfg.js?20175251251426 HTTP/1.1" 304 -
186.67.172.234 - - [02/Oct/2017:09:32:48 -0300] "GET /cormun/servlet/trvisualizadoreventos? HTTP/1.1" 200 6576
186.79.94.136 - - [02/Oct/2017:09:32:53 -0300] "GET /cormun/servlet/solicitudot?INS,0,0, HTTP/1.1" 200 12979
200.72.197.82 - - [02/Oct/2017:09:32:54 -0300] "GET /cormun/servlet/trautorizarsolicitud? HTTP/1.1" 200 7001
200.72.197.82 - - [02/Oct/2017:09:32:54 -0300] "GET /cormun/static/gxcfg.js?20174261241362 HTTP/1.1" 304 -
186.79.94.136 - - [02/Oct/2017:09:32:54 -0300] "GET /cormun/servlet/solicitudot?INS,0,0, HTTP/1.1" 200 12984
200.72.197.82 - - [02/Oct/2017:09:32:55 -0300] "GET /cormun/servlet/trautorizarsolicitud? HTTP/1.1" 200 7000
186.79.94.136 - - [02/Oct/2017:09:33:02 -0300] "POST /cormun/servlet/solicitudot?gx-no-cache=1506947617124 HTTP/1.1" 200 3238
186.79.94.136 - - [02/Oct/2017:09:33:03 -0300] "POST /cormun/servlet/solicitudot?3f1bf1dd1d2784130b304586a5b0b248,INS,0,0,,gx-no-cache=1506947617812 HTTP/1.1" 200 10066
192.168.10.62 - - [02/Oct/2017:09:33:03 -0300] "GET /cormun/servlet/hlogin HTTP/1.1" 200 1721
200.72.197.82 - - [02/Oct/2017:09:33:04 -0300] "GET /cormun/servlet/trsolicitudot? HTTP/1.1" 200 10268
200.72.197.82 - - [02/Oct/2017:09:33:04 -0300] "GET /cormun/static/gxcfg.js?20177612135780 HTTP/1.1" 304 -
192.168.10.62 - - [02/Oct/2017:09:33:04 -0300] "GET /cormun/servlet/hlogin HTTP/1.1" 200 1731
200.72.197.82 - - [02/Oct/2017:09:33:04 -0300] "GET /cormun/servlet/trsolicitudot? HTTP/1.1" 200 10268
186.79.94.136 - - [02/Oct/2017:09:33:10 -0300] "GET /cormun/servlet/solicitudot?8758af5250bedc6aa102588fd3cdfc860221b8dfddd6cde7164b78d7582c1a181104ea1058cec7d3c78807498e0008e4,gx-no-cache=1506947624723 HTTP/1.1" 200 30
186.103.161.206 - - [02/Oct/2017:09:33:10 -0300] "GET /cormun/servlet/treventos?2017,7473, HTTP/1.1" 200 7803
186.79.94.136 - - [02/Oct/2017:09:33:10 -0300] "POST /cormun/servlet/solicitudot?gx-no-cache=1506947624907 HTTP/1.1" 200 240
186.103.161.206 - - [02/Oct/2017:09:33:10 -0300] "GET /cormun/static/gxcfg.js?2016101716195975 HTTP/1.1" 304 -
186.79.94.136 - - [02/Oct/2017:09:33:10 -0300] "GET /cormun/servlet/solicitudot?8758af5250bedc6aa102588fd3cdfc86b59958c7e6feb1f036cdd076644d394d199c6959335063edd17e8e6fad463227fa959713958ce2cf0bcf115aff5bb9861185625d4a7e5e584acd2bf481efded25226b855e272a47bef196d89af567163e7d5c50862060bd4120bf22ffd0eecc5750fa822daedd655968701907d9a86a41e43939e021bac81738ee3a88cc32d310a583620053be22f5ca9624f006229946d5f4300b19bda524e5771b1481e846f6c4d0eb47d0b648d09d4981db652a773a3d7817cb856e1ff6fbced80f6585e27df274c5d703aa337d83417cf593e9037bd37fa740f3fa844be098542fe1b55616d9aca7416f139ccf7fa950be217c8bfee6ab050e06f8390244ae878a97aa402af167f913656622cee128a3b07e21e1b4c31b30df1dba8c5af314ba6ac7ab4ffc0f136416e2e8d80e36ae23aa7fa036e5fed677a7d0b4299c6829924214b0db72fa5a79733a643c133f9d6d97a2c7ba2a62e4f0503056367d3ec6942c9dd0256a38474a5e8a0db4d5c132358f159b391,gx-no-cache=1506947625121 HTTP/1.1" 200 30
186.79.94.136 - - [02/Oct/2017:09:33:10 -0300] "POST /cormun/servlet/solicitudot?gx-no-cache=1506947625239 HTTP/1.1" 200 30
186.103.161.206 - - [02/Oct/2017:09:33:10 -0300] "GET /cormun/servlet/treventos?2017,7473, HTTP/1.1" 200 7809
186.79.94.136 - - [02/Oct/2017:09:33:10 -0300] "POST /cormun/servlet/solicitudot?gx-no-cache=1506947625373 HTTP/1.1" 200 1352
186.79.94.136 - - [02/Oct/2017:09:33:10 -0300] "POST /cormun/servlet/solicitudot?gx-no-cache=1506947625633 HTTP/1.1" 200 38
192.168.10.62 - - [02/Oct/2017:09:33:14 -0300] "POST /cormun/servlet/hlogin?ee20fc7559adaeea770816fa2180cd80,gx-no-cache=1506947549405 HTTP/1.1" 200 90
192.168.10.62 - - [02/Oct/2017:09:33:14 -0300] "GET /cormun/servlet/hpexe_link HTTP/1.1" 200 951
192.168.10.62 - - [02/Oct/2017:09:33:14 -0300] "GET /cormun/servlet/hhome HTTP/1.1" 200 3808
192.168.10.62 - - [02/Oct/2017:09:33:15 -0300] "GET /cormun/servlet/hhome HTTP/1.1" 200 3804
192.168.10.62 - - [02/Oct/2017:09:33:18 -0300] "GET /cormun/servlet/trconsultaempleado? HTTP/1.1" 200 9509
192.168.10.62 - - [02/Oct/2017:09:33:18 -0300] "GET /cormun/static/gxcfg.js?201762717543265 HTTP/1.1" 304 -
192.168.10.62 - - [02/Oct/2017:09:33:19 -0300] "GET /cormun/servlet/trconsultaempleado? HTTP/1.1" 200 9507
186.79.94.136 - - [02/Oct/2017:09:33:21 -0300] "POST /cormun/servlet/solicitudot?gx-no-cache=1506947636360 HTTP/1.1" 200 1352
186.79.94.136 - - [02/Oct/2017:09:33:21 -0300] "POST /cormun/servlet/solicitudot?gx-no-cache=1506947636596 HTTP/1.1" 200 38
192.168.10.62 - - [02/Oct/2017:09:33:26 -0300] "POST /cormun/servlet/trconsultaempleado?ee20fc7559adaeea770816fa2180cd80,,gx-no-cache=1506947561310 HTTP/1.1" 200 4012
186.79.94.136 - - [02/Oct/2017:09:33:26 -0300] "GET /cormun/servlet/solicitudot?8758af5250bedc6aa102588fd3cdfc86e11e509a53dce2a8dae6da3ea3ea7bb68a3081ee6cf658f1742074c2a2e2da1483c85ace92ed31dc6a939051321ddffd4d7b27a0ee923cf58f7f1729bb550e248632fe96dfb4331e8b429af54de9b2b866528dd1155cf0d1385b3e6211e71d0f,gx-no-cache=1506947641539 HTTP/1.1" 200 29
186.79.94.136 - - [02/Oct/2017:09:33:27 -0300] "POST /cormun/servlet/solicitudot?gx-no-cache=1506947641721 HTTP/1.1" 200 1337
186.79.94.136 - - [02/Oct/2017:09:33:57 -0300] "GET /cormun/static/menuarrow.gif HTTP/1.1" 404 1015
200.30.247.76 - - [02/Oct/2017:09:34:01 -0300] "GET /cormun/servlet/licenciaspermisos?UPD,15104970,L,20171002000000, HTTP/1.1" 200 7768
200.30.247.76 - - [02/Oct/2017:09:34:04 -0300] "GET /cormun/servlet/licenciaspermisos?8c29c400b55f6488c1ce80ddb60e992b30d06379832f117e4be94700285b641dcd2d15a3ad6285df3393dba795c7d275f6d2364db3e29c41bfaa7c81dbd5cff368be749d4b1b5a0f74fc85d80de0602ac8a8f29449c86cabff4e504cc99e5a0e,gx-no-cache=1506947676756 HTTP/1.1" 200 89
200.30.247.76 - - [02/Oct/2017:09:34:16 -0300] "GET /cormun/servlet/licenciaspermisos?8c29c400b55f6488c1ce80ddb60e992bddd3636d05d911fe0ab0170f91f33b28e8287b3ebf3bc9713eb661a0ba1bc7e3fadedcd123643e1df970dd0fc8a82c7551fab4e8f8fe12fae9ac79411a1b5df6f9e7f00beb3b9df79cba8078b80a7e7444d601b0fbe13add1bd171451547a21f3b231487fb00048af1414539de7c5f4ea14c992a2f878e425474a3bfcb655053536430c1534e9b2999d59ec0ddbe8fd49445e5eb69a762fe3aceef4ee32ac8d2091c2fe02e8c0b9e9a2453e8e526ff7851911b0e24578f9d0e3813ea66c849f44b7bb8166fdf534b1cced02b76161d7f,gx-no-cache=1506947689285 HTTP/1.1" 200 30
200.30.247.76 - - [02/Oct/2017:09:34:16 -0300] "GET /cormun/servlet/licenciaspermisos?8c29c400b55f6488c1ce80ddb60e992b006b1c68de124eca85399c6c64dae5d43023b67a306bd1e59ac2ad1959105119e0918d2145b560357e9b72516d55c8349e9588e3d55318779553fbdd124ef2f464bb4e5df0a39dc89dd6c7190009ca8d8b19b1f5424341da8a8932f5ebb9fe6e999d11d8188c386eb2578fcfbc1e368e8f051cb958e11a74be73458b77ee0cc996421b8aae355482e273504e2a01a105e79a5b2d60c39a174392213e022ca81483531655e7a5577b5b4ec4c7c3504d75e12712a1a5de01149f1681601e32f4b9895bd2e2c46c59a7ee96bc13889f51a2eb8c5270a50f41e8a0a507a65d528150,gx-no-cache=1506947689344 HTTP/1.1" 200 61
186.79.94.136 - - [02/Oct/2017:09:34:17 -0300] "GET /cormun/servlet/solicitudot?8758af5250bedc6aa102588fd3cdfc867273b2a921600f2de9bac070188c454a5daf5e4dabbdf73ed7793ff754d5d8b4,gx-no-cache=1506947691597 HTTP/1.1" 200 134
200.30.247.76 - - [02/Oct/2017:09:34:17 -0300] "POST /cormun/servlet/licenciaspermisos?6e7c1d3a3b7c4de5582c8d0d4332a94d,UPD,15104970,L,20171002000000,,gx-no-cache=1506947689445 HTTP/1.1" 200 93
186.79.94.136 - - [02/Oct/2017:09:34:17 -0300] "GET /cormun/static/Shared/jqueryui/images/ui-bg_highlight-soft_100_c6c2c8_1x100.png HTTP/1.1" 404 1117
200.30.247.76 - - [02/Oct/2017:09:34:17 -0300] "GET /cormun/servlet/hpexe_return? HTTP/1.1" 200 1026
186.79.94.136 - - [02/Oct/2017:09:34:17 -0300] "GET /cormun/static/Shared/jqueryui/images/ui-icons_82798d_256x240.png HTTP/1.1" 404 1089
186.79.94.136 - - [02/Oct/2017:09:34:17 -0300] "GET /cormun/static/Shared/jqueryui/images/ui-bg_flat_55_994d53_40x100.png HTTP/1.1" 404 1097
186.79.94.136 - - [02/Oct/2017:09:34:17 -0300] "GET /cormun/static/Shared/jqueryui/images/ui-icons_ebccce_256x240.png HTTP/1.1" 404 1089
200.30.247.76 - - [02/Oct/2017:09:34:18 -0300] "GET /cormun/servlet/trlicencias HTTP/1.1" 200 8956
200.30.247.76 - - [02/Oct/2017:09:34:28 -0300] "GET /cormun/servlet/alicenciaprn?15104970,L,20171002000000,PU HTTP/1.1" 200 1590
200.30.247.76 - - [02/Oct/2017:09:34:29 -0300] "GET /cormun/servlet/alicenciaprn?15104970,L,20171002000000,PU HTTP/1.1" 200 1590
186.79.94.136 - - [02/Oct/2017:09:34:30 -0300] "GET /cormun/servlet/solicitudot?8758af5250bedc6aa102588fd3cdfc866dd1e29580de8817c229c85d56397e9558b97f00d667a92f65edcb91b270a114,gx-no-cache=1506947705638 HTTP/1.1" 200 30
192.168.10.96 - - [02/Oct/2017:09:34:37 -0300] "POST /cormun/servlet/trsolicitudgral?3dbe4f0442b62f11350e7bf5c52cc42e,,gx-no-cache=1506947632352 HTTP/1.1" 200 7136
186.79.94.136 - - [02/Oct/2017:09:34:38 -0300] "POST /cormun/servlet/solicitudot?gx-no-cache=1506947712706 HTTP/1.1" 200 30
192.168.10.96 - - [02/Oct/2017:09:34:42 -0300] "GET /cormun/servlet/vesolicitudgral?2017,7371,, HTTP/1.1" 200 8871
192.168.10.96 - - [02/Oct/2017:09:34:42 -0300] "GET /cormun/pexe_scrolldiv.js HTTP/1.1" 404 1009
192.168.10.96 - - [02/Oct/2017:09:34:42 -0300] "GET /cormun/pexe_scrolldiv.js HTTP/1.1" 404 1009
192.168.10.96 - - [02/Oct/2017:09:34:43 -0300] "GET /cormun/servlet/vesolicitudgral?2017,7371,, HTTP/1.1" 200 8871
186.79.94.136 - - [02/Oct/2017:09:34:55 -0300] "POST /cormun/servlet/solicitudot?3f1bf1dd1d2784130b304586a5b0b248,INS,0,0,,gx-no-cache=1506947729972 HTTP/1.1" 200 93
186.79.94.136 - - [02/Oct/2017:09:34:56 -0300] "GET /cormun/servlet/hpexe_return? HTTP/1.1" 200 1008
186.79.94.136 - - [02/Oct/2017:09:34:56 -0300] "GET /cormun/servlet/trsolicitudot HTTP/1.1" 200 13547
186.79.94.136 - - [02/Oct/2017:09:34:58 -0300] "GET /cormun/servlet/trsolicitudot HTTP/1.1" 200 13543
192.168.10.96 - - [02/Oct/2017:09:35:02 -0300] "GET /cormun/servlet/vesolicitudgral?2017,7371,,SolicitudOTAdjuntos HTTP/1.1" 200 10772
192.168.10.96 - - [02/Oct/2017:09:35:02 -0300] "GET /cormun/pexe_scrolldiv.js HTTP/1.1" 404 1009
192.168.10.96 - - [02/Oct/2017:09:35:02 -0300] "GET /cormun/pexe_scrolldiv.js HTTP/1.1" 404 1009
192.168.10.96 - - [02/Oct/2017:09:35:03 -0300] "GET /cormun/servlet/vesolicitudgral?2017,7371,,SolicitudOTAdjuntos HTTP/1.1" 200 10775
192.168.10.96 - - [02/Oct/2017:09:35:03 -0300] "POST /cormun/servlet/acontrolpreferencessavestate?None,DZAMUDIO,true HTTP/1.1" 200 35
192.168.10.96 - - [02/Oct/2017:09:35:04 -0300] "GET /cormun/PublicTempStorage/ci4256115.pdf HTTP/1.1" 200 409097
186.79.94.136 - - [02/Oct/2017:09:35:08 -0300] "POST /cormun/servlet/trsolicitudot?3f1bf1dd1d2784130b304586a5b0b248,gx-no-cache=1506947742362 HTTP/1.1" 200 10662
186.79.94.136 - - [02/Oct/2017:09:35:11 -0300] "GET /cormun/static/Shared/jqueryui/images/ui-bg_highlight-soft_100_c6c2c8_1x100.png HTTP/1.1" 404 1117
186.79.94.136 - - [02/Oct/2017:09:35:11 -0300] "GET /cormun/static/Shared/jqueryui/images/ui-icons_82798d_256x240.png HTTP/1.1" 404 1089
186.79.94.136 - - [02/Oct/2017:09:35:11 -0300] "GET /cormun/static/Shared/jqueryui/images/ui-bg_flat_55_fafafa_40x100.png HTTP/1.1" 404 1097
186.79.94.136 - - [02/Oct/2017:09:35:11 -0300] "GET /cormun/static/Shared/jqueryui/images/ui-icons_8d78a5_256x240.png HTTP/1.1" 404 1089
192.168.10.96 - - [02/Oct/2017:09:35:12 -0300] "GET /cormun/servlet/vesolicitudgral?2017,7371,,SolicitudOTAdjuntos HTTP/1.1" 200 10774
186.79.94.136 - - [02/Oct/2017:09:35:13 -0300] "POST /cormun/servlet/trsolicitudot?3f1bf1dd1d2784130b304586a5b0b248,gx-no-cache=1506947746560 HTTP/1.1" 200 10597
192.168.10.96 - - [02/Oct/2017:09:35:13 -0300] "GET /cormun/servlet/vesolicitudgral?2017,7371,,SolicitudOTAdjuntos HTTP/1.1" 200 10775
192.168.10.96 - - [02/Oct/2017:09:35:13 -0300] "POST /cormun/servlet/acontrolpreferencessavestate?None,DZAMUDIO,true HTTP/1.1" 200 35
192.168.10.96 - - [02/Oct/2017:09:35:14 -0300] "GET /cormun/PublicTempStorage/estudios9637649.pdf HTTP/1.1" 200 954336
186.79.94.136 - - [02/Oct/2017:09:35:18 -0300] "GET /cormun/servlet/vesolicitudot?2017,7476,, HTTP/1.1" 200 8329
186.79.94.136 - - [02/Oct/2017:09:35:18 -0300] "GET /cormun/static/gxcfg.js?20175251244132 HTTP/1.1" 304 -
186.79.94.136 - - [02/Oct/2017:09:35:18 -0300] "GET /cormun/pexe_scrolldiv.js HTTP/1.1" 404 1009
186.79.94.136 - - [02/Oct/2017:09:35:20 -0300] "GET /cormun/servlet/vesolicitudot?2017,7476,, HTTP/1.1" 200 8329
200.30.247.76 - - [02/Oct/2017:09:35:20 -0300] "GET /cormun/servlet/alicenciaprn?15104970,L,20171002000000,PU HTTP/1.1" 200 1590
200.30.247.76 - - [02/Oct/2017:09:35:21 -0300] "GET /cormun/servlet/alicenciaprn?15104970,L,20171002000000,PU HTTP/1.1" 200 1592
192.168.10.96 - - [02/Oct/2017:09:35:21 -0300] "GET /cormun/servlet/vesolicitudgral?2017,7371,,SolicitudOTAdjuntos HTTP/1.1" 200 10771
192.168.10.96 - - [02/Oct/2017:09:35:22 -0300] "GET /cormun/servlet/vesolicitudgral?2017,7371,,SolicitudOTAdjuntos HTTP/1.1" 200 10775
192.168.10.96 - - [02/Oct/2017:09:35:22 -0300] "POST /cormun/servlet/acontrolpreferencessavestate?None,DZAMUDIO,true HTTP/1.1" 200 35
192.168.10.96 - - [02/Oct/2017:09:35:23 -0300] "GET /cormun/PublicTempStorage/afp9872602.pdf HTTP/1.1" 200 317831
192.168.10.96 - - [02/Oct/2017:09:35:31 -0300] "GET /cormun/servlet/vesolicitudgral?2017,7371,,SolicitudOTAdjuntos HTTP/1.1" 200 10772
192.168.10.96 - - [02/Oct/2017:09:35:32 -0300] "GET /cormun/servlet/vesolicitudgral?2017,7371,,SolicitudOTAdjuntos HTTP/1.1" 200 10777
186.79.94.136 - - [02/Oct/2017:09:35:32 -0300] "POST /cormun/servlet/vesolicitudot?3f1bf1dd1d2784130b304586a5b0b248,2017,7476,,,gx-no-cache=1506947766641 HTTP/1.1" 200 90
186.79.94.136 - - [02/Oct/2017:09:35:32 -0300] "GET /cormun/servlet/hpexe_link HTTP/1.1" 200 987
192.168.10.96 - - [02/Oct/2017:09:35:32 -0300] "POST /cormun/servlet/acontrolpreferencessavestate?None,DZAMUDIO,true HTTP/1.1" 200 35
186.79.94.136 - - [02/Oct/2017:09:35:32 -0300] "GET /cormun/servlet/trsolicitudot?gx-no-cache=1506947746560 HTTP/1.1" 200 13544
186.79.94.136 - - [02/Oct/2017:09:35:34 -0300] "GET /cormun/servlet/trsolicitudot?gx-no-cache=1506947746560 HTTP/1.1" 200 13563
192.168.10.96 - - [02/Oct/2017:09:35:34 -0300] "GET /cormun/PublicTempStorage/salud4479481.pdf HTTP/1.1" 200 342376
192.168.10.96 - - [02/Oct/2017:09:35:42 -0300] "GET /cormun/servlet/vesolicitudgral?2017,7371,,SolicitudOTAdjuntos HTTP/1.1" 200 10771
192.168.10.96 - - [02/Oct/2017:09:35:43 -0300] "GET /cormun/servlet/vesolicitudgral?2017,7371,,SolicitudOTAdjuntos HTTP/1.1" 200 10774
192.168.10.96 - - [02/Oct/2017:09:35:43 -0300] "POST /cormun/servlet/acontrolpreferencessavestate?None,DZAMUDIO,true HTTP/1.1" 200 35
186.79.94.136 - - [02/Oct/2017:09:35:44 -0300] "GET /cormun/servlet/trcontratounov2? HTTP/1.1" 200 17755
186.79.94.136 - - [02/Oct/2017:09:35:44 -0300] "GET /cormun/static/gxcfg.js?201752512124396 HTTP/1.1" 304 -
192.168.10.96 - - [02/Oct/2017:09:35:46 -0300] "GET /cormun/PublicTempStorage/antecedentes7234621.pdf HTTP/1.1" 200 436997
186.79.94.136 - - [02/Oct/2017:09:35:46 -0300] "GET /cormun/servlet/trcontratounov2? HTTP/1.1" 200 17731
192.168.10.96 - - [02/Oct/2017:09:35:53 -0300] "GET /cormun/servlet/vesolicitudgral?2017,7371,,SolicitudOTAdjuntos HTTP/1.1" 200 10774
192.168.10.96 - - [02/Oct/2017:09:35:54 -0300] "GET /cormun/servlet/vesolicitudgral?2017,7371,,SolicitudOTAdjuntos HTTP/1.1" 200 10775
192.168.10.96 - - [02/Oct/2017:09:35:54 -0300] "POST /cormun/servlet/acontrolpreferencessavestate?None,DZAMUDIO,true HTTP/1.1" 200 35
186.79.94.136 - - [02/Oct/2017:09:35:55 -0300] "POST /cormun/servlet/trcontratounov2?3f1bf1dd1d2784130b304586a5b0b248,,gx-no-cache=1506947788471 HTTP/1.1" 200 17772
192.168.10.96 - - [02/Oct/2017:09:35:55 -0300] "GET /cormun/PublicTempStorage/curriculum8777095.pdf HTTP/1.1" 200 376960
192.168.10.62 - - [02/Oct/2017:09:36:02 -0300] "GET /cormun/servlet/hlogin HTTP/1.1" 200 1742
186.79.94.136 - - [02/Oct/2017:09:36:13 -0300] "POST /cormun/servlet/trcontratounov2?3f1bf1dd1d2784130b304586a5b0b248,,gx-no-cache=1506947805509 HTTP/1.1" 200 90
186.79.94.136 - - [02/Oct/2017:09:36:13 -0300] "GET /cormun/servlet/hpexe_link HTTP/1.1" 200 986
186.79.94.136 - - [02/Oct/2017:09:36:14 -0300] "GET /cormun/servlet/trsolicitudot?gx-no-cache=1506947746560 HTTP/1.1" 200 13544
186.79.94.136 - - [02/Oct/2017:09:36:16 -0300] "GET /cormun/servlet/trsolicitudot?gx-no-cache=1506947746560 HTTP/1.1" 200 13563
186.79.94.136 - - [02/Oct/2017:09:36:23 -0300] "POST /cormun/servlet/trsolicitudot?3f1bf1dd1d2784130b304586a5b0b248,gx-no-cache=1506947746560,gx-no-cache=1506947816928 HTTP/1.1" 200 10595
186.79.94.136 - - [02/Oct/2017:09:36:33 -0300] "POST /cormun/servlet/trsolicitudot?3f1bf1dd1d2784130b304586a5b0b248,gx-no-cache=1506947746560,gx-no-cache=1506947826984 HTTP/1.1" 200 10595
200.30.247.76 - - [02/Oct/2017:09:36:36 -0300] "POST /cormun/servlet/trlicencias?6e7c1d3a3b7c4de5582c8d0d4332a94d,gx-no-cache=1506947829003 HTTP/1.1" 200 6282
200.30.247.76 - - [02/Oct/2017:09:36:37 -0300] "GET /cormun/static/Shared/jqueryui/images/ui-bg_flat_55_fafafa_40x100.png HTTP/1.1" 404 1097
200.30.247.76 - - [02/Oct/2017:09:36:37 -0300] "GET /cormun/static/Shared/jqueryui/images/ui-icons_82798d_256x240.png HTTP/1.1" 404 1089
200.30.247.76 - - [02/Oct/2017:09:36:37 -0300] "GET /cormun/static/Shared/jqueryui/images/ui-bg_highlight-soft_100_c6c2c8_1x100.png HTTP/1.1" 404 1117
200.30.247.76 - - [02/Oct/2017:09:36:37 -0300] "GET /cormun/static/Shared/jqueryui/images/ui-icons_8d78a5_256x240.png HTTP/1.1" 404 1089
186.79.94.136 - - [02/Oct/2017:09:36:39 -0300] "GET /cormun/servlet/vesolicitudot?2017,7476,, HTTP/1.1" 200 8351
186.79.94.136 - - [02/Oct/2017:09:36:39 -0300] "GET /cormun/pexe_scrolldiv.js HTTP/1.1" 404 1009
186.79.94.136 - - [02/Oct/2017:09:36:41 -0300] "GET /cormun/servlet/vesolicitudot?2017,7476,, HTTP/1.1" 200 8329
186.67.172.234 - - [02/Oct/2017:09:37:05 -0300] "GET /cormun/servlet/trfichaempleado? HTTP/1.1" 200 14267
186.79.94.136 - - [02/Oct/2017:09:37:57 -0300] "POST /cormun/servlet/vesolicitudot?3f1bf1dd1d2784130b304586a5b0b248,2017,7476,,,gx-no-cache=1506947910734 HTTP/1.1" 200 90
186.79.94.136 - - [02/Oct/2017:09:37:57 -0300] "GET /cormun/servlet/hpexe_link HTTP/1.1" 200 987
186.79.94.136 - - [02/Oct/2017:09:37:57 -0300] "GET /cormun/servlet/trsolicitudot?gx-no-cache=1506947746560 HTTP/1.1" 200 13544
186.79.94.136 - - [02/Oct/2017:09:37:59 -0300] "GET /cormun/servlet/trsolicitudot?gx-no-cache=1506947746560 HTTP/1.1" 200 13563
186.79.94.136 - - [02/Oct/2017:09:38:03 -0300] "GET /cormun/servlet/hlogin HTTP/1.1" 200 1761
186.103.159.183 - - [02/Oct/2017:09:38:38 -0300] "GET /cormun/servlet/hlogin HTTP/1.1" 200 1717
186.103.159.183 - - [02/Oct/2017:09:38:38 -0300] "GET /cormun/static/gxcfg.js?20175251213516 HTTP/1.1" 200 953
186.103.159.183 - - [02/Oct/2017:09:38:38 -0300] "GET /cormun/static/hlogin.js?20175251213537 HTTP/1.1" 200 2136
186.103.159.183 - - [02/Oct/2017:09:38:38 -0300] "GET /cormun/static/gxtimezone.js?85251 HTTP/1.1" 200 5781
186.103.159.183 - - [02/Oct/2017:09:38:38 -0300] "GET /cormun/static/messages.spa.js?85251 HTTP/1.1" 200 30736
186.103.159.183 - - [02/Oct/2017:09:38:38 -0300] "GET /cormun/static/Resources/Spanish/PXTools.css?11423723 HTTP/1.1" 200 89042
186.103.159.183 - - [02/Oct/2017:09:38:39 -0300] "GET /cormun/static/gxgral.js?85251 HTTP/1.1" 200 384558
186.103.159.183 - - [02/Oct/2017:09:38:39 -0300] "GET /cormun/static/Resources/ComunLogin.png HTTP/1.1" 200 17326
186.103.159.183 - - [02/Oct/2017:09:38:39 -0300] "GET /favicon.ico HTTP/1.1" 200 21630
186.103.159.183 - - [02/Oct/2017:09:38:39 -0300] "GET /cormun/static/Resources/PXToolsLoginTop.png HTTP/1.1" 200 1337
186.103.159.183 - - [02/Oct/2017:09:38:39 -0300] "GET /cormun/static/Resources/PXToolsLoginBackground.png HTTP/1.1" 200 1164
186.103.159.183 - - [02/Oct/2017:09:38:39 -0300] "GET /cormun/static/Resources/PXToolsButtonRight21.png HTTP/1.1" 200 1283
186.103.159.183 - - [02/Oct/2017:09:38:39 -0300] "GET /cormun/static/Resources/PXToolsButtonBackground2.png HTTP/1.1" 200 1181
186.103.159.183 - - [02/Oct/2017:09:38:39 -0300] "GET /cormun/static/Resources/PXToolsButtonLeft21.png HTTP/1.1" 200 1287
186.103.159.183 - - [02/Oct/2017:09:38:39 -0300] "GET /cormun/servlet/hlogin HTTP/1.1" 200 1728
186.103.159.183 - - [02/Oct/2017:09:38:39 -0300] "GET /cormun/static/Resources/indicator.gif HTTP/1.1" 200 1553
186.103.159.183 - - [02/Oct/2017:09:38:39 -0300] "GET /cormun/static/Resources/PXToolsLoginBottom.png HTTP/1.1" 200 1389
186.103.159.183 - - [02/Oct/2017:09:38:40 -0300] "GET /favicon.ico HTTP/1.1" 200 21630
186.103.159.183 - - [02/Oct/2017:09:38:50 -0300] "POST /cormun/servlet/hlogin?3f089b8f41fca5a7afe4be3d9a66f6be,gx-no-cache=1506947963293 HTTP/1.1" 200 90
186.103.159.183 - - [02/Oct/2017:09:38:50 -0300] "GET /cormun/servlet/hpexe_link HTTP/1.1" 200 947
186.103.159.183 - - [02/Oct/2017:09:38:50 -0300] "GET /cormun/static/gxcfg.js?20177612121792 HTTP/1.1" 200 953
186.103.159.183 - - [02/Oct/2017:09:38:50 -0300] "GET /cormun/static/Resources/Spanish/PXTools.css?1155365 HTTP/1.1" 200 89042
186.103.159.183 - - [02/Oct/2017:09:38:50 -0300] "GET /cormun/static/hpexe_link.js?20177612121795 HTTP/1.1" 200 625
186.103.159.183 - - [02/Oct/2017:09:38:50 -0300] "GET /cormun/servlet/hhome HTTP/1.1" 200 4061
186.103.159.183 - - [02/Oct/2017:09:38:51 -0300] "GET /cormun/static/Shared/jqueryui/jquery-ui.min.css?1245370 HTTP/1.1" 200 30288
186.103.159.183 - - [02/Oct/2017:09:38:51 -0300] "GET /cormun/static/gxcfg.js?20175251212442 HTTP/1.1" 200 953
186.103.159.183 - - [02/Oct/2017:09:38:51 -0300] "GET /cormun/static/SmoothNavMenu/resources/ddsmoothmenu.css?1012540 HTTP/1.1" 200 2223
186.103.159.183 - - [02/Oct/2017:09:38:51 -0300] "GET /cormun/static/PXToolsJavascripts/pexe_windows.js HTTP/1.1" 200 15207
186.103.159.183 - - [02/Oct/2017:09:38:51 -0300] "GET /cormun/static/PXToolsJavascripts/pexe_autoreload.js HTTP/1.1" 200 1762
186.103.159.183 - - [02/Oct/2017:09:38:51 -0300] "GET /cormun/static/PXToolsJavascripts/pexe_cookies.js HTTP/1.1" 200 792
186.103.159.183 - - [02/Oct/2017:09:38:51 -0300] "GET /cormun/static/PXToolsJavascripts/pexe_grid.js HTTP/1.1" 200 7559
186.103.159.183 - - [02/Oct/2017:09:38:51 -0300] "GET /cormun/static/PXToolsJavascripts/pexe_menudivfix.js HTTP/1.1" 200 333
186.103.159.183 - - [02/Oct/2017:09:38:51 -0300] "GET /cormun/static/PXToolsJavascripts/pexe_link.js HTTP/1.1" 200 5671
186.103.159.183 - - [02/Oct/2017:09:38:51 -0300] "GET /cormun/static/PXToolsJavascripts/pexe_griddivfix.js HTTP/1.1" 200 6644
186.103.159.183 - - [02/Oct/2017:09:38:51 -0300] "GET /cormun/static/scaMessage/css/jquery.pnotify.default.css?1716380 HTTP/1.1" 200 1707
186.103.159.183 - - [02/Oct/2017:09:38:51 -0300] "GET /cormun/static/SmoothNavMenu/resources/ddsmoothmenu-v.css?1012540 HTTP/1.1" 200 1188
186.103.159.183 - - [02/Oct/2017:09:38:51 -0300] "GET /cormun/static/PXToolsJavascripts/pexe_menus.js HTTP/1.1" 200 1286
186.103.159.183 - - [02/Oct/2017:09:38:51 -0300] "GET /cormun/static/PXToolsJavascripts/pexe_layers.js HTTP/1.1" 200 4114
186.103.159.183 - - [02/Oct/2017:09:38:51 -0300] "GET /cormun/static/PXToolsJavascripts/pexe_oav.js HTTP/1.1" 200 645
186.103.159.183 - - [02/Oct/2017:09:38:51 -0300] "GET /cormun/static/PXToolsJavascripts/pexe_oavdivfix.js HTTP/1.1" 200 639
186.103.159.183 - - [02/Oct/2017:09:38:51 -0300] "GET /cormun/static/PXToolsJavascripts/pexe_picture.js HTTP/1.1" 200 689
186.103.159.183 - - [02/Oct/2017:09:38:51 -0300] "GET /cormun/static/PXToolsJavascripts/pexe_popup.js HTTP/1.1" 200 13458
186.103.159.183 - - [02/Oct/2017:09:38:51 -0300] "GET /cormun/static/PXToolsJavascripts/pexe_scrolldiv.js HTTP/1.1" 200 4138
186.103.159.183 - - [02/Oct/2017:09:38:51 -0300] "GET /cormun/static/PXToolsJavascripts/pexe_tabdivfix.js HTTP/1.1" 200 876
186.103.159.183 - - [02/Oct/2017:09:38:51 -0300] "GET /cormun/static/PXToolsJavascripts/pexe_tabs.js HTTP/1.1" 200 3748
186.103.159.183 - - [02/Oct/2017:09:38:51 -0300] "GET /cormun/static/PXToolsJavascripts/pexe_upload.js HTTP/1.1" 200 1423
186.103.159.183 - - [02/Oct/2017:09:38:51 -0300] "GET /cormun/static/PXToolsJavascripts/PXToolsJavascriptsRender.js HTTP/1.1" 200 367
186.103.159.183 - - [02/Oct/2017:09:38:51 -0300] "GET /cormun/static/RunJS/RunJS.js HTTP/1.1" 200 288
186.103.159.183 - - [02/Oct/2017:09:38:51 -0300] "GET /cormun/static/hwchdr01.js?201752511465785 HTTP/1.1" 200 1183
186.103.159.183 - - [02/Oct/2017:09:38:51 -0300] "GET /cormun/static/hpexe_recentlink.js?20177611595044 HTTP/1.1" 200 2144
186.103.159.183 - - [02/Oct/2017:09:38:51 -0300] "GET /cormun/static/hhome.js?20175251212450 HTTP/1.1" 200 777
186.103.159.183 - - [02/Oct/2017:09:38:51 -0300] "GET /cormun/static/hpexe_scripts.js?201752511465715 HTTP/1.1" 200 1544
186.103.159.183 - - [02/Oct/2017:09:38:51 -0300] "GET /cormun/static/hpexe_messagecontroller.js?20177611595012 HTTP/1.1" 200 870
186.103.159.183 - - [02/Oct/2017:09:38:51 -0300] "GET /cormun/static/Shared/ext/locale/ext-lang-en.js HTTP/1.1" 200 10940
186.103.159.183 - - [02/Oct/2017:09:38:51 -0300] "GET /cormun/static/hpexe_messagepopupcomponent.js?20161017169425 HTTP/1.1" 200 605
186.103.159.183 - - [02/Oct/2017:09:38:51 -0300] "GET /cormun/static/hpexe_messagegenexuscomponent.js?201752511465344 HTTP/1.1" 200 587
186.103.159.183 - - [02/Oct/2017:09:38:51 -0300] "GET /cormun/static/cmcontrolpreferences.js?201752511465670 HTTP/1.1" 200 1375
186.103.159.183 - - [02/Oct/2017:09:38:51 -0300] "GET /cormun/static/gxui/gxui-all.js HTTP/1.1" 200 107772
186.103.159.183 - - [02/Oct/2017:09:38:51 -0300] "GET /cormun/static/Shared/jqueryui/jquery-ui.min.js HTTP/1.1" 200 240427
186.103.159.183 - - [02/Oct/2017:09:38:51 -0300] "GET /cormun/static/SmoothNavMenu/resources/ddsmoothmenu.js HTTP/1.1" 200 12712
186.103.159.183 - - [02/Oct/2017:09:38:51 -0300] "GET /cormun/static/Shared/jquery/jquery-1.4.2.min.js HTTP/1.1" 200 72174
186.103.159.183 - - [02/Oct/2017:09:38:51 -0300] "GET /cormun/static/scaMessage/js/jquery.pnotify.min.js HTTP/1.1" 200 13038
186.103.159.183 - - [02/Oct/2017:09:38:51 -0300] "GET /cormun/static/scaMessage/scaMessageRender.js HTTP/1.1" 200 11977
186.103.159.183 - - [02/Oct/2017:09:38:52 -0300] "GET /cormun/static/hmpwkw03.js?20177612122668 HTTP/1.1" 200 3965
186.103.159.183 - - [02/Oct/2017:09:38:52 -0300] "GET /cormun/static/Resources/logo4.png HTTP/1.1" 200 6582
186.103.159.183 - - [02/Oct/2017:09:38:52 -0300] "GET /cormun/static/Resources/PXToolsHeaderActionsLeft.png HTTP/1.1" 200 1118
186.103.159.183 - - [02/Oct/2017:09:38:52 -0300] "GET /cormun/static/Resources/PXToolsHeaderHome.png HTTP/1.1" 200 4147
186.103.159.183 - - [02/Oct/2017:09:38:52 -0300] "GET /cormun/static/Resources/PXToolsHeaderLogin.png HTTP/1.1" 200 4279
186.103.159.183 - - [02/Oct/2017:09:38:52 -0300] "GET /cormun/static/Resources/PXToolsHeaderSecurity.png HTTP/1.1" 200 4166
186.103.159.183 - - [02/Oct/2017:09:38:52 -0300] "GET /cormun/static/Resources/PXToolsHeaderActionsRight.png HTTP/1.1" 200 1201
186.103.159.183 - - [02/Oct/2017:09:38:52 -0300] "GET /cormun/static/Resources/PXToolsHeaderBackground2.png HTTP/1.1" 200 1174
186.103.159.183 - - [02/Oct/2017:09:38:52 -0300] "GET /cormun/static/Shared/ext/ext-all.js HTTP/1.1" 200 1289687
186.103.159.183 - - [02/Oct/2017:09:38:52 -0300] "GET /cormun/static/Resources/PXToolsHeaderActionsBackground.png HTTP/1.1" 200 484
186.103.159.183 - - [02/Oct/2017:09:38:52 -0300] "GET /cormun/static/SmoothNavMenu/resources/SmoothNavMenuRender.js HTTP/1.1" 200 5951
186.103.159.183 - - [02/Oct/2017:09:38:52 -0300] "GET /cormun/static/Resources/PXToolsDataTitle.png HTTP/1.1" 200 1173
186.103.159.183 - - [02/Oct/2017:09:38:52 -0300] "GET /cormun/static/Resources/PXToolsHeaderPreferences.png HTTP/1.1" 200 4189
186.103.159.183 - - [02/Oct/2017:09:38:52 -0300] "GET /cormun/static/Shared/jquery/jquery-1.10.2.min.js HTTP/1.1" 200 273199
186.103.159.183 - - [02/Oct/2017:09:38:52 -0300] "GET /cormun/static/Resources/PXToolsFooterBackground2.png HTTP/1.1" 200 1172
186.103.159.183 - - [02/Oct/2017:09:38:53 -0300] "GET /cormun/static/SmoothNavMenu/resources/images/right.gif HTTP/1.1" 200 860
186.103.159.183 - - [02/Oct/2017:09:38:53 -0300] "GET /cormun/static/SmoothNavMenu/resources/images/down.gif HTTP/1.1" 200 854
186.103.159.183 - - [02/Oct/2017:09:38:53 -0300] "GET /cormun/servlet/hhome HTTP/1.1" 200 4058
186.103.159.183 - - [02/Oct/2017:09:38:55 -0300] "GET /cormun/servlet/trlicencias? HTTP/1.1" 200 9456
186.103.159.183 - - [02/Oct/2017:09:38:56 -0300] "GET /cormun/static/gxui/gxui-all.css?110300 HTTP/1.1" 200 2179
186.103.159.183 - - [02/Oct/2017:09:38:56 -0300] "GET /cormun/static/calendar-system.css?75620 HTTP/1.1" 200 5572
186.103.159.183 - - [02/Oct/2017:09:38:56 -0300] "GET /cormun/static/gxcfg.js?20176272054169 HTTP/1.1" 200 953
186.103.159.183 - - [02/Oct/2017:09:38:56 -0300] "GET /cormun/static/calendar-setup.js?85251 HTTP/1.1" 200 2588
186.103.159.183 - - [02/Oct/2017:09:38:56 -0300] "GET /cormun/static/calendar.js?85251 HTTP/1.1" 200 26246
186.103.159.183 - - [02/Oct/2017:09:38:56 -0300] "GET /cormun/static/calendar-es.js?85251 HTTP/1.1" 200 1901
186.103.159.183 - - [02/Oct/2017:09:38:56 -0300] "GET /cormun/static/gxdec.js?85251 HTTP/1.1" 200 19579
186.103.159.183 - - [02/Oct/2017:09:38:56 -0300] "GET /cormun/static/trlicencias.js?20176272054837 HTTP/1.1" 200 41883
186.103.159.183 - - [02/Oct/2017:09:38:56 -0300] "GET /cormun/static/Resources/Spanish/PXTools.css?17315867 HTTP/1.1" 200 89042
192.168.10.96 - - [02/Oct/2017:09:38:56 -0300] "GET /cormun/servlet/vesolicitudgral?2017,7371,,SolicitudOTAdjuntos HTTP/1.1" 200 10782
186.103.159.183 - - [02/Oct/2017:09:38:56 -0300] "GET /cormun/static/Shared/ext/resources/css/ext-all.css?205870 HTTP/1.1" 200 416045
186.103.159.183 - - [02/Oct/2017:09:38:57 -0300] "GET /cormun/static/Resources/PXTools/calendar.png HTTP/1.1" 200 1306
186.103.159.183 - - [02/Oct/2017:09:38:57 -0300] "GET /cormun/static/Resources/PXToolsGridNew.png HTTP/1.1" 200 2949
186.103.159.183 - - [02/Oct/2017:09:38:57 -0300] "GET /cormun/static/Resources/PXToolsDataSearch.png HTTP/1.1" 200 419
186.103.159.183 - - [02/Oct/2017:09:38:57 -0300] "GET /cormun/static/Resources/PXToolsGridFirstDisabled.gif HTTP/1.1" 200 100
186.103.159.183 - - [02/Oct/2017:09:38:57 -0300] "GET /cormun/static/Resources/PXToolsGridPreviousDisabled.gif HTTP/1.1" 200 90
186.103.159.183 - - [02/Oct/2017:09:38:57 -0300] "GET /cormun/static/Resources/PXToolsGridNextDisabled.gif HTTP/1.1" 200 90
186.103.159.183 - - [02/Oct/2017:09:38:57 -0300] "GET /cormun/static/Resources/PXToolsGridLastDisabled.gif HTTP/1.1" 200 98
186.103.159.183 - - [02/Oct/2017:09:38:57 -0300] "GET /cormun/static/Resources/PXToolsGridPage.gif HTTP/1.1" 200 725
192.168.10.96 - - [02/Oct/2017:09:38:57 -0300] "GET /cormun/servlet/vesolicitudgral?2017,7371,,SolicitudOTAdjuntos HTTP/1.1" 200 10781
186.103.159.183 - - [02/Oct/2017:09:38:57 -0300] "GET /cormun/static/Resources/PXToolsActionExcel.png HTTP/1.1" 200 3187
186.103.159.183 - - [02/Oct/2017:09:38:58 -0300] "GET /cormun/static/Resources/desc.gif HTTP/1.1" 200 65
186.103.159.183 - - [02/Oct/2017:09:38:58 -0300] "GET /cormun//static/Resources/PXTools/ActionInsert.png HTTP/1.1" 200 1482
186.103.159.183 - - [02/Oct/2017:09:38:58 -0300] "GET /cormun//static/Resources/PXToolsActionDisabled.gif HTTP/1.1" 200 53
186.103.159.183 - - [02/Oct/2017:09:38:58 -0300] "GET /cormun/static/Resources/asc.gif HTTP/1.1" 200 67
186.103.159.183 - - [02/Oct/2017:09:38:58 -0300] "GET /cormun//static/Resources/PXToolsHeaderFavorites.png HTTP/1.1" 200 2744
186.103.159.183 - - [02/Oct/2017:09:38:58 -0300] "GET /cormun//static/Resources/PXToolsGridDisplay.png HTTP/1.1" 200 362
186.103.159.183 - - [02/Oct/2017:09:38:58 -0300] "GET /cormun//static/Resources/PXToolsActionPrint.png HTTP/1.1" 200 3317
186.103.159.183 - - [02/Oct/2017:09:38:58 -0300] "GET /cormun//static/Resources/PXToolsHeaderHelp.png HTTP/1.1" 200 4055
186.103.159.183 - - [02/Oct/2017:09:38:58 -0300] "GET /cormun/static/Shared/ext/resources/themes/images/default/panel/bg-headersPanel.png HTTP/1.1" 200 255
186.103.159.183 - - [02/Oct/2017:09:38:58 -0300] "GET /cormun/static/Shared/ext/resources/themes/images/default/tools/tool-sprites.gif HTTP/1.1" 200 5434
192.168.10.96 - - [02/Oct/2017:09:38:58 -0300] "POST /cormun/servlet/acontrolpreferencessavestate?None,DZAMUDIO,true HTTP/1.1" 200 35
186.103.159.183 - - [02/Oct/2017:09:38:58 -0300] "GET /cormun/servlet/trlicencias? HTTP/1.1" 200 9454
186.103.159.183 - - [02/Oct/2017:09:39:01 -0300] "GET /cormun/servlet/licenciaspermisos?INS,0,,, HTTP/1.1" 200 7585
186.103.159.183 - - [02/Oct/2017:09:39:01 -0300] "GET /cormun/static/gxcfg.js?201762917281167 HTTP/1.1" 200 953
186.103.159.183 - - [02/Oct/2017:09:39:01 -0300] "GET /cormun/static/licenciaspermisos.js?201762917281260 HTTP/1.1" 200 37491
186.103.159.183 - - [02/Oct/2017:09:39:01 -0300] "GET /cormun/static/Resources/prompt.gif HTTP/1.1" 200 902
186.103.159.183 - - [02/Oct/2017:09:39:02 -0300] "GET /cormun/servlet/licenciaspermisos?INS,0,,, HTTP/1.1" 200 7594
186.103.159.183 - - [02/Oct/2017:09:39:11 -0300] "GET /cormun/servlet/licenciaspermisos?4e52f7222f24a1d5104de3a030f60f6169dc4024bebf2b6afa923a182a02e63d94826fd199a79eed8f89b0c3979e6be2,gx-no-cache=1506947984124 HTTP/1.1" 200 106
186.103.159.183 - - [02/Oct/2017:09:39:11 -0300] "POST /cormun/servlet/licenciaspermisos?3f089b8f41fca5a7afe4be3d9a66f6be,INS,0,,,,gx-no-cache=1506947984306 HTTP/1.1" 200 4779
186.103.159.183 - - [02/Oct/2017:09:39:44 -0300] "GET /cormun/static/menuarrow.gif HTTP/1.1" 404 1015
192.168.10.96 - - [02/Oct/2017:09:40:50 -0300] "GET /cormun/servlet/vesolicitudgral?2017,7371,,General HTTP/1.1" 200 8880
192.168.10.96 - - [02/Oct/2017:09:40:50 -0300] "GET /cormun/pexe_scrolldiv.js HTTP/1.1" 404 1009
192.168.10.96 - - [02/Oct/2017:09:40:50 -0300] "GET /cormun/pexe_scrolldiv.js HTTP/1.1" 404 1009
192.168.10.96 - - [02/Oct/2017:09:40:50 -0300] "GET /cormun/servlet/vesolicitudgral?2017,7371,,General HTTP/1.1" 200 8879
190.151.100.218 - - [02/Oct/2017:09:41:06 -0300] "GET /cormun/servlet/hlogin HTTP/1.1" 200 1721
157.55.39.48 - - [02/Oct/2017:09:42:40 -0300] "GET /robots.txt HTTP/1.1" 404 981
186.103.159.183 - - [02/Oct/2017:09:45:32 -0300] "GET /cormun/servlet/licenciaspermisos?4e52f7222f24a1d5104de3a030f60f61b8254d85641f9f4284a4597b31872585bbb57c295e1ff64fd358d3f71aea987d02e14d9cd1599141337f089cef4f9a4112e4ae891d8ba78e1f276eb98d2bfdf81b9e1e66e5953395d510d745ec348e30c8abda3f890cc291c54e810a70e498e0049ee942e90b8cb674b480a687d4daf8a79c1b5c19f96ac4ecfbb3fd7c426860da83c092952d01ecc1a61572326967707d3e6c2a84c037278b73d818770ab0eccf5b01a0bfa95960da49cc8cad51ff5e9ae15a24a4e35fe283c9f36b4ba7902b4c9ca9365d1d7602e652eb3ac961b671,gx-no-cache=1506948365010 HTTP/1.1" 200 30
186.103.159.183 - - [02/Oct/2017:09:45:32 -0300] "GET /cormun/servlet/licenciaspermisos?4e52f7222f24a1d5104de3a030f60f617c57d1090354e924907d91cc635da7a079d4fd59f8f7d4354c79be5089533aaa5d8571a8bbfb02f1ff085c774defb6dc5814cd8d9ee75c920ea624509e0549795b7e6c512f5f958b499292c5383d9f2411ecb4d446d58b121c40166631af0445f57c71a7d6d8e7d09473946e8669aae64bacbdc8b64186ac5cd89e473679731bc48203acf4f76c14f415079a519dbcbda456afbc3b411328d01728fdc533b9f5d2b0f13231c30f882141600649ef78459af6265bc01b2895a0dda22948c07690a2deee370229cd61c49c8606a8cb9ff4,gx-no-cache=1506948365127 HTTP/1.1" 200 29
186.103.159.183 - - [02/Oct/2017:09:45:32 -0300] "POST /cormun/servlet/licenciaspermisos?3f089b8f41fca5a7afe4be3d9a66f6be,INS,0,,,,gx-no-cache=1506948365217 HTTP/1.1" 200 93
186.103.159.183 - - [02/Oct/2017:09:45:32 -0300] "GET /cormun/servlet/hpexe_return? HTTP/1.1" 200 1008
186.103.159.183 - - [02/Oct/2017:09:45:33 -0300] "GET /cormun/static/gxcfg.js?2016101716175148 HTTP/1.1" 200 953
186.103.159.183 - - [02/Oct/2017:09:45:33 -0300] "GET /cormun/static/hpexe_return.js?2016101716175153 HTTP/1.1" 200 1633
186.103.159.183 - - [02/Oct/2017:09:45:33 -0300] "GET /cormun/static/Resources/Spanish/PXTools.css?167811 HTTP/1.1" 200 89042
186.103.159.183 - - [02/Oct/2017:09:45:33 -0300] "GET /cormun/servlet/trlicencias HTTP/1.1" 200 9831
186.103.159.183 - - [02/Oct/2017:09:45:34 -0300] "GET /cormun//static/Resources/PXToolsGridUpdate.png HTTP/1.1" 200 2984
186.103.159.183 - - [02/Oct/2017:09:45:34 -0300] "GET /cormun//static/Resources/PXToolsGridDelete.png HTTP/1.1" 200 357
186.103.159.183 - - [02/Oct/2017:09:45:34 -0300] "GET /cormun/servlet/trlicencias HTTP/1.1" 200 9826
186.103.159.183 - - [02/Oct/2017:09:45:49 -0300] "GET /cormun/servlet/alicenciaprn?15804659,L,20171002000000,PU HTTP/1.1" 200 1568
186.103.159.183 - - [02/Oct/2017:09:46:11 -0300] "GET /cormun/servlet/licenciaspermisos?UPD,15804659,L,20171002000000, HTTP/1.1" 200 7804
186.103.159.183 - - [02/Oct/2017:09:46:12 -0300] "GET /cormun/servlet/licenciaspermisos?UPD,15804659,L,20171002000000, HTTP/1.1" 200 7822
186.103.159.183 - - [02/Oct/2017:09:46:13 -0300] "GET /cormun/servlet/licenciaspermisos?4e52f7222f24a1d5104de3a030f60f6169dc4024bebf2b6afa923a182a02e63d58933656d461c1da68c024df6b7c3c12535d30f3d461375ebd68090f927d90585c572307c499d9e28efe3cfea356b7315e730126adb87df28bf7adaa209cd457,gx-no-cache=1506948405849 HTTP/1.1" 200 97
186.103.159.183 - - [02/Oct/2017:09:46:15 -0300] "GET /cormun/static/menuarrow.gif HTTP/1.1" 404 1015
