200.30.247.76 - - [02/Oct/2017:09:23:13 -0300] "GET /cormun/static/SmoothNavMenu/resources/ddsmoothmenu-v.css?1012540 HTTP/1.1" 200 1188
200.30.247.76 - - [02/Oct/2017:09:23:13 -0300] "GET /cormun/static/gxcfg.js?20175251212442 HTTP/1.1" 200 953
200.30.247.76 - - [02/Oct/2017:09:23:13 -0300] "GET /cormun/static/SmoothNavMenu/resources/ddsmoothmenu.css?1012540 HTTP/1.1" 200 2223
200.30.247.76 - - [02/Oct/2017:09:23:13 -0300] "GET /cormun/static/PXToolsJavascripts/pexe_autoreload.js HTTP/1.1" 200 1762
200.30.247.76 - - [02/Oct/2017:09:23:13 -0300] "GET /cormun/static/PXToolsJavascripts/pexe_cookies.js HTTP/1.1" 200 792
200.30.247.76 - - [02/Oct/2017:09:23:13 -0300] "GET /cormun/static/scaMessage/css/jquery.pnotify.default.css?1716380 HTTP/1.1" 200 1707
200.30.247.76 - - [02/Oct/2017:09:23:13 -0300] "GET /cormun/static/Shared/jqueryui/jquery-ui.min.css?1245370 HTTP/1.1" 200 30288
200.30.247.76 - - [02/Oct/2017:09:23:13 -0300] "GET /cormun/static/PXToolsJavascripts/pexe_grid.js HTTP/1.1" 200 7559
200.30.247.76 - - [02/Oct/2017:09:23:13 -0300] "GET /cormun/static/PXToolsJavascripts/pexe_griddivfix.js HTTP/1.1" 200 6644
200.30.247.76 - - [02/Oct/2017:09:23:13 -0300] "GET /cormun/static/PXToolsJavascripts/pexe_windows.js HTTP/1.1" 200 15207
200.30.247.76 - - [02/Oct/2017:09:23:13 -0300] "GET /cormun/static/PXToolsJavascripts/pexe_menudivfix.js HTTP/1.1" 200 333
200.30.247.76 - - [02/Oct/2017:09:23:13 -0300] "GET /cormun/static/PXToolsJavascripts/pexe_link.js HTTP/1.1" 200 5671
200.30.247.76 - - [02/Oct/2017:09:23:13 -0300] "GET /cormun/static/PXToolsJavascripts/pexe_menus.js HTTP/1.1" 200 1286
200.30.247.76 - - [02/Oct/2017:09:23:13 -0300] "GET /cormun/static/PXToolsJavascripts/pexe_layers.js HTTP/1.1" 200 4114
200.30.247.76 - - [02/Oct/2017:09:23:13 -0300] "GET /cormun/static/PXToolsJavascripts/pexe_oavdivfix.js HTTP/1.1" 200 639
200.30.247.76 - - [02/Oct/2017:09:23:13 -0300] "GET /cormun/static/PXToolsJavascripts/pexe_oav.js HTTP/1.1" 200 645
200.30.247.76 - - [02/Oct/2017:09:23:13 -0300] "GET /cormun/static/PXToolsJavascripts/pexe_picture.js HTTP/1.1" 200 689
200.30.247.76 - - [02/Oct/2017:09:23:13 -0300] "GET /cormun/static/PXToolsJavascripts/pexe_popup.js HTTP/1.1" 200 13458
200.30.247.76 - - [02/Oct/2017:09:23:13 -0300] "GET /cormun/static/PXToolsJavascripts/pexe_scrolldiv.js HTTP/1.1" 200 4138
200.30.247.76 - - [02/Oct/2017:09:23:13 -0300] "GET /cormun/static/PXToolsJavascripts/pexe_tabs.js HTTP/1.1" 200 3748
200.30.247.76 - - [02/Oct/2017:09:23:13 -0300] "GET /cormun/static/PXToolsJavascripts/pexe_tabdivfix.js HTTP/1.1" 200 876
200.30.247.76 - - [02/Oct/2017:09:23:13 -0300] "GET /cormun/static/PXToolsJavascripts/pexe_upload.js HTTP/1.1" 200 1423
200.30.247.76 - - [02/Oct/2017:09:23:13 -0300] "GET /cormun/static/PXToolsJavascripts/PXToolsJavascriptsRender.js HTTP/1.1" 200 367
200.30.247.76 - - [02/Oct/2017:09:23:13 -0300] "GET /cormun/static/RunJS/RunJS.js HTTP/1.1" 200 288
200.30.247.76 - - [02/Oct/2017:09:23:13 -0300] "GET /cormun/static/Resources/PXToolsHeaderActionsLeft.png HTTP/1.1" 200 1118
200.30.247.76 - - [02/Oct/2017:09:23:13 -0300] "GET /cormun/static/Resources/logo4.png HTTP/1.1" 200 6582
200.30.247.76 - - [02/Oct/2017:09:23:13 -0300] "GET /cormun/static/Resources/PXToolsHeaderHome.png HTTP/1.1" 200 4147
200.30.247.76 - - [02/Oct/2017:09:23:13 -0300] "GET /cormun/static/Resources/PXToolsHeaderLogin.png HTTP/1.1" 200 4279
200.30.247.76 - - [02/Oct/2017:09:23:13 -0300] "GET /cormun/static/Resources/PXToolsHeaderPreferences.png HTTP/1.1" 200 4189
200.30.247.76 - - [02/Oct/2017:09:23:13 -0300] "GET /cormun/static/Resources/PXToolsHeaderSecurity.png HTTP/1.1" 200 4166
200.30.247.76 - - [02/Oct/2017:09:23:13 -0300] "GET /cormun/static/Resources/PXToolsHeaderActionsRight.png HTTP/1.1" 200 1201
200.30.247.76 - - [02/Oct/2017:09:23:13 -0300] "GET /cormun/static/Shared/ext/ext-all.js HTTP/1.1" 200 1289687
200.30.247.76 - - [02/Oct/2017:09:23:14 -0300] "GET /cormun/static/gxui/gxui-all.js HTTP/1.1" 200 107772
200.30.247.76 - - [02/Oct/2017:09:23:14 -0300] "GET /cormun/static/Shared/ext/locale/ext-lang-en.js HTTP/1.1" 200 10940
200.30.247.76 - - [02/Oct/2017:09:23:14 -0300] "GET /cormun/static/hhome.js?20175251212450 HTTP/1.1" 200 777
200.30.247.76 - - [02/Oct/2017:09:23:14 -0300] "GET /cormun/static/hwchdr01.js?201752511465785 HTTP/1.1" 200 1183
200.30.247.76 - - [02/Oct/2017:09:23:14 -0300] "GET /cormun/static/hpexe_recentlink.js?20177611595044 HTTP/1.1" 200 2144
200.30.247.76 - - [02/Oct/2017:09:23:14 -0300] "GET /cormun/static/hpexe_messagecontroller.js?20177611595012 HTTP/1.1" 200 870
200.30.247.76 - - [02/Oct/2017:09:23:14 -0300] "GET /cormun/static/hpexe_scripts.js?201752511465715 HTTP/1.1" 200 1544
200.30.247.76 - - [02/Oct/2017:09:23:14 -0300] "GET /cormun/static/hpexe_messagepopupcomponent.js?20161017169425 HTTP/1.1" 200 605
200.30.247.76 - - [02/Oct/2017:09:23:14 -0300] "GET /cormun/static/cmcontrolpreferences.js?201752511465670 HTTP/1.1" 200 1375
200.30.247.76 - - [02/Oct/2017:09:23:14 -0300] "GET /cormun/static/scaMessage/js/jquery.pnotify.min.js HTTP/1.1" 200 13038
200.30.247.76 - - [02/Oct/2017:09:23:14 -0300] "GET /cormun/static/hpexe_messagegenexuscomponent.js?201752511465344 HTTP/1.1" 200 587
200.30.247.76 - - [02/Oct/2017:09:23:14 -0300] "GET /cormun/static/Shared/jquery/jquery-1.4.2.min.js HTTP/1.1" 200 72174
200.30.247.76 - - [02/Oct/2017:09:23:14 -0300] "GET /cormun/static/scaMessage/scaMessageRender.js HTTP/1.1" 200 11977
200.30.247.76 - - [02/Oct/2017:09:23:14 -0300] "GET /cormun/static/hmpwkw03.js?20177612122668 HTTP/1.1" 200 3965
200.30.247.76 - - [02/Oct/2017:09:23:14 -0300] "GET /cormun/static/SmoothNavMenu/resources/ddsmoothmenu.js HTTP/1.1" 200 12712
200.30.247.76 - - [02/Oct/2017:09:23:14 -0300] "GET /cormun/static/SmoothNavMenu/resources/SmoothNavMenuRender.js HTTP/1.1" 200 5951
200.30.247.76 - - [02/Oct/2017:09:23:14 -0300] "GET /cormun/static/Shared/jqueryui/jquery-ui.min.js HTTP/1.1" 200 240427
200.30.247.76 - - [02/Oct/2017:09:23:14 -0300] "GET /cormun/static/Shared/jquery/jquery-1.10.2.min.js HTTP/1.1" 200 273199
200.30.247.76 - - [02/Oct/2017:09:23:15 -0300] "GET /cormun/static/Resources/PXToolsHeaderBackground2.png HTTP/1.1" 200 1174
200.30.247.76 - - [02/Oct/2017:09:23:15 -0300] "GET /cormun/static/Resources/PXToolsFooterBackground2.png HTTP/1.1" 200 1172
200.30.247.76 - - [02/Oct/2017:09:23:15 -0300] "GET /cormun/static/Resources/PXToolsHeaderActionsBackground.png HTTP/1.1" 200 484
200.30.247.76 - - [02/Oct/2017:09:23:15 -0300] "GET /cormun/static/Resources/PXToolsDataTitle.png HTTP/1.1" 200 1173
200.30.247.76 - - [02/Oct/2017:09:23:16 -0300] "GET /cormun/static/SmoothNavMenu/resources/images/down.gif HTTP/1.1" 200 854
200.30.247.76 - - [02/Oct/2017:09:23:16 -0300] "GET /cormun/static/SmoothNavMenu/resources/images/right.gif HTTP/1.1" 200 860
186.67.172.234 - - [02/Oct/2017:09:23:18 -0300] "POST /cormun/servlet/trsolicitudot?b9709939d419eb6bb18db26dbaba8f7e,gx-no-cache=1506947027997 HTTP/1.1" 200 11100
186.67.172.234 - - [02/Oct/2017:09:23:18 -0300] "GET /cormun/static/Shared/jqueryui/images/ui-icons_82798d_256x240.png HTTP/1.1" 404 1089
186.67.172.234 - - [02/Oct/2017:09:23:18 -0300] "GET /cormun/static/Shared/jqueryui/images/ui-bg_highlight-soft_100_c6c2c8_1x100.png HTTP/1.1" 404 1117
186.67.172.234 - - [02/Oct/2017:09:23:18 -0300] "GET /cormun/static/Shared/jqueryui/images/ui-bg_flat_55_fafafa_40x100.png HTTP/1.1" 404 1097
186.67.172.234 - - [02/Oct/2017:09:23:18 -0300] "GET /cormun/static/Shared/jqueryui/images/ui-icons_8d78a5_256x240.png HTTP/1.1" 404 1089
186.67.172.234 - - [02/Oct/2017:09:23:35 -0300] "POST /cormun/servlet/trsolicitudot?b9709939d419eb6bb18db26dbaba8f7e,gx-no-cache=1506947044842 HTTP/1.1" 200 105
186.67.172.234 - - [02/Oct/2017:09:23:35 -0300] "GET /cormun/servlet/solicitudot?UPD,2017,7471, HTTP/1.1" 200 14446
186.67.172.234 - - [02/Oct/2017:09:23:35 -0300] "GET /cormun/static/gxcfg.js?201783011173874 HTTP/1.1" 304 -
186.67.172.234 - - [02/Oct/2017:09:23:35 -0300] "GET /cormun/static/solicitudot.js?201783011174088 HTTP/1.1" 304 -
186.67.172.234 - - [02/Oct/2017:09:23:36 -0300] "GET /cormun/servlet/solicitudot?UPD,2017,7471, HTTP/1.1" 200 14456
186.67.172.234 - - [02/Oct/2017:09:23:36 -0300] "POST /cormun/servlet/solicitudot?gx-no-cache=1506947046254 HTTP/1.1" 200 3193
186.67.172.234 - - [02/Oct/2017:09:23:36 -0300] "POST /cormun/servlet/solicitudot?b9709939d419eb6bb18db26dbaba8f7e,UPD,2017,7471,,gx-no-cache=1506947046387 HTTP/1.1" 200 11009
186.67.172.234 - - [02/Oct/2017:09:23:36 -0300] "GET /cormun/servlet/solicitudot?13d6fe7e720e6d5fd370330fe972ac9112470d241a5878be2c540a9d10f67ce07da6e8352ed9afb7abc87df65f72fe83,gx-no-cache=1506947046591 HTTP/1.1" 200 30
186.67.172.234 - - [02/Oct/2017:09:23:36 -0300] "POST /cormun/servlet/solicitudot?gx-no-cache=1506947046652 HTTP/1.1" 200 238
186.67.172.234 - - [02/Oct/2017:09:23:36 -0300] "GET /cormun/servlet/solicitudot?13d6fe7e720e6d5fd370330fe972ac9195cdaa1166e4459164e8b1eccb43e13e7c4ef71361760c8732928a7f9edaa7b7549f04645fa9ad7a7bdd1710152acef0bedd939aaaf625936fa6d4df990fcda19af68d6c0ed9580dead3b6ef611850cf599008a98b97086b33319d4abcea282e029fcc5e552ac14e94eb20f2dce277aa4c74eb6e6f2d6c14f539aabf2d99dd60d61b6251b65ce0e2d788ccb92e5b34ef27210856f3582cc651052b6e62ff16a00b9e49b58a974516a1143568261c49a16efe590c282abbc6b9f6884f9926f20d68b87dcccf41f5916edbce947def532e85a6fef26370dcf6d7be03e7ddeb57b81b2a4debfb8c9b89c557c113acd99a538dd00b11126c69b592330cb7c2f2da1c5ad20008d740a9f613acf5478b14a43f562d72ec3b7e580887b98aaf1fb4f830536550084cce67e879cafb914169769464e81d0ac2d0f615f75b6e26412e209f2fa9f4e85f7f7104a4c0c6ff34333cfa69435dbd44527aada034c115c771227b1eae8e3a9977b3ae368fe64f0a54c5b8,gx-no-cache=1506947046689 HTTP/1.1" 200 30
186.67.172.234 - - [02/Oct/2017:09:23:36 -0300] "POST /cormun/servlet/solicitudot?gx-no-cache=1506947046723 HTTP/1.1" 200 30
186.67.172.234 - - [02/Oct/2017:09:23:37 -0300] "POST /cormun/servlet/solicitudot?gx-no-cache=1506947046764 HTTP/1.1" 200 1354
186.67.172.234 - - [02/Oct/2017:09:23:37 -0300] "POST /cormun/servlet/solicitudot?gx-no-cache=1506947047197 HTTP/1.1" 200 41
186.67.172.234 - - [02/Oct/2017:09:23:42 -0300] "GET /cormun/servlet/solicitudot?13d6fe7e720e6d5fd370330fe972ac911279cc85c0d803384fa9c56bd7e9109cc8bfe6f0418e09efc8edf43b5615a7ddfbaaec98a50be56b72d9dc3d8d06c52cf082babede1161148932efffd9293b210ab46a08d55d7831acd04e4680d4828551c173a3f84fbd4b9e29e36434e9cb79,gx-no-cache=1506947052655 HTTP/1.1" 200 29
186.67.172.234 - - [02/Oct/2017:09:23:42 -0300] "POST /cormun/servlet/solicitudot?gx-no-cache=1506947052697 HTTP/1.1" 200 1337
186.67.172.234 - - [02/Oct/2017:09:23:42 -0300] "GET /cormun/servlet/solicitudot?13d6fe7e720e6d5fd370330fe972ac916e51e6ead5e62a139b9d8134b92a95e2edc95fe775327b0117ac63d4d8758ff5,gx-no-cache=1506947052734 HTTP/1.1" 200 30
186.67.172.234 - - [02/Oct/2017:09:23:42 -0300] "POST /cormun/servlet/solicitudot?gx-no-cache=1506947052757 HTTP/1.1" 200 34
186.67.172.234 - - [02/Oct/2017:09:23:43 -0300] "POST /cormun/servlet/solicitudot?b9709939d419eb6bb18db26dbaba8f7e,UPD,2017,7471,,gx-no-cache=1506947052784 HTTP/1.1" 200 93
186.67.172.234 - - [02/Oct/2017:09:23:43 -0300] "GET /cormun/servlet/hpexe_return? HTTP/1.1" 200 1035
186.67.172.234 - - [02/Oct/2017:09:23:43 -0300] "GET /cormun/servlet/trsolicitudot?gx-no-cache=1506947027997 HTTP/1.1" 200 13783
186.67.172.234 - - [02/Oct/2017:09:23:44 -0300] "GET /cormun/servlet/trsolicitudot?gx-no-cache=1506947027997 HTTP/1.1" 200 13800
186.103.156.166 - - [02/Oct/2017:09:23:50 -0300] "GET /cormun/servlet/trpermisosadjuntos?13803850,20171002091924,P, HTTP/1.1" 200 6090
186.103.156.166 - - [02/Oct/2017:09:23:50 -0300] "GET /cormun/static/gxcfg.js?201762817193957 HTTP/1.1" 304 -
186.103.156.166 - - [02/Oct/2017:09:23:50 -0300] "GET /cormun/static/trpermisosadjuntos.js?201762817194366 HTTP/1.1" 304 -
186.103.156.166 - - [02/Oct/2017:09:23:51 -0300] "GET /cormun/servlet/trpermisosadjuntos?13803850,20171002091924,P, HTTP/1.1" 200 6090
186.67.172.234 - - [02/Oct/2017:09:23:52 -0300] "POST /cormun/servlet/trsolicitudot?b9709939d419eb6bb18db26dbaba8f7e,gx-no-cache=1506947027997,gx-no-cache=1506947061615 HTTP/1.1" 200 106
186.67.172.234 - - [02/Oct/2017:09:23:53 -0300] "GET /cormun/servlet/trsolicitudadjuntos?2017,7471, HTTP/1.1" 200 8407
186.103.156.166 - - [02/Oct/2017:09:23:53 -0300] "GET /cormun/servlet/permisosadjuntos?INS,13803850,P,20171002091924,, HTTP/1.1" 200 5423
186.103.156.166 - - [02/Oct/2017:09:23:53 -0300] "GET /cormun/static/gxcfg.js?201762717441171 HTTP/1.1" 304 -
186.103.156.166 - - [02/Oct/2017:09:23:53 -0300] "GET /cormun/static/permisosadjuntos.js?201762717441184 HTTP/1.1" 304 -
186.103.156.166 - - [02/Oct/2017:09:23:53 -0300] "GET /cormun/static/about:blank HTTP/1.1" 404 1011
186.103.156.166 - - [02/Oct/2017:09:23:55 -0300] "GET /cormun/servlet/permisosadjuntos?INS,13803850,P,20171002091924,, HTTP/1.1" 200 5415
186.67.172.234 - - [02/Oct/2017:09:23:55 -0300] "GET /cormun/servlet/trsolicitudadjuntos?2017,7471, HTTP/1.1" 200 8388
186.79.94.136 - - [02/Oct/2017:09:24:02 -0300] "GET /cormun/servlet/hlogin HTTP/1.1" 200 1723
186.79.94.136 - - [02/Oct/2017:09:24:02 -0300] "GET /cormun/static/gxcfg.js?20175251213516 HTTP/1.1" 304 -
186.79.94.136 - - [02/Oct/2017:09:24:02 -0300] "GET /cormun/static/messages.spa.js?85251 HTTP/1.1" 304 -
186.79.94.136 - - [02/Oct/2017:09:24:02 -0300] "GET /cormun/servlet/hlogin HTTP/1.1" 200 1733
186.67.172.234 - - [02/Oct/2017:09:24:03 -0300] "GET /cormun/servlet/solicitudotadjuntos?INS,2017,7471,,1, HTTP/1.1" 200 5890
186.67.172.234 - - [02/Oct/2017:09:24:03 -0300] "GET /cormun/static/about:blank HTTP/1.1" 404 1011
186.67.172.234 - - [02/Oct/2017:09:24:03 -0300] "GET /cormun/servlet/solicitudotadjuntos?INS,2017,7471,,1, HTTP/1.1" 200 5883
186.67.172.234 - - [02/Oct/2017:09:24:04 -0300] "GET /cormun/servlet/solicitudotadjuntos?13d6fe7e720e6d5fd370330fe972ac9128f8e1f9efea9507b19248e63b522d05f59a28c0a5f6ecb52bb38edc6d28c0c3,gx-no-cache=1506947073985 HTTP/1.1" 200 30
186.67.172.234 - - [02/Oct/2017:09:24:04 -0300] "POST /cormun/servlet/solicitudotadjuntos?b9709939d419eb6bb18db26dbaba8f7e,INS,2017,7471,,1,,gx-no-cache=1506947074009 HTTP/1.1" 200 3700
186.79.94.136 - - [02/Oct/2017:09:24:12 -0300] "POST /cormun/servlet/hlogin?3f1bf1dd1d2784130b304586a5b0b248,gx-no-cache=1506947087075 HTTP/1.1" 200 90
186.79.94.136 - - [02/Oct/2017:09:24:12 -0300] "GET /cormun/servlet/hpexe_link HTTP/1.1" 200 952
186.79.94.136 - - [02/Oct/2017:09:24:13 -0300] "GET /cormun/static/gxcfg.js?20177612121792 HTTP/1.1" 304 -
186.79.94.136 - - [02/Oct/2017:09:24:13 -0300] "GET /cormun/servlet/hhome HTTP/1.1" 200 4113
186.79.94.136 - - [02/Oct/2017:09:24:15 -0300] "GET /cormun/static/gxcfg.js?20175251212442 HTTP/1.1" 304 -
186.79.94.136 - - [02/Oct/2017:09:24:17 -0300] "GET /cormun/servlet/hhome HTTP/1.1" 200 4110
186.67.172.234 - - [02/Oct/2017:09:24:18 -0300] "POST /cormun/servlet/solicitudotadjuntos?gx-no-cache=1506947088048 HTTP/1.1" 200 26
186.79.94.136 - - [02/Oct/2017:09:24:20 -0300] "GET /cormun/servlet/trlicencias? HTTP/1.1" 200 12994
186.79.94.136 - - [02/Oct/2017:09:24:21 -0300] "GET /cormun/static/gxcfg.js?20176272054169 HTTP/1.1" 304 -
186.79.94.136 - - [02/Oct/2017:09:24:22 -0300] "GET /cormun/servlet/trlicencias? HTTP/1.1" 200 12991
186.67.172.234 - - [02/Oct/2017:09:24:24 -0300] "GET /cormun/servlet/solicitudotadjuntos?13d6fe7e720e6d5fd370330fe972ac91d7538cd0b946a0fd1abf872095612a08,gx-no-cache=1506947094383 HTTP/1.1" 200 30
186.67.172.234 - - [02/Oct/2017:09:24:24 -0300] "GET /cormun/servlet/solicitudotadjuntos?13d6fe7e720e6d5fd370330fe972ac91d7538cd0b946a0fd1abf872095612a08,gx-no-cache=1506947094400 HTTP/1.1" 200 30
186.79.94.136 - - [02/Oct/2017:09:24:29 -0300] "GET /cormun/servlet/licenciaspermisos?INS,0,,, HTTP/1.1" 200 7642
186.67.172.234 - - [02/Oct/2017:09:24:29 -0300] "POST /cormun/servlet/solicitudotadjuntos?b9709939d419eb6bb18db26dbaba8f7e,INS,2017,7471,,1, HTTP/1.1" 200 116
186.79.94.136 - - [02/Oct/2017:09:24:29 -0300] "GET /cormun/static/gxcfg.js?201762917281167 HTTP/1.1" 304 -
186.67.172.234 - - [02/Oct/2017:09:24:29 -0300] "GET /cormun/servlet/hpexe_return? HTTP/1.1" 200 1027
186.79.94.136 - - [02/Oct/2017:09:24:32 -0300] "GET /cormun/servlet/licenciaspermisos?INS,0,,, HTTP/1.1" 200 7649
186.67.172.234 - - [02/Oct/2017:09:24:32 -0300] "GET /cormun/servlet/trsolicitudadjuntos?2017,7471, HTTP/1.1" 200 8545
186.67.172.234 - - [02/Oct/2017:09:24:35 -0300] "GET /cormun/servlet/trsolicitudadjuntos?2017,7471, HTTP/1.1" 200 8542
186.79.94.136 - - [02/Oct/2017:09:24:38 -0300] "GET /cormun/servlet/licenciaspermisos?aa2d5f3052654cebd2194dd6fa14a58bd3eab27f36db6a30358beb08840bf8d421725236fb35903d5791fbb3e0b4722e,gx-no-cache=1506947112642 HTTP/1.1" 200 70
186.79.94.136 - - [02/Oct/2017:09:24:41 -0300] "POST /cormun/servlet/licenciaspermisos?3f1bf1dd1d2784130b304586a5b0b248,INS,0,,,,gx-no-cache=1506947113275 HTTP/1.1" 200 4763
186.67.172.234 - - [02/Oct/2017:09:24:53 -0300] "GET /cormun/servlet/solicitudotadjuntos?INS,2017,7471,,1, HTTP/1.1" 200 5890
186.67.172.234 - - [02/Oct/2017:09:24:53 -0300] "GET /cormun/static/about:blank HTTP/1.1" 404 1011
186.67.172.234 - - [02/Oct/2017:09:24:54 -0300] "GET /cormun/servlet/solicitudotadjuntos?INS,2017,7471,,1, HTTP/1.1" 200 5884
186.67.172.234 - - [02/Oct/2017:09:24:54 -0300] "GET /cormun/servlet/solicitudotadjuntos?13d6fe7e720e6d5fd370330fe972ac9128f8e1f9efea9507b19248e63b522d05f59a28c0a5f6ecb52bb38edc6d28c0c3,gx-no-cache=1506947124469 HTTP/1.1" 200 30
186.67.172.234 - - [02/Oct/2017:09:24:54 -0300] "POST /cormun/servlet/solicitudotadjuntos?b9709939d419eb6bb18db26dbaba8f7e,INS,2017,7471,,1,,gx-no-cache=1506947124503 HTTP/1.1" 200 3701
186.79.94.136 - - [02/Oct/2017:09:24:59 -0300] "GET /cormun/static/menuarrow.gif HTTP/1.1" 404 1015
186.67.172.234 - - [02/Oct/2017:09:25:00 -0300] "POST /cormun/servlet/solicitudotadjuntos?gx-no-cache=1506947130567 HTTP/1.1" 200 26
186.67.172.234 - - [02/Oct/2017:09:25:05 -0300] "GET /cormun/servlet/solicitudotadjuntos?13d6fe7e720e6d5fd370330fe972ac91d7538cd0b946a0fd1abf872095612a08,gx-no-cache=1506947135624 HTTP/1.1" 200 30
186.67.172.234 - - [02/Oct/2017:09:25:05 -0300] "GET /cormun/servlet/solicitudotadjuntos?13d6fe7e720e6d5fd370330fe972ac91d7538cd0b946a0fd1abf872095612a08,gx-no-cache=1506947135711 HTTP/1.1" 200 30
186.67.172.234 - - [02/Oct/2017:09:25:12 -0300] "POST /cormun/servlet/solicitudotadjuntos?b9709939d419eb6bb18db26dbaba8f7e,INS,2017,7471,,1, HTTP/1.1" 200 116
186.67.172.234 - - [02/Oct/2017:09:25:12 -0300] "GET /cormun/servlet/hpexe_return? HTTP/1.1" 200 1027
186.67.172.234 - - [02/Oct/2017:09:25:15 -0300] "GET /cormun/servlet/trsolicitudadjuntos?2017,7471, HTTP/1.1" 200 8680
200.30.247.76 - - [02/Oct/2017:09:25:19 -0300] "GET /cormun/servlet/trlicencias? HTTP/1.1" 200 8489
200.30.247.76 - - [02/Oct/2017:09:25:19 -0300] "GET /cormun/static/gxui/gxui-all.css?110300 HTTP/1.1" 200 2179
200.30.247.76 - - [02/Oct/2017:09:25:19 -0300] "GET /cormun/static/calendar-system.css?75620 HTTP/1.1" 200 5572
200.30.247.76 - - [02/Oct/2017:09:25:19 -0300] "GET /cormun/static/gxcfg.js?20176272054169 HTTP/1.1" 200 953
200.30.247.76 - - [02/Oct/2017:09:25:19 -0300] "GET /cormun/static/calendar-setup.js?85251 HTTP/1.1" 200 2588
200.30.247.76 - - [02/Oct/2017:09:25:19 -0300] "GET /cormun/static/calendar-es.js?85251 HTTP/1.1" 200 1901
200.30.247.76 - - [02/Oct/2017:09:25:19 -0300] "GET /cormun/static/calendar.js?85251 HTTP/1.1" 200 26246
200.30.247.76 - - [02/Oct/2017:09:25:19 -0300] "GET /cormun/static/Resources/Spanish/PXTools.css?17315867 HTTP/1.1" 200 89042
200.30.247.76 - - [02/Oct/2017:09:25:19 -0300] "GET /cormun/static/Shared/ext/resources/css/ext-all.css?205870 HTTP/1.1" 200 416045
200.30.247.76 - - [02/Oct/2017:09:25:19 -0300] "GET /cormun/static/Resources/PXToolsDataSearch.png HTTP/1.1" 200 419
200.30.247.76 - - [02/Oct/2017:09:25:19 -0300] "GET /cormun/static/Resources/PXToolsGridFirstDisabled.gif HTTP/1.1" 200 100
200.30.247.76 - - [02/Oct/2017:09:25:19 -0300] "GET /cormun/static/Resources/PXToolsGridNextDisabled.gif HTTP/1.1" 200 90
200.30.247.76 - - [02/Oct/2017:09:25:19 -0300] "GET /cormun/static/Resources/PXToolsGridPreviousDisabled.gif HTTP/1.1" 200 90
200.30.247.76 - - [02/Oct/2017:09:25:19 -0300] "GET /cormun/static/trlicencias.js?20176272054837 HTTP/1.1" 200 41883
200.30.247.76 - - [02/Oct/2017:09:25:19 -0300] "GET /cormun/static/Resources/PXToolsActionExcel.png HTTP/1.1" 200 3187
200.30.247.76 - - [02/Oct/2017:09:25:19 -0300] "GET /cormun/static/Resources/PXToolsGridLastDisabled.gif HTTP/1.1" 200 98
200.30.247.76 - - [02/Oct/2017:09:25:19 -0300] "GET /cormun/static/gxdec.js?85251 HTTP/1.1" 200 19579
200.30.247.76 - - [02/Oct/2017:09:25:19 -0300] "GET /cormun/static/Resources/PXToolsGridPage.gif HTTP/1.1" 200 725
200.30.247.76 - - [02/Oct/2017:09:25:19 -0300] "GET /cormun/static/Resources/PXTools/calendar.png HTTP/1.1" 200 1306
200.30.247.76 - - [02/Oct/2017:09:25:19 -0300] "GET /cormun/static/Resources/PXToolsGridNew.png HTTP/1.1" 200 2949
186.67.172.234 - - [02/Oct/2017:09:25:19 -0300] "GET /cormun/servlet/trsolicitudadjuntos?2017,7471, HTTP/1.1" 200 8680
200.30.247.76 - - [02/Oct/2017:09:25:21 -0300] "GET /cormun/static/Resources/desc.gif HTTP/1.1" 200 65
200.30.247.76 - - [02/Oct/2017:09:25:21 -0300] "GET /cormun/static/Resources/asc.gif HTTP/1.1" 200 67
200.30.247.76 - - [02/Oct/2017:09:25:21 -0300] "GET /cormun//static/Resources/PXToolsActionDisabled.gif HTTP/1.1" 200 53
200.30.247.76 - - [02/Oct/2017:09:25:21 -0300] "GET /cormun//static/Resources/PXToolsGridDisplay.png HTTP/1.1" 200 362
200.30.247.76 - - [02/Oct/2017:09:25:21 -0300] "GET /cormun//static/Resources/PXTools/ActionInsert.png HTTP/1.1" 200 1482
200.30.247.76 - - [02/Oct/2017:09:25:21 -0300] "GET /cormun//static/Resources/PXToolsActionPrint.png HTTP/1.1" 200 3317
200.30.247.76 - - [02/Oct/2017:09:25:21 -0300] "GET /cormun//static/Resources/PXToolsHeaderFavorites.png HTTP/1.1" 200 2744
200.30.247.76 - - [02/Oct/2017:09:25:21 -0300] "GET /cormun//static/Resources/PXToolsHeaderHelp.png HTTP/1.1" 200 4055
200.30.247.76 - - [02/Oct/2017:09:25:22 -0300] "GET /cormun/static/Shared/ext/resources/themes/images/default/panel/bg-headersPanel.png HTTP/1.1" 200 255
200.30.247.76 - - [02/Oct/2017:09:25:22 -0300] "GET /cormun/static/Shared/ext/resources/themes/images/default/tools/tool-sprites.gif HTTP/1.1" 200 5434
200.30.247.76 - - [02/Oct/2017:09:25:24 -0300] "GET /cormun/servlet/licenciaspermisos?INS,0,,, HTTP/1.1" 200 7545
200.30.247.76 - - [02/Oct/2017:09:25:24 -0300] "GET /cormun/static/gxcfg.js?201762917281167 HTTP/1.1" 200 953
200.30.247.76 - - [02/Oct/2017:09:25:24 -0300] "GET /cormun/static/Resources/prompt.gif HTTP/1.1" 200 902
200.30.247.76 - - [02/Oct/2017:09:25:24 -0300] "GET /cormun/static/licenciaspermisos.js?201762917281260 HTTP/1.1" 200 37491
200.30.247.76 - - [02/Oct/2017:09:25:28 -0300] "GET /cormun/static/Resources/resize.gif HTTP/1.1" 200 77
200.30.247.76 - - [02/Oct/2017:09:25:29 -0300] "GET /cormun/servlet/prfichaempleado?,MD,,gxPopupLevel%3D0%3B HTTP/1.1" 200 9257
200.30.247.76 - - [02/Oct/2017:09:25:29 -0300] "GET /cormun/static/gxcfg.js?20177612134814 HTTP/1.1" 200 953
200.30.247.76 - - [02/Oct/2017:09:25:29 -0300] "GET /cormun/static/Resources/PXToolsMenuSearch.png HTTP/1.1" 200 2914
200.30.247.76 - - [02/Oct/2017:09:25:29 -0300] "GET /cormun/static/Resources/PXToolsMenuSearchCancel.png HTTP/1.1" 200 2972
200.30.247.76 - - [02/Oct/2017:09:25:30 -0300] "GET /cormun/static/prfichaempleado.js?20177612134999 HTTP/1.1" 200 16006
200.30.247.76 - - [02/Oct/2017:09:25:30 -0300] "GET /cormun/static/menusearch.js?201610171694467 HTTP/1.1" 200 1424
200.30.247.76 - - [02/Oct/2017:09:25:30 -0300] "GET /cormun/static/hmpwkw011.js?20177612121862 HTTP/1.1" 200 1968
186.67.172.234 - - [02/Oct/2017:09:25:40 -0300] "GET /cormun/servlet/solicitudotadjuntos?INS,2017,7471,,2, HTTP/1.1" 200 5890
186.67.172.234 - - [02/Oct/2017:09:25:40 -0300] "GET /cormun/static/about:blank HTTP/1.1" 404 1011
186.67.172.234 - - [02/Oct/2017:09:25:40 -0300] "GET /cormun/servlet/solicitudotadjuntos?INS,2017,7471,,2, HTTP/1.1" 200 5883
186.67.172.234 - - [02/Oct/2017:09:25:41 -0300] "GET /cormun/servlet/solicitudotadjuntos?13d6fe7e720e6d5fd370330fe972ac9128f8e1f9efea9507b19248e63b522d05f59a28c0a5f6ecb52bb38edc6d28c0c3,gx-no-cache=1506947171179 HTTP/1.1" 200 30
186.67.172.234 - - [02/Oct/2017:09:25:41 -0300] "POST /cormun/servlet/solicitudotadjuntos?b9709939d419eb6bb18db26dbaba8f7e,INS,2017,7471,,2,,gx-no-cache=1506947171250 HTTP/1.1" 200 3915
200.72.197.82 - - [02/Oct/2017:09:25:52 -0300] "GET /cormun/servlet/trpermisosadjuntos?8278849,20171002091449,P, HTTP/1.1" 200 6381
186.103.132.155 - - [02/Oct/2017:09:25:52 -0300] "GET /cormun/static/gxcfg.js?201762817193957 HTTP/1.1" 200 953
200.72.197.82 - - [02/Oct/2017:09:25:52 -0300] "GET /cormun/static/Resources/Spanish/PXTools.css?17315867 HTTP/1.1" 200 89042
186.103.132.155 - - [02/Oct/2017:09:25:52 -0300] "GET /cormun/static/trpermisosadjuntos.js?201762817194366 HTTP/1.1" 200 20158
200.72.197.82 - - [02/Oct/2017:09:25:53 -0300] "GET /cormun/servlet/trpermisosadjuntos?8278849,20171002091449,P, HTTP/1.1" 200 6380
200.72.197.82 - - [02/Oct/2017:09:25:56 -0300] "GET /cormun/servlet/permisosadjuntos?INS,8278849,P,20171002091449,, HTTP/1.1" 200 5712
186.103.132.155 - - [02/Oct/2017:09:25:56 -0300] "GET /cormun/static/permisosadjuntos.js?201762717441184 HTTP/1.1" 200 8724
200.72.197.82 - - [02/Oct/2017:09:25:56 -0300] "GET /cormun/static/gxcfg.js?201762717441171 HTTP/1.1" 200 953
186.103.132.155 - - [02/Oct/2017:09:25:57 -0300] "GET /cormun/static/about:blank HTTP/1.1" 404 1011
200.72.197.82 - - [02/Oct/2017:09:25:57 -0300] "GET /cormun/servlet/permisosadjuntos?INS,8278849,P,20171002091449,, HTTP/1.1" 200 5702
186.67.172.234 - - [02/Oct/2017:09:25:59 -0300] "POST /cormun/servlet/solicitudotadjuntos?b9709939d419eb6bb18db26dbaba8f7e,INS,2017,7471,,2,,gx-no-cache=1506947189098 HTTP/1.1" 200 93
186.67.172.234 - - [02/Oct/2017:09:25:59 -0300] "GET /cormun/servlet/hpexe_return? HTTP/1.1" 200 1027
186.67.172.234 - - [02/Oct/2017:09:26:03 -0300] "GET /cormun/servlet/trsolicitudadjuntos?2017,7471, HTTP/1.1" 200 8682
186.67.172.234 - - [02/Oct/2017:09:26:06 -0300] "POST /cormun/servlet/trsolicitudadjuntos?b9709939d419eb6bb18db26dbaba8f7e,2017,7471,,gx-no-cache=1506947196303 HTTP/1.1" 200 90
186.67.172.234 - - [02/Oct/2017:09:26:06 -0300] "GET /cormun/servlet/hpexe_link HTTP/1.1" 200 992
186.67.172.234 - - [02/Oct/2017:09:26:06 -0300] "GET /cormun/servlet/trsolicitudadjuntos?2017,7471, HTTP/1.1" 200 8682
186.67.172.234 - - [02/Oct/2017:09:26:06 -0300] "GET /cormun/servlet/trsolicitudot?gx-no-cache=1506947027997 HTTP/1.1" 200 13780
186.67.172.234 - - [02/Oct/2017:09:26:07 -0300] "GET /cormun/servlet/trsolicitudot?gx-no-cache=1506947027997 HTTP/1.1" 200 13800
186.67.172.234 - - [02/Oct/2017:09:26:14 -0300] "GET /cormun/servlet/treventos?2017,7471, HTTP/1.1" 200 5922
186.67.172.234 - - [02/Oct/2017:09:26:14 -0300] "GET /cormun/static/gxcfg.js?2016101716195975 HTTP/1.1" 304 -
186.67.172.234 - - [02/Oct/2017:09:26:15 -0300] "GET /cormun/servlet/treventos?2017,7471, HTTP/1.1" 200 5901
200.30.247.76 - - [02/Oct/2017:09:26:16 -0300] "POST /cormun/servlet/prfichaempleado?6e7c1d3a3b7c4de5582c8d0d4332a94d,,MD,,gxPopupLevel%3D0%3B,gx-no-cache=1506947208704 HTTP/1.1" 200 3474
190.151.100.218 - - [02/Oct/2017:09:26:20 -0300] "POST /cormun/servlet/permisosadjuntos?5e9e7ad31c177285ddb0bba94d87f9ae,INS,8278849,P,20171002091449,, HTTP/1.1" 200 116
190.151.100.218 - - [02/Oct/2017:09:26:20 -0300] "GET /cormun/servlet/hpexe_return? HTTP/1.1" 200 1037
190.151.100.218 - - [02/Oct/2017:09:26:20 -0300] "GET /cormun/servlet/trpermisosadjuntos?8278849,20171002091449,P, HTTP/1.1" 200 6862
190.151.100.218 - - [02/Oct/2017:09:26:21 -0300] "GET /cormun/servlet/trpermisosadjuntos?8278849,20171002091449,P, HTTP/1.1" 200 6874
186.67.172.234 - - [02/Oct/2017:09:26:21 -0300] "GET /cormun/servlet/trsolicitudot?gx-no-cache=1506947027997 HTTP/1.1" 200 13780
186.67.172.234 - - [02/Oct/2017:09:26:22 -0300] "GET /cormun/servlet/trsolicitudot?gx-no-cache=1506947027997 HTTP/1.1" 200 13800
200.30.247.76 - - [02/Oct/2017:09:26:22 -0300] "GET /cormun/servlet/licenciaspermisos?8c29c400b55f6488c1ce80ddb60e992b30d06379832f117e4be94700285b641d0ec11d728565285801d4fabe63bde3de,gx-no-cache=1506947215236 HTTP/1.1" 200 95
200.30.247.76 - - [02/Oct/2017:09:26:22 -0300] "POST /cormun/servlet/licenciaspermisos?6e7c1d3a3b7c4de5582c8d0d4332a94d,INS,0,,,,gx-no-cache=1506947215403 HTTP/1.1" 200 4762
190.151.100.218 - - [02/Oct/2017:09:26:25 -0300] "GET /cormun/servlet/permisosadjuntos?INS,8278849,P,20171002091449,, HTTP/1.1" 200 5711
190.151.100.218 - - [02/Oct/2017:09:26:26 -0300] "GET /cormun/servlet/permisosadjuntos?INS,8278849,P,20171002091449,, HTTP/1.1" 200 5702
190.151.100.218 - - [02/Oct/2017:09:26:27 -0300] "GET /cormun/servlet/trpermisosadjuntos?8278849,20171002091449,P, HTTP/1.1" 200 6858
190.151.100.218 - - [02/Oct/2017:09:26:28 -0300] "GET /cormun/servlet/trpermisosadjuntos?8278849,20171002091449,P, HTTP/1.1" 200 6874
186.67.172.234 - - [02/Oct/2017:09:26:29 -0300] "POST /cormun/servlet/trsolicitudot?b9709939d419eb6bb18db26dbaba8f7e,gx-no-cache=1506947027997,gx-no-cache=1506947218518 HTTP/1.1" 200 11000
190.151.100.218 - - [02/Oct/2017:09:26:29 -0300] "GET /cormun/servlet/trpermisosgoce HTTP/1.1" 200 9306
186.67.172.234 - - [02/Oct/2017:09:26:29 -0300] "GET /cormun/static/Shared/jqueryui/images/ui-bg_highlight-soft_100_c6c2c8_1x100.png HTTP/1.1" 404 1117
186.67.172.234 - - [02/Oct/2017:09:26:29 -0300] "GET /cormun/static/Shared/jqueryui/images/ui-icons_82798d_256x240.png HTTP/1.1" 404 1089
186.67.172.234 - - [02/Oct/2017:09:26:29 -0300] "GET /cormun/static/Shared/jqueryui/images/ui-bg_flat_55_fafafa_40x100.png HTTP/1.1" 404 1097
186.67.172.234 - - [02/Oct/2017:09:26:29 -0300] "GET /cormun/static/Shared/jqueryui/images/ui-icons_8d78a5_256x240.png HTTP/1.1" 404 1089
190.151.100.218 - - [02/Oct/2017:09:26:29 -0300] "GET /cormun/servlet/trpermisosgoce HTTP/1.1" 200 9302
200.72.197.82 - - [02/Oct/2017:09:26:41 -0300] "POST /cormun/servlet/trpermisosgoce?5e9e7ad31c177285ddb0bba94d87f9ae,gx-no-cache=1506947231810 HTTP/1.1" 200 6479
200.72.197.82 - - [02/Oct/2017:09:26:41 -0300] "GET /cormun/static/Shared/jqueryui/images/ui-bg_highlight-soft_100_c6c2c8_1x100.png HTTP/1.1" 404 1117
190.151.100.218 - - [02/Oct/2017:09:26:41 -0300] "GET /cormun/static/Shared/jqueryui/images/ui-bg_flat_55_fafafa_40x100.png HTTP/1.1" 404 1097
190.151.100.218 - - [02/Oct/2017:09:26:41 -0300] "GET /cormun/static/Shared/jqueryui/images/ui-icons_82798d_256x240.png HTTP/1.1" 404 1089
186.103.161.206 - - [02/Oct/2017:09:26:41 -0300] "GET /cormun/static/Shared/jqueryui/images/ui-icons_8d78a5_256x240.png HTTP/1.1" 404 1089
186.67.172.234 - - [02/Oct/2017:09:26:48 -0300] "POST /cormun/servlet/trsolicitudot?b9709939d419eb6bb18db26dbaba8f7e,gx-no-cache=1506947027997,gx-no-cache=1506947237571 HTTP/1.1" 200 11000
190.151.100.218 - - [02/Oct/2017:09:26:52 -0300] "GET /cormun/servlet/trautorizarpermisogoce? HTTP/1.1" 200 7736
190.151.100.218 - - [02/Oct/2017:09:26:52 -0300] "GET /cormun/static/gxcfg.js?20176272062650 HTTP/1.1" 200 953
186.103.161.206 - - [02/Oct/2017:09:26:52 -0300] "GET /cormun/static/trautorizarpermisogoce.js?2017627206316 HTTP/1.1" 200 34948
186.103.161.206 - - [02/Oct/2017:09:26:53 -0300] "GET /cormun/servlet/trautorizarpermisogoce? HTTP/1.1" 200 7735
200.30.247.76 - - [02/Oct/2017:09:26:54 -0300] "GET /cormun/static/menuarrow.gif HTTP/1.1" 404 1015
186.103.161.206 - - [02/Oct/2017:09:26:56 -0300] "POST /cormun/servlet/trautorizarpermisogoce?5e9e7ad31c177285ddb0bba94d87f9ae,,gx-no-cache=1506947246822 HTTP/1.1" 200 4236
186.103.161.206 - - [02/Oct/2017:09:26:56 -0300] "GET /cormun/static/Shared/jqueryui/images/ui-bg_highlight-soft_100_c6c2c8_1x100.png HTTP/1.1" 404 1117
190.151.100.218 - - [02/Oct/2017:09:26:56 -0300] "GET /cormun/static/Shared/jqueryui/images/ui-icons_82798d_256x240.png HTTP/1.1" 404 1089
186.103.161.206 - - [02/Oct/2017:09:26:56 -0300] "GET /cormun/static/Shared/jqueryui/images/ui-icons_8d78a5_256x240.png HTTP/1.1" 404 1089
186.103.161.206 - - [02/Oct/2017:09:26:56 -0300] "GET /cormun/static/Shared/jqueryui/images/ui-bg_flat_55_fafafa_40x100.png HTTP/1.1" 404 1097
186.103.132.155 - - [02/Oct/2017:09:27:00 -0300] "GET /cormun/servlet/trpermisosgoce HTTP/1.1" 200 9261
186.103.132.155 - - [02/Oct/2017:09:27:01 -0300] "GET /cormun/servlet/trpermisosgoce HTTP/1.1" 200 9262
186.103.132.155 - - [02/Oct/2017:09:27:02 -0300] "GET /cormun/servlet/permisogoce?INS,0,,, HTTP/1.1" 200 6913
186.103.132.155 - - [02/Oct/2017:09:27:03 -0300] "GET /cormun/servlet/permisogoce?INS,0,,, HTTP/1.1" 200 6913
186.67.172.234 - - [02/Oct/2017:09:27:09 -0300] "POST /cormun/servlet/trsolicitudot?b9709939d419eb6bb18db26dbaba8f7e,gx-no-cache=1506947027997,gx-no-cache=1506947259125 HTTP/1.1" 200 106
186.67.172.234 - - [02/Oct/2017:09:27:12 -0300] "GET /cormun/servlet/trsolicitudadjuntos?2017,7471, HTTP/1.1" 200 8695
186.67.172.234 - - [02/Oct/2017:09:27:16 -0300] "GET /cormun/servlet/trsolicitudadjuntos?2017,7471, HTTP/1.1" 200 8679
186.67.172.234 - - [02/Oct/2017:09:27:30 -0300] "GET /cormun/servlet/solicitudotadjuntos?INS,2017,7471,,1, HTTP/1.1" 200 5890
186.67.172.234 - - [02/Oct/2017:09:27:30 -0300] "GET /cormun/static/about:blank HTTP/1.1" 404 1011
186.67.172.234 - - [02/Oct/2017:09:27:30 -0300] "GET /cormun/servlet/solicitudotadjuntos?INS,2017,7471,,1, HTTP/1.1" 200 5884
186.67.172.234 - - [02/Oct/2017:09:27:31 -0300] "GET /cormun/servlet/solicitudotadjuntos?13d6fe7e720e6d5fd370330fe972ac9128f8e1f9efea9507b19248e63b522d05f59a28c0a5f6ecb52bb38edc6d28c0c3,gx-no-cache=1506947281192 HTTP/1.1" 200 30
186.67.172.234 - - [02/Oct/2017:09:27:31 -0300] "POST /cormun/servlet/solicitudotadjuntos?b9709939d419eb6bb18db26dbaba8f7e,INS,2017,7471,,1,,gx-no-cache=1506947281215 HTTP/1.1" 200 3701
186.67.172.234 - - [02/Oct/2017:09:27:35 -0300] "POST /cormun/servlet/solicitudotadjuntos?gx-no-cache=1506947285380 HTTP/1.1" 200 26
186.67.172.234 - - [02/Oct/2017:09:27:39 -0300] "GET /cormun/servlet/solicitudotadjuntos?13d6fe7e720e6d5fd370330fe972ac91d7538cd0b946a0fd1abf872095612a08,gx-no-cache=1506947289392 HTTP/1.1" 200 30
186.67.172.234 - - [02/Oct/2017:09:27:39 -0300] "GET /cormun/servlet/solicitudotadjuntos?13d6fe7e720e6d5fd370330fe972ac91d7538cd0b946a0fd1abf872095612a08,gx-no-cache=1506947289410 HTTP/1.1" 200 30
46.174.191.29 - - [02/Oct/2017:09:27:41 -0300] "GET / HTTP/1.0" 200 11197
186.67.172.234 - - [02/Oct/2017:09:27:43 -0300] "POST /cormun/servlet/solicitudotadjuntos?b9709939d419eb6bb18db26dbaba8f7e,INS,2017,7471,,1, HTTP/1.1" 200 5908
186.67.172.234 - - [02/Oct/2017:09:27:44 -0300] "GET /home/sistema/apache-tomcat-7.0.65/webapps/cormun/PrivateTempStorage/upload_00007043.pdf HTTP/1.1" 404 1135
186.67.172.234 - - [02/Oct/2017:09:27:44 -0300] "GET /cormun/static/Shared/jqueryui/images/ui-bg_flat_55_994d53_40x100.png HTTP/1.1" 404 1097
186.67.172.234 - - [02/Oct/2017:09:27:44 -0300] "GET /cormun/static/Shared/jqueryui/images/ui-icons_ebccce_256x240.png HTTP/1.1" 404 1089
186.67.172.234 - - [02/Oct/2017:09:27:44 -0300] "GET /home/sistema/apache-tomcat-7.0.65/webapps/cormun/PrivateTempStorage/upload_00007043.pdf HTTP/1.1" 404 1135
186.67.172.234 - - [02/Oct/2017:09:27:44 -0300] "GET /cormun/PrivateTempStorage/upload_00007043.pdf HTTP/1.1" 304 -
186.79.94.136 - - [02/Oct/2017:09:27:49 -0300] "GET /cormun/servlet/licenciaspermisos?aa2d5f3052654cebd2194dd6fa14a58ba45c34e14b8875a39ddb4ee760be6fc76d9aca7416f139ccf7fa950be217c8bfee6ab050e06f8390244ae878a97aa402c74dfe94c9a65ef1d25dea9207a40c93c612832294fe2a228763bfea1ca3b502bb83858b432c626b9a0d8033782b3c28cab865613aabda800c3247db7450bd8de07fd27774bd49a944251c697e08cac89544f3f4820fd0e4126e951cfde01934bfb1944468d914fc0841b52b84c3a152ba3fd47f76b5fb46b618b75cabae7553bceede3e4b372d796319e46dce5fc76f2e3a8c0c68d8773c12d92d40e98be6a2,gx-no-cache=1506947303771 HTTP/1.1" 200 30
186.79.94.136 - - [02/Oct/2017:09:27:50 -0300] "POST /cormun/servlet/licenciaspermisos?3f1bf1dd1d2784130b304586a5b0b248,INS,0,,,,gx-no-cache=1506947304371 HTTP/1.1" 200 4845
186.79.94.136 - - [02/Oct/2017:09:27:59 -0300] "GET /cormun/servlet/licenciaspermisos?aa2d5f3052654cebd2194dd6fa14a58ba254f13fe712cfde629f45d099ef5f1dccc11004c7b4f39aa63f66e8d24385830e988efd1d9a1ffdcbc74d103599250fbb4a8f62ac7f5c828a7511e233e6dcda2010e4a4ee920f9633385959423fecde082dbe8f3c616bd503585f4a2cff81d2968e3756ce96ae89935110d17d4d748a72e808f48fc343d6d1cfca5effa88b9faea6f5ab4dac49bfda7a0c0ded628a56e67f7c6ddb1a63d0d493effad12755d7198ee3d50e760800b7a4843e5b67d10dfe9e4d2a4936b4d35fb59191e739ad717b489f9257984ba2c2e9e9e8f9318595046f5b8f484e70d106d98048ab722a80,gx-no-cache=1506947314265 HTTP/1.1" 200 63
186.79.94.136 - - [02/Oct/2017:09:28:00 -0300] "POST /cormun/servlet/licenciaspermisos?3f1bf1dd1d2784130b304586a5b0b248,INS,0,,,,gx-no-cache=1506947314629 HTTP/1.1" 200 93
186.103.156.166 - - [02/Oct/2017:09:28:00 -0300] "POST /cormun/servlet/permisosadjuntos?3c60e5a3efff8ed9cf87342ce8a7f57f,INS,13803850,P,20171002091924,, HTTP/1.1" 200 116
186.103.156.166 - - [02/Oct/2017:09:28:00 -0300] "GET /cormun/servlet/hpexe_return? HTTP/1.1" 200 1035
186.103.156.166 - - [02/Oct/2017:09:28:01 -0300] "GET /cormun/servlet/trpermisosadjuntos?13803850,20171002091924,P, HTTP/1.1" 200 6558
186.79.94.136 - - [02/Oct/2017:09:28:01 -0300] "GET /cormun/servlet/hpexe_return? HTTP/1.1" 200 1013
186.79.94.136 - - [02/Oct/2017:09:28:01 -0300] "GET /cormun/static/gxcfg.js?2016101716175148 HTTP/1.1" 304 -
186.103.156.166 - - [02/Oct/2017:09:28:01 -0300] "GET /cormun/servlet/trpermisosadjuntos?13803850,20171002091924,P, HTTP/1.1" 200 6555
186.79.94.136 - - [02/Oct/2017:09:28:02 -0300] "GET /cormun/servlet/trlicencias HTTP/1.1" 200 13410
186.79.94.136 - - [02/Oct/2017:09:28:03 -0300] "GET /cormun/servlet/trlicencias HTTP/1.1" 200 13407
186.103.156.166 - - [02/Oct/2017:09:28:05 -0300] "POST /cormun/servlet/trpermisosadjuntos?3c60e5a3efff8ed9cf87342ce8a7f57f,13803850,20171002091924,P,,gx-no-cache=1506950915294 HTTP/1.1" 200 90
186.103.156.166 - - [02/Oct/2017:09:28:05 -0300] "GET /cormun/servlet/hpexe_link HTTP/1.1" 200 981
186.103.156.166 - - [02/Oct/2017:09:28:06 -0300] "GET /cormun/servlet/trpermisosgoce HTTP/1.1" 200 9908
186.67.172.234 - - [02/Oct/2017:09:28:06 -0300] "POST /cormun/servlet/solicitudotadjuntos?gx-no-cache=1506947316358 HTTP/1.1" 200 26
186.103.156.166 - - [02/Oct/2017:09:28:07 -0300] "GET /cormun/servlet/trpermisosgoce HTTP/1.1" 200 9907
186.79.94.136 - - [02/Oct/2017:09:28:08 -0300] "GET /cormun/servlet/trlicenciaspermisosadjuntos?7124117,20171002000000,L, HTTP/1.1" 200 6450
186.67.172.234 - - [02/Oct/2017:09:28:08 -0300] "GET /cormun/PrivateTempStorage/upload_00007043.pdf HTTP/1.1" 304 -
186.79.94.136 - - [02/Oct/2017:09:28:09 -0300] "GET /cormun/static/gxcfg.js?20177612163414 HTTP/1.1" 304 -
186.79.94.136 - - [02/Oct/2017:09:28:10 -0300] "GET /cormun/servlet/trlicenciaspermisosadjuntos?7124117,20171002000000,L, HTTP/1.1" 200 6450
186.79.94.136 - - [02/Oct/2017:09:28:12 -0300] "GET /cormun/servlet/licenciaspermisosadjuntos?INS,7124117,L,20171002000000,, HTTP/1.1" 200 5753
186.79.94.136 - - [02/Oct/2017:09:28:13 -0300] "GET /cormun/static/gxcfg.js?2017761263592 HTTP/1.1" 304 -
186.79.94.136 - - [02/Oct/2017:09:28:13 -0300] "GET /cormun/static/about:blank HTTP/1.1" 404 1011
186.79.94.136 - - [02/Oct/2017:09:28:14 -0300] "GET /cormun/servlet/licenciaspermisosadjuntos?INS,7124117,L,20171002000000,, HTTP/1.1" 200 5743
186.103.156.166 - - [02/Oct/2017:09:28:16 -0300] "POST /cormun/servlet/trpermisosgoce?3c60e5a3efff8ed9cf87342ce8a7f57f,gx-no-cache=1506950925453 HTTP/1.1" 200 7177
186.103.156.166 - - [02/Oct/2017:09:28:16 -0300] "GET /cormun/static/Shared/jqueryui/images/ui-bg_highlight-soft_100_c6c2c8_1x100.png HTTP/1.1" 404 1117
186.103.156.166 - - [02/Oct/2017:09:28:16 -0300] "GET /cormun/static/Shared/jqueryui/images/ui-icons_82798d_256x240.png HTTP/1.1" 404 1089
186.103.156.166 - - [02/Oct/2017:09:28:16 -0300] "GET /cormun/static/Shared/jqueryui/images/ui-bg_flat_55_fafafa_40x100.png HTTP/1.1" 404 1097
186.103.156.166 - - [02/Oct/2017:09:28:16 -0300] "GET /cormun/static/Shared/jqueryui/images/ui-icons_8d78a5_256x240.png HTTP/1.1" 404 1089
186.67.172.234 - - [02/Oct/2017:09:28:18 -0300] "GET /cormun/servlet/solicitudotadjuntos?13d6fe7e720e6d5fd370330fe972ac9186bdffa4a823bff2f25ee7c216a8686e2db652b58ce0b75bacf3440edd10458c,gx-no-cache=1506947328023 HTTP/1.1" 200 30
186.67.172.234 - - [02/Oct/2017:09:28:18 -0300] "GET /cormun/servlet/solicitudotadjuntos?13d6fe7e720e6d5fd370330fe972ac91d8b2602af1bf5fae3253c9902683ab962db652b58ce0b75bacf3440edd10458c,gx-no-cache=1506947328043 HTTP/1.1" 200 30
186.67.172.234 - - [02/Oct/2017:09:28:24 -0300] "POST /cormun/servlet/solicitudotadjuntos?b9709939d419eb6bb18db26dbaba8f7e,INS,2017,7471,,1, HTTP/1.1" 200 116
186.67.172.234 - - [02/Oct/2017:09:28:24 -0300] "GET /cormun/servlet/hpexe_return? HTTP/1.1" 200 1027
186.67.172.234 - - [02/Oct/2017:09:28:29 -0300] "GET /cormun/servlet/trsolicitudadjuntos?2017,7471, HTTP/1.1" 200 8871
186.103.156.166 - - [02/Oct/2017:09:28:30 -0300] "GET /cormun/servlet/hlogin HTTP/1.1" 200 1735
186.67.172.234 - - [02/Oct/2017:09:28:33 -0300] "GET /cormun/servlet/trsolicitudadjuntos?2017,7471, HTTP/1.1" 200 8870
186.67.172.234 - - [02/Oct/2017:09:28:36 -0300] "POST /cormun/servlet/trsolicitudadjuntos?b9709939d419eb6bb18db26dbaba8f7e,2017,7471,,gx-no-cache=1506947346510 HTTP/1.1" 200 90
186.67.172.234 - - [02/Oct/2017:09:28:36 -0300] "GET /cormun/servlet/hpexe_link HTTP/1.1" 200 992
186.67.172.234 - - [02/Oct/2017:09:28:37 -0300] "GET /cormun/servlet/trsolicitudot?gx-no-cache=1506947027997 HTTP/1.1" 200 13780
186.67.172.234 - - [02/Oct/2017:09:28:38 -0300] "GET /cormun/servlet/trsolicitudot?gx-no-cache=1506947027997 HTTP/1.1" 200 13800
186.67.172.234 - - [02/Oct/2017:09:28:43 -0300] "POST /cormun/servlet/trsolicitudot?b9709939d419eb6bb18db26dbaba8f7e,gx-no-cache=1506947027997,gx-no-cache=1506947352883 HTTP/1.1" 200 10987
186.103.156.166 - - [02/Oct/2017:09:28:51 -0300] "POST /cormun/servlet/hlogin?3c60e5a3efff8ed9cf87342ce8a7f57f,gx-no-cache=1506950961297 HTTP/1.1" 200 90
186.103.156.166 - - [02/Oct/2017:09:28:51 -0300] "GET /cormun/servlet/hpexe_link HTTP/1.1" 200 949
186.103.156.166 - - [02/Oct/2017:09:28:52 -0300] "GET /cormun/servlet/hhome HTTP/1.1" 200 4056
186.103.156.166 - - [02/Oct/2017:09:28:52 -0300] "GET /cormun/servlet/hhome HTTP/1.1" 200 4053
186.67.172.234 - - [02/Oct/2017:09:28:55 -0300] "POST /cormun/servlet/trsolicitudot?b9709939d419eb6bb18db26dbaba8f7e,gx-no-cache=1506947027997,gx-no-cache=1506947365309 HTTP/1.1" 200 106
186.103.156.166 - - [02/Oct/2017:09:28:58 -0300] "GET /cormun/servlet/trautorizarpermisogoce? HTTP/1.1" 200 7720
186.103.156.166 - - [02/Oct/2017:09:28:58 -0300] "GET /cormun/static/gxcfg.js?20176272062650 HTTP/1.1" 304 -
186.103.156.166 - - [02/Oct/2017:09:28:59 -0300] "GET /cormun/servlet/trautorizarpermisogoce? HTTP/1.1" 200 7718
186.67.172.234 - - [02/Oct/2017:09:28:59 -0300] "GET /cormun/servlet/trsolicitudadjuntos?2017,7471, HTTP/1.1" 200 8888
186.67.172.234 - - [02/Oct/2017:09:29:04 -0300] "GET /cormun/servlet/trsolicitudadjuntos?2017,7471, HTTP/1.1" 200 8872
186.79.94.136 - - [02/Oct/2017:09:29:06 -0300] "POST /cormun/servlet/licenciaspermisosadjuntos?3f1bf1dd1d2784130b304586a5b0b248,INS,7124117,L,20171002000000,, HTTP/1.1" 200 116
186.79.94.136 - - [02/Oct/2017:09:29:06 -0300] "GET /cormun/servlet/hpexe_return? HTTP/1.1" 200 1042
186.79.94.136 - - [02/Oct/2017:09:29:07 -0300] "GET /cormun/servlet/trlicenciaspermisosadjuntos?7124117,20171002000000,L, HTTP/1.1" 200 6948
186.79.94.136 - - [02/Oct/2017:09:29:08 -0300] "GET /cormun/servlet/trlicenciaspermisosadjuntos?7124117,20171002000000,L, HTTP/1.1" 200 6944
186.79.94.136 - - [02/Oct/2017:09:29:12 -0300] "POST /cormun/servlet/trlicenciaspermisosadjuntos?3f1bf1dd1d2784130b304586a5b0b248,7124117,20171002000000,L,,gx-no-cache=1506947385970 HTTP/1.1" 200 90
186.79.94.136 - - [02/Oct/2017:09:29:13 -0300] "GET /cormun/servlet/hpexe_link HTTP/1.1" 200 984
186.103.156.166 - - [02/Oct/2017:09:29:14 -0300] "POST /cormun/servlet/trautorizarpermisogoce?3c60e5a3efff8ed9cf87342ce8a7f57f,,gx-no-cache=1506950983949 HTTP/1.1" 200 4238
186.103.156.166 - - [02/Oct/2017:09:29:14 -0300] "GET /cormun/static/Shared/jqueryui/images/ui-bg_highlight-soft_100_c6c2c8_1x100.png HTTP/1.1" 404 1117
186.103.156.166 - - [02/Oct/2017:09:29:14 -0300] "GET /cormun/static/Shared/jqueryui/images/ui-icons_82798d_256x240.png HTTP/1.1" 404 1089
186.103.156.166 - - [02/Oct/2017:09:29:14 -0300] "GET /cormun/static/Shared/jqueryui/images/ui-bg_flat_55_fafafa_40x100.png HTTP/1.1" 404 1097
186.103.156.166 - - [02/Oct/2017:09:29:14 -0300] "GET /cormun/static/Shared/jqueryui/images/ui-icons_8d78a5_256x240.png HTTP/1.1" 404 1089
186.79.94.136 - - [02/Oct/2017:09:29:18 -0300] "GET /cormun/servlet/trlicencias HTTP/1.1" 200 13418
200.30.247.76 - - [02/Oct/2017:09:29:20 -0300] "GET /cormun/servlet/licenciaspermisos?8c29c400b55f6488c1ce80ddb60e992b17a52e15816ecf8c82ffd99b4d211e8de8287b3ebf3bc9713eb661a0ba1bc7e3fadedcd123643e1df970dd0fc8a82c7551fab4e8f8fe12fae9ac79411a1b5df6f9e7f00beb3b9df79cba8078b80a7e74e2632eeeff1ad661e03318c5d55edfc23b231487fb00048af1414539de7c5f4ea73a3b2af87bdacfae3d3bfdb07c443fb9fb17eff1309af2a8619800b4b7bdf3c8a8f29449c86cabff4e504cc99e5a0e,gx-no-cache=1506947393256 HTTP/1.1" 200 30
200.30.247.76 - - [02/Oct/2017:09:29:20 -0300] "POST /cormun/servlet/licenciaspermisos?6e7c1d3a3b7c4de5582c8d0d4332a94d,INS,0,,,,gx-no-cache=1506947393371 HTTP/1.1" 200 4854
186.67.172.234 - - [02/Oct/2017:09:29:21 -0300] "GET /cormun/servlet/solicitudotadjuntos?INS,2017,7471,,2, HTTP/1.1" 200 5890
186.79.94.136 - - [02/Oct/2017:09:29:21 -0300] "GET /cormun/servlet/trlicencias HTTP/1.1" 200 13416
186.67.172.234 - - [02/Oct/2017:09:29:21 -0300] "GET /cormun/static/about:blank HTTP/1.1" 404 1011
186.67.172.234 - - [02/Oct/2017:09:29:21 -0300] "GET /cormun/servlet/solicitudotadjuntos?INS,2017,7471,,2, HTTP/1.1" 200 5884
186.67.172.234 - - [02/Oct/2017:09:29:22 -0300] "GET /cormun/servlet/solicitudotadjuntos?13d6fe7e720e6d5fd370330fe972ac9128f8e1f9efea9507b19248e63b522d05f59a28c0a5f6ecb52bb38edc6d28c0c3,gx-no-cache=1506947392195 HTTP/1.1" 200 30
186.67.172.234 - - [02/Oct/2017:09:29:22 -0300] "POST /cormun/servlet/solicitudotadjuntos?b9709939d419eb6bb18db26dbaba8f7e,INS,2017,7471,,2,,gx-no-cache=1506947392218 HTTP/1.1" 200 3915
200.30.247.76 - - [02/Oct/2017:09:29:23 -0300] "GET /cormun/servlet/prfichaempleado?,MD,,gxPopupLevel%3D0%3B HTTP/1.1" 200 9257
186.79.94.136 - - [02/Oct/2017:09:29:26 -0300] "GET /cormun/servlet/alicenciaprn?7124117,L,20171002000000,PU HTTP/1.1" 200 1619
186.103.156.166 - - [02/Oct/2017:09:29:27 -0300] "GET /cormun/servlet/hlogin HTTP/1.1" 200 1743
200.30.247.76 - - [02/Oct/2017:09:29:35 -0300] "POST /cormun/servlet/prfichaempleado?6e7c1d3a3b7c4de5582c8d0d4332a94d,,MD,,gxPopupLevel%3D0%3B,gx-no-cache=1506947408105 HTTP/1.1" 200 3538
200.30.247.76 - - [02/Oct/2017:09:29:38 -0300] "GET /cormun/servlet/licenciaspermisos?8c29c400b55f6488c1ce80ddb60e992b30d06379832f117e4be94700285b641defb83b37f7a93d4e7f6cdac650dd9cd55840f39d6ae49c3f83bd042f170f1c01fdef13a257a3f05f172141fa3eba1128d0842c332b0796df2bb56746b26f6c7ac11c081c7d3647bd048215713d7d934b4ff87f669738e8b45a2de4d1c950a57b,gx-no-cache=1506947410819 HTTP/1.1" 200 89
200.30.247.76 - - [02/Oct/2017:09:29:38 -0300] "POST /cormun/servlet/licenciaspermisos?6e7c1d3a3b7c4de5582c8d0d4332a94d,INS,0,,,,gx-no-cache=1506947410954 HTTP/1.1" 200 4841
200.30.247.76 - - [02/Oct/2017:09:29:41 -0300] "GET /cormun/servlet/licenciaspermisos?8c29c400b55f6488c1ce80ddb60e992b006b1c68de124eca85399c6c64dae5d43023b67a306bd1e59ac2ad1959105119e0918d2145b560357e9b72516d55c8349e9588e3d55318779553fbdd124ef2f464bb4e5df0a39dc89dd6c7190009ca8d2c3f3cae01879353e7a7e2512e4c65c4999d11d8188c386eb2578fcfbc1e368ec87dd1bbae9712edf754a4caaeea3f932d8994b14b43a343b89575daf3911d5f25c119e74ad6270fadc1ada8d0c64a1c,gx-no-cache=1506947414228 HTTP/1.1" 200 61
186.67.172.234 - - [02/Oct/2017:09:29:43 -0300] "POST /cormun/servlet/solicitudotadjuntos?gx-no-cache=1506947413450 HTTP/1.1" 200 26
186.67.172.234 - - [02/Oct/2017:09:29:43 -0300] "GET /cormun/servlet/solicitudotadjuntos?13d6fe7e720e6d5fd370330fe972ac91d7538cd0b946a0fd1abf872095612a08,gx-no-cache=1506947413467 HTTP/1.1" 200 30
186.67.172.234 - - [02/Oct/2017:09:29:43 -0300] "GET /cormun/servlet/solicitudotadjuntos?13d6fe7e720e6d5fd370330fe972ac91d7538cd0b946a0fd1abf872095612a08,gx-no-cache=1506947413480 HTTP/1.1" 200 30
186.67.172.234 - - [02/Oct/2017:09:29:43 -0300] "POST /cormun/servlet/solicitudotadjuntos?b9709939d419eb6bb18db26dbaba8f7e,INS,2017,7471,,2,,gx-no-cache=1506947413494 HTTP/1.1" 200 3553
186.67.172.234 - - [02/Oct/2017:09:29:50 -0300] "GET /cormun/servlet/solicitudotadjuntos?13d6fe7e720e6d5fd370330fe972ac91d7538cd0b946a0fd1abf872095612a08,gx-no-cache=1506947420534 HTTP/1.1" 200 30
186.67.172.234 - - [02/Oct/2017:09:29:50 -0300] "POST /cormun/servlet/solicitudotadjuntos?b9709939d419eb6bb18db26dbaba8f7e,INS,2017,7471,,2,,gx-no-cache=1506947420553 HTTP/1.1" 200 3553
186.67.172.234 - - [02/Oct/2017:09:29:54 -0300] "POST /cormun/servlet/solicitudotadjuntos?b9709939d419eb6bb18db26dbaba8f7e,INS,2017,7471,,2,,gx-no-cache=1506947424432 HTTP/1.1" 200 93
186.67.172.234 - - [02/Oct/2017:09:29:54 -0300] "GET /cormun/servlet/hpexe_return? HTTP/1.1" 200 1027
186.67.172.234 - - [02/Oct/2017:09:29:59 -0300] "GET /cormun/servlet/trsolicitudadjuntos?2017,7471, HTTP/1.1" 200 8870
186.67.172.234 - - [02/Oct/2017:09:30:03 -0300] "GET /cormun/servlet/trsolicitudadjuntos?2017,7471, HTTP/1.1" 200 8869
200.30.247.76 - - [02/Oct/2017:09:30:05 -0300] "POST /cormun/servlet/licenciaspermisos?6e7c1d3a3b7c4de5582c8d0d4332a94d,INS,0,,,,gx-no-cache=1506947438077 HTTP/1.1" 200 93
200.30.247.76 - - [02/Oct/2017:09:30:05 -0300] "GET /cormun/servlet/hpexe_return? HTTP/1.1" 200 1009
200.30.247.76 - - [02/Oct/2017:09:30:06 -0300] "GET /cormun/static/gxcfg.js?2016101716175148 HTTP/1.1" 200 953
