186.103.159.46 - - [28/Sep/2017:10:49:36 -0300] "GET /cormun/servlet/permisosadjuntos?INS,9999971,P,20170925131055,, HTTP/1.1" 200 5474
186.103.159.46 - - [28/Sep/2017:10:49:36 -0300] "GET /cormun/static/gxcfg.js?201762717441171 HTTP/1.1" 304 -
186.103.159.46 - - [28/Sep/2017:10:49:36 -0300] "GET /cormun/static/about:blank HTTP/1.1" 404 1011
186.103.159.46 - - [28/Sep/2017:10:49:37 -0300] "GET /cormun/servlet/permisosadjuntos?INS,9999971,P,20170925131055,, HTTP/1.1" 200 5464
186.79.72.178 - - [28/Sep/2017:10:49:41 -0300] "GET /cormun/servlet/permisogoce?8d66fc3b193fb52408aa64cc1345f3ddbbefc190f0b877e00ecb60941d2d21646d2dddecfafa61b7f968d77b39c113f7a31f49452253efecd86f02e50475179f,gx-no-cache=1506606614975 HTTP/1.1" 200 47
186.79.72.178 - - [28/Sep/2017:10:49:50 -0300] "POST /cormun/servlet/permisogoce?2c81fb55e2a1d2dd1e1037de7454240a,INS,0,,,,gx-no-cache=1506606622400 HTTP/1.1" 200 93
186.79.72.178 - - [28/Sep/2017:10:49:50 -0300] "GET /cormun/servlet/hpexe_return? HTTP/1.1" 200 1010
186.79.72.178 - - [28/Sep/2017:10:49:51 -0300] "GET /cormun/servlet/trpermisosgoce HTTP/1.1" 200 16828
186.79.72.178 - - [28/Sep/2017:10:49:52 -0300] "GET /cormun/servlet/trpermisosgoce HTTP/1.1" 200 16843
186.103.159.46 - - [28/Sep/2017:10:49:56 -0300] "POST /cormun/servlet/permisosadjuntos?c4c6626ab9f467f402f1fd5e1dae4b12,INS,9999971,P,20170925131055,, HTTP/1.1" 200 116
186.103.159.46 - - [28/Sep/2017:10:49:56 -0300] "GET /cormun/servlet/hpexe_return? HTTP/1.1" 200 1030
186.103.159.46 - - [28/Sep/2017:10:49:57 -0300] "GET /cormun/servlet/trpermisosadjuntos?9999971,20170925131055,P, HTTP/1.1" 200 6513
186.103.159.46 - - [28/Sep/2017:10:49:58 -0300] "GET /cormun/servlet/trpermisosadjuntos?9999971,20170925131055,P, HTTP/1.1" 200 6511
186.79.72.178 - - [28/Sep/2017:10:50:06 -0300] "GET /cormun/servlet/trpermisosadjuntos?7151905,20170928104504,P, HTTP/1.1" 200 6420
186.79.72.178 - - [28/Sep/2017:10:50:06 -0300] "GET /cormun/static/gxcfg.js?201762817193957 HTTP/1.1" 200 953
186.79.72.178 - - [28/Sep/2017:10:50:07 -0300] "GET /cormun/static/trpermisosadjuntos.js?201762817194366 HTTP/1.1" 200 20158
186.79.72.178 - - [28/Sep/2017:10:50:08 -0300] "GET /cormun/servlet/trpermisosadjuntos?7151905,20170928104504,P, HTTP/1.1" 200 6420
186.79.72.178 - - [28/Sep/2017:10:50:10 -0300] "GET /cormun/servlet/permisosadjuntos?INS,7151905,P,20170928104504,, HTTP/1.1" 200 5751
186.79.72.178 - - [28/Sep/2017:10:50:10 -0300] "GET /cormun/static/gxcfg.js?201762717441171 HTTP/1.1" 200 953
186.79.72.178 - - [28/Sep/2017:10:50:10 -0300] "GET /cormun/static/permisosadjuntos.js?201762717441184 HTTP/1.1" 200 8724
186.79.72.178 - - [28/Sep/2017:10:50:10 -0300] "GET /cormun/static/about:blank HTTP/1.1" 404 1011
186.79.72.178 - - [28/Sep/2017:10:50:11 -0300] "GET /cormun/servlet/permisosadjuntos?INS,7151905,P,20170928104504,, HTTP/1.1" 200 5742
200.111.191.210 - - [28/Sep/2017:10:50:13 -0300] "GET /cormun/servlet/trpermisosgoce? HTTP/1.1" 200 6073
200.111.191.210 - - [28/Sep/2017:10:50:13 -0300] "GET /cormun/servlet/hlogin HTTP/1.1" 200 1737
200.111.191.210 - - [28/Sep/2017:10:50:13 -0300] "GET /cormun/servlet/trpermisosgoce? HTTP/1.1" 200 6073
200.111.191.210 - - [28/Sep/2017:10:50:18 -0300] "POST /cormun/servlet/hlogin?03b74fb89ff54ec81502c09a01a0e68b,gx-no-cache=1506606651554 HTTP/1.1" 200 90
200.111.191.210 - - [28/Sep/2017:10:50:18 -0300] "GET /cormun/servlet/hpexe_link HTTP/1.1" 200 956
200.111.191.210 - - [28/Sep/2017:10:50:18 -0300] "GET /cormun/servlet/trpermisosgoce HTTP/1.1" 200 14968
200.111.191.210 - - [28/Sep/2017:10:50:18 -0300] "GET /cormun/servlet/trpermisosgoce HTTP/1.1" 200 14956
200.111.191.210 - - [28/Sep/2017:10:50:22 -0300] "GET /cormun/servlet/permisogoce?UPD,13598462,P,20170927115527, HTTP/1.1" 200 6793
200.111.191.210 - - [28/Sep/2017:10:50:22 -0300] "GET /cormun/static/gxcfg.js?201776126440 HTTP/1.1" 304 -
200.111.191.210 - - [28/Sep/2017:10:50:22 -0300] "GET /cormun/static/permisogoce.js?2017761264459 HTTP/1.1" 304 -
200.111.191.210 - - [28/Sep/2017:10:50:22 -0300] "GET /cormun/servlet/permisogoce?UPD,13598462,P,20170927115527, HTTP/1.1" 200 6794
186.103.159.46 - - [28/Sep/2017:10:50:23 -0300] "GET /cormun/servlet/trpermisosgoce? HTTP/1.1" 200 13270
200.111.191.210 - - [28/Sep/2017:10:50:23 -0300] "GET /cormun/servlet/permisogoce?4921ce39c7b4797bb08c9e5ec7d4ed9df2efa1312de4206da4e03fe83991d707154193bb0124daa3fb4516a5d5cb1cd357f3a61df113c207388125266f2045b4,gx-no-cache=1506606657029 HTTP/1.1" 200 80
186.103.159.46 - - [28/Sep/2017:10:50:25 -0300] "GET /cormun/servlet/trpermisosgoce? HTTP/1.1" 200 13226
200.111.191.210 - - [28/Sep/2017:10:50:29 -0300] "POST /cormun/servlet/permisogoce?03b74fb89ff54ec81502c09a01a0e68b,UPD,13598462,P,20170927115527,,gx-no-cache=1506606662642 HTTP/1.1" 200 93
200.111.191.210 - - [28/Sep/2017:10:50:29 -0300] "GET /cormun/servlet/hpexe_return? HTTP/1.1" 200 1030
200.111.191.210 - - [28/Sep/2017:10:50:29 -0300] "GET /cormun/servlet/trpermisosgoce HTTP/1.1" 200 14973
200.111.191.210 - - [28/Sep/2017:10:50:29 -0300] "GET /cormun/servlet/trpermisosgoce HTTP/1.1" 200 14959
200.111.191.210 - - [28/Sep/2017:10:50:32 -0300] "GET /cormun/servlet/permisogoce?UPD,13598462,P,20170927115527, HTTP/1.1" 200 6798
200.111.191.210 - - [28/Sep/2017:10:50:32 -0300] "GET /cormun/servlet/permisogoce?UPD,13598462,P,20170927115527, HTTP/1.1" 200 6798
200.111.191.210 - - [28/Sep/2017:10:50:33 -0300] "GET /cormun/servlet/permisogoce?4921ce39c7b4797bb08c9e5ec7d4ed9df2efa1312de4206da4e03fe83991d707154193bb0124daa3fb4516a5d5cb1cd357f3a61df113c207388125266f2045b4,gx-no-cache=1506606666684 HTTP/1.1" 200 80
200.111.191.210 - - [28/Sep/2017:10:50:40 -0300] "GET /cormun/servlet/permisogoce?4921ce39c7b4797bb08c9e5ec7d4ed9d49cc16009ea7a56f2d61964f7782210dc1463598fc11839fff6a2d9b3a5ae23a06bd339c7fbab018c021013b1bc7d115,gx-no-cache=1506606674460 HTTP/1.1" 200 47
186.79.72.178 - - [28/Sep/2017:10:50:44 -0300] "POST /cormun/servlet/permisosadjuntos?2c81fb55e2a1d2dd1e1037de7454240a,INS,7151905,P,20170928104504,, HTTP/1.1" 200 116
186.79.72.178 - - [28/Sep/2017:10:50:44 -0300] "GET /cormun/servlet/hpexe_return? HTTP/1.1" 200 1038
200.111.191.210 - - [28/Sep/2017:10:50:44 -0300] "POST /cormun/servlet/permisogoce?03b74fb89ff54ec81502c09a01a0e68b,UPD,13598462,P,20170927115527,,gx-no-cache=1506606678307 HTTP/1.1" 200 93
200.111.191.210 - - [28/Sep/2017:10:50:44 -0300] "GET /cormun/servlet/hpexe_return? HTTP/1.1" 200 1030
200.111.191.210 - - [28/Sep/2017:10:50:45 -0300] "GET /cormun/servlet/trpermisosgoce HTTP/1.1" 200 14974
186.79.72.178 - - [28/Sep/2017:10:50:45 -0300] "GET /cormun/servlet/trpermisosadjuntos?7151905,20170928104504,P, HTTP/1.1" 200 6904
200.111.191.210 - - [28/Sep/2017:10:50:45 -0300] "GET /cormun/servlet/trpermisosgoce HTTP/1.1" 200 14972
186.79.72.178 - - [28/Sep/2017:10:50:46 -0300] "GET /cormun/servlet/trpermisosadjuntos?7151905,20170928104504,P, HTTP/1.1" 200 6901
200.111.191.210 - - [28/Sep/2017:10:50:47 -0300] "GET /cormun/servlet/apermisogoceprn?13598462,P,20170927115527,PU HTTP/1.1" 200 1690
186.79.72.178 - - [28/Sep/2017:10:50:49 -0300] "POST /cormun/servlet/trpermisosadjuntos?2c81fb55e2a1d2dd1e1037de7454240a,7151905,20170928104504,P,,gx-no-cache=1506606681835 HTTP/1.1" 200 90
186.79.72.178 - - [28/Sep/2017:10:50:49 -0300] "GET /cormun/servlet/hpexe_link HTTP/1.1" 200 984
186.79.72.178 - - [28/Sep/2017:10:50:51 -0300] "GET /cormun/servlet/trpermisosgoce HTTP/1.1" 200 16857
186.79.72.178 - - [28/Sep/2017:10:50:52 -0300] "GET /cormun/servlet/trpermisosgoce HTTP/1.1" 200 16869
186.103.159.46 - - [28/Sep/2017:10:50:53 -0300] "GET /cormun/servlet/trpermisosadjuntos?9072136,20170925130924,P, HTTP/1.1" 200 5969
186.103.159.46 - - [28/Sep/2017:10:50:55 -0300] "GET /cormun/servlet/trpermisosadjuntos?9072136,20170925130924,P, HTTP/1.1" 200 5969
186.103.159.46 - - [28/Sep/2017:10:50:57 -0300] "GET /cormun/servlet/permisosadjuntos?INS,9072136,P,20170925130924,, HTTP/1.1" 200 5477
186.103.159.46 - - [28/Sep/2017:10:50:58 -0300] "GET /cormun/static/about:blank HTTP/1.1" 404 1011
186.103.159.46 - - [28/Sep/2017:10:50:59 -0300] "GET /cormun/servlet/permisosadjuntos?INS,9072136,P,20170925130924,, HTTP/1.1" 200 5467
186.79.72.178 - - [28/Sep/2017:10:51:02 -0300] "POST /cormun/servlet/trpermisosgoce?2c81fb55e2a1d2dd1e1037de7454240a,gx-no-cache=1506606693692 HTTP/1.1" 200 14070
186.79.72.178 - - [28/Sep/2017:10:51:03 -0300] "GET /cormun/static/Shared/jqueryui/images/ui-bg_highlight-soft_100_c6c2c8_1x100.png HTTP/1.1" 404 1117
186.79.72.178 - - [28/Sep/2017:10:51:03 -0300] "GET /cormun/static/Shared/jqueryui/images/ui-icons_82798d_256x240.png HTTP/1.1" 404 1089
186.79.72.178 - - [28/Sep/2017:10:51:03 -0300] "GET /cormun/static/Shared/jqueryui/images/ui-bg_flat_55_fafafa_40x100.png HTTP/1.1" 404 1097
186.79.72.178 - - [28/Sep/2017:10:51:03 -0300] "GET /cormun/static/Shared/jqueryui/images/ui-icons_8d78a5_256x240.png HTTP/1.1" 404 1089
186.79.72.178 - - [28/Sep/2017:10:51:18 -0300] "GET /cormun/servlet/trpermisosadjuntos?5757114,20170928104841,P, HTTP/1.1" 200 6417
186.79.72.178 - - [28/Sep/2017:10:51:19 -0300] "GET /cormun/servlet/trpermisosadjuntos?5757114,20170928104841,P, HTTP/1.1" 200 6417
186.79.72.178 - - [28/Sep/2017:10:51:21 -0300] "GET /cormun/servlet/permisosadjuntos?INS,5757114,P,20170928104841,, HTTP/1.1" 200 5750
186.79.72.178 - - [28/Sep/2017:10:51:21 -0300] "GET /cormun/static/about:blank HTTP/1.1" 404 1011
186.79.72.178 - - [28/Sep/2017:10:51:22 -0300] "GET /cormun/servlet/permisosadjuntos?INS,5757114,P,20170928104841,, HTTP/1.1" 200 5740
186.103.159.46 - - [28/Sep/2017:10:51:27 -0300] "GET /cormun/servlet/trpermisosgoce? HTTP/1.1" 200 13282
186.103.159.46 - - [28/Sep/2017:10:51:29 -0300] "GET /cormun/servlet/trpermisosgoce? HTTP/1.1" 200 13248
186.79.72.178 - - [28/Sep/2017:10:51:45 -0300] "POST /cormun/servlet/permisosadjuntos?2c81fb55e2a1d2dd1e1037de7454240a,INS,5757114,P,20170928104841,, HTTP/1.1" 200 116
186.79.72.178 - - [28/Sep/2017:10:51:45 -0300] "GET /cormun/servlet/hpexe_return? HTTP/1.1" 200 1039
186.79.72.178 - - [28/Sep/2017:10:51:45 -0300] "GET /cormun/servlet/trpermisosadjuntos?5757114,20170928104841,P, HTTP/1.1" 200 6905
186.79.72.178 - - [28/Sep/2017:10:51:46 -0300] "GET /cormun/servlet/trpermisosadjuntos?5757114,20170928104841,P, HTTP/1.1" 200 6902
186.79.72.178 - - [28/Sep/2017:10:51:50 -0300] "POST /cormun/servlet/trpermisosadjuntos?2c81fb55e2a1d2dd1e1037de7454240a,5757114,20170928104841,P,,gx-no-cache=1506606742712 HTTP/1.1" 200 90
186.79.72.178 - - [28/Sep/2017:10:51:50 -0300] "GET /cormun/servlet/hpexe_link HTTP/1.1" 200 1004
186.79.72.178 - - [28/Sep/2017:10:51:50 -0300] "GET /cormun/servlet/trpermisosgoce?gx-no-cache=1506606693692 HTTP/1.1" 200 16865
186.79.72.178 - - [28/Sep/2017:10:51:52 -0300] "GET /cormun/servlet/trpermisosgoce?gx-no-cache=1506606693692 HTTP/1.1" 200 16858
186.103.159.46 - - [28/Sep/2017:10:51:57 -0300] "POST /cormun/servlet/trpermisosgoce?c4c6626ab9f467f402f1fd5e1dae4b12,,gx-no-cache=1506606750757 HTTP/1.1" 200 90
186.103.159.46 - - [28/Sep/2017:10:51:57 -0300] "GET /cormun/servlet/hpexe_link HTTP/1.1" 200 983
186.103.159.46 - - [28/Sep/2017:10:51:58 -0300] "GET /cormun/servlet/permisosadjuntos?INS,9072136,P,20170925130924,, HTTP/1.1" 200 5468
186.103.159.46 - - [28/Sep/2017:10:51:58 -0300] "GET /cormun/static/about:blank HTTP/1.1" 404 1011
186.79.72.178 - - [28/Sep/2017:10:51:58 -0300] "POST /cormun/servlet/trpermisosgoce?2c81fb55e2a1d2dd1e1037de7454240a,gx-no-cache=1506606693692,gx-no-cache=1506606749714 HTTP/1.1" 200 14055
186.79.72.178 - - [28/Sep/2017:10:51:59 -0300] "GET /cormun/static/Shared/jqueryui/images/ui-bg_highlight-soft_100_c6c2c8_1x100.png HTTP/1.1" 404 1117
186.79.72.178 - - [28/Sep/2017:10:51:59 -0300] "GET /cormun/static/Shared/jqueryui/images/ui-icons_82798d_256x240.png HTTP/1.1" 404 1089
186.79.72.178 - - [28/Sep/2017:10:51:59 -0300] "GET /cormun/static/Shared/jqueryui/images/ui-bg_flat_55_fafafa_40x100.png HTTP/1.1" 404 1097
186.79.72.178 - - [28/Sep/2017:10:51:59 -0300] "GET /cormun/static/Shared/jqueryui/images/ui-icons_8d78a5_256x240.png HTTP/1.1" 404 1089
186.103.159.46 - - [28/Sep/2017:10:51:59 -0300] "GET /cormun/servlet/permisosadjuntos?INS,9072136,P,20170925130924,, HTTP/1.1" 200 5468
186.79.72.178 - - [28/Sep/2017:10:52:03 -0300] "GET /cormun/servlet/trpermisosadjuntos?24698895,20170928104330,P, HTTP/1.1" 200 6441
186.79.72.178 - - [28/Sep/2017:10:52:04 -0300] "GET /cormun/servlet/trpermisosadjuntos?24698895,20170928104330,P, HTTP/1.1" 200 6421
186.79.72.178 - - [28/Sep/2017:10:52:13 -0300] "GET /cormun/servlet/permisosadjuntos?INS,24698895,P,20170928104330,, HTTP/1.1" 200 5751
186.79.72.178 - - [28/Sep/2017:10:52:13 -0300] "GET /cormun/static/about:blank HTTP/1.1" 404 1011
186.79.72.178 - - [28/Sep/2017:10:52:14 -0300] "GET /cormun/servlet/permisosadjuntos?INS,24698895,P,20170928104330,, HTTP/1.1" 200 5740
186.79.72.178 - - [28/Sep/2017:10:52:28 -0300] "POST /cormun/servlet/permisosadjuntos?2c81fb55e2a1d2dd1e1037de7454240a,INS,24698895,P,20170928104330,, HTTP/1.1" 200 116
186.79.72.178 - - [28/Sep/2017:10:52:28 -0300] "GET /cormun/servlet/hpexe_return? HTTP/1.1" 200 1039
186.79.72.178 - - [28/Sep/2017:10:52:29 -0300] "GET /cormun/servlet/trpermisosadjuntos?24698895,20170928104330,P, HTTP/1.1" 200 6906
186.79.72.178 - - [28/Sep/2017:10:52:30 -0300] "GET /cormun/servlet/trpermisosadjuntos?24698895,20170928104330,P, HTTP/1.1" 200 6903
186.79.72.178 - - [28/Sep/2017:10:52:32 -0300] "POST /cormun/servlet/trpermisosadjuntos?2c81fb55e2a1d2dd1e1037de7454240a,24698895,20170928104330,P,,gx-no-cache=1506606785374 HTTP/1.1" 200 90
186.79.72.178 - - [28/Sep/2017:10:52:32 -0300] "GET /cormun/servlet/hpexe_link HTTP/1.1" 200 1005
186.79.72.178 - - [28/Sep/2017:10:52:33 -0300] "GET /cormun/servlet/trpermisosgoce?gx-no-cache=1506606693692 HTTP/1.1" 200 16839
186.79.72.178 - - [28/Sep/2017:10:52:35 -0300] "GET /cormun/servlet/trpermisosgoce?gx-no-cache=1506606693692 HTTP/1.1" 200 16865
186.103.159.46 - - [28/Sep/2017:10:52:42 -0300] "POST /cormun/servlet/permisosadjuntos?c4c6626ab9f467f402f1fd5e1dae4b12,INS,9072136,P,20170925130924,, HTTP/1.1" 200 116
186.103.159.46 - - [28/Sep/2017:10:52:42 -0300] "GET /cormun/servlet/hpexe_return? HTTP/1.1" 200 1032
186.103.159.46 - - [28/Sep/2017:10:52:42 -0300] "GET /cormun/servlet/trpermisosadjuntos?9072136,20170925130924,P, HTTP/1.1" 200 6519
186.79.72.178 - - [28/Sep/2017:10:52:43 -0300] "POST /cormun/servlet/trpermisosgoce?2c81fb55e2a1d2dd1e1037de7454240a,gx-no-cache=1506606693692,gx-no-cache=1506606794241 HTTP/1.1" 200 14062
186.103.159.46 - - [28/Sep/2017:10:52:44 -0300] "GET /cormun/servlet/trpermisosadjuntos?9072136,20170925130924,P, HTTP/1.1" 200 6516
186.79.72.178 - - [28/Sep/2017:10:52:44 -0300] "GET /cormun/static/Shared/jqueryui/images/ui-bg_highlight-soft_100_c6c2c8_1x100.png HTTP/1.1" 404 1117
186.79.72.178 - - [28/Sep/2017:10:52:45 -0300] "GET /cormun/static/Shared/jqueryui/images/ui-icons_82798d_256x240.png HTTP/1.1" 404 1089
186.79.72.178 - - [28/Sep/2017:10:52:45 -0300] "GET /cormun/static/Shared/jqueryui/images/ui-bg_flat_55_fafafa_40x100.png HTTP/1.1" 404 1097
186.79.72.178 - - [28/Sep/2017:10:52:45 -0300] "GET /cormun/static/Shared/jqueryui/images/ui-icons_8d78a5_256x240.png HTTP/1.1" 404 1089
186.79.72.178 - - [28/Sep/2017:10:52:49 -0300] "GET /cormun/servlet/trpermisosadjuntos?15259664,20170928104816,P, HTTP/1.1" 200 6448
186.79.72.178 - - [28/Sep/2017:10:52:50 -0300] "GET /cormun/servlet/trpermisosadjuntos?15259664,20170928104816,P, HTTP/1.1" 200 6428
186.79.72.178 - - [28/Sep/2017:10:52:52 -0300] "GET /cormun/servlet/permisosadjuntos?INS,15259664,P,20170928104816,, HTTP/1.1" 200 5761
186.79.72.178 - - [28/Sep/2017:10:52:53 -0300] "GET /cormun/static/about:blank HTTP/1.1" 404 1011
186.79.72.178 - - [28/Sep/2017:10:52:54 -0300] "GET /cormun/servlet/permisosadjuntos?INS,15259664,P,20170928104816,, HTTP/1.1" 200 5750
186.103.159.46 - - [28/Sep/2017:10:52:58 -0300] "GET /cormun/servlet/permisosadjuntos?INS,9072136,P,20170925130924,, HTTP/1.1" 200 5478
186.103.159.46 - - [28/Sep/2017:10:52:59 -0300] "GET /cormun/static/about:blank HTTP/1.1" 404 1011
186.103.159.46 - - [28/Sep/2017:10:53:00 -0300] "GET /cormun/servlet/permisosadjuntos?INS,9072136,P,20170925130924,, HTTP/1.1" 200 5468
186.103.159.46 - - [28/Sep/2017:10:53:11 -0300] "GET /cormun/servlet/trpermisosgoce? HTTP/1.1" 200 13271
186.103.159.46 - - [28/Sep/2017:10:53:14 -0300] "GET /cormun/servlet/trpermisosgoce? HTTP/1.1" 200 13212
186.79.72.178 - - [28/Sep/2017:10:53:20 -0300] "POST /cormun/servlet/permisosadjuntos?2c81fb55e2a1d2dd1e1037de7454240a,INS,15259664,P,20170928104816,, HTTP/1.1" 200 116
186.79.72.178 - - [28/Sep/2017:10:53:21 -0300] "GET /cormun/servlet/hpexe_return? HTTP/1.1" 200 1039
186.79.72.178 - - [28/Sep/2017:10:53:21 -0300] "GET /cormun/servlet/trpermisosadjuntos?15259664,20170928104816,P, HTTP/1.1" 200 6921
186.79.72.178 - - [28/Sep/2017:10:53:23 -0300] "GET /cormun/servlet/trpermisosadjuntos?15259664,20170928104816,P, HTTP/1.1" 200 6918
186.103.159.46 - - [28/Sep/2017:10:53:24 -0300] "GET /cormun/servlet/trpermisosadjuntos?9072136,20170925130924,P, HTTP/1.1" 200 6515
186.79.72.178 - - [28/Sep/2017:10:53:25 -0300] "POST /cormun/servlet/trpermisosadjuntos?2c81fb55e2a1d2dd1e1037de7454240a,15259664,20170928104816,P,,gx-no-cache=1506606837625 HTTP/1.1" 200 90
186.79.72.178 - - [28/Sep/2017:10:53:25 -0300] "GET /cormun/servlet/hpexe_link HTTP/1.1" 200 1005
186.103.159.46 - - [28/Sep/2017:10:53:26 -0300] "GET /cormun/servlet/trpermisosadjuntos?9072136,20170925130924,P, HTTP/1.1" 200 6515
186.79.72.178 - - [28/Sep/2017:10:53:26 -0300] "GET /cormun/servlet/trpermisosgoce?gx-no-cache=1506606693692 HTTP/1.1" 200 16860
186.79.72.178 - - [28/Sep/2017:10:53:27 -0300] "GET /cormun/servlet/trpermisosgoce?gx-no-cache=1506606693692 HTTP/1.1" 200 16844
186.103.159.46 - - [28/Sep/2017:10:53:32 -0300] "GET /cormun/servlet/trpermisosgoce? HTTP/1.1" 200 13276
186.79.72.178 - - [28/Sep/2017:10:53:32 -0300] "POST /cormun/servlet/trpermisosgoce?2c81fb55e2a1d2dd1e1037de7454240a,gx-no-cache=1506606693692,gx-no-cache=1506606843801 HTTP/1.1" 200 14054
186.103.159.46 - - [28/Sep/2017:10:53:33 -0300] "GET /cormun/servlet/trpermisosgoce? HTTP/1.1" 200 13228
186.79.72.178 - - [28/Sep/2017:10:53:35 -0300] "GET /cormun/static/Shared/jqueryui/images/ui-bg_highlight-soft_100_c6c2c8_1x100.png HTTP/1.1" 404 1117
186.79.72.178 - - [28/Sep/2017:10:53:35 -0300] "GET /cormun/static/Shared/jqueryui/images/ui-icons_82798d_256x240.png HTTP/1.1" 404 1089
186.79.72.178 - - [28/Sep/2017:10:53:36 -0300] "GET /cormun/static/Shared/jqueryui/images/ui-bg_flat_55_fafafa_40x100.png HTTP/1.1" 404 1097
186.79.72.178 - - [28/Sep/2017:10:53:36 -0300] "GET /cormun/static/Shared/jqueryui/images/ui-icons_8d78a5_256x240.png HTTP/1.1" 404 1089
186.79.72.178 - - [28/Sep/2017:10:53:39 -0300] "GET /cormun/servlet/trpermisosadjuntos?17917363,20170928104529,P, HTTP/1.1" 200 6440
186.79.72.178 - - [28/Sep/2017:10:53:40 -0300] "GET /cormun/servlet/trpermisosadjuntos?17917363,20170928104529,P, HTTP/1.1" 200 6420
186.103.159.46 - - [28/Sep/2017:10:53:42 -0300] "POST /cormun/servlet/trpermisosgoce?c4c6626ab9f467f402f1fd5e1dae4b12,,gx-no-cache=1506606854641 HTTP/1.1" 200 10450
186.79.72.178 - - [28/Sep/2017:10:53:42 -0300] "GET /cormun/servlet/permisosadjuntos?INS,17917363,P,20170928104529,, HTTP/1.1" 200 5753
186.103.159.46 - - [28/Sep/2017:10:53:42 -0300] "GET /cormun/static/Shared/jqueryui/images/ui-bg_highlight-soft_100_c6c2c8_1x100.png HTTP/1.1" 404 1117
186.103.159.46 - - [28/Sep/2017:10:53:42 -0300] "GET /cormun/static/Shared/jqueryui/images/ui-icons_82798d_256x240.png HTTP/1.1" 404 1089
186.79.72.178 - - [28/Sep/2017:10:53:42 -0300] "GET /cormun/static/about:blank HTTP/1.1" 404 1011
186.103.159.46 - - [28/Sep/2017:10:53:42 -0300] "GET /cormun/static/Shared/jqueryui/images/ui-bg_flat_55_fafafa_40x100.png HTTP/1.1" 404 1097
186.103.159.46 - - [28/Sep/2017:10:53:42 -0300] "GET /cormun/static/Shared/jqueryui/images/ui-icons_8d78a5_256x240.png HTTP/1.1" 404 1089
186.79.72.178 - - [28/Sep/2017:10:53:43 -0300] "GET /cormun/servlet/permisosadjuntos?INS,17917363,P,20170928104529,, HTTP/1.1" 200 5740
186.103.159.46 - - [28/Sep/2017:10:53:48 -0300] "POST /cormun/servlet/trpermisosgoce?c4c6626ab9f467f402f1fd5e1dae4b12,,gx-no-cache=1506606860984 HTTP/1.1" 200 10441
186.79.72.178 - - [28/Sep/2017:10:54:02 -0300] "POST /cormun/servlet/permisosadjuntos?2c81fb55e2a1d2dd1e1037de7454240a,INS,17917363,P,20170928104529,, HTTP/1.1" 200 116
186.79.72.178 - - [28/Sep/2017:10:54:02 -0300] "GET /cormun/servlet/hpexe_return? HTTP/1.1" 200 1040
186.79.72.178 - - [28/Sep/2017:10:54:03 -0300] "GET /cormun/servlet/trpermisosadjuntos?17917363,20170928104529,P, HTTP/1.1" 200 6906
186.79.72.178 - - [28/Sep/2017:10:54:04 -0300] "GET /cormun/servlet/trpermisosadjuntos?17917363,20170928104529,P, HTTP/1.1" 200 6903
186.79.72.178 - - [28/Sep/2017:10:54:07 -0300] "POST /cormun/servlet/trpermisosadjuntos?2c81fb55e2a1d2dd1e1037de7454240a,17917363,20170928104529,P,,gx-no-cache=1506606879238 HTTP/1.1" 200 90
186.79.72.178 - - [28/Sep/2017:10:54:08 -0300] "GET /cormun/servlet/hpexe_link HTTP/1.1" 200 1005
186.79.72.178 - - [28/Sep/2017:10:54:08 -0300] "GET /cormun/servlet/trpermisosgoce?gx-no-cache=1506606693692 HTTP/1.1" 200 16820
186.79.72.178 - - [28/Sep/2017:10:54:10 -0300] "GET /cormun/servlet/trpermisosgoce?gx-no-cache=1506606693692 HTTP/1.1" 200 16901
186.103.159.46 - - [28/Sep/2017:10:54:12 -0300] "GET /cormun/servlet/trpermisosadjuntos?9072136,20170925130735,P, HTTP/1.1" 200 5969
186.103.159.46 - - [28/Sep/2017:10:54:14 -0300] "GET /cormun/servlet/trpermisosadjuntos?9072136,20170925130735,P, HTTP/1.1" 200 5969
186.79.72.178 - - [28/Sep/2017:10:54:16 -0300] "POST /cormun/servlet/trpermisosgoce?2c81fb55e2a1d2dd1e1037de7454240a,gx-no-cache=1506606693692,gx-no-cache=1506606886177 HTTP/1.1" 200 14023
186.103.159.46 - - [28/Sep/2017:10:54:16 -0300] "GET /cormun/servlet/permisosadjuntos?INS,9072136,P,20170925130735,, HTTP/1.1" 200 5479
186.103.159.46 - - [28/Sep/2017:10:54:16 -0300] "GET /cormun/static/about:blank HTTP/1.1" 404 1011
186.79.72.178 - - [28/Sep/2017:10:54:16 -0300] "GET /cormun/static/Shared/jqueryui/images/ui-bg_highlight-soft_100_c6c2c8_1x100.png HTTP/1.1" 404 1117
186.79.72.178 - - [28/Sep/2017:10:54:17 -0300] "GET /cormun/static/Shared/jqueryui/images/ui-icons_82798d_256x240.png HTTP/1.1" 404 1089
186.79.72.178 - - [28/Sep/2017:10:54:17 -0300] "GET /cormun/static/Shared/jqueryui/images/ui-bg_flat_55_fafafa_40x100.png HTTP/1.1" 404 1097
186.79.72.178 - - [28/Sep/2017:10:54:17 -0300] "GET /cormun/static/Shared/jqueryui/images/ui-icons_8d78a5_256x240.png HTTP/1.1" 404 1089
186.103.159.46 - - [28/Sep/2017:10:54:17 -0300] "GET /cormun/servlet/permisosadjuntos?INS,9072136,P,20170925130735,, HTTP/1.1" 200 5469
186.79.72.178 - - [28/Sep/2017:10:54:20 -0300] "GET /cormun/servlet/trpermisosadjuntos?17503191,20170928104600,P, HTTP/1.1" 200 6437
186.79.72.178 - - [28/Sep/2017:10:54:21 -0300] "GET /cormun/servlet/trpermisosadjuntos?17503191,20170928104600,P, HTTP/1.1" 200 6417
186.79.72.178 - - [28/Sep/2017:10:54:23 -0300] "GET /cormun/servlet/permisosadjuntos?INS,17503191,P,20170928104600,, HTTP/1.1" 200 5752
186.79.72.178 - - [28/Sep/2017:10:54:24 -0300] "GET /cormun/static/about:blank HTTP/1.1" 404 1011
186.79.72.178 - - [28/Sep/2017:10:54:24 -0300] "GET /cormun/servlet/permisosadjuntos?INS,17503191,P,20170928104600,, HTTP/1.1" 200 5742
186.103.159.46 - - [28/Sep/2017:10:54:36 -0300] "POST /cormun/servlet/permisosadjuntos?c4c6626ab9f467f402f1fd5e1dae4b12,INS,9072136,P,20170925130735,, HTTP/1.1" 200 116
186.103.159.46 - - [28/Sep/2017:10:54:36 -0300] "GET /cormun/servlet/hpexe_return? HTTP/1.1" 200 1032
186.103.159.46 - - [28/Sep/2017:10:54:37 -0300] "GET /cormun/servlet/trpermisosadjuntos?9072136,20170925130735,P, HTTP/1.1" 200 6520
186.103.159.46 - - [28/Sep/2017:10:54:38 -0300] "GET /cormun/servlet/trpermisosadjuntos?9072136,20170925130735,P, HTTP/1.1" 200 6518
186.103.159.46 - - [28/Sep/2017:10:54:44 -0300] "GET /cormun/servlet/trpermisosgoce? HTTP/1.1" 200 13264
186.103.159.46 - - [28/Sep/2017:10:54:46 -0300] "GET /cormun/servlet/trpermisosgoce? HTTP/1.1" 200 13205
186.79.72.178 - - [28/Sep/2017:10:54:53 -0300] "POST /cormun/servlet/permisosadjuntos?2c81fb55e2a1d2dd1e1037de7454240a,INS,17503191,P,20170928104600,, HTTP/1.1" 200 116
186.79.72.178 - - [28/Sep/2017:10:54:53 -0300] "GET /cormun/servlet/hpexe_return? HTTP/1.1" 200 1039
186.79.72.178 - - [28/Sep/2017:10:54:54 -0300] "GET /cormun/servlet/trpermisosadjuntos?17503191,20170928104600,P, HTTP/1.1" 200 6904
186.79.72.178 - - [28/Sep/2017:10:54:55 -0300] "GET /cormun/servlet/trpermisosadjuntos?17503191,20170928104600,P, HTTP/1.1" 200 6901
186.103.159.46 - - [28/Sep/2017:10:54:55 -0300] "GET /cormun/servlet/trpermisosadjuntos?17747202,20170925130548,P, HTTP/1.1" 200 5967
186.103.159.46 - - [28/Sep/2017:10:54:56 -0300] "GET /cormun/servlet/trpermisosadjuntos?17747202,20170925130548,P, HTTP/1.1" 200 5967
186.103.159.46 - - [28/Sep/2017:10:54:58 -0300] "GET /cormun/servlet/permisosadjuntos?INS,17747202,P,20170925130548,, HTTP/1.1" 200 5478
186.103.159.46 - - [28/Sep/2017:10:54:59 -0300] "GET /cormun/static/about:blank HTTP/1.1" 404 1011
186.103.159.46 - - [28/Sep/2017:10:54:59 -0300] "GET /cormun/servlet/permisosadjuntos?INS,17747202,P,20170925130548,, HTTP/1.1" 200 5468
186.79.72.178 - - [28/Sep/2017:10:55:01 -0300] "POST /cormun/servlet/trpermisosadjuntos?2c81fb55e2a1d2dd1e1037de7454240a,17503191,20170928104600,P,,gx-no-cache=1506606933433 HTTP/1.1" 200 90
186.79.72.178 - - [28/Sep/2017:10:55:02 -0300] "GET /cormun/servlet/hpexe_link HTTP/1.1" 200 1004
186.79.72.178 - - [28/Sep/2017:10:55:03 -0300] "GET /cormun/servlet/trpermisosgoce?gx-no-cache=1506606693692 HTTP/1.1" 200 16805
186.79.72.178 - - [28/Sep/2017:10:55:07 -0300] "GET /cormun/servlet/trpermisosgoce?gx-no-cache=1506606693692 HTTP/1.1" 200 16880
186.103.159.46 - - [28/Sep/2017:10:55:11 -0300] "POST /cormun/servlet/permisosadjuntos?c4c6626ab9f467f402f1fd5e1dae4b12,INS,17747202,P,20170925130548,, HTTP/1.1" 200 116
186.103.159.46 - - [28/Sep/2017:10:55:11 -0300] "GET /cormun/servlet/hpexe_return? HTTP/1.1" 200 1034
186.103.159.46 - - [28/Sep/2017:10:55:11 -0300] "GET /cormun/servlet/trpermisosadjuntos?17747202,20170925130548,P, HTTP/1.1" 200 6515
186.103.159.46 - - [28/Sep/2017:10:55:12 -0300] "GET /cormun/servlet/trpermisosadjuntos?17747202,20170925130548,P, HTTP/1.1" 200 6512
186.79.72.178 - - [28/Sep/2017:10:55:17 -0300] "POST /cormun/servlet/trpermisosgoce?2c81fb55e2a1d2dd1e1037de7454240a,gx-no-cache=1506606693692,gx-no-cache=1506606944644 HTTP/1.1" 200 13976
186.79.72.178 - - [28/Sep/2017:10:55:18 -0300] "GET /cormun/static/Shared/jqueryui/images/ui-bg_highlight-soft_100_c6c2c8_1x100.png HTTP/1.1" 404 1117
186.79.72.178 - - [28/Sep/2017:10:55:18 -0300] "GET /cormun/static/Shared/jqueryui/images/ui-icons_82798d_256x240.png HTTP/1.1" 404 1089
186.79.72.178 - - [28/Sep/2017:10:55:18 -0300] "GET /cormun/static/Shared/jqueryui/images/ui-bg_flat_55_fafafa_40x100.png HTTP/1.1" 404 1097
186.79.72.178 - - [28/Sep/2017:10:55:18 -0300] "GET /cormun/static/Shared/jqueryui/images/ui-icons_8d78a5_256x240.png HTTP/1.1" 404 1089
186.103.159.46 - - [28/Sep/2017:10:55:19 -0300] "GET /cormun/servlet/trpermisosgoce? HTTP/1.1" 200 13249
186.103.159.46 - - [28/Sep/2017:10:55:21 -0300] "GET /cormun/servlet/trpermisosgoce? HTTP/1.1" 200 13234
186.79.72.178 - - [28/Sep/2017:10:55:22 -0300] "GET /cormun/servlet/trpermisosadjuntos?23711264,20170928104655,P, HTTP/1.1" 200 6435
186.79.72.178 - - [28/Sep/2017:10:55:23 -0300] "GET /cormun/servlet/trpermisosadjuntos?23711264,20170928104655,P, HTTP/1.1" 200 6415
186.79.72.178 - - [28/Sep/2017:10:55:25 -0300] "GET /cormun/servlet/permisosadjuntos?INS,23711264,P,20170928104655,, HTTP/1.1" 200 5747
186.103.159.46 - - [28/Sep/2017:10:55:27 -0300] "POST /cormun/servlet/trpermisosgoce?c4c6626ab9f467f402f1fd5e1dae4b12,,gx-no-cache=1506606960041 HTTP/1.1" 200 10470
186.103.159.46 - - [28/Sep/2017:10:55:27 -0300] "GET /cormun/static/Shared/jqueryui/images/ui-bg_highlight-soft_100_c6c2c8_1x100.png HTTP/1.1" 404 1117
186.103.159.46 - - [28/Sep/2017:10:55:27 -0300] "GET /cormun/static/Shared/jqueryui/images/ui-icons_82798d_256x240.png HTTP/1.1" 404 1089
186.103.159.46 - - [28/Sep/2017:10:55:27 -0300] "GET /cormun/static/Shared/jqueryui/images/ui-bg_flat_55_fafafa_40x100.png HTTP/1.1" 404 1097
186.79.72.178 - - [28/Sep/2017:10:55:29 -0300] "GET /cormun/static/about:blank HTTP/1.1" 404 1011
186.79.72.178 - - [28/Sep/2017:10:55:30 -0300] "GET /cormun/servlet/permisosadjuntos?INS,23711264,P,20170928104655,, HTTP/1.1" 200 5737
186.103.159.46 - - [28/Sep/2017:10:55:46 -0300] "GET /cormun/static/Shared/jqueryui/images/ui-icons_8d78a5_256x240.png HTTP/1.1" 404 1089
186.79.72.178 - - [28/Sep/2017:10:55:58 -0300] "POST /cormun/servlet/permisosadjuntos?2c81fb55e2a1d2dd1e1037de7454240a,INS,23711264,P,20170928104655,, HTTP/1.1" 200 116
186.79.72.178 - - [28/Sep/2017:10:55:59 -0300] "GET /cormun/servlet/hpexe_return? HTTP/1.1" 200 1038
186.79.72.178 - - [28/Sep/2017:10:55:59 -0300] "GET /cormun/servlet/trpermisosadjuntos?23711264,20170928104655,P, HTTP/1.1" 200 6906
186.79.72.178 - - [28/Sep/2017:10:56:03 -0300] "GET /cormun/servlet/trpermisosadjuntos?23711264,20170928104655,P, HTTP/1.1" 200 6902
186.79.72.178 - - [28/Sep/2017:10:56:04 -0300] "POST /cormun/servlet/trpermisosadjuntos?2c81fb55e2a1d2dd1e1037de7454240a,23711264,20170928104655,P,,gx-no-cache=1506606996195 HTTP/1.1" 200 90
186.79.72.178 - - [28/Sep/2017:10:56:04 -0300] "GET /cormun/servlet/hpexe_link HTTP/1.1" 200 1005
186.79.72.178 - - [28/Sep/2017:10:56:05 -0300] "GET /cormun/servlet/trpermisosgoce?gx-no-cache=1506606693692 HTTP/1.1" 200 16854
186.79.72.178 - - [28/Sep/2017:10:56:07 -0300] "GET /cormun/servlet/trpermisosgoce?gx-no-cache=1506606693692 HTTP/1.1" 200 16871
186.79.72.178 - - [28/Sep/2017:10:56:19 -0300] "POST /cormun/servlet/trpermisosgoce?2c81fb55e2a1d2dd1e1037de7454240a,gx-no-cache=1506606693692,gx-no-cache=1506607005017 HTTP/1.1" 200 14009
186.79.72.178 - - [28/Sep/2017:10:56:21 -0300] "GET /cormun/static/Shared/jqueryui/images/ui-icons_82798d_256x240.png HTTP/1.1" 404 1089
186.79.72.178 - - [28/Sep/2017:10:56:21 -0300] "GET /cormun/static/Shared/jqueryui/images/ui-bg_highlight-soft_100_c6c2c8_1x100.png HTTP/1.1" 404 1117
186.79.72.178 - - [28/Sep/2017:10:56:21 -0300] "GET /cormun/static/Shared/jqueryui/images/ui-bg_flat_55_fafafa_40x100.png HTTP/1.1" 404 1097
186.79.72.178 - - [28/Sep/2017:10:56:21 -0300] "GET /cormun/static/Shared/jqueryui/images/ui-icons_8d78a5_256x240.png HTTP/1.1" 404 1089
186.79.72.178 - - [28/Sep/2017:10:56:25 -0300] "GET /cormun/servlet/trpermisosadjuntos?10613676,20170928104628,P, HTTP/1.1" 200 6441
186.79.72.178 - - [28/Sep/2017:10:56:26 -0300] "GET /cormun/servlet/trpermisosadjuntos?10613676,20170928104628,P, HTTP/1.1" 200 6420
186.79.72.178 - - [28/Sep/2017:10:56:28 -0300] "GET /cormun/servlet/permisosadjuntos?INS,10613676,P,20170928104628,, HTTP/1.1" 200 5753
186.79.72.178 - - [28/Sep/2017:10:56:29 -0300] "GET /cormun/static/about:blank HTTP/1.1" 404 1011
186.79.72.178 - - [28/Sep/2017:10:56:29 -0300] "GET /cormun/servlet/permisosadjuntos?INS,10613676,P,20170928104628,, HTTP/1.1" 200 5743
186.103.159.46 - - [28/Sep/2017:10:56:31 -0300] "GET /cormun/servlet/trpermisosadjuntos?8443975,20170928101156,P, HTTP/1.1" 200 5971
186.103.159.46 - - [28/Sep/2017:10:56:33 -0300] "GET /cormun/servlet/trpermisosadjuntos?8443975,20170928101156,P, HTTP/1.1" 200 5970
186.103.159.46 - - [28/Sep/2017:10:56:35 -0300] "GET /cormun/servlet/permisosadjuntos?INS,8443975,P,20170928101156,, HTTP/1.1" 200 5477
186.103.159.46 - - [28/Sep/2017:10:56:36 -0300] "GET /cormun/static/about:blank HTTP/1.1" 404 1011
186.103.159.46 - - [28/Sep/2017:10:56:38 -0300] "GET /cormun/servlet/permisosadjuntos?INS,8443975,P,20170928101156,, HTTP/1.1" 200 5467
186.103.159.46 - - [28/Sep/2017:10:56:49 -0300] "POST /cormun/servlet/permisosadjuntos?c4c6626ab9f467f402f1fd5e1dae4b12,INS,8443975,P,20170928101156,, HTTP/1.1" 200 116
186.103.159.46 - - [28/Sep/2017:10:56:50 -0300] "GET /cormun/servlet/hpexe_return? HTTP/1.1" 200 1033
186.103.159.46 - - [28/Sep/2017:10:56:50 -0300] "GET /cormun/servlet/trpermisosadjuntos?8443975,20170928101156,P, HTTP/1.1" 200 6514
186.103.159.46 - - [28/Sep/2017:10:56:52 -0300] "GET /cormun/servlet/trpermisosadjuntos?8443975,20170928101156,P, HTTP/1.1" 200 6511
186.103.159.46 - - [28/Sep/2017:10:56:57 -0300] "GET /cormun/servlet/trpermisosgoce? HTTP/1.1" 200 13208
186.103.159.46 - - [28/Sep/2017:10:56:59 -0300] "GET /cormun/servlet/trpermisosgoce? HTTP/1.1" 200 13238
186.103.159.46 - - [28/Sep/2017:10:57:04 -0300] "POST /cormun/servlet/trpermisosgoce?c4c6626ab9f467f402f1fd5e1dae4b12,,gx-no-cache=1506607056994 HTTP/1.1" 200 10387
186.103.159.46 - - [28/Sep/2017:10:57:04 -0300] "GET /cormun/static/Shared/jqueryui/images/ui-bg_highlight-soft_100_c6c2c8_1x100.png HTTP/1.1" 404 1117
186.103.159.46 - - [28/Sep/2017:10:57:04 -0300] "GET /cormun/static/Shared/jqueryui/images/ui-icons_82798d_256x240.png HTTP/1.1" 404 1089
186.103.159.46 - - [28/Sep/2017:10:57:05 -0300] "GET /cormun/static/Shared/jqueryui/images/ui-bg_flat_55_fafafa_40x100.png HTTP/1.1" 404 1097
186.103.159.46 - - [28/Sep/2017:10:57:05 -0300] "GET /cormun/static/Shared/jqueryui/images/ui-icons_8d78a5_256x240.png HTTP/1.1" 404 1089
95.213.177.123 - - [28/Sep/2017:10:57:07 -0300] "CONNECT check.proxyradar.com:80 HTTP/1.1" 400 -
157.55.39.46 - - [28/Sep/2017:10:57:08 -0300] "GET /cormun/servlet/treventos?2017,5433,_escaped_fragment_%3D&_escaped_fragment_= HTTP/1.1" 200 5775
186.79.72.178 - - [28/Sep/2017:10:57:08 -0300] "POST /cormun/servlet/permisosadjuntos?2c81fb55e2a1d2dd1e1037de7454240a,INS,10613676,P,20170928104628,, HTTP/1.1" 200 116
186.79.72.178 - - [28/Sep/2017:10:57:09 -0300] "GET /cormun/servlet/hpexe_return? HTTP/1.1" 200 1039
186.79.72.178 - - [28/Sep/2017:10:57:09 -0300] "GET /cormun/servlet/trpermisosadjuntos?10613676,20170928104628,P, HTTP/1.1" 200 6912
186.79.72.178 - - [28/Sep/2017:10:57:11 -0300] "GET /cormun/servlet/trpermisosadjuntos?10613676,20170928104628,P, HTTP/1.1" 200 6908
186.79.72.178 - - [28/Sep/2017:10:57:15 -0300] "POST /cormun/servlet/trpermisosadjuntos?2c81fb55e2a1d2dd1e1037de7454240a,10613676,20170928104628,P,,gx-no-cache=1506607067212 HTTP/1.1" 200 90
186.79.72.178 - - [28/Sep/2017:10:57:15 -0300] "GET /cormun/servlet/hpexe_link HTTP/1.1" 200 1005
186.79.72.178 - - [28/Sep/2017:10:57:46 -0300] "GET /cormun/servlet/trpermisosgoce?gx-no-cache=1506606693692 HTTP/1.1" 200 16848
186.79.72.178 - - [28/Sep/2017:10:57:47 -0300] "GET /cormun/servlet/trpermisosgoce?gx-no-cache=1506606693692 HTTP/1.1" 200 16805
186.79.72.178 - - [28/Sep/2017:10:58:06 -0300] "POST /cormun/servlet/trpermisosgoce?2c81fb55e2a1d2dd1e1037de7454240a,gx-no-cache=1506606693692,gx-no-cache=1506607107203 HTTP/1.1" 200 13954
186.79.72.178 - - [28/Sep/2017:10:58:07 -0300] "GET /cormun/static/Shared/jqueryui/images/ui-bg_highlight-soft_100_c6c2c8_1x100.png HTTP/1.1" 404 1117
186.79.72.178 - - [28/Sep/2017:10:58:08 -0300] "GET /cormun/static/Shared/jqueryui/images/ui-icons_82798d_256x240.png HTTP/1.1" 404 1089
186.79.72.178 - - [28/Sep/2017:10:58:08 -0300] "GET /cormun/static/Shared/jqueryui/images/ui-bg_flat_55_fafafa_40x100.png HTTP/1.1" 404 1097
186.79.72.178 - - [28/Sep/2017:10:58:08 -0300] "GET /cormun/static/Shared/jqueryui/images/ui-icons_8d78a5_256x240.png HTTP/1.1" 404 1089
186.79.72.178 - - [28/Sep/2017:10:58:14 -0300] "GET /cormun/servlet/trpermisosadjuntos?6264666,20170928104719,P, HTTP/1.1" 200 6443
186.79.72.178 - - [28/Sep/2017:10:58:16 -0300] "GET /cormun/servlet/trpermisosadjuntos?6264666,20170928104719,P, HTTP/1.1" 200 6423
186.79.72.178 - - [28/Sep/2017:10:58:17 -0300] "GET /cormun/servlet/permisosadjuntos?INS,6264666,P,20170928104719,, HTTP/1.1" 200 5753
186.79.72.178 - - [28/Sep/2017:10:58:17 -0300] "GET /cormun/static/about:blank HTTP/1.1" 404 1011
186.79.72.178 - - [28/Sep/2017:10:58:19 -0300] "GET /cormun/servlet/permisosadjuntos?INS,6264666,P,20170928104719,, HTTP/1.1" 200 5743
186.79.72.178 - - [28/Sep/2017:10:58:56 -0300] "POST /cormun/servlet/permisosadjuntos?2c81fb55e2a1d2dd1e1037de7454240a,INS,6264666,P,20170928104719,, HTTP/1.1" 200 116
186.79.72.178 - - [28/Sep/2017:10:58:57 -0300] "GET /cormun/servlet/hpexe_return? HTTP/1.1" 200 1038
186.79.72.178 - - [28/Sep/2017:10:58:57 -0300] "GET /cormun/servlet/trpermisosadjuntos?6264666,20170928104719,P, HTTP/1.1" 200 6911
186.79.72.178 - - [28/Sep/2017:10:58:59 -0300] "GET /cormun/servlet/trpermisosadjuntos?6264666,20170928104719,P, HTTP/1.1" 200 6908
200.112.5.156 - - [28/Sep/2017:10:59:00 -0300] "GET /cormun/servlet/solicitudot?c50eb47b2269e5e758422cd06050639bf803d86a7ed5547656a1e9185e754137083e4660a2de2b85ccca7840b91f4feb,gx-no-cache=1506607170145 HTTP/1.1" 440 972
200.112.5.156 - - [28/Sep/2017:10:59:03 -0300] "GET /cormun/servlet/solicitudot?INS,0,0, HTTP/1.1" 200 12075
200.112.5.156 - - [28/Sep/2017:10:59:03 -0300] "GET /cormun/servlet/hlogin HTTP/1.1" 200 1745
186.79.72.178 - - [28/Sep/2017:10:59:05 -0300] "POST /cormun/servlet/trpermisosadjuntos?2c81fb55e2a1d2dd1e1037de7454240a,6264666,20170928104719,P,,gx-no-cache=1506607175603 HTTP/1.1" 200 90
186.79.72.178 - - [28/Sep/2017:10:59:07 -0300] "GET /cormun/servlet/hpexe_link HTTP/1.1" 200 1004
186.79.72.178 - - [28/Sep/2017:10:59:07 -0300] "GET /cormun/servlet/trpermisosgoce?gx-no-cache=1506606693692 HTTP/1.1" 200 16813
186.79.72.178 - - [28/Sep/2017:10:59:09 -0300] "GET /cormun/servlet/trpermisosgoce?gx-no-cache=1506606693692 HTTP/1.1" 200 16832
186.79.72.178 - - [28/Sep/2017:10:59:15 -0300] "POST /cormun/servlet/trpermisosgoce?2c81fb55e2a1d2dd1e1037de7454240a,gx-no-cache=1506606693692,gx-no-cache=1506607186228 HTTP/1.1" 200 13982
200.112.5.156 - - [28/Sep/2017:10:59:15 -0300] "POST /cormun/servlet/hlogin?fd7707b781c998d657790c2f7d357d2f,gx-no-cache=1506607185048 HTTP/1.1" 200 90
200.112.5.156 - - [28/Sep/2017:10:59:16 -0300] "GET /cormun/servlet/hpexe_link HTTP/1.1" 200 964
200.112.5.156 - - [28/Sep/2017:10:59:16 -0300] "GET /cormun/servlet/solicitudot?INS,0,0, HTTP/1.1" 200 12817
186.79.72.178 - - [28/Sep/2017:10:59:17 -0300] "GET /cormun/static/Shared/jqueryui/images/ui-bg_highlight-soft_100_c6c2c8_1x100.png HTTP/1.1" 404 1117
186.79.72.178 - - [28/Sep/2017:10:59:17 -0300] "GET /cormun/static/Shared/jqueryui/images/ui-icons_82798d_256x240.png HTTP/1.1" 404 1089
186.79.72.178 - - [28/Sep/2017:10:59:17 -0300] "GET /cormun/static/Shared/jqueryui/images/ui-bg_flat_55_fafafa_40x100.png HTTP/1.1" 404 1097
186.79.72.178 - - [28/Sep/2017:10:59:17 -0300] "GET /cormun/static/Shared/jqueryui/images/ui-icons_8d78a5_256x240.png HTTP/1.1" 404 1089
186.79.72.178 - - [28/Sep/2017:10:59:21 -0300] "GET /cormun/servlet/trpermisosadjuntos?9922919,20170928104405,P, HTTP/1.1" 200 6438
186.79.72.178 - - [28/Sep/2017:10:59:22 -0300] "GET /cormun/servlet/trpermisosadjuntos?9922919,20170928104405,P, HTTP/1.1" 200 6418
186.79.72.178 - - [28/Sep/2017:10:59:25 -0300] "GET /cormun/servlet/permisosadjuntos?INS,9922919,P,20170928104405,, HTTP/1.1" 200 5747
186.79.72.178 - - [28/Sep/2017:10:59:26 -0300] "GET /cormun/static/about:blank HTTP/1.1" 404 1011
186.79.72.178 - - [28/Sep/2017:10:59:26 -0300] "GET /cormun/servlet/permisosadjuntos?INS,9922919,P,20170928104405,, HTTP/1.1" 200 5737
200.112.5.156 - - [28/Sep/2017:10:59:33 -0300] "GET /cormun/servlet/trlicencias? HTTP/1.1" 200 14835
200.112.5.156 - - [28/Sep/2017:10:59:34 -0300] "GET /cormun/static/gxcfg.js?20176272054169 HTTP/1.1" 304 -
200.112.5.156 - - [28/Sep/2017:10:59:34 -0300] "GET /cormun/static/trlicencias.js?20176272054837 HTTP/1.1" 304 -
200.112.5.156 - - [28/Sep/2017:10:59:34 -0300] "GET /cormun/servlet/trlicencias? HTTP/1.1" 200 14860
186.79.72.178 - - [28/Sep/2017:10:59:56 -0300] "POST /cormun/servlet/permisosadjuntos?2c81fb55e2a1d2dd1e1037de7454240a,INS,9922919,P,20170928104405,, HTTP/1.1" 200 116
186.79.72.178 - - [28/Sep/2017:10:59:56 -0300] "GET /cormun/servlet/hpexe_return? HTTP/1.1" 200 1038
186.79.72.178 - - [28/Sep/2017:10:59:57 -0300] "GET /cormun/servlet/trpermisosadjuntos?9922919,20170928104405,P, HTTP/1.1" 200 6906
186.79.72.178 - - [28/Sep/2017:10:59:58 -0300] "GET /cormun/servlet/trpermisosadjuntos?9922919,20170928104405,P, HTTP/1.1" 200 6902
186.79.72.178 - - [28/Sep/2017:11:00:01 -0300] "POST /cormun/servlet/trpermisosadjuntos?2c81fb55e2a1d2dd1e1037de7454240a,9922919,20170928104405,P,,gx-no-cache=1506607233648 HTTP/1.1" 200 90
186.79.72.178 - - [28/Sep/2017:11:00:01 -0300] "GET /cormun/servlet/hpexe_link HTTP/1.1" 200 1005
186.79.72.178 - - [28/Sep/2017:11:00:01 -0300] "GET /cormun/servlet/trpermisosgoce?gx-no-cache=1506606693692 HTTP/1.1" 200 16775
186.79.72.178 - - [28/Sep/2017:11:00:03 -0300] "GET /cormun/servlet/trpermisosgoce?gx-no-cache=1506606693692 HTTP/1.1" 200 16818
186.79.72.178 - - [28/Sep/2017:11:00:09 -0300] "POST /cormun/servlet/trpermisosgoce?2c81fb55e2a1d2dd1e1037de7454240a,gx-no-cache=1506606693692,gx-no-cache=1506607239655 HTTP/1.1" 200 13944
186.79.72.178 - - [28/Sep/2017:11:00:10 -0300] "GET /cormun/static/Shared/jqueryui/images/ui-bg_highlight-soft_100_c6c2c8_1x100.png HTTP/1.1" 404 1117
186.79.72.178 - - [28/Sep/2017:11:00:11 -0300] "GET /cormun/static/Shared/jqueryui/images/ui-icons_82798d_256x240.png HTTP/1.1" 404 1089
186.79.72.178 - - [28/Sep/2017:11:00:11 -0300] "GET /cormun/static/Shared/jqueryui/images/ui-bg_flat_55_fafafa_40x100.png HTTP/1.1" 404 1097
186.79.72.178 - - [28/Sep/2017:11:00:11 -0300] "GET /cormun/static/Shared/jqueryui/images/ui-icons_8d78a5_256x240.png HTTP/1.1" 404 1089
186.79.72.178 - - [28/Sep/2017:11:00:14 -0300] "GET /cormun/servlet/trpermisosadjuntos?8325885,20170928104752,P, HTTP/1.1" 200 6439
186.79.72.178 - - [28/Sep/2017:11:00:15 -0300] "GET /cormun/servlet/trpermisosadjuntos?8325885,20170928104752,P, HTTP/1.1" 200 6419
186.79.72.178 - - [28/Sep/2017:11:00:17 -0300] "GET /cormun/servlet/permisosadjuntos?INS,8325885,P,20170928104752,, HTTP/1.1" 200 5751
186.79.72.178 - - [28/Sep/2017:11:00:17 -0300] "GET /cormun/static/about:blank HTTP/1.1" 404 1011
186.79.72.178 - - [28/Sep/2017:11:00:18 -0300] "GET /cormun/servlet/permisosadjuntos?INS,8325885,P,20170928104752,, HTTP/1.1" 200 5741
200.112.5.156 - - [28/Sep/2017:11:00:31 -0300] "POST /cormun/servlet/solicitudot?gx-no-cache=1506607260865 HTTP/1.1" 200 3126
200.112.5.156 - - [28/Sep/2017:11:00:32 -0300] "POST /cormun/servlet/solicitudot?fd7707b781c998d657790c2f7d357d2f,INS,0,0,,gx-no-cache=1506607261403 HTTP/1.1" 200 9720
200.112.5.156 - - [28/Sep/2017:11:00:35 -0300] "GET /cormun/servlet/solicitudot?52d2a93fcf0d7bfe02cdc933d0a0c2da41040d3fe33b4e53a42b1c4ec69206e80b1bc75a089e0761371cf6c522e8fc79,gx-no-cache=1506607264196 HTTP/1.1" 200 111
200.112.5.156 - - [28/Sep/2017:11:00:35 -0300] "GET /cormun/static/Shared/jqueryui/images/ui-icons_82798d_256x240.png HTTP/1.1" 404 1089
200.112.5.156 - - [28/Sep/2017:11:00:35 -0300] "GET /cormun/static/Shared/jqueryui/images/ui-bg_highlight-soft_100_c6c2c8_1x100.png HTTP/1.1" 404 1117
200.112.5.156 - - [28/Sep/2017:11:00:35 -0300] "GET /cormun/static/Shared/jqueryui/images/ui-bg_flat_55_994d53_40x100.png HTTP/1.1" 404 1097
200.112.5.156 - - [28/Sep/2017:11:00:35 -0300] "GET /cormun/static/Shared/jqueryui/images/ui-icons_ebccce_256x240.png HTTP/1.1" 404 1089
186.79.72.178 - - [28/Sep/2017:11:00:38 -0300] "POST /cormun/servlet/permisosadjuntos?2c81fb55e2a1d2dd1e1037de7454240a,INS,8325885,P,20170928104752,, HTTP/1.1" 200 116
186.79.72.178 - - [28/Sep/2017:11:00:38 -0300] "GET /cormun/servlet/hpexe_return? HTTP/1.1" 200 1038
186.79.72.178 - - [28/Sep/2017:11:00:39 -0300] "GET /cormun/servlet/trpermisosadjuntos?8325885,20170928104752,P, HTTP/1.1" 200 6906
186.79.72.178 - - [28/Sep/2017:11:00:40 -0300] "GET /cormun/servlet/trpermisosadjuntos?8325885,20170928104752,P, HTTP/1.1" 200 6903
186.79.72.178 - - [28/Sep/2017:11:00:43 -0300] "POST /cormun/servlet/trpermisosadjuntos?2c81fb55e2a1d2dd1e1037de7454240a,8325885,20170928104752,P,,gx-no-cache=1506607275754 HTTP/1.1" 200 90
186.79.72.178 - - [28/Sep/2017:11:00:43 -0300] "GET /cormun/servlet/hpexe_link HTTP/1.1" 200 1005
186.79.72.178 - - [28/Sep/2017:11:00:44 -0300] "GET /cormun/servlet/trpermisosgoce?gx-no-cache=1506606693692 HTTP/1.1" 200 16762
186.79.72.178 - - [28/Sep/2017:11:00:45 -0300] "GET /cormun/servlet/trpermisosgoce?gx-no-cache=1506606693692 HTTP/1.1" 200 16793
186.79.72.178 - - [28/Sep/2017:11:00:50 -0300] "POST /cormun/servlet/trpermisosgoce?2c81fb55e2a1d2dd1e1037de7454240a,gx-no-cache=1506606693692,gx-no-cache=1506607281553 HTTP/1.1" 200 13965
186.79.72.178 - - [28/Sep/2017:11:00:50 -0300] "GET /cormun/static/Shared/jqueryui/images/ui-bg_highlight-soft_100_c6c2c8_1x100.png HTTP/1.1" 404 1117
186.79.72.178 - - [28/Sep/2017:11:00:51 -0300] "GET /cormun/static/Shared/jqueryui/images/ui-icons_82798d_256x240.png HTTP/1.1" 404 1089
186.79.72.178 - - [28/Sep/2017:11:00:51 -0300] "GET /cormun/static/Shared/jqueryui/images/ui-bg_flat_55_fafafa_40x100.png HTTP/1.1" 404 1097
186.79.72.178 - - [28/Sep/2017:11:00:51 -0300] "GET /cormun/static/Shared/jqueryui/images/ui-icons_8d78a5_256x240.png HTTP/1.1" 404 1089
186.79.72.178 - - [28/Sep/2017:11:00:54 -0300] "GET /cormun/servlet/trpermisosadjuntos?10699672,20170928104432,P, HTTP/1.1" 200 6440
186.79.72.178 - - [28/Sep/2017:11:00:57 -0300] "GET /cormun/servlet/trpermisosadjuntos?10699672,20170928104432,P, HTTP/1.1" 200 6420
186.79.72.178 - - [28/Sep/2017:11:00:59 -0300] "GET /cormun/servlet/permisosadjuntos?INS,10699672,P,20170928104432,, HTTP/1.1" 200 5751
186.79.72.178 - - [28/Sep/2017:11:00:59 -0300] "GET /cormun/static/about:blank HTTP/1.1" 404 1011
186.79.72.178 - - [28/Sep/2017:11:01:00 -0300] "GET /cormun/servlet/permisosadjuntos?INS,10699672,P,20170928104432,, HTTP/1.1" 200 5741
200.112.5.156 - - [28/Sep/2017:11:01:03 -0300] "POST /cormun/servlet/solicitudot?gx-no-cache=1506607292711 HTTP/1.1" 200 3128
200.112.5.156 - - [28/Sep/2017:11:01:04 -0300] "POST /cormun/servlet/solicitudot?fd7707b781c998d657790c2f7d357d2f,INS,0,0,,gx-no-cache=1506607293145 HTTP/1.1" 200 9780
200.112.5.156 - - [28/Sep/2017:11:01:04 -0300] "GET /cormun/servlet/solicitudot?52d2a93fcf0d7bfe02cdc933d0a0c2da362da541ca298b20fc5e507fba3d29780b1bc75a089e0761371cf6c522e8fc79,gx-no-cache=1506607293757 HTTP/1.1" 200 30
186.79.72.178 - - [28/Sep/2017:11:01:22 -0300] "POST /cormun/servlet/permisosadjuntos?2c81fb55e2a1d2dd1e1037de7454240a,INS,10699672,P,20170928104432,, HTTP/1.1" 200 116
186.79.72.178 - - [28/Sep/2017:11:01:22 -0300] "GET /cormun/servlet/hpexe_return? HTTP/1.1" 200 1039
186.79.72.178 - - [28/Sep/2017:11:01:23 -0300] "GET /cormun/servlet/trpermisosadjuntos?10699672,20170928104432,P, HTTP/1.1" 200 6908
186.79.72.178 - - [28/Sep/2017:11:01:24 -0300] "GET /cormun/servlet/trpermisosadjuntos?10699672,20170928104432,P, HTTP/1.1" 200 6905
186.79.72.178 - - [28/Sep/2017:11:01:26 -0300] "POST /cormun/servlet/trpermisosadjuntos?2c81fb55e2a1d2dd1e1037de7454240a,10699672,20170928104432,P,,gx-no-cache=1506607319542 HTTP/1.1" 200 90
186.79.72.178 - - [28/Sep/2017:11:01:27 -0300] "GET /cormun/servlet/hpexe_link HTTP/1.1" 200 1006
186.79.72.178 - - [28/Sep/2017:11:01:31 -0300] "GET /cormun/servlet/trpermisosgoce?gx-no-cache=1506606693692 HTTP/1.1" 200 16767
186.79.72.178 - - [28/Sep/2017:11:01:32 -0300] "GET /cormun/servlet/trpermisosgoce?gx-no-cache=1506606693692 HTTP/1.1" 200 16796
186.79.72.178 - - [28/Sep/2017:11:01:38 -0300] "POST /cormun/servlet/trpermisosgoce?2c81fb55e2a1d2dd1e1037de7454240a,gx-no-cache=1506606693692,gx-no-cache=1506607329298 HTTP/1.1" 200 13914
186.79.72.178 - - [28/Sep/2017:11:01:43 -0300] "GET /cormun/static/Shared/jqueryui/images/ui-bg_highlight-soft_100_c6c2c8_1x100.png HTTP/1.1" 404 1117
186.79.72.178 - - [28/Sep/2017:11:01:43 -0300] "GET /cormun/static/Shared/jqueryui/images/ui-icons_82798d_256x240.png HTTP/1.1" 404 1089
186.79.72.178 - - [28/Sep/2017:11:01:43 -0300] "GET /cormun/static/Shared/jqueryui/images/ui-bg_flat_55_fafafa_40x100.png HTTP/1.1" 404 1097
186.79.72.178 - - [28/Sep/2017:11:01:43 -0300] "GET /cormun/static/Shared/jqueryui/images/ui-icons_8d78a5_256x240.png HTTP/1.1" 404 1089
186.79.72.178 - - [28/Sep/2017:11:01:54 -0300] "GET /cormun/servlet/trautorizarpermisogoce? HTTP/1.1" 200 10165
186.79.72.178 - - [28/Sep/2017:11:01:54 -0300] "GET /cormun/static/gxcfg.js?20176272062650 HTTP/1.1" 200 953
200.112.5.156 - - [28/Sep/2017:11:01:56 -0300] "POST /cormun/servlet/solicitudot?gx-no-cache=1506607345839 HTTP/1.1" 200 297
200.112.5.156 - - [28/Sep/2017:11:01:56 -0300] "GET /cormun/servlet/solicitudot?52d2a93fcf0d7bfe02cdc933d0a0c2da02a4750d54d1c18bae5327fdefa272747987d57a185d2ca3b5f24ea06a8ee5f7e092deaa301087f8e803136c5bf1f17b4a1787e45e8a938ac122d10266a049e9ce338b3bc33713ec156082cb5757a14612b2571815278d6b6807fd29536ff3dddb585c82ab524cbc070ec278a998e827cd4752b3188141aa237b4dbe34aa06a726e9cb159974a8532888f11eb97af90acdec5dc2fb51902c70576b0edb93c26285009564f28e4e05a4eb8f9481e1e8f96b6573198ff61936eb968c79e1f9d7c4e4f94a030835c45b323b64bc980bd544c4fedf87a5c6e3ffc25810f8dca4cf760446acf669a9e66caca81ce5a15adbc7f312b3ea2f8c7c05b4c5cc51437a6074b086f57ee057e531eb5d84cf6670514ca457d7f2e85add760ee435b245d197c71f23bd6f21d9a646515bfa78cd3c765363f45f78775dcd55bf2b097d2192edab22dd52736fb847a702285f5ccaea865a9f2662971089b09b9b08fa5e2145be288644fec0646a9f63e676d1256886a0fd839e2b2be2cf3a66894f6fb8efbdd71b,gx-no-cache=1506607346044 HTTP/1.1" 200 30
186.79.72.178 - - [28/Sep/2017:11:01:57 -0300] "GET /cormun/static/trautorizarpermisogoce.js?2017627206316 HTTP/1.1" 200 34948
186.79.72.178 - - [28/Sep/2017:11:01:58 -0300] "GET /cormun/servlet/trautorizarpermisogoce? HTTP/1.1" 200 10143
200.112.5.156 - - [28/Sep/2017:11:02:04 -0300] "POST /cormun/servlet/solicitudot?gx-no-cache=1506607354211 HTTP/1.1" 200 30
200.112.5.156 - - [28/Sep/2017:11:02:04 -0300] "POST /cormun/servlet/solicitudot?gx-no-cache=1506607354338 HTTP/1.1" 200 1352
200.112.5.156 - - [28/Sep/2017:11:02:05 -0300] "POST /cormun/servlet/solicitudot?gx-no-cache=1506607354564 HTTP/1.1" 200 38
