192.168.10.96 - - [28/Sep/2017:16:34:10 -0300] "GET /cormun/servlet/trsolicitudgral HTTP/1.1" 200 29634
186.103.161.206 - - [28/Sep/2017:16:34:10 -0300] "GET /cormun/servlet/trsolicitudot? HTTP/1.1" 200 10007
192.168.10.96 - - [28/Sep/2017:16:34:11 -0300] "GET /cormun/servlet/trsolicitudgral HTTP/1.1" 200 29632
186.103.161.206 - - [28/Sep/2017:16:34:24 -0300] "GET /cormun/servlet/trautorizarsolicitud? HTTP/1.1" 200 7010
186.103.161.206 - - [28/Sep/2017:16:34:25 -0300] "GET /cormun/servlet/trautorizarsolicitud? HTTP/1.1" 200 7010
186.103.161.206 - - [28/Sep/2017:16:34:27 -0300] "GET /cormun/servlet/trsolicitudot? HTTP/1.1" 200 10007
186.103.161.206 - - [28/Sep/2017:16:34:28 -0300] "GET /cormun/servlet/trsolicitudot? HTTP/1.1" 200 10007
186.103.159.187 - - [28/Sep/2017:16:34:31 -0300] "POST /cormun/servlet/solicitudot?gx-no-cache=1506630843482 HTTP/1.1" 200 1336
186.103.161.206 - - [28/Sep/2017:16:34:35 -0300] "GET /cormun/servlet/vesolicitudot?2017,7451,, HTTP/1.1" 200 8214
186.103.161.206 - - [28/Sep/2017:16:34:35 -0300] "GET /cormun/pexe_scrolldiv.js HTTP/1.1" 404 1009
186.103.161.206 - - [28/Sep/2017:16:34:35 -0300] "GET /cormun/servlet/vesolicitudot?2017,7451,, HTTP/1.1" 200 8213
200.111.191.210 - - [28/Sep/2017:16:34:37 -0300] "GET /cormun/servlet/hlogin HTTP/1.1" 200 1741
200.111.191.210 - - [28/Sep/2017:16:34:37 -0300] "GET /cormun/static/messages.spa.js?85251 HTTP/1.1" 304 -
200.111.191.210 - - [28/Sep/2017:16:34:42 -0300] "POST /cormun/servlet/hlogin?4e382bba7dab1dd3836053e969da933c,gx-no-cache=1506627316295 HTTP/1.1" 200 90
200.111.191.210 - - [28/Sep/2017:16:34:42 -0300] "GET /cormun/servlet/hpexe_link HTTP/1.1" 200 955
200.111.191.210 - - [28/Sep/2017:16:34:42 -0300] "GET /cormun/servlet/hhome HTTP/1.1" 200 4034
200.111.191.210 - - [28/Sep/2017:16:34:42 -0300] "GET /cormun/servlet/hhome HTTP/1.1" 200 4030
186.103.161.206 - - [28/Sep/2017:16:34:43 -0300] "GET /cormun/servlet/trsolicitudot? HTTP/1.1" 200 10007
186.103.161.206 - - [28/Sep/2017:16:34:43 -0300] "GET /cormun/servlet/trsolicitudot? HTTP/1.1" 200 10007
200.111.191.210 - - [28/Sep/2017:16:34:46 -0300] "GET /cormun/servlet/trautorizarpermisogoce? HTTP/1.1" 200 8049
200.111.191.210 - - [28/Sep/2017:16:34:46 -0300] "GET /cormun/static/gxcfg.js?20176272062650 HTTP/1.1" 304 -
200.111.191.210 - - [28/Sep/2017:16:34:47 -0300] "GET /cormun/servlet/trautorizarpermisogoce? HTTP/1.1" 200 8047
186.103.159.187 - - [28/Sep/2017:16:34:50 -0300] "GET /cormun/static/menuarrow.gif HTTP/1.1" 404 1015
200.111.191.210 - - [28/Sep/2017:16:34:51 -0300] "POST /cormun/servlet/trautorizarpermisogoce?4e382bba7dab1dd3836053e969da933c,,gx-no-cache=1506627324842 HTTP/1.1" 200 5032
200.111.191.210 - - [28/Sep/2017:16:34:51 -0300] "GET /cormun/static/Shared/jqueryui/images/ui-bg_highlight-soft_100_c6c2c8_1x100.png HTTP/1.1" 404 1117
200.111.191.210 - - [28/Sep/2017:16:34:51 -0300] "GET /cormun/static/Shared/jqueryui/images/ui-icons_82798d_256x240.png HTTP/1.1" 404 1089
200.111.191.210 - - [28/Sep/2017:16:34:51 -0300] "GET /cormun/static/Shared/jqueryui/images/ui-bg_flat_55_fafafa_40x100.png HTTP/1.1" 404 1097
200.111.191.210 - - [28/Sep/2017:16:34:51 -0300] "GET /cormun/static/Shared/jqueryui/images/ui-icons_8d78a5_256x240.png HTTP/1.1" 404 1089
200.111.191.210 - - [28/Sep/2017:16:34:52 -0300] "POST /cormun/servlet/trautorizarpermisogoce?4e382bba7dab1dd3836053e969da933c,,gx-no-cache=1506627326605 HTTP/1.1" 200 4274
200.111.191.210 - - [28/Sep/2017:16:35:04 -0300] "GET /cormun/servlet/trautorizarsolicitud? HTTP/1.1" 200 6947
200.111.191.210 - - [28/Sep/2017:16:35:05 -0300] "GET /cormun/static/gxcfg.js?20174261241362 HTTP/1.1" 200 953
200.111.191.210 - - [28/Sep/2017:16:35:05 -0300] "GET /cormun/static/trautorizarsolicitud.js?201742612414370 HTTP/1.1" 200 53910
200.111.191.210 - - [28/Sep/2017:16:35:05 -0300] "GET /cormun/static/Resources/Spanish/PXTools.css?11294912 HTTP/1.1" 304 -
192.168.10.96 - - [28/Sep/2017:16:35:05 -0300] "GET /cormun/servlet/trcontratoobservaciongral? HTTP/1.1" 200 17805
200.111.191.210 - - [28/Sep/2017:16:35:05 -0300] "GET /cormun/servlet/trautorizarsolicitud? HTTP/1.1" 200 6947
192.168.10.96 - - [28/Sep/2017:16:35:07 -0300] "GET /cormun/servlet/trcontratoobservaciongral? HTTP/1.1" 200 17805
192.168.10.96 - - [28/Sep/2017:16:35:10 -0300] "GET /cormun/servlet/trsolicitudgral? HTTP/1.1" 200 29633
192.168.10.96 - - [28/Sep/2017:16:35:11 -0300] "GET /cormun/servlet/trsolicitudgral? HTTP/1.1" 200 29632
200.111.191.210 - - [28/Sep/2017:16:35:14 -0300] "GET /cormun/servlet/trcontratosolicitud? HTTP/1.1" 200 14753
200.111.191.210 - - [28/Sep/2017:16:35:14 -0300] "GET /cormun/static/gxcfg.js?20177612214014 HTTP/1.1" 304 -
200.111.191.210 - - [28/Sep/2017:16:35:14 -0300] "GET /cormun/servlet/trcontratosolicitud? HTTP/1.1" 200 14754
192.168.10.96 - - [28/Sep/2017:16:35:20 -0300] "POST /cormun/servlet/trsolicitudgral?e82785edb9ac01b7aca49ed14f8750ac,,gx-no-cache=1506627276209 HTTP/1.1" 200 7150
186.103.159.187 - - [28/Sep/2017:16:35:23 -0300] "GET /cormun/servlet/solicitudot?9cc906f2026c70913244e1845111dc164334d09f53ce1bc4487aba411c9e2b1556d8d4cb3421a9253cdc92df54544ead,gx-no-cache=1506630895325 HTTP/1.1" 200 30
192.168.10.96 - - [28/Sep/2017:16:35:27 -0300] "POST /cormun/servlet/trsolicitudgral?e82785edb9ac01b7aca49ed14f8750ac,,gx-no-cache=1506627283082 HTTP/1.1" 200 5768
186.103.159.187 - - [28/Sep/2017:16:35:29 -0300] "POST /cormun/servlet/solicitudot?gx-no-cache=1506630901721 HTTP/1.1" 200 30
192.168.10.96 - - [28/Sep/2017:16:35:30 -0300] "POST /cormun/servlet/trsolicitudgral?e82785edb9ac01b7aca49ed14f8750ac,,gx-no-cache=1506627286321 HTTP/1.1" 200 7142
200.111.191.210 - - [28/Sep/2017:16:35:32 -0300] "POST /cormun/servlet/trcontratosolicitud?4e382bba7dab1dd3836053e969da933c,,gx-no-cache=1506627365627 HTTP/1.1" 200 12072
200.111.191.210 - - [28/Sep/2017:16:35:32 -0300] "GET /cormun/static/Resources/PXToolsGridFirst.gif HTTP/1.1" 200 379
200.111.191.210 - - [28/Sep/2017:16:35:32 -0300] "GET /cormun/static/Resources/PXToolsGridPrevious.gif HTTP/1.1" 200 369
192.168.10.96 - - [28/Sep/2017:16:35:41 -0300] "POST /cormun/servlet/trsolicitudgral?e82785edb9ac01b7aca49ed14f8750ac,,gx-no-cache=1506627297977 HTTP/1.1" 200 7150
186.103.159.187 - - [28/Sep/2017:16:35:44 -0300] "POST /cormun/servlet/solicitudot?e9083034039c7cb0cc859efe9052cd4f,INS,0,0,,gx-no-cache=1506630916157 HTTP/1.1" 200 11299
186.103.159.187 - - [28/Sep/2017:16:35:44 -0300] "GET /cormun/static/Shared/jqueryui/images/ui-icons_82798d_256x240.png HTTP/1.1" 404 1089
186.103.159.187 - - [28/Sep/2017:16:35:44 -0300] "GET /cormun/static/Shared/jqueryui/images/ui-bg_flat_55_994d53_40x100.png HTTP/1.1" 404 1097
186.103.159.187 - - [28/Sep/2017:16:35:44 -0300] "GET /cormun/static/Shared/jqueryui/images/ui-icons_ebccce_256x240.png HTTP/1.1" 404 1089
186.103.159.187 - - [28/Sep/2017:16:35:44 -0300] "GET /cormun/static/Shared/jqueryui/images/ui-bg_highlight-soft_100_c6c2c8_1x100.png HTTP/1.1" 404 1117
186.103.159.187 - - [28/Sep/2017:16:35:52 -0300] "GET /cormun/servlet/prcontratosol?17184127,,,,,MD,,gxPopupLevel%3D0%3B HTTP/1.1" 200 5600
192.168.10.96 - - [28/Sep/2017:16:35:55 -0300] "POST /cormun/servlet/trsolicitudgral?e82785edb9ac01b7aca49ed14f8750ac,,gx-no-cache=1506627311481 HTTP/1.1" 200 7141
192.168.10.96 - - [28/Sep/2017:16:36:11 -0300] "POST /cormun/servlet/trsolicitudgral?e82785edb9ac01b7aca49ed14f8750ac,,gx-no-cache=1506627327795 HTTP/1.1" 200 8463
186.103.159.187 - - [28/Sep/2017:16:36:16 -0300] "POST /cormun/servlet/solicitudot?gx-no-cache=1506630949259 HTTP/1.1" 200 30
186.103.159.187 - - [28/Sep/2017:16:36:17 -0300] "POST /cormun/servlet/solicitudot?gx-no-cache=1506630949357 HTTP/1.1" 200 1351
186.103.132.155 - - [28/Sep/2017:16:36:17 -0300] "GET /cormun/servlet/trsolicitudot? HTTP/1.1" 200 10007
186.103.159.187 - - [28/Sep/2017:16:36:17 -0300] "POST /cormun/servlet/solicitudot?gx-no-cache=1506630949475 HTTP/1.1" 200 41
186.103.159.187 - - [28/Sep/2017:16:36:17 -0300] "POST /cormun/servlet/solicitudot?gx-no-cache=1506630949538 HTTP/1.1" 200 1336
186.103.159.187 - - [28/Sep/2017:16:36:17 -0300] "GET /cormun/servlet/solicitudot?9cc906f2026c70913244e1845111dc164334d09f53ce1bc4487aba411c9e2b1556d8d4cb3421a9253cdc92df54544ead,gx-no-cache=1506630949612 HTTP/1.1" 200 30
186.103.132.155 - - [28/Sep/2017:16:36:17 -0300] "GET /cormun/servlet/trsolicitudot? HTTP/1.1" 200 10007
186.103.159.187 - - [28/Sep/2017:16:36:30 -0300] "GET /cormun/servlet/prcontratosol?17184127,,,,,MD,,gxPopupLevel%3D0%3B HTTP/1.1" 200 5600
186.103.132.155 - - [28/Sep/2017:16:36:35 -0300] "GET /cormun/servlet/trsolicitudot? HTTP/1.1" 200 10007
186.103.132.155 - - [28/Sep/2017:16:36:36 -0300] "GET /cormun/servlet/trsolicitudot? HTTP/1.1" 200 10007
186.103.159.187 - - [28/Sep/2017:16:36:46 -0300] "POST /cormun/servlet/solicitudot?gx-no-cache=1506630978718 HTTP/1.1" 200 30
186.103.159.187 - - [28/Sep/2017:16:36:46 -0300] "POST /cormun/servlet/solicitudot?gx-no-cache=1506630978788 HTTP/1.1" 200 1351
186.103.159.187 - - [28/Sep/2017:16:36:46 -0300] "POST /cormun/servlet/solicitudot?gx-no-cache=1506630978856 HTTP/1.1" 200 41
186.103.159.187 - - [28/Sep/2017:16:36:46 -0300] "POST /cormun/servlet/solicitudot?gx-no-cache=1506630978916 HTTP/1.1" 200 1336
186.103.159.187 - - [28/Sep/2017:16:36:50 -0300] "POST /cormun/servlet/solicitudot?e9083034039c7cb0cc859efe9052cd4f,INS,0,0,,gx-no-cache=1506630983307 HTTP/1.1" 200 90
186.103.159.187 - - [28/Sep/2017:16:36:51 -0300] "GET /cormun/servlet/hpexe_link HTTP/1.1" 200 958
186.103.159.187 - - [28/Sep/2017:16:36:51 -0300] "GET /cormun/servlet/trsolicitudot HTTP/1.1" 200 8824
186.103.159.187 - - [28/Sep/2017:16:36:52 -0300] "GET /cormun/servlet/trsolicitudot HTTP/1.1" 200 8822
186.103.161.206 - - [28/Sep/2017:16:36:52 -0300] "GET /cormun/servlet/trsolicitudot? HTTP/1.1" 200 10007
200.111.191.210 - - [28/Sep/2017:16:36:53 -0300] "POST /cormun/servlet/trcontratosolicitud?4e382bba7dab1dd3836053e969da933c,,gx-no-cache=1506627446983 HTTP/1.1" 200 12144
186.103.161.206 - - [28/Sep/2017:16:36:54 -0300] "GET /cormun/servlet/trsolicitudot? HTTP/1.1" 200 10007
186.103.161.206 - - [28/Sep/2017:16:36:58 -0300] "GET /cormun/servlet/solicitudot?INS,0,0, HTTP/1.1" 200 12950
186.103.161.206 - - [28/Sep/2017:16:36:59 -0300] "GET /cormun/servlet/solicitudot?INS,0,0, HTTP/1.1" 200 12955
200.111.191.210 - - [28/Sep/2017:16:37:18 -0300] "POST /cormun/servlet/trcontratosolicitud?4e382bba7dab1dd3836053e969da933c,,gx-no-cache=1506627472011 HTTP/1.1" 200 11705
186.103.159.187 - - [28/Sep/2017:16:37:34 -0300] "GET /cormun/servlet/solicitudot?INS,0,0, HTTP/1.1" 200 12702
186.103.159.187 - - [28/Sep/2017:16:37:35 -0300] "GET /cormun/servlet/solicitudot?INS,0,0, HTTP/1.1" 200 12707
186.103.159.187 - - [28/Sep/2017:16:37:55 -0300] "GET /cormun/servlet/prfichaempleado?,MD,,gxPopupLevel%3D0%3B HTTP/1.1" 200 9240
200.111.191.210 - - [28/Sep/2017:16:38:19 -0300] "GET /cormun/servlet/solicitudotcontratos?INS,2017,0,7052621,2,1,2017,2967,NADA,201708,44,M, HTTP/1.1" 200 9723
200.111.191.210 - - [28/Sep/2017:16:38:19 -0300] "GET /cormun/static/gxcfg.js?20177612111053 HTTP/1.1" 304 -
200.111.191.210 - - [28/Sep/2017:16:38:20 -0300] "GET /cormun/servlet/solicitudotcontratos?INS,2017,0,7052621,2,1,2017,2967,NADA,201708,44,M, HTTP/1.1" 200 9753
200.111.191.210 - - [28/Sep/2017:16:38:20 -0300] "GET /cormun/servlet/solicitudotcontratos?d9f28ec1a76f9badfaabfbe35ae04cb3adca4fd96106cd76d1dde38c2e24e232dfa2390dd3162e1aae4a36edf60eab96,gx-no-cache=1506627534557 HTTP/1.1" 200 30
200.111.191.210 - - [28/Sep/2017:16:38:20 -0300] "GET /cormun/servlet/solicitudotcontratos?d9f28ec1a76f9badfaabfbe35ae04cb387f51249fb2f5895c61eaef4c4a9c8d4ec1bf38662c000d9e2a2faaff62fa05fd54dd9a38155484f236ff4e3b975bf455f871ed35fd99e6e682ce2e7b0dcc3fb9f5b782bdf5d69cb38868961a662f98c257c966c8b27e805358aad4e773aa02bd3586c8f56d7c45faa877501d7a704c7,gx-no-cache=1506627534600 HTTP/1.1" 200 45
200.111.191.210 - - [28/Sep/2017:16:38:20 -0300] "GET /cormun/servlet/solicitudotcontratos?d9f28ec1a76f9badfaabfbe35ae04cb3e78ebdcdffae209faaf5465d30325680b722c99dad79f13a113ac151c16b0e31,gx-no-cache=1506627534627 HTTP/1.1" 200 30
200.111.191.210 - - [28/Sep/2017:16:38:20 -0300] "GET /cormun/servlet/solicitudotcontratos?d9f28ec1a76f9badfaabfbe35ae04cb3cd96a9e57247ba8bdc9b3b721e2dce3ccf9eb2ba5fc8867506b59d341c86b6722d898b44d3ac5146b4a132921dd6ffd11e1628aea3614276a832349a2d95020e380922eb08217c3ad8abbe5079b6d35ae2eed15a2bde852ca75d534a34def363,gx-no-cache=1506627534654 HTTP/1.1" 200 30
200.111.191.210 - - [28/Sep/2017:16:38:20 -0300] "GET /cormun/servlet/solicitudotcontratos?d9f28ec1a76f9badfaabfbe35ae04cb306bddcd65ef11644695198650273ac8ebfa65e04e4aca77e884b5b5e4ddc1109ac97726a6a1cd82b2c564d22f168430f6f3fa56268aab75d5d03353842a24c3cc661644e2d43acf3bd0c3478cc559e5d004f10ff4ff49ede493611419ed7fddaa6157f25976e807b8a2ced2016a84d3d7b3dc482131b9bf8376081eb28858e92d63ef0dd2fd58776b23a6fbc18dbfa4730188a9dc87482472cbb09495d5c824b6f576a52847a33e2493de95d542450975c98dc897604c7c38073401071d09eafbde77250fc52951e234182493fb134148a1f6b6c4c0947c02bfe926010b7fe0ad1e8b1998e806760fbffb4dba8eba4f7ccff79437b76a6c91208573858793e4489f1711b55a145646fe3c7ec47687fe77c309597714e41f9385150b5edc92d6ac9ae4c9a12d16ab0189c7e4e3741195210047dbbb5e0bd4be0e219fda81e2ff37661aef6a039eb4828584851121b6932a38ad9f2c0606f94aa3de5e5473c5f98f69e5867c650c14ffb43ac7f3da52b172afeb1c408941c398d7c201995604480764127118290ce075d869d49b365cf8b622b661f9a1b9c65bb8a787426bc8a21056969240a3036e650700326add6f73cdf848a9e4827501bf45d1344323942fcbff214dc467a582cfcd205b8039e8e0e55a9b2604395d724584d9ceb54f610e7764127118290ce075d869d49b365cf8bd627ae59bbb907318e0ef171bfac8855cb8e63feaa4cea0bb49cc4151501485df46f41069501e66d0fdee8c5668541ae97b0967c447b66f8b0c957c0a8332a38,gx-no-cache=1506627534676 HTTP/1.1" 200 72
200.111.191.210 - - [28/Sep/2017:16:38:23 -0300] "GET /cormun/servlet/trcontratosolicitud? HTTP/1.1" 200 14008
200.111.191.210 - - [28/Sep/2017:16:38:23 -0300] "GET /cormun/servlet/trcontratosolicitud? HTTP/1.1" 200 14033
200.111.191.210 - - [28/Sep/2017:16:38:59 -0300] "GET /cormun/servlet/trfichaempleado? HTTP/1.1" 200 14635
200.111.191.210 - - [28/Sep/2017:16:39:01 -0300] "GET /cormun/servlet/trfichaempleado? HTTP/1.1" 200 14635
200.72.197.82 - - [28/Sep/2017:16:39:25 -0300] "POST /cormun/servlet/solicitudot?gx-no-cache=1506627595916 HTTP/1.1" 200 3126
200.72.197.82 - - [28/Sep/2017:16:39:25 -0300] "POST /cormun/servlet/solicitudot?65f8c6dc039f7c79846907595f5441ad,INS,0,0,,gx-no-cache=1506627596406 HTTP/1.1" 200 9983
200.72.197.82 - - [28/Sep/2017:16:39:29 -0300] "GET /cormun/servlet/solicitudot?331ef932f37a128e2fee8d38522b495cec4300fb2dcf75184f3486216fec6cbce0b64561a8997446b10804e8bb4ea6c5,gx-no-cache=1506627600021 HTTP/1.1" 200 30
192.168.10.96 - - [28/Sep/2017:16:39:51 -0300] "POST /cormun/servlet/trsolicitudgral?e82785edb9ac01b7aca49ed14f8750ac,,gx-no-cache=1506627547882 HTTP/1.1" 200 10789
192.168.10.96 - - [28/Sep/2017:16:39:59 -0300] "POST /cormun/servlet/trsolicitudgral?e82785edb9ac01b7aca49ed14f8750ac,,gx-no-cache=1506627555587 HTTP/1.1" 200 8461
192.168.10.96 - - [28/Sep/2017:16:40:05 -0300] "POST /cormun/servlet/trsolicitudgral?e82785edb9ac01b7aca49ed14f8750ac,,gx-no-cache=1506627561802 HTTP/1.1" 200 8464
192.168.10.96 - - [28/Sep/2017:16:40:06 -0300] "POST /cormun/servlet/trsolicitudgral?e82785edb9ac01b7aca49ed14f8750ac,,gx-no-cache=1506627562155 HTTP/1.1" 200 8464
192.168.10.96 - - [28/Sep/2017:16:40:06 -0300] "POST /cormun/servlet/trsolicitudgral?e82785edb9ac01b7aca49ed14f8750ac,,gx-no-cache=1506627562658 HTTP/1.1" 200 8460
192.168.10.96 - - [28/Sep/2017:16:40:06 -0300] "POST /cormun/servlet/trsolicitudgral?e82785edb9ac01b7aca49ed14f8750ac,,gx-no-cache=1506627562904 HTTP/1.1" 200 8463
192.168.10.96 - - [28/Sep/2017:16:40:07 -0300] "POST /cormun/servlet/trsolicitudgral?e82785edb9ac01b7aca49ed14f8750ac,,gx-no-cache=1506627563145 HTTP/1.1" 200 8464
192.168.10.96 - - [28/Sep/2017:16:40:17 -0300] "POST /cormun/servlet/trsolicitudgral?e82785edb9ac01b7aca49ed14f8750ac,,gx-no-cache=1506627573498 HTTP/1.1" 200 27032
186.103.159.187 - - [28/Sep/2017:16:40:23 -0300] "GET /cormun/servlet/prfichaempleado?,MD,,gxPopupLevel%3D0%3B HTTP/1.1" 200 9240
186.103.132.155 - - [28/Sep/2017:16:41:11 -0300] "POST /cormun/servlet/solicitudot?gx-no-cache=1506627702305 HTTP/1.1" 200 297
186.103.132.155 - - [28/Sep/2017:16:41:13 -0300] "GET /cormun/servlet/solicitudot?331ef932f37a128e2fee8d38522b495c4380dcdab40a00630118a185c3e4a1af1cce718db075e29b3b0cf1ebcac524a0d71224b1c2481b5ab57e441467c79d25db9105d74022d7696163dc622138abca2aa6f3a890733b54326ea8a4abd94c59b9501f82f8c5291586f991ee8c41099fe0a1e43f5710f7d776b90b9d65eac202cd560260ed845d4b6cb7354df2307c06048d7979576e3f358636d66d1f8e694dd78195bb0a219d1a718541ff9c9eeb98d5eeb85cf53eec1b28bdfd47151c7ba404a9d38f6f8bc86db47e19fcc124fee88a5ed2b8e41c9c74f71875879a8118dcbc45029e4c71a9e5ea8d1b098326e77782cffeba504bf5f357fdcbdabbcbd71d7ca2c68945f36ef9a9919e82950b74d3efd1e36540f80af5a2442f3335e71f35e80e4130049311be6c094b277522bcbe5126363cb3d794b8afd43ee7a6b2f215a069e037a3cd07659df704a24bab64f7a7c1e12a96ddd7382c7e42235249583ce01ae0a3333020cf0f3651dfa4759732364ff77c01ec991b3abd4c92d60d401543a131f88445c896a54955cf021a23cd,gx-no-cache=1506627704311 HTTP/1.1" 200 30
200.111.191.210 - - [28/Sep/2017:16:41:17 -0300] "GET /cormun/servlet/solicitudotcontratos?INS,2017,0,9728451,2,2,2017,5904,LEY+SEP,201708,3,*, HTTP/1.1" 200 9723
200.111.191.210 - - [28/Sep/2017:16:41:17 -0300] "GET /cormun/servlet/solicitudotcontratos?INS,2017,0,9728451,2,2,2017,5904,LEY+SEP,201708,3,*, HTTP/1.1" 200 9757
200.111.191.210 - - [28/Sep/2017:16:41:17 -0300] "GET /cormun/servlet/solicitudotcontratos?d9f28ec1a76f9badfaabfbe35ae04cb37f3c838b6a228986047cda60e6ee1305dfa2390dd3162e1aae4a36edf60eab96,gx-no-cache=1506627712056 HTTP/1.1" 200 30
200.111.191.210 - - [28/Sep/2017:16:41:18 -0300] "GET /cormun/servlet/solicitudotcontratos?d9f28ec1a76f9badfaabfbe35ae04cb387f51249fb2f5895c61eaef4c4a9c8d421a58f4493243ea40a84db00f9b5cf95d54dd9a38155484f236ff4e3b975bf4561485f551c2e61223e069a389e2c2fe01a91effe3ae317290c1032eba725f91dae5383b7b82b6a66673210a27c7d41fd085eeadf4c908bdab3b0ffd2fc6ba195,gx-no-cache=1506627712083 HTTP/1.1" 200 48
200.111.191.210 - - [28/Sep/2017:16:41:18 -0300] "GET /cormun/servlet/solicitudotcontratos?d9f28ec1a76f9badfaabfbe35ae04cb3c38375c479e217c026e4223b00f53b907b1282a8940a98bb053f940b652e7a41,gx-no-cache=1506627712116 HTTP/1.1" 200 30
200.111.191.210 - - [28/Sep/2017:16:41:18 -0300] "GET /cormun/servlet/solicitudotcontratos?d9f28ec1a76f9badfaabfbe35ae04cb3cd96a9e57247ba8bdc9b3b721e2dce3ccf9eb2ba5fc8867506b59d341c86b6722d898b44d3ac5146b4a132921dd6ffd11e1628aea3614276a832349a2d95020e1233dd2669e080072ed4aacccdeb0143e2eed15a2bde852ca75d534a34def363,gx-no-cache=1506627712164 HTTP/1.1" 200 30
200.111.191.210 - - [28/Sep/2017:16:41:18 -0300] "GET /cormun/servlet/solicitudotcontratos?d9f28ec1a76f9badfaabfbe35ae04cb306bddcd65ef11644695198650273ac8ebfa65e04e4aca77e884b5b5e4ddc11097e7b8d7db79d38df506456aba2fdc4e12d898b44d3ac5146b4a132921dd6ffd17d853649a9a94b6a46c37d67396b2896b4e36de06b8e3c6c7f721f677fe973df7742bfdca8b98fc0414356639834411ad9b50147016be9aea87ee4ee6f59d7ab0826f85dffd3b9dda2a602c17b9a27e47e7b8d7db79d38df506456aba2fdc4e1686e587d084aabf0bc3409f022fd008686ced6ce2e16e385ff11c8838a7d2b664edee20614f2c476a81914f4ecd961b323da0c4458e80dcd53ce88ff1cca3bb61a5336ead02039cf8193ef02c2d508c6c8b4db5238f03933813ef103fe22ea99c9ae4c9a12d16ab0189c7e4e374119522196f55b374b16a33f821a7e2e214e38d12715defb04d008754e8511b5afd482c5ff2d64beac4484da419254d775ea4a0cbc72e5aae4ab1e3affa37534fe6c94723a18d5fa83c4aea65fe85655f5131a78fec52a1f855e733bb19a644df3157c7b95e8b189b377fe08d14f30b59fa7fec2dda93248cda3079716a4a0265898624d73cc4219291254a7ae0e740af966ec1482695e4d6f91af5eccc44529f29076a2587896cdae718e95e4b096c9c590a5069d76bf3f7de15e2ef40bc5f646a966efebc8c1b93018b13db65f58ddb9ee9e8afd79b17223b57fe5e14110961690bcede1ed1543910ba5a7705a716c1e96e0500f56846dcccf29d3f0a2d3a39448562704a6727d9bebf6c6de2d7b1107d640761768c89a03d0e7af55026b9653a770,gx-no-cache=1506627712194 HTTP/1.1" 200 79
186.103.132.155 - - [28/Sep/2017:16:41:22 -0300] "POST /cormun/servlet/solicitudot?gx-no-cache=1506627712489 HTTP/1.1" 200 30
200.111.191.210 - - [28/Sep/2017:16:41:26 -0300] "GET /cormun/servlet/trautorizarsolicitud? HTTP/1.1" 200 6992
200.111.191.210 - - [28/Sep/2017:16:41:26 -0300] "GET /cormun/servlet/trautorizarsolicitud? HTTP/1.1" 200 6947
200.111.191.210 - - [28/Sep/2017:16:41:29 -0300] "GET /cormun/servlet/trcontratosolicitud? HTTP/1.1" 200 14037
200.111.191.210 - - [28/Sep/2017:16:41:30 -0300] "GET /cormun/servlet/trcontratosolicitud? HTTP/1.1" 200 14008
192.168.10.96 - - [28/Sep/2017:16:41:32 -0300] "POST /cormun/servlet/trsolicitudgral?e82785edb9ac01b7aca49ed14f8750ac,,gx-no-cache=1506627648180 HTTP/1.1" 200 27032
186.103.161.206 - - [28/Sep/2017:16:41:44 -0300] "POST /cormun/servlet/solicitudot?gx-no-cache=1506627734869 HTTP/1.1" 200 1352
186.103.161.206 - - [28/Sep/2017:16:41:44 -0300] "POST /cormun/servlet/solicitudot?gx-no-cache=1506627735063 HTTP/1.1" 200 38
200.111.191.210 - - [28/Sep/2017:16:41:45 -0300] "GET /cormun/servlet/trlicencias? HTTP/1.1" 200 17399
200.111.191.210 - - [28/Sep/2017:16:41:46 -0300] "GET /cormun/servlet/trlicencias? HTTP/1.1" 200 17397
192.168.10.96 - - [28/Sep/2017:16:41:49 -0300] "GET /cormun/servlet/vesolicitudgral?2017,7338,, HTTP/1.1" 200 8827
192.168.10.96 - - [28/Sep/2017:16:41:49 -0300] "GET /cormun/pexe_scrolldiv.js HTTP/1.1" 404 1009
192.168.10.96 - - [28/Sep/2017:16:41:49 -0300] "GET /cormun/pexe_scrolldiv.js HTTP/1.1" 404 1009
192.168.10.96 - - [28/Sep/2017:16:41:49 -0300] "GET /cormun/servlet/vesolicitudgral?2017,7338,, HTTP/1.1" 200 8826
192.168.10.96 - - [28/Sep/2017:16:41:51 -0300] "GET /cormun/servlet/vesolicitudgral?2017,7338,,SolicitudOTLog HTTP/1.1" 200 9660
192.168.10.96 - - [28/Sep/2017:16:41:51 -0300] "GET /cormun/pexe_scrolldiv.js HTTP/1.1" 404 1009
192.168.10.96 - - [28/Sep/2017:16:41:51 -0300] "GET /cormun/pexe_scrolldiv.js HTTP/1.1" 404 1009
192.168.10.96 - - [28/Sep/2017:16:41:51 -0300] "GET /cormun/servlet/vesolicitudgral?2017,7338,,SolicitudOTLog HTTP/1.1" 200 9661
200.111.191.210 - - [28/Sep/2017:16:41:51 -0300] "GET /cormun/servlet/trvacaciones? HTTP/1.1" 200 6923
200.111.191.210 - - [28/Sep/2017:16:41:51 -0300] "GET /cormun/static/gxcfg.js?201761221242035 HTTP/1.1" 200 953
200.111.191.210 - - [28/Sep/2017:16:41:51 -0300] "GET /cormun/static/trvacaciones.js?201761221242452 HTTP/1.1" 200 32368
200.111.191.210 - - [28/Sep/2017:16:41:52 -0300] "GET /cormun/servlet/trvacaciones? HTTP/1.1" 200 6923
192.168.10.96 - - [28/Sep/2017:16:41:52 -0300] "POST /cormun/servlet/acontrolpreferencessavestate?None,DZAMUDIO,true HTTP/1.1" 200 35
200.111.191.210 - - [28/Sep/2017:16:41:53 -0300] "POST /cormun/servlet/acontrolpreferencessavestate?None,CINOSTROZA,true HTTP/1.1" 200 35
200.111.191.210 - - [28/Sep/2017:16:41:54 -0300] "GET /cormun/servlet/vacaciones?INS,0, HTTP/1.1" 200 6388
200.111.191.210 - - [28/Sep/2017:16:41:54 -0300] "GET /cormun/static/gxcfg.js?201761221484198 HTTP/1.1" 200 953
200.111.191.210 - - [28/Sep/2017:16:41:54 -0300] "GET /cormun/static/vacaciones.js?201761221484214 HTTP/1.1" 200 17809
200.111.191.210 - - [28/Sep/2017:16:41:54 -0300] "GET /cormun/servlet/vacaciones?INS,0, HTTP/1.1" 200 6388
192.168.10.96 - - [28/Sep/2017:16:41:55 -0300] "POST /cormun/servlet/vesolicitudgral?e82785edb9ac01b7aca49ed14f8750ac,2017,7338,,SolicitudOTLog,gx-no-cache=1506627671213 HTTP/1.1" 200 90
192.168.10.96 - - [28/Sep/2017:16:41:55 -0300] "GET /cormun/servlet/hpexe_link HTTP/1.1" 200 977
192.168.10.96 - - [28/Sep/2017:16:41:55 -0300] "GET /cormun/servlet/trsolicitudgral? HTTP/1.1" 200 29634
192.168.10.96 - - [28/Sep/2017:16:41:56 -0300] "GET /cormun/servlet/trsolicitudgral? HTTP/1.1" 200 29632
186.103.161.206 - - [28/Sep/2017:16:41:57 -0300] "GET /cormun/servlet/prsolicitudot?9742897,,,,,MD,,gxPopupLevel%3D0%3B HTTP/1.1" 200 6015
186.103.161.206 - - [28/Sep/2017:16:41:57 -0300] "GET /cormun/static/gxcfg.js?2017761215935 HTTP/1.1" 200 953
186.103.132.155 - - [28/Sep/2017:16:41:57 -0300] "GET /cormun/static/prsolicitudot.js?20177612151099 HTTP/1.1" 200 13680
192.168.10.96 - - [28/Sep/2017:16:42:04 -0300] "GET /cormun/servlet/vesolicitudgral?2017,7343,, HTTP/1.1" 200 8905
192.168.10.96 - - [28/Sep/2017:16:42:04 -0300] "GET /cormun/pexe_scrolldiv.js HTTP/1.1" 404 1009
192.168.10.96 - - [28/Sep/2017:16:42:04 -0300] "GET /cormun/pexe_scrolldiv.js HTTP/1.1" 404 1009
192.168.10.96 - - [28/Sep/2017:16:42:04 -0300] "GET /cormun/servlet/vesolicitudgral?2017,7343,, HTTP/1.1" 200 8904
200.111.191.210 - - [28/Sep/2017:16:42:05 -0300] "GET /cormun/servlet/vacaciones?be453a79b616aa04d4455698343d92f806839b5315cde48c24f05314f9b4c850eefd3ca2941d4a15c536c75101efec75,gx-no-cache=1506627759307 HTTP/1.1" 200 79
192.168.10.96 - - [28/Sep/2017:16:42:06 -0300] "GET /cormun/servlet/vesolicitudgral?2017,7343,,SolicitudOTAdjuntos HTTP/1.1" 200 10771
192.168.10.96 - - [28/Sep/2017:16:42:06 -0300] "GET /cormun/pexe_scrolldiv.js HTTP/1.1" 404 1009
192.168.10.96 - - [28/Sep/2017:16:42:06 -0300] "GET /cormun/pexe_scrolldiv.js HTTP/1.1" 404 1009
192.168.10.96 - - [28/Sep/2017:16:42:07 -0300] "GET /cormun/servlet/vesolicitudgral?2017,7343,,SolicitudOTAdjuntos HTTP/1.1" 200 10776
192.168.10.96 - - [28/Sep/2017:16:42:07 -0300] "POST /cormun/servlet/acontrolpreferencessavestate?None,DZAMUDIO,true HTTP/1.1" 200 35
192.168.10.96 - - [28/Sep/2017:16:42:08 -0300] "GET /cormun/servlet/vesolicitudgral?2017,7343,,SolicitudOTLog HTTP/1.1" 200 9674
192.168.10.96 - - [28/Sep/2017:16:42:08 -0300] "GET /cormun/pexe_scrolldiv.js HTTP/1.1" 404 1009
192.168.10.96 - - [28/Sep/2017:16:42:08 -0300] "GET /cormun/servlet/vesolicitudgral?2017,7343,,SolicitudOTLog HTTP/1.1" 200 9674
192.168.10.96 - - [28/Sep/2017:16:42:09 -0300] "POST /cormun/servlet/acontrolpreferencessavestate?None,DZAMUDIO,true HTTP/1.1" 200 35
186.103.132.155 - - [28/Sep/2017:16:42:13 -0300] "GET /cormun/servlet/solicitudot?331ef932f37a128e2fee8d38522b495cec0ad0e545be6fb3bcef05b048b23e59df21cda1fafc9a5328eb14490c1028928c41894c62cfbba6a683f5422415c91948fe9f5d71c377205e6b725e8644e7d0e3c213df69cda23e1f7b24978ba1856ff7cb8252d50a67206272446e32dd4bb3,gx-no-cache=1506627763980 HTTP/1.1" 200 29
186.103.132.155 - - [28/Sep/2017:16:42:13 -0300] "POST /cormun/servlet/solicitudot?gx-no-cache=1506627764191 HTTP/1.1" 200 1337
186.103.132.155 - - [28/Sep/2017:16:42:13 -0300] "GET /cormun/servlet/solicitudot?331ef932f37a128e2fee8d38522b495c1bd91b67e5ed75463c78f8752f496cd2,gx-no-cache=1506627764586 HTTP/1.1" 200 30
200.111.191.210 - - [28/Sep/2017:16:42:15 -0300] "POST /cormun/servlet/vacaciones?4e382bba7dab1dd3836053e969da933c,INS,0,,gx-no-cache=1506627769343 HTTP/1.1" 200 4015
200.111.191.210 - - [28/Sep/2017:16:42:15 -0300] "GET /cormun/servlet/trvacacionesperiodo?13644609,MD,gxPopupLevel%3D0%3B HTTP/1.1" 200 5640
200.111.191.210 - - [28/Sep/2017:16:42:15 -0300] "GET /cormun/static/gxcfg.js?201761412334163 HTTP/1.1" 200 953
200.111.191.210 - - [28/Sep/2017:16:42:15 -0300] "GET /cormun/static/menusearch.js?201610171694467 HTTP/1.1" 304 -
200.111.191.210 - - [28/Sep/2017:16:42:15 -0300] "GET /cormun/static/hmpwkw011.js?20177612121862 HTTP/1.1" 304 -
200.111.191.210 - - [28/Sep/2017:16:42:15 -0300] "GET /cormun/static/trvacacionesperiodo.js?201761412334384 HTTP/1.1" 200 15199
200.111.191.210 - - [28/Sep/2017:16:42:16 -0300] "POST /cormun/servlet/acontrolpreferencessavestate?None,CINOSTROZA,true HTTP/1.1" 200 35
192.168.10.96 - - [28/Sep/2017:16:42:19 -0300] "POST /cormun/servlet/vesolicitudgral?e82785edb9ac01b7aca49ed14f8750ac,2017,7343,,SolicitudOTLog,gx-no-cache=1506627695091 HTTP/1.1" 200 90
192.168.10.96 - - [28/Sep/2017:16:42:19 -0300] "GET /cormun/servlet/hpexe_link HTTP/1.1" 200 977
192.168.10.96 - - [28/Sep/2017:16:42:19 -0300] "GET /cormun/servlet/trsolicitudgral HTTP/1.1" 200 29634
192.168.10.96 - - [28/Sep/2017:16:42:20 -0300] "GET /cormun/servlet/trsolicitudgral HTTP/1.1" 200 29632
192.168.10.96 - - [28/Sep/2017:16:42:26 -0300] "GET /cormun/servlet/vesolicitudgral?2017,7344,, HTTP/1.1" 200 8897
192.168.10.96 - - [28/Sep/2017:16:42:26 -0300] "GET /cormun/pexe_scrolldiv.js HTTP/1.1" 404 1009
192.168.10.96 - - [28/Sep/2017:16:42:26 -0300] "GET /cormun/pexe_scrolldiv.js HTTP/1.1" 404 1009
186.103.132.155 - - [28/Sep/2017:16:42:26 -0300] "GET /cormun/servlet/prcontratosol?9742897,,,,,MD,,gxPopupLevel%3D0%3B HTTP/1.1" 200 5678
192.168.10.96 - - [28/Sep/2017:16:42:26 -0300] "GET /cormun/servlet/vesolicitudgral?2017,7344,, HTTP/1.1" 200 8897
186.103.132.155 - - [28/Sep/2017:16:42:27 -0300] "GET /cormun/static/gxcfg.js?201761413223964 HTTP/1.1" 200 953
200.72.197.82 - - [28/Sep/2017:16:42:27 -0300] "GET /cormun/static/prcontratosol.js?201761413224174 HTTP/1.1" 200 15806
200.72.197.82 - - [28/Sep/2017:16:42:30 -0300] "POST /cormun/servlet/solicitudot?gx-no-cache=1506627780513 HTTP/1.1" 200 1352
200.72.197.82 - - [28/Sep/2017:16:42:30 -0300] "POST /cormun/servlet/solicitudot?gx-no-cache=1506627781448 HTTP/1.1" 200 38
200.72.197.82 - - [28/Sep/2017:16:42:30 -0300] "POST /cormun/servlet/solicitudot?gx-no-cache=1506627781526 HTTP/1.1" 200 1337
200.72.197.82 - - [28/Sep/2017:16:42:30 -0300] "GET /cormun/servlet/prsolicitudot?9742897,,,,,MD,,gxPopupLevel%3D0%3B HTTP/1.1" 200 6015
192.168.10.96 - - [28/Sep/2017:16:42:31 -0300] "GET /cormun/servlet/vesolicitudgral?2017,7344,,SolicitudOTLog HTTP/1.1" 200 9683
192.168.10.96 - - [28/Sep/2017:16:42:31 -0300] "GET /cormun/pexe_scrolldiv.js HTTP/1.1" 404 1009
192.168.10.96 - - [28/Sep/2017:16:42:31 -0300] "GET /cormun/pexe_scrolldiv.js HTTP/1.1" 404 1009
192.168.10.96 - - [28/Sep/2017:16:42:31 -0300] "GET /cormun/servlet/vesolicitudgral?2017,7344,,SolicitudOTLog HTTP/1.1" 200 9683
192.168.10.96 - - [28/Sep/2017:16:42:32 -0300] "POST /cormun/servlet/acontrolpreferencessavestate?None,DZAMUDIO,true HTTP/1.1" 200 35
192.168.10.96 - - [28/Sep/2017:16:42:34 -0300] "POST /cormun/servlet/vesolicitudgral?e82785edb9ac01b7aca49ed14f8750ac,2017,7344,,SolicitudOTLog,gx-no-cache=1506627710444 HTTP/1.1" 200 90
192.168.10.96 - - [28/Sep/2017:16:42:34 -0300] "GET /cormun/servlet/hpexe_link HTTP/1.1" 200 977
200.72.197.82 - - [28/Sep/2017:16:42:34 -0300] "POST /cormun/servlet/solicitudot?gx-no-cache=1506627785545 HTTP/1.1" 200 1352
200.72.197.82 - - [28/Sep/2017:16:42:34 -0300] "POST /cormun/servlet/solicitudot?gx-no-cache=1506627785672 HTTP/1.1" 200 38
200.72.197.82 - - [28/Sep/2017:16:42:34 -0300] "POST /cormun/servlet/solicitudot?gx-no-cache=1506627785716 HTTP/1.1" 200 1337
200.72.197.82 - - [28/Sep/2017:16:42:35 -0300] "GET /cormun/servlet/solicitudot?331ef932f37a128e2fee8d38522b495cfad845d2fde14a36f69151881f9ebaf92792a42bb3de2b1fe046879fb1227b1e,gx-no-cache=1506627785779 HTTP/1.1" 200 30
192.168.10.96 - - [28/Sep/2017:16:42:35 -0300] "GET /cormun/servlet/trsolicitudgral HTTP/1.1" 200 29634
192.168.10.96 - - [28/Sep/2017:16:42:36 -0300] "GET /cormun/servlet/trsolicitudgral HTTP/1.1" 200 29632
200.111.191.210 - - [28/Sep/2017:16:42:50 -0300] "POST /cormun/servlet/trvacacionesperiodo?4e382bba7dab1dd3836053e969da933c,13644609,MD,gxPopupLevel%3D0%3B,gx-no-cache=1506627804291 HTTP/1.1" 200 95
200.111.191.210 - - [28/Sep/2017:16:42:50 -0300] "GET /cormun/servlet/hpexe_return?MD,gxPopupLevel%3D0%3B HTTP/1.1" 200 1191
200.111.191.210 - - [28/Sep/2017:16:43:06 -0300] "GET /cormun/servlet/vacaciones?be453a79b616aa04d4455698343d92f87fb396dc28db6b80936553923bbc6137e822fb3443a226db24415d21daee3c919667965ce5c21064687ae267397995b6,gx-no-cache=1506627818880 HTTP/1.1" 200 133
200.111.191.210 - - [28/Sep/2017:16:43:06 -0300] "GET /cormun/static/Shared/jqueryui/images/ui-bg_highlight-soft_100_c6c2c8_1x100.png HTTP/1.1" 404 1117
200.111.191.210 - - [28/Sep/2017:16:43:06 -0300] "GET /cormun/static/Shared/jqueryui/images/ui-icons_82798d_256x240.png HTTP/1.1" 404 1089
200.111.191.210 - - [28/Sep/2017:16:43:06 -0300] "GET /cormun/static/Shared/jqueryui/images/ui-icons_ebccce_256x240.png HTTP/1.1" 404 1089
200.111.191.210 - - [28/Sep/2017:16:43:06 -0300] "GET /cormun/static/Shared/jqueryui/images/ui-bg_flat_55_994d53_40x100.png HTTP/1.1" 404 1097
186.103.161.206 - - [28/Sep/2017:16:43:09 -0300] "POST /cormun/servlet/solicitudot?gx-no-cache=1506627820327 HTTP/1.1" 200 1336
200.111.191.210 - - [28/Sep/2017:16:43:13 -0300] "POST /cormun/servlet/vacaciones?4e382bba7dab1dd3836053e969da933c,INS,0,,gx-no-cache=1506627827258 HTTP/1.1" 200 93
200.111.191.210 - - [28/Sep/2017:16:43:13 -0300] "GET /cormun/servlet/hpexe_return? HTTP/1.1" 200 1009
200.111.191.210 - - [28/Sep/2017:16:43:13 -0300] "GET /cormun/servlet/trvacaciones HTTP/1.1" 200 6939
200.111.191.210 - - [28/Sep/2017:16:43:13 -0300] "GET /cormun/servlet/trvacaciones HTTP/1.1" 200 6936
200.111.191.210 - - [28/Sep/2017:16:43:21 -0300] "GET /cormun/Manuales/ManualContratos.pdf HTTP/1.1" 200 629147
200.111.191.210 - - [28/Sep/2017:16:43:21 -0300] "GET /cormun/Manuales/ManualContratos.pdf HTTP/1.1" 206 146585
186.103.161.206 - - [28/Sep/2017:16:43:22 -0300] "GET /cormun/static/menuarrow.gif HTTP/1.1" 404 1015
200.111.191.210 - - [28/Sep/2017:16:43:25 -0300] "GET /cormun/servlet/trvacaciones HTTP/1.1" 200 6939
200.111.191.210 - - [28/Sep/2017:16:43:26 -0300] "GET /cormun/servlet/trvacaciones HTTP/1.1" 200 6936
200.111.191.210 - - [28/Sep/2017:16:43:33 -0300] "GET /cormun/servlet/trautorizarvacaciones? HTTP/1.1" 200 6768
186.103.161.206 - - [28/Sep/2017:16:43:33 -0300] "POST /cormun/servlet/solicitudot?gx-no-cache=1506627844033 HTTP/1.1" 200 30
200.111.191.210 - - [28/Sep/2017:16:43:33 -0300] "GET /cormun/static/gxcfg.js?201752512102488 HTTP/1.1" 200 953
200.111.191.210 - - [28/Sep/2017:16:43:33 -0300] "GET /cormun/static/trautorizarvacaciones.js?201752512102981 HTTP/1.1" 200 30348
200.111.191.210 - - [28/Sep/2017:16:43:33 -0300] "GET /cormun/servlet/trautorizarvacaciones? HTTP/1.1" 200 6768
200.111.191.210 - - [28/Sep/2017:16:43:34 -0300] "POST /cormun/servlet/acontrolpreferencessavestate?None,CINOSTROZA,true HTTP/1.1" 200 35
200.111.191.210 - - [28/Sep/2017:16:43:37 -0300] "GET /cormun/servlet/hlogin HTTP/1.1" 200 1747
192.168.10.96 - - [28/Sep/2017:16:44:48 -0300] "GET /cormun/servlet/vesolicitudgral?2017,7356,, HTTP/1.1" 200 8837
192.168.10.96 - - [28/Sep/2017:16:44:48 -0300] "GET /cormun/pexe_scrolldiv.js HTTP/1.1" 404 1009
192.168.10.96 - - [28/Sep/2017:16:44:48 -0300] "GET /cormun/pexe_scrolldiv.js HTTP/1.1" 404 1009
192.168.10.96 - - [28/Sep/2017:16:44:49 -0300] "GET /cormun/servlet/vesolicitudgral?2017,7356,, HTTP/1.1" 200 8836
192.168.10.96 - - [28/Sep/2017:16:44:51 -0300] "GET /cormun/servlet/vesolicitudgral?2017,7356,,SolicitudOTLog HTTP/1.1" 200 9683
192.168.10.96 - - [28/Sep/2017:16:44:51 -0300] "GET /cormun/pexe_scrolldiv.js HTTP/1.1" 404 1009
192.168.10.96 - - [28/Sep/2017:16:44:51 -0300] "GET /cormun/pexe_scrolldiv.js HTTP/1.1" 404 1009
192.168.10.96 - - [28/Sep/2017:16:44:51 -0300] "GET /cormun/servlet/vesolicitudgral?2017,7356,,SolicitudOTLog HTTP/1.1" 200 9683
192.168.10.96 - - [28/Sep/2017:16:44:52 -0300] "POST /cormun/servlet/acontrolpreferencessavestate?None,DZAMUDIO,true HTTP/1.1" 200 35
192.168.10.96 - - [28/Sep/2017:16:44:54 -0300] "POST /cormun/servlet/vesolicitudgral?e82785edb9ac01b7aca49ed14f8750ac,2017,7356,,SolicitudOTLog,gx-no-cache=1506627850885 HTTP/1.1" 200 90
192.168.10.96 - - [28/Sep/2017:16:44:54 -0300] "GET /cormun/servlet/hpexe_link HTTP/1.1" 200 977
192.168.10.96 - - [28/Sep/2017:16:44:55 -0300] "GET /cormun/servlet/trsolicitudgral HTTP/1.1" 200 29634
192.168.10.96 - - [28/Sep/2017:16:44:56 -0300] "GET /cormun/servlet/trsolicitudgral HTTP/1.1" 200 29632
192.168.10.96 - - [28/Sep/2017:16:45:24 -0300] "GET /cormun/servlet/vesolicitudgral?2017,7364,, HTTP/1.1" 200 8863
192.168.10.96 - - [28/Sep/2017:16:45:24 -0300] "GET /cormun/pexe_scrolldiv.js HTTP/1.1" 404 1009
192.168.10.96 - - [28/Sep/2017:16:45:24 -0300] "GET /cormun/pexe_scrolldiv.js HTTP/1.1" 404 1009
192.168.10.96 - - [28/Sep/2017:16:45:24 -0300] "GET /cormun/servlet/vesolicitudgral?2017,7364,, HTTP/1.1" 200 8862
192.168.10.96 - - [28/Sep/2017:16:45:28 -0300] "GET /cormun/servlet/vesolicitudgral?2017,7364,,SolicitudOTLog HTTP/1.1" 200 9679
192.168.10.96 - - [28/Sep/2017:16:45:28 -0300] "GET /cormun/pexe_scrolldiv.js HTTP/1.1" 404 1009
192.168.10.96 - - [28/Sep/2017:16:45:28 -0300] "GET /cormun/pexe_scrolldiv.js HTTP/1.1" 404 1009
192.168.10.96 - - [28/Sep/2017:16:45:28 -0300] "GET /cormun/servlet/vesolicitudgral?2017,7364,,SolicitudOTLog HTTP/1.1" 200 9679
192.168.10.96 - - [28/Sep/2017:16:45:29 -0300] "POST /cormun/servlet/acontrolpreferencessavestate?None,DZAMUDIO,true HTTP/1.1" 200 35
192.168.10.96 - - [28/Sep/2017:16:45:33 -0300] "GET /cormun/servlet/vesolicitudgral?2017,7364,,SolicitudOTAdjuntos HTTP/1.1" 200 7707
186.67.172.234 - - [28/Sep/2017:16:45:40 -0300] "GET /cormun/servlet/hlogin HTTP/1.1" 200 1710
200.111.191.210 - - [28/Sep/2017:16:45:42 -0300] "GET /cormun/servlet/trfichaempleado? HTTP/1.1" 200 14638
192.168.10.96 - - [28/Sep/2017:16:45:43 -0300] "POST /cormun/servlet/vesolicitudgral?e82785edb9ac01b7aca49ed14f8750ac,2017,7364,,SolicitudOTLog,gx-no-cache=1506627899285 HTTP/1.1" 200 90
192.168.10.96 - - [28/Sep/2017:16:45:43 -0300] "GET /cormun/servlet/hpexe_link HTTP/1.1" 200 977
192.168.10.96 - - [28/Sep/2017:16:45:43 -0300] "GET /cormun/servlet/trsolicitudgral HTTP/1.1" 200 29634
200.111.191.210 - - [28/Sep/2017:16:45:44 -0300] "GET /cormun/servlet/trfichaempleado? HTTP/1.1" 200 14639
192.168.10.96 - - [28/Sep/2017:16:45:44 -0300] "GET /cormun/servlet/trsolicitudgral HTTP/1.1" 200 29632
186.67.172.234 - - [28/Sep/2017:16:45:50 -0300] "POST /cormun/servlet/hlogin?537477bcef581d6919aa8099e08b0b8f,gx-no-cache=1506627981816 HTTP/1.1" 200 90
186.67.172.234 - - [28/Sep/2017:16:45:50 -0300] "GET /cormun/servlet/hpexe_link HTTP/1.1" 200 940
186.67.172.234 - - [28/Sep/2017:16:45:50 -0300] "GET /cormun/servlet/hhome HTTP/1.1" 200 3829
186.67.172.234 - - [28/Sep/2017:16:45:51 -0300] "GET /cormun/servlet/hhome HTTP/1.1" 200 3825
186.67.172.234 - - [28/Sep/2017:16:45:56 -0300] "GET /cormun/servlet/trvisualizadoreventos? HTTP/1.1" 200 6560
186.67.172.234 - - [28/Sep/2017:16:45:56 -0300] "GET /cormun/servlet/trvisualizadoreventos? HTTP/1.1" 200 6559
192.168.10.96 - - [28/Sep/2017:16:46:00 -0300] "GET /cormun/servlet/vesolicitudgral?2017,7371,, HTTP/1.1" 200 8877
192.168.10.96 - - [28/Sep/2017:16:46:00 -0300] "GET /cormun/pexe_scrolldiv.js HTTP/1.1" 404 1009
192.168.10.96 - - [28/Sep/2017:16:46:00 -0300] "GET /cormun/pexe_scrolldiv.js HTTP/1.1" 404 1009
192.168.10.96 - - [28/Sep/2017:16:46:00 -0300] "GET /cormun/servlet/vesolicitudgral?2017,7371,, HTTP/1.1" 200 8876
186.67.172.234 - - [28/Sep/2017:16:46:01 -0300] "POST /cormun/servlet/trvisualizadoreventos?537477bcef581d6919aa8099e08b0b8f,,gx-no-cache=1506627992491 HTTP/1.1" 200 3823
192.168.10.96 - - [28/Sep/2017:16:46:01 -0300] "GET /cormun/servlet/vesolicitudgral?2017,7371,,SolicitudOTLog HTTP/1.1" 200 9665
192.168.10.96 - - [28/Sep/2017:16:46:01 -0300] "GET /cormun/pexe_scrolldiv.js HTTP/1.1" 404 1009
192.168.10.96 - - [28/Sep/2017:16:46:01 -0300] "GET /cormun/pexe_scrolldiv.js HTTP/1.1" 404 1009
192.168.10.96 - - [28/Sep/2017:16:46:02 -0300] "GET /cormun/servlet/vesolicitudgral?2017,7371,,SolicitudOTLog HTTP/1.1" 200 9664
186.67.172.234 - - [28/Sep/2017:16:46:02 -0300] "POST /cormun/servlet/trvisualizadoreventos?537477bcef581d6919aa8099e08b0b8f,,gx-no-cache=1506627993672 HTTP/1.1" 200 3823
192.168.10.96 - - [28/Sep/2017:16:46:03 -0300] "POST /cormun/servlet/acontrolpreferencessavestate?None,DZAMUDIO,true HTTP/1.1" 200 35
186.103.132.155 - - [28/Sep/2017:16:46:04 -0300] "POST /cormun/servlet/solicitudot?65f8c6dc039f7c79846907595f5441ad,INS,0,0,,gx-no-cache=1506627995047 HTTP/1.1" 200 93
186.103.132.155 - - [28/Sep/2017:16:46:04 -0300] "GET /cormun/servlet/hpexe_return? HTTP/1.1" 200 1007
186.103.132.155 - - [28/Sep/2017:16:46:05 -0300] "GET /cormun/servlet/trsolicitudot HTTP/1.1" 200 10273
186.67.172.234 - - [28/Sep/2017:16:46:05 -0300] "POST /cormun/servlet/trvisualizadoreventos?537477bcef581d6919aa8099e08b0b8f,,gx-no-cache=1506627996375 HTTP/1.1" 200 111
186.67.172.234 - - [28/Sep/2017:16:46:05 -0300] "GET /cormun/VisualizadorEventos-1097.xls HTTP/1.1" 200 4096
186.103.132.155 - - [28/Sep/2017:16:46:05 -0300] "GET /cormun/servlet/trsolicitudot HTTP/1.1" 200 10269
186.103.132.155 - - [28/Sep/2017:16:46:11 -0300] "GET /cormun/servlet/trautorizarsolicitud? HTTP/1.1" 200 7010
186.103.132.155 - - [28/Sep/2017:16:46:12 -0300] "GET /cormun/servlet/trautorizarsolicitud? HTTP/1.1" 200 7010
186.103.132.155 - - [28/Sep/2017:16:46:29 -0300] "GET /cormun/servlet/trsolicitudot HTTP/1.1" 200 10273
186.103.132.155 - - [28/Sep/2017:16:46:30 -0300] "GET /cormun/servlet/trsolicitudot HTTP/1.1" 200 10269
186.103.132.155 - - [28/Sep/2017:16:46:32 -0300] "GET /cormun/servlet/treventos?2017,7473, HTTP/1.1" 200 6139
186.103.132.155 - - [28/Sep/2017:16:46:33 -0300] "GET /cormun/servlet/treventos?2017,7473, HTTP/1.1" 200 6139
186.103.132.155 - - [28/Sep/2017:16:46:36 -0300] "POST /cormun/servlet/treventos?65f8c6dc039f7c79846907595f5441ad,2017,7473,,gx-no-cache=1506628026650 HTTP/1.1" 200 3862
186.103.132.155 - - [28/Sep/2017:16:46:41 -0300] "GET /cormun/servlet/trsolicitudot HTTP/1.1" 200 10273
186.103.132.155 - - [28/Sep/2017:16:46:42 -0300] "GET /cormun/servlet/trsolicitudot HTTP/1.1" 200 10269
186.67.172.234 - - [28/Sep/2017:16:46:47 -0300] "GET /cormun/servlet/trcontratoobservacion? HTTP/1.1" 200 6486
186.67.172.234 - - [28/Sep/2017:16:46:47 -0300] "GET /cormun/servlet/trcontratoobservacion? HTTP/1.1" 200 6485
186.103.132.155 - - [28/Sep/2017:16:46:51 -0300] "POST /cormun/servlet/trsolicitudot?65f8c6dc039f7c79846907595f5441ad,gx-no-cache=1506628041314 HTTP/1.1" 200 7431
186.103.132.155 - - [28/Sep/2017:16:46:51 -0300] "GET /cormun/static/Shared/jqueryui/images/ui-icons_82798d_256x240.png HTTP/1.1" 404 1089
186.103.132.155 - - [28/Sep/2017:16:46:51 -0300] "GET /cormun/static/Shared/jqueryui/images/ui-bg_highlight-soft_100_c6c2c8_1x100.png HTTP/1.1" 404 1117
186.103.161.206 - - [28/Sep/2017:16:46:51 -0300] "GET /cormun/static/Shared/jqueryui/images/ui-icons_8d78a5_256x240.png HTTP/1.1" 404 1089
186.103.161.206 - - [28/Sep/2017:16:46:51 -0300] "GET /cormun/static/Shared/jqueryui/images/ui-bg_flat_55_fafafa_40x100.png HTTP/1.1" 404 1097
186.103.161.206 - - [28/Sep/2017:16:46:52 -0300] "POST /cormun/servlet/trsolicitudot?65f8c6dc039f7c79846907595f5441ad,gx-no-cache=1506628042254 HTTP/1.1" 200 7375
186.103.161.206 - - [28/Sep/2017:16:46:56 -0300] "GET /cormun/servlet/trautorizarsolicitud? HTTP/1.1" 200 8272
186.103.161.206 - - [28/Sep/2017:16:46:56 -0300] "GET /cormun/servlet/trautorizarsolicitud? HTTP/1.1" 200 8271
186.103.161.206 - - [28/Sep/2017:16:47:10 -0300] "POST /cormun/servlet/trautorizarsolicitud?65f8c6dc039f7c79846907595f5441ad,,gx-no-cache=1506628060188 HTTP/1.1" 200 4376
186.103.161.206 - - [28/Sep/2017:16:47:10 -0300] "GET /cormun/static/Shared/jqueryui/images/ui-bg_highlight-soft_100_c6c2c8_1x100.png HTTP/1.1" 404 1117
186.103.132.155 - - [28/Sep/2017:16:47:10 -0300] "GET /cormun/static/Shared/jqueryui/images/ui-icons_8d78a5_256x240.png HTTP/1.1" 404 1089
186.103.161.206 - - [28/Sep/2017:16:47:10 -0300] "GET /cormun/static/Shared/jqueryui/images/ui-bg_flat_55_fafafa_40x100.png HTTP/1.1" 404 1097
186.103.132.155 - - [28/Sep/2017:16:47:10 -0300] "POST /cormun/servlet/trautorizarsolicitud?65f8c6dc039f7c79846907595f5441ad,,gx-no-cache=1506628061038 HTTP/1.1" 200 4161
186.103.161.206 - - [28/Sep/2017:16:47:10 -0300] "GET /cormun/static/Shared/jqueryui/images/ui-icons_82798d_256x240.png HTTP/1.1" 404 1089
186.103.161.206 - - [28/Sep/2017:16:47:14 -0300] "GET /cormun/servlet/trvisualizadoreventos? HTTP/1.1" 200 6834
186.103.161.206 - - [28/Sep/2017:16:47:15 -0300] "GET /cormun/servlet/trvisualizadoreventos? HTTP/1.1" 200 6834
190.151.100.218 - - [28/Sep/2017:16:47:55 -0300] "POST /cormun/servlet/trvisualizadoreventos?65f8c6dc039f7c79846907595f5441ad,,gx-no-cache=1506628105585 HTTP/1.1" 200 4379
200.72.197.82 - - [28/Sep/2017:16:48:16 -0300] "GET /cormun/servlet/trautorizarsolicitud? HTTP/1.1" 200 7010
200.72.197.82 - - [28/Sep/2017:16:48:17 -0300] "GET /cormun/servlet/trautorizarsolicitud? HTTP/1.1" 200 7010
186.103.132.155 - - [28/Sep/2017:16:48:49 -0300] "GET /cormun/servlet/trautorizarsolicitud? HTTP/1.1" 200 7010
186.103.132.155 - - [28/Sep/2017:16:48:50 -0300] "GET /cormun/servlet/trautorizarsolicitud? HTTP/1.1" 200 7010
186.103.132.155 - - [28/Sep/2017:16:48:54 -0300] "GET /cormun/servlet/trvisualizadoreventos? HTTP/1.1" 200 7192
186.103.132.155 - - [28/Sep/2017:16:48:54 -0300] "GET /cormun/servlet/trvisualizadoreventos? HTTP/1.1" 200 7191
186.103.132.155 - - [28/Sep/2017:16:49:03 -0300] "GET /cormun/servlet/trautorizarsolicitud? HTTP/1.1" 200 7010
186.103.132.155 - - [28/Sep/2017:16:49:03 -0300] "GET /cormun/servlet/trautorizarsolicitud? HTTP/1.1" 200 7010
186.103.132.155 - - [28/Sep/2017:16:49:18 -0300] "GET /cormun/servlet/trautorizarsolicitud? HTTP/1.1" 200 7010
186.103.132.155 - - [28/Sep/2017:16:49:19 -0300] "GET /cormun/servlet/trautorizarsolicitud? HTTP/1.1" 200 7010
186.67.172.234 - - [28/Sep/2017:16:49:20 -0300] "GET /cormun/servlet/hlogin HTTP/1.1" 200 1732
186.67.172.234 - - [28/Sep/2017:16:49:23 -0300] "POST /cormun/servlet/hlogin?537477bcef581d6919aa8099e08b0b8f,gx-no-cache=1506628194513 HTTP/1.1" 200 90
186.103.132.155 - - [28/Sep/2017:16:49:23 -0300] "POST /cormun/servlet/trautorizarsolicitud?65f8c6dc039f7c79846907595f5441ad,,gx-no-cache=1506628193508 HTTP/1.1" 200 4178
186.67.172.234 - - [28/Sep/2017:16:49:23 -0300] "GET /cormun/servlet/hpexe_link HTTP/1.1" 200 947
186.103.132.155 - - [28/Sep/2017:16:49:24 -0300] "GET /cormun/servlet/trautorizarsolicitud? HTTP/1.1" 200 7010
186.103.132.155 - - [28/Sep/2017:16:49:25 -0300] "GET /cormun/servlet/trautorizarsolicitud? HTTP/1.1" 200 7010
186.103.132.155 - - [28/Sep/2017:16:49:27 -0300] "GET /cormun/servlet/trsolicitudot? HTTP/1.1" 200 10269
186.103.132.155 - - [28/Sep/2017:16:49:28 -0300] "GET /cormun/servlet/trsolicitudot? HTTP/1.1" 200 10268
200.72.197.82 - - [28/Sep/2017:16:49:33 -0300] "GET /cormun/servlet/treventos?2017,7473, HTTP/1.1" 200 7802
200.72.197.82 - - [28/Sep/2017:16:49:34 -0300] "GET /cormun/servlet/treventos?2017,7473, HTTP/1.1" 200 7808
186.67.172.234 - - [28/Sep/2017:16:51:24 -0300] "GET /cormun/servlet/trfichaempleado? HTTP/1.1" 200 14259
186.67.172.234 - - [28/Sep/2017:16:51:36 -0300] "GET /cormun/servlet/hlogin HTTP/1.1" 200 1710
186.67.172.234 - - [28/Sep/2017:16:51:39 -0300] "POST /cormun/servlet/hlogin?537477bcef581d6919aa8099e08b0b8f,gx-no-cache=1506628330657 HTTP/1.1" 200 90
186.67.172.234 - - [28/Sep/2017:16:51:39 -0300] "GET /cormun/servlet/hpexe_link HTTP/1.1" 200 947
46.174.191.32 - - [28/Sep/2017:16:51:39 -0300] "GET / HTTP/1.0" 200 11197
186.67.172.234 - - [28/Sep/2017:16:52:23 -0300] "GET /cormun/servlet/trfichaempleado? HTTP/1.1" 200 14259
192.168.10.96 - - [28/Sep/2017:16:52:41 -0300] "POST /cormun/servlet/vesolicitudgral?e82785edb9ac01b7aca49ed14f8750ac,2017,7371,,SolicitudOTLog,gx-no-cache=1506628317476 HTTP/1.1" 200 90
192.168.10.96 - - [28/Sep/2017:16:52:41 -0300] "GET /cormun/servlet/hpexe_link HTTP/1.1" 200 977
192.168.10.96 - - [28/Sep/2017:16:52:42 -0300] "GET /cormun/servlet/trsolicitudgral HTTP/1.1" 200 29634
192.168.10.96 - - [28/Sep/2017:16:52:43 -0300] "GET /cormun/servlet/trsolicitudgral HTTP/1.1" 200 29632
186.103.159.187 - - [28/Sep/2017:16:53:02 -0300] "GET /cormun/servlet/hhome HTTP/1.1" 200 3806
186.103.159.187 - - [28/Sep/2017:16:53:04 -0300] "GET /cormun/servlet/hhome HTTP/1.1" 200 3815
186.67.172.234 - - [28/Sep/2017:16:53:08 -0300] "GET /cormun/servlet/hlogin HTTP/1.1" 200 1710
192.168.10.96 - - [28/Sep/2017:16:53:09 -0300] "GET /cormun/servlet/vesolicitudgral?2017,7419,, HTTP/1.1" 200 8852
192.168.10.96 - - [28/Sep/2017:16:53:09 -0300] "GET /cormun/pexe_scrolldiv.js HTTP/1.1" 404 1009
192.168.10.96 - - [28/Sep/2017:16:53:09 -0300] "GET /cormun/pexe_scrolldiv.js HTTP/1.1" 404 1009
192.168.10.96 - - [28/Sep/2017:16:53:09 -0300] "GET /cormun/servlet/vesolicitudgral?2017,7419,, HTTP/1.1" 200 8851
186.67.172.234 - - [28/Sep/2017:16:53:11 -0300] "POST /cormun/servlet/hlogin?537477bcef581d6919aa8099e08b0b8f,gx-no-cache=1506628423065 HTTP/1.1" 200 90
186.67.172.234 - - [28/Sep/2017:16:53:11 -0300] "GET /cormun/servlet/hpexe_link HTTP/1.1" 200 947
192.168.10.96 - - [28/Sep/2017:16:53:11 -0300] "GET /cormun/servlet/vesolicitudgral?2017,7419,,SolicitudOTLog HTTP/1.1" 200 9675
192.168.10.96 - - [28/Sep/2017:16:53:11 -0300] "GET /cormun/pexe_scrolldiv.js HTTP/1.1" 404 1009
192.168.10.96 - - [28/Sep/2017:16:53:11 -0300] "GET /cormun/pexe_scrolldiv.js HTTP/1.1" 404 1009
192.168.10.96 - - [28/Sep/2017:16:53:12 -0300] "GET /cormun/servlet/vesolicitudgral?2017,7419,,SolicitudOTLog HTTP/1.1" 200 9675
192.168.10.96 - - [28/Sep/2017:16:53:13 -0300] "POST /cormun/servlet/acontrolpreferencessavestate?None,DZAMUDIO,true HTTP/1.1" 200 35
186.103.159.187 - - [28/Sep/2017:16:53:14 -0300] "GET /cormun/servlet/trsolicitudot? HTTP/1.1" 200 8825
192.168.10.96 - - [28/Sep/2017:16:53:14 -0300] "POST /cormun/servlet/vesolicitudgral?e82785edb9ac01b7aca49ed14f8750ac,2017,7419,,SolicitudOTLog,gx-no-cache=1506628351084 HTTP/1.1" 200 90
192.168.10.96 - - [28/Sep/2017:16:53:15 -0300] "GET /cormun/servlet/hpexe_link HTTP/1.1" 200 977
186.103.159.187 - - [28/Sep/2017:16:53:15 -0300] "GET /cormun/servlet/trsolicitudot? HTTP/1.1" 200 8822
192.168.10.96 - - [28/Sep/2017:16:53:15 -0300] "GET /cormun/servlet/trsolicitudgral HTTP/1.1" 200 29634
192.168.10.96 - - [28/Sep/2017:16:53:16 -0300] "GET /cormun/servlet/trsolicitudgral HTTP/1.1" 200 29632
192.168.10.96 - - [28/Sep/2017:16:53:32 -0300] "GET /cormun/servlet/vesolicitudgral?2017,7420,, HTTP/1.1" 200 8891
192.168.10.96 - - [28/Sep/2017:16:53:33 -0300] "GET /cormun/pexe_scrolldiv.js HTTP/1.1" 404 1009
192.168.10.96 - - [28/Sep/2017:16:53:33 -0300] "GET /cormun/pexe_scrolldiv.js HTTP/1.1" 404 1009
192.168.10.96 - - [28/Sep/2017:16:53:33 -0300] "GET /cormun/servlet/vesolicitudgral?2017,7420,, HTTP/1.1" 200 8891
