192.168.10.96 - - [28/Sep/2017:16:21:00 -0300] "POST /cormun/servlet/trsolicitudgral?e82785edb9ac01b7aca49ed14f8750ac,,gx-no-cache=1506626416366 HTTP/1.1" 200 26626
186.103.161.206 - - [28/Sep/2017:16:21:02 -0300] "GET /cormun/servlet/solicitudot?331ef932f37a128e2fee8d38522b495cec0ad0e545be6fb3bcef05b048b23e59df21cda1fafc9a5328eb14490c1028928c41894c62cfbba6a683f5422415c91948fe9f5d71c377205e6b725e8644e7d0e3c213df69cda23e1f7b24978ba1856ff7cb8252d50a67206272446e32dd4bb3,gx-no-cache=1506626493291 HTTP/1.1" 200 29
186.103.161.206 - - [28/Sep/2017:16:21:02 -0300] "POST /cormun/servlet/solicitudot?gx-no-cache=1506626493479 HTTP/1.1" 200 1336
186.103.159.187 - - [28/Sep/2017:16:21:12 -0300] "POST /cormun/servlet/prfichaempleado?e9083034039c7cb0cc859efe9052cd4f,,MD,,gxPopupLevel%3D0%3B,gx-no-cache=1506630044574 HTTP/1.1" 200 3415
192.168.10.96 - - [28/Sep/2017:16:21:13 -0300] "POST /cormun/servlet/trsolicitudgral?e82785edb9ac01b7aca49ed14f8750ac,,gx-no-cache=1506626429067 HTTP/1.1" 200 5755
192.168.10.96 - - [28/Sep/2017:16:21:20 -0300] "POST /cormun/servlet/trsolicitudgral?e82785edb9ac01b7aca49ed14f8750ac,,gx-no-cache=1506626436806 HTTP/1.1" 200 5755
186.103.159.187 - - [28/Sep/2017:16:21:22 -0300] "GET /cormun/servlet/prfichaempleado?,MD,,gxPopupLevel%3D0%3B HTTP/1.1" 200 9222
186.103.132.155 - - [28/Sep/2017:16:21:26 -0300] "GET /cormun/static/menuarrow.gif HTTP/1.1" 404 1015
192.168.10.60 - - [28/Sep/2017:16:21:28 -0300] "GET /cormun/servlet/hlogin HTTP/1.1" 200 1717
192.168.10.96 - - [28/Sep/2017:16:21:29 -0300] "POST /cormun/servlet/trsolicitudgral?e82785edb9ac01b7aca49ed14f8750ac,,gx-no-cache=1506626445101 HTTP/1.1" 200 27026
192.168.10.60 - - [28/Sep/2017:16:21:31 -0300] "POST /cormun/servlet/hlogin?38f42c40409248fbafc3d8c6dbbfcb37,gx-no-cache=1506626447695 HTTP/1.1" 200 90
192.168.10.60 - - [28/Sep/2017:16:21:31 -0300] "GET /cormun/servlet/hpexe_link HTTP/1.1" 200 955
192.168.10.60 - - [28/Sep/2017:16:21:31 -0300] "GET /cormun/servlet/trautorizarot HTTP/1.1" 200 8118
192.168.10.60 - - [28/Sep/2017:16:21:32 -0300] "GET /cormun/servlet/trautorizarot HTTP/1.1" 200 8116
186.103.159.187 - - [28/Sep/2017:16:21:37 -0300] "POST /cormun/servlet/prfichaempleado?e9083034039c7cb0cc859efe9052cd4f,,MD,,gxPopupLevel%3D0%3B,gx-no-cache=1506630069950 HTTP/1.1" 200 3413
192.168.10.60 - - [28/Sep/2017:16:21:38 -0300] "GET /cormun/static/menuarrow.gif HTTP/1.1" 404 1015
186.103.132.155 - - [28/Sep/2017:16:21:40 -0300] "GET /cormun/servlet/solicitudot?331ef932f37a128e2fee8d38522b495cfad845d2fde14a36f69151881f9ebaf9103fd1996ac7a144d69f9a753a74dbde,gx-no-cache=1506626530737 HTTP/1.1" 200 30
192.168.10.60 - - [28/Sep/2017:16:21:45 -0300] "POST /cormun/servlet/trautorizarot?38f42c40409248fbafc3d8c6dbbfcb37,gx-no-cache=1506626461848 HTTP/1.1" 200 5126
186.103.159.187 - - [28/Sep/2017:16:21:57 -0300] "GET /cormun/servlet/prfichaempleado?,MD,,gxPopupLevel%3D0%3B HTTP/1.1" 200 9222
192.168.10.96 - - [28/Sep/2017:16:22:06 -0300] "POST /cormun/servlet/trsolicitudgral?e82785edb9ac01b7aca49ed14f8750ac,,gx-no-cache=1506626482586 HTTP/1.1" 200 5749
186.103.159.230 - - [28/Sep/2017:16:22:07 -0300] "GET /cormun/servlet/licenciaspermisos?e0f2647f72b9b8e1553091df82f602ca25c50ed924da951dc16d056e4488855b2d5eb8d42dc43bfc116ea7cf757abc97b609bdb48b123694e2e2a4442714b13413b1c538760c631d7f050a7f86ddd54f7cec3691c80db2e89492a4a48a36e202ad22dd860f30981be1f26097ee9481903dff05772d78387c6bdfdf9777cbe0ddfa6eb24c627b43ac377699525cd61790cb5a957e98b919ed1ac3c5ca1360b577823f9fd1333d5a9f6b338821a8685cffa99e8ce8301ff08b02392e583a7ba205dd3b746404c3fd61c1e9d6e72c894c415b9da9009dd3d831ba8b5c87b7d401fb,gx-no-cache=1506626566419 HTTP/1.1" 200 30
186.103.159.230 - - [28/Sep/2017:16:22:07 -0300] "GET /cormun/servlet/licenciaspermisos?e0f2647f72b9b8e1553091df82f602ca04a451f341b002f1a0bfbc08c3b29046d9401007c5298262b43de19f86a6aab95a352780cac7066010d41b53739d4d4ef8aff968f90029895ad3cb4777368db1d8bc4f0e3ccc7b94305911024b08210a6341c14f4228fcc2c154ad6eefcdf64a9685d3f3ee3676f7762ce9b2a9d3ad49ae7d18e3da43518de413f598f796052cfbcca1aebb707c65ee3214e1bb49cc81d33d82406cc612b3ffbff50872cb001dcc488f932c47535aa4b887fca5276b3429315d8cd7738688124fba6f71569f50d14955e7532407f8cdde2d196d01028d,gx-no-cache=1506626566536 HTTP/1.1" 200 29
186.103.159.230 - - [28/Sep/2017:16:22:08 -0300] "POST /cormun/servlet/licenciaspermisos?00c15f98f678435b141ef32c645e6175,INS,0,,,,gx-no-cache=1506626566607 HTTP/1.1" 200 93
186.103.159.230 - - [28/Sep/2017:16:22:08 -0300] "GET /cormun/servlet/hpexe_return? HTTP/1.1" 200 1009
186.103.159.230 - - [28/Sep/2017:16:22:08 -0300] "GET /cormun/static/gxcfg.js?2016101716175148 HTTP/1.1" 200 953
186.103.159.230 - - [28/Sep/2017:16:22:08 -0300] "GET /cormun/static/hpexe_return.js?2016101716175153 HTTP/1.1" 200 1633
186.103.159.230 - - [28/Sep/2017:16:22:08 -0300] "GET /cormun/static/Resources/Spanish/PXTools.css?167811 HTTP/1.1" 200 89042
192.168.10.96 - - [28/Sep/2017:16:22:09 -0300] "POST /cormun/servlet/trsolicitudgral?e82785edb9ac01b7aca49ed14f8750ac,,gx-no-cache=1506626485324 HTTP/1.1" 200 5748
186.103.159.230 - - [28/Sep/2017:16:22:09 -0300] "GET /cormun/servlet/trlicencias HTTP/1.1" 200 10055
192.168.10.96 - - [28/Sep/2017:16:22:09 -0300] "POST /cormun/servlet/trsolicitudgral?e82785edb9ac01b7aca49ed14f8750ac,,gx-no-cache=1506626485926 HTTP/1.1" 200 5748
186.103.159.230 - - [28/Sep/2017:16:22:10 -0300] "GET /cormun//static/Resources/PXToolsGridUpdate.png HTTP/1.1" 200 2984
186.103.159.230 - - [28/Sep/2017:16:22:10 -0300] "GET /cormun//static/Resources/PXToolsGridDelete.png HTTP/1.1" 200 357
192.168.10.96 - - [28/Sep/2017:16:22:10 -0300] "POST /cormun/servlet/trsolicitudgral?e82785edb9ac01b7aca49ed14f8750ac,,gx-no-cache=1506626486132 HTTP/1.1" 200 5748
186.103.159.230 - - [28/Sep/2017:16:22:10 -0300] "GET /cormun/servlet/trlicencias HTTP/1.1" 200 10052
192.168.10.96 - - [28/Sep/2017:16:22:10 -0300] "POST /cormun/servlet/trsolicitudgral?e82785edb9ac01b7aca49ed14f8750ac,,gx-no-cache=1506626486352 HTTP/1.1" 200 5748
192.168.10.96 - - [28/Sep/2017:16:22:10 -0300] "POST /cormun/servlet/trsolicitudgral?e82785edb9ac01b7aca49ed14f8750ac,,gx-no-cache=1506626486509 HTTP/1.1" 200 5748
192.168.10.96 - - [28/Sep/2017:16:22:10 -0300] "POST /cormun/servlet/trsolicitudgral?e82785edb9ac01b7aca49ed14f8750ac,,gx-no-cache=1506626486718 HTTP/1.1" 200 5748
192.168.10.96 - - [28/Sep/2017:16:22:18 -0300] "POST /cormun/servlet/trsolicitudgral?e82785edb9ac01b7aca49ed14f8750ac,,gx-no-cache=1506626494237 HTTP/1.1" 200 7163
192.168.10.96 - - [28/Sep/2017:16:22:19 -0300] "POST /cormun/servlet/trsolicitudgral?e82785edb9ac01b7aca49ed14f8750ac,,gx-no-cache=1506626495420 HTTP/1.1" 200 7164
186.103.159.230 - - [28/Sep/2017:16:22:19 -0300] "GET /cormun/servlet/trlicenciaspermisosadjuntos?7122287,20170928000000,L, HTTP/1.1" 200 6383
186.103.159.230 - - [28/Sep/2017:16:22:20 -0300] "GET /cormun/static/gxcfg.js?20177612163414 HTTP/1.1" 200 953
186.103.159.230 - - [28/Sep/2017:16:22:20 -0300] "GET /cormun/static/trlicenciaspermisosadjuntos.js?20177612163719 HTTP/1.1" 200 21036
192.168.10.96 - - [28/Sep/2017:16:22:20 -0300] "POST /cormun/servlet/trsolicitudgral?e82785edb9ac01b7aca49ed14f8750ac,,gx-no-cache=1506626496285 HTTP/1.1" 200 7164
186.103.159.230 - - [28/Sep/2017:16:22:21 -0300] "GET /cormun/servlet/trlicenciaspermisosadjuntos?7122287,20170928000000,L, HTTP/1.1" 200 6384
186.103.161.206 - - [28/Sep/2017:16:22:21 -0300] "POST /cormun/servlet/solicitudot?gx-no-cache=1506626571996 HTTP/1.1" 200 30
186.103.159.230 - - [28/Sep/2017:16:22:36 -0300] "GET /cormun/servlet/trlicencias? HTTP/1.1" 200 10053
186.103.159.230 - - [28/Sep/2017:16:22:37 -0300] "GET /cormun/servlet/trlicencias? HTTP/1.1" 200 10052
186.103.159.230 - - [28/Sep/2017:16:22:42 -0300] "GET /cormun/servlet/trlicenciaspermisosadjuntos?7122287,20170928000000,L, HTTP/1.1" 200 6384
186.103.159.230 - - [28/Sep/2017:16:22:42 -0300] "GET /cormun/servlet/trlicenciaspermisosadjuntos?7122287,20170928000000,L, HTTP/1.1" 200 6384
186.103.159.230 - - [28/Sep/2017:16:22:43 -0300] "GET /cormun/servlet/trlicenciaspermisosadjuntos?7122287,20170928000000,L, HTTP/1.1" 200 6384
186.103.159.230 - - [28/Sep/2017:16:22:46 -0300] "POST /cormun/servlet/trlicenciaspermisosadjuntos?00c15f98f678435b141ef32c645e6175,7122287,20170928000000,L,,gx-no-cache=1506626605742 HTTP/1.1" 200 4105
192.168.10.96 - - [28/Sep/2017:16:22:47 -0300] "POST /cormun/servlet/trsolicitudgral?e82785edb9ac01b7aca49ed14f8750ac,,gx-no-cache=1506626523262 HTTP/1.1" 200 27028
186.103.159.187 - - [28/Sep/2017:16:22:48 -0300] "GET /cormun/servlet/hlogin HTTP/1.1" 200 1739
186.103.159.230 - - [28/Sep/2017:16:22:56 -0300] "GET /cormun/servlet/trlicencias? HTTP/1.1" 200 10053
186.103.159.230 - - [28/Sep/2017:16:22:57 -0300] "GET /cormun/servlet/trlicencias? HTTP/1.1" 200 10052
186.103.159.230 - - [28/Sep/2017:16:23:00 -0300] "POST /cormun/servlet/trlicencias?00c15f98f678435b141ef32c645e6175,,gx-no-cache=1506626619112 HTTP/1.1" 200 7539
186.103.159.230 - - [28/Sep/2017:16:23:00 -0300] "GET /cormun/static/Shared/jqueryui/images/ui-bg_highlight-soft_100_c6c2c8_1x100.png HTTP/1.1" 404 1117
186.103.159.230 - - [28/Sep/2017:16:23:00 -0300] "GET /cormun/static/Shared/jqueryui/images/ui-icons_82798d_256x240.png HTTP/1.1" 404 1089
186.103.159.230 - - [28/Sep/2017:16:23:00 -0300] "GET /cormun/static/Shared/jqueryui/images/ui-bg_flat_55_fafafa_40x100.png HTTP/1.1" 404 1097
186.103.159.230 - - [28/Sep/2017:16:23:00 -0300] "GET /cormun/static/Shared/jqueryui/images/ui-icons_8d78a5_256x240.png HTTP/1.1" 404 1089
186.103.159.187 - - [28/Sep/2017:16:23:01 -0300] "POST /cormun/servlet/hlogin?e9083034039c7cb0cc859efe9052cd4f,gx-no-cache=1506630153785 HTTP/1.1" 200 90
186.103.159.187 - - [28/Sep/2017:16:23:01 -0300] "GET /cormun/servlet/hpexe_link HTTP/1.1" 200 959
186.103.159.187 - - [28/Sep/2017:16:23:02 -0300] "GET /cormun/servlet/prfichaempleado?,MD, HTTP/1.1" 200 9220
186.103.159.230 - - [28/Sep/2017:16:23:09 -0300] "GET /cormun/servlet/trlicenciaspermisosadjuntos?7122287,20170928000000,L, HTTP/1.1" 200 6384
186.103.159.187 - - [28/Sep/2017:16:23:09 -0300] "POST /cormun/servlet/acontrolpreferencessavestate?None,CF-31,true HTTP/1.1" 200 35
186.103.159.230 - - [28/Sep/2017:16:23:10 -0300] "GET /cormun/servlet/trlicenciaspermisosadjuntos?7122287,20170928000000,L, HTTP/1.1" 200 6384
186.103.159.230 - - [28/Sep/2017:16:23:14 -0300] "POST /cormun/servlet/trlicenciaspermisosadjuntos?00c15f98f678435b141ef32c645e6175,7122287,20170928000000,L,,gx-no-cache=1506626633391 HTTP/1.1" 200 4105
192.168.10.96 - - [28/Sep/2017:16:23:17 -0300] "POST /cormun/servlet/trsolicitudgral?e82785edb9ac01b7aca49ed14f8750ac,,gx-no-cache=1506626552913 HTTP/1.1" 200 27030
186.103.159.230 - - [28/Sep/2017:16:23:19 -0300] "GET /cormun/servlet/licenciaspermisosadjuntos?INS,7122287,L,20170928000000,, HTTP/1.1" 200 5682
186.103.159.230 - - [28/Sep/2017:16:23:19 -0300] "GET /cormun/servlet/licenciaspermisosadjuntos?INS,7122287,L,20170928000000,, HTTP/1.1" 200 5682
186.103.159.230 - - [28/Sep/2017:16:23:19 -0300] "GET /cormun/static/gxcfg.js?2017761263592 HTTP/1.1" 200 953
186.103.159.230 - - [28/Sep/2017:16:23:19 -0300] "GET /cormun/static/licenciaspermisosadjuntos.js?201776126362 HTTP/1.1" 200 8760
186.103.159.230 - - [28/Sep/2017:16:23:19 -0300] "GET /cormun/static/about:blank HTTP/1.1" 404 1011
186.103.159.230 - - [28/Sep/2017:16:23:20 -0300] "GET /cormun/servlet/licenciaspermisosadjuntos?INS,7122287,L,20170928000000,, HTTP/1.1" 200 5671
192.168.10.96 - - [28/Sep/2017:16:23:21 -0300] "POST /cormun/servlet/trsolicitudgral?e82785edb9ac01b7aca49ed14f8750ac,,gx-no-cache=1506626556087 HTTP/1.1" 200 105
192.168.10.96 - - [28/Sep/2017:16:23:21 -0300] "GET /cormun/SolicitudGral-1125.xls HTTP/1.1" 200 31232
186.103.159.187 - - [28/Sep/2017:16:23:50 -0300] "GET /cormun/servlet/hhome HTTP/1.1" 200 3806
186.103.159.187 - - [28/Sep/2017:16:23:52 -0300] "GET /cormun/servlet/hhome HTTP/1.1" 200 3815
186.103.159.187 - - [28/Sep/2017:16:23:58 -0300] "GET /cormun/servlet/trsolicitudot? HTTP/1.1" 200 8825
186.103.159.187 - - [28/Sep/2017:16:23:59 -0300] "GET /cormun/servlet/trsolicitudot? HTTP/1.1" 200 8822
186.103.159.187 - - [28/Sep/2017:16:24:02 -0300] "GET /cormun/servlet/solicitudot?INS,0,0, HTTP/1.1" 200 12702
186.103.159.187 - - [28/Sep/2017:16:24:03 -0300] "GET /cormun/servlet/solicitudot?INS,0,0, HTTP/1.1" 200 12707
192.168.10.96 - - [28/Sep/2017:16:24:14 -0300] "GET /cormun/servlet/vesolicitudgral?2017,7461,, HTTP/1.1" 200 8851
192.168.10.96 - - [28/Sep/2017:16:24:14 -0300] "GET /cormun/pexe_scrolldiv.js HTTP/1.1" 404 1009
192.168.10.96 - - [28/Sep/2017:16:24:14 -0300] "GET /cormun/pexe_scrolldiv.js HTTP/1.1" 404 1009
192.168.10.96 - - [28/Sep/2017:16:24:15 -0300] "GET /cormun/servlet/vesolicitudgral?2017,7461,, HTTP/1.1" 200 8851
200.112.14.221 - - [28/Sep/2017:16:24:15 -0300] "GET /cormun/servlet/trpermisosadjuntos?15993655,20170928161748,P, HTTP/1.1" 200 6199
200.112.14.221 - - [28/Sep/2017:16:24:16 -0300] "GET /cormun/servlet/trpermisosadjuntos?15993655,20170928161748,P, HTTP/1.1" 200 6200
192.168.10.96 - - [28/Sep/2017:16:24:17 -0300] "GET /cormun/servlet/vesolicitudgral?2017,7461,,SolicitudOTLog HTTP/1.1" 200 9664
192.168.10.96 - - [28/Sep/2017:16:24:17 -0300] "GET /cormun/pexe_scrolldiv.js HTTP/1.1" 404 1009
200.112.14.221 - - [28/Sep/2017:16:24:17 -0300] "GET /cormun/servlet/permisosadjuntos?INS,15993655,P,20170928161748,, HTTP/1.1" 200 5524
192.168.10.96 - - [28/Sep/2017:16:24:17 -0300] "GET /cormun/pexe_scrolldiv.js HTTP/1.1" 404 1009
192.168.10.96 - - [28/Sep/2017:16:24:17 -0300] "GET /cormun/static/tbsolicitudgral03.js?201762721402510 HTTP/1.1" 304 -
200.112.14.221 - - [28/Sep/2017:16:24:18 -0300] "GET /cormun/static/about:blank HTTP/1.1" 404 1011
192.168.10.96 - - [28/Sep/2017:16:24:18 -0300] "GET /cormun/servlet/vesolicitudgral?2017,7461,,SolicitudOTLog HTTP/1.1" 200 9665
200.112.14.221 - - [28/Sep/2017:16:24:18 -0300] "GET /cormun/servlet/permisosadjuntos?INS,15993655,P,20170928161748,, HTTP/1.1" 200 5514
192.168.10.96 - - [28/Sep/2017:16:24:19 -0300] "POST /cormun/servlet/acontrolpreferencessavestate?None,DZAMUDIO,true HTTP/1.1" 200 35
186.103.159.230 - - [28/Sep/2017:16:24:19 -0300] "POST /cormun/servlet/licenciaspermisosadjuntos?00c15f98f678435b141ef32c645e6175,INS,7122287,L,20170928000000,, HTTP/1.1" 200 116
186.103.159.230 - - [28/Sep/2017:16:24:19 -0300] "GET /cormun/servlet/hpexe_return? HTTP/1.1" 200 1039
186.103.159.230 - - [28/Sep/2017:16:24:19 -0300] "GET /cormun/servlet/trlicenciaspermisosadjuntos?7122287,20170928000000,L, HTTP/1.1" 200 6869
186.103.159.230 - - [28/Sep/2017:16:24:20 -0300] "GET /cormun/servlet/trlicenciaspermisosadjuntos?7122287,20170928000000,L, HTTP/1.1" 200 6866
192.168.10.96 - - [28/Sep/2017:16:24:22 -0300] "GET /cormun/servlet/vesolicitudgral?2017,7461,, HTTP/1.1" 200 8851
192.168.10.96 - - [28/Sep/2017:16:24:22 -0300] "GET /cormun/servlet/vesolicitudgral?2017,7461,, HTTP/1.1" 200 8851
192.168.10.96 - - [28/Sep/2017:16:24:25 -0300] "POST /cormun/servlet/vesolicitudgral?e82785edb9ac01b7aca49ed14f8750ac,2017,7461,,,gx-no-cache=1506626620911 HTTP/1.1" 200 90
192.168.10.96 - - [28/Sep/2017:16:24:25 -0300] "GET /cormun/servlet/hpexe_link HTTP/1.1" 200 970
192.168.10.96 - - [28/Sep/2017:16:24:25 -0300] "GET /cormun/servlet/trsolicitudgral? HTTP/1.1" 200 29634
192.168.10.96 - - [28/Sep/2017:16:24:26 -0300] "GET /cormun/servlet/trsolicitudgral? HTTP/1.1" 200 29632
186.103.159.230 - - [28/Sep/2017:16:24:27 -0300] "GET /cormun/servlet/trlicencias? HTTP/1.1" 200 10053
186.103.159.230 - - [28/Sep/2017:16:24:27 -0300] "GET /cormun/servlet/trlicencias? HTTP/1.1" 200 10052
186.103.159.230 - - [28/Sep/2017:16:24:31 -0300] "POST /cormun/servlet/trlicencias?00c15f98f678435b141ef32c645e6175,,gx-no-cache=1506626710901 HTTP/1.1" 200 7454
186.103.159.230 - - [28/Sep/2017:16:24:32 -0300] "GET /cormun/static/Shared/jqueryui/images/ui-bg_highlight-soft_100_c6c2c8_1x100.png HTTP/1.1" 404 1117
186.103.159.230 - - [28/Sep/2017:16:24:32 -0300] "GET /cormun/static/Shared/jqueryui/images/ui-icons_82798d_256x240.png HTTP/1.1" 404 1089
186.103.159.230 - - [28/Sep/2017:16:24:32 -0300] "GET /cormun/static/Shared/jqueryui/images/ui-bg_flat_55_fafafa_40x100.png HTTP/1.1" 404 1097
186.103.159.230 - - [28/Sep/2017:16:24:32 -0300] "GET /cormun/static/Shared/jqueryui/images/ui-icons_8d78a5_256x240.png HTTP/1.1" 404 1089
200.112.14.221 - - [28/Sep/2017:16:24:41 -0300] "POST /cormun/servlet/permisosadjuntos?ee8a2188d8294ce00b9c773abf175039,INS,15993655,P,20170928161748,, HTTP/1.1" 200 116
200.112.14.221 - - [28/Sep/2017:16:24:41 -0300] "GET /cormun/servlet/hpexe_return? HTTP/1.1" 200 1036
200.112.14.221 - - [28/Sep/2017:16:24:42 -0300] "GET /cormun/servlet/trpermisosadjuntos?15993655,20170928161748,P, HTTP/1.1" 200 6706
200.112.14.221 - - [28/Sep/2017:16:24:43 -0300] "GET /cormun/servlet/trpermisosadjuntos?15993655,20170928161748,P, HTTP/1.1" 200 6702
200.112.14.221 - - [28/Sep/2017:16:24:43 -0300] "GET /cormun/PublicTempStorage/rodrigo_hermosilla_30_y_31_de_octubre8114389.jpg HTTP/1.1" 200 298598
192.168.10.96 - - [28/Sep/2017:16:24:57 -0300] "GET /cormun/servlet/vesolicitudgral?2017,7452,, HTTP/1.1" 200 8896
192.168.10.96 - - [28/Sep/2017:16:24:57 -0300] "GET /cormun/pexe_scrolldiv.js HTTP/1.1" 404 1009
192.168.10.96 - - [28/Sep/2017:16:24:57 -0300] "GET /cormun/pexe_scrolldiv.js HTTP/1.1" 404 1009
200.112.14.221 - - [28/Sep/2017:16:24:57 -0300] "GET /cormun/servlet/trpermisosgoce? HTTP/1.1" 200 8794
192.168.10.96 - - [28/Sep/2017:16:24:57 -0300] "GET /cormun/servlet/vesolicitudgral?2017,7452,, HTTP/1.1" 200 8895
200.112.14.221 - - [28/Sep/2017:16:24:58 -0300] "GET /cormun/servlet/trpermisosgoce? HTTP/1.1" 200 8794
192.168.10.96 - - [28/Sep/2017:16:24:59 -0300] "GET /cormun/servlet/vesolicitudgral?2017,7452,,SolicitudOTLog HTTP/1.1" 200 9657
192.168.10.96 - - [28/Sep/2017:16:24:59 -0300] "GET /cormun/pexe_scrolldiv.js HTTP/1.1" 404 1009
192.168.10.96 - - [28/Sep/2017:16:24:59 -0300] "GET /cormun/pexe_scrolldiv.js HTTP/1.1" 404 1009
192.168.10.96 - - [28/Sep/2017:16:24:59 -0300] "GET /cormun/servlet/vesolicitudgral?2017,7452,,SolicitudOTLog HTTP/1.1" 200 9657
192.168.10.96 - - [28/Sep/2017:16:25:00 -0300] "POST /cormun/servlet/acontrolpreferencessavestate?None,DZAMUDIO,true HTTP/1.1" 200 35
200.112.14.221 - - [28/Sep/2017:16:25:02 -0300] "POST /cormun/servlet/trpermisosgoce?ee8a2188d8294ce00b9c773abf175039,,gx-no-cache=1506626736891 HTTP/1.1" 200 5978
200.112.14.221 - - [28/Sep/2017:16:25:02 -0300] "GET /cormun/static/Shared/jqueryui/images/ui-icons_82798d_256x240.png HTTP/1.1" 404 1089
200.112.14.221 - - [28/Sep/2017:16:25:02 -0300] "GET /cormun/static/Shared/jqueryui/images/ui-bg_highlight-soft_100_c6c2c8_1x100.png HTTP/1.1" 404 1117
200.112.14.221 - - [28/Sep/2017:16:25:02 -0300] "GET /cormun/static/Shared/jqueryui/images/ui-bg_flat_55_fafafa_40x100.png HTTP/1.1" 404 1097
200.112.14.221 - - [28/Sep/2017:16:25:03 -0300] "GET /cormun/static/Shared/jqueryui/images/ui-icons_8d78a5_256x240.png HTTP/1.1" 404 1089
192.168.10.96 - - [28/Sep/2017:16:25:03 -0300] "POST /cormun/servlet/vesolicitudgral?e82785edb9ac01b7aca49ed14f8750ac,2017,7452,,SolicitudOTLog,gx-no-cache=1506626659415 HTTP/1.1" 200 90
192.168.10.96 - - [28/Sep/2017:16:25:03 -0300] "GET /cormun/servlet/hpexe_link HTTP/1.1" 200 977
192.168.10.96 - - [28/Sep/2017:16:25:03 -0300] "GET /cormun/servlet/trsolicitudgral HTTP/1.1" 200 29634
192.168.10.96 - - [28/Sep/2017:16:25:04 -0300] "GET /cormun/servlet/trsolicitudgral HTTP/1.1" 200 29632
192.168.10.96 - - [28/Sep/2017:16:25:24 -0300] "GET /cormun/servlet/vesolicitudgral?2017,7451,, HTTP/1.1" 200 8827
192.168.10.96 - - [28/Sep/2017:16:25:24 -0300] "GET /cormun/pexe_scrolldiv.js HTTP/1.1" 404 1009
192.168.10.96 - - [28/Sep/2017:16:25:24 -0300] "GET /cormun/pexe_scrolldiv.js HTTP/1.1" 404 1009
192.168.10.96 - - [28/Sep/2017:16:25:24 -0300] "GET /cormun/servlet/vesolicitudgral?2017,7451,, HTTP/1.1" 200 8826
192.168.10.96 - - [28/Sep/2017:16:25:26 -0300] "GET /cormun/servlet/vesolicitudgral?2017,7451,,SolicitudOTLog HTTP/1.1" 200 9659
192.168.10.96 - - [28/Sep/2017:16:25:26 -0300] "GET /cormun/pexe_scrolldiv.js HTTP/1.1" 404 1009
192.168.10.96 - - [28/Sep/2017:16:25:26 -0300] "GET /cormun/pexe_scrolldiv.js HTTP/1.1" 404 1009
192.168.10.96 - - [28/Sep/2017:16:25:27 -0300] "GET /cormun/servlet/vesolicitudgral?2017,7451,,SolicitudOTLog HTTP/1.1" 200 9659
192.168.10.96 - - [28/Sep/2017:16:25:27 -0300] "POST /cormun/servlet/acontrolpreferencessavestate?None,DZAMUDIO,true HTTP/1.1" 200 35
192.168.10.96 - - [28/Sep/2017:16:25:38 -0300] "POST /cormun/servlet/vesolicitudgral?e82785edb9ac01b7aca49ed14f8750ac,2017,7451,,SolicitudOTLog,gx-no-cache=1506626694271 HTTP/1.1" 200 90
192.168.10.96 - - [28/Sep/2017:16:25:38 -0300] "GET /cormun/servlet/hpexe_link HTTP/1.1" 200 977
192.168.10.96 - - [28/Sep/2017:16:25:38 -0300] "GET /cormun/servlet/trsolicitudgral HTTP/1.1" 200 29634
192.168.10.96 - - [28/Sep/2017:16:25:39 -0300] "GET /cormun/servlet/trsolicitudgral HTTP/1.1" 200 29632
192.168.10.96 - - [28/Sep/2017:16:25:43 -0300] "GET /cormun/servlet/vesolicitudgral?2017,7450,, HTTP/1.1" 200 8861
192.168.10.96 - - [28/Sep/2017:16:25:43 -0300] "GET /cormun/pexe_scrolldiv.js HTTP/1.1" 404 1009
192.168.10.96 - - [28/Sep/2017:16:25:43 -0300] "GET /cormun/pexe_scrolldiv.js HTTP/1.1" 404 1009
192.168.10.96 - - [28/Sep/2017:16:25:43 -0300] "GET /cormun/servlet/vesolicitudgral?2017,7450,, HTTP/1.1" 200 8860
192.168.10.96 - - [28/Sep/2017:16:25:45 -0300] "GET /cormun/servlet/vesolicitudgral?2017,7450,,SolicitudOTLog HTTP/1.1" 200 9665
192.168.10.96 - - [28/Sep/2017:16:25:45 -0300] "GET /cormun/pexe_scrolldiv.js HTTP/1.1" 404 1009
192.168.10.96 - - [28/Sep/2017:16:25:45 -0300] "GET /cormun/pexe_scrolldiv.js HTTP/1.1" 404 1009
192.168.10.96 - - [28/Sep/2017:16:25:45 -0300] "GET /cormun/servlet/vesolicitudgral?2017,7450,,SolicitudOTLog HTTP/1.1" 200 9666
192.168.10.96 - - [28/Sep/2017:16:25:46 -0300] "POST /cormun/servlet/acontrolpreferencessavestate?None,DZAMUDIO,true HTTP/1.1" 200 35
186.103.161.206 - - [28/Sep/2017:16:25:52 -0300] "POST /cormun/servlet/solicitudot?65f8c6dc039f7c79846907595f5441ad,INS,0,0,,gx-no-cache=1506626782806 HTTP/1.1" 200 93
186.103.161.206 - - [28/Sep/2017:16:25:52 -0300] "GET /cormun/servlet/hpexe_return? HTTP/1.1" 200 1007
186.103.161.206 - - [28/Sep/2017:16:25:53 -0300] "GET /cormun/static/gxcfg.js?2016101716175148 HTTP/1.1" 200 953
186.103.161.206 - - [28/Sep/2017:16:25:53 -0300] "GET /cormun/static/hpexe_return.js?2016101716175153 HTTP/1.1" 200 1633
186.103.161.206 - - [28/Sep/2017:16:25:53 -0300] "GET /cormun/servlet/trsolicitudot HTTP/1.1" 200 10300
186.103.161.206 - - [28/Sep/2017:16:25:54 -0300] "GET /cormun/servlet/trsolicitudot HTTP/1.1" 200 10296
192.168.10.96 - - [28/Sep/2017:16:26:05 -0300] "POST /cormun/servlet/vesolicitudgral?e82785edb9ac01b7aca49ed14f8750ac,2017,7450,,SolicitudOTLog,gx-no-cache=1506626722077 HTTP/1.1" 200 90
192.168.10.96 - - [28/Sep/2017:16:26:06 -0300] "GET /cormun/servlet/hpexe_link HTTP/1.1" 200 977
192.168.10.96 - - [28/Sep/2017:16:26:06 -0300] "GET /cormun/servlet/trsolicitudgral HTTP/1.1" 200 29634
192.168.10.96 - - [28/Sep/2017:16:26:07 -0300] "GET /cormun/servlet/trsolicitudgral HTTP/1.1" 200 29632
192.168.10.96 - - [28/Sep/2017:16:26:15 -0300] "GET /cormun/servlet/vesolicitudgral?2017,7446,, HTTP/1.1" 200 8931
192.168.10.96 - - [28/Sep/2017:16:26:15 -0300] "GET /cormun/pexe_scrolldiv.js HTTP/1.1" 404 1009
192.168.10.96 - - [28/Sep/2017:16:26:15 -0300] "GET /cormun/pexe_scrolldiv.js HTTP/1.1" 404 1009
192.168.10.96 - - [28/Sep/2017:16:26:15 -0300] "GET /cormun/servlet/vesolicitudgral?2017,7446,, HTTP/1.1" 200 8930
192.168.10.96 - - [28/Sep/2017:16:26:17 -0300] "GET /cormun/servlet/vesolicitudgral?2017,7446,,SolicitudOTLog HTTP/1.1" 200 9669
192.168.10.96 - - [28/Sep/2017:16:26:17 -0300] "GET /cormun/pexe_scrolldiv.js HTTP/1.1" 404 1009
192.168.10.96 - - [28/Sep/2017:16:26:17 -0300] "GET /cormun/pexe_scrolldiv.js HTTP/1.1" 404 1009
186.103.132.155 - - [28/Sep/2017:16:26:17 -0300] "GET /cormun/servlet/trautorizarsolicitud? HTTP/1.1" 200 7010
192.168.10.96 - - [28/Sep/2017:16:26:17 -0300] "GET /cormun/servlet/vesolicitudgral?2017,7446,,SolicitudOTLog HTTP/1.1" 200 9669
186.103.161.206 - - [28/Sep/2017:16:26:17 -0300] "GET /cormun/static/gxcfg.js?20174261241362 HTTP/1.1" 200 953
186.103.161.206 - - [28/Sep/2017:16:26:17 -0300] "GET /cormun/static/trautorizarsolicitud.js?201742612414370 HTTP/1.1" 200 53910
186.103.132.155 - - [28/Sep/2017:16:26:17 -0300] "GET /cormun/static/Resources/Spanish/PXTools.css?11294912 HTTP/1.1" 200 89042
192.168.10.96 - - [28/Sep/2017:16:26:18 -0300] "POST /cormun/servlet/acontrolpreferencessavestate?None,DZAMUDIO,true HTTP/1.1" 200 35
186.103.132.155 - - [28/Sep/2017:16:26:18 -0300] "GET /cormun/servlet/trautorizarsolicitud? HTTP/1.1" 200 7010
192.168.10.96 - - [28/Sep/2017:16:26:20 -0300] "POST /cormun/servlet/vesolicitudgral?e82785edb9ac01b7aca49ed14f8750ac,2017,7446,,SolicitudOTLog,gx-no-cache=1506626736134 HTTP/1.1" 200 90
192.168.10.96 - - [28/Sep/2017:16:26:20 -0300] "GET /cormun/servlet/hpexe_link HTTP/1.1" 200 977
192.168.10.96 - - [28/Sep/2017:16:26:20 -0300] "GET /cormun/servlet/trsolicitudgral HTTP/1.1" 200 29634
192.168.10.96 - - [28/Sep/2017:16:26:21 -0300] "GET /cormun/servlet/trsolicitudgral HTTP/1.1" 200 29632
192.168.10.96 - - [28/Sep/2017:16:26:37 -0300] "GET /cormun/servlet/vesolicitudgral?2017,7445,, HTTP/1.1" 200 8890
192.168.10.96 - - [28/Sep/2017:16:26:37 -0300] "GET /cormun/pexe_scrolldiv.js HTTP/1.1" 404 1009
192.168.10.96 - - [28/Sep/2017:16:26:37 -0300] "GET /cormun/pexe_scrolldiv.js HTTP/1.1" 404 1009
192.168.10.96 - - [28/Sep/2017:16:26:37 -0300] "GET /cormun/servlet/vesolicitudgral?2017,7445,, HTTP/1.1" 200 8890
192.168.10.96 - - [28/Sep/2017:16:26:38 -0300] "GET /cormun/servlet/vesolicitudgral?2017,7445,,SolicitudOTLog HTTP/1.1" 200 9667
192.168.10.96 - - [28/Sep/2017:16:26:38 -0300] "GET /cormun/pexe_scrolldiv.js HTTP/1.1" 404 1009
192.168.10.96 - - [28/Sep/2017:16:26:38 -0300] "GET /cormun/pexe_scrolldiv.js HTTP/1.1" 404 1009
192.168.10.96 - - [28/Sep/2017:16:26:39 -0300] "GET /cormun/servlet/vesolicitudgral?2017,7445,,SolicitudOTLog HTTP/1.1" 200 9668
192.168.10.96 - - [28/Sep/2017:16:26:39 -0300] "POST /cormun/servlet/acontrolpreferencessavestate?None,DZAMUDIO,true HTTP/1.1" 200 35
192.168.10.96 - - [28/Sep/2017:16:26:41 -0300] "POST /cormun/servlet/vesolicitudgral?e82785edb9ac01b7aca49ed14f8750ac,2017,7445,,SolicitudOTLog,gx-no-cache=1506626757429 HTTP/1.1" 200 90
192.168.10.96 - - [28/Sep/2017:16:26:41 -0300] "GET /cormun/servlet/hpexe_link HTTP/1.1" 200 977
192.168.10.96 - - [28/Sep/2017:16:26:42 -0300] "GET /cormun/servlet/trsolicitudgral HTTP/1.1" 200 29634
192.168.10.96 - - [28/Sep/2017:16:26:43 -0300] "GET /cormun/servlet/trsolicitudgral HTTP/1.1" 200 29632
192.168.10.96 - - [28/Sep/2017:16:26:48 -0300] "GET /cormun/servlet/vesolicitudgral?2017,7443,, HTTP/1.1" 200 8835
192.168.10.96 - - [28/Sep/2017:16:26:48 -0300] "GET /cormun/pexe_scrolldiv.js HTTP/1.1" 404 1009
192.168.10.96 - - [28/Sep/2017:16:26:48 -0300] "GET /cormun/pexe_scrolldiv.js HTTP/1.1" 404 1009
192.168.10.96 - - [28/Sep/2017:16:26:48 -0300] "GET /cormun/servlet/vesolicitudgral?2017,7443,, HTTP/1.1" 200 8834
192.168.10.96 - - [28/Sep/2017:16:26:50 -0300] "GET /cormun/servlet/vesolicitudgral?2017,7443,,SolicitudOTAdjuntos HTTP/1.1" 200 10797
192.168.10.96 - - [28/Sep/2017:16:26:50 -0300] "GET /cormun/pexe_scrolldiv.js HTTP/1.1" 404 1009
192.168.10.96 - - [28/Sep/2017:16:26:50 -0300] "GET /cormun/pexe_scrolldiv.js HTTP/1.1" 404 1009
192.168.10.96 - - [28/Sep/2017:16:26:50 -0300] "GET /cormun/servlet/vesolicitudgral?2017,7443,,SolicitudOTAdjuntos HTTP/1.1" 200 10798
192.168.10.96 - - [28/Sep/2017:16:26:51 -0300] "POST /cormun/servlet/acontrolpreferencessavestate?None,DZAMUDIO,true HTTP/1.1" 200 35
192.168.10.96 - - [28/Sep/2017:16:26:53 -0300] "GET /cormun/servlet/vesolicitudgral?2017,7443,,SolicitudOTLog HTTP/1.1" 200 9669
192.168.10.96 - - [28/Sep/2017:16:26:53 -0300] "GET /cormun/pexe_scrolldiv.js HTTP/1.1" 404 1009
192.168.10.96 - - [28/Sep/2017:16:26:53 -0300] "GET /cormun/pexe_scrolldiv.js HTTP/1.1" 404 1009
192.168.10.96 - - [28/Sep/2017:16:26:53 -0300] "GET /cormun/servlet/vesolicitudgral?2017,7443,,SolicitudOTLog HTTP/1.1" 200 9669
192.168.10.96 - - [28/Sep/2017:16:26:54 -0300] "POST /cormun/servlet/acontrolpreferencessavestate?None,DZAMUDIO,true HTTP/1.1" 200 35
192.168.10.96 - - [28/Sep/2017:16:27:04 -0300] "POST /cormun/servlet/vesolicitudgral?e82785edb9ac01b7aca49ed14f8750ac,2017,7443,,SolicitudOTLog,gx-no-cache=1506626780237 HTTP/1.1" 200 90
192.168.10.96 - - [28/Sep/2017:16:27:04 -0300] "GET /cormun/servlet/hpexe_link HTTP/1.1" 200 977
192.168.10.96 - - [28/Sep/2017:16:27:04 -0300] "GET /cormun/servlet/trsolicitudgral HTTP/1.1" 200 29634
192.168.10.96 - - [28/Sep/2017:16:27:05 -0300] "GET /cormun/servlet/trsolicitudgral HTTP/1.1" 200 29632
192.168.10.96 - - [28/Sep/2017:16:27:17 -0300] "GET /cormun/servlet/vesolicitudgral?2017,7440,, HTTP/1.1" 200 8909
192.168.10.96 - - [28/Sep/2017:16:27:17 -0300] "GET /cormun/pexe_scrolldiv.js HTTP/1.1" 404 1009
192.168.10.96 - - [28/Sep/2017:16:27:17 -0300] "GET /cormun/pexe_scrolldiv.js HTTP/1.1" 404 1009
192.168.10.96 - - [28/Sep/2017:16:27:18 -0300] "GET /cormun/servlet/vesolicitudgral?2017,7440,, HTTP/1.1" 200 8908
192.168.10.96 - - [28/Sep/2017:16:27:19 -0300] "GET /cormun/servlet/vesolicitudgral?2017,7440,,SolicitudOTAdjuntos HTTP/1.1" 200 10788
192.168.10.96 - - [28/Sep/2017:16:27:19 -0300] "GET /cormun/pexe_scrolldiv.js HTTP/1.1" 404 1009
192.168.10.96 - - [28/Sep/2017:16:27:20 -0300] "GET /cormun/servlet/vesolicitudgral?2017,7440,,SolicitudOTAdjuntos HTTP/1.1" 200 10788
192.168.10.96 - - [28/Sep/2017:16:27:21 -0300] "POST /cormun/servlet/acontrolpreferencessavestate?None,DZAMUDIO,true HTTP/1.1" 200 35
192.168.10.96 - - [28/Sep/2017:16:27:21 -0300] "GET /cormun/servlet/vesolicitudgral?2017,7440,,SolicitudOTLog HTTP/1.1" 200 9647
192.168.10.96 - - [28/Sep/2017:16:27:22 -0300] "GET /cormun/pexe_scrolldiv.js HTTP/1.1" 404 1009
192.168.10.96 - - [28/Sep/2017:16:27:22 -0300] "GET /cormun/pexe_scrolldiv.js HTTP/1.1" 404 1009
192.168.10.96 - - [28/Sep/2017:16:27:22 -0300] "GET /cormun/servlet/vesolicitudgral?2017,7440,,SolicitudOTLog HTTP/1.1" 200 9647
192.168.10.96 - - [28/Sep/2017:16:27:23 -0300] "POST /cormun/servlet/acontrolpreferencessavestate?None,DZAMUDIO,true HTTP/1.1" 200 35
200.72.197.82 - - [28/Sep/2017:16:27:26 -0300] "GET /cormun/servlet/trsolicitudot HTTP/1.1" 200 10300
200.72.197.82 - - [28/Sep/2017:16:27:27 -0300] "GET /cormun/servlet/trsolicitudot HTTP/1.1" 200 10296
192.168.10.96 - - [28/Sep/2017:16:27:35 -0300] "POST /cormun/servlet/vesolicitudgral?e82785edb9ac01b7aca49ed14f8750ac,2017,7440,,SolicitudOTLog,gx-no-cache=1506626811438 HTTP/1.1" 200 90
192.168.10.96 - - [28/Sep/2017:16:27:35 -0300] "GET /cormun/servlet/hpexe_link HTTP/1.1" 200 977
192.168.10.96 - - [28/Sep/2017:16:27:35 -0300] "GET /cormun/servlet/trsolicitudgral HTTP/1.1" 200 29634
200.72.197.82 - - [28/Sep/2017:16:27:36 -0300] "GET /cormun/servlet/trautorizarsolicitud? HTTP/1.1" 200 7010
200.72.197.82 - - [28/Sep/2017:16:27:36 -0300] "GET /cormun/servlet/trautorizarsolicitud? HTTP/1.1" 200 7010
192.168.10.96 - - [28/Sep/2017:16:27:36 -0300] "GET /cormun/servlet/trsolicitudgral HTTP/1.1" 200 29632
192.168.10.96 - - [28/Sep/2017:16:27:41 -0300] "GET /cormun/servlet/vesolicitudgral?2017,7435,, HTTP/1.1" 200 8879
192.168.10.96 - - [28/Sep/2017:16:27:42 -0300] "GET /cormun/pexe_scrolldiv.js HTTP/1.1" 404 1009
192.168.10.96 - - [28/Sep/2017:16:27:42 -0300] "GET /cormun/servlet/vesolicitudgral?2017,7435,, HTTP/1.1" 200 8878
186.103.159.187 - - [28/Sep/2017:16:28:18 -0300] "GET /cormun/servlet/hhome HTTP/1.1" 200 3806
186.103.159.187 - - [28/Sep/2017:16:28:20 -0300] "GET /cormun/servlet/hhome HTTP/1.1" 200 3815
186.103.132.155 - - [28/Sep/2017:16:28:24 -0300] "GET /cormun/servlet/trvisualizadoreventos? HTTP/1.1" 200 6834
186.103.132.155 - - [28/Sep/2017:16:28:25 -0300] "GET /cormun/servlet/trvisualizadoreventos? HTTP/1.1" 200 6834
186.103.132.155 - - [28/Sep/2017:16:28:29 -0300] "GET /cormun/servlet/trautorizarsolicitud? HTTP/1.1" 200 7010
186.103.132.155 - - [28/Sep/2017:16:28:29 -0300] "GET /cormun/servlet/trautorizarsolicitud? HTTP/1.1" 200 7010
190.151.100.218 - - [28/Sep/2017:16:28:39 -0300] "GET /cormun/servlet/trsolicitudot HTTP/1.1" 200 10300
190.151.100.218 - - [28/Sep/2017:16:28:39 -0300] "GET /cormun/servlet/trsolicitudot HTTP/1.1" 200 10296
190.151.100.218 - - [28/Sep/2017:16:28:42 -0300] "GET /cormun/servlet/treventos?2017,7472, HTTP/1.1" 200 6139
190.151.100.218 - - [28/Sep/2017:16:28:42 -0300] "GET /cormun/servlet/treventos?2017,7472, HTTP/1.1" 200 6139
190.151.100.218 - - [28/Sep/2017:16:28:50 -0300] "GET /cormun/servlet/trautorizarsolicitud? HTTP/1.1" 200 7005
190.151.100.218 - - [28/Sep/2017:16:28:51 -0300] "GET /cormun/servlet/trautorizarsolicitud? HTTP/1.1" 200 6997
190.151.100.218 - - [28/Sep/2017:16:28:58 -0300] "GET /cormun/servlet/treventos?2017,7472, HTTP/1.1" 200 6139
190.151.100.218 - - [28/Sep/2017:16:28:58 -0300] "GET /cormun/servlet/treventos?2017,7472, HTTP/1.1" 200 6139
190.151.100.218 - - [28/Sep/2017:16:28:59 -0300] "GET /cormun/servlet/trsolicitudot HTTP/1.1" 200 10300
192.168.10.96 - - [28/Sep/2017:16:29:00 -0300] "GET /cormun/servlet/vesolicitudgral?2017,7435,,SolicitudOTLog HTTP/1.1" 200 9660
192.168.10.96 - - [28/Sep/2017:16:29:00 -0300] "GET /cormun/pexe_scrolldiv.js HTTP/1.1" 404 1009
192.168.10.96 - - [28/Sep/2017:16:29:00 -0300] "GET /cormun/pexe_scrolldiv.js HTTP/1.1" 404 1009
190.151.100.218 - - [28/Sep/2017:16:29:00 -0300] "GET /cormun/servlet/trsolicitudot HTTP/1.1" 200 10296
192.168.10.96 - - [28/Sep/2017:16:29:00 -0300] "GET /cormun/servlet/vesolicitudgral?2017,7435,,SolicitudOTLog HTTP/1.1" 200 9661
192.168.10.96 - - [28/Sep/2017:16:29:01 -0300] "POST /cormun/servlet/acontrolpreferencessavestate?None,DZAMUDIO,true HTTP/1.1" 200 35
186.103.159.187 - - [28/Sep/2017:16:29:07 -0300] "GET /cormun/servlet/trsolicitudot? HTTP/1.1" 200 8825
186.103.159.187 - - [28/Sep/2017:16:29:08 -0300] "GET /cormun/servlet/trsolicitudot? HTTP/1.1" 200 8822
190.151.100.218 - - [28/Sep/2017:16:29:11 -0300] "POST /cormun/servlet/trsolicitudot?65f8c6dc039f7c79846907595f5441ad,gx-no-cache=1506626981751 HTTP/1.1" 200 7640
190.151.100.218 - - [28/Sep/2017:16:29:11 -0300] "GET /cormun/static/Shared/jqueryui/images/ui-icons_82798d_256x240.png HTTP/1.1" 404 1089
186.103.132.155 - - [28/Sep/2017:16:29:11 -0300] "GET /cormun/static/Shared/jqueryui/images/ui-bg_flat_55_fafafa_40x100.png HTTP/1.1" 404 1097
190.151.100.218 - - [28/Sep/2017:16:29:11 -0300] "GET /cormun/static/Shared/jqueryui/images/ui-icons_8d78a5_256x240.png HTTP/1.1" 404 1089
190.151.100.218 - - [28/Sep/2017:16:29:11 -0300] "GET /cormun/static/Shared/jqueryui/images/ui-bg_highlight-soft_100_c6c2c8_1x100.png HTTP/1.1" 404 1117
190.151.100.218 - - [28/Sep/2017:16:29:15 -0300] "GET /cormun/servlet/treventos?2017,7472, HTTP/1.1" 200 6139
190.151.100.218 - - [28/Sep/2017:16:29:16 -0300] "GET /cormun/servlet/treventos?2017,7472, HTTP/1.1" 200 6139
186.103.132.155 - - [28/Sep/2017:16:29:18 -0300] "GET /cormun/servlet/trsolicitudot HTTP/1.1" 200 10300
186.103.132.155 - - [28/Sep/2017:16:29:19 -0300] "GET /cormun/servlet/trsolicitudot HTTP/1.1" 200 10296
190.151.100.218 - - [28/Sep/2017:16:29:22 -0300] "POST /cormun/servlet/trsolicitudot?65f8c6dc039f7c79846907595f5441ad,gx-no-cache=1506626992584 HTTP/1.1" 200 106
190.151.100.218 - - [28/Sep/2017:16:29:22 -0300] "GET /cormun/servlet/trsolicitudadjuntos?2017,7472, HTTP/1.1" 200 6174
190.151.100.218 - - [28/Sep/2017:16:29:22 -0300] "GET /cormun/servlet/trsolicitudadjuntos?2017,7472, HTTP/1.1" 200 6174
186.103.161.206 - - [28/Sep/2017:16:29:31 -0300] "GET /cormun/servlet/trautorizarsolicitud? HTTP/1.1" 200 7010
186.103.161.206 - - [28/Sep/2017:16:29:32 -0300] "GET /cormun/servlet/trautorizarsolicitud? HTTP/1.1" 200 6998
192.168.10.96 - - [28/Sep/2017:16:29:33 -0300] "POST /cormun/servlet/vesolicitudgral?e82785edb9ac01b7aca49ed14f8750ac,2017,7435,,SolicitudOTLog,gx-no-cache=1506626929718 HTTP/1.1" 200 90
192.168.10.96 - - [28/Sep/2017:16:29:33 -0300] "GET /cormun/servlet/hpexe_link HTTP/1.1" 200 977
192.168.10.96 - - [28/Sep/2017:16:29:34 -0300] "GET /cormun/servlet/trsolicitudgral HTTP/1.1" 200 29634
192.168.10.96 - - [28/Sep/2017:16:29:35 -0300] "GET /cormun/servlet/trsolicitudgral HTTP/1.1" 200 29632
192.168.10.96 - - [28/Sep/2017:16:29:40 -0300] "GET /cormun/servlet/vesolicitudgral?2017,7426,, HTTP/1.1" 200 8921
192.168.10.96 - - [28/Sep/2017:16:29:40 -0300] "GET /cormun/pexe_scrolldiv.js HTTP/1.1" 404 1009
192.168.10.96 - - [28/Sep/2017:16:29:40 -0300] "GET /cormun/pexe_scrolldiv.js HTTP/1.1" 404 1009
192.168.10.96 - - [28/Sep/2017:16:29:40 -0300] "GET /cormun/servlet/vesolicitudgral?2017,7426,, HTTP/1.1" 200 8920
192.168.10.96 - - [28/Sep/2017:16:29:44 -0300] "GET /cormun/servlet/vesolicitudgral?2017,7426,,SolicitudOTLog HTTP/1.1" 200 9668
192.168.10.96 - - [28/Sep/2017:16:29:44 -0300] "GET /cormun/pexe_scrolldiv.js HTTP/1.1" 404 1009
192.168.10.96 - - [28/Sep/2017:16:29:44 -0300] "GET /cormun/pexe_scrolldiv.js HTTP/1.1" 404 1009
192.168.10.96 - - [28/Sep/2017:16:29:44 -0300] "GET /cormun/servlet/vesolicitudgral?2017,7426,,SolicitudOTLog HTTP/1.1" 200 9669
192.168.10.96 - - [28/Sep/2017:16:29:45 -0300] "POST /cormun/servlet/acontrolpreferencessavestate?None,DZAMUDIO,true HTTP/1.1" 200 35
186.103.161.206 - - [28/Sep/2017:16:29:51 -0300] "GET /cormun/servlet/trsolicitudadjuntos?2017,7472, HTTP/1.1" 200 6174
186.103.161.206 - - [28/Sep/2017:16:29:51 -0300] "GET /cormun/servlet/trsolicitudadjuntos?2017,7472, HTTP/1.1" 200 6174
190.151.100.218 - - [28/Sep/2017:16:29:52 -0300] "GET /cormun/servlet/trsolicitudot HTTP/1.1" 200 10300
190.151.100.218 - - [28/Sep/2017:16:29:52 -0300] "GET /cormun/servlet/trsolicitudot HTTP/1.1" 200 10296
190.151.100.218 - - [28/Sep/2017:16:30:03 -0300] "GET /cormun/servlet/treventos?2017,7472, HTTP/1.1" 200 6139
190.151.100.218 - - [28/Sep/2017:16:30:03 -0300] "GET /cormun/servlet/treventos?2017,7472, HTTP/1.1" 200 6139
190.151.100.218 - - [28/Sep/2017:16:30:05 -0300] "GET /cormun/servlet/trsolicitudot HTTP/1.1" 200 10296
190.151.100.218 - - [28/Sep/2017:16:30:06 -0300] "GET /cormun/servlet/trsolicitudot HTTP/1.1" 200 10296
190.151.100.218 - - [28/Sep/2017:16:30:10 -0300] "GET /cormun/servlet/vesolicitudot?2017,7472,, HTTP/1.1" 200 8270
190.151.100.218 - - [28/Sep/2017:16:30:10 -0300] "GET /cormun/static/gxcfg.js?20175251244132 HTTP/1.1" 200 953
190.151.100.218 - - [28/Sep/2017:16:30:10 -0300] "GET /cormun/static/vesolicitudot.js?2017525124424 HTTP/1.1" 200 6091
186.103.161.206 - - [28/Sep/2017:16:30:10 -0300] "GET /cormun/static/Resources/PXToolsTabFirstSelected.png HTTP/1.1" 200 1259
190.151.100.218 - - [28/Sep/2017:16:30:10 -0300] "GET /cormun/static/Resources/PXToolsTabLastUnselected.png HTTP/1.1" 200 1291
190.151.100.218 - - [28/Sep/2017:16:30:10 -0300] "GET /cormun/static/Resources/PXToolsTabNext.gif HTTP/1.1" 200 168
186.103.132.155 - - [28/Sep/2017:16:30:10 -0300] "GET /cormun/pexe_scrolldiv.js HTTP/1.1" 404 1009
186.103.161.206 - - [28/Sep/2017:16:30:10 -0300] "GET /cormun/static/tbsolicitudot01.js?201752511462191 HTTP/1.1" 200 28466
190.151.100.218 - - [28/Sep/2017:16:30:10 -0300] "GET /cormun/static/hwcviewtabs.js?20177611594913 HTTP/1.1" 200 1074
186.103.161.206 - - [28/Sep/2017:16:30:10 -0300] "GET /cormun/static/hpexe_tabsview.js?201610171694228 HTTP/1.1" 200 1661
186.103.161.206 - - [28/Sep/2017:16:30:10 -0300] "GET /cormun/static/Resources/PXToolsTabPrevious.gif HTTP/1.1" 200 172
186.103.161.206 - - [28/Sep/2017:16:30:11 -0300] "GET /cormun/static/calendar-system.css HTTP/1.1" 200 5572
190.151.100.218 - - [28/Sep/2017:16:30:11 -0300] "GET /cormun/static/Resources/PXToolsTabBackSelected.png HTTP/1.1" 200 1157
186.103.132.155 - - [28/Sep/2017:16:30:11 -0300] "GET /cormun/static/Resources/PXToolsTabSelectedUnselected.png HTTP/1.1" 200 1428
186.103.161.206 - - [28/Sep/2017:16:30:11 -0300] "GET /cormun/static/Resources/PXToolsTabBackUnselected.png HTTP/1.1" 200 1175
190.151.100.218 - - [28/Sep/2017:16:30:11 -0300] "GET /cormun/static/Resources/PXToolsTabUnselectedUnselected.png HTTP/1.1" 200 1459
186.103.161.206 - - [28/Sep/2017:16:30:11 -0300] "GET /cormun/servlet/vesolicitudot?2017,7472,, HTTP/1.1" 200 8269
186.103.132.155 - - [28/Sep/2017:16:30:19 -0300] "GET /cormun/servlet/trsolicitudot HTTP/1.1" 200 10296
186.103.132.155 - - [28/Sep/2017:16:30:19 -0300] "GET /cormun/servlet/trsolicitudot HTTP/1.1" 200 10296
186.103.161.206 - - [28/Sep/2017:16:31:39 -0300] "GET /cormun/servlet/solicitudot?INS,0,0, HTTP/1.1" 200 12949
186.103.161.206 - - [28/Sep/2017:16:31:40 -0300] "GET /cormun/servlet/solicitudot?INS,0,0, HTTP/1.1" 200 12954
186.103.159.187 - - [28/Sep/2017:16:31:44 -0300] "GET /cormun/servlet/solicitudot?INS,0,0, HTTP/1.1" 200 12702
186.103.159.187 - - [28/Sep/2017:16:31:46 -0300] "GET /cormun/servlet/solicitudot?INS,0,0, HTTP/1.1" 200 12707
186.103.161.206 - - [28/Sep/2017:16:31:53 -0300] "GET /cormun/servlet/trvisualizadoreventos? HTTP/1.1" 200 6847
186.103.161.206 - - [28/Sep/2017:16:31:53 -0300] "GET /cormun/servlet/trvisualizadoreventos? HTTP/1.1" 200 6842
186.103.159.187 - - [28/Sep/2017:16:32:03 -0300] "GET /cormun/servlet/prfichaempleado?,MD,,gxPopupLevel%3D0%3B HTTP/1.1" 200 9240
200.72.197.82 - - [28/Sep/2017:16:32:21 -0300] "GET /cormun/servlet/solicitudot?INS,0,0, HTTP/1.1" 200 12950
200.72.197.82 - - [28/Sep/2017:16:32:22 -0300] "GET /cormun/servlet/solicitudot?INS,0,0, HTTP/1.1" 200 12955
186.103.132.155 - - [28/Sep/2017:16:32:24 -0300] "GET /cormun/servlet/trsolicitudot? HTTP/1.1" 200 10296
186.103.132.155 - - [28/Sep/2017:16:32:25 -0300] "GET /cormun/servlet/trsolicitudot? HTTP/1.1" 200 10296
186.103.132.155 - - [28/Sep/2017:16:32:25 -0300] "GET /cormun/servlet/trsolicitudot? HTTP/1.1" 200 10298
186.103.132.155 - - [28/Sep/2017:16:32:26 -0300] "GET /cormun/servlet/trsolicitudot? HTTP/1.1" 200 10296
200.72.197.82 - - [28/Sep/2017:16:32:28 -0300] "GET /cormun/servlet/trsolicitudot? HTTP/1.1" 200 10296
200.72.197.82 - - [28/Sep/2017:16:32:28 -0300] "GET /cormun/servlet/trsolicitudot? HTTP/1.1" 200 10296
200.72.197.82 - - [28/Sep/2017:16:32:30 -0300] "POST /cormun/servlet/trsolicitudot?65f8c6dc039f7c79846907595f5441ad,,gx-no-cache=1506627181241 HTTP/1.1" 200 7637
186.103.159.187 - - [28/Sep/2017:16:32:47 -0300] "POST /cormun/servlet/solicitudot?gx-no-cache=1506630739155 HTTP/1.1" 200 3219
186.103.159.187 - - [28/Sep/2017:16:32:47 -0300] "POST /cormun/servlet/solicitudot?e9083034039c7cb0cc859efe9052cd4f,INS,0,0,,gx-no-cache=1506630739695 HTTP/1.1" 200 9896
186.103.159.187 - - [28/Sep/2017:16:33:00 -0300] "GET /cormun/servlet/solicitudot?9cc906f2026c70913244e1845111dc16d77525f54617b6b5de425cc5806747b4e8cd57a5e2b93db1ca6f3fa8f60781e8,gx-no-cache=1506630752761 HTTP/1.1" 200 30
186.103.159.187 - - [28/Sep/2017:16:33:00 -0300] "POST /cormun/servlet/solicitudot?gx-no-cache=1506630752909 HTTP/1.1" 200 297
186.103.159.187 - - [28/Sep/2017:16:33:00 -0300] "GET /cormun/servlet/solicitudot?9cc906f2026c70913244e1845111dc165212282881f13879c3a1228fe8eac9d659a79901359bd7b96d199d0555af2d401caacf4b86672487ffb26b2f54a607fbe9854ca2dfd24aed7cf0f765a282e5e95005990ec8a67f537f3b42fcd13c1256ae73acf662dc4e4d561184f0e8107d7cab9d495ec1875356babaeb52f04188eb3d24edae7d8dac448b5390bab3191bdbfbcf6bbafd6f883d92b76aa2692a377d29c0a3afee9d9af8e82dbef54e90aeecaca116a0de1779c0a328d4e9ff4a137e3957d2b9a23c5d8147b2fa7fb99aab507472993b8b68e607be48f4906dde0d72c7c23ce3777972b263130b4a618b95888b94a9299529897736e7ef2b7fc6419b1811cfe2baadeb9fe41b527f77feb70ebee9bb3cd1e0bea7e049e9d1f258d1e5d3a93ad154f963f67d095b82683662aa24a338200e086e0e8de33d5ec78c23a8964710474720746f9e1aaba26937f4f8c9228f63b583a77555d6dcae86412b4ee9caa5f48c5627b927f319107c8fa2ece03fb9b6722db20849f07b004559f4dde163121c78cdd5c12e446bf77d3c84a8,gx-no-cache=1506630753013 HTTP/1.1" 200 30
186.103.159.187 - - [28/Sep/2017:16:33:03 -0300] "POST /cormun/servlet/solicitudot?gx-no-cache=1506630755821 HTTP/1.1" 200 30
186.103.159.187 - - [28/Sep/2017:16:33:05 -0300] "GET /cormun/servlet/prcontratosol?17184127,,,,,MD,,gxPopupLevel%3D0%3B HTTP/1.1" 200 5600
186.103.159.187 - - [28/Sep/2017:16:33:05 -0300] "GET /cormun/static/gxcfg.js?201761413223964 HTTP/1.1" 200 953
186.103.159.187 - - [28/Sep/2017:16:33:05 -0300] "GET /cormun/static/prcontratosol.js?201761413224174 HTTP/1.1" 200 15806
192.168.10.96 - - [28/Sep/2017:16:33:11 -0300] "POST /cormun/servlet/vesolicitudgral?e82785edb9ac01b7aca49ed14f8750ac,2017,7426,,SolicitudOTLog,gx-no-cache=1506627147789 HTTP/1.1" 200 90
192.168.10.96 - - [28/Sep/2017:16:33:11 -0300] "GET /cormun/servlet/hpexe_link HTTP/1.1" 200 977
192.168.10.96 - - [28/Sep/2017:16:33:12 -0300] "GET /cormun/servlet/trsolicitudgral HTTP/1.1" 200 29634
200.72.197.82 - - [28/Sep/2017:16:33:12 -0300] "GET /cormun/servlet/trautorizarsolicitud? HTTP/1.1" 200 7010
192.168.10.96 - - [28/Sep/2017:16:33:13 -0300] "GET /cormun/servlet/trsolicitudgral HTTP/1.1" 200 29632
200.72.197.82 - - [28/Sep/2017:16:33:13 -0300] "GET /cormun/servlet/trautorizarsolicitud? HTTP/1.1" 200 7010
200.72.197.82 - - [28/Sep/2017:16:33:19 -0300] "GET /cormun/servlet/trsolicitudot? HTTP/1.1" 200 10296
200.72.197.82 - - [28/Sep/2017:16:33:20 -0300] "GET /cormun/servlet/trsolicitudot? HTTP/1.1" 200 10296
192.168.10.96 - - [28/Sep/2017:16:33:27 -0300] "GET /cormun/servlet/vesolicitudgral?2017,7427,, HTTP/1.1" 200 8853
192.168.10.96 - - [28/Sep/2017:16:33:27 -0300] "GET /cormun/pexe_scrolldiv.js HTTP/1.1" 404 1009
192.168.10.96 - - [28/Sep/2017:16:33:27 -0300] "GET /cormun/pexe_scrolldiv.js HTTP/1.1" 404 1009
192.168.10.96 - - [28/Sep/2017:16:33:27 -0300] "GET /cormun/servlet/vesolicitudgral?2017,7427,, HTTP/1.1" 200 8852
192.168.10.96 - - [28/Sep/2017:16:33:30 -0300] "GET /cormun/servlet/vesolicitudgral?2017,7427,,SolicitudOTLog HTTP/1.1" 200 9670
192.168.10.96 - - [28/Sep/2017:16:33:30 -0300] "GET /cormun/pexe_scrolldiv.js HTTP/1.1" 404 1009
192.168.10.96 - - [28/Sep/2017:16:33:30 -0300] "GET /cormun/pexe_scrolldiv.js HTTP/1.1" 404 1009
192.168.10.96 - - [28/Sep/2017:16:33:30 -0300] "GET /cormun/servlet/vesolicitudgral?2017,7427,,SolicitudOTLog HTTP/1.1" 200 9671
192.168.10.96 - - [28/Sep/2017:16:33:31 -0300] "POST /cormun/servlet/acontrolpreferencessavestate?None,DZAMUDIO,true HTTP/1.1" 200 35
186.103.159.187 - - [28/Sep/2017:16:33:42 -0300] "POST /cormun/servlet/solicitudot?gx-no-cache=1506630794691 HTTP/1.1" 200 1352
186.103.159.187 - - [28/Sep/2017:16:33:42 -0300] "POST /cormun/servlet/solicitudot?gx-no-cache=1506630794890 HTTP/1.1" 200 38
186.103.159.187 - - [28/Sep/2017:16:33:42 -0300] "GET /cormun/servlet/solicitudot?9cc906f2026c70913244e1845111dc1631e549ac539423c8f4970044a54a10ad95f29e3bf48cb193cd15cf2e5c7c5062017b4687d1283aad730dfe9126ed5d53df8dfba60af6eab6c57976f8084ab214182cc30bb33d9e92939f16dd07e5064e8939d5f657fb2d8cb38a32f61d4ff3e4,gx-no-cache=1506630795315 HTTP/1.1" 200 29
186.103.159.187 - - [28/Sep/2017:16:33:43 -0300] "POST /cormun/servlet/solicitudot?gx-no-cache=1506630795389 HTTP/1.1" 200 1337
186.103.159.187 - - [28/Sep/2017:16:33:43 -0300] "GET /cormun/servlet/solicitudot?9cc906f2026c70913244e1845111dc1602be55dd8389f261a2b466f9846e52db,gx-no-cache=1506630795547 HTTP/1.1" 200 30
192.168.10.96 - - [28/Sep/2017:16:33:45 -0300] "GET /cormun/servlet/trsolicitudgral? HTTP/1.1" 200 29640
192.168.10.96 - - [28/Sep/2017:16:33:45 -0300] "GET /cormun/servlet/trsolicitudgral? HTTP/1.1" 200 29632
186.103.159.187 - - [28/Sep/2017:16:33:47 -0300] "GET /cormun/servlet/prcontratosol?17184127,,,,,MD,,gxPopupLevel%3D0%3B HTTP/1.1" 200 5600
200.72.197.82 - - [28/Sep/2017:16:33:53 -0300] "POST /cormun/servlet/trsolicitudot?65f8c6dc039f7c79846907595f5441ad,,gx-no-cache=1506627263821 HTTP/1.1" 200 7114
200.72.197.82 - - [28/Sep/2017:16:33:54 -0300] "POST /cormun/servlet/trsolicitudot?65f8c6dc039f7c79846907595f5441ad,,gx-no-cache=1506627264783 HTTP/1.1" 200 7094
200.72.197.82 - - [28/Sep/2017:16:33:55 -0300] "GET /cormun/servlet/treventos?2017,7442, HTTP/1.1" 200 8040
200.72.197.82 - - [28/Sep/2017:16:33:55 -0300] "GET /cormun/servlet/treventos?2017,7442, HTTP/1.1" 200 8048
186.103.132.155 - - [28/Sep/2017:16:33:56 -0300] "GET /cormun/servlet/trsolicitudot? HTTP/1.1" 200 10007
186.103.132.155 - - [28/Sep/2017:16:33:57 -0300] "GET /cormun/servlet/trsolicitudot? HTTP/1.1" 200 10007
186.103.161.206 - - [28/Sep/2017:16:33:59 -0300] "GET /cormun/servlet/treventos?2017,7448, HTTP/1.1" 200 8035
186.103.161.206 - - [28/Sep/2017:16:34:00 -0300] "GET /cormun/servlet/treventos?2017,7448, HTTP/1.1" 200 8042
192.168.10.96 - - [28/Sep/2017:16:34:01 -0300] "GET /cormun/servlet/vesolicitudgral?2017,7337,, HTTP/1.1" 200 8871
192.168.10.96 - - [28/Sep/2017:16:34:01 -0300] "GET /cormun/pexe_scrolldiv.js HTTP/1.1" 404 1009
192.168.10.96 - - [28/Sep/2017:16:34:01 -0300] "GET /cormun/pexe_scrolldiv.js HTTP/1.1" 404 1009
192.168.10.96 - - [28/Sep/2017:16:34:01 -0300] "GET /cormun/servlet/vesolicitudgral?2017,7337,, HTTP/1.1" 200 8871
192.168.10.96 - - [28/Sep/2017:16:34:05 -0300] "GET /cormun/servlet/vesolicitudgral?2017,7337,,SolicitudOTLog HTTP/1.1" 200 9672
192.168.10.96 - - [28/Sep/2017:16:34:05 -0300] "GET /cormun/pexe_scrolldiv.js HTTP/1.1" 404 1009
192.168.10.96 - - [28/Sep/2017:16:34:05 -0300] "GET /cormun/pexe_scrolldiv.js HTTP/1.1" 404 1009
192.168.10.96 - - [28/Sep/2017:16:34:05 -0300] "GET /cormun/servlet/vesolicitudgral?2017,7337,,SolicitudOTLog HTTP/1.1" 200 9672
192.168.10.96 - - [28/Sep/2017:16:34:06 -0300] "POST /cormun/servlet/acontrolpreferencessavestate?None,DZAMUDIO,true HTTP/1.1" 200 35
192.168.10.96 - - [28/Sep/2017:16:34:09 -0300] "POST /cormun/servlet/vesolicitudgral?e82785edb9ac01b7aca49ed14f8750ac,2017,7337,,SolicitudOTLog,gx-no-cache=1506627205917 HTTP/1.1" 200 90
192.168.10.96 - - [28/Sep/2017:16:34:09 -0300] "GET /cormun/servlet/hpexe_link HTTP/1.1" 200 977
186.103.161.206 - - [28/Sep/2017:16:34:10 -0300] "GET /cormun/servlet/trsolicitudot? HTTP/1.1" 200 10007
