186.103.161.206 - - [26/Sep/2017:08:40:51 -0300] "GET /cormun/servlet/solicitudotadjuntos?INS,2017,7448,,1, HTTP/1.1" 200 6122
200.72.197.82 - - [26/Sep/2017:08:40:52 -0300] "GET /cormun/servlet/solicitudotadjuntos?INS,2017,7448,,1, HTTP/1.1" 200 6116
186.103.161.206 - - [26/Sep/2017:08:40:52 -0300] "GET /cormun/static/about:blank HTTP/1.1" 404 1011
186.103.161.206 - - [26/Sep/2017:08:40:52 -0300] "GET /cormun/servlet/solicitudotadjuntos?6c4dbc6ede286b4f68bc4185c79a2b06648948f899982c2378d8a1e6528ab225fba1fcdd034cb8ace07479e835083074,gx-no-cache=1506426085154 HTTP/1.1" 200 30
186.103.161.206 - - [26/Sep/2017:08:40:53 -0300] "POST /cormun/servlet/solicitudotadjuntos?74b1937435508e2145d49a0537b7ee4f,INS,2017,7448,,1,,gx-no-cache=1506426085202 HTTP/1.1" 200 3871
186.103.161.206 - - [26/Sep/2017:08:40:54 -0300] "POST /cormun/servlet/solicitudotadjuntos?gx-no-cache=1506426086833 HTTP/1.1" 200 26
186.103.159.182 - - [26/Sep/2017:08:41:00 -0300] "GET /cormun/servlet/licenciaspermisos?73e8f4cb935161d56f710cf1530e1b21b95e31f9ce3269047a877ce6992a41a34c2571bc7f32a644a9cca44edca2c2fe,gx-no-cache=1506426092852 HTTP/1.1" 200 77
186.103.159.182 - - [26/Sep/2017:08:41:00 -0300] "POST /cormun/servlet/licenciaspermisos?6dfb57daafd0aee3b744bf7ec1bc520a,INS,0,,,,gx-no-cache=1506426092940 HTTP/1.1" 200 4769
186.79.49.130 - - [26/Sep/2017:08:41:02 -0300] "GET /cormun/servlet/trcontratounov2? HTTP/1.1" 200 17733
186.79.49.130 - - [26/Sep/2017:08:41:02 -0300] "GET /cormun/static/gxcfg.js?201752512124396 HTTP/1.1" 200 953
186.79.49.130 - - [26/Sep/2017:08:41:02 -0300] "GET /cormun/static/Resources/PXToolsAddSelectedAction.png HTTP/1.1" 200 3660
186.79.49.130 - - [26/Sep/2017:08:41:02 -0300] "GET /cormun/static/trcontratounov2.js?201752512125146 HTTP/1.1" 200 38486
186.79.49.130 - - [26/Sep/2017:08:41:04 -0300] "GET /cormun/servlet/trcontratounov2? HTTP/1.1" 200 17724
192.168.10.89 - - [26/Sep/2017:08:41:04 -0300] "POST /cormun/servlet/trsolicitudgral?085d66dc559a2119a90fb1032019ab48,,gx-no-cache=1506426021484 HTTP/1.1" 200 7187
192.168.10.89 - - [26/Sep/2017:08:41:10 -0300] "POST /cormun/servlet/trsolicitudgral?085d66dc559a2119a90fb1032019ab48,,gx-no-cache=1506426027202 HTTP/1.1" 200 6001
186.79.49.130 - - [26/Sep/2017:08:41:16 -0300] "POST /cormun/servlet/trcontratounov2?3cccc8328602b6b244d2a21666ac6a17,,gx-no-cache=1506426119592 HTTP/1.1" 200 17783
186.103.161.206 - - [26/Sep/2017:08:41:17 -0300] "POST /cormun/servlet/solicitudotadjuntos?gx-no-cache=1506426110010 HTTP/1.1" 200 26
186.79.49.130 - - [26/Sep/2017:08:41:18 -0300] "GET /cormun/static/Resources/PXToolsGridPrevious.gif HTTP/1.1" 200 369
186.79.49.130 - - [26/Sep/2017:08:41:18 -0300] "GET /cormun/static/Resources/PXToolsGridFirst.gif HTTP/1.1" 200 379
186.79.49.130 - - [26/Sep/2017:08:41:18 -0300] "GET /cormun/static/Resources/PXToolsGridNext.gif HTTP/1.1" 200 369
186.79.49.130 - - [26/Sep/2017:08:41:18 -0300] "GET /cormun/static/Resources/PXToolsGridLast.gif HTTP/1.1" 200 370
186.103.159.182 - - [26/Sep/2017:08:41:21 -0300] "GET /cormun/static/menuarrow.gif HTTP/1.1" 404 1015
186.103.161.206 - - [26/Sep/2017:08:41:27 -0300] "GET /cormun/servlet/solicitudotadjuntos?6c4dbc6ede286b4f68bc4185c79a2b06f464f692c7e74fcbc71441ccb5855f93,gx-no-cache=1506426120193 HTTP/1.1" 200 30
186.103.161.206 - - [26/Sep/2017:08:41:27 -0300] "GET /cormun/servlet/solicitudotadjuntos?6c4dbc6ede286b4f68bc4185c79a2b06f464f692c7e74fcbc71441ccb5855f93,gx-no-cache=1506426120243 HTTP/1.1" 200 30
186.103.161.206 - - [26/Sep/2017:08:41:28 -0300] "POST /cormun/servlet/solicitudotadjuntos?74b1937435508e2145d49a0537b7ee4f,INS,2017,7448,,1, HTTP/1.1" 200 116
186.103.161.206 - - [26/Sep/2017:08:41:28 -0300] "GET /cormun/servlet/hpexe_return? HTTP/1.1" 200 1021
186.103.161.206 - - [26/Sep/2017:08:41:28 -0300] "GET /cormun/servlet/trsolicitudadjuntos?2017,7448, HTTP/1.1" 200 8806
186.103.161.206 - - [26/Sep/2017:08:41:29 -0300] "GET /cormun/servlet/trsolicitudadjuntos?2017,7448, HTTP/1.1" 200 8804
186.79.49.130 - - [26/Sep/2017:08:41:29 -0300] "POST /cormun/servlet/trcontratounov2?3cccc8328602b6b244d2a21666ac6a17,,gx-no-cache=1506426132552 HTTP/1.1" 200 13674
186.103.161.206 - - [26/Sep/2017:08:41:31 -0300] "GET /cormun/servlet/solicitudotadjuntos?INS,2017,7448,,1, HTTP/1.1" 200 6122
186.103.161.206 - - [26/Sep/2017:08:41:32 -0300] "GET /cormun/static/about:blank HTTP/1.1" 404 1011
186.103.132.155 - - [26/Sep/2017:08:41:32 -0300] "GET /cormun/servlet/solicitudotadjuntos?INS,2017,7448,,1, HTTP/1.1" 200 6116
186.103.161.206 - - [26/Sep/2017:08:41:32 -0300] "GET /cormun/servlet/solicitudotadjuntos?6c4dbc6ede286b4f68bc4185c79a2b06648948f899982c2378d8a1e6528ab225fba1fcdd034cb8ace07479e835083074,gx-no-cache=1506426124895 HTTP/1.1" 200 30
186.103.161.206 - - [26/Sep/2017:08:41:32 -0300] "POST /cormun/servlet/solicitudotadjuntos?74b1937435508e2145d49a0537b7ee4f,INS,2017,7448,,1,,gx-no-cache=1506426124947 HTTP/1.1" 200 3871
192.168.10.89 - - [26/Sep/2017:08:41:33 -0300] "POST /cormun/servlet/trsolicitudgral?085d66dc559a2119a90fb1032019ab48,,gx-no-cache=1506426050693 HTTP/1.1" 200 7148
192.168.10.89 - - [26/Sep/2017:08:41:35 -0300] "GET /cormun/servlet/solicitudgral2?UPD,2017,7434, HTTP/1.1" 200 12714
192.168.10.89 - - [26/Sep/2017:08:41:35 -0300] "GET /cormun/static/gxcfg.js?20176271749511 HTTP/1.1" 200 953
192.168.10.89 - - [26/Sep/2017:08:41:35 -0300] "GET /cormun/static/solicitudgral2.js?201762717495177 HTTP/1.1" 200 40768
192.168.10.89 - - [26/Sep/2017:08:41:36 -0300] "POST /cormun/servlet/solicitudgral2?gx-no-cache=1506426053755 HTTP/1.1" 200 3233
186.103.161.206 - - [26/Sep/2017:08:41:36 -0300] "POST /cormun/servlet/solicitudotadjuntos?gx-no-cache=1506426129087 HTTP/1.1" 200 26
192.168.10.89 - - [26/Sep/2017:08:41:36 -0300] "GET /cormun/servlet/solicitudgral2?c3d3a10a7d13a8ce0e984cf41664c7c15dbf787087b073a3d2520ab121be3410ee89d3fc13aaca539918b419f46c5293740f77cc3d5a476ed87afedd3bf24637b2ddcd230d0b24e4e9ac2b3f191fb0ed1034bd114945efac81b61e2f2f7b2e202fdde8a782b1d5315ee7a3ca933310f8b564b544ad56e3057930ab31ade655fd2e147247f96408702f463405ca50e9a02f30ea314d9d853597667c041b52fa375835545b4288b025cf08c637afee424cff069e2f70d64e9ff43a92b588e4c203d92d350ef5c76b3ecd2912b74e08a2a9da6c54ad258a7c45cdb2d581418b31847dec3c60a8a95b767912e3c83489c9224c4fc0750d17197756716e0ab571e414a09e477448895b3a5db64c265a9090ad60ce44db36f00950487afe0a4fccd51b2e6a84e42d6a4db285c26787fbf71f98c757ba8ed87855191123bdac0faf8374f3a638d7fa2421f1e75df109c8ee3c7c,gx-no-cache=1506426053952 HTTP/1.1" 200 257
192.168.10.89 - - [26/Sep/2017:08:41:36 -0300] "POST /cormun/servlet/solicitudgral2?gx-no-cache=1506426054036 HTTP/1.1" 200 1414
192.168.10.89 - - [26/Sep/2017:08:41:37 -0300] "GET /cormun/servlet/solicitudgral2?c3d3a10a7d13a8ce0e984cf41664c7c1af7c65a9b78bd2c208813c324fedd802ef5aabcf3a289f9370b589bd921fe09c740f77cc3d5a476ed87afedd3bf24637ca69a9931af6a3e2fda2e208dd6f1df54174cee7bc194a19897d538ebd27051abd97f4a9f51182f9edd52fbdc2166c07,gx-no-cache=1506426054080 HTTP/1.1" 200 41
192.168.10.96 - - [26/Sep/2017:08:41:42 -0300] "GET /cormun/servlet/trsolicitudgral? HTTP/1.1" 200 10387
192.168.10.96 - - [26/Sep/2017:08:41:43 -0300] "GET /cormun/servlet/trsolicitudgral? HTTP/1.1" 200 10385
186.103.161.206 - - [26/Sep/2017:08:41:43 -0300] "GET /cormun/servlet/solicitudotadjuntos?6c4dbc6ede286b4f68bc4185c79a2b06f464f692c7e74fcbc71441ccb5855f93,gx-no-cache=1506426135943 HTTP/1.1" 200 30
186.103.161.206 - - [26/Sep/2017:08:41:43 -0300] "GET /cormun/servlet/solicitudotadjuntos?6c4dbc6ede286b4f68bc4185c79a2b06f464f692c7e74fcbc71441ccb5855f93,gx-no-cache=1506426135977 HTTP/1.1" 200 30
186.103.161.206 - - [26/Sep/2017:08:41:44 -0300] "POST /cormun/servlet/solicitudotadjuntos?74b1937435508e2145d49a0537b7ee4f,INS,2017,7448,,1, HTTP/1.1" 200 116
186.103.161.206 - - [26/Sep/2017:08:41:44 -0300] "GET /cormun/servlet/hpexe_return? HTTP/1.1" 200 1021
186.103.161.206 - - [26/Sep/2017:08:41:44 -0300] "GET /cormun/servlet/trsolicitudadjuntos?2017,7448, HTTP/1.1" 200 8975
186.103.161.206 - - [26/Sep/2017:08:41:45 -0300] "GET /cormun/servlet/trsolicitudadjuntos?2017,7448, HTTP/1.1" 200 8972
186.103.161.206 - - [26/Sep/2017:08:41:47 -0300] "GET /cormun/servlet/solicitudotadjuntos?INS,2017,7448,,1, HTTP/1.1" 200 6121
186.103.161.206 - - [26/Sep/2017:08:41:47 -0300] "GET /cormun/static/about:blank HTTP/1.1" 404 1011
186.103.161.206 - - [26/Sep/2017:08:41:47 -0300] "GET /cormun/servlet/solicitudotadjuntos?INS,2017,7448,,1, HTTP/1.1" 200 6115
186.103.161.206 - - [26/Sep/2017:08:41:48 -0300] "GET /cormun/servlet/solicitudotadjuntos?6c4dbc6ede286b4f68bc4185c79a2b06648948f899982c2378d8a1e6528ab225fba1fcdd034cb8ace07479e835083074,gx-no-cache=1506426140474 HTTP/1.1" 200 30
192.168.10.96 - - [26/Sep/2017:08:41:48 -0300] "GET /cormun/servlet/vesolicitudgral?2017,7258,, HTTP/1.1" 200 8906
186.103.161.206 - - [26/Sep/2017:08:41:48 -0300] "POST /cormun/servlet/solicitudotadjuntos?74b1937435508e2145d49a0537b7ee4f,INS,2017,7448,,1,,gx-no-cache=1506426140516 HTTP/1.1" 200 3871
192.168.10.96 - - [26/Sep/2017:08:41:48 -0300] "GET /cormun/pexe_scrolldiv.js HTTP/1.1" 404 1009
192.168.10.96 - - [26/Sep/2017:08:41:48 -0300] "GET /cormun/pexe_scrolldiv.js HTTP/1.1" 404 1009
192.168.10.96 - - [26/Sep/2017:08:41:48 -0300] "GET /cormun/servlet/vesolicitudgral?2017,7258,, HTTP/1.1" 200 8906
192.168.10.96 - - [26/Sep/2017:08:41:50 -0300] "GET /cormun/servlet/vesolicitudgral?2017,7258,,SolicitudOTAdjuntos HTTP/1.1" 200 10809
192.168.10.96 - - [26/Sep/2017:08:41:51 -0300] "GET /cormun/pexe_scrolldiv.js HTTP/1.1" 404 1009
192.168.10.96 - - [26/Sep/2017:08:41:51 -0300] "GET /cormun/servlet/vesolicitudgral?2017,7258,,SolicitudOTAdjuntos HTTP/1.1" 200 10810
192.168.10.96 - - [26/Sep/2017:08:41:52 -0300] "POST /cormun/servlet/acontrolpreferencessavestate?None,DZAMUDIO,true HTTP/1.1" 200 35
186.103.161.206 - - [26/Sep/2017:08:41:52 -0300] "POST /cormun/servlet/solicitudotadjuntos?gx-no-cache=1506426144868 HTTP/1.1" 200 26
186.79.49.130 - - [26/Sep/2017:08:41:54 -0300] "POST /cormun/servlet/trcontratounov2?3cccc8328602b6b244d2a21666ac6a17,,gx-no-cache=1506426156694 HTTP/1.1" 200 16877
186.103.161.206 - - [26/Sep/2017:08:42:01 -0300] "GET /cormun/servlet/solicitudotadjuntos?6c4dbc6ede286b4f68bc4185c79a2b06f464f692c7e74fcbc71441ccb5855f93,gx-no-cache=1506426153419 HTTP/1.1" 200 30
186.103.161.206 - - [26/Sep/2017:08:42:01 -0300] "GET /cormun/servlet/solicitudotadjuntos?6c4dbc6ede286b4f68bc4185c79a2b06f464f692c7e74fcbc71441ccb5855f93,gx-no-cache=1506426153450 HTTP/1.1" 200 30
186.103.161.206 - - [26/Sep/2017:08:42:02 -0300] "POST /cormun/servlet/solicitudotadjuntos?74b1937435508e2145d49a0537b7ee4f,INS,2017,7448,,1, HTTP/1.1" 200 116
186.103.161.206 - - [26/Sep/2017:08:42:02 -0300] "GET /cormun/servlet/hpexe_return? HTTP/1.1" 200 1021
186.103.161.206 - - [26/Sep/2017:08:42:02 -0300] "GET /cormun/servlet/trsolicitudadjuntos?2017,7448, HTTP/1.1" 200 9177
186.103.161.206 - - [26/Sep/2017:08:42:03 -0300] "GET /cormun/servlet/trsolicitudadjuntos?2017,7448, HTTP/1.1" 200 9176
186.103.161.206 - - [26/Sep/2017:08:42:05 -0300] "GET /cormun/servlet/solicitudotadjuntos?INS,2017,7448,,1, HTTP/1.1" 200 6121
186.103.161.206 - - [26/Sep/2017:08:42:05 -0300] "GET /cormun/static/about:blank HTTP/1.1" 404 1011
186.103.161.206 - - [26/Sep/2017:08:42:06 -0300] "GET /cormun/servlet/solicitudotadjuntos?INS,2017,7448,,1, HTTP/1.1" 200 6115
186.103.132.155 - - [26/Sep/2017:08:42:06 -0300] "GET /cormun/servlet/solicitudotadjuntos?6c4dbc6ede286b4f68bc4185c79a2b06648948f899982c2378d8a1e6528ab225fba1fcdd034cb8ace07479e835083074,gx-no-cache=1506426159024 HTTP/1.1" 200 30
186.103.132.155 - - [26/Sep/2017:08:42:06 -0300] "POST /cormun/servlet/solicitudotadjuntos?74b1937435508e2145d49a0537b7ee4f,INS,2017,7448,,1,,gx-no-cache=1506426159085 HTTP/1.1" 200 3871
186.103.132.155 - - [26/Sep/2017:08:42:10 -0300] "POST /cormun/servlet/solicitudotadjuntos?gx-no-cache=1506426162265 HTTP/1.1" 200 26
186.103.132.155 - - [26/Sep/2017:08:42:15 -0300] "GET /cormun/servlet/solicitudotadjuntos?6c4dbc6ede286b4f68bc4185c79a2b06f464f692c7e74fcbc71441ccb5855f93,gx-no-cache=1506426167631 HTTP/1.1" 200 30
186.103.132.155 - - [26/Sep/2017:08:42:15 -0300] "GET /cormun/servlet/solicitudotadjuntos?6c4dbc6ede286b4f68bc4185c79a2b06f464f692c7e74fcbc71441ccb5855f93,gx-no-cache=1506426167666 HTTP/1.1" 200 30
186.103.132.155 - - [26/Sep/2017:08:42:18 -0300] "POST /cormun/servlet/solicitudotadjuntos?74b1937435508e2145d49a0537b7ee4f,INS,2017,7448,,1, HTTP/1.1" 200 116
186.103.132.155 - - [26/Sep/2017:08:42:18 -0300] "GET /cormun/servlet/hpexe_return? HTTP/1.1" 200 1021
186.103.132.155 - - [26/Sep/2017:08:42:18 -0300] "GET /cormun/servlet/trsolicitudadjuntos?2017,7448, HTTP/1.1" 200 9372
186.103.132.155 - - [26/Sep/2017:08:42:19 -0300] "GET /cormun/servlet/trsolicitudadjuntos?2017,7448, HTTP/1.1" 200 9369
186.79.49.130 - - [26/Sep/2017:08:42:20 -0300] "GET /cormun/servlet/trsolicitudot? HTTP/1.1" 200 16431
186.103.159.44 - - [26/Sep/2017:08:42:21 -0300] "GET /cormun/servlet/licenciaspermisos?4089350e625d29888b874340e4cda646a0245ddd7f60989cda69c21c9e51d1835ad40a19e9d1c2938659e58f135c448c23857e76a638757f044179e64527a9947eb6c4b71fd04eecf61d1f0a9afac63fa4e210e66a10cb286f5144558b7bf3a7354bbc79e20cb692e020fb0882f80c38db55d1e69fe38d336db15e20fbb4590c06fd068dfb482d2131c13c393a3eab43edf13c42158fc275c6c92a49f33cf845f4b9029281df5e772df57804478390d83f153bac2e8243456e5ce6273fed25e2bead5b251f48f7dc13dbf83aa1e8483754c94ba1fbc33986631999f2eb4804b5,gx-no-cache=1506426182313 HTTP/1.1" 200 30
186.79.49.130 - - [26/Sep/2017:08:42:21 -0300] "GET /cormun/servlet/trsolicitudot? HTTP/1.1" 200 16430
186.103.159.44 - - [26/Sep/2017:08:42:22 -0300] "GET /cormun/servlet/licenciaspermisos?4089350e625d29888b874340e4cda6465491e8b6237abc7908138645a0ab3f0adc05936b5dc65485f5ca4298b37febfd8700807cf6ffd7941dee91167172f23bd8a09872b4583cf64fbe1e43777c28d40285b5cd5b8109b8c488502e8061ece8a1255162b93c434c711a6e2ac30606a49a3ea64d5b2bbd48949042c0278397af00838c930526de1425582a1d180ce44eab6ff557f41b37e6542f4df0423f064173a4545e674c3faba7e1459234dafe639364c23b9337c89a91d7822dfd95bd3e12d04dcba380823242a3868fe0cc39e655185054d7bb52f1c80880146293d517,gx-no-cache=1506426182662 HTTP/1.1" 200 29
186.103.159.44 - - [26/Sep/2017:08:42:22 -0300] "POST /cormun/servlet/licenciaspermisos?35ec631e64a3ad6a9b710d67992a2d84,INS,0,,,,gx-no-cache=1506426183014 HTTP/1.1" 200 93
186.103.159.44 - - [26/Sep/2017:08:42:22 -0300] "GET /cormun/servlet/hpexe_return? HTTP/1.1" 200 1011
186.103.159.44 - - [26/Sep/2017:08:42:22 -0300] "GET /cormun/servlet/trlicencias HTTP/1.1" 200 12840
186.103.159.44 - - [26/Sep/2017:08:42:26 -0300] "GET /cormun/servlet/alicenciaprn?18044121,L,20170926000000,PU HTTP/1.1" 200 1559
200.72.197.82 - - [26/Sep/2017:08:42:32 -0300] "GET /cormun/servlet/solicitudotadjuntos?INS,2017,7448,,1, HTTP/1.1" 200 6121
200.72.197.82 - - [26/Sep/2017:08:42:33 -0300] "GET /cormun/servlet/solicitudotadjuntos?INS,2017,7448,,1, HTTP/1.1" 200 6115
200.72.197.82 - - [26/Sep/2017:08:42:33 -0300] "GET /cormun/servlet/solicitudotadjuntos?6c4dbc6ede286b4f68bc4185c79a2b06648948f899982c2378d8a1e6528ab225fba1fcdd034cb8ace07479e835083074,gx-no-cache=1506426186279 HTTP/1.1" 200 30
200.72.197.82 - - [26/Sep/2017:08:42:34 -0300] "POST /cormun/servlet/solicitudotadjuntos?74b1937435508e2145d49a0537b7ee4f,INS,2017,7448,,1,,gx-no-cache=1506426186313 HTTP/1.1" 200 3871
200.72.197.82 - - [26/Sep/2017:08:42:38 -0300] "GET /cormun/servlet/trautorizarsolicitud? HTTP/1.1" 200 7014
200.72.197.82 - - [26/Sep/2017:08:42:38 -0300] "GET /cormun/servlet/trautorizarsolicitud? HTTP/1.1" 200 6994
186.103.159.44 - - [26/Sep/2017:08:42:41 -0300] "GET /cormun/servlet/trlicenciaspermisosadjuntos?18044121,20170926000000,L, HTTP/1.1" 200 6195
186.103.159.44 - - [26/Sep/2017:08:42:42 -0300] "GET /cormun/static/gxcfg.js?20177612163414 HTTP/1.1" 304 -
186.103.159.44 - - [26/Sep/2017:08:42:49 -0300] "GET /cormun/servlet/licenciaspermisosadjuntos?INS,18044121,L,20170926000000,, HTTP/1.1" 200 5489
186.103.159.44 - - [26/Sep/2017:08:42:49 -0300] "GET /cormun/static/gxcfg.js?2017761263592 HTTP/1.1" 304 -
186.103.159.44 - - [26/Sep/2017:08:42:49 -0300] "HEAD /cormun/static/about:blank HTTP/1.1" 404 -
192.168.10.96 - - [26/Sep/2017:08:42:50 -0300] "GET /cormun/servlet/trsolicitudgral? HTTP/1.1" 200 10391
192.168.10.96 - - [26/Sep/2017:08:42:50 -0300] "GET /cormun/servlet/trsolicitudgral? HTTP/1.1" 200 10385
200.72.197.82 - - [26/Sep/2017:08:42:54 -0300] "GET /cormun/servlet/trsolicitudot? HTTP/1.1" 200 9727
200.72.197.82 - - [26/Sep/2017:08:42:55 -0300] "GET /cormun/servlet/trsolicitudot? HTTP/1.1" 200 9727
192.168.10.96 - - [26/Sep/2017:08:42:55 -0300] "GET /cormun/servlet/vesolicitudgral?2017,7258,, HTTP/1.1" 200 8906
192.168.10.96 - - [26/Sep/2017:08:42:55 -0300] "GET /cormun/pexe_scrolldiv.js HTTP/1.1" 404 1009
192.168.10.96 - - [26/Sep/2017:08:42:55 -0300] "GET /cormun/pexe_scrolldiv.js HTTP/1.1" 404 1009
192.168.10.96 - - [26/Sep/2017:08:42:56 -0300] "GET /cormun/servlet/vesolicitudgral?2017,7258,, HTTP/1.1" 200 8906
192.168.10.96 - - [26/Sep/2017:08:42:57 -0300] "POST /cormun/servlet/vesolicitudgral?75d2f7e7fb11dca0bca2bce9da901a40,2017,7258,,,gx-no-cache=1506426134937 HTTP/1.1" 200 90
192.168.10.96 - - [26/Sep/2017:08:42:57 -0300] "GET /cormun/servlet/hpexe_link HTTP/1.1" 200 967
192.168.10.96 - - [26/Sep/2017:08:42:58 -0300] "GET /cormun/servlet/trsolicitudgral HTTP/1.1" 200 10385
192.168.10.96 - - [26/Sep/2017:08:42:58 -0300] "GET /cormun/servlet/trsolicitudgral HTTP/1.1" 200 10385
186.103.159.44 - - [26/Sep/2017:08:43:00 -0300] "POST /cormun/servlet/licenciaspermisosadjuntos?35ec631e64a3ad6a9b710d67992a2d84,INS,18044121,L,20170926000000,, HTTP/1.1" 200 116
186.103.159.44 - - [26/Sep/2017:08:43:00 -0300] "GET /cormun/servlet/hpexe_return? HTTP/1.1" 200 1041
186.103.159.44 - - [26/Sep/2017:08:43:01 -0300] "GET /cormun/servlet/trlicenciaspermisosadjuntos?18044121,20170926000000,L, HTTP/1.1" 200 6693
200.72.197.82 - - [26/Sep/2017:08:43:01 -0300] "POST /cormun/servlet/trsolicitudot?74b1937435508e2145d49a0537b7ee4f,,gx-no-cache=1506426214025 HTTP/1.1" 200 6863
186.103.159.44 - - [26/Sep/2017:08:43:01 -0300] "GET /cormun/PublicTempStorage/licencia_gianinna_pe%F1a3724881.pdf HTTP/1.1" 200 633749
200.72.197.82 - - [26/Sep/2017:08:43:02 -0300] "GET /cormun/static/Shared/jqueryui/images/ui-bg_highlight-soft_100_c6c2c8_1x100.png HTTP/1.1" 404 1117
186.103.132.155 - - [26/Sep/2017:08:43:02 -0300] "GET /cormun/static/Shared/jqueryui/images/ui-icons_8d78a5_256x240.png HTTP/1.1" 404 1089
200.72.197.82 - - [26/Sep/2017:08:43:02 -0300] "GET /cormun/static/Shared/jqueryui/images/ui-icons_82798d_256x240.png HTTP/1.1" 404 1089
200.72.197.82 - - [26/Sep/2017:08:43:02 -0300] "GET /cormun/static/Shared/jqueryui/images/ui-bg_flat_55_fafafa_40x100.png HTTP/1.1" 404 1097
186.103.161.206 - - [26/Sep/2017:08:43:02 -0300] "POST /cormun/servlet/trsolicitudot?74b1937435508e2145d49a0537b7ee4f,,gx-no-cache=1506426214403 HTTP/1.1" 200 6809
186.103.159.44 - - [26/Sep/2017:08:43:02 -0300] "GET /cormun/PublicTempStorage/licencia_gianinna_pe%F1a3724881.pdf HTTP/1.1" 200 633749
186.103.159.44 - - [26/Sep/2017:08:43:06 -0300] "GET /cormun/servlet/trlicencias? HTTP/1.1" 200 12836
186.103.161.206 - - [26/Sep/2017:08:43:12 -0300] "GET /cormun/servlet/trautorizarsolicitud? HTTP/1.1" 200 8298
186.103.161.206 - - [26/Sep/2017:08:43:13 -0300] "GET /cormun/servlet/trautorizarsolicitud? HTTP/1.1" 200 8297
192.168.10.96 - - [26/Sep/2017:08:43:15 -0300] "GET /cormun/servlet/vesolicitudgral?2017,7258,, HTTP/1.1" 200 8906
192.168.10.96 - - [26/Sep/2017:08:43:15 -0300] "GET /cormun/pexe_scrolldiv.js HTTP/1.1" 404 1009
192.168.10.96 - - [26/Sep/2017:08:43:15 -0300] "GET /cormun/servlet/vesolicitudgral?2017,7258,, HTTP/1.1" 200 8906
186.103.161.206 - - [26/Sep/2017:08:43:19 -0300] "POST /cormun/servlet/trautorizarsolicitud?74b1937435508e2145d49a0537b7ee4f,,gx-no-cache=1506426231809 HTTP/1.1" 200 4389
186.103.159.182 - - [26/Sep/2017:08:43:19 -0300] "GET /cormun/servlet/licenciaspermisos?73e8f4cb935161d56f710cf1530e1b2133bc1779147a7ee676f1cd3cadcaee09d0b6fa7afc5a73d1abe2bba00e4698ab24c10785dbefbc71c61cafb67d49158bdd74717e08402e07f2c8f64c314bfe97906a76e681c09db26c25810d50d6f7283d5e583fbac5951d7cb3676b88a13e396db56ab1421c8f4de6f8d4faf66d13af7519e47a9df7a0253d599bb9d0d40900d07ca25de11fad33b17a17a99fb0a90c29d1caa96dd306784b167165fa8ec24b,gx-no-cache=1506426232265 HTTP/1.1" 200 30
186.103.161.206 - - [26/Sep/2017:08:43:19 -0300] "POST /cormun/servlet/trautorizarsolicitud?74b1937435508e2145d49a0537b7ee4f,,gx-no-cache=1506426232069 HTTP/1.1" 200 4158
186.103.159.182 - - [26/Sep/2017:08:43:19 -0300] "POST /cormun/servlet/licenciaspermisos?6dfb57daafd0aee3b744bf7ec1bc520a,INS,0,,,,gx-no-cache=1506426232319 HTTP/1.1" 200 4866
192.168.10.96 - - [26/Sep/2017:08:43:21 -0300] "GET /cormun/servlet/vesolicitudgral?2017,7258,,SolicitudOTAdjuntos HTTP/1.1" 200 10812
192.168.10.96 - - [26/Sep/2017:08:43:21 -0300] "GET /cormun/pexe_scrolldiv.js HTTP/1.1" 404 1009
192.168.10.96 - - [26/Sep/2017:08:43:21 -0300] "GET /cormun/pexe_scrolldiv.js HTTP/1.1" 404 1009
192.168.10.96 - - [26/Sep/2017:08:43:22 -0300] "GET /cormun/servlet/vesolicitudgral?2017,7258,,SolicitudOTAdjuntos HTTP/1.1" 200 10813
192.168.10.96 - - [26/Sep/2017:08:43:22 -0300] "POST /cormun/servlet/acontrolpreferencessavestate?None,DZAMUDIO,true HTTP/1.1" 200 35
192.168.10.96 - - [26/Sep/2017:08:43:26 -0300] "GET /cormun/PublicTempStorage/img1277556201.pdf HTTP/1.1" 200 375439
186.103.161.206 - - [26/Sep/2017:08:43:32 -0300] "GET /cormun/servlet/trsolicitudot? HTTP/1.1" 200 9724
186.103.161.206 - - [26/Sep/2017:08:43:33 -0300] "GET /cormun/servlet/trsolicitudot? HTTP/1.1" 200 9723
186.103.161.206 - - [26/Sep/2017:08:43:36 -0300] "GET /cormun/servlet/solicitudot?INS,0,0, HTTP/1.1" 200 12947
186.103.161.206 - - [26/Sep/2017:08:43:36 -0300] "GET /cormun/servlet/solicitudot?INS,0,0, HTTP/1.1" 200 12952
186.103.159.182 - - [26/Sep/2017:08:43:54 -0300] "GET /cormun/servlet/licenciaspermisos?73e8f4cb935161d56f710cf1530e1b2157e61429d19089bd7b72e0a343c898e1acafd4a8c9c35f523eb1cc310a514b66e52243e7cb44fbff43fa68980c7ecb7d64c65f7bae9681f47c6ccf6f0053200ac334eaf432d7abb5fa63a1ef075acd5c02efd3a1b22b3de36bf1e224af86a91001984631fe5082387d746e0715fb8c66,gx-no-cache=1506426266484 HTTP/1.1" 200 207
186.103.159.182 - - [26/Sep/2017:08:43:54 -0300] "GET /cormun/static/Shared/jqueryui/images/ui-icons_82798d_256x240.png HTTP/1.1" 404 1089
186.103.159.182 - - [26/Sep/2017:08:43:54 -0300] "GET /cormun/static/Shared/jqueryui/images/ui-bg_highlight-soft_100_c6c2c8_1x100.png HTTP/1.1" 404 1117
186.103.159.182 - - [26/Sep/2017:08:43:54 -0300] "GET /cormun/static/Shared/jqueryui/images/ui-bg_flat_55_994d53_40x100.png HTTP/1.1" 404 1097
186.103.159.182 - - [26/Sep/2017:08:43:54 -0300] "GET /cormun/static/Shared/jqueryui/images/ui-icons_ebccce_256x240.png HTTP/1.1" 404 1089
186.103.159.44 - - [26/Sep/2017:08:44:02 -0300] "POST /cormun/servlet/trlicencias?35ec631e64a3ad6a9b710d67992a2d84,,gx-no-cache=1506426283331 HTTP/1.1" 200 10188
186.103.159.44 - - [26/Sep/2017:08:44:03 -0300] "GET /cormun/static/Shared/jqueryui/images/ui-icons_82798d_256x240.png HTTP/1.1" 404 1089
186.103.159.44 - - [26/Sep/2017:08:44:03 -0300] "GET /cormun/static/Shared/jqueryui/images/ui-icons_8d78a5_256x240.png HTTP/1.1" 404 1089
186.103.159.44 - - [26/Sep/2017:08:44:03 -0300] "GET /cormun/static/Shared/jqueryui/images/ui-bg_flat_55_fafafa_40x100.png HTTP/1.1" 404 1097
186.103.159.44 - - [26/Sep/2017:08:44:03 -0300] "GET /cormun/static/Shared/jqueryui/images/ui-bg_highlight-soft_100_c6c2c8_1x100.png HTTP/1.1" 404 1117
186.103.159.44 - - [26/Sep/2017:08:44:05 -0300] "GET /cormun/servlet/licenciaspermisos?INS,0,,, HTTP/1.1" 200 7368
186.103.159.182 - - [26/Sep/2017:08:44:07 -0300] "GET /cormun/servlet/licenciaspermisos?73e8f4cb935161d56f710cf1530e1b21b95e31f9ce3269047a877ce6992a41a3cad21fb3f2bff75cb02c190432ace5e66ee859868b0f8c4cb3a364a870861ad3befc4699b080cdd8d085b5d01f4d03617148c7e337097ac4ac955ffba76f1c4d43499a5eba3317751dd06f3010d9a38e509a820e8236121257ba824d96e57437,gx-no-cache=1506426280238 HTTP/1.1" 200 99
186.103.159.182 - - [26/Sep/2017:08:44:07 -0300] "POST /cormun/servlet/licenciaspermisos?6dfb57daafd0aee3b744bf7ec1bc520a,INS,0,,,,gx-no-cache=1506426280289 HTTP/1.1" 200 4855
186.103.161.206 - - [26/Sep/2017:08:44:19 -0300] "POST /cormun/servlet/solicitudot?gx-no-cache=1506426291916 HTTP/1.1" 200 3126
186.103.161.206 - - [26/Sep/2017:08:44:20 -0300] "POST /cormun/servlet/solicitudot?74b1937435508e2145d49a0537b7ee4f,INS,0,0,,gx-no-cache=1506426292173 HTTP/1.1" 200 9982
186.103.159.44 - - [26/Sep/2017:08:44:20 -0300] "GET /cormun/servlet/licenciaspermisos?4089350e625d29888b874340e4cda646bef0fc95795e9181e79c50622664cd78b4d59d45f5aa9571cc140add50306042,gx-no-cache=1506426301341 HTTP/1.1" 200 85
186.103.159.44 - - [26/Sep/2017:08:44:20 -0300] "POST /cormun/servlet/licenciaspermisos?35ec631e64a3ad6a9b710d67992a2d84,INS,0,,,,gx-no-cache=1506426301389 HTTP/1.1" 200 4577
186.103.161.206 - - [26/Sep/2017:08:44:23 -0300] "GET /cormun/servlet/solicitudot?6c4dbc6ede286b4f68bc4185c79a2b0637d637ecf8360cd3e36b47b0df8783d96e522d5c5da8ca77378a5a82ddab0564,gx-no-cache=1506426295814 HTTP/1.1" 200 30
186.103.159.182 - - [26/Sep/2017:08:44:33 -0300] "GET /cormun/servlet/licenciaspermisos?73e8f4cb935161d56f710cf1530e1b21729c66458ba5204b86250e6d11df7e322501d53b4f224fb3dbb8d89c349242abde71d17dc05be959a554905f2e6208674ff3503818e28cdaade92270e9e6d5f7d7c17d3106c6b4fa12a2ef0f08d7e7e9eed5c7634c255c4d406304c497946609324276ebe82a6057e57a3201b3ddfe69341b73a8e63d295b6fdb805ea889540c1d295997ad723898696082fb865444b6d7163b2e8e94041bfc2d22d852ca47d6,gx-no-cache=1506426305703 HTTP/1.1" 200 62
186.103.159.182 - - [26/Sep/2017:08:44:33 -0300] "POST /cormun/servlet/licenciaspermisos?6dfb57daafd0aee3b744bf7ec1bc520a,INS,0,,,,gx-no-cache=1506426305749 HTTP/1.1" 200 93
186.103.159.182 - - [26/Sep/2017:08:44:33 -0300] "GET /cormun/servlet/hpexe_return? HTTP/1.1" 200 1017
186.103.159.182 - - [26/Sep/2017:08:44:33 -0300] "GET /cormun/static/gxcfg.js?2016101716175148 HTTP/1.1" 304 -
186.103.159.182 - - [26/Sep/2017:08:44:34 -0300] "GET /cormun/servlet/trlicencias HTTP/1.1" 200 13039
186.103.159.182 - - [26/Sep/2017:08:44:36 -0300] "GET /cormun/servlet/trlicencias HTTP/1.1" 200 13034
186.103.159.182 - - [26/Sep/2017:08:44:40 -0300] "GET /cormun/servlet/trlicenciaspermisosadjuntos?10633133,20170926000000,L, HTTP/1.1" 200 6474
186.103.159.182 - - [26/Sep/2017:08:44:40 -0300] "GET /cormun/static/gxcfg.js?20177612163414 HTTP/1.1" 200 953
186.103.159.182 - - [26/Sep/2017:08:44:41 -0300] "GET /cormun/servlet/trlicenciaspermisosadjuntos?10633133,20170926000000,L, HTTP/1.1" 200 6474
186.103.159.182 - - [26/Sep/2017:08:44:43 -0300] "GET /cormun/servlet/licenciaspermisosadjuntos?INS,10633133,L,20170926000000,, HTTP/1.1" 200 5773
186.103.159.182 - - [26/Sep/2017:08:44:43 -0300] "GET /cormun/static/gxcfg.js?2017761263592 HTTP/1.1" 200 953
186.103.159.182 - - [26/Sep/2017:08:44:43 -0300] "GET /cormun/static/about:blank HTTP/1.1" 404 1011
186.103.159.182 - - [26/Sep/2017:08:44:44 -0300] "GET /cormun/servlet/licenciaspermisosadjuntos?INS,10633133,L,20170926000000,, HTTP/1.1" 200 5766
186.103.159.182 - - [26/Sep/2017:08:44:56 -0300] "POST /cormun/servlet/licenciaspermisosadjuntos?6dfb57daafd0aee3b744bf7ec1bc520a,INS,10633133,L,20170926000000,, HTTP/1.1" 200 116
186.103.159.182 - - [26/Sep/2017:08:44:56 -0300] "GET /cormun/servlet/hpexe_return? HTTP/1.1" 200 1048
186.103.159.182 - - [26/Sep/2017:08:44:56 -0300] "GET /cormun/servlet/trlicenciaspermisosadjuntos?10633133,20170926000000,L, HTTP/1.1" 200 6962
186.103.159.182 - - [26/Sep/2017:08:44:58 -0300] "GET /cormun/servlet/trlicenciaspermisosadjuntos?10633133,20170926000000,L, HTTP/1.1" 200 6959
186.103.159.182 - - [26/Sep/2017:08:45:03 -0300] "POST /cormun/servlet/trlicenciaspermisosadjuntos?6dfb57daafd0aee3b744bf7ec1bc520a,10633133,20170926000000,L,,gx-no-cache=1506426335945 HTTP/1.1" 200 90
186.103.159.182 - - [26/Sep/2017:08:45:03 -0300] "GET /cormun/servlet/hpexe_link HTTP/1.1" 200 989
186.103.159.182 - - [26/Sep/2017:08:45:03 -0300] "GET /cormun/servlet/trlicencias HTTP/1.1" 200 13036
186.103.159.182 - - [26/Sep/2017:08:45:05 -0300] "GET /cormun/servlet/trlicencias HTTP/1.1" 200 13010
186.103.159.182 - - [26/Sep/2017:08:45:08 -0300] "GET /cormun/servlet/alicenciaprn?10633133,L,20170926000000,PU HTTP/1.1" 200 1590
186.103.159.182 - - [26/Sep/2017:08:45:26 -0300] "POST /cormun/servlet/trlicencias?6dfb57daafd0aee3b744bf7ec1bc520a,gx-no-cache=1506426358231 HTTP/1.1" 200 10366
186.103.159.182 - - [26/Sep/2017:08:45:26 -0300] "GET /cormun/static/Shared/jqueryui/images/ui-bg_highlight-soft_100_c6c2c8_1x100.png HTTP/1.1" 404 1117
186.103.159.182 - - [26/Sep/2017:08:45:26 -0300] "GET /cormun/static/Shared/jqueryui/images/ui-bg_flat_55_fafafa_40x100.png HTTP/1.1" 404 1097
186.103.159.182 - - [26/Sep/2017:08:45:26 -0300] "GET /cormun/static/Shared/jqueryui/images/ui-icons_8d78a5_256x240.png HTTP/1.1" 404 1089
186.103.159.182 - - [26/Sep/2017:08:45:26 -0300] "GET /cormun/static/Shared/jqueryui/images/ui-icons_82798d_256x240.png HTTP/1.1" 404 1089
201.246.237.229 - - [26/Sep/2017:08:45:27 -0300] "GET /cormun/PublicTempStorage/carmen_gomez3_0017299285.pdf HTTP/1.1" 206 14290478
192.168.10.89 - - [26/Sep/2017:08:45:50 -0300] "POST /cormun/servlet/solicitudgral2?085d66dc559a2119a90fb1032019ab48,UPD,2017,7434,,gx-no-cache=1506426307313 HTTP/1.1" 200 93
192.168.10.89 - - [26/Sep/2017:08:45:50 -0300] "GET /cormun/servlet/hpexe_return? HTTP/1.1" 200 1014
192.168.10.89 - - [26/Sep/2017:08:45:50 -0300] "GET /cormun/servlet/trsolicitudgral? HTTP/1.1" 200 10549
192.168.10.89 - - [26/Sep/2017:08:45:52 -0300] "POST /cormun/servlet/trsolicitudgral?085d66dc559a2119a90fb1032019ab48,,gx-no-cache=1506426309762 HTTP/1.1" 200 115
192.168.10.89 - - [26/Sep/2017:08:45:52 -0300] "GET /cormun/servlet/solicitudotlog?INS,2017,7434,0,REC, HTTP/1.1" 200 6429
192.168.10.89 - - [26/Sep/2017:08:45:52 -0300] "GET /cormun/static/gxcfg.js?2017761245646 HTTP/1.1" 304 -
192.168.10.89 - - [26/Sep/2017:08:45:53 -0300] "GET /cormun/servlet/solicitudotlog?c3d3a10a7d13a8ce0e984cf41664c7c1cb511e1319efeebce8059b9a6abbc69393db5cecbe96c329f93a1f93d5aa8e55a9d6aba571bf62031d2dd3053443123be17afc160a85ab59cf8a0f1db98c4198e27e909a60b2ee689f9791d53933937ed87be5b6f4375f572a41fab64265aa02373ac8f053e75635bec6c21c6e2e86ec0f7306e8c3736f52d4015b7de65f338bf262b9686680450756026d3bd2acdbd2,gx-no-cache=1506426310924 HTTP/1.1" 200 94
192.168.10.89 - - [26/Sep/2017:08:46:03 -0300] "POST /cormun/servlet/solicitudotlog?085d66dc559a2119a90fb1032019ab48,INS,2017,7434,0,REC,,gx-no-cache=1506426320644 HTTP/1.1" 200 93
192.168.10.89 - - [26/Sep/2017:08:46:03 -0300] "GET /cormun/servlet/hpexe_return? HTTP/1.1" 200 1022
192.168.10.89 - - [26/Sep/2017:08:46:03 -0300] "GET /cormun/servlet/trsolicitudgral HTTP/1.1" 200 9174
186.103.161.206 - - [26/Sep/2017:08:46:06 -0300] "POST /cormun/servlet/solicitudot?gx-no-cache=1506426398203 HTTP/1.1" 200 297
186.103.161.206 - - [26/Sep/2017:08:46:06 -0300] "GET /cormun/servlet/solicitudot?6c4dbc6ede286b4f68bc4185c79a2b06a5095acca9b9a7a6ae181920b2d3cb24db2644ab81a589216947b4994c5dec6b7111622454da9ea636d9c6bfb100d8bd436fbd2378f9a6cca3c1157d49035396f990d6fa8200c5d23bf89578c3f1b2b791f2cb63ba9f0ff32c64dc88a78445569c27d289cdaf0ff809cbd9f57a85f08d73ae8dd54329068819422c0f54e7a89d84c5070ea7e1f0c4ad9bb2554b8c1169d12fb38910509f9fe2ea56242b25bdeb37a863a0fd5f662ca847a0831037dddd0dde49eba909d939f92572b85c06dd46c3fd0bc982cb61c4f0d707f2828de1e1b192ad5f6031a007807cbd7282b36c7ed4a0482047365be33daca6cae1a6c80d5b2c2227aca7890f4790bc9d51f26ad35552be491fc8760c681529ec7181bc06ff71878f3eba92f0c9476632f27f80ef287b44e2e92a6636189426d83d0e152871069da01451d887ef7f04b4d3e0450b5a17fe980fd0610770354e5c7c01dd16b3a013d14184a13bc59eec867c405e439127494a0d9c1b3f0d81b713218537a7d2924f5b4180db8c9b8d12c06fd28ba6,gx-no-cache=1506426398338 HTTP/1.1" 200 30
201.246.237.229 - - [26/Sep/2017:08:46:21 -0300] "GET /cormun/servlet/trlicenciaspermisosadjuntos?12291026,20170926000000,L, HTTP/1.1" 200 6952
201.246.237.229 - - [26/Sep/2017:08:46:23 -0300] "GET /cormun/servlet/trlicenciaspermisosadjuntos?12291026,20170926000000,L, HTTP/1.1" 200 6949
201.246.237.229 - - [26/Sep/2017:08:46:24 -0300] "POST /cormun/servlet/trlicenciaspermisosadjuntos?ccaedb1d6798b5a739d4fb98e723aba9,12291026,20170926000000,L,,gx-no-cache=1506426424320 HTTP/1.1" 200 90
201.246.237.229 - - [26/Sep/2017:08:46:24 -0300] "GET /cormun/servlet/hpexe_link HTTP/1.1" 200 984
201.246.237.229 - - [26/Sep/2017:08:46:24 -0300] "GET /cormun/servlet/trlicenciaspermisosadjuntos?12291026,20170926000000,L, HTTP/1.1" 200 6884
201.246.237.229 - - [26/Sep/2017:08:46:25 -0300] "GET /cormun/servlet/trlicencias HTTP/1.1" 200 13832
201.246.237.229 - - [26/Sep/2017:08:46:25 -0300] "GET /cormun/servlet/trlicencias HTTP/1.1" 200 13829
186.103.161.206 - - [26/Sep/2017:08:46:25 -0300] "POST /cormun/servlet/solicitudot?gx-no-cache=1506426418215 HTTP/1.1" 200 30
201.246.237.229 - - [26/Sep/2017:08:46:27 -0300] "GET /cormun/servlet/alicenciaprn?12291026,L,20170926000000,PU HTTP/1.1" 200 1530
192.168.10.89 - - [26/Sep/2017:08:46:29 -0300] "POST /cormun/servlet/trsolicitudgral?085d66dc559a2119a90fb1032019ab48,gx-no-cache=1506426346942 HTTP/1.1" 200 7388
192.168.10.89 - - [26/Sep/2017:08:46:35 -0300] "GET /cormun/servlet/solicitudgral?UPD,2017,7429, HTTP/1.1" 200 12528
192.168.10.89 - - [26/Sep/2017:08:46:36 -0300] "GET /cormun/static/gxcfg.js?20176272140328 HTTP/1.1" 200 953
192.168.10.89 - - [26/Sep/2017:08:46:36 -0300] "GET /cormun/static/solicitudgral.js?20176272140394 HTTP/1.1" 200 38387
186.103.161.206 - - [26/Sep/2017:08:46:36 -0300] "GET /cormun/servlet/prcontratosol?9742897,,,,,MD,,gxPopupLevel%3D0%3B HTTP/1.1" 200 5673
186.103.161.206 - - [26/Sep/2017:08:46:36 -0300] "GET /cormun/static/gxcfg.js?201761413223964 HTTP/1.1" 200 953
186.103.161.206 - - [26/Sep/2017:08:46:36 -0300] "GET /cormun/static/prcontratosol.js?201761413224174 HTTP/1.1" 200 15806
192.168.10.89 - - [26/Sep/2017:08:46:37 -0300] "POST /cormun/servlet/solicitudgral?gx-no-cache=1506426354061 HTTP/1.1" 200 3177
192.168.10.89 - - [26/Sep/2017:08:46:37 -0300] "GET /cormun/servlet/solicitudgral?c3d3a10a7d13a8ce0e984cf41664c7c15dbf787087b073a3d2520ab121be3410ee89d3fc13aaca539918b419f46c5293740f77cc3d5a476ed87afedd3bf24637b2ddcd230d0b24e4e9ac2b3f191fb0ed1034bd114945efac81b61e2f2f7b2e202fdde8a782b1d5315ee7a3ca933310f8b564b544ad56e3057930ab31ade655fd2e147247f96408702f463405ca50e9a02f30ea314d9d853597667c041b52fa375835545b4288b025cf08c637afee424cff069e2f70d64e9ff43a92b588e4c203d92d350ef5c76b3ecd2912b74e08a2a9da6c54ad258a7c45cdb2d581418b31847dec3c60a8a95b767912e3c83489c9224c4fc0750d17197756716e0ab571e414a09e477448895b3a5db64c265a9090ad60ce44db36f00950487afe0a4fccd51b2e6a84e42d6a4db285c26787fbf71f98c757ba8ed87855191123bdac0faf8374f3a638d7fa2421f1e75df109c8ee3c7c,gx-no-cache=1506426354239 HTTP/1.1" 200 257
201.246.237.229 - - [26/Sep/2017:08:46:38 -0300] "POST /cormun/servlet/trlicencias?ccaedb1d6798b5a739d4fb98e723aba9,gx-no-cache=1506426437288 HTTP/1.1" 200 11301
201.246.237.229 - - [26/Sep/2017:08:46:38 -0300] "GET /cormun/static/Shared/jqueryui/images/ui-bg_highlight-soft_100_c6c2c8_1x100.png HTTP/1.1" 404 1117
201.246.237.229 - - [26/Sep/2017:08:46:38 -0300] "GET /cormun/static/Shared/jqueryui/images/ui-icons_82798d_256x240.png HTTP/1.1" 404 1089
201.246.237.229 - - [26/Sep/2017:08:46:38 -0300] "GET /cormun/static/Shared/jqueryui/images/ui-bg_flat_55_fafafa_40x100.png HTTP/1.1" 404 1097
201.246.237.229 - - [26/Sep/2017:08:46:38 -0300] "GET /cormun/static/Shared/jqueryui/images/ui-icons_8d78a5_256x240.png HTTP/1.1" 404 1089
186.103.132.155 - - [26/Sep/2017:08:46:57 -0300] "POST /cormun/servlet/solicitudot?gx-no-cache=1506426449899 HTTP/1.1" 200 1431
186.103.132.155 - - [26/Sep/2017:08:46:57 -0300] "GET /cormun/static/Shared/jqueryui/images/ui-bg_flat_55_994d53_40x100.png HTTP/1.1" 404 1097
186.103.132.155 - - [26/Sep/2017:08:46:57 -0300] "GET /cormun/static/Shared/jqueryui/images/ui-icons_ebccce_256x240.png HTTP/1.1" 404 1089
186.103.132.155 - - [26/Sep/2017:08:46:57 -0300] "POST /cormun/servlet/solicitudot?gx-no-cache=1506426450022 HTTP/1.1" 200 117
186.103.132.155 - - [26/Sep/2017:08:46:57 -0300] "GET /cormun/servlet/solicitudot?6c4dbc6ede286b4f68bc4185c79a2b067aab2f7c6f538ca3e1dccff0128ea091bfe20082c977eada49654aacd74226235c2cb90128d38eafbb198921fe13e546d5ee96d6d273961699d61754a1b1262f822da46709205a51d94940877549329b56b4d9fc0e1506d3d46a2d22ff919911,gx-no-cache=1506426450111 HTTP/1.1" 200 29
186.103.132.155 - - [26/Sep/2017:08:46:57 -0300] "GET /cormun/servlet/solicitudot?6c4dbc6ede286b4f68bc4185c79a2b066575322fb740cd97d3b36ba5806523a383dc497be713d56a4c841089f811adeb9500efafcd06516a6a390a842866c96d203d0ed0a32e497419814e40f3b03a33c45fae7e0ce321e6313bdbf1f19323d675f7eef1211d5ea02dae5a711b8e3de638d240e2b6a506fde322de7b1e13b1b7e69aeee06098d8d26f799a75ad5c48bd68c53ac73e6bcbeb3b877e47e90f444401e44ef2d6c07ef5c92466e19e5fcda7d2924f5b4180db8c9b8d12c06fd28ba6,gx-no-cache=1506426450159 HTTP/1.1" 200 62
186.103.132.155 - - [26/Sep/2017:08:46:57 -0300] "GET /cormun/servlet/solicitudot?6c4dbc6ede286b4f68bc4185c79a2b06285610206bf1281cb11612b70dc7474f,gx-no-cache=1506426450226 HTTP/1.1" 200 30
192.168.10.96 - - [26/Sep/2017:08:47:00 -0300] "GET /cormun/servlet/vesolicitudgral?2017,7258,,SolicitudOTAdjuntos HTTP/1.1" 200 10811
192.168.10.96 - - [26/Sep/2017:08:47:01 -0300] "GET /cormun/servlet/vesolicitudgral?2017,7258,,SolicitudOTAdjuntos HTTP/1.1" 200 10812
192.168.10.96 - - [26/Sep/2017:08:47:01 -0300] "POST /cormun/servlet/acontrolpreferencessavestate?None,DZAMUDIO,true HTTP/1.1" 200 35
192.168.10.96 - - [26/Sep/2017:08:47:05 -0300] "GET /cormun/servlet/trsolicitudgral? HTTP/1.1" 200 10391
192.168.10.96 - - [26/Sep/2017:08:47:05 -0300] "GET /cormun/servlet/trsolicitudgral? HTTP/1.1" 200 10385
192.168.10.96 - - [26/Sep/2017:08:47:17 -0300] "POST /cormun/servlet/trsolicitudgral?75d2f7e7fb11dca0bca2bce9da901a40,,gx-no-cache=1506426394223 HTTP/1.1" 200 21919
192.168.10.89 - - [26/Sep/2017:08:47:20 -0300] "GET /cormun/servlet/solicitudgral?c3d3a10a7d13a8ce0e984cf41664c7c1c397763da33c0c5b2feee191cf756f86db9dbd9429bcb0560bcb268bdbb29914481573b047cdfb8fb62f81d4f1b9cd3ebe6e37c27125e73c34a7ee9107522aac69e17feea484c207cc3b07e9d4d5125357652f32b2652a2b7709b5779f75bbf16583d3f148760eafc104f37dc8d1b42971786631632a7bf4eac080b79ca1a0f3883de483d4a76bb65d3c78f4be3cbbd7d932869ef7077d1994798b03b065a495438424f1ecaf8fb99cf6531e9808dbb6b78fce765243fd41df3dbfcf2cb5019ed929297c2c105370a4aed25f68005d89b4a5a051ddd470e21e36c74cfb8dec329948f166930962b3d850cf14bfb16338974d452f6b967465be7f37fd91190c29e19044993d786ce17fcdbe7d8eedbc625056e9dcfb7a684990ad8078bbb7addb9724fc559981f9ff2ec261087e748a0081e7828d9f5f70f3fe01d9670980e35c5baaa71051337ebf50e00f1cf03a7d9278c3d9d333a6063e4a5e3e078ebc09dcff78d64e33031cedf9a67746cee7acfd268cf245e747633fc2dc91c2873d439a42386be38fea453ecfe0362b8337bdab78f4cab2dfb5f8ac932259d0ae0585255b4bce057dbde41ccb88ac3a92ee6983e22b46cca1c322b8e60b77a0b2a495b42a01fea6597c4a43af21f6149675c515dd62af0b68646619c5749942da0044be5126752099c2a146db5e60dfa66d7f1ac475a2004a98caa6f7b177be09fec02fb118d64c411ca7fae2e9219145ea585a6b090ac4fe3232ba03f33bf96b661cd0,gx-no-cache=1506426397588 HTTP/1.1" 200 48
192.168.10.89 - - [26/Sep/2017:08:47:20 -0300] "POST /cormun/servlet/solicitudgral?085d66dc559a2119a90fb1032019ab48,UPD,2017,7429,,gx-no-cache=1506426397919 HTTP/1.1" 200 10856
192.168.10.89 - - [26/Sep/2017:08:47:21 -0300] "GET /cormun/servlet/solicitudgral?c3d3a10a7d13a8ce0e984cf41664c7c10893eb3ec4bd1645bd0fbabce7b4baabbbf162aacf8bd5679f4f206e35aa0507df5e8c324bdef091278b84025cb9cd0764bb2e5c38f3b3783832d358fb2a8ea64018baaed4a0ef611e0f6f08b3f7323751e9c11855fc4e3b27d37bd807010a55a4744ecc266ab94f74a059e6bbccd0ca019846a0802d405912353927701bc5cbc8e466735b2f514211c7c29d8b532c91,gx-no-cache=1506426398446 HTTP/1.1" 200 29
192.168.10.89 - - [26/Sep/2017:08:47:21 -0300] "POST /cormun/servlet/solicitudgral?gx-no-cache=1506426398471 HTTP/1.1" 200 1311
192.168.10.89 - - [26/Sep/2017:08:47:21 -0300] "POST /cormun/servlet/solicitudgral?gx-no-cache=1506426398510 HTTP/1.1" 200 1216
192.168.10.89 - - [26/Sep/2017:08:47:23 -0300] "GET /cormun/servlet/solicitudgral?c3d3a10a7d13a8ce0e984cf41664c7c10893eb3ec4bd1645bd0fbabce7b4baabbbf162aacf8bd5679f4f206e35aa0507d085277511e1bf38547e323cf71f206664bb2e5c38f3b3783832d358fb2a8ea64018baaed4a0ef611e0f6f08b3f7323751e9c11855fc4e3b27d37bd807010a55a4744ecc266ab94f74a059e6bbccd0ca019846a0802d405912353927701bc5cbc8e466735b2f514211c7c29d8b532c91,gx-no-cache=1506426400669 HTTP/1.1" 200 30
192.168.10.89 - - [26/Sep/2017:08:47:24 -0300] "POST /cormun/servlet/solicitudgral?gx-no-cache=1506426401308 HTTP/1.1" 200 1311
192.168.10.89 - - [26/Sep/2017:08:47:24 -0300] "POST /cormun/servlet/solicitudgral?gx-no-cache=1506426401354 HTTP/1.1" 200 1216
192.168.10.89 - - [26/Sep/2017:08:47:28 -0300] "POST /cormun/servlet/solicitudgral?085d66dc559a2119a90fb1032019ab48,UPD,2017,7429,,gx-no-cache=1506426405562 HTTP/1.1" 200 93
192.168.10.89 - - [26/Sep/2017:08:47:28 -0300] "GET /cormun/servlet/hpexe_return? HTTP/1.1" 200 1034
192.168.10.89 - - [26/Sep/2017:08:47:28 -0300] "GET /cormun/servlet/trsolicitudgral?gx-no-cache=1506426346942 HTTP/1.1" 200 10778
192.168.10.89 - - [26/Sep/2017:08:47:33 -0300] "GET /cormun/servlet/solicitudgral?UPD,2017,7427, HTTP/1.1" 200 12524
192.168.10.89 - - [26/Sep/2017:08:47:34 -0300] "POST /cormun/servlet/solicitudgral?gx-no-cache=1506426411799 HTTP/1.1" 200 3177
192.168.10.89 - - [26/Sep/2017:08:47:34 -0300] "GET /cormun/servlet/solicitudgral?c3d3a10a7d13a8ce0e984cf41664c7c15dbf787087b073a3d2520ab121be3410ee89d3fc13aaca539918b419f46c5293740f77cc3d5a476ed87afedd3bf24637b2ddcd230d0b24e4e9ac2b3f191fb0ed1034bd114945efac81b61e2f2f7b2e202fdde8a782b1d5315ee7a3ca933310f8b564b544ad56e3057930ab31ade655fd2e147247f96408702f463405ca50e9a02f30ea314d9d853597667c041b52fa375835545b4288b025cf08c637afee424cff069e2f70d64e9ff43a92b588e4c203d92d350ef5c76b3ecd2912b74e08a2a9da6c54ad258a7c45cdb2d581418b31847dec3c60a8a95b767912e3c83489c9224c4fc0750d17197756716e0ab571e414a09e477448895b3a5db64c265a9090ad60ce44db36f00950487afe0a4fccd51b2e6a84e42d6a4db285c26787fbf71f98c757ba8ed87855191123bdac0faf8374f3a638d7fa2421f1e75df109c8ee3c7c,gx-no-cache=1506426411973 HTTP/1.1" 200 257
192.168.10.89 - - [26/Sep/2017:08:48:21 -0300] "POST /cormun/servlet/solicitudgral?085d66dc559a2119a90fb1032019ab48,UPD,2017,7427,,gx-no-cache=1506426458732 HTTP/1.1" 200 93
192.168.10.89 - - [26/Sep/2017:08:48:21 -0300] "GET /cormun/servlet/hpexe_return? HTTP/1.1" 200 1034
192.168.10.89 - - [26/Sep/2017:08:48:21 -0300] "GET /cormun/servlet/trsolicitudgral?gx-no-cache=1506426346942 HTTP/1.1" 200 10778
192.168.10.89 - - [26/Sep/2017:08:48:26 -0300] "POST /cormun/servlet/trsolicitudgral?085d66dc559a2119a90fb1032019ab48,gx-no-cache=1506426346942,gx-no-cache=1506426463826 HTTP/1.1" 200 5957
192.168.10.89 - - [26/Sep/2017:08:48:27 -0300] "GET /cormun/static/Shared/jqueryui/images/ui-icons_8d78a5_256x240.png HTTP/1.1" 404 1089
192.168.10.89 - - [26/Sep/2017:08:48:27 -0300] "GET /cormun/static/Shared/jqueryui/images/ui-icons_82798d_256x240.png HTTP/1.1" 404 1089
192.168.10.89 - - [26/Sep/2017:08:48:27 -0300] "GET /cormun/static/Shared/jqueryui/images/ui-bg_highlight-soft_100_c6c2c8_1x100.png HTTP/1.1" 404 1117
192.168.10.89 - - [26/Sep/2017:08:48:27 -0300] "GET /cormun/static/Shared/jqueryui/images/ui-bg_flat_55_fafafa_40x100.png HTTP/1.1" 404 1097
190.151.100.218 - - [26/Sep/2017:08:48:51 -0300] "GET /cormun/servlet/prsolicitudot?9742897,,,,,MD,,gxPopupLevel%3D0%3B HTTP/1.1" 200 5966
192.168.10.89 - - [26/Sep/2017:08:48:55 -0300] "POST /cormun/servlet/trsolicitudgral?085d66dc559a2119a90fb1032019ab48,gx-no-cache=1506426346942,gx-no-cache=1506426492052 HTTP/1.1" 200 7135
190.151.100.218 - - [26/Sep/2017:08:49:05 -0300] "POST /cormun/servlet/solicitudot?gx-no-cache=1506426577715 HTTP/1.1" 200 1431
190.151.100.218 - - [26/Sep/2017:08:49:05 -0300] "POST /cormun/servlet/solicitudot?gx-no-cache=1506426577776 HTTP/1.1" 200 117
190.151.100.218 - - [26/Sep/2017:08:49:05 -0300] "GET /cormun/servlet/solicitudot?6c4dbc6ede286b4f68bc4185c79a2b066575322fb740cd97d3b36ba5806523a383dc497be713d56a4c841089f811adeb9500efafcd06516a6a390a842866c96d203d0ed0a32e497419814e40f3b03a33c45fae7e0ce321e6313bdbf1f19323d675f7eef1211d5ea02dae5a711b8e3de638d240e2b6a506fde322de7b1e13b1b7e69aeee06098d8d26f799a75ad5c48bd68c53ac73e6bcbeb3b877e47e90f444401e44ef2d6c07ef5c92466e19e5fcda7d2924f5b4180db8c9b8d12c06fd28ba6,gx-no-cache=1506426577835 HTTP/1.1" 200 62
190.151.100.218 - - [26/Sep/2017:08:49:05 -0300] "GET /cormun/servlet/solicitudot?6c4dbc6ede286b4f68bc4185c79a2b0666b0207a364f31e8b08883259052fa15b15a866fec5fda8051ca25516d26af51,gx-no-cache=1506426577876 HTTP/1.1" 200 30
200.72.197.82 - - [26/Sep/2017:08:49:30 -0300] "POST /cormun/servlet/solicitudot?gx-no-cache=1506426602430 HTTP/1.1" 200 1355
200.72.197.82 - - [26/Sep/2017:08:49:30 -0300] "GET /cormun/static/menuarrow.gif HTTP/1.1" 404 1015
200.72.197.82 - - [26/Sep/2017:08:49:35 -0300] "POST /cormun/servlet/solicitudot?gx-no-cache=1506426607478 HTTP/1.1" 200 41
186.79.49.130 - - [26/Sep/2017:08:49:37 -0300] "GET /cormun/servlet/solicitudot?INS,0,0, HTTP/1.1" 200 12978
186.79.49.130 - - [26/Sep/2017:08:49:39 -0300] "GET /cormun/servlet/solicitudot?INS,0,0, HTTP/1.1" 200 12983
186.79.49.130 - - [26/Sep/2017:08:49:48 -0300] "POST /cormun/servlet/solicitudot?gx-no-cache=1506426632649 HTTP/1.1" 200 3217
186.79.49.130 - - [26/Sep/2017:08:49:49 -0300] "POST /cormun/servlet/solicitudot?3cccc8328602b6b244d2a21666ac6a17,INS,0,0,,gx-no-cache=1506426633509 HTTP/1.1" 200 10045
200.72.197.82 - - [26/Sep/2017:08:49:54 -0300] "POST /cormun/servlet/solicitudot?gx-no-cache=1506426626770 HTTP/1.1" 200 1337
200.72.197.82 - - [26/Sep/2017:08:49:54 -0300] "POST /cormun/servlet/solicitudot?gx-no-cache=1506426626889 HTTP/1.1" 200 32
186.79.49.130 - - [26/Sep/2017:08:49:57 -0300] "GET /cormun/servlet/solicitudot?960ba74b8ae0c0bb29dd55cc1a4627ad22f226f0f484a4d835fac25ba8e60255ba04d0d75d47db53b514f9f332db1964,gx-no-cache=1506426642230 HTTP/1.1" 200 30
186.79.49.130 - - [26/Sep/2017:08:49:58 -0300] "POST /cormun/servlet/solicitudot?gx-no-cache=1506426642461 HTTP/1.1" 200 240
186.79.49.130 - - [26/Sep/2017:08:49:58 -0300] "GET /cormun/servlet/solicitudot?960ba74b8ae0c0bb29dd55cc1a4627adf45470cec71507b32f9c73a9bee5131959628c2ef20669cbe63ed4ce74e5031a8f0f34d20eec891d2d9a5844bece64d8c75e8852ccd163923fcc33b78bc0a1b67efb9371e7673768f6145113931ab34d35f34ca7780b5d2926e664ba40df5993da1db6eb7f7ba4f765781aeee7d90fa1a02516411f5cf7774537509d6b92d0f80a62d8b9c21b13b55801adf911ee3e80cd8d82dd14c2e21b24edb3af7456acd052617c1fea3ecf1821ddfece76037a3861382c3e4602c93e420954d9f29e65fb61aa931bc4cfdf8496a117406d2a471241f3b2ef78aef40914df6732911fad490a6605a9d6e3df94f5d361bf55fa3e44e1c8685131619c4bc0c77c885bc2ff69eeeae7193576410a7fdb339c59b428ac62ee83bf1a7fd0622f8b1cb9e1a0fa4789b1c4258ca2dd24f1d4ff0186a6db0628900aca9832dab937c3651feeef68f31b3ab42b2b3b541941ac23c05101b986f9024571db4578dbab398dcd951c589ef7e37c8ad25ef11ee6d6354fce4b5722,gx-no-cache=1506426642685 HTTP/1.1" 200 30
186.79.49.130 - - [26/Sep/2017:08:50:22 -0300] "POST /cormun/servlet/solicitudot?gx-no-cache=1506426667192 HTTP/1.1" 200 30
186.79.49.130 - - [26/Sep/2017:08:50:23 -0300] "POST /cormun/servlet/solicitudot?gx-no-cache=1506426667587 HTTP/1.1" 200 1355
186.79.49.130 - - [26/Sep/2017:08:50:23 -0300] "POST /cormun/servlet/solicitudot?gx-no-cache=1506426667891 HTTP/1.1" 200 38
200.72.197.82 - - [26/Sep/2017:08:50:24 -0300] "POST /cormun/servlet/solicitudot?74b1937435508e2145d49a0537b7ee4f,INS,0,0,,gx-no-cache=1506426656686 HTTP/1.1" 200 93
200.72.197.82 - - [26/Sep/2017:08:50:24 -0300] "GET /cormun/servlet/hpexe_return? HTTP/1.1" 200 1003
200.72.197.82 - - [26/Sep/2017:08:50:25 -0300] "GET /cormun/servlet/trsolicitudot HTTP/1.1" 200 9995
200.72.197.82 - - [26/Sep/2017:08:50:25 -0300] "GET /cormun/servlet/trsolicitudot HTTP/1.1" 200 9991
200.72.197.82 - - [26/Sep/2017:08:50:31 -0300] "POST /cormun/servlet/trsolicitudot?74b1937435508e2145d49a0537b7ee4f,gx-no-cache=1506426663344 HTTP/1.1" 200 7126
200.72.197.82 - - [26/Sep/2017:08:50:31 -0300] "GET /cormun/static/Shared/jqueryui/images/ui-bg_highlight-soft_100_c6c2c8_1x100.png HTTP/1.1" 404 1117
200.72.197.82 - - [26/Sep/2017:08:50:31 -0300] "GET /cormun/static/Shared/jqueryui/images/ui-bg_flat_55_fafafa_40x100.png HTTP/1.1" 404 1097
186.103.161.206 - - [26/Sep/2017:08:50:31 -0300] "GET /cormun/static/Shared/jqueryui/images/ui-icons_82798d_256x240.png HTTP/1.1" 404 1089
200.72.197.82 - - [26/Sep/2017:08:50:31 -0300] "GET /cormun/static/Shared/jqueryui/images/ui-icons_8d78a5_256x240.png HTTP/1.1" 404 1089
192.168.10.89 - - [26/Sep/2017:08:50:44 -0300] "POST /cormun/servlet/trsolicitudgral?085d66dc559a2119a90fb1032019ab48,gx-no-cache=1506426346942,gx-no-cache=1506426601276 HTTP/1.1" 200 7124
186.79.49.130 - - [26/Sep/2017:08:50:45 -0300] "GET /cormun/servlet/trlicencias? HTTP/1.1" 200 14313
200.72.197.82 - - [26/Sep/2017:08:50:46 -0300] "POST /cormun/servlet/trsolicitudot?74b1937435508e2145d49a0537b7ee4f,gx-no-cache=1506426678377 HTTP/1.1" 200 7126
186.79.49.130 - - [26/Sep/2017:08:50:47 -0300] "GET /cormun/servlet/trlicencias? HTTP/1.1" 200 14277
192.168.10.89 - - [26/Sep/2017:08:50:50 -0300] "POST /cormun/servlet/trsolicitudgral?085d66dc559a2119a90fb1032019ab48,gx-no-cache=1506426346942,gx-no-cache=1506426607905 HTTP/1.1" 200 5952
200.111.191.210 - - [26/Sep/2017:08:50:53 -0300] "GET /cormun/servlet/licenciaspermisos?INS,0,,, HTTP/1.1" 200 6748
200.111.191.210 - - [26/Sep/2017:08:50:53 -0300] "GET /cormun/static/gxcfg.js?201762917281167 HTTP/1.1" 304 -
200.111.191.210 - - [26/Sep/2017:08:50:53 -0300] "GET /cormun/servlet/hlogin HTTP/1.1" 200 1752
200.111.191.210 - - [26/Sep/2017:08:50:53 -0300] "GET /cormun/servlet/licenciaspermisos?INS,0,,, HTTP/1.1" 200 6746
200.111.191.210 - - [26/Sep/2017:08:50:57 -0300] "POST /cormun/servlet/hlogin?d3467312bffc229f1638e0a429c44f26,gx-no-cache=1506426691795 HTTP/1.1" 200 90
