200.111.191.210 - - [26/Sep/2017:08:50:57 -0300] "GET /cormun/servlet/hpexe_link HTTP/1.1" 200 970
200.111.191.210 - - [26/Sep/2017:08:50:57 -0300] "GET /cormun/servlet/licenciaspermisos?INS,0,,, HTTP/1.1" 200 7204
200.111.191.210 - - [26/Sep/2017:08:50:58 -0300] "GET /cormun/servlet/licenciaspermisos?INS,0,,, HTTP/1.1" 200 7203
186.79.49.130 - - [26/Sep/2017:08:51:03 -0300] "GET /cormun/servlet/trsolicitudot? HTTP/1.1" 200 16434
186.79.49.130 - - [26/Sep/2017:08:51:04 -0300] "GET /cormun/servlet/trsolicitudot? HTTP/1.1" 200 16435
200.111.191.210 - - [26/Sep/2017:08:51:07 -0300] "GET /cormun/servlet/trpermisosgoce? HTTP/1.1" 200 15255
200.111.191.210 - - [26/Sep/2017:08:51:08 -0300] "GET /cormun/servlet/trpermisosgoce? HTTP/1.1" 200 15237
200.111.191.210 - - [26/Sep/2017:08:51:13 -0300] "GET /cormun/servlet/permisogoce?INS,0,,, HTTP/1.1" 200 6675
200.111.191.210 - - [26/Sep/2017:08:51:14 -0300] "GET /cormun/servlet/permisogoce?INS,0,,, HTTP/1.1" 200 6675
200.111.191.210 - - [26/Sep/2017:08:51:18 -0300] "GET /cormun/servlet/permisogoce?3146545390060bceed1b778d935ba29cca26a1d6eb28e372cf059bebf1c37f63094036f374477c618b678dc0ff2731a8,gx-no-cache=1506426712752 HTTP/1.1" 200 77
192.168.10.89 - - [26/Sep/2017:08:51:19 -0300] "GET /cormun/servlet/hlogin HTTP/1.1" 200 1760
200.72.197.82 - - [26/Sep/2017:08:51:21 -0300] "POST /cormun/servlet/trsolicitudot?74b1937435508e2145d49a0537b7ee4f,gx-no-cache=1506426713737 HTTP/1.1" 200 7125
200.111.191.210 - - [26/Sep/2017:08:51:24 -0300] "GET /cormun/servlet/permisogoce?3146545390060bceed1b778d935ba29cba3e76089751fe54506bce153299b26ec4cabe7b436cba962cb5a88c3a427239cdd06dca8102ef954b165dc46522515c,gx-no-cache=1506426718422 HTTP/1.1" 200 47
186.79.49.130 - - [26/Sep/2017:08:51:34 -0300] "GET /cormun/servlet/solicitudot?INS,0,0, HTTP/1.1" 200 12977
186.79.49.130 - - [26/Sep/2017:08:51:36 -0300] "GET /cormun/servlet/solicitudot?INS,0,0, HTTP/1.1" 200 12981
186.79.49.130 - - [26/Sep/2017:08:51:46 -0300] "POST /cormun/servlet/solicitudot?gx-no-cache=1506426750060 HTTP/1.1" 200 3217
186.79.49.130 - - [26/Sep/2017:08:51:47 -0300] "POST /cormun/servlet/solicitudot?3cccc8328602b6b244d2a21666ac6a17,INS,0,0,,gx-no-cache=1506426751244 HTTP/1.1" 200 10044
186.103.161.206 - - [26/Sep/2017:08:51:49 -0300] "POST /cormun/servlet/trsolicitudot?74b1937435508e2145d49a0537b7ee4f,gx-no-cache=1506426741096 HTTP/1.1" 200 7125
186.79.49.130 - - [26/Sep/2017:08:51:51 -0300] "GET /cormun/servlet/solicitudot?960ba74b8ae0c0bb29dd55cc1a4627ad22f226f0f484a4d835fac25ba8e60255ba04d0d75d47db53b514f9f332db1964,gx-no-cache=1506426755900 HTTP/1.1" 200 30
186.79.49.130 - - [26/Sep/2017:08:51:51 -0300] "POST /cormun/servlet/solicitudot?gx-no-cache=1506426756122 HTTP/1.1" 200 240
186.79.49.130 - - [26/Sep/2017:08:51:51 -0300] "GET /cormun/servlet/solicitudot?960ba74b8ae0c0bb29dd55cc1a4627adf45470cec71507b32f9c73a9bee5131959628c2ef20669cbe63ed4ce74e5031a8f0f34d20eec891d2d9a5844bece64d8c75e8852ccd163923fcc33b78bc0a1b67efb9371e7673768f6145113931ab34d35f34ca7780b5d2926e664ba40df5993da1db6eb7f7ba4f765781aeee7d90fa1a02516411f5cf7774537509d6b92d0f80a62d8b9c21b13b55801adf911ee3e80cd8d82dd14c2e21b24edb3af7456acd052617c1fea3ecf1821ddfece76037a3861382c3e4602c93e420954d9f29e65fb61aa931bc4cfdf8496a117406d2a471241f3b2ef78aef40914df6732911fad490a6605a9d6e3df94f5d361bf55fa3e44e1c8685131619c4bc0c77c885bc2ff69eeeae7193576410a7fdb339c59b428ac62ee83bf1a7fd0622f8b1cb9e1a0fa4789b1c4258ca2dd24f1d4ff0186a6db0628900aca9832dab937c3651feeef68f31b3ab42b2b3b541941ac23c05101b986f9024571db4578dbab398dcd951c589ef7e37c8ad25ef11ee6d6354fce4b5722,gx-no-cache=1506426756356 HTTP/1.1" 200 30
186.79.49.130 - - [26/Sep/2017:08:52:04 -0300] "POST /cormun/servlet/solicitudot?gx-no-cache=1506426768406 HTTP/1.1" 200 30
192.168.10.96 - - [26/Sep/2017:08:52:04 -0300] "POST /cormun/servlet/trsolicitudgral?75d2f7e7fb11dca0bca2bce9da901a40,,gx-no-cache=1506426680745 HTTP/1.1" 200 21920
192.168.10.96 - - [26/Sep/2017:08:52:11 -0300] "POST /cormun/servlet/trsolicitudgral?75d2f7e7fb11dca0bca2bce9da901a40,,gx-no-cache=1506426688113 HTTP/1.1" 200 7183
200.111.191.210 - - [26/Sep/2017:08:52:16 -0300] "POST /cormun/servlet/permisogoce?d3467312bffc229f1638e0a429c44f26,INS,0,,,,gx-no-cache=1506426769913 HTTP/1.1" 200 93
200.111.191.210 - - [26/Sep/2017:08:52:16 -0300] "GET /cormun/servlet/hpexe_return? HTTP/1.1" 200 1011
192.168.10.96 - - [26/Sep/2017:08:52:16 -0300] "POST /cormun/servlet/trsolicitudgral?75d2f7e7fb11dca0bca2bce9da901a40,,gx-no-cache=1506426693454 HTTP/1.1" 200 7710
200.111.191.210 - - [26/Sep/2017:08:52:16 -0300] "GET /cormun/servlet/trpermisosgoce HTTP/1.1" 200 15617
200.111.191.210 - - [26/Sep/2017:08:52:17 -0300] "GET /cormun/servlet/trpermisosgoce HTTP/1.1" 200 15590
200.111.191.210 - - [26/Sep/2017:08:52:20 -0300] "GET /cormun/servlet/apermisogoceprn?8656821,P,20170926085030,PU HTTP/1.1" 200 1691
192.168.10.96 - - [26/Sep/2017:08:52:24 -0300] "POST /cormun/servlet/trsolicitudgral?75d2f7e7fb11dca0bca2bce9da901a40,,gx-no-cache=1506426701654 HTTP/1.1" 200 5782
192.168.10.96 - - [26/Sep/2017:08:52:27 -0300] "POST /cormun/servlet/trsolicitudgral?75d2f7e7fb11dca0bca2bce9da901a40,,gx-no-cache=1506426704590 HTTP/1.1" 200 7711
192.168.10.96 - - [26/Sep/2017:08:52:55 -0300] "GET /cormun/servlet/vesolicitudgral?2017,7449,, HTTP/1.1" 200 8825
192.168.10.96 - - [26/Sep/2017:08:52:55 -0300] "GET /cormun/pexe_scrolldiv.js HTTP/1.1" 404 1009
192.168.10.96 - - [26/Sep/2017:08:52:55 -0300] "GET /cormun/pexe_scrolldiv.js HTTP/1.1" 404 1009
192.168.10.96 - - [26/Sep/2017:08:52:55 -0300] "GET /cormun/servlet/vesolicitudgral?2017,7449,, HTTP/1.1" 200 8824
192.168.10.96 - - [26/Sep/2017:08:52:57 -0300] "GET /cormun/servlet/vesolicitudgral?2017,7449,,SolicitudOTAdjuntos HTTP/1.1" 200 7711
192.168.10.96 - - [26/Sep/2017:08:52:57 -0300] "GET /cormun/pexe_scrolldiv.js HTTP/1.1" 404 1009
192.168.10.96 - - [26/Sep/2017:08:52:57 -0300] "GET /cormun/pexe_scrolldiv.js HTTP/1.1" 404 1009
192.168.10.96 - - [26/Sep/2017:08:52:57 -0300] "GET /cormun/servlet/vesolicitudgral?2017,7449,,SolicitudOTAdjuntos HTTP/1.1" 200 7711
192.168.10.96 - - [26/Sep/2017:08:52:58 -0300] "POST /cormun/servlet/acontrolpreferencessavestate?None,DZAMUDIO,true HTTP/1.1" 200 35
192.168.10.96 - - [26/Sep/2017:08:53:00 -0300] "POST /cormun/servlet/vesolicitudgral?75d2f7e7fb11dca0bca2bce9da901a40,2017,7449,,SolicitudOTAdjuntos,gx-no-cache=1506426737545 HTTP/1.1" 200 90
192.168.10.96 - - [26/Sep/2017:08:53:00 -0300] "GET /cormun/servlet/hpexe_link HTTP/1.1" 200 980
192.168.10.96 - - [26/Sep/2017:08:53:00 -0300] "GET /cormun/servlet/trsolicitudgral? HTTP/1.1" 200 10910
192.168.10.96 - - [26/Sep/2017:08:53:00 -0300] "GET /cormun/servlet/trsolicitudgral? HTTP/1.1" 200 10909
190.151.100.218 - - [26/Sep/2017:08:53:12 -0300] "POST /cormun/servlet/trsolicitudot?74b1937435508e2145d49a0537b7ee4f,gx-no-cache=1506426824956 HTTP/1.1" 200 7084
190.151.100.218 - - [26/Sep/2017:08:53:17 -0300] "POST /cormun/servlet/trsolicitudot?74b1937435508e2145d49a0537b7ee4f,gx-no-cache=1506426829076 HTTP/1.1" 200 7083
190.151.100.218 - - [26/Sep/2017:08:53:19 -0300] "POST /cormun/servlet/trsolicitudot?74b1937435508e2145d49a0537b7ee4f,gx-no-cache=1506426831732 HTTP/1.1" 200 7084
190.151.100.218 - - [26/Sep/2017:08:53:20 -0300] "POST /cormun/servlet/trsolicitudot?74b1937435508e2145d49a0537b7ee4f,gx-no-cache=1506426832572 HTTP/1.1" 200 7084
186.79.49.130 - - [26/Sep/2017:08:53:42 -0300] "GET /cormun/servlet/trcontratounov2? HTTP/1.1" 200 17733
186.79.49.130 - - [26/Sep/2017:08:53:46 -0300] "GET /cormun/servlet/trcontratounov2? HTTP/1.1" 200 17730
200.72.197.82 - - [26/Sep/2017:08:53:52 -0300] "POST /cormun/servlet/trsolicitudot?74b1937435508e2145d49a0537b7ee4f,gx-no-cache=1506426863717 HTTP/1.1" 200 7083
186.79.49.130 - - [26/Sep/2017:08:53:54 -0300] "POST /cormun/servlet/trcontratounov2?3cccc8328602b6b244d2a21666ac6a17,,gx-no-cache=1506426877015 HTTP/1.1" 200 13740
200.72.197.82 - - [26/Sep/2017:08:53:56 -0300] "POST /cormun/servlet/trsolicitudot?74b1937435508e2145d49a0537b7ee4f,gx-no-cache=1506426868397 HTTP/1.1" 200 6820
200.72.197.82 - - [26/Sep/2017:08:53:57 -0300] "POST /cormun/servlet/trsolicitudot?74b1937435508e2145d49a0537b7ee4f,gx-no-cache=1506426869334 HTTP/1.1" 200 6801
200.72.197.82 - - [26/Sep/2017:08:54:06 -0300] "POST /cormun/servlet/trsolicitudot?74b1937435508e2145d49a0537b7ee4f,gx-no-cache=1506426878740 HTTP/1.1" 200 6800
186.79.49.130 - - [26/Sep/2017:08:54:12 -0300] "GET /cormun/servlet/trsolicitudot? HTTP/1.1" 200 16435
186.79.49.130 - - [26/Sep/2017:08:54:14 -0300] "GET /cormun/servlet/trsolicitudot? HTTP/1.1" 200 16435
186.79.49.130 - - [26/Sep/2017:08:54:18 -0300] "GET /cormun/servlet/solicitudot?INS,0,0, HTTP/1.1" 200 12978
186.79.49.130 - - [26/Sep/2017:08:54:19 -0300] "GET /cormun/servlet/solicitudot?INS,0,0, HTTP/1.1" 200 12983
186.79.49.130 - - [26/Sep/2017:08:54:29 -0300] "POST /cormun/servlet/solicitudot?gx-no-cache=1506426913321 HTTP/1.1" 200 3217
186.79.49.130 - - [26/Sep/2017:08:54:30 -0300] "POST /cormun/servlet/solicitudot?3cccc8328602b6b244d2a21666ac6a17,INS,0,0,,gx-no-cache=1506426914111 HTTP/1.1" 200 10045
186.103.161.206 - - [26/Sep/2017:08:54:30 -0300] "GET /cormun/servlet/hlogin HTTP/1.1" 200 1723
186.103.161.206 - - [26/Sep/2017:08:54:32 -0300] "GET /cormun/servlet/hlogin HTTP/1.1" 200 1733
186.79.49.130 - - [26/Sep/2017:08:54:34 -0300] "GET /cormun/servlet/solicitudot?960ba74b8ae0c0bb29dd55cc1a4627ad22f226f0f484a4d835fac25ba8e60255ba04d0d75d47db53b514f9f332db1964,gx-no-cache=1506426918718 HTTP/1.1" 200 30
186.79.49.130 - - [26/Sep/2017:08:54:34 -0300] "POST /cormun/servlet/solicitudot?gx-no-cache=1506426918925 HTTP/1.1" 200 240
186.79.49.130 - - [26/Sep/2017:08:54:34 -0300] "GET /cormun/servlet/solicitudot?960ba74b8ae0c0bb29dd55cc1a4627adf45470cec71507b32f9c73a9bee5131959628c2ef20669cbe63ed4ce74e5031a8f0f34d20eec891d2d9a5844bece64d8c75e8852ccd163923fcc33b78bc0a1b67efb9371e7673768f6145113931ab34d35f34ca7780b5d2926e664ba40df5993da1db6eb7f7ba4f765781aeee7d90fa1a02516411f5cf7774537509d6b92d0f80a62d8b9c21b13b55801adf911ee3e80cd8d82dd14c2e21b24edb3af7456acd052617c1fea3ecf1821ddfece76037a3861382c3e4602c93e420954d9f29e65fb61aa931bc4cfdf8496a117406d2a471241f3b2ef78aef40914df6732911fad490a6605a9d6e3df94f5d361bf55fa3e44e1c8685131619c4bc0c77c885bc2ff69eeeae7193576410a7fdb339c59b428ac62ee83bf1a7fd0622f8b1cb9e1a0fa4789b1c4258ca2dd24f1d4ff0186a6db0628900aca9832dab937c3651feeef68f31b3ab42b2b3b541941ac23c05101b986f9024571db4578dbab398dcd951c589ef7e37c8ad25ef11ee6d6354fce4b5722,gx-no-cache=1506426919195 HTTP/1.1" 200 30
186.103.132.155 - - [26/Sep/2017:08:54:35 -0300] "GET /cormun/servlet/vesolicitudot?2017,7448,, HTTP/1.1" 200 8217
186.103.132.155 - - [26/Sep/2017:08:54:35 -0300] "GET /cormun/static/gxcfg.js?20175251244132 HTTP/1.1" 200 953
186.103.132.155 - - [26/Sep/2017:08:54:35 -0300] "GET /cormun/pexe_scrolldiv.js HTTP/1.1" 404 1009
186.103.132.155 - - [26/Sep/2017:08:54:35 -0300] "GET /cormun/static/vesolicitudot.js?2017525124424 HTTP/1.1" 200 6091
200.72.197.82 - - [26/Sep/2017:08:54:35 -0300] "GET /cormun/static/hpexe_tabsview.js?201610171694228 HTTP/1.1" 200 1661
200.72.197.82 - - [26/Sep/2017:08:54:35 -0300] "GET /cormun/pexe_scrolldiv.js HTTP/1.1" 404 1009
186.103.132.155 - - [26/Sep/2017:08:54:35 -0300] "GET /cormun/static/hwcviewtabs.js?20177611594913 HTTP/1.1" 200 1074
186.103.132.155 - - [26/Sep/2017:08:54:35 -0300] "GET /cormun/static/Resources/PXToolsTabFirstSelected.png HTTP/1.1" 200 1259
200.72.197.82 - - [26/Sep/2017:08:54:35 -0300] "GET /cormun/static/Resources/PXToolsTabLastUnselected.png HTTP/1.1" 200 1291
186.103.132.155 - - [26/Sep/2017:08:54:35 -0300] "GET /cormun/static/Resources/PXToolsTabNext.gif HTTP/1.1" 200 168
190.151.100.218 - - [26/Sep/2017:08:54:35 -0300] "GET /cormun/static/tbsolicitudot01.js?201752511462191 HTTP/1.1" 200 28466
200.72.197.82 - - [26/Sep/2017:08:54:35 -0300] "GET /cormun/static/Resources/PXToolsTabPrevious.gif HTTP/1.1" 200 172
190.151.100.218 - - [26/Sep/2017:08:54:35 -0300] "GET /cormun/static/calendar-system.css HTTP/1.1" 200 5572
186.103.132.155 - - [26/Sep/2017:08:54:35 -0300] "GET /cormun/static/Resources/PXToolsTabBackSelected.png HTTP/1.1" 200 1157
186.103.132.155 - - [26/Sep/2017:08:54:35 -0300] "GET /cormun/static/Resources/PXToolsTabBackUnselected.png HTTP/1.1" 200 1175
200.72.197.82 - - [26/Sep/2017:08:54:35 -0300] "GET /cormun/static/Resources/PXToolsTabUnselectedUnselected.png HTTP/1.1" 200 1459
190.151.100.218 - - [26/Sep/2017:08:54:35 -0300] "GET /cormun/static/Resources/PXToolsTabSelectedUnselected.png HTTP/1.1" 200 1428
200.72.197.82 - - [26/Sep/2017:08:54:36 -0300] "GET /cormun/servlet/vesolicitudot?2017,7448,, HTTP/1.1" 200 8216
186.79.49.130 - - [26/Sep/2017:08:54:39 -0300] "POST /cormun/servlet/solicitudot?gx-no-cache=1506426923541 HTTP/1.1" 200 30
186.103.132.155 - - [26/Sep/2017:08:54:44 -0300] "POST /cormun/servlet/hlogin?dd25b60f31d4d09e7b33c2d69c09d596,gx-no-cache=1506426917133 HTTP/1.1" 200 90
186.103.132.155 - - [26/Sep/2017:08:54:44 -0300] "GET /cormun/servlet/hpexe_link HTTP/1.1" 200 955
186.103.132.155 - - [26/Sep/2017:08:54:44 -0300] "GET /cormun/servlet/hhome HTTP/1.1" 200 4041
186.103.132.155 - - [26/Sep/2017:08:54:46 -0300] "GET /cormun/servlet/hhome HTTP/1.1" 200 4040
186.79.49.130 - - [26/Sep/2017:08:54:49 -0300] "GET /cormun/servlet/prlicenciaspermisos?16492698,L,,MD,,gxPopupLevel%3D0%3B HTTP/1.1" 200 5720
186.79.49.130 - - [26/Sep/2017:08:54:49 -0300] "GET /cormun/static/Resources/resize.gif HTTP/1.1" 200 77
186.79.49.130 - - [26/Sep/2017:08:54:50 -0300] "GET /cormun/static/gxcfg.js?20176272053834 HTTP/1.1" 200 953
186.79.49.130 - - [26/Sep/2017:08:54:51 -0300] "GET /cormun/static/Resources/PXToolsMenuSearch.png HTTP/1.1" 200 2914
186.79.49.130 - - [26/Sep/2017:08:54:51 -0300] "GET /cormun/static/Resources/PXToolsMenuSearchCancel.png HTTP/1.1" 200 2972
186.79.49.130 - - [26/Sep/2017:08:54:51 -0300] "GET /cormun/static/prlicenciaspermisos.js?20176272054050 HTTP/1.1" 200 13379
186.79.49.130 - - [26/Sep/2017:08:54:51 -0300] "GET /cormun/static/menusearch.js?201610171694467 HTTP/1.1" 200 1424
186.103.161.206 - - [26/Sep/2017:08:54:51 -0300] "GET /cormun/servlet/trpermisosgoce? HTTP/1.1" 200 9789
186.79.49.130 - - [26/Sep/2017:08:54:51 -0300] "GET /cormun/static/hmpwkw011.js?20177612121862 HTTP/1.1" 200 1968
186.103.161.206 - - [26/Sep/2017:08:54:52 -0300] "GET /cormun/static/gxcfg.js?20177612163875 HTTP/1.1" 304 -
186.103.161.206 - - [26/Sep/2017:08:54:53 -0300] "GET /cormun/servlet/trpermisosgoce? HTTP/1.1" 200 9787
186.79.49.130 - - [26/Sep/2017:08:54:57 -0300] "POST /cormun/servlet/solicitudot?gx-no-cache=1506426941750 HTTP/1.1" 200 1352
186.103.161.206 - - [26/Sep/2017:08:54:57 -0300] "GET /cormun/servlet/permisogoce?INS,0,,, HTTP/1.1" 200 6883
186.103.161.206 - - [26/Sep/2017:08:54:58 -0300] "GET /cormun/static/gxcfg.js?201776126440 HTTP/1.1" 304 -
186.103.161.206 - - [26/Sep/2017:08:54:59 -0300] "GET /cormun/servlet/permisogoce?INS,0,,, HTTP/1.1" 200 6883
186.103.161.206 - - [26/Sep/2017:08:55:02 -0300] "GET /cormun/servlet/prfichaempleado?,MD,,gxPopupLevel%3D0%3B HTTP/1.1" 200 9285
186.103.161.206 - - [26/Sep/2017:08:55:02 -0300] "GET /cormun/static/gxcfg.js?20177612134814 HTTP/1.1" 304 -
186.79.49.130 - - [26/Sep/2017:08:55:07 -0300] "POST /cormun/servlet/solicitudot?gx-no-cache=1506426951796 HTTP/1.1" 200 41
186.79.49.130 - - [26/Sep/2017:08:55:12 -0300] "GET /cormun/servlet/solicitudot?960ba74b8ae0c0bb29dd55cc1a4627ad1b5b17f84c49a06fe242ec51e8b76a3c97109397be450dbe7816918f1680bc3a2527c3b90309fb1a3cf71ea3e9c31e9ef3ee4575b333eab67b34b30622d68695bb97d58ee642b4f06dd79361daca4f5edf980f98b802689f778a8c8cfd2c9c7cb47f29f576a11c904ff5e3b3ebed2e2051d911d45b2fec12e35118ca4fc2e23b0c159eec4d26422731261c481daccfa5,gx-no-cache=1506426956738 HTTP/1.1" 200 29
186.79.49.130 - - [26/Sep/2017:08:55:12 -0300] "POST /cormun/servlet/solicitudot?gx-no-cache=1506426956963 HTTP/1.1" 200 1336
186.79.49.130 - - [26/Sep/2017:08:55:18 -0300] "POST /cormun/servlet/solicitudot?gx-no-cache=1506426962564 HTTP/1.1" 200 1336
186.103.161.206 - - [26/Sep/2017:08:55:21 -0300] "POST /cormun/servlet/prfichaempleado?dd25b60f31d4d09e7b33c2d69c09d596,,MD,,gxPopupLevel%3D0%3B,gx-no-cache=1506426954062 HTTP/1.1" 200 3548
186.79.49.130 - - [26/Sep/2017:08:55:21 -0300] "GET /cormun/servlet/solicitudot?960ba74b8ae0c0bb29dd55cc1a4627ad4ed8b01031c7fb751e776dbab8813af6e1a1a0a9d451bdadaa16087a7222eb43,gx-no-cache=1506426966045 HTTP/1.1" 200 30
186.79.49.130 - - [26/Sep/2017:08:55:22 -0300] "POST /cormun/servlet/solicitudot?gx-no-cache=1506426966209 HTTP/1.1" 200 34
192.168.10.96 - - [26/Sep/2017:08:55:29 -0300] "GET /cormun/servlet/trsolicitudgral? HTTP/1.1" 200 10366
192.168.10.96 - - [26/Sep/2017:08:55:30 -0300] "GET /cormun/servlet/trsolicitudgral? HTTP/1.1" 200 10366
186.103.132.155 - - [26/Sep/2017:08:55:30 -0300] "GET /cormun/servlet/permisogoce?b6a060888049e839f8469f462b375e27807a0cfd970eae770250e1abd8a0d92b242fd280ae69a8190a5632c7b355ea70,gx-no-cache=1506426963674 HTTP/1.1" 200 71
186.103.132.155 - - [26/Sep/2017:08:55:30 -0300] "GET /cormun/static/menuarrow.gif HTTP/1.1" 404 1015
192.168.10.96 - - [26/Sep/2017:08:55:36 -0300] "POST /cormun/servlet/trsolicitudgral?75d2f7e7fb11dca0bca2bce9da901a40,,gx-no-cache=1506426893506 HTTP/1.1" 200 7145
192.168.10.96 - - [26/Sep/2017:08:55:39 -0300] "POST /cormun/servlet/trsolicitudgral?75d2f7e7fb11dca0bca2bce9da901a40,,gx-no-cache=1506426896766 HTTP/1.1" 200 8126
186.103.161.206 - - [26/Sep/2017:08:55:41 -0300] "GET /cormun/servlet/permisogoce?b6a060888049e839f8469f462b375e277012b1cd122466620a975ae68faa313e1b8372c5ea6376325aa50bba70fe454db5907d502742282fb3f8d1c26c27a0c9,gx-no-cache=1506426974742 HTTP/1.1" 200 47
186.79.49.130 - - [26/Sep/2017:08:55:45 -0300] "POST /cormun/servlet/solicitudot?3cccc8328602b6b244d2a21666ac6a17,INS,0,0,,gx-no-cache=1506426988881 HTTP/1.1" 200 93
186.79.49.130 - - [26/Sep/2017:08:55:45 -0300] "GET /cormun/servlet/hpexe_return? HTTP/1.1" 200 1008
186.79.49.130 - - [26/Sep/2017:08:55:46 -0300] "GET /cormun/servlet/trsolicitudot HTTP/1.1" 200 16748
186.103.161.206 - - [26/Sep/2017:08:55:47 -0300] "POST /cormun/servlet/permisogoce?dd25b60f31d4d09e7b33c2d69c09d596,INS,0,,,,gx-no-cache=1506426980025 HTTP/1.1" 200 93
186.103.161.206 - - [26/Sep/2017:08:55:47 -0300] "GET /cormun/servlet/hpexe_return? HTTP/1.1" 200 1013
186.103.161.206 - - [26/Sep/2017:08:55:47 -0300] "GET /cormun/servlet/trpermisosgoce HTTP/1.1" 200 10003
186.79.49.130 - - [26/Sep/2017:08:55:47 -0300] "GET /cormun/servlet/trsolicitudot HTTP/1.1" 200 16744
190.151.100.218 - - [26/Sep/2017:08:55:49 -0300] "GET /cormun/servlet/trpermisosgoce HTTP/1.1" 200 9993
186.79.49.130 - - [26/Sep/2017:08:55:51 -0300] "GET /cormun/servlet/vesolicitudot?2017,7450,, HTTP/1.1" 200 8305
186.79.49.130 - - [26/Sep/2017:08:55:52 -0300] "GET /cormun/static/gxcfg.js?20175251244132 HTTP/1.1" 200 953
186.79.49.130 - - [26/Sep/2017:08:55:52 -0300] "GET /cormun/pexe_scrolldiv.js HTTP/1.1" 404 1009
186.79.49.130 - - [26/Sep/2017:08:55:52 -0300] "GET /cormun/static/Resources/PXToolsTabFirstSelected.png HTTP/1.1" 200 1259
192.168.10.96 - - [26/Sep/2017:08:55:53 -0300] "POST /cormun/servlet/trsolicitudgral?75d2f7e7fb11dca0bca2bce9da901a40,,gx-no-cache=1506426911000 HTTP/1.1" 200 5762
186.79.49.130 - - [26/Sep/2017:08:55:54 -0300] "GET /cormun/static/Resources/PXToolsTabLastUnselected.png HTTP/1.1" 200 1291
186.79.49.130 - - [26/Sep/2017:08:55:54 -0300] "GET /cormun/static/Resources/PXToolsTabPrevious.gif HTTP/1.1" 200 172
186.79.49.130 - - [26/Sep/2017:08:55:54 -0300] "GET /cormun/static/Resources/PXToolsTabNext.gif HTTP/1.1" 200 168
186.79.49.130 - - [26/Sep/2017:08:55:54 -0300] "GET /cormun/static/vesolicitudot.js?2017525124424 HTTP/1.1" 200 6091
186.79.49.130 - - [26/Sep/2017:08:55:54 -0300] "GET /cormun/static/hwcviewtabs.js?20177611594913 HTTP/1.1" 200 1074
186.79.49.130 - - [26/Sep/2017:08:55:54 -0300] "GET /cormun/static/hpexe_tabsview.js?201610171694228 HTTP/1.1" 200 1661
186.79.49.130 - - [26/Sep/2017:08:55:56 -0300] "GET /cormun/static/tbsolicitudot01.js?201752511462191 HTTP/1.1" 200 28466
186.79.49.130 - - [26/Sep/2017:08:55:57 -0300] "GET /cormun/static/calendar-system.css HTTP/1.1" 200 5572
186.79.49.130 - - [26/Sep/2017:08:55:57 -0300] "GET /cormun/static/Resources/PXToolsTabBackSelected.png HTTP/1.1" 200 1157
186.79.49.130 - - [26/Sep/2017:08:55:57 -0300] "GET /cormun/static/Resources/PXToolsTabBackUnselected.png HTTP/1.1" 200 1175
186.79.49.130 - - [26/Sep/2017:08:55:57 -0300] "GET /cormun/static/Resources/PXToolsTabSelectedUnselected.png HTTP/1.1" 200 1428
186.79.49.130 - - [26/Sep/2017:08:55:57 -0300] "GET /cormun/static/Resources/PXToolsTabUnselectedUnselected.png HTTP/1.1" 200 1459
192.168.10.96 - - [26/Sep/2017:08:55:57 -0300] "POST /cormun/servlet/trsolicitudgral?75d2f7e7fb11dca0bca2bce9da901a40,,gx-no-cache=1506426914894 HTTP/1.1" 200 7147
186.79.49.130 - - [26/Sep/2017:08:55:57 -0300] "GET /cormun/servlet/vesolicitudot?2017,7450,, HTTP/1.1" 200 8305
192.168.10.96 - - [26/Sep/2017:08:56:01 -0300] "POST /cormun/servlet/trsolicitudgral?75d2f7e7fb11dca0bca2bce9da901a40,,gx-no-cache=1506426918375 HTTP/1.1" 200 8125
186.103.161.206 - - [26/Sep/2017:08:56:11 -0300] "GET /cormun/servlet/apermisogoceprn?9051504,P,20170926085415,PU HTTP/1.1" 200 1658
192.168.10.96 - - [26/Sep/2017:08:56:25 -0300] "GET /cormun/servlet/vesolicitudgral?2017,7448,, HTTP/1.1" 200 8826
192.168.10.96 - - [26/Sep/2017:08:56:25 -0300] "GET /cormun/pexe_scrolldiv.js HTTP/1.1" 404 1009
192.168.10.96 - - [26/Sep/2017:08:56:25 -0300] "GET /cormun/pexe_scrolldiv.js HTTP/1.1" 404 1009
192.168.10.96 - - [26/Sep/2017:08:56:25 -0300] "GET /cormun/servlet/vesolicitudgral?2017,7448,, HTTP/1.1" 200 8826
192.168.10.96 - - [26/Sep/2017:08:56:27 -0300] "GET /cormun/servlet/vesolicitudgral?2017,7448,,SolicitudOTAdjuntos HTTP/1.1" 200 10775
192.168.10.96 - - [26/Sep/2017:08:56:27 -0300] "GET /cormun/pexe_scrolldiv.js HTTP/1.1" 404 1009
192.168.10.96 - - [26/Sep/2017:08:56:27 -0300] "GET /cormun/pexe_scrolldiv.js HTTP/1.1" 404 1009
192.168.10.96 - - [26/Sep/2017:08:56:28 -0300] "GET /cormun/servlet/vesolicitudgral?2017,7448,,SolicitudOTAdjuntos HTTP/1.1" 200 10779
192.168.10.96 - - [26/Sep/2017:08:56:28 -0300] "POST /cormun/servlet/acontrolpreferencessavestate?None,DZAMUDIO,true HTTP/1.1" 200 35
192.168.10.96 - - [26/Sep/2017:08:56:29 -0300] "POST /cormun/servlet/vesolicitudgral?75d2f7e7fb11dca0bca2bce9da901a40,2017,7448,,SolicitudOTAdjuntos,gx-no-cache=1506426946770 HTTP/1.1" 200 90
192.168.10.96 - - [26/Sep/2017:08:56:29 -0300] "GET /cormun/servlet/hpexe_link HTTP/1.1" 200 980
192.168.10.96 - - [26/Sep/2017:08:56:29 -0300] "GET /cormun/servlet/trsolicitudgral? HTTP/1.1" 200 11340
192.168.10.96 - - [26/Sep/2017:08:56:30 -0300] "GET /cormun/servlet/trsolicitudgral? HTTP/1.1" 200 11339
192.168.10.96 - - [26/Sep/2017:08:56:39 -0300] "POST /cormun/servlet/trsolicitudgral?75d2f7e7fb11dca0bca2bce9da901a40,,gx-no-cache=1506426956671 HTTP/1.1" 200 7169
192.168.10.96 - - [26/Sep/2017:08:56:41 -0300] "GET /cormun/servlet/vesolicitudgral?2017,7338,, HTTP/1.1" 200 8827
192.168.10.96 - - [26/Sep/2017:08:56:41 -0300] "GET /cormun/pexe_scrolldiv.js HTTP/1.1" 404 1009
192.168.10.96 - - [26/Sep/2017:08:56:41 -0300] "GET /cormun/pexe_scrolldiv.js HTTP/1.1" 404 1009
192.168.10.96 - - [26/Sep/2017:08:56:41 -0300] "GET /cormun/servlet/vesolicitudgral?2017,7338,, HTTP/1.1" 200 8826
192.168.10.96 - - [26/Sep/2017:08:56:45 -0300] "GET /cormun/servlet/vesolicitudgral?2017,7338,,SolicitudOTAdjuntos HTTP/1.1" 200 10779
192.168.10.96 - - [26/Sep/2017:08:56:45 -0300] "GET /cormun/pexe_scrolldiv.js HTTP/1.1" 404 1009
192.168.10.96 - - [26/Sep/2017:08:56:45 -0300] "GET /cormun/pexe_scrolldiv.js HTTP/1.1" 404 1009
192.168.10.96 - - [26/Sep/2017:08:56:45 -0300] "GET /cormun/servlet/vesolicitudgral?2017,7338,,SolicitudOTAdjuntos HTTP/1.1" 200 10781
192.168.10.96 - - [26/Sep/2017:08:56:46 -0300] "POST /cormun/servlet/acontrolpreferencessavestate?None,DZAMUDIO,true HTTP/1.1" 200 35
192.168.10.96 - - [26/Sep/2017:08:56:47 -0300] "GET /cormun/PublicTempStorage/carnet4698683.pdf HTTP/1.1" 200 223867
192.168.10.96 - - [26/Sep/2017:08:56:53 -0300] "GET /cormun/servlet/vesolicitudgral?2017,7338,,SolicitudOTAdjuntos HTTP/1.1" 200 10778
192.168.10.96 - - [26/Sep/2017:08:56:54 -0300] "GET /cormun/servlet/vesolicitudgral?2017,7338,,SolicitudOTAdjuntos HTTP/1.1" 200 10781
192.168.10.96 - - [26/Sep/2017:08:56:54 -0300] "POST /cormun/servlet/acontrolpreferencessavestate?None,DZAMUDIO,true HTTP/1.1" 200 35
192.168.10.96 - - [26/Sep/2017:08:56:56 -0300] "GET /cormun/PublicTempStorage/cv1769207.pdf HTTP/1.1" 200 361788
200.72.197.82 - - [26/Sep/2017:08:57:00 -0300] "POST /cormun/servlet/vesolicitudot?74b1937435508e2145d49a0537b7ee4f,2017,7448,,,gx-no-cache=1506427052440 HTTP/1.1" 200 93
200.72.197.82 - - [26/Sep/2017:08:57:00 -0300] "GET /cormun/servlet/hpexe_return? HTTP/1.1" 200 1029
200.72.197.82 - - [26/Sep/2017:08:57:00 -0300] "GET /cormun/servlet/trsolicitudot?gx-no-cache=1506426878740 HTTP/1.1" 200 9727
200.72.197.82 - - [26/Sep/2017:08:57:01 -0300] "GET /cormun/servlet/trsolicitudot?gx-no-cache=1506426878740 HTTP/1.1" 200 9744
192.168.10.96 - - [26/Sep/2017:08:57:02 -0300] "GET /cormun/servlet/vesolicitudgral?2017,7338,,SolicitudOTAdjuntos HTTP/1.1" 200 10779
192.168.10.96 - - [26/Sep/2017:08:57:03 -0300] "GET /cormun/servlet/vesolicitudgral?2017,7338,,SolicitudOTAdjuntos HTTP/1.1" 200 10782
192.168.10.96 - - [26/Sep/2017:08:57:03 -0300] "POST /cormun/servlet/acontrolpreferencessavestate?None,DZAMUDIO,true HTTP/1.1" 200 35
186.79.49.130 - - [26/Sep/2017:08:57:04 -0300] "GET /cormun/servlet/trlicencias? HTTP/1.1" 200 14288
200.72.197.82 - - [26/Sep/2017:08:57:06 -0300] "GET /cormun/servlet/trsolicitudot? HTTP/1.1" 200 9744
186.79.49.130 - - [26/Sep/2017:08:57:07 -0300] "GET /cormun/servlet/trlicencias? HTTP/1.1" 200 14328
200.72.197.82 - - [26/Sep/2017:08:57:07 -0300] "GET /cormun/servlet/trsolicitudot? HTTP/1.1" 200 9723
200.72.197.82 - - [26/Sep/2017:08:57:17 -0300] "GET /cormun/servlet/solicitudot?INS,0,0, HTTP/1.1" 200 12946
200.72.197.82 - - [26/Sep/2017:08:57:17 -0300] "GET /cormun/servlet/solicitudot?INS,0,0, HTTP/1.1" 200 12951
200.72.197.82 - - [26/Sep/2017:08:57:27 -0300] "POST /cormun/servlet/solicitudot?gx-no-cache=1506427079561 HTTP/1.1" 200 3126
200.72.197.82 - - [26/Sep/2017:08:57:27 -0300] "POST /cormun/servlet/solicitudot?74b1937435508e2145d49a0537b7ee4f,INS,0,0,,gx-no-cache=1506427079841 HTTP/1.1" 200 9981
200.72.197.82 - - [26/Sep/2017:08:57:28 -0300] "GET /cormun/servlet/solicitudot?6c4dbc6ede286b4f68bc4185c79a2b067fb03100673cc865877c3c900fb0f5bad2924f5b4180db8c9b8d12c06fd28ba6,gx-no-cache=1506427080362 HTTP/1.1" 200 111
200.72.197.82 - - [26/Sep/2017:08:57:28 -0300] "GET /cormun/static/Shared/jqueryui/images/ui-bg_highlight-soft_100_c6c2c8_1x100.png HTTP/1.1" 404 1117
200.72.197.82 - - [26/Sep/2017:08:57:28 -0300] "GET /cormun/static/Shared/jqueryui/images/ui-icons_82798d_256x240.png HTTP/1.1" 404 1089
200.72.197.82 - - [26/Sep/2017:08:57:28 -0300] "GET /cormun/static/Shared/jqueryui/images/ui-bg_flat_55_994d53_40x100.png HTTP/1.1" 404 1097
186.103.132.155 - - [26/Sep/2017:08:57:28 -0300] "GET /cormun/static/Shared/jqueryui/images/ui-icons_ebccce_256x240.png HTTP/1.1" 404 1089
186.103.132.155 - - [26/Sep/2017:08:57:33 -0300] "GET /cormun/servlet/solicitudot?6c4dbc6ede286b4f68bc4185c79a2b0637d637ecf8360cd3e36b47b0df8783d96e522d5c5da8ca77378a5a82ddab0564,gx-no-cache=1506427085290 HTTP/1.1" 200 30
186.79.49.130 - - [26/Sep/2017:08:57:39 -0300] "GET /cormun/servlet/trsolicitudot? HTTP/1.1" 200 16743
186.79.49.130 - - [26/Sep/2017:08:57:41 -0300] "GET /cormun/servlet/trsolicitudot? HTTP/1.1" 200 16744
186.79.49.130 - - [26/Sep/2017:08:57:46 -0300] "POST /cormun/servlet/trsolicitudot?3cccc8328602b6b244d2a21666ac6a17,,gx-no-cache=1506427109697 HTTP/1.1" 200 106
186.79.49.130 - - [26/Sep/2017:08:57:46 -0300] "GET /cormun/servlet/solicitudot?UPD,2017,7450, HTTP/1.1" 200 14665
186.79.49.130 - - [26/Sep/2017:08:57:47 -0300] "GET /cormun/servlet/solicitudot?UPD,2017,7450, HTTP/1.1" 200 14674
186.79.49.130 - - [26/Sep/2017:08:57:49 -0300] "POST /cormun/servlet/solicitudot?gx-no-cache=1506427112857 HTTP/1.1" 200 3217
186.79.49.130 - - [26/Sep/2017:08:57:49 -0300] "POST /cormun/servlet/solicitudot?3cccc8328602b6b244d2a21666ac6a17,UPD,2017,7450,,gx-no-cache=1506427113686 HTTP/1.1" 200 11196
186.79.49.130 - - [26/Sep/2017:08:57:50 -0300] "GET /cormun/servlet/solicitudot?960ba74b8ae0c0bb29dd55cc1a4627ad22f226f0f484a4d835fac25ba8e6025526cfba81a6ef0c1928550c4773a95912,gx-no-cache=1506427114491 HTTP/1.1" 200 30
186.79.49.130 - - [26/Sep/2017:08:57:50 -0300] "POST /cormun/servlet/solicitudot?gx-no-cache=1506427114713 HTTP/1.1" 200 240
186.79.49.130 - - [26/Sep/2017:08:57:50 -0300] "GET /cormun/servlet/solicitudot?960ba74b8ae0c0bb29dd55cc1a4627adf45470cec71507b32f9c73a9bee5131959628c2ef20669cbe63ed4ce74e5031a8f0f34d20eec891d2d9a5844bece64d8c75e8852ccd163923fcc33b78bc0a1b67efb9371e7673768f6145113931ab34d35f34ca7780b5d2926e664ba40df5993da1db6eb7f7ba4f765781aeee7d90fa1a02516411f5cf7774537509d6b92d0f80a62d8b9c21b13b55801adf911ee3e80cd8d82dd14c2e21b24edb3af7456acd052617c1fea3ecf1821ddfece76037a3861382c3e4602c93e420954d9f29e65fb61aa931bc4cfdf8496a117406d2a471241f3b2ef78aef40914df6732911fad490a6605a9d6e3df94f5d361bf55fa3e44e1c8685131619c4bc0c77c885bc2ff69eeeae7193576410a7fdb339c59b428ac62ee83bf1a7fd0622f8b1cb9e1a0fa4789b1c4258ca2dd24f1d4ff0186a6db0628900aca9832dab937c3651feeef68f31b3ab42b2b3b541941ac23c05101b986f9024571db4578dbab398dcd951c589efeedc2977fd7e03970957769bbf9c295,gx-no-cache=1506427114967 HTTP/1.1" 200 30
186.79.49.130 - - [26/Sep/2017:08:57:50 -0300] "POST /cormun/servlet/solicitudot?gx-no-cache=1506427115115 HTTP/1.1" 200 30
186.79.49.130 - - [26/Sep/2017:08:57:51 -0300] "POST /cormun/servlet/solicitudot?gx-no-cache=1506427115329 HTTP/1.1" 200 1352
186.79.49.130 - - [26/Sep/2017:08:57:51 -0300] "POST /cormun/servlet/solicitudot?gx-no-cache=1506427115732 HTTP/1.1" 200 41
186.79.49.130 - - [26/Sep/2017:08:57:58 -0300] "POST /cormun/servlet/solicitudot?gx-no-cache=1506427122901 HTTP/1.1" 200 30
186.79.49.130 - - [26/Sep/2017:08:58:11 -0300] "POST /cormun/servlet/solicitudot?gx-no-cache=1506427136389 HTTP/1.1" 200 30
186.79.49.130 - - [26/Sep/2017:08:58:17 -0300] "POST /cormun/servlet/solicitudot?gx-no-cache=1506427142318 HTTP/1.1" 200 30
186.79.49.130 - - [26/Sep/2017:08:58:22 -0300] "POST /cormun/servlet/solicitudot?gx-no-cache=1506427147238 HTTP/1.1" 200 30
186.79.49.130 - - [26/Sep/2017:08:58:30 -0300] "POST /cormun/servlet/solicitudot?gx-no-cache=1506427155381 HTTP/1.1" 200 30
186.79.49.130 - - [26/Sep/2017:08:58:33 -0300] "POST /cormun/servlet/solicitudot?gx-no-cache=1506427157461 HTTP/1.1" 200 30
186.103.132.155 - - [26/Sep/2017:08:58:43 -0300] "POST /cormun/servlet/solicitudot?gx-no-cache=1506427155586 HTTP/1.1" 200 297
186.103.132.155 - - [26/Sep/2017:08:58:43 -0300] "GET /cormun/servlet/solicitudot?6c4dbc6ede286b4f68bc4185c79a2b06a5095acca9b9a7a6ae181920b2d3cb24db2644ab81a589216947b4994c5dec6b7111622454da9ea636d9c6bfb100d8bd436fbd2378f9a6cca3c1157d49035396f990d6fa8200c5d23bf89578c3f1b2b791f2cb63ba9f0ff32c64dc88a78445569c27d289cdaf0ff809cbd9f57a85f08d73ae8dd54329068819422c0f54e7a89d84c5070ea7e1f0c4ad9bb2554b8c1169d12fb38910509f9fe2ea56242b25bdeb37a863a0fd5f662ca847a0831037dddd0dde49eba909d939f92572b85c06dd46c3fd0bc982cb61c4f0d707f2828de1e1b192ad5f6031a007807cbd7282b36c7ed4a0482047365be33daca6cae1a6c80d5b2c2227aca7890f4790bc9d51f26ad35552be491fc8760c681529ec7181bc06ff71878f3eba92f0c9476632f27f80ef287b44e2e92a6636189426d83d0e152871069da01451d887ef7f04b4d3e0450b5a17fe980fd0610770354e5c7c01dd16b3a013d14184a13bc59eec867c405e439127494a0d9c1b3f0d81b713218537a7d2924f5b4180db8c9b8d12c06fd28ba6,gx-no-cache=1506427155718 HTTP/1.1" 200 30
186.103.132.155 - - [26/Sep/2017:08:58:48 -0300] "POST /cormun/servlet/solicitudot?gx-no-cache=1506427160819 HTTP/1.1" 200 30
186.79.49.130 - - [26/Sep/2017:08:58:50 -0300] "GET /cormun/servlet/trlicencias? HTTP/1.1" 200 14288
186.103.132.155 - - [26/Sep/2017:08:58:51 -0300] "GET /cormun/servlet/prsolicitudot?9742897,,,,,MD,,gxPopupLevel%3D0%3B HTTP/1.1" 200 5966
186.79.49.130 - - [26/Sep/2017:08:58:52 -0300] "GET /cormun/servlet/trlicencias? HTTP/1.1" 200 14307
186.103.132.155 - - [26/Sep/2017:08:58:54 -0300] "POST /cormun/servlet/solicitudot?gx-no-cache=1506427166464 HTTP/1.1" 200 1431
186.103.132.155 - - [26/Sep/2017:08:58:54 -0300] "POST /cormun/servlet/solicitudot?gx-no-cache=1506427166564 HTTP/1.1" 200 117
186.103.132.155 - - [26/Sep/2017:08:58:54 -0300] "GET /cormun/servlet/solicitudot?6c4dbc6ede286b4f68bc4185c79a2b067aab2f7c6f538ca3e1dccff0128ea091bfe20082c977eada49654aacd74226235c2cb90128d38eafbb198921fe13e546d5ee96d6d273961699d61754a1b1262f822da46709205a51d94940877549329b56b4d9fc0e1506d3d46a2d22ff919911,gx-no-cache=1506427166620 HTTP/1.1" 200 29
186.103.132.155 - - [26/Sep/2017:08:58:54 -0300] "GET /cormun/servlet/solicitudot?6c4dbc6ede286b4f68bc4185c79a2b066575322fb740cd97d3b36ba5806523a383dc497be713d56a4c841089f811adeb9500efafcd06516a6a390a842866c96d203d0ed0a32e497419814e40f3b03a33c45fae7e0ce321e6313bdbf1f19323d675f7eef1211d5ea02dae5a711b8e3de638d240e2b6a506fde322de7b1e13b1b7e69aeee06098d8d26f799a75ad5c48bd68c53ac73e6bcbeb3b877e47e90f444401e44ef2d6c07ef5c92466e19e5fcda7d2924f5b4180db8c9b8d12c06fd28ba6,gx-no-cache=1506427166658 HTTP/1.1" 200 62
186.103.132.155 - - [26/Sep/2017:08:58:54 -0300] "GET /cormun/servlet/solicitudot?6c4dbc6ede286b4f68bc4185c79a2b0666b0207a364f31e8b08883259052fa15b15a866fec5fda8051ca25516d26af51,gx-no-cache=1506427166710 HTTP/1.1" 200 30
186.103.132.155 - - [26/Sep/2017:08:59:08 -0300] "POST /cormun/servlet/solicitudot?gx-no-cache=1506427180837 HTTP/1.1" 200 1355
186.79.49.130 - - [26/Sep/2017:08:59:15 -0300] "GET /cormun/servlet/licenciaspermisos?DSP,16492698,L,20170911000000, HTTP/1.1" 200 7263
186.103.132.155 - - [26/Sep/2017:08:59:15 -0300] "GET /cormun/static/menuarrow.gif HTTP/1.1" 404 1015
186.79.49.130 - - [26/Sep/2017:08:59:16 -0300] "GET /cormun/servlet/licenciaspermisos?DSP,16492698,L,20170911000000, HTTP/1.1" 200 7264
186.79.49.130 - - [26/Sep/2017:08:59:26 -0300] "POST /cormun/servlet/licenciaspermisos?3cccc8328602b6b244d2a21666ac6a17,DSP,16492698,L,20170911000000,,gx-no-cache=1506427210760 HTTP/1.1" 200 90
186.79.49.130 - - [26/Sep/2017:08:59:26 -0300] "GET /cormun/servlet/hpexe_link HTTP/1.1" 200 984
186.79.49.130 - - [26/Sep/2017:08:59:27 -0300] "GET /cormun/servlet/trlicencias HTTP/1.1" 200 14330
186.79.49.130 - - [26/Sep/2017:08:59:28 -0300] "GET /cormun/servlet/trlicencias HTTP/1.1" 200 14328
190.151.100.218 - - [26/Sep/2017:08:59:54 -0300] "POST /cormun/servlet/solicitudot?gx-no-cache=1506427227218 HTTP/1.1" 200 41
186.103.161.206 - - [26/Sep/2017:09:00:16 -0300] "POST /cormun/servlet/solicitudot?gx-no-cache=1506427248198 HTTP/1.1" 200 1336
186.103.161.206 - - [26/Sep/2017:09:00:16 -0300] "POST /cormun/servlet/solicitudot?gx-no-cache=1506427248444 HTTP/1.1" 200 32
186.79.49.130 - - [26/Sep/2017:09:00:16 -0300] "GET /cormun/servlet/trautorizarsolicitud? HTTP/1.1" 200 8829
186.79.49.130 - - [26/Sep/2017:09:00:16 -0300] "GET /cormun/static/gxcfg.js?20174261241362 HTTP/1.1" 200 953
186.79.49.130 - - [26/Sep/2017:09:00:18 -0300] "GET /cormun/static/trautorizarsolicitud.js?201742612414370 HTTP/1.1" 200 53910
200.72.197.82 - - [26/Sep/2017:09:00:36 -0300] "GET /cormun/servlet/permisogoce?INS,0,,, HTTP/1.1" 200 6883
186.79.49.130 - - [26/Sep/2017:09:00:36 -0300] "GET /cormun/static/Resources/Spanish/PXTools.css?11294912 HTTP/1.1" 200 89042
186.103.159.44 - - [26/Sep/2017:09:00:37 -0300] "GET /cormun/servlet/licenciaspermisos?4089350e625d29888b874340e4cda646a0245ddd7f60989cda69c21c9e51d1835ad40a19e9d1c2938659e58f135c448c23857e76a638757f044179e64527a9947eb6c4b71fd04eecf61d1f0a9afac63fa4e210e66a10cb286f5144558b7bf3a7354bbc79e20cb692e020fb0882f80c38db55d1e69fe38d336db15e20fbb4590c06fd068dfb482d2131c13c393a3eab43edf13c42158fc275c6c92a49f33cf845f4b9029281df5e772df57804478390d83f153bac2e8243456e5ce6273fed25e2bead5b251f48f7dc13dbf83aa1e8483754c94ba1fbc33986631999f2eb4804b5,gx-no-cache=1506427278388 HTTP/1.1" 200 30
186.103.159.44 - - [26/Sep/2017:09:00:37 -0300] "GET /cormun/servlet/licenciaspermisos?4089350e625d29888b874340e4cda6465491e8b6237abc7908138645a0ab3f0adc05936b5dc65485f5ca4298b37febfd8700807cf6ffd7941dee91167172f23bd8a09872b4583cf64fbe1e43777c28d40285b5cd5b8109b8c488502e8061ece8a1255162b93c434c711a6e2ac30606a49a3ea64d5b2bbd48949042c0278397af00838c930526de1425582a1d180ce44eab6ff557f41b37e6542f4df0423f064173a4545e674c3faba7e1459234dafe639364c23b9337c89a91d7822dfd95bd3e12d04dcba380823242a3868fe0cc39e60f65db604b6cc8d96b7ecedef4d86f89,gx-no-cache=1506427278534 HTTP/1.1" 200 29
200.72.197.82 - - [26/Sep/2017:09:00:37 -0300] "GET /cormun/servlet/permisogoce?INS,0,,, HTTP/1.1" 200 6883
186.103.159.44 - - [26/Sep/2017:09:00:37 -0300] "POST /cormun/servlet/licenciaspermisos?35ec631e64a3ad6a9b710d67992a2d84,INS,0,,,,gx-no-cache=1506427278593 HTTP/1.1" 200 93
186.103.159.44 - - [26/Sep/2017:09:00:37 -0300] "GET /cormun/servlet/hpexe_return? HTTP/1.1" 200 1012
186.103.159.44 - - [26/Sep/2017:09:00:38 -0300] "GET /cormun/servlet/hpexe_return? HTTP/1.1" 200 998
186.103.159.44 - - [26/Sep/2017:09:00:38 -0300] "GET /cormun/servlet/trlicencias? HTTP/1.1" 200 13134
186.79.49.130 - - [26/Sep/2017:09:00:38 -0300] "GET /cormun/servlet/trautorizarsolicitud? HTTP/1.1" 200 8829
190.151.100.218 - - [26/Sep/2017:09:00:42 -0300] "GET /cormun/servlet/prfichaempleado?,MD,,gxPopupLevel%3D0%3B HTTP/1.1" 200 9285
186.103.159.44 - - [26/Sep/2017:09:00:42 -0300] "GET /cormun/servlet/alicenciaprn?12515846,L,20170926000000,PU HTTP/1.1" 200 1560
186.79.49.130 - - [26/Sep/2017:09:00:43 -0300] "POST /cormun/servlet/trautorizarsolicitud?3cccc8328602b6b244d2a21666ac6a17,,gx-no-cache=1506427287633 HTTP/1.1" 200 5975
186.103.161.206 - - [26/Sep/2017:09:00:47 -0300] "POST /cormun/servlet/solicitudot?74b1937435508e2145d49a0537b7ee4f,INS,0,0,,gx-no-cache=1506427279139 HTTP/1.1" 200 93
186.103.161.206 - - [26/Sep/2017:09:00:47 -0300] "GET /cormun/servlet/hpexe_return? HTTP/1.1" 200 1003
186.103.161.206 - - [26/Sep/2017:09:00:47 -0300] "GET /cormun/servlet/trsolicitudot HTTP/1.1" 200 10014
186.103.161.206 - - [26/Sep/2017:09:00:48 -0300] "GET /cormun/servlet/trsolicitudot HTTP/1.1" 200 10010
186.79.49.130 - - [26/Sep/2017:09:00:51 -0300] "GET /cormun/servlet/trvisualizadoreventos? HTTP/1.1" 200 6860
186.79.49.130 - - [26/Sep/2017:09:00:52 -0300] "GET /cormun/static/gxcfg.js?20175251251426 HTTP/1.1" 200 953
186.79.49.130 - - [26/Sep/2017:09:00:52 -0300] "GET /cormun/static/Resources/PXToolsActionPrint.png HTTP/1.1" 200 3317
186.79.49.130 - - [26/Sep/2017:09:00:53 -0300] "GET /cormun/static/trvisualizadoreventos.js?20175251251768 HTTP/1.1" 200 19318
186.79.49.130 - - [26/Sep/2017:09:00:54 -0300] "GET /cormun/servlet/trvisualizadoreventos? HTTP/1.1" 200 6860
186.103.161.206 - - [26/Sep/2017:09:00:56 -0300] "POST /cormun/servlet/prfichaempleado?dd25b60f31d4d09e7b33c2d69c09d596,,MD,,gxPopupLevel%3D0%3B,gx-no-cache=1506427288842 HTTP/1.1" 200 3430
186.103.161.206 - - [26/Sep/2017:09:00:58 -0300] "POST /cormun/servlet/trsolicitudot?74b1937435508e2145d49a0537b7ee4f,gx-no-cache=1506427290954 HTTP/1.1" 200 7159
186.103.161.206 - - [26/Sep/2017:09:00:59 -0300] "GET /cormun/static/Shared/jqueryui/images/ui-bg_highlight-soft_100_c6c2c8_1x100.png HTTP/1.1" 404 1117
186.103.161.206 - - [26/Sep/2017:09:00:59 -0300] "GET /cormun/static/Shared/jqueryui/images/ui-icons_82798d_256x240.png HTTP/1.1" 404 1089
200.72.197.82 - - [26/Sep/2017:09:00:59 -0300] "GET /cormun/static/Shared/jqueryui/images/ui-icons_8d78a5_256x240.png HTTP/1.1" 404 1089
190.151.100.218 - - [26/Sep/2017:09:00:59 -0300] "GET /cormun/static/Shared/jqueryui/images/ui-bg_flat_55_fafafa_40x100.png HTTP/1.1" 404 1097
200.72.197.82 - - [26/Sep/2017:09:00:59 -0300] "POST /cormun/servlet/trsolicitudot?74b1937435508e2145d49a0537b7ee4f,gx-no-cache=1506427291394 HTTP/1.1" 200 7103
186.79.49.130 - - [26/Sep/2017:09:01:00 -0300] "GET /cormun/servlet/trsolicitudot? HTTP/1.1" 200 16747
186.79.49.130 - - [26/Sep/2017:09:01:01 -0300] "GET /cormun/servlet/trsolicitudot? HTTP/1.1" 200 16746
190.151.100.218 - - [26/Sep/2017:09:01:01 -0300] "GET /cormun/servlet/permisogoce?b6a060888049e839f8469f462b375e274f4bec4758e683ec2a4dadeb9b4735603f7a1f3b8a39a79843c7e62f8d044a5aa98557f757eeb4d3bced7f734e551647,gx-no-cache=1506427294601 HTTP/1.1" 200 80
190.151.100.218 - - [26/Sep/2017:09:01:02 -0300] "GET /cormun/static/menuarrow.gif HTTP/1.1" 404 1015
200.72.197.82 - - [26/Sep/2017:09:01:04 -0300] "GET /cormun/servlet/trautorizarsolicitud? HTTP/1.1" 200 8318
200.72.197.82 - - [26/Sep/2017:09:01:05 -0300] "GET /cormun/servlet/trautorizarsolicitud? HTTP/1.1" 200 8318
186.103.132.155 - - [26/Sep/2017:09:01:09 -0300] "GET /cormun/servlet/permisogoce?b6a060888049e839f8469f462b375e27f00652f43c70e0cf598305d0a39f0d1f22c8add4c115dca776e3181f138ca1e61bdea2af4d3d61e5929cae360d803294,gx-no-cache=1506427301992 HTTP/1.1" 200 48
186.103.132.155 - - [26/Sep/2017:09:01:12 -0300] "POST /cormun/servlet/permisogoce?dd25b60f31d4d09e7b33c2d69c09d596,INS,0,,,,gx-no-cache=1506427305271 HTTP/1.1" 200 93
186.103.132.155 - - [26/Sep/2017:09:01:12 -0300] "GET /cormun/servlet/hpexe_return? HTTP/1.1" 200 1013
186.103.132.155 - - [26/Sep/2017:09:01:13 -0300] "GET /cormun/servlet/trpermisosgoce HTTP/1.1" 200 10179
200.72.197.82 - - [26/Sep/2017:09:01:13 -0300] "POST /cormun/servlet/trautorizarsolicitud?74b1937435508e2145d49a0537b7ee4f,,gx-no-cache=1506427305214 HTTP/1.1" 200 4401
200.72.197.82 - - [26/Sep/2017:09:01:13 -0300] "GET /cormun/static/Shared/jqueryui/images/ui-bg_highlight-soft_100_c6c2c8_1x100.png HTTP/1.1" 404 1117
200.72.197.82 - - [26/Sep/2017:09:01:13 -0300] "GET /cormun/static/Shared/jqueryui/images/ui-icons_82798d_256x240.png HTTP/1.1" 404 1089
190.151.100.218 - - [26/Sep/2017:09:01:13 -0300] "GET /cormun/static/Shared/jqueryui/images/ui-bg_flat_55_fafafa_40x100.png HTTP/1.1" 404 1097
186.103.161.206 - - [26/Sep/2017:09:01:13 -0300] "GET /cormun/static/Shared/jqueryui/images/ui-icons_8d78a5_256x240.png HTTP/1.1" 404 1089
200.72.197.82 - - [26/Sep/2017:09:01:13 -0300] "POST /cormun/servlet/trautorizarsolicitud?74b1937435508e2145d49a0537b7ee4f,,gx-no-cache=1506427305486 HTTP/1.1" 200 4154
186.103.132.155 - - [26/Sep/2017:09:01:14 -0300] "GET /cormun/servlet/trpermisosgoce HTTP/1.1" 200 10171
186.103.159.44 - - [26/Sep/2017:09:01:29 -0300] "GET /cormun/servlet/trlicenciaspermisosadjuntos?12515846,20170926000000,L, HTTP/1.1" 200 6193
186.103.159.44 - - [26/Sep/2017:09:01:32 -0300] "GET /cormun/servlet/licenciaspermisosadjuntos?INS,12515846,L,20170926000000,, HTTP/1.1" 200 5489
186.103.159.44 - - [26/Sep/2017:09:01:32 -0300] "HEAD /cormun/static/about:blank HTTP/1.1" 404 -
186.103.159.44 - - [26/Sep/2017:09:01:47 -0300] "POST /cormun/servlet/licenciaspermisosadjuntos?35ec631e64a3ad6a9b710d67992a2d84,INS,12515846,L,20170926000000,, HTTP/1.1" 200 116
186.103.159.44 - - [26/Sep/2017:09:01:47 -0300] "GET /cormun/servlet/hpexe_return? HTTP/1.1" 200 1041
186.103.159.44 - - [26/Sep/2017:09:01:48 -0300] "GET /cormun/servlet/trlicenciaspermisosadjuntos?12515846,20170926000000,L, HTTP/1.1" 200 6691
186.103.159.44 - - [26/Sep/2017:09:01:49 -0300] "GET /cormun/PublicTempStorage/licencia_lorena_fernandez1642600.pdf HTTP/1.1" 200 626026
186.103.159.44 - - [26/Sep/2017:09:01:49 -0300] "GET /cormun/PublicTempStorage/licencia_lorena_fernandez1642600.pdf HTTP/1.1" 200 626026
186.103.159.44 - - [26/Sep/2017:09:01:55 -0300] "GET /cormun/servlet/trlicencias? HTTP/1.1" 200 13117
186.103.159.44 - - [26/Sep/2017:09:02:02 -0300] "POST /cormun/servlet/trlicencias?35ec631e64a3ad6a9b710d67992a2d84,,gx-no-cache=1506427363253 HTTP/1.1" 200 10576
186.103.159.44 - - [26/Sep/2017:09:02:03 -0300] "GET /cormun/static/Shared/jqueryui/images/ui-bg_highlight-soft_100_c6c2c8_1x100.png HTTP/1.1" 404 1117
186.103.159.44 - - [26/Sep/2017:09:02:03 -0300] "GET /cormun/static/Shared/jqueryui/images/ui-icons_8d78a5_256x240.png HTTP/1.1" 404 1089
186.103.159.44 - - [26/Sep/2017:09:02:03 -0300] "GET /cormun/static/Shared/jqueryui/images/ui-bg_flat_55_fafafa_40x100.png HTTP/1.1" 404 1097
186.103.159.44 - - [26/Sep/2017:09:02:03 -0300] "GET /cormun/static/Shared/jqueryui/images/ui-icons_82798d_256x240.png HTTP/1.1" 404 1089
186.79.108.249 - - [26/Sep/2017:09:02:03 -0300] "GET /cormun/servlet/hlogin HTTP/1.1" 200 1715
186.79.108.249 - - [26/Sep/2017:09:02:03 -0300] "GET /cormun/static/gxtimezone.js?85251 HTTP/1.1" 200 5781
186.79.108.249 - - [26/Sep/2017:09:02:03 -0300] "GET /cormun/static/gxcfg.js?20175251213516 HTTP/1.1" 200 953
186.79.108.249 - - [26/Sep/2017:09:02:03 -0300] "GET /cormun/static/Resources/Spanish/PXTools.css?11423723 HTTP/1.1" 200 89042
186.79.108.249 - - [26/Sep/2017:09:02:04 -0300] "GET /cormun/static/messages.spa.js?85251 HTTP/1.1" 200 30736
186.79.108.249 - - [26/Sep/2017:09:02:04 -0300] "GET /cormun/static/gxgral.js?85251 HTTP/1.1" 200 384558
186.79.108.249 - - [26/Sep/2017:09:02:04 -0300] "GET /cormun/static/hlogin.js?20175251213537 HTTP/1.1" 200 2136
186.79.108.249 - - [26/Sep/2017:09:02:04 -0300] "GET /cormun/static/Resources/ComunLogin.png HTTP/1.1" 200 17326
186.79.108.249 - - [26/Sep/2017:09:02:04 -0300] "GET /cormun/static/Resources/PXToolsLoginTop.png HTTP/1.1" 200 1337
186.79.108.249 - - [26/Sep/2017:09:02:04 -0300] "GET /cormun/static/Resources/PXToolsLoginBackground.png HTTP/1.1" 200 1164
186.79.108.249 - - [26/Sep/2017:09:02:04 -0300] "GET /cormun/static/Resources/PXToolsButtonLeft21.png HTTP/1.1" 200 1287
186.79.108.249 - - [26/Sep/2017:09:02:04 -0300] "GET /cormun/static/Resources/PXToolsButtonRight21.png HTTP/1.1" 200 1283
186.79.108.249 - - [26/Sep/2017:09:02:04 -0300] "GET /cormun/static/Resources/PXToolsButtonBackground2.png HTTP/1.1" 200 1181
186.79.108.249 - - [26/Sep/2017:09:02:04 -0300] "GET /cormun/static/Resources/PXToolsLoginBottom.png HTTP/1.1" 200 1389
186.79.108.249 - - [26/Sep/2017:09:02:04 -0300] "GET /cormun/static/Resources/indicator.gif HTTP/1.1" 200 1553
186.79.108.249 - - [26/Sep/2017:09:02:05 -0300] "GET /cormun/servlet/hlogin HTTP/1.1" 200 1726
186.79.108.249 - - [26/Sep/2017:09:02:05 -0300] "GET /favicon.ico HTTP/1.1" 200 21630
186.103.132.155 - - [26/Sep/2017:09:02:12 -0300] "GET /cormun/servlet/apermisogoceprn?18040322,P,20170926085953,PU HTTP/1.1" 200 1659
186.79.108.249 - - [26/Sep/2017:09:02:16 -0300] "POST /cormun/servlet/hlogin?2fe035beeaec19ee88f4a0ccb4a24901,gx-no-cache=1506427370666 HTTP/1.1" 200 90
186.79.108.249 - - [26/Sep/2017:09:02:17 -0300] "GET /cormun/servlet/hpexe_link HTTP/1.1" 200 946
186.79.108.249 - - [26/Sep/2017:09:02:17 -0300] "GET /cormun/static/gxcfg.js?20177612121792 HTTP/1.1" 200 953
186.79.108.249 - - [26/Sep/2017:09:02:17 -0300] "GET /cormun/static/hpexe_link.js?20177612121795 HTTP/1.1" 200 625
186.79.108.249 - - [26/Sep/2017:09:02:17 -0300] "GET /cormun/static/Resources/Spanish/PXTools.css?1155365 HTTP/1.1" 200 89042
186.79.108.249 - - [26/Sep/2017:09:02:17 -0300] "GET /cormun/servlet/hhome HTTP/1.1" 200 3795
186.79.108.249 - - [26/Sep/2017:09:02:18 -0300] "GET /cormun/static/Shared/jqueryui/jquery-ui.min.css?1245370 HTTP/1.1" 200 30288
186.79.108.249 - - [26/Sep/2017:09:02:18 -0300] "GET /cormun/static/SmoothNavMenu/resources/ddsmoothmenu.css?1012540 HTTP/1.1" 200 2223
186.79.108.249 - - [26/Sep/2017:09:02:18 -0300] "GET /cormun/static/SmoothNavMenu/resources/ddsmoothmenu-v.css?1012540 HTTP/1.1" 200 1188
186.79.108.249 - - [26/Sep/2017:09:02:18 -0300] "GET /cormun/static/scaMessage/css/jquery.pnotify.default.css?1716380 HTTP/1.1" 200 1707
186.79.108.249 - - [26/Sep/2017:09:02:18 -0300] "GET /cormun/static/gxcfg.js?20175251212442 HTTP/1.1" 200 953
186.79.108.249 - - [26/Sep/2017:09:02:18 -0300] "GET /cormun/static/PXToolsJavascripts/pexe_autoreload.js HTTP/1.1" 200 1762
186.79.108.249 - - [26/Sep/2017:09:02:18 -0300] "GET /cormun/static/PXToolsJavascripts/pexe_cookies.js HTTP/1.1" 200 792
186.79.108.249 - - [26/Sep/2017:09:02:18 -0300] "GET /cormun/static/PXToolsJavascripts/pexe_windows.js HTTP/1.1" 200 15207
186.79.108.249 - - [26/Sep/2017:09:02:18 -0300] "GET /cormun/static/PXToolsJavascripts/pexe_grid.js HTTP/1.1" 200 7559
186.79.108.249 - - [26/Sep/2017:09:02:18 -0300] "GET /cormun/static/PXToolsJavascripts/pexe_griddivfix.js HTTP/1.1" 200 6644
186.79.108.249 - - [26/Sep/2017:09:02:18 -0300] "GET /cormun/static/PXToolsJavascripts/pexe_link.js HTTP/1.1" 200 5671
186.79.108.249 - - [26/Sep/2017:09:02:18 -0300] "GET /cormun/static/PXToolsJavascripts/pexe_menudivfix.js HTTP/1.1" 200 333
186.79.108.249 - - [26/Sep/2017:09:02:18 -0300] "GET /cormun/static/PXToolsJavascripts/pexe_menus.js HTTP/1.1" 200 1286
186.79.108.249 - - [26/Sep/2017:09:02:18 -0300] "GET /cormun/static/PXToolsJavascripts/pexe_layers.js HTTP/1.1" 200 4114
186.79.108.249 - - [26/Sep/2017:09:02:18 -0300] "GET /cormun/static/PXToolsJavascripts/pexe_oavdivfix.js HTTP/1.1" 200 639
186.79.108.249 - - [26/Sep/2017:09:02:18 -0300] "GET /cormun/static/PXToolsJavascripts/pexe_picture.js HTTP/1.1" 200 689
186.79.108.249 - - [26/Sep/2017:09:02:18 -0300] "GET /cormun/static/PXToolsJavascripts/pexe_oav.js HTTP/1.1" 200 645
186.79.108.249 - - [26/Sep/2017:09:02:18 -0300] "GET /cormun/static/PXToolsJavascripts/pexe_popup.js HTTP/1.1" 200 13458
186.79.108.249 - - [26/Sep/2017:09:02:18 -0300] "GET /cormun/static/PXToolsJavascripts/pexe_scrolldiv.js HTTP/1.1" 200 4138
186.79.108.249 - - [26/Sep/2017:09:02:18 -0300] "GET /cormun/static/PXToolsJavascripts/pexe_tabdivfix.js HTTP/1.1" 200 876
186.79.108.249 - - [26/Sep/2017:09:02:18 -0300] "GET /cormun/static/PXToolsJavascripts/pexe_tabs.js HTTP/1.1" 200 3748
186.79.108.249 - - [26/Sep/2017:09:02:18 -0300] "GET /cormun/static/PXToolsJavascripts/pexe_upload.js HTTP/1.1" 200 1423
186.79.108.249 - - [26/Sep/2017:09:02:18 -0300] "GET /cormun/static/PXToolsJavascripts/PXToolsJavascriptsRender.js HTTP/1.1" 200 367
186.79.108.249 - - [26/Sep/2017:09:02:18 -0300] "GET /cormun/static/RunJS/RunJS.js HTTP/1.1" 200 288
