192.168.10.62 - - [26/Sep/2017:12:42:09 -0300] "POST /cormun/servlet/solicitudgral?gx-no-cache=1506440486735 HTTP/1.1" 200 1312
192.168.10.62 - - [26/Sep/2017:12:42:09 -0300] "POST /cormun/servlet/solicitudgral?gx-no-cache=1506440486771 HTTP/1.1" 200 1215
192.168.10.62 - - [26/Sep/2017:12:42:09 -0300] "POST /cormun/servlet/solicitudgral?eb9fc73610ff801fe68d590a9e014a4b,UPD,2017,7455,,gx-no-cache=1506440486811 HTTP/1.1" 200 93
192.168.10.62 - - [26/Sep/2017:12:42:09 -0300] "GET /cormun/servlet/hpexe_return? HTTP/1.1" 200 1019
192.168.10.62 - - [26/Sep/2017:12:42:10 -0300] "GET /cormun/servlet/vesolicitudgral?2017,7455,, HTTP/1.1" 200 8236
192.168.10.62 - - [26/Sep/2017:12:42:10 -0300] "GET /cormun/pexe_scrolldiv.js HTTP/1.1" 404 1009
192.168.10.62 - - [26/Sep/2017:12:42:10 -0300] "GET /cormun/pexe_scrolldiv.js HTTP/1.1" 404 1009
192.168.10.62 - - [26/Sep/2017:12:42:10 -0300] "GET /cormun/servlet/vesolicitudgral?2017,7455,, HTTP/1.1" 200 8232
192.168.10.62 - - [26/Sep/2017:12:42:14 -0300] "POST /cormun/servlet/vesolicitudgral?eb9fc73610ff801fe68d590a9e014a4b,2017,7455,,,gx-no-cache=1506440491585 HTTP/1.1" 200 90
192.168.10.62 - - [26/Sep/2017:12:42:14 -0300] "GET /cormun/servlet/hpexe_link HTTP/1.1" 200 967
192.168.10.62 - - [26/Sep/2017:12:42:14 -0300] "GET /cormun/servlet/trsolicitudgral HTTP/1.1" 200 8218
192.168.10.62 - - [26/Sep/2017:12:42:15 -0300] "GET /cormun/servlet/trsolicitudgral HTTP/1.1" 200 8217
192.168.10.62 - - [26/Sep/2017:12:42:19 -0300] "POST /cormun/servlet/trsolicitudgral?eb9fc73610ff801fe68d590a9e014a4b,gx-no-cache=1506440496368 HTTP/1.1" 200 7439
186.79.187.132 - - [26/Sep/2017:12:42:21 -0300] "POST /cormun/servlet/licenciaspermisosadjuntos?6e46d7a13b606d1b9982abe83a34d098,INS,13776741,L,20170926000000,, HTTP/1.1" 200 116
186.79.187.132 - - [26/Sep/2017:12:42:22 -0300] "GET /cormun/servlet/hpexe_return? HTTP/1.1" 200 1036
186.79.187.132 - - [26/Sep/2017:12:42:22 -0300] "GET /cormun/servlet/trlicenciaspermisosadjuntos?13776741,20170926000000,L, HTTP/1.1" 200 6592
186.79.187.132 - - [26/Sep/2017:12:42:24 -0300] "GET /cormun/servlet/trlicenciaspermisosadjuntos?13776741,20170926000000,L, HTTP/1.1" 200 6588
186.79.187.132 - - [26/Sep/2017:12:42:26 -0300] "GET /cormun/PublicTempStorage/oscar3618224.jpg HTTP/1.1" 200 1393876
192.168.10.62 - - [26/Sep/2017:12:42:35 -0300] "POST /cormun/servlet/trsolicitudgral?eb9fc73610ff801fe68d590a9e014a4b,gx-no-cache=1506440512721 HTTP/1.1" 200 105
186.79.187.132 - - [26/Sep/2017:12:42:35 -0300] "GET /cormun/servlet/trlicencias? HTTP/1.1" 200 10555
192.168.10.62 - - [26/Sep/2017:12:42:35 -0300] "POST /cormun/servlet/trsolicitudgral?eb9fc73610ff801fe68d590a9e014a4b,gx-no-cache=1506440512885 HTTP/1.1" 200 7422
192.168.10.62 - - [26/Sep/2017:12:42:36 -0300] "GET /cormun/SolicitudGral-8019.xls HTTP/1.1" 200 6144
186.79.187.132 - - [26/Sep/2017:12:42:37 -0300] "GET /cormun/servlet/trlicencias? HTTP/1.1" 200 10553
186.79.187.132 - - [26/Sep/2017:12:42:46 -0300] "POST /cormun/servlet/trlicencias?6e46d7a13b606d1b9982abe83a34d098,,gx-no-cache=1506440599450 HTTP/1.1" 200 8081
186.79.187.132 - - [26/Sep/2017:12:42:46 -0300] "GET /cormun/static/Shared/jqueryui/images/ui-bg_highlight-soft_100_c6c2c8_1x100.png HTTP/1.1" 404 1117
186.79.187.132 - - [26/Sep/2017:12:42:46 -0300] "GET /cormun/static/Shared/jqueryui/images/ui-icons_82798d_256x240.png HTTP/1.1" 404 1089
186.79.187.132 - - [26/Sep/2017:12:42:46 -0300] "GET /cormun/static/Shared/jqueryui/images/ui-icons_8d78a5_256x240.png HTTP/1.1" 404 1089
186.79.187.132 - - [26/Sep/2017:12:42:46 -0300] "GET /cormun/static/Shared/jqueryui/images/ui-bg_flat_55_fafafa_40x100.png HTTP/1.1" 404 1097
186.79.187.132 - - [26/Sep/2017:12:42:51 -0300] "GET /cormun/servlet/alicenciaprn?13776741,L,20170926000000,PU HTTP/1.1" 200 1590
192.168.10.62 - - [26/Sep/2017:12:43:04 -0300] "GET /cormun/servlet/vesolicitudgral?2017,7459,, HTTP/1.1" 200 8228
192.168.10.62 - - [26/Sep/2017:12:43:04 -0300] "GET /cormun/pexe_scrolldiv.js HTTP/1.1" 404 1009
192.168.10.62 - - [26/Sep/2017:12:43:04 -0300] "GET /cormun/pexe_scrolldiv.js HTTP/1.1" 404 1009
192.168.10.62 - - [26/Sep/2017:12:43:04 -0300] "GET /cormun/servlet/vesolicitudgral?2017,7459,, HTTP/1.1" 200 8228
201.246.237.229 - - [26/Sep/2017:12:44:20 -0300] "POST /cormun/servlet/licenciaspermisosadjuntos?159ed053aa7046e92fce60ebd61da743,INS,15105485,L,20170926000000,, HTTP/1.1" 200 116
201.246.237.229 - - [26/Sep/2017:12:44:20 -0300] "GET /cormun/servlet/hpexe_return? HTTP/1.1" 200 1046
201.246.237.229 - - [26/Sep/2017:12:44:22 -0300] "GET /cormun/servlet/trlicenciaspermisosadjuntos?15105485,20170926000000,L, HTTP/1.1" 200 6963
201.246.237.229 - - [26/Sep/2017:12:44:24 -0300] "GET /cormun/servlet/trlicenciaspermisosadjuntos?15105485,20170926000000,L, HTTP/1.1" 200 6961
201.246.237.229 - - [26/Sep/2017:12:44:55 -0300] "GET /cormun/servlet/trlicenciaspermisosadjuntos?15105485,20170926000000,L, HTTP/1.1" 200 6964
201.246.237.229 - - [26/Sep/2017:12:44:58 -0300] "GET /cormun/servlet/trlicenciaspermisosadjuntos?15105485,20170926000000,L, HTTP/1.1" 200 6960
201.246.237.229 - - [26/Sep/2017:12:44:59 -0300] "POST /cormun/servlet/trlicenciaspermisosadjuntos?159ed053aa7046e92fce60ebd61da743,15105485,20170926000000,L,,gx-no-cache=1506440739438 HTTP/1.1" 200 90
201.246.237.229 - - [26/Sep/2017:12:44:59 -0300] "GET /cormun/servlet/hpexe_link HTTP/1.1" 200 989
201.246.237.229 - - [26/Sep/2017:12:45:00 -0300] "GET /cormun/servlet/trlicencias HTTP/1.1" 200 13985
201.246.237.229 - - [26/Sep/2017:12:45:01 -0300] "GET /cormun/servlet/trlicencias HTTP/1.1" 200 13983
201.246.237.229 - - [26/Sep/2017:12:45:05 -0300] "GET /cormun/servlet/licenciaspermisos?UPD,15105485,L,20170926000000, HTTP/1.1" 200 7829
201.246.237.229 - - [26/Sep/2017:12:45:06 -0300] "GET /cormun/servlet/licenciaspermisos?UPD,15105485,L,20170926000000, HTTP/1.1" 200 7847
201.246.237.229 - - [26/Sep/2017:12:45:06 -0300] "GET /cormun/servlet/licenciaspermisos?9cbcef55759e7cdd41a44d05e7c0919fa00c139f3c8460667d4b7f7d80ad9fd962abc7f77f53024e5394448f958bfe2c284367feacd507c89763fbf3ca6f719b64a87cc482b0b443fa60ca82e68ddccb,gx-no-cache=1506440746975 HTTP/1.1" 200 94
201.246.237.229 - - [26/Sep/2017:12:45:12 -0300] "GET /cormun/servlet/licenciaspermisos?9cbcef55759e7cdd41a44d05e7c0919f906575fed3a747740a667e13ba15520a5938abac431560db46ec206a61cfc1abe1c12deb000919cd03dd270a111dcaca8a7a1d1fe0f0ed3c68174320fcb5e81c660573b74b8feda841ae6f201a7967732ab32b53de1255c46b198b4c3ebdd52a5d8e4c99ac18d48e7cc858a6760e0f977f3f9e5aabddd7f547055f3ea357ecb1a7d8014964b14bacb7715dd8f2c7bd6e0629de735857e08852685f7bef855d31ecaa31ac97c31cf197c6dedefdae0f18bcea04d53cfc96a304c299cfa087f7b124b91ec014422fd3d733eb4ade77adf9,gx-no-cache=1506440753040 HTTP/1.1" 200 30
201.246.237.229 - - [26/Sep/2017:12:45:12 -0300] "GET /cormun/servlet/licenciaspermisos?9cbcef55759e7cdd41a44d05e7c0919f1f45ba4dbd18a91965673d2653cd44c0ffc1fef0e50ffdf2a880d7c4827ffa87118f6bd9d71a39e88951a1f2df7576ba1bde9de9b884c9e8cb80f8a37464e47ed2d8f63622fc7e370afda95e3e5cb85f15320109e711dc7051f349aeb377b5ab36ee98c0e74367cf956fea45133226342796f2e3783ce79c3c97b35eea188a7eb2bd0080ea4f9a2b16ee3b7a64771cb1685d3d112f14076ab3229167e17bce4446ed3c977811da61a44195007149a7595503382de4aeb18efd8a736bac7e8bac23e52c24f6b542f1464ef685c11551b0,gx-no-cache=1506440753123 HTTP/1.1" 200 29
201.246.237.229 - - [26/Sep/2017:12:45:13 -0300] "POST /cormun/servlet/licenciaspermisos?159ed053aa7046e92fce60ebd61da743,UPD,15105485,L,20170926000000,,gx-no-cache=1506440753203 HTTP/1.1" 200 93
201.246.237.229 - - [26/Sep/2017:12:45:13 -0300] "GET /cormun/servlet/hpexe_return? HTTP/1.1" 200 1033
201.246.237.229 - - [26/Sep/2017:12:45:13 -0300] "GET /cormun/servlet/trlicencias HTTP/1.1" 200 13990
201.246.237.229 - - [26/Sep/2017:12:45:14 -0300] "GET /cormun/servlet/trlicencias HTTP/1.1" 200 14041
201.246.237.229 - - [26/Sep/2017:12:45:17 -0300] "GET /cormun/servlet/alicenciaprn?15105485,L,20170926000000,PU HTTP/1.1" 200 1542
192.168.10.62 - - [26/Sep/2017:12:46:07 -0300] "POST /cormun/servlet/vesolicitudgral?eb9fc73610ff801fe68d590a9e014a4b,2017,7459,,,gx-no-cache=1506440724264 HTTP/1.1" 200 10569
192.168.10.62 - - [26/Sep/2017:12:46:07 -0300] "GET /cormun/static/Shared/jqueryui/images/ui-icons_8d78a5_256x240.png HTTP/1.1" 404 1089
192.168.10.62 - - [26/Sep/2017:12:46:07 -0300] "GET /cormun/static/Shared/jqueryui/images/ui-bg_flat_55_fafafa_40x100.png HTTP/1.1" 404 1097
192.168.10.62 - - [26/Sep/2017:12:46:07 -0300] "GET /cormun/static/Shared/jqueryui/images/ui-bg_highlight-soft_100_c6c2c8_1x100.png HTTP/1.1" 404 1117
192.168.10.62 - - [26/Sep/2017:12:46:07 -0300] "GET /cormun/static/Shared/jqueryui/images/ui-icons_82798d_256x240.png HTTP/1.1" 404 1089
192.168.10.62 - - [26/Sep/2017:12:46:07 -0300] "POST /cormun/servlet/vesolicitudgral?eb9fc73610ff801fe68d590a9e014a4b,2017,7459,,,gx-no-cache=1506440724577 HTTP/1.1" 200 10504
192.168.10.62 - - [26/Sep/2017:12:46:28 -0300] "POST /cormun/servlet/vesolicitudgral?eb9fc73610ff801fe68d590a9e014a4b,2017,7459,,,gx-no-cache=1506440745690 HTTP/1.1" 200 90
192.168.10.62 - - [26/Sep/2017:12:46:28 -0300] "GET /cormun/servlet/hpexe_link HTTP/1.1" 200 987
192.168.10.62 - - [26/Sep/2017:12:46:29 -0300] "GET /cormun/servlet/trsolicitudgral?gx-no-cache=1506440512885 HTTP/1.1" 200 10108
192.168.10.62 - - [26/Sep/2017:12:46:29 -0300] "GET /cormun/servlet/trsolicitudgral?gx-no-cache=1506440512885 HTTP/1.1" 200 10127
201.246.237.229 - - [26/Sep/2017:12:46:36 -0300] "POST /cormun/servlet/trlicencias?159ed053aa7046e92fce60ebd61da743,gx-no-cache=1506440835806 HTTP/1.1" 200 11542
192.168.10.62 - - [26/Sep/2017:12:46:38 -0300] "POST /cormun/servlet/trsolicitudgral?eb9fc73610ff801fe68d590a9e014a4b,gx-no-cache=1506440512885,gx-no-cache=1506440755231 HTTP/1.1" 200 6519
192.168.10.62 - - [26/Sep/2017:12:46:38 -0300] "GET /cormun/static/Shared/jqueryui/images/ui-bg_highlight-soft_100_c6c2c8_1x100.png HTTP/1.1" 404 1117
192.168.10.62 - - [26/Sep/2017:12:46:38 -0300] "GET /cormun/static/Shared/jqueryui/images/ui-bg_flat_55_fafafa_40x100.png HTTP/1.1" 404 1097
192.168.10.62 - - [26/Sep/2017:12:46:38 -0300] "GET /cormun/static/Shared/jqueryui/images/ui-icons_8d78a5_256x240.png HTTP/1.1" 404 1089
192.168.10.62 - - [26/Sep/2017:12:46:38 -0300] "GET /cormun/static/Shared/jqueryui/images/ui-icons_82798d_256x240.png HTTP/1.1" 404 1089
201.246.237.229 - - [26/Sep/2017:12:46:44 -0300] "GET /cormun/servlet/trlicenciaspermisosadjuntos?15105485,20170926000000,L, HTTP/1.1" 200 6898
201.246.237.229 - - [26/Sep/2017:12:46:46 -0300] "GET /cormun/servlet/trlicenciaspermisosadjuntos?15105485,20170926000000,L, HTTP/1.1" 200 6898
186.79.189.203 - - [26/Sep/2017:12:47:18 -0300] "GET /cormun/servlet/hlogin HTTP/1.1" 200 1717
186.79.189.203 - - [26/Sep/2017:12:47:18 -0300] "GET /cormun/static/gxcfg.js?20175251213516 HTTP/1.1" 200 953
186.79.189.203 - - [26/Sep/2017:12:47:19 -0300] "GET /cormun/static/Resources/PXToolsLoginTop.png HTTP/1.1" 200 1337
186.79.189.203 - - [26/Sep/2017:12:47:19 -0300] "GET /cormun/static/Resources/PXToolsLoginBackground.png HTTP/1.1" 200 1164
186.79.189.203 - - [26/Sep/2017:12:47:19 -0300] "GET /cormun/static/Resources/PXToolsButtonBackground2.png HTTP/1.1" 200 1181
186.79.189.203 - - [26/Sep/2017:12:47:19 -0300] "GET /cormun/static/Resources/PXToolsButtonRight21.png HTTP/1.1" 200 1283
186.79.189.203 - - [26/Sep/2017:12:47:19 -0300] "GET /cormun/static/Resources/PXToolsButtonLeft21.png HTTP/1.1" 200 1287
186.79.189.203 - - [26/Sep/2017:12:47:19 -0300] "GET /cormun/static/Resources/ComunLogin.png HTTP/1.1" 200 17326
186.79.189.203 - - [26/Sep/2017:12:47:19 -0300] "GET /cormun/static/Resources/PXToolsLoginBottom.png HTTP/1.1" 200 1389
186.79.189.203 - - [26/Sep/2017:12:47:29 -0300] "POST /cormun/servlet/hlogin?46e93933eef5be1404dd9914e7113892,gx-no-cache=1506440893589 HTTP/1.1" 200 90
186.79.189.203 - - [26/Sep/2017:12:47:29 -0300] "GET /cormun/servlet/hpexe_link HTTP/1.1" 200 948
192.168.10.89 - - [26/Sep/2017:12:47:29 -0300] "GET /cormun/servlet/hlogin HTTP/1.1" 200 1712
192.168.10.89 - - [26/Sep/2017:12:47:29 -0300] "GET /cormun/servlet/hlogin HTTP/1.1" 200 1722
186.79.189.203 - - [26/Sep/2017:12:47:29 -0300] "GET /cormun/servlet/hhome HTTP/1.1" 200 4111
186.79.189.203 - - [26/Sep/2017:12:47:31 -0300] "GET /cormun/static/gxcfg.js?20175251212442 HTTP/1.1" 200 953
186.79.189.203 - - [26/Sep/2017:12:47:31 -0300] "GET /cormun/static/PXToolsJavascripts/pexe_menudivfix.js HTTP/1.1" 200 333
186.79.189.203 - - [26/Sep/2017:12:47:31 -0300] "GET /cormun/static/PXToolsJavascripts/pexe_cookies.js HTTP/1.1" 200 792
186.79.189.203 - - [26/Sep/2017:12:47:31 -0300] "GET /cormun/static/PXToolsJavascripts/pexe_oav.js HTTP/1.1" 200 645
186.79.189.203 - - [26/Sep/2017:12:47:31 -0300] "GET /cormun/static/PXToolsJavascripts/pexe_oavdivfix.js HTTP/1.1" 200 639
186.79.189.203 - - [26/Sep/2017:12:47:31 -0300] "GET /cormun/static/PXToolsJavascripts/PXToolsJavascriptsRender.js HTTP/1.1" 200 367
186.79.189.203 - - [26/Sep/2017:12:47:31 -0300] "GET /cormun/static/PXToolsJavascripts/pexe_picture.js HTTP/1.1" 200 689
186.79.189.203 - - [26/Sep/2017:12:47:32 -0300] "GET /cormun/static/PXToolsJavascripts/pexe_tabdivfix.js HTTP/1.1" 200 876
186.79.189.203 - - [26/Sep/2017:12:47:32 -0300] "GET /cormun/static/RunJS/RunJS.js HTTP/1.1" 200 288
186.79.189.203 - - [26/Sep/2017:12:47:32 -0300] "GET /cormun/static/hhome.js?20175251212450 HTTP/1.1" 200 777
186.79.189.203 - - [26/Sep/2017:12:47:32 -0300] "GET /cormun/static/Resources/PXToolsHeaderBackground2.png HTTP/1.1" 200 1174
186.79.189.203 - - [26/Sep/2017:12:47:32 -0300] "GET /cormun/static/Resources/PXToolsFooterBackground2.png HTTP/1.1" 200 1172
186.79.189.203 - - [26/Sep/2017:12:47:32 -0300] "GET /cormun/static/Resources/PXToolsDataTitle.png HTTP/1.1" 200 1173
186.79.189.203 - - [26/Sep/2017:12:47:32 -0300] "GET /cormun/static/Resources/PXToolsHeaderActionsBackground.png HTTP/1.1" 200 484
186.79.189.203 - - [26/Sep/2017:12:47:32 -0300] "GET /cormun/static/Resources/PXToolsHeaderActionsLeft.png HTTP/1.1" 200 1118
186.79.189.203 - - [26/Sep/2017:12:47:32 -0300] "GET /cormun/static/Resources/logo4.png HTTP/1.1" 200 6582
186.79.189.203 - - [26/Sep/2017:12:47:32 -0300] "GET /cormun/static/Resources/PXToolsHeaderLogin.png HTTP/1.1" 200 4279
186.79.189.203 - - [26/Sep/2017:12:47:32 -0300] "GET /cormun/static/Resources/PXToolsHeaderHome.png HTTP/1.1" 200 4147
186.79.189.203 - - [26/Sep/2017:12:47:32 -0300] "GET /cormun/static/Resources/PXToolsHeaderSecurity.png HTTP/1.1" 200 4166
186.79.189.203 - - [26/Sep/2017:12:47:32 -0300] "GET /cormun/static/Resources/PXToolsHeaderActionsRight.png HTTP/1.1" 200 1201
186.79.189.203 - - [26/Sep/2017:12:47:32 -0300] "GET /cormun/static/Resources/PXToolsHeaderPreferences.png HTTP/1.1" 200 4189
186.79.189.203 - - [26/Sep/2017:12:47:33 -0300] "GET /cormun/static/hpexe_messagecontroller.js?20177611595012 HTTP/1.1" 200 870
186.79.189.203 - - [26/Sep/2017:12:47:33 -0300] "GET /cormun/static/hpexe_messagepopupcomponent.js?20161017169425 HTTP/1.1" 200 605
186.79.189.203 - - [26/Sep/2017:12:47:33 -0300] "GET /cormun/static/hpexe_messagegenexuscomponent.js?201752511465344 HTTP/1.1" 200 587
186.79.189.203 - - [26/Sep/2017:12:47:33 -0300] "GET /cormun/servlet/hhome HTTP/1.1" 200 4107
186.79.189.203 - - [26/Sep/2017:12:47:33 -0300] "GET /cormun/static/SmoothNavMenu/resources/images/right.gif HTTP/1.1" 200 860
186.79.189.203 - - [26/Sep/2017:12:47:33 -0300] "GET /cormun/static/SmoothNavMenu/resources/images/down.gif HTTP/1.1" 200 854
192.168.10.89 - - [26/Sep/2017:12:47:36 -0300] "POST /cormun/servlet/hlogin?3a4e8e28ab31fb0797439cd90d789ee0,gx-no-cache=1506440813181 HTTP/1.1" 200 90
192.168.10.89 - - [26/Sep/2017:12:47:36 -0300] "GET /cormun/servlet/hpexe_link HTTP/1.1" 200 944
192.168.10.89 - - [26/Sep/2017:12:47:36 -0300] "GET /cormun/servlet/hhome HTTP/1.1" 200 4622
186.79.189.203 - - [26/Sep/2017:12:47:36 -0300] "GET /cormun/servlet/trlicencias? HTTP/1.1" 200 14290
192.168.10.89 - - [26/Sep/2017:12:47:38 -0300] "GET /cormun/servlet/trsolicitudgral? HTTP/1.1" 200 12234
186.79.189.203 - - [26/Sep/2017:12:47:38 -0300] "GET /cormun/servlet/trlicencias? HTTP/1.1" 200 14265
186.103.159.189 - - [26/Sep/2017:12:47:43 -0300] "GET /cormun/servlet/hlogin HTTP/1.1" 200 1720
186.103.159.189 - - [26/Sep/2017:12:47:43 -0300] "GET /cormun/servlet/hlogin HTTP/1.1" 200 1731
192.168.10.89 - - [26/Sep/2017:12:47:45 -0300] "POST /cormun/servlet/trsolicitudgral?3a4e8e28ab31fb0797439cd90d789ee0,,gx-no-cache=1506440822509 HTTP/1.1" 200 8370
192.168.10.89 - - [26/Sep/2017:12:47:45 -0300] "GET /cormun/static/Shared/jqueryui/images/ui-bg_flat_55_fafafa_40x100.png HTTP/1.1" 404 1097
192.168.10.89 - - [26/Sep/2017:12:47:45 -0300] "GET /cormun/static/Shared/jqueryui/images/ui-icons_8d78a5_256x240.png HTTP/1.1" 404 1089
192.168.10.89 - - [26/Sep/2017:12:47:45 -0300] "GET /cormun/static/Shared/jqueryui/images/ui-icons_82798d_256x240.png HTTP/1.1" 404 1089
192.168.10.89 - - [26/Sep/2017:12:47:45 -0300] "GET /cormun/static/Shared/jqueryui/images/ui-bg_highlight-soft_100_c6c2c8_1x100.png HTTP/1.1" 404 1117
201.246.237.229 - - [26/Sep/2017:12:47:51 -0300] "GET /cormun/PublicTempStorage/silva_gabriela_reyes4531574.pdf HTTP/1.1" 206 15066337
192.168.10.89 - - [26/Sep/2017:12:47:55 -0300] "GET /cormun/servlet/solicitudgral2?UPD,2017,7447, HTTP/1.1" 200 12741
192.168.10.89 - - [26/Sep/2017:12:47:56 -0300] "POST /cormun/servlet/solicitudgral2?gx-no-cache=1506440833402 HTTP/1.1" 200 3249
192.168.10.89 - - [26/Sep/2017:12:47:56 -0300] "GET /cormun/servlet/solicitudgral2?8a726455b9f258d4a05746bbee81d5cdc340c2c7f6a5668be797bdfc973dc3c5b6ca2d2e7e3b823bb9814219ca1148af2e3dc1aef1f8a862da916880410efb3b01e299b4d27b8c16be17793328cdf1f3d68ea3f2b82b2d31e2d8daaaf3778337ca5894a78368444960d34061170e204bc911b30abe2877efec70a08154be5a44135cfae4c86bc522de446183dab6f1fceeae3d177a9ff2059987cf41e442304a6da78de28575a13d1ba8e79c9cbdd0e14fb4208505ab68bcf3474530218b8c82d69686c6cb1b6afc2e8e4c0d85305de5a3b40231f972b3d7663383505734e7fd32e7c161582237242b83f3af0787d30054975323b753397d93da2e1e8d7ca4cd2435152ea0343ed3f112afa742090761250abec1ba6ed0bb31f4bd766a5234e8fe9fbad3906f4055f93b7b3941c54903c4189406531f3eaf48de1712015cbace7e1c31120d7aecd3d9a22a3e5c8a21d3,gx-no-cache=1506440833566 HTTP/1.1" 200 258
192.168.10.89 - - [26/Sep/2017:12:47:56 -0300] "POST /cormun/servlet/solicitudgral2?gx-no-cache=1506440833589 HTTP/1.1" 200 1414
192.168.10.89 - - [26/Sep/2017:12:47:56 -0300] "GET /cormun/servlet/solicitudgral2?8a726455b9f258d4a05746bbee81d5cdc5ad68a6e641b0ac272df094873cff4be23f4c9632feb63bf6b9cafc120762762e3dc1aef1f8a862da916880410efb3b19a3c40cda6a28ef24bbed4d11226cfdcf86fcf9c11ba354dea948a49d3dcfcb91c0ea58ffe2c2461da875cb47e2b4d2,gx-no-cache=1506440833646 HTTP/1.1" 200 41
192.168.10.89 - - [26/Sep/2017:12:47:59 -0300] "POST /cormun/servlet/solicitudgral2?3a4e8e28ab31fb0797439cd90d789ee0,UPD,2017,7447,,gx-no-cache=1506440836839 HTTP/1.1" 200 10916
192.168.10.89 - - [26/Sep/2017:12:48:00 -0300] "GET /cormun/servlet/solicitudgral2?8a726455b9f258d4a05746bbee81d5cdb2dfbd205d90cc17de4aa2b44085ece8b80eb337968ff7339f5e491bede391447a8272820aefd37809894230849fff22b9955a9f52535052787448ce9b1f9c8f33398d3e240cb7041214825be45ab39fc533f78559465714654ea746e7634f71e6ae05b18659ce6f4555c0991928e5906c7dafcafecf2b22a69a07f0519763e2d223bf677aff4183bd927aa0f3de15c7,gx-no-cache=1506440837046 HTTP/1.1" 200 29
192.168.10.89 - - [26/Sep/2017:12:48:00 -0300] "POST /cormun/servlet/solicitudgral2?gx-no-cache=1506440837063 HTTP/1.1" 200 1312
192.168.10.89 - - [26/Sep/2017:12:48:00 -0300] "POST /cormun/servlet/solicitudgral2?gx-no-cache=1506440837097 HTTP/1.1" 200 1216
192.168.10.89 - - [26/Sep/2017:12:48:06 -0300] "POST /cormun/servlet/solicitudgral2?3a4e8e28ab31fb0797439cd90d789ee0,UPD,2017,7447,,gx-no-cache=1506440843499 HTTP/1.1" 200 93
192.168.10.89 - - [26/Sep/2017:12:48:06 -0300] "GET /cormun/servlet/hpexe_return? HTTP/1.1" 200 1009
192.168.10.89 - - [26/Sep/2017:12:48:06 -0300] "GET /cormun/servlet/trsolicitudgral? HTTP/1.1" 200 11729
186.103.159.189 - - [26/Sep/2017:12:48:08 -0300] "POST /cormun/servlet/hlogin?0dc8a980df457bb767f1ba37d8376b61,gx-no-cache=1506440922027 HTTP/1.1" 200 90
186.103.159.189 - - [26/Sep/2017:12:48:08 -0300] "GET /cormun/servlet/hpexe_link HTTP/1.1" 200 950
186.103.159.189 - - [26/Sep/2017:12:48:08 -0300] "GET /cormun/servlet/hhome HTTP/1.1" 200 3858
186.103.159.189 - - [26/Sep/2017:12:48:10 -0300] "GET /cormun/servlet/hhome HTTP/1.1" 200 3855
186.79.189.203 - - [26/Sep/2017:12:48:13 -0300] "GET /cormun/servlet/hlogin HTTP/1.1" 200 1733
186.103.159.189 - - [26/Sep/2017:12:48:31 -0300] "GET /cormun/servlet/trpermisosgoce? HTTP/1.1" 200 11524
186.103.159.189 - - [26/Sep/2017:12:48:34 -0300] "GET /cormun/servlet/trpermisosgoce? HTTP/1.1" 200 11530
192.168.10.62 - - [26/Sep/2017:12:48:35 -0300] "GET /cormun/servlet/vesolicitudgral?2017,7446,, HTTP/1.1" 200 8286
192.168.10.62 - - [26/Sep/2017:12:48:35 -0300] "GET /cormun/pexe_scrolldiv.js HTTP/1.1" 404 1009
192.168.10.62 - - [26/Sep/2017:12:48:35 -0300] "GET /cormun/pexe_scrolldiv.js HTTP/1.1" 404 1009
192.168.10.62 - - [26/Sep/2017:12:48:35 -0300] "GET /cormun/servlet/vesolicitudgral?2017,7446,, HTTP/1.1" 200 8264
186.103.159.189 - - [26/Sep/2017:12:48:40 -0300] "GET /cormun/servlet/permisogoce?INS,0,,, HTTP/1.1" 200 6694
186.103.159.189 - - [26/Sep/2017:12:48:40 -0300] "GET /cormun/static/gxcfg.js?201776126440 HTTP/1.1" 200 953
186.103.159.189 - - [26/Sep/2017:12:48:40 -0300] "GET /cormun/static/Resources/prompt.gif HTTP/1.1" 200 902
186.103.159.189 - - [26/Sep/2017:12:48:40 -0300] "GET /cormun/static/permisogoce.js?2017761264459 HTTP/1.1" 200 27897
186.103.159.189 - - [26/Sep/2017:12:48:41 -0300] "GET /cormun/servlet/permisogoce?INS,0,,, HTTP/1.1" 200 6692
192.168.10.62 - - [26/Sep/2017:12:48:42 -0300] "POST /cormun/servlet/vesolicitudgral?eb9fc73610ff801fe68d590a9e014a4b,2017,7446,,,gx-no-cache=1506440879445 HTTP/1.1" 200 90
192.168.10.62 - - [26/Sep/2017:12:48:42 -0300] "GET /cormun/servlet/hpexe_link HTTP/1.1" 200 987
192.168.10.62 - - [26/Sep/2017:12:48:42 -0300] "GET /cormun/servlet/trsolicitudgral?gx-no-cache=1506440512885 HTTP/1.1" 200 9594
192.168.10.62 - - [26/Sep/2017:12:48:43 -0300] "GET /cormun/servlet/trsolicitudgral?gx-no-cache=1506440512885 HTTP/1.1" 200 9615
186.103.159.189 - - [26/Sep/2017:12:48:45 -0300] "GET /cormun/static/Resources/resize.gif HTTP/1.1" 200 77
186.103.159.189 - - [26/Sep/2017:12:48:46 -0300] "GET /cormun/servlet/prfichaempleado?,MD,,gxPopupLevel%3D0%3B HTTP/1.1" 200 9284
186.103.159.189 - - [26/Sep/2017:12:48:46 -0300] "GET /cormun/static/gxcfg.js?20177612134814 HTTP/1.1" 200 953
186.103.159.189 - - [26/Sep/2017:12:48:46 -0300] "GET /cormun/static/Resources/PXToolsMenuSearch.png HTTP/1.1" 200 2914
186.103.159.189 - - [26/Sep/2017:12:48:46 -0300] "GET /cormun/static/prfichaempleado.js?20177612134999 HTTP/1.1" 200 16006
186.103.159.189 - - [26/Sep/2017:12:48:46 -0300] "GET /cormun/static/menusearch.js?201610171694467 HTTP/1.1" 200 1424
186.103.159.189 - - [26/Sep/2017:12:48:46 -0300] "GET /cormun/static/hmpwkw011.js?20177612121862 HTTP/1.1" 200 1968
186.103.159.189 - - [26/Sep/2017:12:48:46 -0300] "GET /cormun/static/Resources/PXToolsMenuSearchCancel.png HTTP/1.1" 200 2972
186.103.159.189 - - [26/Sep/2017:12:48:58 -0300] "POST /cormun/servlet/prfichaempleado?0dc8a980df457bb767f1ba37d8376b61,,MD,,gxPopupLevel%3D0%3B,gx-no-cache=1506440971489 HTTP/1.1" 200 3472
192.168.10.62 - - [26/Sep/2017:12:49:02 -0300] "POST /cormun/servlet/trsolicitudgral?eb9fc73610ff801fe68d590a9e014a4b,gx-no-cache=1506440512885,gx-no-cache=1506440899210 HTTP/1.1" 200 5130
192.168.10.62 - - [26/Sep/2017:12:49:05 -0300] "POST /cormun/servlet/trsolicitudgral?eb9fc73610ff801fe68d590a9e014a4b,gx-no-cache=1506440512885,gx-no-cache=1506440902025 HTTP/1.1" 200 6483
186.103.159.189 - - [26/Sep/2017:12:49:06 -0300] "GET /cormun/servlet/permisogoce?1386a247b228ecf0aeedd2aa14445a272a25a2d2949594fc9d9673b5a97df63ea4329124c9c9bdcf79573bcd9a9875edfd5396c30837213e5a6c26f05130017c,gx-no-cache=1506440980204 HTTP/1.1" 200 76
186.103.159.189 - - [26/Sep/2017:12:49:07 -0300] "GET /cormun/static/menuarrow.gif HTTP/1.1" 404 1015
192.168.10.62 - - [26/Sep/2017:12:49:12 -0300] "POST /cormun/servlet/trsolicitudgral?eb9fc73610ff801fe68d590a9e014a4b,gx-no-cache=1506440512885,gx-no-cache=1506440909049 HTTP/1.1" 200 6925
186.103.159.189 - - [26/Sep/2017:12:49:15 -0300] "GET /cormun/servlet/permisogoce?1386a247b228ecf0aeedd2aa14445a2707f164b21d0cfe7fb61266f701619de5e229864537e5885d0efecda6ba5e5b2963ce138dec3034c5fa66131801284c2d,gx-no-cache=1506440989179 HTTP/1.1" 200 48
186.103.159.189 - - [26/Sep/2017:12:49:57 -0300] "POST /cormun/servlet/permisogoce?0dc8a980df457bb767f1ba37d8376b61,INS,0,,,,gx-no-cache=1506441030475 HTTP/1.1" 200 93
186.103.159.189 - - [26/Sep/2017:12:49:57 -0300] "GET /cormun/servlet/hpexe_return? HTTP/1.1" 200 1009
186.103.159.189 - - [26/Sep/2017:12:49:58 -0300] "GET /cormun/static/gxcfg.js?2016101716175148 HTTP/1.1" 200 953
186.103.159.189 - - [26/Sep/2017:12:49:58 -0300] "GET /cormun/static/hpexe_return.js?2016101716175153 HTTP/1.1" 200 1633
186.103.159.189 - - [26/Sep/2017:12:49:58 -0300] "GET /cormun/static/Resources/Spanish/PXTools.css?167811 HTTP/1.1" 200 89042
186.103.159.189 - - [26/Sep/2017:12:49:58 -0300] "GET /cormun/servlet/trpermisosgoce HTTP/1.1" 200 11850
186.103.159.189 - - [26/Sep/2017:12:50:00 -0300] "GET /cormun/servlet/trpermisosgoce HTTP/1.1" 200 11825
186.103.159.189 - - [26/Sep/2017:12:50:33 -0300] "GET /cormun/servlet/apermisogoceprn?16884573,P,20170926124757,PU HTTP/1.1" 200 1656
192.168.10.62 - - [26/Sep/2017:12:50:37 -0300] "POST /cormun/servlet/trsolicitudgral?eb9fc73610ff801fe68d590a9e014a4b,gx-no-cache=1506440512885,gx-no-cache=1506440994580 HTTP/1.1" 200 6508
192.168.10.62 - - [26/Sep/2017:12:50:37 -0300] "GET /cormun/static/Shared/jqueryui/images/ui-bg_highlight-soft_100_c6c2c8_1x100.png HTTP/1.1" 404 1117
192.168.10.62 - - [26/Sep/2017:12:50:37 -0300] "GET /cormun/static/Shared/jqueryui/images/ui-icons_82798d_256x240.png HTTP/1.1" 404 1089
192.168.10.62 - - [26/Sep/2017:12:50:37 -0300] "GET /cormun/static/Shared/jqueryui/images/ui-bg_flat_55_fafafa_40x100.png HTTP/1.1" 404 1097
192.168.10.62 - - [26/Sep/2017:12:50:37 -0300] "GET /cormun/static/Shared/jqueryui/images/ui-icons_8d78a5_256x240.png HTTP/1.1" 404 1089
192.168.10.62 - - [26/Sep/2017:12:50:40 -0300] "POST /cormun/servlet/trsolicitudgral?eb9fc73610ff801fe68d590a9e014a4b,gx-no-cache=1506440512885,gx-no-cache=1506440997122 HTTP/1.1" 200 105
192.168.10.62 - - [26/Sep/2017:12:50:40 -0300] "GET /cormun/SolicitudGral-1261.xls HTTP/1.1" 200 5632
192.168.10.89 - - [26/Sep/2017:12:50:41 -0300] "POST /cormun/servlet/trsolicitudgral?3a4e8e28ab31fb0797439cd90d789ee0,,gx-no-cache=1506440998119 HTTP/1.1" 200 5755
192.168.10.89 - - [26/Sep/2017:12:51:13 -0300] "POST /cormun/servlet/trsolicitudgral?3a4e8e28ab31fb0797439cd90d789ee0,,gx-no-cache=1506441030202 HTTP/1.1" 200 7157
192.168.10.89 - - [26/Sep/2017:12:51:15 -0300] "POST /cormun/servlet/trsolicitudgral?3a4e8e28ab31fb0797439cd90d789ee0,,gx-no-cache=1506441032302 HTTP/1.1" 200 5969
192.168.10.89 - - [26/Sep/2017:12:51:15 -0300] "GET /cormun/static/Shared/jqueryui/images/ui-bg_highlight-soft_100_c6c2c8_1x100.png HTTP/1.1" 404 1117
192.168.10.89 - - [26/Sep/2017:12:51:15 -0300] "GET /cormun/static/Shared/jqueryui/images/ui-bg_flat_55_fafafa_40x100.png HTTP/1.1" 404 1097
192.168.10.89 - - [26/Sep/2017:12:51:15 -0300] "GET /cormun/static/Shared/jqueryui/images/ui-icons_82798d_256x240.png HTTP/1.1" 404 1089
192.168.10.89 - - [26/Sep/2017:12:51:15 -0300] "GET /cormun/static/Shared/jqueryui/images/ui-icons_8d78a5_256x240.png HTTP/1.1" 404 1089
192.168.10.96 - - [26/Sep/2017:12:51:20 -0300] "GET /cormun/servlet/trsolicitudgral? HTTP/1.1" 200 24317
192.168.10.96 - - [26/Sep/2017:12:51:21 -0300] "GET /cormun/servlet/trsolicitudgral? HTTP/1.1" 200 24317
192.168.10.96 - - [26/Sep/2017:12:51:22 -0300] "POST /cormun/servlet/trsolicitudgral?b531568c56aaa9842b8dc88ab0656242,,gx-no-cache=1506441039365 HTTP/1.1" 200 21297
192.168.10.96 - - [26/Sep/2017:12:51:30 -0300] "POST /cormun/servlet/trsolicitudgral?b531568c56aaa9842b8dc88ab0656242,,gx-no-cache=1506441047851 HTTP/1.1" 200 8821
192.168.10.62 - - [26/Sep/2017:12:51:42 -0300] "GET /cormun/servlet/vesolicitudgral?2017,7290,, HTTP/1.1" 200 8315
192.168.10.62 - - [26/Sep/2017:12:51:42 -0300] "GET /cormun/pexe_scrolldiv.js HTTP/1.1" 404 1009
192.168.10.62 - - [26/Sep/2017:12:51:42 -0300] "GET /cormun/pexe_scrolldiv.js HTTP/1.1" 404 1009
192.168.10.62 - - [26/Sep/2017:12:51:43 -0300] "GET /cormun/servlet/vesolicitudgral?2017,7290,, HTTP/1.1" 200 8293
192.168.10.96 - - [26/Sep/2017:12:51:43 -0300] "POST /cormun/servlet/trsolicitudgral?b531568c56aaa9842b8dc88ab0656242,,gx-no-cache=1506441060344 HTTP/1.1" 200 8549
192.168.10.62 - - [26/Sep/2017:12:51:48 -0300] "GET /cormun/servlet/vesolicitudgral?2017,7290,,SolicitudOTLog HTTP/1.1" 200 8732
192.168.10.62 - - [26/Sep/2017:12:51:48 -0300] "GET /cormun/pexe_scrolldiv.js HTTP/1.1" 404 1009
192.168.10.62 - - [26/Sep/2017:12:51:48 -0300] "GET /cormun/pexe_scrolldiv.js HTTP/1.1" 404 1009
192.168.10.62 - - [26/Sep/2017:12:51:49 -0300] "GET /cormun/servlet/vesolicitudgral?2017,7290,,SolicitudOTLog HTTP/1.1" 200 8732
192.168.10.96 - - [26/Sep/2017:12:51:49 -0300] "POST /cormun/servlet/trsolicitudgral?b531568c56aaa9842b8dc88ab0656242,,gx-no-cache=1506441066880 HTTP/1.1" 200 5757
192.168.10.62 - - [26/Sep/2017:12:51:49 -0300] "POST /cormun/servlet/acontrolpreferencessavestate?None,FGONZALEZG,true HTTP/1.1" 200 35
192.168.10.62 - - [26/Sep/2017:12:51:52 -0300] "POST /cormun/servlet/vesolicitudgral?eb9fc73610ff801fe68d590a9e014a4b,2017,7290,,SolicitudOTLog,gx-no-cache=1506441069300 HTTP/1.1" 200 90
192.168.10.62 - - [26/Sep/2017:12:51:52 -0300] "GET /cormun/servlet/hpexe_link HTTP/1.1" 200 994
192.168.10.62 - - [26/Sep/2017:12:51:52 -0300] "GET /cormun/servlet/trsolicitudgral?gx-no-cache=1506440512885 HTTP/1.1" 200 9588
192.168.10.62 - - [26/Sep/2017:12:51:52 -0300] "GET /cormun/servlet/trsolicitudgral?gx-no-cache=1506440512885 HTTP/1.1" 200 9608
192.168.10.96 - - [26/Sep/2017:12:51:52 -0300] "POST /cormun/servlet/trsolicitudgral?b531568c56aaa9842b8dc88ab0656242,,gx-no-cache=1506441069864 HTTP/1.1" 200 5758
192.168.10.62 - - [26/Sep/2017:12:51:54 -0300] "GET /cormun/servlet/vesolicitudgral?2017,7290,, HTTP/1.1" 200 8315
192.168.10.62 - - [26/Sep/2017:12:51:54 -0300] "GET /cormun/pexe_scrolldiv.js HTTP/1.1" 404 1009
192.168.10.62 - - [26/Sep/2017:12:51:54 -0300] "GET /cormun/pexe_scrolldiv.js HTTP/1.1" 404 1009
192.168.10.62 - - [26/Sep/2017:12:51:54 -0300] "GET /cormun/servlet/vesolicitudgral?2017,7290,, HTTP/1.1" 200 8293
192.168.10.96 - - [26/Sep/2017:12:51:56 -0300] "POST /cormun/servlet/trsolicitudgral?b531568c56aaa9842b8dc88ab0656242,,gx-no-cache=1506441073791 HTTP/1.1" 200 8549
192.168.10.62 - - [26/Sep/2017:12:51:57 -0300] "GET /cormun/servlet/vesolicitudgral?2017,7290,,SolicitudOTAdjuntos HTTP/1.1" 200 7048
192.168.10.62 - - [26/Sep/2017:12:51:57 -0300] "GET /cormun/pexe_scrolldiv.js HTTP/1.1" 404 1009
192.168.10.62 - - [26/Sep/2017:12:51:57 -0300] "GET /cormun/pexe_scrolldiv.js HTTP/1.1" 404 1009
192.168.10.62 - - [26/Sep/2017:12:51:58 -0300] "GET /cormun/servlet/vesolicitudgral?2017,7290,,SolicitudOTAdjuntos HTTP/1.1" 200 7049
192.168.10.62 - - [26/Sep/2017:12:51:58 -0300] "POST /cormun/servlet/acontrolpreferencessavestate?None,FGONZALEZG,true HTTP/1.1" 200 35
192.168.10.62 - - [26/Sep/2017:12:51:59 -0300] "POST /cormun/servlet/vesolicitudgral?eb9fc73610ff801fe68d590a9e014a4b,2017,7290,,SolicitudOTAdjuntos,gx-no-cache=1506441076954 HTTP/1.1" 200 90
192.168.10.62 - - [26/Sep/2017:12:51:59 -0300] "GET /cormun/servlet/hpexe_link HTTP/1.1" 200 998
192.168.10.62 - - [26/Sep/2017:12:52:00 -0300] "GET /cormun/servlet/trsolicitudgral?gx-no-cache=1506440512885 HTTP/1.1" 200 9588
192.168.10.62 - - [26/Sep/2017:12:52:00 -0300] "GET /cormun/servlet/trsolicitudgral?gx-no-cache=1506440512885 HTTP/1.1" 200 9608
192.168.10.62 - - [26/Sep/2017:12:52:02 -0300] "GET /cormun/servlet/vesolicitudgral?2017,7290,, HTTP/1.1" 200 8315
192.168.10.62 - - [26/Sep/2017:12:52:02 -0300] "GET /cormun/pexe_scrolldiv.js HTTP/1.1" 404 1009
192.168.10.62 - - [26/Sep/2017:12:52:02 -0300] "GET /cormun/pexe_scrolldiv.js HTTP/1.1" 404 1009
192.168.10.62 - - [26/Sep/2017:12:52:02 -0300] "GET /cormun/servlet/vesolicitudgral?2017,7290,, HTTP/1.1" 200 8293
192.168.10.62 - - [26/Sep/2017:12:52:04 -0300] "GET /cormun/servlet/vesolicitudgral?2017,7290,,SolicitudOTLog HTTP/1.1" 200 8732
192.168.10.62 - - [26/Sep/2017:12:52:04 -0300] "GET /cormun/pexe_scrolldiv.js HTTP/1.1" 404 1009
192.168.10.62 - - [26/Sep/2017:12:52:04 -0300] "GET /cormun/pexe_scrolldiv.js HTTP/1.1" 404 1009
192.168.10.62 - - [26/Sep/2017:12:52:05 -0300] "GET /cormun/servlet/vesolicitudgral?2017,7290,,SolicitudOTLog HTTP/1.1" 200 8732
192.168.10.62 - - [26/Sep/2017:12:52:06 -0300] "POST /cormun/servlet/acontrolpreferencessavestate?None,FGONZALEZG,true HTTP/1.1" 200 35
192.168.10.62 - - [26/Sep/2017:12:52:17 -0300] "POST /cormun/servlet/vesolicitudgral?eb9fc73610ff801fe68d590a9e014a4b,2017,7290,,SolicitudOTLog,gx-no-cache=1506441094282 HTTP/1.1" 200 90
192.168.10.62 - - [26/Sep/2017:12:52:17 -0300] "GET /cormun/servlet/hpexe_link HTTP/1.1" 200 994
192.168.10.62 - - [26/Sep/2017:12:52:17 -0300] "GET /cormun/servlet/trsolicitudgral?gx-no-cache=1506440512885 HTTP/1.1" 200 9588
192.168.10.62 - - [26/Sep/2017:12:52:17 -0300] "GET /cormun/servlet/trsolicitudgral?gx-no-cache=1506440512885 HTTP/1.1" 200 9608
192.168.10.62 - - [26/Sep/2017:12:52:20 -0300] "GET /cormun/servlet/vesolicitudgral?2017,7290,, HTTP/1.1" 200 8315
192.168.10.62 - - [26/Sep/2017:12:52:20 -0300] "GET /cormun/pexe_scrolldiv.js HTTP/1.1" 404 1009
192.168.10.62 - - [26/Sep/2017:12:52:20 -0300] "GET /cormun/pexe_scrolldiv.js HTTP/1.1" 404 1009
192.168.10.62 - - [26/Sep/2017:12:52:20 -0300] "GET /cormun/servlet/vesolicitudgral?2017,7290,, HTTP/1.1" 200 8293
192.168.10.62 - - [26/Sep/2017:12:52:23 -0300] "POST /cormun/servlet/vesolicitudgral?eb9fc73610ff801fe68d590a9e014a4b,2017,7290,,,gx-no-cache=1506441100006 HTTP/1.1" 200 106
192.168.10.62 - - [26/Sep/2017:12:52:23 -0300] "GET /cormun/servlet/solicitudgral?UPD,2017,7290, HTTP/1.1" 200 11794
192.168.10.62 - - [26/Sep/2017:12:52:23 -0300] "GET /cormun/servlet/solicitudgral?UPD,2017,7290, HTTP/1.1" 200 11794
192.168.10.62 - - [26/Sep/2017:12:52:24 -0300] "POST /cormun/servlet/solicitudgral?gx-no-cache=1506441100982 HTTP/1.1" 200 3245
192.168.10.62 - - [26/Sep/2017:12:52:24 -0300] "GET /cormun/servlet/solicitudgral?ab26efb928863abedc5c22989f73accef022296f2b8b3d5f969cf451614d9eed63380cbbf8848e37fdae2f3514451ea001b14acfbfa00ac35a3d94c95ecee8e22038ee79f820b284231aa7c8d9979eb759bf18713d4f7ecae02b648091f3372de653a56700aee90a5c905557eab76c42acb24efa6526be9cd5bbdaf05d927b78f17760c1cd5ce2b63e7833daafdd0aacf7c01d0a7919fe1fc85f167d4e34a32d94c250e26c10b879e7452e89b0b1f5ecd0bb21cb4ddbae3f32046065846c5f0315af9a51d3901727e6a500e26f8e8451e4ed72fcc29839a4962ade5b72794e4d9ceb230b3de9f44d4931366b7ff1fa47f9ff23a64464e1fe857e7e7e2eeb78dd3d0fb43309fcdc306743b3936cd73d203076d7afce2953e2ee2a21fdaaec01eed2d6ce1428cfd0480efc385fbf665a5597e487fbe386c54cfc12682d253d15bd46cd135f9f3942ed76a218c6434eb2c5,gx-no-cache=1506441101126 HTTP/1.1" 200 242
186.103.159.189 - - [26/Sep/2017:12:52:24 -0300] "GET /cormun/servlet/trpermisosgoce? HTTP/1.1" 200 11833
192.168.10.62 - - [26/Sep/2017:12:52:25 -0300] "GET /cormun/servlet/solicitudgral?ab26efb928863abedc5c22989f73acceca5294c3cdadcfc1251834fdf84528eddca9978530c04856bb0097206d0af27e759372027e30af97aeb043284b1df0d0b5fe0a8a75eaec01326f7fb7c9d275e5356c57b911708de4704cde596c122ae37747c03051a1f3c32b23278e8a28cad8efd7a6e28e55bd2cb935855ac182a55557a1d8b789dd977cba0900ab5b973727ea4a017ef981ac1b4ddfad4cc6bb89eda69869072907f5518757a68ec6d2617915af9a51d3901727e6a500e26f8e8451f3f4e1fd41936f89cceb3193727c28f913c2e0877c09c0924c26437dd2640b9abc550524e039894cb31cea8db211920985c7371c38acd4601185a56149202a41de8f60968539263a3f71f9b1833311266b8c3a7bd6d96b4965dad776ffa8ce88cea6b6a49c36774c94e40107717c15293f137239ec6f640045ede47d830d6755fcc834f957f51f003225fea4c6515d01ad640695afb53d95d3430e85ec80f639ce3806f00df155d4e523b836a71bf24bb05b6aeead8444e4ed1df75680b784173c021b841731eeb6a4d542649279150897b55aa38d44b46a3533a8faf29d85a1a0e8388a3ce9ec2fe40e164b9dcdd06d76d7c603d6b8f4d85af367e562b167a322dc562a582bf62ddd2f9ca4c5d09ae86c076dba138862b2f7d25d227d3448589f86aca922284af5da998618b6e411ee97b55aa38d44b46a3533a8faf29d85a1a781fc120fcd03d1e4154ddca54ce0736080500ccd1987dec90c69b3c7e5e599810752185d6596f3b9ffaebdb73f270f,gx-no-cache=1506441102494 HTTP/1.1" 200 48
192.168.10.62 - - [26/Sep/2017:12:52:25 -0300] "POST /cormun/servlet/solicitudgral?eb9fc73610ff801fe68d590a9e014a4b,UPD,2017,7290,,gx-no-cache=1506441102523 HTTP/1.1" 200 10358
192.168.10.62 - - [26/Sep/2017:12:52:25 -0300] "GET /cormun/servlet/solicitudgral?ab26efb928863abedc5c22989f73acce6b8fac70c175614d44a3fd64d439c41e81a0c8b6f6e3b2234be223fa1310a1ad1e82604b4db035a91e0a3c487076c8576d7ab6fa080f4575c706a27ebd1811996f91e9cc1cbc3b28da6944e9e931d9b234520325883c48f98a47e5dd70aa497f1ff2e14eef57d32eede95f7feac3f9387794501b18474b123af8783c6ec50ffad7a07f39ba9b675c09fc1a28fd3de2c1,gx-no-cache=1506441102684 HTTP/1.1" 200 29
192.168.10.62 - - [26/Sep/2017:12:52:25 -0300] "POST /cormun/servlet/solicitudgral?gx-no-cache=1506441102698 HTTP/1.1" 200 1312
192.168.10.62 - - [26/Sep/2017:12:52:25 -0300] "POST /cormun/servlet/solicitudgral?gx-no-cache=1506441102728 HTTP/1.1" 200 1216
186.103.159.189 - - [26/Sep/2017:12:52:26 -0300] "GET /cormun/servlet/trpermisosgoce? HTTP/1.1" 200 11833
186.103.159.189 - - [26/Sep/2017:12:52:29 -0300] "GET /cormun/servlet/permisogoce?INS,0,,, HTTP/1.1" 200 6694
186.103.159.189 - - [26/Sep/2017:12:52:30 -0300] "GET /cormun/servlet/permisogoce?INS,0,,, HTTP/1.1" 200 6694
186.103.159.189 - - [26/Sep/2017:12:52:33 -0300] "GET /cormun/servlet/prfichaempleado?,MD,,gxPopupLevel%3D0%3B HTTP/1.1" 200 9284
192.168.10.62 - - [26/Sep/2017:12:52:40 -0300] "POST /cormun/servlet/solicitudgral?eb9fc73610ff801fe68d590a9e014a4b,UPD,2017,7290,,gx-no-cache=1506441117674 HTTP/1.1" 200 93
192.168.10.62 - - [26/Sep/2017:12:52:40 -0300] "GET /cormun/servlet/hpexe_return? HTTP/1.1" 200 1019
192.168.10.62 - - [26/Sep/2017:12:52:41 -0300] "GET /cormun/servlet/vesolicitudgral?2017,7290,, HTTP/1.1" 200 8293
192.168.10.62 - - [26/Sep/2017:12:52:41 -0300] "GET /cormun/pexe_scrolldiv.js HTTP/1.1" 404 1009
192.168.10.62 - - [26/Sep/2017:12:52:41 -0300] "GET /cormun/pexe_scrolldiv.js HTTP/1.1" 404 1009
192.168.10.62 - - [26/Sep/2017:12:52:41 -0300] "GET /cormun/servlet/vesolicitudgral?2017,7290,, HTTP/1.1" 200 8289
186.103.159.189 - - [26/Sep/2017:12:52:48 -0300] "POST /cormun/servlet/prfichaempleado?0dc8a980df457bb767f1ba37d8376b61,,MD,,gxPopupLevel%3D0%3B,gx-no-cache=1506441201558 HTTP/1.1" 200 3472
186.103.159.189 - - [26/Sep/2017:12:52:57 -0300] "GET /cormun/servlet/permisogoce?1386a247b228ecf0aeedd2aa14445a272a25a2d2949594fc9d9673b5a97df63ea4329124c9c9bdcf79573bcd9a9875edfd5396c30837213e5a6c26f05130017c,gx-no-cache=1506441210790 HTTP/1.1" 200 78
186.103.159.189 - - [26/Sep/2017:12:52:57 -0300] "GET /cormun/static/menuarrow.gif HTTP/1.1" 404 1015
192.168.10.62 - - [26/Sep/2017:12:53:05 -0300] "POST /cormun/servlet/vesolicitudgral?eb9fc73610ff801fe68d590a9e014a4b,2017,7290,,,gx-no-cache=1506441142828 HTTP/1.1" 200 90
192.168.10.62 - - [26/Sep/2017:12:53:05 -0300] "GET /cormun/servlet/hpexe_link HTTP/1.1" 200 987
192.168.10.62 - - [26/Sep/2017:12:53:06 -0300] "GET /cormun/servlet/trsolicitudgral?gx-no-cache=1506440512885 HTTP/1.1" 200 9588
186.103.159.189 - - [26/Sep/2017:12:53:06 -0300] "POST /cormun/servlet/permisogoce?0dc8a980df457bb767f1ba37d8376b61,INS,0,,,,gx-no-cache=1506441219660 HTTP/1.1" 200 93
186.103.159.189 - - [26/Sep/2017:12:53:06 -0300] "GET /cormun/servlet/hpexe_return? HTTP/1.1" 200 1009
192.168.10.62 - - [26/Sep/2017:12:53:06 -0300] "GET /cormun/servlet/trsolicitudgral?gx-no-cache=1506440512885 HTTP/1.1" 200 9608
186.103.159.189 - - [26/Sep/2017:12:53:06 -0300] "GET /cormun/servlet/trpermisosgoce HTTP/1.1" 200 11844
186.103.159.189 - - [26/Sep/2017:12:53:07 -0300] "GET /cormun/servlet/trpermisosgoce HTTP/1.1" 200 11820
192.168.10.62 - - [26/Sep/2017:12:53:10 -0300] "POST /cormun/servlet/trsolicitudgral?eb9fc73610ff801fe68d590a9e014a4b,gx-no-cache=1506440512885,gx-no-cache=1506441147047 HTTP/1.1" 200 5338
192.168.10.62 - - [26/Sep/2017:12:53:10 -0300] "GET /cormun/static/Shared/jqueryui/images/ui-bg_highlight-soft_100_c6c2c8_1x100.png HTTP/1.1" 404 1117
192.168.10.62 - - [26/Sep/2017:12:53:10 -0300] "GET /cormun/static/Shared/jqueryui/images/ui-icons_82798d_256x240.png HTTP/1.1" 404 1089
192.168.10.62 - - [26/Sep/2017:12:53:10 -0300] "GET /cormun/static/Shared/jqueryui/images/ui-bg_flat_55_fafafa_40x100.png HTTP/1.1" 404 1097
192.168.10.62 - - [26/Sep/2017:12:53:10 -0300] "GET /cormun/static/Shared/jqueryui/images/ui-icons_8d78a5_256x240.png HTTP/1.1" 404 1089
186.103.159.189 - - [26/Sep/2017:12:53:59 -0300] "GET /cormun/servlet/hlogin HTTP/1.1" 200 1720
186.103.159.189 - - [26/Sep/2017:12:54:08 -0300] "POST /cormun/servlet/hlogin?0dc8a980df457bb767f1ba37d8376b61,gx-no-cache=1506441281688 HTTP/1.1" 200 90
186.103.159.189 - - [26/Sep/2017:12:54:08 -0300] "GET /cormun/servlet/hpexe_link HTTP/1.1" 200 950
186.103.159.189 - - [26/Sep/2017:12:54:08 -0300] "GET /cormun/servlet/hhome HTTP/1.1" 200 4036
186.103.159.189 - - [26/Sep/2017:12:54:09 -0300] "GET /cormun/servlet/hhome HTTP/1.1" 200 4033
186.103.159.189 - - [26/Sep/2017:12:54:09 -0300] "GET /cormun/static/SmoothNavMenu/resources/images/right.gif HTTP/1.1" 200 860
186.103.159.189 - - [26/Sep/2017:12:54:13 -0300] "GET /cormun/servlet/trautorizarpermisogoce? HTTP/1.1" 200 8690
186.103.159.189 - - [26/Sep/2017:12:54:13 -0300] "GET /cormun/static/gxcfg.js?20176272062650 HTTP/1.1" 200 953
186.103.159.189 - - [26/Sep/2017:12:54:13 -0300] "GET /cormun/static/trautorizarpermisogoce.js?2017627206316 HTTP/1.1" 304 -
186.103.159.189 - - [26/Sep/2017:12:54:14 -0300] "GET /cormun/servlet/trautorizarpermisogoce? HTTP/1.1" 200 8688
186.103.159.189 - - [26/Sep/2017:12:54:20 -0300] "POST /cormun/servlet/trautorizarpermisogoce?0dc8a980df457bb767f1ba37d8376b61,,gx-no-cache=1506441293389 HTTP/1.1" 200 5750
186.103.159.189 - - [26/Sep/2017:12:54:20 -0300] "GET /cormun/static/Shared/jqueryui/images/ui-bg_highlight-soft_100_c6c2c8_1x100.png HTTP/1.1" 404 1117
186.103.159.189 - - [26/Sep/2017:12:54:20 -0300] "GET /cormun/static/Shared/jqueryui/images/ui-icons_82798d_256x240.png HTTP/1.1" 404 1089
186.103.159.189 - - [26/Sep/2017:12:54:20 -0300] "GET /cormun/static/Shared/jqueryui/images/ui-icons_8d78a5_256x240.png HTTP/1.1" 404 1089
186.103.159.189 - - [26/Sep/2017:12:54:20 -0300] "GET /cormun/static/Shared/jqueryui/images/ui-bg_flat_55_fafafa_40x100.png HTTP/1.1" 404 1097
186.103.159.189 - - [26/Sep/2017:12:54:23 -0300] "POST /cormun/servlet/trautorizarpermisogoce?0dc8a980df457bb767f1ba37d8376b61,,gx-no-cache=1506441296507 HTTP/1.1" 200 5505
186.103.159.189 - - [26/Sep/2017:12:54:27 -0300] "POST /cormun/servlet/trautorizarpermisogoce?0dc8a980df457bb767f1ba37d8376b61,,gx-no-cache=1506441300008 HTTP/1.1" 200 5287
186.103.159.189 - - [26/Sep/2017:12:54:29 -0300] "POST /cormun/servlet/trautorizarpermisogoce?0dc8a980df457bb767f1ba37d8376b61,,gx-no-cache=1506441303141 HTTP/1.1" 200 5013
186.103.159.189 - - [26/Sep/2017:12:54:37 -0300] "POST /cormun/servlet/trautorizarpermisogoce?0dc8a980df457bb767f1ba37d8376b61,,gx-no-cache=1506441310912 HTTP/1.1" 200 4260
186.103.157.98 - - [26/Sep/2017:12:55:19 -0300] "GET /cormun/servlet/trsolicitudot? HTTP/1.1" 200 6365
186.103.157.98 - - [26/Sep/2017:12:55:19 -0300] "GET /cormun/servlet/hlogin HTTP/1.1" 200 1735
186.103.157.98 - - [26/Sep/2017:12:55:19 -0300] "GET /cormun/servlet/trsolicitudot? HTTP/1.1" 200 6363
186.103.157.98 - - [26/Sep/2017:12:55:20 -0300] "POST /cormun/servlet/hlogin?c89df259e9699f7dd978b8ec566ba425,gx-no-cache=1506441356983 HTTP/1.1" 200 90
186.103.157.98 - - [26/Sep/2017:12:55:20 -0300] "GET /cormun/servlet/hpexe_link HTTP/1.1" 200 954
186.103.157.98 - - [26/Sep/2017:12:55:21 -0300] "GET /cormun/servlet/trsolicitudot HTTP/1.1" 200 11481
186.103.157.98 - - [26/Sep/2017:12:55:21 -0300] "GET /cormun/servlet/trsolicitudot HTTP/1.1" 200 11479
186.103.157.98 - - [26/Sep/2017:12:55:50 -0300] "POST /cormun/servlet/trsolicitudot?c89df259e9699f7dd978b8ec566ba425,gx-no-cache=1506441387053 HTTP/1.1" 200 105
186.103.157.98 - - [26/Sep/2017:12:55:51 -0300] "GET /cormun/servlet/solicitudot?UPD,2017,7412, HTTP/1.1" 200 14738
186.103.157.98 - - [26/Sep/2017:12:55:51 -0300] "GET /cormun/servlet/solicitudot?UPD,2017,7412, HTTP/1.1" 200 14747
186.103.157.98 - - [26/Sep/2017:12:55:52 -0300] "POST /cormun/servlet/solicitudot?gx-no-cache=1506441388352 HTTP/1.1" 200 3219
186.103.157.98 - - [26/Sep/2017:12:55:52 -0300] "POST /cormun/servlet/solicitudot?c89df259e9699f7dd978b8ec566ba425,UPD,2017,7412,,gx-no-cache=1506441388717 HTTP/1.1" 200 11241
186.103.157.98 - - [26/Sep/2017:12:55:52 -0300] "GET /cormun/servlet/solicitudot?ed25b74ece20aaa746577bbef31de2708240f420bb0d0ba6a9b07cf7f041f7b10717a367fe0c0d54ead3c61697af5d26,gx-no-cache=1506441388900 HTTP/1.1" 200 30
186.103.157.98 - - [26/Sep/2017:12:55:52 -0300] "POST /cormun/servlet/solicitudot?gx-no-cache=1506441388976 HTTP/1.1" 200 297
186.103.157.98 - - [26/Sep/2017:12:55:53 -0300] "GET /cormun/servlet/solicitudot?ed25b74ece20aaa746577bbef31de270b1ce3ab81e5c91cc3c3f6b9ebbd2e411cbe3c0a5f26e3423fa7f5e53ddb339dbf5f8a5b567c6a2eaeaf09e9b424309be28b185e5bb9c6011ed8a81c02fc3f874493606dced0694231647312a90294c27b5c1299e781c77a699b465a3282fb11acb8668fdc708b44e4df6f0e9182116d427875cfe8364610daf836060c7ff7fd1a41ee329c9f12a8fcea02a2582af34f17f1866b820ba91f41c0f0ecf912ff3eb2bd781765da90af368c08099e09a2692248e00f16e855a97f7016fff7f457e5d6cd4935faf02db9b14eca34bff31fd6725b847ad8122fdd60e9c6255ac3e7f07f9d3e669f3088f7e65062cb8d96e6c72683c8fd69d4b7f1187f47e3ebd8e9f6560d7cec07410d0b53807e247924ca65330917104aab0007bb7962d190cba767db4813ea59d1112a87bb989555741f6b14cfc9d845c9f2df3a9bddaa7524a7a6a484f956fda70c3bd41fa792d3d5bb203b36db00acf1495d76e169b6927abf171804c4737868f333c1ba4b35817f1b99cdb553b2810567b42cad88947b5d67edd,gx-no-cache=1506441389060 HTTP/1.1" 200 30
186.103.157.98 - - [26/Sep/2017:12:55:53 -0300] "POST /cormun/servlet/solicitudot?gx-no-cache=1506441389404 HTTP/1.1" 200 30
186.103.157.98 - - [26/Sep/2017:12:55:53 -0300] "POST /cormun/servlet/solicitudot?gx-no-cache=1506441389462 HTTP/1.1" 200 1355
186.103.157.98 - - [26/Sep/2017:12:55:53 -0300] "POST /cormun/servlet/solicitudot?gx-no-cache=1506441389563 HTTP/1.1" 200 41
186.103.157.98 - - [26/Sep/2017:12:57:00 -0300] "POST /cormun/servlet/solicitudot?gx-no-cache=1506441456806 HTTP/1.1" 200 30
186.103.157.98 - - [26/Sep/2017:12:57:04 -0300] "POST /cormun/servlet/solicitudot?gx-no-cache=1506441460966 HTTP/1.1" 200 1355
186.103.157.98 - - [26/Sep/2017:12:57:04 -0300] "POST /cormun/servlet/solicitudot?gx-no-cache=1506441461120 HTTP/1.1" 200 41
186.103.157.98 - - [26/Sep/2017:12:58:48 -0300] "POST /cormun/servlet/solicitudot?gx-no-cache=1506441564448 HTTP/1.1" 200 1355
186.103.157.98 - - [26/Sep/2017:12:58:48 -0300] "POST /cormun/servlet/solicitudot?gx-no-cache=1506441564691 HTTP/1.1" 200 41
186.103.157.98 - - [26/Sep/2017:12:58:48 -0300] "GET /cormun/servlet/solicitudot?ed25b74ece20aaa746577bbef31de270dd0738820f87acb3483c5edeb1b467744037781022ecc12bca037d935f1b3d5fbf24fd7ba8c0bec8cbf77b64955a2821b5b0f7814b3a74b201f3e7b93d7588325252739ddc09079eb463cada9610096cac4be8cd11971ff60c53a8b82952b628,gx-no-cache=1506441564764 HTTP/1.1" 200 29
186.103.157.98 - - [26/Sep/2017:12:58:48 -0300] "POST /cormun/servlet/solicitudot?gx-no-cache=1506441564842 HTTP/1.1" 200 1336
186.103.157.98 - - [26/Sep/2017:12:58:48 -0300] "GET /cormun/servlet/solicitudot?ed25b74ece20aaa746577bbef31de2700bb2105c5dc70469bd0f03cbd1f0842f6725fc88bb09a2ac9f638198a0be26df,gx-no-cache=1506441564937 HTTP/1.1" 200 30
186.103.157.98 - - [26/Sep/2017:12:58:49 -0300] "GET /cormun/static/menuarrow.gif HTTP/1.1" 404 1015
192.168.10.62 - - [26/Sep/2017:12:59:05 -0300] "POST /cormun/servlet/trsolicitudgral?eb9fc73610ff801fe68d590a9e014a4b,gx-no-cache=1506440512885,gx-no-cache=1506441502634 HTTP/1.1" 200 7612
186.103.157.98 - - [26/Sep/2017:12:59:11 -0300] "POST /cormun/servlet/solicitudot?gx-no-cache=1506441587785 HTTP/1.1" 200 1355
186.103.157.98 - - [26/Sep/2017:12:59:11 -0300] "POST /cormun/servlet/solicitudot?gx-no-cache=1506441588035 HTTP/1.1" 200 41
186.103.157.98 - - [26/Sep/2017:12:59:11 -0300] "POST /cormun/servlet/solicitudot?gx-no-cache=1506441588117 HTTP/1.1" 200 1336
192.168.10.62 - - [26/Sep/2017:12:59:18 -0300] "POST /cormun/servlet/trsolicitudgral?eb9fc73610ff801fe68d590a9e014a4b,gx-no-cache=1506440512885,gx-no-cache=1506441515217 HTTP/1.1" 200 105
192.168.10.62 - - [26/Sep/2017:12:59:18 -0300] "POST /cormun/servlet/trsolicitudgral?eb9fc73610ff801fe68d590a9e014a4b,gx-no-cache=1506440512885,gx-no-cache=1506441515335 HTTP/1.1" 200 7595
192.168.10.62 - - [26/Sep/2017:12:59:18 -0300] "GET /cormun/SolicitudGral-7744.xls HTTP/1.1" 200 6656
186.103.157.98 - - [26/Sep/2017:13:00:02 -0300] "GET /cormun/servlet/solicitudot?ed25b74ece20aaa746577bbef31de2706c94a9767404e441137d28e2c26fcb81b44602b24aa4a2444099e198c3b38d9a,gx-no-cache=1506441639107 HTTP/1.1" 200 30
186.103.157.98 - - [26/Sep/2017:13:00:03 -0300] "POST /cormun/servlet/solicitudot?gx-no-cache=1506441639172 HTTP/1.1" 200 33
186.103.157.98 - - [26/Sep/2017:13:00:03 -0300] "POST /cormun/servlet/solicitudot?c89df259e9699f7dd978b8ec566ba425,UPD,2017,7412,,gx-no-cache=1506441639261 HTTP/1.1" 200 93
186.103.157.98 - - [26/Sep/2017:13:00:03 -0300] "GET /cormun/servlet/hpexe_return? HTTP/1.1" 200 1009
186.103.157.98 - - [26/Sep/2017:13:00:03 -0300] "GET /cormun/servlet/trsolicitudot HTTP/1.1" 200 11505
186.103.157.98 - - [26/Sep/2017:13:00:03 -0300] "GET /cormun/servlet/trsolicitudot HTTP/1.1" 200 11500
186.103.157.235 - - [26/Sep/2017:13:02:31 -0300] "GET /cormun/servlet/hlogin HTTP/1.1" 200 1714
