186.103.158.250 - - [26/Sep/2017:11:19:51 -0300] "POST /cormun/servlet/trsolicitudot?1aeb19edece2a54df26fdf8197964eda,gx-no-cache=1506435625284 HTTP/1.1" 200 7196
186.103.158.250 - - [26/Sep/2017:11:19:59 -0300] "GET /cormun/servlet/trautorizarsolicitud? HTTP/1.1" 200 8269
186.103.158.250 - - [26/Sep/2017:11:19:59 -0300] "GET /cormun/static/Resources/Spanish/PXTools.css?11294912 HTTP/1.1" 304 -
186.103.158.250 - - [26/Sep/2017:11:19:59 -0300] "GET /cormun/static/gxcfg.js?20174261241362 HTTP/1.1" 200 953
186.103.158.250 - - [26/Sep/2017:11:19:59 -0300] "GET /cormun/static/trautorizarsolicitud.js?201742612414370 HTTP/1.1" 304 -
186.103.158.250 - - [26/Sep/2017:11:20:00 -0300] "GET /cormun/servlet/trautorizarsolicitud? HTTP/1.1" 200 8269
186.103.158.250 - - [26/Sep/2017:11:20:11 -0300] "POST /cormun/servlet/trautorizarsolicitud?1aeb19edece2a54df26fdf8197964eda,,gx-no-cache=1506435645206 HTTP/1.1" 200 4406
186.103.158.250 - - [26/Sep/2017:11:20:11 -0300] "GET /cormun/static/Shared/jqueryui/images/ui-bg_highlight-soft_100_c6c2c8_1x100.png HTTP/1.1" 404 1117
186.103.158.250 - - [26/Sep/2017:11:20:11 -0300] "GET /cormun/static/Shared/jqueryui/images/ui-icons_82798d_256x240.png HTTP/1.1" 404 1089
186.103.158.250 - - [26/Sep/2017:11:20:11 -0300] "GET /cormun/static/Shared/jqueryui/images/ui-bg_flat_55_fafafa_40x100.png HTTP/1.1" 404 1097
186.103.158.250 - - [26/Sep/2017:11:20:11 -0300] "GET /cormun/static/Shared/jqueryui/images/ui-icons_8d78a5_256x240.png HTTP/1.1" 404 1089
186.103.158.250 - - [26/Sep/2017:11:20:11 -0300] "POST /cormun/servlet/trautorizarsolicitud?1aeb19edece2a54df26fdf8197964eda,,gx-no-cache=1506435645642 HTTP/1.1" 200 4160
200.111.191.210 - - [26/Sep/2017:11:21:15 -0300] "GET /cormun/servlet/trlicencias? HTTP/1.1" 200 7260
200.111.191.210 - - [26/Sep/2017:11:21:15 -0300] "GET /cormun/servlet/hlogin HTTP/1.1" 200 1740
200.111.191.210 - - [26/Sep/2017:11:21:15 -0300] "GET /cormun/servlet/trlicencias? HTTP/1.1" 200 7255
200.111.191.210 - - [26/Sep/2017:11:21:21 -0300] "POST /cormun/servlet/hlogin?93b404a533e35c88412ce59c99508574,gx-no-cache=1506435715180 HTTP/1.1" 200 90
200.111.191.210 - - [26/Sep/2017:11:21:21 -0300] "GET /cormun/servlet/hpexe_link HTTP/1.1" 200 958
200.111.191.210 - - [26/Sep/2017:11:21:21 -0300] "GET /cormun/servlet/trlicencias HTTP/1.1" 200 16198
200.111.191.210 - - [26/Sep/2017:11:21:22 -0300] "GET /cormun/servlet/trlicencias HTTP/1.1" 200 16196
186.103.159.43 - - [26/Sep/2017:11:23:29 -0300] "POST /cormun/servlet/trlicencias?7fb2248ba6393fc4d27a849db9ccff2d,gx-no-cache=1506435842824 HTTP/1.1" 200 7723
186.103.159.43 - - [26/Sep/2017:11:23:29 -0300] "GET /cormun/static/Shared/jqueryui/images/ui-icons_82798d_256x240.png HTTP/1.1" 404 1089
186.103.159.43 - - [26/Sep/2017:11:23:29 -0300] "GET /cormun/static/Shared/jqueryui/images/ui-bg_flat_55_fafafa_40x100.png HTTP/1.1" 404 1097
186.103.159.43 - - [26/Sep/2017:11:23:29 -0300] "GET /cormun/static/Shared/jqueryui/images/ui-icons_8d78a5_256x240.png HTTP/1.1" 404 1089
186.103.159.43 - - [26/Sep/2017:11:23:29 -0300] "GET /cormun/static/Shared/jqueryui/images/ui-bg_highlight-soft_100_c6c2c8_1x100.png HTTP/1.1" 404 1117
186.103.159.43 - - [26/Sep/2017:11:23:37 -0300] "POST /cormun/servlet/trlicencias?7fb2248ba6393fc4d27a849db9ccff2d,gx-no-cache=1506435850512 HTTP/1.1" 200 7722
186.103.156.166 - - [26/Sep/2017:11:23:54 -0300] "GET /cormun/servlet/hhome HTTP/1.1" 200 3378
186.103.156.166 - - [26/Sep/2017:11:23:54 -0300] "GET /cormun/servlet/hhome HTTP/1.1" 200 3368
186.103.156.166 - - [26/Sep/2017:11:23:54 -0300] "GET /cormun/servlet/hhome HTTP/1.1" 200 3381
186.103.156.166 - - [26/Sep/2017:11:23:55 -0300] "GET /cormun/servlet/hhome HTTP/1.1" 200 3391
186.103.156.166 - - [26/Sep/2017:11:23:55 -0300] "GET /cormun/servlet/hlogin HTTP/1.1" 200 1737
186.103.156.166 - - [26/Sep/2017:11:24:10 -0300] "POST /cormun/servlet/hlogin?174094f74f4ffeacf3cbda292ce7c738,gx-no-cache=1506439477203 HTTP/1.1" 200 90
186.103.156.166 - - [26/Sep/2017:11:24:10 -0300] "GET /cormun/servlet/hpexe_link HTTP/1.1" 200 957
186.103.156.166 - - [26/Sep/2017:11:24:10 -0300] "GET /cormun/servlet/hhome HTTP/1.1" 200 3788
186.103.156.166 - - [26/Sep/2017:11:24:11 -0300] "GET /cormun/servlet/hhome HTTP/1.1" 200 3784
186.103.156.166 - - [26/Sep/2017:11:24:16 -0300] "GET /cormun/servlet/trpermisosgoce? HTTP/1.1" 200 9919
186.103.156.166 - - [26/Sep/2017:11:24:16 -0300] "GET /cormun/servlet/trpermisosgoce? HTTP/1.1" 200 9917
186.103.156.166 - - [26/Sep/2017:11:24:29 -0300] "POST /cormun/servlet/trpermisosgoce?174094f74f4ffeacf3cbda292ce7c738,,gx-no-cache=1506439495725 HTTP/1.1" 200 7174
186.103.156.166 - - [26/Sep/2017:11:24:29 -0300] "GET /cormun/static/Shared/jqueryui/images/ui-bg_highlight-soft_100_c6c2c8_1x100.png HTTP/1.1" 404 1117
186.103.156.166 - - [26/Sep/2017:11:24:29 -0300] "GET /cormun/static/Shared/jqueryui/images/ui-icons_82798d_256x240.png HTTP/1.1" 404 1089
186.103.156.166 - - [26/Sep/2017:11:24:29 -0300] "GET /cormun/static/Shared/jqueryui/images/ui-bg_flat_55_fafafa_40x100.png HTTP/1.1" 404 1097
186.103.156.166 - - [26/Sep/2017:11:24:29 -0300] "GET /cormun/static/Shared/jqueryui/images/ui-icons_8d78a5_256x240.png HTTP/1.1" 404 1089
186.103.156.166 - - [26/Sep/2017:11:24:39 -0300] "GET /cormun/servlet/permisogoce?INS,0,,, HTTP/1.1" 200 6617
186.103.156.166 - - [26/Sep/2017:11:24:40 -0300] "GET /cormun/servlet/permisogoce?INS,0,,, HTTP/1.1" 200 6617
186.103.156.166 - - [26/Sep/2017:11:25:27 -0300] "GET /cormun/servlet/permisogoce?131085ef718433803717fedbfd6a291fff0cc6d12995c6ddfe1abb9e0bdf6090b49c386d0beb507dc1b22197cb7dacd53b49784f74b46e343c401cc22e808fe2,gx-no-cache=1506439553912 HTTP/1.1" 200 82
186.103.156.166 - - [26/Sep/2017:11:25:31 -0300] "GET /cormun/static/menuarrow.gif HTTP/1.1" 404 1015
186.103.159.43 - - [26/Sep/2017:11:25:31 -0300] "GET /cormun/servlet/trlicenciaspermisosadjuntos?18889456,20170926000000,L, HTTP/1.1" 200 6177
186.103.159.43 - - [26/Sep/2017:11:25:31 -0300] "GET /cormun/static/gxcfg.js?20177612163414 HTTP/1.1" 200 953
186.103.159.43 - - [26/Sep/2017:11:25:32 -0300] "GET /cormun/servlet/trlicenciaspermisosadjuntos?18889456,20170926000000,L, HTTP/1.1" 200 6178
186.103.159.43 - - [26/Sep/2017:11:25:35 -0300] "GET /cormun/servlet/licenciaspermisosadjuntos?INS,18889456,L,20170926000000,, HTTP/1.1" 200 5478
186.103.159.43 - - [26/Sep/2017:11:25:36 -0300] "GET /cormun/static/gxcfg.js?2017761263592 HTTP/1.1" 200 953
186.103.159.43 - - [26/Sep/2017:11:25:36 -0300] "GET /cormun/static/about:blank HTTP/1.1" 404 1011
186.103.159.43 - - [26/Sep/2017:11:25:36 -0300] "GET /cormun/servlet/licenciaspermisosadjuntos?INS,18889456,L,20170926000000,, HTTP/1.1" 200 5467
186.103.156.166 - - [26/Sep/2017:11:25:40 -0300] "GET /cormun/servlet/permisogoce?131085ef718433803717fedbfd6a291fcee7f1bca78575ebd86cd8e08780831bd8e4a93b0690a38dc9115ef4f0c9ee30fcaaa442526141fb3c880897b9f102ea,gx-no-cache=1506439567755 HTTP/1.1" 200 48
186.103.156.166 - - [26/Sep/2017:11:25:54 -0300] "POST /cormun/servlet/permisogoce?174094f74f4ffeacf3cbda292ce7c738,INS,0,,,,gx-no-cache=1506439581338 HTTP/1.1" 200 93
186.103.156.166 - - [26/Sep/2017:11:25:54 -0300] "GET /cormun/servlet/hpexe_return? HTTP/1.1" 200 1017
186.103.156.166 - - [26/Sep/2017:11:25:55 -0300] "GET /cormun/servlet/trpermisosgoce? HTTP/1.1" 200 10160
186.103.156.166 - - [26/Sep/2017:11:25:55 -0300] "GET /cormun/servlet/trpermisosgoce? HTTP/1.1" 200 10143
186.103.156.166 - - [26/Sep/2017:11:26:01 -0300] "GET /cormun/servlet/apermisogoceprn?14333462,P,20170926112356,PU HTTP/1.1" 200 1662
186.103.156.166 - - [26/Sep/2017:11:26:01 -0300] "GET /cormun/servlet/apermisogoceprn?14333462,P,20170926112356,PU HTTP/1.1" 200 1663
190.45.55.254 - - [26/Sep/2017:11:27:21 -0300] "GET /cormun/servlet/hlogin HTTP/1.1" 200 1721
190.45.55.254 - - [26/Sep/2017:11:27:25 -0300] "POST /cormun/servlet/hlogin?3fc1385402cf67a3586f28b7368529a8,gx-no-cache=1506436080936 HTTP/1.1" 200 90
190.45.55.254 - - [26/Sep/2017:11:27:25 -0300] "GET /cormun/servlet/hpexe_link HTTP/1.1" 200 950
190.45.55.254 - - [26/Sep/2017:11:27:25 -0300] "GET /cormun/static/gxcfg.js?20177612121792 HTTP/1.1" 304 -
190.45.55.254 - - [26/Sep/2017:11:27:26 -0300] "GET /cormun/servlet/hhome HTTP/1.1" 200 4193
190.45.55.254 - - [26/Sep/2017:11:27:26 -0300] "GET /cormun/static/gxcfg.js?20175251212442 HTTP/1.1" 304 -
190.45.55.254 - - [26/Sep/2017:11:27:26 -0300] "GET /cormun/servlet/hhome HTTP/1.1" 200 4190
190.45.55.254 - - [26/Sep/2017:11:27:29 -0300] "GET /cormun/servlet/trpermisosgoce? HTTP/1.1" 200 9552
190.45.55.254 - - [26/Sep/2017:11:27:29 -0300] "GET /cormun/static/gxcfg.js?20177612163875 HTTP/1.1" 304 -
190.45.55.254 - - [26/Sep/2017:11:27:30 -0300] "GET /cormun/servlet/trpermisosgoce? HTTP/1.1" 200 9550
190.45.55.254 - - [26/Sep/2017:11:27:37 -0300] "GET /cormun/servlet/permisogoce?INS,0,,, HTTP/1.1" 200 7049
190.45.55.254 - - [26/Sep/2017:11:27:37 -0300] "GET /cormun/static/gxcfg.js?201776126440 HTTP/1.1" 200 953
190.45.55.254 - - [26/Sep/2017:11:27:38 -0300] "GET /cormun/servlet/permisogoce?INS,0,,, HTTP/1.1" 200 7049
190.45.55.254 - - [26/Sep/2017:11:28:06 -0300] "GET /cormun/servlet/permisogoce?802678acdb34a23906e92f17e2c0456722a33000fb9f3c4a498fa959b11d5693a36176212bcc756dd078e7dc2f88fb7a21141e7ce27a189bf8d9cd84ee94f14f,gx-no-cache=1506436121634 HTTP/1.1" 200 74
190.45.55.254 - - [26/Sep/2017:11:28:08 -0300] "GET /cormun/static/menuarrow.gif HTTP/1.1" 404 1015
190.45.55.254 - - [26/Sep/2017:11:28:11 -0300] "GET /cormun/servlet/permisogoce?802678acdb34a23906e92f17e2c04567ca72951f5923c4f402acb66c732ccb7143ee5a05710af340c86649da6b726bdb591cefe0fd5d6f84164dafd62e85ff11,gx-no-cache=1506436126526 HTTP/1.1" 200 48
186.103.159.43 - - [26/Sep/2017:11:28:11 -0300] "POST /cormun/servlet/licenciaspermisosadjuntos?7fb2248ba6393fc4d27a849db9ccff2d,INS,18889456,L,20170926000000,, HTTP/1.1" 200 116
186.103.159.43 - - [26/Sep/2017:11:28:12 -0300] "GET /cormun/servlet/hpexe_return? HTTP/1.1" 200 1045
186.103.159.43 - - [26/Sep/2017:11:28:12 -0300] "GET /cormun/servlet/trlicenciaspermisosadjuntos?18889456,20170926000000,L, HTTP/1.1" 200 6666
186.103.159.43 - - [26/Sep/2017:11:28:13 -0300] "GET /cormun/servlet/trlicenciaspermisosadjuntos?18889456,20170926000000,L, HTTP/1.1" 200 6661
190.45.55.254 - - [26/Sep/2017:11:29:34 -0300] "POST /cormun/servlet/permisogoce?3fc1385402cf67a3586f28b7368529a8,INS,0,,,,gx-no-cache=1506436208847 HTTP/1.1" 200 93
190.45.55.254 - - [26/Sep/2017:11:29:34 -0300] "GET /cormun/servlet/hpexe_return? HTTP/1.1" 200 1008
190.45.55.254 - - [26/Sep/2017:11:29:34 -0300] "GET /cormun/static/gxcfg.js?2016101716175148 HTTP/1.1" 304 -
190.45.55.254 - - [26/Sep/2017:11:29:34 -0300] "GET /cormun/servlet/trpermisosgoce HTTP/1.1" 200 9771
190.45.55.254 - - [26/Sep/2017:11:29:35 -0300] "GET /cormun/servlet/trpermisosgoce HTTP/1.1" 200 9767
190.45.55.254 - - [26/Sep/2017:11:29:38 -0300] "GET /cormun/servlet/apermisogoceprn?17477251,P,20170926112654,PU HTTP/1.1" 200 1667
190.45.55.254 - - [26/Sep/2017:11:31:19 -0300] "GET /cormun/servlet/trpermisosadjuntos?15724008,20170921085859,P, HTTP/1.1" 200 6506
190.45.55.254 - - [26/Sep/2017:11:31:19 -0300] "GET /cormun/static/gxcfg.js?201762817193957 HTTP/1.1" 200 953
190.45.55.254 - - [26/Sep/2017:11:31:19 -0300] "GET /cormun/static/trpermisosadjuntos.js?201762817194366 HTTP/1.1" 200 20158
190.45.55.254 - - [26/Sep/2017:11:31:20 -0300] "GET /cormun/servlet/trpermisosadjuntos?15724008,20170921085859,P, HTTP/1.1" 200 6506
190.45.55.254 - - [26/Sep/2017:11:31:21 -0300] "GET /cormun/servlet/permisosadjuntos?INS,15724008,P,20170921085859,, HTTP/1.1" 200 5837
190.45.55.254 - - [26/Sep/2017:11:31:21 -0300] "GET /cormun/static/gxcfg.js?201762717441171 HTTP/1.1" 200 953
190.45.55.254 - - [26/Sep/2017:11:31:21 -0300] "GET /cormun/static/permisosadjuntos.js?201762717441184 HTTP/1.1" 200 8724
190.45.55.254 - - [26/Sep/2017:11:31:21 -0300] "GET /cormun/static/about:blank HTTP/1.1" 404 1011
190.45.55.254 - - [26/Sep/2017:11:31:22 -0300] "GET /cormun/servlet/permisosadjuntos?INS,15724008,P,20170921085859,, HTTP/1.1" 200 5827
190.45.55.254 - - [26/Sep/2017:11:31:32 -0300] "POST /cormun/servlet/permisosadjuntos?3fc1385402cf67a3586f28b7368529a8,INS,15724008,P,20170921085859,, HTTP/1.1" 200 116
190.45.55.254 - - [26/Sep/2017:11:31:32 -0300] "GET /cormun/servlet/hpexe_return? HTTP/1.1" 200 1037
190.45.55.254 - - [26/Sep/2017:11:31:33 -0300] "GET /cormun/servlet/trpermisosadjuntos?15724008,20170921085859,P, HTTP/1.1" 200 7017
190.45.55.254 - - [26/Sep/2017:11:31:33 -0300] "GET /cormun/servlet/trpermisosadjuntos?15724008,20170921085859,P, HTTP/1.1" 200 7013
190.45.55.254 - - [26/Sep/2017:11:31:36 -0300] "POST /cormun/servlet/trpermisosadjuntos?3fc1385402cf67a3586f28b7368529a8,15724008,20170921085859,P,,gx-no-cache=1506436331939 HTTP/1.1" 200 90
190.45.55.254 - - [26/Sep/2017:11:31:36 -0300] "GET /cormun/servlet/hpexe_link HTTP/1.1" 200 982
190.45.55.254 - - [26/Sep/2017:11:31:37 -0300] "GET /cormun/servlet/trpermisosgoce HTTP/1.1" 200 9768
190.45.55.254 - - [26/Sep/2017:11:31:37 -0300] "GET /cormun/servlet/trpermisosgoce HTTP/1.1" 200 9767
190.45.55.254 - - [26/Sep/2017:11:31:40 -0300] "POST /cormun/servlet/trpermisosgoce?3fc1385402cf67a3586f28b7368529a8,gx-no-cache=1506436334944 HTTP/1.1" 200 6856
190.45.55.254 - - [26/Sep/2017:11:31:40 -0300] "GET /cormun/static/Shared/jqueryui/images/ui-bg_highlight-soft_100_c6c2c8_1x100.png HTTP/1.1" 404 1117
190.45.55.254 - - [26/Sep/2017:11:31:40 -0300] "GET /cormun/static/Shared/jqueryui/images/ui-icons_82798d_256x240.png HTTP/1.1" 404 1089
190.45.55.254 - - [26/Sep/2017:11:31:40 -0300] "GET /cormun/static/Shared/jqueryui/images/ui-bg_flat_55_fafafa_40x100.png HTTP/1.1" 404 1097
190.45.55.254 - - [26/Sep/2017:11:31:40 -0300] "GET /cormun/static/Shared/jqueryui/images/ui-icons_8d78a5_256x240.png HTTP/1.1" 404 1089
190.45.55.254 - - [26/Sep/2017:11:31:51 -0300] "POST /cormun/servlet/trpermisosgoce?3fc1385402cf67a3586f28b7368529a8,gx-no-cache=1506436345843 HTTP/1.1" 200 5073
190.45.55.254 - - [26/Sep/2017:11:31:54 -0300] "POST /cormun/servlet/trpermisosgoce?3fc1385402cf67a3586f28b7368529a8,gx-no-cache=1506436349078 HTTP/1.1" 200 5093
190.45.55.254 - - [26/Sep/2017:11:31:57 -0300] "GET /cormun/servlet/trpermisosadjuntos?15724008,20170921085859,P, HTTP/1.1" 200 7013
190.45.55.254 - - [26/Sep/2017:11:31:58 -0300] "GET /cormun/servlet/trpermisosadjuntos?15724008,20170921085859,P, HTTP/1.1" 200 7012
190.45.55.254 - - [26/Sep/2017:11:32:01 -0300] "POST /cormun/servlet/trpermisosadjuntos?3fc1385402cf67a3586f28b7368529a8,15724008,20170921085859,P,,gx-no-cache=1506436356791 HTTP/1.1" 200 90
190.45.55.254 - - [26/Sep/2017:11:32:01 -0300] "GET /cormun/servlet/hpexe_link HTTP/1.1" 200 1003
190.45.55.254 - - [26/Sep/2017:11:32:01 -0300] "GET /cormun/servlet/trpermisosgoce?gx-no-cache=1506436349078 HTTP/1.1" 200 7978
190.45.55.254 - - [26/Sep/2017:11:32:02 -0300] "GET /cormun/servlet/trpermisosgoce?gx-no-cache=1506436349078 HTTP/1.1" 200 7998
190.45.55.254 - - [26/Sep/2017:11:32:04 -0300] "POST /cormun/servlet/trpermisosgoce?3fc1385402cf67a3586f28b7368529a8,gx-no-cache=1506436349078,gx-no-cache=1506436360025 HTTP/1.1" 200 5093
190.45.55.254 - - [26/Sep/2017:11:32:05 -0300] "GET /cormun/static/Shared/jqueryui/images/ui-bg_highlight-soft_100_c6c2c8_1x100.png HTTP/1.1" 404 1117
190.45.55.254 - - [26/Sep/2017:11:32:05 -0300] "GET /cormun/static/Shared/jqueryui/images/ui-bg_flat_55_fafafa_40x100.png HTTP/1.1" 404 1097
190.45.55.254 - - [26/Sep/2017:11:32:05 -0300] "GET /cormun/static/Shared/jqueryui/images/ui-icons_82798d_256x240.png HTTP/1.1" 404 1089
190.45.55.254 - - [26/Sep/2017:11:32:05 -0300] "GET /cormun/static/Shared/jqueryui/images/ui-icons_8d78a5_256x240.png HTTP/1.1" 404 1089
190.45.55.254 - - [26/Sep/2017:11:32:08 -0300] "GET /cormun/servlet/trpermisosadjuntos?15724008,20170921085859,P, HTTP/1.1" 200 7032
190.45.55.254 - - [26/Sep/2017:11:32:08 -0300] "GET /cormun/servlet/trpermisosadjuntos?15724008,20170921085859,P, HTTP/1.1" 200 7013
190.45.55.254 - - [26/Sep/2017:11:32:11 -0300] "GET /cormun/PublicTempStorage/pa_j.lizana_d212790399.pdf HTTP/1.1" 200 331166
190.45.55.254 - - [26/Sep/2017:11:32:19 -0300] "GET /cormun/servlet/hlogin HTTP/1.1" 200 1721
190.45.55.254 - - [26/Sep/2017:11:32:24 -0300] "POST /cormun/servlet/hlogin?3fc1385402cf67a3586f28b7368529a8,gx-no-cache=1506436379239 HTTP/1.1" 200 90
190.45.55.254 - - [26/Sep/2017:11:32:24 -0300] "GET /cormun/servlet/hpexe_link HTTP/1.1" 200 982
190.45.55.254 - - [26/Sep/2017:11:32:24 -0300] "GET /cormun/servlet/trpermisosadjuntos?15724008,20170921085859,P, HTTP/1.1" 200 7013
190.45.55.254 - - [26/Sep/2017:11:32:25 -0300] "GET /cormun/servlet/trpermisosadjuntos?15724008,20170921085859,P, HTTP/1.1" 200 7013
190.45.55.254 - - [26/Sep/2017:11:32:30 -0300] "GET /cormun/servlet/permisosadjuntos?DLT,15724008,P,20170921085859,20170926113038, HTTP/1.1" 200 5876
190.45.55.254 - - [26/Sep/2017:11:32:31 -0300] "GET /cormun/static/Shared/jqueryui/images/ui-icons_82798d_256x240.png HTTP/1.1" 404 1089
190.45.55.254 - - [26/Sep/2017:11:32:31 -0300] "GET /cormun/static/Shared/jqueryui/images/ui-bg_highlight-soft_100_c6c2c8_1x100.png HTTP/1.1" 404 1117
190.45.55.254 - - [26/Sep/2017:11:32:31 -0300] "GET /cormun/static/Shared/jqueryui/images/ui-icons_8d78a5_256x240.png HTTP/1.1" 404 1089
190.45.55.254 - - [26/Sep/2017:11:32:31 -0300] "GET /cormun/static/Shared/jqueryui/images/ui-bg_flat_55_fafafa_40x100.png HTTP/1.1" 404 1097
190.45.55.254 - - [26/Sep/2017:11:32:31 -0300] "GET /cormun/servlet/permisosadjuntos?DLT,15724008,P,20170921085859,20170926113038, HTTP/1.1" 200 5866
190.45.55.254 - - [26/Sep/2017:11:32:31 -0300] "GET /cormun/PublicTempStorage/pa_j.lizana_d217502725.pdf HTTP/1.1" 200 331166
186.103.156.166 - - [26/Sep/2017:11:32:59 -0300] "GET /cormun/servlet/trpermisosadjuntos?14333462,20170926112356,P, HTTP/1.1" 200 6101
186.103.156.166 - - [26/Sep/2017:11:33:00 -0300] "GET /cormun/servlet/trpermisosadjuntos?14333462,20170926112356,P, HTTP/1.1" 200 6102
186.103.156.166 - - [26/Sep/2017:11:33:04 -0300] "GET /cormun/servlet/permisosadjuntos?INS,14333462,P,20170926112356,, HTTP/1.1" 200 5429
186.103.156.166 - - [26/Sep/2017:11:33:04 -0300] "GET /cormun/static/about:blank HTTP/1.1" 404 1011
186.103.156.166 - - [26/Sep/2017:11:33:04 -0300] "GET /cormun/servlet/permisosadjuntos?INS,14333462,P,20170926112356,, HTTP/1.1" 200 5419
190.45.55.254 - - [26/Sep/2017:11:35:04 -0300] "POST /cormun/servlet/permisosadjuntos?3fc1385402cf67a3586f28b7368529a8,DLT,15724008,P,20170921085859,20170926113038,,gx-no-cache=1506436539640 HTTP/1.1" 200 90
190.45.55.254 - - [26/Sep/2017:11:35:04 -0300] "GET /cormun/servlet/hpexe_link HTTP/1.1" 200 998
190.45.55.254 - - [26/Sep/2017:11:35:04 -0300] "GET /cormun/servlet/hpexe_link HTTP/1.1" 200 979
190.45.55.254 - - [26/Sep/2017:11:35:05 -0300] "GET /cormun/servlet/trpermisosadjuntos?15724008,20170921085859,P, HTTP/1.1" 200 7013
190.45.55.254 - - [26/Sep/2017:11:35:05 -0300] "GET /cormun/servlet/trpermisosadjuntos?15724008,20170921085859,P, HTTP/1.1" 200 7013
190.45.55.254 - - [26/Sep/2017:11:35:11 -0300] "GET /cormun/servlet/trpermisosgoce? HTTP/1.1" 200 7979
190.45.55.254 - - [26/Sep/2017:11:35:11 -0300] "GET /cormun/servlet/trpermisosgoce? HTTP/1.1" 200 7977
190.45.55.254 - - [26/Sep/2017:11:35:14 -0300] "GET /cormun/servlet/trpermisosadjuntos?15724008,20170921085859,P, HTTP/1.1" 200 7013
190.45.55.254 - - [26/Sep/2017:11:35:14 -0300] "GET /cormun/servlet/trpermisosadjuntos?15724008,20170921085859,P, HTTP/1.1" 200 7012
190.45.55.254 - - [26/Sep/2017:11:35:17 -0300] "GET /cormun/servlet/permisosadjuntos?INS,15724008,P,20170921085859,, HTTP/1.1" 200 5836
190.45.55.254 - - [26/Sep/2017:11:35:17 -0300] "GET /cormun/static/about:blank HTTP/1.1" 404 1011
190.45.55.254 - - [26/Sep/2017:11:35:17 -0300] "GET /cormun/servlet/permisosadjuntos?INS,15724008,P,20170921085859,, HTTP/1.1" 200 5826
190.45.55.254 - - [26/Sep/2017:11:35:21 -0300] "POST /cormun/servlet/permisosadjuntos?3fc1385402cf67a3586f28b7368529a8,INS,15724008,P,20170921085859,, HTTP/1.1" 200 116
190.45.55.254 - - [26/Sep/2017:11:35:21 -0300] "GET /cormun/servlet/hpexe_return? HTTP/1.1" 200 1037
190.45.55.254 - - [26/Sep/2017:11:35:22 -0300] "GET /cormun/servlet/trpermisosadjuntos?15724008,20170921085859,P, HTTP/1.1" 200 7118
190.45.55.254 - - [26/Sep/2017:11:35:22 -0300] "GET /cormun/servlet/trpermisosadjuntos?15724008,20170921085859,P, HTTP/1.1" 200 7115
190.45.55.254 - - [26/Sep/2017:11:35:25 -0300] "GET /cormun/servlet/permisosadjuntos?DLT,15724008,P,20170921085859,20170926113038, HTTP/1.1" 200 5876
190.45.55.254 - - [26/Sep/2017:11:35:25 -0300] "GET /cormun/static/Shared/jqueryui/images/ui-icons_82798d_256x240.png HTTP/1.1" 404 1089
190.45.55.254 - - [26/Sep/2017:11:35:25 -0300] "GET /cormun/static/Shared/jqueryui/images/ui-bg_highlight-soft_100_c6c2c8_1x100.png HTTP/1.1" 404 1117
190.45.55.254 - - [26/Sep/2017:11:35:25 -0300] "GET /cormun/static/Shared/jqueryui/images/ui-bg_flat_55_fafafa_40x100.png HTTP/1.1" 404 1097
190.45.55.254 - - [26/Sep/2017:11:35:25 -0300] "GET /cormun/static/Shared/jqueryui/images/ui-icons_8d78a5_256x240.png HTTP/1.1" 404 1089
190.45.55.254 - - [26/Sep/2017:11:35:25 -0300] "GET /cormun/servlet/permisosadjuntos?DLT,15724008,P,20170921085859,20170926113038, HTTP/1.1" 200 5865
190.45.55.254 - - [26/Sep/2017:11:35:25 -0300] "GET /cormun/PublicTempStorage/pa_j.lizana_d211451928.pdf HTTP/1.1" 200 331166
190.45.55.254 - - [26/Sep/2017:11:35:29 -0300] "POST /cormun/servlet/permisosadjuntos?3fc1385402cf67a3586f28b7368529a8,DLT,15724008,P,20170921085859,20170926113038,,gx-no-cache=1506436564234 HTTP/1.1" 200 93
190.45.55.254 - - [26/Sep/2017:11:35:29 -0300] "GET /cormun/servlet/hpexe_return? HTTP/1.1" 200 1045
190.45.55.254 - - [26/Sep/2017:11:35:29 -0300] "GET /cormun/servlet/trpermisosadjuntos?15724008,20170921085859,P, HTTP/1.1" 200 7015
190.45.55.254 - - [26/Sep/2017:11:35:29 -0300] "GET /cormun/servlet/trpermisosadjuntos?15724008,20170921085859,P, HTTP/1.1" 200 7012
190.45.55.254 - - [26/Sep/2017:11:35:35 -0300] "POST /cormun/servlet/trpermisosadjuntos?3fc1385402cf67a3586f28b7368529a8,15724008,20170921085859,P,,gx-no-cache=1506436570636 HTTP/1.1" 200 90
190.45.55.254 - - [26/Sep/2017:11:35:35 -0300] "GET /cormun/servlet/hpexe_link HTTP/1.1" 200 982
190.45.55.254 - - [26/Sep/2017:11:35:35 -0300] "GET /cormun/servlet/trpermisosgoce HTTP/1.1" 200 7978
190.45.55.254 - - [26/Sep/2017:11:35:36 -0300] "GET /cormun/servlet/trpermisosgoce HTTP/1.1" 200 7977
190.45.55.254 - - [26/Sep/2017:11:35:38 -0300] "POST /cormun/servlet/trpermisosgoce?3fc1385402cf67a3586f28b7368529a8,gx-no-cache=1506436573269 HTTP/1.1" 200 5093
190.45.55.254 - - [26/Sep/2017:11:35:38 -0300] "GET /cormun/static/Shared/jqueryui/images/ui-bg_highlight-soft_100_c6c2c8_1x100.png HTTP/1.1" 404 1117
190.45.55.254 - - [26/Sep/2017:11:35:38 -0300] "GET /cormun/static/Shared/jqueryui/images/ui-icons_82798d_256x240.png HTTP/1.1" 404 1089
190.45.55.254 - - [26/Sep/2017:11:35:38 -0300] "GET /cormun/static/Shared/jqueryui/images/ui-bg_flat_55_fafafa_40x100.png HTTP/1.1" 404 1097
190.45.55.254 - - [26/Sep/2017:11:35:38 -0300] "GET /cormun/static/Shared/jqueryui/images/ui-icons_8d78a5_256x240.png HTTP/1.1" 404 1089
190.45.55.254 - - [26/Sep/2017:11:35:42 -0300] "POST /cormun/servlet/trpermisosgoce?3fc1385402cf67a3586f28b7368529a8,gx-no-cache=1506436577858 HTTP/1.1" 200 5093
190.45.55.254 - - [26/Sep/2017:11:35:43 -0300] "POST /cormun/servlet/trpermisosgoce?3fc1385402cf67a3586f28b7368529a8,gx-no-cache=1506436578450 HTTP/1.1" 200 5092
190.45.55.254 - - [26/Sep/2017:11:35:44 -0300] "GET /cormun/servlet/trpermisosadjuntos?15724008,20170921085859,P, HTTP/1.1" 200 7012
190.45.55.254 - - [26/Sep/2017:11:35:45 -0300] "GET /cormun/servlet/trpermisosadjuntos?15724008,20170921085859,P, HTTP/1.1" 200 7012
190.45.55.254 - - [26/Sep/2017:11:35:46 -0300] "GET /cormun/servlet/permisosadjuntos?INS,15724008,P,20170921085859,, HTTP/1.1" 200 5837
190.45.55.254 - - [26/Sep/2017:11:35:47 -0300] "GET /cormun/static/about:blank HTTP/1.1" 404 1011
190.45.55.254 - - [26/Sep/2017:11:35:47 -0300] "GET /cormun/servlet/permisosadjuntos?INS,15724008,P,20170921085859,, HTTP/1.1" 200 5827
190.45.55.254 - - [26/Sep/2017:11:35:53 -0300] "POST /cormun/servlet/permisosadjuntos?3fc1385402cf67a3586f28b7368529a8,INS,15724008,P,20170921085859,, HTTP/1.1" 200 116
190.45.55.254 - - [26/Sep/2017:11:35:53 -0300] "GET /cormun/servlet/hpexe_return? HTTP/1.1" 200 1037
190.45.55.254 - - [26/Sep/2017:11:35:53 -0300] "GET /cormun/servlet/trpermisosadjuntos?15724008,20170921085859,P, HTTP/1.1" 200 7117
190.45.55.254 - - [26/Sep/2017:11:35:54 -0300] "GET /cormun/servlet/trpermisosadjuntos?15724008,20170921085859,P, HTTP/1.1" 200 7113
190.45.55.254 - - [26/Sep/2017:11:35:56 -0300] "POST /cormun/servlet/trpermisosadjuntos?3fc1385402cf67a3586f28b7368529a8,15724008,20170921085859,P,,gx-no-cache=1506436591922 HTTP/1.1" 200 90
190.45.55.254 - - [26/Sep/2017:11:35:56 -0300] "GET /cormun/servlet/hpexe_link HTTP/1.1" 200 1003
190.45.55.254 - - [26/Sep/2017:11:35:57 -0300] "GET /cormun/servlet/trpermisosgoce?gx-no-cache=1506436578450 HTTP/1.1" 200 7978
190.45.55.254 - - [26/Sep/2017:11:35:57 -0300] "GET /cormun/servlet/trpermisosgoce?gx-no-cache=1506436578450 HTTP/1.1" 200 7997
190.45.55.254 - - [26/Sep/2017:11:35:59 -0300] "POST /cormun/servlet/trpermisosgoce?3fc1385402cf67a3586f28b7368529a8,gx-no-cache=1506436578450,gx-no-cache=1506436594415 HTTP/1.1" 200 5092
190.45.55.254 - - [26/Sep/2017:11:35:59 -0300] "GET /cormun/static/Shared/jqueryui/images/ui-bg_highlight-soft_100_c6c2c8_1x100.png HTTP/1.1" 404 1117
190.45.55.254 - - [26/Sep/2017:11:35:59 -0300] "GET /cormun/static/Shared/jqueryui/images/ui-icons_8d78a5_256x240.png HTTP/1.1" 404 1089
190.45.55.254 - - [26/Sep/2017:11:35:59 -0300] "GET /cormun/static/Shared/jqueryui/images/ui-icons_82798d_256x240.png HTTP/1.1" 404 1089
190.45.55.254 - - [26/Sep/2017:11:35:59 -0300] "GET /cormun/static/Shared/jqueryui/images/ui-bg_flat_55_fafafa_40x100.png HTTP/1.1" 404 1097
190.151.100.218 - - [26/Sep/2017:11:36:17 -0300] "GET /cormun/servlet/hlogin HTTP/1.1" 200 1711
200.86.95.220 - - [26/Sep/2017:11:36:22 -0300] "GET /cormun/servlet/hlogin HTTP/1.1" 200 1718
200.86.95.220 - - [26/Sep/2017:11:36:23 -0300] "GET /cormun/servlet/hlogin HTTP/1.1" 200 1728
186.103.156.166 - - [26/Sep/2017:11:36:30 -0300] "POST /cormun/servlet/permisosadjuntos?174094f74f4ffeacf3cbda292ce7c738,INS,14333462,P,20170926112356,, HTTP/1.1" 200 116
186.103.156.166 - - [26/Sep/2017:11:36:30 -0300] "GET /cormun/servlet/hpexe_return? HTTP/1.1" 200 1044
186.103.156.166 - - [26/Sep/2017:11:36:31 -0300] "GET /cormun/servlet/trpermisosadjuntos?14333462,20170926112356,P, HTTP/1.1" 200 6570
200.86.95.220 - - [26/Sep/2017:11:36:31 -0300] "POST /cormun/servlet/hlogin?46f44574cfbc369c58b4abc090ecf426,gx-no-cache=1506436624592 HTTP/1.1" 200 90
200.86.95.220 - - [26/Sep/2017:11:36:31 -0300] "GET /cormun/servlet/hpexe_link HTTP/1.1" 200 949
200.86.95.220 - - [26/Sep/2017:11:36:31 -0300] "GET /cormun/servlet/hhome HTTP/1.1" 200 3842
186.103.156.166 - - [26/Sep/2017:11:36:31 -0300] "GET /cormun/servlet/trpermisosadjuntos?14333462,20170926112356,P, HTTP/1.1" 200 6566
200.86.95.220 - - [26/Sep/2017:11:36:32 -0300] "GET /cormun/servlet/hhome HTTP/1.1" 200 3839
186.103.161.206 - - [26/Sep/2017:11:36:34 -0300] "POST /cormun/servlet/hlogin?583a2da09700c5a12de1d6d6aa425a65,gx-no-cache=1506436627463 HTTP/1.1" 200 90
186.103.161.206 - - [26/Sep/2017:11:36:34 -0300] "GET /cormun/servlet/hpexe_link HTTP/1.1" 200 939
186.103.161.206 - - [26/Sep/2017:11:36:34 -0300] "GET /cormun/servlet/hhome HTTP/1.1" 200 4026
200.86.95.220 - - [26/Sep/2017:11:36:35 -0300] "GET /cormun/servlet/trlicencias? HTTP/1.1" 200 10962
200.86.95.220 - - [26/Sep/2017:11:36:35 -0300] "GET /cormun/static/gxcfg.js?20176272054169 HTTP/1.1" 304 -
186.103.156.166 - - [26/Sep/2017:11:36:36 -0300] "POST /cormun/servlet/trpermisosadjuntos?174094f74f4ffeacf3cbda292ce7c738,14333462,20170926112356,P,,gx-no-cache=1506440222895 HTTP/1.1" 200 90
186.103.156.166 - - [26/Sep/2017:11:36:36 -0300] "GET /cormun/servlet/hpexe_link HTTP/1.1" 200 988
186.103.156.166 - - [26/Sep/2017:11:36:36 -0300] "GET /cormun/servlet/trpermisosgoce HTTP/1.1" 200 10145
186.103.161.206 - - [26/Sep/2017:11:36:36 -0300] "GET /cormun/servlet/hhome HTTP/1.1" 200 4025
200.86.95.220 - - [26/Sep/2017:11:36:36 -0300] "GET /cormun/servlet/trlicencias? HTTP/1.1" 200 10960
186.103.156.166 - - [26/Sep/2017:11:36:37 -0300] "GET /cormun/servlet/trpermisosgoce HTTP/1.1" 200 10144
186.103.161.206 - - [26/Sep/2017:11:36:41 -0300] "GET /cormun/servlet/trlicencias? HTTP/1.1" 200 11710
186.103.161.206 - - [26/Sep/2017:11:36:47 -0300] "GET /cormun/servlet/trlicencias? HTTP/1.1" 200 11708
186.103.156.166 - - [26/Sep/2017:11:36:48 -0300] "POST /cormun/servlet/trpermisosgoce?174094f74f4ffeacf3cbda292ce7c738,gx-no-cache=1506440235187 HTTP/1.1" 200 7442
186.103.156.166 - - [26/Sep/2017:11:36:48 -0300] "GET /cormun/static/Shared/jqueryui/images/ui-bg_highlight-soft_100_c6c2c8_1x100.png HTTP/1.1" 404 1117
186.103.156.166 - - [26/Sep/2017:11:36:48 -0300] "GET /cormun/static/Shared/jqueryui/images/ui-icons_82798d_256x240.png HTTP/1.1" 404 1089
186.103.156.166 - - [26/Sep/2017:11:36:48 -0300] "GET /cormun/static/Shared/jqueryui/images/ui-bg_flat_55_fafafa_40x100.png HTTP/1.1" 404 1097
186.103.156.166 - - [26/Sep/2017:11:36:48 -0300] "GET /cormun/static/Shared/jqueryui/images/ui-icons_8d78a5_256x240.png HTTP/1.1" 404 1089
200.86.95.220 - - [26/Sep/2017:11:37:23 -0300] "GET /cormun/servlet/alicenciaprn?15125128,L,20170921000000,PU HTTP/1.1" 200 1547
186.103.156.166 - - [26/Sep/2017:11:37:42 -0300] "GET /cormun/servlet/hlogin HTTP/1.1" 200 1742
186.103.156.166 - - [26/Sep/2017:11:38:03 -0300] "POST /cormun/servlet/hlogin?174094f74f4ffeacf3cbda292ce7c738,gx-no-cache=1506440310534 HTTP/1.1" 200 90
186.103.156.166 - - [26/Sep/2017:11:38:03 -0300] "GET /cormun/servlet/hpexe_link HTTP/1.1" 200 957
186.103.156.166 - - [26/Sep/2017:11:38:03 -0300] "GET /cormun/servlet/hhome HTTP/1.1" 200 4064
186.103.156.166 - - [26/Sep/2017:11:38:04 -0300] "GET /cormun/servlet/hhome HTTP/1.1" 200 4060
186.103.156.166 - - [26/Sep/2017:11:38:08 -0300] "GET /cormun/servlet/trautorizarpermisogoce? HTTP/1.1" 200 7988
186.103.156.166 - - [26/Sep/2017:11:38:08 -0300] "GET /cormun/static/gxcfg.js?20176272062650 HTTP/1.1" 304 -
186.103.156.166 - - [26/Sep/2017:11:38:09 -0300] "GET /cormun/servlet/trautorizarpermisogoce? HTTP/1.1" 200 7986
192.168.10.89 - - [26/Sep/2017:11:38:24 -0300] "GET /cormun/servlet/hlogin HTTP/1.1" 200 1719
192.168.10.89 - - [26/Sep/2017:11:38:33 -0300] "POST /cormun/servlet/hlogin?4223f5cbab5497b8656b578ded4f1c18,gx-no-cache=1506436670534 HTTP/1.1" 200 90
192.168.10.89 - - [26/Sep/2017:11:38:33 -0300] "GET /cormun/servlet/hpexe_link HTTP/1.1" 200 952
192.168.10.89 - - [26/Sep/2017:11:38:33 -0300] "GET /cormun/servlet/hhome HTTP/1.1" 200 4632
192.168.10.89 - - [26/Sep/2017:11:38:38 -0300] "GET /cormun/servlet/trsolicitudgral? HTTP/1.1" 200 17708
192.168.10.89 - - [26/Sep/2017:11:38:44 -0300] "POST /cormun/servlet/trsolicitudgral?4223f5cbab5497b8656b578ded4f1c18,,gx-no-cache=1506436681329 HTTP/1.1" 200 5756
192.168.10.89 - - [26/Sep/2017:11:38:53 -0300] "POST /cormun/servlet/trsolicitudgral?4223f5cbab5497b8656b578ded4f1c18,,gx-no-cache=1506436690197 HTTP/1.1" 200 5759
192.168.10.89 - - [26/Sep/2017:11:38:59 -0300] "POST /cormun/servlet/trsolicitudgral?4223f5cbab5497b8656b578ded4f1c18,,gx-no-cache=1506436696164 HTTP/1.1" 200 5757
186.103.156.166 - - [26/Sep/2017:11:39:01 -0300] "POST /cormun/servlet/trautorizarpermisogoce?174094f74f4ffeacf3cbda292ce7c738,,gx-no-cache=1506440368403 HTTP/1.1" 200 5005
186.103.156.166 - - [26/Sep/2017:11:39:01 -0300] "GET /cormun/static/Shared/jqueryui/images/ui-bg_highlight-soft_100_c6c2c8_1x100.png HTTP/1.1" 404 1117
186.103.156.166 - - [26/Sep/2017:11:39:01 -0300] "GET /cormun/static/Shared/jqueryui/images/ui-icons_82798d_256x240.png HTTP/1.1" 404 1089
186.103.156.166 - - [26/Sep/2017:11:39:01 -0300] "GET /cormun/static/Shared/jqueryui/images/ui-icons_8d78a5_256x240.png HTTP/1.1" 404 1089
186.103.156.166 - - [26/Sep/2017:11:39:01 -0300] "GET /cormun/static/Shared/jqueryui/images/ui-bg_flat_55_fafafa_40x100.png HTTP/1.1" 404 1097
192.168.10.96 - - [26/Sep/2017:11:39:06 -0300] "POST /cormun/servlet/trsolicitudgral?b531568c56aaa9842b8dc88ab0656242,,gx-no-cache=1506436703307 HTTP/1.1" 200 7173
192.168.10.96 - - [26/Sep/2017:11:39:11 -0300] "POST /cormun/servlet/trsolicitudgral?b531568c56aaa9842b8dc88ab0656242,,gx-no-cache=1506436708043 HTTP/1.1" 200 5757
192.168.10.96 - - [26/Sep/2017:11:39:15 -0300] "POST /cormun/servlet/trsolicitudgral?b531568c56aaa9842b8dc88ab0656242,,gx-no-cache=1506436712839 HTTP/1.1" 200 7172
192.168.10.96 - - [26/Sep/2017:11:39:23 -0300] "POST /cormun/servlet/trsolicitudgral?b531568c56aaa9842b8dc88ab0656242,,gx-no-cache=1506436720743 HTTP/1.1" 200 7170
192.168.10.96 - - [26/Sep/2017:11:39:29 -0300] "POST /cormun/servlet/trsolicitudgral?b531568c56aaa9842b8dc88ab0656242,,gx-no-cache=1506436726574 HTTP/1.1" 200 17988
190.151.100.218 - - [26/Sep/2017:11:39:38 -0300] "GET /cormun/servlet/licenciaspermisos?INS,0,,, HTTP/1.1" 200 7561
190.151.100.218 - - [26/Sep/2017:11:39:39 -0300] "GET /cormun/static/gxcfg.js?201762917281167 HTTP/1.1" 304 -
190.151.100.218 - - [26/Sep/2017:11:39:40 -0300] "GET /cormun/servlet/licenciaspermisos?INS,0,,, HTTP/1.1" 200 7569
190.151.100.218 - - [26/Sep/2017:11:39:43 -0300] "GET /cormun/servlet/prfichaempleado?,MD,,gxPopupLevel%3D0%3B HTTP/1.1" 200 9268
186.103.156.166 - - [26/Sep/2017:11:40:01 -0300] "POST /cormun/servlet/trautorizarpermisogoce?174094f74f4ffeacf3cbda292ce7c738,,gx-no-cache=1506440428451 HTTP/1.1" 200 4249
190.151.100.218 - - [26/Sep/2017:11:40:01 -0300] "POST /cormun/servlet/prfichaempleado?583a2da09700c5a12de1d6d6aa425a65,,MD,,gxPopupLevel%3D0%3B,gx-no-cache=1506436833898 HTTP/1.1" 200 3417
190.151.100.218 - - [26/Sep/2017:11:40:04 -0300] "GET /cormun/servlet/licenciaspermisos?08296230f1e696b5503fb069204e6660731889741e4a8e4b96f4155acfbbbd24767de1780acee2f121f3b6634334a959,gx-no-cache=1506436837433 HTTP/1.1" 200 91
190.151.100.218 - - [26/Sep/2017:11:40:04 -0300] "POST /cormun/servlet/licenciaspermisos?583a2da09700c5a12de1d6d6aa425a65,INS,0,,,,gx-no-cache=1506436837577 HTTP/1.1" 200 4765
186.103.156.166 - - [26/Sep/2017:11:40:13 -0300] "GET /cormun/servlet/hlogin HTTP/1.1" 200 1749
186.103.161.206 - - [26/Sep/2017:11:40:34 -0300] "GET /cormun/static/menuarrow.gif HTTP/1.1" 404 1015
190.45.55.254 - - [26/Sep/2017:11:40:52 -0300] "POST /cormun/servlet/trpermisosgoce?3fc1385402cf67a3586f28b7368529a8,gx-no-cache=1506436578450,gx-no-cache=1506436887158 HTTP/1.1" 200 6300
190.45.55.254 - - [26/Sep/2017:11:40:55 -0300] "POST /cormun/servlet/trpermisosgoce?3fc1385402cf67a3586f28b7368529a8,gx-no-cache=1506436578450,gx-no-cache=1506436890678 HTTP/1.1" 200 6836
190.45.55.254 - - [26/Sep/2017:11:41:01 -0300] "POST /cormun/servlet/trpermisosgoce?3fc1385402cf67a3586f28b7368529a8,gx-no-cache=1506436578450,gx-no-cache=1506436896166 HTTP/1.1" 200 6855
200.86.95.220 - - [26/Sep/2017:11:41:29 -0300] "GET /cormun/servlet/licenciaspermisos?INS,0,,, HTTP/1.1" 200 7365
200.86.95.220 - - [26/Sep/2017:11:41:29 -0300] "GET /cormun/static/gxcfg.js?201762917281167 HTTP/1.1" 304 -
200.86.95.220 - - [26/Sep/2017:11:41:30 -0300] "GET /cormun/servlet/licenciaspermisos?INS,0,,, HTTP/1.1" 200 7365
200.86.95.220 - - [26/Sep/2017:11:41:51 -0300] "GET /cormun/servlet/licenciaspermisos?7bb56bd10a00b60a40b119f81db05351e3f010ffb7ab89376b976b32b989ae21800423c73b9b48d46e368012bbb7679a,gx-no-cache=1506436944999 HTTP/1.1" 200 98
200.86.95.220 - - [26/Sep/2017:11:41:52 -0300] "POST /cormun/servlet/licenciaspermisos?46f44574cfbc369c58b4abc090ecf426,INS,0,,,,gx-no-cache=1506436945226 HTTP/1.1" 200 4571
192.168.10.89 - - [26/Sep/2017:11:41:58 -0300] "GET /cormun/servlet/hlogin HTTP/1.1" 200 1719
192.168.10.89 - - [26/Sep/2017:11:42:05 -0300] "POST /cormun/servlet/hlogin?4223f5cbab5497b8656b578ded4f1c18,gx-no-cache=1506436882410 HTTP/1.1" 200 90
192.168.10.89 - - [26/Sep/2017:11:42:05 -0300] "GET /cormun/servlet/hpexe_link HTTP/1.1" 200 960
192.168.10.89 - - [26/Sep/2017:11:42:05 -0300] "GET /cormun/servlet/trsolicitudgral? HTTP/1.1" 200 9168
192.168.10.89 - - [26/Sep/2017:11:42:13 -0300] "POST /cormun/servlet/trsolicitudgral?4223f5cbab5497b8656b578ded4f1c18,,gx-no-cache=1506436889907 HTTP/1.1" 200 14318
192.168.10.89 - - [26/Sep/2017:11:42:20 -0300] "GET /cormun/static/menuarrow.gif HTTP/1.1" 404 1015
186.103.159.44 - - [26/Sep/2017:11:42:21 -0300] "GET /cormun/servlet/licenciaspermisos?INS,0,,, HTTP/1.1" 200 6753
192.168.10.96 - - [26/Sep/2017:11:42:21 -0300] "GET /cormun/servlet/trsolicitudgral? HTTP/1.1" 200 21156
186.103.159.44 - - [26/Sep/2017:11:42:22 -0300] "GET /cormun/servlet/hlogin HTTP/1.1" 200 1752
192.168.10.96 - - [26/Sep/2017:11:42:22 -0300] "GET /cormun/servlet/trsolicitudgral? HTTP/1.1" 200 21156
192.168.10.96 - - [26/Sep/2017:11:42:26 -0300] "POST /cormun/servlet/trsolicitudgral?b531568c56aaa9842b8dc88ab0656242,,gx-no-cache=1506436903394 HTTP/1.1" 200 5758
192.168.10.96 - - [26/Sep/2017:11:42:30 -0300] "POST /cormun/servlet/trsolicitudgral?b531568c56aaa9842b8dc88ab0656242,,gx-no-cache=1506436907533 HTTP/1.1" 200 10786
200.86.95.220 - - [26/Sep/2017:11:42:35 -0300] "GET /cormun/static/menuarrow.gif HTTP/1.1" 404 1015
192.168.10.96 - - [26/Sep/2017:11:42:36 -0300] "POST /cormun/servlet/trsolicitudgral?b531568c56aaa9842b8dc88ab0656242,,gx-no-cache=1506436913285 HTTP/1.1" 200 10786
192.168.10.96 - - [26/Sep/2017:11:42:47 -0300] "POST /cormun/servlet/trsolicitudgral?b531568c56aaa9842b8dc88ab0656242,,gx-no-cache=1506436923757 HTTP/1.1" 200 18534
192.168.10.89 - - [26/Sep/2017:11:42:52 -0300] "POST /cormun/servlet/trsolicitudgral?4223f5cbab5497b8656b578ded4f1c18,,gx-no-cache=1506436929154 HTTP/1.1" 200 7085
192.168.10.89 - - [26/Sep/2017:11:42:56 -0300] "GET /cormun/servlet/solicitudgral?UPD,2017,7410, HTTP/1.1" 200 12610
192.168.10.89 - - [26/Sep/2017:11:42:57 -0300] "POST /cormun/servlet/solicitudgral?gx-no-cache=1506436934196 HTTP/1.1" 200 3225
192.168.10.89 - - [26/Sep/2017:11:42:57 -0300] "GET /cormun/servlet/solicitudgral?37864706464183c4879c0cda35047f184ef366f1f1055c40e680449aebf8183fd6c0e74d1cb66d35589707748bce25d999a636065a01273f05e3dece292841efc9557a8003cb32175ffa5e558ac727c2e744cef3797063755b2f5f3f428bb9ef35040c370a957ced0a910a81a95bde87cc0ce3180f9095188b443d40568eae29cd18d51461ba1f3b42e3a958f26502c5b65376adb6d737acab3f26958cb23bf0ee564d452fbb5901d0af7bf317cdb23311677d7b538fc331799f52ff92107aff45a636d452492b77fdff66f4fc5d40be9150ade53bd19687f5ab299f2815ab73cc824325dcd22382f3ad6b81d27a779818926f805c421c6b479e1fc574c39df66507402f5b5369f60a810bcedece57e8ac66929e965b7cf0bd153efe0f84d1711a4063f2db8524f99a36bec276325b04765b113d45faef4d8af5e414bac1f84897c83e7342f130d05d3666aa362a808d,gx-no-cache=1506436934399 HTTP/1.1" 200 257
186.103.159.44 - - [26/Sep/2017:11:42:58 -0300] "POST /cormun/servlet/hlogin?98f80984e536bdb9d9052a1b8ffe070c,gx-no-cache=1506437019956 HTTP/1.1" 200 90
186.103.159.44 - - [26/Sep/2017:11:42:58 -0300] "GET /cormun/servlet/hpexe_link HTTP/1.1" 200 972
186.103.159.44 - - [26/Sep/2017:11:42:59 -0300] "GET /cormun/servlet/licenciaspermisos?INS,0,,, HTTP/1.1" 200 7215
192.168.10.89 - - [26/Sep/2017:11:42:59 -0300] "GET /cormun/servlet/solicitudgral?37864706464183c4879c0cda35047f18e81895e8ed0bcc7f4830ecc1d7dcd0d22a0321798b3579cfc65e8cb9ec151828cb5df56e3d5c104fd530b203e371f99b909c1fa53143387b8e25fd394a62a84e2d32b3c5b2cbf20ed9768086b800610ac30861c86f547e717ea8822f80b70658083fa5fd964f29c3ccb7134e40cf9fbfe5c2076535d0ee309bcb8e041c0186d137c032fe41253dc7e2a5650959b04810e6233ca8f34d522c965effd49e23821b45a636d452492b77fdff66f4fc5d40bee27ac488aa22e9b7f78841dc6e1854c31d367b9506533934f5ae371b34f999ef99bd48ea172031d703f791b9c991ded7971497d6b3b6a50d64b9a807c77a85642ca9433571a9803919393b1c6ae5faabc30ace2bfaf2ebefac6ad4820eb7b498a67bc1284983d7a9fd1f61279c99f178d7f678411848092a1e0d093663fcf325a1377457eb3f5767c52082a80c96fbbf72fc069a72145ab1470e0f6abeafd647f2ce2f966b32b69e153dac79c7bde88e9c16203d8b7d76e19019af2caef40543a1d5b1676e211312377081b743186b1ba459da1e2fa919fe24d9d035a69e31b81e94824662b4e0bd03530a7d090b1d6bf9bc8361cb9312a3495ccca7f920ff68b129d20c6d5e555036f29fe46268b35a9ae2ec1c8811695eccf787805f773f2f9acf6ac9c79718f6ac4bd93fa5624368a459da1e2fa919fe24d9d035a69e31b8fb34dfe088e2e7fe43c7e4f5a4aaa7f5239d91cd373c33aac232b219953df0a78443dbeab5646f970adbbe398c552b0a,gx-no-cache=1506436936554 HTTP/1.1" 200 48
192.168.10.89 - - [26/Sep/2017:11:42:59 -0300] "POST /cormun/servlet/solicitudgral?4223f5cbab5497b8656b578ded4f1c18,UPD,2017,7410,,gx-no-cache=1506436936583 HTTP/1.1" 200 10908
192.168.10.89 - - [26/Sep/2017:11:42:59 -0300] "GET /cormun/servlet/solicitudgral?37864706464183c4879c0cda35047f18688fbdab05b64366efd1209e4ee4116d86b9e3cdb03b3166ccdd954261abb0d5ad8854f9694b52942d799036e439d3296ce9bc0388363088eda9fc67b39c490de4549d290b5c4d13472919eec93cbff9ba714f4c6ab2b63f178b25a8c1e6801c7ee7e8deaca0e86f3a00fa13e2cd4fd3a57bd62ba150b6007bb8dfb1832e21080f79b19a56b59674b3561cd61f1da027,gx-no-cache=1506436936789 HTTP/1.1" 200 29
192.168.10.89 - - [26/Sep/2017:11:42:59 -0300] "POST /cormun/servlet/solicitudgral?gx-no-cache=1506436936806 HTTP/1.1" 200 1312
192.168.10.89 - - [26/Sep/2017:11:42:59 -0300] "POST /cormun/servlet/solicitudgral?gx-no-cache=1506436936849 HTTP/1.1" 200 1216
192.168.10.96 - - [26/Sep/2017:11:43:02 -0300] "POST /cormun/servlet/trsolicitudgral?b531568c56aaa9842b8dc88ab0656242,,gx-no-cache=1506436939104 HTTP/1.1" 200 12306
192.168.10.89 - - [26/Sep/2017:11:43:04 -0300] "POST /cormun/servlet/solicitudgral?4223f5cbab5497b8656b578ded4f1c18,UPD,2017,7410,,gx-no-cache=1506436941426 HTTP/1.1" 200 93
192.168.10.89 - - [26/Sep/2017:11:43:04 -0300] "GET /cormun/servlet/hpexe_return? HTTP/1.1" 200 1014
192.168.10.89 - - [26/Sep/2017:11:43:04 -0300] "GET /cormun/servlet/trsolicitudgral? HTTP/1.1" 200 10485
192.168.10.96 - - [26/Sep/2017:11:43:12 -0300] "POST /cormun/servlet/trsolicitudgral?b531568c56aaa9842b8dc88ab0656242,,gx-no-cache=1506436949349 HTTP/1.1" 200 18537
186.103.159.44 - - [26/Sep/2017:11:43:59 -0300] "GET /cormun/servlet/trpermisosingoce? HTTP/1.1" 200 6739
186.103.159.44 - - [26/Sep/2017:11:43:59 -0300] "GET /cormun/static/Resources/Spanish/PXTools.css?11294912 HTTP/1.1" 304 -
186.103.159.44 - - [26/Sep/2017:11:43:59 -0300] "GET /cormun/static/gxcfg.js?201742714253516 HTTP/1.1" 200 953
186.103.159.44 - - [26/Sep/2017:11:43:59 -0300] "GET /cormun/static/trpermisosingoce.js?201742714253970 HTTP/1.1" 200 34472
186.103.159.44 - - [26/Sep/2017:11:44:02 -0300] "GET /cormun/servlet/permisosingoce?INS,0, HTTP/1.1" 200 6630
186.103.159.44 - - [26/Sep/2017:11:44:02 -0300] "GET /cormun/static/gxcfg.js?201752511551633 HTTP/1.1" 200 953
186.103.159.44 - - [26/Sep/2017:11:44:03 -0300] "GET /cormun/static/permisosingoce.js?20175251155177 HTTP/1.1" 200 25800
192.168.10.89 - - [26/Sep/2017:11:44:28 -0300] "GET /cormun/servlet/hlogin HTTP/1.1" 200 1740
186.103.159.44 - - [26/Sep/2017:11:44:38 -0300] "GET /cormun/servlet/permisosingoce?d1dc97324f91ba1ac52775eb050dd21089416d99ef519b507398568a9c3f1c0eb4708a12eab09ee446f9e837b394e6bd,gx-no-cache=1506437119781 HTTP/1.1" 200 79
200.86.95.220 - - [26/Sep/2017:11:44:55 -0300] "GET /cormun/servlet/licenciaspermisos?7bb56bd10a00b60a40b119f81db053513cce0498e3e2245bdbd9ad5d229d468ee047c46450e405cf51b233855f6045dd799dbd02840537109620975e042cf17c4b1e18f43a8ffc701b0b6795288ede21f327d43deebec85d4127186a240fda47274dce7ead79d7f51de3f3d7f2f9b894c3eb3747f61df9e678f59b84d32deac90b0c46af58709af82cf2448eb42c9e5394273ba1648243cd1ba54e49dc796fbedea2cfdd85db890ffd90840980b20046,gx-no-cache=1506437128476 HTTP/1.1" 200 30
200.86.95.220 - - [26/Sep/2017:11:44:55 -0300] "GET /cormun/servlet/licenciaspermisos?7bb56bd10a00b60a40b119f81db05351e4182bbe817dda7c2fa62604851e2a92519bc68ff007c7e78633b548e8adcd2c4248b6aeabd58a4006cc1122a7e70aa156894a3b50251b554148d4705dce20f662a72265ac6ceb47fee28535053dba5b0f1cd1de0c4032aec30b0f76c72a2083bd080ab249abe25b945ae1f132127b40c871fdfad78a91193a8fff8ff059521866b1cb3fcf3307a19eec1ccd0758c381ff98672b75ec0e63b69dad7d76c9654c,gx-no-cache=1506437128638 HTTP/1.1" 200 29
200.86.95.220 - - [26/Sep/2017:11:44:55 -0300] "POST /cormun/servlet/licenciaspermisos?46f44574cfbc369c58b4abc090ecf426,INS,0,,,,gx-no-cache=1506437128775 HTTP/1.1" 200 93
200.86.95.220 - - [26/Sep/2017:11:44:55 -0300] "GET /cormun/servlet/hpexe_return? HTTP/1.1" 200 1011
200.86.95.220 - - [26/Sep/2017:11:44:56 -0300] "GET /cormun/servlet/trlicencias HTTP/1.1" 200 11391
200.86.95.220 - - [26/Sep/2017:11:44:58 -0300] "GET /cormun/servlet/trlicencias HTTP/1.1" 200 11385
186.103.159.44 - - [26/Sep/2017:11:44:59 -0300] "GET /cormun/servlet/permisosingoce?d1dc97324f91ba1ac52775eb050dd2108c5672785c50f729181dca5adaa2564854c793cf51362afc235c69c68c16b2f8,gx-no-cache=1506437140609 HTTP/1.1" 200 33
200.86.95.220 - - [26/Sep/2017:11:45:01 -0300] "GET /cormun/servlet/trlicenciaspermisosadjuntos?8851094,20170926000000,L, HTTP/1.1" 200 6189
192.168.10.62 - - [26/Sep/2017:11:45:01 -0300] "POST /cormun/servlet/trsolicitudgral?13a1bbdcfe8f3e5dca6502156f944ce8,,gx-no-cache=1506437059029 HTTP/1.1" 440 972
200.86.95.220 - - [26/Sep/2017:11:45:02 -0300] "GET /cormun/static/gxcfg.js?20177612163414 HTTP/1.1" 304 -
186.103.159.44 - - [26/Sep/2017:11:45:02 -0300] "GET /cormun/servlet/permisosingoce?d1dc97324f91ba1ac52775eb050dd210731991a2cac4520450825fbfe201dd735ae936d25de6d2917a65d24e49ef511454286e885669f76343a8f1eeb06b74f82fe2147cdb69f2725c5ee9c489235f55b3e1d0d8dcbd229ada66c66c434cf0c02d1b0ccc466135b346d2e353aeec12d6667e2f2f945ecdcb3f56ca64295d169854e39b6afe6a3411510cecde0d2b864b,gx-no-cache=1506437142847 HTTP/1.1" 200 41
200.86.95.220 - - [26/Sep/2017:11:45:02 -0300] "GET /cormun/servlet/trlicenciaspermisosadjuntos?8851094,20170926000000,L, HTTP/1.1" 200 6189
192.168.10.62 - - [26/Sep/2017:11:45:03 -0300] "GET /cormun/servlet/trsolicitudgral? HTTP/1.1" 500 10
192.168.10.62 - - [26/Sep/2017:11:45:04 -0300] "GET /cormun/servlet/trsolicitudgral? HTTP/1.1" 500 10
200.86.95.220 - - [26/Sep/2017:11:45:04 -0300] "GET /cormun/servlet/licenciaspermisosadjuntos?INS,8851094,L,20170926000000,, HTTP/1.1" 200 5484
200.86.95.220 - - [26/Sep/2017:11:45:04 -0300] "GET /cormun/static/gxcfg.js?2017761263592 HTTP/1.1" 304 -
200.86.95.220 - - [26/Sep/2017:11:45:04 -0300] "GET /cormun/static/about:blank HTTP/1.1" 404 1011
200.86.95.220 - - [26/Sep/2017:11:45:05 -0300] "GET /cormun/servlet/licenciaspermisosadjuntos?INS,8851094,L,20170926000000,, HTTP/1.1" 200 5474
192.168.10.62 - - [26/Sep/2017:11:45:05 -0300] "GET /cormun/servlet/trsolicitudgral? HTTP/1.1" 500 10
192.168.10.62 - - [26/Sep/2017:11:45:14 -0300] "GET /cormun/servlet/hlogin HTTP/1.1" 200 1720
192.168.10.62 - - [26/Sep/2017:11:45:14 -0300] "GET /cormun/servlet/hlogin HTTP/1.1" 200 1731
200.86.95.220 - - [26/Sep/2017:11:45:18 -0300] "POST /cormun/servlet/licenciaspermisosadjuntos?46f44574cfbc369c58b4abc090ecf426,INS,8851094,L,20170926000000,, HTTP/1.1" 200 116
200.86.95.220 - - [26/Sep/2017:11:45:19 -0300] "GET /cormun/servlet/hpexe_return? HTTP/1.1" 200 1040
200.86.95.220 - - [26/Sep/2017:11:45:19 -0300] "GET /cormun/servlet/trlicenciaspermisosadjuntos?8851094,20170926000000,L, HTTP/1.1" 200 6655
200.86.95.220 - - [26/Sep/2017:11:45:20 -0300] "GET /cormun/servlet/trlicenciaspermisosadjuntos?8851094,20170926000000,L, HTTP/1.1" 200 6650
200.86.95.220 - - [26/Sep/2017:11:45:21 -0300] "GET /cormun/PublicTempStorage/img9227563377.jpg HTTP/1.1" 200 2107774
192.168.10.62 - - [26/Sep/2017:11:45:24 -0300] "POST /cormun/servlet/hlogin?eb9fc73610ff801fe68d590a9e014a4b,gx-no-cache=1506437081293 HTTP/1.1" 200 90
192.168.10.62 - - [26/Sep/2017:11:45:24 -0300] "GET /cormun/servlet/hpexe_link HTTP/1.1" 200 953
192.168.10.62 - - [26/Sep/2017:11:45:24 -0300] "GET /cormun/servlet/hhome HTTP/1.1" 200 3808
192.168.10.62 - - [26/Sep/2017:11:45:24 -0300] "GET /cormun/servlet/hhome HTTP/1.1" 200 3804
200.86.95.220 - - [26/Sep/2017:11:45:27 -0300] "POST /cormun/servlet/trlicenciaspermisosadjuntos?46f44574cfbc369c58b4abc090ecf426,8851094,20170926000000,L,,gx-no-cache=1506437160574 HTTP/1.1" 200 90
200.86.95.220 - - [26/Sep/2017:11:45:27 -0300] "GET /cormun/servlet/hpexe_link HTTP/1.1" 200 982
192.168.10.62 - - [26/Sep/2017:11:45:27 -0300] "GET /cormun/servlet/trsolicitudgral? HTTP/1.1" 200 13415
200.86.95.220 - - [26/Sep/2017:11:45:27 -0300] "GET /cormun/servlet/trlicencias HTTP/1.1" 200 11387
192.168.10.62 - - [26/Sep/2017:11:45:27 -0300] "GET /cormun/servlet/trsolicitudgral? HTTP/1.1" 200 13413
186.103.159.44 - - [26/Sep/2017:11:45:28 -0300] "POST /cormun/servlet/permisosingoce?98f80984e536bdb9d9052a1b8ffe070c,INS,0,,gx-no-cache=1506437169041 HTTP/1.1" 200 93
186.103.159.44 - - [26/Sep/2017:11:45:28 -0300] "GET /cormun/servlet/hpexe_return? HTTP/1.1" 200 1013
186.103.159.44 - - [26/Sep/2017:11:45:28 -0300] "GET /cormun/servlet/trpermisosingoce HTTP/1.1" 200 7593
200.86.95.220 - - [26/Sep/2017:11:45:28 -0300] "GET /cormun/servlet/trlicencias HTTP/1.1" 200 11385
192.168.10.89 - - [26/Sep/2017:11:45:30 -0300] "POST /cormun/servlet/trsolicitudgral?4223f5cbab5497b8656b578ded4f1c18,,gx-no-cache=1506437087848 HTTP/1.1" 500 10
192.168.10.62 - - [26/Sep/2017:11:45:33 -0300] "POST /cormun/servlet/trsolicitudgral?eb9fc73610ff801fe68d590a9e014a4b,,gx-no-cache=1506437090566 HTTP/1.1" 200 8588
186.103.159.44 - - [26/Sep/2017:11:45:34 -0300] "GET /cormun/servlet/apermisosingoceprn?215,PU HTTP/1.1" 200 1640
192.168.10.62 - - [26/Sep/2017:11:45:38 -0300] "POST /cormun/servlet/trsolicitudgral?eb9fc73610ff801fe68d590a9e014a4b,,gx-no-cache=1506437095790 HTTP/1.1" 200 104
192.168.10.62 - - [26/Sep/2017:11:45:39 -0300] "GET /cormun/SolicitudGral-682.xls HTTP/1.1" 200 7680
192.168.10.96 - - [26/Sep/2017:11:45:45 -0300] "GET /cormun/servlet/trsolicitudgral? HTTP/1.1" 200 21680
192.168.10.96 - - [26/Sep/2017:11:45:45 -0300] "GET /cormun/servlet/trsolicitudgral? HTTP/1.1" 200 21680
192.168.10.96 - - [26/Sep/2017:11:45:55 -0300] "GET /cormun/servlet/trsolicitudgral? HTTP/1.1" 200 21680
