186.79.128.35 - - [22/Sep/2017:10:12:00 -0300] "POST /cormun/servlet/solicitudotadjuntos?801b2ccd861115f8dd92e1407fd93a61,INS,2017,7429,,1, HTTP/1.1" 200 116
186.79.128.35 - - [22/Sep/2017:10:12:01 -0300] "GET /cormun/servlet/hpexe_return? HTTP/1.1" 200 1021
186.79.128.35 - - [22/Sep/2017:10:12:01 -0300] "GET /cormun/servlet/trsolicitudadjuntos?2017,7429, HTTP/1.1" 200 9223
186.79.128.35 - - [22/Sep/2017:10:12:02 -0300] "GET /cormun/servlet/trsolicitudadjuntos?2017,7429, HTTP/1.1" 200 9222
186.79.240.111 - - [22/Sep/2017:10:12:02 -0300] "POST /cormun/servlet/trpermisosgoce?2719c21b088d8d0750f2c8ab809b00af,gx-no-cache=1506085957919 HTTP/1.1" 200 8396
186.79.240.111 - - [22/Sep/2017:10:12:03 -0300] "GET /cormun/static/Shared/jqueryui/images/ui-bg_highlight-soft_100_c6c2c8_1x100.png HTTP/1.1" 404 1117
186.79.240.111 - - [22/Sep/2017:10:12:03 -0300] "GET /cormun/static/Shared/jqueryui/images/ui-bg_flat_55_fafafa_40x100.png HTTP/1.1" 404 1097
186.79.240.111 - - [22/Sep/2017:10:12:03 -0300] "GET /cormun/static/Shared/jqueryui/images/ui-icons_82798d_256x240.png HTTP/1.1" 404 1089
186.79.240.111 - - [22/Sep/2017:10:12:03 -0300] "GET /cormun/static/Shared/jqueryui/images/ui-icons_8d78a5_256x240.png HTTP/1.1" 404 1089
186.79.128.35 - - [22/Sep/2017:10:12:04 -0300] "GET /cormun/servlet/solicitudotadjuntos?INS,2017,7429,,1, HTTP/1.1" 200 6146
186.79.128.35 - - [22/Sep/2017:10:12:05 -0300] "GET /cormun/static/about:blank HTTP/1.1" 404 1011
186.79.128.35 - - [22/Sep/2017:10:12:05 -0300] "GET /cormun/servlet/solicitudotadjuntos?INS,2017,7429,,1, HTTP/1.1" 200 6140
186.79.128.35 - - [22/Sep/2017:10:12:06 -0300] "GET /cormun/servlet/solicitudotadjuntos?61afc91111c9b9ec6065e63ea4d71e3532db5cff769388502485aa69b136a5c681b91e3a4bbb028767fa0604211db0ba,gx-no-cache=1506085969397 HTTP/1.1" 200 30
186.79.128.35 - - [22/Sep/2017:10:12:06 -0300] "POST /cormun/servlet/solicitudotadjuntos?801b2ccd861115f8dd92e1407fd93a61,INS,2017,7429,,1,,gx-no-cache=1506085969654 HTTP/1.1" 200 3910
186.79.240.111 - - [22/Sep/2017:10:12:09 -0300] "GET /cormun/servlet/permisogoce?INS,0,,, HTTP/1.1" 200 6659
186.79.128.35 - - [22/Sep/2017:10:12:09 -0300] "POST /cormun/servlet/solicitudotadjuntos?gx-no-cache=1506085972268 HTTP/1.1" 200 26
186.79.240.111 - - [22/Sep/2017:10:12:10 -0300] "GET /cormun/servlet/permisogoce?INS,0,,, HTTP/1.1" 200 6658
186.79.128.35 - - [22/Sep/2017:10:12:13 -0300] "GET /cormun/servlet/solicitudotadjuntos?61afc91111c9b9ec6065e63ea4d71e35efe48179752f8aba5755ab40ccf4bef7,gx-no-cache=1506085977031 HTTP/1.1" 200 30
186.79.128.35 - - [22/Sep/2017:10:12:14 -0300] "GET /cormun/servlet/solicitudotadjuntos?61afc91111c9b9ec6065e63ea4d71e35efe48179752f8aba5755ab40ccf4bef7,gx-no-cache=1506085977116 HTTP/1.1" 200 30
186.79.240.111 - - [22/Sep/2017:10:12:17 -0300] "GET /cormun/servlet/prfichaempleado?,MD,,gxPopupLevel%3D0%3B HTTP/1.1" 200 9243
186.79.128.35 - - [22/Sep/2017:10:12:23 -0300] "POST /cormun/servlet/solicitudotadjuntos?801b2ccd861115f8dd92e1407fd93a61,INS,2017,7429,,1, HTTP/1.1" 200 116
186.79.128.35 - - [22/Sep/2017:10:12:23 -0300] "GET /cormun/servlet/hpexe_return? HTTP/1.1" 200 1021
186.79.128.35 - - [22/Sep/2017:10:12:24 -0300] "GET /cormun/servlet/trsolicitudadjuntos?2017,7429, HTTP/1.1" 200 9429
186.79.128.35 - - [22/Sep/2017:10:12:25 -0300] "GET /cormun/servlet/trsolicitudadjuntos?2017,7429, HTTP/1.1" 200 9428
186.79.128.35 - - [22/Sep/2017:10:12:27 -0300] "POST /cormun/servlet/trsolicitudadjuntos?801b2ccd861115f8dd92e1407fd93a61,2017,7429,,gx-no-cache=1506085990238 HTTP/1.1" 200 90
186.79.128.35 - - [22/Sep/2017:10:12:28 -0300] "GET /cormun/servlet/hpexe_link HTTP/1.1" 200 962
186.79.128.35 - - [22/Sep/2017:10:12:28 -0300] "GET /cormun/servlet/trsolicitudot HTTP/1.1" 200 15701
186.79.128.35 - - [22/Sep/2017:10:12:29 -0300] "GET /cormun/servlet/trsolicitudot HTTP/1.1" 200 15700
186.79.240.111 - - [22/Sep/2017:10:12:29 -0300] "POST /cormun/servlet/prfichaempleado?2719c21b088d8d0750f2c8ab809b00af,,MD,,gxPopupLevel%3D0%3B,gx-no-cache=1506085985613 HTTP/1.1" 200 3429
186.79.240.111 - - [22/Sep/2017:10:12:33 -0300] "GET /cormun/servlet/permisogoce?69d081d207afbb317ffc0f0b0f92bd8b2e27b3a967f5cedef00b7ad6579e0660a2abe515e8d12ae1cbd0c016c121eca8b6e25a089c6720591020e0701b535b42,gx-no-cache=1506085989791 HTTP/1.1" 200 86
186.79.240.111 - - [22/Sep/2017:10:12:39 -0300] "GET /cormun/servlet/permisogoce?69d081d207afbb317ffc0f0b0f92bd8b07cfd8f1019a714d230f06f2c45be550f28bb4223c1c9512310b15748846e27f3edcd9f134abe37bff8d79a83259c959,gx-no-cache=1506085995820 HTTP/1.1" 200 49
186.79.128.35 - - [22/Sep/2017:10:12:43 -0300] "POST /cormun/servlet/trsolicitudot?801b2ccd861115f8dd92e1407fd93a61,gx-no-cache=1506086005723 HTTP/1.1" 200 12950
186.79.128.35 - - [22/Sep/2017:10:12:44 -0300] "GET /cormun/static/Shared/jqueryui/images/ui-bg_highlight-soft_100_c6c2c8_1x100.png HTTP/1.1" 404 1117
186.79.128.35 - - [22/Sep/2017:10:12:44 -0300] "GET /cormun/static/Shared/jqueryui/images/ui-icons_82798d_256x240.png HTTP/1.1" 404 1089
186.79.128.35 - - [22/Sep/2017:10:12:44 -0300] "GET /cormun/static/Shared/jqueryui/images/ui-bg_flat_55_fafafa_40x100.png HTTP/1.1" 404 1097
186.79.128.35 - - [22/Sep/2017:10:12:44 -0300] "GET /cormun/static/Shared/jqueryui/images/ui-icons_8d78a5_256x240.png HTTP/1.1" 404 1089
186.79.128.35 - - [22/Sep/2017:10:12:46 -0300] "POST /cormun/servlet/trsolicitudot?801b2ccd861115f8dd92e1407fd93a61,gx-no-cache=1506086007865 HTTP/1.1" 200 12891
186.79.240.111 - - [22/Sep/2017:10:12:47 -0300] "GET /cormun/servlet/permisogoce?69d081d207afbb317ffc0f0b0f92bd8b07cfd8f1019a714d230f06f2c45be550e2c41cae9251cd266cec3d62e03d55c13854dee5aecbb293d6e1f796e84c1f8f,gx-no-cache=1506086003722 HTTP/1.1" 200 49
186.79.128.35 - - [22/Sep/2017:10:12:50 -0300] "GET /cormun/servlet/trautorizarsolicitud? HTTP/1.1" 200 8600
186.79.128.35 - - [22/Sep/2017:10:12:50 -0300] "GET /cormun/static/gxcfg.js?20174261241362 HTTP/1.1" 200 953
186.79.128.35 - - [22/Sep/2017:10:12:50 -0300] "GET /cormun/static/trautorizarsolicitud.js?201742612414370 HTTP/1.1" 200 53910
186.79.128.35 - - [22/Sep/2017:10:12:51 -0300] "GET /cormun/servlet/trautorizarsolicitud? HTTP/1.1" 200 8600
186.79.240.111 - - [22/Sep/2017:10:12:59 -0300] "POST /cormun/servlet/permisogoce?2719c21b088d8d0750f2c8ab809b00af,INS,0,,,,gx-no-cache=1506086015177 HTTP/1.1" 200 93
186.79.240.111 - - [22/Sep/2017:10:12:59 -0300] "GET /cormun/servlet/hpexe_return? HTTP/1.1" 200 1030
186.79.240.111 - - [22/Sep/2017:10:13:00 -0300] "GET /cormun/servlet/trpermisosgoce?gx-no-cache=1506085957919 HTTP/1.1" 200 11503
186.79.240.111 - - [22/Sep/2017:10:13:01 -0300] "GET /cormun/servlet/trpermisosgoce?gx-no-cache=1506085957919 HTTP/1.1" 200 11517
186.79.240.111 - - [22/Sep/2017:10:13:28 -0300] "GET /cormun/servlet/apermisogoceprn?10085873,P,20170922101128,PU HTTP/1.1" 200 1659
186.79.128.35 - - [22/Sep/2017:10:13:32 -0300] "GET /cormun/servlet/trsolicitudot? HTTP/1.1" 200 15694
186.79.128.35 - - [22/Sep/2017:10:13:34 -0300] "GET /cormun/servlet/trsolicitudot? HTTP/1.1" 200 15693
186.79.240.111 - - [22/Sep/2017:10:13:47 -0300] "GET /cormun/servlet/trpermisosadjuntos?10085873,20170922101128,P, HTTP/1.1" 200 6149
186.79.240.111 - - [22/Sep/2017:10:13:48 -0300] "GET /cormun/servlet/trpermisosadjuntos?10085873,20170922101128,P, HTTP/1.1" 200 6129
186.79.240.111 - - [22/Sep/2017:10:13:50 -0300] "GET /cormun/servlet/permisosadjuntos?INS,10085873,P,20170922101128,, HTTP/1.1" 200 5459
186.79.240.111 - - [22/Sep/2017:10:13:50 -0300] "GET /cormun/static/about:blank HTTP/1.1" 404 1011
186.79.240.111 - - [22/Sep/2017:10:13:50 -0300] "GET /cormun/servlet/permisosadjuntos?INS,10085873,P,20170922101128,, HTTP/1.1" 200 5448
186.79.240.111 - - [22/Sep/2017:10:14:01 -0300] "POST /cormun/servlet/permisosadjuntos?2719c21b088d8d0750f2c8ab809b00af,INS,10085873,P,20170922101128,, HTTP/1.1" 200 116
186.79.240.111 - - [22/Sep/2017:10:14:01 -0300] "GET /cormun/servlet/hpexe_return? HTTP/1.1" 200 1036
186.79.240.111 - - [22/Sep/2017:10:14:01 -0300] "GET /cormun/servlet/trpermisosadjuntos?10085873,20170922101128,P, HTTP/1.1" 200 6610
186.79.240.111 - - [22/Sep/2017:10:14:02 -0300] "GET /cormun/servlet/trpermisosadjuntos?10085873,20170922101128,P, HTTP/1.1" 200 6607
186.79.240.111 - - [22/Sep/2017:10:14:05 -0300] "POST /cormun/servlet/trpermisosadjuntos?2719c21b088d8d0750f2c8ab809b00af,10085873,20170922101128,P,,gx-no-cache=1506086080761 HTTP/1.1" 200 90
186.79.240.111 - - [22/Sep/2017:10:14:05 -0300] "GET /cormun/servlet/hpexe_link HTTP/1.1" 200 1002
186.79.240.111 - - [22/Sep/2017:10:14:05 -0300] "GET /cormun/servlet/trpermisosgoce?gx-no-cache=1506085957919 HTTP/1.1" 200 11446
186.79.240.111 - - [22/Sep/2017:10:14:06 -0300] "GET /cormun/servlet/trpermisosgoce?gx-no-cache=1506085957919 HTTP/1.1" 200 11508
186.79.240.111 - - [22/Sep/2017:10:14:51 -0300] "POST /cormun/servlet/trpermisosgoce?2719c21b088d8d0750f2c8ab809b00af,gx-no-cache=1506085957919,gx-no-cache=1506086127199 HTTP/1.1" 200 8620
186.79.240.111 - - [22/Sep/2017:10:14:52 -0300] "GET /cormun/static/Shared/jqueryui/images/ui-bg_highlight-soft_100_c6c2c8_1x100.png HTTP/1.1" 404 1117
186.79.240.111 - - [22/Sep/2017:10:14:52 -0300] "GET /cormun/static/Shared/jqueryui/images/ui-icons_82798d_256x240.png HTTP/1.1" 404 1089
186.79.240.111 - - [22/Sep/2017:10:14:52 -0300] "GET /cormun/static/Shared/jqueryui/images/ui-bg_flat_55_fafafa_40x100.png HTTP/1.1" 404 1097
186.79.240.111 - - [22/Sep/2017:10:14:52 -0300] "GET /cormun/static/Shared/jqueryui/images/ui-icons_8d78a5_256x240.png HTTP/1.1" 404 1089
186.79.240.111 - - [22/Sep/2017:10:14:54 -0300] "GET /cormun/servlet/permisogoce?INS,0,,, HTTP/1.1" 200 6680
186.79.240.111 - - [22/Sep/2017:10:14:56 -0300] "GET /cormun/servlet/permisogoce?INS,0,,, HTTP/1.1" 200 6657
186.79.240.111 - - [22/Sep/2017:10:14:58 -0300] "GET /cormun/servlet/prfichaempleado?,MD,,gxPopupLevel%3D0%3B HTTP/1.1" 200 9243
186.79.240.111 - - [22/Sep/2017:10:15:15 -0300] "POST /cormun/servlet/prfichaempleado?2719c21b088d8d0750f2c8ab809b00af,,MD,,gxPopupLevel%3D0%3B,gx-no-cache=1506086151052 HTTP/1.1" 200 3486
186.79.240.111 - - [22/Sep/2017:10:15:21 -0300] "GET /cormun/servlet/permisogoce?69d081d207afbb317ffc0f0b0f92bd8be8da771f099761cd66f364e90074941e2ea77871878bdd9895f9c4ca618aeff6,gx-no-cache=1506086157303 HTTP/1.1" 200 77
186.79.240.111 - - [22/Sep/2017:10:15:28 -0300] "GET /cormun/servlet/permisogoce?69d081d207afbb317ffc0f0b0f92bd8b2290e8c0adbd58b805ff59ef46fca2f338e2f3856f5e68d102670b28b11c10f0c0f105f7a5ed21fe54c9ef31cfbbd151,gx-no-cache=1506086164948 HTTP/1.1" 200 48
65.55.210.124 - - [22/Sep/2017:10:16:24 -0300] "GET /cormun/static/gxui/gxui-all.css?110300 HTTP/1.1" 200 2179
186.79.240.111 - - [22/Sep/2017:10:16:24 -0300] "POST /cormun/servlet/permisogoce?2719c21b088d8d0750f2c8ab809b00af,INS,0,,,,gx-no-cache=1506086219889 HTTP/1.1" 200 93
186.79.240.111 - - [22/Sep/2017:10:16:24 -0300] "GET /cormun/servlet/hpexe_return? HTTP/1.1" 200 1030
199.30.25.239 - - [22/Sep/2017:10:16:25 -0300] "GET /cormun/static/Shared/jqueryui/jquery-ui.min.css?1245370 HTTP/1.1" 200 30288
186.79.240.111 - - [22/Sep/2017:10:16:26 -0300] "GET /cormun/servlet/trpermisosgoce?gx-no-cache=1506085957919 HTTP/1.1" 200 11702
199.30.25.227 - - [22/Sep/2017:10:16:26 -0300] "GET /cormun/static/SmoothNavMenu/resources/ddsmoothmenu.css?1012540 HTTP/1.1" 200 2223
199.30.25.169 - - [22/Sep/2017:10:16:27 -0300] "GET /cormun/static/SmoothNavMenu/resources/ddsmoothmenu-v.css?1012540 HTTP/1.1" 200 1188
186.79.240.111 - - [22/Sep/2017:10:16:27 -0300] "GET /cormun/servlet/trpermisosgoce?gx-no-cache=1506085957919 HTTP/1.1" 200 11708
199.30.25.169 - - [22/Sep/2017:10:16:27 -0300] "GET /cormun/static/scaMessage/css/jquery.pnotify.default.css?1716380 HTTP/1.1" 200 1707
199.30.25.176 - - [22/Sep/2017:10:16:30 -0300] "GET /cormun/static/calendar-es.js?85251 HTTP/1.1" 200 1901
186.79.240.111 - - [22/Sep/2017:10:16:30 -0300] "GET /cormun/servlet/apermisogoceprn?7211375,P,20170922101413,PU HTTP/1.1" 200 1660
199.30.25.160 - - [22/Sep/2017:10:16:34 -0300] "GET /cormun/static/gxui/gxui-all.js HTTP/1.1" 200 107772
199.30.24.172 - - [22/Sep/2017:10:16:35 -0300] "GET /cormun/static/RunJS/RunJS.js HTTP/1.1" 200 288
199.30.24.83 - - [22/Sep/2017:10:16:35 -0300] "GET /cormun/static/PXToolsJavascripts/pexe_autoreload.js HTTP/1.1" 200 1762
199.30.24.83 - - [22/Sep/2017:10:16:36 -0300] "GET /cormun/static/PXToolsJavascripts/pexe_cookies.js HTTP/1.1" 200 792
199.30.24.83 - - [22/Sep/2017:10:16:36 -0300] "GET /cormun/static/PXToolsJavascripts/pexe_windows.js HTTP/1.1" 200 15207
199.30.24.83 - - [22/Sep/2017:10:16:37 -0300] "GET /cormun/static/PXToolsJavascripts/pexe_grid.js HTTP/1.1" 200 7559
199.30.25.15 - - [22/Sep/2017:10:16:37 -0300] "GET /cormun/static/Shared/ext/ext-all.js HTTP/1.1" 200 1289687
65.55.210.73 - - [22/Sep/2017:10:16:39 -0300] "GET /cormun/static/PXToolsJavascripts/pexe_griddivfix.js HTTP/1.1" 200 6644
199.30.25.239 - - [22/Sep/2017:10:16:39 -0300] "GET /cormun/static/PXToolsJavascripts/pexe_link.js HTTP/1.1" 200 5671
199.30.25.86 - - [22/Sep/2017:10:16:40 -0300] "GET /cormun/static/PXToolsJavascripts/pexe_menudivfix.js HTTP/1.1" 200 333
199.30.25.131 - - [22/Sep/2017:10:16:41 -0300] "GET /cormun/static/PXToolsJavascripts/pexe_menus.js HTTP/1.1" 200 1286
199.30.25.239 - - [22/Sep/2017:10:16:41 -0300] "GET /cormun/static/PXToolsJavascripts/pexe_layers.js HTTP/1.1" 200 4114
199.30.25.23 - - [22/Sep/2017:10:16:42 -0300] "GET /cormun/static/PXToolsJavascripts/pexe_oav.js HTTP/1.1" 200 645
199.30.24.83 - - [22/Sep/2017:10:16:43 -0300] "GET /cormun/static/PXToolsJavascripts/pexe_oavdivfix.js HTTP/1.1" 200 639
199.30.24.83 - - [22/Sep/2017:10:16:43 -0300] "GET /cormun/static/PXToolsJavascripts/pexe_picture.js HTTP/1.1" 200 689
65.55.210.73 - - [22/Sep/2017:10:16:44 -0300] "GET /cormun/static/PXToolsJavascripts/pexe_popup.js HTTP/1.1" 200 13458
199.30.25.131 - - [22/Sep/2017:10:16:45 -0300] "GET /cormun/static/PXToolsJavascripts/pexe_scrolldiv.js HTTP/1.1" 200 4138
199.30.25.86 - - [22/Sep/2017:10:16:45 -0300] "GET /cormun/static/PXToolsJavascripts/pexe_tabdivfix.js HTTP/1.1" 200 876
199.30.24.172 - - [22/Sep/2017:10:16:46 -0300] "GET /cormun/static/PXToolsJavascripts/pexe_tabs.js HTTP/1.1" 200 3748
199.30.25.86 - - [22/Sep/2017:10:16:47 -0300] "GET /cormun/static/PXToolsJavascripts/pexe_upload.js HTTP/1.1" 200 1423
65.55.210.73 - - [22/Sep/2017:10:16:47 -0300] "GET /cormun/static/PXToolsJavascripts/PXToolsJavascriptsRender.js HTTP/1.1" 200 367
199.30.24.135 - - [22/Sep/2017:10:16:49 -0300] "GET /cormun/static/Shared/ext/locale/ext-lang-en.js HTTP/1.1" 200 10940
199.30.24.83 - - [22/Sep/2017:10:16:49 -0300] "GET /cormun/static/Resources/logo4.png HTTP/1.1" 200 6582
199.30.25.54 - - [22/Sep/2017:10:16:51 -0300] "GET /cormun/static/messages.spa.js?85251 HTTP/1.1" 200 30736
65.55.210.73 - - [22/Sep/2017:10:16:51 -0300] "GET /cormun/static/Resources/PXToolsHeaderPreferences.png HTTP/1.1" 200 4189
186.79.240.111 - - [22/Sep/2017:10:16:52 -0300] "GET /cormun/servlet/trpermisosadjuntos?7211375,20170922101413,P, HTTP/1.1" 200 6142
199.30.24.83 - - [22/Sep/2017:10:16:52 -0300] "GET /cormun/static/trsolicitudot.js?2017761214480 HTTP/1.1" 200 54041
199.30.24.172 - - [22/Sep/2017:10:16:53 -0300] "GET /cormun/static/hwchdr01.js?201752511465785 HTTP/1.1" 200 1183
65.55.210.73 - - [22/Sep/2017:10:16:54 -0300] "GET /cormun/static/hpexe_recentlink.js?20177611595044 HTTP/1.1" 200 2144
186.79.240.111 - - [22/Sep/2017:10:16:55 -0300] "GET /cormun/servlet/trpermisosadjuntos?7211375,20170922101413,P, HTTP/1.1" 200 6122
199.30.24.125 - - [22/Sep/2017:10:16:55 -0300] "GET /cormun/static/hpexe_scripts.js?201752511465715 HTTP/1.1" 200 1544
199.30.25.131 - - [22/Sep/2017:10:16:55 -0300] "GET /cormun/static/hpexe_messagecontroller.js?20177611595012 HTTP/1.1" 200 870
199.30.24.83 - - [22/Sep/2017:10:16:56 -0300] "GET /cormun/static/hpexe_messagepopupcomponent.js?20161017169425 HTTP/1.1" 200 605
186.79.240.111 - - [22/Sep/2017:10:16:56 -0300] "GET /cormun/servlet/permisosadjuntos?INS,7211375,P,20170922101413,, HTTP/1.1" 200 5450
186.79.240.111 - - [22/Sep/2017:10:16:57 -0300] "GET /cormun/static/about:blank HTTP/1.1" 404 1011
199.30.24.181 - - [22/Sep/2017:10:16:57 -0300] "GET /cormun/static/hpexe_messagegenexuscomponent.js?201752511465344 HTTP/1.1" 200 587
186.79.240.111 - - [22/Sep/2017:10:16:57 -0300] "GET /cormun/servlet/permisosadjuntos?INS,7211375,P,20170922101413,, HTTP/1.1" 200 5439
199.30.24.83 - - [22/Sep/2017:10:16:58 -0300] "GET /cormun/static/cmcontrolpreferences.js?201752511465670 HTTP/1.1" 200 1375
199.30.24.135 - - [22/Sep/2017:10:16:59 -0300] "GET /cormun/static/Shared/jquery/jquery-1.4.2.min.js HTTP/1.1" 200 72174
199.30.24.120 - - [22/Sep/2017:10:17:01 -0300] "GET /cormun/static/Shared/jquery/jquery-1.10.2.min.js HTTP/1.1" 200 273199
199.30.25.86 - - [22/Sep/2017:10:17:03 -0300] "GET /cormun/static/Shared/jqueryui/jquery-ui.min.js HTTP/1.1" 200 240427
199.30.25.86 - - [22/Sep/2017:10:17:05 -0300] "GET /cormun/static/Resources/PXToolsFooterBackground2.png HTTP/1.1" 200 1172
199.30.24.135 - - [22/Sep/2017:10:17:06 -0300] "GET /cormun/static/Resources/PXToolsHeaderActionsBackground.png HTTP/1.1" 200 484
199.30.25.111 - - [22/Sep/2017:10:17:06 -0300] "GET /cormun/static/Resources/PXToolsHeaderBackground2.png HTTP/1.1" 200 1174
199.30.25.86 - - [22/Sep/2017:10:17:07 -0300] "GET /cormun/static/Resources/PXToolsDataTitle.png HTTP/1.1" 200 1173
65.55.210.35 - - [22/Sep/2017:10:17:08 -0300] "GET /cormun/static/Resources/PXToolsDataSearch.png HTTP/1.1" 200 419
199.30.25.54 - - [22/Sep/2017:10:17:08 -0300] "GET /cormun/static/Resources/PXToolsGridPreviousDisabled.gif HTTP/1.1" 200 90
199.30.25.131 - - [22/Sep/2017:10:17:09 -0300] "GET /cormun/static/SmoothNavMenu/resources/ddsmoothmenu.js HTTP/1.1" 200 12712
199.30.25.32 - - [22/Sep/2017:10:17:10 -0300] "GET /cormun/static/SmoothNavMenu/resources/SmoothNavMenuRender.js HTTP/1.1" 200 5951
65.55.210.134 - - [22/Sep/2017:10:17:11 -0300] "GET /cormun/static/scaMessage/js/jquery.pnotify.min.js HTTP/1.1" 200 13038
199.30.24.192 - - [22/Sep/2017:10:17:12 -0300] "GET /cormun/static/scaMessage/scaMessageRender.js HTTP/1.1" 200 11977
186.79.240.111 - - [22/Sep/2017:10:17:12 -0300] "POST /cormun/servlet/permisosadjuntos?2719c21b088d8d0750f2c8ab809b00af,INS,7211375,P,20170922101413,, HTTP/1.1" 200 116
186.79.240.111 - - [22/Sep/2017:10:17:12 -0300] "GET /cormun/servlet/hpexe_return? HTTP/1.1" 200 1034
199.30.24.125 - - [22/Sep/2017:10:17:12 -0300] "GET /cormun/static/hmpwkw03.js?20177612122668 HTTP/1.1" 200 3965
186.79.240.111 - - [22/Sep/2017:10:17:13 -0300] "GET /cormun/servlet/trpermisosadjuntos?7211375,20170922101413,P, HTTP/1.1" 200 6602
186.79.240.111 - - [22/Sep/2017:10:17:13 -0300] "GET /cormun/servlet/trpermisosadjuntos?7211375,20170922101413,P, HTTP/1.1" 200 6599
186.79.240.111 - - [22/Sep/2017:10:17:20 -0300] "POST /cormun/servlet/trpermisosadjuntos?2719c21b088d8d0750f2c8ab809b00af,7211375,20170922101413,P,,gx-no-cache=1506086276521 HTTP/1.1" 200 90
186.79.240.111 - - [22/Sep/2017:10:17:20 -0300] "GET /cormun/servlet/hpexe_link HTTP/1.1" 200 1001
186.79.240.111 - - [22/Sep/2017:10:17:21 -0300] "GET /cormun/servlet/trpermisosgoce?gx-no-cache=1506085957919 HTTP/1.1" 200 11689
186.79.128.35 - - [22/Sep/2017:10:17:21 -0300] "GET /cormun/servlet/solicitudot?INS,0,0, HTTP/1.1" 200 12972
186.79.240.111 - - [22/Sep/2017:10:17:22 -0300] "GET /cormun/servlet/trpermisosgoce?gx-no-cache=1506085957919 HTTP/1.1" 200 11708
186.79.128.35 - - [22/Sep/2017:10:17:23 -0300] "GET /cormun/servlet/solicitudot?INS,0,0, HTTP/1.1" 200 12976
186.79.128.35 - - [22/Sep/2017:10:17:33 -0300] "POST /cormun/servlet/solicitudot?gx-no-cache=1506086295984 HTTP/1.1" 200 3240
186.79.128.35 - - [22/Sep/2017:10:17:34 -0300] "POST /cormun/servlet/solicitudot?801b2ccd861115f8dd92e1407fd93a61,INS,0,0,,gx-no-cache=1506086296879 HTTP/1.1" 200 10080
186.79.128.35 - - [22/Sep/2017:10:17:42 -0300] "GET /cormun/servlet/solicitudot?61afc91111c9b9ec6065e63ea4d71e35a6a16b6efbd3a540e046a014c588e3acd1a8b9ebe97c36029e7415e39b40d325,gx-no-cache=1506086305632 HTTP/1.1" 200 30
186.79.128.35 - - [22/Sep/2017:10:17:42 -0300] "POST /cormun/servlet/solicitudot?gx-no-cache=1506086305782 HTTP/1.1" 200 240
186.79.128.35 - - [22/Sep/2017:10:17:42 -0300] "GET /cormun/servlet/solicitudot?61afc91111c9b9ec6065e63ea4d71e35f57e9d2198c1985120ba557709475d74dc2c107ea1ae89ca273e8d2c1522fb12b7d3e233b68e918b3d3329e7230a0f5e2af8c0095d02f1abfe9420331efac9e4861bcb5f5f8bed1834d45447e9f000f69b6b775c554f2de1f113914a47683b441caa5bd60993c3f6ba5920cd15807478f5c01fd2bd09f659331757a5d3a1d4269c5765d51a775d957896eb052a28c366ca1bdc407e201c4811782193acf0830a1b4e75ae10ff6b1f15358face2202cae1c5299365975743e9fddd23c39362726c60bff4bece504d3acc711d20466d2f81e1c76db25f953a67a7db5805fed3d4b2db62f7bbbc75ec13ea73794236aca5609e2cca75ef72a69239380899b94ed47308af6b70a0de429d964bcd560b5216c4d6142b800844cd42b25b09f901c7712fcd2aee39ed5f46e189a98ec2dffcd553e2dfd7c9a2330ff99c78034ee07e72a973eb10f99f83a28906804c571f83faf45e4147c47f82f5783c8e1f29280715caf1a2714907cbd109af9bcfe884c68cc,gx-no-cache=1506086305962 HTTP/1.1" 200 30
186.79.240.111 - - [22/Sep/2017:10:17:57 -0300] "POST /cormun/servlet/trpermisosgoce?2719c21b088d8d0750f2c8ab809b00af,gx-no-cache=1506085957919,gx-no-cache=1506086312351 HTTP/1.1" 200 8854
186.79.240.111 - - [22/Sep/2017:10:17:57 -0300] "GET /cormun/static/Shared/jqueryui/images/ui-bg_highlight-soft_100_c6c2c8_1x100.png HTTP/1.1" 404 1117
186.79.240.111 - - [22/Sep/2017:10:17:58 -0300] "GET /cormun/static/Shared/jqueryui/images/ui-bg_flat_55_fafafa_40x100.png HTTP/1.1" 404 1097
186.79.240.111 - - [22/Sep/2017:10:17:58 -0300] "GET /cormun/static/Shared/jqueryui/images/ui-icons_82798d_256x240.png HTTP/1.1" 404 1089
186.79.240.111 - - [22/Sep/2017:10:17:58 -0300] "GET /cormun/static/Shared/jqueryui/images/ui-icons_8d78a5_256x240.png HTTP/1.1" 404 1089
186.79.128.35 - - [22/Sep/2017:10:17:59 -0300] "POST /cormun/servlet/solicitudot?gx-no-cache=1506086322557 HTTP/1.1" 200 30
186.79.128.35 - - [22/Sep/2017:10:18:08 -0300] "POST /cormun/servlet/solicitudot?gx-no-cache=1506086331713 HTTP/1.1" 200 1355
186.79.128.35 - - [22/Sep/2017:10:18:08 -0300] "POST /cormun/servlet/solicitudot?gx-no-cache=1506086331946 HTTP/1.1" 200 38
186.79.240.111 - - [22/Sep/2017:10:18:10 -0300] "GET /cormun/servlet/permisogoce?INS,0,,, HTTP/1.1" 200 6680
186.79.240.111 - - [22/Sep/2017:10:18:11 -0300] "GET /cormun/servlet/permisogoce?INS,0,,, HTTP/1.1" 200 6658
186.79.128.35 - - [22/Sep/2017:10:18:23 -0300] "GET /cormun/servlet/trlicencias? HTTP/1.1" 200 13992
186.79.128.35 - - [22/Sep/2017:10:18:25 -0300] "GET /cormun/servlet/trlicencias? HTTP/1.1" 200 13985
186.79.128.35 - - [22/Sep/2017:10:19:00 -0300] "GET /cormun/servlet/trsolicitudot? HTTP/1.1" 200 15693
186.79.240.111 - - [22/Sep/2017:10:19:01 -0300] "GET /cormun/servlet/prfichaempleado?,MD,,gxPopupLevel%3D0%3B HTTP/1.1" 200 9243
186.79.128.35 - - [22/Sep/2017:10:19:02 -0300] "GET /cormun/servlet/trsolicitudot? HTTP/1.1" 200 15693
186.79.128.35 - - [22/Sep/2017:10:19:05 -0300] "GET /cormun/servlet/solicitudot?INS,0,0, HTTP/1.1" 200 12972
186.79.128.35 - - [22/Sep/2017:10:19:07 -0300] "GET /cormun/servlet/solicitudot?INS,0,0, HTTP/1.1" 200 12976
186.79.240.111 - - [22/Sep/2017:10:19:15 -0300] "POST /cormun/servlet/prfichaempleado?2719c21b088d8d0750f2c8ab809b00af,,MD,,gxPopupLevel%3D0%3B,gx-no-cache=1506086391623 HTTP/1.1" 200 3430
186.79.128.35 - - [22/Sep/2017:10:19:18 -0300] "POST /cormun/servlet/solicitudot?gx-no-cache=1506086401333 HTTP/1.1" 200 3240
186.79.128.35 - - [22/Sep/2017:10:19:19 -0300] "POST /cormun/servlet/solicitudot?801b2ccd861115f8dd92e1407fd93a61,INS,0,0,,gx-no-cache=1506086401956 HTTP/1.1" 200 10080
186.79.240.111 - - [22/Sep/2017:10:19:19 -0300] "GET /cormun/servlet/permisogoce?69d081d207afbb317ffc0f0b0f92bd8b7dba3d6c913487edb4b12ebce55618b4a2abe515e8d12ae1cbd0c016c121eca8b6e25a089c6720591020e0701b535b42,gx-no-cache=1506086395858 HTTP/1.1" 200 80
186.79.128.35 - - [22/Sep/2017:10:19:21 -0300] "GET /cormun/servlet/solicitudot?61afc91111c9b9ec6065e63ea4d71e35a6a16b6efbd3a540e046a014c588e3acd1a8b9ebe97c36029e7415e39b40d325,gx-no-cache=1506086404974 HTTP/1.1" 200 30
186.79.128.35 - - [22/Sep/2017:10:19:22 -0300] "POST /cormun/servlet/solicitudot?gx-no-cache=1506086405143 HTTP/1.1" 200 240
186.79.128.35 - - [22/Sep/2017:10:19:22 -0300] "GET /cormun/servlet/solicitudot?61afc91111c9b9ec6065e63ea4d71e35f57e9d2198c1985120ba557709475d74dc2c107ea1ae89ca273e8d2c1522fb12b7d3e233b68e918b3d3329e7230a0f5e2af8c0095d02f1abfe9420331efac9e4861bcb5f5f8bed1834d45447e9f000f69b6b775c554f2de1f113914a47683b441caa5bd60993c3f6ba5920cd15807478f5c01fd2bd09f659331757a5d3a1d4269c5765d51a775d957896eb052a28c366ca1bdc407e201c4811782193acf0830a1b4e75ae10ff6b1f15358face2202cae1c5299365975743e9fddd23c39362726c60bff4bece504d3acc711d20466d2f81e1c76db25f953a67a7db5805fed3d4b2db62f7bbbc75ec13ea73794236aca5609e2cca75ef72a69239380899b94ed47308af6b70a0de429d964bcd560b5216c4d6142b800844cd42b25b09f901c7712fcd2aee39ed5f46e189a98ec2dffcd553e2dfd7c9a2330ff99c78034ee07e72a973eb10f99f83a28906804c571f83faf45e4147c47f82f5783c8e1f29280715caf1a2714907cbd109af9bcfe884c68cc,gx-no-cache=1506086405316 HTTP/1.1" 200 30
186.79.128.35 - - [22/Sep/2017:10:19:29 -0300] "POST /cormun/servlet/solicitudot?gx-no-cache=1506086412190 HTTP/1.1" 200 30
186.79.128.35 - - [22/Sep/2017:10:19:38 -0300] "GET /cormun/servlet/trlicencias? HTTP/1.1" 200 14003
186.79.128.35 - - [22/Sep/2017:10:19:40 -0300] "GET /cormun/servlet/trlicencias? HTTP/1.1" 200 14006
186.79.128.35 - - [22/Sep/2017:10:20:00 -0300] "GET /cormun/servlet/trsolicitudot? HTTP/1.1" 200 15693
186.79.128.35 - - [22/Sep/2017:10:20:02 -0300] "GET /cormun/servlet/trsolicitudot? HTTP/1.1" 200 15693
186.79.128.35 - - [22/Sep/2017:10:20:04 -0300] "GET /cormun/servlet/solicitudot?INS,0,0, HTTP/1.1" 200 12972
186.79.240.111 - - [22/Sep/2017:10:20:05 -0300] "GET /cormun/servlet/permisogoce?69d081d207afbb317ffc0f0b0f92bd8b9e3d9c3cb45c8bcdeb3736fd920aa4b831dd11d0f30524f90ec7d82df3a4673d3edcd9f134abe37bff8d79a83259c959,gx-no-cache=1506086441868 HTTP/1.1" 200 47
186.79.128.35 - - [22/Sep/2017:10:20:05 -0300] "GET /cormun/servlet/solicitudot?INS,0,0, HTTP/1.1" 200 12976
186.79.128.35 - - [22/Sep/2017:10:20:16 -0300] "POST /cormun/servlet/solicitudot?gx-no-cache=1506086459614 HTTP/1.1" 200 3240
186.79.128.35 - - [22/Sep/2017:10:20:17 -0300] "POST /cormun/servlet/solicitudot?801b2ccd861115f8dd92e1407fd93a61,INS,0,0,,gx-no-cache=1506086460229 HTTP/1.1" 200 10081
186.79.128.35 - - [22/Sep/2017:10:20:20 -0300] "GET /cormun/servlet/solicitudot?61afc91111c9b9ec6065e63ea4d71e35a6a16b6efbd3a540e046a014c588e3acd1a8b9ebe97c36029e7415e39b40d325,gx-no-cache=1506086463775 HTTP/1.1" 200 30
186.79.128.35 - - [22/Sep/2017:10:20:20 -0300] "POST /cormun/servlet/solicitudot?gx-no-cache=1506086463922 HTTP/1.1" 200 240
186.79.128.35 - - [22/Sep/2017:10:20:21 -0300] "GET /cormun/servlet/solicitudot?61afc91111c9b9ec6065e63ea4d71e35f57e9d2198c1985120ba557709475d74dc2c107ea1ae89ca273e8d2c1522fb12b7d3e233b68e918b3d3329e7230a0f5e2af8c0095d02f1abfe9420331efac9e4861bcb5f5f8bed1834d45447e9f000f69b6b775c554f2de1f113914a47683b441caa5bd60993c3f6ba5920cd15807478f5c01fd2bd09f659331757a5d3a1d4269c5765d51a775d957896eb052a28c366ca1bdc407e201c4811782193acf0830a1b4e75ae10ff6b1f15358face2202cae1c5299365975743e9fddd23c39362726c60bff4bece504d3acc711d20466d2f81e1c76db25f953a67a7db5805fed3d4b2db62f7bbbc75ec13ea73794236aca5609e2cca75ef72a69239380899b94ed47308af6b70a0de429d964bcd560b5216c4d6142b800844cd42b25b09f901c7712fcd2aee39ed5f46e189a98ec2dffcd553e2dfd7c9a2330ff99c78034ee07e72a973eb10f99f83a28906804c571f83faf45e4147c47f82f5783c8e1f29280715caf1a2714907cbd109af9bcfe884c68cc,gx-no-cache=1506086464070 HTTP/1.1" 200 30
186.79.128.35 - - [22/Sep/2017:10:20:24 -0300] "POST /cormun/servlet/solicitudot?gx-no-cache=1506086467222 HTTP/1.1" 200 30
186.79.128.35 - - [22/Sep/2017:10:20:35 -0300] "GET /cormun/static/Resources/resize.gif HTTP/1.1" 200 77
186.79.128.35 - - [22/Sep/2017:10:20:35 -0300] "GET /cormun/servlet/prlicenciaspermisos?24698895,L,,MD,,gxPopupLevel%3D0%3B HTTP/1.1" 200 5655
186.79.128.35 - - [22/Sep/2017:10:20:35 -0300] "GET /cormun/static/gxcfg.js?20176272053834 HTTP/1.1" 200 953
186.79.128.35 - - [22/Sep/2017:10:20:35 -0300] "GET /cormun/static/Resources/PXToolsMenuSearch.png HTTP/1.1" 200 2914
186.79.128.35 - - [22/Sep/2017:10:20:35 -0300] "GET /cormun/static/prlicenciaspermisos.js?20176272054050 HTTP/1.1" 200 13379
186.79.128.35 - - [22/Sep/2017:10:20:35 -0300] "GET /cormun/static/menusearch.js?201610171694467 HTTP/1.1" 200 1424
186.79.128.35 - - [22/Sep/2017:10:20:35 -0300] "GET /cormun/static/hmpwkw011.js?20177612121862 HTTP/1.1" 200 1968
186.79.128.35 - - [22/Sep/2017:10:20:35 -0300] "GET /cormun/static/Resources/PXToolsMenuSearchCancel.png HTTP/1.1" 200 2972
186.79.128.35 - - [22/Sep/2017:10:20:41 -0300] "POST /cormun/servlet/solicitudot?gx-no-cache=1506086484428 HTTP/1.1" 200 1355
186.79.240.111 - - [22/Sep/2017:10:20:46 -0300] "POST /cormun/servlet/permisogoce?2719c21b088d8d0750f2c8ab809b00af,INS,0,,,,gx-no-cache=1506086481715 HTTP/1.1" 200 93
186.79.240.111 - - [22/Sep/2017:10:20:46 -0300] "GET /cormun/servlet/hpexe_return? HTTP/1.1" 200 1030
186.79.128.35 - - [22/Sep/2017:10:20:46 -0300] "POST /cormun/servlet/solicitudot?gx-no-cache=1506086489372 HTTP/1.1" 200 41
186.79.240.111 - - [22/Sep/2017:10:20:46 -0300] "GET /cormun/servlet/trpermisosgoce?gx-no-cache=1506085957919 HTTP/1.1" 200 11916
186.79.240.111 - - [22/Sep/2017:10:20:47 -0300] "GET /cormun/servlet/trpermisosgoce?gx-no-cache=1506085957919 HTTP/1.1" 200 11943
186.79.240.111 - - [22/Sep/2017:10:20:52 -0300] "GET /cormun/servlet/trpermisosadjuntos?14197061,20170922101729,P, HTTP/1.1" 200 6153
186.79.128.35 - - [22/Sep/2017:10:20:52 -0300] "GET /cormun/servlet/solicitudot?61afc91111c9b9ec6065e63ea4d71e352040ed79c3da2a122a36e659256959752d3990de15eacc16d29e5e7eec5bde36fc7be4adbe6e5cadba029c484ff3aab7821efc36838f8d3cebc855321411ea41aa2842c90dc39cbd716731a750b45553a2b56383f9ea819297dd83d64d74dea1457b6f062ed6392e593356e082b03e3fa53c494e8ba3e912e1010355e7d92d5c17ea009565adf57e372f84ef7d53e1c0,gx-no-cache=1506086495241 HTTP/1.1" 200 29
186.79.128.35 - - [22/Sep/2017:10:20:52 -0300] "POST /cormun/servlet/solicitudot?gx-no-cache=1506086495403 HTTP/1.1" 200 1336
186.79.128.35 - - [22/Sep/2017:10:20:52 -0300] "GET /cormun/static/menuarrow.gif HTTP/1.1" 404 1015
186.79.240.111 - - [22/Sep/2017:10:20:52 -0300] "GET /cormun/servlet/trpermisosadjuntos?14197061,20170922101729,P, HTTP/1.1" 200 6132
186.79.240.111 - - [22/Sep/2017:10:20:54 -0300] "GET /cormun/servlet/permisosadjuntos?INS,14197061,P,20170922101729,, HTTP/1.1" 200 5459
186.79.240.111 - - [22/Sep/2017:10:20:54 -0300] "GET /cormun/static/about:blank HTTP/1.1" 404 1011
186.79.240.111 - - [22/Sep/2017:10:20:55 -0300] "GET /cormun/servlet/permisosadjuntos?INS,14197061,P,20170922101729,, HTTP/1.1" 200 5449
186.79.128.35 - - [22/Sep/2017:10:20:55 -0300] "POST /cormun/servlet/solicitudot?gx-no-cache=1506086498086 HTTP/1.1" 200 1336
186.79.128.35 - - [22/Sep/2017:10:20:57 -0300] "GET /cormun/servlet/solicitudot?61afc91111c9b9ec6065e63ea4d71e35c120c0291afa3fb51092dafe691cb6c688b16d96d2c5249ecf7bf4f85f8e6fc1,gx-no-cache=1506086500349 HTTP/1.1" 200 30
186.79.240.111 - - [22/Sep/2017:10:21:04 -0300] "POST /cormun/servlet/permisosadjuntos?2719c21b088d8d0750f2c8ab809b00af,INS,14197061,P,20170922101729,, HTTP/1.1" 200 116
186.79.240.111 - - [22/Sep/2017:10:21:04 -0300] "GET /cormun/servlet/hpexe_return? HTTP/1.1" 200 1034
186.79.240.111 - - [22/Sep/2017:10:21:05 -0300] "GET /cormun/servlet/trpermisosadjuntos?14197061,20170922101729,P, HTTP/1.1" 200 6617
200.54.247.70 - - [22/Sep/2017:10:21:05 -0300] "GET /cormun/servlet/trlicencias? HTTP/1.1" 200 7390
186.79.240.111 - - [22/Sep/2017:10:21:05 -0300] "GET /cormun/servlet/trpermisosadjuntos?14197061,20170922101729,P, HTTP/1.1" 200 6613
200.54.247.70 - - [22/Sep/2017:10:21:06 -0300] "GET /cormun/servlet/trlicencias? HTTP/1.1" 200 7383
200.54.247.70 - - [22/Sep/2017:10:21:07 -0300] "GET /cormun/servlet/hlogin HTTP/1.1" 200 1736
200.54.247.70 - - [22/Sep/2017:10:21:15 -0300] "POST /cormun/servlet/hlogin?52a7d2d4e1180762d226cb85d0d0142d,gx-no-cache=1506086514497 HTTP/1.1" 200 90
200.54.247.70 - - [22/Sep/2017:10:21:15 -0300] "GET /cormun/servlet/hpexe_link HTTP/1.1" 200 956
200.54.247.70 - - [22/Sep/2017:10:21:15 -0300] "GET /cormun/servlet/trlicencias HTTP/1.1" 200 13906
200.54.247.70 - - [22/Sep/2017:10:21:16 -0300] "GET /cormun/servlet/trlicencias HTTP/1.1" 200 13904
186.79.240.111 - - [22/Sep/2017:10:21:16 -0300] "POST /cormun/servlet/trpermisosadjuntos?2719c21b088d8d0750f2c8ab809b00af,14197061,20170922101729,P,,gx-no-cache=1506086512560 HTTP/1.1" 200 90
186.79.240.111 - - [22/Sep/2017:10:21:16 -0300] "GET /cormun/servlet/hpexe_link HTTP/1.1" 200 1001
186.79.240.111 - - [22/Sep/2017:10:21:17 -0300] "GET /cormun/servlet/trpermisosgoce?gx-no-cache=1506085957919 HTTP/1.1" 200 11924
186.79.128.35 - - [22/Sep/2017:10:21:17 -0300] "POST /cormun/servlet/solicitudot?gx-no-cache=1506086520347 HTTP/1.1" 200 34
186.79.240.111 - - [22/Sep/2017:10:21:18 -0300] "GET /cormun/servlet/trpermisosgoce?gx-no-cache=1506085957919 HTTP/1.1" 200 11943
200.54.247.70 - - [22/Sep/2017:10:21:19 -0300] "GET /cormun/servlet/trlicencias? HTTP/1.1" 200 13904
200.54.247.70 - - [22/Sep/2017:10:21:20 -0300] "GET /cormun/servlet/trlicencias? HTTP/1.1" 200 13904
200.54.247.70 - - [22/Sep/2017:10:21:29 -0300] "POST /cormun/servlet/trlicencias?52a7d2d4e1180762d226cb85d0d0142d,,gx-no-cache=1506086528498 HTTP/1.1" 200 5422
186.79.240.111 - - [22/Sep/2017:10:21:32 -0300] "GET /cormun/servlet/apermisogoceprn?14197061,P,20170922101729,PU HTTP/1.1" 200 1667
200.54.247.70 - - [22/Sep/2017:10:21:40 -0300] "GET /cormun/servlet/trlicenciaspermisosadjuntos?15526652,20170913000000,L, HTTP/1.1" 200 6898
200.54.247.70 - - [22/Sep/2017:10:21:42 -0300] "GET /cormun/servlet/trlicenciaspermisosadjuntos?15526652,20170913000000,L, HTTP/1.1" 200 6898
186.79.128.35 - - [22/Sep/2017:10:21:55 -0300] "POST /cormun/servlet/solicitudot?801b2ccd861115f8dd92e1407fd93a61,INS,0,0,,gx-no-cache=1506086558021 HTTP/1.1" 200 93
186.79.128.35 - - [22/Sep/2017:10:21:55 -0300] "GET /cormun/servlet/hpexe_return? HTTP/1.1" 200 1001
186.79.128.35 - - [22/Sep/2017:10:21:56 -0300] "GET /cormun/servlet/trsolicitudot HTTP/1.1" 200 16223
186.79.128.35 - - [22/Sep/2017:10:21:58 -0300] "GET /cormun/servlet/trsolicitudot HTTP/1.1" 200 16218
186.79.128.35 - - [22/Sep/2017:10:22:01 -0300] "GET /cormun/servlet/trlicencias? HTTP/1.1" 200 13996
186.79.128.35 - - [22/Sep/2017:10:22:02 -0300] "GET /cormun/servlet/trlicencias? HTTP/1.1" 200 13995
186.79.128.35 - - [22/Sep/2017:10:22:13 -0300] "GET /cormun/servlet/trsolicitudot? HTTP/1.1" 200 16218
186.79.128.35 - - [22/Sep/2017:10:22:14 -0300] "GET /cormun/servlet/trsolicitudot? HTTP/1.1" 200 16219
186.79.240.111 - - [22/Sep/2017:10:22:26 -0300] "POST /cormun/servlet/trpermisosgoce?2719c21b088d8d0750f2c8ab809b00af,gx-no-cache=1506085957919,gx-no-cache=1506086581494 HTTP/1.1" 200 9063
186.79.240.111 - - [22/Sep/2017:10:22:26 -0300] "GET /cormun/static/Shared/jqueryui/images/ui-bg_highlight-soft_100_c6c2c8_1x100.png HTTP/1.1" 404 1117
186.79.240.111 - - [22/Sep/2017:10:22:26 -0300] "GET /cormun/static/Shared/jqueryui/images/ui-bg_flat_55_fafafa_40x100.png HTTP/1.1" 404 1097
186.79.240.111 - - [22/Sep/2017:10:22:26 -0300] "GET /cormun/static/Shared/jqueryui/images/ui-icons_82798d_256x240.png HTTP/1.1" 404 1089
186.79.240.111 - - [22/Sep/2017:10:22:26 -0300] "GET /cormun/static/Shared/jqueryui/images/ui-icons_8d78a5_256x240.png HTTP/1.1" 404 1089
186.79.128.35 - - [22/Sep/2017:10:24:00 -0300] "GET /cormun/servlet/vesolicitudot?2017,7430,, HTTP/1.1" 200 8322
186.79.128.35 - - [22/Sep/2017:10:24:00 -0300] "GET /cormun/pexe_scrolldiv.js HTTP/1.1" 404 1009
186.79.128.35 - - [22/Sep/2017:10:24:00 -0300] "GET /cormun/pexe_scrolldiv.js HTTP/1.1" 404 1009
186.79.128.35 - - [22/Sep/2017:10:24:01 -0300] "GET /cormun/servlet/vesolicitudot?2017,7430,, HTTP/1.1" 200 8322
200.54.247.70 - - [22/Sep/2017:10:27:35 -0300] "GET /cormun/PublicTempStorage/maria_jose_salas4_0015623544.pdf HTTP/1.1" 206 12691944
200.54.247.70 - - [22/Sep/2017:10:28:18 -0300] "GET /cormun/servlet/trlicencias? HTTP/1.1" 200 8161
200.54.247.70 - - [22/Sep/2017:10:28:18 -0300] "GET /cormun/servlet/trlicenciaspermisosadjuntos?15526652,20170913000000,L, HTTP/1.1" 200 6898
200.54.247.70 - - [22/Sep/2017:10:28:19 -0300] "GET /cormun/servlet/trlicencias? HTTP/1.1" 200 8161
186.79.128.35 - - [22/Sep/2017:10:30:13 -0300] "POST /cormun/servlet/vesolicitudot?801b2ccd861115f8dd92e1407fd93a61,2017,7430,,,gx-no-cache=1506087055792 HTTP/1.1" 200 90
186.79.128.35 - - [22/Sep/2017:10:30:13 -0300] "GET /cormun/servlet/hpexe_link HTTP/1.1" 200 959
186.79.128.35 - - [22/Sep/2017:10:30:15 -0300] "GET /cormun/servlet/trsolicitudot HTTP/1.1" 200 16220
186.79.128.35 - - [22/Sep/2017:10:30:16 -0300] "GET /cormun/servlet/trsolicitudot HTTP/1.1" 200 16218
186.79.128.35 - - [22/Sep/2017:10:30:24 -0300] "POST /cormun/servlet/trsolicitudot?801b2ccd861115f8dd92e1407fd93a61,gx-no-cache=1506087066324 HTTP/1.1" 200 13402
186.79.128.35 - - [22/Sep/2017:10:30:25 -0300] "GET /cormun/static/Shared/jqueryui/images/ui-bg_highlight-soft_100_c6c2c8_1x100.png HTTP/1.1" 404 1117
186.79.128.35 - - [22/Sep/2017:10:30:25 -0300] "GET /cormun/static/Shared/jqueryui/images/ui-icons_82798d_256x240.png HTTP/1.1" 404 1089
186.79.128.35 - - [22/Sep/2017:10:30:25 -0300] "GET /cormun/static/Shared/jqueryui/images/ui-bg_flat_55_fafafa_40x100.png HTTP/1.1" 404 1097
186.79.128.35 - - [22/Sep/2017:10:30:25 -0300] "GET /cormun/static/Shared/jqueryui/images/ui-icons_8d78a5_256x240.png HTTP/1.1" 404 1089
186.79.128.35 - - [22/Sep/2017:10:30:28 -0300] "POST /cormun/servlet/trsolicitudot?801b2ccd861115f8dd92e1407fd93a61,gx-no-cache=1506087068761 HTTP/1.1" 200 13341
186.79.240.111 - - [22/Sep/2017:10:30:30 -0300] "GET /cormun/servlet/trlicencias? HTTP/1.1" 200 10680
186.79.240.111 - - [22/Sep/2017:10:30:32 -0300] "GET /cormun/servlet/trlicencias? HTTP/1.1" 200 10659
186.79.240.111 - - [22/Sep/2017:10:30:38 -0300] "GET /cormun/servlet/trlicencias? HTTP/1.1" 200 10659
186.79.240.111 - - [22/Sep/2017:10:30:40 -0300] "GET /cormun/servlet/trlicencias? HTTP/1.1" 200 10659
186.79.128.35 - - [22/Sep/2017:10:30:48 -0300] "GET /cormun/servlet/hlogin HTTP/1.1" 200 1730
186.103.159.182 - - [22/Sep/2017:10:31:58 -0300] "GET /cormun/servlet/hhome HTTP/1.1" 200 3374
186.103.159.182 - - [22/Sep/2017:10:32:01 -0300] "GET /cormun/servlet/hhome HTTP/1.1" 200 3383
186.103.159.182 - - [22/Sep/2017:10:32:01 -0300] "GET /cormun/servlet/hlogin HTTP/1.1" 200 1732
186.103.159.182 - - [22/Sep/2017:10:32:01 -0300] "GET /cormun/static/gxcfg.js?20175251213516 HTTP/1.1" 200 953
186.103.159.182 - - [22/Sep/2017:10:32:01 -0300] "GET /cormun/static/Resources/PXToolsLoginTop.png HTTP/1.1" 200 1337
186.103.159.182 - - [22/Sep/2017:10:32:01 -0300] "GET /cormun/static/Resources/PXToolsLoginBackground.png HTTP/1.1" 200 1164
186.103.159.182 - - [22/Sep/2017:10:32:01 -0300] "GET /cormun/static/Resources/PXToolsButtonRight21.png HTTP/1.1" 200 1283
186.103.159.182 - - [22/Sep/2017:10:32:01 -0300] "GET /cormun/static/Resources/PXToolsButtonBackground2.png HTTP/1.1" 200 1181
186.103.159.182 - - [22/Sep/2017:10:32:01 -0300] "GET /cormun/static/Resources/ComunLogin.png HTTP/1.1" 200 17326
186.103.159.182 - - [22/Sep/2017:10:32:01 -0300] "GET /cormun/static/Resources/PXToolsButtonLeft21.png HTTP/1.1" 200 1287
186.103.159.182 - - [22/Sep/2017:10:32:02 -0300] "GET /cormun/static/Resources/PXToolsLoginBottom.png HTTP/1.1" 200 1389
186.103.159.182 - - [22/Sep/2017:10:32:03 -0300] "POST /cormun/servlet/hlogin?1df04e80a73030e86f7fbe1d172f518e,gx-no-cache=1506087154689 HTTP/1.1" 200 90
186.103.159.182 - - [22/Sep/2017:10:32:03 -0300] "GET /cormun/servlet/hpexe_link HTTP/1.1" 200 949
186.103.159.182 - - [22/Sep/2017:10:32:04 -0300] "GET /cormun/servlet/hhome HTTP/1.1" 200 4121
186.103.159.182 - - [22/Sep/2017:10:32:05 -0300] "GET /cormun/servlet/hhome HTTP/1.1" 200 4118
186.103.159.182 - - [22/Sep/2017:10:32:08 -0300] "GET /cormun/servlet/trlicencias? HTTP/1.1" 200 12766
186.103.159.182 - - [22/Sep/2017:10:32:08 -0300] "GET /cormun/static/gxcfg.js?20176272054169 HTTP/1.1" 200 953
186.103.159.182 - - [22/Sep/2017:10:32:10 -0300] "GET /cormun/servlet/trlicencias? HTTP/1.1" 200 12763
186.103.159.182 - - [22/Sep/2017:10:32:10 -0300] "GET /cormun//static/Resources/PXToolsActionPrint.png HTTP/1.1" 200 3317
186.103.159.182 - - [22/Sep/2017:10:32:10 -0300] "GET /cormun//static/Resources/PXToolsActionDisabled.gif HTTP/1.1" 200 53
186.103.159.182 - - [22/Sep/2017:10:32:10 -0300] "GET /cormun//static/Resources/PXToolsHeaderFavorites.png HTTP/1.1" 200 2744
186.103.159.182 - - [22/Sep/2017:10:32:10 -0300] "GET /cormun//static/Resources/PXTools/ActionInsert.png HTTP/1.1" 200 1482
186.103.159.182 - - [22/Sep/2017:10:32:10 -0300] "GET /cormun//static/Resources/PXToolsHeaderHelp.png HTTP/1.1" 200 4055
186.103.159.182 - - [22/Sep/2017:10:32:10 -0300] "GET /cormun//static/Resources/PXToolsGridDisplay.png HTTP/1.1" 200 362
186.103.159.182 - - [22/Sep/2017:10:32:31 -0300] "GET /cormun/servlet/licenciaspermisos?INS,0,,, HTTP/1.1" 200 7654
186.103.159.182 - - [22/Sep/2017:10:32:31 -0300] "GET /cormun/static/gxcfg.js?201762917281167 HTTP/1.1" 200 953
186.103.159.182 - - [22/Sep/2017:10:32:31 -0300] "GET /cormun/static/Resources/prompt.gif HTTP/1.1" 200 902
186.103.159.182 - - [22/Sep/2017:10:32:32 -0300] "GET /cormun/servlet/licenciaspermisos?INS,0,,, HTTP/1.1" 200 7662
192.168.10.96 - - [22/Sep/2017:10:37:09 -0300] "GET /cormun/servlet/trsolicitudgral? HTTP/1.1" 200 8995
192.168.10.96 - - [22/Sep/2017:10:37:09 -0300] "GET /cormun/static/gxcfg.js?201762916363890 HTTP/1.1" 304 -
192.168.10.96 - - [22/Sep/2017:10:37:09 -0300] "GET /cormun/servlet/trsolicitudgral? HTTP/1.1" 200 8978
192.168.10.96 - - [22/Sep/2017:10:37:20 -0300] "POST /cormun/servlet/trsolicitudgral?c0535ea5ed2155dab028d83db4120311,,gx-no-cache=1506087398466 HTTP/1.1" 200 7228
192.168.10.96 - - [22/Sep/2017:10:37:23 -0300] "POST /cormun/servlet/trsolicitudgral?c0535ea5ed2155dab028d83db4120311,,gx-no-cache=1506087402175 HTTP/1.1" 200 7130
192.168.10.96 - - [22/Sep/2017:10:37:27 -0300] "POST /cormun/servlet/trsolicitudgral?c0535ea5ed2155dab028d83db4120311,,gx-no-cache=1506087406016 HTTP/1.1" 200 5775
192.168.10.96 - - [22/Sep/2017:10:37:30 -0300] "POST /cormun/servlet/trsolicitudgral?c0535ea5ed2155dab028d83db4120311,,gx-no-cache=1506087408919 HTTP/1.1" 200 5777
192.168.10.96 - - [22/Sep/2017:10:37:33 -0300] "POST /cormun/servlet/trsolicitudgral?c0535ea5ed2155dab028d83db4120311,,gx-no-cache=1506087412239 HTTP/1.1" 200 7129
192.168.10.96 - - [22/Sep/2017:10:37:39 -0300] "POST /cormun/servlet/trsolicitudgral?c0535ea5ed2155dab028d83db4120311,,gx-no-cache=1506087417959 HTTP/1.1" 200 7600
186.103.157.98 - - [22/Sep/2017:10:42:58 -0300] "GET /cormun/servlet/trpermisosgoce? HTTP/1.1" 200 6073
186.103.157.98 - - [22/Sep/2017:10:42:58 -0300] "GET /cormun/servlet/hlogin HTTP/1.1" 200 1734
186.103.157.98 - - [22/Sep/2017:10:42:59 -0300] "GET /cormun/servlet/trpermisosgoce? HTTP/1.1" 200 6068
186.103.157.98 - - [22/Sep/2017:10:43:01 -0300] "POST /cormun/servlet/hlogin?ce9a9be6de701ba22dfeb7dcd55b99aa,gx-no-cache=1506087815644 HTTP/1.1" 200 90
186.103.157.98 - - [22/Sep/2017:10:43:01 -0300] "GET /cormun/servlet/hpexe_link HTTP/1.1" 200 952
186.103.157.98 - - [22/Sep/2017:10:43:02 -0300] "GET /cormun/servlet/trpermisosgoce HTTP/1.1" 200 8049
186.103.157.98 - - [22/Sep/2017:10:43:03 -0300] "GET /cormun/servlet/trpermisosgoce HTTP/1.1" 200 8047
200.120.230.130 - - [22/Sep/2017:10:43:53 -0300] "GET /cormun/servlet/hlogin HTTP/1.1" 200 1719
200.120.230.130 - - [22/Sep/2017:10:43:53 -0300] "GET /cormun/servlet/hlogin HTTP/1.1" 200 1730
200.120.230.130 - - [22/Sep/2017:10:44:07 -0300] "POST /cormun/servlet/hlogin?fab293309ee4bb9a2712769e821f481c,gx-no-cache=1506088858848 HTTP/1.1" 200 90
200.120.230.130 - - [22/Sep/2017:10:44:07 -0300] "GET /cormun/servlet/hpexe_link HTTP/1.1" 200 951
200.120.230.130 - - [22/Sep/2017:10:44:07 -0300] "GET /cormun/servlet/hhome HTTP/1.1" 200 4062
200.120.230.130 - - [22/Sep/2017:10:44:08 -0300] "GET /cormun/servlet/hhome HTTP/1.1" 200 4058
200.120.230.130 - - [22/Sep/2017:10:44:09 -0300] "GET /cormun/static/SmoothNavMenu/resources/images/right.gif HTTP/1.1" 200 860
200.120.230.130 - - [22/Sep/2017:10:44:13 -0300] "GET /cormun/servlet/trautorizarpermisogoce? HTTP/1.1" 200 7998
200.120.230.130 - - [22/Sep/2017:10:44:13 -0300] "GET /cormun/static/gxcfg.js?20176272062650 HTTP/1.1" 200 953
200.120.230.130 - - [22/Sep/2017:10:44:13 -0300] "GET /cormun/static/trautorizarpermisogoce.js?2017627206316 HTTP/1.1" 200 34948
200.120.230.130 - - [22/Sep/2017:10:44:13 -0300] "GET /cormun/servlet/trautorizarpermisogoce? HTTP/1.1" 200 7996
200.120.230.130 - - [22/Sep/2017:10:44:33 -0300] "POST /cormun/servlet/trautorizarpermisogoce?fab293309ee4bb9a2712769e821f481c,,gx-no-cache=1506088882622 HTTP/1.1" 200 5006
200.120.230.130 - - [22/Sep/2017:10:44:33 -0300] "GET /cormun/static/Shared/jqueryui/images/ui-icons_82798d_256x240.png HTTP/1.1" 404 1089
200.120.230.130 - - [22/Sep/2017:10:44:33 -0300] "GET /cormun/static/Shared/jqueryui/images/ui-bg_flat_55_fafafa_40x100.png HTTP/1.1" 404 1097
200.120.230.130 - - [22/Sep/2017:10:44:34 -0300] "GET /cormun/static/Shared/jqueryui/images/ui-icons_8d78a5_256x240.png HTTP/1.1" 404 1089
200.120.230.130 - - [22/Sep/2017:10:44:34 -0300] "GET /cormun/static/Shared/jqueryui/images/ui-bg_highlight-soft_100_c6c2c8_1x100.png HTTP/1.1" 404 1117
200.120.230.130 - - [22/Sep/2017:10:44:44 -0300] "POST /cormun/servlet/trautorizarpermisogoce?fab293309ee4bb9a2712769e821f481c,,gx-no-cache=1506088894089 HTTP/1.1" 200 4251
200.120.230.130 - - [22/Sep/2017:10:44:56 -0300] "GET /cormun/servlet/trpermisosgoce? HTTP/1.1" 200 9943
200.120.230.130 - - [22/Sep/2017:10:44:57 -0300] "GET /cormun/servlet/trpermisosgoce? HTTP/1.1" 200 9940
186.79.75.66 - - [22/Sep/2017:10:50:33 -0300] "GET /cormun/servlet/hhome HTTP/1.1" 200 3366
186.79.75.66 - - [22/Sep/2017:10:50:33 -0300] "GET /cormun/static/SmoothNavMenu/resources/ddsmoothmenu.css?1012540 HTTP/1.1" 200 2223
186.79.75.66 - - [22/Sep/2017:10:50:34 -0300] "GET /cormun/static/scaMessage/css/jquery.pnotify.default.css?1716380 HTTP/1.1" 200 1707
186.79.75.66 - - [22/Sep/2017:10:50:34 -0300] "GET /cormun/static/Shared/jqueryui/jquery-ui.min.css?1245370 HTTP/1.1" 200 30288
186.79.75.66 - - [22/Sep/2017:10:50:34 -0300] "GET /cormun/static/gxcfg.js?20175251212442 HTTP/1.1" 200 953
186.79.75.66 - - [22/Sep/2017:10:50:34 -0300] "GET /cormun/static/SmoothNavMenu/resources/ddsmoothmenu-v.css?1012540 HTTP/1.1" 200 1188
186.79.75.66 - - [22/Sep/2017:10:50:34 -0300] "GET /cormun/static/PXToolsJavascripts/pexe_autoreload.js HTTP/1.1" 200 1762
186.79.75.66 - - [22/Sep/2017:10:50:34 -0300] "GET /cormun/static/gxtimezone.js?85251 HTTP/1.1" 200 5781
186.79.75.66 - - [22/Sep/2017:10:50:34 -0300] "GET /cormun/static/Resources/Spanish/PXTools.css?11423723 HTTP/1.1" 200 89042
186.79.75.66 - - [22/Sep/2017:10:50:34 -0300] "GET /cormun/static/PXToolsJavascripts/pexe_grid.js HTTP/1.1" 200 7559
186.79.75.66 - - [22/Sep/2017:10:50:34 -0300] "GET /cormun/static/PXToolsJavascripts/pexe_windows.js HTTP/1.1" 200 15207
186.79.75.66 - - [22/Sep/2017:10:50:34 -0300] "GET /cormun/static/PXToolsJavascripts/pexe_griddivfix.js HTTP/1.1" 200 6644
186.79.75.66 - - [22/Sep/2017:10:50:34 -0300] "GET /cormun/static/gxgral.js?85251 HTTP/1.1" 200 384558
186.79.75.66 - - [22/Sep/2017:10:50:35 -0300] "GET /cormun/static/PXToolsJavascripts/pexe_menudivfix.js HTTP/1.1" 200 333
186.79.75.66 - - [22/Sep/2017:10:50:35 -0300] "GET /cormun/static/PXToolsJavascripts/pexe_menus.js HTTP/1.1" 200 1286
186.79.75.66 - - [22/Sep/2017:10:50:35 -0300] "GET /cormun/static/PXToolsJavascripts/pexe_layers.js HTTP/1.1" 200 4114
186.79.75.66 - - [22/Sep/2017:10:50:35 -0300] "GET /cormun/static/PXToolsJavascripts/pexe_oav.js HTTP/1.1" 200 645
186.79.75.66 - - [22/Sep/2017:10:50:35 -0300] "GET /cormun/static/PXToolsJavascripts/pexe_cookies.js HTTP/1.1" 200 792
186.79.75.66 - - [22/Sep/2017:10:50:35 -0300] "GET /cormun/static/PXToolsJavascripts/pexe_oavdivfix.js HTTP/1.1" 200 639
186.79.75.66 - - [22/Sep/2017:10:50:35 -0300] "GET /cormun/static/PXToolsJavascripts/pexe_picture.js HTTP/1.1" 200 689
186.79.75.66 - - [22/Sep/2017:10:50:35 -0300] "GET /cormun/static/PXToolsJavascripts/pexe_popup.js HTTP/1.1" 200 13458
186.79.75.66 - - [22/Sep/2017:10:50:35 -0300] "GET /cormun/static/PXToolsJavascripts/pexe_tabdivfix.js HTTP/1.1" 200 876
186.79.75.66 - - [22/Sep/2017:10:50:35 -0300] "GET /cormun/static/PXToolsJavascripts/pexe_tabs.js HTTP/1.1" 200 3748
186.79.75.66 - - [22/Sep/2017:10:50:35 -0300] "GET /cormun/static/PXToolsJavascripts/pexe_upload.js HTTP/1.1" 200 1423
186.79.75.66 - - [22/Sep/2017:10:50:35 -0300] "GET /cormun/static/PXToolsJavascripts/PXToolsJavascriptsRender.js HTTP/1.1" 200 367
186.79.75.66 - - [22/Sep/2017:10:50:35 -0300] "GET /cormun/static/PXToolsJavascripts/pexe_link.js HTTP/1.1" 200 5671
186.79.75.66 - - [22/Sep/2017:10:50:36 -0300] "GET /cormun/static/RunJS/RunJS.js HTTP/1.1" 200 288
186.79.75.66 - - [22/Sep/2017:10:50:38 -0300] "GET /cormun/static/PXToolsJavascripts/pexe_scrolldiv.js HTTP/1.1" 200 4138
186.79.75.66 - - [22/Sep/2017:10:50:38 -0300] "GET /cormun/static/Shared/ext/locale/ext-lang-en.js HTTP/1.1" 200 10940
186.79.75.66 - - [22/Sep/2017:10:50:38 -0300] "GET /cormun/static/messages.spa.js?85251 HTTP/1.1" 200 30736
186.79.75.66 - - [22/Sep/2017:10:50:38 -0300] "GET /cormun/static/hhome.js?20175251212450 HTTP/1.1" 200 777
186.79.75.66 - - [22/Sep/2017:10:50:38 -0300] "GET /cormun/static/Resources/PXToolsHeaderBackground2.png HTTP/1.1" 200 1174
186.79.75.66 - - [22/Sep/2017:10:50:38 -0300] "GET /cormun/static/gxui/gxui-all.js HTTP/1.1" 200 107772
186.79.75.66 - - [22/Sep/2017:10:50:38 -0300] "GET /cormun/static/Resources/logo4.png HTTP/1.1" 200 6582
