186.103.132.155 - - [22/Sep/2017:12:49:17 -0300] "GET /cormun/servlet/trpermisosgoce? HTTP/1.1" 200 10196
186.103.132.155 - - [22/Sep/2017:12:49:20 -0300] "GET /cormun/servlet/permisogoce?INS,0,,, HTTP/1.1" 200 6951
186.103.132.155 - - [22/Sep/2017:12:49:20 -0300] "GET /cormun/servlet/permisogoce?INS,0,,, HTTP/1.1" 200 6951
186.103.159.189 - - [22/Sep/2017:12:49:28 -0300] "GET /cormun/servlet/permisogoce?INS,0,,, HTTP/1.1" 200 6702
186.103.159.189 - - [22/Sep/2017:12:49:30 -0300] "GET /cormun/servlet/permisogoce?INS,0,,, HTTP/1.1" 200 6700
186.103.132.155 - - [22/Sep/2017:12:49:37 -0300] "GET /cormun/servlet/permisogoce?488f97d6a07510df89bdf127b638f5b60bf40e341c4a8c881061770b806e478cc2c532f624925e041a2a48bed9015dd16b277fdf92b79de4be3b37001d21d068,gx-no-cache=1506095411110 HTTP/1.1" 200 80
186.103.159.189 - - [22/Sep/2017:12:49:48 -0300] "GET /cormun/servlet/permisogoce?3b828684a33f8118a1ce484792ce0514e06b941ed158f9ae21d279112662ff826af3e80aefe1cdf0d2b40aa655192217e1389ad93d7d320566a189e041c9cd44,gx-no-cache=1506095422566 HTTP/1.1" 200 93
186.103.159.189 - - [22/Sep/2017:12:49:52 -0300] "GET /cormun/static/menuarrow.gif HTTP/1.1" 404 1015
186.103.159.189 - - [22/Sep/2017:12:50:03 -0300] "GET /cormun/servlet/permisogoce?3b828684a33f8118a1ce484792ce0514d96900cd6b1f2a71e5c0ea894831e61e1223c6ac348b00df098ddf71267527e17df0b59ddbf987b8f3cc9bf88dcbcb42,gx-no-cache=1506095437863 HTTP/1.1" 200 47
190.151.100.218 - - [22/Sep/2017:12:50:05 -0300] "POST /cormun/servlet/permisogoce?36aa04352963454dda72264ff6ddf23d,INS,0,,,,gx-no-cache=1506095439074 HTTP/1.1" 200 4506
190.151.100.218 - - [22/Sep/2017:12:50:05 -0300] "GET /cormun/static/Shared/jqueryui/images/ui-bg_highlight-soft_100_c6c2c8_1x100.png HTTP/1.1" 404 1117
190.151.100.218 - - [22/Sep/2017:12:50:05 -0300] "GET /cormun/static/Shared/jqueryui/images/ui-bg_flat_55_994d53_40x100.png HTTP/1.1" 404 1097
200.72.197.82 - - [22/Sep/2017:12:50:05 -0300] "GET /cormun/static/Shared/jqueryui/images/ui-icons_ebccce_256x240.png HTTP/1.1" 404 1089
190.151.100.218 - - [22/Sep/2017:12:50:06 -0300] "GET /cormun/static/Shared/jqueryui/images/ui-icons_82798d_256x240.png HTTP/1.1" 404 1089
190.151.100.218 - - [22/Sep/2017:12:50:11 -0300] "GET /cormun/servlet/permisogoce?488f97d6a07510df89bdf127b638f5b6910d37aa3bd3b8f84349e7aafc3e50d2d378390e37378934c14489eb3464765705ba92961399372a4da0904d3e3bd68f,gx-no-cache=1506095445292 HTTP/1.1" 200 48
186.103.159.189 - - [22/Sep/2017:12:50:14 -0300] "POST /cormun/servlet/permisogoce?17326b46650078f6e2dcb06d51959df5,INS,0,,,,gx-no-cache=1506095448450 HTTP/1.1" 200 93
186.103.159.189 - - [22/Sep/2017:12:50:14 -0300] "GET /cormun/servlet/hpexe_return? HTTP/1.1" 200 1015
186.103.159.189 - - [22/Sep/2017:12:50:15 -0300] "GET /cormun/servlet/trpermisosgoce HTTP/1.1" 200 12450
186.103.159.189 - - [22/Sep/2017:12:50:16 -0300] "GET /cormun/servlet/trpermisosgoce HTTP/1.1" 200 12464
186.103.132.155 - - [22/Sep/2017:12:50:19 -0300] "POST /cormun/servlet/permisogoce?36aa04352963454dda72264ff6ddf23d,INS,0,,,,gx-no-cache=1506095451486 HTTP/1.1" 200 93
186.103.132.155 - - [22/Sep/2017:12:50:19 -0300] "GET /cormun/servlet/hpexe_return? HTTP/1.1" 200 1009
186.103.132.155 - - [22/Sep/2017:12:50:19 -0300] "GET /cormun/servlet/trpermisosgoce HTTP/1.1" 200 10412
186.103.132.155 - - [22/Sep/2017:12:50:20 -0300] "GET /cormun/servlet/trpermisosgoce HTTP/1.1" 200 10401
186.103.132.155 - - [22/Sep/2017:12:50:29 -0300] "GET /cormun/servlet/apermisogoceprn?11366364,P,20170922124838,PU HTTP/1.1" 200 1670
186.103.159.189 - - [22/Sep/2017:12:50:29 -0300] "GET /cormun/servlet/apermisogoceprn?12665075,P,20170922124846,PU HTTP/1.1" 200 1640
200.54.247.70 - - [22/Sep/2017:12:50:45 -0300] "GET /cormun/servlet/licenciaspermisos?47b54c4737b36efd1d4fd7c3b458b8e2376f001b03bcd0706a28b1f94510a19fa615eadbbabb75e88eda89e7eea1965383fc3b8885ba33c17eab2e2bf6358c345d72d480be8c611ae38f8157bf36367120f11a727a73e20a5ed127e14c1e9e838337f4f76938129be97f9484cbdd4f032651ea187879d81218faaef1062b20f2c74c1ee3fea875dfb9dd1f0afda8570756562e041ed9ad228bd16f866f2bfa5cc45a38d1b926d61945c71ada790dbe28368ec36db3854d781b9ed134fa85e353b95b2e82438e9982100acf1206dc7d9eb5bfebf154b44890848c252f2065a686,gx-no-cache=1506095484635 HTTP/1.1" 200 30
200.54.247.70 - - [22/Sep/2017:12:50:46 -0300] "GET /cormun/servlet/licenciaspermisos?47b54c4737b36efd1d4fd7c3b458b8e2e411171d94ad02d2d10ccd9681f4b25725fd00906874aac6738deef3ea7d4eb4eb9a90eb8b07e3375ec4b8929d80ca16ba4bca598aedd575b9cb4e42b6773b4fdb65040dcc1095332f1deec076d21b307a088930d166d899e4407faa7f0a1f788d52b7450abdff5a800cd867c8869e8cc7354d6638f1d67ac6f003f8e7ee7fe664872d23c7157eecd25bcfa29935b9661d98cd41e57edf45e659ffa03e96fd7dfc94ca94cff3552be7c10f6a3f553796ed1e8c91694af13f321c198f94e8b3808e35cabc408de0ff6d4131c43ae0f2d0,gx-no-cache=1506095484751 HTTP/1.1" 200 29
200.54.247.70 - - [22/Sep/2017:12:50:46 -0300] "POST /cormun/servlet/licenciaspermisos?09e05194e9d6e0200fddfb5b8c937977,INS,0,,,,gx-no-cache=1506095484822 HTTP/1.1" 200 93
200.54.247.70 - - [22/Sep/2017:12:50:46 -0300] "GET /cormun/servlet/hpexe_return? HTTP/1.1" 200 1007
200.54.247.70 - - [22/Sep/2017:12:50:46 -0300] "GET /cormun/servlet/trlicencias HTTP/1.1" 200 14393
200.54.247.70 - - [22/Sep/2017:12:50:47 -0300] "GET /cormun/servlet/trlicencias HTTP/1.1" 200 14387
200.54.247.70 - - [22/Sep/2017:12:50:50 -0300] "GET /cormun/servlet/trlicenciaspermisosadjuntos?15124809,20170922000000,L, HTTP/1.1" 200 6451
200.54.247.70 - - [22/Sep/2017:12:50:51 -0300] "GET /cormun/servlet/trlicenciaspermisosadjuntos?15124809,20170922000000,L, HTTP/1.1" 200 6452
200.54.247.70 - - [22/Sep/2017:12:50:52 -0300] "GET /cormun/servlet/licenciaspermisosadjuntos?INS,15124809,L,20170922000000,, HTTP/1.1" 200 5748
200.54.247.70 - - [22/Sep/2017:12:50:52 -0300] "GET /cormun/static/about:blank HTTP/1.1" 404 1011
200.54.247.70 - - [22/Sep/2017:12:50:52 -0300] "GET /cormun/servlet/licenciaspermisosadjuntos?INS,15124809,L,20170922000000,, HTTP/1.1" 200 5738
200.54.247.70 - - [22/Sep/2017:12:51:57 -0300] "POST /cormun/servlet/licenciaspermisosadjuntos?09e05194e9d6e0200fddfb5b8c937977,INS,15124809,L,20170922000000,, HTTP/1.1" 200 116
200.54.247.70 - - [22/Sep/2017:12:51:57 -0300] "GET /cormun/servlet/hpexe_return? HTTP/1.1" 200 1038
200.54.247.70 - - [22/Sep/2017:12:51:59 -0300] "GET /cormun/servlet/trlicenciaspermisosadjuntos?15124809,20170922000000,L, HTTP/1.1" 200 6964
200.54.247.70 - - [22/Sep/2017:12:52:00 -0300] "GET /cormun/servlet/trlicenciaspermisosadjuntos?15124809,20170922000000,L, HTTP/1.1" 200 6960
200.54.247.70 - - [22/Sep/2017:12:56:13 -0300] "GET /cormun/servlet/trlicenciaspermisosadjuntos?15124809,20170922000000,L, HTTP/1.1" 200 6963
200.54.247.70 - - [22/Sep/2017:12:56:15 -0300] "GET /cormun/servlet/trlicenciaspermisosadjuntos?15124809,20170922000000,L, HTTP/1.1" 200 6960
200.54.247.70 - - [22/Sep/2017:12:56:16 -0300] "POST /cormun/servlet/trlicenciaspermisosadjuntos?09e05194e9d6e0200fddfb5b8c937977,15124809,20170922000000,L,,gx-no-cache=1506095815212 HTTP/1.1" 200 90
200.54.247.70 - - [22/Sep/2017:12:56:16 -0300] "GET /cormun/servlet/hpexe_link HTTP/1.1" 200 980
200.54.247.70 - - [22/Sep/2017:12:56:16 -0300] "GET /cormun/servlet/trlicencias HTTP/1.1" 200 14390
200.54.247.70 - - [22/Sep/2017:12:56:19 -0300] "GET /cormun/servlet/trlicencias HTTP/1.1" 200 14387
200.54.247.70 - - [22/Sep/2017:12:56:21 -0300] "GET /cormun/servlet/alicenciaprn?15124809,L,20170922000000,PU HTTP/1.1" 200 1561
200.54.247.70 - - [22/Sep/2017:12:56:35 -0300] "GET /cormun/servlet/alicenciaprn?15124809,L,20170922000000,PU HTTP/1.1" 200 1562
200.54.247.70 - - [22/Sep/2017:12:56:38 -0300] "GET /cormun/servlet/trlicenciaspermisosadjuntos?15124809,20170922000000,L, HTTP/1.1" 200 6959
200.54.247.70 - - [22/Sep/2017:12:56:42 -0300] "GET /cormun/servlet/trlicenciaspermisosadjuntos?15124809,20170922000000,L, HTTP/1.1" 200 6961
186.103.132.155 - - [22/Sep/2017:12:58:04 -0300] "POST /cormun/servlet/trpermisosgoce?36aa04352963454dda72264ff6ddf23d,gx-no-cache=1506095917664 HTTP/1.1" 200 7621
186.103.132.155 - - [22/Sep/2017:12:58:04 -0300] "GET /cormun/static/Shared/jqueryui/images/ui-bg_highlight-soft_100_c6c2c8_1x100.png HTTP/1.1" 404 1117
190.151.100.218 - - [22/Sep/2017:12:58:04 -0300] "GET /cormun/static/Shared/jqueryui/images/ui-icons_82798d_256x240.png HTTP/1.1" 404 1089
200.72.197.82 - - [22/Sep/2017:12:58:04 -0300] "GET /cormun/static/Shared/jqueryui/images/ui-bg_flat_55_fafafa_40x100.png HTTP/1.1" 404 1097
200.72.197.82 - - [22/Sep/2017:12:58:04 -0300] "GET /cormun/static/Shared/jqueryui/images/ui-icons_8d78a5_256x240.png HTTP/1.1" 404 1089
200.54.247.70 - - [22/Sep/2017:12:58:26 -0300] "GET /cormun/PublicTempStorage/andrea_cabrera_4_0015167281.pdf HTTP/1.1" 206 10338287
186.103.157.98 - - [22/Sep/2017:12:58:39 -0300] "GET /cormun/servlet/trpermisosadjuntos?15525765,20170828125447,P, HTTP/1.1" 200 6065
186.103.157.98 - - [22/Sep/2017:12:58:39 -0300] "GET /cormun/servlet/hlogin HTTP/1.1" 200 1759
186.103.157.98 - - [22/Sep/2017:12:58:39 -0300] "GET /cormun/servlet/trpermisosadjuntos?15525765,20170828125447,P, HTTP/1.1" 200 6061
186.103.157.98 - - [22/Sep/2017:12:58:41 -0300] "POST /cormun/servlet/hlogin?69cf3db624c6b681ee862638689e9dc7,gx-no-cache=1506095956713 HTTP/1.1" 200 90
186.103.157.98 - - [22/Sep/2017:12:58:41 -0300] "GET /cormun/servlet/hpexe_link HTTP/1.1" 200 979
186.103.157.98 - - [22/Sep/2017:12:58:42 -0300] "GET /cormun/servlet/trpermisosadjuntos?15525765,20170828125447,P, HTTP/1.1" 200 6791
186.103.157.98 - - [22/Sep/2017:12:58:42 -0300] "GET /cormun/servlet/trpermisosadjuntos?15525765,20170828125447,P, HTTP/1.1" 200 6790
186.103.157.98 - - [22/Sep/2017:12:58:50 -0300] "GET /cormun/servlet/permisosadjuntos?INS,15525765,P,20170828125447,, HTTP/1.1" 200 5751
186.103.157.98 - - [22/Sep/2017:12:58:50 -0300] "GET /cormun/static/about:blank HTTP/1.1" 404 1011
186.103.157.98 - - [22/Sep/2017:12:58:50 -0300] "GET /cormun/servlet/permisosadjuntos?INS,15525765,P,20170828125447,, HTTP/1.1" 200 5740
186.103.157.98 - - [22/Sep/2017:12:58:53 -0300] "POST /cormun/servlet/permisosadjuntos?69cf3db624c6b681ee862638689e9dc7,INS,15525765,P,20170828125447,,,gx-no-cache=1506095968239 HTTP/1.1" 200 90
186.103.157.98 - - [22/Sep/2017:12:58:53 -0300] "GET /cormun/servlet/hpexe_link HTTP/1.1" 200 987
186.103.157.98 - - [22/Sep/2017:12:58:53 -0300] "GET /cormun/servlet/trpermisosadjuntos?15525765,20170828125447,P, HTTP/1.1" 200 6791
186.103.157.98 - - [22/Sep/2017:12:58:54 -0300] "GET /cormun/servlet/trpermisosadjuntos?15525765,20170828125447,P, HTTP/1.1" 200 6790
186.103.157.98 - - [22/Sep/2017:12:58:58 -0300] "GET /cormun/servlet/permisosadjuntos?INS,15525765,P,20170828125447,, HTTP/1.1" 200 5751
186.103.157.98 - - [22/Sep/2017:12:58:59 -0300] "GET /cormun/servlet/permisosadjuntos?INS,15525765,P,20170828125447,, HTTP/1.1" 200 5740
186.103.157.98 - - [22/Sep/2017:12:59:18 -0300] "POST /cormun/servlet/permisosadjuntos?69cf3db624c6b681ee862638689e9dc7,INS,15525765,P,20170828125447,,,gx-no-cache=1506095993603 HTTP/1.1" 200 93
186.103.157.98 - - [22/Sep/2017:12:59:19 -0300] "GET /cormun/servlet/hpexe_return? HTTP/1.1" 200 1034
186.103.157.98 - - [22/Sep/2017:12:59:19 -0300] "GET /cormun/servlet/trpermisosadjuntos?15525765,20170828125447,P, HTTP/1.1" 200 6877
186.103.157.98 - - [22/Sep/2017:12:59:19 -0300] "GET /cormun/servlet/trpermisosadjuntos?15525765,20170828125447,P, HTTP/1.1" 200 6873
186.103.157.98 - - [22/Sep/2017:12:59:23 -0300] "GET /cormun/servlet/permisosadjuntos?DLT,15525765,P,20170828125447,20170922125817, HTTP/1.1" 200 5700
186.103.157.98 - - [22/Sep/2017:12:59:23 -0300] "GET /cormun/static/about:blank HTTP/1.1" 404 1011
186.103.157.98 - - [22/Sep/2017:12:59:23 -0300] "GET /cormun/static/Shared/jqueryui/images/ui-bg_highlight-soft_100_c6c2c8_1x100.png HTTP/1.1" 404 1117
186.103.157.98 - - [22/Sep/2017:12:59:23 -0300] "GET /cormun/static/Shared/jqueryui/images/ui-icons_82798d_256x240.png HTTP/1.1" 404 1089
186.103.157.98 - - [22/Sep/2017:12:59:23 -0300] "GET /cormun/static/Shared/jqueryui/images/ui-icons_8d78a5_256x240.png HTTP/1.1" 404 1089
186.103.157.98 - - [22/Sep/2017:12:59:23 -0300] "GET /cormun/static/Shared/jqueryui/images/ui-bg_flat_55_fafafa_40x100.png HTTP/1.1" 404 1097
186.103.157.98 - - [22/Sep/2017:12:59:23 -0300] "GET /cormun/servlet/permisosadjuntos?DLT,15525765,P,20170828125447,20170922125817, HTTP/1.1" 200 5690
186.103.157.98 - - [22/Sep/2017:12:59:27 -0300] "POST /cormun/servlet/permisosadjuntos?69cf3db624c6b681ee862638689e9dc7,DLT,15525765,P,20170828125447,20170922125817,,gx-no-cache=1506096001354 HTTP/1.1" 200 93
186.103.157.98 - - [22/Sep/2017:12:59:27 -0300] "GET /cormun/servlet/hpexe_return? HTTP/1.1" 200 1043
186.103.157.98 - - [22/Sep/2017:12:59:27 -0300] "GET /cormun/servlet/trpermisosadjuntos?15525765,20170828125447,P, HTTP/1.1" 200 6793
186.103.157.98 - - [22/Sep/2017:12:59:27 -0300] "GET /cormun/servlet/trpermisosadjuntos?15525765,20170828125447,P, HTTP/1.1" 200 6790
186.103.132.155 - - [22/Sep/2017:13:01:17 -0300] "GET /cormun/servlet/trpermisosadjuntos?11889825,20170922123708,P, HTTP/1.1" 200 6431
186.103.132.155 - - [22/Sep/2017:13:01:18 -0300] "GET /cormun/servlet/trpermisosadjuntos?11889825,20170922123708,P, HTTP/1.1" 200 6431
186.103.157.98 - - [22/Sep/2017:13:01:24 -0300] "GET /cormun/servlet/hlogin HTTP/1.1" 200 1716
186.103.157.98 - - [22/Sep/2017:13:01:25 -0300] "POST /cormun/servlet/hlogin?69cf3db624c6b681ee862638689e9dc7,gx-no-cache=1506096120090 HTTP/1.1" 200 90
186.103.157.98 - - [22/Sep/2017:13:01:25 -0300] "GET /cormun/servlet/hpexe_link HTTP/1.1" 200 979
186.103.157.98 - - [22/Sep/2017:13:01:25 -0300] "GET /cormun/servlet/trpermisosadjuntos?15525765,20170828125447,P, HTTP/1.1" 200 6791
186.103.157.98 - - [22/Sep/2017:13:01:26 -0300] "GET /cormun/servlet/trpermisosadjuntos?15525765,20170828125447,P, HTTP/1.1" 200 6789
186.103.161.206 - - [22/Sep/2017:13:01:27 -0300] "GET /cormun/servlet/permisosadjuntos?INS,11889825,P,20170922123708,, HTTP/1.1" 200 5759
186.103.161.206 - - [22/Sep/2017:13:01:28 -0300] "GET /cormun/static/about:blank HTTP/1.1" 404 1011
186.103.161.206 - - [22/Sep/2017:13:01:29 -0300] "GET /cormun/servlet/permisosadjuntos?INS,11889825,P,20170922123708,, HTTP/1.1" 200 5749
186.103.157.98 - - [22/Sep/2017:13:01:36 -0300] "GET /cormun/servlet/trautorizarpermisogoce? HTTP/1.1" 200 6947
186.103.157.98 - - [22/Sep/2017:13:01:36 -0300] "GET /cormun/static/gxcfg.js?20176272062650 HTTP/1.1" 200 953
186.103.157.98 - - [22/Sep/2017:13:01:36 -0300] "GET /cormun/static/trautorizarpermisogoce.js?2017627206316 HTTP/1.1" 200 34948
186.103.157.98 - - [22/Sep/2017:13:01:37 -0300] "GET /cormun/servlet/trautorizarpermisogoce? HTTP/1.1" 200 6921
186.103.157.98 - - [22/Sep/2017:13:01:43 -0300] "POST /cormun/servlet/trautorizarpermisogoce?69cf3db624c6b681ee862638689e9dc7,,gx-no-cache=1506096137736 HTTP/1.1" 200 90
186.103.157.98 - - [22/Sep/2017:13:01:43 -0300] "GET /cormun/servlet/hpexe_link HTTP/1.1" 200 987
186.103.157.98 - - [22/Sep/2017:13:01:43 -0300] "GET /cormun/servlet/trpermisosadjuntos?15525765,20170828125447,P, HTTP/1.1" 200 6791
186.103.157.98 - - [22/Sep/2017:13:01:44 -0300] "GET /cormun/servlet/trpermisosadjuntos?15525765,20170828125447,P, HTTP/1.1" 200 6790
186.103.132.155 - - [22/Sep/2017:13:01:51 -0300] "POST /cormun/servlet/permisosadjuntos?36aa04352963454dda72264ff6ddf23d,INS,11889825,P,20170922123708,, HTTP/1.1" 200 116
186.103.132.155 - - [22/Sep/2017:13:01:51 -0300] "GET /cormun/servlet/hpexe_return? HTTP/1.1" 200 1039
186.103.132.155 - - [22/Sep/2017:13:01:51 -0300] "GET /cormun/servlet/trpermisosadjuntos?11889825,20170922123708,P, HTTP/1.1" 200 6933
186.103.132.155 - - [22/Sep/2017:13:01:52 -0300] "GET /cormun/servlet/trpermisosadjuntos?11889825,20170922123708,P, HTTP/1.1" 200 6930
186.103.132.155 - - [22/Sep/2017:13:01:57 -0300] "GET /cormun/servlet/permisosadjuntos?INS,11889825,P,20170922123708,, HTTP/1.1" 200 5761
186.103.132.155 - - [22/Sep/2017:13:01:58 -0300] "GET /cormun/servlet/permisosadjuntos?INS,11889825,P,20170922123708,, HTTP/1.1" 200 5751
200.72.197.82 - - [22/Sep/2017:13:01:59 -0300] "GET /cormun/servlet/trpermisosadjuntos?11889825,20170922123708,P, HTTP/1.1" 200 6928
200.72.197.82 - - [22/Sep/2017:13:02:00 -0300] "GET /cormun/servlet/trpermisosadjuntos?11889825,20170922123708,P, HTTP/1.1" 200 6930
200.72.197.82 - - [22/Sep/2017:13:02:02 -0300] "GET /cormun/servlet/trpermisosgoce HTTP/1.1" 200 10405
186.103.132.155 - - [22/Sep/2017:13:02:03 -0300] "GET /cormun/servlet/trpermisosgoce HTTP/1.1" 200 10429
40.77.167.23 - - [22/Sep/2017:13:02:08 -0300] "GET /cormun/static/hlogin.js?20175251213537 HTTP/1.1" 200 2136
200.72.197.82 - - [22/Sep/2017:13:02:15 -0300] "POST /cormun/servlet/trpermisosgoce?36aa04352963454dda72264ff6ddf23d,gx-no-cache=1506096167538 HTTP/1.1" 200 7605
200.72.197.82 - - [22/Sep/2017:13:02:15 -0300] "GET /cormun/static/Shared/jqueryui/images/ui-bg_highlight-soft_100_c6c2c8_1x100.png HTTP/1.1" 404 1117
190.151.100.218 - - [22/Sep/2017:13:02:15 -0300] "GET /cormun/static/Shared/jqueryui/images/ui-icons_82798d_256x240.png HTTP/1.1" 404 1089
200.72.197.82 - - [22/Sep/2017:13:02:15 -0300] "GET /cormun/static/Shared/jqueryui/images/ui-bg_flat_55_fafafa_40x100.png HTTP/1.1" 404 1097
200.72.197.82 - - [22/Sep/2017:13:02:15 -0300] "GET /cormun/static/Shared/jqueryui/images/ui-icons_8d78a5_256x240.png HTTP/1.1" 404 1089
186.103.157.98 - - [22/Sep/2017:13:02:21 -0300] "GET /cormun/servlet/tratrazos? HTTP/1.1" 200 7006
186.103.157.98 - - [22/Sep/2017:13:02:22 -0300] "GET /cormun/static/gxcfg.js?201742714211359 HTTP/1.1" 200 953
186.103.157.98 - - [22/Sep/2017:13:02:22 -0300] "GET /cormun/static/tratrazos.js?201742714211843 HTTP/1.1" 200 33389
186.103.157.98 - - [22/Sep/2017:13:02:22 -0300] "GET /cormun/servlet/tratrazos? HTTP/1.1" 200 6981
186.103.157.98 - - [22/Sep/2017:13:02:30 -0300] "GET /cormun/servlet/trpermisosgoce? HTTP/1.1" 200 8172
186.103.157.98 - - [22/Sep/2017:13:02:30 -0300] "GET /cormun/servlet/trpermisosgoce? HTTP/1.1" 200 8172
186.103.157.98 - - [22/Sep/2017:13:02:37 -0300] "GET /cormun/servlet/apermisogoceprn?15525765,P,20170828125447,PU HTTP/1.1" 200 1663
186.103.161.206 - - [22/Sep/2017:13:02:43 -0300] "GET /cormun/servlet/trautorizarpermisogoce? HTTP/1.1" 200 7784
186.103.161.206 - - [22/Sep/2017:13:02:43 -0300] "GET /cormun/static/gxcfg.js?20176272062650 HTTP/1.1" 304 -
186.103.161.206 - - [22/Sep/2017:13:02:43 -0300] "GET /cormun/static/trautorizarpermisogoce.js?2017627206316 HTTP/1.1" 304 -
186.103.161.206 - - [22/Sep/2017:13:02:45 -0300] "GET /cormun/servlet/trautorizarpermisogoce? HTTP/1.1" 200 7783
186.103.157.98 - - [22/Sep/2017:13:02:56 -0300] "GET /cormun/servlet/trpermisosadjuntos?9639700,20170828130617,P, HTTP/1.1" 200 6240
186.103.157.98 - - [22/Sep/2017:13:02:57 -0300] "GET /cormun/servlet/trpermisosadjuntos?9639700,20170828130617,P, HTTP/1.1" 200 6240
186.103.157.98 - - [22/Sep/2017:13:03:01 -0300] "GET /cormun/servlet/permisosadjuntos?INS,9639700,P,20170828130617,, HTTP/1.1" 200 5755
186.103.157.98 - - [22/Sep/2017:13:03:02 -0300] "GET /cormun/servlet/permisosadjuntos?INS,9639700,P,20170828130617,, HTTP/1.1" 200 5744
200.72.197.82 - - [22/Sep/2017:13:03:02 -0300] "GET /cormun/servlet/trpermisosgoce HTTP/1.1" 200 10382
186.103.157.98 - - [22/Sep/2017:13:03:02 -0300] "GET /cormun/static/about:blank HTTP/1.1" 404 1011
200.72.197.82 - - [22/Sep/2017:13:03:02 -0300] "GET /cormun/servlet/trpermisosgoce HTTP/1.1" 200 10427
200.72.197.82 - - [22/Sep/2017:13:03:10 -0300] "GET /cormun/servlet/trlicenciaspermisoslog?11889825,P,20170922123708, HTTP/1.1" 200 6665
200.72.197.82 - - [22/Sep/2017:13:03:10 -0300] "GET /cormun/static/gxcfg.js?20176271755511 HTTP/1.1" 304 -
200.72.197.82 - - [22/Sep/2017:13:03:10 -0300] "GET /cormun/static/trlicenciaspermisoslog.js?201762717555393 HTTP/1.1" 304 -
200.72.197.82 - - [22/Sep/2017:13:03:10 -0300] "GET /cormun/servlet/trlicenciaspermisoslog?11889825,P,20170922123708, HTTP/1.1" 200 6665
190.151.100.218 - - [22/Sep/2017:13:03:13 -0300] "GET /cormun/servlet/trpermisosgoce HTTP/1.1" 200 10386
190.151.100.218 - - [22/Sep/2017:13:03:14 -0300] "GET /cormun/servlet/trpermisosgoce HTTP/1.1" 200 10378
190.151.100.218 - - [22/Sep/2017:13:03:22 -0300] "GET /cormun/servlet/trpermisosadjuntos?11366364,20170922124838,P, HTTP/1.1" 200 6419
190.151.100.218 - - [22/Sep/2017:13:03:22 -0300] "GET /cormun/servlet/trpermisosadjuntos?11366364,20170922124838,P, HTTP/1.1" 200 6419
186.103.157.98 - - [22/Sep/2017:13:03:24 -0300] "POST /cormun/servlet/permisosadjuntos?69cf3db624c6b681ee862638689e9dc7,INS,9639700,P,20170828130617,, HTTP/1.1" 200 116
186.103.157.98 - - [22/Sep/2017:13:03:24 -0300] "GET /cormun/servlet/hpexe_return? HTTP/1.1" 200 1034
186.103.157.98 - - [22/Sep/2017:13:03:25 -0300] "GET /cormun/servlet/trpermisosadjuntos?9639700,20170828130617,P, HTTP/1.1" 200 6797
186.103.157.98 - - [22/Sep/2017:13:03:25 -0300] "GET /cormun/servlet/trpermisosadjuntos?9639700,20170828130617,P, HTTP/1.1" 200 6793
186.103.161.206 - - [22/Sep/2017:13:03:26 -0300] "GET /cormun/servlet/permisosadjuntos?INS,11366364,P,20170922124838,, HTTP/1.1" 200 5750
186.103.161.206 - - [22/Sep/2017:13:03:26 -0300] "GET /cormun/static/about:blank HTTP/1.1" 404 1011
186.103.161.206 - - [22/Sep/2017:13:03:26 -0300] "GET /cormun/servlet/permisosadjuntos?INS,11366364,P,20170922124838,, HTTP/1.1" 200 5740
186.103.157.98 - - [22/Sep/2017:13:03:39 -0300] "POST /cormun/servlet/acontrolpreferencessavestate?None,VGUAJARDO,true HTTP/1.1" 200 35
200.72.197.82 - - [22/Sep/2017:13:03:41 -0300] "POST /cormun/servlet/permisosadjuntos?36aa04352963454dda72264ff6ddf23d,INS,11366364,P,20170922124838,, HTTP/1.1" 200 116
186.103.157.98 - - [22/Sep/2017:13:03:41 -0300] "POST /cormun/servlet/acontrolpreferencessavestate?None,VGUAJARDO,true HTTP/1.1" 200 35
200.72.197.82 - - [22/Sep/2017:13:03:41 -0300] "GET /cormun/servlet/hpexe_return? HTTP/1.1" 200 1039
200.72.197.82 - - [22/Sep/2017:13:03:42 -0300] "GET /cormun/servlet/trpermisosadjuntos?11366364,20170922124838,P, HTTP/1.1" 200 6921
200.72.197.82 - - [22/Sep/2017:13:03:42 -0300] "GET /cormun/servlet/trpermisosadjuntos?11366364,20170922124838,P, HTTP/1.1" 200 6918
190.151.100.218 - - [22/Sep/2017:13:03:47 -0300] "GET /cormun/servlet/permisosadjuntos?INS,11366364,P,20170922124838,, HTTP/1.1" 200 5749
190.151.100.218 - - [22/Sep/2017:13:03:47 -0300] "GET /cormun/servlet/permisosadjuntos?INS,11366364,P,20170922124838,, HTTP/1.1" 200 5739
200.72.197.82 - - [22/Sep/2017:13:03:49 -0300] "GET /cormun/servlet/trpermisosadjuntos?11366364,20170922124838,P, HTTP/1.1" 200 6917
200.72.197.82 - - [22/Sep/2017:13:03:50 -0300] "GET /cormun/servlet/trpermisosadjuntos?11366364,20170922124838,P, HTTP/1.1" 200 6917
200.72.197.82 - - [22/Sep/2017:13:03:51 -0300] "GET /cormun/servlet/trpermisosgoce HTTP/1.1" 200 10382
200.72.197.82 - - [22/Sep/2017:13:03:52 -0300] "GET /cormun/servlet/trpermisosgoce HTTP/1.1" 200 10378
186.103.157.98 - - [22/Sep/2017:13:04:00 -0300] "GET /cormun/servlet/trpermisosgoce? HTTP/1.1" 200 8173
190.151.100.218 - - [22/Sep/2017:13:04:00 -0300] "POST /cormun/servlet/trpermisosgoce?36aa04352963454dda72264ff6ddf23d,gx-no-cache=1506096273005 HTTP/1.1" 200 7593
190.151.100.218 - - [22/Sep/2017:13:04:00 -0300] "GET /cormun/static/Shared/jqueryui/images/ui-bg_highlight-soft_100_c6c2c8_1x100.png HTTP/1.1" 404 1117
186.103.157.98 - - [22/Sep/2017:13:04:00 -0300] "GET /cormun/servlet/trpermisosgoce? HTTP/1.1" 200 8172
200.72.197.82 - - [22/Sep/2017:13:04:00 -0300] "GET /cormun/static/Shared/jqueryui/images/ui-icons_82798d_256x240.png HTTP/1.1" 404 1089
190.151.100.218 - - [22/Sep/2017:13:04:00 -0300] "GET /cormun/static/Shared/jqueryui/images/ui-bg_flat_55_fafafa_40x100.png HTTP/1.1" 404 1097
200.72.197.82 - - [22/Sep/2017:13:04:00 -0300] "GET /cormun/static/Shared/jqueryui/images/ui-icons_8d78a5_256x240.png HTTP/1.1" 404 1089
186.103.157.98 - - [22/Sep/2017:13:04:05 -0300] "GET /cormun/servlet/permisogoce?INS,0,,, HTTP/1.1" 200 6937
186.103.157.98 - - [22/Sep/2017:13:04:06 -0300] "GET /cormun/servlet/permisogoce?INS,0,,, HTTP/1.1" 200 6937
186.103.132.155 - - [22/Sep/2017:13:04:23 -0300] "POST /cormun/servlet/trpermisosgoce?36aa04352963454dda72264ff6ddf23d,gx-no-cache=1506096296376 HTTP/1.1" 200 7566
186.103.161.206 - - [22/Sep/2017:13:04:46 -0300] "GET /cormun/servlet/trlicenciaspermisoslog?11889825,P,20170922123708, HTTP/1.1" 200 6665
186.103.161.206 - - [22/Sep/2017:13:04:47 -0300] "GET /cormun/servlet/trlicenciaspermisoslog?11889825,P,20170922123708, HTTP/1.1" 200 6665
200.72.197.82 - - [22/Sep/2017:13:04:53 -0300] "GET /cormun/servlet/trpermisosgoce HTTP/1.1" 200 10370
200.72.197.82 - - [22/Sep/2017:13:04:53 -0300] "GET /cormun/servlet/trpermisosgoce HTTP/1.1" 200 10364
192.168.10.96 - - [22/Sep/2017:13:04:54 -0300] "GET /cormun/servlet/trsolicitudgral? HTTP/1.1" 200 10384
192.168.10.96 - - [22/Sep/2017:13:04:54 -0300] "GET /cormun/servlet/trsolicitudgral? HTTP/1.1" 200 10384
200.72.197.82 - - [22/Sep/2017:13:04:57 -0300] "GET /cormun/servlet/trlicenciaspermisoslog?11889825,P,20170922123708, HTTP/1.1" 200 6665
200.72.197.82 - - [22/Sep/2017:13:04:57 -0300] "GET /cormun/servlet/trlicenciaspermisoslog?11889825,P,20170922123708, HTTP/1.1" 200 6665
200.72.197.82 - - [22/Sep/2017:13:05:03 -0300] "GET /cormun/servlet/trpermisosgoce HTTP/1.1" 200 10348
200.72.197.82 - - [22/Sep/2017:13:05:03 -0300] "GET /cormun/servlet/trpermisosgoce HTTP/1.1" 200 10337
192.168.10.96 - - [22/Sep/2017:13:05:08 -0300] "POST /cormun/servlet/trsolicitudgral?ea4b8487ae195a65ba69b3340bf8e8eb,,gx-no-cache=1506096266462 HTTP/1.1" 200 8259
186.103.157.98 - - [22/Sep/2017:13:05:09 -0300] "GET /cormun/servlet/permisogoce?6f25b3bced6ce6bbfa80fa5f58693211680fa16b8abbd9c66241afc3d7d446c20e8ea9a5c6a53a5d88cc1246c6b4ecdde07976c106e73d238c59e31550699b13,gx-no-cache=1506096341938 HTTP/1.1" 200 86
186.103.157.98 - - [22/Sep/2017:13:05:09 -0300] "GET /cormun/static/menuarrow.gif HTTP/1.1" 404 1015
192.168.10.96 - - [22/Sep/2017:13:05:14 -0300] "GET /cormun/servlet/vesolicitudgral?2017,7339,, HTTP/1.1" 200 8901
192.168.10.96 - - [22/Sep/2017:13:05:14 -0300] "GET /cormun/pexe_scrolldiv.js HTTP/1.1" 404 1009
192.168.10.96 - - [22/Sep/2017:13:05:14 -0300] "GET /cormun/pexe_scrolldiv.js HTTP/1.1" 404 1009
192.168.10.96 - - [22/Sep/2017:13:05:14 -0300] "GET /cormun/servlet/vesolicitudgral?2017,7339,, HTTP/1.1" 200 8900
192.168.10.96 - - [22/Sep/2017:13:05:21 -0300] "GET /cormun/servlet/vesolicitudgral?2017,7339,,SolicitudOTAdjuntos HTTP/1.1" 200 11089
192.168.10.96 - - [22/Sep/2017:13:05:21 -0300] "GET /cormun/pexe_scrolldiv.js HTTP/1.1" 404 1009
192.168.10.96 - - [22/Sep/2017:13:05:21 -0300] "GET /cormun/pexe_scrolldiv.js HTTP/1.1" 404 1009
192.168.10.96 - - [22/Sep/2017:13:05:22 -0300] "GET /cormun/servlet/vesolicitudgral?2017,7339,,SolicitudOTAdjuntos HTTP/1.1" 200 11091
192.168.10.96 - - [22/Sep/2017:13:05:22 -0300] "POST /cormun/servlet/acontrolpreferencessavestate?None,DZAMUDIO,true HTTP/1.1" 200 35
186.103.157.98 - - [22/Sep/2017:13:05:33 -0300] "GET /cormun/servlet/permisogoce?6f25b3bced6ce6bbfa80fa5f586932118740bb4c3fc39fe1bc2f8b2f80a3a769ecacc4b41d767e783775a5c0af0916324db8268c1384c303eb7bce780a8edefd,gx-no-cache=1506096368558 HTTP/1.1" 200 47
192.168.10.96 - - [22/Sep/2017:13:05:36 -0300] "GET /cormun/PublicTempStorage/fotocopia_carne_katherine_vidal1557185.pdf HTTP/1.1" 200 401630
192.168.10.96 - - [22/Sep/2017:13:05:42 -0300] "GET /cormun/servlet/vesolicitudgral?2017,7339,,SolicitudOTAdjuntos HTTP/1.1" 200 11087
186.103.157.98 - - [22/Sep/2017:13:05:43 -0300] "POST /cormun/servlet/permisogoce?69cf3db624c6b681ee862638689e9dc7,INS,0,,,,gx-no-cache=1506096377169 HTTP/1.1" 200 93
186.103.157.98 - - [22/Sep/2017:13:05:43 -0300] "GET /cormun/servlet/hpexe_return? HTTP/1.1" 200 1006
192.168.10.96 - - [22/Sep/2017:13:05:43 -0300] "GET /cormun/servlet/vesolicitudgral?2017,7339,,SolicitudOTAdjuntos HTTP/1.1" 200 11090
186.103.157.98 - - [22/Sep/2017:13:05:43 -0300] "GET /cormun/servlet/trpermisosgoce HTTP/1.1" 200 8433
192.168.10.96 - - [22/Sep/2017:13:05:43 -0300] "POST /cormun/servlet/acontrolpreferencessavestate?None,DZAMUDIO,true HTTP/1.1" 200 35
186.103.157.98 - - [22/Sep/2017:13:05:44 -0300] "GET /cormun/servlet/trpermisosgoce HTTP/1.1" 200 8429
192.168.10.96 - - [22/Sep/2017:13:05:45 -0300] "GET /cormun/PublicTempStorage/certificado_titulo_katherine_vidal213877.pdf HTTP/1.1" 200 577458
192.168.10.96 - - [22/Sep/2017:13:05:50 -0300] "GET /cormun/servlet/vesolicitudgral?2017,7339,,SolicitudOTAdjuntos HTTP/1.1" 200 11086
192.168.10.96 - - [22/Sep/2017:13:05:51 -0300] "GET /cormun/servlet/vesolicitudgral?2017,7339,,SolicitudOTAdjuntos HTTP/1.1" 200 11089
192.168.10.96 - - [22/Sep/2017:13:05:51 -0300] "POST /cormun/servlet/acontrolpreferencessavestate?None,DZAMUDIO,true HTTP/1.1" 200 35
192.168.10.96 - - [22/Sep/2017:13:05:53 -0300] "GET /cormun/PublicTempStorage/certificado_afp_katherine_vidal5049761.pdf HTTP/1.1" 200 926765
192.168.10.96 - - [22/Sep/2017:13:05:57 -0300] "GET /cormun/servlet/vesolicitudgral?2017,7339,,SolicitudOTAdjuntos HTTP/1.1" 200 11084
192.168.10.96 - - [22/Sep/2017:13:05:58 -0300] "GET /cormun/servlet/vesolicitudgral?2017,7339,,SolicitudOTAdjuntos HTTP/1.1" 200 11088
186.103.157.98 - - [22/Sep/2017:13:05:58 -0300] "GET /cormun/servlet/trpermisosadjuntos?15731333,20170922130324,P, HTTP/1.1" 200 6231
192.168.10.96 - - [22/Sep/2017:13:05:58 -0300] "POST /cormun/servlet/acontrolpreferencessavestate?None,DZAMUDIO,true HTTP/1.1" 200 35
186.103.157.98 - - [22/Sep/2017:13:05:59 -0300] "GET /cormun/servlet/trpermisosadjuntos?15731333,20170922130324,P, HTTP/1.1" 200 6232
192.168.10.96 - - [22/Sep/2017:13:06:00 -0300] "GET /cormun/PublicTempStorage/certificado_fonasa_katherine_vidal8388416.pdf HTTP/1.1" 200 403431
186.103.157.98 - - [22/Sep/2017:13:06:02 -0300] "GET /cormun/servlet/permisosadjuntos?INS,15731333,P,20170922130324,, HTTP/1.1" 200 5740
186.103.157.98 - - [22/Sep/2017:13:06:02 -0300] "GET /cormun/servlet/permisosadjuntos?INS,15731333,P,20170922130324,, HTTP/1.1" 200 5731
186.103.157.98 - - [22/Sep/2017:13:06:02 -0300] "GET /cormun/static/about:blank HTTP/1.1" 404 1011
192.168.10.96 - - [22/Sep/2017:13:06:08 -0300] "GET /cormun/servlet/vesolicitudgral?2017,7339,,SolicitudOTAdjuntos HTTP/1.1" 200 11082
192.168.10.96 - - [22/Sep/2017:13:06:09 -0300] "GET /cormun/servlet/vesolicitudgral?2017,7339,,SolicitudOTAdjuntos HTTP/1.1" 200 11088
192.168.10.96 - - [22/Sep/2017:13:06:10 -0300] "POST /cormun/servlet/acontrolpreferencessavestate?None,DZAMUDIO,true HTTP/1.1" 200 35
192.168.10.96 - - [22/Sep/2017:13:06:12 -0300] "GET /cormun/PublicTempStorage/c_ertificado_antecedentes_katherine_vidal206990.pdf HTTP/1.1" 200 478608
186.67.164.142 - - [22/Sep/2017:13:06:12 -0300] "GET /cormun/servlet/hlogin HTTP/1.1" 200 1711
192.168.10.96 - - [22/Sep/2017:13:06:18 -0300] "GET /cormun/servlet/vesolicitudgral?2017,7339,,SolicitudOTAdjuntos HTTP/1.1" 200 11089
192.168.10.96 - - [22/Sep/2017:13:06:18 -0300] "GET /cormun/servlet/vesolicitudgral?2017,7339,,SolicitudOTAdjuntos HTTP/1.1" 200 11088
192.168.10.96 - - [22/Sep/2017:13:06:19 -0300] "POST /cormun/servlet/acontrolpreferencessavestate?None,DZAMUDIO,true HTTP/1.1" 200 35
192.168.10.96 - - [22/Sep/2017:13:06:20 -0300] "GET /cormun/PublicTempStorage/curriculum_katherine_vidal6352765.pdf HTTP/1.1" 200 396995
186.67.164.142 - - [22/Sep/2017:13:06:21 -0300] "POST /cormun/servlet/hlogin?6e68f9cd8c1968c24696b3e2ae28ea6d,gx-no-cache=1506096415585 HTTP/1.1" 200 90
186.67.164.142 - - [22/Sep/2017:13:06:21 -0300] "GET /cormun/servlet/hpexe_link HTTP/1.1" 200 944
186.67.164.142 - - [22/Sep/2017:13:06:21 -0300] "GET /cormun/static/gxcfg.js?20177612121792 HTTP/1.1" 304 -
186.67.164.142 - - [22/Sep/2017:13:06:21 -0300] "GET /cormun/servlet/hhome HTTP/1.1" 200 3864
186.67.164.142 - - [22/Sep/2017:13:06:21 -0300] "GET /cormun/static/gxcfg.js?20175251212442 HTTP/1.1" 304 -
186.67.164.142 - - [22/Sep/2017:13:06:22 -0300] "GET /cormun/servlet/hhome HTTP/1.1" 200 3860
186.67.164.142 - - [22/Sep/2017:13:06:25 -0300] "GET /cormun/servlet/trlicencias? HTTP/1.1" 200 13877
186.67.164.142 - - [22/Sep/2017:13:06:25 -0300] "GET /cormun/static/gxcfg.js?20176272054169 HTTP/1.1" 304 -
192.168.10.96 - - [22/Sep/2017:13:06:26 -0300] "GET /cormun/servlet/vesolicitudgral?2017,7339,,SolicitudOTAdjuntos HTTP/1.1" 200 11089
186.67.164.142 - - [22/Sep/2017:13:06:26 -0300] "GET /cormun/servlet/trlicencias? HTTP/1.1" 200 13878
186.103.157.98 - - [22/Sep/2017:13:06:27 -0300] "POST /cormun/servlet/permisosadjuntos?69cf3db624c6b681ee862638689e9dc7,INS,15731333,P,20170922130324,, HTTP/1.1" 200 116
192.168.10.96 - - [22/Sep/2017:13:06:27 -0300] "GET /cormun/servlet/vesolicitudgral?2017,7339,,SolicitudOTAdjuntos HTTP/1.1" 200 11086
186.103.157.98 - - [22/Sep/2017:13:06:27 -0300] "GET /cormun/servlet/hpexe_return? HTTP/1.1" 200 1035
186.103.157.98 - - [22/Sep/2017:13:06:27 -0300] "GET /cormun/servlet/trpermisosadjuntos?15731333,20170922130324,P, HTTP/1.1" 200 6754
192.168.10.96 - - [22/Sep/2017:13:06:27 -0300] "POST /cormun/servlet/acontrolpreferencessavestate?None,DZAMUDIO,true HTTP/1.1" 200 35
186.103.157.98 - - [22/Sep/2017:13:06:27 -0300] "GET /cormun/servlet/trpermisosadjuntos?15731333,20170922130324,P, HTTP/1.1" 200 6751
192.168.10.96 - - [22/Sep/2017:13:06:31 -0300] "GET /cormun/servlet/trpermisosgeneralesgoce? HTTP/1.1" 200 11113
192.168.10.96 - - [22/Sep/2017:13:06:31 -0300] "GET /cormun/servlet/trpermisosgeneralesgoce? HTTP/1.1" 200 11097
186.103.157.98 - - [22/Sep/2017:13:06:32 -0300] "GET /cormun/servlet/trpermisosgoce? HTTP/1.1" 200 8430
186.103.157.98 - - [22/Sep/2017:13:06:32 -0300] "GET /cormun/servlet/trpermisosgoce? HTTP/1.1" 200 8429
192.168.10.96 - - [22/Sep/2017:13:06:36 -0300] "POST /cormun/servlet/trpermisosgeneralesgoce?ea4b8487ae195a65ba69b3340bf8e8eb,,gx-no-cache=1506096355133 HTTP/1.1" 200 7973
186.103.157.98 - - [22/Sep/2017:13:06:41 -0300] "GET /cormun/servlet/permisogoce?INS,0,,, HTTP/1.1" 200 6936
186.103.157.98 - - [22/Sep/2017:13:06:42 -0300] "GET /cormun/servlet/permisogoce?INS,0,,, HTTP/1.1" 200 6936
192.168.10.96 - - [22/Sep/2017:13:06:43 -0300] "POST /cormun/servlet/trpermisosgeneralesgoce?ea4b8487ae195a65ba69b3340bf8e8eb,,gx-no-cache=1506096361939 HTTP/1.1" 200 6633
186.103.161.206 - - [22/Sep/2017:13:07:02 -0300] "GET /cormun/servlet/trautorizarpermisogoce? HTTP/1.1" 200 8040
186.103.161.206 - - [22/Sep/2017:13:07:03 -0300] "GET /cormun/servlet/trautorizarpermisogoce? HTTP/1.1" 200 8040
186.103.159.46 - - [22/Sep/2017:13:07:09 -0300] "GET /cormun/servlet/hlogin HTTP/1.1" 200 1722
186.103.159.46 - - [22/Sep/2017:13:07:10 -0300] "GET /cormun/servlet/hlogin HTTP/1.1" 200 1730
200.72.197.82 - - [22/Sep/2017:13:07:17 -0300] "POST /cormun/servlet/trautorizarpermisogoce?36aa04352963454dda72264ff6ddf23d,,gx-no-cache=1506096471317 HTTP/1.1" 200 5024
200.72.197.82 - - [22/Sep/2017:13:07:17 -0300] "GET /cormun/static/Shared/jqueryui/images/ui-bg_highlight-soft_100_c6c2c8_1x100.png HTTP/1.1" 404 1117
200.72.197.82 - - [22/Sep/2017:13:07:17 -0300] "GET /cormun/static/Shared/jqueryui/images/ui-icons_8d78a5_256x240.png HTTP/1.1" 404 1089
186.103.161.206 - - [22/Sep/2017:13:07:18 -0300] "GET /cormun/static/Shared/jqueryui/images/ui-icons_82798d_256x240.png HTTP/1.1" 404 1089
200.72.197.82 - - [22/Sep/2017:13:07:18 -0300] "GET /cormun/static/Shared/jqueryui/images/ui-bg_flat_55_fafafa_40x100.png HTTP/1.1" 404 1097
192.168.10.96 - - [22/Sep/2017:13:07:20 -0300] "GET /cormun/servlet/trpermisosadjuntos?11366364,20170922124838,P, HTTP/1.1" 200 7273
192.168.10.96 - - [22/Sep/2017:13:07:20 -0300] "GET /cormun/static/gxcfg.js?201762817193957 HTTP/1.1" 200 953
192.168.10.96 - - [22/Sep/2017:13:07:20 -0300] "GET /cormun/static/trpermisosadjuntos.js?201762817194366 HTTP/1.1" 200 20158
192.168.10.96 - - [22/Sep/2017:13:07:20 -0300] "GET /cormun/servlet/trpermisosadjuntos?11366364,20170922124838,P, HTTP/1.1" 200 7271
186.103.157.98 - - [22/Sep/2017:13:07:22 -0300] "GET /cormun/servlet/permisogoce?6f25b3bced6ce6bbfa80fa5f58693211a03c4d3c88aa14b581bb3b14cf4babd749b7222417459d9eafd874ae2aca7d8a,gx-no-cache=1506096477341 HTTP/1.1" 200 89
186.103.157.98 - - [22/Sep/2017:13:07:22 -0300] "GET /cormun/static/menuarrow.gif HTTP/1.1" 404 1015
192.168.10.96 - - [22/Sep/2017:13:07:23 -0300] "POST /cormun/servlet/trpermisosadjuntos?ea4b8487ae195a65ba69b3340bf8e8eb,11366364,20170922124838,P,,gx-no-cache=1506096401566 HTTP/1.1" 200 90
192.168.10.96 - - [22/Sep/2017:13:07:23 -0300] "GET /cormun/servlet/hpexe_link HTTP/1.1" 200 987
192.168.10.96 - - [22/Sep/2017:13:07:23 -0300] "GET /cormun/servlet/trpermisosgeneralesgoce? HTTP/1.1" 200 9405
192.168.10.96 - - [22/Sep/2017:13:07:23 -0300] "GET /cormun/servlet/trpermisosgeneralesgoce? HTTP/1.1" 200 9404
192.168.10.96 - - [22/Sep/2017:13:07:27 -0300] "POST /cormun/servlet/trpermisosgeneralesgoce?ea4b8487ae195a65ba69b3340bf8e8eb,,gx-no-cache=1506096405587 HTTP/1.1" 200 8077
186.103.159.46 - - [22/Sep/2017:13:07:28 -0300] "POST /cormun/servlet/hlogin?f0b09a65b5972de09fdfa1a4c21ff0a6,gx-no-cache=1506096481743 HTTP/1.1" 200 90
186.103.159.46 - - [22/Sep/2017:13:07:28 -0300] "GET /cormun/servlet/hpexe_link HTTP/1.1" 200 950
186.103.159.46 - - [22/Sep/2017:13:07:29 -0300] "GET /cormun/servlet/hhome HTTP/1.1" 200 4066
186.103.159.46 - - [22/Sep/2017:13:07:30 -0300] "GET /cormun/static/hhome.js?20175251212450 HTTP/1.1" 304 -
186.103.157.98 - - [22/Sep/2017:13:07:30 -0300] "GET /cormun/servlet/permisogoce?6f25b3bced6ce6bbfa80fa5f586932117971a408b89b69695c5a8c5e26ce4f71f5642142c315324784a00536922f23d1d14b2d808ba199ef4aebe5d44bd66b04,gx-no-cache=1506096485205 HTTP/1.1" 200 48
186.103.159.46 - - [22/Sep/2017:13:07:31 -0300] "GET /cormun/servlet/hhome HTTP/1.1" 200 4064
186.103.159.46 - - [22/Sep/2017:13:07:37 -0300] "GET /cormun/servlet/trlicencias? HTTP/1.1" 200 10820
186.103.157.98 - - [22/Sep/2017:13:07:38 -0300] "POST /cormun/servlet/permisogoce?69cf3db624c6b681ee862638689e9dc7,INS,0,,,,gx-no-cache=1506096492870 HTTP/1.1" 200 93
186.103.157.98 - - [22/Sep/2017:13:07:38 -0300] "GET /cormun/servlet/hpexe_return? HTTP/1.1" 200 1006
186.103.157.98 - - [22/Sep/2017:13:07:39 -0300] "GET /cormun/servlet/trpermisosgoce HTTP/1.1" 200 8623
186.103.159.46 - - [22/Sep/2017:13:07:39 -0300] "GET /cormun/servlet/trlicencias? HTTP/1.1" 200 10817
186.103.157.98 - - [22/Sep/2017:13:07:39 -0300] "GET /cormun/servlet/trpermisosgoce HTTP/1.1" 200 8619
190.151.100.218 - - [22/Sep/2017:13:07:39 -0300] "POST /cormun/servlet/trautorizarpermisogoce?36aa04352963454dda72264ff6ddf23d,,gx-no-cache=1506096492930 HTTP/1.1" 200 4267
192.168.10.96 - - [22/Sep/2017:13:07:42 -0300] "POST /cormun/servlet/trpermisosgeneralesgoce?ea4b8487ae195a65ba69b3340bf8e8eb,,gx-no-cache=1506096421212 HTTP/1.1" 200 8189
186.103.157.98 - - [22/Sep/2017:13:07:46 -0300] "GET /cormun/servlet/permisogoce?INS,0,,, HTTP/1.1" 200 6936
192.168.10.96 - - [22/Sep/2017:13:07:46 -0300] "POST /cormun/servlet/trpermisosgeneralesgoce?ea4b8487ae195a65ba69b3340bf8e8eb,,gx-no-cache=1506096425075 HTTP/1.1" 200 8190
186.103.157.98 - - [22/Sep/2017:13:07:47 -0300] "GET /cormun/servlet/permisogoce?INS,0,,, HTTP/1.1" 200 6937
192.168.10.96 - - [22/Sep/2017:13:07:54 -0300] "GET /cormun/servlet/trpermisosingocecormun? HTTP/1.1" 200 9991
192.168.10.96 - - [22/Sep/2017:13:07:55 -0300] "GET /cormun/static/gxcfg.js?201762722271628 HTTP/1.1" 200 953
192.168.10.96 - - [22/Sep/2017:13:07:55 -0300] "GET /cormun/static/trpermisosingocecormun.js?201762722272163 HTTP/1.1" 200 31017
192.168.10.96 - - [22/Sep/2017:13:07:55 -0300] "GET /cormun/servlet/trpermisosingocecormun? HTTP/1.1" 200 9991
190.151.100.218 - - [22/Sep/2017:13:07:57 -0300] "GET /cormun/servlet/trpermisosgoce HTTP/1.1" 200 10358
190.151.100.218 - - [22/Sep/2017:13:07:58 -0300] "GET /cormun/servlet/trpermisosgoce HTTP/1.1" 200 10322
192.168.10.96 - - [22/Sep/2017:13:08:22 -0300] "GET /cormun/servlet/trsolicitudgral? HTTP/1.1" 200 11440
192.168.10.96 - - [22/Sep/2017:13:08:23 -0300] "GET /cormun/servlet/trsolicitudgral? HTTP/1.1" 200 11440
186.103.157.98 - - [22/Sep/2017:13:08:38 -0300] "GET /cormun/servlet/permisogoce?6f25b3bced6ce6bbfa80fa5f586932117bdabb7729ee419fec4f06cd49cc38000e8ea9a5c6a53a5d88cc1246c6b4ecdde07976c106e73d238c59e31550699b13,gx-no-cache=1506096552423 HTTP/1.1" 200 86
186.103.157.98 - - [22/Sep/2017:13:08:38 -0300] "GET /cormun/static/menuarrow.gif HTTP/1.1" 404 1015
186.103.157.98 - - [22/Sep/2017:13:08:47 -0300] "GET /cormun/servlet/permisogoce?6f25b3bced6ce6bbfa80fa5f58693211f538c3ad4a14fd89b3656f279f1d54378cf98df4832203952f131fd07553d1e44db8268c1384c303eb7bce780a8edefd,gx-no-cache=1506096562583 HTTP/1.1" 200 48
186.103.157.98 - - [22/Sep/2017:13:08:52 -0300] "POST /cormun/servlet/permisogoce?69cf3db624c6b681ee862638689e9dc7,INS,0,,,,gx-no-cache=1506096567039 HTTP/1.1" 200 93
186.103.157.98 - - [22/Sep/2017:13:08:52 -0300] "GET /cormun/servlet/hpexe_return? HTTP/1.1" 200 1006
186.103.157.98 - - [22/Sep/2017:13:08:52 -0300] "GET /cormun/servlet/trpermisosgoce HTTP/1.1" 200 8856
186.103.157.98 - - [22/Sep/2017:13:08:53 -0300] "GET /cormun/servlet/trpermisosgoce HTTP/1.1" 200 8852
186.103.157.98 - - [22/Sep/2017:13:09:14 -0300] "GET /cormun/servlet/trpermisosadjuntos?10926024,20170922130705,P, HTTP/1.1" 200 6236
186.103.157.98 - - [22/Sep/2017:13:09:14 -0300] "GET /cormun/servlet/trpermisosadjuntos?10926024,20170922130705,P, HTTP/1.1" 200 6236
186.103.157.98 - - [22/Sep/2017:13:09:17 -0300] "GET /cormun/servlet/permisosadjuntos?INS,10926024,P,20170922130705,, HTTP/1.1" 200 5748
186.103.157.98 - - [22/Sep/2017:13:09:18 -0300] "GET /cormun/static/about:blank HTTP/1.1" 404 1011
186.103.157.98 - - [22/Sep/2017:13:09:18 -0300] "GET /cormun/servlet/permisosadjuntos?INS,10926024,P,20170922130705,, HTTP/1.1" 200 5737
186.103.157.98 - - [22/Sep/2017:13:09:53 -0300] "POST /cormun/servlet/permisosadjuntos?69cf3db624c6b681ee862638689e9dc7,INS,10926024,P,20170922130705,, HTTP/1.1" 200 116
186.103.157.98 - - [22/Sep/2017:13:09:53 -0300] "GET /cormun/servlet/hpexe_return? HTTP/1.1" 200 1034
186.103.157.98 - - [22/Sep/2017:13:09:53 -0300] "GET /cormun/servlet/trpermisosadjuntos?10926024,20170922130705,P, HTTP/1.1" 200 6794
186.103.157.98 - - [22/Sep/2017:13:09:53 -0300] "GET /cormun/servlet/trpermisosadjuntos?10926024,20170922130705,P, HTTP/1.1" 200 6791
186.103.157.98 - - [22/Sep/2017:13:10:13 -0300] "GET /cormun/servlet/tratrazos? HTTP/1.1" 200 7005
186.103.157.98 - - [22/Sep/2017:13:10:14 -0300] "GET /cormun/servlet/tratrazos? HTTP/1.1" 200 6981
186.103.157.98 - - [22/Sep/2017:13:10:17 -0300] "GET /cormun/servlet/atrazos?INS,0, HTTP/1.1" 200 6895
186.103.157.98 - - [22/Sep/2017:13:10:17 -0300] "GET /cormun/static/gxcfg.js?201752511561750 HTTP/1.1" 200 953
186.103.157.98 - - [22/Sep/2017:13:10:17 -0300] "GET /cormun/static/atrazos.js?201752511561840 HTTP/1.1" 200 25537
186.103.157.98 - - [22/Sep/2017:13:10:17 -0300] "GET /cormun/servlet/atrazos?INS,0, HTTP/1.1" 200 6895
186.103.157.98 - - [22/Sep/2017:13:10:38 -0300] "GET /cormun/servlet/atrazos?586a57e148bae41373f06322b80e49bce9590f559f1be8647832e9e2416f8903b4ab8c645bded5b70189b962be28f10e,gx-no-cache=1506096673217 HTTP/1.1" 200 80
186.103.157.98 - - [22/Sep/2017:13:10:38 -0300] "GET /cormun/static/menuarrow.gif HTTP/1.1" 404 1015
186.103.157.98 - - [22/Sep/2017:13:10:52 -0300] "GET /cormun/servlet/atrazos?586a57e148bae41373f06322b80e49bc5ff9d69148307e09fe8b6c285b070b441838f370fd20f826126d402669f2109e,gx-no-cache=1506096687250 HTTP/1.1" 200 33
186.103.157.98 - - [22/Sep/2017:13:11:07 -0300] "GET /cormun/servlet/atrazos?586a57e148bae41373f06322b80e49bc87e103e60ec3a06875b73da826e26c5dbed0f97b97f7dd93a744d79a76ea3d664954a62a1178133397860a6921e4cde79792dc3c35b0cf617a65e6c3ea38053196022cbdadaaff0ca8d7b1e22f0e2737c1e3b41abadd4406e3fd4e80a2cce131281ca5e943640fa893180a92ffc8682abf6d304eb1f8e940e96f0f5f4d050fa0,gx-no-cache=1506096701485 HTTP/1.1" 200 44
186.103.157.98 - - [22/Sep/2017:13:11:31 -0300] "POST /cormun/servlet/atrazos?69cf3db624c6b681ee862638689e9dc7,INS,0,,gx-no-cache=1506096725495 HTTP/1.1" 200 93
186.103.157.98 - - [22/Sep/2017:13:11:32 -0300] "GET /cormun/servlet/hpexe_return? HTTP/1.1" 200 999
186.103.157.98 - - [22/Sep/2017:13:11:32 -0300] "GET /cormun/servlet/tratrazos HTTP/1.1" 200 7811
186.103.157.98 - - [22/Sep/2017:13:11:33 -0300] "GET /cormun/servlet/tratrazos HTTP/1.1" 200 7807
192.168.10.96 - - [22/Sep/2017:13:12:09 -0300] "GET /cormun/servlet/trsolicitudgral? HTTP/1.1" 200 11440
192.168.10.96 - - [22/Sep/2017:13:12:09 -0300] "GET /cormun/servlet/trsolicitudgral? HTTP/1.1" 200 11440
192.168.10.96 - - [22/Sep/2017:13:12:14 -0300] "POST /cormun/servlet/trsolicitudgral?ea4b8487ae195a65ba69b3340bf8e8eb,,gx-no-cache=1506096693116 HTTP/1.1" 200 5759
192.168.10.96 - - [22/Sep/2017:13:12:19 -0300] "POST /cormun/servlet/trsolicitudgral?ea4b8487ae195a65ba69b3340bf8e8eb,,gx-no-cache=1506096697578 HTTP/1.1" 200 12304
186.103.157.98 - - [22/Sep/2017:13:12:29 -0300] "GET /cormun/servlet/trpermisosgoce? HTTP/1.1" 200 8849
186.103.157.98 - - [22/Sep/2017:13:12:30 -0300] "GET /cormun/servlet/trpermisosgoce? HTTP/1.1" 200 8849
186.103.157.98 - - [22/Sep/2017:13:12:56 -0300] "GET /cormun/servlet/trpermisosadjuntos?15731333,20170922130324,P, HTTP/1.1" 200 6750
186.103.157.98 - - [22/Sep/2017:13:12:56 -0300] "GET /cormun/servlet/trpermisosadjuntos?15731333,20170922130324,P, HTTP/1.1" 200 6751
186.103.157.98 - - [22/Sep/2017:13:13:08 -0300] "GET /cormun/servlet/trpermisosgoce? HTTP/1.1" 200 8850
186.103.157.98 - - [22/Sep/2017:13:13:10 -0300] "GET /cormun/servlet/trpermisosgoce? HTTP/1.1" 200 8852
186.103.157.98 - - [22/Sep/2017:13:13:17 -0300] "GET /cormun/servlet/trpermisosadjuntos?9639700,20170922130600,P, HTTP/1.1" 200 6237
186.103.157.98 - - [22/Sep/2017:13:13:18 -0300] "GET /cormun/servlet/trpermisosadjuntos?9639700,20170922130600,P, HTTP/1.1" 200 6237
186.103.157.98 - - [22/Sep/2017:13:13:20 -0300] "GET /cormun/servlet/permisosadjuntos?INS,9639700,P,20170922130600,, HTTP/1.1" 200 5749
186.103.157.98 - - [22/Sep/2017:13:13:20 -0300] "GET /cormun/static/about:blank HTTP/1.1" 404 1011
186.103.157.98 - - [22/Sep/2017:13:13:20 -0300] "GET /cormun/servlet/permisosadjuntos?INS,9639700,P,20170922130600,, HTTP/1.1" 200 5739
186.103.157.98 - - [22/Sep/2017:13:13:35 -0300] "POST /cormun/servlet/permisosadjuntos?69cf3db624c6b681ee862638689e9dc7,INS,9639700,P,20170922130600,, HTTP/1.1" 200 116
186.103.157.98 - - [22/Sep/2017:13:13:35 -0300] "GET /cormun/servlet/hpexe_return? HTTP/1.1" 200 1033
186.103.157.98 - - [22/Sep/2017:13:13:35 -0300] "GET /cormun/servlet/trpermisosadjuntos?9639700,20170922130600,P, HTTP/1.1" 200 6782
186.103.157.98 - - [22/Sep/2017:13:13:35 -0300] "GET /cormun/servlet/trpermisosadjuntos?9639700,20170922130600,P, HTTP/1.1" 200 6779
186.103.157.98 - - [22/Sep/2017:13:13:44 -0300] "GET /cormun/servlet/permisosadjuntos?INS,9639700,P,20170922130600,, HTTP/1.1" 200 5748
186.103.157.98 - - [22/Sep/2017:13:13:44 -0300] "GET /cormun/servlet/permisosadjuntos?INS,9639700,P,20170922130600,, HTTP/1.1" 200 5738
186.103.157.98 - - [22/Sep/2017:13:14:26 -0300] "GET /cormun/servlet/trpermisosgoce? HTTP/1.1" 200 8859
186.103.157.98 - - [22/Sep/2017:13:14:26 -0300] "GET /cormun/servlet/trpermisosgoce? HTTP/1.1" 200 8851
186.67.84.234 - - [22/Sep/2017:13:14:27 -0300] "GET /cormun/servlet/hlogin HTTP/1.1" 200 1724
186.67.84.234 - - [22/Sep/2017:13:14:28 -0300] "GET /cormun/static/gxcfg.js?20175251213516 HTTP/1.1" 304 -
186.67.84.234 - - [22/Sep/2017:13:14:28 -0300] "GET /cormun/servlet/hlogin HTTP/1.1" 200 1728
186.67.84.234 - - [22/Sep/2017:13:14:33 -0300] "POST /cormun/servlet/hlogin?71f83046cf53f4a060a50f65543db36f,gx-no-cache=1506096896139 HTTP/1.1" 200 90
186.67.84.234 - - [22/Sep/2017:13:14:33 -0300] "GET /cormun/servlet/hpexe_link HTTP/1.1" 200 949
186.67.84.234 - - [22/Sep/2017:13:14:34 -0300] "GET /cormun/static/gxcfg.js?20177612121792 HTTP/1.1" 304 -
186.67.84.234 - - [22/Sep/2017:13:14:34 -0300] "GET /cormun/servlet/hhome HTTP/1.1" 200 4042
190.151.124.170 - - [22/Sep/2017:13:14:34 -0300] "GET /cormun/static/gxcfg.js?20175251212442 HTTP/1.1" 304 -
190.151.124.170 - - [22/Sep/2017:13:14:36 -0300] "GET /cormun/servlet/hhome HTTP/1.1" 200 4039
186.67.84.234 - - [22/Sep/2017:13:14:44 -0300] "GET /cormun/servlet/trcontratounov2? HTTP/1.1" 200 17273
190.151.99.26 - - [22/Sep/2017:13:14:44 -0300] "GET /cormun/static/gxcfg.js?201752512124396 HTTP/1.1" 200 953
186.103.196.90 - - [22/Sep/2017:13:14:45 -0300] "GET /cormun/static/Resources/PXToolsAddSelectedAction.png HTTP/1.1" 200 3660
186.67.84.234 - - [22/Sep/2017:13:14:46 -0300] "GET /cormun/static/trcontratounov2.js?201752512125146 HTTP/1.1" 200 38486
186.67.84.234 - - [22/Sep/2017:13:14:49 -0300] "GET /cormun/servlet/trcontratounov2? HTTP/1.1" 200 17261
190.151.99.26 - - [22/Sep/2017:13:15:13 -0300] "GET /cormun/servlet/trautorizarsolicitud? HTTP/1.1" 200 6961
190.151.124.170 - - [22/Sep/2017:13:15:13 -0300] "GET /cormun/static/Resources/Spanish/PXTools.css?11294912 HTTP/1.1" 304 -
186.103.196.90 - - [22/Sep/2017:13:15:13 -0300] "GET /cormun/static/gxcfg.js?20174261241362 HTTP/1.1" 304 -
190.151.99.26 - - [22/Sep/2017:13:15:16 -0300] "GET /cormun/static/trautorizarsolicitud.js?201742612414370 HTTP/1.1" 304 -
190.151.99.26 - - [22/Sep/2017:13:15:17 -0300] "GET /cormun/servlet/trautorizarsolicitud? HTTP/1.1" 200 6960
186.103.157.98 - - [22/Sep/2017:13:15:26 -0300] "GET /cormun/servlet/trsolicitudot? HTTP/1.1" 200 9962
186.103.157.98 - - [22/Sep/2017:13:15:27 -0300] "GET /cormun/servlet/trsolicitudot? HTTP/1.1" 200 9961
186.103.196.90 - - [22/Sep/2017:13:15:27 -0300] "GET /cormun/servlet/trvisualizadoreventos? HTTP/1.1" 200 6793
190.151.124.170 - - [22/Sep/2017:13:15:27 -0300] "GET /cormun/static/gxcfg.js?20175251251426 HTTP/1.1" 304 -
190.151.124.170 - - [22/Sep/2017:13:15:27 -0300] "GET /cormun/static/trvisualizadoreventos.js?20175251251768 HTTP/1.1" 304 -
186.103.196.90 - - [22/Sep/2017:13:15:28 -0300] "GET /cormun/servlet/trvisualizadoreventos? HTTP/1.1" 200 6793
186.103.157.98 - - [22/Sep/2017:13:15:30 -0300] "GET /cormun/servlet/solicitudot?INS,0,0, HTTP/1.1" 200 12977
