186.103.157.98 - - [22/Sep/2017:09:57:00 -0300] "GET /cormun/static/menuarrow.gif HTTP/1.1" 404 1015
186.79.128.35 - - [22/Sep/2017:09:57:15 -0300] "GET /cormun/servlet/solicitudotadjuntos?61afc91111c9b9ec6065e63ea4d71e35efe48179752f8aba5755ab40ccf4bef7,gx-no-cache=1506085078422 HTTP/1.1" 200 30
186.79.128.35 - - [22/Sep/2017:09:57:15 -0300] "GET /cormun/servlet/solicitudotadjuntos?61afc91111c9b9ec6065e63ea4d71e35efe48179752f8aba5755ab40ccf4bef7,gx-no-cache=1506085078596 HTTP/1.1" 200 30
200.120.230.130 - - [22/Sep/2017:09:57:22 -0300] "POST /cormun/servlet/permisosadjuntos?d7f24e44a17b3b9c2e4ee319a79640d0,INS,12572811,P,20170921100223,, HTTP/1.1" 200 116
200.120.230.130 - - [22/Sep/2017:09:57:22 -0300] "GET /cormun/servlet/hpexe_return? HTTP/1.1" 200 1031
200.120.230.130 - - [22/Sep/2017:09:57:22 -0300] "GET /cormun/servlet/trpermisosadjuntos?12572811,20170921100223,P, HTTP/1.1" 200 6665
200.120.230.130 - - [22/Sep/2017:09:57:23 -0300] "GET /cormun/servlet/trpermisosadjuntos?12572811,20170921100223,P, HTTP/1.1" 200 6661
200.120.230.130 - - [22/Sep/2017:09:57:24 -0300] "GET /cormun/PublicTempStorage/20170922_095241_evelyn_447354200.jpg HTTP/1.1" 200 839526
186.79.128.35 - - [22/Sep/2017:09:57:27 -0300] "POST /cormun/servlet/solicitudotadjuntos?801b2ccd861115f8dd92e1407fd93a61,INS,2017,7427,,2, HTTP/1.1" 200 116
186.79.128.35 - - [22/Sep/2017:09:57:27 -0300] "GET /cormun/servlet/hpexe_return? HTTP/1.1" 200 1020
186.79.128.35 - - [22/Sep/2017:09:57:28 -0300] "GET /cormun/servlet/trsolicitudadjuntos?2017,7427, HTTP/1.1" 200 8471
200.120.230.130 - - [22/Sep/2017:09:57:28 -0300] "GET /cormun/servlet/trpermisosgoce? HTTP/1.1" 200 9817
200.120.230.130 - - [22/Sep/2017:09:57:29 -0300] "GET /cormun/servlet/trpermisosgoce? HTTP/1.1" 200 9816
186.79.128.35 - - [22/Sep/2017:09:57:30 -0300] "GET /cormun/servlet/trsolicitudadjuntos?2017,7427, HTTP/1.1" 200 8465
186.103.157.98 - - [22/Sep/2017:09:57:32 -0300] "GET /cormun/servlet/solicitudot?6adaf69bf480e650ac25ce7ca5b80673994bd10ba2eb31116a3a9662b985da5a97de6f383ee648c5b92dddafd8adca33,gx-no-cache=1506085086795 HTTP/1.1" 200 30
186.79.128.35 - - [22/Sep/2017:09:57:32 -0300] "GET /cormun/servlet/solicitudotadjuntos?INS,2017,7427,,1, HTTP/1.1" 200 6146
186.79.128.35 - - [22/Sep/2017:09:57:32 -0300] "GET /cormun/static/about:blank HTTP/1.1" 404 1011
186.103.157.98 - - [22/Sep/2017:09:57:33 -0300] "POST /cormun/servlet/solicitudot?gx-no-cache=1506085086904 HTTP/1.1" 200 33
186.79.128.35 - - [22/Sep/2017:09:57:33 -0300] "GET /cormun/servlet/solicitudotadjuntos?INS,2017,7427,,1, HTTP/1.1" 200 6140
186.79.128.35 - - [22/Sep/2017:09:57:34 -0300] "GET /cormun/servlet/solicitudotadjuntos?61afc91111c9b9ec6065e63ea4d71e35e85f4c0bafdbac0468cd05d518df32e381b91e3a4bbb028767fa0604211db0ba,gx-no-cache=1506085097025 HTTP/1.1" 200 30
186.79.128.35 - - [22/Sep/2017:09:57:34 -0300] "POST /cormun/servlet/solicitudotadjuntos?801b2ccd861115f8dd92e1407fd93a61,INS,2017,7427,,1,,gx-no-cache=1506085097164 HTTP/1.1" 200 3910
186.103.157.98 - - [22/Sep/2017:09:57:34 -0300] "POST /cormun/servlet/solicitudot?34c2a2a2bfe1e81ec8e24238ff55bd17,INS,0,0,,gx-no-cache=1506085087964 HTTP/1.1" 200 93
186.103.157.98 - - [22/Sep/2017:09:57:34 -0300] "GET /cormun/servlet/hpexe_return? HTTP/1.1" 200 1013
186.103.157.98 - - [22/Sep/2017:09:57:35 -0300] "GET /cormun/servlet/trsolicitudot HTTP/1.1" 200 9983
186.103.157.98 - - [22/Sep/2017:09:57:36 -0300] "GET /cormun/servlet/trsolicitudot HTTP/1.1" 200 9979
186.79.128.35 - - [22/Sep/2017:09:57:36 -0300] "POST /cormun/servlet/solicitudotadjuntos?gx-no-cache=1506085099546 HTTP/1.1" 200 26
186.103.157.98 - - [22/Sep/2017:09:57:40 -0300] "POST /cormun/servlet/trsolicitudot?34c2a2a2bfe1e81ec8e24238ff55bd17,gx-no-cache=1506085095013 HTTP/1.1" 200 7102
186.103.157.98 - - [22/Sep/2017:09:57:40 -0300] "GET /cormun/static/Shared/jqueryui/images/ui-bg_highlight-soft_100_c6c2c8_1x100.png HTTP/1.1" 404 1117
186.103.157.98 - - [22/Sep/2017:09:57:40 -0300] "GET /cormun/static/Shared/jqueryui/images/ui-icons_82798d_256x240.png HTTP/1.1" 404 1089
186.103.157.98 - - [22/Sep/2017:09:57:40 -0300] "GET /cormun/static/Shared/jqueryui/images/ui-bg_flat_55_fafafa_40x100.png HTTP/1.1" 404 1097
186.103.157.98 - - [22/Sep/2017:09:57:41 -0300] "GET /cormun/static/Shared/jqueryui/images/ui-icons_8d78a5_256x240.png HTTP/1.1" 404 1089
186.79.128.35 - - [22/Sep/2017:09:57:42 -0300] "GET /cormun/servlet/solicitudotadjuntos?61afc91111c9b9ec6065e63ea4d71e35efe48179752f8aba5755ab40ccf4bef7,gx-no-cache=1506085105718 HTTP/1.1" 200 30
186.79.128.35 - - [22/Sep/2017:09:57:42 -0300] "GET /cormun/servlet/solicitudotadjuntos?61afc91111c9b9ec6065e63ea4d71e35efe48179752f8aba5755ab40ccf4bef7,gx-no-cache=1506085105820 HTTP/1.1" 200 30
186.103.157.98 - - [22/Sep/2017:09:57:43 -0300] "POST /cormun/servlet/trsolicitudot?34c2a2a2bfe1e81ec8e24238ff55bd17,gx-no-cache=1506085095547 HTTP/1.1" 200 7045
200.120.230.130 - - [22/Sep/2017:09:57:49 -0300] "POST /cormun/servlet/trpermisosgoce?d7f24e44a17b3b9c2e4ee319a79640d0,,gx-no-cache=1506086075453 HTTP/1.1" 200 6987
200.120.230.130 - - [22/Sep/2017:09:57:49 -0300] "GET /cormun/static/Shared/jqueryui/images/ui-bg_highlight-soft_100_c6c2c8_1x100.png HTTP/1.1" 404 1117
200.120.230.130 - - [22/Sep/2017:09:57:49 -0300] "GET /cormun/static/Shared/jqueryui/images/ui-bg_flat_55_fafafa_40x100.png HTTP/1.1" 404 1097
200.120.230.130 - - [22/Sep/2017:09:57:49 -0300] "GET /cormun/static/Shared/jqueryui/images/ui-icons_82798d_256x240.png HTTP/1.1" 404 1089
200.120.230.130 - - [22/Sep/2017:09:57:49 -0300] "GET /cormun/static/Shared/jqueryui/images/ui-icons_8d78a5_256x240.png HTTP/1.1" 404 1089
186.103.157.98 - - [22/Sep/2017:09:57:51 -0300] "GET /cormun/servlet/trautorizarsolicitud? HTTP/1.1" 200 8850
186.103.157.98 - - [22/Sep/2017:09:57:51 -0300] "GET /cormun/servlet/trautorizarsolicitud? HTTP/1.1" 200 8850
186.103.157.98 - - [22/Sep/2017:09:57:59 -0300] "POST /cormun/servlet/trautorizarsolicitud?34c2a2a2bfe1e81ec8e24238ff55bd17,,gx-no-cache=1506085112823 HTTP/1.1" 200 5569
186.103.157.98 - - [22/Sep/2017:09:57:59 -0300] "GET /cormun/static/Shared/jqueryui/images/ui-icons_82798d_256x240.png HTTP/1.1" 404 1089
186.103.157.98 - - [22/Sep/2017:09:57:59 -0300] "GET /cormun/static/Shared/jqueryui/images/ui-bg_highlight-soft_100_c6c2c8_1x100.png HTTP/1.1" 404 1117
186.103.157.98 - - [22/Sep/2017:09:57:59 -0300] "GET /cormun/static/Shared/jqueryui/images/ui-bg_flat_55_fafafa_40x100.png HTTP/1.1" 404 1097
186.103.157.98 - - [22/Sep/2017:09:57:59 -0300] "GET /cormun/static/Shared/jqueryui/images/ui-icons_8d78a5_256x240.png HTTP/1.1" 404 1089
186.103.157.98 - - [22/Sep/2017:09:58:00 -0300] "POST /cormun/servlet/trautorizarsolicitud?34c2a2a2bfe1e81ec8e24238ff55bd17,,gx-no-cache=1506085113981 HTTP/1.1" 200 5514
186.103.157.98 - - [22/Sep/2017:09:58:04 -0300] "POST /cormun/servlet/trautorizarsolicitud?34c2a2a2bfe1e81ec8e24238ff55bd17,,gx-no-cache=1506085116576 HTTP/1.1" 200 4425
186.103.157.98 - - [22/Sep/2017:09:58:05 -0300] "POST /cormun/servlet/trautorizarsolicitud?34c2a2a2bfe1e81ec8e24238ff55bd17,,gx-no-cache=1506085119445 HTTP/1.1" 200 4173
186.79.128.35 - - [22/Sep/2017:09:58:06 -0300] "POST /cormun/servlet/solicitudotadjuntos?801b2ccd861115f8dd92e1407fd93a61,INS,2017,7427,,1, HTTP/1.1" 200 116
186.79.128.35 - - [22/Sep/2017:09:58:07 -0300] "GET /cormun/servlet/hpexe_return? HTTP/1.1" 200 1020
186.79.128.35 - - [22/Sep/2017:09:58:08 -0300] "GET /cormun/servlet/trsolicitudadjuntos?2017,7427, HTTP/1.1" 200 8685
186.103.157.98 - - [22/Sep/2017:09:58:09 -0300] "GET /cormun/servlet/trsolicitudot? HTTP/1.1" 200 9969
186.79.128.35 - - [22/Sep/2017:09:58:09 -0300] "GET /cormun/servlet/trsolicitudadjuntos?2017,7427, HTTP/1.1" 200 8682
186.103.157.98 - - [22/Sep/2017:09:58:09 -0300] "GET /cormun/servlet/trsolicitudot? HTTP/1.1" 200 9969
186.79.128.35 - - [22/Sep/2017:09:58:15 -0300] "GET /cormun/servlet/solicitudotadjuntos?DLT,2017,7427,CERTIF1,0, HTTP/1.1" 200 6106
186.79.128.35 - - [22/Sep/2017:09:58:16 -0300] "GET /cormun/static/Shared/jqueryui/images/ui-bg_highlight-soft_100_c6c2c8_1x100.png HTTP/1.1" 404 1117
186.79.128.35 - - [22/Sep/2017:09:58:16 -0300] "GET /cormun/static/Shared/jqueryui/images/ui-icons_82798d_256x240.png HTTP/1.1" 404 1089
186.79.128.35 - - [22/Sep/2017:09:58:16 -0300] "GET /cormun/static/Shared/jqueryui/images/ui-bg_flat_55_fafafa_40x100.png HTTP/1.1" 404 1097
186.79.128.35 - - [22/Sep/2017:09:58:17 -0300] "GET /cormun/servlet/solicitudotadjuntos?DLT,2017,7427,CERTIF1,0, HTTP/1.1" 200 6100
186.79.128.35 - - [22/Sep/2017:09:58:18 -0300] "GET /cormun/static/Shared/jqueryui/images/ui-icons_8d78a5_256x240.png HTTP/1.1" 404 1089
186.79.128.35 - - [22/Sep/2017:09:58:18 -0300] "GET /cormun/PublicTempStorage/titulo7902460.pdf HTTP/1.1" 200 139264
186.79.128.35 - - [22/Sep/2017:09:58:24 -0300] "GET /cormun/PublicTempStorage/titulo7902460.pdf HTTP/1.1" 206 399654
186.79.128.35 - - [22/Sep/2017:09:58:27 -0300] "POST /cormun/servlet/solicitudotadjuntos?801b2ccd861115f8dd92e1407fd93a61,DLT,2017,7427,CERTIF1,0,,gx-no-cache=1506085149486 HTTP/1.1" 200 93
186.79.128.35 - - [22/Sep/2017:09:58:28 -0300] "GET /cormun/servlet/hpexe_return? HTTP/1.1" 200 1026
186.79.128.35 - - [22/Sep/2017:09:58:28 -0300] "GET /cormun/servlet/trsolicitudadjuntos?2017,7427, HTTP/1.1" 200 8685
186.79.128.35 - - [22/Sep/2017:09:58:31 -0300] "GET /cormun/servlet/trsolicitudadjuntos?2017,7427, HTTP/1.1" 200 8683
186.79.128.35 - - [22/Sep/2017:09:58:37 -0300] "POST /cormun/servlet/trsolicitudadjuntos?801b2ccd861115f8dd92e1407fd93a61,2017,7427,,gx-no-cache=1506085157373 HTTP/1.1" 200 90
186.79.128.35 - - [22/Sep/2017:09:58:38 -0300] "GET /cormun/servlet/hpexe_link HTTP/1.1" 200 983
186.79.128.35 - - [22/Sep/2017:09:58:39 -0300] "GET /cormun/servlet/trsolicitudot?gx-no-cache=1506085032208 HTTP/1.1" 200 15395
186.79.128.35 - - [22/Sep/2017:09:58:42 -0300] "GET /cormun/servlet/trsolicitudot?gx-no-cache=1506085032208 HTTP/1.1" 200 15415
186.79.128.35 - - [22/Sep/2017:09:58:49 -0300] "POST /cormun/servlet/trsolicitudot?801b2ccd861115f8dd92e1407fd93a61,gx-no-cache=1506085032208,gx-no-cache=1506085167537 HTTP/1.1" 200 106
186.79.128.35 - - [22/Sep/2017:09:58:53 -0300] "GET /cormun/servlet/trsolicitudadjuntos?2017,7427, HTTP/1.1" 200 8701
186.79.128.35 - - [22/Sep/2017:09:58:55 -0300] "GET /cormun/servlet/trsolicitudadjuntos?2017,7427, HTTP/1.1" 200 8681
186.79.128.35 - - [22/Sep/2017:09:58:58 -0300] "GET /cormun/servlet/solicitudotadjuntos?INS,2017,7427,,1, HTTP/1.1" 200 6145
186.79.128.35 - - [22/Sep/2017:09:59:00 -0300] "GET /cormun/static/about:blank HTTP/1.1" 404 1011
186.79.128.35 - - [22/Sep/2017:09:59:02 -0300] "GET /cormun/servlet/solicitudotadjuntos?INS,2017,7427,,1, HTTP/1.1" 200 6139
186.79.128.35 - - [22/Sep/2017:09:59:02 -0300] "GET /cormun/servlet/solicitudotadjuntos?61afc91111c9b9ec6065e63ea4d71e35e85f4c0bafdbac0468cd05d518df32e381b91e3a4bbb028767fa0604211db0ba,gx-no-cache=1506085185636 HTTP/1.1" 200 30
186.79.128.35 - - [22/Sep/2017:09:59:10 -0300] "POST /cormun/servlet/solicitudotadjuntos?801b2ccd861115f8dd92e1407fd93a61,INS,2017,7427,,1,,gx-no-cache=1506085186083 HTTP/1.1" 200 3909
186.79.128.35 - - [22/Sep/2017:09:59:15 -0300] "POST /cormun/servlet/solicitudotadjuntos?gx-no-cache=1506085198172 HTTP/1.1" 200 26
186.79.128.35 - - [22/Sep/2017:09:59:22 -0300] "GET /cormun/servlet/solicitudotadjuntos?61afc91111c9b9ec6065e63ea4d71e35efe48179752f8aba5755ab40ccf4bef7,gx-no-cache=1506085205477 HTTP/1.1" 200 30
186.79.128.35 - - [22/Sep/2017:09:59:22 -0300] "GET /cormun/servlet/solicitudotadjuntos?61afc91111c9b9ec6065e63ea4d71e35efe48179752f8aba5755ab40ccf4bef7,gx-no-cache=1506085205642 HTTP/1.1" 200 30
186.79.128.35 - - [22/Sep/2017:09:59:34 -0300] "POST /cormun/servlet/solicitudotadjuntos?801b2ccd861115f8dd92e1407fd93a61,INS,2017,7427,,1, HTTP/1.1" 200 116
186.79.128.35 - - [22/Sep/2017:09:59:35 -0300] "GET /cormun/servlet/hpexe_return? HTTP/1.1" 200 1020
186.79.128.35 - - [22/Sep/2017:09:59:35 -0300] "GET /cormun/servlet/trsolicitudadjuntos?2017,7427, HTTP/1.1" 200 8855
186.79.128.35 - - [22/Sep/2017:09:59:36 -0300] "GET /cormun/servlet/trsolicitudadjuntos?2017,7427, HTTP/1.1" 200 8853
186.79.128.35 - - [22/Sep/2017:09:59:50 -0300] "GET /cormun/servlet/solicitudotadjuntos?DLT,2017,7427,CERTIF1,0, HTTP/1.1" 200 6107
186.79.128.35 - - [22/Sep/2017:09:59:51 -0300] "GET /cormun/static/Shared/jqueryui/images/ui-bg_highlight-soft_100_c6c2c8_1x100.png HTTP/1.1" 404 1117
186.79.128.35 - - [22/Sep/2017:09:59:51 -0300] "GET /cormun/static/Shared/jqueryui/images/ui-icons_82798d_256x240.png HTTP/1.1" 404 1089
186.79.128.35 - - [22/Sep/2017:09:59:51 -0300] "GET /cormun/static/Shared/jqueryui/images/ui-bg_flat_55_fafafa_40x100.png HTTP/1.1" 404 1097
186.79.128.35 - - [22/Sep/2017:09:59:51 -0300] "GET /cormun/static/Shared/jqueryui/images/ui-icons_8d78a5_256x240.png HTTP/1.1" 404 1089
186.79.128.35 - - [22/Sep/2017:09:59:51 -0300] "GET /cormun/servlet/solicitudotadjuntos?DLT,2017,7427,CERTIF1,0, HTTP/1.1" 200 6100
186.79.128.35 - - [22/Sep/2017:09:59:52 -0300] "GET /cormun/PublicTempStorage/titulo1697864.pdf HTTP/1.1" 200 502816
186.79.128.35 - - [22/Sep/2017:09:59:58 -0300] "POST /cormun/servlet/solicitudotadjuntos?801b2ccd861115f8dd92e1407fd93a61,DLT,2017,7427,CERTIF1,0,,gx-no-cache=1506085241229 HTTP/1.1" 200 93
186.79.128.35 - - [22/Sep/2017:09:59:59 -0300] "GET /cormun/servlet/hpexe_return? HTTP/1.1" 200 1026
186.79.128.35 - - [22/Sep/2017:09:59:59 -0300] "GET /cormun/servlet/trsolicitudadjuntos?2017,7427, HTTP/1.1" 200 8683
186.79.128.35 - - [22/Sep/2017:10:00:00 -0300] "GET /cormun/servlet/trsolicitudadjuntos?2017,7427, HTTP/1.1" 200 8680
186.79.128.35 - - [22/Sep/2017:10:00:04 -0300] "GET /cormun/servlet/solicitudotadjuntos?INS,2017,7427,,1, HTTP/1.1" 200 6146
186.79.128.35 - - [22/Sep/2017:10:00:04 -0300] "GET /cormun/static/about:blank HTTP/1.1" 404 1011
186.79.128.35 - - [22/Sep/2017:10:00:04 -0300] "GET /cormun/servlet/solicitudotadjuntos?INS,2017,7427,,1, HTTP/1.1" 200 6140
186.79.128.35 - - [22/Sep/2017:10:00:05 -0300] "GET /cormun/servlet/solicitudotadjuntos?61afc91111c9b9ec6065e63ea4d71e35e85f4c0bafdbac0468cd05d518df32e381b91e3a4bbb028767fa0604211db0ba,gx-no-cache=1506085248500 HTTP/1.1" 200 30
186.79.128.35 - - [22/Sep/2017:10:00:06 -0300] "POST /cormun/servlet/solicitudotadjuntos?801b2ccd861115f8dd92e1407fd93a61,INS,2017,7427,,1,,gx-no-cache=1506085248616 HTTP/1.1" 200 3910
186.79.128.35 - - [22/Sep/2017:10:00:10 -0300] "POST /cormun/servlet/solicitudotadjuntos?gx-no-cache=1506085253133 HTTP/1.1" 200 26
186.79.128.35 - - [22/Sep/2017:10:00:16 -0300] "GET /cormun/servlet/solicitudotadjuntos?61afc91111c9b9ec6065e63ea4d71e35efe48179752f8aba5755ab40ccf4bef7,gx-no-cache=1506085259550 HTTP/1.1" 200 30
186.79.128.35 - - [22/Sep/2017:10:00:16 -0300] "GET /cormun/servlet/solicitudotadjuntos?61afc91111c9b9ec6065e63ea4d71e35efe48179752f8aba5755ab40ccf4bef7,gx-no-cache=1506085259639 HTTP/1.1" 200 30
186.79.128.35 - - [22/Sep/2017:10:00:23 -0300] "POST /cormun/servlet/solicitudotadjuntos?801b2ccd861115f8dd92e1407fd93a61,INS,2017,7427,,1, HTTP/1.1" 200 116
186.79.128.35 - - [22/Sep/2017:10:00:23 -0300] "GET /cormun/servlet/hpexe_return? HTTP/1.1" 200 1020
186.79.128.35 - - [22/Sep/2017:10:00:23 -0300] "GET /cormun/servlet/trsolicitudadjuntos?2017,7427, HTTP/1.1" 200 8850
186.79.128.35 - - [22/Sep/2017:10:00:24 -0300] "GET /cormun/servlet/trsolicitudadjuntos?2017,7427, HTTP/1.1" 200 8849
186.79.128.35 - - [22/Sep/2017:10:00:26 -0300] "GET /cormun/servlet/solicitudotadjuntos?INS,2017,7427,,1, HTTP/1.1" 200 6146
186.79.128.35 - - [22/Sep/2017:10:00:27 -0300] "GET /cormun/static/about:blank HTTP/1.1" 404 1011
186.79.128.35 - - [22/Sep/2017:10:00:27 -0300] "GET /cormun/servlet/solicitudotadjuntos?INS,2017,7427,,1, HTTP/1.1" 200 6140
186.79.128.35 - - [22/Sep/2017:10:00:28 -0300] "GET /cormun/servlet/solicitudotadjuntos?61afc91111c9b9ec6065e63ea4d71e35e85f4c0bafdbac0468cd05d518df32e381b91e3a4bbb028767fa0604211db0ba,gx-no-cache=1506085271194 HTTP/1.1" 200 30
186.79.128.35 - - [22/Sep/2017:10:00:28 -0300] "POST /cormun/servlet/solicitudotadjuntos?801b2ccd861115f8dd92e1407fd93a61,INS,2017,7427,,1,,gx-no-cache=1506085271334 HTTP/1.1" 200 3910
186.79.128.35 - - [22/Sep/2017:10:00:31 -0300] "POST /cormun/servlet/solicitudotadjuntos?gx-no-cache=1506085274907 HTTP/1.1" 200 26
186.79.128.35 - - [22/Sep/2017:10:00:37 -0300] "GET /cormun/servlet/solicitudotadjuntos?61afc91111c9b9ec6065e63ea4d71e35efe48179752f8aba5755ab40ccf4bef7,gx-no-cache=1506085280029 HTTP/1.1" 200 30
186.79.128.35 - - [22/Sep/2017:10:00:37 -0300] "GET /cormun/servlet/solicitudotadjuntos?61afc91111c9b9ec6065e63ea4d71e35efe48179752f8aba5755ab40ccf4bef7,gx-no-cache=1506085280119 HTTP/1.1" 200 30
186.79.128.35 - - [22/Sep/2017:10:00:45 -0300] "POST /cormun/servlet/solicitudotadjuntos?801b2ccd861115f8dd92e1407fd93a61,INS,2017,7427,,1, HTTP/1.1" 200 116
186.79.128.35 - - [22/Sep/2017:10:00:45 -0300] "GET /cormun/servlet/hpexe_return? HTTP/1.1" 200 1020
186.79.128.35 - - [22/Sep/2017:10:00:46 -0300] "GET /cormun/servlet/trsolicitudadjuntos?2017,7427, HTTP/1.1" 200 9028
186.79.128.35 - - [22/Sep/2017:10:00:47 -0300] "GET /cormun/servlet/trsolicitudadjuntos?2017,7427, HTTP/1.1" 200 9028
186.79.128.35 - - [22/Sep/2017:10:00:49 -0300] "GET /cormun/servlet/solicitudotadjuntos?INS,2017,7427,,1, HTTP/1.1" 200 6148
186.79.128.35 - - [22/Sep/2017:10:00:50 -0300] "GET /cormun/static/about:blank HTTP/1.1" 404 1011
186.79.128.35 - - [22/Sep/2017:10:00:50 -0300] "GET /cormun/servlet/solicitudotadjuntos?INS,2017,7427,,1, HTTP/1.1" 200 6141
186.79.128.35 - - [22/Sep/2017:10:00:51 -0300] "GET /cormun/servlet/solicitudotadjuntos?61afc91111c9b9ec6065e63ea4d71e35e85f4c0bafdbac0468cd05d518df32e381b91e3a4bbb028767fa0604211db0ba,gx-no-cache=1506085294046 HTTP/1.1" 200 30
186.79.128.35 - - [22/Sep/2017:10:00:51 -0300] "POST /cormun/servlet/solicitudotadjuntos?801b2ccd861115f8dd92e1407fd93a61,INS,2017,7427,,1,,gx-no-cache=1506085294151 HTTP/1.1" 200 3906
186.79.128.35 - - [22/Sep/2017:10:00:54 -0300] "POST /cormun/servlet/solicitudotadjuntos?gx-no-cache=1506085297611 HTTP/1.1" 200 26
186.79.128.35 - - [22/Sep/2017:10:01:01 -0300] "GET /cormun/servlet/solicitudotadjuntos?61afc91111c9b9ec6065e63ea4d71e35efe48179752f8aba5755ab40ccf4bef7,gx-no-cache=1506085304501 HTTP/1.1" 200 30
186.79.128.35 - - [22/Sep/2017:10:01:01 -0300] "GET /cormun/servlet/solicitudotadjuntos?61afc91111c9b9ec6065e63ea4d71e35efe48179752f8aba5755ab40ccf4bef7,gx-no-cache=1506085304869 HTTP/1.1" 200 30
186.79.128.35 - - [22/Sep/2017:10:01:08 -0300] "POST /cormun/servlet/solicitudotadjuntos?801b2ccd861115f8dd92e1407fd93a61,INS,2017,7427,,1, HTTP/1.1" 200 116
186.79.128.35 - - [22/Sep/2017:10:01:08 -0300] "GET /cormun/servlet/hpexe_return? HTTP/1.1" 200 1020
186.79.128.35 - - [22/Sep/2017:10:01:08 -0300] "GET /cormun/servlet/trsolicitudadjuntos?2017,7427, HTTP/1.1" 200 9234
186.79.128.35 - - [22/Sep/2017:10:01:09 -0300] "GET /cormun/servlet/trsolicitudadjuntos?2017,7427, HTTP/1.1" 200 9233
186.79.128.35 - - [22/Sep/2017:10:01:12 -0300] "GET /cormun/servlet/solicitudotadjuntos?INS,2017,7427,,1, HTTP/1.1" 200 6148
186.79.128.35 - - [22/Sep/2017:10:01:13 -0300] "GET /cormun/static/about:blank HTTP/1.1" 404 1011
186.79.128.35 - - [22/Sep/2017:10:01:13 -0300] "GET /cormun/servlet/solicitudotadjuntos?INS,2017,7427,,1, HTTP/1.1" 200 6141
186.79.128.35 - - [22/Sep/2017:10:01:13 -0300] "GET /cormun/servlet/solicitudotadjuntos?61afc91111c9b9ec6065e63ea4d71e35e85f4c0bafdbac0468cd05d518df32e381b91e3a4bbb028767fa0604211db0ba,gx-no-cache=1506085316921 HTTP/1.1" 200 30
186.79.128.35 - - [22/Sep/2017:10:01:14 -0300] "POST /cormun/servlet/solicitudotadjuntos?801b2ccd861115f8dd92e1407fd93a61,INS,2017,7427,,1,,gx-no-cache=1506085317029 HTTP/1.1" 200 3906
192.168.10.96 - - [22/Sep/2017:10:01:20 -0300] "GET /cormun/servlet/trsolicitudgral? HTTP/1.1" 200 10340
186.79.128.35 - - [22/Sep/2017:10:01:20 -0300] "POST /cormun/servlet/solicitudotadjuntos?gx-no-cache=1506085323987 HTTP/1.1" 200 26
192.168.10.96 - - [22/Sep/2017:10:01:21 -0300] "GET /cormun/servlet/trsolicitudgral? HTTP/1.1" 200 10329
192.168.10.96 - - [22/Sep/2017:10:01:26 -0300] "POST /cormun/servlet/trsolicitudgral?c0535ea5ed2155dab028d83db4120311,,gx-no-cache=1506085244723 HTTP/1.1" 200 7143
186.79.128.35 - - [22/Sep/2017:10:01:26 -0300] "GET /cormun/servlet/solicitudotadjuntos?61afc91111c9b9ec6065e63ea4d71e35efe48179752f8aba5755ab40ccf4bef7,gx-no-cache=1506085329325 HTTP/1.1" 200 30
186.79.128.35 - - [22/Sep/2017:10:01:26 -0300] "GET /cormun/servlet/solicitudotadjuntos?61afc91111c9b9ec6065e63ea4d71e35efe48179752f8aba5755ab40ccf4bef7,gx-no-cache=1506085329392 HTTP/1.1" 200 30
192.168.10.96 - - [22/Sep/2017:10:01:28 -0300] "GET /cormun/servlet/vesolicitudgral?2017,7273,, HTTP/1.1" 200 8888
192.168.10.96 - - [22/Sep/2017:10:01:28 -0300] "GET /cormun/pexe_scrolldiv.js HTTP/1.1" 404 1009
192.168.10.96 - - [22/Sep/2017:10:01:28 -0300] "GET /cormun/pexe_scrolldiv.js HTTP/1.1" 404 1009
192.168.10.96 - - [22/Sep/2017:10:01:29 -0300] "GET /cormun/servlet/vesolicitudgral?2017,7273,, HTTP/1.1" 200 8887
192.168.10.96 - - [22/Sep/2017:10:01:31 -0300] "GET /cormun/servlet/vesolicitudgral?2017,7273,,SolicitudOTAdjuntos HTTP/1.1" 200 10857
192.168.10.96 - - [22/Sep/2017:10:01:31 -0300] "GET /cormun/pexe_scrolldiv.js HTTP/1.1" 404 1009
192.168.10.96 - - [22/Sep/2017:10:01:31 -0300] "GET /cormun/pexe_scrolldiv.js HTTP/1.1" 404 1009
192.168.10.96 - - [22/Sep/2017:10:01:31 -0300] "GET /cormun/servlet/vesolicitudgral?2017,7273,,SolicitudOTAdjuntos HTTP/1.1" 200 10860
192.168.10.96 - - [22/Sep/2017:10:01:32 -0300] "POST /cormun/servlet/acontrolpreferencessavestate?None,DZAMUDIO,true HTTP/1.1" 200 35
192.168.10.96 - - [22/Sep/2017:10:01:32 -0300] "GET /cormun/PublicTempStorage/carneto_gonzalo5114406.jpeg HTTP/1.1" 200 506360
186.79.128.35 - - [22/Sep/2017:10:01:35 -0300] "POST /cormun/servlet/solicitudotadjuntos?801b2ccd861115f8dd92e1407fd93a61,INS,2017,7427,,1, HTTP/1.1" 200 116
186.79.128.35 - - [22/Sep/2017:10:01:35 -0300] "GET /cormun/servlet/hpexe_return? HTTP/1.1" 200 1020
186.79.128.35 - - [22/Sep/2017:10:01:36 -0300] "GET /cormun/servlet/trsolicitudadjuntos?2017,7427, HTTP/1.1" 200 9441
186.79.128.35 - - [22/Sep/2017:10:01:37 -0300] "GET /cormun/servlet/trsolicitudadjuntos?2017,7427, HTTP/1.1" 200 9436
192.168.10.96 - - [22/Sep/2017:10:01:40 -0300] "GET /cormun/servlet/vesolicitudgral?2017,7273,,SolicitudOTAdjuntos HTTP/1.1" 200 10859
192.168.10.96 - - [22/Sep/2017:10:01:41 -0300] "GET /cormun/servlet/vesolicitudgral?2017,7273,,SolicitudOTAdjuntos HTTP/1.1" 200 10859
192.168.10.96 - - [22/Sep/2017:10:01:42 -0300] "POST /cormun/servlet/acontrolpreferencessavestate?None,DZAMUDIO,true HTTP/1.1" 200 35
192.168.10.96 - - [22/Sep/2017:10:01:42 -0300] "GET /cormun/PublicTempStorage/licencia_media_gonzalo9669975.jpeg HTTP/1.1" 200 1104581
186.79.128.35 - - [22/Sep/2017:10:01:43 -0300] "POST /cormun/servlet/trsolicitudadjuntos?801b2ccd861115f8dd92e1407fd93a61,2017,7427,,gx-no-cache=1506085346517 HTTP/1.1" 200 90
186.79.128.35 - - [22/Sep/2017:10:01:43 -0300] "GET /cormun/servlet/hpexe_link HTTP/1.1" 200 983
186.79.128.35 - - [22/Sep/2017:10:01:44 -0300] "GET /cormun/servlet/trsolicitudot?gx-no-cache=1506085032208 HTTP/1.1" 200 15395
186.79.128.35 - - [22/Sep/2017:10:01:45 -0300] "GET /cormun/servlet/trsolicitudot?gx-no-cache=1506085032208 HTTP/1.1" 200 15415
192.168.10.96 - - [22/Sep/2017:10:01:49 -0300] "GET /cormun/servlet/vesolicitudgral?2017,7273,,SolicitudOTAdjuntos HTTP/1.1" 200 10855
192.168.10.96 - - [22/Sep/2017:10:01:50 -0300] "GET /cormun/servlet/vesolicitudgral?2017,7273,,SolicitudOTAdjuntos HTTP/1.1" 200 10859
192.168.10.96 - - [22/Sep/2017:10:01:50 -0300] "POST /cormun/servlet/acontrolpreferencessavestate?None,DZAMUDIO,true HTTP/1.1" 200 35
192.168.10.96 - - [22/Sep/2017:10:01:51 -0300] "GET /cormun/PublicTempStorage/certificado_afp3810027.jpeg HTTP/1.1" 200 297112
186.79.128.35 - - [22/Sep/2017:10:01:52 -0300] "POST /cormun/servlet/trsolicitudot?801b2ccd861115f8dd92e1407fd93a61,gx-no-cache=1506085032208,gx-no-cache=1506085354667 HTTP/1.1" 200 12615
186.79.128.35 - - [22/Sep/2017:10:01:53 -0300] "GET /cormun/static/Shared/jqueryui/images/ui-bg_highlight-soft_100_c6c2c8_1x100.png HTTP/1.1" 404 1117
186.79.128.35 - - [22/Sep/2017:10:01:53 -0300] "GET /cormun/static/Shared/jqueryui/images/ui-icons_82798d_256x240.png HTTP/1.1" 404 1089
186.79.128.35 - - [22/Sep/2017:10:01:53 -0300] "GET /cormun/static/Shared/jqueryui/images/ui-bg_flat_55_fafafa_40x100.png HTTP/1.1" 404 1097
186.79.128.35 - - [22/Sep/2017:10:01:53 -0300] "GET /cormun/static/Shared/jqueryui/images/ui-icons_8d78a5_256x240.png HTTP/1.1" 404 1089
192.168.10.96 - - [22/Sep/2017:10:01:55 -0300] "GET /cormun/servlet/vesolicitudgral?2017,7273,,SolicitudOTAdjuntos HTTP/1.1" 200 10858
186.79.128.35 - - [22/Sep/2017:10:01:55 -0300] "POST /cormun/servlet/trsolicitudot?801b2ccd861115f8dd92e1407fd93a61,gx-no-cache=1506085032208,gx-no-cache=1506085356608 HTTP/1.1" 200 12552
192.168.10.96 - - [22/Sep/2017:10:01:55 -0300] "GET /cormun/servlet/vesolicitudgral?2017,7273,,SolicitudOTAdjuntos HTTP/1.1" 200 10856
192.168.10.96 - - [22/Sep/2017:10:01:56 -0300] "POST /cormun/servlet/acontrolpreferencessavestate?None,DZAMUDIO,true HTTP/1.1" 200 35
192.168.10.96 - - [22/Sep/2017:10:01:56 -0300] "GET /cormun/PublicTempStorage/antecedentes_gonzalo8564270.jpeg HTTP/1.1" 200 568545
192.168.10.96 - - [22/Sep/2017:10:02:00 -0300] "GET /cormun/servlet/vesolicitudgral?2017,7273,,SolicitudOTAdjuntos HTTP/1.1" 200 10858
192.168.10.96 - - [22/Sep/2017:10:02:01 -0300] "GET /cormun/servlet/vesolicitudgral?2017,7273,,SolicitudOTAdjuntos HTTP/1.1" 200 10859
186.79.128.35 - - [22/Sep/2017:10:02:01 -0300] "GET /cormun/servlet/solicitudot?INS,0,0, HTTP/1.1" 200 12993
192.168.10.96 - - [22/Sep/2017:10:02:02 -0300] "POST /cormun/servlet/acontrolpreferencessavestate?None,DZAMUDIO,true HTTP/1.1" 200 35
192.168.10.96 - - [22/Sep/2017:10:02:02 -0300] "GET /cormun/PublicTempStorage/certificado_afp_cotiz.4346397.jpeg HTTP/1.1" 200 385388
186.79.128.35 - - [22/Sep/2017:10:02:02 -0300] "GET /cormun/servlet/solicitudot?INS,0,0, HTTP/1.1" 200 12975
192.168.10.96 - - [22/Sep/2017:10:02:10 -0300] "GET /cormun/servlet/vesolicitudgral?2017,7273,,SolicitudOTAdjuntos HTTP/1.1" 200 10857
192.168.10.96 - - [22/Sep/2017:10:02:11 -0300] "GET /cormun/servlet/vesolicitudgral?2017,7273,,SolicitudOTAdjuntos HTTP/1.1" 200 10860
192.168.10.96 - - [22/Sep/2017:10:02:11 -0300] "POST /cormun/servlet/acontrolpreferencessavestate?None,DZAMUDIO,true HTTP/1.1" 200 35
192.168.10.96 - - [22/Sep/2017:10:02:12 -0300] "GET /cormun/PublicTempStorage/certificado_afp_cotiz.2261575.jpeg HTTP/1.1" 200 385388
192.168.10.96 - - [22/Sep/2017:10:02:15 -0300] "GET /cormun/servlet/vesolicitudgral?2017,7273,,SolicitudOTAdjuntos HTTP/1.1" 200 10857
192.168.10.96 - - [22/Sep/2017:10:02:15 -0300] "GET /cormun/servlet/vesolicitudgral?2017,7273,,SolicitudOTAdjuntos HTTP/1.1" 200 10857
192.168.10.96 - - [22/Sep/2017:10:02:16 -0300] "POST /cormun/servlet/acontrolpreferencessavestate?None,DZAMUDIO,true HTTP/1.1" 200 35
192.168.10.96 - - [22/Sep/2017:10:02:17 -0300] "GET /cormun/PublicTempStorage/curriculum_gonzalo8307090.jpeg HTTP/1.1" 200 308703
186.79.128.35 - - [22/Sep/2017:10:02:19 -0300] "POST /cormun/servlet/solicitudot?gx-no-cache=1506085382008 HTTP/1.1" 200 3126
186.79.128.35 - - [22/Sep/2017:10:02:20 -0300] "POST /cormun/servlet/solicitudot?801b2ccd861115f8dd92e1407fd93a61,INS,0,0,,gx-no-cache=1506085382601 HTTP/1.1" 200 10001
186.79.128.35 - - [22/Sep/2017:10:02:27 -0300] "GET /cormun/servlet/solicitudot?61afc91111c9b9ec6065e63ea4d71e35257fb7fad759c0f9ab91d76186a1ca37d1a8b9ebe97c36029e7415e39b40d325,gx-no-cache=1506085390570 HTTP/1.1" 200 30
186.79.128.35 - - [22/Sep/2017:10:03:40 -0300] "POST /cormun/servlet/solicitudot?gx-no-cache=1506085463428 HTTP/1.1" 200 255
186.79.128.35 - - [22/Sep/2017:10:03:42 -0300] "GET /cormun/servlet/solicitudot?61afc91111c9b9ec6065e63ea4d71e35f57e9d2198c1985120ba557709475d747568d1accfef05ba556994582d5a1e5ab7d3e233b68e918b3d3329e7230a0f5e2af8c0095d02f1abfe9420331efac9e4861bcb5f5f8bed1834d45447e9f000f69b6b775c554f2de1f113914a47683b441caa5bd60993c3f6ba5920cd15807478f5c01fd2bd09f659331757a5d3a1d4269c5765d51a775d957896eb052a28c366ca1bdc407e201c4811782193acf0830a1b4e75ae10ff6b1f15358face2202cae1c5299365975743e9fddd23c39362726c60bff4bece504d3acc711d20466d2f81e1c76db25f953a67a7db5805fed3d4b2db62f7bbbc75ec13ea73794236aca5609e2cca75ef72a69239380899b94ed4729e7d3f0a2ad4ea3aced1d653a79b025c3e3ca64c92178384b876808ee60142f598d771edd3b5814f790c879f505052146e8817873b101a1b892331261008735355f5bf6d7e28b8c34c3e6497a3a6b80fe1b71df2212a7a004b9ed3518cfb6a144208df924fb9f16f720409cb9541e7f,gx-no-cache=1506085465775 HTTP/1.1" 200 30
186.79.128.35 - - [22/Sep/2017:10:04:10 -0300] "POST /cormun/servlet/solicitudot?gx-no-cache=1506085493725 HTTP/1.1" 200 30
200.72.197.82 - - [22/Sep/2017:10:04:11 -0300] "GET /cormun/servlet/hlogin HTTP/1.1" 200 1723
186.103.161.206 - - [22/Sep/2017:10:04:11 -0300] "GET /cormun/static/gxtimezone.js?85251 HTTP/1.1" 200 5781
186.103.161.206 - - [22/Sep/2017:10:04:11 -0300] "GET /cormun/static/gxcfg.js?20175251213516 HTTP/1.1" 200 953
200.72.197.82 - - [22/Sep/2017:10:04:11 -0300] "GET /cormun/static/Resources/Spanish/PXTools.css?11423723 HTTP/1.1" 200 89042
200.72.197.82 - - [22/Sep/2017:10:04:11 -0300] "GET /cormun/static/messages.spa.js?85251 HTTP/1.1" 200 30736
200.72.197.82 - - [22/Sep/2017:10:04:11 -0300] "GET /cormun/static/hlogin.js?20175251213537 HTTP/1.1" 200 2136
200.72.197.82 - - [22/Sep/2017:10:04:11 -0300] "GET /cormun/static/Resources/ComunLogin.png HTTP/1.1" 200 17326
186.103.132.155 - - [22/Sep/2017:10:04:11 -0300] "GET /cormun/static/gxgral.js?85251 HTTP/1.1" 200 384558
186.103.132.155 - - [22/Sep/2017:10:04:12 -0300] "GET /cormun/static/Resources/PXToolsLoginTop.png HTTP/1.1" 200 1337
200.72.197.82 - - [22/Sep/2017:10:04:12 -0300] "GET /cormun/static/Resources/PXToolsLoginBackground.png HTTP/1.1" 200 1164
186.103.161.206 - - [22/Sep/2017:10:04:12 -0300] "GET /cormun/static/Resources/PXToolsButtonLeft21.png HTTP/1.1" 200 1287
186.103.132.155 - - [22/Sep/2017:10:04:12 -0300] "GET /cormun/static/Resources/PXToolsButtonRight21.png HTTP/1.1" 200 1283
200.72.197.82 - - [22/Sep/2017:10:04:12 -0300] "GET /cormun/static/Resources/PXToolsButtonBackground2.png HTTP/1.1" 200 1181
186.103.132.155 - - [22/Sep/2017:10:04:12 -0300] "GET /cormun/static/Resources/PXToolsLoginBottom.png HTTP/1.1" 200 1389
186.103.161.206 - - [22/Sep/2017:10:04:12 -0300] "GET /cormun/servlet/hlogin HTTP/1.1" 200 1733
200.72.197.82 - - [22/Sep/2017:10:04:12 -0300] "GET /cormun/static/Resources/indicator.gif HTTP/1.1" 200 1553
186.103.161.206 - - [22/Sep/2017:10:04:12 -0300] "GET /cormun/static/Resources/PXToolsButtonLeft21.png HTTP/1.1" 200 1287
186.103.161.206 - - [22/Sep/2017:10:04:12 -0300] "GET /favicon.ico HTTP/1.1" 200 21630
186.79.128.35 - - [22/Sep/2017:10:04:12 -0300] "POST /cormun/servlet/solicitudot?gx-no-cache=1506085495928 HTTP/1.1" 200 1352
186.79.128.35 - - [22/Sep/2017:10:04:13 -0300] "POST /cormun/servlet/solicitudot?gx-no-cache=1506085496085 HTTP/1.1" 200 38
190.151.100.218 - - [22/Sep/2017:10:04:30 -0300] "POST /cormun/servlet/hlogin?00aacebf612639ebb05ca961ea4628e9,gx-no-cache=1506085503948 HTTP/1.1" 200 448
186.103.132.155 - - [22/Sep/2017:10:04:38 -0300] "POST /cormun/servlet/hlogin?00aacebf612639ebb05ca961ea4628e9,gx-no-cache=1506085512228 HTTP/1.1" 200 447
186.79.240.111 - - [22/Sep/2017:10:04:58 -0300] "GET /cormun/servlet/hhome HTTP/1.1" 200 3373
186.79.85.199 - - [22/Sep/2017:10:04:59 -0300] "GET /cormun/servlet/hlogin HTTP/1.1" 200 1727
186.79.85.199 - - [22/Sep/2017:10:04:59 -0300] "GET /cormun/static/gxtimezone.js?85251 HTTP/1.1" 200 5781
186.79.85.199 - - [22/Sep/2017:10:04:59 -0300] "GET /cormun/static/gxcfg.js?20175251213516 HTTP/1.1" 200 953
186.79.85.199 - - [22/Sep/2017:10:04:59 -0300] "GET /cormun/static/Resources/Spanish/PXTools.css?11423723 HTTP/1.1" 200 89042
186.79.85.199 - - [22/Sep/2017:10:04:59 -0300] "GET /cormun/static/messages.spa.js?85251 HTTP/1.1" 200 30736
186.79.85.199 - - [22/Sep/2017:10:04:59 -0300] "GET /cormun/static/hlogin.js?20175251213537 HTTP/1.1" 200 2136
186.79.85.199 - - [22/Sep/2017:10:05:00 -0300] "GET /cormun/static/Resources/ComunLogin.png HTTP/1.1" 200 17326
186.79.85.199 - - [22/Sep/2017:10:05:00 -0300] "GET /cormun/static/gxgral.js?85251 HTTP/1.1" 200 384558
186.79.85.199 - - [22/Sep/2017:10:05:00 -0300] "GET /cormun/static/Resources/PXToolsLoginTop.png HTTP/1.1" 200 1337
186.79.85.199 - - [22/Sep/2017:10:05:00 -0300] "GET /cormun/static/Resources/PXToolsLoginBackground.png HTTP/1.1" 200 1164
186.79.85.199 - - [22/Sep/2017:10:05:00 -0300] "GET /cormun/static/Resources/PXToolsButtonLeft21.png HTTP/1.1" 200 1287
186.79.85.199 - - [22/Sep/2017:10:05:00 -0300] "GET /cormun/static/Resources/PXToolsButtonRight21.png HTTP/1.1" 200 1283
186.79.85.199 - - [22/Sep/2017:10:05:00 -0300] "GET /cormun/static/Resources/PXToolsButtonBackground2.png HTTP/1.1" 200 1181
186.79.85.199 - - [22/Sep/2017:10:05:00 -0300] "GET /cormun/static/Resources/PXToolsLoginBottom.png HTTP/1.1" 200 1389
186.79.85.199 - - [22/Sep/2017:10:05:00 -0300] "GET /cormun/servlet/hlogin HTTP/1.1" 200 1732
186.79.85.199 - - [22/Sep/2017:10:05:00 -0300] "GET /cormun/static/Resources/indicator.gif HTTP/1.1" 200 1553
186.79.85.199 - - [22/Sep/2017:10:05:01 -0300] "GET /favicon.ico HTTP/1.1" 200 21630
186.79.240.111 - - [22/Sep/2017:10:05:02 -0300] "GET /cormun/servlet/hhome HTTP/1.1" 200 3383
186.79.240.111 - - [22/Sep/2017:10:05:02 -0300] "GET /cormun/servlet/hlogin HTTP/1.1" 200 1727
186.79.85.199 - - [22/Sep/2017:10:05:05 -0300] "GET /cormun/servlet/hlogin HTTP/1.1" 200 1727
186.79.128.35 - - [22/Sep/2017:10:05:18 -0300] "GET /cormun/servlet/solicitudot?61afc91111c9b9ec6065e63ea4d71e352040ed79c3da2a122a36e659256959752d3990de15eacc16d29e5e7eec5bde36f9ff2e9e97893d1796e28421e8e70576540bca0fabf1cb4709c8caa528e90b5dca4bceb49ed6cf38df3cbd06fcaba97ec7a59d5fb17206182759bae7a0db8674,gx-no-cache=1506085561844 HTTP/1.1" 200 29
186.79.128.35 - - [22/Sep/2017:10:05:19 -0300] "POST /cormun/servlet/solicitudot?gx-no-cache=1506085562190 HTTP/1.1" 200 1337
186.79.128.35 - - [22/Sep/2017:10:05:26 -0300] "GET /cormun/static/menuarrow.gif HTTP/1.1" 404 1015
186.79.240.111 - - [22/Sep/2017:10:05:28 -0300] "POST /cormun/servlet/hlogin?2719c21b088d8d0750f2c8ab809b00af,gx-no-cache=1506085564964 HTTP/1.1" 200 90
186.79.240.111 - - [22/Sep/2017:10:05:28 -0300] "GET /cormun/servlet/hpexe_link HTTP/1.1" 200 948
186.79.240.111 - - [22/Sep/2017:10:05:29 -0300] "GET /cormun/servlet/hhome HTTP/1.1" 200 3818
186.79.240.111 - - [22/Sep/2017:10:05:30 -0300] "GET /cormun/servlet/hhome HTTP/1.1" 200 3815
186.79.128.35 - - [22/Sep/2017:10:05:30 -0300] "GET /cormun/servlet/solicitudot?61afc91111c9b9ec6065e63ea4d71e35c120c0291afa3fb51092dafe691cb6c6dff9c6ea4ca57720197ab9228ee4cbb0,gx-no-cache=1506085573420 HTTP/1.1" 200 30
186.79.128.35 - - [22/Sep/2017:10:05:34 -0300] "POST /cormun/servlet/solicitudot?gx-no-cache=1506085577982 HTTP/1.1" 200 30
186.79.240.111 - - [22/Sep/2017:10:06:49 -0300] "GET /cormun/servlet/trpermisosgoce? HTTP/1.1" 200 10872
186.79.240.111 - - [22/Sep/2017:10:06:50 -0300] "GET /cormun/servlet/trpermisosgoce? HTTP/1.1" 200 10863
186.79.128.35 - - [22/Sep/2017:10:07:38 -0300] "POST /cormun/servlet/solicitudot?801b2ccd861115f8dd92e1407fd93a61,INS,0,0,,gx-no-cache=1506085700772 HTTP/1.1" 200 93
186.79.128.35 - - [22/Sep/2017:10:07:38 -0300] "GET /cormun/servlet/hpexe_return? HTTP/1.1" 200 1023
186.79.128.35 - - [22/Sep/2017:10:07:39 -0300] "GET /cormun/servlet/trsolicitudot?gx-no-cache=1506085032208 HTTP/1.1" 200 15704
186.79.128.35 - - [22/Sep/2017:10:07:41 -0300] "GET /cormun/servlet/trsolicitudot?gx-no-cache=1506085032208 HTTP/1.1" 200 15721
186.79.128.35 - - [22/Sep/2017:10:07:47 -0300] "GET /cormun/servlet/trcontratounov2? HTTP/1.1" 200 17969
186.79.128.35 - - [22/Sep/2017:10:07:49 -0300] "GET /cormun/servlet/trcontratounov2? HTTP/1.1" 200 17939
186.79.128.35 - - [22/Sep/2017:10:07:58 -0300] "POST /cormun/servlet/trcontratounov2?801b2ccd861115f8dd92e1407fd93a61,,gx-no-cache=1506085719635 HTTP/1.1" 200 13511
186.79.128.35 - - [22/Sep/2017:10:08:06 -0300] "GET /cormun/servlet/trsolicitudot? HTTP/1.1" 200 15700
186.79.128.35 - - [22/Sep/2017:10:08:07 -0300] "GET /cormun/servlet/trsolicitudot? HTTP/1.1" 200 15700
186.79.128.35 - - [22/Sep/2017:10:08:28 -0300] "GET /cormun/servlet/vesolicitudot?2017,7429,, HTTP/1.1" 200 8304
186.79.128.35 - - [22/Sep/2017:10:08:29 -0300] "GET /cormun/pexe_scrolldiv.js HTTP/1.1" 404 1009
186.79.128.35 - - [22/Sep/2017:10:08:29 -0300] "GET /cormun/pexe_scrolldiv.js HTTP/1.1" 404 1009
186.79.128.35 - - [22/Sep/2017:10:08:30 -0300] "GET /cormun/servlet/vesolicitudot?2017,7429,, HTTP/1.1" 200 8303
186.79.240.111 - - [22/Sep/2017:10:08:51 -0300] "GET /cormun/servlet/permisogoce?INS,0,,, HTTP/1.1" 200 6659
186.79.240.111 - - [22/Sep/2017:10:08:52 -0300] "GET /cormun/servlet/permisogoce?INS,0,,, HTTP/1.1" 200 6658
186.79.240.111 - - [22/Sep/2017:10:08:56 -0300] "GET /cormun/servlet/prfichaempleado?,MD,,gxPopupLevel%3D0%3B HTTP/1.1" 200 9243
186.79.240.111 - - [22/Sep/2017:10:09:12 -0300] "POST /cormun/servlet/prfichaempleado?2719c21b088d8d0750f2c8ab809b00af,,MD,,gxPopupLevel%3D0%3B,gx-no-cache=1506085787791 HTTP/1.1" 200 3429
186.79.240.111 - - [22/Sep/2017:10:09:16 -0300] "GET /cormun/servlet/permisogoce?69d081d207afbb317ffc0f0b0f92bd8b5ced572c0ce13ad7fc49d4d1d3ea73512ea77871878bdd9895f9c4ca618aeff6,gx-no-cache=1506085792426 HTTP/1.1" 200 81
186.79.240.111 - - [22/Sep/2017:10:09:25 -0300] "GET /cormun/servlet/permisogoce?69d081d207afbb317ffc0f0b0f92bd8bee390bafa67119048d79a5632804802dbe873f54cc65eb8bdf9b340c82cd9a31c0f105f7a5ed21fe54c9ef31cfbbd151,gx-no-cache=1506085801700 HTTP/1.1" 200 48
186.79.128.35 - - [22/Sep/2017:10:09:35 -0300] "POST /cormun/servlet/vesolicitudot?801b2ccd861115f8dd92e1407fd93a61,2017,7429,,,gx-no-cache=1506085817940 HTTP/1.1" 200 90
186.79.128.35 - - [22/Sep/2017:10:09:35 -0300] "GET /cormun/servlet/hpexe_link HTTP/1.1" 200 959
186.79.128.35 - - [22/Sep/2017:10:09:36 -0300] "GET /cormun/servlet/trsolicitudot HTTP/1.1" 200 15701
186.79.128.35 - - [22/Sep/2017:10:09:37 -0300] "GET /cormun/servlet/trsolicitudot HTTP/1.1" 200 15700
186.79.128.35 - - [22/Sep/2017:10:09:41 -0300] "POST /cormun/servlet/trsolicitudot?801b2ccd861115f8dd92e1407fd93a61,gx-no-cache=1506085823423 HTTP/1.1" 200 106
186.79.128.35 - - [22/Sep/2017:10:09:42 -0300] "GET /cormun/servlet/trsolicitudadjuntos?2017,7429, HTTP/1.1" 200 6198
186.79.128.35 - - [22/Sep/2017:10:09:43 -0300] "GET /cormun/servlet/trsolicitudadjuntos?2017,7429, HTTP/1.1" 200 6198
186.79.128.35 - - [22/Sep/2017:10:09:50 -0300] "GET /cormun/servlet/solicitudotadjuntos?INS,2017,7429,,1, HTTP/1.1" 200 6145
186.79.128.35 - - [22/Sep/2017:10:09:51 -0300] "GET /cormun/static/about:blank HTTP/1.1" 404 1011
186.79.128.35 - - [22/Sep/2017:10:09:51 -0300] "GET /cormun/servlet/solicitudotadjuntos?INS,2017,7429,,1, HTTP/1.1" 200 6138
186.79.128.35 - - [22/Sep/2017:10:09:52 -0300] "GET /cormun/servlet/solicitudotadjuntos?61afc91111c9b9ec6065e63ea4d71e3532db5cff769388502485aa69b136a5c681b91e3a4bbb028767fa0604211db0ba,gx-no-cache=1506085835007 HTTP/1.1" 200 30
186.79.128.35 - - [22/Sep/2017:10:09:52 -0300] "POST /cormun/servlet/solicitudotadjuntos?801b2ccd861115f8dd92e1407fd93a61,INS,2017,7429,,1,,gx-no-cache=1506085835253 HTTP/1.1" 200 3909
186.79.240.111 - - [22/Sep/2017:10:09:53 -0300] "POST /cormun/servlet/permisogoce?2719c21b088d8d0750f2c8ab809b00af,INS,0,,,,gx-no-cache=1506085829185 HTTP/1.1" 200 93
200.54.247.70 - - [22/Sep/2017:10:09:53 -0300] "GET /cormun/servlet/hlogin HTTP/1.1" 200 1725
186.79.240.111 - - [22/Sep/2017:10:09:53 -0300] "GET /cormun/servlet/hpexe_return? HTTP/1.1" 200 1008
200.54.247.70 - - [22/Sep/2017:10:09:54 -0300] "GET /cormun/servlet/hlogin HTTP/1.1" 200 1730
186.79.240.111 - - [22/Sep/2017:10:09:54 -0300] "GET /cormun/servlet/trpermisosgoce HTTP/1.1" 200 11237
186.79.128.35 - - [22/Sep/2017:10:09:55 -0300] "POST /cormun/servlet/solicitudotadjuntos?gx-no-cache=1506085838666 HTTP/1.1" 200 26
186.79.240.111 - - [22/Sep/2017:10:09:58 -0300] "GET /cormun/servlet/trpermisosgoce HTTP/1.1" 200 11243
186.79.128.35 - - [22/Sep/2017:10:09:59 -0300] "GET /cormun/servlet/solicitudotadjuntos?61afc91111c9b9ec6065e63ea4d71e35efe48179752f8aba5755ab40ccf4bef7,gx-no-cache=1506085842695 HTTP/1.1" 200 30
186.79.128.35 - - [22/Sep/2017:10:09:59 -0300] "GET /cormun/servlet/solicitudotadjuntos?61afc91111c9b9ec6065e63ea4d71e35efe48179752f8aba5755ab40ccf4bef7,gx-no-cache=1506085842889 HTTP/1.1" 200 30
186.79.128.35 - - [22/Sep/2017:10:10:05 -0300] "POST /cormun/servlet/solicitudotadjuntos?801b2ccd861115f8dd92e1407fd93a61,INS,2017,7429,,1, HTTP/1.1" 200 116
186.79.128.35 - - [22/Sep/2017:10:10:05 -0300] "GET /cormun/servlet/hpexe_return? HTTP/1.1" 200 1021
186.79.128.35 - - [22/Sep/2017:10:10:05 -0300] "GET /cormun/servlet/trsolicitudadjuntos?2017,7429, HTTP/1.1" 200 8479
186.79.128.35 - - [22/Sep/2017:10:10:06 -0300] "GET /cormun/servlet/trsolicitudadjuntos?2017,7429, HTTP/1.1" 200 8475
192.168.10.96 - - [22/Sep/2017:10:10:08 -0300] "GET /cormun/servlet/vesolicitudgral?2017,7273,,SolicitudOTAdjuntos HTTP/1.1" 200 10856
186.79.128.35 - - [22/Sep/2017:10:10:08 -0300] "GET /cormun/servlet/solicitudotadjuntos?INS,2017,7429,,1, HTTP/1.1" 200 6145
186.79.128.35 - - [22/Sep/2017:10:10:09 -0300] "GET /cormun/static/about:blank HTTP/1.1" 404 1011
192.168.10.96 - - [22/Sep/2017:10:10:09 -0300] "GET /cormun/servlet/vesolicitudgral?2017,7273,,SolicitudOTAdjuntos HTTP/1.1" 200 10861
186.79.128.35 - - [22/Sep/2017:10:10:09 -0300] "GET /cormun/servlet/solicitudotadjuntos?INS,2017,7429,,1, HTTP/1.1" 200 6138
192.168.10.96 - - [22/Sep/2017:10:10:10 -0300] "POST /cormun/servlet/acontrolpreferencessavestate?None,DZAMUDIO,true HTTP/1.1" 200 35
186.79.128.35 - - [22/Sep/2017:10:10:10 -0300] "GET /cormun/servlet/solicitudotadjuntos?61afc91111c9b9ec6065e63ea4d71e3532db5cff769388502485aa69b136a5c681b91e3a4bbb028767fa0604211db0ba,gx-no-cache=1506085853360 HTTP/1.1" 200 30
186.79.128.35 - - [22/Sep/2017:10:10:11 -0300] "POST /cormun/servlet/solicitudotadjuntos?801b2ccd861115f8dd92e1407fd93a61,INS,2017,7429,,1,,gx-no-cache=1506085853483 HTTP/1.1" 200 3909
186.79.240.111 - - [22/Sep/2017:10:10:11 -0300] "GET /cormun/servlet/trpermisosadjuntos?8995658,20170922100810,P, HTTP/1.1" 200 6129
186.79.240.111 - - [22/Sep/2017:10:10:13 -0300] "GET /cormun/servlet/trpermisosadjuntos?8995658,20170922100810,P, HTTP/1.1" 200 6129
186.79.240.111 - - [22/Sep/2017:10:10:14 -0300] "GET /cormun/servlet/permisosadjuntos?INS,8995658,P,20170922100810,, HTTP/1.1" 200 5458
186.79.128.35 - - [22/Sep/2017:10:10:14 -0300] "POST /cormun/servlet/solicitudotadjuntos?gx-no-cache=1506085857892 HTTP/1.1" 200 26
186.79.240.111 - - [22/Sep/2017:10:10:15 -0300] "GET /cormun/static/about:blank HTTP/1.1" 404 1011
186.79.240.111 - - [22/Sep/2017:10:10:15 -0300] "GET /cormun/servlet/permisosadjuntos?INS,8995658,P,20170922100810,, HTTP/1.1" 200 5448
186.79.128.35 - - [22/Sep/2017:10:10:20 -0300] "GET /cormun/servlet/solicitudotadjuntos?61afc91111c9b9ec6065e63ea4d71e35efe48179752f8aba5755ab40ccf4bef7,gx-no-cache=1506085863782 HTTP/1.1" 200 30
186.79.128.35 - - [22/Sep/2017:10:10:21 -0300] "GET /cormun/servlet/solicitudotadjuntos?61afc91111c9b9ec6065e63ea4d71e35efe48179752f8aba5755ab40ccf4bef7,gx-no-cache=1506085864095 HTTP/1.1" 200 30
186.79.128.35 - - [22/Sep/2017:10:10:32 -0300] "POST /cormun/servlet/solicitudotadjuntos?801b2ccd861115f8dd92e1407fd93a61,INS,2017,7429,,1, HTTP/1.1" 200 116
186.79.128.35 - - [22/Sep/2017:10:10:32 -0300] "GET /cormun/servlet/hpexe_return? HTTP/1.1" 200 1021
186.79.128.35 - - [22/Sep/2017:10:10:33 -0300] "GET /cormun/servlet/trsolicitudadjuntos?2017,7429, HTTP/1.1" 200 8672
186.79.128.35 - - [22/Sep/2017:10:10:34 -0300] "GET /cormun/servlet/trsolicitudadjuntos?2017,7429, HTTP/1.1" 200 8672
186.79.128.35 - - [22/Sep/2017:10:10:36 -0300] "GET /cormun/servlet/solicitudotadjuntos?INS,2017,7429,,1, HTTP/1.1" 200 6145
186.79.128.35 - - [22/Sep/2017:10:10:36 -0300] "GET /cormun/static/about:blank HTTP/1.1" 404 1011
186.79.128.35 - - [22/Sep/2017:10:10:37 -0300] "GET /cormun/servlet/solicitudotadjuntos?INS,2017,7429,,1, HTTP/1.1" 200 6138
186.79.240.111 - - [22/Sep/2017:10:10:37 -0300] "POST /cormun/servlet/permisosadjuntos?2719c21b088d8d0750f2c8ab809b00af,INS,8995658,P,20170922100810,, HTTP/1.1" 200 116
186.79.128.35 - - [22/Sep/2017:10:10:38 -0300] "GET /cormun/servlet/solicitudotadjuntos?61afc91111c9b9ec6065e63ea4d71e3532db5cff769388502485aa69b136a5c681b91e3a4bbb028767fa0604211db0ba,gx-no-cache=1506085880922 HTTP/1.1" 200 30
186.79.240.111 - - [22/Sep/2017:10:10:38 -0300] "GET /cormun/servlet/hpexe_return? HTTP/1.1" 200 1036
186.79.240.111 - - [22/Sep/2017:10:10:38 -0300] "GET /cormun/servlet/trpermisosadjuntos?8995658,20170922100810,P, HTTP/1.1" 200 6617
186.79.240.111 - - [22/Sep/2017:10:10:39 -0300] "GET /cormun/servlet/trpermisosadjuntos?8995658,20170922100810,P, HTTP/1.1" 200 6613
186.79.128.35 - - [22/Sep/2017:10:10:40 -0300] "POST /cormun/servlet/solicitudotadjuntos?801b2ccd861115f8dd92e1407fd93a61,INS,2017,7429,,1,,gx-no-cache=1506085881318 HTTP/1.1" 200 3909
95.213.177.124 - - [22/Sep/2017:10:10:41 -0300] "CONNECT check.proxyradar.com:80 HTTP/1.1" 400 -
186.79.240.111 - - [22/Sep/2017:10:10:43 -0300] "POST /cormun/servlet/trpermisosadjuntos?2719c21b088d8d0750f2c8ab809b00af,8995658,20170922100810,P,,gx-no-cache=1506085879249 HTTP/1.1" 200 90
186.79.240.111 - - [22/Sep/2017:10:10:43 -0300] "GET /cormun/servlet/hpexe_link HTTP/1.1" 200 980
186.79.240.111 - - [22/Sep/2017:10:10:43 -0300] "GET /cormun/servlet/trpermisosgoce HTTP/1.1" 200 11244
186.79.128.35 - - [22/Sep/2017:10:10:43 -0300] "POST /cormun/servlet/solicitudotadjuntos?gx-no-cache=1506085886971 HTTP/1.1" 200 26
186.79.240.111 - - [22/Sep/2017:10:10:44 -0300] "GET /cormun/servlet/trpermisosgoce HTTP/1.1" 200 11243
186.79.240.111 - - [22/Sep/2017:10:10:47 -0300] "GET /cormun/servlet/apermisogoceprn?8995658,P,20170922100810,PU HTTP/1.1" 200 1669
186.79.128.35 - - [22/Sep/2017:10:10:50 -0300] "GET /cormun/servlet/solicitudotadjuntos?61afc91111c9b9ec6065e63ea4d71e35efe48179752f8aba5755ab40ccf4bef7,gx-no-cache=1506085893023 HTTP/1.1" 200 30
186.79.128.35 - - [22/Sep/2017:10:10:50 -0300] "GET /cormun/servlet/solicitudotadjuntos?61afc91111c9b9ec6065e63ea4d71e35efe48179752f8aba5755ab40ccf4bef7,gx-no-cache=1506085893124 HTTP/1.1" 200 30
186.79.128.35 - - [22/Sep/2017:10:10:59 -0300] "POST /cormun/servlet/solicitudotadjuntos?801b2ccd861115f8dd92e1407fd93a61,INS,2017,7429,,1, HTTP/1.1" 200 116
186.79.128.35 - - [22/Sep/2017:10:11:00 -0300] "GET /cormun/servlet/hpexe_return? HTTP/1.1" 200 1021
186.79.128.35 - - [22/Sep/2017:10:11:00 -0300] "GET /cormun/servlet/trsolicitudadjuntos?2017,7429, HTTP/1.1" 200 8843
186.79.128.35 - - [22/Sep/2017:10:11:02 -0300] "GET /cormun/servlet/trsolicitudadjuntos?2017,7429, HTTP/1.1" 200 8843
186.79.128.35 - - [22/Sep/2017:10:11:04 -0300] "GET /cormun/servlet/solicitudotadjuntos?INS,2017,7429,,1, HTTP/1.1" 200 6145
186.79.128.35 - - [22/Sep/2017:10:11:05 -0300] "GET /cormun/static/about:blank HTTP/1.1" 404 1011
186.79.128.35 - - [22/Sep/2017:10:11:06 -0300] "GET /cormun/servlet/solicitudotadjuntos?61afc91111c9b9ec6065e63ea4d71e3532db5cff769388502485aa69b136a5c681b91e3a4bbb028767fa0604211db0ba,gx-no-cache=1506085909279 HTTP/1.1" 200 30
186.79.128.35 - - [22/Sep/2017:10:11:06 -0300] "GET /cormun/servlet/solicitudotadjuntos?INS,2017,7429,,1, HTTP/1.1" 200 6139
186.79.128.35 - - [22/Sep/2017:10:11:08 -0300] "POST /cormun/servlet/solicitudotadjuntos?801b2ccd861115f8dd92e1407fd93a61,INS,2017,7429,,1,,gx-no-cache=1506085909384 HTTP/1.1" 200 3910
186.79.128.35 - - [22/Sep/2017:10:11:13 -0300] "POST /cormun/servlet/solicitudotadjuntos?gx-no-cache=1506085914693 HTTP/1.1" 200 26
186.79.128.35 - - [22/Sep/2017:10:11:20 -0300] "GET /cormun/servlet/solicitudotadjuntos?61afc91111c9b9ec6065e63ea4d71e35efe48179752f8aba5755ab40ccf4bef7,gx-no-cache=1506085923582 HTTP/1.1" 200 30
186.79.128.35 - - [22/Sep/2017:10:11:20 -0300] "GET /cormun/servlet/solicitudotadjuntos?61afc91111c9b9ec6065e63ea4d71e35efe48179752f8aba5755ab40ccf4bef7,gx-no-cache=1506085923721 HTTP/1.1" 200 30
186.79.128.35 - - [22/Sep/2017:10:11:36 -0300] "POST /cormun/servlet/solicitudotadjuntos?801b2ccd861115f8dd92e1407fd93a61,INS,2017,7429,,1, HTTP/1.1" 200 116
186.79.128.35 - - [22/Sep/2017:10:11:36 -0300] "GET /cormun/servlet/hpexe_return? HTTP/1.1" 200 1021
186.79.128.35 - - [22/Sep/2017:10:11:37 -0300] "GET /cormun/servlet/trsolicitudadjuntos?2017,7429, HTTP/1.1" 200 9012
186.79.128.35 - - [22/Sep/2017:10:11:38 -0300] "GET /cormun/servlet/trsolicitudadjuntos?2017,7429, HTTP/1.1" 200 9011
186.79.128.35 - - [22/Sep/2017:10:11:41 -0300] "GET /cormun/servlet/solicitudotadjuntos?INS,2017,7429,,1, HTTP/1.1" 200 6146
186.79.128.35 - - [22/Sep/2017:10:11:43 -0300] "GET /cormun/static/about:blank HTTP/1.1" 404 1011
186.79.128.35 - - [22/Sep/2017:10:11:43 -0300] "GET /cormun/servlet/solicitudotadjuntos?INS,2017,7429,,1, HTTP/1.1" 200 6140
186.79.128.35 - - [22/Sep/2017:10:11:44 -0300] "GET /cormun/servlet/solicitudotadjuntos?61afc91111c9b9ec6065e63ea4d71e3532db5cff769388502485aa69b136a5c681b91e3a4bbb028767fa0604211db0ba,gx-no-cache=1506085947026 HTTP/1.1" 200 30
186.79.128.35 - - [22/Sep/2017:10:11:44 -0300] "POST /cormun/servlet/solicitudotadjuntos?801b2ccd861115f8dd92e1407fd93a61,INS,2017,7429,,1,,gx-no-cache=1506085947182 HTTP/1.1" 200 3910
186.79.128.35 - - [22/Sep/2017:10:11:47 -0300] "POST /cormun/servlet/solicitudotadjuntos?gx-no-cache=1506085950438 HTTP/1.1" 200 26
186.79.128.35 - - [22/Sep/2017:10:11:52 -0300] "GET /cormun/servlet/solicitudotadjuntos?61afc91111c9b9ec6065e63ea4d71e35efe48179752f8aba5755ab40ccf4bef7,gx-no-cache=1506085955286 HTTP/1.1" 200 30
186.79.128.35 - - [22/Sep/2017:10:11:52 -0300] "GET /cormun/servlet/solicitudotadjuntos?61afc91111c9b9ec6065e63ea4d71e35efe48179752f8aba5755ab40ccf4bef7,gx-no-cache=1506085955381 HTTP/1.1" 200 30
