186.103.159.187 - - [21/Sep/2017:12:08:28 -0300] "GET /cormun/servlet/hpexe_return? HTTP/1.1" 200 1026
186.103.159.187 - - [21/Sep/2017:12:08:29 -0300] "GET /cormun/servlet/trsolicitudadjuntos?2017,7422, HTTP/1.1" 200 8930
186.103.159.187 - - [21/Sep/2017:12:08:30 -0300] "GET /cormun/servlet/trsolicitudadjuntos?2017,7422, HTTP/1.1" 200 8927
186.103.159.187 - - [21/Sep/2017:12:08:33 -0300] "GET /cormun/servlet/solicitudotadjuntos?INS,2017,7422,,1, HTTP/1.1" 200 5851
186.103.159.187 - - [21/Sep/2017:12:08:33 -0300] "GET /cormun/static/about:blank HTTP/1.1" 404 1011
186.103.159.187 - - [21/Sep/2017:12:08:34 -0300] "GET /cormun/servlet/solicitudotadjuntos?INS,2017,7422,,1, HTTP/1.1" 200 5845
186.103.159.187 - - [21/Sep/2017:12:08:34 -0300] "GET /cormun/servlet/solicitudotadjuntos?92be5c593dc0456ce754c3372e76a801d6cac732637c025b3b9629a52416ca8038fb752c64214f15fa1263bd7e6d9d1e,gx-no-cache=1506010090303 HTTP/1.1" 200 30
186.103.159.187 - - [21/Sep/2017:12:08:35 -0300] "POST /cormun/servlet/solicitudotadjuntos?6226f0e1434200724eb4aca1caeaba2f,INS,2017,7422,,1,,gx-no-cache=1506010090376 HTTP/1.1" 200 3693
186.103.159.187 - - [21/Sep/2017:12:08:39 -0300] "POST /cormun/servlet/solicitudotadjuntos?gx-no-cache=1506010094870 HTTP/1.1" 200 26
186.103.159.187 - - [21/Sep/2017:12:08:47 -0300] "GET /cormun/servlet/solicitudotadjuntos?92be5c593dc0456ce754c3372e76a80155cb59dd5146585f865c134ed4206ecf,gx-no-cache=1506010103203 HTTP/1.1" 200 30
186.103.159.187 - - [21/Sep/2017:12:08:47 -0300] "GET /cormun/servlet/solicitudotadjuntos?92be5c593dc0456ce754c3372e76a80155cb59dd5146585f865c134ed4206ecf,gx-no-cache=1506010103272 HTTP/1.1" 200 30
186.103.159.187 - - [21/Sep/2017:12:08:50 -0300] "POST /cormun/servlet/solicitudotadjuntos?6226f0e1434200724eb4aca1caeaba2f,INS,2017,7422,,1, HTTP/1.1" 200 116
186.103.159.187 - - [21/Sep/2017:12:08:50 -0300] "GET /cormun/servlet/hpexe_return? HTTP/1.1" 200 1026
186.103.159.187 - - [21/Sep/2017:12:08:51 -0300] "GET /cormun/servlet/trsolicitudadjuntos?2017,7422, HTTP/1.1" 200 9177
186.103.159.187 - - [21/Sep/2017:12:08:52 -0300] "GET /cormun/servlet/trsolicitudadjuntos?2017,7422, HTTP/1.1" 200 9172
186.103.159.187 - - [21/Sep/2017:12:09:09 -0300] "POST /cormun/servlet/trsolicitudadjuntos?6226f0e1434200724eb4aca1caeaba2f,2017,7422,,gx-no-cache=1506010124718 HTTP/1.1" 200 90
186.103.159.187 - - [21/Sep/2017:12:09:09 -0300] "GET /cormun/servlet/hpexe_link HTTP/1.1" 200 968
186.103.159.187 - - [21/Sep/2017:12:09:10 -0300] "GET /cormun/servlet/trsolicitudot HTTP/1.1" 200 10420
186.103.159.187 - - [21/Sep/2017:12:09:11 -0300] "GET /cormun/servlet/trsolicitudot HTTP/1.1" 200 10418
186.103.159.187 - - [21/Sep/2017:12:09:21 -0300] "POST /cormun/servlet/trsolicitudot?6226f0e1434200724eb4aca1caeaba2f,gx-no-cache=1506010136663 HTTP/1.1" 200 7587
186.103.159.187 - - [21/Sep/2017:12:09:21 -0300] "GET /cormun/static/Shared/jqueryui/images/ui-bg_highlight-soft_100_c6c2c8_1x100.png HTTP/1.1" 404 1117
186.103.159.187 - - [21/Sep/2017:12:09:21 -0300] "GET /cormun/static/Shared/jqueryui/images/ui-icons_82798d_256x240.png HTTP/1.1" 404 1089
186.103.159.187 - - [21/Sep/2017:12:09:21 -0300] "GET /cormun/static/Shared/jqueryui/images/ui-bg_flat_55_fafafa_40x100.png HTTP/1.1" 404 1097
186.103.159.187 - - [21/Sep/2017:12:09:21 -0300] "GET /cormun/static/Shared/jqueryui/images/ui-icons_8d78a5_256x240.png HTTP/1.1" 404 1089
186.103.159.187 - - [21/Sep/2017:12:09:21 -0300] "POST /cormun/servlet/trsolicitudot?6226f0e1434200724eb4aca1caeaba2f,gx-no-cache=1506010137208 HTTP/1.1" 200 7528
186.103.159.187 - - [21/Sep/2017:12:09:55 -0300] "GET /cormun/servlet/hlogin HTTP/1.1" 200 1737
186.103.159.187 - - [21/Sep/2017:12:10:07 -0300] "POST /cormun/servlet/hlogin?6226f0e1434200724eb4aca1caeaba2f,gx-no-cache=1506010183452 HTTP/1.1" 200 448
186.103.159.187 - - [21/Sep/2017:12:10:21 -0300] "POST /cormun/servlet/hlogin?6226f0e1434200724eb4aca1caeaba2f,gx-no-cache=1506010196651 HTTP/1.1" 200 90
186.103.159.187 - - [21/Sep/2017:12:10:21 -0300] "GET /cormun/servlet/hpexe_link HTTP/1.1" 200 951
186.103.159.187 - - [21/Sep/2017:12:10:22 -0300] "GET /cormun/servlet/hhome HTTP/1.1" 200 4011
186.103.159.187 - - [21/Sep/2017:12:10:23 -0300] "GET /cormun/servlet/hhome HTTP/1.1" 200 4007
186.103.159.187 - - [21/Sep/2017:12:10:23 -0300] "GET /cormun/static/SmoothNavMenu/resources/images/right.gif HTTP/1.1" 200 860
186.103.159.187 - - [21/Sep/2017:12:10:33 -0300] "GET /cormun/servlet/trautorizarsolicitud? HTTP/1.1" 200 8180
186.103.159.187 - - [21/Sep/2017:12:10:33 -0300] "GET /cormun/static/gxcfg.js?20174261241362 HTTP/1.1" 200 953
186.103.159.187 - - [21/Sep/2017:12:10:33 -0300] "GET /cormun/static/Resources/Spanish/PXTools.css?11294912 HTTP/1.1" 200 89042
186.103.159.187 - - [21/Sep/2017:12:10:33 -0300] "GET /cormun/static/trautorizarsolicitud.js?201742612414370 HTTP/1.1" 200 53910
186.103.159.187 - - [21/Sep/2017:12:10:34 -0300] "GET /cormun/servlet/trautorizarsolicitud? HTTP/1.1" 200 8179
186.103.159.187 - - [21/Sep/2017:12:10:45 -0300] "POST /cormun/servlet/trautorizarsolicitud?6226f0e1434200724eb4aca1caeaba2f,,gx-no-cache=1506010220877 HTTP/1.1" 200 4376
186.103.159.187 - - [21/Sep/2017:12:10:45 -0300] "GET /cormun/static/Shared/jqueryui/images/ui-bg_highlight-soft_100_c6c2c8_1x100.png HTTP/1.1" 404 1117
186.103.159.187 - - [21/Sep/2017:12:10:45 -0300] "GET /cormun/static/Shared/jqueryui/images/ui-icons_82798d_256x240.png HTTP/1.1" 404 1089
186.103.159.187 - - [21/Sep/2017:12:10:45 -0300] "GET /cormun/static/Shared/jqueryui/images/ui-bg_flat_55_fafafa_40x100.png HTTP/1.1" 404 1097
186.103.159.187 - - [21/Sep/2017:12:10:45 -0300] "GET /cormun/static/Shared/jqueryui/images/ui-icons_8d78a5_256x240.png HTTP/1.1" 404 1089
186.103.159.187 - - [21/Sep/2017:12:10:45 -0300] "POST /cormun/servlet/trautorizarsolicitud?6226f0e1434200724eb4aca1caeaba2f,,gx-no-cache=1506010221188 HTTP/1.1" 200 4152
186.103.156.24 - - [21/Sep/2017:12:23:58 -0300] "GET /cormun/servlet/hlogin HTTP/1.1" 200 1723
186.103.156.24 - - [21/Sep/2017:12:23:59 -0300] "GET /cormun/servlet/hlogin HTTP/1.1" 200 1734
186.103.156.24 - - [21/Sep/2017:12:23:59 -0300] "GET /favicon.ico HTTP/1.1" 200 21630
186.103.156.24 - - [21/Sep/2017:12:24:37 -0300] "POST /cormun/servlet/hlogin?2b18bf205c281652937fc1f7b4ad55bc,gx-no-cache=1506007512614 HTTP/1.1" 200 90
186.103.156.24 - - [21/Sep/2017:12:24:37 -0300] "GET /cormun/servlet/hpexe_link HTTP/1.1" 200 955
186.103.156.24 - - [21/Sep/2017:12:24:38 -0300] "GET /cormun/servlet/hhome HTTP/1.1" 200 4105
186.103.156.24 - - [21/Sep/2017:12:24:38 -0300] "GET /cormun/static/gxcfg.js?20175251212442 HTTP/1.1" 200 953
186.103.156.24 - - [21/Sep/2017:12:24:38 -0300] "GET /cormun/static/hhome.js?20175251212450 HTTP/1.1" 200 777
186.103.156.24 - - [21/Sep/2017:12:24:39 -0300] "GET /cormun/servlet/hhome HTTP/1.1" 200 4103
186.103.156.24 - - [21/Sep/2017:12:24:46 -0300] "GET /cormun/servlet/trlicencias? HTTP/1.1" 200 10790
186.103.156.24 - - [21/Sep/2017:12:24:47 -0300] "GET /cormun/servlet/trlicencias? HTTP/1.1" 200 10788
186.103.156.24 - - [21/Sep/2017:12:24:52 -0300] "GET /cormun/servlet/licenciaspermisos?INS,0,,, HTTP/1.1" 200 7635
186.103.156.24 - - [21/Sep/2017:12:24:53 -0300] "GET /cormun/servlet/licenciaspermisos?INS,0,,, HTTP/1.1" 200 7642
186.103.156.24 - - [21/Sep/2017:12:25:07 -0300] "GET /cormun/servlet/licenciaspermisos?f70d5e1f3d5eb962afd7b36063a792c6b71f8c8999666126501d281d8823adda3d0bd5940e34018ff08d29a34e7f16db,gx-no-cache=1506007543039 HTTP/1.1" 200 96
186.103.156.24 - - [21/Sep/2017:12:25:07 -0300] "POST /cormun/servlet/licenciaspermisos?2b18bf205c281652937fc1f7b4ad55bc,INS,0,,,,gx-no-cache=1506007543087 HTTP/1.1" 200 4785
186.103.156.24 - - [21/Sep/2017:12:25:25 -0300] "GET /cormun/static/menuarrow.gif HTTP/1.1" 404 1015
200.86.95.220 - - [21/Sep/2017:12:29:22 -0300] "GET /cormun/servlet/hlogin HTTP/1.1" 200 1722
200.86.95.220 - - [21/Sep/2017:12:29:24 -0300] "GET /cormun/servlet/hlogin HTTP/1.1" 200 1732
200.86.95.220 - - [21/Sep/2017:12:29:24 -0300] "GET /favicon.ico HTTP/1.1" 200 21630
200.86.95.220 - - [21/Sep/2017:12:29:32 -0300] "POST /cormun/servlet/hlogin?43cac42a090ea9a8a570d152a4d6055f,gx-no-cache=1506007808723 HTTP/1.1" 200 90
200.86.95.220 - - [21/Sep/2017:12:29:32 -0300] "GET /cormun/servlet/hpexe_link HTTP/1.1" 200 954
200.86.95.220 - - [21/Sep/2017:12:29:32 -0300] "GET /cormun/servlet/hhome HTTP/1.1" 200 3845
200.86.95.220 - - [21/Sep/2017:12:29:34 -0300] "GET /cormun/servlet/hhome HTTP/1.1" 200 3842
200.86.95.220 - - [21/Sep/2017:12:29:40 -0300] "GET /cormun/servlet/trsolicitudot? HTTP/1.1" 200 8448
200.86.95.220 - - [21/Sep/2017:12:29:40 -0300] "GET /cormun/static/gxcfg.js?20177612135780 HTTP/1.1" 200 953
200.86.95.220 - - [21/Sep/2017:12:29:40 -0300] "GET /cormun/static/trsolicitudot.js?2017761214480 HTTP/1.1" 200 54041
200.86.95.220 - - [21/Sep/2017:12:29:41 -0300] "GET /cormun/servlet/trsolicitudot? HTTP/1.1" 200 8446
200.86.95.220 - - [21/Sep/2017:12:29:41 -0300] "GET /cormun//static/Resources/PXToolsActionView.png HTTP/1.1" 200 2995
200.86.95.220 - - [21/Sep/2017:12:29:41 -0300] "GET /cormun//static/Resources/PXToolsRemoveAllAction.png HTTP/1.1" 200 3558
200.86.95.220 - - [21/Sep/2017:12:29:53 -0300] "GET /cormun/servlet/solicitudot?INS,0,0, HTTP/1.1" 200 12717
200.86.95.220 - - [21/Sep/2017:12:29:53 -0300] "GET /cormun/static/gxcfg.js?201783011173874 HTTP/1.1" 200 953
200.86.95.220 - - [21/Sep/2017:12:29:53 -0300] "GET /cormun/static/solicitudot.js?201783011174088 HTTP/1.1" 200 63803
200.86.95.220 - - [21/Sep/2017:12:29:54 -0300] "GET /cormun/servlet/solicitudot?INS,0,0, HTTP/1.1" 200 12722
200.86.95.220 - - [21/Sep/2017:12:30:08 -0300] "POST /cormun/servlet/solicitudot?gx-no-cache=1506007844651 HTTP/1.1" 200 3194
200.86.95.220 - - [21/Sep/2017:12:30:08 -0300] "POST /cormun/servlet/solicitudot?43cac42a090ea9a8a570d152a4d6055f,INS,0,0,,gx-no-cache=1506007844896 HTTP/1.1" 200 9882
186.103.159.183 - - [21/Sep/2017:12:30:14 -0300] "GET /cormun/servlet/hlogin HTTP/1.1" 200 1718
200.86.95.220 - - [21/Sep/2017:12:30:15 -0300] "GET /cormun/servlet/solicitudot?819d450b32f84bbf6ccf95d06b987cb91dc06b4f6f4d1ee41e4dcc6f00f976e26c853f9c35a1be61556f547859b0bdea,gx-no-cache=1506007851734 HTTP/1.1" 200 30
200.86.95.220 - - [21/Sep/2017:12:30:15 -0300] "POST /cormun/servlet/solicitudot?gx-no-cache=1506007851840 HTTP/1.1" 200 297
200.86.95.220 - - [21/Sep/2017:12:30:15 -0300] "GET /cormun/servlet/solicitudot?819d450b32f84bbf6ccf95d06b987cb909dac39416e7c1c9f1927ae6898b2b4d7ae9e5a3ab236d42037a6590b0937db7c3359d87bd627a5c786c01d940169d1d833e9e515125fc33391d6a278958bad0153a0f1e6b9cfbff527330367d5578b98d2a5b82ed9128ea1ac7980846c2aef94cdf4365d957259f1bee5e937ff8ee00416bd964546a026d8bbabe2877f1a2c3799ac2e48e5a45dadfa9fb5ce5dd5bc84b248d995031d347b7f18070707183b405bff162c41f00c062b593d507d70a72e019861f0bfa4d69df463e38827177be0b68c0f50fff021bd58cc3e7ac18056c4a42c45368128767a5f28a41fd0ad152196e1bc3ab09d949cb30b4611f1df7525215ed29a4b9deaadd6668d95dbe15041c2d78a685e3e685a484f004fdc4d8fd29659be3ba99dc79fa9345354896664aa3e7edf19c3826e674a3b1ae57583a78136bf65fbb6c1d42c342bd8d5f84e0513662a7787f681231577e60ef03a3883b45f8ff7a37777a6a3e467676052099ee30e7bb10856f9ae581537bc1b9de8962c401694a0c607e012cddbecaded7de38,gx-no-cache=1506007851918 HTTP/1.1" 200 30
200.86.95.220 - - [21/Sep/2017:12:30:21 -0300] "POST /cormun/servlet/solicitudot?gx-no-cache=1506007857563 HTTP/1.1" 200 30
200.86.95.220 - - [21/Sep/2017:12:30:24 -0300] "GET /cormun/static/Resources/resize.gif HTTP/1.1" 200 77
200.86.95.220 - - [21/Sep/2017:12:30:25 -0300] "GET /cormun/servlet/prfichaempleado?,MD,,gxPopupLevel%3D0%3B HTTP/1.1" 200 9272
200.86.95.220 - - [21/Sep/2017:12:30:25 -0300] "GET /cormun/static/gxcfg.js?20177612134814 HTTP/1.1" 200 953
200.86.95.220 - - [21/Sep/2017:12:30:25 -0300] "GET /cormun/static/Resources/PXToolsMenuSearch.png HTTP/1.1" 200 2914
200.86.95.220 - - [21/Sep/2017:12:30:25 -0300] "GET /cormun/static/prfichaempleado.js?20177612134999 HTTP/1.1" 200 16006
200.86.95.220 - - [21/Sep/2017:12:30:25 -0300] "GET /cormun/static/menusearch.js?201610171694467 HTTP/1.1" 200 1424
200.86.95.220 - - [21/Sep/2017:12:30:25 -0300] "GET /cormun/static/Resources/PXToolsMenuSearchCancel.png HTTP/1.1" 200 2972
200.86.95.220 - - [21/Sep/2017:12:30:25 -0300] "GET /cormun/static/hmpwkw011.js?20177612121862 HTTP/1.1" 200 1968
186.103.159.183 - - [21/Sep/2017:12:30:26 -0300] "POST /cormun/servlet/hlogin?f67ed6d701514d5f1ec337f3e191723f,gx-no-cache=1506007858869 HTTP/1.1" 200 428
186.103.159.183 - - [21/Sep/2017:12:30:37 -0300] "POST /cormun/servlet/hlogin?f67ed6d701514d5f1ec337f3e191723f,gx-no-cache=1506007869407 HTTP/1.1" 200 90
186.103.159.183 - - [21/Sep/2017:12:30:37 -0300] "GET /cormun/servlet/hpexe_link HTTP/1.1" 200 974
186.103.159.183 - - [21/Sep/2017:12:30:37 -0300] "GET /cormun/servlet/trlicencias?gx-no-cache=1506006195957 HTTP/1.1" 200 10349
186.103.159.183 - - [21/Sep/2017:12:30:38 -0300] "GET /cormun/servlet/trlicencias?gx-no-cache=1506006195957 HTTP/1.1" 200 10367
200.86.95.220 - - [21/Sep/2017:12:30:40 -0300] "POST /cormun/servlet/prfichaempleado?43cac42a090ea9a8a570d152a4d6055f,,MD,,gxPopupLevel%3D0%3B,gx-no-cache=1506007876415 HTTP/1.1" 200 3421
200.86.95.220 - - [21/Sep/2017:12:30:44 -0300] "GET /cormun/servlet/prlicenciaspermisos?15104216,L,,MD,,gxPopupLevel%3D0%3B HTTP/1.1" 200 5526
200.86.95.220 - - [21/Sep/2017:12:30:44 -0300] "GET /cormun/static/gxcfg.js?20176272053834 HTTP/1.1" 200 953
200.86.95.220 - - [21/Sep/2017:12:30:44 -0300] "GET /cormun/static/prlicenciaspermisos.js?20176272054050 HTTP/1.1" 200 13379
186.103.159.183 - - [21/Sep/2017:12:30:44 -0300] "GET /cormun/servlet/alicenciaprn?15104893,L,20170921000000,PU HTTP/1.1" 200 1567
200.86.95.220 - - [21/Sep/2017:12:30:53 -0300] "POST /cormun/servlet/solicitudot?gx-no-cache=1506007890174 HTTP/1.1" 200 1353
200.86.95.220 - - [21/Sep/2017:12:30:56 -0300] "POST /cormun/servlet/solicitudot?gx-no-cache=1506007892599 HTTP/1.1" 200 41
200.54.247.70 - - [21/Sep/2017:12:31:09 -0300] "GET /cormun/servlet/hhome HTTP/1.1" 200 3413
200.54.247.70 - - [21/Sep/2017:12:31:10 -0300] "GET /cormun/servlet/hhome HTTP/1.1" 200 3386
200.54.247.70 - - [21/Sep/2017:12:31:10 -0300] "GET /cormun/servlet/hlogin HTTP/1.1" 200 1733
200.54.247.70 - - [21/Sep/2017:12:31:19 -0300] "POST /cormun/servlet/hlogin?0a0d0196c34e46376295e74750308c55,gx-no-cache=1506007917941 HTTP/1.1" 200 445
200.54.247.70 - - [21/Sep/2017:12:31:48 -0300] "POST /cormun/servlet/hlogin?0a0d0196c34e46376295e74750308c55,gx-no-cache=1506007946361 HTTP/1.1" 200 90
200.54.247.70 - - [21/Sep/2017:12:31:48 -0300] "GET /cormun/servlet/hpexe_link HTTP/1.1" 200 950
200.54.247.70 - - [21/Sep/2017:12:31:48 -0300] "GET /cormun/servlet/hhome HTTP/1.1" 200 4107
200.54.247.70 - - [21/Sep/2017:12:31:49 -0300] "GET /cormun/servlet/hhome HTTP/1.1" 200 4104
200.86.95.220 - - [21/Sep/2017:12:31:52 -0300] "GET /cormun/servlet/solicitudot?819d450b32f84bbf6ccf95d06b987cb9ca1a81501c4b1011abc0398f5c05d2ba2c00068500627de1ae3e5a8242afaafc3d8a477f5f1cf974176434fe08d1809f2648611abb0381c80f6f3dba508065f929665b3de10e41b330df6a28ba5e0f65c41d8a84b4ad48f182970d0f6b9324af,gx-no-cache=1506007948583 HTTP/1.1" 200 29
200.86.95.220 - - [21/Sep/2017:12:31:52 -0300] "POST /cormun/servlet/solicitudot?gx-no-cache=1506007948692 HTTP/1.1" 200 1335
200.86.95.220 - - [21/Sep/2017:12:32:15 -0300] "GET /cormun/static/menuarrow.gif HTTP/1.1" 404 1015
200.86.95.220 - - [21/Sep/2017:12:32:26 -0300] "GET /cormun/servlet/solicitudot?819d450b32f84bbf6ccf95d06b987cb9d2c3afa3cc5ca19f46c9b903a4a0591a265a4d3674533025b7ea2d96e5bdb442,gx-no-cache=1506007983457 HTTP/1.1" 200 30
200.86.95.220 - - [21/Sep/2017:12:32:27 -0300] "POST /cormun/servlet/solicitudot?gx-no-cache=1506007983533 HTTP/1.1" 200 34
190.45.55.254 - - [21/Sep/2017:12:32:50 -0300] "GET /cormun/servlet/licenciaspermisosadjuntos?INS,7463753,L,20170921000000,, HTTP/1.1" 200 5831
190.45.55.254 - - [21/Sep/2017:12:32:50 -0300] "GET /cormun/static/about:blank HTTP/1.1" 404 1011
190.45.55.254 - - [21/Sep/2017:12:32:50 -0300] "GET /cormun/servlet/licenciaspermisosadjuntos?INS,7463753,L,20170921000000,, HTTP/1.1" 200 5820
190.45.55.254 - - [21/Sep/2017:12:33:08 -0300] "POST /cormun/servlet/licenciaspermisosadjuntos?edffb2b082df07afefff0e8777a2a905,INS,7463753,L,20170921000000,, HTTP/1.1" 200 116
190.45.55.254 - - [21/Sep/2017:12:33:08 -0300] "GET /cormun/servlet/hpexe_return? HTTP/1.1" 200 1037
190.45.55.254 - - [21/Sep/2017:12:33:09 -0300] "GET /cormun/servlet/trlicenciaspermisosadjuntos?7463753,20170921000000,L, HTTP/1.1" 200 7054
190.45.55.254 - - [21/Sep/2017:12:33:09 -0300] "GET /cormun/servlet/trlicenciaspermisosadjuntos?7463753,20170921000000,L, HTTP/1.1" 200 7052
190.45.55.254 - - [21/Sep/2017:12:33:12 -0300] "POST /cormun/servlet/trlicenciaspermisosadjuntos?edffb2b082df07afefff0e8777a2a905,7463753,20170921000000,L,,gx-no-cache=1506008027574 HTTP/1.1" 200 90
190.45.55.254 - - [21/Sep/2017:12:33:13 -0300] "GET /cormun/servlet/hpexe_link HTTP/1.1" 200 1001
190.45.55.254 - - [21/Sep/2017:12:33:13 -0300] "GET /cormun/servlet/trlicencias?gx-no-cache=1506005543818 HTTP/1.1" 200 12748
190.45.55.254 - - [21/Sep/2017:12:33:13 -0300] "GET /cormun/servlet/trlicencias?gx-no-cache=1506005543818 HTTP/1.1" 200 12766
200.86.95.220 - - [21/Sep/2017:12:34:39 -0300] "POST /cormun/servlet/solicitudot?gx-no-cache=1506008115505 HTTP/1.1" 200 295
200.86.95.220 - - [21/Sep/2017:12:34:39 -0300] "GET /cormun/servlet/solicitudot?819d450b32f84bbf6ccf95d06b987cb909dac39416e7c1c9f1927ae6898b2b4d7ae9e5a3ab236d42037a6590b0937db7c3359d87bd627a5c786c01d940169d1d833e9e515125fc33391d6a278958bad0153a0f1e6b9cfbff527330367d5578b98d2a5b82ed9128ea1ac7980846c2aef94cdf4365d957259f1bee5e937ff8ee00416bd964546a026d8bbabe2877f1a2c3799ac2e48e5a45dadfa9fb5ce5dd5bc84b248d995031d347b7f18070707183b405bff162c41f00c062b593d507d70a72e019861f0bfa4d69df463e38827177be0b68c0f50fff021bd58cc3e7ac18056c4a42c45368128767a5f28a41fd0ad152196e1bc3ab09d949cb30b4611f1df7525215ed29a4b9deaadd6668d95dbe15041c2d78a685e3e685a484f004fdc4d8fd29659be3ba99dc79fa9345354896664aa3e7edf19c3826e674a3b1ae57583a78136bf65fbb6c1d42c342bd8d5f84e0513662a7787f681231577e60ef03a3883b45f8ff7a37777a6a3e467676052099ee91f08c9093271204355a89551252b5fdc401694a0c607e012cddbecaded7de38,gx-no-cache=1506008115725 HTTP/1.1" 200 30
200.86.95.220 - - [21/Sep/2017:12:34:39 -0300] "POST /cormun/servlet/solicitudot?gx-no-cache=1506008115798 HTTP/1.1" 200 30
200.86.95.220 - - [21/Sep/2017:12:34:39 -0300] "POST /cormun/servlet/solicitudot?gx-no-cache=1506008115907 HTTP/1.1" 200 1353
200.86.95.220 - - [21/Sep/2017:12:34:39 -0300] "POST /cormun/servlet/solicitudot?gx-no-cache=1506008116060 HTTP/1.1" 200 41
200.86.95.220 - - [21/Sep/2017:12:34:39 -0300] "POST /cormun/servlet/solicitudot?gx-no-cache=1506008116118 HTTP/1.1" 200 1335
200.86.95.220 - - [21/Sep/2017:12:34:39 -0300] "GET /cormun/servlet/solicitudot?819d450b32f84bbf6ccf95d06b987cb9d2c3afa3cc5ca19f46c9b903a4a0591a265a4d3674533025b7ea2d96e5bdb442,gx-no-cache=1506008116199 HTTP/1.1" 200 30
200.86.95.220 - - [21/Sep/2017:12:34:39 -0300] "POST /cormun/servlet/solicitudot?gx-no-cache=1506008116253 HTTP/1.1" 200 34
200.86.95.220 - - [21/Sep/2017:12:34:40 -0300] "POST /cormun/servlet/solicitudot?43cac42a090ea9a8a570d152a4d6055f,INS,0,0,,gx-no-cache=1506008116315 HTTP/1.1" 200 93
200.86.95.220 - - [21/Sep/2017:12:34:40 -0300] "GET /cormun/servlet/hpexe_return? HTTP/1.1" 200 1008
200.86.95.220 - - [21/Sep/2017:12:34:40 -0300] "GET /cormun/servlet/trsolicitudot HTTP/1.1" 200 8948
200.86.95.220 - - [21/Sep/2017:12:34:42 -0300] "GET /cormun/servlet/trsolicitudot HTTP/1.1" 200 8945
200.86.95.220 - - [21/Sep/2017:12:34:46 -0300] "POST /cormun/servlet/trsolicitudot?43cac42a090ea9a8a570d152a4d6055f,gx-no-cache=1506008123372 HTTP/1.1" 200 106
200.86.95.220 - - [21/Sep/2017:12:34:47 -0300] "GET /cormun/servlet/trsolicitudadjuntos?2017,7423, HTTP/1.1" 200 5942
200.86.95.220 - - [21/Sep/2017:12:34:47 -0300] "GET /cormun/static/gxcfg.js?20177612135366 HTTP/1.1" 200 953
200.86.95.220 - - [21/Sep/2017:12:34:47 -0300] "GET /cormun/static/trsolicitudadjuntos.js?20177612135632 HTTP/1.1" 200 17922
200.86.95.220 - - [21/Sep/2017:12:34:48 -0300] "GET /cormun/servlet/trsolicitudadjuntos?2017,7423, HTTP/1.1" 200 5942
200.86.95.220 - - [21/Sep/2017:12:34:52 -0300] "GET /cormun/servlet/solicitudotadjuntos?INS,2017,7423,,1, HTTP/1.1" 200 5893
200.86.95.220 - - [21/Sep/2017:12:34:52 -0300] "GET /cormun/static/gxcfg.js?2017761244068 HTTP/1.1" 200 953
200.86.95.220 - - [21/Sep/2017:12:34:52 -0300] "GET /cormun/static/solicitudotadjuntos.js?2017761244086 HTTP/1.1" 200 11771
200.86.95.220 - - [21/Sep/2017:12:34:52 -0300] "GET /cormun/static/about:blank HTTP/1.1" 404 1011
200.86.95.220 - - [21/Sep/2017:12:34:53 -0300] "GET /cormun/servlet/solicitudotadjuntos?INS,2017,7423,,1, HTTP/1.1" 200 5886
200.86.95.220 - - [21/Sep/2017:12:34:53 -0300] "GET /cormun/servlet/solicitudotadjuntos?819d450b32f84bbf6ccf95d06b987cb9ccc4f5ea64d8305a8371dfab6edf716f183bec4bcec7a24e65f42b2f92c0a8b6,gx-no-cache=1506008130163 HTTP/1.1" 200 30
200.86.95.220 - - [21/Sep/2017:12:34:53 -0300] "POST /cormun/servlet/solicitudotadjuntos?43cac42a090ea9a8a570d152a4d6055f,INS,2017,7423,,1,,gx-no-cache=1506008130213 HTTP/1.1" 200 3697
200.86.95.220 - - [21/Sep/2017:12:34:58 -0300] "POST /cormun/servlet/solicitudotadjuntos?gx-no-cache=1506008134541 HTTP/1.1" 200 26
200.111.191.210 - - [21/Sep/2017:12:35:06 -0300] "GET /cormun/servlet/permisogoce?INS,0,,, HTTP/1.1" 200 6054
200.111.191.210 - - [21/Sep/2017:12:35:06 -0300] "GET /cormun/servlet/hlogin HTTP/1.1" 200 1738
200.111.191.210 - - [21/Sep/2017:12:35:06 -0300] "GET /cormun/servlet/permisogoce?INS,0,,, HTTP/1.1" 200 6048
200.86.95.220 - - [21/Sep/2017:12:35:09 -0300] "GET /cormun/servlet/solicitudotadjuntos?819d450b32f84bbf6ccf95d06b987cb985d20e1001a6de09fbcb237207db8f9a,gx-no-cache=1506008145674 HTTP/1.1" 200 30
200.86.95.220 - - [21/Sep/2017:12:35:09 -0300] "GET /cormun/servlet/solicitudotadjuntos?819d450b32f84bbf6ccf95d06b987cb985d20e1001a6de09fbcb237207db8f9a,gx-no-cache=1506008145709 HTTP/1.1" 200 30
200.86.95.220 - - [21/Sep/2017:12:35:10 -0300] "POST /cormun/servlet/solicitudotadjuntos?43cac42a090ea9a8a570d152a4d6055f,INS,2017,7423,,1, HTTP/1.1" 200 116
200.86.95.220 - - [21/Sep/2017:12:35:10 -0300] "GET /cormun/servlet/hpexe_return? HTTP/1.1" 200 1029
200.86.95.220 - - [21/Sep/2017:12:35:10 -0300] "GET /cormun/servlet/trsolicitudadjuntos?2017,7423, HTTP/1.1" 200 8182
200.111.191.210 - - [21/Sep/2017:12:35:11 -0300] "POST /cormun/servlet/hlogin?929f4f5f62b997c3dc8eec0d3807bc9f,gx-no-cache=1506008146419 HTTP/1.1" 200 90
200.111.191.210 - - [21/Sep/2017:12:35:11 -0300] "GET /cormun/servlet/hpexe_link HTTP/1.1" 200 957
200.111.191.210 - - [21/Sep/2017:12:35:11 -0300] "GET /cormun/servlet/permisogoce?INS,0,,, HTTP/1.1" 200 6497
200.86.95.220 - - [21/Sep/2017:12:35:11 -0300] "GET /cormun/servlet/trsolicitudadjuntos?2017,7423, HTTP/1.1" 200 8178
200.111.191.210 - - [21/Sep/2017:12:35:12 -0300] "GET /cormun/servlet/permisogoce?INS,0,,, HTTP/1.1" 200 6497
200.111.191.210 - - [21/Sep/2017:12:35:26 -0300] "GET /cormun/servlet/permisogoce?bb2a5aeec2e5ed5c997c8bf05321eaf7ccfa43fc2eb6e3b19d6837a4b77e8e92c320553f00a84b54a3db9e88e157669e4acc5ee7362712e95da0e2ed9dfacd64,gx-no-cache=1506008162071 HTTP/1.1" 200 86
200.111.191.210 - - [21/Sep/2017:12:35:30 -0300] "GET /cormun/servlet/permisogoce?bb2a5aeec2e5ed5c997c8bf05321eaf75a3ecee6ea7ea435fc3ff2b6437ff9cddc3334fc58daf504f63d8186745946f38cef8be6315488eee9740b02e59019ba,gx-no-cache=1506008165759 HTTP/1.1" 200 47
200.111.191.210 - - [21/Sep/2017:12:35:37 -0300] "POST /cormun/servlet/permisogoce?929f4f5f62b997c3dc8eec0d3807bc9f,INS,0,,,,gx-no-cache=1506008172025 HTTP/1.1" 200 93
200.111.191.210 - - [21/Sep/2017:12:35:37 -0300] "GET /cormun/servlet/hpexe_return? HTTP/1.1" 200 1001
200.111.191.210 - - [21/Sep/2017:12:35:37 -0300] "GET /cormun/servlet/hhome HTTP/1.1" 200 3839
200.111.191.210 - - [21/Sep/2017:12:35:37 -0300] "GET /cormun/servlet/hhome HTTP/1.1" 200 3834
200.86.95.220 - - [21/Sep/2017:12:35:40 -0300] "GET /cormun/servlet/solicitudotadjuntos?INS,2017,7423,,1, HTTP/1.1" 200 5893
200.86.95.220 - - [21/Sep/2017:12:35:40 -0300] "GET /cormun/static/about:blank HTTP/1.1" 404 1011
200.86.95.220 - - [21/Sep/2017:12:35:41 -0300] "GET /cormun/servlet/solicitudotadjuntos?INS,2017,7423,,1, HTTP/1.1" 200 5886
200.111.191.210 - - [21/Sep/2017:12:35:42 -0300] "GET /cormun/servlet/trpermisosgoce? HTTP/1.1" 200 16549
200.86.95.220 - - [21/Sep/2017:12:35:42 -0300] "GET /cormun/servlet/solicitudotadjuntos?819d450b32f84bbf6ccf95d06b987cb9ccc4f5ea64d8305a8371dfab6edf716f183bec4bcec7a24e65f42b2f92c0a8b6,gx-no-cache=1506008178751 HTTP/1.1" 200 30
200.86.95.220 - - [21/Sep/2017:12:35:42 -0300] "POST /cormun/servlet/solicitudotadjuntos?43cac42a090ea9a8a570d152a4d6055f,INS,2017,7423,,1,,gx-no-cache=1506008178809 HTTP/1.1" 200 3697
200.111.191.210 - - [21/Sep/2017:12:35:42 -0300] "GET /cormun/servlet/trpermisosgoce? HTTP/1.1" 200 16566
200.86.95.220 - - [21/Sep/2017:12:35:45 -0300] "POST /cormun/servlet/solicitudotadjuntos?gx-no-cache=1506008181569 HTTP/1.1" 200 26
200.111.191.210 - - [21/Sep/2017:12:35:48 -0300] "GET /cormun/servlet/apermisogoceprn?12291516,P,20170921123430,PU HTTP/1.1" 200 1655
200.54.247.70 - - [21/Sep/2017:12:35:50 -0300] "GET /cormun/servlet/hlogin HTTP/1.1" 200 1723
200.54.247.70 - - [21/Sep/2017:12:35:57 -0300] "POST /cormun/servlet/hlogin?0a0d0196c34e46376295e74750308c55,gx-no-cache=1506008195650 HTTP/1.1" 200 90
200.54.247.70 - - [21/Sep/2017:12:35:57 -0300] "GET /cormun/servlet/hpexe_link HTTP/1.1" 200 950
200.54.247.70 - - [21/Sep/2017:12:35:57 -0300] "GET /cormun/servlet/hhome HTTP/1.1" 200 4107
200.54.247.70 - - [21/Sep/2017:12:35:58 -0300] "GET /cormun/servlet/hhome HTTP/1.1" 200 4104
200.86.95.220 - - [21/Sep/2017:12:35:59 -0300] "GET /cormun/servlet/solicitudotadjuntos?819d450b32f84bbf6ccf95d06b987cb985d20e1001a6de09fbcb237207db8f9a,gx-no-cache=1506008195752 HTTP/1.1" 200 30
200.86.95.220 - - [21/Sep/2017:12:35:59 -0300] "GET /cormun/servlet/solicitudotadjuntos?819d450b32f84bbf6ccf95d06b987cb985d20e1001a6de09fbcb237207db8f9a,gx-no-cache=1506008195789 HTTP/1.1" 200 30
200.54.247.70 - - [21/Sep/2017:12:36:02 -0300] "GET /cormun/Manuales/ManualSolicitud.pdf HTTP/1.1" 200 850295
200.54.247.70 - - [21/Sep/2017:12:36:04 -0300] "GET /cormun/servlet/hhome HTTP/1.1" 200 4107
200.54.247.70 - - [21/Sep/2017:12:36:05 -0300] "GET /cormun/servlet/hhome HTTP/1.1" 200 4104
200.86.95.220 - - [21/Sep/2017:12:36:05 -0300] "POST /cormun/servlet/solicitudotadjuntos?43cac42a090ea9a8a570d152a4d6055f,INS,2017,7423,,1, HTTP/1.1" 200 116
200.86.95.220 - - [21/Sep/2017:12:36:05 -0300] "GET /cormun/servlet/hpexe_return? HTTP/1.1" 200 1029
200.86.95.220 - - [21/Sep/2017:12:36:06 -0300] "GET /cormun/servlet/trsolicitudadjuntos?2017,7423, HTTP/1.1" 200 8443
200.54.247.70 - - [21/Sep/2017:12:36:07 -0300] "GET /cormun/servlet/trpermisosgoce? HTTP/1.1" 200 15286
200.54.247.70 - - [21/Sep/2017:12:36:08 -0300] "GET /cormun/servlet/trpermisosgoce? HTTP/1.1" 200 15244
200.86.95.220 - - [21/Sep/2017:12:36:08 -0300] "GET /cormun/servlet/trsolicitudadjuntos?2017,7423, HTTP/1.1" 200 8441
200.54.247.70 - - [21/Sep/2017:12:36:12 -0300] "GET /cormun/servlet/permisogoce?INS,0,,, HTTP/1.1" 200 6940
200.86.95.220 - - [21/Sep/2017:12:36:12 -0300] "GET /cormun/servlet/solicitudotadjuntos?INS,2017,7423,,1, HTTP/1.1" 200 5892
200.54.247.70 - - [21/Sep/2017:12:36:12 -0300] "GET /cormun/servlet/permisogoce?INS,0,,, HTTP/1.1" 200 6940
200.86.95.220 - - [21/Sep/2017:12:36:13 -0300] "GET /cormun/static/about:blank HTTP/1.1" 404 1011
200.86.95.220 - - [21/Sep/2017:12:36:13 -0300] "GET /cormun/servlet/solicitudotadjuntos?INS,2017,7423,,1, HTTP/1.1" 200 5886
200.86.95.220 - - [21/Sep/2017:12:36:13 -0300] "GET /cormun/servlet/solicitudotadjuntos?819d450b32f84bbf6ccf95d06b987cb9ccc4f5ea64d8305a8371dfab6edf716f183bec4bcec7a24e65f42b2f92c0a8b6,gx-no-cache=1506008210425 HTTP/1.1" 200 30
200.86.95.220 - - [21/Sep/2017:12:36:14 -0300] "POST /cormun/servlet/solicitudotadjuntos?43cac42a090ea9a8a570d152a4d6055f,INS,2017,7423,,1,,gx-no-cache=1506008210481 HTTP/1.1" 200 3697
200.54.247.70 - - [21/Sep/2017:12:36:15 -0300] "GET /cormun/servlet/prfichaempleado?,MD,,gxPopupLevel%3D0%3B HTTP/1.1" 200 9360
200.86.95.220 - - [21/Sep/2017:12:36:19 -0300] "POST /cormun/servlet/solicitudotadjuntos?gx-no-cache=1506008215487 HTTP/1.1" 200 26
200.54.247.70 - - [21/Sep/2017:12:36:25 -0300] "POST /cormun/servlet/prfichaempleado?0a0d0196c34e46376295e74750308c55,,MD,,gxPopupLevel%3D0%3B,gx-no-cache=1506008223209 HTTP/1.1" 200 3188
200.86.95.220 - - [21/Sep/2017:12:36:27 -0300] "GET /cormun/servlet/solicitudotadjuntos?819d450b32f84bbf6ccf95d06b987cb985d20e1001a6de09fbcb237207db8f9a,gx-no-cache=1506008223689 HTTP/1.1" 200 30
200.86.95.220 - - [21/Sep/2017:12:36:27 -0300] "GET /cormun/servlet/solicitudotadjuntos?819d450b32f84bbf6ccf95d06b987cb985d20e1001a6de09fbcb237207db8f9a,gx-no-cache=1506008223735 HTTP/1.1" 200 30
200.86.95.220 - - [21/Sep/2017:12:36:27 -0300] "POST /cormun/servlet/solicitudotadjuntos?43cac42a090ea9a8a570d152a4d6055f,INS,2017,7423,,1, HTTP/1.1" 200 116
200.86.95.220 - - [21/Sep/2017:12:36:27 -0300] "GET /cormun/servlet/hpexe_return? HTTP/1.1" 200 1029
200.86.95.220 - - [21/Sep/2017:12:36:28 -0300] "GET /cormun/servlet/trsolicitudadjuntos?2017,7423, HTTP/1.1" 200 8611
200.86.95.220 - - [21/Sep/2017:12:36:30 -0300] "GET /cormun/servlet/trsolicitudadjuntos?2017,7423, HTTP/1.1" 200 8609
200.54.247.70 - - [21/Sep/2017:12:36:34 -0300] "POST /cormun/servlet/prfichaempleado?0a0d0196c34e46376295e74750308c55,,MD,,gxPopupLevel%3D0%3B,gx-no-cache=1506008232521 HTTP/1.1" 200 3427
200.54.247.70 - - [21/Sep/2017:12:36:45 -0300] "GET /cormun/servlet/permisogoce?c2ddb945da4173055733ac2c830536010fb5255642cf69dc405142c2169fc95e42566868e8e1a29d5eb39006d3a6068c87ab546f6e07354a0623368174b736ef,gx-no-cache=1506008244096 HTTP/1.1" 200 82
200.54.247.70 - - [21/Sep/2017:12:36:54 -0300] "GET /cormun/servlet/permisogoce?c2ddb945da4173055733ac2c8305360173f5a9cb19a36a1abe49e3d7f4e0058245a0a03ccd5c5ce3b7e518985ece353e91a5a4be12cb13d767e16708e2dc44be,gx-no-cache=1506008252500 HTTP/1.1" 200 47
200.54.247.70 - - [21/Sep/2017:12:37:01 -0300] "POST /cormun/servlet/permisogoce?0a0d0196c34e46376295e74750308c55,INS,0,,,,gx-no-cache=1506008259129 HTTP/1.1" 200 93
200.54.247.70 - - [21/Sep/2017:12:37:01 -0300] "GET /cormun/servlet/hpexe_return? HTTP/1.1" 200 1009
200.54.247.70 - - [21/Sep/2017:12:37:01 -0300] "GET /cormun/servlet/trpermisosgoce HTTP/1.1" 200 15503
200.54.247.70 - - [21/Sep/2017:12:37:02 -0300] "GET /cormun/servlet/trpermisosgoce HTTP/1.1" 200 15542
200.54.247.70 - - [21/Sep/2017:12:37:07 -0300] "GET /cormun/servlet/trpermisosadjuntos?16881970,20170921123531,P, HTTP/1.1" 200 6422
200.54.247.70 - - [21/Sep/2017:12:37:07 -0300] "GET /cormun/servlet/trpermisosadjuntos?16881970,20170921123531,P, HTTP/1.1" 200 6423
200.54.247.70 - - [21/Sep/2017:12:37:09 -0300] "GET /cormun/servlet/permisosadjuntos?INS,16881970,P,20170921123531,, HTTP/1.1" 200 5753
200.54.247.70 - - [21/Sep/2017:12:37:09 -0300] "GET /cormun/static/about:blank HTTP/1.1" 404 1011
200.54.247.70 - - [21/Sep/2017:12:37:09 -0300] "GET /cormun/servlet/permisosadjuntos?INS,16881970,P,20170921123531,, HTTP/1.1" 200 5743
200.54.247.70 - - [21/Sep/2017:12:37:25 -0300] "POST /cormun/servlet/permisosadjuntos?0a0d0196c34e46376295e74750308c55,INS,16881970,P,20170921123531,, HTTP/1.1" 200 116
200.54.247.70 - - [21/Sep/2017:12:37:26 -0300] "GET /cormun/servlet/hpexe_return? HTTP/1.1" 200 1037
200.54.247.70 - - [21/Sep/2017:12:37:27 -0300] "GET /cormun/servlet/trpermisosadjuntos?16881970,20170921123531,P, HTTP/1.1" 200 6917
200.54.247.70 - - [21/Sep/2017:12:37:28 -0300] "GET /cormun/servlet/trpermisosadjuntos?16881970,20170921123531,P, HTTP/1.1" 200 6912
200.54.247.70 - - [21/Sep/2017:12:37:59 -0300] "POST /cormun/servlet/trpermisosadjuntos?0a0d0196c34e46376295e74750308c55,16881970,20170921123531,P,,gx-no-cache=1506008317364 HTTP/1.1" 200 90
200.54.247.70 - - [21/Sep/2017:12:37:59 -0300] "GET /cormun/servlet/hpexe_link HTTP/1.1" 200 982
200.54.247.70 - - [21/Sep/2017:12:37:59 -0300] "GET /cormun/servlet/trpermisosgoce HTTP/1.1" 200 15499
200.54.247.70 - - [21/Sep/2017:12:38:00 -0300] "GET /cormun/servlet/trpermisosgoce HTTP/1.1" 200 15498
200.54.247.70 - - [21/Sep/2017:12:38:03 -0300] "POST /cormun/servlet/trpermisosgoce?0a0d0196c34e46376295e74750308c55,gx-no-cache=1506008321242 HTTP/1.1" 200 12679
200.54.247.70 - - [21/Sep/2017:12:38:03 -0300] "GET /cormun/static/Shared/jqueryui/images/ui-bg_highlight-soft_100_c6c2c8_1x100.png HTTP/1.1" 404 1117
200.54.247.70 - - [21/Sep/2017:12:38:03 -0300] "GET /cormun/static/Shared/jqueryui/images/ui-icons_82798d_256x240.png HTTP/1.1" 404 1089
200.54.247.70 - - [21/Sep/2017:12:38:03 -0300] "GET /cormun/static/Shared/jqueryui/images/ui-bg_flat_55_fafafa_40x100.png HTTP/1.1" 404 1097
200.54.247.70 - - [21/Sep/2017:12:38:03 -0300] "GET /cormun/static/Shared/jqueryui/images/ui-icons_8d78a5_256x240.png HTTP/1.1" 404 1089
200.86.95.220 - - [21/Sep/2017:12:38:50 -0300] "GET /cormun/servlet/solicitudotadjuntos?INS,2017,7423,,1, HTTP/1.1" 200 5892
190.151.124.170 - - [21/Sep/2017:12:38:50 -0300] "GET /cormun/servlet/hlogin HTTP/1.1" 200 1725
200.86.95.220 - - [21/Sep/2017:12:38:51 -0300] "GET /cormun/static/about:blank HTTP/1.1" 404 1011
190.151.124.170 - - [21/Sep/2017:12:38:51 -0300] "GET /cormun/servlet/hlogin HTTP/1.1" 200 1733
200.86.95.220 - - [21/Sep/2017:12:38:52 -0300] "GET /cormun/servlet/solicitudotadjuntos?INS,2017,7423,,1, HTTP/1.1" 200 5886
200.86.95.220 - - [21/Sep/2017:12:38:52 -0300] "GET /cormun/servlet/solicitudotadjuntos?819d450b32f84bbf6ccf95d06b987cb9ccc4f5ea64d8305a8371dfab6edf716f183bec4bcec7a24e65f42b2f92c0a8b6,gx-no-cache=1506008369333 HTTP/1.1" 200 30
200.86.95.220 - - [21/Sep/2017:12:38:53 -0300] "POST /cormun/servlet/solicitudotadjuntos?43cac42a090ea9a8a570d152a4d6055f,INS,2017,7423,,1,,gx-no-cache=1506008369474 HTTP/1.1" 200 3696
190.151.124.170 - - [21/Sep/2017:12:38:53 -0300] "POST /cormun/servlet/hlogin?c47075b012c710925cffe185e4c045a3,gx-no-cache=1506008356168 HTTP/1.1" 200 90
190.151.124.170 - - [21/Sep/2017:12:38:53 -0300] "GET /cormun/servlet/hpexe_link HTTP/1.1" 200 954
190.151.124.170 - - [21/Sep/2017:12:38:53 -0300] "GET /cormun/servlet/hhome HTTP/1.1" 200 4047
190.151.124.170 - - [21/Sep/2017:12:38:55 -0300] "GET /cormun/servlet/hhome HTTP/1.1" 200 4044
200.86.95.220 - - [21/Sep/2017:12:38:58 -0300] "POST /cormun/servlet/solicitudotadjuntos?gx-no-cache=1506008374614 HTTP/1.1" 200 26
190.151.124.170 - - [21/Sep/2017:12:39:02 -0300] "GET /cormun/servlet/trlicencias? HTTP/1.1" 200 11068
190.151.124.170 - - [21/Sep/2017:12:39:03 -0300] "GET /cormun/servlet/trlicencias? HTTP/1.1" 200 11065
200.86.95.220 - - [21/Sep/2017:12:39:04 -0300] "GET /cormun/servlet/solicitudotadjuntos?819d450b32f84bbf6ccf95d06b987cb985d20e1001a6de09fbcb237207db8f9a,gx-no-cache=1506008381143 HTTP/1.1" 200 30
200.86.95.220 - - [21/Sep/2017:12:39:04 -0300] "GET /cormun/servlet/solicitudotadjuntos?819d450b32f84bbf6ccf95d06b987cb985d20e1001a6de09fbcb237207db8f9a,gx-no-cache=1506008381196 HTTP/1.1" 200 30
200.86.95.220 - - [21/Sep/2017:12:39:05 -0300] "POST /cormun/servlet/solicitudotadjuntos?43cac42a090ea9a8a570d152a4d6055f,INS,2017,7423,,1, HTTP/1.1" 200 116
200.86.95.220 - - [21/Sep/2017:12:39:05 -0300] "GET /cormun/servlet/hpexe_return? HTTP/1.1" 200 1029
200.86.95.220 - - [21/Sep/2017:12:39:06 -0300] "GET /cormun/servlet/trsolicitudadjuntos?2017,7423, HTTP/1.1" 200 8757
200.86.95.220 - - [21/Sep/2017:12:39:08 -0300] "GET /cormun/servlet/trsolicitudadjuntos?2017,7423, HTTP/1.1" 200 8758
200.86.95.220 - - [21/Sep/2017:12:39:12 -0300] "GET /cormun/servlet/solicitudotadjuntos?INS,2017,7423,,1, HTTP/1.1" 200 5892
200.86.95.220 - - [21/Sep/2017:12:39:12 -0300] "GET /cormun/static/about:blank HTTP/1.1" 404 1011
200.86.95.220 - - [21/Sep/2017:12:39:13 -0300] "GET /cormun/servlet/solicitudotadjuntos?INS,2017,7423,,1, HTTP/1.1" 200 5886
200.86.95.220 - - [21/Sep/2017:12:39:13 -0300] "GET /cormun/servlet/solicitudotadjuntos?819d450b32f84bbf6ccf95d06b987cb9ccc4f5ea64d8305a8371dfab6edf716f183bec4bcec7a24e65f42b2f92c0a8b6,gx-no-cache=1506008390122 HTTP/1.1" 200 30
200.86.95.220 - - [21/Sep/2017:12:39:13 -0300] "POST /cormun/servlet/solicitudotadjuntos?43cac42a090ea9a8a570d152a4d6055f,INS,2017,7423,,1,,gx-no-cache=1506008390190 HTTP/1.1" 200 3696
200.86.95.220 - - [21/Sep/2017:12:39:17 -0300] "POST /cormun/servlet/solicitudotadjuntos?gx-no-cache=1506008394238 HTTP/1.1" 200 26
200.86.95.220 - - [21/Sep/2017:12:39:23 -0300] "GET /cormun/servlet/solicitudotadjuntos?819d450b32f84bbf6ccf95d06b987cb985d20e1001a6de09fbcb237207db8f9a,gx-no-cache=1506008400284 HTTP/1.1" 200 30
200.86.95.220 - - [21/Sep/2017:12:39:23 -0300] "GET /cormun/servlet/solicitudotadjuntos?819d450b32f84bbf6ccf95d06b987cb985d20e1001a6de09fbcb237207db8f9a,gx-no-cache=1506008400381 HTTP/1.1" 200 30
200.86.95.220 - - [21/Sep/2017:12:39:26 -0300] "POST /cormun/servlet/solicitudotadjuntos?43cac42a090ea9a8a570d152a4d6055f,INS,2017,7423,,1, HTTP/1.1" 200 116
200.86.95.220 - - [21/Sep/2017:12:39:26 -0300] "GET /cormun/servlet/hpexe_return? HTTP/1.1" 200 1029
200.86.95.220 - - [21/Sep/2017:12:39:28 -0300] "GET /cormun/servlet/trsolicitudadjuntos?2017,7423, HTTP/1.1" 200 8979
200.86.95.220 - - [21/Sep/2017:12:39:30 -0300] "GET /cormun/servlet/trsolicitudadjuntos?2017,7423, HTTP/1.1" 200 8976
200.86.95.220 - - [21/Sep/2017:12:39:32 -0300] "GET /cormun/servlet/solicitudotadjuntos?INS,2017,7423,,1, HTTP/1.1" 200 5892
200.86.95.220 - - [21/Sep/2017:12:39:32 -0300] "GET /cormun/static/about:blank HTTP/1.1" 404 1011
186.103.157.98 - - [21/Sep/2017:12:39:32 -0300] "GET /cormun/servlet/hpexe_return? HTTP/1.1" 200 988
186.103.157.98 - - [21/Sep/2017:12:39:32 -0300] "GET /cormun/servlet/hhome HTTP/1.1" 200 3393
200.86.95.220 - - [21/Sep/2017:12:39:33 -0300] "GET /cormun/servlet/solicitudotadjuntos?INS,2017,7423,,1, HTTP/1.1" 200 5886
186.103.157.98 - - [21/Sep/2017:12:39:33 -0300] "GET /cormun/servlet/hlogin HTTP/1.1" 200 1735
186.103.157.98 - - [21/Sep/2017:12:39:33 -0300] "GET /cormun/servlet/hhome HTTP/1.1" 200 3389
200.86.95.220 - - [21/Sep/2017:12:39:33 -0300] "GET /cormun/servlet/solicitudotadjuntos?819d450b32f84bbf6ccf95d06b987cb9ccc4f5ea64d8305a8371dfab6edf716f183bec4bcec7a24e65f42b2f92c0a8b6,gx-no-cache=1506008410052 HTTP/1.1" 200 30
200.86.95.220 - - [21/Sep/2017:12:39:33 -0300] "POST /cormun/servlet/solicitudotadjuntos?43cac42a090ea9a8a570d152a4d6055f,INS,2017,7423,,1,,gx-no-cache=1506008410100 HTTP/1.1" 200 3696
186.103.157.98 - - [21/Sep/2017:12:39:35 -0300] "POST /cormun/servlet/hlogin?434f85e438506864144895aa70ba403a,gx-no-cache=1506008410264 HTTP/1.1" 200 90
186.103.157.98 - - [21/Sep/2017:12:39:36 -0300] "GET /cormun/servlet/hpexe_link HTTP/1.1" 200 955
186.103.157.98 - - [21/Sep/2017:12:39:36 -0300] "GET /cormun/servlet/hhome HTTP/1.1" 200 4097
186.103.157.98 - - [21/Sep/2017:12:39:36 -0300] "GET /cormun/servlet/hhome HTTP/1.1" 200 4093
200.54.247.70 - - [21/Sep/2017:12:39:36 -0300] "GET /cormun/servlet/trpermisosgoce? HTTP/1.1" 200 15525
200.86.95.220 - - [21/Sep/2017:12:39:37 -0300] "POST /cormun/servlet/solicitudotadjuntos?gx-no-cache=1506008413878 HTTP/1.1" 200 26
200.54.247.70 - - [21/Sep/2017:12:39:37 -0300] "GET /cormun/servlet/trpermisosgoce? HTTP/1.1" 200 15494
200.54.247.70 - - [21/Sep/2017:12:39:39 -0300] "GET /cormun/servlet/permisogoce?INS,0,,, HTTP/1.1" 200 6940
200.54.247.70 - - [21/Sep/2017:12:39:40 -0300] "GET /cormun/servlet/permisogoce?INS,0,,, HTTP/1.1" 200 6941
200.54.247.70 - - [21/Sep/2017:12:39:42 -0300] "GET /cormun/servlet/prfichaempleado?,MD,,gxPopupLevel%3D0%3B HTTP/1.1" 200 9360
186.103.157.98 - - [21/Sep/2017:12:39:45 -0300] "GET /cormun/servlet/trsolicitudot? HTTP/1.1" 200 8657
186.103.157.98 - - [21/Sep/2017:12:39:45 -0300] "GET /cormun/servlet/trsolicitudot? HTTP/1.1" 200 8655
200.54.247.70 - - [21/Sep/2017:12:39:51 -0300] "POST /cormun/servlet/prfichaempleado?0a0d0196c34e46376295e74750308c55,,MD,,gxPopupLevel%3D0%3B,gx-no-cache=1506008429250 HTTP/1.1" 200 3418
200.54.247.70 - - [21/Sep/2017:12:39:53 -0300] "GET /cormun/servlet/permisogoce?c2ddb945da4173055733ac2c83053601df0c7d3e951fa2503b29649de716aa7d42566868e8e1a29d5eb39006d3a6068c87ab546f6e07354a0623368174b736ef,gx-no-cache=1506008431712 HTTP/1.1" 200 75
200.86.95.220 - - [21/Sep/2017:12:39:55 -0300] "GET /cormun/servlet/solicitudotadjuntos?819d450b32f84bbf6ccf95d06b987cb985d20e1001a6de09fbcb237207db8f9a,gx-no-cache=1506008431647 HTTP/1.1" 200 30
200.86.95.220 - - [21/Sep/2017:12:39:55 -0300] "GET /cormun/servlet/solicitudotadjuntos?819d450b32f84bbf6ccf95d06b987cb985d20e1001a6de09fbcb237207db8f9a,gx-no-cache=1506008431681 HTTP/1.1" 200 30
200.54.247.70 - - [21/Sep/2017:12:39:59 -0300] "GET /cormun/servlet/permisogoce?c2ddb945da4173055733ac2c83053601f9f5cd93edbbe951cbbe4fa3873881224f979ce6ae40c6a5fc00be01d5b8c7215cb4eb7353bb3d1efd01fc10f5be9215,gx-no-cache=1506008437595 HTTP/1.1" 200 48
200.86.95.220 - - [21/Sep/2017:12:40:00 -0300] "POST /cormun/servlet/solicitudotadjuntos?43cac42a090ea9a8a570d152a4d6055f,INS,2017,7423,,1, HTTP/1.1" 200 116
200.86.95.220 - - [21/Sep/2017:12:40:00 -0300] "GET /cormun/servlet/hpexe_return? HTTP/1.1" 200 1029
200.86.95.220 - - [21/Sep/2017:12:40:01 -0300] "GET /cormun/servlet/trsolicitudadjuntos?2017,7423, HTTP/1.1" 200 9202
200.86.95.220 - - [21/Sep/2017:12:40:03 -0300] "GET /cormun/servlet/trsolicitudadjuntos?2017,7423, HTTP/1.1" 200 9199
200.54.247.70 - - [21/Sep/2017:12:40:06 -0300] "POST /cormun/servlet/permisogoce?0a0d0196c34e46376295e74750308c55,INS,0,,,,gx-no-cache=1506008444769 HTTP/1.1" 200 93
200.54.247.70 - - [21/Sep/2017:12:40:06 -0300] "GET /cormun/servlet/hpexe_return? HTTP/1.1" 200 1009
200.86.95.220 - - [21/Sep/2017:12:40:06 -0300] "GET /cormun/servlet/solicitudotadjuntos?INS,2017,7423,,2, HTTP/1.1" 200 5891
200.86.95.220 - - [21/Sep/2017:12:40:07 -0300] "GET /cormun/static/about:blank HTTP/1.1" 404 1011
200.54.247.70 - - [21/Sep/2017:12:40:07 -0300] "GET /cormun/servlet/trpermisosgoce HTTP/1.1" 200 15770
200.54.247.70 - - [21/Sep/2017:12:40:07 -0300] "GET /cormun/servlet/trpermisosgoce HTTP/1.1" 200 15792
200.86.95.220 - - [21/Sep/2017:12:40:07 -0300] "GET /cormun/servlet/solicitudotadjuntos?INS,2017,7423,,2, HTTP/1.1" 200 5886
200.86.95.220 - - [21/Sep/2017:12:40:08 -0300] "GET /cormun/servlet/solicitudotadjuntos?819d450b32f84bbf6ccf95d06b987cb9ccc4f5ea64d8305a8371dfab6edf716f183bec4bcec7a24e65f42b2f92c0a8b6,gx-no-cache=1506008444937 HTTP/1.1" 200 30
200.86.95.220 - - [21/Sep/2017:12:40:08 -0300] "POST /cormun/servlet/solicitudotadjuntos?43cac42a090ea9a8a570d152a4d6055f,INS,2017,7423,,2,,gx-no-cache=1506008445017 HTTP/1.1" 200 3909
200.54.247.70 - - [21/Sep/2017:12:40:12 -0300] "GET /cormun/servlet/trpermisosadjuntos?17129317,20170921123858,P, HTTP/1.1" 200 6411
200.54.247.70 - - [21/Sep/2017:12:40:12 -0300] "GET /cormun/servlet/trpermisosadjuntos?17129317,20170921123858,P, HTTP/1.1" 200 6412
200.54.247.70 - - [21/Sep/2017:12:40:14 -0300] "GET /cormun/servlet/permisosadjuntos?INS,17129317,P,20170921123858,, HTTP/1.1" 200 5745
200.54.247.70 - - [21/Sep/2017:12:40:14 -0300] "GET /cormun/static/about:blank HTTP/1.1" 404 1011
200.54.247.70 - - [21/Sep/2017:12:40:14 -0300] "GET /cormun/servlet/permisosadjuntos?INS,17129317,P,20170921123858,, HTTP/1.1" 200 5734
200.86.95.220 - - [21/Sep/2017:12:40:22 -0300] "POST /cormun/servlet/solicitudotadjuntos?43cac42a090ea9a8a570d152a4d6055f,INS,2017,7423,,2,,gx-no-cache=1506008458741 HTTP/1.1" 200 93
200.86.95.220 - - [21/Sep/2017:12:40:22 -0300] "GET /cormun/servlet/hpexe_return? HTTP/1.1" 200 1029
200.86.95.220 - - [21/Sep/2017:12:40:23 -0300] "GET /cormun/servlet/trsolicitudadjuntos?2017,7423, HTTP/1.1" 200 9204
200.86.95.220 - - [21/Sep/2017:12:40:26 -0300] "GET /cormun/servlet/trsolicitudadjuntos?2017,7423, HTTP/1.1" 200 9200
200.54.247.70 - - [21/Sep/2017:12:40:29 -0300] "POST /cormun/servlet/permisosadjuntos?0a0d0196c34e46376295e74750308c55,INS,17129317,P,20170921123858,, HTTP/1.1" 200 116
200.54.247.70 - - [21/Sep/2017:12:40:29 -0300] "GET /cormun/servlet/hpexe_return? HTTP/1.1" 200 1038
200.54.247.70 - - [21/Sep/2017:12:40:30 -0300] "GET /cormun/servlet/trpermisosadjuntos?17129317,20170921123858,P, HTTP/1.1" 200 6877
200.54.247.70 - - [21/Sep/2017:12:40:32 -0300] "GET /cormun/servlet/trpermisosadjuntos?17129317,20170921123858,P, HTTP/1.1" 200 6891
200.86.95.220 - - [21/Sep/2017:12:40:32 -0300] "POST /cormun/servlet/trsolicitudadjuntos?43cac42a090ea9a8a570d152a4d6055f,2017,7423,,gx-no-cache=1506008469302 HTTP/1.1" 200 90
200.86.95.220 - - [21/Sep/2017:12:40:32 -0300] "GET /cormun/servlet/hpexe_link HTTP/1.1" 200 971
200.86.95.220 - - [21/Sep/2017:12:40:33 -0300] "GET /cormun/servlet/trsolicitudot HTTP/1.1" 200 8946
200.86.95.220 - - [21/Sep/2017:12:40:34 -0300] "GET /cormun/servlet/trsolicitudot HTTP/1.1" 200 8945
200.54.247.70 - - [21/Sep/2017:12:40:35 -0300] "POST /cormun/servlet/trpermisosadjuntos?0a0d0196c34e46376295e74750308c55,17129317,20170921123858,P,,gx-no-cache=1506008473672 HTTP/1.1" 200 90
200.54.247.70 - - [21/Sep/2017:12:40:35 -0300] "GET /cormun/servlet/hpexe_link HTTP/1.1" 200 982
200.54.247.70 - - [21/Sep/2017:12:40:35 -0300] "GET /cormun/servlet/trpermisosgoce HTTP/1.1" 200 15782
200.54.247.70 - - [21/Sep/2017:12:40:36 -0300] "GET /cormun/servlet/trpermisosgoce HTTP/1.1" 200 15764
200.54.247.70 - - [21/Sep/2017:12:40:39 -0300] "POST /cormun/servlet/trpermisosgoce?0a0d0196c34e46376295e74750308c55,gx-no-cache=1506008477621 HTTP/1.1" 200 12965
200.54.247.70 - - [21/Sep/2017:12:40:39 -0300] "GET /cormun/static/Shared/jqueryui/images/ui-bg_highlight-soft_100_c6c2c8_1x100.png HTTP/1.1" 404 1117
200.54.247.70 - - [21/Sep/2017:12:40:39 -0300] "GET /cormun/static/Shared/jqueryui/images/ui-icons_82798d_256x240.png HTTP/1.1" 404 1089
200.54.247.70 - - [21/Sep/2017:12:40:39 -0300] "GET /cormun/static/Shared/jqueryui/images/ui-bg_flat_55_fafafa_40x100.png HTTP/1.1" 404 1097
200.54.247.70 - - [21/Sep/2017:12:40:39 -0300] "GET /cormun/static/Shared/jqueryui/images/ui-icons_8d78a5_256x240.png HTTP/1.1" 404 1089
200.86.95.220 - - [21/Sep/2017:12:41:08 -0300] "POST /cormun/servlet/trsolicitudot?43cac42a090ea9a8a570d152a4d6055f,gx-no-cache=1506008505292 HTTP/1.1" 200 105
200.86.95.220 - - [21/Sep/2017:12:41:09 -0300] "GET /cormun/servlet/solicitudot?UPD,2017,7423, HTTP/1.1" 200 14461
200.86.95.220 - - [21/Sep/2017:12:41:10 -0300] "GET /cormun/servlet/solicitudot?UPD,2017,7423, HTTP/1.1" 200 14470
200.86.95.220 - - [21/Sep/2017:12:41:11 -0300] "POST /cormun/servlet/solicitudot?gx-no-cache=1506008507819 HTTP/1.1" 200 3194
200.86.95.220 - - [21/Sep/2017:12:41:11 -0300] "POST /cormun/servlet/solicitudot?43cac42a090ea9a8a570d152a4d6055f,UPD,2017,7423,,gx-no-cache=1506008508076 HTTP/1.1" 200 11047
200.86.95.220 - - [21/Sep/2017:12:41:12 -0300] "GET /cormun/servlet/solicitudot?819d450b32f84bbf6ccf95d06b987cb91dc06b4f6f4d1ee41e4dcc6f00f976e2c4c94e733d3c2dea13bc00c247183984,gx-no-cache=1506008508398 HTTP/1.1" 200 30
200.86.95.220 - - [21/Sep/2017:12:41:12 -0300] "POST /cormun/servlet/solicitudot?gx-no-cache=1506008508751 HTTP/1.1" 200 295
200.86.95.220 - - [21/Sep/2017:12:41:12 -0300] "GET /cormun/servlet/solicitudot?819d450b32f84bbf6ccf95d06b987cb909dac39416e7c1c9f1927ae6898b2b4d7ae9e5a3ab236d42037a6590b0937db7c3359d87bd627a5c786c01d940169d1d833e9e515125fc33391d6a278958bad0153a0f1e6b9cfbff527330367d5578b98d2a5b82ed9128ea1ac7980846c2aef94cdf4365d957259f1bee5e937ff8ee00416bd964546a026d8bbabe2877f1a2c3799ac2e48e5a45dadfa9fb5ce5dd5bc84b248d995031d347b7f18070707183b405bff162c41f00c062b593d507d70a72e019861f0bfa4d69df463e38827177be0b68c0f50fff021bd58cc3e7ac18056c4a42c45368128767a5f28a41fd0ad152196e1bc3ab09d949cb30b4611f1df7525215ed29a4b9deaadd6668d95dbe15041c2d78a685e3e685a484f004fdc4d8fd29659be3ba99dc79fa9345354896664aa3e7edf19c3826e674a3b1ae57583a78136bf65fbb6c1d42c342bd8d5f84e0513662a7787f681231577e60ef03a3883b45f8ff7a37777a6a3e467676052099ee91f08c9093271204355a89551252b5fdc401694a0c607e012cddbecaded7de38,gx-no-cache=1506008508852 HTTP/1.1" 200 30
200.86.95.220 - - [21/Sep/2017:12:41:12 -0300] "POST /cormun/servlet/solicitudot?gx-no-cache=1506008508908 HTTP/1.1" 200 30
200.86.95.220 - - [21/Sep/2017:12:41:12 -0300] "POST /cormun/servlet/solicitudot?gx-no-cache=1506008508988 HTTP/1.1" 200 1353
200.86.95.220 - - [21/Sep/2017:12:41:12 -0300] "POST /cormun/servlet/solicitudot?gx-no-cache=1506008509131 HTTP/1.1" 200 41
200.86.95.220 - - [21/Sep/2017:12:41:24 -0300] "GET /cormun/servlet/solicitudot?819d450b32f84bbf6ccf95d06b987cb92d7e61d8d604a14ea0629c7f4b23dd110fd8207e34d56e47d0354e0f796c39ea874e2c717570e55ef2bdca3c7590c5fd614623453792444ea02a3e65a5c26789a0a8b11e0d6c46b579bcd00cc13b46d2f6053438236cf45ba0438124aad44f27,gx-no-cache=1506008521380 HTTP/1.1" 200 29
200.86.95.220 - - [21/Sep/2017:12:41:25 -0300] "POST /cormun/servlet/solicitudot?gx-no-cache=1506008521480 HTTP/1.1" 200 1335
200.86.95.220 - - [21/Sep/2017:12:41:25 -0300] "GET /cormun/servlet/solicitudot?819d450b32f84bbf6ccf95d06b987cb9d2c3afa3cc5ca19f46c9b903a4a0591a265a4d3674533025b7ea2d96e5bdb442,gx-no-cache=1506008521590 HTTP/1.1" 200 30
200.86.95.220 - - [21/Sep/2017:12:41:25 -0300] "POST /cormun/servlet/solicitudot?gx-no-cache=1506008521652 HTTP/1.1" 200 34
200.86.95.220 - - [21/Sep/2017:12:41:25 -0300] "POST /cormun/servlet/solicitudot?43cac42a090ea9a8a570d152a4d6055f,UPD,2017,7423,,gx-no-cache=1506008521750 HTTP/1.1" 200 93
200.86.95.220 - - [21/Sep/2017:12:41:25 -0300] "GET /cormun/servlet/hpexe_return? HTTP/1.1" 200 1016
200.86.95.220 - - [21/Sep/2017:12:41:25 -0300] "GET /cormun/servlet/trsolicitudot HTTP/1.1" 200 8954
200.86.95.220 - - [21/Sep/2017:12:41:27 -0300] "GET /cormun/servlet/trsolicitudot HTTP/1.1" 200 8949
200.86.95.220 - - [21/Sep/2017:12:42:14 -0300] "POST /cormun/servlet/trsolicitudot?43cac42a090ea9a8a570d152a4d6055f,gx-no-cache=1506008569942 HTTP/1.1" 200 105
200.86.95.220 - - [21/Sep/2017:12:42:14 -0300] "GET /cormun/servlet/solicitudot?UPD,2017,7423, HTTP/1.1" 200 14462
