186.103.157.98 - - [21/Sep/2017:13:04:48 -0300] "GET /cormun/servlet/solicitudotadjuntos?933f05248ad48ba97c51818e335955a84dd23bede831a518d120f9a5ff74febc,gx-no-cache=1506009923161 HTTP/1.1" 200 30
186.103.157.98 - - [21/Sep/2017:13:04:50 -0300] "POST /cormun/servlet/solicitudotadjuntos?434f85e438506864144895aa70ba403a,INS,2017,7424,,1, HTTP/1.1" 200 116
186.103.157.98 - - [21/Sep/2017:13:04:50 -0300] "GET /cormun/servlet/hpexe_return? HTTP/1.1" 200 1030
186.103.157.98 - - [21/Sep/2017:13:04:50 -0300] "GET /cormun/servlet/trsolicitudadjuntos?2017,7424, HTTP/1.1" 200 8714
186.103.157.98 - - [21/Sep/2017:13:04:51 -0300] "GET /cormun/servlet/trsolicitudadjuntos?2017,7424, HTTP/1.1" 200 8714
186.103.157.98 - - [21/Sep/2017:13:06:16 -0300] "GET /cormun/servlet/solicitudotadjuntos?INS,2017,7424,,1, HTTP/1.1" 200 6141
186.103.157.98 - - [21/Sep/2017:13:06:16 -0300] "GET /cormun/servlet/solicitudotadjuntos?INS,2017,7424,,1, HTTP/1.1" 200 6141
186.103.157.98 - - [21/Sep/2017:13:06:16 -0300] "GET /cormun/servlet/solicitudotadjuntos?INS,2017,7424,,1, HTTP/1.1" 200 6141
186.103.157.98 - - [21/Sep/2017:13:06:17 -0300] "GET /cormun/static/about:blank HTTP/1.1" 404 1011
186.103.157.98 - - [21/Sep/2017:13:06:17 -0300] "GET /cormun/servlet/solicitudotadjuntos?INS,2017,7424,,1, HTTP/1.1" 200 6134
186.103.157.98 - - [21/Sep/2017:13:06:17 -0300] "GET /cormun/servlet/solicitudotadjuntos?933f05248ad48ba97c51818e335955a8f376caf34f70170f489dfffb5c20148c8b0097fcce20c64d48c7317f04da4ace,gx-no-cache=1506010012204 HTTP/1.1" 200 30
186.103.157.98 - - [21/Sep/2017:13:06:17 -0300] "POST /cormun/servlet/solicitudotadjuntos?434f85e438506864144895aa70ba403a,INS,2017,7424,,1,,gx-no-cache=1506010012266 HTTP/1.1" 200 3920
200.54.247.70 - - [21/Sep/2017:13:06:18 -0300] "POST /cormun/servlet/permisosadjuntos?0a0d0196c34e46376295e74750308c55,INS,11275307,P,20170921130120,, HTTP/1.1" 200 116
200.54.247.70 - - [21/Sep/2017:13:06:18 -0300] "GET /cormun/servlet/hpexe_return? HTTP/1.1" 200 1038
200.54.247.70 - - [21/Sep/2017:13:06:19 -0300] "GET /cormun/servlet/trpermisosadjuntos?11275307,20170921130120,P, HTTP/1.1" 200 6907
200.54.247.70 - - [21/Sep/2017:13:06:20 -0300] "GET /cormun/servlet/trpermisosadjuntos?11275307,20170921130120,P, HTTP/1.1" 200 6903
186.103.157.98 - - [21/Sep/2017:13:06:21 -0300] "POST /cormun/servlet/solicitudotadjuntos?gx-no-cache=1506010015832 HTTP/1.1" 200 26
186.103.157.98 - - [21/Sep/2017:13:06:32 -0300] "GET /cormun/servlet/solicitudotadjuntos?933f05248ad48ba97c51818e335955a84dd23bede831a518d120f9a5ff74febc,gx-no-cache=1506010027358 HTTP/1.1" 200 30
186.103.157.98 - - [21/Sep/2017:13:06:33 -0300] "GET /cormun/servlet/solicitudotadjuntos?933f05248ad48ba97c51818e335955a84dd23bede831a518d120f9a5ff74febc,gx-no-cache=1506010027408 HTTP/1.1" 200 30
186.103.157.98 - - [21/Sep/2017:13:06:34 -0300] "POST /cormun/servlet/solicitudotadjuntos?434f85e438506864144895aa70ba403a,INS,2017,7424,,1, HTTP/1.1" 200 116
186.103.157.98 - - [21/Sep/2017:13:06:34 -0300] "GET /cormun/servlet/hpexe_return? HTTP/1.1" 200 1030
186.103.157.98 - - [21/Sep/2017:13:06:35 -0300] "GET /cormun/servlet/trsolicitudadjuntos?2017,7424, HTTP/1.1" 200 8886
186.103.157.98 - - [21/Sep/2017:13:06:37 -0300] "GET /cormun/servlet/trsolicitudadjuntos?2017,7424, HTTP/1.1" 200 8886
186.103.157.98 - - [21/Sep/2017:13:06:39 -0300] "GET /cormun/servlet/solicitudotadjuntos?INS,2017,7424,,1, HTTP/1.1" 200 6141
186.103.157.98 - - [21/Sep/2017:13:06:39 -0300] "GET /cormun/static/about:blank HTTP/1.1" 404 1011
186.103.157.98 - - [21/Sep/2017:13:06:40 -0300] "GET /cormun/servlet/solicitudotadjuntos?933f05248ad48ba97c51818e335955a8f376caf34f70170f489dfffb5c20148c8b0097fcce20c64d48c7317f04da4ace,gx-no-cache=1506010034848 HTTP/1.1" 200 30
186.103.157.98 - - [21/Sep/2017:13:06:40 -0300] "GET /cormun/servlet/solicitudotadjuntos?INS,2017,7424,,1, HTTP/1.1" 200 6134
186.103.157.98 - - [21/Sep/2017:13:06:41 -0300] "POST /cormun/servlet/solicitudotadjuntos?434f85e438506864144895aa70ba403a,INS,2017,7424,,1,,gx-no-cache=1506010034948 HTTP/1.1" 200 3920
186.103.157.98 - - [21/Sep/2017:13:06:47 -0300] "POST /cormun/servlet/solicitudotadjuntos?gx-no-cache=1506010041646 HTTP/1.1" 200 26
186.103.157.98 - - [21/Sep/2017:13:07:00 -0300] "GET /cormun/servlet/solicitudotadjuntos?933f05248ad48ba97c51818e335955a84dd23bede831a518d120f9a5ff74febc,gx-no-cache=1506010054462 HTTP/1.1" 200 30
186.103.157.98 - - [21/Sep/2017:13:07:00 -0300] "GET /cormun/servlet/solicitudotadjuntos?933f05248ad48ba97c51818e335955a84dd23bede831a518d120f9a5ff74febc,gx-no-cache=1506010054548 HTTP/1.1" 200 30
186.103.157.98 - - [21/Sep/2017:13:07:06 -0300] "POST /cormun/servlet/solicitudotadjuntos?434f85e438506864144895aa70ba403a,INS,2017,7424,,1, HTTP/1.1" 200 116
186.103.157.98 - - [21/Sep/2017:13:07:06 -0300] "GET /cormun/servlet/hpexe_return? HTTP/1.1" 200 1030
186.103.157.98 - - [21/Sep/2017:13:07:07 -0300] "GET /cormun/servlet/trsolicitudadjuntos?2017,7424, HTTP/1.1" 200 9072
186.103.157.98 - - [21/Sep/2017:13:07:08 -0300] "GET /cormun/servlet/trsolicitudadjuntos?2017,7424, HTTP/1.1" 200 9072
186.103.157.98 - - [21/Sep/2017:13:07:27 -0300] "GET /cormun/servlet/solicitudotadjuntos?INS,2017,7424,,1, HTTP/1.1" 200 6142
186.103.157.98 - - [21/Sep/2017:13:07:28 -0300] "GET /cormun/static/about:blank HTTP/1.1" 404 1011
186.103.157.98 - - [21/Sep/2017:13:07:28 -0300] "GET /cormun/servlet/solicitudotadjuntos?INS,2017,7424,,1, HTTP/1.1" 200 6135
186.103.157.98 - - [21/Sep/2017:13:07:28 -0300] "GET /cormun/servlet/solicitudotadjuntos?933f05248ad48ba97c51818e335955a8f376caf34f70170f489dfffb5c20148c8b0097fcce20c64d48c7317f04da4ace,gx-no-cache=1506010082584 HTTP/1.1" 200 30
186.103.157.98 - - [21/Sep/2017:13:07:29 -0300] "POST /cormun/servlet/solicitudotadjuntos?434f85e438506864144895aa70ba403a,INS,2017,7424,,1,,gx-no-cache=1506010082685 HTTP/1.1" 200 3921
186.103.157.98 - - [21/Sep/2017:13:07:32 -0300] "POST /cormun/servlet/solicitudotadjuntos?gx-no-cache=1506010086793 HTTP/1.1" 200 26
186.103.156.166 - - [21/Sep/2017:13:07:36 -0300] "GET /cormun/servlet/hhome HTTP/1.1" 200 3376
186.103.156.166 - - [21/Sep/2017:13:07:36 -0300] "GET /cormun/servlet/hhome HTTP/1.1" 200 3374
186.103.156.166 - - [21/Sep/2017:13:07:37 -0300] "GET /cormun/servlet/hhome HTTP/1.1" 200 3383
186.103.156.166 - - [21/Sep/2017:13:07:37 -0300] "GET /cormun/servlet/hlogin HTTP/1.1" 200 1730
186.103.157.98 - - [21/Sep/2017:13:07:41 -0300] "GET /cormun/servlet/solicitudotadjuntos?933f05248ad48ba97c51818e335955a84dd23bede831a518d120f9a5ff74febc,gx-no-cache=1506010095576 HTTP/1.1" 200 30
186.103.157.98 - - [21/Sep/2017:13:07:41 -0300] "GET /cormun/servlet/solicitudotadjuntos?933f05248ad48ba97c51818e335955a84dd23bede831a518d120f9a5ff74febc,gx-no-cache=1506010095949 HTTP/1.1" 200 30
186.103.157.98 - - [21/Sep/2017:13:07:44 -0300] "POST /cormun/servlet/solicitudotadjuntos?434f85e438506864144895aa70ba403a,INS,2017,7424,,1, HTTP/1.1" 200 116
186.103.157.98 - - [21/Sep/2017:13:07:44 -0300] "GET /cormun/servlet/hpexe_return? HTTP/1.1" 200 1030
186.103.157.98 - - [21/Sep/2017:13:07:44 -0300] "GET /cormun/servlet/trsolicitudadjuntos?2017,7424, HTTP/1.1" 200 9299
186.103.157.98 - - [21/Sep/2017:13:07:45 -0300] "GET /cormun/servlet/trsolicitudadjuntos?2017,7424, HTTP/1.1" 200 9294
186.103.157.98 - - [21/Sep/2017:13:07:49 -0300] "GET /cormun/servlet/solicitudotadjuntos?INS,2017,7424,,1, HTTP/1.1" 200 6142
186.103.157.98 - - [21/Sep/2017:13:07:49 -0300] "GET /cormun/static/about:blank HTTP/1.1" 404 1011
186.103.157.98 - - [21/Sep/2017:13:07:49 -0300] "GET /cormun/servlet/solicitudotadjuntos?INS,2017,7424,,1, HTTP/1.1" 200 6135
186.103.157.98 - - [21/Sep/2017:13:07:49 -0300] "GET /cormun/servlet/solicitudotadjuntos?933f05248ad48ba97c51818e335955a8f376caf34f70170f489dfffb5c20148c8b0097fcce20c64d48c7317f04da4ace,gx-no-cache=1506010104342 HTTP/1.1" 200 30
186.103.157.98 - - [21/Sep/2017:13:07:50 -0300] "POST /cormun/servlet/solicitudotadjuntos?434f85e438506864144895aa70ba403a,INS,2017,7424,,1,,gx-no-cache=1506010104401 HTTP/1.1" 200 3920
186.103.157.98 - - [21/Sep/2017:13:07:52 -0300] "POST /cormun/servlet/solicitudotadjuntos?gx-no-cache=1506010107375 HTTP/1.1" 200 26
186.103.156.166 - - [21/Sep/2017:13:07:53 -0300] "POST /cormun/servlet/hlogin?617d09383e17abf46ffa62a9e89b129b,gx-no-cache=1506013703434 HTTP/1.1" 200 90
186.103.156.166 - - [21/Sep/2017:13:07:53 -0300] "GET /cormun/servlet/hpexe_link HTTP/1.1" 200 950
186.103.156.166 - - [21/Sep/2017:13:07:53 -0300] "GET /cormun/servlet/hhome HTTP/1.1" 200 3780
186.103.156.166 - - [21/Sep/2017:13:07:54 -0300] "GET /cormun/servlet/hhome HTTP/1.1" 200 3776
186.103.156.166 - - [21/Sep/2017:13:08:06 -0300] "GET /cormun/servlet/trpermisosgoce? HTTP/1.1" 200 9458
186.103.156.166 - - [21/Sep/2017:13:08:06 -0300] "GET /cormun/servlet/trpermisosgoce? HTTP/1.1" 200 9456
186.103.156.166 - - [21/Sep/2017:13:08:10 -0300] "GET /cormun/servlet/permisogoce?INS,0,,, HTTP/1.1" 200 6607
186.103.157.98 - - [21/Sep/2017:13:08:10 -0300] "GET /cormun/servlet/solicitudotadjuntos?933f05248ad48ba97c51818e335955a84dd23bede831a518d120f9a5ff74febc,gx-no-cache=1506010125069 HTTP/1.1" 200 30
186.103.157.98 - - [21/Sep/2017:13:08:10 -0300] "GET /cormun/servlet/solicitudotadjuntos?933f05248ad48ba97c51818e335955a84dd23bede831a518d120f9a5ff74febc,gx-no-cache=1506010125107 HTTP/1.1" 200 30
186.103.156.166 - - [21/Sep/2017:13:08:10 -0300] "GET /cormun/servlet/permisogoce?INS,0,,, HTTP/1.1" 200 6607
186.103.157.98 - - [21/Sep/2017:13:08:12 -0300] "POST /cormun/servlet/solicitudotadjuntos?434f85e438506864144895aa70ba403a,INS,2017,7424,,1, HTTP/1.1" 200 116
186.103.157.98 - - [21/Sep/2017:13:08:12 -0300] "GET /cormun/servlet/hpexe_return? HTTP/1.1" 200 1030
186.103.157.98 - - [21/Sep/2017:13:08:12 -0300] "GET /cormun/servlet/trsolicitudadjuntos?2017,7424, HTTP/1.1" 200 9515
186.103.157.98 - - [21/Sep/2017:13:08:13 -0300] "GET /cormun/servlet/trsolicitudadjuntos?2017,7424, HTTP/1.1" 200 9512
186.103.157.98 - - [21/Sep/2017:13:08:20 -0300] "POST /cormun/servlet/trsolicitudadjuntos?434f85e438506864144895aa70ba403a,2017,7424,,gx-no-cache=1506010134471 HTTP/1.1" 200 90
186.103.157.98 - - [21/Sep/2017:13:08:20 -0300] "GET /cormun/servlet/hpexe_link HTTP/1.1" 200 971
186.103.157.98 - - [21/Sep/2017:13:08:20 -0300] "GET /cormun/servlet/trsolicitudot HTTP/1.1" 200 9294
186.103.157.98 - - [21/Sep/2017:13:08:20 -0300] "GET /cormun/servlet/trsolicitudot HTTP/1.1" 200 9292
186.103.157.98 - - [21/Sep/2017:13:08:27 -0300] "POST /cormun/servlet/trsolicitudot?434f85e438506864144895aa70ba403a,gx-no-cache=1506010141576 HTTP/1.1" 200 6391
186.103.157.98 - - [21/Sep/2017:13:08:27 -0300] "GET /cormun/static/Shared/jqueryui/images/ui-icons_82798d_256x240.png HTTP/1.1" 404 1089
186.103.157.98 - - [21/Sep/2017:13:08:27 -0300] "GET /cormun/static/Shared/jqueryui/images/ui-bg_highlight-soft_100_c6c2c8_1x100.png HTTP/1.1" 404 1117
186.103.157.98 - - [21/Sep/2017:13:08:27 -0300] "GET /cormun/static/Shared/jqueryui/images/ui-icons_8d78a5_256x240.png HTTP/1.1" 404 1089
186.103.157.98 - - [21/Sep/2017:13:08:27 -0300] "GET /cormun/static/Shared/jqueryui/images/ui-bg_flat_55_fafafa_40x100.png HTTP/1.1" 404 1097
186.103.157.98 - - [21/Sep/2017:13:08:27 -0300] "POST /cormun/servlet/trsolicitudot?434f85e438506864144895aa70ba403a,gx-no-cache=1506010141888 HTTP/1.1" 200 6335
186.103.157.98 - - [21/Sep/2017:13:08:43 -0300] "GET /cormun/servlet/trautorizarsolicitud? HTTP/1.1" 200 8853
186.103.157.98 - - [21/Sep/2017:13:08:43 -0300] "GET /cormun/static/gxcfg.js?20174261241362 HTTP/1.1" 200 953
186.103.157.98 - - [21/Sep/2017:13:08:43 -0300] "GET /cormun/static/Resources/Spanish/PXTools.css?11294912 HTTP/1.1" 304 -
186.103.157.98 - - [21/Sep/2017:13:08:43 -0300] "GET /cormun/static/trautorizarsolicitud.js?201742612414370 HTTP/1.1" 200 53910
186.103.157.98 - - [21/Sep/2017:13:08:43 -0300] "GET /cormun/servlet/trautorizarsolicitud? HTTP/1.1" 200 8852
186.103.157.98 - - [21/Sep/2017:13:08:50 -0300] "POST /cormun/servlet/trautorizarsolicitud?434f85e438506864144895aa70ba403a,,gx-no-cache=1506010164851 HTTP/1.1" 200 5489
186.103.157.98 - - [21/Sep/2017:13:08:50 -0300] "GET /cormun/static/Shared/jqueryui/images/ui-icons_82798d_256x240.png HTTP/1.1" 404 1089
186.103.157.98 - - [21/Sep/2017:13:08:50 -0300] "GET /cormun/static/Shared/jqueryui/images/ui-bg_highlight-soft_100_c6c2c8_1x100.png HTTP/1.1" 404 1117
186.103.157.98 - - [21/Sep/2017:13:08:50 -0300] "GET /cormun/static/Shared/jqueryui/images/ui-icons_8d78a5_256x240.png HTTP/1.1" 404 1089
186.103.157.98 - - [21/Sep/2017:13:08:50 -0300] "GET /cormun/static/Shared/jqueryui/images/ui-bg_flat_55_fafafa_40x100.png HTTP/1.1" 404 1097
186.103.157.98 - - [21/Sep/2017:13:08:50 -0300] "POST /cormun/servlet/trautorizarsolicitud?434f85e438506864144895aa70ba403a,,gx-no-cache=1506010165073 HTTP/1.1" 200 5433
186.103.157.98 - - [21/Sep/2017:13:08:53 -0300] "POST /cormun/servlet/trautorizarsolicitud?434f85e438506864144895aa70ba403a,,gx-no-cache=1506010167721 HTTP/1.1" 200 4386
186.103.157.98 - - [21/Sep/2017:13:08:53 -0300] "POST /cormun/servlet/trautorizarsolicitud?434f85e438506864144895aa70ba403a,,gx-no-cache=1506010167896 HTTP/1.1" 200 4170
186.103.157.98 - - [21/Sep/2017:13:09:00 -0300] "GET /cormun/servlet/trsolicitudot? HTTP/1.1" 200 9290
186.103.157.98 - - [21/Sep/2017:13:09:01 -0300] "GET /cormun/servlet/trsolicitudot? HTTP/1.1" 200 9289
186.103.156.166 - - [21/Sep/2017:13:09:02 -0300] "GET /cormun/servlet/permisogoce?697f81e2c282d990bcc2b58c38d2c8359290c7bf38d152167938c374be0eb37f07b1d0972cb87a9e4198fb25dacfbf357a84da07370ad41a4942d463d5870a68,gx-no-cache=1506013772701 HTTP/1.1" 200 78
186.103.156.166 - - [21/Sep/2017:13:09:05 -0300] "GET /cormun/static/menuarrow.gif HTTP/1.1" 404 1015
186.103.157.98 - - [21/Sep/2017:13:09:07 -0300] "GET /cormun/servlet/solicitudot?INS,0,0, HTTP/1.1" 200 12976
186.103.157.98 - - [21/Sep/2017:13:09:07 -0300] "GET /cormun/servlet/solicitudot?INS,0,0, HTTP/1.1" 200 12981
186.103.156.166 - - [21/Sep/2017:13:09:16 -0300] "GET /cormun/servlet/permisogoce?697f81e2c282d990bcc2b58c38d2c8352bb028a68305abaeaf2f0345765bdc38e69df923b4eb6a7a4ad696144305dbfff1549ae308d173c00f2c6d5f1453f564,gx-no-cache=1506013786394 HTTP/1.1" 200 48
186.79.242.165 - - [21/Sep/2017:13:09:21 -0300] "GET /cormun/servlet/hlogin HTTP/1.1" 200 1717
186.79.242.165 - - [21/Sep/2017:13:09:22 -0300] "GET /cormun/servlet/hlogin HTTP/1.1" 200 1728
186.103.157.98 - - [21/Sep/2017:13:09:27 -0300] "POST /cormun/servlet/solicitudot?gx-no-cache=1506010201815 HTTP/1.1" 200 3201
186.103.157.98 - - [21/Sep/2017:13:09:27 -0300] "POST /cormun/servlet/solicitudot?434f85e438506864144895aa70ba403a,INS,0,0,,gx-no-cache=1506010202057 HTTP/1.1" 200 10052
186.103.157.98 - - [21/Sep/2017:13:09:29 -0300] "GET /cormun/servlet/solicitudot?933f05248ad48ba97c51818e335955a85673aaf8807937b3f634affa678da8b423a93b900029f3274a0322a604bc7b51,gx-no-cache=1506010204284 HTTP/1.1" 200 30
186.79.242.165 - - [21/Sep/2017:13:09:34 -0300] "POST /cormun/servlet/hlogin?42ec8b9625be0fc60135dd5bf7f071f1,gx-no-cache=1506010210081 HTTP/1.1" 200 90
186.79.242.165 - - [21/Sep/2017:13:09:34 -0300] "GET /cormun/servlet/hpexe_link HTTP/1.1" 200 947
186.79.242.165 - - [21/Sep/2017:13:09:34 -0300] "GET /cormun/servlet/hhome HTTP/1.1" 200 3868
186.79.242.165 - - [21/Sep/2017:13:09:35 -0300] "GET /cormun/servlet/hhome HTTP/1.1" 200 3865
186.79.242.165 - - [21/Sep/2017:13:09:38 -0300] "GET /cormun/servlet/trpermisosgoce? HTTP/1.1" 200 10393
186.79.242.165 - - [21/Sep/2017:13:09:38 -0300] "GET /cormun/static/gxcfg.js?20177612163875 HTTP/1.1" 304 -
186.79.242.165 - - [21/Sep/2017:13:09:38 -0300] "GET /cormun/servlet/trpermisosgoce? HTTP/1.1" 200 10433
186.79.242.165 - - [21/Sep/2017:13:09:42 -0300] "GET /cormun/servlet/permisogoce?INS,0,,, HTTP/1.1" 200 6696
186.79.242.165 - - [21/Sep/2017:13:09:42 -0300] "GET /cormun/static/gxcfg.js?201776126440 HTTP/1.1" 304 -
186.79.242.165 - - [21/Sep/2017:13:09:42 -0300] "GET /cormun/servlet/permisogoce?INS,0,,, HTTP/1.1" 200 6695
186.103.156.166 - - [21/Sep/2017:13:09:43 -0300] "POST /cormun/servlet/permisogoce?617d09383e17abf46ffa62a9e89b129b,INS,0,,,,gx-no-cache=1506013812685 HTTP/1.1" 200 93
186.103.156.166 - - [21/Sep/2017:13:09:43 -0300] "GET /cormun/servlet/hpexe_return? HTTP/1.1" 200 1009
186.103.156.166 - - [21/Sep/2017:13:09:43 -0300] "GET /cormun/servlet/trpermisosgoce HTTP/1.1" 200 9671
186.103.156.166 - - [21/Sep/2017:13:09:44 -0300] "GET /cormun/servlet/trpermisosgoce HTTP/1.1" 200 9666
186.79.242.165 - - [21/Sep/2017:13:09:46 -0300] "GET /cormun/servlet/prfichaempleado?,MD,,gxPopupLevel%3D0%3B HTTP/1.1" 200 9304
186.79.242.165 - - [21/Sep/2017:13:09:58 -0300] "POST /cormun/servlet/prfichaempleado?42ec8b9625be0fc60135dd5bf7f071f1,,MD,,gxPopupLevel%3D0%3B,gx-no-cache=1506010233966 HTTP/1.1" 200 3422
186.103.156.166 - - [21/Sep/2017:13:10:00 -0300] "GET /cormun/servlet/apermisogoceprn?12694104,P,20170921130729,PU HTTP/1.1" 200 1646
186.79.242.165 - - [21/Sep/2017:13:10:03 -0300] "GET /cormun/servlet/permisogoce?970f6d05091a810da975876516d4513ccfd9c38c84df902d247a740df74cb3ee90db80a651fb0b1bd047948a41b6ecc567f06115e94283265c28b1db8982114c,gx-no-cache=1506010239257 HTTP/1.1" 200 81
186.79.242.165 - - [21/Sep/2017:13:10:03 -0300] "GET /cormun/static/menuarrow.gif HTTP/1.1" 404 1015
186.79.242.165 - - [21/Sep/2017:13:10:16 -0300] "GET /cormun/servlet/permisogoce?970f6d05091a810da975876516d4513c49a44aad18b3b85ae298cbe1af68586ec1b3541e3aa30e0f948a4a74b56af3d12195c8f4cdd292a8fc46643f255addc9,gx-no-cache=1506010251850 HTTP/1.1" 200 47
186.103.157.98 - - [21/Sep/2017:13:10:18 -0300] "POST /cormun/servlet/solicitudot?gx-no-cache=1506010253249 HTTP/1.1" 200 240
186.103.157.98 - - [21/Sep/2017:13:10:18 -0300] "GET /cormun/servlet/solicitudot?933f05248ad48ba97c51818e335955a8e668a516540f8ce23c98b2fcf363ecfe428280f76dbacb2c731cb39392decca934e252a3100da2d6b3507a8183ea025019a4b71c7fc976197da13a9d863a24d37bc63e1ae2e6923f2b0461f927a411168b016e8ed171e13b801b10bc479da798e963963cc85e99cc029a9f930dac522b30f342c82fbe807d17ade0ce7eb5434086d669a4e7e7211365e26c693127bf1665f5fb6336a6802365170651436b588ac485d22a8dffa1d609397551822b383fbf8416acd08a4d79a183a4846d9691e15489ad499294b8655d4a87e162e4e81e291c5315c5d8d8314b444de9c99677c6b3b0d5fa4004fd530871a975a0abd23cb051c27d8723dc51aa9ba2e01632bfae3f551acc115807ba707e293904dec77cc6b24291dd96c40c95701fc052912872f002c0b8fde0293a3665cf9c61a5ad5f7f6c0933f5a2c7cde8a220f2e20cf8a1da49451ddcb29616aa3dd6172aa324ceb442ab73e7a3cde6d96fba83735b32e53110bde042a7461bd05e160092472bc4,gx-no-cache=1506010253349 HTTP/1.1" 200 30
186.79.242.165 - - [21/Sep/2017:13:10:19 -0300] "POST /cormun/servlet/permisogoce?42ec8b9625be0fc60135dd5bf7f071f1,INS,0,,,,gx-no-cache=1506010255137 HTTP/1.1" 200 93
186.79.242.165 - - [21/Sep/2017:13:10:19 -0300] "GET /cormun/servlet/hpexe_return? HTTP/1.1" 200 1007
186.79.242.165 - - [21/Sep/2017:13:10:20 -0300] "GET /cormun/servlet/trpermisosgoce HTTP/1.1" 200 10722
186.79.242.165 - - [21/Sep/2017:13:10:20 -0300] "GET /cormun/servlet/trpermisosgoce HTTP/1.1" 200 10721
186.79.242.165 - - [21/Sep/2017:13:10:23 -0300] "GET /cormun/servlet/apermisogoceprn?15807649,P,20170921130901,PU HTTP/1.1" 200 1650
200.54.247.70 - - [21/Sep/2017:13:10:27 -0300] "POST /cormun/servlet/trpermisosadjuntos?0a0d0196c34e46376295e74750308c55,11275307,20170921130120,P,,gx-no-cache=1506010265671 HTTP/1.1" 200 90
200.54.247.70 - - [21/Sep/2017:13:10:27 -0300] "GET /cormun/servlet/hpexe_link HTTP/1.1" 200 1002
200.54.247.70 - - [21/Sep/2017:13:10:28 -0300] "GET /cormun/servlet/trpermisosgoce?gx-no-cache=1506008477621 HTTP/1.1" 200 16635
200.54.247.70 - - [21/Sep/2017:13:10:28 -0300] "GET /cormun/servlet/trpermisosgoce?gx-no-cache=1506008477621 HTTP/1.1" 200 16673
186.103.157.98 - - [21/Sep/2017:13:10:33 -0300] "POST /cormun/servlet/solicitudot?gx-no-cache=1506010267369 HTTP/1.1" 200 30
200.54.247.70 - - [21/Sep/2017:13:10:33 -0300] "POST /cormun/servlet/trpermisosgoce?0a0d0196c34e46376295e74750308c55,gx-no-cache=1506008477621,gx-no-cache=1506010271243 HTTP/1.1" 200 13787
200.54.247.70 - - [21/Sep/2017:13:10:33 -0300] "GET /cormun/static/Shared/jqueryui/images/ui-bg_highlight-soft_100_c6c2c8_1x100.png HTTP/1.1" 404 1117
200.54.247.70 - - [21/Sep/2017:13:10:33 -0300] "GET /cormun/static/Shared/jqueryui/images/ui-icons_82798d_256x240.png HTTP/1.1" 404 1089
200.54.247.70 - - [21/Sep/2017:13:10:33 -0300] "GET /cormun/static/Shared/jqueryui/images/ui-icons_8d78a5_256x240.png HTTP/1.1" 404 1089
200.54.247.70 - - [21/Sep/2017:13:10:33 -0300] "GET /cormun/static/Shared/jqueryui/images/ui-bg_flat_55_fafafa_40x100.png HTTP/1.1" 404 1097
200.54.247.70 - - [21/Sep/2017:13:10:44 -0300] "POST /cormun/servlet/trpermisosgoce?0a0d0196c34e46376295e74750308c55,gx-no-cache=1506008477621,gx-no-cache=1506010282974 HTTP/1.1" 200 13787
186.103.157.98 - - [21/Sep/2017:13:10:49 -0300] "GET /cormun/servlet/trsolicitudot? HTTP/1.1" 200 9290
186.103.157.98 - - [21/Sep/2017:13:10:49 -0300] "GET /cormun/servlet/trsolicitudot? HTTP/1.1" 200 9289
200.54.247.70 - - [21/Sep/2017:13:10:53 -0300] "POST /cormun/servlet/trpermisosgoce?0a0d0196c34e46376295e74750308c55,gx-no-cache=1506008477621,gx-no-cache=1506010291733 HTTP/1.1" 200 13786
200.54.247.70 - - [21/Sep/2017:13:11:04 -0300] "GET /cormun/servlet/trpermisosadjuntos?11275307,20170921124217,P, HTTP/1.1" 200 6918
200.54.247.70 - - [21/Sep/2017:13:11:05 -0300] "GET /cormun/servlet/trpermisosadjuntos?11275307,20170921124217,P, HTTP/1.1" 200 6898
186.103.157.98 - - [21/Sep/2017:13:11:06 -0300] "GET /cormun/servlet/trsolicitudot? HTTP/1.1" 200 9289
186.103.157.98 - - [21/Sep/2017:13:11:06 -0300] "GET /cormun/servlet/trsolicitudot? HTTP/1.1" 200 9289
200.54.247.70 - - [21/Sep/2017:13:11:11 -0300] "GET /cormun/PublicTempStorage/venegas_0011582707.pdf HTTP/1.1" 206 6208892
200.54.247.70 - - [21/Sep/2017:13:11:14 -0300] "GET /cormun/servlet/trpermisosadjuntos?11275307,20170921124217,P, HTTP/1.1" 200 6918
200.54.247.70 - - [21/Sep/2017:13:11:16 -0300] "GET /cormun/servlet/trpermisosadjuntos?11275307,20170921124217,P, HTTP/1.1" 200 6898
186.103.157.98 - - [21/Sep/2017:13:11:16 -0300] "GET /cormun/servlet/solicitudot?INS,0,0, HTTP/1.1" 200 12975
186.103.157.98 - - [21/Sep/2017:13:11:17 -0300] "GET /cormun/servlet/solicitudot?INS,0,0, HTTP/1.1" 200 12980
200.54.247.70 - - [21/Sep/2017:13:11:17 -0300] "POST /cormun/servlet/trpermisosadjuntos?0a0d0196c34e46376295e74750308c55,11275307,20170921124217,P,,gx-no-cache=1506010315565 HTTP/1.1" 200 90
200.54.247.70 - - [21/Sep/2017:13:11:17 -0300] "GET /cormun/servlet/hpexe_link HTTP/1.1" 200 1001
200.54.247.70 - - [21/Sep/2017:13:11:17 -0300] "GET /cormun/servlet/trpermisosgoce?gx-no-cache=1506008477621 HTTP/1.1" 200 16639
200.54.247.70 - - [21/Sep/2017:13:11:18 -0300] "GET /cormun/servlet/trpermisosgoce?gx-no-cache=1506008477621 HTTP/1.1" 200 16630
186.79.242.165 - - [21/Sep/2017:13:11:20 -0300] "GET /cormun/servlet/hlogin HTTP/1.1" 200 1735
200.54.247.70 - - [21/Sep/2017:13:11:23 -0300] "POST /cormun/servlet/trpermisosgoce?0a0d0196c34e46376295e74750308c55,gx-no-cache=1506008477621,gx-no-cache=1506010321624 HTTP/1.1" 200 13803
200.54.247.70 - - [21/Sep/2017:13:11:23 -0300] "GET /cormun/static/Shared/jqueryui/images/ui-bg_highlight-soft_100_c6c2c8_1x100.png HTTP/1.1" 404 1117
200.54.247.70 - - [21/Sep/2017:13:11:23 -0300] "GET /cormun/static/Shared/jqueryui/images/ui-icons_82798d_256x240.png HTTP/1.1" 404 1089
200.54.247.70 - - [21/Sep/2017:13:11:23 -0300] "GET /cormun/static/Shared/jqueryui/images/ui-bg_flat_55_fafafa_40x100.png HTTP/1.1" 404 1097
200.54.247.70 - - [21/Sep/2017:13:11:23 -0300] "GET /cormun/static/Shared/jqueryui/images/ui-icons_8d78a5_256x240.png HTTP/1.1" 404 1089
200.54.247.70 - - [21/Sep/2017:13:11:28 -0300] "POST /cormun/servlet/trpermisosgoce?0a0d0196c34e46376295e74750308c55,gx-no-cache=1506008477621,gx-no-cache=1506010326139 HTTP/1.1" 200 13774
186.103.157.98 - - [21/Sep/2017:13:11:31 -0300] "POST /cormun/servlet/solicitudot?gx-no-cache=1506010325550 HTTP/1.1" 200 3201
186.103.157.98 - - [21/Sep/2017:13:11:31 -0300] "POST /cormun/servlet/solicitudot?434f85e438506864144895aa70ba403a,INS,0,0,,gx-no-cache=1506010325743 HTTP/1.1" 200 10052
186.103.157.98 - - [21/Sep/2017:13:11:32 -0300] "GET /cormun/servlet/solicitudot?933f05248ad48ba97c51818e335955a85673aaf8807937b3f634affa678da8b423a93b900029f3274a0322a604bc7b51,gx-no-cache=1506010327147 HTTP/1.1" 200 30
200.54.247.70 - - [21/Sep/2017:13:11:34 -0300] "POST /cormun/servlet/trpermisosgoce?0a0d0196c34e46376295e74750308c55,gx-no-cache=1506008477621,gx-no-cache=1506010332622 HTTP/1.1" 200 13787
200.54.247.70 - - [21/Sep/2017:13:11:38 -0300] "POST /cormun/servlet/trpermisosgoce?0a0d0196c34e46376295e74750308c55,gx-no-cache=1506008477621,gx-no-cache=1506010335827 HTTP/1.1" 200 13825
200.54.247.70 - - [21/Sep/2017:13:11:40 -0300] "POST /cormun/servlet/trpermisosgoce?0a0d0196c34e46376295e74750308c55,gx-no-cache=1506008477621,gx-no-cache=1506010338858 HTTP/1.1" 200 13772
200.54.247.70 - - [21/Sep/2017:13:11:43 -0300] "POST /cormun/servlet/trpermisosgoce?0a0d0196c34e46376295e74750308c55,gx-no-cache=1506008477621,gx-no-cache=1506010341256 HTTP/1.1" 200 13806
200.54.247.70 - - [21/Sep/2017:13:11:46 -0300] "GET /cormun/servlet/trpermisosadjuntos?11275307,20170921124217,P, HTTP/1.1" 200 6918
200.54.247.70 - - [21/Sep/2017:13:11:47 -0300] "GET /cormun/servlet/trpermisosadjuntos?11275307,20170921124217,P, HTTP/1.1" 200 6899
200.54.247.70 - - [21/Sep/2017:13:11:50 -0300] "GET /cormun/servlet/permisosadjuntos?INS,11275307,P,20170921124217,, HTTP/1.1" 200 5753
200.54.247.70 - - [21/Sep/2017:13:11:50 -0300] "GET /cormun/static/about:blank HTTP/1.1" 404 1011
200.54.247.70 - - [21/Sep/2017:13:11:50 -0300] "GET /cormun/servlet/permisosadjuntos?INS,11275307,P,20170921124217,, HTTP/1.1" 200 5742
201.246.237.95 - - [21/Sep/2017:13:12:06 -0300] "GET /cormun/servlet/hlogin HTTP/1.1" 200 1720
201.246.237.95 - - [21/Sep/2017:13:12:07 -0300] "GET /cormun/servlet/hlogin HTTP/1.1" 200 1730
200.54.247.70 - - [21/Sep/2017:13:12:09 -0300] "POST /cormun/servlet/permisosadjuntos?0a0d0196c34e46376295e74750308c55,INS,11275307,P,20170921124217,, HTTP/1.1" 200 116
200.54.247.70 - - [21/Sep/2017:13:12:09 -0300] "GET /cormun/servlet/hpexe_return? HTTP/1.1" 200 1036
201.246.237.95 - - [21/Sep/2017:13:12:10 -0300] "POST /cormun/servlet/hlogin?1851857a2beedd7195d3d173c52795c2,gx-no-cache=1506010365949 HTTP/1.1" 200 90
201.246.237.95 - - [21/Sep/2017:13:12:11 -0300] "GET /cormun/servlet/hpexe_link HTTP/1.1" 200 949
200.54.247.70 - - [21/Sep/2017:13:12:11 -0300] "GET /cormun/servlet/trpermisosadjuntos?11275307,20170921124217,P, HTTP/1.1" 200 7014
201.246.237.95 - - [21/Sep/2017:13:12:11 -0300] "GET /cormun/servlet/hhome HTTP/1.1" 200 3882
201.246.237.95 - - [21/Sep/2017:13:12:12 -0300] "GET /cormun/servlet/hhome HTTP/1.1" 200 3879
200.54.247.70 - - [21/Sep/2017:13:12:17 -0300] "GET /cormun/servlet/trpermisosadjuntos?11275307,20170921124217,P, HTTP/1.1" 200 7009
200.54.247.70 - - [21/Sep/2017:13:12:20 -0300] "GET /cormun/servlet/permisosadjuntos?DLT,11275307,P,20170921124217,20170921124258, HTTP/1.1" 200 5773
200.54.247.70 - - [21/Sep/2017:13:12:20 -0300] "GET /cormun/static/Shared/jqueryui/images/ui-bg_highlight-soft_100_c6c2c8_1x100.png HTTP/1.1" 404 1117
200.54.247.70 - - [21/Sep/2017:13:12:20 -0300] "GET /cormun/static/Shared/jqueryui/images/ui-icons_82798d_256x240.png HTTP/1.1" 404 1089
200.54.247.70 - - [21/Sep/2017:13:12:20 -0300] "GET /cormun/static/Shared/jqueryui/images/ui-icons_8d78a5_256x240.png HTTP/1.1" 404 1089
200.54.247.70 - - [21/Sep/2017:13:12:21 -0300] "GET /cormun/static/Shared/jqueryui/images/ui-bg_flat_55_fafafa_40x100.png HTTP/1.1" 404 1097
200.54.247.70 - - [21/Sep/2017:13:12:23 -0300] "GET /cormun/servlet/permisosadjuntos?DLT,11275307,P,20170921124217,20170921124258, HTTP/1.1" 200 5762
201.246.237.95 - - [21/Sep/2017:13:12:23 -0300] "GET /cormun/servlet/trsolicitudot? HTTP/1.1" 200 10157
201.246.237.95 - - [21/Sep/2017:13:12:23 -0300] "GET /cormun/static/gxcfg.js?20177612135780 HTTP/1.1" 200 953
201.246.237.95 - - [21/Sep/2017:13:12:23 -0300] "GET /cormun/static/trsolicitudot.js?2017761214480 HTTP/1.1" 200 54041
186.103.157.98 - - [21/Sep/2017:13:12:23 -0300] "POST /cormun/servlet/solicitudot?gx-no-cache=1506010378032 HTTP/1.1" 200 240
201.246.237.95 - - [21/Sep/2017:13:12:24 -0300] "GET /cormun//static/Resources/PXToolsActionView.png HTTP/1.1" 200 2995
201.246.237.95 - - [21/Sep/2017:13:12:24 -0300] "GET /cormun//static/Resources/PXToolsRemoveAllAction.png HTTP/1.1" 200 3558
186.103.157.98 - - [21/Sep/2017:13:12:26 -0300] "GET /cormun/servlet/solicitudot?933f05248ad48ba97c51818e335955a8e668a516540f8ce23c98b2fcf363ecfe428280f76dbacb2c731cb39392decca934e252a3100da2d6b3507a8183ea025019a4b71c7fc976197da13a9d863a24d37bc63e1ae2e6923f2b0461f927a411168b016e8ed171e13b801b10bc479da798e963963cc85e99cc029a9f930dac522b30f342c82fbe807d17ade0ce7eb5434086d669a4e7e7211365e26c693127bf1665f5fb6336a6802365170651436b588ac485d22a8dffa1d609397551822b383fbf8416acd08a4d79a183a4846d9691e15489ad499294b8655d4a87e162e4e81e291c5315c5d8d8314b444de9c99677c6b3b0d5fa4004fd530871a975a0abd23cb051c27d8723dc51aa9ba2e01632bfae3f551acc115807ba707e293904dec77cc6b24291dd96c40c95701fc052912872f002c0b8fde0293a3665cf9c61a5ad5f7f6c0933f5a2c7cde8a220f2e20cf8a1da49451ddcb29616aa3dd6172aa324ceb442ab73e7a3cde6d96fba83735b32e53110bde042a7461bd05e160092472bc4,gx-no-cache=1506010378208 HTTP/1.1" 200 30
200.54.247.70 - - [21/Sep/2017:13:12:26 -0300] "POST /cormun/servlet/permisosadjuntos?0a0d0196c34e46376295e74750308c55,DLT,11275307,P,20170921124217,20170921124258,,gx-no-cache=1506010381588 HTTP/1.1" 200 93
201.246.237.95 - - [21/Sep/2017:13:12:26 -0300] "GET /cormun/servlet/trsolicitudot? HTTP/1.1" 200 10155
200.54.247.70 - - [21/Sep/2017:13:12:26 -0300] "GET /cormun/servlet/hpexe_return? HTTP/1.1" 200 1041
200.54.247.70 - - [21/Sep/2017:13:12:27 -0300] "GET /cormun/servlet/trpermisosadjuntos?11275307,20170921124217,P, HTTP/1.1" 200 6911
200.54.247.70 - - [21/Sep/2017:13:12:28 -0300] "GET /cormun/servlet/trpermisosadjuntos?11275307,20170921124217,P, HTTP/1.1" 200 6907
200.54.247.70 - - [21/Sep/2017:13:12:30 -0300] "POST /cormun/servlet/trpermisosadjuntos?0a0d0196c34e46376295e74750308c55,11275307,20170921124217,P,,gx-no-cache=1506010388681 HTTP/1.1" 200 90
200.54.247.70 - - [21/Sep/2017:13:12:30 -0300] "GET /cormun/servlet/hpexe_link HTTP/1.1" 200 1001
200.54.247.70 - - [21/Sep/2017:13:12:32 -0300] "GET /cormun/servlet/trpermisosgoce?gx-no-cache=1506008477621 HTTP/1.1" 200 16592
186.103.157.98 - - [21/Sep/2017:13:12:32 -0300] "POST /cormun/servlet/solicitudot?gx-no-cache=1506010387219 HTTP/1.1" 200 30
200.54.247.70 - - [21/Sep/2017:13:12:34 -0300] "GET /cormun/servlet/trpermisosgoce?gx-no-cache=1506008477621 HTTP/1.1" 200 16639
186.103.157.98 - - [21/Sep/2017:13:12:35 -0300] "GET /cormun/servlet/prcontratosol?15936719,,,,,MD,,gxPopupLevel%3D0%3B HTTP/1.1" 200 5702
201.246.237.95 - - [21/Sep/2017:13:12:36 -0300] "POST /cormun/servlet/trsolicitudot?1851857a2beedd7195d3d173c52795c2,,gx-no-cache=1506010386263 HTTP/1.1" 200 103
201.246.237.95 - - [21/Sep/2017:13:12:36 -0300] "GET /cormun/SolicitudOT-5114.xls HTTP/1.1" 200 6656
200.54.247.70 - - [21/Sep/2017:13:12:38 -0300] "POST /cormun/servlet/trpermisosgoce?0a0d0196c34e46376295e74750308c55,gx-no-cache=1506008477621,gx-no-cache=1506010396461 HTTP/1.1" 200 13777
200.54.247.70 - - [21/Sep/2017:13:12:38 -0300] "GET /cormun/static/Shared/jqueryui/images/ui-icons_82798d_256x240.png HTTP/1.1" 404 1089
200.54.247.70 - - [21/Sep/2017:13:12:38 -0300] "GET /cormun/static/Shared/jqueryui/images/ui-bg_highlight-soft_100_c6c2c8_1x100.png HTTP/1.1" 404 1117
200.54.247.70 - - [21/Sep/2017:13:12:38 -0300] "GET /cormun/static/Shared/jqueryui/images/ui-icons_8d78a5_256x240.png HTTP/1.1" 404 1089
200.54.247.70 - - [21/Sep/2017:13:12:38 -0300] "GET /cormun/static/Shared/jqueryui/images/ui-bg_flat_55_fafafa_40x100.png HTTP/1.1" 404 1097
186.103.157.98 - - [21/Sep/2017:13:12:39 -0300] "POST /cormun/servlet/solicitudot?gx-no-cache=1506010393579 HTTP/1.1" 200 1431
186.103.157.98 - - [21/Sep/2017:13:12:39 -0300] "GET /cormun/static/Shared/jqueryui/images/ui-bg_highlight-soft_100_c6c2c8_1x100.png HTTP/1.1" 404 1117
186.103.157.98 - - [21/Sep/2017:13:12:39 -0300] "GET /cormun/static/Shared/jqueryui/images/ui-icons_82798d_256x240.png HTTP/1.1" 404 1089
186.103.157.98 - - [21/Sep/2017:13:12:39 -0300] "GET /cormun/static/Shared/jqueryui/images/ui-icons_ebccce_256x240.png HTTP/1.1" 404 1089
186.103.157.98 - - [21/Sep/2017:13:12:39 -0300] "GET /cormun/static/Shared/jqueryui/images/ui-bg_flat_55_994d53_40x100.png HTTP/1.1" 404 1097
186.103.157.98 - - [21/Sep/2017:13:12:39 -0300] "POST /cormun/servlet/solicitudot?gx-no-cache=1506010393698 HTTP/1.1" 200 117
186.103.157.98 - - [21/Sep/2017:13:12:39 -0300] "GET /cormun/servlet/solicitudot?933f05248ad48ba97c51818e335955a8c45ac86ece2eea0acebd47381fc820865dd43fc3b4c7d5f74cb40fe1683c3dea3c51a1f5e3d4fb5837078bdeabee44997cb9189a70b5015c1e930d4c396daa3348662c348a9e4cf8e2e9957396c2062542b125fecaeb13ef4a9c2946662f857e2b2b991935461676772f3a08a0a313b9d5404fd3a94e4d5ebf8df17f54fd0a239370731f8aeb946857a0fbb4b2ce2c75,gx-no-cache=1506010393804 HTTP/1.1" 200 29
186.103.157.98 - - [21/Sep/2017:13:12:39 -0300] "GET /cormun/servlet/solicitudot?933f05248ad48ba97c51818e335955a8457a838c1178a6b343edab7511c683e908f74333a85b1063a5f71abd66cdce5646fe9d071a3432bd59a6401ae9ba9eddb00012c8643da5a00140da28aa25a4f61c5c27ccc8726c68ed8dd5f4dfbcdcde0b3525f868034093e56a067b75d90214ae35180106cb84453815d169b4ab2f1a0fc1aa1e2bed35d309b70d96346e0ef6676254fe99bc225176b038ec41638594ec5d2af0a9d5fda2c0325ee8a02ca2358bbf58d9f7a68234f81155ad8348fc60,gx-no-cache=1506010393857 HTTP/1.1" 200 62
186.103.157.98 - - [21/Sep/2017:13:12:39 -0300] "GET /cormun/servlet/solicitudot?933f05248ad48ba97c51818e335955a84616d1a40a2e95663dc966cc287ede30,gx-no-cache=1506010393891 HTTP/1.1" 200 30
192.168.10.96 - - [21/Sep/2017:13:12:59 -0300] "POST /cormun/servlet/hlogin?a6f604a9ed9a3ef262d7a6304d5c35dd,gx-no-cache=1506010337935 HTTP/1.1" 440 972
192.168.10.96 - - [21/Sep/2017:13:13:01 -0300] "GET /cormun/servlet/hlogin HTTP/1.1" 200 1733
186.103.157.98 - - [21/Sep/2017:13:13:02 -0300] "GET /cormun/servlet/prpersonalsolicitud?15936719,,,,,MD,,gxPopupLevel%3D0%3B HTTP/1.1" 200 5712
186.103.157.98 - - [21/Sep/2017:13:13:02 -0300] "GET /cormun/static/gxcfg.js?20175251253686 HTTP/1.1" 200 953
186.103.157.98 - - [21/Sep/2017:13:13:02 -0300] "GET /cormun/static/prpersonalsolicitud.js?20175251253921 HTTP/1.1" 200 13873
186.103.157.98 - - [21/Sep/2017:13:13:03 -0300] "POST /cormun/servlet/acontrolpreferencessavestate?None,VGUAJARDO,true HTTP/1.1" 200 35
192.168.10.96 - - [21/Sep/2017:13:13:11 -0300] "POST /cormun/servlet/hlogin?9ea2c7222193f1e257d28b06e0d89406,gx-no-cache=1506010350381 HTTP/1.1" 200 90
192.168.10.96 - - [21/Sep/2017:13:13:11 -0300] "GET /cormun/servlet/hpexe_link HTTP/1.1" 200 951
192.168.10.96 - - [21/Sep/2017:13:13:11 -0300] "GET /cormun/servlet/hhome HTTP/1.1" 200 4458
192.168.10.96 - - [21/Sep/2017:13:13:12 -0300] "GET /cormun/servlet/hhome HTTP/1.1" 200 4455
192.168.10.96 - - [21/Sep/2017:13:13:15 -0300] "GET /cormun/servlet/trsolicitudgral? HTTP/1.1" 200 21587
192.168.10.96 - - [21/Sep/2017:13:13:16 -0300] "GET /cormun/servlet/trsolicitudgral? HTTP/1.1" 200 21585
192.168.10.96 - - [21/Sep/2017:13:13:23 -0300] "POST /cormun/servlet/trsolicitudgral?9ea2c7222193f1e257d28b06e0d89406,,gx-no-cache=1506010361984 HTTP/1.1" 200 7913
186.103.157.98 - - [21/Sep/2017:13:14:09 -0300] "POST /cormun/servlet/solicitudot?gx-no-cache=1506010484119 HTTP/1.1" 200 30
186.103.157.98 - - [21/Sep/2017:13:14:09 -0300] "POST /cormun/servlet/solicitudot?gx-no-cache=1506010484189 HTTP/1.1" 200 1431
186.103.157.98 - - [21/Sep/2017:13:14:09 -0300] "POST /cormun/servlet/solicitudot?gx-no-cache=1506010484269 HTTP/1.1" 200 117
186.103.157.98 - - [21/Sep/2017:13:14:09 -0300] "GET /cormun/servlet/solicitudot?933f05248ad48ba97c51818e335955a8457a838c1178a6b343edab7511c683e908f74333a85b1063a5f71abd66cdce5646fe9d071a3432bd59a6401ae9ba9eddb00012c8643da5a00140da28aa25a4f61c5c27ccc8726c68ed8dd5f4dfbcdcde0b3525f868034093e56a067b75d90214ae35180106cb84453815d169b4ab2f1a0fc1aa1e2bed35d309b70d96346e0ef6676254fe99bc225176b038ec41638594ec5d2af0a9d5fda2c0325ee8a02ca2358bbf58d9f7a68234f81155ad8348fc60,gx-no-cache=1506010484324 HTTP/1.1" 200 62
186.103.157.98 - - [21/Sep/2017:13:14:21 -0300] "GET /cormun/servlet/prsolicitudot?15936719,,,,,MD,,gxPopupLevel%3D0%3B HTTP/1.1" 200 6002
186.103.157.98 - - [21/Sep/2017:13:14:21 -0300] "GET /cormun/static/gxcfg.js?2017761215935 HTTP/1.1" 200 953
186.103.157.98 - - [21/Sep/2017:13:14:21 -0300] "GET /cormun/static/prsolicitudot.js?20177612151099 HTTP/1.1" 200 13680
186.103.157.98 - - [21/Sep/2017:13:14:24 -0300] "POST /cormun/servlet/solicitudot?gx-no-cache=1506010499196 HTTP/1.1" 200 1431
186.103.157.98 - - [21/Sep/2017:13:14:24 -0300] "POST /cormun/servlet/solicitudot?gx-no-cache=1506010499287 HTTP/1.1" 200 117
186.103.157.98 - - [21/Sep/2017:13:14:24 -0300] "GET /cormun/servlet/solicitudot?933f05248ad48ba97c51818e335955a8457a838c1178a6b343edab7511c683e908f74333a85b1063a5f71abd66cdce5646fe9d071a3432bd59a6401ae9ba9eddb00012c8643da5a00140da28aa25a4f61c5c27ccc8726c68ed8dd5f4dfbcdcde0b3525f868034093e56a067b75d90214ae35180106cb84453815d169b4ab2f1a0fc1aa1e2bed35d309b70d96346e0ef6676254fe99bc225176b038ec41638594ec5d2af0a9d5fda2c0325ee8a02ca2358bbf58d9f7a68234f81155ad8348fc60,gx-no-cache=1506010499348 HTTP/1.1" 200 62
186.103.157.98 - - [21/Sep/2017:13:14:24 -0300] "GET /cormun/servlet/solicitudot?933f05248ad48ba97c51818e335955a8c760a4ea070607202631621b902eaf5f2dd84f5610f68a810c016540cf5b3826,gx-no-cache=1506010499388 HTTP/1.1" 200 30
186.103.157.98 - - [21/Sep/2017:13:15:02 -0300] "POST /cormun/servlet/solicitudot?gx-no-cache=1506010536861 HTTP/1.1" 200 1356
186.103.157.98 - - [21/Sep/2017:13:15:02 -0300] "GET /cormun/static/menuarrow.gif HTTP/1.1" 404 1015
186.103.157.98 - - [21/Sep/2017:13:15:08 -0300] "POST /cormun/servlet/solicitudot?gx-no-cache=1506010543340 HTTP/1.1" 200 122
186.103.157.98 - - [21/Sep/2017:13:15:19 -0300] "POST /cormun/servlet/solicitudot?gx-no-cache=1506010554218 HTTP/1.1" 200 1336
186.103.157.98 - - [21/Sep/2017:13:15:20 -0300] "POST /cormun/servlet/solicitudot?gx-no-cache=1506010554308 HTTP/1.1" 200 122
186.103.157.98 - - [21/Sep/2017:13:15:49 -0300] "POST /cormun/servlet/solicitudot?gx-no-cache=1506010584190 HTTP/1.1" 200 1337
186.103.157.98 - - [21/Sep/2017:13:15:52 -0300] "POST /cormun/servlet/solicitudot?gx-no-cache=1506010586456 HTTP/1.1" 200 1337
186.103.157.98 - - [21/Sep/2017:13:16:16 -0300] "POST /cormun/servlet/solicitudot?gx-no-cache=1506010611314 HTTP/1.1" 200 122
186.103.157.98 - - [21/Sep/2017:13:17:05 -0300] "POST /cormun/servlet/solicitudot?gx-no-cache=1506010660135 HTTP/1.1" 200 122
186.103.157.98 - - [21/Sep/2017:13:17:05 -0300] "POST /cormun/servlet/solicitudot?gx-no-cache=1506010660212 HTTP/1.1" 200 1337
186.103.157.98 - - [21/Sep/2017:13:17:05 -0300] "POST /cormun/servlet/solicitudot?gx-no-cache=1506010660261 HTTP/1.1" 200 122
186.103.157.98 - - [21/Sep/2017:13:17:06 -0300] "POST /cormun/servlet/solicitudot?434f85e438506864144895aa70ba403a,INS,0,0,,gx-no-cache=1506010660366 HTTP/1.1" 200 11484
186.103.157.98 - - [21/Sep/2017:13:17:28 -0300] "POST /cormun/servlet/solicitudot?gx-no-cache=1506010683301 HTTP/1.1" 200 122
186.103.157.98 - - [21/Sep/2017:13:17:28 -0300] "POST /cormun/servlet/solicitudot?gx-no-cache=1506010683378 HTTP/1.1" 200 1337
186.103.157.98 - - [21/Sep/2017:13:17:29 -0300] "POST /cormun/servlet/solicitudot?gx-no-cache=1506010683449 HTTP/1.1" 200 122
186.103.157.98 - - [21/Sep/2017:13:17:29 -0300] "POST /cormun/servlet/solicitudot?434f85e438506864144895aa70ba403a,INS,0,0,,gx-no-cache=1506010683524 HTTP/1.1" 200 11535
186.103.157.98 - - [21/Sep/2017:13:18:15 -0300] "POST /cormun/servlet/solicitudot?gx-no-cache=1506010729320 HTTP/1.1" 200 122
186.103.157.98 - - [21/Sep/2017:13:18:15 -0300] "POST /cormun/servlet/solicitudot?gx-no-cache=1506010729457 HTTP/1.1" 200 1337
186.103.157.98 - - [21/Sep/2017:13:18:15 -0300] "POST /cormun/servlet/solicitudot?gx-no-cache=1506010729541 HTTP/1.1" 200 122
186.103.157.98 - - [21/Sep/2017:13:18:15 -0300] "POST /cormun/servlet/solicitudot?434f85e438506864144895aa70ba403a,INS,0,0,,gx-no-cache=1506010729636 HTTP/1.1" 200 11583
186.103.157.98 - - [21/Sep/2017:13:18:28 -0300] "POST /cormun/servlet/solicitudot?gx-no-cache=1506010742851 HTTP/1.1" 200 122
186.103.157.98 - - [21/Sep/2017:13:18:28 -0300] "POST /cormun/servlet/solicitudot?gx-no-cache=1506010742916 HTTP/1.1" 200 1337
186.103.157.98 - - [21/Sep/2017:13:18:28 -0300] "POST /cormun/servlet/solicitudot?gx-no-cache=1506010743006 HTTP/1.1" 200 122
186.103.157.98 - - [21/Sep/2017:13:18:28 -0300] "POST /cormun/servlet/solicitudot?434f85e438506864144895aa70ba403a,INS,0,0,,gx-no-cache=1506010743094 HTTP/1.1" 200 11631
186.103.157.98 - - [21/Sep/2017:13:18:42 -0300] "GET /cormun/servlet/prsolicitudot?15936719,,,,,MD,,gxPopupLevel%3D0%3B HTTP/1.1" 200 6002
186.103.156.166 - - [21/Sep/2017:13:18:49 -0300] "GET /cormun/servlet/trpermisosadjuntos?12694104,20170921130729,P, HTTP/1.1" 200 6088
186.103.156.166 - - [21/Sep/2017:13:18:49 -0300] "GET /cormun/servlet/trpermisosadjuntos?12694104,20170921130729,P, HTTP/1.1" 200 6089
186.103.156.166 - - [21/Sep/2017:13:18:53 -0300] "GET /cormun/servlet/permisosadjuntos?INS,12694104,P,20170921130729,, HTTP/1.1" 200 5420
186.103.156.166 - - [21/Sep/2017:13:18:53 -0300] "GET /cormun/static/about:blank HTTP/1.1" 404 1011
186.103.156.166 - - [21/Sep/2017:13:18:54 -0300] "GET /cormun/servlet/permisosadjuntos?INS,12694104,P,20170921130729,, HTTP/1.1" 200 5410
186.103.157.98 - - [21/Sep/2017:13:19:45 -0300] "POST /cormun/servlet/solicitudot?gx-no-cache=1506010819598 HTTP/1.1" 200 122
186.103.157.98 - - [21/Sep/2017:13:19:46 -0300] "POST /cormun/servlet/solicitudot?434f85e438506864144895aa70ba403a,INS,0,0,,gx-no-cache=1506010820045 HTTP/1.1" 200 11694
186.103.157.98 - - [21/Sep/2017:13:19:58 -0300] "POST /cormun/servlet/solicitudot?gx-no-cache=1506010833096 HTTP/1.1" 200 122
186.103.157.98 - - [21/Sep/2017:13:19:59 -0300] "POST /cormun/servlet/solicitudot?434f85e438506864144895aa70ba403a,INS,0,0,,gx-no-cache=1506010833223 HTTP/1.1" 200 11753
186.103.159.182 - - [21/Sep/2017:13:21:18 -0300] "GET /cormun/servlet/trsolicitudot? HTTP/1.1" 200 6364
186.103.159.182 - - [21/Sep/2017:13:21:20 -0300] "GET /cormun/servlet/trsolicitudot? HTTP/1.1" 200 6363
186.103.159.182 - - [21/Sep/2017:13:21:20 -0300] "GET /cormun/servlet/hlogin HTTP/1.1" 200 1735
186.103.159.182 - - [21/Sep/2017:13:21:21 -0300] "GET /favicon.ico HTTP/1.1" 200 21630
192.168.10.96 - - [21/Sep/2017:13:22:00 -0300] "GET /cormun/servlet/trsolicitudgral? HTTP/1.1" 200 11122
192.168.10.96 - - [21/Sep/2017:13:22:01 -0300] "GET /cormun/servlet/trsolicitudgral? HTTP/1.1" 200 11122
192.168.10.96 - - [21/Sep/2017:13:22:06 -0300] "POST /cormun/servlet/trsolicitudgral?9ea2c7222193f1e257d28b06e0d89406,,gx-no-cache=1506010885261 HTTP/1.1" 200 7699
192.168.10.96 - - [21/Sep/2017:13:22:24 -0300] "POST /cormun/servlet/trsolicitudgral?9ea2c7222193f1e257d28b06e0d89406,,gx-no-cache=1506010902940 HTTP/1.1" 200 5760
192.168.10.96 - - [21/Sep/2017:13:22:35 -0300] "POST /cormun/servlet/trsolicitudgral?9ea2c7222193f1e257d28b06e0d89406,,gx-no-cache=1506010914051 HTTP/1.1" 200 7699
186.103.157.98 - - [21/Sep/2017:13:23:08 -0300] "GET /cormun/servlet/prsolicitudot?15936719,,,,,MD,,gxPopupLevel%3D0%3B HTTP/1.1" 200 6002
186.103.157.98 - - [21/Sep/2017:13:23:24 -0300] "POST /cormun/servlet/solicitudot?gx-no-cache=1506011038618 HTTP/1.1" 200 122
186.103.157.98 - - [21/Sep/2017:13:23:24 -0300] "POST /cormun/servlet/solicitudot?gx-no-cache=1506011038723 HTTP/1.1" 200 1337
186.103.157.98 - - [21/Sep/2017:13:23:24 -0300] "GET /cormun/servlet/solicitudot?933f05248ad48ba97c51818e335955a8c760a4ea070607202631621b902eaf5f7fa08535950736376506b1790532040b,gx-no-cache=1506011038811 HTTP/1.1" 200 30
186.103.157.98 - - [21/Sep/2017:13:23:37 -0300] "GET /cormun/servlet/prsolicitudot?15936719,,,,,MD,,gxPopupLevel%3D0%3B HTTP/1.1" 200 6002
186.103.157.98 - - [21/Sep/2017:13:23:39 -0300] "POST /cormun/servlet/solicitudot?gx-no-cache=1506011054286 HTTP/1.1" 200 122
186.103.157.98 - - [21/Sep/2017:13:23:39 -0300] "POST /cormun/servlet/solicitudot?gx-no-cache=1506011054323 HTTP/1.1" 200 1337
186.103.157.98 - - [21/Sep/2017:13:23:39 -0300] "GET /cormun/servlet/solicitudot?933f05248ad48ba97c51818e335955a8c760a4ea070607202631621b902eaf5f2dd84f5610f68a810c016540cf5b3826,gx-no-cache=1506011054368 HTTP/1.1" 200 30
186.103.157.98 - - [21/Sep/2017:13:23:49 -0300] "POST /cormun/servlet/solicitudot?gx-no-cache=1506011064144 HTTP/1.1" 200 122
186.103.157.98 - - [21/Sep/2017:13:23:50 -0300] "POST /cormun/servlet/solicitudot?434f85e438506864144895aa70ba403a,INS,0,0,,gx-no-cache=1506011064240 HTTP/1.1" 200 11814
186.103.157.98 - - [21/Sep/2017:13:24:17 -0300] "GET /cormun/servlet/prlicenciaspermisos?16532841,L,,MD,,gxPopupLevel%3D0%3B HTTP/1.1" 200 5560
186.103.157.98 - - [21/Sep/2017:13:24:50 -0300] "POST /cormun/servlet/solicitudot?gx-no-cache=1506011124595 HTTP/1.1" 200 41
186.103.157.98 - - [21/Sep/2017:13:24:50 -0300] "POST /cormun/servlet/solicitudot?gx-no-cache=1506011124746 HTTP/1.1" 200 1337
186.103.157.98 - - [21/Sep/2017:13:24:50 -0300] "POST /cormun/servlet/solicitudot?gx-no-cache=1506011124819 HTTP/1.1" 200 32
186.103.157.98 - - [21/Sep/2017:13:24:50 -0300] "POST /cormun/servlet/solicitudot?434f85e438506864144895aa70ba403a,INS,0,0,,gx-no-cache=1506011124895 HTTP/1.1" 200 93
186.103.157.98 - - [21/Sep/2017:13:24:50 -0300] "GET /cormun/servlet/hpexe_return? HTTP/1.1" 200 1011
186.103.157.98 - - [21/Sep/2017:13:24:50 -0300] "GET /cormun/servlet/trsolicitudot HTTP/1.1" 200 9593
186.103.157.98 - - [21/Sep/2017:13:24:51 -0300] "GET /cormun/servlet/trsolicitudot HTTP/1.1" 200 9589
186.103.157.98 - - [21/Sep/2017:13:24:59 -0300] "POST /cormun/servlet/trsolicitudot?434f85e438506864144895aa70ba403a,gx-no-cache=1506011133805 HTTP/1.1" 200 6699
186.103.157.98 - - [21/Sep/2017:13:24:59 -0300] "GET /cormun/static/Shared/jqueryui/images/ui-bg_highlight-soft_100_c6c2c8_1x100.png HTTP/1.1" 404 1117
186.103.157.98 - - [21/Sep/2017:13:24:59 -0300] "GET /cormun/static/Shared/jqueryui/images/ui-icons_82798d_256x240.png HTTP/1.1" 404 1089
186.103.157.98 - - [21/Sep/2017:13:24:59 -0300] "GET /cormun/static/Shared/jqueryui/images/ui-bg_flat_55_fafafa_40x100.png HTTP/1.1" 404 1097
186.103.157.98 - - [21/Sep/2017:13:24:59 -0300] "GET /cormun/static/Shared/jqueryui/images/ui-icons_8d78a5_256x240.png HTTP/1.1" 404 1089
186.103.157.98 - - [21/Sep/2017:13:24:59 -0300] "POST /cormun/servlet/trsolicitudot?434f85e438506864144895aa70ba403a,gx-no-cache=1506011134155 HTTP/1.1" 200 6645
192.168.10.96 - - [21/Sep/2017:13:25:30 -0300] "GET /cormun/servlet/trsolicitudgral? HTTP/1.1" 200 10918
192.168.10.96 - - [21/Sep/2017:13:25:31 -0300] "GET /cormun/servlet/trsolicitudgral? HTTP/1.1" 200 10918
186.103.156.166 - - [21/Sep/2017:13:25:42 -0300] "POST /cormun/servlet/permisosadjuntos?617d09383e17abf46ffa62a9e89b129b,INS,12694104,P,20170921130729,, HTTP/1.1" 200 116
186.103.156.166 - - [21/Sep/2017:13:25:42 -0300] "GET /cormun/servlet/hpexe_return? HTTP/1.1" 200 1036
186.103.156.166 - - [21/Sep/2017:13:25:42 -0300] "GET /cormun/servlet/trpermisosadjuntos?12694104,20170921130729,P, HTTP/1.1" 200 6558
186.103.156.166 - - [21/Sep/2017:13:25:43 -0300] "GET /cormun/servlet/trpermisosadjuntos?12694104,20170921130729,P, HTTP/1.1" 200 6555
186.103.156.166 - - [21/Sep/2017:13:26:01 -0300] "POST /cormun/servlet/trpermisosadjuntos?617d09383e17abf46ffa62a9e89b129b,12694104,20170921130729,P,,gx-no-cache=1506014791050 HTTP/1.1" 200 90
186.103.156.166 - - [21/Sep/2017:13:26:01 -0300] "GET /cormun/servlet/hpexe_link HTTP/1.1" 200 979
186.103.156.166 - - [21/Sep/2017:13:26:01 -0300] "GET /cormun/servlet/trpermisosgoce HTTP/1.1" 200 9681
186.103.156.166 - - [21/Sep/2017:13:26:02 -0300] "GET /cormun/servlet/trpermisosgoce HTTP/1.1" 200 9679
186.103.157.98 - - [21/Sep/2017:13:26:04 -0300] "GET /cormun/servlet/trsolicitudot? HTTP/1.1" 200 9589
186.103.157.98 - - [21/Sep/2017:13:26:05 -0300] "GET /cormun/servlet/trsolicitudot? HTTP/1.1" 200 9588
186.103.157.98 - - [21/Sep/2017:13:26:11 -0300] "POST /cormun/servlet/trsolicitudot?434f85e438506864144895aa70ba403a,,gx-no-cache=1506011205573 HTTP/1.1" 200 6644
186.103.157.246 - - [21/Sep/2017:13:26:14 -0300] "GET /cormun/servlet/hlogin HTTP/1.1" 200 1722
186.103.157.246 - - [21/Sep/2017:13:26:14 -0300] "GET /cormun/static/Resources/Spanish/PXTools.css?11423723 HTTP/1.1" 304 -
186.103.157.246 - - [21/Sep/2017:13:26:14 -0300] "GET /cormun/static/gxcfg.js?20175251213516 HTTP/1.1" 304 -
186.103.157.246 - - [21/Sep/2017:13:26:14 -0300] "GET /cormun/static/messages.spa.js?85251 HTTP/1.1" 304 -
186.103.157.246 - - [21/Sep/2017:13:26:14 -0300] "GET /cormun/static/hlogin.js?20175251213537 HTTP/1.1" 304 -
186.103.157.246 - - [21/Sep/2017:13:26:15 -0300] "GET /cormun/servlet/hlogin HTTP/1.1" 200 1730
186.103.157.246 - - [21/Sep/2017:13:26:27 -0300] "POST /cormun/servlet/hlogin?f1bfc133dc5408e5e80e6ec6711a8a45,gx-no-cache=1506011223552 HTTP/1.1" 200 90
186.103.157.246 - - [21/Sep/2017:13:26:28 -0300] "GET /cormun/servlet/hpexe_link HTTP/1.1" 200 950
186.103.157.246 - - [21/Sep/2017:13:26:28 -0300] "GET /cormun/static/Resources/Spanish/PXTools.css?1155365 HTTP/1.1" 304 -
186.103.157.246 - - [21/Sep/2017:13:26:28 -0300] "GET /cormun/static/gxcfg.js?20177612121792 HTTP/1.1" 304 -
186.103.157.246 - - [21/Sep/2017:13:26:28 -0300] "GET /cormun/static/hpexe_link.js?20177612121795 HTTP/1.1" 304 -
186.103.157.246 - - [21/Sep/2017:13:26:28 -0300] "GET /cormun/servlet/hhome HTTP/1.1" 200 4014
186.103.157.246 - - [21/Sep/2017:13:26:28 -0300] "GET /cormun/static/gxcfg.js?20175251212442 HTTP/1.1" 304 -
186.103.157.246 - - [21/Sep/2017:13:26:28 -0300] "GET /cormun/static/hhome.js?20175251212450 HTTP/1.1" 304 -
186.103.157.246 - - [21/Sep/2017:13:26:28 -0300] "GET /cormun/static/hwchdr01.js?201752511465785 HTTP/1.1" 304 -
