186.103.159.43 - - [20/Sep/2017:15:21:40 -0300] "POST /cormun/servlet/solicitudot?gx-no-cache=1505931735510 HTTP/1.1" 200 30
186.79.43.169 - - [20/Sep/2017:15:21:41 -0300] "GET /cormun/servlet/trsolicitudot? HTTP/1.1" 200 9607
186.79.43.169 - - [20/Sep/2017:15:21:41 -0300] "GET /cormun/static/gxcfg.js?20177612135780 HTTP/1.1" 200 953
186.79.43.169 - - [20/Sep/2017:15:21:41 -0300] "GET /cormun/static/trsolicitudot.js?2017761214480 HTTP/1.1" 200 54041
186.79.43.169 - - [20/Sep/2017:15:21:42 -0300] "GET /cormun//static/Resources/PXToolsActionView.png HTTP/1.1" 200 2995
186.79.43.169 - - [20/Sep/2017:15:21:42 -0300] "GET /cormun//static/Resources/PXToolsRemoveAllAction.png HTTP/1.1" 200 3558
186.79.43.169 - - [20/Sep/2017:15:21:42 -0300] "GET /cormun/servlet/trsolicitudot? HTTP/1.1" 200 9605
186.79.43.169 - - [20/Sep/2017:15:21:47 -0300] "GET /cormun/servlet/solicitudot?INS,0,0, HTTP/1.1" 200 12739
186.79.43.169 - - [20/Sep/2017:15:21:47 -0300] "GET /cormun/static/gxcfg.js?201783011173874 HTTP/1.1" 200 953
186.79.43.169 - - [20/Sep/2017:15:21:47 -0300] "GET /cormun/static/solicitudot.js?201783011174088 HTTP/1.1" 200 63803
186.79.43.169 - - [20/Sep/2017:15:21:48 -0300] "GET /cormun/servlet/solicitudot?INS,0,0, HTTP/1.1" 200 12744
186.79.43.169 - - [20/Sep/2017:15:21:51 -0300] "GET /cormun/servlet/prfichaempleado?,MD,,gxPopupLevel%3D0%3B HTTP/1.1" 200 9308
186.79.43.169 - - [20/Sep/2017:15:22:06 -0300] "POST /cormun/servlet/prfichaempleado?ac619e0d7b4e744ff2c2ee7e85153161,,MD,,gxPopupLevel%3D0%3B,gx-no-cache=1505931760920 HTTP/1.1" 200 3487
186.79.43.169 - - [20/Sep/2017:15:22:21 -0300] "POST /cormun/servlet/solicitudot?gx-no-cache=1505931775841 HTTP/1.1" 200 3215
186.79.43.169 - - [20/Sep/2017:15:22:22 -0300] "POST /cormun/servlet/solicitudot?ac619e0d7b4e744ff2c2ee7e85153161,INS,0,0,,gx-no-cache=1505931776369 HTTP/1.1" 200 9895
186.79.43.169 - - [20/Sep/2017:15:22:25 -0300] "GET /cormun/servlet/solicitudot?cba648190292a249e0231f0e10bec766ba2595dc615610733b9c1e913495efcb4e4981e3b2add9a90df1ec1b7e581b6f,gx-no-cache=1505931779993 HTTP/1.1" 200 30
186.79.43.169 - - [20/Sep/2017:15:22:25 -0300] "POST /cormun/servlet/solicitudot?gx-no-cache=1505931780151 HTTP/1.1" 200 255
186.79.43.169 - - [20/Sep/2017:15:22:25 -0300] "GET /cormun/servlet/solicitudot?cba648190292a249e0231f0e10bec766c9c69ba54f0fd3f3149bb1cd0afec21a59ed21b0d66043d8a7bd675def3319786c18bf2aef08a1c3909609f203c641507eee97e3a1ef3c7e4b8bf812ed0104fd58cd5b07ae927aa1cabd357ec0977a496706e506609446241b4ddb6d712824a9a2ab5e505881dbeabfceb9dfd36eefa44b9041f9c33d4f93cd8b47bb8a2a6351f6a33d7d9af1fc072fc09b20257ff110fd705bd14a4c51f034734198b3e25b04b0c37fedd925df780c463a09eb5c99e35d4cf0bddfa6164261b3979d8ab2d95606dcdb1bf91365308a35548af2913e053029af80422e4e8daf8f606bc2a09f53f3d44c292ada618ff3ed18d67dfee1a82cb71f5db16d8e5a66d6be08675a8a74b56929c2b23d58e4e81f263cc84e4bb6babae1c6d766d9fd1456e0443317a1a1a5eef368a2058d9b55857e182a486836fd9be751f181716964c48ec091b5a236004e697db5b71437721f4d346b9e69d2e1951f4f2a8fe35f6d2ed20c1744af5b256524a6d887c2fd2f3a7901ea4c3ad8,gx-no-cache=1505931780304 HTTP/1.1" 200 30
186.79.43.169 - - [20/Sep/2017:15:22:48 -0300] "GET /cormun/servlet/trfichaempleado? HTTP/1.1" 200 13582
186.79.43.169 - - [20/Sep/2017:15:22:48 -0300] "POST /cormun/servlet/solicitudot?gx-no-cache=1505931802927 HTTP/1.1" 200 30
186.79.43.169 - - [20/Sep/2017:15:22:57 -0300] "GET /cormun/servlet/prcontratosol?17135191,,,,,MD,,gxPopupLevel%3D0%3B HTTP/1.1" 200 7467
186.79.43.169 - - [20/Sep/2017:15:22:57 -0300] "GET /cormun/static/gxcfg.js?201761413223964 HTTP/1.1" 200 953
186.79.43.169 - - [20/Sep/2017:15:22:57 -0300] "GET /cormun/static/prcontratosol.js?201761413224174 HTTP/1.1" 200 15806
186.79.43.169 - - [20/Sep/2017:15:23:00 -0300] "POST /cormun/servlet/solicitudot?gx-no-cache=1505931814427 HTTP/1.1" 200 1353
186.79.43.169 - - [20/Sep/2017:15:23:00 -0300] "POST /cormun/servlet/solicitudot?gx-no-cache=1505931814569 HTTP/1.1" 200 38
186.79.43.169 - - [20/Sep/2017:15:23:00 -0300] "GET /cormun/servlet/solicitudot?cba648190292a249e0231f0e10bec766f80cc56326d9be4b3eea17c49368b679bbc16d4584614fec36f02daa1fa24ec466292795adb9ab0e95a1727dda6d75b6452b7ffc79029781f1894d5e2f1ccac99e0c195732226eede47c5853bdb44b5e766f37c5add4f064dc12e5daf013d59fb8efc7f7b49271cba7234f7696fa5d3ca58ce4d72257fa1ba7d07ed2f72bb4c4e9b50119b5baf1ac15943c15131527c3,gx-no-cache=1505931814683 HTTP/1.1" 200 29
186.79.43.169 - - [20/Sep/2017:15:23:00 -0300] "POST /cormun/servlet/solicitudot?gx-no-cache=1505931814795 HTTP/1.1" 200 1335
186.79.43.169 - - [20/Sep/2017:15:23:00 -0300] "GET /cormun/servlet/solicitudot?cba648190292a249e0231f0e10bec766de7b1822d31fb7e7081466055b9d5c281ee02b7ce88a8dda109d984d2117d1b4,gx-no-cache=1505931815008 HTTP/1.1" 200 134
186.79.43.169 - - [20/Sep/2017:15:23:00 -0300] "GET /cormun/static/Shared/jqueryui/images/ui-bg_highlight-soft_100_c6c2c8_1x100.png HTTP/1.1" 404 1117
186.79.43.169 - - [20/Sep/2017:15:23:00 -0300] "GET /cormun/static/Shared/jqueryui/images/ui-icons_82798d_256x240.png HTTP/1.1" 404 1089
186.79.43.169 - - [20/Sep/2017:15:23:00 -0300] "GET /cormun/static/Shared/jqueryui/images/ui-bg_flat_55_994d53_40x100.png HTTP/1.1" 404 1097
186.79.43.169 - - [20/Sep/2017:15:23:00 -0300] "GET /cormun/static/Shared/jqueryui/images/ui-icons_ebccce_256x240.png HTTP/1.1" 404 1089
186.103.159.43 - - [20/Sep/2017:15:23:06 -0300] "POST /cormun/servlet/solicitudot?gx-no-cache=1505931821469 HTTP/1.1" 200 30
186.103.159.43 - - [20/Sep/2017:15:23:19 -0300] "GET /cormun/servlet/prcontratosol?10109436,,,,,MD,,gxPopupLevel%3D0%3B HTTP/1.1" 200 7411
186.103.159.43 - - [20/Sep/2017:15:23:19 -0300] "GET /cormun/static/gxcfg.js?201761413223964 HTTP/1.1" 200 953
186.103.159.43 - - [20/Sep/2017:15:23:19 -0300] "GET /cormun/static/prcontratosol.js?201761413224174 HTTP/1.1" 200 15806
186.79.43.169 - - [20/Sep/2017:15:23:25 -0300] "POST /cormun/servlet/solicitudot?gx-no-cache=1505931839720 HTTP/1.1" 200 1334
186.79.43.169 - - [20/Sep/2017:15:23:25 -0300] "GET /cormun/static/menuarrow.gif HTTP/1.1" 404 1015
186.79.43.169 - - [20/Sep/2017:15:23:28 -0300] "POST /cormun/servlet/solicitudot?gx-no-cache=1505931842541 HTTP/1.1" 200 1334
186.103.159.43 - - [20/Sep/2017:15:23:31 -0300] "POST /cormun/servlet/solicitudot?gx-no-cache=1505931846271 HTTP/1.1" 200 1355
186.103.159.43 - - [20/Sep/2017:15:23:31 -0300] "POST /cormun/servlet/solicitudot?gx-no-cache=1505931846424 HTTP/1.1" 200 41
186.103.159.43 - - [20/Sep/2017:15:23:31 -0300] "POST /cormun/servlet/solicitudot?gx-no-cache=1505931846475 HTTP/1.1" 200 1337
186.103.159.43 - - [20/Sep/2017:15:23:31 -0300] "GET /cormun/servlet/solicitudot?dcaa20dbd2c21d7f90e11e1690bb23a924c4551de9a9feec3e2ef7a383e5eda6,gx-no-cache=1505931846549 HTTP/1.1" 200 30
186.79.43.169 - - [20/Sep/2017:15:23:46 -0300] "POST /cormun/servlet/solicitudot?gx-no-cache=1505931860950 HTTP/1.1" 200 30
186.79.43.169 - - [20/Sep/2017:15:23:53 -0300] "GET /cormun/servlet/trfichaempleado? HTTP/1.1" 200 13266
186.79.43.169 - - [20/Sep/2017:15:24:22 -0300] "POST /cormun/servlet/solicitudot?gx-no-cache=1505931896868 HTTP/1.1" 200 1353
186.79.43.169 - - [20/Sep/2017:15:24:22 -0300] "POST /cormun/servlet/solicitudot?gx-no-cache=1505931897254 HTTP/1.1" 200 41
186.79.43.169 - - [20/Sep/2017:15:24:23 -0300] "POST /cormun/servlet/solicitudot?gx-no-cache=1505931897368 HTTP/1.1" 200 1334
186.79.43.169 - - [20/Sep/2017:15:24:25 -0300] "POST /cormun/servlet/solicitudot?gx-no-cache=1505931900013 HTTP/1.1" 200 30
186.79.43.169 - - [20/Sep/2017:15:24:25 -0300] "POST /cormun/servlet/solicitudot?gx-no-cache=1505931900161 HTTP/1.1" 200 1353
186.79.43.169 - - [20/Sep/2017:15:24:26 -0300] "POST /cormun/servlet/solicitudot?gx-no-cache=1505931900427 HTTP/1.1" 200 41
186.79.43.169 - - [20/Sep/2017:15:24:26 -0300] "POST /cormun/servlet/solicitudot?gx-no-cache=1505931900537 HTTP/1.1" 200 1334
186.103.159.43 - - [20/Sep/2017:15:24:41 -0300] "GET /cormun/servlet/prsolicitudot?10109436,,,,,MD,,gxPopupLevel%3D0%3B HTTP/1.1" 200 6081
186.103.159.43 - - [20/Sep/2017:15:24:41 -0300] "GET /cormun/static/gxcfg.js?2017761215935 HTTP/1.1" 200 953
186.103.159.43 - - [20/Sep/2017:15:24:41 -0300] "GET /cormun/static/prsolicitudot.js?20177612151099 HTTP/1.1" 200 13680
186.79.43.169 - - [20/Sep/2017:15:24:44 -0300] "POST /cormun/servlet/solicitudot?gx-no-cache=1505931918771 HTTP/1.1" 200 30
186.103.159.43 - - [20/Sep/2017:15:24:53 -0300] "POST /cormun/servlet/solicitudot?gx-no-cache=1505931928486 HTTP/1.1" 200 256
186.103.159.43 - - [20/Sep/2017:15:24:53 -0300] "GET /cormun/servlet/solicitudot?dcaa20dbd2c21d7f90e11e1690bb23a9f58d5cb4bb82f8495256c3370efa8add83dc034e978a6686d3a71bb262a732dd4fb99b9d9c0f9c6dca558821b332dd01842d08718ebd08a5d8878e487a00043687e53fd9908c9c561b2608e3665c10e6aa70d9455132de9ca9fde0b59a7406eb5564e1fe4916a9cf1e55db23cf6c298f0f4a945d0b36b2173a1a1641a06a1748c2287d4683e147a77798c9552d770da6624920f357965a611810637c35d901599a71e1cc95fef3e91d65d91e65885b5df5a067e9c6bab390d7e670f07339c405cf02e7436d2adb3fee04eebc58f08fd76baae479faceed7cfa9e44de589f741ad2c7cfb5a9c49f404a0b647b1b5594b61b7ddba0bda746956a0d40aa245d57ff42ef08a4ff99ad60e305d10da54c85761f3a4b96b3f0c14611583a9f770de835f1b29dd8e2bdfc768e86908dc18af792bcdcad4688e6c5328d44da5c2d081a23bac5497eb2078267a9fce19fb6bfdc1cd1ca57d676401571c7d43f30b0e5d4af3977d1d6ae865e50cc9c07a9ce274e5f,gx-no-cache=1505931928609 HTTP/1.1" 200 30
186.79.43.169 - - [20/Sep/2017:15:24:53 -0300] "POST /cormun/servlet/solicitudot?gx-no-cache=1505931927982 HTTP/1.1" 200 1353
186.103.159.43 - - [20/Sep/2017:15:24:53 -0300] "POST /cormun/servlet/solicitudot?gx-no-cache=1505931928680 HTTP/1.1" 200 30
186.79.43.169 - - [20/Sep/2017:15:24:53 -0300] "POST /cormun/servlet/solicitudot?gx-no-cache=1505931928193 HTTP/1.1" 200 41
186.103.159.43 - - [20/Sep/2017:15:24:53 -0300] "POST /cormun/servlet/solicitudot?gx-no-cache=1505931928766 HTTP/1.1" 200 1355
186.103.159.43 - - [20/Sep/2017:15:24:53 -0300] "POST /cormun/servlet/solicitudot?gx-no-cache=1505931928858 HTTP/1.1" 200 41
186.79.43.169 - - [20/Sep/2017:15:24:54 -0300] "POST /cormun/servlet/solicitudot?gx-no-cache=1505931928293 HTTP/1.1" 200 1334
186.103.159.43 - - [20/Sep/2017:15:24:54 -0300] "POST /cormun/servlet/solicitudot?gx-no-cache=1505931928949 HTTP/1.1" 200 1337
186.79.43.169 - - [20/Sep/2017:15:24:54 -0300] "GET /cormun/servlet/solicitudot?cba648190292a249e0231f0e10bec766f2243f2f5e4accb7e82bcd6aaf562b0b8105281de2f52552ac27d7b6c3c016f0,gx-no-cache=1505931928495 HTTP/1.1" 200 134
186.79.43.169 - - [20/Sep/2017:15:24:54 -0300] "POST /cormun/servlet/solicitudot?gx-no-cache=1505931928642 HTTP/1.1" 200 33
186.103.159.43 - - [20/Sep/2017:15:24:56 -0300] "POST /cormun/servlet/solicitudot?gx-no-cache=1505931931302 HTTP/1.1" 200 105
186.103.159.43 - - [20/Sep/2017:15:24:57 -0300] "POST /cormun/servlet/solicitudot?5c902a0ac051adb6661c6bb07193b4db,INS,0,0,,gx-no-cache=1505931931770 HTTP/1.1" 200 11284
186.79.43.169 - - [20/Sep/2017:15:25:01 -0300] "GET /cormun/servlet/prsolicitudot?17135191,,,,,MD,,gxPopupLevel%3D0%3B HTTP/1.1" 200 6018
186.79.43.169 - - [20/Sep/2017:15:25:01 -0300] "GET /cormun/static/gxcfg.js?2017761215935 HTTP/1.1" 200 953
186.79.43.169 - - [20/Sep/2017:15:25:01 -0300] "GET /cormun/static/prsolicitudot.js?20177612151099 HTTP/1.1" 200 13680
186.79.43.169 - - [20/Sep/2017:15:25:03 -0300] "GET /cormun/servlet/trfichaempleado? HTTP/1.1" 200 13390
186.79.43.169 - - [20/Sep/2017:15:25:09 -0300] "POST /cormun/servlet/solicitudot?gx-no-cache=1505931943479 HTTP/1.1" 200 1353
186.79.43.169 - - [20/Sep/2017:15:25:10 -0300] "POST /cormun/servlet/solicitudot?gx-no-cache=1505931944397 HTTP/1.1" 200 41
186.79.43.169 - - [20/Sep/2017:15:25:10 -0300] "POST /cormun/servlet/solicitudot?gx-no-cache=1505931944653 HTTP/1.1" 200 1334
186.79.43.169 - - [20/Sep/2017:15:25:10 -0300] "GET /cormun/servlet/solicitudot?cba648190292a249e0231f0e10bec766ceddb98cefc6ccb6138bfb10f95844be8105281de2f52552ac27d7b6c3c016f0,gx-no-cache=1505931944988 HTTP/1.1" 200 30
186.103.159.43 - - [20/Sep/2017:15:25:22 -0300] "GET /cormun/servlet/solicitudot?dcaa20dbd2c21d7f90e11e1690bb23a9b58545ac4f7cf0d3a7d090b34e59079a6d010af6e1dfc71eca8c1903398b0889,gx-no-cache=1505931956985 HTTP/1.1" 200 134
186.103.159.43 - - [20/Sep/2017:15:25:22 -0300] "POST /cormun/servlet/solicitudot?gx-no-cache=1505931957091 HTTP/1.1" 200 30
186.103.159.43 - - [20/Sep/2017:15:25:22 -0300] "POST /cormun/servlet/solicitudot?5c902a0ac051adb6661c6bb07193b4db,INS,0,0,,gx-no-cache=1505931957198 HTTP/1.1" 200 11379
186.79.43.169 - - [20/Sep/2017:15:25:23 -0300] "GET /cormun/servlet/solicitudot?cba648190292a249e0231f0e10bec766f2243f2f5e4accb7e82bcd6aaf562b0b8105281de2f52552ac27d7b6c3c016f0,gx-no-cache=1505931957505 HTTP/1.1" 200 134
186.79.43.169 - - [20/Sep/2017:15:26:20 -0300] "GET /cormun/servlet/prpersonalsolicitud?17135191,,,,,MD,,gxPopupLevel%3D0%3B HTTP/1.1" 200 5670
186.79.43.169 - - [20/Sep/2017:15:26:21 -0300] "GET /cormun/static/gxcfg.js?20175251253686 HTTP/1.1" 200 953
186.79.43.169 - - [20/Sep/2017:15:26:21 -0300] "GET /cormun/static/prpersonalsolicitud.js?20175251253921 HTTP/1.1" 200 13873
186.79.43.169 - - [20/Sep/2017:15:26:24 -0300] "GET /cormun/servlet/solicitudot?cba648190292a249e0231f0e10bec766ceddb98cefc6ccb6138bfb10f95844be8105281de2f52552ac27d7b6c3c016f0,gx-no-cache=1505932018723 HTTP/1.1" 200 30
186.79.43.169 - - [20/Sep/2017:15:26:26 -0300] "GET /cormun/servlet/prcontratosol?17135191,,,,,MD,,gxPopupLevel%3D0%3B HTTP/1.1" 200 7467
186.79.43.169 - - [20/Sep/2017:15:26:29 -0300] "POST /cormun/servlet/solicitudot?gx-no-cache=1505932023368 HTTP/1.1" 200 1353
186.79.43.169 - - [20/Sep/2017:15:26:29 -0300] "POST /cormun/servlet/solicitudot?gx-no-cache=1505932023601 HTTP/1.1" 200 41
186.79.43.169 - - [20/Sep/2017:15:26:29 -0300] "POST /cormun/servlet/solicitudot?gx-no-cache=1505932023720 HTTP/1.1" 200 1334
186.79.43.169 - - [20/Sep/2017:15:26:29 -0300] "GET /cormun/servlet/solicitudot?cba648190292a249e0231f0e10bec766de7b1822d31fb7e7081466055b9d5c281ee02b7ce88a8dda109d984d2117d1b4,gx-no-cache=1505932023920 HTTP/1.1" 200 134
186.79.43.169 - - [20/Sep/2017:15:26:51 -0300] "GET /cormun/servlet/solicitudot?cba648190292a249e0231f0e10bec766ceddb98cefc6ccb6138bfb10f95844be8105281de2f52552ac27d7b6c3c016f0,gx-no-cache=1505932046108 HTTP/1.1" 200 30
186.79.43.169 - - [20/Sep/2017:15:26:51 -0300] "POST /cormun/servlet/solicitudot?gx-no-cache=1505932046252 HTTP/1.1" 200 33
186.103.159.43 - - [20/Sep/2017:15:27:15 -0300] "GET /cormun/servlet/solicitudot?dcaa20dbd2c21d7f90e11e1690bb23a98ce65bde7ca8ccfe7fbfcf5551e3b5142c2289c7ffe4f1347d4f52e2896b0406,gx-no-cache=1505932070794 HTTP/1.1" 200 30
186.103.159.43 - - [20/Sep/2017:15:27:15 -0300] "POST /cormun/servlet/solicitudot?gx-no-cache=1505932070920 HTTP/1.1" 200 30
186.103.159.43 - - [20/Sep/2017:15:27:16 -0300] "POST /cormun/servlet/solicitudot?5c902a0ac051adb6661c6bb07193b4db,INS,0,0,,gx-no-cache=1505932071018 HTTP/1.1" 200 93
186.103.159.43 - - [20/Sep/2017:15:27:16 -0300] "GET /cormun/servlet/hpexe_return? HTTP/1.1" 200 1006
186.103.159.43 - - [20/Sep/2017:15:27:16 -0300] "GET /cormun/servlet/trsolicitudot HTTP/1.1" 200 9702
186.103.159.43 - - [20/Sep/2017:15:27:17 -0300] "GET /cormun/servlet/trsolicitudot HTTP/1.1" 200 9697
186.79.43.169 - - [20/Sep/2017:15:27:39 -0300] "GET /cormun/servlet/trfichaempleado? HTTP/1.1" 200 13393
186.103.159.43 - - [20/Sep/2017:15:27:55 -0300] "POST /cormun/servlet/trsolicitudot?5c902a0ac051adb6661c6bb07193b4db,gx-no-cache=1505932109856 HTTP/1.1" 200 6912
186.103.159.43 - - [20/Sep/2017:15:27:55 -0300] "GET /cormun/static/Shared/jqueryui/images/ui-bg_highlight-soft_100_c6c2c8_1x100.png HTTP/1.1" 404 1117
186.103.159.43 - - [20/Sep/2017:15:27:55 -0300] "GET /cormun/static/Shared/jqueryui/images/ui-icons_82798d_256x240.png HTTP/1.1" 404 1089
186.103.159.43 - - [20/Sep/2017:15:27:55 -0300] "GET /cormun/static/Shared/jqueryui/images/ui-bg_flat_55_fafafa_40x100.png HTTP/1.1" 404 1097
186.103.159.43 - - [20/Sep/2017:15:27:55 -0300] "GET /cormun/static/Shared/jqueryui/images/ui-icons_8d78a5_256x240.png HTTP/1.1" 404 1089
186.103.159.43 - - [20/Sep/2017:15:27:56 -0300] "POST /cormun/servlet/trsolicitudot?5c902a0ac051adb6661c6bb07193b4db,gx-no-cache=1505932110558 HTTP/1.1" 200 6855
186.79.43.169 - - [20/Sep/2017:15:28:08 -0300] "GET /cormun/servlet/trfichaempleado? HTTP/1.1" 200 13249
186.79.43.169 - - [20/Sep/2017:15:28:16 -0300] "GET /cormun/servlet/trfichaempleado? HTTP/1.1" 200 13079
186.79.43.169 - - [20/Sep/2017:15:28:20 -0300] "GET /cormun/servlet/trfichaempleado? HTTP/1.1" 200 13083
186.79.43.169 - - [20/Sep/2017:15:28:25 -0300] "GET /cormun/servlet/trfichaempleado? HTTP/1.1" 200 13607
186.79.43.169 - - [20/Sep/2017:15:29:49 -0300] "POST /cormun/servlet/solicitudot?ac619e0d7b4e744ff2c2ee7e85153161,INS,0,0,,gx-no-cache=1505932222713 HTTP/1.1" 200 93
186.79.43.169 - - [20/Sep/2017:15:29:50 -0300] "GET /cormun/servlet/hpexe_return? HTTP/1.1" 200 1010
186.79.43.169 - - [20/Sep/2017:15:29:50 -0300] "GET /cormun/servlet/trsolicitudot HTTP/1.1" 200 9899
186.79.43.169 - - [20/Sep/2017:15:29:50 -0300] "GET /cormun/servlet/trsolicitudot HTTP/1.1" 200 9894
186.79.43.169 - - [20/Sep/2017:15:30:01 -0300] "POST /cormun/servlet/trsolicitudot?ac619e0d7b4e744ff2c2ee7e85153161,gx-no-cache=1505932235585 HTTP/1.1" 200 7063
186.79.43.169 - - [20/Sep/2017:15:30:01 -0300] "GET /cormun/static/Shared/jqueryui/images/ui-bg_highlight-soft_100_c6c2c8_1x100.png HTTP/1.1" 404 1117
186.79.43.169 - - [20/Sep/2017:15:30:01 -0300] "GET /cormun/static/Shared/jqueryui/images/ui-icons_82798d_256x240.png HTTP/1.1" 404 1089
186.79.43.169 - - [20/Sep/2017:15:30:01 -0300] "GET /cormun/static/Shared/jqueryui/images/ui-bg_flat_55_fafafa_40x100.png HTTP/1.1" 404 1097
186.79.43.169 - - [20/Sep/2017:15:30:01 -0300] "GET /cormun/static/Shared/jqueryui/images/ui-icons_8d78a5_256x240.png HTTP/1.1" 404 1089
186.79.43.169 - - [20/Sep/2017:15:30:02 -0300] "POST /cormun/servlet/trsolicitudot?ac619e0d7b4e744ff2c2ee7e85153161,gx-no-cache=1505932236267 HTTP/1.1" 200 7007
186.79.43.169 - - [20/Sep/2017:15:30:06 -0300] "POST /cormun/servlet/trsolicitudot?ac619e0d7b4e744ff2c2ee7e85153161,gx-no-cache=1505932240280 HTTP/1.1" 200 7006
186.79.43.169 - - [20/Sep/2017:15:30:11 -0300] "POST /cormun/servlet/trsolicitudot?ac619e0d7b4e744ff2c2ee7e85153161,gx-no-cache=1505932245515 HTTP/1.1" 200 7007
186.79.43.169 - - [20/Sep/2017:15:30:18 -0300] "GET /cormun/servlet/hlogin HTTP/1.1" 200 1742
186.79.43.169 - - [20/Sep/2017:15:30:33 -0300] "POST /cormun/servlet/hlogin?ac619e0d7b4e744ff2c2ee7e85153161,gx-no-cache=1505932267855 HTTP/1.1" 200 90
186.79.43.169 - - [20/Sep/2017:15:30:33 -0300] "GET /cormun/servlet/hpexe_link HTTP/1.1" 200 955
186.79.43.169 - - [20/Sep/2017:15:30:33 -0300] "GET /cormun/servlet/hhome HTTP/1.1" 200 4068
186.79.43.169 - - [20/Sep/2017:15:30:34 -0300] "GET /cormun/servlet/hhome HTTP/1.1" 200 4064
186.79.43.169 - - [20/Sep/2017:15:30:44 -0300] "GET /cormun/servlet/trautorizarsolicitud? HTTP/1.1" 200 8297
186.79.43.169 - - [20/Sep/2017:15:30:45 -0300] "GET /cormun/servlet/trautorizarsolicitud? HTTP/1.1" 200 8294
186.79.43.169 - - [20/Sep/2017:15:30:55 -0300] "POST /cormun/servlet/trautorizarsolicitud?ac619e0d7b4e744ff2c2ee7e85153161,,gx-no-cache=1505932289063 HTTP/1.1" 200 4377
186.79.43.169 - - [20/Sep/2017:15:30:55 -0300] "GET /cormun/static/Shared/jqueryui/images/ui-bg_highlight-soft_100_c6c2c8_1x100.png HTTP/1.1" 404 1117
186.79.43.169 - - [20/Sep/2017:15:30:55 -0300] "GET /cormun/static/Shared/jqueryui/images/ui-icons_82798d_256x240.png HTTP/1.1" 404 1089
186.79.43.169 - - [20/Sep/2017:15:30:55 -0300] "GET /cormun/static/Shared/jqueryui/images/ui-bg_flat_55_fafafa_40x100.png HTTP/1.1" 404 1097
186.79.43.169 - - [20/Sep/2017:15:30:55 -0300] "GET /cormun/static/Shared/jqueryui/images/ui-icons_8d78a5_256x240.png HTTP/1.1" 404 1089
186.79.43.169 - - [20/Sep/2017:15:30:56 -0300] "POST /cormun/servlet/trautorizarsolicitud?ac619e0d7b4e744ff2c2ee7e85153161,,gx-no-cache=1505932290209 HTTP/1.1" 200 4152
186.79.43.169 - - [20/Sep/2017:15:31:10 -0300] "GET /cormun/servlet/hlogin HTTP/1.1" 200 1745
192.168.10.96 - - [20/Sep/2017:15:31:44 -0300] "GET /cormun/servlet/trconsultaempleado? HTTP/1.1" 200 5412
192.168.10.96 - - [20/Sep/2017:15:31:45 -0300] "GET /cormun/servlet/hlogin HTTP/1.1" 200 1736
192.168.10.96 - - [20/Sep/2017:15:31:45 -0300] "GET /cormun/servlet/trconsultaempleado? HTTP/1.1" 200 5393
186.79.141.174 - - [20/Sep/2017:15:31:49 -0300] "GET /cormun/servlet/hlogin HTTP/1.1" 200 1719
186.79.141.174 - - [20/Sep/2017:15:31:50 -0300] "GET /cormun/static/Resources/Spanish/PXTools.css?11423723 HTTP/1.1" 304 -
186.79.141.174 - - [20/Sep/2017:15:31:50 -0300] "GET /cormun/static/hlogin.js?20175251213537 HTTP/1.1" 304 -
192.168.10.96 - - [20/Sep/2017:15:31:55 -0300] "POST /cormun/servlet/hlogin?6981e86fdcba9aa68dac6aada2a3d1cd,gx-no-cache=1505932274823 HTTP/1.1" 200 90
192.168.10.96 - - [20/Sep/2017:15:31:55 -0300] "GET /cormun/servlet/hpexe_link HTTP/1.1" 200 956
186.79.141.174 - - [20/Sep/2017:15:31:56 -0300] "POST /cormun/servlet/hlogin?25707753bc523df9e95ef05a10366be2,gx-no-cache=1505932350805 HTTP/1.1" 200 90
186.79.141.174 - - [20/Sep/2017:15:31:56 -0300] "GET /cormun/servlet/hpexe_link HTTP/1.1" 200 951
186.79.141.174 - - [20/Sep/2017:15:31:56 -0300] "GET /cormun/static/Resources/Spanish/PXTools.css?1155365 HTTP/1.1" 304 -
186.79.141.174 - - [20/Sep/2017:15:31:56 -0300] "GET /cormun/static/hpexe_link.js?20177612121795 HTTP/1.1" 304 -
192.168.10.96 - - [20/Sep/2017:15:31:56 -0300] "GET /cormun/servlet/trconsultaempleado HTTP/1.1" 200 10045
186.79.141.174 - - [20/Sep/2017:15:31:56 -0300] "GET /cormun/servlet/hhome HTTP/1.1" 200 3873
186.79.141.174 - - [20/Sep/2017:15:31:56 -0300] "GET /cormun/static/hhome.js?20175251212450 HTTP/1.1" 304 -
186.79.141.174 - - [20/Sep/2017:15:31:56 -0300] "GET /cormun/static/hwchdr01.js?201752511465785 HTTP/1.1" 304 -
186.79.141.174 - - [20/Sep/2017:15:31:56 -0300] "GET /cormun/static/hpexe_recentlink.js?20177611595044 HTTP/1.1" 304 -
186.79.141.174 - - [20/Sep/2017:15:31:56 -0300] "GET /cormun/static/hpexe_scripts.js?201752511465715 HTTP/1.1" 304 -
186.79.141.174 - - [20/Sep/2017:15:31:56 -0300] "GET /cormun/static/hpexe_messagecontroller.js?20177611595012 HTTP/1.1" 304 -
186.79.141.174 - - [20/Sep/2017:15:31:56 -0300] "GET /cormun/static/hpexe_messagegenexuscomponent.js?201752511465344 HTTP/1.1" 304 -
186.79.141.174 - - [20/Sep/2017:15:31:56 -0300] "GET /cormun/static/cmcontrolpreferences.js?201752511465670 HTTP/1.1" 304 -
186.79.141.174 - - [20/Sep/2017:15:31:56 -0300] "GET /cormun/static/hpexe_messagepopupcomponent.js?20161017169425 HTTP/1.1" 304 -
186.79.141.174 - - [20/Sep/2017:15:31:56 -0300] "GET /cormun/static/hmpwkw03.js?20177612122668 HTTP/1.1" 304 -
186.79.141.174 - - [20/Sep/2017:15:31:57 -0300] "GET /cormun/servlet/hhome HTTP/1.1" 200 3870
192.168.10.96 - - [20/Sep/2017:15:31:57 -0300] "GET /cormun/servlet/trconsultaempleado HTTP/1.1" 200 10043
186.79.141.174 - - [20/Sep/2017:15:32:00 -0300] "GET /cormun/servlet/trlicencias? HTTP/1.1" 200 15057
186.79.141.174 - - [20/Sep/2017:15:32:00 -0300] "GET /cormun/static/Resources/Spanish/PXTools.css?17315867 HTTP/1.1" 304 -
186.79.141.174 - - [20/Sep/2017:15:32:01 -0300] "GET /cormun/servlet/trlicencias? HTTP/1.1" 200 15051
186.79.141.174 - - [20/Sep/2017:15:32:37 -0300] "POST /cormun/servlet/trlicencias?25707753bc523df9e95ef05a10366be2,,gx-no-cache=1505932391343 HTTP/1.1" 200 12788
192.168.10.96 - - [20/Sep/2017:15:33:39 -0300] "GET /cormun/servlet/trconsultaempleado? HTTP/1.1" 200 10043
192.168.10.96 - - [20/Sep/2017:15:33:40 -0300] "GET /cormun/servlet/trconsultaempleado? HTTP/1.1" 200 10043
192.168.10.96 - - [20/Sep/2017:15:33:42 -0300] "GET /cormun/servlet/trsolicitudgral? HTTP/1.1" 200 18937
192.168.10.96 - - [20/Sep/2017:15:33:43 -0300] "GET /cormun/servlet/trsolicitudgral? HTTP/1.1" 200 18936
186.79.141.174 - - [20/Sep/2017:15:34:32 -0300] "GET /cormun/servlet/licenciaspermisos?INS,0,,, HTTP/1.1" 200 7393
186.79.141.174 - - [20/Sep/2017:15:34:32 -0300] "GET /cormun/servlet/licenciaspermisos?INS,0,,, HTTP/1.1" 200 7393
186.79.141.174 - - [20/Sep/2017:15:34:50 -0300] "GET /cormun/servlet/licenciaspermisos?e3cff6290e0fb31b554a020bcba11e34deabb6943eb24605751b35a2877f5826a295fee3f9fbe61d590f264ccc0ed9fb,gx-no-cache=1505932525337 HTTP/1.1" 200 83
186.79.141.174 - - [20/Sep/2017:15:34:51 -0300] "POST /cormun/servlet/licenciaspermisos?25707753bc523df9e95ef05a10366be2,INS,0,,,,gx-no-cache=1505932525460 HTTP/1.1" 200 4584
186.79.141.174 - - [20/Sep/2017:15:35:08 -0300] "GET /cormun/static/menuarrow.gif HTTP/1.1" 404 1015
186.79.141.174 - - [20/Sep/2017:15:36:36 -0300] "GET /cormun/servlet/licenciaspermisos?e3cff6290e0fb31b554a020bcba11e349d865484f03cb2ec051d428a416c2ad2ad01f6ea471f15ce305507753b63f2d1e0eb1674c46e347ec27905c2a4b1eca731eb3d67eb7f2e3cea49b39f59081453cfa7b650049f78677a5898853959d81bd723136407655c9569c83a735afa702b73700aa74f10e6059601e5bb6c5f57dc80d93f686c3eb94628e2a534f9680dd04f8548dfcfff4b8b304b08a4541f03063c41e68dac88eb08a2707709caa4d884,gx-no-cache=1505932631010 HTTP/1.1" 200 30
186.79.141.174 - - [20/Sep/2017:15:36:36 -0300] "POST /cormun/servlet/licenciaspermisos?25707753bc523df9e95ef05a10366be2,INS,0,,,,gx-no-cache=1505932631136 HTTP/1.1" 200 4664
200.111.191.210 - - [20/Sep/2017:15:37:07 -0300] "GET /cormun/servlet/trlicencias? HTTP/1.1" 200 7488
200.111.191.210 - - [20/Sep/2017:15:37:07 -0300] "GET /cormun/servlet/hlogin HTTP/1.1" 200 1731
200.111.191.210 - - [20/Sep/2017:15:37:07 -0300] "GET /cormun/servlet/trlicencias? HTTP/1.1" 200 7489
200.111.191.210 - - [20/Sep/2017:15:37:12 -0300] "POST /cormun/servlet/hlogin?25945d5ca3a699141a98838e340da046,gx-no-cache=1505932667612 HTTP/1.1" 200 90
200.111.191.210 - - [20/Sep/2017:15:37:12 -0300] "GET /cormun/servlet/hpexe_link HTTP/1.1" 200 951
200.111.191.210 - - [20/Sep/2017:15:37:12 -0300] "GET /cormun/servlet/trlicencias HTTP/1.1" 200 17253
200.111.191.210 - - [20/Sep/2017:15:37:13 -0300] "GET /cormun/servlet/trlicencias HTTP/1.1" 200 17251
186.79.141.174 - - [20/Sep/2017:15:37:20 -0300] "GET /cormun/servlet/licenciaspermisos?e3cff6290e0fb31b554a020bcba11e347f0c064ec4763a731f00c5970e4e8d780df6e02a26412e263028fa2a4eb905e5581246e556e30ac256c641ed77dbc3d5e46c1157026248b9e0d9b90ae34199533bf7f505df38f9f62dc45b1813085aca9b54be80fe1b83bd50f5d29292443ce239858a5f1e28184353b2b902cd7f471f701472900be2449850a40fb4a2da0346122310c2c68df4fc1846fadae0aac8a4c7fee04ffbb374bd13816889968f386d7ad1c8bbf1d3da4476f5e67ee777a7dae7ce148053fdce6f96a25988a604784bdc01c9d7273ad46acf0ba4c06c90c5b009d2d8a1130b71de554744927a4f6af6,gx-no-cache=1505932675591 HTTP/1.1" 200 59
200.111.191.210 - - [20/Sep/2017:15:37:23 -0300] "POST /cormun/servlet/trlicencias?25945d5ca3a699141a98838e340da046,gx-no-cache=1505932678435 HTTP/1.1" 200 5611
186.79.141.174 - - [20/Sep/2017:15:37:23 -0300] "POST /cormun/servlet/licenciaspermisos?25707753bc523df9e95ef05a10366be2,INS,0,,,,gx-no-cache=1505932677570 HTTP/1.1" 200 4744
186.79.141.174 - - [20/Sep/2017:15:37:23 -0300] "GET /cormun/static/Shared/jqueryui/images/ui-bg_highlight-soft_100_c6c2c8_1x100.png HTTP/1.1" 404 1117
186.79.141.174 - - [20/Sep/2017:15:37:23 -0300] "GET /cormun/static/Shared/jqueryui/images/ui-icons_82798d_256x240.png HTTP/1.1" 404 1089
186.79.141.174 - - [20/Sep/2017:15:37:23 -0300] "GET /cormun/static/Shared/jqueryui/images/ui-icons_ebccce_256x240.png HTTP/1.1" 404 1089
186.79.141.174 - - [20/Sep/2017:15:37:23 -0300] "GET /cormun/static/Shared/jqueryui/images/ui-bg_flat_55_994d53_40x100.png HTTP/1.1" 404 1097
186.79.141.174 - - [20/Sep/2017:15:37:29 -0300] "POST /cormun/servlet/licenciaspermisos?25707753bc523df9e95ef05a10366be2,INS,0,,,,gx-no-cache=1505932684059 HTTP/1.1" 200 90
186.79.141.174 - - [20/Sep/2017:15:37:29 -0300] "GET /cormun/servlet/hpexe_link HTTP/1.1" 200 968
186.79.141.174 - - [20/Sep/2017:15:37:30 -0300] "GET /cormun/servlet/trlicencias? HTTP/1.1" 200 15053
186.79.141.174 - - [20/Sep/2017:15:37:30 -0300] "GET /cormun/servlet/trlicencias? HTTP/1.1" 200 15051
200.111.191.210 - - [20/Sep/2017:15:37:36 -0300] "GET /cormun/servlet/trpermisosgoce? HTTP/1.1" 200 15519
200.111.191.210 - - [20/Sep/2017:15:37:37 -0300] "GET /cormun/servlet/trpermisosgoce? HTTP/1.1" 200 15518
200.111.191.210 - - [20/Sep/2017:15:37:43 -0300] "POST /cormun/servlet/trpermisosgoce?25945d5ca3a699141a98838e340da046,,gx-no-cache=1505932699179 HTTP/1.1" 200 4006
200.111.191.210 - - [20/Sep/2017:15:37:49 -0300] "POST /cormun/servlet/trpermisosgoce?25945d5ca3a699141a98838e340da046,,gx-no-cache=1505932705231 HTTP/1.1" 200 4005
200.111.191.210 - - [20/Sep/2017:15:37:52 -0300] "GET /cormun/static/menuarrow.gif HTTP/1.1" 404 1015
200.111.191.210 - - [20/Sep/2017:15:38:00 -0300] "POST /cormun/servlet/trpermisosgoce?25945d5ca3a699141a98838e340da046,,gx-no-cache=1505932716279 HTTP/1.1" 200 5378
186.103.158.250 - - [20/Sep/2017:15:47:07 -0300] "GET /cormun/servlet/hlogin HTTP/1.1" 200 1719
192.168.10.96 - - [20/Sep/2017:15:47:24 -0300] "GET /cormun/servlet/trsolicitudgral? HTTP/1.1" 200 18936
192.168.10.96 - - [20/Sep/2017:15:47:25 -0300] "GET /cormun/servlet/trsolicitudgral? HTTP/1.1" 200 18936
186.103.158.250 - - [20/Sep/2017:15:47:38 -0300] "POST /cormun/servlet/hlogin?e2920e0812280573ee1aa4eb7a4703bb,gx-no-cache=1505937022185 HTTP/1.1" 200 90
186.103.158.250 - - [20/Sep/2017:15:47:38 -0300] "GET /cormun/servlet/hpexe_link HTTP/1.1" 200 949
186.103.158.250 - - [20/Sep/2017:15:47:38 -0300] "GET /cormun/servlet/hhome HTTP/1.1" 200 3846
186.103.158.250 - - [20/Sep/2017:15:47:40 -0300] "GET /cormun/servlet/hhome HTTP/1.1" 200 3843
186.103.158.250 - - [20/Sep/2017:15:47:51 -0300] "GET /cormun/servlet/trsolicitudot? HTTP/1.1" 200 9466
186.103.158.250 - - [20/Sep/2017:15:47:52 -0300] "GET /cormun/servlet/trsolicitudot? HTTP/1.1" 200 9464
192.168.10.96 - - [20/Sep/2017:15:47:54 -0300] "POST /cormun/servlet/trsolicitudgral?6981e86fdcba9aa68dac6aada2a3d1cd,,gx-no-cache=1505933233153 HTTP/1.1" 200 7109
192.168.10.96 - - [20/Sep/2017:15:48:55 -0300] "POST /cormun/servlet/trsolicitudgral?6981e86fdcba9aa68dac6aada2a3d1cd,,gx-no-cache=1505933294189 HTTP/1.1" 200 7109
200.111.191.210 - - [20/Sep/2017:15:49:00 -0300] "GET /cormun/servlet/trlicencias? HTTP/1.1" 200 8362
200.111.191.210 - - [20/Sep/2017:15:49:00 -0300] "GET /cormun/servlet/trlicencias? HTTP/1.1" 200 8362
186.103.158.250 - - [20/Sep/2017:15:49:09 -0300] "POST /cormun/servlet/trsolicitudot?e2920e0812280573ee1aa4eb7a4703bb,,gx-no-cache=1505937113423 HTTP/1.1" 200 4170
192.168.10.96 - - [20/Sep/2017:15:49:34 -0300] "POST /cormun/servlet/trsolicitudgral?6981e86fdcba9aa68dac6aada2a3d1cd,,gx-no-cache=1505933333709 HTTP/1.1" 200 7107
186.103.158.250 - - [20/Sep/2017:15:49:37 -0300] "POST /cormun/servlet/trsolicitudot?e2920e0812280573ee1aa4eb7a4703bb,,gx-no-cache=1505937140673 HTTP/1.1" 200 5512
200.111.191.210 - - [20/Sep/2017:15:49:40 -0300] "GET /cormun/servlet/licenciaspermisos?INS,0,,, HTTP/1.1" 200 7362
200.111.191.210 - - [20/Sep/2017:15:49:40 -0300] "GET /cormun/static/gxcfg.js?201762917281167 HTTP/1.1" 304 -
200.111.191.210 - - [20/Sep/2017:15:49:40 -0300] "GET /cormun/static/licenciaspermisos.js?201762917281260 HTTP/1.1" 304 -
200.111.191.210 - - [20/Sep/2017:15:49:40 -0300] "GET /cormun/servlet/licenciaspermisos?INS,0,,, HTTP/1.1" 200 7362
200.111.191.210 - - [20/Sep/2017:15:49:50 -0300] "GET /cormun/servlet/trlicencias? HTTP/1.1" 200 8363
200.111.191.210 - - [20/Sep/2017:15:49:51 -0300] "GET /cormun/servlet/trlicencias? HTTP/1.1" 200 8362
200.111.191.210 - - [20/Sep/2017:15:50:00 -0300] "POST /cormun/servlet/trlicencias?25945d5ca3a699141a98838e340da046,,gx-no-cache=1505933435509 HTTP/1.1" 200 14856
200.111.191.210 - - [20/Sep/2017:15:50:05 -0300] "GET /cormun/servlet/licenciaspermisos?INS,0,,, HTTP/1.1" 200 7362
200.111.191.210 - - [20/Sep/2017:15:50:05 -0300] "GET /cormun/servlet/licenciaspermisos?INS,0,,, HTTP/1.1" 200 7362
200.111.191.210 - - [20/Sep/2017:15:50:10 -0300] "GET /cormun/servlet/licenciaspermisos?507ab30b148642502a6b50047e3790a5a12c0fc3f69d284f752807ca6eb5e8126f51c0ccd33234126327888bcf2aa4d1,gx-no-cache=1505933446514 HTTP/1.1" 200 94
200.111.191.210 - - [20/Sep/2017:15:50:11 -0300] "POST /cormun/servlet/licenciaspermisos?25945d5ca3a699141a98838e340da046,INS,0,,,,gx-no-cache=1505933446569 HTTP/1.1" 200 4559
192.168.10.96 - - [20/Sep/2017:15:50:50 -0300] "GET /cormun/servlet/trsolicitudgral? HTTP/1.1" 200 10316
192.168.10.96 - - [20/Sep/2017:15:50:50 -0300] "GET /cormun/servlet/trsolicitudgral? HTTP/1.1" 200 10316
200.111.191.210 - - [20/Sep/2017:15:51:30 -0300] "GET /cormun/servlet/licenciaspermisos?507ab30b148642502a6b50047e3790a5551cb42a19568dc57dbabf1c676fc95ad44f80912d4f172ab709beb1d329f51c7ac04560e204f002ed4545cb468a453a18ca32229f3064843423f089a03310ccc6a0bcc06125d8d492eadde5fb5cad7e103ad26e9e480b303de367d642b76b509751bd8e0f600d283f3b8dab12ec13f15038349813c5b3eb4024eca68597efbc39004d37ec9473b467629c0b428a57b9f44613334fbbf489e4e7d718ad65bdf5,gx-no-cache=1505933525811 HTTP/1.1" 200 29
200.111.191.210 - - [20/Sep/2017:15:51:30 -0300] "GET /cormun/servlet/licenciaspermisos?INS,0,,, HTTP/1.1" 200 7362
200.111.191.210 - - [20/Sep/2017:15:51:30 -0300] "POST /cormun/servlet/licenciaspermisos?25945d5ca3a699141a98838e340da046,INS,0,,,,gx-no-cache=1505933525837 HTTP/1.1" 200 93
200.111.191.210 - - [20/Sep/2017:15:51:30 -0300] "GET /cormun/servlet/licenciaspermisos?INS,0,,, HTTP/1.1" 200 7362
200.111.191.210 - - [20/Sep/2017:15:51:33 -0300] "GET /cormun/servlet/trlicencias? HTTP/1.1" 200 17596
200.111.191.210 - - [20/Sep/2017:15:51:33 -0300] "GET /cormun/servlet/trlicencias? HTTP/1.1" 200 17583
200.111.191.210 - - [20/Sep/2017:15:51:37 -0300] "GET /cormun/servlet/alicenciaprn?15123974,L,20170920000000,PU HTTP/1.1" 200 1533
190.151.100.218 - - [20/Sep/2017:16:00:20 -0300] "GET /cormun/servlet/hlogin HTTP/1.1" 200 1724
190.151.100.218 - - [20/Sep/2017:16:00:32 -0300] "POST /cormun/servlet/hlogin?77816e0a2a274b70b2e5a482485e02c2,gx-no-cache=1505934056360 HTTP/1.1" 200 90
190.151.100.218 - - [20/Sep/2017:16:00:32 -0300] "GET /cormun/servlet/hpexe_link HTTP/1.1" 200 954
190.151.100.218 - - [20/Sep/2017:16:00:32 -0300] "GET /cormun/servlet/hhome HTTP/1.1" 200 4043
190.151.100.218 - - [20/Sep/2017:16:00:34 -0300] "GET /cormun/servlet/hhome HTTP/1.1" 200 4042
190.151.100.218 - - [20/Sep/2017:16:00:39 -0300] "GET /cormun/servlet/trsolicitudot? HTTP/1.1" 200 13246
200.72.197.82 - - [20/Sep/2017:16:00:41 -0300] "GET /cormun/static/gxcfg.js?20177612135780 HTTP/1.1" 304 -
190.151.100.218 - - [20/Sep/2017:16:00:45 -0300] "GET /cormun/static/trsolicitudot.js?2017761214480 HTTP/1.1" 304 -
190.151.100.218 - - [20/Sep/2017:16:00:45 -0300] "GET /cormun/servlet/trsolicitudot? HTTP/1.1" 200 13244
186.103.161.206 - - [20/Sep/2017:16:01:17 -0300] "GET /cormun/servlet/solicitudot?INS,0,0, HTTP/1.1" 200 12919
186.103.161.206 - - [20/Sep/2017:16:01:18 -0300] "GET /cormun/static/solicitudot.js?201783011174088 HTTP/1.1" 304 -
186.103.161.206 - - [20/Sep/2017:16:01:18 -0300] "GET /cormun/static/gxcfg.js?201783011173874 HTTP/1.1" 304 -
186.103.161.206 - - [20/Sep/2017:16:01:19 -0300] "GET /cormun/servlet/solicitudot?INS,0,0, HTTP/1.1" 200 12924
186.103.132.155 - - [20/Sep/2017:16:02:03 -0300] "POST /cormun/servlet/solicitudot?gx-no-cache=1505934147260 HTTP/1.1" 200 3206
186.103.132.155 - - [20/Sep/2017:16:02:05 -0300] "POST /cormun/servlet/solicitudot?77816e0a2a274b70b2e5a482485e02c2,INS,0,0,,gx-no-cache=1505934148060 HTTP/1.1" 200 10088
186.103.132.155 - - [20/Sep/2017:16:02:19 -0300] "GET /cormun/servlet/solicitudot?fb1135d5544adbde67bb4c5a716b5ed1bf17300ea9c7a4195f67f34dd003c8ff29d2d2bb746744234af3362e8c616bbb,gx-no-cache=1505934164204 HTTP/1.1" 200 30
192.168.10.96 - - [20/Sep/2017:16:02:42 -0300] "GET /cormun/servlet/trsolicitudgral? HTTP/1.1" 200 10316
192.168.10.96 - - [20/Sep/2017:16:02:42 -0300] "GET /cormun/servlet/trsolicitudgral? HTTP/1.1" 200 10316
200.72.197.82 - - [20/Sep/2017:16:03:13 -0300] "POST /cormun/servlet/solicitudot?gx-no-cache=1505934217761 HTTP/1.1" 200 297
200.72.197.82 - - [20/Sep/2017:16:03:13 -0300] "GET /cormun/servlet/solicitudot?fb1135d5544adbde67bb4c5a716b5ed1b4800b95664a97ad9c527e0db28b5c17dc0b7e7327f5e6a024fe3f1f11d28d2e22852d2d006d7a9034935668a9125324169d344123d8d8e6a03d9cbb5c4c99ecc66151108b0ed5c803e2ddb88856b085601b9de7d33a56b900a5eb83c7c6bff4693dfb162993fefd7dd867508306e28f44a4598a2c86d804c1879531aa0e2cc0e780587f44c79c4da8a95123b0d39a57550ba51185d9872d9340f9d68ee83fd2fca926c4acc7fc2b5f1fb04ad7dbebb3c0e2f7e2ef8df498ee6d611887176143c1400a36325d25b76ffb550f8be7105266437cde65bef509257f1eb3731cfa773d24319905f977a14740a9d504464cd502a59b8f8760df51e439cc0149e9cf3a3b2fd3d3aa883965ea411c05c56f5cbf50bb5a74cc3054ab3dc72d45740c8130fa0fd4304bb2d9e14678b29d691d97fd3ed5d60d61ba20032289d63d93be2fcbbbc8dcee3774ae81512c5e2a8a7ef296bb7e9b16b88c3cc2c3dd8f350fa48fe32efc4e3a51d7567fd9e7ea2e79da1389ccaead45c2b049ffe97b03527703d98c,gx-no-cache=1505934217934 HTTP/1.1" 200 30
200.72.197.82 - - [20/Sep/2017:16:03:18 -0300] "POST /cormun/servlet/solicitudot?gx-no-cache=1505934222644 HTTP/1.1" 200 30
200.72.197.82 - - [20/Sep/2017:16:03:22 -0300] "GET /cormun/servlet/prfichaempleado?,MD,,gxPopupLevel%3D0%3B HTTP/1.1" 200 9278
200.72.197.82 - - [20/Sep/2017:16:04:14 -0300] "POST /cormun/servlet/prfichaempleado?77816e0a2a274b70b2e5a482485e02c2,,MD,,gxPopupLevel%3D0%3B,gx-no-cache=1505934277889 HTTP/1.1" 200 3425
190.151.100.218 - - [20/Sep/2017:16:04:24 -0300] "GET /cormun/servlet/prlicenciaspermisos?12778707,L,,MD,,gxPopupLevel%3D0%3B HTTP/1.1" 200 5942
190.151.100.218 - - [20/Sep/2017:16:04:24 -0300] "GET /cormun/static/gxcfg.js?20176272053834 HTTP/1.1" 200 953
190.151.100.218 - - [20/Sep/2017:16:04:24 -0300] "GET /cormun/static/prlicenciaspermisos.js?20176272054050 HTTP/1.1" 200 13379
186.103.132.155 - - [20/Sep/2017:16:04:39 -0300] "POST /cormun/servlet/solicitudot?gx-no-cache=1505934301984 HTTP/1.1" 200 1354
192.168.10.96 - - [20/Sep/2017:16:04:48 -0300] "GET /cormun/servlet/trsolicitudgral? HTTP/1.1" 200 10316
192.168.10.96 - - [20/Sep/2017:16:04:48 -0300] "GET /cormun/servlet/trsolicitudgral? HTTP/1.1" 200 10316
200.72.197.82 - - [20/Sep/2017:16:05:01 -0300] "POST /cormun/servlet/solicitudot?gx-no-cache=1505934325846 HTTP/1.1" 200 41
186.79.43.169 - - [20/Sep/2017:16:05:29 -0300] "GET /cormun/servlet/hlogin HTTP/1.1" 200 1718
192.168.10.96 - - [20/Sep/2017:16:05:43 -0300] "GET /cormun/servlet/trconsultaempleado? HTTP/1.1" 200 10044
192.168.10.96 - - [20/Sep/2017:16:05:44 -0300] "GET /cormun/servlet/trconsultaempleado? HTTP/1.1" 200 10043
192.168.10.96 - - [20/Sep/2017:16:05:57 -0300] "GET /cormun/servlet/trsolicitudgral? HTTP/1.1" 200 10316
192.168.10.96 - - [20/Sep/2017:16:05:58 -0300] "GET /cormun/servlet/trsolicitudgral? HTTP/1.1" 200 10316
192.168.10.96 - - [20/Sep/2017:16:06:04 -0300] "POST /cormun/servlet/trsolicitudgral?6981e86fdcba9aa68dac6aada2a3d1cd,,gx-no-cache=1505934323372 HTTP/1.1" 200 15786
190.151.100.218 - - [20/Sep/2017:16:06:31 -0300] "GET /cormun/servlet/solicitudot?fb1135d5544adbde67bb4c5a716b5ed1c2e20469d18518d62e26f3f3ab59d18f66ac033c163ff3626ccbb6fe02eecba6c20d0637e305e51f3f3d117fcb9eac89e5d26949434924f9bca677c162fb365aec1479c9c57bba9bbed6647119de1e79a8bca251c9a769ef8da142c48337598a,gx-no-cache=1505934414375 HTTP/1.1" 200 29
190.151.100.218 - - [20/Sep/2017:16:06:31 -0300] "POST /cormun/servlet/solicitudot?gx-no-cache=1505934415688 HTTP/1.1" 200 1336
190.151.100.218 - - [20/Sep/2017:16:06:32 -0300] "GET /cormun/static/menuarrow.gif HTTP/1.1" 404 1015
190.151.100.218 - - [20/Sep/2017:16:06:34 -0300] "POST /cormun/servlet/solicitudot?gx-no-cache=1505934419053 HTTP/1.1" 200 1336
192.168.10.96 - - [20/Sep/2017:16:06:41 -0300] "GET /cormun/servlet/trsolicitudgral? HTTP/1.1" 200 18936
192.168.10.96 - - [20/Sep/2017:16:06:41 -0300] "GET /cormun/servlet/trsolicitudgral? HTTP/1.1" 200 18936
192.168.10.96 - - [20/Sep/2017:16:06:57 -0300] "GET /cormun/servlet/trsolicitudgral? HTTP/1.1" 200 18936
192.168.10.96 - - [20/Sep/2017:16:06:58 -0300] "GET /cormun/servlet/trsolicitudgral? HTTP/1.1" 200 18936
186.103.132.155 - - [20/Sep/2017:16:07:06 -0300] "GET /cormun/servlet/solicitudot?fb1135d5544adbde67bb4c5a716b5ed15a18c20c9e37547c78e51e855d5d2e8af3cae1d68346d7e49725c14f4140a61f,gx-no-cache=1505934450268 HTTP/1.1" 200 30
186.103.132.155 - - [20/Sep/2017:16:07:06 -0300] "POST /cormun/servlet/solicitudot?gx-no-cache=1505934450647 HTTP/1.1" 200 34
186.79.43.169 - - [20/Sep/2017:16:07:06 -0300] "GET /cormun/servlet/hlogin HTTP/1.1" 200 1718
186.79.43.169 - - [20/Sep/2017:16:07:21 -0300] "POST /cormun/servlet/hlogin?2f1d1a716de817fe7f654cc851e3ca8f,gx-no-cache=1505934476024 HTTP/1.1" 200 90
186.79.43.169 - - [20/Sep/2017:16:07:21 -0300] "GET /cormun/servlet/hpexe_link HTTP/1.1" 200 948
186.79.43.169 - - [20/Sep/2017:16:07:22 -0300] "GET /cormun/servlet/hhome HTTP/1.1" 200 3867
186.79.43.169 - - [20/Sep/2017:16:07:22 -0300] "GET /cormun/servlet/hhome HTTP/1.1" 200 3863
186.79.43.169 - - [20/Sep/2017:16:07:27 -0300] "GET /cormun/servlet/trsolicitudot? HTTP/1.1" 200 9882
186.79.43.169 - - [20/Sep/2017:16:07:27 -0300] "GET /cormun/servlet/trsolicitudot? HTTP/1.1" 200 9880
186.79.43.169 - - [20/Sep/2017:16:07:30 -0300] "GET /cormun/servlet/solicitudot?INS,0,0, HTTP/1.1" 200 12732
186.79.43.169 - - [20/Sep/2017:16:07:30 -0300] "GET /cormun/servlet/solicitudot?INS,0,0, HTTP/1.1" 200 12737
186.79.43.169 - - [20/Sep/2017:16:07:43 -0300] "POST /cormun/servlet/solicitudot?gx-no-cache=1505934497467 HTTP/1.1" 200 3126
186.79.43.169 - - [20/Sep/2017:16:07:44 -0300] "POST /cormun/servlet/solicitudot?2f1d1a716de817fe7f654cc851e3ca8f,INS,0,0,,gx-no-cache=1505934498066 HTTP/1.1" 200 9796
186.79.43.169 - - [20/Sep/2017:16:07:52 -0300] "GET /cormun/servlet/solicitudot?b97809aa6a7f44e05db1e6bed45965c0bfb5611791457df5f671a7318852334a55625470111434707ac718d6d9b58cef,gx-no-cache=1505934506647 HTTP/1.1" 200 30
186.103.161.206 - - [20/Sep/2017:16:08:03 -0300] "POST /cormun/servlet/solicitudot?77816e0a2a274b70b2e5a482485e02c2,INS,0,0,,gx-no-cache=1505934507343 HTTP/1.1" 200 93
186.103.161.206 - - [20/Sep/2017:16:08:03 -0300] "GET /cormun/servlet/hpexe_return? HTTP/1.1" 200 1009
186.103.161.206 - - [20/Sep/2017:16:08:04 -0300] "GET /cormun/servlet/trsolicitudot HTTP/1.1" 200 13732
186.103.161.206 - - [20/Sep/2017:16:08:06 -0300] "GET /cormun/servlet/trsolicitudot HTTP/1.1" 200 13727
186.103.161.206 - - [20/Sep/2017:16:08:20 -0300] "POST /cormun/servlet/trsolicitudot?77816e0a2a274b70b2e5a482485e02c2,gx-no-cache=1505934523991 HTTP/1.1" 200 104
186.103.161.206 - - [20/Sep/2017:16:08:20 -0300] "GET /cormun/servlet/solicitudot?UPD,2017,7417, HTTP/1.1" 200 14689
186.103.161.206 - - [20/Sep/2017:16:08:21 -0300] "GET /cormun/servlet/solicitudot?UPD,2017,7417, HTTP/1.1" 200 14699
186.103.161.206 - - [20/Sep/2017:16:08:22 -0300] "POST /cormun/servlet/solicitudot?gx-no-cache=1505934526656 HTTP/1.1" 200 3222
186.103.161.206 - - [20/Sep/2017:16:08:23 -0300] "POST /cormun/servlet/solicitudot?77816e0a2a274b70b2e5a482485e02c2,UPD,2017,7417,,gx-no-cache=1505934527085 HTTP/1.1" 200 11249
186.103.161.206 - - [20/Sep/2017:16:08:23 -0300] "GET /cormun/servlet/solicitudot?fb1135d5544adbde67bb4c5a716b5ed1bf17300ea9c7a4195f67f34dd003c8fff3e1205ba9c3376e67ec376a78b26293,gx-no-cache=1505934528074 HTTP/1.1" 200 30
186.103.161.206 - - [20/Sep/2017:16:08:23 -0300] "POST /cormun/servlet/solicitudot?gx-no-cache=1505934528236 HTTP/1.1" 200 295
186.103.161.206 - - [20/Sep/2017:16:08:24 -0300] "GET /cormun/servlet/solicitudot?fb1135d5544adbde67bb4c5a716b5ed1b4800b95664a97ad9c527e0db28b5c17dc0b7e7327f5e6a024fe3f1f11d28d2e22852d2d006d7a9034935668a9125324169d344123d8d8e6a03d9cbb5c4c99ecc66151108b0ed5c803e2ddb88856b085601b9de7d33a56b900a5eb83c7c6bff4693dfb162993fefd7dd867508306e28f44a4598a2c86d804c1879531aa0e2cc0e780587f44c79c4da8a95123b0d39a57550ba51185d9872d9340f9d68ee83fd2fca926c4acc7fc2b5f1fb04ad7dbebb3c0e2f7e2ef8df498ee6d611887176143c1400a36325d25b76ffb550f8be7105266437cde65bef509257f1eb3731cfa773d24319905f977a14740a9d504464cd502a59b8f8760df51e439cc0149e9cf3a3b2fd3d3aa883965ea411c05c56f5cbf50bb5a74cc3054ab3dc72d45740c8130fa0fd4304bb2d9e14678b29d691d97fd3ed5d60d61ba20032289d63d93be2fcbbbc8dcee3774ae81512c5e2a8a7ef296bb7e9b16b88c3cc2c3dd8f350fa48fe3240f5cb0e71f7ecebe18bbb22b131c8fccaead45c2b049ffe97b03527703d98c,gx-no-cache=1505934528396 HTTP/1.1" 200 30
186.103.161.206 - - [20/Sep/2017:16:08:24 -0300] "POST /cormun/servlet/solicitudot?gx-no-cache=1505934528470 HTTP/1.1" 200 30
186.103.161.206 - - [20/Sep/2017:16:08:24 -0300] "POST /cormun/servlet/solicitudot?gx-no-cache=1505934528582 HTTP/1.1" 200 1354
186.103.161.206 - - [20/Sep/2017:16:08:24 -0300] "POST /cormun/servlet/solicitudot?gx-no-cache=1505934528781 HTTP/1.1" 200 41
186.103.161.206 - - [20/Sep/2017:16:08:32 -0300] "POST /cormun/servlet/solicitudot?77816e0a2a274b70b2e5a482485e02c2,UPD,2017,7417,,gx-no-cache=1505934536050 HTTP/1.1" 200 93
186.103.161.206 - - [20/Sep/2017:16:08:32 -0300] "GET /cormun/servlet/hpexe_return? HTTP/1.1" 200 1015
186.103.161.206 - - [20/Sep/2017:16:08:32 -0300] "GET /cormun/servlet/trsolicitudot HTTP/1.1" 200 13732
186.103.161.206 - - [20/Sep/2017:16:08:34 -0300] "GET /cormun/servlet/trsolicitudot HTTP/1.1" 200 13727
186.103.161.206 - - [20/Sep/2017:16:08:45 -0300] "POST /cormun/servlet/trsolicitudot?77816e0a2a274b70b2e5a482485e02c2,gx-no-cache=1505934548009 HTTP/1.1" 200 10434
186.103.161.206 - - [20/Sep/2017:16:08:46 -0300] "POST /cormun/servlet/trsolicitudot?77816e0a2a274b70b2e5a482485e02c2,gx-no-cache=1505934550116 HTTP/1.1" 200 10413
186.103.132.155 - - [20/Sep/2017:16:09:07 -0300] "GET /cormun/servlet/solicitudot?INS,0,0, HTTP/1.1" 200 12921
186.103.132.155 - - [20/Sep/2017:16:09:09 -0300] "GET /cormun/servlet/solicitudot?INS,0,0, HTTP/1.1" 200 12925
186.103.132.155 - - [20/Sep/2017:16:09:27 -0300] "POST /cormun/servlet/solicitudot?gx-no-cache=1505934591234 HTTP/1.1" 200 3206
186.103.132.155 - - [20/Sep/2017:16:09:29 -0300] "POST /cormun/servlet/solicitudot?77816e0a2a274b70b2e5a482485e02c2,INS,0,0,,gx-no-cache=1505934593328 HTTP/1.1" 200 10088
200.111.191.210 - - [20/Sep/2017:16:09:48 -0300] "GET /cormun/servlet/trpermisosgoce? HTTP/1.1" 200 8136
200.111.191.210 - - [20/Sep/2017:16:09:48 -0300] "GET /cormun/servlet/trpermisosgoce? HTTP/1.1" 200 8146
200.72.197.82 - - [20/Sep/2017:16:09:51 -0300] "POST /cormun/servlet/solicitudot?77816e0a2a274b70b2e5a482485e02c2,INS,0,0,,gx-no-cache=1505934614942 HTTP/1.1" 200 93
200.72.197.82 - - [20/Sep/2017:16:09:51 -0300] "GET /cormun/servlet/hpexe_return? HTTP/1.1" 200 1031
200.72.197.82 - - [20/Sep/2017:16:09:51 -0300] "GET /cormun/servlet/trsolicitudot?gx-no-cache=1505934550116 HTTP/1.1" 200 13248
200.111.191.210 - - [20/Sep/2017:16:09:54 -0300] "GET /cormun/servlet/permisogoce?INS,0,,, HTTP/1.1" 200 6670
200.72.197.82 - - [20/Sep/2017:16:09:54 -0300] "GET /cormun/servlet/trsolicitudot?gx-no-cache=1505934550116 HTTP/1.1" 200 13264
200.111.191.210 - - [20/Sep/2017:16:09:54 -0300] "GET /cormun/servlet/permisogoce?INS,0,,, HTTP/1.1" 200 6670
200.72.197.82 - - [20/Sep/2017:16:09:58 -0300] "GET /cormun/servlet/solicitudot?INS,0,0, HTTP/1.1" 200 12942
200.72.197.82 - - [20/Sep/2017:16:10:00 -0300] "GET /cormun/servlet/solicitudot?INS,0,0, HTTP/1.1" 200 12925
200.111.191.210 - - [20/Sep/2017:16:10:03 -0300] "GET /cormun/servlet/permisogoce?507ab30b148642502a6b50047e3790a55ca833b1615d677526b6d14723b6641c0b5a9a6b2dcd5a9e18cc8462ea76ece0ffd12c2d763dd51a7a293f5663dfdd5f,gx-no-cache=1505934639130 HTTP/1.1" 200 76
200.72.197.82 - - [20/Sep/2017:16:10:04 -0300] "POST /cormun/servlet/solicitudot?gx-no-cache=1505934628154 HTTP/1.1" 200 3185
200.72.197.82 - - [20/Sep/2017:16:10:04 -0300] "GET /cormun/static/Shared/jqueryui/images/ui-bg_highlight-soft_100_c6c2c8_1x100.png HTTP/1.1" 404 1117
190.151.100.218 - - [20/Sep/2017:16:10:04 -0300] "GET /cormun/static/Shared/jqueryui/images/ui-icons_82798d_256x240.png HTTP/1.1" 404 1089
200.72.197.82 - - [20/Sep/2017:16:10:04 -0300] "GET /cormun/static/Shared/jqueryui/images/ui-bg_flat_55_994d53_40x100.png HTTP/1.1" 404 1097
200.72.197.82 - - [20/Sep/2017:16:10:04 -0300] "GET /cormun/static/Shared/jqueryui/images/ui-icons_ebccce_256x240.png HTTP/1.1" 404 1089
190.151.100.218 - - [20/Sep/2017:16:10:04 -0300] "GET /cormun/servlet/solicitudot?fb1135d5544adbde67bb4c5a716b5ed18f8d0842c34410eaebb5d8f35ad8479f,gx-no-cache=1505934628653 HTTP/1.1" 200 111
190.151.100.218 - - [20/Sep/2017:16:10:06 -0300] "GET /cormun/servlet/solicitudot?fb1135d5544adbde67bb4c5a716b5ed1352a145fd8c9060fbe442edbecf6e1e05d2d81c65b97fa5135ffa791665401d31382c0d52523f2b7c38be8693844837869efe9e8120ee790ab44dc0294789ea7e99c933eb7c830950af03fa9ddb457bfbe42c25c167040fd4bf5e2129ef45e46255ab11ed1652c633c5f75cfd53c65a7e2d39a6eef63783d65ab995f3edfb182f9445f6b746942dd1eb71598b8fdbcf6d0a132e2e663659797fd30c41dedb9061aea45713153dade68cb05dbdb489073f0234caf91ffd4e0c878a10ab49a5e6cb1cd5b4cd16b59f3d1571846ebc9171e71ddcf99b623e811db76746b8a108bd566ac033c163ff3626ccbb6fe02eecba631a4b7a39d888f872950a76f6ca4818ac6d5994baf260b5ae7cc7ef3efc4bddd6481dd7a1c81ca600bdb0fa51b8355174e4fcc5e69c8f936ae7601766fc2755067be211d415c6105ad1f159f0db0c538,gx-no-cache=1505934631072 HTTP/1.1" 200 255
200.111.191.210 - - [20/Sep/2017:16:10:09 -0300] "GET /cormun/servlet/permisogoce?507ab30b148642502a6b50047e3790a55afdf02394fc7649044f9636787301f930339348f8f4f20a5b5143f63c20a22341ed1aa4521ff79f1dd8fa63dfde4a34,gx-no-cache=1505934645326 HTTP/1.1" 200 48
