186.103.159.230 - - [13/Sep/2017:09:14:30 -0300] "GET /cormun/static/Resources/PXToolsDataTitle.png HTTP/1.1" 200 1173
186.103.159.230 - - [13/Sep/2017:09:14:30 -0300] "GET /cormun/static/Resources/PXToolsHeaderActionsBackground.png HTTP/1.1" 200 484
186.103.159.230 - - [13/Sep/2017:09:14:30 -0300] "GET /cormun/static/Resources/PXToolsHeaderHome.png HTTP/1.1" 200 4147
186.103.159.230 - - [13/Sep/2017:09:14:30 -0300] "GET /cormun/static/Resources/PXToolsHeaderSecurity.png HTTP/1.1" 200 4166
186.103.159.230 - - [13/Sep/2017:09:14:30 -0300] "GET /cormun/static/gxui/gxui-all.js HTTP/1.1" 200 107772
186.103.159.230 - - [13/Sep/2017:09:14:30 -0300] "GET /cormun/static/Resources/PXToolsHeaderActionsRight.png HTTP/1.1" 200 1201
186.103.159.230 - - [13/Sep/2017:09:14:30 -0300] "GET /cormun/static/Resources/PXToolsHeaderPreferences.png HTTP/1.1" 200 4189
186.103.159.230 - - [13/Sep/2017:09:14:30 -0300] "GET /cormun/static/hwchdr01.js?201752511465785 HTTP/1.1" 200 1183
186.79.18.212 - - [13/Sep/2017:09:14:30 -0300] "GET /cormun/servlet/trlicencias? HTTP/1.1" 200 13853
186.103.159.230 - - [13/Sep/2017:09:14:30 -0300] "GET /cormun/static/hpexe_recentlink.js?20177611595044 HTTP/1.1" 200 2144
186.103.159.230 - - [13/Sep/2017:09:14:30 -0300] "GET /cormun/static/hpexe_scripts.js?201752511465715 HTTP/1.1" 200 1544
186.103.159.230 - - [13/Sep/2017:09:14:30 -0300] "GET /cormun/static/hpexe_messagecontroller.js?20177611595012 HTTP/1.1" 200 870
186.103.159.230 - - [13/Sep/2017:09:14:30 -0300] "GET /cormun/static/hpexe_messagepopupcomponent.js?20161017169425 HTTP/1.1" 200 605
186.103.159.230 - - [13/Sep/2017:09:14:30 -0300] "GET /cormun/static/hpexe_messagegenexuscomponent.js?201752511465344 HTTP/1.1" 200 587
186.103.159.230 - - [13/Sep/2017:09:14:30 -0300] "GET /cormun/static/cmcontrolpreferences.js?201752511465670 HTTP/1.1" 200 1375
186.103.159.230 - - [13/Sep/2017:09:14:30 -0300] "GET /cormun/static/Shared/jquery/jquery-1.4.2.min.js HTTP/1.1" 200 72174
186.103.159.230 - - [13/Sep/2017:09:14:30 -0300] "GET /cormun/static/SmoothNavMenu/resources/ddsmoothmenu.js HTTP/1.1" 200 12712
186.103.159.230 - - [13/Sep/2017:09:14:30 -0300] "GET /cormun/static/SmoothNavMenu/resources/SmoothNavMenuRender.js HTTP/1.1" 200 5951
186.103.159.230 - - [13/Sep/2017:09:14:30 -0300] "GET /cormun/static/scaMessage/js/jquery.pnotify.min.js HTTP/1.1" 200 13038
186.103.159.230 - - [13/Sep/2017:09:14:31 -0300] "GET /cormun/static/Shared/jquery/jquery-1.10.2.min.js HTTP/1.1" 200 273199
186.103.159.230 - - [13/Sep/2017:09:14:31 -0300] "GET /cormun/static/scaMessage/scaMessageRender.js HTTP/1.1" 200 11977
186.103.159.230 - - [13/Sep/2017:09:14:31 -0300] "GET /cormun/static/hmpwkw03.js?20177612122668 HTTP/1.1" 200 3965
186.103.159.230 - - [13/Sep/2017:09:14:31 -0300] "GET /cormun/static/Shared/jqueryui/jquery-ui.min.js HTTP/1.1" 200 240427
186.103.159.230 - - [13/Sep/2017:09:14:31 -0300] "GET /cormun/static/Shared/ext/ext-all.js HTTP/1.1" 200 1289687
186.103.159.230 - - [13/Sep/2017:09:14:32 -0300] "GET /cormun/servlet/hhome HTTP/1.1" 200 4036
186.103.159.230 - - [13/Sep/2017:09:14:32 -0300] "GET /cormun/static/SmoothNavMenu/resources/images/down.gif HTTP/1.1" 200 854
186.103.159.230 - - [13/Sep/2017:09:14:32 -0300] "GET /cormun/static/SmoothNavMenu/resources/images/right.gif HTTP/1.1" 200 860
186.79.18.212 - - [13/Sep/2017:09:14:33 -0300] "GET /cormun/servlet/licenciaspermisos?INS,0,,, HTTP/1.1" 200 7646
186.79.18.212 - - [13/Sep/2017:09:14:33 -0300] "GET /cormun/static/gxcfg.js?201762917281167 HTTP/1.1" 304 -
186.79.18.212 - - [13/Sep/2017:09:14:34 -0300] "GET /cormun/servlet/licenciaspermisos?INS,0,,, HTTP/1.1" 200 7653
186.103.158.250 - - [13/Sep/2017:09:14:35 -0300] "GET /cormun/servlet/licenciaspermisos?INS,0,,, HTTP/1.1" 200 7380
186.103.158.250 - - [13/Sep/2017:09:14:35 -0300] "GET /cormun/static/gxcfg.js?201762917281167 HTTP/1.1" 304 -
186.103.158.250 - - [13/Sep/2017:09:14:35 -0300] "GET /cormun/static/licenciaspermisos.js?201762917281260 HTTP/1.1" 304 -
186.103.158.250 - - [13/Sep/2017:09:14:36 -0300] "GET /cormun/servlet/licenciaspermisos?INS,0,,, HTTP/1.1" 200 7380
186.79.18.212 - - [13/Sep/2017:09:14:43 -0300] "GET /cormun/servlet/licenciaspermisos?ec3b4da8c7f4c0a93053cd90fa7f9e05ac3cdc9d4fd4c73b53388b6130698fc04514579862b827b2ffcec2adbbd0b8a0,gx-no-cache=1505304922513 HTTP/1.1" 200 105
186.79.18.212 - - [13/Sep/2017:09:14:44 -0300] "POST /cormun/servlet/licenciaspermisos?1a452ddff299311990fdc7bf17d43f6e,INS,0,,,,gx-no-cache=1505304922701 HTTP/1.1" 200 4781
186.103.159.46 - - [13/Sep/2017:09:14:45 -0300] "GET /cormun/servlet/permisogoce?94de15b4fa459baa9bd5afbbe654c45ff80cef130c72fb959b43cc21d1073e2bd2dca3494f597a09c3faf7a3534225320ef7024c60012eba722322e777dde4b1,gx-no-cache=1505304920992 HTTP/1.1" 200 82
186.103.159.46 - - [13/Sep/2017:09:14:45 -0300] "GET /cormun/static/menuarrow.gif HTTP/1.1" 404 1015
186.103.159.46 - - [13/Sep/2017:09:14:53 -0300] "GET /cormun/servlet/permisogoce?94de15b4fa459baa9bd5afbbe654c45fce72120a23a33d60d44b38257e3d1f8e6a521123faa75eb23dd92a328a40d38ae950e7bcbbc0b376ddda8e66170cd93d,gx-no-cache=1505304929412 HTTP/1.1" 200 48
186.103.159.46 - - [13/Sep/2017:09:14:58 -0300] "POST /cormun/servlet/permisogoce?a8d6f5fd6ec5a6fba26deb2a0d6352fa,INS,0,,,,gx-no-cache=1505304934294 HTTP/1.1" 200 93
186.103.159.46 - - [13/Sep/2017:09:14:59 -0300] "GET /cormun/servlet/hpexe_return? HTTP/1.1" 200 1015
186.103.159.46 - - [13/Sep/2017:09:14:59 -0300] "GET /cormun/servlet/trpermisosgoce HTTP/1.1" 200 18461
186.103.159.46 - - [13/Sep/2017:09:15:02 -0300] "GET /cormun/servlet/trpermisosgoce HTTP/1.1" 200 18436
186.103.159.46 - - [13/Sep/2017:09:15:07 -0300] "GET /cormun/servlet/apermisogoceprn?15526249,P,20170913091348,PU HTTP/1.1" 200 1667
186.79.18.212 - - [13/Sep/2017:09:15:07 -0300] "GET /cormun/static/menuarrow.gif HTTP/1.1" 404 1015
186.103.159.230 - - [13/Sep/2017:09:15:16 -0300] "GET /cormun/servlet/trlicencias? HTTP/1.1" 200 9760
186.103.159.230 - - [13/Sep/2017:09:15:16 -0300] "GET /cormun/static/calendar-system.css?75620 HTTP/1.1" 200 5572
186.103.159.230 - - [13/Sep/2017:09:15:16 -0300] "GET /cormun/static/gxcfg.js?20176272054169 HTTP/1.1" 200 953
186.103.159.230 - - [13/Sep/2017:09:15:16 -0300] "GET /cormun/static/gxui/gxui-all.css?110300 HTTP/1.1" 200 2179
186.103.159.230 - - [13/Sep/2017:09:15:16 -0300] "GET /cormun/static/calendar-es.js?85251 HTTP/1.1" 200 1901
186.103.159.230 - - [13/Sep/2017:09:15:16 -0300] "GET /cormun/static/Resources/Spanish/PXTools.css?17315867 HTTP/1.1" 200 89042
186.103.159.230 - - [13/Sep/2017:09:15:16 -0300] "GET /cormun/static/calendar.js?85251 HTTP/1.1" 200 26246
186.103.159.230 - - [13/Sep/2017:09:15:16 -0300] "GET /cormun/static/calendar-setup.js?85251 HTTP/1.1" 200 2588
186.103.159.230 - - [13/Sep/2017:09:15:16 -0300] "GET /cormun/static/gxdec.js?85251 HTTP/1.1" 200 19579
186.103.159.230 - - [13/Sep/2017:09:15:16 -0300] "GET /cormun/static/Shared/ext/resources/css/ext-all.css?205870 HTTP/1.1" 200 416045
186.103.159.230 - - [13/Sep/2017:09:15:17 -0300] "GET /cormun/static/trlicencias.js?20176272054837 HTTP/1.1" 200 41883
186.103.159.230 - - [13/Sep/2017:09:15:17 -0300] "GET /cormun/static/Resources/PXTools/calendar.png HTTP/1.1" 200 1306
186.103.159.230 - - [13/Sep/2017:09:15:17 -0300] "GET /cormun/static/Resources/PXToolsGridFirstDisabled.gif HTTP/1.1" 200 100
186.103.159.230 - - [13/Sep/2017:09:15:17 -0300] "GET /cormun/static/Resources/PXToolsGridPage.gif HTTP/1.1" 200 725
186.103.159.230 - - [13/Sep/2017:09:15:17 -0300] "GET /cormun/static/Resources/PXToolsGridLastDisabled.gif HTTP/1.1" 200 98
186.103.159.230 - - [13/Sep/2017:09:15:17 -0300] "GET /cormun/static/Resources/PXToolsGridNextDisabled.gif HTTP/1.1" 200 90
186.103.159.230 - - [13/Sep/2017:09:15:17 -0300] "GET /cormun/static/Resources/PXToolsGridPreviousDisabled.gif HTTP/1.1" 200 90
186.103.159.230 - - [13/Sep/2017:09:15:17 -0300] "GET /cormun/static/Resources/PXToolsDataSearch.png HTTP/1.1" 200 419
186.103.159.230 - - [13/Sep/2017:09:15:17 -0300] "GET /cormun/static/Resources/PXToolsActionExcel.png HTTP/1.1" 200 3187
186.103.159.230 - - [13/Sep/2017:09:15:17 -0300] "GET /cormun/static/Resources/PXToolsGridNew.png HTTP/1.1" 200 2949
186.103.159.230 - - [13/Sep/2017:09:15:17 -0300] "GET /cormun/static/Resources/asc.gif HTTP/1.1" 200 67
186.103.159.230 - - [13/Sep/2017:09:15:17 -0300] "GET /cormun//static/Resources/PXToolsGridDisplay.png HTTP/1.1" 200 362
186.103.159.230 - - [13/Sep/2017:09:15:17 -0300] "GET /cormun//static/Resources/PXToolsActionDisabled.gif HTTP/1.1" 200 53
186.103.159.230 - - [13/Sep/2017:09:15:17 -0300] "GET /cormun/static/Resources/desc.gif HTTP/1.1" 200 65
186.103.159.230 - - [13/Sep/2017:09:15:17 -0300] "GET /cormun//static/Resources/PXTools/ActionInsert.png HTTP/1.1" 200 1482
186.103.159.230 - - [13/Sep/2017:09:15:17 -0300] "GET /cormun//static/Resources/PXToolsActionPrint.png HTTP/1.1" 200 3317
186.103.159.230 - - [13/Sep/2017:09:15:17 -0300] "GET /cormun//static/Resources/PXToolsHeaderHelp.png HTTP/1.1" 200 4055
186.103.159.230 - - [13/Sep/2017:09:15:17 -0300] "GET /cormun//static/Resources/PXToolsHeaderFavorites.png HTTP/1.1" 200 2744
186.103.159.230 - - [13/Sep/2017:09:15:17 -0300] "GET /cormun/servlet/trlicencias? HTTP/1.1" 200 9758
186.103.159.230 - - [13/Sep/2017:09:15:17 -0300] "GET /cormun/static/Shared/ext/resources/themes/images/default/panel/bg-headersPanel.png HTTP/1.1" 200 255
186.103.159.230 - - [13/Sep/2017:09:15:17 -0300] "GET /cormun/static/Shared/ext/resources/themes/images/default/tools/tool-sprites.gif HTTP/1.1" 200 5434
186.103.158.250 - - [13/Sep/2017:09:15:23 -0300] "GET /cormun/servlet/licenciaspermisos?15c0ec96c82bcb0b20e20960188e36cac1aeff1e673817eae5f22cbd0de0b142bb6db18b99d7a4f60f9ba5d12e3db713,gx-no-cache=1505308694207 HTTP/1.1" 200 89
186.103.159.230 - - [13/Sep/2017:09:15:27 -0300] "GET /cormun/servlet/licenciaspermisos?INS,0,,, HTTP/1.1" 200 7567
186.103.159.230 - - [13/Sep/2017:09:15:27 -0300] "GET /cormun/static/gxcfg.js?201762917281167 HTTP/1.1" 200 953
186.103.159.230 - - [13/Sep/2017:09:15:27 -0300] "GET /cormun/static/licenciaspermisos.js?201762917281260 HTTP/1.1" 200 37491
186.103.159.230 - - [13/Sep/2017:09:15:27 -0300] "GET /cormun/static/Resources/prompt.gif HTTP/1.1" 200 902
186.103.159.230 - - [13/Sep/2017:09:15:28 -0300] "GET /cormun/servlet/licenciaspermisos?INS,0,,, HTTP/1.1" 200 7575
186.103.159.230 - - [13/Sep/2017:09:15:30 -0300] "GET /cormun/static/Resources/resize.gif HTTP/1.1" 200 77
186.103.159.230 - - [13/Sep/2017:09:15:31 -0300] "GET /cormun/servlet/prfichaempleado?,MD,,gxPopupLevel%3D0%3B HTTP/1.1" 200 9281
186.103.159.230 - - [13/Sep/2017:09:15:31 -0300] "GET /cormun/static/gxcfg.js?20177612134814 HTTP/1.1" 200 953
186.103.159.230 - - [13/Sep/2017:09:15:31 -0300] "GET /cormun/static/Resources/PXToolsMenuSearchCancel.png HTTP/1.1" 200 2972
186.103.159.230 - - [13/Sep/2017:09:15:31 -0300] "GET /cormun/static/Resources/PXToolsMenuSearch.png HTTP/1.1" 200 2914
186.103.159.230 - - [13/Sep/2017:09:15:31 -0300] "GET /cormun/static/menusearch.js?201610171694467 HTTP/1.1" 200 1424
186.103.159.230 - - [13/Sep/2017:09:15:31 -0300] "GET /cormun/static/hmpwkw011.js?20177612121862 HTTP/1.1" 200 1968
186.103.159.230 - - [13/Sep/2017:09:15:31 -0300] "GET /cormun/static/prfichaempleado.js?20177612134999 HTTP/1.1" 200 16006
186.103.159.230 - - [13/Sep/2017:09:15:55 -0300] "POST /cormun/servlet/prfichaempleado?e3925f3a735344f0bf00a9ba20c060f6,,MD,,gxPopupLevel%3D0%3B,gx-no-cache=1505304994640 HTTP/1.1" 200 3423
186.103.159.230 - - [13/Sep/2017:09:16:00 -0300] "GET /cormun/servlet/licenciaspermisos?3d79d1c5970ed9b90fc457d5b83f184c2f1daaf05d4e6a8b3212ac719407ace53a306b14677d55f944fabf15e0225e6f,gx-no-cache=1505305000979 HTTP/1.1" 200 79
186.103.159.230 - - [13/Sep/2017:09:16:03 -0300] "POST /cormun/servlet/licenciaspermisos?e3925f3a735344f0bf00a9ba20c060f6,INS,0,,,,gx-no-cache=1505305001417 HTTP/1.1" 200 4766
186.103.159.46 - - [13/Sep/2017:09:16:24 -0300] "GET /cormun/servlet/permisogoce?INS,0,,, HTTP/1.1" 200 6680
186.103.159.46 - - [13/Sep/2017:09:16:26 -0300] "GET /cormun/servlet/permisogoce?INS,0,,, HTTP/1.1" 200 6680
186.103.159.46 - - [13/Sep/2017:09:16:41 -0300] "GET /cormun/servlet/permisogoce?94de15b4fa459baa9bd5afbbe654c45fcac174b06f384c449dfa0f79f1f06d0cd2dca3494f597a09c3faf7a3534225320ef7024c60012eba722322e777dde4b1,gx-no-cache=1505305036677 HTTP/1.1" 200 80
186.103.159.46 - - [13/Sep/2017:09:16:41 -0300] "GET /cormun/static/menuarrow.gif HTTP/1.1" 404 1015
186.103.158.250 - - [13/Sep/2017:09:16:46 -0300] "GET /cormun/servlet/hlogin HTTP/1.1" 200 1717
186.79.18.212 - - [13/Sep/2017:09:16:52 -0300] "GET /cormun/servlet/licenciaspermisos?ec3b4da8c7f4c0a93053cd90fa7f9e05d083f1cd5edb936e2b8574a55ce4c911dbc878487f8b458cf0f31d99343a695148b41c4df435a76e57b3bcacda97f77c2fe5e038dcf22c4f3b94c44e6b032fd0441e5e2c5eff99f18c9f1ab85b5fc7d13d7103fb35f67eda413e508c6e786f3c82a46f5f6a45d8ff7fddff7bb8a1ea55ef4fa26743e0d618754d94fb686deeba98ed2d0ea096c3b552a7b7198108be8bbf7d7528df8f420049082af66097c33c,gx-no-cache=1505305050605 HTTP/1.1" 200 30
186.79.18.212 - - [13/Sep/2017:09:16:52 -0300] "GET /cormun/servlet/licenciaspermisos?ec3b4da8c7f4c0a93053cd90fa7f9e056b4f8acb36e54cada03f6c980db9b5192421032a33fec7645f3668448c8de905358c3ab10974e75751e6716884123f2649762cf80f57af8c675b930af0c7e9d405b1277fe0c9803ae9ba32f5812b7e7d9b0f99e842db4a8ef3b596abc9c7a5509af1bec0727e69cc79dcae6a5d5c31e94b2151bb2456f69ae84f6a175526ded3f336bdd17f675d4e1a0277e8fd26deb72c45d7534740c99714590dedf4473cca,gx-no-cache=1505305051068 HTTP/1.1" 200 29
186.79.18.212 - - [13/Sep/2017:09:16:53 -0300] "POST /cormun/servlet/licenciaspermisos?1a452ddff299311990fdc7bf17d43f6e,INS,0,,,,gx-no-cache=1505305051200 HTTP/1.1" 200 93
186.79.18.212 - - [13/Sep/2017:09:16:54 -0300] "GET /cormun/servlet/hpexe_return? HTTP/1.1" 200 1017
186.79.18.212 - - [13/Sep/2017:09:16:55 -0300] "GET /cormun/static/gxcfg.js?2016101716175148 HTTP/1.1" 304 -
186.79.18.212 - - [13/Sep/2017:09:16:55 -0300] "GET /cormun/servlet/trlicencias HTTP/1.1" 200 14355
186.79.18.212 - - [13/Sep/2017:09:16:57 -0300] "GET /cormun/servlet/trlicencias HTTP/1.1" 200 14345
186.103.159.46 - - [13/Sep/2017:09:16:57 -0300] "GET /cormun/servlet/permisogoce?94de15b4fa459baa9bd5afbbe654c45ffe43bf4f23d264ea5087c1b4aa0308e9d111e39d3acfde13a5710aeee8586ca1e950e7bcbbc0b376ddda8e66170cd93d,gx-no-cache=1505305053604 HTTP/1.1" 200 124
186.103.159.46 - - [13/Sep/2017:09:16:57 -0300] "GET /cormun/static/Shared/jqueryui/images/ui-bg_highlight-soft_100_c6c2c8_1x100.png HTTP/1.1" 404 1117
186.103.159.46 - - [13/Sep/2017:09:16:57 -0300] "GET /cormun/static/Shared/jqueryui/images/ui-icons_82798d_256x240.png HTTP/1.1" 404 1089
186.103.159.46 - - [13/Sep/2017:09:16:57 -0300] "GET /cormun/static/Shared/jqueryui/images/ui-icons_ebccce_256x240.png HTTP/1.1" 404 1089
186.103.159.46 - - [13/Sep/2017:09:16:58 -0300] "GET /cormun/static/Shared/jqueryui/images/ui-bg_flat_55_994d53_40x100.png HTTP/1.1" 404 1097
186.103.158.250 - - [13/Sep/2017:09:16:59 -0300] "POST /cormun/servlet/hlogin?0792e7ef70614c80ee022227e7281e67,gx-no-cache=1505308789671 HTTP/1.1" 200 90
186.103.158.250 - - [13/Sep/2017:09:16:59 -0300] "GET /cormun/servlet/hpexe_link HTTP/1.1" 200 948
186.103.158.250 - - [13/Sep/2017:09:17:00 -0300] "GET /cormun/servlet/hhome HTTP/1.1" 200 3845
186.79.18.212 - - [13/Sep/2017:09:17:00 -0300] "GET /cormun/servlet/trlicenciaspermisosadjuntos?7324314,20170913000000,L, HTTP/1.1" 200 6460
186.79.18.212 - - [13/Sep/2017:09:17:00 -0300] "GET /cormun/static/gxcfg.js?20177612163414 HTTP/1.1" 304 -
186.79.18.212 - - [13/Sep/2017:09:17:01 -0300] "GET /cormun/servlet/trlicenciaspermisosadjuntos?7324314,20170913000000,L, HTTP/1.1" 200 6460
186.103.158.250 - - [13/Sep/2017:09:17:02 -0300] "GET /cormun/servlet/hhome HTTP/1.1" 200 3842
186.79.18.212 - - [13/Sep/2017:09:17:02 -0300] "GET /cormun/servlet/licenciaspermisosadjuntos?INS,7324314,L,20170913000000,, HTTP/1.1" 200 5760
186.79.18.212 - - [13/Sep/2017:09:17:03 -0300] "GET /cormun/static/gxcfg.js?2017761263592 HTTP/1.1" 304 -
186.79.18.212 - - [13/Sep/2017:09:17:03 -0300] "GET /cormun/static/about:blank HTTP/1.1" 404 1011
186.79.18.212 - - [13/Sep/2017:09:17:04 -0300] "GET /cormun/servlet/licenciaspermisosadjuntos?INS,7324314,L,20170913000000,, HTTP/1.1" 200 5749
186.103.158.250 - - [13/Sep/2017:09:17:06 -0300] "GET /cormun/servlet/trlicencias? HTTP/1.1" 200 9047
186.103.158.250 - - [13/Sep/2017:09:17:08 -0300] "GET /cormun/servlet/trlicencias? HTTP/1.1" 200 9044
200.120.230.130 - - [13/Sep/2017:09:17:16 -0300] "GET /cormun/servlet/hlogin HTTP/1.1" 200 1718
200.120.230.130 - - [13/Sep/2017:09:17:16 -0300] "GET /cormun/static/gxcfg.js?20175251213516 HTTP/1.1" 304 -
200.120.230.130 - - [13/Sep/2017:09:17:16 -0300] "GET /cormun/static/messages.spa.js?85251 HTTP/1.1" 304 -
200.120.230.130 - - [13/Sep/2017:09:17:17 -0300] "GET /cormun/servlet/hlogin HTTP/1.1" 200 1729
186.79.18.212 - - [13/Sep/2017:09:17:22 -0300] "POST /cormun/servlet/licenciaspermisosadjuntos?1a452ddff299311990fdc7bf17d43f6e,INS,7324314,L,20170913000000,, HTTP/1.1" 200 116
186.79.18.212 - - [13/Sep/2017:09:17:22 -0300] "GET /cormun/servlet/hpexe_return? HTTP/1.1" 200 1048
186.79.18.212 - - [13/Sep/2017:09:17:24 -0300] "GET /cormun/servlet/trlicenciaspermisosadjuntos?7324314,20170913000000,L, HTTP/1.1" 200 6958
186.103.159.46 - - [13/Sep/2017:09:17:24 -0300] "GET /cormun/servlet/permisogoce?94de15b4fa459baa9bd5afbbe654c45ffe43bf4f23d264ea5087c1b4aa0308e9d111e39d3acfde13a5710aeee8586ca1e950e7bcbbc0b376ddda8e66170cd93d,gx-no-cache=1505305080285 HTTP/1.1" 200 124
186.79.18.212 - - [13/Sep/2017:09:17:25 -0300] "GET /cormun/servlet/trlicenciaspermisosadjuntos?7324314,20170913000000,L, HTTP/1.1" 200 6955
186.79.18.212 - - [13/Sep/2017:09:17:28 -0300] "POST /cormun/servlet/trlicenciaspermisosadjuntos?1a452ddff299311990fdc7bf17d43f6e,7324314,20170913000000,L,,gx-no-cache=1505305086776 HTTP/1.1" 200 90
186.79.18.212 - - [13/Sep/2017:09:17:28 -0300] "GET /cormun/servlet/hpexe_link HTTP/1.1" 200 990
186.79.18.212 - - [13/Sep/2017:09:17:28 -0300] "GET /cormun/servlet/trlicencias HTTP/1.1" 200 14352
186.79.18.212 - - [13/Sep/2017:09:17:29 -0300] "GET /cormun/servlet/trlicencias HTTP/1.1" 200 14345
186.103.158.250 - - [13/Sep/2017:09:17:30 -0300] "GET /cormun/servlet/licenciaspermisos?INS,0,,, HTTP/1.1" 200 7381
200.120.230.130 - - [13/Sep/2017:09:17:31 -0300] "POST /cormun/servlet/hlogin?b7e438b648232f9006d99f5030d3bf46,gx-no-cache=1505306050647 HTTP/1.1" 200 90
200.120.230.130 - - [13/Sep/2017:09:17:31 -0300] "GET /cormun/servlet/hpexe_link HTTP/1.1" 200 950
200.120.230.130 - - [13/Sep/2017:09:17:31 -0300] "GET /cormun/static/gxcfg.js?20177612121792 HTTP/1.1" 304 -
200.120.230.130 - - [13/Sep/2017:09:17:31 -0300] "GET /cormun/servlet/hhome HTTP/1.1" 200 3872
200.120.230.130 - - [13/Sep/2017:09:17:31 -0300] "GET /cormun/static/gxcfg.js?20175251212442 HTTP/1.1" 304 -
186.103.158.250 - - [13/Sep/2017:09:17:31 -0300] "GET /cormun/servlet/licenciaspermisos?INS,0,,, HTTP/1.1" 200 7380
186.79.18.212 - - [13/Sep/2017:09:17:32 -0300] "GET /cormun/servlet/alicenciaprn?7324314,L,20170913000000,PU HTTP/1.1" 200 1535
200.120.230.130 - - [13/Sep/2017:09:17:32 -0300] "GET /cormun/servlet/hhome HTTP/1.1" 200 3868
186.103.158.250 - - [13/Sep/2017:09:17:43 -0300] "GET /cormun/servlet/licenciaspermisos?56dbfe664a80c34aac90cf020156d6afdb5447cadbfd5538eff1f58028268ba9662b0cd43529f71d051b053704f9662c,gx-no-cache=1505308833884 HTTP/1.1" 200 89
186.103.158.250 - - [13/Sep/2017:09:17:44 -0300] "POST /cormun/servlet/licenciaspermisos?0792e7ef70614c80ee022227e7281e67,INS,0,,,,gx-no-cache=1505308834040 HTTP/1.1" 200 4586
200.120.230.130 - - [13/Sep/2017:09:17:49 -0300] "GET /cormun/servlet/trlicencias? HTTP/1.1" 200 10174
200.120.230.130 - - [13/Sep/2017:09:17:49 -0300] "GET /cormun/static/gxcfg.js?20176272054169 HTTP/1.1" 304 -
200.120.230.130 - - [13/Sep/2017:09:17:50 -0300] "GET /cormun/servlet/trlicencias? HTTP/1.1" 200 10171
186.79.18.212 - - [13/Sep/2017:09:17:52 -0300] "POST /cormun/servlet/trlicencias?1a452ddff299311990fdc7bf17d43f6e,gx-no-cache=1505305110109 HTTP/1.1" 200 11877
186.79.18.212 - - [13/Sep/2017:09:17:53 -0300] "GET /cormun/static/Shared/jqueryui/images/ui-bg_highlight-soft_100_c6c2c8_1x100.png HTTP/1.1" 404 1117
186.79.18.212 - - [13/Sep/2017:09:17:53 -0300] "GET /cormun/static/Shared/jqueryui/images/ui-icons_82798d_256x240.png HTTP/1.1" 404 1089
186.79.18.212 - - [13/Sep/2017:09:17:53 -0300] "GET /cormun/static/Shared/jqueryui/images/ui-bg_flat_55_fafafa_40x100.png HTTP/1.1" 404 1097
186.79.18.212 - - [13/Sep/2017:09:17:53 -0300] "GET /cormun/static/Shared/jqueryui/images/ui-icons_8d78a5_256x240.png HTTP/1.1" 404 1089
200.120.230.130 - - [13/Sep/2017:09:18:04 -0300] "GET /cormun/servlet/licenciaspermisos?INS,0,,, HTTP/1.1" 200 7395
200.120.230.130 - - [13/Sep/2017:09:18:04 -0300] "GET /cormun/static/gxcfg.js?201762917281167 HTTP/1.1" 304 -
200.120.230.130 - - [13/Sep/2017:09:18:05 -0300] "GET /cormun/servlet/licenciaspermisos?INS,0,,, HTTP/1.1" 200 7395
186.103.158.250 - - [13/Sep/2017:09:18:08 -0300] "GET /cormun/static/menuarrow.gif HTTP/1.1" 404 1015
190.45.55.254 - - [13/Sep/2017:09:18:09 -0300] "GET /cormun/servlet/licenciaspermisos?7f20fb6ef79fcb2cd41d389c3e81f62d83786c99e58886600f01e1f852f0406b57ec4ab18582b91111741584492493e356f3994a14911c589040ddb4e94247ffa497481c1f48aeb0021c45546e91bcd1e4ff3d890b1b94ca7721d2edfa101ded760a90246d92b87ddb30802c39d566b3379cf3dba31fa3a06f98b0f2ce8fb4c951e6b16f0009148ef54000f64c5d892aab7200c2ea24935ea1e2befed76dd42768248ac7f2b9ac7666191bce9b53f89f,gx-no-cache=1505305126332 HTTP/1.1" 200 30
190.45.55.254 - - [13/Sep/2017:09:18:09 -0300] "GET /cormun/servlet/licenciaspermisos?7f20fb6ef79fcb2cd41d389c3e81f62d3de479444a62d0aa85bb362b62aa5aaf799ff7a3a54085166a5121f52f6a7569983a049716f7c56bd346559e796ae897987ece6f44451d248031204aa9e9bbe62489ed6d99203e3699aafce45f844452be82b8adddb628bd77bd587370bef5c52a6e2bf75da0d656ed69c973d1f84522cad4dd09298e63a5e8ddc4d8b130cbf5df245f093661d7866e11cd3179423e049c973cb931480e104a3ba04462997703,gx-no-cache=1505305126549 HTTP/1.1" 200 29
190.45.55.254 - - [13/Sep/2017:09:18:09 -0300] "POST /cormun/servlet/licenciaspermisos?1e3a605e5ec9ddcde1c53f9a6b06280a,INS,0,,,,gx-no-cache=1505305126604 HTTP/1.1" 200 93
190.45.55.254 - - [13/Sep/2017:09:18:09 -0300] "GET /cormun/servlet/hpexe_return? HTTP/1.1" 200 1012
190.45.55.254 - - [13/Sep/2017:09:18:09 -0300] "GET /cormun/static/gxcfg.js?2016101716175148 HTTP/1.1" 304 -
190.45.55.254 - - [13/Sep/2017:09:18:10 -0300] "GET /cormun/servlet/trlicencias HTTP/1.1" 200 13339
190.45.55.254 - - [13/Sep/2017:09:18:10 -0300] "GET /cormun/servlet/trlicencias HTTP/1.1" 200 13334
190.45.55.254 - - [13/Sep/2017:09:18:13 -0300] "GET /cormun/servlet/alicenciaprn?9423756,L,20170913000000,PU HTTP/1.1" 200 1543
186.103.159.46 - - [13/Sep/2017:09:18:25 -0300] "GET /cormun/servlet/permisogoce?94de15b4fa459baa9bd5afbbe654c45fee299a8000cfa8cc476ab4f174f8ff2d03fd52b8e6f957771ad82842aaa1011558b038198f7706f08968930a1ab6c73a4ffcecb224a5f390c55e676891850b0f0150fecca83a76a79ac1bf58827157f51b814771a2a09c9a79240a19f75a9395,gx-no-cache=1505305140950 HTTP/1.1" 200 75
200.120.230.130 - - [13/Sep/2017:09:18:27 -0300] "GET /cormun/servlet/licenciaspermisos?138d2015e61447ed3de34ac25f4314329545009d97a615c23ead7350234c39ea2fda9ece0890fd203613e0d8e747726d,gx-no-cache=1505306107087 HTTP/1.1" 200 185
200.120.230.130 - - [13/Sep/2017:09:18:27 -0300] "GET /cormun/static/Shared/jqueryui/images/ui-bg_highlight-soft_100_c6c2c8_1x100.png HTTP/1.1" 404 1117
200.120.230.130 - - [13/Sep/2017:09:18:27 -0300] "GET /cormun/static/Shared/jqueryui/images/ui-icons_82798d_256x240.png HTTP/1.1" 404 1089
200.120.230.130 - - [13/Sep/2017:09:18:27 -0300] "GET /cormun/static/Shared/jqueryui/images/ui-icons_ebccce_256x240.png HTTP/1.1" 404 1089
200.120.230.130 - - [13/Sep/2017:09:18:27 -0300] "GET /cormun/static/Shared/jqueryui/images/ui-bg_flat_55_994d53_40x100.png HTTP/1.1" 404 1097
186.79.18.212 - - [13/Sep/2017:09:18:30 -0300] "GET /cormun/servlet/hlogin HTTP/1.1" 200 1742
186.103.159.46 - - [13/Sep/2017:09:18:33 -0300] "GET /cormun/servlet/permisogoce?94de15b4fa459baa9bd5afbbe654c45f09474970c65df5de2b6d25cccdeb32d0a1ad1f2e7bd6a6bab91a0181b22438e8e950e7bcbbc0b376ddda8e66170cd93d,gx-no-cache=1505305149581 HTTP/1.1" 200 48
186.103.159.46 - - [13/Sep/2017:09:18:40 -0300] "POST /cormun/servlet/permisogoce?a8d6f5fd6ec5a6fba26deb2a0d6352fa,INS,0,,,,gx-no-cache=1505305156313 HTTP/1.1" 200 93
186.103.159.46 - - [13/Sep/2017:09:18:40 -0300] "GET /cormun/servlet/hpexe_return? HTTP/1.1" 200 1015
186.103.159.46 - - [13/Sep/2017:09:18:41 -0300] "GET /cormun/servlet/trpermisosgoce HTTP/1.1" 200 18687
186.103.159.46 - - [13/Sep/2017:09:18:43 -0300] "GET /cormun/servlet/trpermisosgoce HTTP/1.1" 200 18667
186.103.159.230 - - [13/Sep/2017:09:18:45 -0300] "GET /cormun/servlet/licenciaspermisos?3d79d1c5970ed9b90fc457d5b83f184c0448f5d724d1ffb59ff7206288172f7d49e8b381af45c64e682e786b762487d12722b02e2e49ba9c2f0edf0153a7987efd401c0a041e4ef731a2ea23ff1475618cecf289e4c21c9c911a6d5eeecc1de4625980772da84845868d0bb8b4ee6aecd20ea95043cbe3c9d362bc0539f4c068864129f9f106db04f803851a52af436f042a024945adfe68ee94cbe083e909d8dbb785164dea394a0ed872e2b203b4439546ac5c0db8964c9ed3ae59ae0ae9499789a928a4b3f271cd6f2f1286478873a8f3be80f3243eee068524de13f24bf7,gx-no-cache=1505305166131 HTTP/1.1" 200 30
186.103.159.230 - - [13/Sep/2017:09:18:46 -0300] "POST /cormun/servlet/licenciaspermisos?e3925f3a735344f0bf00a9ba20c060f6,INS,0,,,,gx-no-cache=1505305166223 HTTP/1.1" 200 4859
186.103.159.230 - - [13/Sep/2017:09:18:46 -0300] "GET /cormun/servlet/licenciaspermisos?3d79d1c5970ed9b90fc457d5b83f184c2f1daaf05d4e6a8b3212ac719407ace5cebf629c2f35fd4ec1413993bc2aed4db5b71cd5176251a51899b982f9f25c5eb8bf9a0f0d63a3203663bde871050a038cd4b32ab5bbd942c7d7cd0e52eb9931f45c81ee308a1b480fc45faf1c38987f99ceef7f56171c35c58a6d06d1e1a256,gx-no-cache=1505305167407 HTTP/1.1" 200 96
186.103.159.230 - - [13/Sep/2017:09:18:47 -0300] "POST /cormun/servlet/licenciaspermisos?e3925f3a735344f0bf00a9ba20c060f6,INS,0,,,,gx-no-cache=1505305167472 HTTP/1.1" 200 4859
186.103.159.46 - - [13/Sep/2017:09:19:02 -0300] "GET /cormun/servlet/apermisogoceprn?10481995,P,20170913091546,PU HTTP/1.1" 200 1649
200.120.230.130 - - [13/Sep/2017:09:19:17 -0300] "GET /cormun/servlet/licenciaspermisos?138d2015e61447ed3de34ac25f43143272c0b6df39ff8b56519dd0f68a4e084d2fda9ece0890fd203613e0d8e747726d,gx-no-cache=1505306156385 HTTP/1.1" 200 93
200.120.230.130 - - [13/Sep/2017:09:19:17 -0300] "POST /cormun/servlet/licenciaspermisos?b7e438b648232f9006d99f5030d3bf46,INS,0,,,,gx-no-cache=1505306156812 HTTP/1.1" 200 4574
192.168.10.96 - - [13/Sep/2017:09:19:19 -0300] "GET /cormun/servlet/trsolicitudgral? HTTP/1.1" 200 28922
192.168.10.96 - - [13/Sep/2017:09:19:20 -0300] "GET /cormun/servlet/trsolicitudgral? HTTP/1.1" 200 28922
200.112.3.213 - - [13/Sep/2017:09:19:34 -0300] "GET /cormun/servlet/trsolicitudot? HTTP/1.1" 200 10155
200.112.3.213 - - [13/Sep/2017:09:19:35 -0300] "GET /cormun/servlet/trsolicitudot? HTTP/1.1" 200 10155
200.120.230.130 - - [13/Sep/2017:09:19:36 -0300] "GET /cormun/servlet/licenciaspermisos?138d2015e61447ed3de34ac25f43143209e12b0e55c965acdf17788b0cc635f060d1fe3e678318e3869b72ed0a34950470661dc91f7d8fcdb4e2c7b0781ad89a35644ff7c7aaeefd37565c0d4aecc6e002a13c6dcaa1543aa1d5fbf6268318055687fd98e6a273cfdaa889cf20a379982909ab463269c4da8eabd87e31fb8ddbac520b35815bef102f79740524b8825b4f1c93e07ad3763fdd3653751b71d0d98256b8bf5b62cabb9c35ab5e31ab7f89,gx-no-cache=1505306175714 HTTP/1.1" 200 30
200.120.230.130 - - [13/Sep/2017:09:19:36 -0300] "GET /cormun/servlet/licenciaspermisos?138d2015e61447ed3de34ac25f4314327083ff85fef1b1b7f4f622a8750b6c9568f734bfd46bcf5cb5d3155a4d32591ac6d50641db75dc58340c338e6a9b906625c3706ba8b3391c5833bd9161c8797cd67bf4e8e243e835d7fca0d3543294cde94cccfbc17bf6bcce6878f708b65c562e4a197a85c4468d80f8a82c6ca5a8c47ffbbe30479e7e2cdea8c98cdf61943725324e1a2e0849009f1139c10d7b12fba613ce6f2f17833ec766e6f4a6e11b49,gx-no-cache=1505306176154 HTTP/1.1" 200 29
192.168.10.96 - - [13/Sep/2017:09:19:40 -0300] "POST /cormun/servlet/trsolicitudgral?da7120ae56e9627be86731a1a3c96e8d,,gx-no-cache=1505305141437 HTTP/1.1" 200 26263
192.168.10.96 - - [13/Sep/2017:09:19:45 -0300] "POST /cormun/servlet/trsolicitudgral?da7120ae56e9627be86731a1a3c96e8d,,gx-no-cache=1505305147096 HTTP/1.1" 200 7832
200.112.3.213 - - [13/Sep/2017:09:19:47 -0300] "POST /cormun/servlet/trsolicitudot?960c1199b428a84516d4fac93162841c,,gx-no-cache=1505305224588 HTTP/1.1" 200 6307
192.168.10.96 - - [13/Sep/2017:09:19:59 -0300] "GET /cormun/servlet/vesolicitudgral?2017,7367,, HTTP/1.1" 200 8906
192.168.10.96 - - [13/Sep/2017:09:19:59 -0300] "GET /cormun/pexe_scrolldiv.js HTTP/1.1" 404 1009
192.168.10.96 - - [13/Sep/2017:09:19:59 -0300] "GET /cormun/pexe_scrolldiv.js HTTP/1.1" 404 1009
192.168.10.96 - - [13/Sep/2017:09:20:00 -0300] "GET /cormun/servlet/vesolicitudgral?2017,7367,, HTTP/1.1" 200 8905
186.103.159.230 - - [13/Sep/2017:09:20:00 -0300] "GET /cormun/servlet/licenciaspermisos?3d79d1c5970ed9b90fc457d5b83f184c86ea4160044f8eafa8cf2c681129f82c2cffc60c0584b2fc44e46b9d439f922407d5fbbf1e2c07a95122de1f0692011ff7ec9403b2ef1a9dd43b27ca0debcfb930c9785fb9d3bffde33026af5d5048d24facd3037c4ee481cf2fff1694f832d72d7b05f91a77a455a7426151bac5b40e4038ee822c8c9b7a7523e4a21fae5f33f6c0d39fa15248df561a4c73c9b8efa8781bbbce943998fddcec18b50f848cfafe6b655788585db83ba91ee8aa25208f73f608e5c550b7605794ca681ef2ded844c4bc51b3dda69842044a173ca0afa7784210e57966989f673b8d72b935e728,gx-no-cache=1505305240550 HTTP/1.1" 200 52
200.112.3.213 - - [13/Sep/2017:09:20:00 -0300] "GET /cormun/servlet/vesolicitudot?2017,7367,, HTTP/1.1" 200 8079
200.112.3.213 - - [13/Sep/2017:09:20:00 -0300] "GET /cormun/static/gxcfg.js?20175251244132 HTTP/1.1" 200 953
200.112.3.213 - - [13/Sep/2017:09:20:00 -0300] "GET /cormun/static/vesolicitudot.js?2017525124424 HTTP/1.1" 200 6091
200.112.3.213 - - [13/Sep/2017:09:20:01 -0300] "GET /cormun/static/hwcviewtabs.js?20177611594913 HTTP/1.1" 200 1074
200.112.3.213 - - [13/Sep/2017:09:20:01 -0300] "GET /cormun/static/hpexe_tabsview.js?201610171694228 HTTP/1.1" 200 1661
200.112.3.213 - - [13/Sep/2017:09:20:01 -0300] "GET /cormun/static/Resources/PXToolsTabFirstSelected.png HTTP/1.1" 200 1259
200.112.3.213 - - [13/Sep/2017:09:20:01 -0300] "GET /cormun/static/Resources/PXToolsTabLastUnselected.png HTTP/1.1" 200 1291
200.112.3.213 - - [13/Sep/2017:09:20:01 -0300] "GET /cormun/static/Resources/PXToolsTabPrevious.gif HTTP/1.1" 200 172
200.112.3.213 - - [13/Sep/2017:09:20:01 -0300] "GET /cormun/static/tbsolicitudot01.js?201752511462191 HTTP/1.1" 200 28466
200.112.3.213 - - [13/Sep/2017:09:20:01 -0300] "GET /cormun/static/Resources/PXToolsTabNext.gif HTTP/1.1" 200 168
186.103.159.230 - - [13/Sep/2017:09:20:01 -0300] "POST /cormun/servlet/licenciaspermisos?e3925f3a735344f0bf00a9ba20c060f6,INS,0,,,,gx-no-cache=1505305240967 HTTP/1.1" 200 93
186.103.159.230 - - [13/Sep/2017:09:20:01 -0300] "GET /cormun/servlet/hpexe_return? HTTP/1.1" 200 1010
200.112.3.213 - - [13/Sep/2017:09:20:01 -0300] "GET /cormun/pexe_scrolldiv.js HTTP/1.1" 404 1009
186.103.159.230 - - [13/Sep/2017:09:20:01 -0300] "GET /cormun/static/hpexe_return.js?2016101716175153 HTTP/1.1" 200 1633
186.103.159.230 - - [13/Sep/2017:09:20:01 -0300] "GET /cormun/static/gxcfg.js?2016101716175148 HTTP/1.1" 200 953
186.103.159.230 - - [13/Sep/2017:09:20:01 -0300] "GET /cormun/static/Resources/Spanish/PXTools.css?167811 HTTP/1.1" 200 89042
200.112.3.213 - - [13/Sep/2017:09:20:01 -0300] "GET /cormun/static/calendar-system.css HTTP/1.1" 200 5572
200.112.3.213 - - [13/Sep/2017:09:20:01 -0300] "GET /cormun/static/Resources/PXToolsTabBackSelected.png HTTP/1.1" 200 1157
200.112.3.213 - - [13/Sep/2017:09:20:01 -0300] "GET /cormun/static/Resources/PXToolsTabBackUnselected.png HTTP/1.1" 200 1175
200.112.3.213 - - [13/Sep/2017:09:20:01 -0300] "GET /cormun/static/Resources/PXToolsTabSelectedUnselected.png HTTP/1.1" 200 1428
200.112.3.213 - - [13/Sep/2017:09:20:01 -0300] "GET /cormun/static/Resources/PXToolsTabUnselectedUnselected.png HTTP/1.1" 200 1459
200.112.3.213 - - [13/Sep/2017:09:20:01 -0300] "GET /cormun/servlet/vesolicitudot?2017,7367,, HTTP/1.1" 200 8079
186.103.159.230 - - [13/Sep/2017:09:20:01 -0300] "GET /cormun/servlet/trlicencias HTTP/1.1" 200 10124
186.103.159.230 - - [13/Sep/2017:09:20:02 -0300] "GET /cormun//static/Resources/PXToolsGridUpdate.png HTTP/1.1" 200 2984
186.103.159.230 - - [13/Sep/2017:09:20:02 -0300] "GET /cormun//static/Resources/PXToolsGridDelete.png HTTP/1.1" 200 357
186.103.159.230 - - [13/Sep/2017:09:20:02 -0300] "GET /cormun/servlet/trlicencias HTTP/1.1" 200 10120
192.168.10.96 - - [13/Sep/2017:09:20:04 -0300] "GET /cormun/servlet/vesolicitudgral?2017,7367,,SolicitudOTLog HTTP/1.1" 200 10344
192.168.10.96 - - [13/Sep/2017:09:20:04 -0300] "GET /cormun/pexe_scrolldiv.js HTTP/1.1" 404 1009
192.168.10.96 - - [13/Sep/2017:09:20:04 -0300] "GET /cormun/pexe_scrolldiv.js HTTP/1.1" 404 1009
192.168.10.96 - - [13/Sep/2017:09:20:04 -0300] "GET /cormun/servlet/vesolicitudgral?2017,7367,,SolicitudOTLog HTTP/1.1" 200 10345
192.168.10.96 - - [13/Sep/2017:09:20:05 -0300] "POST /cormun/servlet/acontrolpreferencessavestate?None,DZAMUDIO,true HTTP/1.1" 200 35
200.112.3.213 - - [13/Sep/2017:09:20:05 -0300] "GET /cormun/servlet/vesolicitudot?2017,7367,,SolicitudOTLog HTTP/1.1" 200 9686
200.112.3.213 - - [13/Sep/2017:09:20:06 -0300] "GET /cormun/pexe_scrolldiv.js HTTP/1.1" 404 1009
200.112.3.213 - - [13/Sep/2017:09:20:06 -0300] "GET /cormun/static/tbsolicitudot03.js?20177611592012 HTTP/1.1" 200 13332
200.112.3.213 - - [13/Sep/2017:09:20:06 -0300] "GET /cormun/static/Resources/PXToolsTabLastSelected.png HTTP/1.1" 200 1262
200.112.3.213 - - [13/Sep/2017:09:20:06 -0300] "GET /cormun/static/gxui/gxui-all.css HTTP/1.1" 200 2179
200.112.3.213 - - [13/Sep/2017:09:20:06 -0300] "GET /cormun/static/Resources/PXToolsTabFirstUnselected.png HTTP/1.1" 200 1264
200.112.3.213 - - [13/Sep/2017:09:20:06 -0300] "GET /cormun/static/Resources/PXToolsTabUnselectedSelected.png HTTP/1.1" 200 1444
200.112.3.213 - - [13/Sep/2017:09:20:06 -0300] "GET /cormun/servlet/vesolicitudot?2017,7367,,SolicitudOTLog HTTP/1.1" 200 9687
200.112.3.213 - - [13/Sep/2017:09:20:06 -0300] "GET /cormun/static/Shared/ext/resources/css/ext-all.css HTTP/1.1" 200 416045
200.112.3.213 - - [13/Sep/2017:09:20:07 -0300] "POST /cormun/servlet/acontrolpreferencessavestate?None,CG-22,true HTTP/1.1" 200 35
186.103.159.230 - - [13/Sep/2017:09:20:19 -0300] "GET /cormun/servlet/trlicenciaspermisosadjuntos?7122287,20170913000000,L, HTTP/1.1" 200 6385
186.103.159.230 - - [13/Sep/2017:09:20:19 -0300] "GET /cormun/static/gxcfg.js?20177612163414 HTTP/1.1" 200 953
186.103.159.230 - - [13/Sep/2017:09:20:19 -0300] "GET /cormun/static/trlicenciaspermisosadjuntos.js?20177612163719 HTTP/1.1" 200 21036
186.103.159.230 - - [13/Sep/2017:09:20:20 -0300] "GET /cormun/servlet/trlicenciaspermisosadjuntos?7122287,20170913000000,L, HTTP/1.1" 200 6386
186.103.159.230 - - [13/Sep/2017:09:20:22 -0300] "GET /cormun/servlet/licenciaspermisosadjuntos?INS,7122287,L,20170913000000,, HTTP/1.1" 200 5683
186.103.159.230 - - [13/Sep/2017:09:20:22 -0300] "GET /cormun/static/gxcfg.js?2017761263592 HTTP/1.1" 200 953
186.103.159.230 - - [13/Sep/2017:09:20:22 -0300] "GET /cormun/static/licenciaspermisosadjuntos.js?201776126362 HTTP/1.1" 200 8760
186.103.159.230 - - [13/Sep/2017:09:20:23 -0300] "GET /cormun/static/about:blank HTTP/1.1" 404 1011
186.103.159.230 - - [13/Sep/2017:09:20:23 -0300] "GET /cormun/servlet/licenciaspermisosadjuntos?INS,7122287,L,20170913000000,, HTTP/1.1" 200 5672
186.103.158.250 - - [13/Sep/2017:09:20:26 -0300] "GET /cormun/servlet/licenciaspermisos?56dbfe664a80c34aac90cf020156d6afa818188c3d8fae44875fc8060b35febb858f4555c94d284869a02ba83dac05a2655ff6572958a84dfa237a8439a375dabaf740a7afa2cd08f11e46b0b76b6ec6ed720eb7b1ec952bc977386468e5f3ba76d4917a70afb9b65ee069cc2748538e9acdf51829e6fb8c625bd864ba926ac40faf7f2fa0d797437f1c71ffe3fb19d8f106d8ef4ffbcba2f7006dd66ce80572512567f49ee73330e7abf5b1effd48105ac0f9153860504cacf4ccad843aad09bc35cc19f1aa803584895a9913721b9606dd56bd051b06b76ffb975dd7d6518d,gx-no-cache=1505308996653 HTTP/1.1" 200 30
186.103.158.250 - - [13/Sep/2017:09:20:26 -0300] "GET /cormun/servlet/licenciaspermisos?56dbfe664a80c34aac90cf020156d6af0b13aab5bc925f41a45b725c856ba231c3c97d248989c1e9528012023561df0e8c1f067827b60b3fff15d8d8e94dbd8c2811868efd833cac34804d6c4a33e673a8419c72bc089f24b4802eab6c31ba4c8998737e17d5335d4d327a8f8cb7fc0b3c42e9ecc6ba711f29a7ffbabf8d542698bc7f805f0d1bab91f696b2359bf460789cc75076f72bab731cc70ae89baca1e52e55fb90102e7734f98c1413139488e49b56056a6b4da560bf0e2314a9b7c61350f44154da99eac52804613ca0ccf35f9d4333ababb21a3891031147e9ec16,gx-no-cache=1505308997010 HTTP/1.1" 200 29
186.103.158.250 - - [13/Sep/2017:09:20:26 -0300] "POST /cormun/servlet/licenciaspermisos?0792e7ef70614c80ee022227e7281e67,INS,0,,,,gx-no-cache=1505308997084 HTTP/1.1" 200 93
186.103.158.250 - - [13/Sep/2017:09:20:26 -0300] "GET /cormun/servlet/hpexe_return? HTTP/1.1" 200 1010
186.103.158.250 - - [13/Sep/2017:09:20:27 -0300] "GET /cormun/static/gxcfg.js?2016101716175148 HTTP/1.1" 304 -
186.103.158.250 - - [13/Sep/2017:09:20:27 -0300] "GET /cormun/servlet/trlicencias HTTP/1.1" 200 9364
186.103.158.250 - - [13/Sep/2017:09:20:29 -0300] "GET /cormun/servlet/trlicencias HTTP/1.1" 200 9358
186.103.158.250 - - [13/Sep/2017:09:20:35 -0300] "GET /cormun/servlet/trlicenciaspermisosadjuntos?10153017,20170913000000,L, HTTP/1.1" 200 6196
186.103.158.250 - - [13/Sep/2017:09:20:35 -0300] "GET /cormun/static/gxcfg.js?20177612163414 HTTP/1.1" 304 -
186.103.158.250 - - [13/Sep/2017:09:20:35 -0300] "GET /cormun/static/trlicenciaspermisosadjuntos.js?20177612163719 HTTP/1.1" 304 -
186.103.158.250 - - [13/Sep/2017:09:20:36 -0300] "GET /cormun/servlet/trlicenciaspermisosadjuntos?10153017,20170913000000,L, HTTP/1.1" 200 6197
186.103.158.250 - - [13/Sep/2017:09:20:44 -0300] "GET /cormun/servlet/licenciaspermisosadjuntos?INS,10153017,L,20170913000000,, HTTP/1.1" 200 5494
186.103.158.250 - - [13/Sep/2017:09:20:44 -0300] "GET /cormun/static/gxcfg.js?2017761263592 HTTP/1.1" 304 -
186.103.158.250 - - [13/Sep/2017:09:20:44 -0300] "GET /cormun/static/licenciaspermisosadjuntos.js?201776126362 HTTP/1.1" 304 -
186.103.158.250 - - [13/Sep/2017:09:20:45 -0300] "GET /cormun/servlet/licenciaspermisosadjuntos?INS,10153017,L,20170913000000,, HTTP/1.1" 200 5483
186.103.158.250 - - [13/Sep/2017:09:20:45 -0300] "GET /cormun/static/about:blank HTTP/1.1" 404 1011
186.103.159.230 - - [13/Sep/2017:09:20:46 -0300] "POST /cormun/servlet/licenciaspermisosadjuntos?e3925f3a735344f0bf00a9ba20c060f6,INS,7122287,L,20170913000000,, HTTP/1.1" 200 116
186.103.159.230 - - [13/Sep/2017:09:20:46 -0300] "GET /cormun/servlet/hpexe_return? HTTP/1.1" 200 1040
186.103.159.230 - - [13/Sep/2017:09:20:46 -0300] "GET /cormun/servlet/trlicenciaspermisosadjuntos?7122287,20170913000000,L, HTTP/1.1" 200 6872
186.103.159.230 - - [13/Sep/2017:09:20:47 -0300] "GET /cormun/servlet/trlicenciaspermisosadjuntos?7122287,20170913000000,L, HTTP/1.1" 200 6871
186.103.159.230 - - [13/Sep/2017:09:20:54 -0300] "GET /cormun/servlet/licenciaspermisosadjuntos?INS,7122287,L,20170913000000,, HTTP/1.1" 200 5683
186.103.159.230 - - [13/Sep/2017:09:20:54 -0300] "GET /cormun/static/about:blank HTTP/1.1" 404 1011
186.103.159.230 - - [13/Sep/2017:09:20:54 -0300] "GET /cormun/servlet/licenciaspermisosadjuntos?INS,7122287,L,20170913000000,, HTTP/1.1" 200 5672
186.103.159.230 - - [13/Sep/2017:09:20:58 -0300] "GET /cormun/servlet/trlicenciaspermisosadjuntos?7122287,20170913000000,L, HTTP/1.1" 200 6873
186.103.159.230 - - [13/Sep/2017:09:20:59 -0300] "GET /cormun/servlet/trlicenciaspermisosadjuntos?7122287,20170913000000,L, HTTP/1.1" 200 6870
186.103.159.230 - - [13/Sep/2017:09:21:08 -0300] "GET /cormun/servlet/trlicencias? HTTP/1.1" 200 10121
186.103.159.230 - - [13/Sep/2017:09:21:09 -0300] "GET /cormun/servlet/trlicencias? HTTP/1.1" 200 10120
186.103.159.230 - - [13/Sep/2017:09:21:12 -0300] "POST /cormun/servlet/trlicencias?e3925f3a735344f0bf00a9ba20c060f6,,gx-no-cache=1505305312840 HTTP/1.1" 200 7580
186.103.159.230 - - [13/Sep/2017:09:21:22 -0300] "POST /cormun/servlet/trlicencias?e3925f3a735344f0bf00a9ba20c060f6,,gx-no-cache=1505305322996 HTTP/1.1" 200 7539
186.103.159.230 - - [13/Sep/2017:09:21:22 -0300] "GET /cormun/static/Shared/jqueryui/images/ui-bg_highlight-soft_100_c6c2c8_1x100.png HTTP/1.1" 404 1117
186.103.159.230 - - [13/Sep/2017:09:21:22 -0300] "GET /cormun/static/Shared/jqueryui/images/ui-icons_82798d_256x240.png HTTP/1.1" 404 1089
186.103.159.230 - - [13/Sep/2017:09:21:22 -0300] "GET /cormun/static/Shared/jqueryui/images/ui-bg_flat_55_fafafa_40x100.png HTTP/1.1" 404 1097
186.103.159.230 - - [13/Sep/2017:09:21:23 -0300] "GET /cormun/static/Shared/jqueryui/images/ui-icons_8d78a5_256x240.png HTTP/1.1" 404 1089
186.103.159.230 - - [13/Sep/2017:09:22:16 -0300] "GET /cormun/servlet/trlicencias? HTTP/1.1" 200 10042
186.103.159.230 - - [13/Sep/2017:09:22:16 -0300] "GET /cormun/servlet/trlicencias? HTTP/1.1" 200 10042
186.103.159.230 - - [13/Sep/2017:09:22:25 -0300] "GET /cormun/servlet/licenciaspermisos?INS,0,,, HTTP/1.1" 200 7567
186.103.159.230 - - [13/Sep/2017:09:22:25 -0300] "GET /cormun/servlet/licenciaspermisos?INS,0,,, HTTP/1.1" 200 7575
200.112.3.213 - - [13/Sep/2017:09:22:26 -0300] "GET /cormun/servlet/trsolicitudot? HTTP/1.1" 200 9219
200.112.3.213 - - [13/Sep/2017:09:22:27 -0300] "GET /cormun/servlet/trsolicitudot? HTTP/1.1" 200 9213
186.103.158.250 - - [13/Sep/2017:09:22:41 -0300] "POST /cormun/servlet/licenciaspermisosadjuntos?0792e7ef70614c80ee022227e7281e67,INS,10153017,L,20170913000000,, HTTP/1.1" 200 116
186.103.158.250 - - [13/Sep/2017:09:22:41 -0300] "GET /cormun/servlet/hpexe_return? HTTP/1.1" 200 1040
186.103.158.250 - - [13/Sep/2017:09:22:42 -0300] "GET /cormun/servlet/trlicenciaspermisosadjuntos?10153017,20170913000000,L, HTTP/1.1" 200 6657
186.103.158.250 - - [13/Sep/2017:09:22:43 -0300] "GET /cormun/servlet/trlicenciaspermisosadjuntos?10153017,20170913000000,L, HTTP/1.1" 200 6654
186.103.158.250 - - [13/Sep/2017:09:22:51 -0300] "GET /cormun/servlet/trlicencias? HTTP/1.1" 200 9360
186.103.158.250 - - [13/Sep/2017:09:22:53 -0300] "GET /cormun/servlet/trlicencias? HTTP/1.1" 200 9359
186.103.158.250 - - [13/Sep/2017:09:22:59 -0300] "POST /cormun/servlet/trlicencias?0792e7ef70614c80ee022227e7281e67,,gx-no-cache=1505309150436 HTTP/1.1" 200 6690
186.103.158.250 - - [13/Sep/2017:09:23:00 -0300] "GET /cormun/static/Shared/jqueryui/images/ui-bg_highlight-soft_100_c6c2c8_1x100.png HTTP/1.1" 404 1117
186.103.158.250 - - [13/Sep/2017:09:23:00 -0300] "GET /cormun/static/Shared/jqueryui/images/ui-icons_82798d_256x240.png HTTP/1.1" 404 1089
186.103.158.250 - - [13/Sep/2017:09:23:00 -0300] "GET /cormun/static/Shared/jqueryui/images/ui-bg_flat_55_fafafa_40x100.png HTTP/1.1" 404 1097
186.103.158.250 - - [13/Sep/2017:09:23:00 -0300] "GET /cormun/static/Shared/jqueryui/images/ui-icons_8d78a5_256x240.png HTTP/1.1" 404 1089
186.103.159.230 - - [13/Sep/2017:09:23:03 -0300] "GET /cormun/servlet/prfichaempleado?,MD,,gxPopupLevel%3D0%3B HTTP/1.1" 200 9281
186.103.158.250 - - [13/Sep/2017:09:23:07 -0300] "GET /cormun/servlet/alicenciaprn?10153017,L,20170913000000,PU HTTP/1.1" 200 1563
186.103.159.230 - - [13/Sep/2017:09:23:20 -0300] "POST /cormun/servlet/prfichaempleado?e3925f3a735344f0bf00a9ba20c060f6,,MD,,gxPopupLevel%3D0%3B,gx-no-cache=1505305440719 HTTP/1.1" 200 3419
186.103.159.230 - - [13/Sep/2017:09:23:25 -0300] "GET /cormun/servlet/licenciaspermisos?3d79d1c5970ed9b90fc457d5b83f184ce257ca3b489f43e21ea5f0b2354207243a306b14677d55f944fabf15e0225e6f,gx-no-cache=1505305446215 HTTP/1.1" 200 83
186.103.159.230 - - [13/Sep/2017:09:23:26 -0300] "POST /cormun/servlet/licenciaspermisos?e3925f3a735344f0bf00a9ba20c060f6,INS,0,,,,gx-no-cache=1505305446300 HTTP/1.1" 200 4759
192.168.10.96 - - [13/Sep/2017:09:23:47 -0300] "GET /cormun/servlet/trsolicitudgral? HTTP/1.1" 200 11040
192.168.10.96 - - [13/Sep/2017:09:23:48 -0300] "GET /cormun/servlet/trsolicitudgral? HTTP/1.1" 200 11034
200.120.230.130 - - [13/Sep/2017:09:24:52 -0300] "GET /cormun/servlet/licenciaspermisos?138d2015e61447ed3de34ac25f43143209e12b0e55c965acdf17788b0cc635f060d1fe3e678318e3869b72ed0a34950470661dc91f7d8fcdb4e2c7b0781ad89a35644ff7c7aaeefd37565c0d4aecc6e002a13c6dcaa1543aa1d5fbf6268318055687fd98e6a273cfdaa889cf20a379982909ab463269c4da8eabd87e31fb8ddbac520b35815bef102f79740524b8825b4f1c93e07ad3763fdd3653751b71d0d98256b8bf5b62cabb9c35ab5e31ab7f89,gx-no-cache=1505306491713 HTTP/1.1" 200 30
200.112.3.213 - - [13/Sep/2017:09:25:02 -0300] "GET /cormun/servlet/trsolicitudot? HTTP/1.1" 200 9213
200.112.3.213 - - [13/Sep/2017:09:25:03 -0300] "GET /cormun/servlet/trsolicitudot? HTTP/1.1" 200 9213
200.120.230.130 - - [13/Sep/2017:09:25:04 -0300] "GET /cormun/servlet/licenciaspermisos?138d2015e61447ed3de34ac25f4314327083ff85fef1b1b7f4f622a8750b6c9568f734bfd46bcf5cb5d3155a4d32591ac6d50641db75dc58340c338e6a9b906625c3706ba8b3391c5833bd9161c8797cd67bf4e8e243e835d7fca0d3543294cde94cccfbc17bf6bcce6878f708b65c562e4a197a85c4468d80f8a82c6ca5a8c47ffbbe30479e7e2cdea8c98cdf61943725324e1a2e0849009f1139c10d7b12fba613ce6f2f17833ec766e6f4a6e11b49,gx-no-cache=1505306503450 HTTP/1.1" 200 29
200.120.230.130 - - [13/Sep/2017:09:25:05 -0300] "POST /cormun/servlet/licenciaspermisos?b7e438b648232f9006d99f5030d3bf46,INS,0,,,,gx-no-cache=1505306503846 HTTP/1.1" 200 93
200.120.230.130 - - [13/Sep/2017:09:25:05 -0300] "GET /cormun/servlet/hpexe_return? HTTP/1.1" 200 1011
200.120.230.130 - - [13/Sep/2017:09:25:05 -0300] "GET /cormun/static/gxcfg.js?2016101716175148 HTTP/1.1" 304 -
200.120.230.130 - - [13/Sep/2017:09:25:06 -0300] "GET /cormun/servlet/trlicencias HTTP/1.1" 200 10628
200.120.230.130 - - [13/Sep/2017:09:25:06 -0300] "GET /cormun/servlet/trlicencias HTTP/1.1" 200 10622
200.112.3.213 - - [13/Sep/2017:09:25:07 -0300] "GET /cormun/servlet/solicitudot?INS,0,0, HTTP/1.1" 200 12760
200.112.3.213 - - [13/Sep/2017:09:25:07 -0300] "GET /cormun/static/gxcfg.js?201783011173874 HTTP/1.1" 200 953
200.112.3.213 - - [13/Sep/2017:09:25:07 -0300] "GET /cormun/static/solicitudot.js?201783011174088 HTTP/1.1" 200 63803
200.112.3.213 - - [13/Sep/2017:09:25:07 -0300] "GET /cormun/servlet/solicitudot?INS,0,0, HTTP/1.1" 200 12764
200.112.3.213 - - [13/Sep/2017:09:25:10 -0300] "GET /cormun/servlet/prfichaempleado?,MD,,gxPopupLevel%3D0%3B HTTP/1.1" 200 9309
200.120.230.130 - - [13/Sep/2017:09:25:12 -0300] "GET /cormun/servlet/alicenciaprn?17522932,L,20170913000000,PU HTTP/1.1" 200 1538
200.112.3.213 - - [13/Sep/2017:09:25:22 -0300] "POST /cormun/servlet/prfichaempleado?960c1199b428a84516d4fac93162841c,,MD,,gxPopupLevel%3D0%3B,gx-no-cache=1505305559866 HTTP/1.1" 200 3192
190.45.55.254 - - [13/Sep/2017:09:25:25 -0300] "GET /cormun/servlet/trlicenciaspermisosadjuntos?9423756,20170913000000,L, HTTP/1.1" 200 6533
190.45.55.254 - - [13/Sep/2017:09:25:26 -0300] "GET /cormun/servlet/trlicenciaspermisosadjuntos?9423756,20170913000000,L, HTTP/1.1" 200 6533
190.45.55.254 - - [13/Sep/2017:09:25:29 -0300] "GET /cormun/servlet/licenciaspermisosadjuntos?INS,9423756,L,20170913000000,, HTTP/1.1" 200 5829
190.45.55.254 - - [13/Sep/2017:09:25:29 -0300] "GET /cormun/static/about:blank HTTP/1.1" 404 1011
190.45.55.254 - - [13/Sep/2017:09:25:30 -0300] "GET /cormun/servlet/licenciaspermisosadjuntos?INS,9423756,L,20170913000000,, HTTP/1.1" 200 5819
190.45.55.254 - - [13/Sep/2017:09:25:40 -0300] "POST /cormun/servlet/licenciaspermisosadjuntos?1e3a605e5ec9ddcde1c53f9a6b06280a,INS,9423756,L,20170913000000,, HTTP/1.1" 200 116
190.45.55.254 - - [13/Sep/2017:09:25:40 -0300] "GET /cormun/servlet/hpexe_return? HTTP/1.1" 200 1042
190.45.55.254 - - [13/Sep/2017:09:25:41 -0300] "GET /cormun/servlet/trlicenciaspermisosadjuntos?9423756,20170913000000,L, HTTP/1.1" 200 7052
190.45.55.254 - - [13/Sep/2017:09:25:42 -0300] "GET /cormun/servlet/trlicenciaspermisosadjuntos?9423756,20170913000000,L, HTTP/1.1" 200 7048
190.45.55.254 - - [13/Sep/2017:09:25:56 -0300] "GET /cormun/servlet/licenciaspermisosadjuntos?INS,9423756,L,20170913000000,, HTTP/1.1" 200 5829
190.45.55.254 - - [13/Sep/2017:09:25:56 -0300] "GET /cormun/static/about:blank HTTP/1.1" 404 1011
190.45.55.254 - - [13/Sep/2017:09:25:56 -0300] "GET /cormun/servlet/licenciaspermisosadjuntos?INS,9423756,L,20170913000000,, HTTP/1.1" 200 5819
190.45.55.254 - - [13/Sep/2017:09:25:58 -0300] "POST /cormun/servlet/licenciaspermisosadjuntos?1e3a605e5ec9ddcde1c53f9a6b06280a,INS,9423756,L,20170913000000,,,gx-no-cache=1505305594629 HTTP/1.1" 200 93
200.111.191.210 - - [13/Sep/2017:09:25:58 -0300] "GET /cormun/servlet/trpermisosgoce? HTTP/1.1" 200 6065
190.45.55.254 - - [13/Sep/2017:09:25:58 -0300] "GET /cormun/servlet/hpexe_return? HTTP/1.1" 200 1042
190.45.55.254 - - [13/Sep/2017:09:25:58 -0300] "GET /cormun/servlet/trlicenciaspermisosadjuntos?9423756,20170913000000,L, HTTP/1.1" 200 7053
200.111.191.210 - - [13/Sep/2017:09:25:58 -0300] "GET /cormun/servlet/trpermisosgoce? HTTP/1.1" 200 6065
200.111.191.210 - - [13/Sep/2017:09:25:58 -0300] "GET /cormun/servlet/hlogin HTTP/1.1" 200 1732
190.45.55.254 - - [13/Sep/2017:09:25:59 -0300] "GET /cormun/servlet/trlicenciaspermisosadjuntos?9423756,20170913000000,L, HTTP/1.1" 200 7050
190.45.55.254 - - [13/Sep/2017:09:25:59 -0300] "POST /cormun/servlet/trlicenciaspermisosadjuntos?1e3a605e5ec9ddcde1c53f9a6b06280a,9423756,20170913000000,L,,gx-no-cache=1505305596648 HTTP/1.1" 200 90
190.45.55.254 - - [13/Sep/2017:09:25:59 -0300] "GET /cormun/servlet/hpexe_link HTTP/1.1" 200 984
190.45.55.254 - - [13/Sep/2017:09:25:59 -0300] "GET /cormun/servlet/trlicencias HTTP/1.1" 200 13336
190.45.55.254 - - [13/Sep/2017:09:26:00 -0300] "GET /cormun/servlet/trlicencias HTTP/1.1" 200 13334
200.120.230.130 - - [13/Sep/2017:09:26:02 -0300] "GET /cormun/servlet/trlicenciaspermisosadjuntos?17522932,20170913000000,L, HTTP/1.1" 200 6219
200.120.230.130 - - [13/Sep/2017:09:26:03 -0300] "GET /cormun/static/gxcfg.js?20177612163414 HTTP/1.1" 304 -
