200.120.230.130 - - [13/Sep/2017:11:27:04 -0300] "GET /cormun/servlet/licenciaspermisos?43cebc2903605fa6299c5d8d5cf14b775cbf974a2a53d835753e99a3aea8e0f5f1d9b0eb59a5f901863fa72859d84d510426cbbee3a7f9615edc0a47540ab79f155c3afadaf0673e7131cc6c8f4be5a6db0400c49ca42c08a4d7566a108bff41dbffe62ef22a818b32b147898f49584436c3b02b81808aad4885b41dc6fba87ceac96a1f70bf36aa6711a14e3c0e9c6e1bdff23efcd911f35b0ffdf5a9694d6160fd0ea54376207b6d1da3c3063e5d7a,gx-no-cache=1505313824081 HTTP/1.1" 200 29
200.120.230.130 - - [13/Sep/2017:11:27:04 -0300] "POST /cormun/servlet/licenciaspermisos?21ba0c5980fb76b20a6b06ed3a306c61,INS,0,,,,gx-no-cache=1505313824189 HTTP/1.1" 200 93
200.120.230.130 - - [13/Sep/2017:11:27:04 -0300] "GET /cormun/servlet/hpexe_return? HTTP/1.1" 200 1013
200.120.230.130 - - [13/Sep/2017:11:27:04 -0300] "GET /cormun/servlet/trlicencias HTTP/1.1" 200 10907
200.120.230.130 - - [13/Sep/2017:11:27:06 -0300] "GET /cormun/servlet/trlicencias HTTP/1.1" 200 10848
186.103.157.42 - - [13/Sep/2017:11:27:09 -0300] "GET /cormun/servlet/hlogin HTTP/1.1" 200 1726
186.103.157.42 - - [13/Sep/2017:11:27:09 -0300] "GET /cormun/static/Resources/Spanish/PXTools.css?11423723 HTTP/1.1" 304 -
186.103.157.42 - - [13/Sep/2017:11:27:09 -0300] "GET /cormun/static/gxcfg.js?20175251213516 HTTP/1.1" 304 -
186.103.157.42 - - [13/Sep/2017:11:27:09 -0300] "GET /cormun/static/messages.spa.js?85251 HTTP/1.1" 304 -
186.103.157.42 - - [13/Sep/2017:11:27:09 -0300] "GET /cormun/static/hlogin.js?20175251213537 HTTP/1.1" 304 -
186.103.157.42 - - [13/Sep/2017:11:27:11 -0300] "GET /cormun/servlet/hlogin HTTP/1.1" 200 1729
186.103.157.42 - - [13/Sep/2017:11:27:12 -0300] "POST /cormun/servlet/hlogin?467efde7915bcc43d97f916d2d7eb8ed,gx-no-cache=1505312666470 HTTP/1.1" 200 90
186.103.157.42 - - [13/Sep/2017:11:27:12 -0300] "GET /cormun/servlet/hpexe_link HTTP/1.1" 200 951
186.103.157.42 - - [13/Sep/2017:11:27:12 -0300] "GET /cormun/static/gxcfg.js?20177612121792 HTTP/1.1" 304 -
186.103.157.42 - - [13/Sep/2017:11:27:12 -0300] "GET /cormun/static/Resources/Spanish/PXTools.css?1155365 HTTP/1.1" 304 -
186.103.157.42 - - [13/Sep/2017:11:27:12 -0300] "GET /cormun/static/hpexe_link.js?20177612121795 HTTP/1.1" 304 -
200.120.230.130 - - [13/Sep/2017:11:27:14 -0300] "GET /cormun/servlet/alicenciaprn?12572811,L,20170913000000,PU HTTP/1.1" 200 1538
186.103.157.42 - - [13/Sep/2017:11:27:34 -0300] "GET /cormun/servlet/hhome HTTP/1.1" 200 4125
186.103.157.42 - - [13/Sep/2017:11:27:34 -0300] "GET /cormun/static/gxcfg.js?20175251212442 HTTP/1.1" 304 -
186.103.157.42 - - [13/Sep/2017:11:27:34 -0300] "GET /cormun/static/hhome.js?20175251212450 HTTP/1.1" 304 -
186.103.157.42 - - [13/Sep/2017:11:27:34 -0300] "GET /cormun/static/hwchdr01.js?201752511465785 HTTP/1.1" 304 -
186.103.157.42 - - [13/Sep/2017:11:27:34 -0300] "GET /cormun/static/hpexe_recentlink.js?20177611595044 HTTP/1.1" 304 -
186.103.157.42 - - [13/Sep/2017:11:27:34 -0300] "GET /cormun/static/hpexe_scripts.js?201752511465715 HTTP/1.1" 304 -
186.103.157.42 - - [13/Sep/2017:11:27:34 -0300] "GET /cormun/static/hpexe_messagecontroller.js?20177611595012 HTTP/1.1" 304 -
186.103.157.42 - - [13/Sep/2017:11:27:34 -0300] "GET /cormun/static/hpexe_messagepopupcomponent.js?20161017169425 HTTP/1.1" 304 -
186.103.157.42 - - [13/Sep/2017:11:27:34 -0300] "GET /cormun/static/hpexe_messagegenexuscomponent.js?201752511465344 HTTP/1.1" 304 -
186.103.157.42 - - [13/Sep/2017:11:27:34 -0300] "GET /cormun/static/cmcontrolpreferences.js?201752511465670 HTTP/1.1" 304 -
186.103.157.42 - - [13/Sep/2017:11:27:34 -0300] "GET /cormun/static/hmpwkw03.js?20177612122668 HTTP/1.1" 304 -
186.103.157.42 - - [13/Sep/2017:11:27:34 -0300] "GET /cormun/servlet/hhome HTTP/1.1" 200 4121
200.120.230.130 - - [13/Sep/2017:11:27:48 -0300] "GET /cormun/servlet/trlicenciaspermisosadjuntos?12572811,20170913000000,L, HTTP/1.1" 200 6224
186.103.157.42 - - [13/Sep/2017:11:27:48 -0300] "GET /cormun/servlet/trcontratosolicitud? HTTP/1.1" 200 14390
200.120.230.130 - - [13/Sep/2017:11:27:48 -0300] "GET /cormun/servlet/trlicenciaspermisosadjuntos?12572811,20170913000000,L, HTTP/1.1" 200 6224
186.103.157.42 - - [13/Sep/2017:11:27:48 -0300] "GET /cormun/static/gxcfg.js?20177612214014 HTTP/1.1" 304 -
186.103.157.42 - - [13/Sep/2017:11:27:49 -0300] "GET /cormun/static/trcontratosolicitud.js?20177612214349 HTTP/1.1" 304 -
186.103.157.42 - - [13/Sep/2017:11:27:50 -0300] "GET /cormun/servlet/trcontratosolicitud? HTTP/1.1" 200 14395
200.120.230.130 - - [13/Sep/2017:11:27:51 -0300] "GET /cormun/servlet/licenciaspermisosadjuntos?INS,12572811,L,20170913000000,, HTTP/1.1" 200 5519
200.120.230.130 - - [13/Sep/2017:11:27:52 -0300] "GET /cormun/static/about:blank HTTP/1.1" 404 1011
200.120.230.130 - - [13/Sep/2017:11:27:52 -0300] "GET /cormun/servlet/licenciaspermisosadjuntos?INS,12572811,L,20170913000000,, HTTP/1.1" 200 5509
200.120.230.130 - - [13/Sep/2017:11:28:00 -0300] "POST /cormun/servlet/licenciaspermisosadjuntos?21ba0c5980fb76b20a6b06ed3a306c61,INS,12572811,L,20170913000000,, HTTP/1.1" 200 116
200.120.230.130 - - [13/Sep/2017:11:28:00 -0300] "GET /cormun/servlet/hpexe_return? HTTP/1.1" 200 1043
200.120.230.130 - - [13/Sep/2017:11:28:01 -0300] "GET /cormun/servlet/trlicenciaspermisosadjuntos?12572811,20170913000000,L, HTTP/1.1" 200 6709
200.120.230.130 - - [13/Sep/2017:11:28:01 -0300] "GET /cormun/servlet/trlicenciaspermisosadjuntos?12572811,20170913000000,L, HTTP/1.1" 200 6707
186.103.157.42 - - [13/Sep/2017:11:28:01 -0300] "GET /cormun/servlet/trsolicitudot? HTTP/1.1" 200 9318
186.103.157.42 - - [13/Sep/2017:11:28:01 -0300] "GET /cormun/static/gxcfg.js?20177612135780 HTTP/1.1" 200 953
186.103.157.42 - - [13/Sep/2017:11:28:02 -0300] "GET /cormun/static/trsolicitudot.js?2017761214480 HTTP/1.1" 200 54041
186.103.157.42 - - [13/Sep/2017:11:28:02 -0300] "GET /cormun/static/Resources/PXTools/calendar.png HTTP/1.1" 200 1306
186.103.157.42 - - [13/Sep/2017:11:28:02 -0300] "GET /cormun/static/Resources/PXToolsActionExcel.png HTTP/1.1" 200 3187
200.120.230.130 - - [13/Sep/2017:11:28:02 -0300] "GET /cormun/PublicTempStorage/20170913_111917licencia_evelyn_445619407.jpg HTTP/1.1" 200 898279
186.103.157.42 - - [13/Sep/2017:11:28:02 -0300] "GET /cormun/static/Resources/PXToolsGridNew.png HTTP/1.1" 200 2949
186.103.157.42 - - [13/Sep/2017:11:28:02 -0300] "GET /cormun//static/Resources/PXToolsActionView.png HTTP/1.1" 200 2995
186.103.157.42 - - [13/Sep/2017:11:28:02 -0300] "GET /cormun//static/Resources/PXToolsGridUpdate.png HTTP/1.1" 200 2984
186.103.157.42 - - [13/Sep/2017:11:28:02 -0300] "GET /cormun/servlet/trsolicitudot? HTTP/1.1" 200 9317
186.103.157.42 - - [13/Sep/2017:11:28:02 -0300] "GET /cormun//static/Resources/PXToolsGridDelete.png HTTP/1.1" 200 357
186.103.157.42 - - [13/Sep/2017:11:28:02 -0300] "GET /cormun//static/Resources/PXTools/ActionInsert.png HTTP/1.1" 200 1482
186.103.157.42 - - [13/Sep/2017:11:28:02 -0300] "GET /cormun//static/Resources/PXToolsRemoveAllAction.png HTTP/1.1" 200 3558
200.120.230.130 - - [13/Sep/2017:11:28:06 -0300] "GET /cormun/servlet/trlicencias? HTTP/1.1" 200 10850
200.120.230.130 - - [13/Sep/2017:11:28:07 -0300] "GET /cormun/servlet/trlicencias? HTTP/1.1" 200 10848
200.120.230.130 - - [13/Sep/2017:11:28:18 -0300] "POST /cormun/servlet/trlicencias?21ba0c5980fb76b20a6b06ed3a306c61,,gx-no-cache=1505313898088 HTTP/1.1" 200 8252
200.120.230.130 - - [13/Sep/2017:11:28:18 -0300] "GET /cormun/static/Shared/jqueryui/images/ui-bg_highlight-soft_100_c6c2c8_1x100.png HTTP/1.1" 404 1117
200.120.230.130 - - [13/Sep/2017:11:28:18 -0300] "GET /cormun/static/Shared/jqueryui/images/ui-icons_82798d_256x240.png HTTP/1.1" 404 1089
200.120.230.130 - - [13/Sep/2017:11:28:18 -0300] "GET /cormun/static/Shared/jqueryui/images/ui-icons_8d78a5_256x240.png HTTP/1.1" 404 1089
200.120.230.130 - - [13/Sep/2017:11:28:18 -0300] "GET /cormun/static/Shared/jqueryui/images/ui-bg_flat_55_fafafa_40x100.png HTTP/1.1" 404 1097
186.103.157.42 - - [13/Sep/2017:11:28:37 -0300] "GET /cormun/static/menuarrow.gif HTTP/1.1" 404 1015
186.103.157.42 - - [13/Sep/2017:11:28:40 -0300] "POST /cormun/servlet/trsolicitudot?467efde7915bcc43d97f916d2d7eb8ed,,gx-no-cache=1505312753894 HTTP/1.1" 200 6782
192.168.10.96 - - [13/Sep/2017:11:28:58 -0300] "GET /cormun/servlet/trsolicitudgral? HTTP/1.1" 200 16704
192.168.10.96 - - [13/Sep/2017:11:28:59 -0300] "GET /cormun/servlet/trsolicitudgral? HTTP/1.1" 200 16686
192.168.10.4 - - [13/Sep/2017:11:29:11 -0300] "GET /cormunbeta/servlet/hlogin HTTP/1.1" 200 1721
192.168.10.96 - - [13/Sep/2017:11:29:13 -0300] "POST /cormun/servlet/trsolicitudgral?da7120ae56e9627be86731a1a3c96e8d,,gx-no-cache=1505312914502 HTTP/1.1" 200 23942
192.168.10.4 - - [13/Sep/2017:11:29:19 -0300] "POST /cormunbeta/servlet/hlogin?7ac825f297c8058d753c55367e007852,gx-no-cache=1505312994475 HTTP/1.1" 200 90
192.168.10.4 - - [13/Sep/2017:11:29:19 -0300] "GET /cormunbeta/servlet/hpexe_link HTTP/1.1" 200 958
192.168.10.4 - - [13/Sep/2017:11:29:19 -0300] "GET /cormunbeta/servlet/hhome HTTP/1.1" 200 4665
192.168.10.4 - - [13/Sep/2017:11:29:20 -0300] "GET /cormunbeta/servlet/hhome HTTP/1.1" 200 4662
192.168.10.96 - - [13/Sep/2017:11:29:22 -0300] "POST /cormun/servlet/trsolicitudgral?da7120ae56e9627be86731a1a3c96e8d,,gx-no-cache=1505312923601 HTTP/1.1" 200 15895
192.168.10.4 - - [13/Sep/2017:11:29:22 -0300] "GET /cormunbeta/servlet/trsendmailoutboxcab? HTTP/1.1" 200 7485
192.168.10.4 - - [13/Sep/2017:11:29:22 -0300] "GET /cormunbeta/static/gxcfg.js?2017913941759 HTTP/1.1" 304 -
192.168.10.4 - - [13/Sep/2017:11:29:22 -0300] "GET /cormunbeta/static/trsendmailoutboxcab.js?20179139411010 HTTP/1.1" 304 -
192.168.10.4 - - [13/Sep/2017:11:29:23 -0300] "GET /cormunbeta/servlet/trsendmailoutboxcab? HTTP/1.1" 200 7484
192.168.10.4 - - [13/Sep/2017:11:29:24 -0300] "GET /cormunbeta/servlet/sendmailoutboxcab?UPD,11, HTTP/1.1" 200 7165
192.168.10.4 - - [13/Sep/2017:11:29:25 -0300] "GET /cormunbeta/servlet/sendmailoutboxcab?UPD,11, HTTP/1.1" 200 7166
192.168.10.96 - - [13/Sep/2017:11:29:31 -0300] "POST /cormun/servlet/trsolicitudgral?da7120ae56e9627be86731a1a3c96e8d,,gx-no-cache=1505312933291 HTTP/1.1" 200 21881
192.168.10.4 - - [13/Sep/2017:11:29:43 -0300] "GET /cormunbeta/servlet/trsystemparameterspreferences? HTTP/1.1" 200 8415
192.168.10.4 - - [13/Sep/2017:11:29:43 -0300] "GET /cormunbeta/static/gxcfg.js?20177612134425 HTTP/1.1" 200 953
192.168.10.4 - - [13/Sep/2017:11:29:43 -0300] "GET /cormunbeta/static/trsystemparameterspreferences.js?20177612134629 HTTP/1.1" 200 16726
192.168.10.4 - - [13/Sep/2017:11:29:43 -0300] "GET /cormunbeta/static/Resources/PXToolsGridFirst.gif HTTP/1.1" 200 379
192.168.10.4 - - [13/Sep/2017:11:29:43 -0300] "GET /cormunbeta/static/Resources/PXToolsGridPrevious.gif HTTP/1.1" 200 369
192.168.10.4 - - [13/Sep/2017:11:29:43 -0300] "GET /cormunbeta/static/Resources/PXToolsGridNext.gif HTTP/1.1" 200 369
192.168.10.4 - - [13/Sep/2017:11:29:43 -0300] "GET /cormunbeta/static/Resources/PXToolsGridLast.gif HTTP/1.1" 200 370
192.168.10.4 - - [13/Sep/2017:11:29:43 -0300] "GET /cormunbeta/servlet/trsystemparameterspreferences? HTTP/1.1" 200 8408
192.168.10.4 - - [13/Sep/2017:11:30:01 -0300] "GET /cormunbeta/servlet/trsendmailoutboxcab? HTTP/1.1" 200 7485
192.168.10.4 - - [13/Sep/2017:11:30:01 -0300] "GET /cormunbeta/servlet/trsendmailoutboxcab? HTTP/1.1" 200 7484
192.168.10.4 - - [13/Sep/2017:11:30:05 -0300] "GET /cormunbeta/servlet/vesendmailoutboxcab?11,, HTTP/1.1" 200 8332
192.168.10.4 - - [13/Sep/2017:11:30:05 -0300] "GET /cormunbeta/static/gxcfg.js?20179816563422 HTTP/1.1" 304 -
192.168.10.4 - - [13/Sep/2017:11:30:05 -0300] "GET /cormunbeta/pexe_scrolldiv.js HTTP/1.1" 404 1017
192.168.10.4 - - [13/Sep/2017:11:30:05 -0300] "GET /cormunbeta/pexe_scrolldiv.js HTTP/1.1" 404 1017
192.168.10.4 - - [13/Sep/2017:11:30:05 -0300] "GET /cormunbeta/servlet/vesendmailoutboxcab?11,, HTTP/1.1" 200 8331
192.168.10.4 - - [13/Sep/2017:11:30:13 -0300] "GET /cormunbeta/servlet/vesendmailoutboxcab?11,,Destinatarios HTTP/1.1" 200 10659
192.168.10.4 - - [13/Sep/2017:11:30:13 -0300] "GET /cormunbeta/pexe_scrolldiv.js HTTP/1.1" 404 1017
192.168.10.4 - - [13/Sep/2017:11:30:13 -0300] "GET /cormunbeta/pexe_scrolldiv.js HTTP/1.1" 404 1017
192.168.10.4 - - [13/Sep/2017:11:30:13 -0300] "GET /cormunbeta/servlet/vesendmailoutboxcab?11,,Destinatarios HTTP/1.1" 200 10659
192.168.10.4 - - [13/Sep/2017:11:30:14 -0300] "POST /cormunbeta/servlet/acontrolpreferencessavestate?None,CDROGUETT,true HTTP/1.1" 200 35
192.168.10.4 - - [13/Sep/2017:11:30:16 -0300] "POST /cormunbeta/servlet/vesendmailoutboxcab?7ac825f297c8058d753c55367e007852,11,,Destinatarios,gx-no-cache=1505313051191 HTTP/1.1" 200 10129
192.168.10.4 - - [13/Sep/2017:11:30:16 -0300] "GET /cormunbeta/servlet/pucapacitacionestablecimientos?11,MD,gxPopupLevel%3D0%3B HTTP/1.1" 200 6457
192.168.10.4 - - [13/Sep/2017:11:30:16 -0300] "GET /cormunbeta/static/gxcfg.js?20179816311671 HTTP/1.1" 304 -
192.168.10.96 - - [13/Sep/2017:11:30:20 -0300] "GET /cormun/servlet/vesolicitudgral?2017,6405,, HTTP/1.1" 200 8889
192.168.10.96 - - [13/Sep/2017:11:30:20 -0300] "GET /cormun/pexe_scrolldiv.js HTTP/1.1" 404 1009
192.168.10.96 - - [13/Sep/2017:11:30:20 -0300] "GET /cormun/pexe_scrolldiv.js HTTP/1.1" 404 1009
192.168.10.96 - - [13/Sep/2017:11:30:20 -0300] "GET /cormun/servlet/vesolicitudgral?2017,6405,, HTTP/1.1" 200 8888
192.168.10.96 - - [13/Sep/2017:11:30:22 -0300] "GET /cormun/servlet/vesolicitudgral?2017,6405,,SolicitudOTAdjuntos HTTP/1.1" 200 10799
192.168.10.96 - - [13/Sep/2017:11:30:22 -0300] "GET /cormun/pexe_scrolldiv.js HTTP/1.1" 404 1009
192.168.10.96 - - [13/Sep/2017:11:30:22 -0300] "GET /cormun/pexe_scrolldiv.js HTTP/1.1" 404 1009
192.168.10.96 - - [13/Sep/2017:11:30:22 -0300] "GET /cormun/servlet/vesolicitudgral?2017,6405,,SolicitudOTAdjuntos HTTP/1.1" 200 10802
192.168.10.96 - - [13/Sep/2017:11:30:23 -0300] "POST /cormun/servlet/acontrolpreferencessavestate?None,DZAMUDIO,true HTTP/1.1" 200 35
192.168.10.96 - - [13/Sep/2017:11:30:24 -0300] "GET /cormun/PublicTempStorage/titulo3803267.pdf HTTP/1.1" 200 282512
192.168.10.4 - - [13/Sep/2017:11:30:27 -0300] "POST /cormunbeta/servlet/pucapacitacionestablecimientos?7ac825f297c8058d753c55367e007852,11,MD,gxPopupLevel%3D0%3B,gx-no-cache=1505313062005 HTTP/1.1" 200 5372
186.103.157.42 - - [13/Sep/2017:11:30:29 -0300] "GET /cormun/servlet/hlogin HTTP/1.1" 200 1716
186.103.157.42 - - [13/Sep/2017:11:30:29 -0300] "GET /cormun/servlet/hlogin HTTP/1.1" 200 1724
192.168.10.4 - - [13/Sep/2017:11:30:34 -0300] "POST /cormunbeta/servlet/pucapacitacionestablecimientos?7ac825f297c8058d753c55367e007852,11,MD,gxPopupLevel%3D0%3B,gx-no-cache=1505313069400 HTTP/1.1" 200 5899
192.168.10.4 - - [13/Sep/2017:11:30:38 -0300] "POST /cormunbeta/servlet/pucapacitacionestablecimientos?7ac825f297c8058d753c55367e007852,11,MD,gxPopupLevel%3D0%3B,gx-no-cache=1505313073439 HTTP/1.1" 200 54
192.168.10.4 - - [13/Sep/2017:11:30:38 -0300] "POST /cormunbeta/servlet/vesendmailoutboxcab?7ac825f297c8058d753c55367e007852,11,,Destinatarios,gx-no-cache=1505313073650 HTTP/1.1" 200 10038
192.168.10.4 - - [13/Sep/2017:11:30:45 -0300] "POST /cormunbeta/servlet/vesendmailoutboxcab?7ac825f297c8058d753c55367e007852,11,,Destinatarios,gx-no-cache=1505313080371 HTTP/1.1" 200 10136
192.168.10.4 - - [13/Sep/2017:11:30:47 -0300] "POST /cormunbeta/servlet/vesendmailoutboxcab?7ac825f297c8058d753c55367e007852,11,,Destinatarios,gx-no-cache=1505313082748 HTTP/1.1" 200 10152
186.103.157.42 - - [13/Sep/2017:11:30:52 -0300] "POST /cormun/servlet/hlogin?806f47cc9250c0190d7bc2562af518ed,gx-no-cache=1505313106523 HTTP/1.1" 200 90
186.103.157.42 - - [13/Sep/2017:11:30:52 -0300] "GET /cormun/servlet/hpexe_link HTTP/1.1" 200 944
186.103.157.42 - - [13/Sep/2017:11:30:53 -0300] "GET /cormun/servlet/hhome HTTP/1.1" 200 4116
186.103.157.42 - - [13/Sep/2017:11:30:54 -0300] "GET /cormun/servlet/hhome HTTP/1.1" 200 4112
186.103.159.189 - - [13/Sep/2017:11:31:04 -0300] "POST /cormun/servlet/hlogin?f2eb221daa42db96f00a7aa239458ae4,gx-no-cache=1505313100963 HTTP/1.1" 200 443
192.168.10.4 - - [13/Sep/2017:11:31:15 -0300] "GET /cormunbeta/servlet/vesendmailoutboxcab?11,,Attachments HTTP/1.1" 200 8697
192.168.10.4 - - [13/Sep/2017:11:31:15 -0300] "GET /cormunbeta/pexe_scrolldiv.js HTTP/1.1" 404 1017
192.168.10.4 - - [13/Sep/2017:11:31:15 -0300] "GET /cormunbeta/static/tbsendmailoutboxcab03.js?20179816562764 HTTP/1.1" 200 14196
186.103.159.189 - - [13/Sep/2017:11:31:15 -0300] "POST /cormun/servlet/hlogin?f2eb221daa42db96f00a7aa239458ae4,gx-no-cache=1505313111292 HTTP/1.1" 200 90
186.103.159.189 - - [13/Sep/2017:11:31:15 -0300] "GET /cormun/servlet/hpexe_link HTTP/1.1" 200 950
186.103.159.189 - - [13/Sep/2017:11:31:15 -0300] "GET /cormun/servlet/trsolicitudot HTTP/1.1" 200 9732
192.168.10.4 - - [13/Sep/2017:11:31:15 -0300] "GET /cormunbeta/servlet/vesendmailoutboxcab?11,,Attachments HTTP/1.1" 200 8698
192.168.10.4 - - [13/Sep/2017:11:31:16 -0300] "POST /cormunbeta/servlet/acontrolpreferencessavestate?None,CDROGUETT,true HTTP/1.1" 200 35
186.103.159.189 - - [13/Sep/2017:11:31:17 -0300] "GET /cormun/servlet/trsolicitudot HTTP/1.1" 200 9731
192.168.10.4 - - [13/Sep/2017:11:31:23 -0300] "GET /cormunbeta/servlet/vesendmailoutboxcab?11,,SendMailOutboxSeries HTTP/1.1" 200 7837
192.168.10.4 - - [13/Sep/2017:11:31:23 -0300] "GET /cormunbeta/pexe_scrolldiv.js HTTP/1.1" 404 1017
192.168.10.4 - - [13/Sep/2017:11:31:24 -0300] "GET /cormunbeta/static/tbsendmailoutboxcab04.js?20179816562264 HTTP/1.1" 200 14040
192.168.10.4 - - [13/Sep/2017:11:31:24 -0300] "GET /cormunbeta/static/Resources/PXToolsTabLastSelected.png HTTP/1.1" 200 1262
192.168.10.4 - - [13/Sep/2017:11:31:25 -0300] "GET /cormunbeta/servlet/vesendmailoutboxcab?11,,SendMailOutboxSeries HTTP/1.1" 200 7837
192.168.10.4 - - [13/Sep/2017:11:31:25 -0300] "POST /cormunbeta/servlet/acontrolpreferencessavestate?None,CDROGUETT,true HTTP/1.1" 200 35
192.168.10.4 - - [13/Sep/2017:11:31:47 -0300] "GET /cormunbeta/servlet/vesendmailoutboxcab?11,,Destinatarios HTTP/1.1" 200 10751
192.168.10.4 - - [13/Sep/2017:11:31:47 -0300] "GET /cormunbeta/pexe_scrolldiv.js HTTP/1.1" 404 1017
192.168.10.4 - - [13/Sep/2017:11:31:47 -0300] "GET /cormunbeta/pexe_scrolldiv.js HTTP/1.1" 404 1017
192.168.10.4 - - [13/Sep/2017:11:31:48 -0300] "GET /cormunbeta/servlet/vesendmailoutboxcab?11,,Destinatarios HTTP/1.1" 200 10751
186.103.159.189 - - [13/Sep/2017:11:31:48 -0300] "GET /cormun/servlet/solicitudot?INS,0,0, HTTP/1.1" 200 12728
186.103.159.189 - - [13/Sep/2017:11:31:49 -0300] "GET /cormun/static/gxcfg.js?201783011173874 HTTP/1.1" 304 -
192.168.10.4 - - [13/Sep/2017:11:31:49 -0300] "POST /cormunbeta/servlet/acontrolpreferencessavestate?None,CDROGUETT,true HTTP/1.1" 200 35
186.103.159.189 - - [13/Sep/2017:11:31:49 -0300] "GET /cormun/static/solicitudot.js?201783011174088 HTTP/1.1" 304 -
192.168.10.4 - - [13/Sep/2017:11:31:49 -0300] "GET /cormunbeta/servlet/vesendmailoutboxcab?11,,General HTTP/1.1" 200 8339
192.168.10.4 - - [13/Sep/2017:11:31:49 -0300] "GET /cormunbeta/pexe_scrolldiv.js HTTP/1.1" 404 1017
192.168.10.4 - - [13/Sep/2017:11:31:49 -0300] "GET /cormunbeta/pexe_scrolldiv.js HTTP/1.1" 404 1017
192.168.10.4 - - [13/Sep/2017:11:31:49 -0300] "GET /cormunbeta/servlet/vesendmailoutboxcab?11,,General HTTP/1.1" 200 8339
186.103.159.189 - - [13/Sep/2017:11:31:51 -0300] "GET /cormun/servlet/solicitudot?INS,0,0, HTTP/1.1" 200 12732
192.168.10.4 - - [13/Sep/2017:11:31:52 -0300] "POST /cormunbeta/servlet/vesendmailoutboxcab?7ac825f297c8058d753c55367e007852,11,,General,gx-no-cache=1505313147654 HTTP/1.1" 200 90
192.168.10.4 - - [13/Sep/2017:11:31:52 -0300] "GET /cormunbeta/servlet/hpexe_link HTTP/1.1" 200 977
192.168.10.4 - - [13/Sep/2017:11:31:52 -0300] "GET /cormunbeta/servlet/trsendmailoutboxcab HTTP/1.1" 200 7488
192.168.10.4 - - [13/Sep/2017:11:31:53 -0300] "GET /cormunbeta/servlet/trsendmailoutboxcab HTTP/1.1" 200 7487
192.168.10.4 - - [13/Sep/2017:11:31:54 -0300] "GET /cormunbeta/servlet/sendmailoutboxcab?UPD,11, HTTP/1.1" 200 7168
192.168.10.4 - - [13/Sep/2017:11:31:54 -0300] "GET /cormunbeta/servlet/sendmailoutboxcab?UPD,11, HTTP/1.1" 200 7168
186.103.157.42 - - [13/Sep/2017:11:32:08 -0300] "GET /cormun/servlet/trfichaempleado? HTTP/1.1" 200 14275
186.103.159.189 - - [13/Sep/2017:11:32:28 -0300] "POST /cormun/servlet/solicitudot?gx-no-cache=1505313184014 HTTP/1.1" 200 3126
186.103.159.189 - - [13/Sep/2017:11:32:28 -0300] "POST /cormun/servlet/solicitudot?f2eb221daa42db96f00a7aa239458ae4,INS,0,0,,gx-no-cache=1505313184257 HTTP/1.1" 200 9794
186.103.159.189 - - [13/Sep/2017:11:32:33 -0300] "GET /cormun/servlet/solicitudot?83b7663ff131a302ed3007085b691410122be7cd5e3b63e19f6e7e3b96b0792946c8ce5c2fefe072ba89cda735927cab,gx-no-cache=1505313189211 HTTP/1.1" 200 30
190.45.55.254 - - [13/Sep/2017:11:35:19 -0300] "GET /cormun/servlet/fichaempleado?UPD,9031333, HTTP/1.1" 200 5961
190.45.55.254 - - [13/Sep/2017:11:35:20 -0300] "GET /cormun/servlet/fichaempleado?UPD,9031333, HTTP/1.1" 200 5962
186.103.159.189 - - [13/Sep/2017:11:35:32 -0300] "POST /cormun/servlet/solicitudot?gx-no-cache=1505313368463 HTTP/1.1" 200 255
186.103.159.189 - - [13/Sep/2017:11:35:35 -0300] "GET /cormun/servlet/solicitudot?83b7663ff131a302ed3007085b6914107ed4b05cd46c34fa83fc8cde5dabab3bea3cca610f8f834ede87fd7954927d7aef967e5f15e97bc41fad92cd7d8ea08567fa4acc3dbb8075ea33c0ae9e191f9ca701ec35584ae033b42b83775e9c5866e4cba3a60c877663656906e940a3122594ad477e4d8ba8535b8d179f22266bad41fc796da4c38148f1ea688117cbcbf4bf91a6220848ceace36da71516db2f226c88d9ae5fa02931e1a956a145b1da7a2a1ac3697089638c24b5485b26371aaaa36d3bb2df4ed876ffb962a21e23dddad75299310363d35123f78659900781fde80751b26c2d1a2bebce7d66411fd4eac97363029c519d853c1ce1888f12931dbc11813b6dd04ab27263c7638f91b9ba5ced851cb7c028d728a223614b78616e01c5088a3d9996739c1b92b26e508accbaf05326dcc6e0c7be32524d79dfa45c13415243f039d4f981a004dbf172819bcfdbd1d1d8d1c5d227716e9d6cd6a2a65454773e0fb2b50855f567019f85bdf8794bc50907286ed026af1a2a589d0bfb,gx-no-cache=1505313371839 HTTP/1.1" 200 30
190.45.55.254 - - [13/Sep/2017:11:36:04 -0300] "POST /cormun/servlet/fichaempleado?0f513ba5bd8592b6a9de10296fdbc86b,UPD,9031333,,gx-no-cache=1505313401332 HTTP/1.1" 200 47
186.103.159.189 - - [13/Sep/2017:11:36:09 -0300] "POST /cormun/servlet/solicitudot?gx-no-cache=1505313405403 HTTP/1.1" 200 30
186.103.159.189 - - [13/Sep/2017:11:36:09 -0300] "POST /cormun/servlet/solicitudot?gx-no-cache=1505313405481 HTTP/1.1" 200 1352
186.103.159.189 - - [13/Sep/2017:11:36:09 -0300] "POST /cormun/servlet/solicitudot?gx-no-cache=1505313405595 HTTP/1.1" 200 38
190.45.55.254 - - [13/Sep/2017:11:36:53 -0300] "GET /cormun/servlet/hlogin HTTP/1.1" 200 1721
190.45.55.254 - - [13/Sep/2017:11:36:54 -0300] "POST /cormun/servlet/hlogin?0f513ba5bd8592b6a9de10296fdbc86b,gx-no-cache=1505313451780 HTTP/1.1" 200 90
190.45.55.254 - - [13/Sep/2017:11:36:54 -0300] "GET /cormun/servlet/hpexe_link HTTP/1.1" 200 957
190.45.55.254 - - [13/Sep/2017:11:37:19 -0300] "GET /cormun/servlet/hlogin HTTP/1.1" 200 1721
190.45.55.254 - - [13/Sep/2017:11:37:21 -0300] "POST /cormun/servlet/hlogin?0f513ba5bd8592b6a9de10296fdbc86b,gx-no-cache=1505313478168 HTTP/1.1" 200 90
190.45.55.254 - - [13/Sep/2017:11:37:21 -0300] "GET /cormun/servlet/hpexe_link HTTP/1.1" 200 957
190.45.55.254 - - [13/Sep/2017:11:38:14 -0300] "GET /cormun/servlet/hlogin HTTP/1.1" 200 1721
190.45.55.254 - - [13/Sep/2017:11:38:16 -0300] "POST /cormun/servlet/hlogin?0f513ba5bd8592b6a9de10296fdbc86b,gx-no-cache=1505313533087 HTTP/1.1" 200 90
190.45.55.254 - - [13/Sep/2017:11:38:16 -0300] "GET /cormun/servlet/hpexe_link HTTP/1.1" 200 957
186.103.159.189 - - [13/Sep/2017:11:38:36 -0300] "POST /cormun/servlet/solicitudot?gx-no-cache=1505313552803 HTTP/1.1" 200 30
186.103.159.189 - - [13/Sep/2017:11:38:45 -0300] "POST /cormun/servlet/solicitudot?gx-no-cache=1505313561299 HTTP/1.1" 200 240
186.103.159.189 - - [13/Sep/2017:11:38:47 -0300] "GET /cormun/servlet/solicitudot?83b7663ff131a302ed3007085b6914107ed4b05cd46c34fa83fc8cde5dabab3b2c99ac54ae4e9866020bd65deac22976ef967e5f15e97bc41fad92cd7d8ea08567fa4acc3dbb8075ea33c0ae9e191f9ca701ec35584ae033b42b83775e9c5866e4cba3a60c877663656906e940a3122594ad477e4d8ba8535b8d179f22266bad41fc796da4c38148f1ea688117cbcbf4bf91a6220848ceace36da71516db2f226c88d9ae5fa02931e1a956a145b1da7a2a1ac3697089638c24b5485b26371aaaa36d3bb2df4ed876ffb962a21e23dddad75299310363d35123f78659900781fde80751b26c2d1a2bebce7d66411fd4eac97363029c519d853c1ce1888f12931dbc11813b6dd04ab27263c7638f91b9bac097c7bf2c675ef62053b2544d115b935f48866a77a769ccea70eb892e75613ca536dfc2382b69ba70bad1b3599e946c9de614c9e94cf356965e56f62ea282ef08a71cab729b473587445a5b07c50dd23f9ce180cbbd5989b07a4bbcc1d2f7925cd60058b2ba06079b677f371396cb2b,gx-no-cache=1505313563257 HTTP/1.1" 200 30
186.103.159.189 - - [13/Sep/2017:11:38:52 -0300] "POST /cormun/servlet/solicitudot?gx-no-cache=1505313568029 HTTP/1.1" 200 30
186.103.159.189 - - [13/Sep/2017:11:38:54 -0300] "GET /cormun/servlet/prlicenciaspermisos?0,L,,MD,,gxPopupLevel%3D0%3B HTTP/1.1" 200 5158
186.103.159.189 - - [13/Sep/2017:11:38:54 -0300] "GET /cormun/static/gxcfg.js?20176272053834 HTTP/1.1" 200 953
186.103.159.189 - - [13/Sep/2017:11:38:54 -0300] "GET /cormun/static/prlicenciaspermisos.js?20176272054050 HTTP/1.1" 200 13379
186.103.159.189 - - [13/Sep/2017:11:40:00 -0300] "POST /cormun/servlet/solicitudot?gx-no-cache=1505313636480 HTTP/1.1" 200 1431
186.103.159.189 - - [13/Sep/2017:11:40:00 -0300] "GET /cormun/static/Shared/jqueryui/images/ui-bg_flat_55_994d53_40x100.png HTTP/1.1" 404 1097
186.103.159.189 - - [13/Sep/2017:11:40:00 -0300] "GET /cormun/static/Shared/jqueryui/images/ui-icons_82798d_256x240.png HTTP/1.1" 404 1089
186.103.159.189 - - [13/Sep/2017:11:40:00 -0300] "GET /cormun/static/Shared/jqueryui/images/ui-bg_highlight-soft_100_c6c2c8_1x100.png HTTP/1.1" 404 1117
186.103.159.189 - - [13/Sep/2017:11:40:00 -0300] "GET /cormun/static/Shared/jqueryui/images/ui-icons_ebccce_256x240.png HTTP/1.1" 404 1089
186.103.159.189 - - [13/Sep/2017:11:40:04 -0300] "GET /cormun/servlet/prfichaempleado?,MD,,gxPopupLevel%3D0%3B HTTP/1.1" 200 9275
192.168.10.4 - - [13/Sep/2017:11:40:26 -0300] "POST /cormunbeta/servlet/sendmailoutboxcab?7ac825f297c8058d753c55367e007852,UPD,11,,gx-no-cache=1505313660451 HTTP/1.1" 200 93
192.168.10.4 - - [13/Sep/2017:11:40:26 -0300] "GET /cormunbeta/servlet/hpexe_return? HTTP/1.1" 200 1018
192.168.10.4 - - [13/Sep/2017:11:40:26 -0300] "GET /cormunbeta/servlet/trsendmailoutboxcab HTTP/1.1" 200 7490
192.168.10.4 - - [13/Sep/2017:11:40:26 -0300] "GET /cormunbeta/static/gxcfg.js?2017913941759 HTTP/1.1" 304 -
192.168.10.4 - - [13/Sep/2017:11:40:26 -0300] "GET /cormunbeta/static/trsendmailoutboxcab.js?20179139411010 HTTP/1.1" 304 -
192.168.10.4 - - [13/Sep/2017:11:40:27 -0300] "GET /cormunbeta/servlet/trsendmailoutboxcab HTTP/1.1" 200 7487
192.168.10.4 - - [13/Sep/2017:11:40:28 -0300] "GET /cormunbeta/servlet/vesendmailoutboxcab?11,, HTTP/1.1" 200 8334
192.168.10.4 - - [13/Sep/2017:11:40:29 -0300] "GET /cormunbeta/static/gxcfg.js?20179816563422 HTTP/1.1" 304 -
192.168.10.4 - - [13/Sep/2017:11:40:29 -0300] "GET /cormunbeta/pexe_scrolldiv.js HTTP/1.1" 404 1017
192.168.10.4 - - [13/Sep/2017:11:40:29 -0300] "GET /cormunbeta/pexe_scrolldiv.js HTTP/1.1" 404 1017
192.168.10.4 - - [13/Sep/2017:11:40:29 -0300] "GET /cormunbeta/servlet/vesendmailoutboxcab?11,, HTTP/1.1" 200 8333
192.168.10.4 - - [13/Sep/2017:11:40:31 -0300] "GET /cormunbeta/servlet/vesendmailoutboxcab?11,,Attachments HTTP/1.1" 200 8701
192.168.10.4 - - [13/Sep/2017:11:40:31 -0300] "GET /cormunbeta/pexe_scrolldiv.js HTTP/1.1" 404 1017
190.45.55.254 - - [13/Sep/2017:11:40:32 -0300] "GET /cormun/servlet/hlogin HTTP/1.1" 200 1721
192.168.10.4 - - [13/Sep/2017:11:40:32 -0300] "GET /cormunbeta/servlet/vesendmailoutboxcab?11,,Attachments HTTP/1.1" 200 8702
192.168.10.4 - - [13/Sep/2017:11:40:32 -0300] "POST /cormunbeta/servlet/acontrolpreferencessavestate?None,CDROGUETT,true HTTP/1.1" 200 35
192.168.10.4 - - [13/Sep/2017:11:40:38 -0300] "GET /cormunbeta/PublicTempStorage/a._informacion_administrativa_curso_excel_intermedio367202.doc HTTP/1.1" 200 65024
186.103.159.189 - - [13/Sep/2017:11:40:51 -0300] "POST /cormun/servlet/prfichaempleado?f2eb221daa42db96f00a7aa239458ae4,,MD,,gxPopupLevel%3D0%3B,gx-no-cache=1505313687395 HTTP/1.1" 200 3406
192.168.10.4 - - [13/Sep/2017:11:41:01 -0300] "GET /cormunbeta/PublicTempStorage/a._informacion_administrativa_curso_excel_basico5188062.doc HTTP/1.1" 200 65536
192.168.10.4 - - [13/Sep/2017:11:41:10 -0300] "GET /cormunbeta/PublicTempStorage/a._informacion_administrativa_curso_lengua_de_se%F1as_iii3431321.doc HTTP/1.1" 200 63488
186.103.159.189 - - [13/Sep/2017:11:41:17 -0300] "POST /cormun/servlet/solicitudot?gx-no-cache=1505313713397 HTTP/1.1" 200 1355
186.103.159.189 - - [13/Sep/2017:11:41:17 -0300] "GET /cormun/static/menuarrow.gif HTTP/1.1" 404 1015
186.103.132.155 - - [13/Sep/2017:11:43:39 -0300] "GET /cormun/servlet/trlicencias? HTTP/1.1" 200 13206
186.103.132.155 - - [13/Sep/2017:11:43:41 -0300] "GET /cormun/servlet/trlicencias? HTTP/1.1" 200 13203
190.45.55.254 - - [13/Sep/2017:11:44:48 -0300] "GET /cormun/servlet/trfichaempleado HTTP/1.1" 200 14778
186.103.159.189 - - [13/Sep/2017:11:44:58 -0300] "POST /cormun/servlet/solicitudot?gx-no-cache=1505313934292 HTTP/1.1" 200 41
186.103.159.189 - - [13/Sep/2017:11:44:58 -0300] "GET /cormun/servlet/solicitudot?83b7663ff131a302ed3007085b691410e82c10d24884b392e133b1a5a6321dffb81fd4e9817aff68729f517eb88fee60280a190109ece6cab3f2c084b2fc39bbb7df1e60bb9f7eaa1caee33312617c7e9de8b9fe8fabd6eaa8f87b8f3edca66551746afe73665ffb740ad90141eeeba5,gx-no-cache=1505313934426 HTTP/1.1" 200 29
186.103.159.189 - - [13/Sep/2017:11:44:58 -0300] "POST /cormun/servlet/solicitudot?gx-no-cache=1505313934490 HTTP/1.1" 200 1337
186.103.159.189 - - [13/Sep/2017:11:45:01 -0300] "POST /cormun/servlet/solicitudot?gx-no-cache=1505313937356 HTTP/1.1" 200 1337
186.103.159.189 - - [13/Sep/2017:11:45:39 -0300] "GET /cormun/servlet/solicitudot?83b7663ff131a302ed3007085b6914101a14242e7fe87ff2bcba83e68492e8c5f8c4d8b47db9fa997d5e0e934c28e5f3,gx-no-cache=1505313974833 HTTP/1.1" 200 30
186.103.159.189 - - [13/Sep/2017:11:45:39 -0300] "POST /cormun/servlet/solicitudot?gx-no-cache=1505313975458 HTTP/1.1" 200 34
192.168.10.90 - - [13/Sep/2017:11:46:07 -0300] "GET /cormunbeta/servlet/trsystemobject01? HTTP/1.1" 200 6219
192.168.10.90 - - [13/Sep/2017:11:46:07 -0300] "GET /cormunbeta/static/gxcfg.js?2016101716185969 HTTP/1.1" 200 953
192.168.10.90 - - [13/Sep/2017:11:46:07 -0300] "GET /cormunbeta/static/gxui/gxui-all.css?120300 HTTP/1.1" 200 2179
192.168.10.90 - - [13/Sep/2017:11:46:07 -0300] "GET /cormunbeta/static/messages.spa.js?85251 HTTP/1.1" 304 -
192.168.10.90 - - [13/Sep/2017:11:46:07 -0300] "GET /cormunbeta/static/Shared/ext/resources/css/ext-all.css?215870 HTTP/1.1" 200 416045
192.168.10.90 - - [13/Sep/2017:11:46:07 -0300] "GET /cormunbeta/static/trsystemobject01.js?201610171619174 HTTP/1.1" 200 13927
192.168.10.90 - - [13/Sep/2017:11:46:07 -0300] "GET /cormunbeta/servlet/hlogin HTTP/1.1" 200 1748
192.168.10.90 - - [13/Sep/2017:11:46:07 -0300] "GET /cormunbeta/servlet/trsystemobject01? HTTP/1.1" 200 6201
192.168.10.90 - - [13/Sep/2017:11:46:07 -0300] "GET /cormunbeta/static/gxcfg.js?20175251213516 HTTP/1.1" 304 -
192.168.10.90 - - [13/Sep/2017:11:46:10 -0300] "POST /cormunbeta/servlet/hlogin?c7125452a4379900ec15dca625613522,gx-no-cache=1505313932082 HTTP/1.1" 200 90
192.168.10.90 - - [13/Sep/2017:11:46:10 -0300] "GET /cormunbeta/servlet/hpexe_link HTTP/1.1" 200 959
192.168.10.90 - - [13/Sep/2017:11:46:10 -0300] "GET /cormunbeta/static/gxcfg.js?20177612121792 HTTP/1.1" 304 -
192.168.10.90 - - [13/Sep/2017:11:46:10 -0300] "GET /cormunbeta/servlet/hhome HTTP/1.1" 200 3713
192.168.10.90 - - [13/Sep/2017:11:46:10 -0300] "GET /cormunbeta/static/gxcfg.js?20175251212442 HTTP/1.1" 304 -
192.168.10.90 - - [13/Sep/2017:11:46:10 -0300] "GET /cormunbeta/servlet/hhome HTTP/1.1" 200 3709
190.45.55.254 - - [13/Sep/2017:11:46:29 -0300] "GET /cormun/servlet/trfichaempleado HTTP/1.1" 200 11549
190.45.55.254 - - [13/Sep/2017:11:46:54 -0300] "GET /cormun/servlet/trfichaempleado HTTP/1.1" 200 10608
190.45.55.254 - - [13/Sep/2017:11:47:31 -0300] "GET /cormun/servlet/trfichaempleado HTTP/1.1" 200 8674
186.103.159.189 - - [13/Sep/2017:11:47:39 -0300] "POST /cormun/servlet/solicitudot?f2eb221daa42db96f00a7aa239458ae4,INS,0,0,,gx-no-cache=1505314095180 HTTP/1.1" 200 11219
192.168.10.4 - - [13/Sep/2017:11:47:46 -0300] "POST /cormunbeta/servlet/vesendmailoutboxcab?7ac825f297c8058d753c55367e007852,11,,Attachments,gx-no-cache=1505314100850 HTTP/1.1" 200 90
192.168.10.4 - - [13/Sep/2017:11:47:46 -0300] "GET /cormunbeta/servlet/hpexe_link HTTP/1.1" 200 980
192.168.10.4 - - [13/Sep/2017:11:47:47 -0300] "GET /cormunbeta/servlet/trsendmailoutboxcab HTTP/1.1" 200 7488
192.168.10.4 - - [13/Sep/2017:11:47:47 -0300] "GET /cormunbeta/servlet/trsendmailoutboxcab HTTP/1.1" 200 7487
186.103.159.189 - - [13/Sep/2017:11:49:46 -0300] "GET /cormun/servlet/solicitudot?83b7663ff131a302ed3007085b6914107ed4b05cd46c34fa83fc8cde5dabab3b2c99ac54ae4e9866020bd65deac22976ef967e5f15e97bc41fad92cd7d8ea08567fa4acc3dbb8075ea33c0ae9e191f9ca701ec35584ae033b42b83775e9c5866e4cba3a60c877663656906e940a3122594ad477e4d8ba8535b8d179f22266bad41fc796da4c38148f1ea688117cbcbf4bf91a6220848ceace36da71516db2f226c88d9ae5fa02931e1a956a145b1da7a2a1ac3697089638c24b5485b26371aaaa36d3bb2df4ed876ffb962a21e23dddad75299310363d35123f78659900781fde80751b26c2d1a2bebce7d66411fd4eac97363029c519d853c1ce1888f12931dbc11813b6dd04ab27263c7638f91b9bac097c7bf2c675ef62053b2544d115b935f48866a77a769ccea70eb892e75613ca536dfc2382b69ba70bad1b3599e946c9de614c9e94cf356965e56f62ea282ef08a71cab729b473587445a5b07c50dd23f9ce180cbbd5989b07a4bbcc1d2f7925cd60058b2ba06079b677f371396cb2b,gx-no-cache=1505314221606 HTTP/1.1" 200 30
186.103.159.189 - - [13/Sep/2017:11:49:46 -0300] "POST /cormun/servlet/solicitudot?gx-no-cache=1505314222762 HTTP/1.1" 200 30
186.103.159.189 - - [13/Sep/2017:11:49:50 -0300] "POST /cormun/servlet/solicitudot?gx-no-cache=1505314222859 HTTP/1.1" 200 1355
186.103.159.189 - - [13/Sep/2017:11:49:50 -0300] "POST /cormun/servlet/solicitudot?gx-no-cache=1505314226189 HTTP/1.1" 200 41
186.103.159.189 - - [13/Sep/2017:11:49:51 -0300] "POST /cormun/servlet/solicitudot?gx-no-cache=1505314226746 HTTP/1.1" 200 1337
186.103.159.189 - - [13/Sep/2017:11:49:52 -0300] "GET /cormun/servlet/solicitudot?83b7663ff131a302ed3007085b6914101a14242e7fe87ff2bcba83e68492e8c5f8c4d8b47db9fa997d5e0e934c28e5f3,gx-no-cache=1505314227894 HTTP/1.1" 200 30
186.103.159.189 - - [13/Sep/2017:11:49:52 -0300] "POST /cormun/servlet/solicitudot?gx-no-cache=1505314228358 HTTP/1.1" 200 34
186.103.159.189 - - [13/Sep/2017:11:49:58 -0300] "POST /cormun/servlet/solicitudot?f2eb221daa42db96f00a7aa239458ae4,INS,0,0,,gx-no-cache=1505314228945 HTTP/1.1" 200 93
186.103.159.189 - - [13/Sep/2017:11:49:58 -0300] "GET /cormun/servlet/hpexe_return? HTTP/1.1" 200 1000
186.103.159.189 - - [13/Sep/2017:11:49:58 -0300] "GET /cormun/static/messages.spa.js?85251 HTTP/1.1" 304 -
186.103.159.189 - - [13/Sep/2017:11:49:59 -0300] "GET /cormun/servlet/trsolicitudot HTTP/1.1" 200 10128
186.103.159.189 - - [13/Sep/2017:11:50:01 -0300] "GET /cormun/servlet/trsolicitudot HTTP/1.1" 200 10124
192.168.10.4 - - [13/Sep/2017:11:50:37 -0300] "GET /cormunbeta/servlet/sendmailoutboxcab?UPD,11, HTTP/1.1" 200 7168
192.168.10.4 - - [13/Sep/2017:11:50:38 -0300] "GET /cormunbeta/servlet/sendmailoutboxcab?UPD,11, HTTP/1.1" 200 7168
192.168.10.4 - - [13/Sep/2017:11:51:13 -0300] "POST /cormunbeta/servlet/sendmailoutboxcab?7ac825f297c8058d753c55367e007852,UPD,11,,gx-no-cache=1505314308668 HTTP/1.1" 200 93
192.168.10.4 - - [13/Sep/2017:11:51:13 -0300] "GET /cormunbeta/servlet/hpexe_return? HTTP/1.1" 200 1018
192.168.10.4 - - [13/Sep/2017:11:51:13 -0300] "GET /cormunbeta/servlet/trsendmailoutboxcab HTTP/1.1" 200 7490
192.168.10.4 - - [13/Sep/2017:11:51:14 -0300] "GET /cormunbeta/servlet/trsendmailoutboxcab HTTP/1.1" 200 7487
192.168.10.4 - - [13/Sep/2017:11:51:16 -0300] "GET /cormunbeta/servlet/vesendmailoutboxcab?11,, HTTP/1.1" 200 8334
192.168.10.4 - - [13/Sep/2017:11:51:16 -0300] "GET /cormunbeta/pexe_scrolldiv.js HTTP/1.1" 404 1017
192.168.10.4 - - [13/Sep/2017:11:51:16 -0300] "GET /cormunbeta/pexe_scrolldiv.js HTTP/1.1" 404 1017
192.168.10.4 - - [13/Sep/2017:11:51:16 -0300] "GET /cormunbeta/servlet/vesendmailoutboxcab?11,, HTTP/1.1" 200 8333
192.168.10.4 - - [13/Sep/2017:11:51:18 -0300] "GET /cormunbeta/servlet/vesendmailoutboxcab?11,,Destinatarios HTTP/1.1" 200 10751
192.168.10.4 - - [13/Sep/2017:11:51:18 -0300] "GET /cormunbeta/pexe_scrolldiv.js HTTP/1.1" 404 1017
192.168.10.4 - - [13/Sep/2017:11:51:18 -0300] "GET /cormunbeta/pexe_scrolldiv.js HTTP/1.1" 404 1017
192.168.10.4 - - [13/Sep/2017:11:51:18 -0300] "GET /cormunbeta/servlet/vesendmailoutboxcab?11,,Destinatarios HTTP/1.1" 200 10751
192.168.10.4 - - [13/Sep/2017:11:51:19 -0300] "POST /cormunbeta/servlet/acontrolpreferencessavestate?None,CDROGUETT,true HTTP/1.1" 200 35
192.168.10.4 - - [13/Sep/2017:11:51:26 -0300] "POST /cormunbeta/servlet/vesendmailoutboxcab?7ac825f297c8058d753c55367e007852,11,,Destinatarios,gx-no-cache=1505314321044 HTTP/1.1" 200 10217
192.168.10.4 - - [13/Sep/2017:11:51:26 -0300] "GET /cormunbeta/servlet/pucapacitacionestablecimientos?11,MD,gxPopupLevel%3D0%3B HTTP/1.1" 200 9448
192.168.10.4 - - [13/Sep/2017:11:51:26 -0300] "GET /cormunbeta/static/gxcfg.js?20179816311671 HTTP/1.1" 304 -
186.79.207.82 - - [13/Sep/2017:11:51:29 -0300] "GET /cormun/servlet/hlogin HTTP/1.1" 200 1722
192.168.10.4 - - [13/Sep/2017:11:51:37 -0300] "POST /cormunbeta/servlet/pucapacitacionestablecimientos?7ac825f297c8058d753c55367e007852,11,MD,gxPopupLevel%3D0%3B,gx-no-cache=1505314332176 HTTP/1.1" 200 5899
186.79.207.82 - - [13/Sep/2017:11:51:40 -0300] "POST /cormun/servlet/hlogin?304df7b2c728f6f3096be0cd3a4522cd,gx-no-cache=1505314338816 HTTP/1.1" 200 90
186.79.207.82 - - [13/Sep/2017:11:51:40 -0300] "GET /cormun/servlet/hpexe_link HTTP/1.1" 200 952
186.79.207.82 - - [13/Sep/2017:11:51:41 -0300] "GET /cormun/servlet/hhome HTTP/1.1" 200 4114
186.79.207.82 - - [13/Sep/2017:11:51:42 -0300] "GET /cormun/servlet/hhome HTTP/1.1" 200 4110
192.168.10.4 - - [13/Sep/2017:11:51:44 -0300] "POST /cormunbeta/servlet/pucapacitacionestablecimientos?7ac825f297c8058d753c55367e007852,11,MD,gxPopupLevel%3D0%3B,gx-no-cache=1505314339707 HTTP/1.1" 200 5898
186.79.207.82 - - [13/Sep/2017:11:51:47 -0300] "GET /cormun/servlet/trrenuncias? HTTP/1.1" 200 7700
186.79.207.82 - - [13/Sep/2017:11:51:47 -0300] "GET /cormun/static/gxcfg.js?20175251282642 HTTP/1.1" 200 953
186.79.207.82 - - [13/Sep/2017:11:51:51 -0300] "GET /cormun/servlet/renuncias?INS,0, HTTP/1.1" 200 6244
186.79.207.82 - - [13/Sep/2017:11:51:55 -0300] "GET /cormun/static/gxcfg.js?2017426922787 HTTP/1.1" 200 953
192.168.10.4 - - [13/Sep/2017:11:52:00 -0300] "POST /cormunbeta/servlet/pucapacitacionestablecimientos?7ac825f297c8058d753c55367e007852,11,MD,gxPopupLevel%3D0%3B,gx-no-cache=1505314355728 HTTP/1.1" 200 54
192.168.10.4 - - [13/Sep/2017:11:52:00 -0300] "POST /cormunbeta/servlet/vesendmailoutboxcab?7ac825f297c8058d753c55367e007852,11,,Destinatarios,gx-no-cache=1505314355810 HTTP/1.1" 200 10128
186.79.207.82 - - [13/Sep/2017:11:52:02 -0300] "GET /cormun/servlet/trrenuncias? HTTP/1.1" 200 7698
192.168.10.4 - - [13/Sep/2017:11:52:05 -0300] "POST /cormunbeta/servlet/vesendmailoutboxcab?7ac825f297c8058d753c55367e007852,11,,Destinatarios,gx-no-cache=1505314360763 HTTP/1.1" 200 10072
192.168.10.4 - - [13/Sep/2017:11:52:07 -0300] "POST /cormunbeta/servlet/vesendmailoutboxcab?7ac825f297c8058d753c55367e007852,11,,Destinatarios,gx-no-cache=1505314362022 HTTP/1.1" 200 9918
192.168.10.4 - - [13/Sep/2017:11:52:09 -0300] "POST /cormunbeta/servlet/vesendmailoutboxcab?7ac825f297c8058d753c55367e007852,11,,Destinatarios,gx-no-cache=1505314364092 HTTP/1.1" 200 10019
192.168.10.4 - - [13/Sep/2017:11:52:10 -0300] "GET /cormunbeta/servlet/vesendmailoutboxcab?11,,Attachments HTTP/1.1" 200 8702
192.168.10.4 - - [13/Sep/2017:11:52:10 -0300] "GET /cormunbeta/static/gxcfg.js?20179816563422 HTTP/1.1" 304 -
192.168.10.4 - - [13/Sep/2017:11:52:10 -0300] "GET /cormunbeta/pexe_scrolldiv.js HTTP/1.1" 404 1017
192.168.10.4 - - [13/Sep/2017:11:52:11 -0300] "GET /cormunbeta/pexe_scrolldiv.js HTTP/1.1" 404 1017
192.168.10.4 - - [13/Sep/2017:11:52:11 -0300] "GET /cormunbeta/servlet/vesendmailoutboxcab?11,,Attachments HTTP/1.1" 200 8702
192.168.10.4 - - [13/Sep/2017:11:52:12 -0300] "POST /cormunbeta/servlet/acontrolpreferencessavestate?None,CDROGUETT,true HTTP/1.1" 200 35
186.79.207.82 - - [13/Sep/2017:11:52:16 -0300] "GET /cormun/static/Resources/Spanish/PXTools.css?11294912 HTTP/1.1" 200 89042
192.168.10.4 - - [13/Sep/2017:11:52:20 -0300] "GET /cormunbeta/servlet/vesendmailoutboxcab?11,,General HTTP/1.1" 200 8340
192.168.10.4 - - [13/Sep/2017:11:52:20 -0300] "GET /cormunbeta/pexe_scrolldiv.js HTTP/1.1" 404 1017
192.168.10.4 - - [13/Sep/2017:11:52:20 -0300] "GET /cormunbeta/pexe_scrolldiv.js HTTP/1.1" 404 1017
192.168.10.4 - - [13/Sep/2017:11:52:21 -0300] "GET /cormunbeta/servlet/vesendmailoutboxcab?11,,General HTTP/1.1" 200 8339
186.79.207.82 - - [13/Sep/2017:11:52:25 -0300] "GET /cormun/servlet/renuncias?INS,0, HTTP/1.1" 200 6245
192.168.10.4 - - [13/Sep/2017:11:52:27 -0300] "GET /cormunbeta/servlet/vesendmailoutboxcab?11,,Attachments HTTP/1.1" 200 8702
192.168.10.4 - - [13/Sep/2017:11:52:27 -0300] "GET /cormunbeta/pexe_scrolldiv.js HTTP/1.1" 404 1017
192.168.10.4 - - [13/Sep/2017:11:52:27 -0300] "GET /cormunbeta/pexe_scrolldiv.js HTTP/1.1" 404 1017
192.168.10.4 - - [13/Sep/2017:11:52:28 -0300] "GET /cormunbeta/servlet/vesendmailoutboxcab?11,,Attachments HTTP/1.1" 200 8701
192.168.10.4 - - [13/Sep/2017:11:52:29 -0300] "POST /cormunbeta/servlet/acontrolpreferencessavestate?None,CDROGUETT,true HTTP/1.1" 200 35
192.168.10.4 - - [13/Sep/2017:11:53:00 -0300] "GET /cormunbeta/servlet/vesendmailoutboxcab?11,,SendMailOutboxSeries HTTP/1.1" 200 7837
192.168.10.4 - - [13/Sep/2017:11:53:00 -0300] "GET /cormunbeta/pexe_scrolldiv.js HTTP/1.1" 404 1017
192.168.10.4 - - [13/Sep/2017:11:53:00 -0300] "GET /cormunbeta/pexe_scrolldiv.js HTTP/1.1" 404 1017
192.168.10.4 - - [13/Sep/2017:11:53:01 -0300] "GET /cormunbeta/servlet/vesendmailoutboxcab?11,,SendMailOutboxSeries HTTP/1.1" 200 7837
192.168.10.4 - - [13/Sep/2017:11:53:02 -0300] "POST /cormunbeta/servlet/acontrolpreferencessavestate?None,CDROGUETT,true HTTP/1.1" 200 35
66.249.83.7 - - [13/Sep/2017:11:53:03 -0300] "GET /cormun/servlet/hlogin HTTP/1.1" 200 1716
66.249.83.5 - - [13/Sep/2017:11:53:03 -0300] "GET /cormun/servlet/hlogin?_escaped_fragment_= HTTP/1.1" 200 1716
66.249.83.7 - - [13/Sep/2017:11:53:04 -0300] "GET /favicon.ico HTTP/1.1" 200 21630
186.79.207.82 - - [13/Sep/2017:11:53:21 -0300] "GET /cormun/servlet/renuncias?737aec6d65748df4843a8dfd19807f57ce558d4d59e88150cee227d2f8f0b8c905897206ef977c6acd683f58f72701d1,gx-no-cache=1505314440209 HTTP/1.1" 200 33
192.168.10.4 - - [13/Sep/2017:11:53:26 -0300] "POST /cormunbeta/servlet/vesendmailoutboxcab?7ac825f297c8058d753c55367e007852,11,,SendMailOutboxSeries,gx-no-cache=1505314441194 HTTP/1.1" 200 90
192.168.10.4 - - [13/Sep/2017:11:53:26 -0300] "GET /cormunbeta/servlet/hpexe_link HTTP/1.1" 200 985
192.168.10.4 - - [13/Sep/2017:11:53:26 -0300] "GET /cormunbeta/servlet/trsendmailoutboxcab HTTP/1.1" 200 7488
192.168.10.4 - - [13/Sep/2017:11:53:26 -0300] "GET /cormunbeta/static/gxcfg.js?2017913941759 HTTP/1.1" 304 -
192.168.10.4 - - [13/Sep/2017:11:53:26 -0300] "GET /cormunbeta/static/trsendmailoutboxcab.js?20179139411010 HTTP/1.1" 304 -
192.168.10.4 - - [13/Sep/2017:11:53:27 -0300] "GET /cormunbeta/servlet/trsendmailoutboxcab HTTP/1.1" 200 7487
192.168.10.4 - - [13/Sep/2017:11:53:32 -0300] "GET /cormunbeta/servlet/sendmailoutboxcab?UPD,11, HTTP/1.1" 200 7168
192.168.10.4 - - [13/Sep/2017:11:53:33 -0300] "GET /cormunbeta/servlet/sendmailoutboxcab?UPD,11, HTTP/1.1" 200 7168
186.79.207.82 - - [13/Sep/2017:11:53:39 -0300] "GET /cormun/servlet/prcontrato?18375303,,,MD,,gxPopupLevel%3D0%3B HTTP/1.1" 200 5989
192.168.10.4 - - [13/Sep/2017:11:53:40 -0300] "POST /cormunbeta/servlet/sendmailoutboxcab?7ac825f297c8058d753c55367e007852,UPD,11,,gx-no-cache=1505314455483 HTTP/1.1" 200 93
192.168.10.4 - - [13/Sep/2017:11:53:40 -0300] "GET /cormunbeta/servlet/hpexe_return? HTTP/1.1" 200 1018
192.168.10.4 - - [13/Sep/2017:11:53:40 -0300] "GET /cormunbeta/servlet/trsendmailoutboxcab HTTP/1.1" 200 7490
192.168.10.4 - - [13/Sep/2017:11:53:41 -0300] "GET /cormunbeta/servlet/trsendmailoutboxcab HTTP/1.1" 200 7487
186.79.207.82 - - [13/Sep/2017:11:53:41 -0300] "GET /cormun/static/gxcfg.js?20175251232326 HTTP/1.1" 200 953
186.79.207.82 - - [13/Sep/2017:11:53:41 -0300] "GET /cormun/static/prcontrato.js?20175251232552 HTTP/1.1" 200 13820
192.168.10.4 - - [13/Sep/2017:11:53:43 -0300] "GET /cormunbeta/servlet/vesendmailoutboxcab?11,, HTTP/1.1" 200 8334
192.168.10.4 - - [13/Sep/2017:11:53:43 -0300] "GET /cormunbeta/pexe_scrolldiv.js HTTP/1.1" 404 1017
192.168.10.4 - - [13/Sep/2017:11:53:43 -0300] "GET /cormunbeta/pexe_scrolldiv.js HTTP/1.1" 404 1017
192.168.10.4 - - [13/Sep/2017:11:53:43 -0300] "GET /cormunbeta/servlet/vesendmailoutboxcab?11,, HTTP/1.1" 200 8333
186.79.207.82 - - [13/Sep/2017:11:53:45 -0300] "GET /cormun/servlet/renuncias?737aec6d65748df4843a8dfd19807f570001251c5ee48adbabfdcbd1de339956d10db69d5e7b4dbfb73fe237048d9643,gx-no-cache=1505314464213 HTTP/1.1" 200 68
186.79.207.82 - - [13/Sep/2017:11:54:12 -0300] "POST /cormun/servlet/renuncias?304df7b2c728f6f3096be0cd3a4522cd,INS,0,,gx-no-cache=1505314490447 HTTP/1.1" 200 93
186.79.207.82 - - [13/Sep/2017:11:54:12 -0300] "GET /cormun/servlet/hpexe_return? HTTP/1.1" 200 1005
186.79.207.82 - - [13/Sep/2017:11:54:13 -0300] "GET /cormun/servlet/trrenuncias HTTP/1.1" 200 7987
186.79.207.82 - - [13/Sep/2017:11:54:14 -0300] "GET /cormun/servlet/trrenuncias HTTP/1.1" 200 7983
186.79.207.82 - - [13/Sep/2017:11:54:22 -0300] "GET /cormun/servlet/trrenunciasadjuntos?92,18375303, HTTP/1.1" 200 6106
186.79.207.82 - - [13/Sep/2017:11:54:25 -0300] "GET /cormun/static/gxcfg.js?20177612185036 HTTP/1.1" 200 953
192.168.10.4 - - [13/Sep/2017:11:54:28 -0300] "GET /cormunbeta/servlet/hlogin HTTP/1.1" 200 1750
186.79.207.82 - - [13/Sep/2017:11:54:32 -0300] "GET /cormun/static/trrenunciasadjuntos.js?20177612185280 HTTP/1.1" 200 15250
186.79.207.82 - - [13/Sep/2017:11:54:48 -0300] "GET /cormun/servlet/trrenunciasadjuntos?92,18375303, HTTP/1.1" 200 6106
186.79.207.82 - - [13/Sep/2017:11:55:01 -0300] "GET /cormun/servlet/renunciasadjuntos?INS,92,, HTTP/1.1" 200 5447
186.79.207.82 - - [13/Sep/2017:11:55:02 -0300] "GET /cormun/static/gxcfg.js?2017761273622 HTTP/1.1" 200 953
186.79.207.82 - - [13/Sep/2017:11:55:02 -0300] "GET /cormun/static/renunciasadjuntos.js?2017761273629 HTTP/1.1" 200 5937
186.79.207.82 - - [13/Sep/2017:11:55:02 -0300] "GET /cormun/static/about:blank HTTP/1.1" 404 1011
186.79.207.82 - - [13/Sep/2017:11:55:03 -0300] "GET /cormun/servlet/renunciasadjuntos?INS,92,, HTTP/1.1" 200 5433
192.168.10.4 - - [13/Sep/2017:11:55:07 -0300] "POST /cormunbeta/servlet/hlogin?7ac825f297c8058d753c55367e007852,gx-no-cache=1505314542170 HTTP/1.1" 200 461
192.168.10.4 - - [13/Sep/2017:11:55:13 -0300] "POST /cormunbeta/servlet/hlogin?7ac825f297c8058d753c55367e007852,gx-no-cache=1505314549032 HTTP/1.1" 200 461
192.168.10.4 - - [13/Sep/2017:11:55:28 -0300] "GET /cormun/servlet/hlogin HTTP/1.1" 200 1720
192.168.10.4 - - [13/Sep/2017:11:55:28 -0300] "GET /cormun/static/gxcfg.js?20175251213516 HTTP/1.1" 200 953
192.168.10.4 - - [13/Sep/2017:11:55:28 -0300] "GET /cormun/static/gxtimezone.js?85251 HTTP/1.1" 200 5781
192.168.10.4 - - [13/Sep/2017:11:55:28 -0300] "GET /cormun/static/Resources/Spanish/PXTools.css?11423723 HTTP/1.1" 200 89042
192.168.10.4 - - [13/Sep/2017:11:55:28 -0300] "GET /cormun/static/messages.spa.js?85251 HTTP/1.1" 200 30736
192.168.10.4 - - [13/Sep/2017:11:55:28 -0300] "GET /cormun/static/hlogin.js?20175251213537 HTTP/1.1" 200 2136
192.168.10.4 - - [13/Sep/2017:11:55:28 -0300] "GET /cormun/static/gxgral.js?85251 HTTP/1.1" 200 384558
192.168.10.4 - - [13/Sep/2017:11:55:28 -0300] "GET /cormun/static/Resources/ComunLogin.png HTTP/1.1" 200 17326
192.168.10.4 - - [13/Sep/2017:11:55:28 -0300] "GET /cormun/static/Resources/PXToolsLoginTop.png HTTP/1.1" 200 1337
192.168.10.4 - - [13/Sep/2017:11:55:28 -0300] "GET /cormun/static/Resources/PXToolsLoginBackground.png HTTP/1.1" 200 1164
192.168.10.4 - - [13/Sep/2017:11:55:28 -0300] "GET /cormun/static/Resources/PXToolsButtonRight21.png HTTP/1.1" 200 1283
192.168.10.4 - - [13/Sep/2017:11:55:28 -0300] "GET /cormun/static/Resources/PXToolsButtonBackground2.png HTTP/1.1" 200 1181
192.168.10.4 - - [13/Sep/2017:11:55:28 -0300] "GET /cormun/static/Resources/PXToolsButtonLeft21.png HTTP/1.1" 200 1287
192.168.10.4 - - [13/Sep/2017:11:55:28 -0300] "GET /cormun/static/Resources/PXToolsLoginBottom.png HTTP/1.1" 200 1389
192.168.10.4 - - [13/Sep/2017:11:55:28 -0300] "GET /cormun/static/Resources/indicator.gif HTTP/1.1" 200 1553
192.168.10.4 - - [13/Sep/2017:11:55:28 -0300] "GET /cormun/servlet/hlogin HTTP/1.1" 200 1730
186.79.207.82 - - [13/Sep/2017:11:55:32 -0300] "POST /cormun/servlet/renunciasadjuntos?304df7b2c728f6f3096be0cd3a4522cd,INS,92,, HTTP/1.1" 200 116
186.79.207.82 - - [13/Sep/2017:11:55:32 -0300] "GET /cormun/servlet/hpexe_return? HTTP/1.1" 200 1024
186.79.207.82 - - [13/Sep/2017:11:55:32 -0300] "GET /cormun/servlet/trrenunciasadjuntos?92,18375303, HTTP/1.1" 200 6537
186.79.207.82 - - [13/Sep/2017:11:55:34 -0300] "GET /cormun/servlet/trrenunciasadjuntos?92,18375303, HTTP/1.1" 200 6532
192.168.10.4 - - [13/Sep/2017:11:55:36 -0300] "POST /cormun/servlet/hlogin?d30ff55368ccb9276b44e67568ad6a81,gx-no-cache=1505314571855 HTTP/1.1" 200 442
186.79.207.82 - - [13/Sep/2017:11:55:37 -0300] "POST /cormun/servlet/trrenunciasadjuntos?304df7b2c728f6f3096be0cd3a4522cd,92,18375303,,gx-no-cache=1505314575814 HTTP/1.1" 200 90
186.79.207.82 - - [13/Sep/2017:11:55:37 -0300] "GET /cormun/servlet/hpexe_link HTTP/1.1" 200 972
