186.103.158.250 - - [12/Sep/2017:08:52:11 -0300] "GET /cormun/static/Shared/jqueryui/images/ui-icons_82798d_256x240.png HTTP/1.1" 404 1089
186.103.158.250 - - [12/Sep/2017:08:52:11 -0300] "GET /cormun/static/Shared/jqueryui/images/ui-bg_flat_55_fafafa_40x100.png HTTP/1.1" 404 1097
186.103.158.250 - - [12/Sep/2017:08:52:11 -0300] "GET /cormun/static/Shared/jqueryui/images/ui-icons_8d78a5_256x240.png HTTP/1.1" 404 1089
186.103.158.250 - - [12/Sep/2017:08:52:12 -0300] "POST /cormun/servlet/trsolicitudot?af0ff496170b5057a84614bb5b6a6be9,gx-no-cache=1505220003430,gx-no-cache=1505220904268 HTTP/1.1" 200 6564
192.168.10.89 - - [12/Sep/2017:08:52:15 -0300] "POST /cormun/servlet/trsolicitudgral?a8f3c1d4c67e96e207062929202a9fa1,,gx-no-cache=1505217097254 HTTP/1.1" 200 7099
192.168.10.89 - - [12/Sep/2017:08:52:16 -0300] "POST /cormun/servlet/trsolicitudgral?a8f3c1d4c67e96e207062929202a9fa1,,gx-no-cache=1505217098584 HTTP/1.1" 200 7099
186.103.158.250 - - [12/Sep/2017:08:52:36 -0300] "GET /cormun/servlet/trvisualizadoreventos? HTTP/1.1" 200 6821
186.103.158.250 - - [12/Sep/2017:08:52:36 -0300] "GET /cormun/static/gxcfg.js?20175251251426 HTTP/1.1" 304 -
186.103.158.250 - - [12/Sep/2017:08:52:37 -0300] "GET /cormun/servlet/trvisualizadoreventos? HTTP/1.1" 200 6801
186.103.158.250 - - [12/Sep/2017:08:52:45 -0300] "GET /cormun/servlet/trautorizarsolicitud? HTTP/1.1" 200 8191
186.103.158.250 - - [12/Sep/2017:08:52:46 -0300] "GET /cormun/servlet/trautorizarsolicitud? HTTP/1.1" 200 8191
190.45.55.254 - - [12/Sep/2017:08:52:49 -0300] "GET /cormun/servlet/trlicencias? HTTP/1.1" 200 8712
190.45.55.254 - - [12/Sep/2017:08:52:50 -0300] "GET /cormun/servlet/trlicencias? HTTP/1.1" 200 8692
186.103.158.250 - - [12/Sep/2017:08:52:54 -0300] "POST /cormun/servlet/trautorizarsolicitud?af0ff496170b5057a84614bb5b6a6be9,,gx-no-cache=1505220946337 HTTP/1.1" 200 4364
186.103.158.250 - - [12/Sep/2017:08:52:54 -0300] "GET /cormun/static/Shared/jqueryui/images/ui-bg_highlight-soft_100_c6c2c8_1x100.png HTTP/1.1" 404 1117
186.103.158.250 - - [12/Sep/2017:08:52:54 -0300] "GET /cormun/static/Shared/jqueryui/images/ui-icons_82798d_256x240.png HTTP/1.1" 404 1089
186.103.158.250 - - [12/Sep/2017:08:52:54 -0300] "GET /cormun/static/Shared/jqueryui/images/ui-bg_flat_55_fafafa_40x100.png HTTP/1.1" 404 1097
186.103.158.250 - - [12/Sep/2017:08:52:54 -0300] "GET /cormun/static/Shared/jqueryui/images/ui-icons_8d78a5_256x240.png HTTP/1.1" 404 1089
190.45.55.254 - - [12/Sep/2017:08:52:54 -0300] "POST /cormun/servlet/trlicencias?cce5223a915043e948461e70474401d6,,gx-no-cache=1505217211584 HTTP/1.1" 200 11415
186.103.158.250 - - [12/Sep/2017:08:52:54 -0300] "POST /cormun/servlet/trautorizarsolicitud?af0ff496170b5057a84614bb5b6a6be9,,gx-no-cache=1505220946913 HTTP/1.1" 200 4153
192.168.10.89 - - [12/Sep/2017:08:52:57 -0300] "POST /cormun/servlet/trsolicitudgral?a8f3c1d4c67e96e207062929202a9fa1,,gx-no-cache=1505217139543 HTTP/1.1" 200 7561
192.168.10.89 - - [12/Sep/2017:08:53:06 -0300] "GET /cormun/servlet/solicitudgral?UPD,2017,7387, HTTP/1.1" 200 12582
192.168.10.89 - - [12/Sep/2017:08:53:08 -0300] "POST /cormun/servlet/solicitudgral?gx-no-cache=1505217150150 HTTP/1.1" 200 3188
192.168.10.89 - - [12/Sep/2017:08:53:08 -0300] "GET /cormun/servlet/solicitudgral?cc6496638e292d2c917df08e190033a1df133dc5a16d6d7d1112d860b9b34948ca8a45cdafb334e33a2044ef20742cfbfcc60218c9252fe19304a88c52b216672b76fc40b54664ff1b05ff18bcd0cf689db3fb0711119dd868caa4f9d85b97250f171cfe52aae13db71373c20113533487103a4c8a1fb0397a6e1b4d382b4ed62c05668834dfe6502fd85f87921ec846141d7e0081e0617873839d76deda0b41241d3c91fbe96052146ba35df9e47620f9f454c07b69a81fcb193c481b9c5d522f568bb52fdc1b75e72348e8834ba756ff08249b9933806e3aef61e563503db90141d9056c4981206177fa290daf43284370620fe8c412f75221a89ea578587ead23574c3c614dcd945ea6c6c4d6696f9b3b354fc21d9b91dc46aa7f7c8e00913903a835544caf2b8accdeaa3fcc35bb4f3953e088cab01e950e4aa776f354e16b566af4cd2a36aac56df7105870f197,gx-no-cache=1505217150447 HTTP/1.1" 200 298
192.168.10.89 - - [12/Sep/2017:08:53:10 -0300] "GET /cormun/servlet/solicitudgral?cc6496638e292d2c917df08e190033a1f589c5bee0b385ac54300eabdc91eafb579780f33f1670d4ed9984a7a325d6ebd0c1d336a8dd8b3cbf4158b80b10153c66923f5206f0b5729380101eb5235a7c132bf5200d5d563fae830f9e1f4a861c655972910728871b8e0db6bbf87ab7cedee186b1bec20a682223528bb9a7912a598a783af164e19beca4cb222e0373fd747b27008e4d72396397ea915169d7e2b695d0f7d5743b852c77b54a913b8e641a775d21e84ab580f5ff68bec215d47a8d1347cdef8e664afaa673bba482817929f7daa7f1d6fe8a46843b73fa8fe0b0544b5cdc95c0b63cf069e03347d0dee079b170429ad29b275ec310b26d399a385078e41286ff7fd6314e66c7b015b3aca27c9c9cb2e46b687c0f763d8ef3409b7a3190b9333b7b791a3c64c2dae4b7b4bbb7baedcc35b807b85711691a908dd4d242a936e3855eebb086b8a11d47a98d2fba58e0d0069719fc5df221a2ac7be761ae85c2dfe079b21a6b583f300e69d51b871f4fc8b7e999ae311ae942a4221d35826a715309567e480cd3b69be39fea823b22ff11059fd1789abce32a2c6015b09a14fefd95bfe3359e587090719644c19c2479812b77a635d49090b5f6618b96333c54448370b335040bc58430efac388b344cf2d60fcc31c527c1af7b303288a40de9750813279935a74078192e99de0713f35c1dc04cc38a0c79c96268728c6927e81e2b309da1dcad374fe9dc38bbf4f1110ca2c5ebf5096ea349d32277b4137d0001a01544a78ca06f2fb5682c,gx-no-cache=1505217152622 HTTP/1.1" 200 48
192.168.10.89 - - [12/Sep/2017:08:53:12 -0300] "GET /cormun/servlet/solicitudgral?cc6496638e292d2c917df08e190033a1f589c5bee0b385ac54300eabdc91eafb4cb6fae221018e4836050e44d14f6617df0c4e6742558bb625552057743e5461e9ebc04d6cbd21359526471c970a856146ba12cd2a0f52746cc5f535831455678d7661c9e362017d616ec72659595b7a4ed3e62968e9fa50be43ef69963e1afbda6ca47a0688dbff6ab3eec26dfba7016fb21af61790e36e797b24bf418ce29fee86afd37a2c723321c91b0459e03c1f28aa689fb4abc3f6c2aba1874ee54d302eed2a0714ab7470a1ff575f061cb061b0f884a63ec70e7cfef92c9af143fc689cc7677de2c96f8847d5e00eb7910fdd535da7929ce1c3511ce37e9d9f891b2dcff44186aad97d94b42e79bde5dc84af17bfbefe3704b6df25525709c8e060806401eced22afdd4ec718cfc4509966324e04ca2a7f584a203fccad7c136bea67586ffc731821cb5ac916ff2e2a82bba0acfe7ab472f34d708b7c7edd296e18888bd05c29e5cd7eda835a91b1a1b13bcddc7c80bd3b0d2dac114986f8ecf0cdb1d0bc8b4018f285911cf2c983fbbd5363721fef1024a7747e71f33990834181efc19c2479812b77a635d49090b5f6618ba6554bd1f51cdf9a08addb1fbe45208f717ef09839dfcb9dd7c007d88d164e5c618f6c66415168d2eff59e41d9992e9b2ed628b661683eca0ac58978c30d90a1721fef1024a7747e71f33990834181efceac85bf98446f418a18985b7c8e24d74bd1636934392992a1c9d4d4137b733f0a556e2a482dfa7e066eaabe2e5d82ff95d8c293b87935bed568ecf003e88ea6e0aa824bc20b20290afcd59e3f938b04,gx-no-cache=1505217155202 HTTP/1.1" 200 48
192.168.10.89 - - [12/Sep/2017:08:53:14 -0300] "POST /cormun/servlet/solicitudgral?a8f3c1d4c67e96e207062929202a9fa1,UPD,2017,7387,,gx-no-cache=1505217156819 HTTP/1.1" 200 10922
192.168.10.89 - - [12/Sep/2017:08:53:14 -0300] "GET /cormun/servlet/solicitudgral?cc6496638e292d2c917df08e190033a171c8338527703c5c972772388f7aee2315d837d1ee4384ba93ee234c709a79f1902033373ce26e6bf34bb7d6b6a14506799ef8318404635ec1c52ff2c9a106c4c003e6172a84ba450617252007c0d7c7fefc621ebefaba3302b5063893576b9a,gx-no-cache=1505217157081 HTTP/1.1" 200 29
192.168.10.89 - - [12/Sep/2017:08:53:14 -0300] "POST /cormun/servlet/solicitudgral?gx-no-cache=1505217157110 HTTP/1.1" 200 1310
192.168.10.89 - - [12/Sep/2017:08:53:14 -0300] "POST /cormun/servlet/solicitudgral?gx-no-cache=1505217157154 HTTP/1.1" 200 1216
192.168.10.89 - - [12/Sep/2017:08:53:34 -0300] "POST /cormun/servlet/solicitudgral?a8f3c1d4c67e96e207062929202a9fa1,UPD,2017,7387,,gx-no-cache=1505217176207 HTTP/1.1" 200 93
192.168.10.89 - - [12/Sep/2017:08:53:34 -0300] "GET /cormun/servlet/hpexe_return? HTTP/1.1" 200 1013
192.168.10.89 - - [12/Sep/2017:08:53:34 -0300] "GET /cormun/servlet/trsolicitudgral? HTTP/1.1" 200 10948
200.120.230.130 - - [12/Sep/2017:08:54:01 -0300] "GET /cormun/servlet/trlicenciaspermisosadjuntos?16250701,20170912000000,L, HTTP/1.1" 200 6217
200.120.230.130 - - [12/Sep/2017:08:54:02 -0300] "GET /cormun/servlet/trlicenciaspermisosadjuntos?16250701,20170912000000,L, HTTP/1.1" 200 6218
200.120.230.130 - - [12/Sep/2017:08:54:08 -0300] "GET /cormun/servlet/licenciaspermisosadjuntos?INS,16250701,L,20170912000000,, HTTP/1.1" 200 5515
200.120.230.130 - - [12/Sep/2017:08:54:08 -0300] "GET /cormun/static/about:blank HTTP/1.1" 404 1011
200.120.230.130 - - [12/Sep/2017:08:54:09 -0300] "GET /cormun/servlet/licenciaspermisosadjuntos?INS,16250701,L,20170912000000,, HTTP/1.1" 200 5504
192.168.10.89 - - [12/Sep/2017:08:54:15 -0300] "GET /cormun/servlet/hlogin HTTP/1.1" 200 1742
186.103.159.204 - - [12/Sep/2017:08:54:17 -0300] "GET /cormun/servlet/hpexe_link HTTP/1.1" 200 941
186.103.159.204 - - [12/Sep/2017:08:54:17 -0300] "GET /cormun/static/gxtimezone.js?85251 HTTP/1.1" 200 5781
186.103.159.204 - - [12/Sep/2017:08:54:17 -0300] "GET /cormun/static/gxcfg.js?20177612121792 HTTP/1.1" 200 953
186.103.159.204 - - [12/Sep/2017:08:54:17 -0300] "GET /cormun/static/hpexe_link.js?20177612121795 HTTP/1.1" 200 625
186.103.159.204 - - [12/Sep/2017:08:54:17 -0300] "GET /cormun/static/Resources/Spanish/PXTools.css?1155365 HTTP/1.1" 200 89042
186.103.159.204 - - [12/Sep/2017:08:54:17 -0300] "GET /cormun/static/messages.spa.js?85251 HTTP/1.1" 200 30736
186.103.159.204 - - [12/Sep/2017:08:54:18 -0300] "GET /cormun/static/gxgral.js?85251 HTTP/1.1" 200 384558
200.120.230.130 - - [12/Sep/2017:08:54:24 -0300] "GET /cormun/servlet/trlicencias? HTTP/1.1" 200 10315
200.120.230.130 - - [12/Sep/2017:08:54:25 -0300] "GET /cormun/servlet/trlicencias? HTTP/1.1" 200 10306
200.120.230.130 - - [12/Sep/2017:08:54:38 -0300] "POST /cormun/servlet/trlicencias?c35ebcc0a28cc61a6eb52bfef8512ee2,,gx-no-cache=1505218276548 HTTP/1.1" 200 7754
200.120.230.130 - - [12/Sep/2017:08:54:38 -0300] "GET /cormun/static/Shared/jqueryui/images/ui-bg_highlight-soft_100_c6c2c8_1x100.png HTTP/1.1" 404 1117
200.120.230.130 - - [12/Sep/2017:08:54:38 -0300] "GET /cormun/static/Shared/jqueryui/images/ui-icons_82798d_256x240.png HTTP/1.1" 404 1089
200.120.230.130 - - [12/Sep/2017:08:54:38 -0300] "GET /cormun/static/Shared/jqueryui/images/ui-bg_flat_55_fafafa_40x100.png HTTP/1.1" 404 1097
200.120.230.130 - - [12/Sep/2017:08:54:38 -0300] "GET /cormun/static/Shared/jqueryui/images/ui-icons_8d78a5_256x240.png HTTP/1.1" 404 1089
200.120.230.130 - - [12/Sep/2017:08:54:50 -0300] "GET /cormun/servlet/trlicenciaspermisosadjuntos?16250701,20170912000000,L, HTTP/1.1" 200 6217
200.120.230.130 - - [12/Sep/2017:08:54:50 -0300] "GET /cormun/servlet/trlicenciaspermisosadjuntos?16250701,20170912000000,L, HTTP/1.1" 200 6218
200.120.230.130 - - [12/Sep/2017:08:54:54 -0300] "GET /cormun/servlet/licenciaspermisosadjuntos?INS,16250701,L,20170912000000,, HTTP/1.1" 200 5515
200.120.230.130 - - [12/Sep/2017:08:54:54 -0300] "GET /cormun/static/about:blank HTTP/1.1" 404 1011
200.120.230.130 - - [12/Sep/2017:08:54:54 -0300] "GET /cormun/servlet/licenciaspermisosadjuntos?INS,16250701,L,20170912000000,, HTTP/1.1" 200 5504
200.120.230.130 - - [12/Sep/2017:08:55:04 -0300] "POST /cormun/servlet/licenciaspermisosadjuntos?c35ebcc0a28cc61a6eb52bfef8512ee2,INS,16250701,L,20170912000000,, HTTP/1.1" 200 116
200.120.230.130 - - [12/Sep/2017:08:55:04 -0300] "GET /cormun/servlet/hpexe_return? HTTP/1.1" 200 1038
200.120.230.130 - - [12/Sep/2017:08:55:05 -0300] "GET /cormun/servlet/trlicenciaspermisosadjuntos?16250701,20170912000000,L, HTTP/1.1" 200 6707
200.120.230.130 - - [12/Sep/2017:08:55:05 -0300] "GET /cormun/servlet/trlicenciaspermisosadjuntos?16250701,20170912000000,L, HTTP/1.1" 200 6704
200.120.230.130 - - [12/Sep/2017:08:55:06 -0300] "GET /cormun/PublicTempStorage/20170912_083505licencia_m.jose_426330619.jpg HTTP/1.1" 200 968486
200.120.230.130 - - [12/Sep/2017:08:55:29 -0300] "GET /cormun/servlet/licenciaspermisosadjuntos?INS,16250701,L,20170912000000,, HTTP/1.1" 200 5515
200.120.230.130 - - [12/Sep/2017:08:55:30 -0300] "GET /cormun/servlet/licenciaspermisosadjuntos?INS,16250701,L,20170912000000,, HTTP/1.1" 200 5504
200.120.230.130 - - [12/Sep/2017:08:55:31 -0300] "GET /cormun/servlet/trlicenciaspermisosadjuntos?16250701,20170912000000,L, HTTP/1.1" 200 6703
200.120.230.130 - - [12/Sep/2017:08:55:32 -0300] "GET /cormun/servlet/trlicenciaspermisosadjuntos?16250701,20170912000000,L, HTTP/1.1" 200 6704
200.120.230.130 - - [12/Sep/2017:08:55:32 -0300] "GET /cormun/PublicTempStorage/20170912_083505licencia_m.jose_422040942.jpg HTTP/1.1" 200 968486
200.120.230.130 - - [12/Sep/2017:08:55:33 -0300] "GET /cormun/servlet/trlicencias? HTTP/1.1" 200 10315
200.120.230.130 - - [12/Sep/2017:08:55:34 -0300] "GET /cormun/servlet/trlicencias? HTTP/1.1" 200 10306
200.120.230.130 - - [12/Sep/2017:08:55:54 -0300] "POST /cormun/servlet/trlicencias?c35ebcc0a28cc61a6eb52bfef8512ee2,,gx-no-cache=1505218352947 HTTP/1.1" 200 7662
200.120.230.130 - - [12/Sep/2017:08:55:55 -0300] "GET /cormun/static/Shared/jqueryui/images/ui-bg_highlight-soft_100_c6c2c8_1x100.png HTTP/1.1" 404 1117
200.120.230.130 - - [12/Sep/2017:08:55:55 -0300] "GET /cormun/static/Shared/jqueryui/images/ui-icons_82798d_256x240.png HTTP/1.1" 404 1089
200.120.230.130 - - [12/Sep/2017:08:55:55 -0300] "GET /cormun/static/Shared/jqueryui/images/ui-bg_flat_55_fafafa_40x100.png HTTP/1.1" 404 1097
200.120.230.130 - - [12/Sep/2017:08:55:55 -0300] "GET /cormun/static/Shared/jqueryui/images/ui-icons_8d78a5_256x240.png HTTP/1.1" 404 1089
186.67.172.234 - - [12/Sep/2017:08:56:07 -0300] "GET /cormun/servlet/trautorizarsolicitud? HTTP/1.1" 200 6073
186.67.172.234 - - [12/Sep/2017:08:56:07 -0300] "GET /cormun/servlet/hlogin HTTP/1.1" 200 1742
186.67.172.234 - - [12/Sep/2017:08:56:07 -0300] "GET /cormun/servlet/trautorizarsolicitud? HTTP/1.1" 200 6083
190.45.55.254 - - [12/Sep/2017:08:56:42 -0300] "GET /cormun/servlet/trfichaempleado? HTTP/1.1" 200 14940
186.67.172.234 - - [12/Sep/2017:08:56:49 -0300] "POST /cormun/servlet/hlogin?866fe9b3e8be4badb8f767fedfb24820,gx-no-cache=1505217444300 HTTP/1.1" 200 90
186.67.172.234 - - [12/Sep/2017:08:56:49 -0300] "GET /cormun/servlet/hpexe_link HTTP/1.1" 200 960
186.67.172.234 - - [12/Sep/2017:08:56:49 -0300] "GET /cormun/static/gxcfg.js?20177612121792 HTTP/1.1" 200 953
186.67.172.234 - - [12/Sep/2017:08:56:49 -0300] "GET /cormun/static/hpexe_link.js?20177612121795 HTTP/1.1" 200 625
186.67.172.234 - - [12/Sep/2017:08:56:49 -0300] "GET /cormun/static/Resources/Spanish/PXTools.css?1155365 HTTP/1.1" 200 89042
186.67.172.234 - - [12/Sep/2017:08:56:49 -0300] "GET /cormun/servlet/trautorizarsolicitud HTTP/1.1" 200 6855
186.67.172.234 - - [12/Sep/2017:08:56:50 -0300] "GET /cormun/static/SmoothNavMenu/resources/images/down.gif HTTP/1.1" 200 854
186.67.172.234 - - [12/Sep/2017:08:56:50 -0300] "GET /cormun/static/SmoothNavMenu/resources/images/right.gif HTTP/1.1" 200 860
186.67.172.234 - - [12/Sep/2017:08:56:50 -0300] "GET /cormun/servlet/trautorizarsolicitud HTTP/1.1" 200 6853
186.67.172.234 - - [12/Sep/2017:08:57:06 -0300] "GET /cormun/servlet/trcontratosolicitud? HTTP/1.1" 200 14200
186.67.172.234 - - [12/Sep/2017:08:57:06 -0300] "GET /cormun/static/gxcfg.js?20177612214014 HTTP/1.1" 200 953
186.67.172.234 - - [12/Sep/2017:08:57:06 -0300] "GET /cormun/static/trcontratosolicitud.js?20177612214349 HTTP/1.1" 200 28237
186.67.172.234 - - [12/Sep/2017:08:57:07 -0300] "GET /cormun//static/Resources/PXToolsGridNew.png HTTP/1.1" 200 2949
186.67.172.234 - - [12/Sep/2017:08:57:07 -0300] "GET /cormun//static/Resources/PXToolsActionDisabled.gif HTTP/1.1" 200 53
186.67.172.234 - - [12/Sep/2017:08:57:07 -0300] "GET /cormun/servlet/trcontratosolicitud? HTTP/1.1" 200 14195
190.45.55.254 - - [12/Sep/2017:08:57:24 -0300] "GET /cormun/servlet/trvisualizadoreventos? HTTP/1.1" 200 6930
190.45.55.254 - - [12/Sep/2017:08:57:24 -0300] "GET /cormun/static/gxcfg.js?20175251251426 HTTP/1.1" 304 -
190.45.55.254 - - [12/Sep/2017:08:57:24 -0300] "GET /cormun/servlet/trvisualizadoreventos? HTTP/1.1" 200 6930
190.45.55.254 - - [12/Sep/2017:08:57:27 -0300] "GET /cormun/servlet/trcontratounov2? HTTP/1.1" 200 17357
190.45.55.254 - - [12/Sep/2017:08:57:27 -0300] "GET /cormun/static/gxcfg.js?201752512124396 HTTP/1.1" 304 -
190.45.55.254 - - [12/Sep/2017:08:57:28 -0300] "GET /cormun/servlet/trcontratounov2? HTTP/1.1" 200 17352
186.103.159.189 - - [12/Sep/2017:08:58:21 -0300] "GET /cormun/servlet/hlogin HTTP/1.1" 200 1720
186.103.159.189 - - [12/Sep/2017:08:58:33 -0300] "POST /cormun/servlet/hlogin?6a97481cb9ced62d95c4e09a9acd8879,gx-no-cache=1505217545049 HTTP/1.1" 200 90
186.103.159.189 - - [12/Sep/2017:08:58:33 -0300] "GET /cormun/servlet/hpexe_link HTTP/1.1" 200 949
186.103.159.189 - - [12/Sep/2017:08:58:33 -0300] "GET /cormun/servlet/hhome HTTP/1.1" 200 3854
186.103.159.189 - - [12/Sep/2017:08:58:35 -0300] "GET /cormun/servlet/hhome HTTP/1.1" 200 3851
186.103.159.189 - - [12/Sep/2017:08:58:39 -0300] "GET /cormun/servlet/trlicencias? HTTP/1.1" 200 9177
186.103.159.189 - - [12/Sep/2017:08:58:40 -0300] "GET /cormun/servlet/trlicencias? HTTP/1.1" 200 9175
186.103.159.189 - - [12/Sep/2017:08:58:48 -0300] "GET /cormun/servlet/trpermisosgoce? HTTP/1.1" 200 11069
186.103.159.189 - - [12/Sep/2017:08:58:48 -0300] "GET /cormun/static/gxcfg.js?20177612163875 HTTP/1.1" 304 -
186.103.159.189 - - [12/Sep/2017:08:58:49 -0300] "GET /cormun/servlet/trpermisosgoce? HTTP/1.1" 200 11056
186.67.172.234 - - [12/Sep/2017:08:59:10 -0300] "POST /cormun/servlet/trcontratosolicitud?866fe9b3e8be4badb8f767fedfb24820,,gx-no-cache=1505217584766 HTTP/1.1" 200 11981
186.67.172.234 - - [12/Sep/2017:08:59:10 -0300] "GET /cormun/static/Resources/PXToolsGridPrevious.gif HTTP/1.1" 200 369
186.67.172.234 - - [12/Sep/2017:08:59:10 -0300] "GET /cormun/static/Resources/PXToolsGridLast.gif HTTP/1.1" 200 370
186.67.172.234 - - [12/Sep/2017:08:59:10 -0300] "GET /cormun/static/Resources/PXToolsGridFirst.gif HTTP/1.1" 200 379
186.67.172.234 - - [12/Sep/2017:08:59:10 -0300] "GET /cormun/static/Resources/PXToolsGridNext.gif HTTP/1.1" 200 369
186.67.172.234 - - [12/Sep/2017:08:59:21 -0300] "POST /cormun/servlet/trcontratosolicitud?866fe9b3e8be4badb8f767fedfb24820,,gx-no-cache=1505217595955 HTTP/1.1" 200 11872
186.103.159.189 - - [12/Sep/2017:08:59:53 -0300] "GET /cormun/servlet/trlicencias? HTTP/1.1" 200 9176
186.103.159.189 - - [12/Sep/2017:08:59:55 -0300] "GET /cormun/servlet/trlicencias? HTTP/1.1" 200 9175
186.67.172.234 - - [12/Sep/2017:09:00:01 -0300] "POST /cormun/servlet/trcontratosolicitud?866fe9b3e8be4badb8f767fedfb24820,,gx-no-cache=1505217635973 HTTP/1.1" 200 5290
190.45.55.254 - - [12/Sep/2017:09:00:14 -0300] "GET /cormun/servlet/trcontratoobservaciondir? HTTP/1.1" 200 9991
190.45.55.254 - - [12/Sep/2017:09:00:14 -0300] "GET /cormun/static/gxcfg.js?20175251262281 HTTP/1.1" 304 -
190.45.55.254 - - [12/Sep/2017:09:00:14 -0300] "GET /cormun/static/trcontratoobservaciondir.js?20175251262715 HTTP/1.1" 304 -
190.45.55.254 - - [12/Sep/2017:09:00:15 -0300] "GET /cormun/servlet/trcontratoobservaciondir? HTTP/1.1" 200 9991
186.67.172.234 - - [12/Sep/2017:09:00:58 -0300] "POST /cormun/servlet/trcontratosolicitud?866fe9b3e8be4badb8f767fedfb24820,,gx-no-cache=1505217692115 HTTP/1.1" 200 4037
190.45.55.254 - - [12/Sep/2017:09:01:09 -0300] "GET /cormun/servlet/trcontratoobservaciondir? HTTP/1.1" 200 9991
190.45.55.254 - - [12/Sep/2017:09:01:10 -0300] "GET /cormun/servlet/trcontratoobservaciondir? HTTP/1.1" 200 9991
190.45.55.254 - - [12/Sep/2017:09:01:18 -0300] "POST /cormun/servlet/trcontratoobservaciondir?cce5223a915043e948461e70474401d6,,gx-no-cache=1505217715048 HTTP/1.1" 200 3848
190.45.55.254 - - [12/Sep/2017:09:01:26 -0300] "GET /cormun/servlet/trcontratounov2? HTTP/1.1" 200 17371
190.45.55.254 - - [12/Sep/2017:09:01:26 -0300] "GET /cormun/servlet/trcontratounov2? HTTP/1.1" 200 17369
190.45.55.254 - - [12/Sep/2017:09:01:33 -0300] "POST /cormun/servlet/trcontratounov2?cce5223a915043e948461e70474401d6,,gx-no-cache=1505217729855 HTTP/1.1" 200 7025
186.67.172.234 - - [12/Sep/2017:09:01:33 -0300] "POST /cormun/servlet/trcontratosolicitud?866fe9b3e8be4badb8f767fedfb24820,,gx-no-cache=1505217728330 HTTP/1.1" 200 4042
186.67.172.234 - - [12/Sep/2017:09:01:37 -0300] "POST /cormun/servlet/trcontratosolicitud?866fe9b3e8be4badb8f767fedfb24820,,gx-no-cache=1505217731466 HTTP/1.1" 200 4042
186.67.172.234 - - [12/Sep/2017:09:01:40 -0300] "POST /cormun/servlet/trcontratosolicitud?866fe9b3e8be4badb8f767fedfb24820,,gx-no-cache=1505217735090 HTTP/1.1" 200 4042
186.67.172.234 - - [12/Sep/2017:09:01:47 -0300] "POST /cormun/servlet/trcontratosolicitud?866fe9b3e8be4badb8f767fedfb24820,,gx-no-cache=1505217742698 HTTP/1.1" 200 4042
186.67.172.234 - - [12/Sep/2017:09:01:52 -0300] "POST /cormun/servlet/trcontratosolicitud?866fe9b3e8be4badb8f767fedfb24820,,gx-no-cache=1505217747210 HTTP/1.1" 200 4042
190.45.55.254 - - [12/Sep/2017:09:01:52 -0300] "POST /cormun/servlet/trcontratounov2?cce5223a915043e948461e70474401d6,,gx-no-cache=1505217749811 HTTP/1.1" 200 5904
186.67.172.234 - - [12/Sep/2017:09:01:53 -0300] "POST /cormun/servlet/trcontratosolicitud?866fe9b3e8be4badb8f767fedfb24820,,gx-no-cache=1505217747698 HTTP/1.1" 200 4042
192.168.10.62 - - [12/Sep/2017:09:01:55 -0300] "GET /cormun/servlet/hlogin HTTP/1.1" 200 1717
192.168.10.62 - - [12/Sep/2017:09:02:07 -0300] "POST /cormun/servlet/hlogin?38183f0825e5f695903d76ecdbbc968e,gx-no-cache=1505217690337 HTTP/1.1" 200 90
192.168.10.62 - - [12/Sep/2017:09:02:07 -0300] "GET /cormun/servlet/hpexe_link HTTP/1.1" 200 949
192.168.10.62 - - [12/Sep/2017:09:02:07 -0300] "GET /cormun/servlet/hhome HTTP/1.1" 200 3804
186.67.172.234 - - [12/Sep/2017:09:02:07 -0300] "POST /cormun/servlet/trcontratosolicitud?866fe9b3e8be4badb8f767fedfb24820,,gx-no-cache=1505217762626 HTTP/1.1" 200 4041
192.168.10.62 - - [12/Sep/2017:09:02:08 -0300] "GET /cormun/servlet/hhome HTTP/1.1" 200 3800
186.67.172.234 - - [12/Sep/2017:09:02:08 -0300] "POST /cormun/servlet/trcontratosolicitud?866fe9b3e8be4badb8f767fedfb24820,,gx-no-cache=1505217763658 HTTP/1.1" 200 4043
192.168.10.62 - - [12/Sep/2017:09:02:11 -0300] "GET /cormun/servlet/trsolicitudgral? HTTP/1.1" 200 15871
192.168.10.62 - - [12/Sep/2017:09:02:11 -0300] "GET /cormun/servlet/trsolicitudgral? HTTP/1.1" 200 15869
186.67.172.234 - - [12/Sep/2017:09:02:12 -0300] "GET /cormun/servlet/trcontratosolicitud? HTTP/1.1" 200 6652
186.67.172.234 - - [12/Sep/2017:09:02:12 -0300] "GET /cormun/servlet/trcontratosolicitud? HTTP/1.1" 200 6652
192.168.10.62 - - [12/Sep/2017:09:02:18 -0300] "GET /cormun/servlet/trconsultaempleado? HTTP/1.1" 200 9497
192.168.10.62 - - [12/Sep/2017:09:02:19 -0300] "GET /cormun/servlet/trconsultaempleado? HTTP/1.1" 200 9497
186.67.172.234 - - [12/Sep/2017:09:02:26 -0300] "POST /cormun/servlet/trcontratosolicitud?866fe9b3e8be4badb8f767fedfb24820,,gx-no-cache=1505217781469 HTTP/1.1" 200 11841
186.103.159.189 - - [12/Sep/2017:09:02:41 -0300] "GET /cormun/servlet/trpermisosgoce? HTTP/1.1" 200 11069
186.67.172.234 - - [12/Sep/2017:09:02:42 -0300] "POST /cormun/servlet/trcontratosolicitud?866fe9b3e8be4badb8f767fedfb24820,,gx-no-cache=1505217796643 HTTP/1.1" 200 12280
186.103.159.189 - - [12/Sep/2017:09:02:42 -0300] "GET /cormun/servlet/trpermisosgoce? HTTP/1.1" 200 11054
186.67.172.234 - - [12/Sep/2017:09:02:44 -0300] "POST /cormun/servlet/trcontratosolicitud?866fe9b3e8be4badb8f767fedfb24820,,gx-no-cache=1505217799258 HTTP/1.1" 200 11856
186.67.172.234 - - [12/Sep/2017:09:02:51 -0300] "POST /cormun/servlet/trcontratosolicitud?866fe9b3e8be4badb8f767fedfb24820,,gx-no-cache=1505217805597 HTTP/1.1" 200 11996
186.67.172.234 - - [12/Sep/2017:09:02:53 -0300] "POST /cormun/servlet/trcontratosolicitud?866fe9b3e8be4badb8f767fedfb24820,,gx-no-cache=1505217808146 HTTP/1.1" 200 11865
186.103.159.189 - - [12/Sep/2017:09:02:59 -0300] "GET /cormun/servlet/trpermisosgoce? HTTP/1.1" 200 11069
186.103.159.189 - - [12/Sep/2017:09:03:00 -0300] "GET /cormun/servlet/trpermisosgoce? HTTP/1.1" 200 11054
186.103.159.189 - - [12/Sep/2017:09:03:04 -0300] "GET /cormun/servlet/permisogoce?INS,0,,, HTTP/1.1" 200 6692
186.103.159.189 - - [12/Sep/2017:09:03:04 -0300] "GET /cormun/static/gxcfg.js?201776126440 HTTP/1.1" 304 -
186.103.159.189 - - [12/Sep/2017:09:03:05 -0300] "GET /cormun/servlet/permisogoce?INS,0,,, HTTP/1.1" 200 6691
186.103.159.189 - - [12/Sep/2017:09:03:09 -0300] "GET /cormun/servlet/prfichaempleado?,MD,,gxPopupLevel%3D0%3B HTTP/1.1" 200 9286
186.103.159.189 - - [12/Sep/2017:09:03:09 -0300] "GET /cormun/static/gxcfg.js?20177612134814 HTTP/1.1" 304 -
66.249.88.156 - - [12/Sep/2017:09:03:12 -0300] "GET /cormun/servlet/hlogin HTTP/1.1" 200 5121
66.249.88.155 - - [12/Sep/2017:09:03:13 -0300] "GET /cormun/static/gxcfg.js?20175251213516 HTTP/1.1" 200 953
66.249.88.156 - - [12/Sep/2017:09:03:13 -0300] "GET /cormun/static/gxtimezone.js?85251 HTTP/1.1" 200 5781
66.249.88.156 - - [12/Sep/2017:09:03:13 -0300] "GET /cormun/static/hlogin.js?20175251213537 HTTP/1.1" 200 2136
66.249.88.157 - - [12/Sep/2017:09:03:13 -0300] "GET /cormun/static/Resources/Spanish/PXTools.css?11423723 HTTP/1.1" 200 89042
66.249.88.157 - - [12/Sep/2017:09:03:13 -0300] "GET /cormun/static/messages.spa.js?85251 HTTP/1.1" 200 30736
66.249.88.156 - - [12/Sep/2017:09:03:13 -0300] "GET /cormun/static/gxgral.js?85251 HTTP/1.1" 200 384558
66.249.88.157 - - [12/Sep/2017:09:03:14 -0300] "GET /cormun/static/Resources/PXToolsButtonLeft21.png HTTP/1.1" 200 1287
66.249.88.155 - - [12/Sep/2017:09:03:14 -0300] "GET /cormun/static/Resources/PXToolsLoginBackground.png HTTP/1.1" 200 1164
66.249.88.157 - - [12/Sep/2017:09:03:14 -0300] "GET /cormun/static/Resources/PXToolsButtonRight21.png HTTP/1.1" 200 1283
66.249.88.155 - - [12/Sep/2017:09:03:14 -0300] "GET /cormun/static/Resources/PXToolsButtonBackground2.png HTTP/1.1" 200 1181
66.249.88.156 - - [12/Sep/2017:09:03:14 -0300] "GET /cormun/static/Resources/ComunLogin.png HTTP/1.1" 200 17326
66.249.88.157 - - [12/Sep/2017:09:03:14 -0300] "GET /cormun/static/Resources/indicator.gif HTTP/1.1" 200 1553
66.249.88.157 - - [12/Sep/2017:09:03:14 -0300] "GET /cormun/static/Resources/PXToolsLoginBottom.png HTTP/1.1" 200 1389
66.249.88.156 - - [12/Sep/2017:09:03:14 -0300] "GET /cormun/servlet/hlogin HTTP/1.1" 200 5142
66.249.88.157 - - [12/Sep/2017:09:03:14 -0300] "GET /cormun/static/Resources/PXToolsLoginTop.png HTTP/1.1" 200 1337
192.168.10.62 - - [12/Sep/2017:09:03:19 -0300] "POST /cormun/servlet/trconsultaempleado?38183f0825e5f695903d76ecdbbc968e,,gx-no-cache=1505217762368 HTTP/1.1" 200 4013
186.103.159.189 - - [12/Sep/2017:09:03:22 -0300] "POST /cormun/servlet/prfichaempleado?6a97481cb9ced62d95c4e09a9acd8879,,MD,,gxPopupLevel%3D0%3B,gx-no-cache=1505217834162 HTTP/1.1" 200 3183
192.168.10.62 - - [12/Sep/2017:09:03:25 -0300] "GET /cormun/servlet/trsolicitudnombre?16882955, HTTP/1.1" 200 7992
192.168.10.62 - - [12/Sep/2017:09:03:25 -0300] "GET /cormun/static/gxcfg.js?20177612153745 HTTP/1.1" 304 -
192.168.10.62 - - [12/Sep/2017:09:03:25 -0300] "GET /cormun/static/trsolicitudnombre.js?20177612154149 HTTP/1.1" 304 -
192.168.10.62 - - [12/Sep/2017:09:03:25 -0300] "GET /cormun/servlet/trsolicitudnombre?16882955, HTTP/1.1" 200 7995
192.168.10.62 - - [12/Sep/2017:09:03:28 -0300] "GET /cormun/servlet/vesolicitudnombre?2017,6962,, HTTP/1.1" 200 8056
192.168.10.62 - - [12/Sep/2017:09:03:28 -0300] "GET /cormun/static/gxcfg.js?20177612153644 HTTP/1.1" 304 -
192.168.10.62 - - [12/Sep/2017:09:03:28 -0300] "GET /cormun/pexe_scrolldiv.js HTTP/1.1" 404 1009
192.168.10.62 - - [12/Sep/2017:09:03:28 -0300] "GET /cormun/static/vesolicitudnombre.js?20177612153699 HTTP/1.1" 304 -
192.168.10.62 - - [12/Sep/2017:09:03:28 -0300] "GET /cormun/static/tbsolicitudnombre01.js?2017110216261 HTTP/1.1" 304 -
192.168.10.62 - - [12/Sep/2017:09:03:28 -0300] "GET /cormun/static/hwcviewtabs.js?20177611594913 HTTP/1.1" 304 -
192.168.10.62 - - [12/Sep/2017:09:03:28 -0300] "GET /cormun/static/hpexe_tabsview.js?201610171694228 HTTP/1.1" 304 -
192.168.10.62 - - [12/Sep/2017:09:03:29 -0300] "GET /cormun/servlet/vesolicitudnombre?2017,6962,, HTTP/1.1" 200 8050
186.103.159.189 - - [12/Sep/2017:09:03:33 -0300] "POST /cormun/servlet/prfichaempleado?6a97481cb9ced62d95c4e09a9acd8879,,MD,,gxPopupLevel%3D0%3B,gx-no-cache=1505217844153 HTTP/1.1" 200 3417
192.168.10.62 - - [12/Sep/2017:09:03:33 -0300] "GET /cormun/servlet/vesolicitudnombre?2017,6962,,SolicitudOTLog HTTP/1.1" 200 8801
192.168.10.62 - - [12/Sep/2017:09:03:33 -0300] "GET /cormun/pexe_scrolldiv.js HTTP/1.1" 404 1009
192.168.10.62 - - [12/Sep/2017:09:03:33 -0300] "GET /cormun/pexe_scrolldiv.js HTTP/1.1" 404 1009
192.168.10.62 - - [12/Sep/2017:09:03:33 -0300] "GET /cormun/static/tbsolicitudnombre03.js?20173171132461 HTTP/1.1" 304 -
192.168.10.62 - - [12/Sep/2017:09:03:33 -0300] "GET /cormun/servlet/vesolicitudnombre?2017,6962,,SolicitudOTLog HTTP/1.1" 200 8802
192.168.10.62 - - [12/Sep/2017:09:03:34 -0300] "POST /cormun/servlet/acontrolpreferencessavestate?None,FGONZALEZG,true HTTP/1.1" 200 35
192.168.10.62 - - [12/Sep/2017:09:04:14 -0300] "GET /cormun/servlet/vesolicitudnombre?2017,6962,, HTTP/1.1" 200 8056
192.168.10.62 - - [12/Sep/2017:09:04:14 -0300] "GET /cormun/servlet/vesolicitudnombre?2017,6962,, HTTP/1.1" 200 8050
192.168.10.62 - - [12/Sep/2017:09:04:59 -0300] "GET /cormun/servlet/vesolicitudnombre?2017,6962,,SolicitudOTLog HTTP/1.1" 200 8801
192.168.10.62 - - [12/Sep/2017:09:04:59 -0300] "GET /cormun/pexe_scrolldiv.js HTTP/1.1" 404 1009
192.168.10.62 - - [12/Sep/2017:09:04:59 -0300] "GET /cormun/pexe_scrolldiv.js HTTP/1.1" 404 1009
192.168.10.62 - - [12/Sep/2017:09:04:59 -0300] "GET /cormun/servlet/vesolicitudnombre?2017,6962,,SolicitudOTLog HTTP/1.1" 200 8802
192.168.10.62 - - [12/Sep/2017:09:05:00 -0300] "POST /cormun/servlet/acontrolpreferencessavestate?None,FGONZALEZG,true HTTP/1.1" 200 35
192.168.10.62 - - [12/Sep/2017:09:05:08 -0300] "GET /cormun/servlet/trsolicitudgral? HTTP/1.1" 200 15888
192.168.10.62 - - [12/Sep/2017:09:05:08 -0300] "GET /cormun/servlet/trsolicitudgral? HTTP/1.1" 200 15869
186.67.172.234 - - [12/Sep/2017:09:05:13 -0300] "GET /cormun/servlet/solicitudotcontratos?INS,2017,0,15731151,4,2,2017,1162,NADA,201708,27,M, HTTP/1.1" 200 9782
186.67.172.234 - - [12/Sep/2017:09:05:13 -0300] "GET /cormun/static/gxcfg.js?20177612111053 HTTP/1.1" 200 953
186.67.172.234 - - [12/Sep/2017:09:05:13 -0300] "GET /cormun/static/Resources/prompt.gif HTTP/1.1" 200 902
186.67.172.234 - - [12/Sep/2017:09:05:14 -0300] "GET /cormun/static/solicitudotcontratos.js?20177612111155 HTTP/1.1" 200 42908
186.67.172.234 - - [12/Sep/2017:09:05:14 -0300] "GET /cormun/servlet/solicitudotcontratos?INS,2017,0,15731151,4,2,2017,1162,NADA,201708,27,M, HTTP/1.1" 200 9813
186.67.172.234 - - [12/Sep/2017:09:05:14 -0300] "GET /cormun/servlet/solicitudotcontratos?6d5c8b9a26883efea90296fd8d281b875c8daadf9acdfc800b4cb378978e21a8b0e23d234ef4f47f46351d7a93919811,gx-no-cache=1505217949599 HTTP/1.1" 200 30
186.67.172.234 - - [12/Sep/2017:09:05:15 -0300] "GET /cormun/servlet/solicitudotcontratos?6d5c8b9a26883efea90296fd8d281b87f419741f2073f4a9ef2391e0832cda1a38f9ac6c77451f8fffccb5c6bc01a48ae64d0f4f94c0888d0c3c045b60fa8fd4e0e01596c17bfd92576b0007443d73c60c3abe4a6ec6e94ced4f9f0a7ea910639bdd92793e119788d0c04b4ff3dd5cbfa32a3f01b894cd4cb4616f5ad5dbf099,gx-no-cache=1505217949688 HTTP/1.1" 200 48
186.67.172.234 - - [12/Sep/2017:09:05:15 -0300] "GET /cormun/servlet/solicitudotcontratos?6d5c8b9a26883efea90296fd8d281b879d4a746d6798c3b2333c8854c39f698c2353a27cecdba92044b23ec2ed4a5358,gx-no-cache=1505217950031 HTTP/1.1" 200 30
186.67.172.234 - - [12/Sep/2017:09:05:15 -0300] "GET /cormun/servlet/solicitudotcontratos?6d5c8b9a26883efea90296fd8d281b8776914f9a9440d20dcd91f0dc07e7e40d9302375887e72514c91e56b6cf9491258793c0bcfb489ccff32ee8702d822afa8f15519ddd950abd33bf7408292efc3fb0e6f0f1c176ebbe2c771d89174db6757fd4c965d5271dbffee990df4e64fa9d,gx-no-cache=1505217950108 HTTP/1.1" 200 30
186.67.172.234 - - [12/Sep/2017:09:05:15 -0300] "GET /cormun/servlet/solicitudotcontratos?6d5c8b9a26883efea90296fd8d281b87cb650376590b5b98fa16dd4e37fcda3e702e2adfc97e96f1a8f065bc19e9b9fc2ec6ee6d0f0ebfb6af1a36531ecb48dca9b9b0da0b5d556a0723ebf3d4dd0f9933913c8b75e3904afc471ce4e87c7cb310808245f689f2bcf418cc051a3367224815cef18c983da1cb9d5352a8bd074bc1e8bd3c2a45543d0ed91402f10074135dea75afc90870affdf0ed1738bcbfbcd38bb7a2025c00c0187ec90b1de550c28b6a0dbd4bc5e27f461f00821497b7c4e4fcf9595b8fb3c9c3e5b16e49372edf58a1e0a12a5bf35d3a119a86537721cd9c28cc2cc56937d94f6334ad85fe7c8148c4ede74a540ad2477a0b8f61fc3559bbcf3a165b69f3ecc268336af2bfd933c14f1d999c798d52142f9e8c6c179a7f105e28149c4218ad4e17786800451ae70300489c2446c3124bf927fc0ab2580bb5cb47aba434cc5007bea89e5d5b17bdace21d7052d1793d1d93b7ac7480fb53052170706d8106730de5a786202a0c0d41e883e2315ab7a02f727c2fcaa8b3ab3ebc7050b32ecfb8bdd33b4904ce3539d7ca332b3752b6942a6134b9005fd0085c946f15596b1a5243289fd8415f4d83044d479ed648b1ec8bde09e83cfac8d5a3f415681942347adadcc8c4c97dd1a665d7bceb6c38d2636d9e5922a0ccb0b7ead61670f21b1d1fc17f5963619f907dd7ca332b3752b6942a6134b9005fd0082b8d5ce503f7f4427d421ab403569c7c1aa092b5c5fb27abe350aff70c1c44623e1675b0a9f372139e01de053202f1f89035efc6831179b8c0c8785b3b253d7f,gx-no-cache=1505217950185 HTTP/1.1" 200 72
186.67.172.234 - - [12/Sep/2017:09:05:36 -0300] "GET /cormun/servlet/trcontratosolicitud? HTTP/1.1" 200 14276
186.67.172.234 - - [12/Sep/2017:09:05:37 -0300] "GET /cormun/servlet/trcontratosolicitud? HTTP/1.1" 200 14308
186.67.172.234 - - [12/Sep/2017:09:05:40 -0300] "GET /cormun/servlet/solicitudotcontratos?INS,2017,0,15731151,4,2,2017,1162,NADA,201708,27,M, HTTP/1.1" 200 9781
186.67.172.234 - - [12/Sep/2017:09:05:40 -0300] "GET /cormun/servlet/solicitudotcontratos?INS,2017,0,15731151,4,2,2017,1162,NADA,201708,27,M, HTTP/1.1" 200 9812
186.67.172.234 - - [12/Sep/2017:09:05:41 -0300] "GET /cormun/servlet/solicitudotcontratos?6d5c8b9a26883efea90296fd8d281b875c8daadf9acdfc800b4cb378978e21a8b0e23d234ef4f47f46351d7a93919811,gx-no-cache=1505217975998 HTTP/1.1" 200 30
186.67.172.234 - - [12/Sep/2017:09:05:41 -0300] "GET /cormun/servlet/solicitudotcontratos?6d5c8b9a26883efea90296fd8d281b87f419741f2073f4a9ef2391e0832cda1a38f9ac6c77451f8fffccb5c6bc01a48ae64d0f4f94c0888d0c3c045b60fa8fd4e0e01596c17bfd92576b0007443d73c60c3abe4a6ec6e94ced4f9f0a7ea910639bdd92793e119788d0c04b4ff3dd5cbfa32a3f01b894cd4cb4616f5ad5dbf099,gx-no-cache=1505217976076 HTTP/1.1" 200 48
186.67.172.234 - - [12/Sep/2017:09:05:41 -0300] "GET /cormun/servlet/solicitudotcontratos?6d5c8b9a26883efea90296fd8d281b879d4a746d6798c3b2333c8854c39f698c2353a27cecdba92044b23ec2ed4a5358,gx-no-cache=1505217976136 HTTP/1.1" 200 30
186.67.172.234 - - [12/Sep/2017:09:05:41 -0300] "GET /cormun/servlet/solicitudotcontratos?6d5c8b9a26883efea90296fd8d281b8776914f9a9440d20dcd91f0dc07e7e40d9302375887e72514c91e56b6cf9491258793c0bcfb489ccff32ee8702d822afa8f15519ddd950abd33bf7408292efc3fb0e6f0f1c176ebbe2c771d89174db6757fd4c965d5271dbffee990df4e64fa9d,gx-no-cache=1505217976209 HTTP/1.1" 200 30
186.67.172.234 - - [12/Sep/2017:09:05:41 -0300] "GET /cormun/servlet/solicitudotcontratos?6d5c8b9a26883efea90296fd8d281b87cb650376590b5b98fa16dd4e37fcda3e702e2adfc97e96f1a8f065bc19e9b9fc2ec6ee6d0f0ebfb6af1a36531ecb48dca9b9b0da0b5d556a0723ebf3d4dd0f9933913c8b75e3904afc471ce4e87c7cb310808245f689f2bcf418cc051a3367224815cef18c983da1cb9d5352a8bd074bc1e8bd3c2a45543d0ed91402f10074135dea75afc90870affdf0ed1738bcbfbcd38bb7a2025c00c0187ec90b1de550c28b6a0dbd4bc5e27f461f00821497b7c4e4fcf9595b8fb3c9c3e5b16e49372edf58a1e0a12a5bf35d3a119a86537721cd9c28cc2cc56937d94f6334ad85fe7c8148c4ede74a540ad2477a0b8f61fc3559bbcf3a165b69f3ecc268336af2bfd933c14f1d999c798d52142f9e8c6c179a7f105e28149c4218ad4e17786800451ae70300489c2446c3124bf927fc0ab2580bb5cb47aba434cc5007bea89e5d5b17bdace21d7052d1793d1d93b7ac7480fb53052170706d8106730de5a786202a0c0d41e883e2315ab7a02f727c2fcaa8b3ab3ebc7050b32ecfb8bdd33b4904ce3539d7ca332b3752b6942a6134b9005fd0085c946f15596b1a5243289fd8415f4d83044d479ed648b1ec8bde09e83cfac8d5a3f415681942347adadcc8c4c97dd1a665d7bceb6c38d2636d9e5922a0ccb0b7ead61670f21b1d1fc17f5963619f907dd7ca332b3752b6942a6134b9005fd0082b8d5ce503f7f4427d421ab403569c7c1aa092b5c5fb27abe350aff70c1c44623e1675b0a9f372139e01de053202f1f89035efc6831179b8c0c8785b3b253d7f,gx-no-cache=1505217976285 HTTP/1.1" 200 72
186.67.172.234 - - [12/Sep/2017:09:05:53 -0300] "GET /cormun/servlet/trcontratosolicitud? HTTP/1.1" 200 14258
186.67.172.234 - - [12/Sep/2017:09:05:54 -0300] "GET /cormun/servlet/trcontratosolicitud? HTTP/1.1" 200 14308
192.168.10.89 - - [12/Sep/2017:09:06:38 -0300] "GET /cormun/servlet/hlogin HTTP/1.1" 200 1723
192.168.10.89 - - [12/Sep/2017:09:06:43 -0300] "POST /cormun/servlet/hlogin?ec4e12e9fa24e1cf7f02369e5595d0a9,gx-no-cache=1505217966133 HTTP/1.1" 200 90
192.168.10.89 - - [12/Sep/2017:09:06:43 -0300] "GET /cormun/servlet/hpexe_link HTTP/1.1" 200 956
192.168.10.89 - - [12/Sep/2017:09:06:44 -0300] "GET /cormun/servlet/hhome HTTP/1.1" 200 4635
192.168.10.89 - - [12/Sep/2017:09:06:48 -0300] "GET /cormun/servlet/trsolicitudgral? HTTP/1.1" 200 26930
192.168.10.89 - - [12/Sep/2017:09:06:52 -0300] "GET /cormun/static/menuarrow.gif HTTP/1.1" 404 1015
192.168.10.89 - - [12/Sep/2017:09:06:57 -0300] "POST /cormun/servlet/trsolicitudgral?ec4e12e9fa24e1cf7f02369e5595d0a9,,gx-no-cache=1505217979157 HTTP/1.1" 200 20510
192.168.10.89 - - [12/Sep/2017:09:07:05 -0300] "POST /cormun/servlet/trsolicitudgral?ec4e12e9fa24e1cf7f02369e5595d0a9,,gx-no-cache=1505217987329 HTTP/1.1" 200 5771
192.168.10.89 - - [12/Sep/2017:09:07:21 -0300] "POST /cormun/servlet/trsolicitudgral?ec4e12e9fa24e1cf7f02369e5595d0a9,,gx-no-cache=1505218003488 HTTP/1.1" 200 5768
186.103.159.189 - - [12/Sep/2017:09:07:22 -0300] "GET /cormun/servlet/permisogoce?14f244d914e10f12a899c44bfba5f9e4c6078d6e5bb3beb69544231a87b103748f759f6086ee3f5b6edbfc1be171233867c590a049ca9fbecd4166bab3ac8f22,gx-no-cache=1505218074134 HTTP/1.1" 200 86
186.103.159.189 - - [12/Sep/2017:09:07:22 -0300] "GET /cormun/static/menuarrow.gif HTTP/1.1" 404 1015
186.103.159.189 - - [12/Sep/2017:09:07:26 -0300] "GET /cormun/servlet/permisogoce?14f244d914e10f12a899c44bfba5f9e43b4a3df31c3834383379d0ef5322d3e0bcee4688ab7be10d399fffe876a103315d070920c14267b45a741f9fb28bb117,gx-no-cache=1505218078055 HTTP/1.1" 200 48
186.103.159.189 - - [12/Sep/2017:09:07:32 -0300] "POST /cormun/servlet/permisogoce?6a97481cb9ced62d95c4e09a9acd8879,INS,0,,,,gx-no-cache=1505218083374 HTTP/1.1" 200 93
186.103.159.189 - - [12/Sep/2017:09:07:32 -0300] "GET /cormun/servlet/hpexe_return? HTTP/1.1" 200 1008
186.103.159.189 - - [12/Sep/2017:09:07:32 -0300] "GET /cormun/static/gxcfg.js?2016101716175148 HTTP/1.1" 304 -
186.103.159.189 - - [12/Sep/2017:09:07:32 -0300] "GET /cormun/servlet/trpermisosgoce HTTP/1.1" 200 11448
186.103.159.189 - - [12/Sep/2017:09:07:33 -0300] "GET /cormun/servlet/trpermisosgoce HTTP/1.1" 200 11443
186.103.159.189 - - [12/Sep/2017:09:07:37 -0300] "GET /cormun/servlet/apermisogoceprn?15105259,P,20170912090227,PU HTTP/1.1" 200 1659
192.168.10.89 - - [12/Sep/2017:09:07:47 -0300] "POST /cormun/servlet/trsolicitudgral?ec4e12e9fa24e1cf7f02369e5595d0a9,,gx-no-cache=1505218029848 HTTP/1.1" 200 5764
192.168.10.89 - - [12/Sep/2017:09:07:51 -0300] "POST /cormun/servlet/trsolicitudgral?ec4e12e9fa24e1cf7f02369e5595d0a9,,gx-no-cache=1505218033471 HTTP/1.1" 200 5766
192.168.10.89 - - [12/Sep/2017:09:07:54 -0300] "POST /cormun/servlet/trsolicitudgral?ec4e12e9fa24e1cf7f02369e5595d0a9,,gx-no-cache=1505218037030 HTTP/1.1" 200 5765
192.168.10.89 - - [12/Sep/2017:09:07:58 -0300] "POST /cormun/servlet/trsolicitudgral?ec4e12e9fa24e1cf7f02369e5595d0a9,,gx-no-cache=1505218041215 HTTP/1.1" 200 5767
192.168.10.96 - - [12/Sep/2017:09:07:59 -0300] "POST /cormun/servlet/trsolicitudgral?9d4b98c205ce321e71ff2e7f4c66f34f,,gx-no-cache=1505218042455 HTTP/1.1" 200 5763
192.168.10.89 - - [12/Sep/2017:09:08:02 -0300] "POST /cormun/servlet/trsolicitudgral?ec4e12e9fa24e1cf7f02369e5595d0a9,,gx-no-cache=1505218044246 HTTP/1.1" 200 5767
192.168.10.96 - - [12/Sep/2017:09:08:04 -0300] "POST /cormun/servlet/trsolicitudgral?9d4b98c205ce321e71ff2e7f4c66f34f,,gx-no-cache=1505218047080 HTTP/1.1" 200 5764
192.168.10.89 - - [12/Sep/2017:09:08:05 -0300] "POST /cormun/servlet/trsolicitudgral?ec4e12e9fa24e1cf7f02369e5595d0a9,,gx-no-cache=1505218047520 HTTP/1.1" 200 5768
192.168.10.89 - - [12/Sep/2017:09:08:08 -0300] "POST /cormun/servlet/trsolicitudgral?ec4e12e9fa24e1cf7f02369e5595d0a9,,gx-no-cache=1505218050960 HTTP/1.1" 200 5767
192.168.10.96 - - [12/Sep/2017:09:08:08 -0300] "POST /cormun/servlet/trsolicitudgral?9d4b98c205ce321e71ff2e7f4c66f34f,,gx-no-cache=1505218051279 HTTP/1.1" 200 7966
192.168.10.89 - - [12/Sep/2017:09:08:12 -0300] "POST /cormun/servlet/trsolicitudgral?ec4e12e9fa24e1cf7f02369e5595d0a9,,gx-no-cache=1505218054815 HTTP/1.1" 200 5768
192.168.10.89 - - [12/Sep/2017:09:08:15 -0300] "POST /cormun/servlet/trsolicitudgral?ec4e12e9fa24e1cf7f02369e5595d0a9,,gx-no-cache=1505218058087 HTTP/1.1" 200 5767
192.168.10.89 - - [12/Sep/2017:09:08:19 -0300] "POST /cormun/servlet/trsolicitudgral?ec4e12e9fa24e1cf7f02369e5595d0a9,,gx-no-cache=1505218061255 HTTP/1.1" 200 5767
192.168.10.89 - - [12/Sep/2017:09:09:09 -0300] "POST /cormun/servlet/trsolicitudgral?ec4e12e9fa24e1cf7f02369e5595d0a9,,gx-no-cache=1505218111943 HTTP/1.1" 200 7117
192.168.10.89 - - [12/Sep/2017:09:09:17 -0300] "GET /cormun/servlet/vesolicitudgral?2017,6962,, HTTP/1.1" 200 9085
192.168.10.89 - - [12/Sep/2017:09:09:17 -0300] "GET /cormun/pexe_scrolldiv.js HTTP/1.1" 404 1009
192.168.10.89 - - [12/Sep/2017:09:09:17 -0300] "GET /cormun/static/vesolicitudgral.js?20176271754554 HTTP/1.1" 304 -
192.168.10.89 - - [12/Sep/2017:09:09:17 -0300] "GET /cormun/static/hwcviewtabs.js?20177611594913 HTTP/1.1" 304 -
192.168.10.89 - - [12/Sep/2017:09:09:17 -0300] "GET /cormun/static/hpexe_tabsview.js?201610171694228 HTTP/1.1" 304 -
192.168.10.89 - - [12/Sep/2017:09:09:18 -0300] "GET /cormun/static/tbsolicitudgral01.js?201776126581 HTTP/1.1" 304 -
192.168.10.89 - - [12/Sep/2017:09:09:19 -0300] "GET /cormun/servlet/vesolicitudgral?2017,6962,,SolicitudOTLog HTTP/1.1" 200 9687
192.168.10.89 - - [12/Sep/2017:09:09:19 -0300] "GET /cormun/pexe_scrolldiv.js HTTP/1.1" 404 1009
192.168.10.89 - - [12/Sep/2017:09:09:19 -0300] "GET /cormun/static/tbsolicitudgral03.js?201762721402510 HTTP/1.1" 304 -
192.168.10.89 - - [12/Sep/2017:09:09:21 -0300] "POST /cormun/servlet/acontrolpreferencessavestate?None,CDROGUETT,true HTTP/1.1" 200 35
192.168.10.89 - - [12/Sep/2017:09:09:32 -0300] "GET /cormun/servlet/vesolicitudgral?2017,6962,,SolicitudOTAdjuntos HTTP/1.1" 200 7890
192.168.10.89 - - [12/Sep/2017:09:09:32 -0300] "GET /cormun/pexe_scrolldiv.js HTTP/1.1" 404 1009
192.168.10.89 - - [12/Sep/2017:09:09:32 -0300] "GET /cormun/static/tbsolicitudgral02.js?2017761159217 HTTP/1.1" 304 -
192.168.10.89 - - [12/Sep/2017:09:09:34 -0300] "POST /cormun/servlet/acontrolpreferencessavestate?None,CDROGUETT,true HTTP/1.1" 200 35
192.168.10.89 - - [12/Sep/2017:09:09:34 -0300] "GET /cormun/servlet/vesolicitudgral?2017,6962,,General HTTP/1.1" 200 9092
192.168.10.89 - - [12/Sep/2017:09:09:34 -0300] "GET /cormun/pexe_scrolldiv.js HTTP/1.1" 404 1009
192.168.10.89 - - [12/Sep/2017:09:09:41 -0300] "POST /cormun/servlet/vesolicitudgral?ec4e12e9fa24e1cf7f02369e5595d0a9,2017,6962,,General,gx-no-cache=1505218143673 HTTP/1.1" 200 90
192.168.10.89 - - [12/Sep/2017:09:09:41 -0300] "GET /cormun/servlet/hpexe_link HTTP/1.1" 200 975
192.168.10.89 - - [12/Sep/2017:09:09:41 -0300] "GET /cormun/servlet/trsolicitudgral? HTTP/1.1" 200 10521
192.168.10.60 - - [12/Sep/2017:09:09:43 -0300] "GET /cormun/servlet/hlogin HTTP/1.1" 200 1712
192.168.10.60 - - [12/Sep/2017:09:09:43 -0300] "GET /cormun/static/gxcfg.js?20175251213516 HTTP/1.1" 304 -
192.168.10.60 - - [12/Sep/2017:09:09:43 -0300] "GET /cormun/static/messages.spa.js?85251 HTTP/1.1" 304 -
192.168.10.60 - - [12/Sep/2017:09:09:43 -0300] "GET /cormun/servlet/hlogin HTTP/1.1" 200 1723
192.168.10.60 - - [12/Sep/2017:09:09:45 -0300] "POST /cormun/servlet/hlogin?0be0da89a9dc07f16ec8880277cb3409,gx-no-cache=1505218147911 HTTP/1.1" 200 90
192.168.10.60 - - [12/Sep/2017:09:09:45 -0300] "GET /cormun/servlet/hpexe_link HTTP/1.1" 200 945
192.168.10.60 - - [12/Sep/2017:09:09:45 -0300] "GET /cormun/static/gxcfg.js?20177612121792 HTTP/1.1" 304 -
192.168.10.60 - - [12/Sep/2017:09:09:45 -0300] "GET /cormun/servlet/hhome HTTP/1.1" 200 3770
192.168.10.60 - - [12/Sep/2017:09:09:45 -0300] "GET /cormun/static/gxcfg.js?20175251212442 HTTP/1.1" 304 -
192.168.10.60 - - [12/Sep/2017:09:09:46 -0300] "GET /cormun/servlet/hhome HTTP/1.1" 200 3765
192.168.10.60 - - [12/Sep/2017:09:09:50 -0300] "GET /cormun/servlet/trautorizarot? HTTP/1.1" 200 22855
192.168.10.60 - - [12/Sep/2017:09:09:50 -0300] "GET /cormun/static/gxcfg.js?20176271759076 HTTP/1.1" 304 -
192.168.10.60 - - [12/Sep/2017:09:09:51 -0300] "GET /cormun/servlet/trautorizarot? HTTP/1.1" 200 22852
192.168.10.60 - - [12/Sep/2017:09:09:57 -0300] "GET /cormun/static/menuarrow.gif HTTP/1.1" 404 1015
192.168.10.60 - - [12/Sep/2017:09:10:06 -0300] "POST /cormun/servlet/trautorizarot?0be0da89a9dc07f16ec8880277cb3409,,gx-no-cache=1505218168178 HTTP/1.1" 200 19932
192.168.10.60 - - [12/Sep/2017:09:10:13 -0300] "POST /cormun/servlet/trautorizarot?0be0da89a9dc07f16ec8880277cb3409,,gx-no-cache=1505218175410 HTTP/1.1" 200 103
192.168.10.60 - - [12/Sep/2017:09:10:13 -0300] "GET /cormun/AutorizarOT-4557.xls HTTP/1.1" 200 20992
192.168.10.89 - - [12/Sep/2017:09:10:55 -0300] "GET /cormun/servlet/vesolicitudgral?2017,6962,, HTTP/1.1" 200 9085
192.168.10.89 - - [12/Sep/2017:09:10:56 -0300] "GET /cormun/pexe_scrolldiv.js HTTP/1.1" 404 1009
192.168.10.89 - - [12/Sep/2017:09:10:57 -0300] "GET /cormun/servlet/vesolicitudgral?2017,6962,,SolicitudOTLog HTTP/1.1" 200 9687
192.168.10.89 - - [12/Sep/2017:09:10:57 -0300] "GET /cormun/pexe_scrolldiv.js HTTP/1.1" 404 1009
192.168.10.89 - - [12/Sep/2017:09:10:59 -0300] "POST /cormun/servlet/acontrolpreferencessavestate?None,CDROGUETT,true HTTP/1.1" 200 35
192.168.10.89 - - [12/Sep/2017:09:11:06 -0300] "POST /cormun/servlet/vesolicitudgral?ec4e12e9fa24e1cf7f02369e5595d0a9,2017,6962,,SolicitudOTLog,gx-no-cache=1505218229249 HTTP/1.1" 200 90
192.168.10.89 - - [12/Sep/2017:09:11:07 -0300] "GET /cormun/servlet/hpexe_link HTTP/1.1" 200 977
192.168.10.89 - - [12/Sep/2017:09:11:07 -0300] "GET /cormun/servlet/trsolicitudgral HTTP/1.1" 200 10521
192.168.10.60 - - [12/Sep/2017:09:11:29 -0300] "POST /cormun/servlet/trautorizarot?0be0da89a9dc07f16ec8880277cb3409,,gx-no-cache=1505218251625 HTTP/1.1" 200 5311
186.103.159.204 - - [12/Sep/2017:09:12:38 -0300] "GET /cormun/servlet/hpexe_link HTTP/1.1" 200 937
186.103.159.204 - - [12/Sep/2017:09:12:38 -0300] "GET /cormun/static/gxtimezone.js?85251 HTTP/1.1" 200 5781
186.103.159.204 - - [12/Sep/2017:09:12:38 -0300] "GET /cormun/static/gxcfg.js?20177612121792 HTTP/1.1" 200 953
186.103.159.204 - - [12/Sep/2017:09:12:38 -0300] "GET /cormun/static/hpexe_link.js?20177612121795 HTTP/1.1" 200 625
186.103.159.204 - - [12/Sep/2017:09:12:38 -0300] "GET /cormun/static/messages.spa.js?85251 HTTP/1.1" 200 30736
186.103.159.204 - - [12/Sep/2017:09:12:38 -0300] "GET /cormun/static/Resources/Spanish/PXTools.css?1155365 HTTP/1.1" 200 89042
186.103.159.204 - - [12/Sep/2017:09:12:39 -0300] "GET /cormun/static/gxgral.js?85251 HTTP/1.1" 200 384558
200.72.197.82 - - [12/Sep/2017:09:14:51 -0300] "GET /cormun/servlet/hlogin HTTP/1.1" 200 1726
200.72.197.82 - - [12/Sep/2017:09:14:51 -0300] "GET /cormun/servlet/hlogin HTTP/1.1" 200 1736
186.103.161.206 - - [12/Sep/2017:09:15:06 -0300] "POST /cormun/servlet/hlogin?f7a7bcf761fdea0e5f647b4086712109,gx-no-cache=1505218542156 HTTP/1.1" 200 90
186.103.161.206 - - [12/Sep/2017:09:15:06 -0300] "GET /cormun/servlet/hpexe_link HTTP/1.1" 200 956
186.103.161.206 - - [12/Sep/2017:09:15:06 -0300] "GET /cormun/servlet/hhome HTTP/1.1" 200 4080
186.103.161.206 - - [12/Sep/2017:09:15:07 -0300] "GET /cormun/servlet/hhome HTTP/1.1" 200 4077
192.168.10.96 - - [12/Sep/2017:09:16:23 -0300] "GET /cormun/servlet/trsolicitudgral? HTTP/1.1" 200 11171
192.168.10.96 - - [12/Sep/2017:09:16:23 -0300] "GET /cormun/servlet/trsolicitudgral? HTTP/1.1" 200 11171
192.168.10.96 - - [12/Sep/2017:09:16:32 -0300] "POST /cormun/servlet/trsolicitudgral?9d4b98c205ce321e71ff2e7f4c66f34f,,gx-no-cache=1505218553968 HTTP/1.1" 200 26212
192.168.10.96 - - [12/Sep/2017:09:16:34 -0300] "POST /cormun/servlet/trsolicitudgral?9d4b98c205ce321e71ff2e7f4c66f34f,,gx-no-cache=1505218557214 HTTP/1.1" 200 5759
192.168.10.96 - - [12/Sep/2017:09:16:36 -0300] "POST /cormun/servlet/trsolicitudgral?9d4b98c205ce321e71ff2e7f4c66f34f,,gx-no-cache=1505218559190 HTTP/1.1" 200 5759
192.168.10.96 - - [12/Sep/2017:09:16:37 -0300] "POST /cormun/servlet/trsolicitudgral?9d4b98c205ce321e71ff2e7f4c66f34f,,gx-no-cache=1505218559383 HTTP/1.1" 200 5758
192.168.10.96 - - [12/Sep/2017:09:16:37 -0300] "POST /cormun/servlet/trsolicitudgral?9d4b98c205ce321e71ff2e7f4c66f34f,,gx-no-cache=1505218559557 HTTP/1.1" 200 5759
186.103.159.204 - - [12/Sep/2017:09:21:38 -0300] "GET /cormun/servlet/hpexe_link HTTP/1.1" 200 939
186.103.159.204 - - [12/Sep/2017:09:21:38 -0300] "GET /cormun/static/gxtimezone.js?85251 HTTP/1.1" 200 5781
186.103.159.204 - - [12/Sep/2017:09:21:38 -0300] "GET /cormun/static/gxcfg.js?20177612121792 HTTP/1.1" 200 953
186.103.159.204 - - [12/Sep/2017:09:21:38 -0300] "GET /cormun/static/hpexe_link.js?20177612121795 HTTP/1.1" 200 625
186.103.159.204 - - [12/Sep/2017:09:21:38 -0300] "GET /cormun/static/Resources/Spanish/PXTools.css?1155365 HTTP/1.1" 200 89042
186.103.159.204 - - [12/Sep/2017:09:21:38 -0300] "GET /cormun/static/messages.spa.js?85251 HTTP/1.1" 200 30736
186.103.159.204 - - [12/Sep/2017:09:21:38 -0300] "GET /cormun/static/gxgral.js?85251 HTTP/1.1" 200 384558
190.45.55.254 - - [12/Sep/2017:09:22:33 -0300] "GET /cormun/servlet/hlogin HTTP/1.1" 200 1712
190.45.55.254 - - [12/Sep/2017:09:22:34 -0300] "POST /cormun/servlet/hlogin?cce5223a915043e948461e70474401d6,gx-no-cache=1505218992073 HTTP/1.1" 200 90
190.45.55.254 - - [12/Sep/2017:09:22:35 -0300] "GET /cormun/servlet/hpexe_link HTTP/1.1" 200 951
190.45.55.254 - - [12/Sep/2017:09:22:35 -0300] "GET /cormun/servlet/trcontratounov2? HTTP/1.1" 200 8491
190.45.55.254 - - [12/Sep/2017:09:22:35 -0300] "GET /cormun/servlet/trcontratounov2? HTTP/1.1" 200 8486
