186.103.158.250 - - [11/Sep/2017:16:14:56 -0300] "POST /cormun/servlet/solicitudotadjuntos?gx-no-cache=1505161069400 HTTP/1.1" 200 26
186.103.158.250 - - [11/Sep/2017:16:15:05 -0300] "GET /cormun/servlet/solicitudotadjuntos?641584d0962b0f31a8af0fe2b86db9ef339ce288737832d23c3a472e23f47011,gx-no-cache=1505161077906 HTTP/1.1" 200 30
186.103.158.250 - - [11/Sep/2017:16:15:05 -0300] "GET /cormun/servlet/solicitudotadjuntos?641584d0962b0f31a8af0fe2b86db9ef339ce288737832d23c3a472e23f47011,gx-no-cache=1505161077939 HTTP/1.1" 200 30
186.103.158.250 - - [11/Sep/2017:16:15:06 -0300] "POST /cormun/servlet/solicitudotadjuntos?e7c759c175f21199a7b917c66e3eb7c8,INS,2017,7387,,1, HTTP/1.1" 200 116
186.103.158.250 - - [11/Sep/2017:16:15:06 -0300] "GET /cormun/servlet/hpexe_return? HTTP/1.1" 200 1019
186.103.158.250 - - [11/Sep/2017:16:15:07 -0300] "GET /cormun/servlet/trsolicitudadjuntos?2017,7387, HTTP/1.1" 200 8991
186.103.158.250 - - [11/Sep/2017:16:15:08 -0300] "GET /cormun/servlet/trsolicitudadjuntos?2017,7387, HTTP/1.1" 200 8988
186.103.159.44 - - [11/Sep/2017:16:15:11 -0300] "GET /cormun/servlet/trsolicitudot? HTTP/1.1" 200 9044
186.103.158.250 - - [11/Sep/2017:16:15:13 -0300] "GET /cormun/servlet/solicitudotadjuntos?INS,2017,7387,,1, HTTP/1.1" 200 5891
186.103.158.250 - - [11/Sep/2017:16:15:13 -0300] "GET /cormun/static/about:blank HTTP/1.1" 404 1011
186.103.158.250 - - [11/Sep/2017:16:15:14 -0300] "GET /cormun/servlet/solicitudotadjuntos?INS,2017,7387,,1, HTTP/1.1" 200 5885
186.103.158.250 - - [11/Sep/2017:16:15:15 -0300] "GET /cormun/servlet/solicitudotadjuntos?641584d0962b0f31a8af0fe2b86db9efd17b014e3be32e32637ca930fd1f2f752138a6c45866ee93826cca740eb5c922,gx-no-cache=1505161087823 HTTP/1.1" 200 30
186.103.158.250 - - [11/Sep/2017:16:15:15 -0300] "POST /cormun/servlet/solicitudotadjuntos?e7c759c175f21199a7b917c66e3eb7c8,INS,2017,7387,,1,,gx-no-cache=1505161087869 HTTP/1.1" 200 3687
186.103.159.44 - - [11/Sep/2017:16:15:17 -0300] "GET /cormun/servlet/solicitudot?INS,0,0, HTTP/1.1" 200 12724
186.103.158.250 - - [11/Sep/2017:16:15:21 -0300] "POST /cormun/servlet/solicitudotadjuntos?gx-no-cache=1505161093936 HTTP/1.1" 200 26
186.103.159.44 - - [11/Sep/2017:16:15:30 -0300] "POST /cormun/servlet/solicitudot?gx-no-cache=1505157384565 HTTP/1.1" 200 3126
186.103.159.44 - - [11/Sep/2017:16:15:31 -0300] "POST /cormun/servlet/solicitudot?b97be04f1efd48b11544de6979568b28,INS,0,0,,gx-no-cache=1505157384856 HTTP/1.1" 200 9801
186.103.159.44 - - [11/Sep/2017:16:15:34 -0300] "GET /cormun/servlet/solicitudot?2afb02cae0a2e15fc82c23039c9d4443b40c79b10b6d74bde216b27d9107d17c4ca1968840f9f8b593f9163e75bef0b5,gx-no-cache=1505157388634 HTTP/1.1" 200 30
186.103.158.250 - - [11/Sep/2017:16:15:37 -0300] "GET /cormun/servlet/solicitudotadjuntos?641584d0962b0f31a8af0fe2b86db9ef339ce288737832d23c3a472e23f47011,gx-no-cache=1505161109851 HTTP/1.1" 200 30
186.103.158.250 - - [11/Sep/2017:16:15:37 -0300] "GET /cormun/servlet/solicitudotadjuntos?641584d0962b0f31a8af0fe2b86db9ef339ce288737832d23c3a472e23f47011,gx-no-cache=1505161109876 HTTP/1.1" 200 30
186.103.158.250 - - [11/Sep/2017:16:15:38 -0300] "POST /cormun/servlet/solicitudotadjuntos?e7c759c175f21199a7b917c66e3eb7c8,INS,2017,7387,,1, HTTP/1.1" 200 116
186.103.158.250 - - [11/Sep/2017:16:15:38 -0300] "GET /cormun/servlet/hpexe_return? HTTP/1.1" 200 1019
186.103.158.250 - - [11/Sep/2017:16:15:38 -0300] "GET /cormun/servlet/trsolicitudadjuntos?2017,7387, HTTP/1.1" 200 9221
186.103.158.250 - - [11/Sep/2017:16:15:39 -0300] "GET /cormun/servlet/trsolicitudadjuntos?2017,7387, HTTP/1.1" 200 9218
186.103.159.189 - - [11/Sep/2017:16:15:41 -0300] "POST /cormun/servlet/solicitudot?gx-no-cache=1505157377942 HTTP/1.1" 200 240
186.103.159.189 - - [11/Sep/2017:16:15:46 -0300] "POST /cormun/servlet/solicitudot?gx-no-cache=1505157383524 HTTP/1.1" 200 298
186.103.159.189 - - [11/Sep/2017:16:15:51 -0300] "GET /cormun/servlet/solicitudot?666d14337b1f3f9e3e4a215c6129214de2b4ec97c2be09cf55e07addb277bb69fdac7ecaa51488c7d673cae9a84f0941347bc3467276cfe31886666d57bffa7e19131d5f173ba8586fc5bc6157aebf9fe4050ea2a5c25c83b25c54e4025ab00af766e5e510acc33a1598bdba3a3d822e224035cc2542e25f200fae49523949d3e4941b520d05721c282a9c7607b5fddd3259c3811242e6d42ec0e371b0b2a375cd4e6ad0abc4e4157230cf1978c792307b7251530353d4f17e2f1e1d11e4a2c984bf409972e9908307533e4ba2d90078f3179ba8b26c2793c7afa15d0ea8be92fa37fc42b67a60e7fbf7f1478c84795bc4606c32b457150ba443cde7ffe5f60c11aaec34b5cd76306274e641384f9ae95091d84d87d3eecd6305e22976a424379c10a49fd92af6e610bad68047a6e39cabf93cefedfec89c3cefc8cbfdbaa335d5bb491a4f982acab98e911a5eabb151fc8ee698cae23102b52d1471c1b9ba3ba94a15897b5353357a35fea5cc69e212a42b833d7db040ce4976659ffb0b02c1776dc77532726a785e8400f1bb442016,gx-no-cache=1505157387599 HTTP/1.1" 200 30
186.103.159.189 - - [11/Sep/2017:16:15:53 -0300] "POST /cormun/servlet/solicitudot?gx-no-cache=1505157390566 HTTP/1.1" 200 30
186.103.159.189 - - [11/Sep/2017:16:15:57 -0300] "POST /cormun/servlet/solicitudot?gx-no-cache=1505157394071 HTTP/1.1" 200 1352
186.103.159.189 - - [11/Sep/2017:16:15:57 -0300] "POST /cormun/servlet/solicitudot?gx-no-cache=1505157394246 HTTP/1.1" 200 38
186.103.158.250 - - [11/Sep/2017:16:16:00 -0300] "GET /cormun/servlet/trsolicitudot? HTTP/1.1" 200 8923
186.103.158.250 - - [11/Sep/2017:16:16:01 -0300] "GET /cormun/servlet/trsolicitudot? HTTP/1.1" 200 8917
186.103.158.250 - - [11/Sep/2017:16:16:14 -0300] "POST /cormun/servlet/trsolicitudot?e7c759c175f21199a7b917c66e3eb7c8,,gx-no-cache=1505161146870 HTTP/1.1" 200 6098
186.103.158.250 - - [11/Sep/2017:16:16:14 -0300] "GET /cormun/static/Shared/jqueryui/images/ui-bg_highlight-soft_100_c6c2c8_1x100.png HTTP/1.1" 404 1117
186.103.158.250 - - [11/Sep/2017:16:16:14 -0300] "GET /cormun/static/Shared/jqueryui/images/ui-icons_82798d_256x240.png HTTP/1.1" 404 1089
186.103.158.250 - - [11/Sep/2017:16:16:14 -0300] "GET /cormun/static/Shared/jqueryui/images/ui-bg_flat_55_fafafa_40x100.png HTTP/1.1" 404 1097
186.103.158.250 - - [11/Sep/2017:16:16:14 -0300] "GET /cormun/static/Shared/jqueryui/images/ui-icons_8d78a5_256x240.png HTTP/1.1" 404 1089
186.103.158.250 - - [11/Sep/2017:16:16:14 -0300] "POST /cormun/servlet/trsolicitudot?e7c759c175f21199a7b917c66e3eb7c8,,gx-no-cache=1505161147335 HTTP/1.1" 200 6042
186.103.158.250 - - [11/Sep/2017:16:16:22 -0300] "GET /cormun/servlet/hlogin HTTP/1.1" 200 1713
186.103.158.250 - - [11/Sep/2017:16:16:38 -0300] "POST /cormun/servlet/hlogin?e7c759c175f21199a7b917c66e3eb7c8,gx-no-cache=1505161171187 HTTP/1.1" 200 421
186.103.159.189 - - [11/Sep/2017:16:17:01 -0300] "GET /cormun/servlet/solicitudot?666d14337b1f3f9e3e4a215c6129214da6b90502809be1ec971a7c80bdc4aee249b12bcade34c12dd80f14bc25d2198bedbf14e7d8c8babc60c0b645a0902bfd6fee92a4418bb7739d20ac8ada16a27df9e81e26bb4008d6bba90aa0c65c270911ff56a510bd030a9446a7e4f9a37c02,gx-no-cache=1505157458050 HTTP/1.1" 200 29
186.103.159.189 - - [11/Sep/2017:16:17:01 -0300] "POST /cormun/servlet/solicitudot?gx-no-cache=1505157458175 HTTP/1.1" 200 1337
186.103.159.188 - - [11/Sep/2017:16:17:02 -0300] "GET /cormun/servlet/hlogin HTTP/1.1" 200 1729
186.103.159.188 - - [11/Sep/2017:16:17:04 -0300] "POST /cormun/servlet/hlogin?cb7c52785abcadb0d00f0b8dc8207cba,gx-no-cache=1505157460082 HTTP/1.1" 200 90
186.103.159.188 - - [11/Sep/2017:16:17:04 -0300] "GET /cormun/servlet/hpexe_link HTTP/1.1" 200 955
186.103.159.188 - - [11/Sep/2017:16:17:04 -0300] "GET /cormun/servlet/hhome HTTP/1.1" 200 3848
186.103.159.188 - - [11/Sep/2017:16:17:04 -0300] "GET /cormun/servlet/hhome HTTP/1.1" 200 3845
186.103.159.44 - - [11/Sep/2017:16:17:06 -0300] "POST /cormun/servlet/solicitudot?gx-no-cache=1505157480474 HTTP/1.1" 200 240
186.103.158.250 - - [11/Sep/2017:16:17:07 -0300] "POST /cormun/servlet/hlogin?e7c759c175f21199a7b917c66e3eb7c8,gx-no-cache=1505161199953 HTTP/1.1" 200 419
186.103.159.188 - - [11/Sep/2017:16:17:08 -0300] "GET /cormun/servlet/trlicencias? HTTP/1.1" 200 14397
186.103.159.188 - - [11/Sep/2017:16:17:08 -0300] "GET /cormun/servlet/trlicencias? HTTP/1.1" 200 14394
186.103.159.44 - - [11/Sep/2017:16:17:08 -0300] "GET /cormun/servlet/solicitudot?2afb02cae0a2e15fc82c23039c9d444324a0441a20053b6ba4c973c2ec9628f2f9f8dcb9e6235bd40316d92794b36100e961fae8e45f3b1f7333a112d430d22b5f527a44f4c0a4024c15653c0dacf4083846b3b136fa43a6e1fedde388ec54e77c503ed2bbc0eba247c3d3a767c907152394e62c0e1be117efbc1083303ff7b087217971fce07f55048ee0314663a9597e8a1d14c58c2306bdc87e5bd53c26b5f2bbfe30573c2adc5eab10b7541e6cb24c975798630013dd6283120a21a7ba3dd65e563db28884300abe71a81d73d85febb44782211781c2cd73cfe42607cd34df5a48117be7ded4ff5665fcf7a6dea781bd065ae5592a7ad8e58194123735f23ef2a5a2a2a1d1c8a2270cfa20e545c639f891ba0c8a8dc3715ef628cf291ae85049e4fcacfed854d6ca0fc7842260aadf30e451651b092f77355c21484441c2651561bda56fb4c3f487daf39a7d648199f685651396b7a5c3987df33518b16253a9a162e495bd3d19308be07d252624a41baaec397d77dd295687d7e349ad7f,gx-no-cache=1505157482668 HTTP/1.1" 200 30
186.103.159.44 - - [11/Sep/2017:16:17:13 -0300] "POST /cormun/servlet/solicitudot?gx-no-cache=1505157487053 HTTP/1.1" 200 30
186.103.159.188 - - [11/Sep/2017:16:17:13 -0300] "GET /cormun/servlet/licenciaspermisos?INS,0,,, HTTP/1.1" 200 7368
186.103.159.188 - - [11/Sep/2017:16:17:14 -0300] "GET /cormun/servlet/licenciaspermisos?INS,0,,, HTTP/1.1" 200 7367
186.103.159.189 - - [11/Sep/2017:16:17:27 -0300] "GET /cormun/static/menuarrow.gif HTTP/1.1" 404 1015
186.103.159.189 - - [11/Sep/2017:16:17:32 -0300] "GET /cormun/servlet/solicitudot?666d14337b1f3f9e3e4a215c6129214d82213c9051798f5d03ac65f7044f3073ead8bb281908f4287463032e23c74a62,gx-no-cache=1505157489051 HTTP/1.1" 200 30
200.72.197.82 - - [11/Sep/2017:16:17:34 -0300] "GET /cormun/servlet/hlogin HTTP/1.1" 200 1723
186.103.159.188 - - [11/Sep/2017:16:17:37 -0300] "GET /cormun/servlet/prfichaempleado?,MD,,gxPopupLevel%3D0%3B HTTP/1.1" 200 9273
186.103.158.250 - - [11/Sep/2017:16:17:42 -0300] "POST /cormun/servlet/hlogin?e7c759c175f21199a7b917c66e3eb7c8,gx-no-cache=1505161234734 HTTP/1.1" 200 421
186.103.159.44 - - [11/Sep/2017:16:17:44 -0300] "POST /cormun/servlet/solicitudot?gx-no-cache=1505157517665 HTTP/1.1" 200 1355
186.103.159.189 - - [11/Sep/2017:16:17:45 -0300] "POST /cormun/servlet/solicitudot?gx-no-cache=1505157501773 HTTP/1.1" 200 30
186.103.159.44 - - [11/Sep/2017:16:17:46 -0300] "POST /cormun/servlet/solicitudot?gx-no-cache=1505157520510 HTTP/1.1" 200 117
186.103.159.44 - - [11/Sep/2017:16:17:46 -0300] "GET /cormun/static/Shared/jqueryui/images/ui-bg_flat_55_994d53_40x100.png HTTP/1.1" 404 1097
186.103.159.44 - - [11/Sep/2017:16:17:46 -0300] "GET /cormun/static/Shared/jqueryui/images/ui-bg_highlight-soft_100_c6c2c8_1x100.png HTTP/1.1" 404 1117
186.103.159.44 - - [11/Sep/2017:16:17:46 -0300] "GET /cormun/static/Shared/jqueryui/images/ui-icons_82798d_256x240.png HTTP/1.1" 404 1089
186.103.159.44 - - [11/Sep/2017:16:17:46 -0300] "GET /cormun/static/Shared/jqueryui/images/ui-icons_ebccce_256x240.png HTTP/1.1" 404 1089
186.103.159.188 - - [11/Sep/2017:16:17:49 -0300] "POST /cormun/servlet/prfichaempleado?cb7c52785abcadb0d00f0b8dc8207cba,,MD,,gxPopupLevel%3D0%3B,gx-no-cache=1505157505320 HTTP/1.1" 200 3441
186.103.159.44 - - [11/Sep/2017:16:17:52 -0300] "GET /cormun/static/menuarrow.gif HTTP/1.1" 404 1015
200.72.197.82 - - [11/Sep/2017:16:17:53 -0300] "POST /cormun/servlet/hlogin?b5ab9e7d9a0ebff4c0a63f90fd46809b,gx-no-cache=1505157509233 HTTP/1.1" 200 90
200.72.197.82 - - [11/Sep/2017:16:17:53 -0300] "GET /cormun/servlet/hpexe_link HTTP/1.1" 200 953
200.72.197.82 - - [11/Sep/2017:16:17:53 -0300] "GET /cormun/servlet/hhome HTTP/1.1" 200 4040
186.103.159.188 - - [11/Sep/2017:16:17:54 -0300] "GET /cormun/servlet/licenciaspermisos?ae9736d0e7abfa837bb61b46ab620b77400f3d8e3b0a338d4f67b1b5b01de6ba6e9b88503e2f3facf0725a96cd262378,gx-no-cache=1505157509927 HTTP/1.1" 200 105
186.103.159.188 - - [11/Sep/2017:16:17:54 -0300] "POST /cormun/servlet/licenciaspermisos?cb7c52785abcadb0d00f0b8dc8207cba,INS,0,,,,gx-no-cache=1505157509969 HTTP/1.1" 200 4602
200.72.197.82 - - [11/Sep/2017:16:17:54 -0300] "GET /cormun/servlet/hhome HTTP/1.1" 200 4039
186.103.159.44 - - [11/Sep/2017:16:17:56 -0300] "GET /cormun/servlet/prlicenciaspermisos?17235483,L,,MD,,gxPopupLevel%3D0%3B HTTP/1.1" 200 5535
186.103.159.44 - - [11/Sep/2017:16:18:00 -0300] "POST /cormun/servlet/solicitudot?gx-no-cache=1505157534662 HTTP/1.1" 200 41
186.103.158.250 - - [11/Sep/2017:16:18:02 -0300] "POST /cormun/servlet/hlogin?e7c759c175f21199a7b917c66e3eb7c8,gx-no-cache=1505161255600 HTTP/1.1" 200 418
186.103.158.250 - - [11/Sep/2017:16:18:20 -0300] "POST /cormun/servlet/hlogin?e7c759c175f21199a7b917c66e3eb7c8,gx-no-cache=1505161272943 HTTP/1.1" 200 90
186.103.158.250 - - [11/Sep/2017:16:18:20 -0300] "GET /cormun/servlet/hpexe_link HTTP/1.1" 200 944
186.103.158.250 - - [11/Sep/2017:16:18:20 -0300] "GET /cormun/servlet/hhome HTTP/1.1" 200 4041
186.103.158.250 - - [11/Sep/2017:16:18:22 -0300] "GET /cormun/servlet/hhome HTTP/1.1" 200 4037
186.103.158.250 - - [11/Sep/2017:16:18:22 -0300] "GET /cormun/static/SmoothNavMenu/resources/images/right.gif HTTP/1.1" 200 860
186.103.159.44 - - [11/Sep/2017:16:18:29 -0300] "GET /cormun/servlet/solicitudot?2afb02cae0a2e15fc82c23039c9d4443fbc92e418a111fe0129172a4a7e5e8318ab1df79f38d80120e28744b696b8252ca90302378212876244ecf7eadc0fc740fa9541dd7af294c950ddc832cb8df07d7b9105f6f046bfd8c6e96b51cf3f52ad72eaeee9a3ea0f51feea88e817e50c6,gx-no-cache=1505157563037 HTTP/1.1" 200 29
186.103.159.44 - - [11/Sep/2017:16:18:29 -0300] "POST /cormun/servlet/solicitudot?gx-no-cache=1505157563099 HTTP/1.1" 200 1336
186.103.158.250 - - [11/Sep/2017:16:18:30 -0300] "GET /cormun/servlet/trautorizarsolicitud? HTTP/1.1" 200 8216
186.103.158.250 - - [11/Sep/2017:16:18:30 -0300] "GET /cormun/static/gxcfg.js?20174261241362 HTTP/1.1" 200 953
186.103.158.250 - - [11/Sep/2017:16:18:30 -0300] "GET /cormun/static/Resources/Spanish/PXTools.css?11294912 HTTP/1.1" 200 89042
186.103.158.250 - - [11/Sep/2017:16:18:30 -0300] "GET /cormun/static/trautorizarsolicitud.js?201742612414370 HTTP/1.1" 200 53910
186.103.159.44 - - [11/Sep/2017:16:18:31 -0300] "POST /cormun/servlet/solicitudot?gx-no-cache=1505157564933 HTTP/1.1" 200 1336
186.103.158.250 - - [11/Sep/2017:16:18:31 -0300] "GET /cormun/servlet/trautorizarsolicitud? HTTP/1.1" 200 8214
186.103.159.44 - - [11/Sep/2017:16:18:32 -0300] "GET /cormun/servlet/solicitudot?2afb02cae0a2e15fc82c23039c9d4443f22b17cf70c26793255df94b9d80455f5c87bc7113a425bed44ee48b6ac15a07,gx-no-cache=1505157565789 HTTP/1.1" 200 30
186.103.159.44 - - [11/Sep/2017:16:18:32 -0300] "POST /cormun/servlet/solicitudot?gx-no-cache=1505157565846 HTTP/1.1" 200 32
186.103.159.188 - - [11/Sep/2017:16:18:38 -0300] "GET /cormun/static/menuarrow.gif HTTP/1.1" 404 1015
186.103.159.44 - - [11/Sep/2017:16:18:41 -0300] "POST /cormun/servlet/solicitudot?b97be04f1efd48b11544de6979568b28,INS,0,0,,gx-no-cache=1505157574806 HTTP/1.1" 200 93
186.103.159.44 - - [11/Sep/2017:16:18:41 -0300] "GET /cormun/servlet/hpexe_return? HTTP/1.1" 200 1008
186.103.159.44 - - [11/Sep/2017:16:18:42 -0300] "GET /cormun/servlet/trsolicitudot HTTP/1.1" 200 9334
186.103.158.250 - - [11/Sep/2017:16:18:43 -0300] "POST /cormun/servlet/trautorizarsolicitud?e7c759c175f21199a7b917c66e3eb7c8,,gx-no-cache=1505161296127 HTTP/1.1" 200 4362
186.103.158.250 - - [11/Sep/2017:16:18:43 -0300] "GET /cormun/static/Shared/jqueryui/images/ui-icons_82798d_256x240.png HTTP/1.1" 404 1089
186.103.158.250 - - [11/Sep/2017:16:18:43 -0300] "GET /cormun/static/Shared/jqueryui/images/ui-bg_highlight-soft_100_c6c2c8_1x100.png HTTP/1.1" 404 1117
186.103.158.250 - - [11/Sep/2017:16:18:43 -0300] "GET /cormun/static/Shared/jqueryui/images/ui-icons_8d78a5_256x240.png HTTP/1.1" 404 1089
186.103.158.250 - - [11/Sep/2017:16:18:43 -0300] "GET /cormun/static/Shared/jqueryui/images/ui-bg_flat_55_fafafa_40x100.png HTTP/1.1" 404 1097
186.103.158.250 - - [11/Sep/2017:16:18:43 -0300] "POST /cormun/servlet/trautorizarsolicitud?e7c759c175f21199a7b917c66e3eb7c8,,gx-no-cache=1505161296535 HTTP/1.1" 200 4147
186.103.161.206 - - [11/Sep/2017:16:18:46 -0300] "GET /cormun/servlet/trlicencias? HTTP/1.1" 200 12994
186.103.161.206 - - [11/Sep/2017:16:18:48 -0300] "GET /cormun/servlet/trlicencias? HTTP/1.1" 200 12992
186.103.161.206 - - [11/Sep/2017:16:18:52 -0300] "GET /cormun/servlet/alicenciaprn?15024877,L,20170911000000,PU HTTP/1.1" 200 1562
186.103.159.44 - - [11/Sep/2017:16:19:05 -0300] "POST /cormun/servlet/trsolicitudot?b97be04f1efd48b11544de6979568b28,gx-no-cache=1505157599183 HTTP/1.1" 200 6497
186.103.159.44 - - [11/Sep/2017:16:19:06 -0300] "POST /cormun/servlet/trsolicitudot?b97be04f1efd48b11544de6979568b28,gx-no-cache=1505157599659 HTTP/1.1" 200 6440
186.103.159.44 - - [11/Sep/2017:16:19:06 -0300] "GET /cormun/static/Shared/jqueryui/images/ui-bg_flat_55_fafafa_40x100.png HTTP/1.1" 404 1097
186.103.159.44 - - [11/Sep/2017:16:19:06 -0300] "GET /cormun/static/Shared/jqueryui/images/ui-bg_highlight-soft_100_c6c2c8_1x100.png HTTP/1.1" 404 1117
186.103.159.44 - - [11/Sep/2017:16:19:06 -0300] "GET /cormun/static/Shared/jqueryui/images/ui-icons_82798d_256x240.png HTTP/1.1" 404 1089
186.103.159.44 - - [11/Sep/2017:16:19:06 -0300] "GET /cormun/static/Shared/jqueryui/images/ui-icons_8d78a5_256x240.png HTTP/1.1" 404 1089
186.103.159.188 - - [11/Sep/2017:16:19:33 -0300] "GET /cormun/servlet/licenciaspermisos?ae9736d0e7abfa837bb61b46ab620b7778c8d6c370a4866e9344f976cd2f3b489c8b57c0eb6743b07d3a6d8e68082b466375a00336475987bc00a2752b712f32115a275990d7e087ecf5920c7876d62d31ea38a530b83e57abb62a4775497e80170d84aee0fa94013638b93013fe474418dd775ae0bc1c0ee4c82b57df3e5d2136e86e8fde88eedec32a7fdea39f85e8be2fcce8c3edb1ea8bea36a165296d93e8022891f53b745191b51d076b9377a5ff42df8499693ddf0a90287718e390e643fbb7ae8fd3a3f5e11e4276c5da823a08ea5da96391688dd2b93764a22b4ad9,gx-no-cache=1505157608964 HTTP/1.1" 200 30
186.103.159.188 - - [11/Sep/2017:16:19:35 -0300] "GET /cormun/servlet/licenciaspermisos?ae9736d0e7abfa837bb61b46ab620b77bf8414f13e735f4fac5271472e617f21aa47b33d74e86da9c508740990dcd81d2a2500cd8aaeaa5143bb15ee4f51dc49317072c3e0416cdd34336c0bc4e33b0ff6009c7208440f675039e7f0fb6d1c9badf63308624fa14d4a74ad45b19a5483f95721219e07a7599ff63f665287acbc6e41dd33d7b304f8bc1c0c9b21ed23843ff40188503ded3492dd1991d3234145eeef08c9d979495e72f785aa2cde71bc1a366cad834c99de62cc9ac4e32c319e1ed560e17bcff942f30bdeb3c08e07ab934c7f84813abe16639d0df63e3a9d04,gx-no-cache=1505157609154 HTTP/1.1" 200 29
186.103.159.188 - - [11/Sep/2017:16:19:36 -0300] "POST /cormun/servlet/licenciaspermisos?cb7c52785abcadb0d00f0b8dc8207cba,INS,0,,,,gx-no-cache=1505157611381 HTTP/1.1" 200 93
186.103.159.188 - - [11/Sep/2017:16:19:36 -0300] "GET /cormun/servlet/hpexe_return? HTTP/1.1" 200 1017
186.103.159.188 - - [11/Sep/2017:16:19:36 -0300] "GET /cormun/servlet/trlicencias HTTP/1.1" 200 14741
186.103.159.188 - - [11/Sep/2017:16:19:37 -0300] "GET /cormun/servlet/trlicencias HTTP/1.1" 200 14735
186.103.159.188 - - [11/Sep/2017:16:19:46 -0300] "GET /cormun/servlet/trlicenciaspermisosadjuntos?19262738,20170911000000,L, HTTP/1.1" 200 6200
186.103.159.188 - - [11/Sep/2017:16:19:46 -0300] "GET /cormun/servlet/trlicenciaspermisosadjuntos?19262738,20170911000000,L, HTTP/1.1" 200 6200
186.103.159.188 - - [11/Sep/2017:16:19:48 -0300] "GET /cormun/servlet/licenciaspermisosadjuntos?INS,19262738,L,20170911000000,, HTTP/1.1" 200 5497
186.103.159.188 - - [11/Sep/2017:16:19:48 -0300] "GET /cormun/static/about:blank HTTP/1.1" 404 1011
186.103.159.188 - - [11/Sep/2017:16:19:48 -0300] "GET /cormun/servlet/licenciaspermisosadjuntos?INS,19262738,L,20170911000000,, HTTP/1.1" 200 5487
186.103.159.188 - - [11/Sep/2017:16:20:01 -0300] "POST /cormun/servlet/licenciaspermisosadjuntos?cb7c52785abcadb0d00f0b8dc8207cba,INS,19262738,L,20170911000000,, HTTP/1.1" 200 116
186.103.159.188 - - [11/Sep/2017:16:20:02 -0300] "GET /cormun/servlet/hpexe_return? HTTP/1.1" 200 1047
186.103.159.188 - - [11/Sep/2017:16:20:02 -0300] "GET /cormun/servlet/trlicenciaspermisosadjuntos?19262738,20170911000000,L, HTTP/1.1" 200 6669
186.103.159.188 - - [11/Sep/2017:16:20:02 -0300] "GET /cormun/servlet/trlicenciaspermisosadjuntos?19262738,20170911000000,L, HTTP/1.1" 200 6664
186.103.159.188 - - [11/Sep/2017:16:20:06 -0300] "GET /cormun/servlet/trlicencias? HTTP/1.1" 200 14746
186.103.159.188 - - [11/Sep/2017:16:20:06 -0300] "GET /cormun/servlet/trlicencias? HTTP/1.1" 200 14735
186.103.159.188 - - [11/Sep/2017:16:20:09 -0300] "GET /cormun/servlet/alicenciaprn?19262738,L,20170911000000,PU HTTP/1.1" 200 1562
186.103.159.44 - - [11/Sep/2017:16:20:50 -0300] "GET /cormun/servlet/solicitudot?INS,0,0, HTTP/1.1" 200 12722
186.103.158.250 - - [11/Sep/2017:16:21:10 -0300] "GET /cormun/servlet/hlogin HTTP/1.1" 200 1722
186.103.161.206 - - [11/Sep/2017:16:21:11 -0300] "GET /cormun/servlet/trpermisosadjuntos?11366364,20170911153741,P, HTTP/1.1" 200 6009
186.103.161.206 - - [11/Sep/2017:16:21:12 -0300] "GET /cormun/servlet/trpermisosadjuntos?11366364,20170911153741,P, HTTP/1.1" 200 6003
186.103.132.155 - - [11/Sep/2017:16:21:12 -0300] "GET /cormun/servlet/hlogin HTTP/1.1" 200 1750
186.103.159.188 - - [11/Sep/2017:16:21:18 -0300] "POST /cormun/servlet/trlicencias?cb7c52785abcadb0d00f0b8dc8207cba,,gx-no-cache=1505157713008 HTTP/1.1" 200 12391
186.103.159.188 - - [11/Sep/2017:16:21:18 -0300] "GET /cormun/static/Shared/jqueryui/images/ui-bg_highlight-soft_100_c6c2c8_1x100.png HTTP/1.1" 404 1117
186.103.159.188 - - [11/Sep/2017:16:21:18 -0300] "GET /cormun/static/Shared/jqueryui/images/ui-icons_82798d_256x240.png HTTP/1.1" 404 1089
186.103.159.188 - - [11/Sep/2017:16:21:18 -0300] "GET /cormun/static/Shared/jqueryui/images/ui-icons_8d78a5_256x240.png HTTP/1.1" 404 1089
186.103.159.188 - - [11/Sep/2017:16:21:18 -0300] "GET /cormun/static/Shared/jqueryui/images/ui-bg_flat_55_fafafa_40x100.png HTTP/1.1" 404 1097
186.103.159.188 - - [11/Sep/2017:16:21:24 -0300] "GET /cormun/static/Shared/jqueryui/images/ui-bg_highlight-soft_100_eae6ea_1x100.png HTTP/1.1" 404 1117
190.151.100.218 - - [11/Sep/2017:16:21:27 -0300] "POST /cormun/servlet/hlogin?c8249e97112919a5d73fd9ee2a3b87b6,gx-no-cache=1505157724338 HTTP/1.1" 200 90
190.151.100.218 - - [11/Sep/2017:16:21:27 -0300] "GET /cormun/servlet/hpexe_link HTTP/1.1" 200 967
190.151.100.218 - - [11/Sep/2017:16:21:27 -0300] "GET /cormun/servlet/trpermisosadjuntos?11366364,20170911153741,P, HTTP/1.1" 200 6715
190.151.100.218 - - [11/Sep/2017:16:21:28 -0300] "GET /cormun/servlet/trpermisosadjuntos?11366364,20170911153741,P, HTTP/1.1" 200 6713
186.103.161.206 - - [11/Sep/2017:16:21:52 -0300] "GET /cormun/servlet/trpermisosgoce? HTTP/1.1" 200 9522
186.103.161.206 - - [11/Sep/2017:16:21:53 -0300] "GET /cormun/servlet/trpermisosgoce? HTTP/1.1" 200 9521
186.103.161.206 - - [11/Sep/2017:16:21:59 -0300] "GET /cormun/servlet/trpermisosadjuntos?11366364,20170911153741,P, HTTP/1.1" 200 6711
186.103.161.206 - - [11/Sep/2017:16:21:59 -0300] "GET /cormun/servlet/trpermisosadjuntos?11366364,20170911153741,P, HTTP/1.1" 200 6713
190.151.100.218 - - [11/Sep/2017:16:22:04 -0300] "GET /cormun/servlet/trpermisosgoce? HTTP/1.1" 200 9524
190.151.100.218 - - [11/Sep/2017:16:22:04 -0300] "GET /cormun/servlet/trpermisosgoce? HTTP/1.1" 200 9523
190.151.100.218 - - [11/Sep/2017:16:22:11 -0300] "POST /cormun/servlet/trpermisosgoce?c8249e97112919a5d73fd9ee2a3b87b6,,gx-no-cache=1505157768554 HTTP/1.1" 200 6698
190.151.100.218 - - [11/Sep/2017:16:22:12 -0300] "GET /cormun/static/Shared/jqueryui/images/ui-bg_highlight-soft_100_c6c2c8_1x100.png HTTP/1.1" 404 1117
200.72.197.82 - - [11/Sep/2017:16:22:12 -0300] "GET /cormun/static/Shared/jqueryui/images/ui-icons_82798d_256x240.png HTTP/1.1" 404 1089
200.72.197.82 - - [11/Sep/2017:16:22:12 -0300] "GET /cormun/static/Shared/jqueryui/images/ui-bg_flat_55_fafafa_40x100.png HTTP/1.1" 404 1097
186.103.161.206 - - [11/Sep/2017:16:22:12 -0300] "GET /cormun/static/Shared/jqueryui/images/ui-icons_8d78a5_256x240.png HTTP/1.1" 404 1089
186.103.132.155 - - [11/Sep/2017:16:22:40 -0300] "POST /cormun/servlet/trpermisosgoce?c8249e97112919a5d73fd9ee2a3b87b6,,gx-no-cache=1505157796010 HTTP/1.1" 200 6693
186.103.132.155 - - [11/Sep/2017:16:22:46 -0300] "GET /cormun/servlet/apermisogoceprn?11366364,P,20170911153741,PU HTTP/1.1" 200 1662
186.103.159.44 - - [11/Sep/2017:16:23:01 -0300] "POST /cormun/servlet/solicitudot?gx-no-cache=1505157834832 HTTP/1.1" 200 3126
186.103.159.44 - - [11/Sep/2017:16:23:01 -0300] "POST /cormun/servlet/solicitudot?b97be04f1efd48b11544de6979568b28,INS,0,0,,gx-no-cache=1505157835177 HTTP/1.1" 200 9799
186.103.159.44 - - [11/Sep/2017:16:23:03 -0300] "GET /cormun/servlet/solicitudot?2afb02cae0a2e15fc82c23039c9d4443a61a97fa2fd53f6606b8d9c8bd2d25f04ca1968840f9f8b593f9163e75bef0b5,gx-no-cache=1505157836821 HTTP/1.1" 200 111
186.103.159.44 - - [11/Sep/2017:16:23:03 -0300] "GET /cormun/static/Shared/jqueryui/images/ui-icons_ebccce_256x240.png HTTP/1.1" 404 1089
186.103.159.44 - - [11/Sep/2017:16:23:03 -0300] "GET /cormun/static/Shared/jqueryui/images/ui-icons_82798d_256x240.png HTTP/1.1" 404 1089
186.103.159.44 - - [11/Sep/2017:16:23:03 -0300] "GET /cormun/static/Shared/jqueryui/images/ui-bg_highlight-soft_100_c6c2c8_1x100.png HTTP/1.1" 404 1117
186.103.159.44 - - [11/Sep/2017:16:23:03 -0300] "GET /cormun/static/Shared/jqueryui/images/ui-bg_flat_55_994d53_40x100.png HTTP/1.1" 404 1097
200.72.197.82 - - [11/Sep/2017:16:23:08 -0300] "POST /cormun/servlet/trpermisosgoce?c8249e97112919a5d73fd9ee2a3b87b6,,gx-no-cache=1505157824980 HTTP/1.1" 200 6673
200.72.197.82 - - [11/Sep/2017:16:23:12 -0300] "GET /cormun/servlet/permisogoce?DSP,16792427,P,20170911095338, HTTP/1.1" 200 6770
200.72.197.82 - - [11/Sep/2017:16:23:12 -0300] "GET /cormun/servlet/permisogoce?DSP,16792427,P,20170911095338, HTTP/1.1" 200 6771
200.72.197.82 - - [11/Sep/2017:16:23:17 -0300] "POST /cormun/servlet/permisogoce?c8249e97112919a5d73fd9ee2a3b87b6,DSP,16792427,P,20170911095338,,gx-no-cache=1505157834232 HTTP/1.1" 200 93
200.72.197.82 - - [11/Sep/2017:16:23:17 -0300] "GET /cormun/servlet/hpexe_return? HTTP/1.1" 200 1015
200.72.197.82 - - [11/Sep/2017:16:23:17 -0300] "GET /cormun/servlet/trpermisosgoce? HTTP/1.1" 200 9476
200.72.197.82 - - [11/Sep/2017:16:23:18 -0300] "GET /cormun/servlet/trpermisosgoce? HTTP/1.1" 200 9473
186.103.159.44 - - [11/Sep/2017:16:23:22 -0300] "POST /cormun/servlet/solicitudot?gx-no-cache=1505157855934 HTTP/1.1" 200 3128
200.72.197.82 - - [11/Sep/2017:16:23:22 -0300] "GET /cormun/servlet/permisogoce?DSP,11366364,P,20170911153741, HTTP/1.1" 200 6772
186.103.159.44 - - [11/Sep/2017:16:23:22 -0300] "POST /cormun/servlet/solicitudot?b97be04f1efd48b11544de6979568b28,INS,0,0,,gx-no-cache=1505157856104 HTTP/1.1" 200 9855
186.103.159.44 - - [11/Sep/2017:16:23:22 -0300] "GET /cormun/servlet/solicitudot?2afb02cae0a2e15fc82c23039c9d4443b40c79b10b6d74bde216b27d9107d17c4ca1968840f9f8b593f9163e75bef0b5,gx-no-cache=1505157856325 HTTP/1.1" 200 30
200.72.197.82 - - [11/Sep/2017:16:23:22 -0300] "GET /cormun/servlet/permisogoce?DSP,11366364,P,20170911153741, HTTP/1.1" 200 6773
200.72.197.82 - - [11/Sep/2017:16:23:30 -0300] "POST /cormun/servlet/permisogoce?c8249e97112919a5d73fd9ee2a3b87b6,DSP,11366364,P,20170911153741,,gx-no-cache=1505157847083 HTTP/1.1" 200 93
200.72.197.82 - - [11/Sep/2017:16:23:30 -0300] "GET /cormun/servlet/hpexe_return? HTTP/1.1" 200 1016
200.72.197.82 - - [11/Sep/2017:16:23:30 -0300] "GET /cormun/servlet/trpermisosgoce HTTP/1.1" 200 9479
200.72.197.82 - - [11/Sep/2017:16:23:31 -0300] "GET /cormun/servlet/trpermisosgoce HTTP/1.1" 200 9475
190.151.100.218 - - [11/Sep/2017:16:24:07 -0300] "GET /cormun/servlet/trpermisosgoce? HTTP/1.1" 200 9473
190.151.100.218 - - [11/Sep/2017:16:24:08 -0300] "GET /cormun/servlet/trpermisosgoce? HTTP/1.1" 200 9473
190.151.100.218 - - [11/Sep/2017:16:24:19 -0300] "GET /cormun/servlet/trpermisosgoce? HTTP/1.1" 200 9473
190.151.100.218 - - [11/Sep/2017:16:24:20 -0300] "GET /cormun/servlet/trpermisosgoce? HTTP/1.1" 200 9473
190.151.100.218 - - [11/Sep/2017:16:24:22 -0300] "GET /cormun/servlet/permisogoce?INS,0,,, HTTP/1.1" 200 6904
190.151.100.218 - - [11/Sep/2017:16:24:22 -0300] "GET /cormun/servlet/permisogoce?INS,0,,, HTTP/1.1" 200 6904
186.103.159.44 - - [11/Sep/2017:16:24:34 -0300] "POST /cormun/servlet/solicitudot?gx-no-cache=1505157928243 HTTP/1.1" 200 240
186.103.159.44 - - [11/Sep/2017:16:24:36 -0300] "GET /cormun/servlet/solicitudot?2afb02cae0a2e15fc82c23039c9d444324a0441a20053b6ba4c973c2ec9628f2f9f8dcb9e6235bd40316d92794b36100e961fae8e45f3b1f7333a112d430d22b5f527a44f4c0a4024c15653c0dacf4083846b3b136fa43a6e1fedde388ec54e77c503ed2bbc0eba247c3d3a767c907152394e62c0e1be117efbc1083303ff7b087217971fce07f55048ee0314663a9597e8a1d14c58c2306bdc87e5bd53c26b5f2bbfe30573c2adc5eab10b7541e6cb24c975798630013dd6283120a21a7ba3dd65e563db28884300abe71a81d73d85febb44782211781c2cd73cfe42607cd34df5a48117be7ded4ff5665fcf7a6dea781bd065ae5592a7ad8e58194123735f23ef2a5a2a2a1d1c8a2270cfa20e545c639f891ba0c8a8dc3715ef628cf291ae85049e4fcacfed854d6ca0fc7842260aadf30e451651b092f77355c21484441c2651561bda56fb4c3f487daf39a7d648199f685651396b7a5c3987df33518b16253a9a162e495bd3d19308be07d252624a41baaec397d77dd295687d7e349ad7f,gx-no-cache=1505157930297 HTTP/1.1" 200 30
186.103.159.44 - - [11/Sep/2017:16:24:40 -0300] "POST /cormun/servlet/solicitudot?gx-no-cache=1505157934448 HTTP/1.1" 200 30
186.103.159.189 - - [11/Sep/2017:16:24:44 -0300] "POST /cormun/servlet/solicitudot?gx-no-cache=1505157921543 HTTP/1.1" 200 1336
186.103.159.189 - - [11/Sep/2017:16:24:44 -0300] "GET /cormun/servlet/solicitudot?666d14337b1f3f9e3e4a215c6129214d82213c9051798f5d03ac65f7044f3073ead8bb281908f4287463032e23c74a62,gx-no-cache=1505157921677 HTTP/1.1" 200 30
186.103.159.189 - - [11/Sep/2017:16:24:44 -0300] "POST /cormun/servlet/solicitudot?gx-no-cache=1505157921721 HTTP/1.1" 200 30
186.103.159.189 - - [11/Sep/2017:16:24:45 -0300] "POST /cormun/servlet/solicitudot?d63337f731a3fbdfd0c1040e219d1243,INS,0,0,,gx-no-cache=1505157921768 HTTP/1.1" 200 11227
186.103.159.189 - - [11/Sep/2017:16:24:45 -0300] "GET /cormun/static/Shared/jqueryui/images/ui-bg_highlight-soft_100_c6c2c8_1x100.png HTTP/1.1" 404 1117
186.103.159.189 - - [11/Sep/2017:16:24:45 -0300] "GET /cormun/static/Shared/jqueryui/images/ui-icons_82798d_256x240.png HTTP/1.1" 404 1089
186.103.159.189 - - [11/Sep/2017:16:24:45 -0300] "GET /cormun/static/Shared/jqueryui/images/ui-bg_flat_55_994d53_40x100.png HTTP/1.1" 404 1097
186.103.159.189 - - [11/Sep/2017:16:24:45 -0300] "GET /cormun/static/Shared/jqueryui/images/ui-icons_ebccce_256x240.png HTTP/1.1" 404 1089
186.103.161.206 - - [11/Sep/2017:16:24:57 -0300] "GET /cormun/servlet/permisogoce?c4016ab51fcc76bc33403e326642c8ab77a37a02909e1d93d7528db3db36c496cabd9265b426ebc40f318a0b0771bf1c,gx-no-cache=1505157934828 HTTP/1.1" 200 73
186.103.161.206 - - [11/Sep/2017:16:25:00 -0300] "GET /cormun/static/menuarrow.gif HTTP/1.1" 404 1015
186.103.159.189 - - [11/Sep/2017:16:25:11 -0300] "GET /cormun/servlet/solicitudot?666d14337b1f3f9e3e4a215c6129214de2b4ec97c2be09cf55e07addb277bb69fdac7ecaa51488c7d673cae9a84f0941347bc3467276cfe31886666d57bffa7e19131d5f173ba8586fc5bc6157aebf9fe4050ea2a5c25c83b25c54e4025ab00af766e5e510acc33a1598bdba3a3d822e224035cc2542e25f200fae49523949d3e4941b520d05721c282a9c7607b5fddd3259c3811242e6d42ec0e371b0b2a375cd4e6ad0abc4e4157230cf1978c792307b7251530353d4f17e2f1e1d11e4a2c984bf409972e9908307533e4ba2d90078f3179ba8b26c2793c7afa15d0ea8be92fa37fc42b67a60e7fbf7f1478c84795bc4606c32b457150ba443cde7ffe5f60c11aaec34b5cd76306274e641384f9ae95091d84d87d3eecd6305e22976a424379c10a49fd92af6e610bad68047a6e39cabf93cefedfec89c3cefc8cbfdbaa335d5bb491a4f982acab98e911a5eabb151fc8ee698cae23102b52d1471c1b9ba3ba94a15897b5353357a35fea5cc69e212b7787e45b3f026bfe24ad057d60087be776dc77532726a785e8400f1bb442016,gx-no-cache=1505157948249 HTTP/1.1" 200 30
186.103.159.189 - - [11/Sep/2017:16:25:11 -0300] "POST /cormun/servlet/solicitudot?gx-no-cache=1505157948370 HTTP/1.1" 200 30
186.103.159.189 - - [11/Sep/2017:16:25:11 -0300] "POST /cormun/servlet/solicitudot?gx-no-cache=1505157948487 HTTP/1.1" 200 1352
186.103.159.189 - - [11/Sep/2017:16:25:11 -0300] "POST /cormun/servlet/solicitudot?gx-no-cache=1505157948634 HTTP/1.1" 200 41
186.103.159.44 - - [11/Sep/2017:16:25:11 -0300] "POST /cormun/servlet/solicitudot?gx-no-cache=1505157965564 HTTP/1.1" 200 1355
186.103.159.189 - - [11/Sep/2017:16:25:11 -0300] "POST /cormun/servlet/solicitudot?gx-no-cache=1505157948700 HTTP/1.1" 200 1336
186.103.159.189 - - [11/Sep/2017:16:25:12 -0300] "GET /cormun/servlet/solicitudot?666d14337b1f3f9e3e4a215c6129214d82213c9051798f5d03ac65f7044f3073ead8bb281908f4287463032e23c74a62,gx-no-cache=1505157948798 HTTP/1.1" 200 30
186.103.159.189 - - [11/Sep/2017:16:25:12 -0300] "POST /cormun/servlet/solicitudot?gx-no-cache=1505157948863 HTTP/1.1" 200 30
186.103.159.189 - - [11/Sep/2017:16:25:12 -0300] "POST /cormun/servlet/solicitudot?d63337f731a3fbdfd0c1040e219d1243,INS,0,0,,gx-no-cache=1505157948929 HTTP/1.1" 200 11269
186.103.159.44 - - [11/Sep/2017:16:25:16 -0300] "GET /cormun/servlet/prlicenciaspermisos?17235483,L,,MD,,gxPopupLevel%3D0%3B HTTP/1.1" 200 5535
186.103.161.206 - - [11/Sep/2017:16:25:18 -0300] "GET /cormun/servlet/permisogoce?c4016ab51fcc76bc33403e326642c8abb745d327964e1a15e493ddb11489164e8cb85941d295b90a6b6e4f8043ef53a5502a9162f06cbf3d60dfef006bc1edb7,gx-no-cache=1505157955927 HTTP/1.1" 200 47
186.103.159.44 - - [11/Sep/2017:16:25:20 -0300] "POST /cormun/servlet/solicitudot?gx-no-cache=1505157974267 HTTP/1.1" 200 41
186.103.161.206 - - [11/Sep/2017:16:25:27 -0300] "GET /cormun/servlet/puconsultapgoce?6653600,MD,gxPopupLevel%3D0%3B HTTP/1.1" 200 3757
186.103.161.206 - - [11/Sep/2017:16:25:27 -0300] "GET /cormun/pexe_menus.js HTTP/1.1" 404 1001
190.151.100.218 - - [11/Sep/2017:16:25:27 -0300] "GET /cormun/pexe_layers.js HTTP/1.1" 404 1003
190.151.100.218 - - [11/Sep/2017:16:25:27 -0300] "GET /cormun/pexe_link.js HTTP/1.1" 404 999
190.151.100.218 - - [11/Sep/2017:16:25:27 -0300] "GET /cormun/pexe_windows.js HTTP/1.1" 404 1005
190.151.100.218 - - [11/Sep/2017:16:25:27 -0300] "GET /cormun/pexe_treedivfix.js HTTP/1.1" 404 1011
186.103.161.206 - - [11/Sep/2017:16:25:27 -0300] "GET /cormun/pexe_grid.js HTTP/1.1" 404 999
190.151.100.218 - - [11/Sep/2017:16:25:27 -0300] "GET /cormun/pexe_griddivfix.js HTTP/1.1" 404 1011
190.151.100.218 - - [11/Sep/2017:16:25:27 -0300] "GET /cormun/pexe_picture.js HTTP/1.1" 404 1005
186.103.161.206 - - [11/Sep/2017:16:25:27 -0300] "GET /cormun/pexe_cookies.js HTTP/1.1" 404 1005
190.151.100.218 - - [11/Sep/2017:16:25:27 -0300] "GET /cormun/pexe_autoreload.js HTTP/1.1" 404 1011
186.103.161.206 - - [11/Sep/2017:16:25:27 -0300] "GET /cormun/pexe_menudivfix.js HTTP/1.1" 404 1011
186.103.161.206 - - [11/Sep/2017:16:25:27 -0300] "GET /cormun/pexe_tabdivfix.js HTTP/1.1" 404 1009
186.103.161.206 - - [11/Sep/2017:16:25:27 -0300] "GET /cormun/pexe_grid.js HTTP/1.1" 404 999
186.103.161.206 - - [11/Sep/2017:16:25:27 -0300] "GET /cormun/pexe_griddivfix.js HTTP/1.1" 404 1011
186.103.161.206 - - [11/Sep/2017:16:25:28 -0300] "GET /cormun/pexe_picture.js HTTP/1.1" 404 1005
186.103.161.206 - - [11/Sep/2017:16:25:28 -0300] "GET /cormun/pexe_treedivfix.js HTTP/1.1" 404 1011
186.103.161.206 - - [11/Sep/2017:16:25:28 -0300] "GET /cormun/pexe_autoreload.js HTTP/1.1" 404 1011
186.103.161.206 - - [11/Sep/2017:16:25:28 -0300] "GET /cormun/pexe_menudivfix.js HTTP/1.1" 404 1011
186.103.161.206 - - [11/Sep/2017:16:25:28 -0300] "GET /cormun/pexe_tabdivfix.js HTTP/1.1" 404 1009
186.103.161.206 - - [11/Sep/2017:16:25:32 -0300] "POST /cormun/servlet/puconsultapgoce?c8249e97112919a5d73fd9ee2a3b87b6,6653600,MD,gxPopupLevel%3D0%3B,gx-no-cache=1505157970065 HTTP/1.1" 200 59
186.103.161.206 - - [11/Sep/2017:16:25:34 -0300] "POST /cormun/servlet/permisogoce?c8249e97112919a5d73fd9ee2a3b87b6,INS,0,,,,gx-no-cache=1505157971294 HTTP/1.1" 200 93
186.103.161.206 - - [11/Sep/2017:16:25:34 -0300] "GET /cormun/servlet/hpexe_return? HTTP/1.1" 200 997
186.103.161.206 - - [11/Sep/2017:16:25:34 -0300] "GET /cormun/servlet/trpermisosgoce HTTP/1.1" 200 9728
186.103.161.206 - - [11/Sep/2017:16:25:35 -0300] "GET /cormun/servlet/trpermisosgoce HTTP/1.1" 200 9723
186.103.159.44 - - [11/Sep/2017:16:25:40 -0300] "GET /cormun/servlet/solicitudot?2afb02cae0a2e15fc82c23039c9d4443fbc92e418a111fe0129172a4a7e5e8318ab1df79f38d80120e28744b696b8252ca90302378212876244ecf7eadc0fc740fa9541dd7af294c950ddc832cb8df07d7b9105f6f046bfd8c6e96b51cf3f52ad72eaeee9a3ea0f51feea88e817e50c6,gx-no-cache=1505157994224 HTTP/1.1" 200 29
186.103.159.44 - - [11/Sep/2017:16:25:41 -0300] "POST /cormun/servlet/solicitudot?gx-no-cache=1505157994733 HTTP/1.1" 200 1336
186.103.159.44 - - [11/Sep/2017:16:25:41 -0300] "GET /cormun/static/menuarrow.gif HTTP/1.1" 404 1015
186.103.161.206 - - [11/Sep/2017:16:25:41 -0300] "GET /cormun/servlet/apermisogoceprn?6653600,P,20170911162345,PU HTTP/1.1" 200 1662
186.103.159.44 - - [11/Sep/2017:16:25:42 -0300] "POST /cormun/servlet/solicitudot?gx-no-cache=1505157996477 HTTP/1.1" 200 1336
186.103.159.44 - - [11/Sep/2017:16:25:43 -0300] "GET /cormun/servlet/solicitudot?2afb02cae0a2e15fc82c23039c9d4443f22b17cf70c26793255df94b9d80455f5c87bc7113a425bed44ee48b6ac15a07,gx-no-cache=1505157997633 HTTP/1.1" 200 30
186.103.159.44 - - [11/Sep/2017:16:25:43 -0300] "POST /cormun/servlet/solicitudot?gx-no-cache=1505157997678 HTTP/1.1" 200 32
186.103.158.250 - - [11/Sep/2017:16:25:57 -0300] "POST /cormun/servlet/hlogin?cee6f0a329b564e7829b409be7d1ed1a,gx-no-cache=1505161730499 HTTP/1.1" 200 90
186.103.158.250 - - [11/Sep/2017:16:25:57 -0300] "GET /cormun/servlet/hpexe_link HTTP/1.1" 200 952
186.103.158.250 - - [11/Sep/2017:16:25:58 -0300] "GET /cormun/servlet/hhome HTTP/1.1" 200 3848
186.103.159.44 - - [11/Sep/2017:16:25:58 -0300] "POST /cormun/servlet/solicitudot?b97be04f1efd48b11544de6979568b28,INS,0,0,,gx-no-cache=1505158011976 HTTP/1.1" 200 93
186.103.159.44 - - [11/Sep/2017:16:25:58 -0300] "GET /cormun/servlet/hpexe_return? HTTP/1.1" 200 1029
186.103.159.44 - - [11/Sep/2017:16:25:58 -0300] "GET /cormun/servlet/trsolicitudot?gx-no-cache=1505157599659 HTTP/1.1" 200 9601
186.103.158.250 - - [11/Sep/2017:16:25:59 -0300] "GET /cormun/servlet/hhome HTTP/1.1" 200 3845
186.103.158.250 - - [11/Sep/2017:16:26:08 -0300] "GET /cormun/servlet/trsolicitudot? HTTP/1.1" 200 8924
186.103.158.250 - - [11/Sep/2017:16:26:10 -0300] "GET /cormun/servlet/trsolicitudot? HTTP/1.1" 200 8921
186.103.159.44 - - [11/Sep/2017:16:26:10 -0300] "POST /cormun/servlet/trsolicitudot?b97be04f1efd48b11544de6979568b28,gx-no-cache=1505157599659,gx-no-cache=1505158024034 HTTP/1.1" 200 6772
186.103.159.44 - - [11/Sep/2017:16:26:10 -0300] "POST /cormun/servlet/trsolicitudot?b97be04f1efd48b11544de6979568b28,gx-no-cache=1505157599659,gx-no-cache=1505158024591 HTTP/1.1" 200 6718
186.103.159.44 - - [11/Sep/2017:16:26:11 -0300] "GET /cormun/static/Shared/jqueryui/images/ui-bg_flat_55_fafafa_40x100.png HTTP/1.1" 404 1097
186.103.159.44 - - [11/Sep/2017:16:26:11 -0300] "GET /cormun/static/Shared/jqueryui/images/ui-icons_82798d_256x240.png HTTP/1.1" 404 1089
186.103.159.44 - - [11/Sep/2017:16:26:11 -0300] "GET /cormun/static/Shared/jqueryui/images/ui-icons_8d78a5_256x240.png HTTP/1.1" 404 1089
186.103.159.44 - - [11/Sep/2017:16:26:11 -0300] "GET /cormun/static/Shared/jqueryui/images/ui-bg_highlight-soft_100_c6c2c8_1x100.png HTTP/1.1" 404 1117
200.72.197.82 - - [11/Sep/2017:16:27:11 -0300] "GET /cormun/servlet/trpermisosadjuntos?6653600,20170911162345,P, HTTP/1.1" 200 6190
200.72.197.82 - - [11/Sep/2017:16:27:12 -0300] "GET /cormun/servlet/trpermisosadjuntos?6653600,20170911162345,P, HTTP/1.1" 200 6191
186.103.158.250 - - [11/Sep/2017:16:27:14 -0300] "GET /cormun/servlet/solicitudot?INS,0,0, HTTP/1.1" 200 12728
186.103.158.250 - - [11/Sep/2017:16:27:16 -0300] "GET /cormun/servlet/solicitudot?INS,0,0, HTTP/1.1" 200 12732
186.103.158.250 - - [11/Sep/2017:16:27:29 -0300] "POST /cormun/servlet/solicitudot?gx-no-cache=1505161822212 HTTP/1.1" 200 3245
186.103.158.250 - - [11/Sep/2017:16:27:29 -0300] "POST /cormun/servlet/solicitudot?cee6f0a329b564e7829b409be7d1ed1a,INS,0,0,,gx-no-cache=1505161822524 HTTP/1.1" 200 9916
157.55.39.67 - - [11/Sep/2017:16:27:39 -0300] "GET /cormun/servlet/vesolicitudot?2017,6363,_escaped_fragment_%3D,SolicitudOTLog&_escaped_fragment_= HTTP/1.1" 200 6929
186.103.158.250 - - [11/Sep/2017:16:27:47 -0300] "GET /cormun/servlet/solicitudot?cc767e0cfdf225b9039f3001555bd1d7e203bb789a885965eddddba29a9d6faf37737689f1cd98c6be9aa56070ed5808,gx-no-cache=1505161839712 HTTP/1.1" 200 30
186.103.158.250 - - [11/Sep/2017:16:27:47 -0300] "POST /cormun/servlet/solicitudot?gx-no-cache=1505161839794 HTTP/1.1" 200 240
186.103.158.250 - - [11/Sep/2017:16:27:47 -0300] "GET /cormun/servlet/solicitudot?cc767e0cfdf225b9039f3001555bd1d7d25d1ba4c3306a36a17fbfb4371e9a8fcec2a3a7ece05da9b9569e1652eb7577cd802eb4e2bafa41b1b7f58e0159dc493b6786180e83d232952d4deca57f18ec1df9f3eead59227615fb2208fcf09ba13856c13d27b3c99c899c426c9457bdebfb8a6be1509565dcc846190108eb23ab9fb9d65b1847181fd52d1f49696a2394b7aa13c579ce7950908427b934f184df9f901f2610518f6d84066d366a00e944c04baf67780074c864220e06f9f483b98cfc72790632cc13f58ce41f6563ddeb7656c57da1c6ee7abbd5b423e18c406c0cb7ba221726496b01c628ff413010e13c4589bddb12dbb7512c966179b2851a18d48ee5df0c1c4071505c30b206898b402584325acc3b1a60240454098985984c6681e66279262373c7b5a174d9457ce6adb0ddc4f6f205f5f6d4b4edde378cc1d58f661c73f33a5320a43ee5a81f67cd224b28b0d5365c429f92fb96274a0bf241e79969f387738ec9469f2d58b8498c6ea756c658f311b315bf83a4866546,gx-no-cache=1505161839911 HTTP/1.1" 200 30
186.103.158.250 - - [11/Sep/2017:16:27:58 -0300] "POST /cormun/servlet/solicitudot?gx-no-cache=1505161850770 HTTP/1.1" 200 30
186.103.158.250 - - [11/Sep/2017:16:27:58 -0300] "POST /cormun/servlet/solicitudot?gx-no-cache=1505161850847 HTTP/1.1" 200 1352
186.103.158.250 - - [11/Sep/2017:16:27:58 -0300] "POST /cormun/servlet/solicitudot?gx-no-cache=1505161850966 HTTP/1.1" 200 38
190.151.100.218 - - [11/Sep/2017:16:29:05 -0300] "GET /cormun/servlet/permisosadjuntos?INS,6653600,P,20170911162345,, HTTP/1.1" 200 5696
190.151.100.218 - - [11/Sep/2017:16:29:05 -0300] "GET /cormun/static/about:blank HTTP/1.1" 404 1011
190.151.100.218 - - [11/Sep/2017:16:29:06 -0300] "GET /cormun/servlet/permisosadjuntos?INS,6653600,P,20170911162345,, HTTP/1.1" 200 5686
186.103.158.250 - - [11/Sep/2017:16:29:23 -0300] "POST /cormun/servlet/solicitudot?gx-no-cache=1505161936189 HTTP/1.1" 200 1352
186.103.158.250 - - [11/Sep/2017:16:29:23 -0300] "POST /cormun/servlet/solicitudot?gx-no-cache=1505161936347 HTTP/1.1" 200 38
186.103.158.250 - - [11/Sep/2017:16:29:23 -0300] "GET /cormun/servlet/solicitudot?cc767e0cfdf225b9039f3001555bd1d72529fc58a12a3ed24e7f74267bd78799d5e5489cce2eadfcf6577ad6bad35f1ae335b41c5d931faffc844e5e7dd40be26330a3ac4b17cd047a6d3515a345980146e1bc1c9aed644247339810a3161e3e2ea27fee077cc5a92402ab0919a70378300b7f76c9b6d11d7bbaa936b9fe37d391d1cca3e4708aa14587e8e6c9cbca581e10680453e482261ed38e8630d601b2,gx-no-cache=1505161936447 HTTP/1.1" 200 29
186.103.158.250 - - [11/Sep/2017:16:29:23 -0300] "POST /cormun/servlet/solicitudot?gx-no-cache=1505161936508 HTTP/1.1" 200 1337
186.103.161.206 - - [11/Sep/2017:16:29:26 -0300] "POST /cormun/servlet/permisosadjuntos?c8249e97112919a5d73fd9ee2a3b87b6,INS,6653600,P,20170911162345,, HTTP/1.1" 200 116
186.103.161.206 - - [11/Sep/2017:16:29:26 -0300] "GET /cormun/servlet/hpexe_return? HTTP/1.1" 200 1023
186.103.161.206 - - [11/Sep/2017:16:29:26 -0300] "GET /cormun/servlet/trpermisosadjuntos?6653600,20170911162345,P, HTTP/1.1" 200 6709
186.103.161.206 - - [11/Sep/2017:16:29:27 -0300] "GET /cormun/servlet/trpermisosadjuntos?6653600,20170911162345,P, HTTP/1.1" 200 6708
186.103.161.206 - - [11/Sep/2017:16:29:30 -0300] "GET /cormun/servlet/permisosadjuntos?INS,6653600,P,20170911162345,, HTTP/1.1" 200 5697
186.103.161.206 - - [11/Sep/2017:16:29:31 -0300] "GET /cormun/servlet/permisosadjuntos?INS,6653600,P,20170911162345,, HTTP/1.1" 200 5687
200.72.197.82 - - [11/Sep/2017:16:29:37 -0300] "GET /cormun/servlet/trautorizarpermisogoce? HTTP/1.1" 200 8030
200.72.197.82 - - [11/Sep/2017:16:29:38 -0300] "GET /cormun/servlet/trautorizarpermisogoce? HTTP/1.1" 200 8012
186.103.158.250 - - [11/Sep/2017:16:29:47 -0300] "POST /cormun/servlet/solicitudot?gx-no-cache=1505161959753 HTTP/1.1" 200 30
200.72.197.82 - - [11/Sep/2017:16:29:50 -0300] "GET /cormun/servlet/trautorizarpermisogoce? HTTP/1.1" 200 8012
200.72.197.82 - - [11/Sep/2017:16:29:50 -0300] "GET /cormun/servlet/trautorizarpermisogoce? HTTP/1.1" 200 8012
186.103.158.250 - - [11/Sep/2017:16:29:57 -0300] "POST /cormun/servlet/solicitudot?gx-no-cache=1505161970124 HTTP/1.1" 200 1431
186.103.158.250 - - [11/Sep/2017:16:29:57 -0300] "GET /cormun/static/Shared/jqueryui/images/ui-bg_highlight-soft_100_c6c2c8_1x100.png HTTP/1.1" 404 1117
186.103.158.250 - - [11/Sep/2017:16:29:57 -0300] "GET /cormun/static/Shared/jqueryui/images/ui-icons_82798d_256x240.png HTTP/1.1" 404 1089
186.103.158.250 - - [11/Sep/2017:16:29:57 -0300] "GET /cormun/static/Shared/jqueryui/images/ui-bg_flat_55_994d53_40x100.png HTTP/1.1" 404 1097
186.103.158.250 - - [11/Sep/2017:16:29:58 -0300] "GET /cormun/static/Shared/jqueryui/images/ui-icons_ebccce_256x240.png HTTP/1.1" 404 1089
200.72.197.82 - - [11/Sep/2017:16:30:00 -0300] "GET /cormun/servlet/permisosadjuntos?INS,6653600,P,20170911162345,, HTTP/1.1" 200 5697
200.72.197.82 - - [11/Sep/2017:16:30:00 -0300] "GET /cormun/servlet/permisosadjuntos?INS,6653600,P,20170911162345,, HTTP/1.1" 200 5687
200.72.197.82 - - [11/Sep/2017:16:30:03 -0300] "GET /cormun/servlet/trpermisosgoce? HTTP/1.1" 200 9731
200.72.197.82 - - [11/Sep/2017:16:30:04 -0300] "GET /cormun/servlet/trpermisosgoce? HTTP/1.1" 200 9724
200.72.197.82 - - [11/Sep/2017:16:30:11 -0300] "GET /cormun/servlet/trpermisosadjuntos?6653600,20170911162345,P, HTTP/1.1" 200 6707
200.72.197.82 - - [11/Sep/2017:16:30:11 -0300] "GET /cormun/servlet/trpermisosadjuntos?6653600,20170911162345,P, HTTP/1.1" 200 6708
200.72.197.82 - - [11/Sep/2017:16:30:17 -0300] "GET /cormun/servlet/trpermisosgoce? HTTP/1.1" 200 9724
200.72.197.82 - - [11/Sep/2017:16:30:18 -0300] "GET /cormun/servlet/trpermisosgoce? HTTP/1.1" 200 9717
200.72.197.82 - - [11/Sep/2017:16:30:27 -0300] "POST /cormun/servlet/trpermisosgoce?c8249e97112919a5d73fd9ee2a3b87b6,,gx-no-cache=1505158263978 HTTP/1.1" 200 6916
200.72.197.82 - - [11/Sep/2017:16:30:28 -0300] "GET /cormun/static/Shared/jqueryui/images/ui-bg_highlight-soft_100_c6c2c8_1x100.png HTTP/1.1" 404 1117
200.72.197.82 - - [11/Sep/2017:16:30:28 -0300] "GET /cormun/static/Shared/jqueryui/images/ui-bg_flat_55_fafafa_40x100.png HTTP/1.1" 404 1097
200.72.197.82 - - [11/Sep/2017:16:30:28 -0300] "GET /cormun/static/Shared/jqueryui/images/ui-icons_8d78a5_256x240.png HTTP/1.1" 404 1089
186.103.132.155 - - [11/Sep/2017:16:30:28 -0300] "GET /cormun/static/Shared/jqueryui/images/ui-icons_82798d_256x240.png HTTP/1.1" 404 1089
186.103.132.155 - - [11/Sep/2017:16:30:39 -0300] "GET /cormun/servlet/trlicenciaspermisoslog?16792427,P,20170911095338, HTTP/1.1" 200 6616
186.103.132.155 - - [11/Sep/2017:16:30:40 -0300] "GET /cormun/servlet/trlicenciaspermisoslog?16792427,P,20170911095338, HTTP/1.1" 200 6617
200.72.197.82 - - [11/Sep/2017:16:30:46 -0300] "GET /cormun/servlet/trpermisosgoce? HTTP/1.1" 200 9694
200.72.197.82 - - [11/Sep/2017:16:30:47 -0300] "GET /cormun/servlet/trpermisosgoce? HTTP/1.1" 200 9686
186.103.161.206 - - [11/Sep/2017:16:31:27 -0300] "GET /cormun/servlet/trpermisosgoce? HTTP/1.1" 200 9687
186.103.161.206 - - [11/Sep/2017:16:31:27 -0300] "GET /cormun/servlet/trpermisosgoce? HTTP/1.1" 200 9687
186.103.161.206 - - [11/Sep/2017:16:31:30 -0300] "GET /cormun/servlet/permisogoce?INS,0,,, HTTP/1.1" 200 6904
186.103.161.206 - - [11/Sep/2017:16:31:31 -0300] "GET /cormun/servlet/permisogoce?INS,0,,, HTTP/1.1" 200 6904
186.103.159.189 - - [11/Sep/2017:16:31:34 -0300] "GET /cormun/servlet/solicitudot?666d14337b1f3f9e3e4a215c6129214de2b4ec97c2be09cf55e07addb277bb69fdac7ecaa51488c7d673cae9a84f0941347bc3467276cfe31886666d57bffa7e19131d5f173ba8586fc5bc6157aebf9fe4050ea2a5c25c83b25c54e4025ab00af766e5e510acc33a1598bdba3a3d822e224035cc2542e25f200fae49523949d3e4941b520d05721c282a9c7607b5fddd3259c3811242e6d42ec0e371b0b2a375cd4e6ad0abc4e4157230cf1978c792307b7251530353d4f17e2f1e1d11e4a2c984bf409972e9908307533e4ba2d90078f3179ba8b26c2793c7afa15d0ea8be92fa37fc42b67a60e7fbf7f1478c84795bc4606c32b457150ba443cde7ffe5f60c11aaec34b5cd76306274e641384f9ae95091d84d87d3eecd6305e22976a424379c10a49fd92af6e610bad68047a6e39cabf93cefedfec89c3cefc8cbfdbaa335d5bb491a4f982acab98e911a5eabb151fc8ee698cae23102b52d1471c1b9ba3ba94a15897b5353357a35fea5cc69e212b7787e45b3f026bfe24ad057d60087be776dc77532726a785e8400f1bb442016,gx-no-cache=1505158331547 HTTP/1.1" 200 30
186.103.159.189 - - [11/Sep/2017:16:31:34 -0300] "POST /cormun/servlet/solicitudot?gx-no-cache=1505158331677 HTTP/1.1" 200 30
186.103.159.189 - - [11/Sep/2017:16:31:34 -0300] "POST /cormun/servlet/solicitudot?gx-no-cache=1505158331743 HTTP/1.1" 200 1352
186.103.159.189 - - [11/Sep/2017:16:31:35 -0300] "POST /cormun/servlet/solicitudot?gx-no-cache=1505158331840 HTTP/1.1" 200 41
186.103.159.189 - - [11/Sep/2017:16:31:35 -0300] "POST /cormun/servlet/solicitudot?gx-no-cache=1505158331952 HTTP/1.1" 200 1336
186.103.159.189 - - [11/Sep/2017:16:31:35 -0300] "GET /cormun/servlet/solicitudot?666d14337b1f3f9e3e4a215c6129214d82213c9051798f5d03ac65f7044f3073ead8bb281908f4287463032e23c74a62,gx-no-cache=1505158332065 HTTP/1.1" 200 30
186.103.159.189 - - [11/Sep/2017:16:31:35 -0300] "POST /cormun/servlet/solicitudot?gx-no-cache=1505158332154 HTTP/1.1" 200 30
186.103.159.189 - - [11/Sep/2017:16:31:35 -0300] "POST /cormun/servlet/solicitudot?d63337f731a3fbdfd0c1040e219d1243,INS,0,0,,gx-no-cache=1505158332220 HTTP/1.1" 200 93
186.103.159.189 - - [11/Sep/2017:16:31:36 -0300] "GET /cormun/servlet/hpexe_return? HTTP/1.1" 200 1009
186.103.159.189 - - [11/Sep/2017:16:31:36 -0300] "GET /cormun/static/gxcfg.js?2016101716175148 HTTP/1.1" 200 953
186.103.159.189 - - [11/Sep/2017:16:31:36 -0300] "GET /cormun/static/hpexe_return.js?2016101716175153 HTTP/1.1" 200 1633
