157.55.39.67 - - [11/Sep/2017:13:52:50 -0300] "GET /cormun/static/calendar-system.css?75620 HTTP/1.1" 200 5572
157.55.39.67 - - [11/Sep/2017:13:52:50 -0300] "GET /cormun/static/gxpopupSD.js?85251 HTTP/1.1" 200 22377
157.55.39.67 - - [11/Sep/2017:13:52:50 -0300] "GET /cormun/static/rijndaelSD.js?85251 HTTP/1.1" 200 6763
157.55.39.198 - - [11/Sep/2017:13:52:51 -0300] "GET /cormun/static/gxfrmutlSD.js?85251 HTTP/1.1" 200 89044
157.55.39.198 - - [11/Sep/2017:13:52:51 -0300] "GET /cormun/static/gxgridSD.js?85251 HTTP/1.1" 200 50735
157.55.39.198 - - [11/Sep/2017:13:52:52 -0300] "GET /cormun/static/gxhtmlSD.js?85251 HTTP/1.1" 200 50424
157.55.39.198 - - [11/Sep/2017:13:52:53 -0300] "GET /cormun/static/hpexe_recentlink.js?20177611595044 HTTP/1.1" 200 2144
157.55.39.198 - - [11/Sep/2017:13:52:53 -0300] "GET /cormun/static/trvisualizadoreventos.js?20175251251768 HTTP/1.1" 200 19318
157.55.39.7 - - [11/Sep/2017:13:52:54 -0300] "GET /cormun/static/gxapiSD.js?85251 HTTP/1.1" 200 78773
157.55.39.7 - - [11/Sep/2017:13:52:55 -0300] "GET /cormun/static/gxgralSD.js?85251 HTTP/1.1" 200 20927
186.79.21.11 - - [11/Sep/2017:13:53:20 -0300] "POST /cormun/servlet/solicitudot?62b9f02fa5ce46b20667a75d309a3475,INS,0,0,,gx-no-cache=1505148837749 HTTP/1.1" 200 93
186.79.21.11 - - [11/Sep/2017:13:53:21 -0300] "GET /cormun/servlet/hpexe_return? HTTP/1.1" 200 1004
186.79.21.11 - - [11/Sep/2017:13:53:21 -0300] "GET /cormun/servlet/trsolicitudot HTTP/1.1" 200 16652
186.79.21.11 - - [11/Sep/2017:13:53:23 -0300] "GET /cormun/servlet/trsolicitudot HTTP/1.1" 200 16648
186.79.21.11 - - [11/Sep/2017:13:53:30 -0300] "GET /cormun/servlet/hlogin HTTP/1.1" 200 1732
186.79.107.127 - - [11/Sep/2017:13:55:38 -0300] "GET /cormun/servlet/hlogin HTTP/1.1" 200 1726
186.103.159.188 - - [11/Sep/2017:13:55:58 -0300] "POST /cormun/servlet/hlogin?dcb172aacb990bea4a0c0076eecf7d5e,gx-no-cache=1505148977808 HTTP/1.1" 200 90
186.103.159.188 - - [11/Sep/2017:13:55:58 -0300] "GET /cormun/servlet/hpexe_link HTTP/1.1" 200 952
186.103.159.188 - - [11/Sep/2017:13:55:58 -0300] "GET /cormun/servlet/hhome HTTP/1.1" 200 3843
186.103.159.188 - - [11/Sep/2017:13:55:58 -0300] "GET /cormun/servlet/hhome HTTP/1.1" 200 3840
186.103.159.188 - - [11/Sep/2017:13:56:02 -0300] "GET /cormun/servlet/trlicencias? HTTP/1.1" 200 14078
186.103.159.188 - - [11/Sep/2017:13:56:02 -0300] "GET /cormun/static/Resources/Spanish/PXTools.css?17315867 HTTP/1.1" 304 -
186.103.159.188 - - [11/Sep/2017:13:56:02 -0300] "GET /cormun/static/trlicencias.js?20176272054837 HTTP/1.1" 304 -
186.103.159.188 - - [11/Sep/2017:13:56:03 -0300] "GET /cormun/servlet/trlicencias? HTTP/1.1" 200 14075
186.103.159.188 - - [11/Sep/2017:13:56:16 -0300] "GET /cormun/servlet/licenciaspermisos?INS,0,,, HTTP/1.1" 200 7367
186.103.159.188 - - [11/Sep/2017:13:56:16 -0300] "GET /cormun/static/licenciaspermisos.js?201762917281260 HTTP/1.1" 304 -
186.103.159.188 - - [11/Sep/2017:13:56:16 -0300] "GET /cormun/servlet/licenciaspermisos?INS,0,,, HTTP/1.1" 200 7367
186.103.159.188 - - [11/Sep/2017:13:56:27 -0300] "GET /cormun/servlet/prfichaempleado?,MD,,gxPopupLevel%3D0%3B HTTP/1.1" 200 9267
186.103.159.188 - - [11/Sep/2017:13:56:36 -0300] "POST /cormun/servlet/prfichaempleado?dcb172aacb990bea4a0c0076eecf7d5e,,MD,,gxPopupLevel%3D0%3B,gx-no-cache=1505149032129 HTTP/1.1" 200 3202
186.103.159.188 - - [11/Sep/2017:13:56:44 -0300] "POST /cormun/servlet/prfichaempleado?dcb172aacb990bea4a0c0076eecf7d5e,,MD,,gxPopupLevel%3D0%3B,gx-no-cache=1505149040514 HTTP/1.1" 200 3440
186.103.161.206 - - [11/Sep/2017:13:56:49 -0300] "GET /cormun/servlet/trsolicitudot? HTTP/1.1" 200 11983
186.103.159.188 - - [11/Sep/2017:13:56:50 -0300] "GET /cormun/servlet/licenciaspermisos?ff8789a4c04c4aba0040f38eafa561271f635d25903388770d80700550e84468236e4b17c342a08e5ddb05a895982a92,gx-no-cache=1505149046442 HTTP/1.1" 200 113
186.103.159.188 - - [11/Sep/2017:13:56:50 -0300] "POST /cormun/servlet/licenciaspermisos?dcb172aacb990bea4a0c0076eecf7d5e,INS,0,,,,gx-no-cache=1505149046515 HTTP/1.1" 200 4594
186.103.161.206 - - [11/Sep/2017:13:56:51 -0300] "GET /cormun/servlet/trsolicitudot? HTTP/1.1" 200 11976
186.103.161.206 - - [11/Sep/2017:13:57:01 -0300] "GET /cormun/servlet/solicitudot?INS,0,0, HTTP/1.1" 200 12916
186.103.161.206 - - [11/Sep/2017:13:57:02 -0300] "GET /cormun/servlet/solicitudot?INS,0,0, HTTP/1.1" 200 12921
186.103.161.206 - - [11/Sep/2017:13:57:06 -0300] "GET /cormun/servlet/prfichaempleado?,MD,,gxPopupLevel%3D0%3B HTTP/1.1" 200 9274
200.120.230.130 - - [11/Sep/2017:13:57:14 -0300] "GET /cormun/servlet/licenciaspermisos?8b515d6ae9df742e5cf4c50113948f7c55653af2f48d0164f75cc2802a1d3d1c314672905ce9d0ec923df3afc5e7e631e31bb04e83184eb6fc8547968613644c4108c74450e684a454e35b19bb2bc103a3b5004a1f42f458c7723169d18e7f91a65a6b9fcd6a96698cf28e6d327766d46b2da0f7a46f905d8e0c51fb46b6eab14c899877ec82718382c840ceb2d5ed87eedd41fe49eb9c3f14e21cad0f34d0485806e0e5af6e4c4d52d0001e19c442d4bd3fac8c35a32411f86f25dfb7f2edf27d146f0ef149c33b072932bfc465846daa6cef1faab6b6a348d020936e587e51,gx-no-cache=1505150032814 HTTP/1.1" 200 30
186.103.161.206 - - [11/Sep/2017:13:57:18 -0300] "POST /cormun/servlet/prfichaempleado?cbaa3d24e1e6a45d3cfa0615ba85fb80,,MD,,gxPopupLevel%3D0%3B,gx-no-cache=1505149074841 HTTP/1.1" 200 3190
186.103.159.188 - - [11/Sep/2017:13:57:23 -0300] "GET /cormun/static/menuarrow.gif HTTP/1.1" 404 1015
200.120.230.130 - - [11/Sep/2017:13:57:26 -0300] "GET /cormun/servlet/licenciaspermisos?8b515d6ae9df742e5cf4c50113948f7c55653af2f48d0164f75cc2802a1d3d1c54b0f20bea1039a2826c85d8120c81e3e31bb04e83184eb6fc8547968613644c4108c74450e684a454e35b19bb2bc103a3b5004a1f42f458c7723169d18e7f91a65a6b9fcd6a96698cf28e6d327766d46b2da0f7a46f905d8e0c51fb46b6eab14c899877ec82718382c840ceb2d5ed87eedd41fe49eb9c3f14e21cad0f34d0485806e0e5af6e4c4d52d0001e19c442d4bd3fac8c35a32411f86f25dfb7f2edf27d146f0ef149c33b072932bfc465846daa6cef1faab6b6a348d020936e587e51,gx-no-cache=1505150044674 HTTP/1.1" 200 30
200.120.230.130 - - [11/Sep/2017:13:57:26 -0300] "POST /cormun/servlet/licenciaspermisos?0f20de47d4734dc19b42b5af02043a6f,INS,0,,,,gx-no-cache=1505150044732 HTTP/1.1" 200 4661
190.151.100.218 - - [11/Sep/2017:13:57:42 -0300] "POST /cormun/servlet/solicitudot?gx-no-cache=1505149098388 HTTP/1.1" 200 3221
190.151.100.218 - - [11/Sep/2017:13:57:42 -0300] "POST /cormun/servlet/solicitudot?cbaa3d24e1e6a45d3cfa0615ba85fb80,INS,0,0,,gx-no-cache=1505149098827 HTTP/1.1" 200 10089
200.120.230.130 - - [11/Sep/2017:13:57:52 -0300] "GET /cormun/servlet/licenciaspermisos?8b515d6ae9df742e5cf4c50113948f7c1542fbdddd26c9a8d50541d73e6deda9b63e52e277bee6df341f8993690eb5ec597056de3885ccad12ce110c9b4cb39bff0696fa2f356df0b0f05c392fc045616d6834eccfa23e5e09e42ba5d5b48edb80318c12366ba3eaaec9ca838dcadd1119192c12bdcd093c0a44158686337f1060998d8c8885d385456395b0bf3be49f84eb14401bcd9a1a2c3be54256df95e373c61c7326bc307f5a0fb72b8395ee86019c5fea15110e8e82c0439f90f5620dfce3fea630825a680ebbdda5566e423135b8c1a5fe6c44ad01cac5b60a7c702cacd2efaf6d17d7e3f87dad7aead929fa,gx-no-cache=1505150070015 HTTP/1.1" 200 61
190.151.100.218 - - [11/Sep/2017:13:57:57 -0300] "GET /cormun/servlet/solicitudot?0cf18b15a423770ca7f9668d2d69b212faab189f78578b6e463988e68609a12121a477018c7d6e4406b5b73b0e6fa8b3,gx-no-cache=1505149113647 HTTP/1.1" 200 30
190.151.100.218 - - [11/Sep/2017:13:57:57 -0300] "POST /cormun/servlet/solicitudot?gx-no-cache=1505149113723 HTTP/1.1" 200 255
190.151.100.218 - - [11/Sep/2017:13:57:57 -0300] "GET /cormun/servlet/solicitudot?0cf18b15a423770ca7f9668d2d69b212bdacee7e978643b19ec50c022b950da219401c3f291c34b175dad3cd381a564e0a01ea568c46655ef76a7235f236744e72cc6ad2817b4fde9901c4970e47dd5945f3eeac75fb84fe6ac97a8559210a4bdfcb3e815e51c359b80cda1e881aa788b4cbe5995bb3d8ed1fceea9d6c6e4d873b53b4dfa44e0e2e13ac0afa17d88f8c472fc2f553f1d9a16787ba62421e48e2cbc05e5bc948747e436858f1791b6c5fbc9cce323144f4f89b8f85a2be87733fa5122b1350c4edc2bece8e3f29fe86300fe6ac17f6e221385ef7f7697ae541b8028ece187fc1ff3d3635f67df183d0be3cb1255e1be28e52757fcb4ebb1cd0322cae97dd9110095e63c32503df53ea84a0790af7a066238bbd4d5433ebc2d2a9242567d622e2b02e84865585cd6993b0b7e2b17f34f2df5b6817f14565be56501ae59f3f1b5d3544ea24c63f758a50c78514d78d0a3682888a2bb1b9cc26240d17358db6051f35840f0284d31da4e597a8850bc2dc9ef0c4b154da95d517fe41,gx-no-cache=1505149113819 HTTP/1.1" 200 30
200.120.230.130 - - [11/Sep/2017:13:58:03 -0300] "POST /cormun/servlet/licenciaspermisos?0f20de47d4734dc19b42b5af02043a6f,INS,0,,,,gx-no-cache=1505150080693 HTTP/1.1" 200 93
200.120.230.130 - - [11/Sep/2017:13:58:03 -0300] "GET /cormun/servlet/hpexe_return? HTTP/1.1" 200 1011
200.120.230.130 - - [11/Sep/2017:13:58:03 -0300] "GET /cormun/static/hpexe_return.js?2016101716175153 HTTP/1.1" 200 1633
200.120.230.130 - - [11/Sep/2017:13:58:03 -0300] "GET /cormun/static/gxcfg.js?2016101716175148 HTTP/1.1" 200 953
200.120.230.130 - - [11/Sep/2017:13:58:03 -0300] "GET /cormun/static/Resources/Spanish/PXTools.css?167811 HTTP/1.1" 200 89042
200.120.230.130 - - [11/Sep/2017:13:58:03 -0300] "GET /cormun/servlet/trlicencias HTTP/1.1" 200 9933
200.120.230.130 - - [11/Sep/2017:13:58:04 -0300] "GET /cormun//static/Resources/PXToolsGridUpdate.png HTTP/1.1" 200 2984
200.120.230.130 - - [11/Sep/2017:13:58:04 -0300] "GET /cormun//static/Resources/PXToolsGridDelete.png HTTP/1.1" 200 357
200.120.230.130 - - [11/Sep/2017:13:58:04 -0300] "GET /cormun/servlet/trlicencias HTTP/1.1" 200 9928
200.120.230.130 - - [11/Sep/2017:13:58:10 -0300] "GET /cormun/servlet/alicenciaprn?17279322,L,20170911000000,PU HTTP/1.1" 200 1629
190.151.100.218 - - [11/Sep/2017:13:58:35 -0300] "POST /cormun/servlet/solicitudot?gx-no-cache=1505149151091 HTTP/1.1" 200 30
186.103.132.155 - - [11/Sep/2017:13:59:05 -0300] "POST /cormun/servlet/solicitudot?gx-no-cache=1505149181682 HTTP/1.1" 200 1352
186.103.132.155 - - [11/Sep/2017:13:59:05 -0300] "POST /cormun/servlet/solicitudot?gx-no-cache=1505149181968 HTTP/1.1" 200 38
186.103.159.188 - - [11/Sep/2017:13:59:48 -0300] "GET /cormun/servlet/licenciaspermisos?ff8789a4c04c4aba0040f38eafa56127132e09430fb9b9a75c8dc1514119504f6cf0e5ab6e0ad90a4ed2d6b722a4acd5adfff16778aaa27e50ce7017cea0dc73d8927ff7b25448c30d0f118196ba77e21bd3f6f33418142b4afea3d878a7e3bb4f92189ec15fe8f29436d14403b37c8dd14a1c1a72226349e84376946d4096d088b42307863859c45d8ddf7a3b982325a03435d0d442d98a172e6294ad2bce58cfa042695320fd546e14720492cedbae,gx-no-cache=1505149224582 HTTP/1.1" 200 30
186.103.159.188 - - [11/Sep/2017:13:59:48 -0300] "GET /cormun/servlet/licenciaspermisos?ff8789a4c04c4aba0040f38eafa56127552ed3a7106dc0b552d9439a663d28ce94f1e4368db7cf38cd70cf26884da5ee3d47014b269a9a295f1b48699cf60239f5b6462a41f73ae5868f42eaed0c9e4639d90033dd4628d06c7c5f329f2b39fe69ec4c92c7515da7387e7b8cf889e5b86b8b3066fe35777bcad11ba0d45ee1145030f719152681b7817aa47f7b838b03d59e4812f46cf25dfa9d2e3da7965835fac343ad81be8a18322da3aac4e68a66,gx-no-cache=1505149224632 HTTP/1.1" 200 29
186.103.159.188 - - [11/Sep/2017:13:59:48 -0300] "POST /cormun/servlet/licenciaspermisos?dcb172aacb990bea4a0c0076eecf7d5e,INS,0,,,,gx-no-cache=1505149224653 HTTP/1.1" 200 93
186.103.159.188 - - [11/Sep/2017:13:59:48 -0300] "GET /cormun/servlet/hpexe_return? HTTP/1.1" 200 1014
186.103.159.188 - - [11/Sep/2017:13:59:49 -0300] "GET /cormun/servlet/trlicencias HTTP/1.1" 200 14434
186.103.159.188 - - [11/Sep/2017:13:59:49 -0300] "GET /cormun/servlet/trlicencias HTTP/1.1" 200 14429
186.103.159.188 - - [11/Sep/2017:13:59:57 -0300] "GET /cormun/servlet/trlicenciaspermisosadjuntos?16846409,20170911000000,L, HTTP/1.1" 200 6198
186.103.159.188 - - [11/Sep/2017:13:59:57 -0300] "GET /cormun/static/trlicenciaspermisosadjuntos.js?20177612163719 HTTP/1.1" 304 -
186.103.159.188 - - [11/Sep/2017:13:59:57 -0300] "GET /cormun/servlet/trlicenciaspermisosadjuntos?16846409,20170911000000,L, HTTP/1.1" 200 6199
186.103.159.188 - - [11/Sep/2017:13:59:59 -0300] "GET /cormun/servlet/licenciaspermisosadjuntos?INS,16846409,L,20170911000000,, HTTP/1.1" 200 5498
186.103.159.188 - - [11/Sep/2017:13:59:59 -0300] "GET /cormun/static/licenciaspermisosadjuntos.js?201776126362 HTTP/1.1" 304 -
186.103.159.188 - - [11/Sep/2017:13:59:59 -0300] "GET /cormun/static/about:blank HTTP/1.1" 404 1011
186.103.159.188 - - [11/Sep/2017:13:59:59 -0300] "GET /cormun/servlet/licenciaspermisosadjuntos?INS,16846409,L,20170911000000,, HTTP/1.1" 200 5488
200.112.4.254 - - [11/Sep/2017:14:00:04 -0300] "POST /cormun/servlet/solicitudot?gx-no-cache=1505149239416 HTTP/1.1" 200 3126
200.112.4.254 - - [11/Sep/2017:14:00:05 -0300] "POST /cormun/servlet/solicitudot?b743d7aba3705e7c6efb492ac33c4f48,INS,0,0,,gx-no-cache=1505149240361 HTTP/1.1" 200 9983
186.103.159.188 - - [11/Sep/2017:14:00:13 -0300] "POST /cormun/servlet/licenciaspermisosadjuntos?dcb172aacb990bea4a0c0076eecf7d5e,INS,16846409,L,20170911000000,, HTTP/1.1" 200 116
186.103.159.188 - - [11/Sep/2017:14:00:13 -0300] "GET /cormun/servlet/hpexe_return? HTTP/1.1" 200 1043
186.103.159.188 - - [11/Sep/2017:14:00:13 -0300] "GET /cormun/servlet/trlicenciaspermisosadjuntos?16846409,20170911000000,L, HTTP/1.1" 200 6678
186.103.159.188 - - [11/Sep/2017:14:00:13 -0300] "GET /cormun/servlet/trlicenciaspermisosadjuntos?16846409,20170911000000,L, HTTP/1.1" 200 6675
186.103.132.155 - - [11/Sep/2017:14:00:15 -0300] "GET /cormun/servlet/solicitudot?0cf18b15a423770ca7f9668d2d69b2125bf46e50cd83a7d43c58a79a52de0cb6665e6e02b72b6f8ba2918f5cb0d93128cc445071b757d3c2d1367677dc6f3f8bf51d3ea2018d0fc2612d690a94bca86e56548afa0a2265f06e2b5f1d4755870bbb71ed282859d852ec04b3ce1292fd9dd37a386350dc673acd4fa693a522fffe6e86050a8f8b5b08d85a220f23e02c646ac0528566123d95e77624ff2b627129,gx-no-cache=1505149251103 HTTP/1.1" 200 29
186.103.132.155 - - [11/Sep/2017:14:00:15 -0300] "POST /cormun/servlet/solicitudot?gx-no-cache=1505149251225 HTTP/1.1" 200 1337
186.103.132.155 - - [11/Sep/2017:14:00:15 -0300] "GET /cormun/static/menuarrow.gif HTTP/1.1" 404 1015
200.120.230.130 - - [11/Sep/2017:14:00:15 -0300] "GET /cormun/servlet/trlicenciaspermisosadjuntos?17279322,20170911000000,L, HTTP/1.1" 200 6232
200.120.230.130 - - [11/Sep/2017:14:00:15 -0300] "GET /cormun/static/gxcfg.js?20177612163414 HTTP/1.1" 200 953
200.120.230.130 - - [11/Sep/2017:14:00:15 -0300] "GET /cormun/static/trlicenciaspermisosadjuntos.js?20177612163719 HTTP/1.1" 200 21036
200.120.230.130 - - [11/Sep/2017:14:00:16 -0300] "GET /cormun/servlet/trlicenciaspermisosadjuntos?17279322,20170911000000,L, HTTP/1.1" 200 6233
186.103.159.188 - - [11/Sep/2017:14:00:17 -0300] "GET /cormun/servlet/trlicencias? HTTP/1.1" 200 14439
186.103.132.155 - - [11/Sep/2017:14:00:17 -0300] "POST /cormun/servlet/solicitudot?gx-no-cache=1505149253538 HTTP/1.1" 200 1337
186.103.159.188 - - [11/Sep/2017:14:00:17 -0300] "GET /cormun/servlet/trlicencias? HTTP/1.1" 200 14429
200.120.230.130 - - [11/Sep/2017:14:00:18 -0300] "GET /cormun/servlet/licenciaspermisosadjuntos?INS,17279322,L,20170911000000,, HTTP/1.1" 200 5531
200.120.230.130 - - [11/Sep/2017:14:00:18 -0300] "GET /cormun/static/gxcfg.js?2017761263592 HTTP/1.1" 200 953
200.120.230.130 - - [11/Sep/2017:14:00:18 -0300] "GET /cormun/static/licenciaspermisosadjuntos.js?201776126362 HTTP/1.1" 200 8760
200.120.230.130 - - [11/Sep/2017:14:00:18 -0300] "GET /cormun/static/about:blank HTTP/1.1" 404 1011
200.120.230.130 - - [11/Sep/2017:14:00:19 -0300] "GET /cormun/servlet/licenciaspermisosadjuntos?INS,17279322,L,20170911000000,, HTTP/1.1" 200 5521
186.103.132.155 - - [11/Sep/2017:14:00:25 -0300] "GET /cormun/servlet/solicitudot?0cf18b15a423770ca7f9668d2d69b212488f72b2b82f2372df8ecc8e52466b3a731da451af244b5681778064639cd821,gx-no-cache=1505149261200 HTTP/1.1" 200 30
186.103.159.188 - - [11/Sep/2017:14:00:28 -0300] "GET /cormun/servlet/alicenciaprn?16846409,L,20170911000000,PU HTTP/1.1" 200 1542
200.120.230.130 - - [11/Sep/2017:14:00:40 -0300] "POST /cormun/servlet/licenciaspermisosadjuntos?0f20de47d4734dc19b42b5af02043a6f,INS,17279322,L,20170911000000,, HTTP/1.1" 200 116
200.120.230.130 - - [11/Sep/2017:14:00:40 -0300] "GET /cormun/servlet/hpexe_return? HTTP/1.1" 200 1042
200.120.230.130 - - [11/Sep/2017:14:00:40 -0300] "GET /cormun/servlet/trlicenciaspermisosadjuntos?17279322,20170911000000,L, HTTP/1.1" 200 6719
200.120.230.130 - - [11/Sep/2017:14:00:41 -0300] "GET /cormun/servlet/trlicenciaspermisosadjuntos?17279322,20170911000000,L, HTTP/1.1" 200 6717
200.120.230.130 - - [11/Sep/2017:14:00:41 -0300] "GET /cormun/PublicTempStorage/20170911_134648licencia_america_416601387.jpg HTTP/1.1" 200 1209830
200.120.230.130 - - [11/Sep/2017:14:00:45 -0300] "GET /cormun/servlet/trlicencias? HTTP/1.1" 200 9929
200.120.230.130 - - [11/Sep/2017:14:00:46 -0300] "GET /cormun/servlet/trlicencias? HTTP/1.1" 200 9928
200.120.230.130 - - [11/Sep/2017:14:00:56 -0300] "POST /cormun/servlet/trlicencias?0f20de47d4734dc19b42b5af02043a6f,,gx-no-cache=1505150254333 HTTP/1.1" 200 7266
200.120.230.130 - - [11/Sep/2017:14:00:56 -0300] "GET /cormun/static/Shared/jqueryui/images/ui-bg_highlight-soft_100_c6c2c8_1x100.png HTTP/1.1" 404 1117
200.120.230.130 - - [11/Sep/2017:14:00:56 -0300] "GET /cormun/static/Shared/jqueryui/images/ui-icons_82798d_256x240.png HTTP/1.1" 404 1089
200.120.230.130 - - [11/Sep/2017:14:00:56 -0300] "GET /cormun/static/Shared/jqueryui/images/ui-icons_8d78a5_256x240.png HTTP/1.1" 404 1089
200.120.230.130 - - [11/Sep/2017:14:00:56 -0300] "GET /cormun/static/Shared/jqueryui/images/ui-bg_flat_55_fafafa_40x100.png HTTP/1.1" 404 1097
200.112.4.254 - - [11/Sep/2017:14:01:08 -0300] "GET /cormun/servlet/prfichaempleado?,MD,,gxPopupLevel%3D0%3B HTTP/1.1" 200 9352
200.112.4.254 - - [11/Sep/2017:14:01:08 -0300] "GET /cormun/static/gxcfg.js?20177612134814 HTTP/1.1" 200 953
200.112.4.254 - - [11/Sep/2017:14:01:09 -0300] "GET /cormun/static/prfichaempleado.js?20177612134999 HTTP/1.1" 304 -
200.112.4.254 - - [11/Sep/2017:14:01:09 -0300] "GET /cormun/static/menusearch.js?201610171694467 HTTP/1.1" 304 -
200.112.4.254 - - [11/Sep/2017:14:01:09 -0300] "GET /cormun/static/hmpwkw011.js?20177612121862 HTTP/1.1" 304 -
200.112.4.254 - - [11/Sep/2017:14:01:25 -0300] "POST /cormun/servlet/prfichaempleado?b743d7aba3705e7c6efb492ac33c4f48,,MD,,gxPopupLevel%3D0%3B,gx-no-cache=1505149320032 HTTP/1.1" 200 3176
186.103.161.206 - - [11/Sep/2017:14:01:35 -0300] "POST /cormun/servlet/solicitudot?gx-no-cache=1505149331689 HTTP/1.1" 200 30
186.103.161.206 - - [11/Sep/2017:14:01:35 -0300] "POST /cormun/servlet/solicitudot?gx-no-cache=1505149331857 HTTP/1.1" 200 1352
186.103.161.206 - - [11/Sep/2017:14:01:35 -0300] "POST /cormun/servlet/solicitudot?gx-no-cache=1505149331997 HTTP/1.1" 200 41
186.103.161.206 - - [11/Sep/2017:14:01:36 -0300] "POST /cormun/servlet/solicitudot?gx-no-cache=1505149332123 HTTP/1.1" 200 1337
186.103.161.206 - - [11/Sep/2017:14:01:36 -0300] "POST /cormun/servlet/solicitudot?gx-no-cache=1505149332258 HTTP/1.1" 200 30
200.112.4.254 - - [11/Sep/2017:14:02:00 -0300] "GET /cormun/servlet/solicitudot?503fdf4cf4a92691ee4ee12eaf0460a9e26419f6e6957c35fdda5ae3741f2be5b79f769a8be8a8281206bec2433d5370,gx-no-cache=1505149356189 HTTP/1.1" 200 30
186.103.161.206 - - [11/Sep/2017:14:02:03 -0300] "POST /cormun/servlet/solicitudot?cbaa3d24e1e6a45d3cfa0615ba85fb80,INS,0,0,,gx-no-cache=1505149358924 HTTP/1.1" 200 93
186.103.161.206 - - [11/Sep/2017:14:02:03 -0300] "GET /cormun/servlet/hpexe_return? HTTP/1.1" 200 1006
186.103.161.206 - - [11/Sep/2017:14:02:03 -0300] "GET /cormun/servlet/trsolicitudot HTTP/1.1" 200 12359
186.103.161.206 - - [11/Sep/2017:14:02:05 -0300] "GET /cormun/servlet/trsolicitudot HTTP/1.1" 200 12355
186.103.159.188 - - [11/Sep/2017:14:02:17 -0300] "POST /cormun/servlet/trlicencias?dcb172aacb990bea4a0c0076eecf7d5e,,gx-no-cache=1505149372490 HTTP/1.1" 200 12040
186.103.159.188 - - [11/Sep/2017:14:02:17 -0300] "GET /cormun/static/Shared/jqueryui/images/ui-bg_highlight-soft_100_c6c2c8_1x100.png HTTP/1.1" 404 1117
186.103.159.188 - - [11/Sep/2017:14:02:17 -0300] "GET /cormun/static/Shared/jqueryui/images/ui-icons_82798d_256x240.png HTTP/1.1" 404 1089
186.103.159.188 - - [11/Sep/2017:14:02:17 -0300] "GET /cormun/static/Shared/jqueryui/images/ui-icons_8d78a5_256x240.png HTTP/1.1" 404 1089
186.103.159.188 - - [11/Sep/2017:14:02:17 -0300] "GET /cormun/static/Shared/jqueryui/images/ui-bg_flat_55_fafafa_40x100.png HTTP/1.1" 404 1097
200.72.197.82 - - [11/Sep/2017:14:02:28 -0300] "POST /cormun/servlet/trsolicitudot?cbaa3d24e1e6a45d3cfa0615ba85fb80,gx-no-cache=1505149383981 HTTP/1.1" 200 5770
200.112.4.254 - - [11/Sep/2017:14:02:32 -0300] "GET /cormun/servlet/prfichaempleado?,MD,,gxPopupLevel%3D0%3B HTTP/1.1" 200 9352
200.112.4.254 - - [11/Sep/2017:14:02:46 -0300] "POST /cormun/servlet/prfichaempleado?b743d7aba3705e7c6efb492ac33c4f48,,MD,,gxPopupLevel%3D0%3B,gx-no-cache=1505149401165 HTTP/1.1" 200 3176
200.112.4.254 - - [11/Sep/2017:14:02:49 -0300] "POST /cormun/servlet/prfichaempleado?b743d7aba3705e7c6efb492ac33c4f48,,MD,,gxPopupLevel%3D0%3B,gx-no-cache=1505149404745 HTTP/1.1" 200 3176
186.103.161.206 - - [11/Sep/2017:14:02:54 -0300] "POST /cormun/servlet/trsolicitudot?cbaa3d24e1e6a45d3cfa0615ba85fb80,gx-no-cache=1505149409956 HTTP/1.1" 200 4586
186.103.161.206 - - [11/Sep/2017:14:02:54 -0300] "GET /cormun/static/Shared/jqueryui/images/ui-bg_highlight-soft_100_c6c2c8_1x100.png HTTP/1.1" 404 1117
190.151.100.218 - - [11/Sep/2017:14:02:54 -0300] "GET /cormun/static/Shared/jqueryui/images/ui-icons_82798d_256x240.png HTTP/1.1" 404 1089
190.151.100.218 - - [11/Sep/2017:14:02:54 -0300] "GET /cormun/static/Shared/jqueryui/images/ui-bg_flat_55_fafafa_40x100.png HTTP/1.1" 404 1097
186.103.161.206 - - [11/Sep/2017:14:02:54 -0300] "GET /cormun/static/Shared/jqueryui/images/ui-icons_8d78a5_256x240.png HTTP/1.1" 404 1089
186.103.161.206 - - [11/Sep/2017:14:02:54 -0300] "POST /cormun/servlet/trsolicitudot?cbaa3d24e1e6a45d3cfa0615ba85fb80,gx-no-cache=1505149410507 HTTP/1.1" 200 4351
186.103.161.206 - - [11/Sep/2017:14:03:05 -0300] "GET /cormun/servlet/trautorizarsolicitud? HTTP/1.1" 200 8264
186.103.161.206 - - [11/Sep/2017:14:03:05 -0300] "GET /cormun/static/gxcfg.js?20174261241362 HTTP/1.1" 304 -
186.103.161.206 - - [11/Sep/2017:14:03:06 -0300] "GET /cormun/servlet/trautorizarsolicitud? HTTP/1.1" 200 8263
200.72.197.82 - - [11/Sep/2017:14:03:32 -0300] "POST /cormun/servlet/trautorizarsolicitud?cbaa3d24e1e6a45d3cfa0615ba85fb80,,gx-no-cache=1505149448178 HTTP/1.1" 200 4396
200.72.197.82 - - [11/Sep/2017:14:03:32 -0300] "GET /cormun/static/Shared/jqueryui/images/ui-bg_highlight-soft_100_c6c2c8_1x100.png HTTP/1.1" 404 1117
186.103.161.206 - - [11/Sep/2017:14:03:32 -0300] "GET /cormun/static/Shared/jqueryui/images/ui-icons_82798d_256x240.png HTTP/1.1" 404 1089
186.103.161.206 - - [11/Sep/2017:14:03:32 -0300] "GET /cormun/static/Shared/jqueryui/images/ui-bg_flat_55_fafafa_40x100.png HTTP/1.1" 404 1097
200.72.197.82 - - [11/Sep/2017:14:03:32 -0300] "GET /cormun/static/Shared/jqueryui/images/ui-icons_8d78a5_256x240.png HTTP/1.1" 404 1089
186.103.161.206 - - [11/Sep/2017:14:03:32 -0300] "POST /cormun/servlet/trautorizarsolicitud?cbaa3d24e1e6a45d3cfa0615ba85fb80,,gx-no-cache=1505149448651 HTTP/1.1" 200 4166
186.103.161.206 - - [11/Sep/2017:14:03:51 -0300] "POST /cormun/servlet/trautorizarsolicitud?cbaa3d24e1e6a45d3cfa0615ba85fb80,,gx-no-cache=1505149467717 HTTP/1.1" 200 5494
186.103.161.206 - - [11/Sep/2017:14:04:02 -0300] "GET /cormun/servlet/trsolicitudot? HTTP/1.1" 200 7251
186.103.161.206 - - [11/Sep/2017:14:04:03 -0300] "GET /cormun/servlet/trsolicitudot? HTTP/1.1" 200 7250
186.103.161.206 - - [11/Sep/2017:14:04:21 -0300] "GET /cormun/servlet/solicitudot?INS,0,0, HTTP/1.1" 200 12916
186.103.161.206 - - [11/Sep/2017:14:04:22 -0300] "GET /cormun/servlet/solicitudot?INS,0,0, HTTP/1.1" 200 12921
186.103.161.206 - - [11/Sep/2017:14:04:25 -0300] "GET /cormun/servlet/prfichaempleado?,MD,,gxPopupLevel%3D0%3B HTTP/1.1" 200 9274
200.112.4.254 - - [11/Sep/2017:14:04:30 -0300] "GET /cormun/servlet/prfichaempleado?,MD,,gxPopupLevel%3D0%3B HTTP/1.1" 200 9352
186.103.161.206 - - [11/Sep/2017:14:04:35 -0300] "POST /cormun/servlet/prfichaempleado?cbaa3d24e1e6a45d3cfa0615ba85fb80,,MD,,gxPopupLevel%3D0%3B,gx-no-cache=1505149511879 HTTP/1.1" 200 3422
186.103.161.206 - - [11/Sep/2017:14:04:41 -0300] "POST /cormun/servlet/solicitudot?gx-no-cache=1505149517754 HTTP/1.1" 200 3214
186.103.161.206 - - [11/Sep/2017:14:04:41 -0300] "POST /cormun/servlet/solicitudot?cbaa3d24e1e6a45d3cfa0615ba85fb80,INS,0,0,,gx-no-cache=1505149518030 HTTP/1.1" 200 10084
186.103.161.206 - - [11/Sep/2017:14:04:42 -0300] "GET /cormun/servlet/solicitudot?0cf18b15a423770ca7f9668d2d69b2120c8686c6c347ae248fa70bfcc510b37e21a477018c7d6e4406b5b73b0e6fa8b3,gx-no-cache=1505149518342 HTTP/1.1" 200 30
200.112.4.254 - - [11/Sep/2017:14:04:43 -0300] "POST /cormun/servlet/prfichaempleado?b743d7aba3705e7c6efb492ac33c4f48,,MD,,gxPopupLevel%3D0%3B,gx-no-cache=1505149517981 HTTP/1.1" 200 6333
200.112.4.254 - - [11/Sep/2017:14:04:46 -0300] "POST /cormun/servlet/prfichaempleado?b743d7aba3705e7c6efb492ac33c4f48,,MD,,gxPopupLevel%3D0%3B,gx-no-cache=1505149521632 HTTP/1.1" 200 3942
200.112.4.254 - - [11/Sep/2017:14:04:46 -0300] "GET /cormun/static/Resources/PXToolsGridFirst.gif HTTP/1.1" 200 379
200.112.4.254 - - [11/Sep/2017:14:04:46 -0300] "GET /cormun/static/Resources/PXToolsGridPrevious.gif HTTP/1.1" 200 369
186.103.161.206 - - [11/Sep/2017:14:04:50 -0300] "POST /cormun/servlet/solicitudot?gx-no-cache=1505149526791 HTTP/1.1" 200 255
200.112.4.254 - - [11/Sep/2017:14:04:50 -0300] "POST /cormun/servlet/prfichaempleado?b743d7aba3705e7c6efb492ac33c4f48,,MD,,gxPopupLevel%3D0%3B,gx-no-cache=1505149525743 HTTP/1.1" 200 6296
186.103.161.206 - - [11/Sep/2017:14:04:50 -0300] "GET /cormun/servlet/solicitudot?0cf18b15a423770ca7f9668d2d69b212bdacee7e978643b19ec50c022b950da219401c3f291c34b175dad3cd381a564e0a01ea568c46655ef76a7235f236744e72cc6ad2817b4fde9901c4970e47dd5945f3eeac75fb84fe6ac97a8559210a4bdfcb3e815e51c359b80cda1e881aa788b4cbe5995bb3d8ed1fceea9d6c6e4d873b53b4dfa44e0e2e13ac0afa17d88f8c472fc2f553f1d9a16787ba62421e48e2cbc05e5bc948747e436858f1791b6c5fbc9cce323144f4f89b8f85a2be87733fa5122b1350c4edc2bece8e3f29fe86300fe6ac17f6e221385ef7f7697ae541b8028ece187fc1ff3d3635f67df183d0be3cb1255e1be28e52757fcb4ebb1cd0322cae97dd9110095e63c32503df53ea84a0790af7a066238bbd4d5433ebc2d2a9242567d622e2b02e84865585cd6993b0b7e2b17f34f2df5b6817f14565be56501ae59f3f1b5d3544ea24c63f758a50c78514d78d0a3682888a2bb1b9cc26240d17358db6051f35840f0284d31da4e597a8850bc2dc9ef0c4b154da95d517fe41,gx-no-cache=1505149526959 HTTP/1.1" 200 30
200.112.4.254 - - [11/Sep/2017:14:04:53 -0300] "POST /cormun/servlet/prfichaempleado?b743d7aba3705e7c6efb492ac33c4f48,,MD,,gxPopupLevel%3D0%3B,gx-no-cache=1505149528412 HTTP/1.1" 200 6360
200.112.4.254 - - [11/Sep/2017:14:04:57 -0300] "POST /cormun/servlet/prfichaempleado?b743d7aba3705e7c6efb492ac33c4f48,,MD,,gxPopupLevel%3D0%3B,gx-no-cache=1505149532479 HTTP/1.1" 200 6424
186.103.161.206 - - [11/Sep/2017:14:05:00 -0300] "POST /cormun/servlet/solicitudot?gx-no-cache=1505149536460 HTTP/1.1" 200 30
200.112.4.254 - - [11/Sep/2017:14:05:00 -0300] "POST /cormun/servlet/prfichaempleado?b743d7aba3705e7c6efb492ac33c4f48,,MD,,gxPopupLevel%3D0%3B,gx-no-cache=1505149535670 HTTP/1.1" 200 6351
200.112.4.254 - - [11/Sep/2017:14:05:04 -0300] "POST /cormun/servlet/prfichaempleado?b743d7aba3705e7c6efb492ac33c4f48,,MD,,gxPopupLevel%3D0%3B,gx-no-cache=1505149539124 HTTP/1.1" 200 6270
200.112.4.254 - - [11/Sep/2017:14:05:07 -0300] "POST /cormun/servlet/prfichaempleado?b743d7aba3705e7c6efb492ac33c4f48,,MD,,gxPopupLevel%3D0%3B,gx-no-cache=1505149542803 HTTP/1.1" 200 6335
200.112.4.254 - - [11/Sep/2017:14:05:09 -0300] "POST /cormun/servlet/prfichaempleado?b743d7aba3705e7c6efb492ac33c4f48,,MD,,gxPopupLevel%3D0%3B,gx-no-cache=1505149544430 HTTP/1.1" 200 6359
200.112.4.254 - - [11/Sep/2017:14:05:15 -0300] "POST /cormun/servlet/prfichaempleado?b743d7aba3705e7c6efb492ac33c4f48,,MD,,gxPopupLevel%3D0%3B,gx-no-cache=1505149550059 HTTP/1.1" 200 6238
200.112.4.254 - - [11/Sep/2017:14:05:20 -0300] "POST /cormun/servlet/prfichaempleado?b743d7aba3705e7c6efb492ac33c4f48,,MD,,gxPopupLevel%3D0%3B,gx-no-cache=1505149555687 HTTP/1.1" 200 6420
200.112.4.254 - - [11/Sep/2017:14:05:25 -0300] "POST /cormun/servlet/prfichaempleado?b743d7aba3705e7c6efb492ac33c4f48,,MD,,gxPopupLevel%3D0%3B,gx-no-cache=1505149560580 HTTP/1.1" 200 6304
200.112.4.254 - - [11/Sep/2017:14:05:31 -0300] "POST /cormun/servlet/prfichaempleado?b743d7aba3705e7c6efb492ac33c4f48,,MD,,gxPopupLevel%3D0%3B,gx-no-cache=1505149566791 HTTP/1.1" 200 6329
186.103.161.206 - - [11/Sep/2017:14:05:32 -0300] "POST /cormun/servlet/solicitudot?gx-no-cache=1505149568877 HTTP/1.1" 200 1355
186.103.161.206 - - [11/Sep/2017:14:05:32 -0300] "POST /cormun/servlet/solicitudot?gx-no-cache=1505149569043 HTTP/1.1" 200 38
200.112.4.254 - - [11/Sep/2017:14:05:37 -0300] "POST /cormun/servlet/prfichaempleado?b743d7aba3705e7c6efb492ac33c4f48,,MD,,gxPopupLevel%3D0%3B,gx-no-cache=1505149572598 HTTP/1.1" 200 6388
200.112.4.254 - - [11/Sep/2017:14:05:43 -0300] "POST /cormun/servlet/prfichaempleado?b743d7aba3705e7c6efb492ac33c4f48,,MD,,gxPopupLevel%3D0%3B,gx-no-cache=1505149578838 HTTP/1.1" 200 6408
186.103.161.206 - - [11/Sep/2017:14:05:44 -0300] "GET /cormun/servlet/solicitudot?0cf18b15a423770ca7f9668d2d69b2125bf46e50cd83a7d43c58a79a52de0cb6665e6e02b72b6f8ba2918f5cb0d93128cc445071b757d3c2d1367677dc6f3f8bf51d3ea2018d0fc2612d690a94bca86e56548afa0a2265f06e2b5f1d4755870bbb71ed282859d852ec04b3ce1292fd9dd37a386350dc673acd4fa693a522fffe6e86050a8f8b5b08d85a220f23e02c646ac0528566123d95e77624ff2b627129,gx-no-cache=1505149581050 HTTP/1.1" 200 29
186.103.161.206 - - [11/Sep/2017:14:05:45 -0300] "POST /cormun/servlet/solicitudot?gx-no-cache=1505149581101 HTTP/1.1" 200 1337
186.103.161.206 - - [11/Sep/2017:14:05:45 -0300] "GET /cormun/static/menuarrow.gif HTTP/1.1" 404 1015
186.103.161.206 - - [11/Sep/2017:14:05:46 -0300] "POST /cormun/servlet/solicitudot?gx-no-cache=1505149582715 HTTP/1.1" 200 1337
186.103.161.206 - - [11/Sep/2017:14:05:55 -0300] "GET /cormun/servlet/solicitudot?0cf18b15a423770ca7f9668d2d69b212488f72b2b82f2372df8ecc8e52466b3a731da451af244b5681778064639cd821,gx-no-cache=1505149591652 HTTP/1.1" 200 30
186.103.161.206 - - [11/Sep/2017:14:06:00 -0300] "POST /cormun/servlet/solicitudot?gx-no-cache=1505149596644 HTTP/1.1" 200 30
200.112.4.254 - - [11/Sep/2017:14:06:46 -0300] "POST /cormun/servlet/prfichaempleado?b743d7aba3705e7c6efb492ac33c4f48,,MD,,gxPopupLevel%3D0%3B,gx-no-cache=1505149640863 HTTP/1.1" 200 6307
186.103.132.155 - - [11/Sep/2017:14:06:46 -0300] "POST /cormun/servlet/solicitudot?cbaa3d24e1e6a45d3cfa0615ba85fb80,INS,0,0,,gx-no-cache=1505149641815 HTTP/1.1" 200 93
186.103.132.155 - - [11/Sep/2017:14:06:46 -0300] "GET /cormun/servlet/hpexe_return? HTTP/1.1" 200 1006
186.103.132.155 - - [11/Sep/2017:14:06:46 -0300] "GET /cormun/servlet/trsolicitudot HTTP/1.1" 200 8642
186.103.132.155 - - [11/Sep/2017:14:06:47 -0300] "GET /cormun/servlet/trsolicitudot HTTP/1.1" 200 8639
200.112.4.254 - - [11/Sep/2017:14:06:52 -0300] "POST /cormun/servlet/prfichaempleado?b743d7aba3705e7c6efb492ac33c4f48,,MD,,gxPopupLevel%3D0%3B,gx-no-cache=1505149647310 HTTP/1.1" 200 6439
200.112.4.254 - - [11/Sep/2017:14:07:01 -0300] "POST /cormun/servlet/prfichaempleado?b743d7aba3705e7c6efb492ac33c4f48,,MD,,gxPopupLevel%3D0%3B,gx-no-cache=1505149655934 HTTP/1.1" 200 6253
200.72.197.82 - - [11/Sep/2017:14:07:10 -0300] "POST /cormun/servlet/trsolicitudot?cbaa3d24e1e6a45d3cfa0615ba85fb80,gx-no-cache=1505149665615 HTTP/1.1" 200 4580
200.72.197.82 - - [11/Sep/2017:14:07:10 -0300] "GET /cormun/static/Shared/jqueryui/images/ui-bg_highlight-soft_100_c6c2c8_1x100.png HTTP/1.1" 404 1117
200.72.197.82 - - [11/Sep/2017:14:07:10 -0300] "GET /cormun/static/Shared/jqueryui/images/ui-bg_flat_55_fafafa_40x100.png HTTP/1.1" 404 1097
186.103.161.206 - - [11/Sep/2017:14:07:10 -0300] "GET /cormun/static/Shared/jqueryui/images/ui-icons_82798d_256x240.png HTTP/1.1" 404 1089
190.151.100.218 - - [11/Sep/2017:14:07:10 -0300] "GET /cormun/static/Shared/jqueryui/images/ui-icons_8d78a5_256x240.png HTTP/1.1" 404 1089
200.72.197.82 - - [11/Sep/2017:14:07:10 -0300] "POST /cormun/servlet/trsolicitudot?cbaa3d24e1e6a45d3cfa0615ba85fb80,gx-no-cache=1505149666448 HTTP/1.1" 200 4352
200.112.4.254 - - [11/Sep/2017:14:07:10 -0300] "POST /cormun/servlet/prfichaempleado?b743d7aba3705e7c6efb492ac33c4f48,,MD,,gxPopupLevel%3D0%3B,gx-no-cache=1505149665462 HTTP/1.1" 200 6336
200.72.197.82 - - [11/Sep/2017:14:07:19 -0300] "GET /cormun/servlet/trautorizarsolicitud? HTTP/1.1" 200 8265
200.72.197.82 - - [11/Sep/2017:14:07:20 -0300] "GET /cormun/servlet/trautorizarsolicitud? HTTP/1.1" 200 8265
200.72.197.82 - - [11/Sep/2017:14:07:28 -0300] "POST /cormun/servlet/trautorizarsolicitud?cbaa3d24e1e6a45d3cfa0615ba85fb80,,gx-no-cache=1505149684852 HTTP/1.1" 200 5484
186.103.161.206 - - [11/Sep/2017:14:07:52 -0300] "POST /cormun/servlet/trautorizarsolicitud?cbaa3d24e1e6a45d3cfa0615ba85fb80,,gx-no-cache=1505149708631 HTTP/1.1" 200 4390
186.103.161.206 - - [11/Sep/2017:14:07:52 -0300] "GET /cormun/static/Shared/jqueryui/images/ui-bg_highlight-soft_100_c6c2c8_1x100.png HTTP/1.1" 404 1117
190.151.100.218 - - [11/Sep/2017:14:07:52 -0300] "GET /cormun/static/Shared/jqueryui/images/ui-icons_82798d_256x240.png HTTP/1.1" 404 1089
186.103.161.206 - - [11/Sep/2017:14:07:52 -0300] "GET /cormun/static/Shared/jqueryui/images/ui-bg_flat_55_fafafa_40x100.png HTTP/1.1" 404 1097
186.103.161.206 - - [11/Sep/2017:14:07:52 -0300] "GET /cormun/static/Shared/jqueryui/images/ui-icons_8d78a5_256x240.png HTTP/1.1" 404 1089
186.103.161.206 - - [11/Sep/2017:14:07:53 -0300] "POST /cormun/servlet/trautorizarsolicitud?cbaa3d24e1e6a45d3cfa0615ba85fb80,,gx-no-cache=1505149709081 HTTP/1.1" 200 4166
186.103.161.206 - - [11/Sep/2017:14:09:46 -0300] "POST /cormun/servlet/trautorizarsolicitud?cbaa3d24e1e6a45d3cfa0615ba85fb80,,gx-no-cache=1505149822324 HTTP/1.1" 200 5882
186.103.161.206 - - [11/Sep/2017:14:09:50 -0300] "GET /cormun/servlet/veautorizarsolicitud?2017,7385,, HTTP/1.1" 200 8270
186.103.161.206 - - [11/Sep/2017:14:09:50 -0300] "GET /cormun/static/gxcfg.js?201742612414795 HTTP/1.1" 200 953
190.151.100.218 - - [11/Sep/2017:14:09:50 -0300] "GET /cormun/pexe_scrolldiv.js HTTP/1.1" 404 1009
190.151.100.218 - - [11/Sep/2017:14:09:50 -0300] "GET /cormun/static/Resources/PXToolsTabFirstSelected.png HTTP/1.1" 200 1259
190.151.100.218 - - [11/Sep/2017:14:09:50 -0300] "GET /cormun/static/Resources/PXToolsTabLastUnselected.png HTTP/1.1" 200 1291
190.151.100.218 - - [11/Sep/2017:14:09:50 -0300] "GET /cormun/static/Resources/PXToolsTabPrevious.gif HTTP/1.1" 200 172
190.151.100.218 - - [11/Sep/2017:14:09:50 -0300] "GET /cormun/static/Resources/PXToolsTabNext.gif HTTP/1.1" 200 168
186.103.161.206 - - [11/Sep/2017:14:09:50 -0300] "GET /cormun/pexe_scrolldiv.js HTTP/1.1" 404 1009
190.151.100.218 - - [11/Sep/2017:14:09:52 -0300] "GET /cormun/static/Resources/PXToolsTabBackSelected.png HTTP/1.1" 200 1157
200.72.197.82 - - [11/Sep/2017:14:09:52 -0300] "GET /cormun/static/Resources/PXToolsTabBackUnselected.png HTTP/1.1" 200 1175
200.72.197.82 - - [11/Sep/2017:14:09:52 -0300] "GET /cormun/static/Resources/PXToolsTabSelectedUnselected.png HTTP/1.1" 200 1428
190.151.100.218 - - [11/Sep/2017:14:09:52 -0300] "GET /cormun/static/Resources/PXToolsTabUnselectedUnselected.png HTTP/1.1" 200 1459
186.103.161.206 - - [11/Sep/2017:14:09:52 -0300] "GET /cormun/servlet/veautorizarsolicitud?2017,7385,, HTTP/1.1" 200 8269
200.112.4.254 - - [11/Sep/2017:14:11:09 -0300] "POST /cormun/servlet/prfichaempleado?b743d7aba3705e7c6efb492ac33c4f48,,MD,,gxPopupLevel%3D0%3B,gx-no-cache=1505149903972 HTTP/1.1" 200 6295
186.103.161.206 - - [11/Sep/2017:14:11:18 -0300] "POST /cormun/servlet/veautorizarsolicitud?cbaa3d24e1e6a45d3cfa0615ba85fb80,2017,7385,,,gx-no-cache=1505149914653 HTTP/1.1" 200 90
186.103.161.206 - - [11/Sep/2017:14:11:18 -0300] "GET /cormun/servlet/hpexe_link HTTP/1.1" 200 972
186.103.161.206 - - [11/Sep/2017:14:11:19 -0300] "GET /cormun/servlet/trautorizarsolicitud? HTTP/1.1" 200 8664
186.103.161.206 - - [11/Sep/2017:14:11:21 -0300] "GET /cormun/servlet/trautorizarsolicitud? HTTP/1.1" 200 8662
186.103.161.206 - - [11/Sep/2017:14:11:24 -0300] "GET /cormun/servlet/veautorizarsolicitud?2017,7384,, HTTP/1.1" 200 8295
186.103.161.206 - - [11/Sep/2017:14:11:24 -0300] "GET /cormun/pexe_scrolldiv.js HTTP/1.1" 404 1009
186.103.161.206 - - [11/Sep/2017:14:11:24 -0300] "GET /cormun/pexe_scrolldiv.js HTTP/1.1" 404 1009
186.103.161.206 - - [11/Sep/2017:14:11:25 -0300] "GET /cormun/servlet/veautorizarsolicitud?2017,7384,, HTTP/1.1" 200 8290
200.112.4.254 - - [11/Sep/2017:14:11:39 -0300] "POST /cormun/servlet/prfichaempleado?b743d7aba3705e7c6efb492ac33c4f48,,MD,,gxPopupLevel%3D0%3B,gx-no-cache=1505149933909 HTTP/1.1" 200 6300
186.103.161.206 - - [11/Sep/2017:14:13:22 -0300] "POST /cormun/servlet/veautorizarsolicitud?cbaa3d24e1e6a45d3cfa0615ba85fb80,2017,7384,,,gx-no-cache=1505150038342 HTTP/1.1" 200 90
186.103.161.206 - - [11/Sep/2017:14:13:22 -0300] "GET /cormun/servlet/hpexe_link HTTP/1.1" 200 970
186.103.161.206 - - [11/Sep/2017:14:13:22 -0300] "GET /cormun/servlet/trautorizarsolicitud HTTP/1.1" 200 8664
186.103.161.206 - - [11/Sep/2017:14:13:24 -0300] "GET /cormun/servlet/trautorizarsolicitud HTTP/1.1" 200 8662
186.67.172.234 - - [11/Sep/2017:14:13:59 -0300] "GET /cormun/servlet/hlogin HTTP/1.1" 200 1721
186.67.172.234 - - [11/Sep/2017:14:13:59 -0300] "GET /cormun/static/gxtimezone.js?85251 HTTP/1.1" 200 5781
186.67.172.234 - - [11/Sep/2017:14:13:59 -0300] "GET /cormun/static/gxcfg.js?20175251213516 HTTP/1.1" 200 953
186.67.172.234 - - [11/Sep/2017:14:13:59 -0300] "GET /cormun/static/Resources/Spanish/PXTools.css?11423723 HTTP/1.1" 200 89042
186.67.172.234 - - [11/Sep/2017:14:13:59 -0300] "GET /cormun/static/messages.spa.js?85251 HTTP/1.1" 200 30736
186.67.172.234 - - [11/Sep/2017:14:13:59 -0300] "GET /cormun/static/hlogin.js?20175251213537 HTTP/1.1" 200 2136
186.67.172.234 - - [11/Sep/2017:14:13:59 -0300] "GET /cormun/static/Resources/ComunLogin.png HTTP/1.1" 200 17326
186.67.172.234 - - [11/Sep/2017:14:13:59 -0300] "GET /cormun/static/gxgral.js?85251 HTTP/1.1" 200 384558
186.67.172.234 - - [11/Sep/2017:14:13:59 -0300] "GET /cormun/static/Resources/PXToolsLoginTop.png HTTP/1.1" 200 1337
186.67.172.234 - - [11/Sep/2017:14:13:59 -0300] "GET /cormun/static/Resources/PXToolsLoginBackground.png HTTP/1.1" 200 1164
186.67.172.234 - - [11/Sep/2017:14:13:59 -0300] "GET /cormun/static/Resources/PXToolsButtonRight21.png HTTP/1.1" 200 1283
186.67.172.234 - - [11/Sep/2017:14:13:59 -0300] "GET /cormun/static/Resources/PXToolsButtonLeft21.png HTTP/1.1" 200 1287
186.67.172.234 - - [11/Sep/2017:14:13:59 -0300] "GET /cormun/static/Resources/PXToolsButtonBackground2.png HTTP/1.1" 200 1181
186.67.172.234 - - [11/Sep/2017:14:13:59 -0300] "GET /cormun/static/Resources/PXToolsLoginBottom.png HTTP/1.1" 200 1389
186.67.172.234 - - [11/Sep/2017:14:13:59 -0300] "GET /cormun/static/Resources/indicator.gif HTTP/1.1" 200 1553
186.67.172.234 - - [11/Sep/2017:14:13:59 -0300] "GET /cormun/servlet/hlogin HTTP/1.1" 200 1731
186.67.172.234 - - [11/Sep/2017:14:14:00 -0300] "GET /favicon.ico HTTP/1.1" 200 21630
186.67.172.234 - - [11/Sep/2017:14:14:11 -0300] "POST /cormun/servlet/hlogin?60da9f29b63aacde491618b3337ec605,gx-no-cache=1505150086272 HTTP/1.1" 200 90
186.67.172.234 - - [11/Sep/2017:14:14:11 -0300] "GET /cormun/servlet/hpexe_link HTTP/1.1" 200 952
186.67.172.234 - - [11/Sep/2017:14:14:11 -0300] "GET /cormun/static/hpexe_link.js?20177612121795 HTTP/1.1" 200 625
186.67.172.234 - - [11/Sep/2017:14:14:11 -0300] "GET /cormun/static/gxcfg.js?20177612121792 HTTP/1.1" 200 953
186.67.172.234 - - [11/Sep/2017:14:14:11 -0300] "GET /cormun/static/Resources/Spanish/PXTools.css?1155365 HTTP/1.1" 200 89042
186.67.172.234 - - [11/Sep/2017:14:14:12 -0300] "GET /cormun/servlet/hhome HTTP/1.1" 200 4112
186.67.172.234 - - [11/Sep/2017:14:14:12 -0300] "GET /cormun/static/SmoothNavMenu/resources/ddsmoothmenu.css?1012540 HTTP/1.1" 200 2223
186.67.172.234 - - [11/Sep/2017:14:14:12 -0300] "GET /cormun/static/Shared/jqueryui/jquery-ui.min.css?1245370 HTTP/1.1" 200 30288
186.67.172.234 - - [11/Sep/2017:14:14:12 -0300] "GET /cormun/static/SmoothNavMenu/resources/ddsmoothmenu-v.css?1012540 HTTP/1.1" 200 1188
186.67.172.234 - - [11/Sep/2017:14:14:12 -0300] "GET /cormun/static/scaMessage/css/jquery.pnotify.default.css?1716380 HTTP/1.1" 200 1707
186.67.172.234 - - [11/Sep/2017:14:14:12 -0300] "GET /cormun/static/gxcfg.js?20175251212442 HTTP/1.1" 200 953
186.67.172.234 - - [11/Sep/2017:14:14:12 -0300] "GET /cormun/static/PXToolsJavascripts/pexe_autoreload.js HTTP/1.1" 200 1762
186.67.172.234 - - [11/Sep/2017:14:14:12 -0300] "GET /cormun/static/PXToolsJavascripts/pexe_cookies.js HTTP/1.1" 200 792
186.67.172.234 - - [11/Sep/2017:14:14:12 -0300] "GET /cormun/static/PXToolsJavascripts/pexe_windows.js HTTP/1.1" 200 15207
186.67.172.234 - - [11/Sep/2017:14:14:12 -0300] "GET /cormun/static/PXToolsJavascripts/pexe_grid.js HTTP/1.1" 200 7559
186.67.172.234 - - [11/Sep/2017:14:14:12 -0300] "GET /cormun/static/PXToolsJavascripts/pexe_griddivfix.js HTTP/1.1" 200 6644
186.67.172.234 - - [11/Sep/2017:14:14:12 -0300] "GET /cormun/static/PXToolsJavascripts/pexe_link.js HTTP/1.1" 200 5671
186.67.172.234 - - [11/Sep/2017:14:14:12 -0300] "GET /cormun/static/PXToolsJavascripts/pexe_menudivfix.js HTTP/1.1" 200 333
186.67.172.234 - - [11/Sep/2017:14:14:12 -0300] "GET /cormun/static/PXToolsJavascripts/pexe_menus.js HTTP/1.1" 200 1286
186.67.172.234 - - [11/Sep/2017:14:14:12 -0300] "GET /cormun/static/PXToolsJavascripts/pexe_oav.js HTTP/1.1" 200 645
186.67.172.234 - - [11/Sep/2017:14:14:12 -0300] "GET /cormun/static/PXToolsJavascripts/pexe_layers.js HTTP/1.1" 200 4114
186.67.172.234 - - [11/Sep/2017:14:14:12 -0300] "GET /cormun/static/PXToolsJavascripts/pexe_oavdivfix.js HTTP/1.1" 200 639
186.67.172.234 - - [11/Sep/2017:14:14:12 -0300] "GET /cormun/static/PXToolsJavascripts/pexe_picture.js HTTP/1.1" 200 689
186.67.172.234 - - [11/Sep/2017:14:14:12 -0300] "GET /cormun/static/PXToolsJavascripts/pexe_popup.js HTTP/1.1" 200 13458
186.67.172.234 - - [11/Sep/2017:14:14:12 -0300] "GET /cormun/static/PXToolsJavascripts/pexe_scrolldiv.js HTTP/1.1" 200 4138
186.67.172.234 - - [11/Sep/2017:14:14:12 -0300] "GET /cormun/static/PXToolsJavascripts/pexe_tabdivfix.js HTTP/1.1" 200 876
186.67.172.234 - - [11/Sep/2017:14:14:12 -0300] "GET /cormun/static/PXToolsJavascripts/pexe_tabs.js HTTP/1.1" 200 3748
186.67.172.234 - - [11/Sep/2017:14:14:12 -0300] "GET /cormun/static/PXToolsJavascripts/pexe_upload.js HTTP/1.1" 200 1423
186.67.172.234 - - [11/Sep/2017:14:14:12 -0300] "GET /cormun/static/PXToolsJavascripts/PXToolsJavascriptsRender.js HTTP/1.1" 200 367
186.67.172.234 - - [11/Sep/2017:14:14:12 -0300] "GET /cormun/static/RunJS/RunJS.js HTTP/1.1" 200 288
186.67.172.234 - - [11/Sep/2017:14:14:12 -0300] "GET /cormun/static/Shared/ext/locale/ext-lang-en.js HTTP/1.1" 200 10940
186.67.172.234 - - [11/Sep/2017:14:14:12 -0300] "GET /cormun/static/hhome.js?20175251212450 HTTP/1.1" 200 777
186.67.172.234 - - [11/Sep/2017:14:14:12 -0300] "GET /cormun/static/hwchdr01.js?201752511465785 HTTP/1.1" 200 1183
186.67.172.234 - - [11/Sep/2017:14:14:12 -0300] "GET /cormun/static/hpexe_recentlink.js?20177611595044 HTTP/1.1" 200 2144
186.67.172.234 - - [11/Sep/2017:14:14:12 -0300] "GET /cormun/static/Resources/PXToolsDataTitle.png HTTP/1.1" 200 1173
186.67.172.234 - - [11/Sep/2017:14:14:12 -0300] "GET /cormun/static/Resources/PXToolsHeaderBackground2.png HTTP/1.1" 200 1174
186.67.172.234 - - [11/Sep/2017:14:14:12 -0300] "GET /cormun/static/Resources/PXToolsFooterBackground2.png HTTP/1.1" 200 1172
186.67.172.234 - - [11/Sep/2017:14:14:12 -0300] "GET /cormun/static/Resources/PXToolsHeaderActionsBackground.png HTTP/1.1" 200 484
186.67.172.234 - - [11/Sep/2017:14:14:12 -0300] "GET /cormun/static/Resources/PXToolsHeaderActionsLeft.png HTTP/1.1" 200 1118
186.67.172.234 - - [11/Sep/2017:14:14:12 -0300] "GET /cormun/static/Resources/logo4.png HTTP/1.1" 200 6582
186.67.172.234 - - [11/Sep/2017:14:14:12 -0300] "GET /cormun/static/Resources/PXToolsHeaderLogin.png HTTP/1.1" 200 4279
186.67.172.234 - - [11/Sep/2017:14:14:12 -0300] "GET /cormun/static/Resources/PXToolsHeaderHome.png HTTP/1.1" 200 4147
186.67.172.234 - - [11/Sep/2017:14:14:12 -0300] "GET /cormun/static/Resources/PXToolsHeaderSecurity.png HTTP/1.1" 200 4166
186.67.172.234 - - [11/Sep/2017:14:14:12 -0300] "GET /cormun/static/Resources/PXToolsHeaderActionsRight.png HTTP/1.1" 200 1201
186.67.172.234 - - [11/Sep/2017:14:14:12 -0300] "GET /cormun/static/Resources/PXToolsHeaderPreferences.png HTTP/1.1" 200 4189
186.67.172.234 - - [11/Sep/2017:14:14:12 -0300] "GET /cormun/static/hpexe_scripts.js?201752511465715 HTTP/1.1" 200 1544
186.67.172.234 - - [11/Sep/2017:14:14:12 -0300] "GET /cormun/static/gxui/gxui-all.js HTTP/1.1" 200 107772
186.67.172.234 - - [11/Sep/2017:14:14:12 -0300] "GET /cormun/static/hpexe_messagecontroller.js?20177611595012 HTTP/1.1" 200 870
186.67.172.234 - - [11/Sep/2017:14:14:12 -0300] "GET /cormun/static/hpexe_messagepopupcomponent.js?20161017169425 HTTP/1.1" 200 605
186.67.172.234 - - [11/Sep/2017:14:14:12 -0300] "GET /cormun/static/hpexe_messagegenexuscomponent.js?201752511465344 HTTP/1.1" 200 587
186.67.172.234 - - [11/Sep/2017:14:14:12 -0300] "GET /cormun/static/cmcontrolpreferences.js?201752511465670 HTTP/1.1" 200 1375
186.67.172.234 - - [11/Sep/2017:14:14:12 -0300] "GET /cormun/static/SmoothNavMenu/resources/ddsmoothmenu.js HTTP/1.1" 200 12712
186.67.172.234 - - [11/Sep/2017:14:14:12 -0300] "GET /cormun/static/SmoothNavMenu/resources/SmoothNavMenuRender.js HTTP/1.1" 200 5951
186.67.172.234 - - [11/Sep/2017:14:14:12 -0300] "GET /cormun/static/scaMessage/js/jquery.pnotify.min.js HTTP/1.1" 200 13038
186.67.172.234 - - [11/Sep/2017:14:14:12 -0300] "GET /cormun/static/scaMessage/scaMessageRender.js HTTP/1.1" 200 11977
186.67.172.234 - - [11/Sep/2017:14:14:12 -0300] "GET /cormun/static/hmpwkw03.js?20177612122668 HTTP/1.1" 200 3965
186.67.172.234 - - [11/Sep/2017:14:14:12 -0300] "GET /cormun/static/Shared/jquery/jquery-1.4.2.min.js HTTP/1.1" 200 72174
186.67.172.234 - - [11/Sep/2017:14:14:12 -0300] "GET /cormun/static/Shared/jquery/jquery-1.10.2.min.js HTTP/1.1" 200 273199
186.67.172.234 - - [11/Sep/2017:14:14:12 -0300] "GET /cormun/static/Shared/jqueryui/jquery-ui.min.js HTTP/1.1" 200 240427
186.67.172.234 - - [11/Sep/2017:14:14:13 -0300] "GET /cormun/static/Shared/ext/ext-all.js HTTP/1.1" 200 1289687
186.67.172.234 - - [11/Sep/2017:14:14:13 -0300] "GET /cormun/static/SmoothNavMenu/resources/images/down.gif HTTP/1.1" 200 854
186.67.172.234 - - [11/Sep/2017:14:14:13 -0300] "GET /cormun/static/SmoothNavMenu/resources/images/right.gif HTTP/1.1" 200 860
186.67.172.234 - - [11/Sep/2017:14:14:13 -0300] "GET /cormun/servlet/hhome HTTP/1.1" 200 4109
186.67.172.234 - - [11/Sep/2017:14:14:36 -0300] "GET /cormun/servlet/trsolicitudot? HTTP/1.1" 200 10727
186.67.172.234 - - [11/Sep/2017:14:14:36 -0300] "GET /cormun/static/gxui/gxui-all.css?110300 HTTP/1.1" 200 2179
186.67.172.234 - - [11/Sep/2017:14:14:36 -0300] "GET /cormun/static/gxcfg.js?20177612135780 HTTP/1.1" 200 953
186.67.172.234 - - [11/Sep/2017:14:14:36 -0300] "GET /cormun/static/calendar-setup.js?85251 HTTP/1.1" 200 2588
186.67.172.234 - - [11/Sep/2017:14:14:36 -0300] "GET /cormun/static/calendar-system.css?75620 HTTP/1.1" 200 5572
186.67.172.234 - - [11/Sep/2017:14:14:36 -0300] "GET /cormun/static/calendar.js?85251 HTTP/1.1" 200 26246
186.67.172.234 - - [11/Sep/2017:14:14:36 -0300] "GET /cormun/static/calendar-es.js?85251 HTTP/1.1" 200 1901
186.67.172.234 - - [11/Sep/2017:14:14:36 -0300] "GET /cormun/static/gxdec.js?85251 HTTP/1.1" 200 19579
186.67.172.234 - - [11/Sep/2017:14:14:36 -0300] "GET /cormun/static/trsolicitudot.js?2017761214480 HTTP/1.1" 200 54041
186.67.172.234 - - [11/Sep/2017:14:14:36 -0300] "GET /cormun/static/Resources/PXTools/calendar.png HTTP/1.1" 200 1306
186.67.172.234 - - [11/Sep/2017:14:14:36 -0300] "GET /cormun/static/Resources/PXToolsDataSearch.png HTTP/1.1" 200 419
186.67.172.234 - - [11/Sep/2017:14:14:36 -0300] "GET /cormun/static/Shared/ext/resources/css/ext-all.css?205870 HTTP/1.1" 200 416045
186.67.172.234 - - [11/Sep/2017:14:14:36 -0300] "GET /cormun/static/Resources/PXToolsGridFirstDisabled.gif HTTP/1.1" 200 100
186.67.172.234 - - [11/Sep/2017:14:14:37 -0300] "GET /cormun/static/Resources/PXToolsGridPreviousDisabled.gif HTTP/1.1" 200 90
186.67.172.234 - - [11/Sep/2017:14:14:37 -0300] "GET /cormun/static/Resources/PXToolsGridNextDisabled.gif HTTP/1.1" 200 90
186.67.172.234 - - [11/Sep/2017:14:14:37 -0300] "GET /cormun/static/Resources/PXToolsGridLastDisabled.gif HTTP/1.1" 200 98
186.67.172.234 - - [11/Sep/2017:14:14:37 -0300] "GET /cormun/static/Resources/PXToolsGridPage.gif HTTP/1.1" 200 725
186.67.172.234 - - [11/Sep/2017:14:14:37 -0300] "GET /cormun/static/Resources/PXToolsActionExcel.png HTTP/1.1" 200 3187
186.67.172.234 - - [11/Sep/2017:14:14:37 -0300] "GET /cormun/static/Resources/PXToolsGridNew.png HTTP/1.1" 200 2949
186.67.172.234 - - [11/Sep/2017:14:14:37 -0300] "GET /cormun/static/Resources/asc.gif HTTP/1.1" 200 67
186.67.172.234 - - [11/Sep/2017:14:14:37 -0300] "GET /cormun/static/Resources/desc.gif HTTP/1.1" 200 65
186.67.172.234 - - [11/Sep/2017:14:14:37 -0300] "GET /cormun//static/Resources/PXToolsGridDelete.png HTTP/1.1" 200 357
186.67.172.234 - - [11/Sep/2017:14:14:37 -0300] "GET /cormun//static/Resources/PXToolsGridUpdate.png HTTP/1.1" 200 2984
186.67.172.234 - - [11/Sep/2017:14:14:37 -0300] "GET /cormun//static/Resources/PXToolsActionView.png HTTP/1.1" 200 2995
186.67.172.234 - - [11/Sep/2017:14:14:37 -0300] "GET /cormun//static/Resources/PXTools/ActionInsert.png HTTP/1.1" 200 1482
186.67.172.234 - - [11/Sep/2017:14:14:37 -0300] "GET /cormun//static/Resources/PXToolsRemoveAllAction.png HTTP/1.1" 200 3558
186.67.172.234 - - [11/Sep/2017:14:14:37 -0300] "GET /cormun/static/Shared/ext/resources/themes/images/default/panel/bg-headersPanel.png HTTP/1.1" 200 255
186.67.172.234 - - [11/Sep/2017:14:14:37 -0300] "GET /cormun/static/Shared/ext/resources/themes/images/default/tools/tool-sprites.gif HTTP/1.1" 200 5434
