200.112.2.5 - - [11/Sep/2017:09:09:59 -0300] "GET /cormun/static/permisosadjuntos.js?201762717441184 HTTP/1.1" 200 8724
200.112.2.5 - - [11/Sep/2017:09:09:59 -0300] "GET /cormun/static/about:blank HTTP/1.1" 404 1011
200.112.2.5 - - [11/Sep/2017:09:09:59 -0300] "GET /cormun/servlet/permisosadjuntos?INS,18378268,P,20170908100506,, HTTP/1.1" 200 5504
186.79.219.45 - - [11/Sep/2017:09:10:20 -0300] "GET /cormun/servlet/trlicencias? HTTP/1.1" 200 9262
186.79.219.45 - - [11/Sep/2017:09:10:22 -0300] "GET /cormun/static/gxcfg.js?20176272054169 HTTP/1.1" 304 -
186.79.219.45 - - [11/Sep/2017:09:10:22 -0300] "GET /cormun/static/calendar.js?85251 HTTP/1.1" 304 -
186.79.219.45 - - [11/Sep/2017:09:10:22 -0300] "GET /cormun/static/calendar-setup.js?85251 HTTP/1.1" 304 -
186.79.219.45 - - [11/Sep/2017:09:10:22 -0300] "GET /cormun/static/calendar-es.js?85251 HTTP/1.1" 304 -
186.79.219.45 - - [11/Sep/2017:09:10:24 -0300] "GET /cormun/static/gxdec.js?85251 HTTP/1.1" 304 -
186.79.219.45 - - [11/Sep/2017:09:10:25 -0300] "GET /cormun/servlet/trlicencias? HTTP/1.1" 200 9259
200.112.2.5 - - [11/Sep/2017:09:10:30 -0300] "POST /cormun/servlet/permisosadjuntos?f21c1a7459734ec91147cdd5880c69cf,INS,18378268,P,20170908100506,, HTTP/1.1" 200 116
200.112.2.5 - - [11/Sep/2017:09:10:30 -0300] "GET /cormun/servlet/hpexe_return? HTTP/1.1" 200 1038
200.112.2.5 - - [11/Sep/2017:09:10:30 -0300] "GET /cormun/servlet/trpermisosadjuntos?18378268,20170908100506,P, HTTP/1.1" 200 6683
200.112.2.5 - - [11/Sep/2017:09:10:31 -0300] "GET /cormun/servlet/trpermisosadjuntos?18378268,20170908100506,P, HTTP/1.1" 200 6679
200.112.2.5 - - [11/Sep/2017:09:10:31 -0300] "GET /cormun/PublicTempStorage/francisca_salazar_11-09-20174771040.jpg HTTP/1.1" 200 346793
200.112.2.5 - - [11/Sep/2017:09:10:36 -0300] "GET /cormun/servlet/trpermisosgoce? HTTP/1.1" 200 8262
200.112.2.5 - - [11/Sep/2017:09:10:37 -0300] "GET /cormun/servlet/trpermisosgoce? HTTP/1.1" 200 8261
186.79.219.45 - - [11/Sep/2017:09:10:50 -0300] "GET /cormun/servlet/licenciaspermisos?INS,0,,, HTTP/1.1" 200 7311
200.112.2.5 - - [11/Sep/2017:09:10:50 -0300] "POST /cormun/servlet/trpermisosgoce?f21c1a7459734ec91147cdd5880c69cf,,gx-no-cache=1505131887464 HTTP/1.1" 200 5437
200.112.2.5 - - [11/Sep/2017:09:10:50 -0300] "GET /cormun/static/Shared/jqueryui/images/ui-bg_highlight-soft_100_c6c2c8_1x100.png HTTP/1.1" 404 1117
200.112.2.5 - - [11/Sep/2017:09:10:50 -0300] "GET /cormun/static/Shared/jqueryui/images/ui-icons_82798d_256x240.png HTTP/1.1" 404 1089
200.112.2.5 - - [11/Sep/2017:09:10:50 -0300] "GET /cormun/static/Shared/jqueryui/images/ui-bg_flat_55_fafafa_40x100.png HTTP/1.1" 404 1097
200.112.2.5 - - [11/Sep/2017:09:10:50 -0300] "GET /cormun/static/Shared/jqueryui/images/ui-icons_8d78a5_256x240.png HTTP/1.1" 404 1089
186.79.219.45 - - [11/Sep/2017:09:10:50 -0300] "GET /cormun/static/gxcfg.js?201762917281167 HTTP/1.1" 200 953
186.79.219.45 - - [11/Sep/2017:09:10:51 -0300] "GET /cormun/static/licenciaspermisos.js?201762917281260 HTTP/1.1" 200 37491
186.79.219.45 - - [11/Sep/2017:09:10:52 -0300] "GET /cormun/servlet/licenciaspermisos?INS,0,,, HTTP/1.1" 200 7310
186.79.219.45 - - [11/Sep/2017:09:11:17 -0300] "GET /cormun/servlet/prfichaempleado?,MD,,gxPopupLevel%3D0%3B HTTP/1.1" 200 9216
186.79.219.45 - - [11/Sep/2017:09:11:17 -0300] "GET /cormun/static/gxcfg.js?20177612134814 HTTP/1.1" 304 -
192.168.10.96 - - [11/Sep/2017:09:11:17 -0300] "GET /cormun/servlet/trsolicitudgral? HTTP/1.1" 200 10349
192.168.10.96 - - [11/Sep/2017:09:11:18 -0300] "GET /cormun/servlet/trsolicitudgral? HTTP/1.1" 200 10349
192.168.10.96 - - [11/Sep/2017:09:11:24 -0300] "POST /cormun/servlet/trsolicitudgral?d9477e60819929b3447f29f96c70fc26,,gx-no-cache=1505131847456 HTTP/1.1" 200 7174
186.79.219.45 - - [11/Sep/2017:09:11:32 -0300] "POST /cormun/servlet/prfichaempleado?cf3a84c27484317f096736220f3cece4,,MD,,gxPopupLevel%3D0%3B,gx-no-cache=1505131927282 HTTP/1.1" 200 3413
192.168.10.96 - - [11/Sep/2017:09:11:36 -0300] "POST /cormun/servlet/trsolicitudgral?d9477e60819929b3447f29f96c70fc26,,gx-no-cache=1505131859206 HTTP/1.1" 200 5762
186.79.219.45 - - [11/Sep/2017:09:11:41 -0300] "GET /cormun/servlet/licenciaspermisos?d0e707b37d9fedf61870c1665c6ffbd2b59511acc0267c667e58f218b99a8335a7fe05aa720b9d1c7d2565924faebd49,gx-no-cache=1505131937995 HTTP/1.1" 200 94
192.168.10.96 - - [11/Sep/2017:09:11:42 -0300] "POST /cormun/servlet/trsolicitudgral?d9477e60819929b3447f29f96c70fc26,,gx-no-cache=1505131865222 HTTP/1.1" 200 5767
186.79.219.45 - - [11/Sep/2017:09:11:42 -0300] "POST /cormun/servlet/licenciaspermisos?cf3a84c27484317f096736220f3cece4,INS,0,,,,gx-no-cache=1505131938717 HTTP/1.1" 200 4572
192.168.10.96 - - [11/Sep/2017:09:11:45 -0300] "POST /cormun/servlet/trsolicitudgral?d9477e60819929b3447f29f96c70fc26,,gx-no-cache=1505131868557 HTTP/1.1" 200 5764
192.168.10.96 - - [11/Sep/2017:09:11:49 -0300] "POST /cormun/servlet/trsolicitudgral?d9477e60819929b3447f29f96c70fc26,,gx-no-cache=1505131871701 HTTP/1.1" 200 7983
192.168.10.96 - - [11/Sep/2017:09:11:52 -0300] "POST /cormun/servlet/trsolicitudgral?d9477e60819929b3447f29f96c70fc26,,gx-no-cache=1505131875182 HTTP/1.1" 200 5763
157.55.39.67 - - [11/Sep/2017:09:11:59 -0300] "GET /cormun/servlet/trlicencias?_escaped_fragment_= HTTP/1.1" 200 7838
192.168.10.96 - - [11/Sep/2017:09:12:03 -0300] "POST /cormun/servlet/trsolicitudgral?d9477e60819929b3447f29f96c70fc26,,gx-no-cache=1505131886350 HTTP/1.1" 200 7173
192.168.10.96 - - [11/Sep/2017:09:12:15 -0300] "POST /cormun/servlet/trsolicitudgral?d9477e60819929b3447f29f96c70fc26,,gx-no-cache=1505131898285 HTTP/1.1" 200 5762
192.168.10.96 - - [11/Sep/2017:09:12:22 -0300] "POST /cormun/servlet/trsolicitudgral?d9477e60819929b3447f29f96c70fc26,,gx-no-cache=1505131905397 HTTP/1.1" 200 7174
66.249.83.7 - - [11/Sep/2017:09:13:11 -0300] "GET /cormun/servlet/hlogin HTTP/1.1" 200 1718
66.249.83.5 - - [11/Sep/2017:09:13:11 -0300] "GET /cormun/servlet/hlogin?_escaped_fragment_= HTTP/1.1" 200 1720
66.249.83.7 - - [11/Sep/2017:09:13:12 -0300] "GET /favicon.ico HTTP/1.1" 200 21630
192.168.10.96 - - [11/Sep/2017:09:13:16 -0300] "GET /cormun/servlet/trsolicitudgral? HTTP/1.1" 200 10384
192.168.10.96 - - [11/Sep/2017:09:13:16 -0300] "GET /cormun/servlet/trsolicitudgral? HTTP/1.1" 200 10384
192.168.10.96 - - [11/Sep/2017:09:13:20 -0300] "GET /cormun/servlet/vesolicitudgral?2017,7258,, HTTP/1.1" 200 8912
192.168.10.96 - - [11/Sep/2017:09:13:20 -0300] "GET /cormun/static/gxcfg.js?20176271754486 HTTP/1.1" 304 -
192.168.10.96 - - [11/Sep/2017:09:13:20 -0300] "GET /cormun/pexe_scrolldiv.js HTTP/1.1" 404 1009
192.168.10.96 - - [11/Sep/2017:09:13:20 -0300] "GET /cormun/static/hpexe_tabsview.js?201610171694228 HTTP/1.1" 304 -
192.168.10.96 - - [11/Sep/2017:09:13:20 -0300] "GET /cormun/static/hwcviewtabs.js?20177611594913 HTTP/1.1" 304 -
192.168.10.96 - - [11/Sep/2017:09:13:20 -0300] "GET /cormun/static/vesolicitudgral.js?20176271754554 HTTP/1.1" 304 -
192.168.10.96 - - [11/Sep/2017:09:13:20 -0300] "GET /cormun/static/tbsolicitudgral01.js?201776126581 HTTP/1.1" 304 -
192.168.10.96 - - [11/Sep/2017:09:13:21 -0300] "GET /cormun/servlet/vesolicitudgral?2017,7258,, HTTP/1.1" 200 8912
192.168.10.96 - - [11/Sep/2017:09:13:22 -0300] "GET /cormun/servlet/vesolicitudgral?2017,7258,,SolicitudOTAdjuntos HTTP/1.1" 200 7712
192.168.10.96 - - [11/Sep/2017:09:13:22 -0300] "GET /cormun/pexe_scrolldiv.js HTTP/1.1" 404 1009
192.168.10.96 - - [11/Sep/2017:09:13:22 -0300] "GET /cormun/pexe_scrolldiv.js HTTP/1.1" 404 1009
192.168.10.96 - - [11/Sep/2017:09:13:22 -0300] "GET /cormun/static/tbsolicitudgral02.js?2017761159217 HTTP/1.1" 304 -
192.168.10.96 - - [11/Sep/2017:09:13:22 -0300] "GET /cormun/servlet/vesolicitudgral?2017,7258,,SolicitudOTAdjuntos HTTP/1.1" 200 7712
192.168.10.96 - - [11/Sep/2017:09:13:23 -0300] "POST /cormun/servlet/acontrolpreferencessavestate?None,DZAMUDIO,true HTTP/1.1" 200 35
192.168.10.96 - - [11/Sep/2017:09:13:26 -0300] "GET /cormun/servlet/trconsultaempleado? HTTP/1.1" 200 10205
192.168.10.96 - - [11/Sep/2017:09:13:26 -0300] "GET /cormun/static/gxcfg.js?201762717543265 HTTP/1.1" 304 -
192.168.10.96 - - [11/Sep/2017:09:13:27 -0300] "GET /cormun/servlet/trconsultaempleado? HTTP/1.1" 200 10188
192.168.10.96 - - [11/Sep/2017:09:13:27 -0300] "GET /cormun/servlet/trsolicitudgral? HTTP/1.1" 200 10384
192.168.10.96 - - [11/Sep/2017:09:13:27 -0300] "GET /cormun/servlet/trsolicitudgral? HTTP/1.1" 200 10384
192.168.10.96 - - [11/Sep/2017:09:13:29 -0300] "GET /cormun/servlet/trsolicitudgral? HTTP/1.1" 200 10384
192.168.10.96 - - [11/Sep/2017:09:13:30 -0300] "GET /cormun/servlet/trsolicitudgral? HTTP/1.1" 200 10384
192.168.10.96 - - [11/Sep/2017:09:13:34 -0300] "POST /cormun/servlet/trsolicitudgral?d9477e60819929b3447f29f96c70fc26,,gx-no-cache=1505131977110 HTTP/1.1" 200 7174
192.168.10.96 - - [11/Sep/2017:09:13:34 -0300] "POST /cormun/servlet/trsolicitudgral?d9477e60819929b3447f29f96c70fc26,,gx-no-cache=1505131977403 HTTP/1.1" 200 7174
192.168.10.96 - - [11/Sep/2017:09:13:47 -0300] "POST /cormun/servlet/trsolicitudgral?d9477e60819929b3447f29f96c70fc26,,gx-no-cache=1505131990221 HTTP/1.1" 200 7173
186.79.91.253 - - [11/Sep/2017:09:13:52 -0300] "GET /cormun/servlet/hlogin HTTP/1.1" 200 1721
186.79.91.253 - - [11/Sep/2017:09:13:52 -0300] "GET /cormun/static/Resources/Spanish/PXTools.css?11423723 HTTP/1.1" 304 -
186.79.91.253 - - [11/Sep/2017:09:13:52 -0300] "GET /cormun/static/gxtimezone.js?85251 HTTP/1.1" 304 -
186.79.91.253 - - [11/Sep/2017:09:13:52 -0300] "GET /cormun/static/gxcfg.js?20175251213516 HTTP/1.1" 304 -
186.79.91.253 - - [11/Sep/2017:09:13:53 -0300] "GET /cormun/static/messages.spa.js?85251 HTTP/1.1" 304 -
186.79.91.253 - - [11/Sep/2017:09:13:53 -0300] "GET /cormun/static/hlogin.js?20175251213537 HTTP/1.1" 304 -
186.79.91.253 - - [11/Sep/2017:09:13:53 -0300] "GET /cormun/servlet/hlogin HTTP/1.1" 200 1731
186.79.91.253 - - [11/Sep/2017:09:14:02 -0300] "POST /cormun/servlet/hlogin?8bfda9957f181650155a009dc0437b90,gx-no-cache=1505132080820 HTTP/1.1" 200 90
186.79.91.253 - - [11/Sep/2017:09:14:02 -0300] "GET /cormun/servlet/hpexe_link HTTP/1.1" 200 952
186.79.91.253 - - [11/Sep/2017:09:14:02 -0300] "GET /cormun/static/Resources/Spanish/PXTools.css?1155365 HTTP/1.1" 304 -
186.79.91.253 - - [11/Sep/2017:09:14:02 -0300] "GET /cormun/static/gxcfg.js?20177612121792 HTTP/1.1" 304 -
186.79.91.253 - - [11/Sep/2017:09:14:02 -0300] "GET /cormun/static/hpexe_link.js?20177612121795 HTTP/1.1" 304 -
186.79.91.253 - - [11/Sep/2017:09:14:02 -0300] "GET /cormun/servlet/hhome HTTP/1.1" 200 4113
186.79.91.253 - - [11/Sep/2017:09:14:03 -0300] "GET /cormun/static/gxcfg.js?20175251212442 HTTP/1.1" 304 -
186.79.91.253 - - [11/Sep/2017:09:14:03 -0300] "GET /cormun/static/hhome.js?20175251212450 HTTP/1.1" 304 -
186.79.91.253 - - [11/Sep/2017:09:14:03 -0300] "GET /cormun/static/hwchdr01.js?201752511465785 HTTP/1.1" 304 -
186.79.91.253 - - [11/Sep/2017:09:14:03 -0300] "GET /cormun/static/hpexe_recentlink.js?20177611595044 HTTP/1.1" 304 -
186.79.91.253 - - [11/Sep/2017:09:14:03 -0300] "GET /cormun/static/hpexe_scripts.js?201752511465715 HTTP/1.1" 304 -
186.79.91.253 - - [11/Sep/2017:09:14:03 -0300] "GET /cormun/static/hpexe_messagecontroller.js?20177611595012 HTTP/1.1" 304 -
186.79.91.253 - - [11/Sep/2017:09:14:03 -0300] "GET /cormun/static/hpexe_messagepopupcomponent.js?20161017169425 HTTP/1.1" 304 -
186.79.91.253 - - [11/Sep/2017:09:14:03 -0300] "GET /cormun/static/hpexe_messagegenexuscomponent.js?201752511465344 HTTP/1.1" 304 -
186.79.91.253 - - [11/Sep/2017:09:14:03 -0300] "GET /cormun/static/cmcontrolpreferences.js?201752511465670 HTTP/1.1" 304 -
186.79.91.253 - - [11/Sep/2017:09:14:03 -0300] "GET /cormun/static/hmpwkw03.js?20177612122668 HTTP/1.1" 304 -
186.79.91.253 - - [11/Sep/2017:09:14:04 -0300] "GET /cormun/servlet/hhome HTTP/1.1" 200 4109
186.79.91.253 - - [11/Sep/2017:09:14:09 -0300] "GET /cormun/servlet/trlicencias? HTTP/1.1" 200 13065
186.79.91.253 - - [11/Sep/2017:09:14:11 -0300] "GET /cormun/static/Resources/Spanish/PXTools.css?17315867 HTTP/1.1" 304 -
186.79.91.253 - - [11/Sep/2017:09:14:11 -0300] "GET /cormun/static/gxcfg.js?20176272054169 HTTP/1.1" 304 -
186.79.91.253 - - [11/Sep/2017:09:14:11 -0300] "GET /cormun/static/calendar.js?85251 HTTP/1.1" 304 -
186.79.91.253 - - [11/Sep/2017:09:14:11 -0300] "GET /cormun/static/calendar-setup.js?85251 HTTP/1.1" 304 -
186.79.91.253 - - [11/Sep/2017:09:14:11 -0300] "GET /cormun/static/calendar-es.js?85251 HTTP/1.1" 304 -
186.79.91.253 - - [11/Sep/2017:09:14:12 -0300] "GET /cormun/static/gxdec.js?85251 HTTP/1.1" 304 -
186.79.91.253 - - [11/Sep/2017:09:14:12 -0300] "GET /cormun/static/trlicencias.js?20176272054837 HTTP/1.1" 304 -
186.79.91.253 - - [11/Sep/2017:09:14:12 -0300] "GET /cormun/servlet/trlicencias? HTTP/1.1" 200 13062
186.79.91.253 - - [11/Sep/2017:09:14:25 -0300] "GET /cormun/servlet/licenciaspermisos?DSP,16492698,L,20170822000000, HTTP/1.1" 200 7266
186.79.91.253 - - [11/Sep/2017:09:14:25 -0300] "GET /cormun/static/gxcfg.js?201762917281167 HTTP/1.1" 200 953
186.79.91.253 - - [11/Sep/2017:09:14:26 -0300] "GET /cormun/servlet/licenciaspermisos?DSP,16492698,L,20170822000000, HTTP/1.1" 200 7265
186.79.91.253 - - [11/Sep/2017:09:14:35 -0300] "POST /cormun/servlet/licenciaspermisos?8bfda9957f181650155a009dc0437b90,DSP,16492698,L,20170822000000,,gx-no-cache=1505132113360 HTTP/1.1" 200 93
186.79.91.253 - - [11/Sep/2017:09:14:35 -0300] "GET /cormun/servlet/hpexe_return? HTTP/1.1" 200 1032
186.79.91.253 - - [11/Sep/2017:09:14:36 -0300] "GET /cormun/static/Resources/Spanish/PXTools.css?167811 HTTP/1.1" 304 -
186.79.91.253 - - [11/Sep/2017:09:14:36 -0300] "GET /cormun/static/gxcfg.js?2016101716175148 HTTP/1.1" 304 -
186.79.91.253 - - [11/Sep/2017:09:14:36 -0300] "GET /cormun/static/hpexe_return.js?2016101716175153 HTTP/1.1" 304 -
186.79.91.253 - - [11/Sep/2017:09:14:37 -0300] "GET /cormun/servlet/trlicencias HTTP/1.1" 200 13067
186.79.91.253 - - [11/Sep/2017:09:14:40 -0300] "GET /cormun/servlet/trlicencias HTTP/1.1" 200 13062
186.103.132.155 - - [11/Sep/2017:09:14:51 -0300] "GET /cormun/servlet/hlogin HTTP/1.1" 200 1717
200.72.197.82 - - [11/Sep/2017:09:15:01 -0300] "POST /cormun/servlet/hlogin?ee5d125da0b5edf000bea7ce0b0da638,gx-no-cache=1505132137594 HTTP/1.1" 200 90
200.72.197.82 - - [11/Sep/2017:09:15:01 -0300] "GET /cormun/servlet/hpexe_link HTTP/1.1" 200 961
200.72.197.82 - - [11/Sep/2017:09:15:01 -0300] "GET /cormun/servlet/permisogoce?INS,0,,, HTTP/1.1" 200 6905
200.72.197.82 - - [11/Sep/2017:09:15:02 -0300] "GET /cormun/servlet/permisogoce?INS,0,,, HTTP/1.1" 200 6904
186.79.91.253 - - [11/Sep/2017:09:15:50 -0300] "GET /cormun/servlet/licenciaspermisos?INS,0,,, HTTP/1.1" 200 7640
186.79.91.253 - - [11/Sep/2017:09:15:52 -0300] "GET /cormun/servlet/licenciaspermisos?INS,0,,, HTTP/1.1" 200 7648
186.79.91.253 - - [11/Sep/2017:09:16:04 -0300] "GET /cormun/servlet/licenciaspermisos?449df67033c248acac92d3f43ba7a103598bb03c5a4925a03bb8d2aaf4f524fafbed18eb17f2467cd14f8baa3c73f74e,gx-no-cache=1505132202605 HTTP/1.1" 200 102
186.79.91.253 - - [11/Sep/2017:09:16:04 -0300] "POST /cormun/servlet/licenciaspermisos?8bfda9957f181650155a009dc0437b90,INS,0,,,,gx-no-cache=1505132202820 HTTP/1.1" 200 4777
186.79.91.253 - - [11/Sep/2017:09:16:17 -0300] "GET /cormun/static/menuarrow.gif HTTP/1.1" 404 1015
186.103.156.166 - - [11/Sep/2017:09:16:17 -0300] "GET /cormun/servlet/hhome HTTP/1.1" 200 3369
186.103.156.166 - - [11/Sep/2017:09:16:17 -0300] "GET /cormun/static/Resources/Spanish/PXTools.css?11423723 HTTP/1.1" 304 -
186.103.156.166 - - [11/Sep/2017:09:16:18 -0300] "GET /cormun/static/gxcfg.js?20175251212442 HTTP/1.1" 304 -
186.103.161.206 - - [11/Sep/2017:09:16:18 -0300] "GET /cormun/servlet/permisogoce?66bf768865a7b599105c83b7955b2c6d37877232c825e8ca0b8d73d2bc9ba79d65390e0eab3f21cfe4b3dfa74f5e7b9d9d8a299fede7b412a36dd9892625d086,gx-no-cache=1505132214387 HTTP/1.1" 200 175
186.103.161.206 - - [11/Sep/2017:09:16:18 -0300] "GET /cormun/static/Shared/jqueryui/images/ui-bg_highlight-soft_100_c6c2c8_1x100.png HTTP/1.1" 404 1117
200.72.197.82 - - [11/Sep/2017:09:16:18 -0300] "GET /cormun/static/Shared/jqueryui/images/ui-icons_82798d_256x240.png HTTP/1.1" 404 1089
186.103.132.155 - - [11/Sep/2017:09:16:18 -0300] "GET /cormun/static/Shared/jqueryui/images/ui-icons_ebccce_256x240.png HTTP/1.1" 404 1089
186.103.132.155 - - [11/Sep/2017:09:16:18 -0300] "GET /cormun/static/Shared/jqueryui/images/ui-bg_flat_55_994d53_40x100.png HTTP/1.1" 404 1097
186.103.156.166 - - [11/Sep/2017:09:16:18 -0300] "GET /cormun/static/messages.spa.js?85251 HTTP/1.1" 304 -
186.103.156.166 - - [11/Sep/2017:09:16:18 -0300] "GET /cormun/static/hhome.js?20175251212450 HTTP/1.1" 304 -
186.103.156.166 - - [11/Sep/2017:09:16:18 -0300] "GET /cormun/static/hwchdr01.js?201752511465785 HTTP/1.1" 304 -
186.103.156.166 - - [11/Sep/2017:09:16:18 -0300] "GET /cormun/static/hpexe_recentlink.js?20177611595044 HTTP/1.1" 304 -
186.103.156.166 - - [11/Sep/2017:09:16:18 -0300] "GET /cormun/static/hpexe_scripts.js?201752511465715 HTTP/1.1" 304 -
186.103.156.166 - - [11/Sep/2017:09:16:18 -0300] "GET /cormun/static/hpexe_messagepopupcomponent.js?20161017169425 HTTP/1.1" 304 -
186.103.156.166 - - [11/Sep/2017:09:16:18 -0300] "GET /cormun/static/hpexe_messagecontroller.js?20177611595012 HTTP/1.1" 304 -
186.103.156.166 - - [11/Sep/2017:09:16:18 -0300] "GET /cormun/static/hpexe_messagegenexuscomponent.js?201752511465344 HTTP/1.1" 304 -
186.103.156.166 - - [11/Sep/2017:09:16:18 -0300] "GET /cormun/static/cmcontrolpreferences.js?201752511465670 HTTP/1.1" 304 -
186.103.156.166 - - [11/Sep/2017:09:16:18 -0300] "GET /cormun/static/hmpwkw03.js?20177612122668 HTTP/1.1" 304 -
186.103.156.166 - - [11/Sep/2017:09:16:18 -0300] "GET /cormun/servlet/hhome HTTP/1.1" 200 3379
186.103.156.166 - - [11/Sep/2017:09:16:18 -0300] "GET /cormun/servlet/hlogin HTTP/1.1" 200 1725
186.103.156.166 - - [11/Sep/2017:09:16:19 -0300] "GET /cormun/static/gxcfg.js?20175251213516 HTTP/1.1" 304 -
186.103.156.166 - - [11/Sep/2017:09:16:19 -0300] "GET /cormun/static/hlogin.js?20175251213537 HTTP/1.1" 304 -
186.103.156.166 - - [11/Sep/2017:09:16:42 -0300] "POST /cormun/servlet/hlogin?990404b1ec75c35f24c7258da427853c,gx-no-cache=1505135836285 HTTP/1.1" 200 439
186.103.156.166 - - [11/Sep/2017:09:16:58 -0300] "POST /cormun/servlet/hlogin?990404b1ec75c35f24c7258da427853c,gx-no-cache=1505135851847 HTTP/1.1" 200 439
186.103.156.166 - - [11/Sep/2017:09:16:59 -0300] "POST /cormun/servlet/hlogin?990404b1ec75c35f24c7258da427853c,gx-no-cache=1505135853390 HTTP/1.1" 200 437
190.151.99.26 - - [11/Sep/2017:09:17:02 -0300] "GET /cormun/servlet/hlogin HTTP/1.1" 200 1725
190.151.99.26 - - [11/Sep/2017:09:17:02 -0300] "GET /cormun/static/gxcfg.js?20175251213516 HTTP/1.1" 304 -
190.151.99.26 - - [11/Sep/2017:09:17:02 -0300] "GET /cormun/static/Resources/Spanish/PXTools.css?11423723 HTTP/1.1" 304 -
190.151.99.26 - - [11/Sep/2017:09:17:02 -0300] "GET /cormun/static/messages.spa.js?85251 HTTP/1.1" 304 -
186.103.196.84 - - [11/Sep/2017:09:17:03 -0300] "GET /cormun/static/hlogin.js?20175251213537 HTTP/1.1" 304 -
186.103.196.84 - - [11/Sep/2017:09:17:03 -0300] "GET /cormun/servlet/hlogin HTTP/1.1" 200 1731
186.79.219.45 - - [11/Sep/2017:09:17:04 -0300] "GET /cormun/static/menuarrow.gif HTTP/1.1" 404 1015
186.103.196.84 - - [11/Sep/2017:09:17:05 -0300] "POST /cormun/servlet/hlogin?d65edf62c62e615f0b38e8c1dae6cd12,gx-no-cache=1505132246936 HTTP/1.1" 200 90
186.103.196.84 - - [11/Sep/2017:09:17:05 -0300] "GET /cormun/servlet/hpexe_link HTTP/1.1" 200 953
186.103.196.84 - - [11/Sep/2017:09:17:05 -0300] "GET /cormun/static/gxcfg.js?20177612121792 HTTP/1.1" 304 -
186.103.196.84 - - [11/Sep/2017:09:17:05 -0300] "GET /cormun/static/Resources/Spanish/PXTools.css?1155365 HTTP/1.1" 304 -
190.151.99.26 - - [11/Sep/2017:09:17:05 -0300] "GET /cormun/static/hpexe_link.js?20177612121795 HTTP/1.1" 304 -
186.103.196.84 - - [11/Sep/2017:09:17:05 -0300] "GET /cormun/servlet/hhome HTTP/1.1" 200 4045
186.103.196.84 - - [11/Sep/2017:09:17:06 -0300] "GET /cormun/static/gxcfg.js?20175251212442 HTTP/1.1" 304 -
186.103.196.84 - - [11/Sep/2017:09:17:06 -0300] "GET /cormun/static/hhome.js?20175251212450 HTTP/1.1" 304 -
190.151.99.26 - - [11/Sep/2017:09:17:06 -0300] "GET /cormun/static/hpexe_recentlink.js?20177611595044 HTTP/1.1" 304 -
186.103.196.84 - - [11/Sep/2017:09:17:06 -0300] "GET /cormun/static/hpexe_scripts.js?201752511465715 HTTP/1.1" 304 -
190.151.99.26 - - [11/Sep/2017:09:17:06 -0300] "GET /cormun/static/hwchdr01.js?201752511465785 HTTP/1.1" 304 -
186.67.84.234 - - [11/Sep/2017:09:17:06 -0300] "GET /cormun/static/hpexe_messagecontroller.js?20177611595012 HTTP/1.1" 304 -
186.103.196.84 - - [11/Sep/2017:09:17:06 -0300] "GET /cormun/static/hpexe_messagepopupcomponent.js?20161017169425 HTTP/1.1" 304 -
186.67.84.234 - - [11/Sep/2017:09:17:06 -0300] "GET /cormun/static/cmcontrolpreferences.js?201752511465670 HTTP/1.1" 304 -
186.103.196.84 - - [11/Sep/2017:09:17:06 -0300] "GET /cormun/static/hpexe_messagegenexuscomponent.js?201752511465344 HTTP/1.1" 304 -
186.103.196.84 - - [11/Sep/2017:09:17:06 -0300] "GET /cormun/static/hmpwkw03.js?20177612122668 HTTP/1.1" 304 -
186.103.196.84 - - [11/Sep/2017:09:17:06 -0300] "GET /cormun/servlet/hhome HTTP/1.1" 200 4043
200.72.197.82 - - [11/Sep/2017:09:17:36 -0300] "GET /cormun/servlet/hlogin HTTP/1.1" 200 1717
190.151.100.218 - - [11/Sep/2017:09:17:47 -0300] "POST /cormun/servlet/hlogin?ee5d125da0b5edf000bea7ce0b0da638,gx-no-cache=1505132303450 HTTP/1.1" 200 90
190.151.100.218 - - [11/Sep/2017:09:17:47 -0300] "GET /cormun/servlet/hpexe_link HTTP/1.1" 200 961
190.151.100.218 - - [11/Sep/2017:09:17:47 -0300] "GET /cormun/servlet/permisogoce?INS,0,,, HTTP/1.1" 200 6905
186.103.156.166 - - [11/Sep/2017:09:17:48 -0300] "POST /cormun/servlet/hlogin?990404b1ec75c35f24c7258da427853c,gx-no-cache=1505135901973 HTTP/1.1" 200 439
190.151.100.218 - - [11/Sep/2017:09:17:48 -0300] "GET /cormun/servlet/permisogoce?INS,0,,, HTTP/1.1" 200 6905
186.103.156.166 - - [11/Sep/2017:09:18:01 -0300] "POST /cormun/servlet/hlogin?990404b1ec75c35f24c7258da427853c,gx-no-cache=1505135915007 HTTP/1.1" 200 439
190.151.100.218 - - [11/Sep/2017:09:18:07 -0300] "POST /cormun/servlet/solicitudot?6e02168dbf85338ca5b3b1a6371592bb,INS,0,0,,gx-no-cache=1505132323810 HTTP/1.1" 200 93
190.151.100.218 - - [11/Sep/2017:09:18:07 -0300] "GET /cormun/servlet/hpexe_return? HTTP/1.1" 200 1006
190.151.100.218 - - [11/Sep/2017:09:18:07 -0300] "GET /cormun/static/gxcfg.js?2016101716175148 HTTP/1.1" 304 -
190.151.100.218 - - [11/Sep/2017:09:18:07 -0300] "GET /cormun/servlet/trsolicitudot HTTP/1.1" 200 9818
190.151.100.218 - - [11/Sep/2017:09:18:08 -0300] "GET /cormun/servlet/trsolicitudot HTTP/1.1" 200 9814
186.103.156.166 - - [11/Sep/2017:09:18:15 -0300] "POST /cormun/servlet/hlogin?990404b1ec75c35f24c7258da427853c,gx-no-cache=1505135929383 HTTP/1.1" 200 439
186.103.156.166 - - [11/Sep/2017:09:18:16 -0300] "POST /cormun/servlet/hlogin?990404b1ec75c35f24c7258da427853c,gx-no-cache=1505135930025 HTTP/1.1" 200 437
190.151.100.218 - - [11/Sep/2017:09:18:18 -0300] "GET /cormun/servlet/permisogoce?66bf768865a7b599105c83b7955b2c6d035b9ebf6b2bd5a841f256b3783cfc4865390e0eab3f21cfe4b3dfa74f5e7b9d9d8a299fede7b412a36dd9892625d086,gx-no-cache=1505132335019 HTTP/1.1" 200 79
190.151.100.218 - - [11/Sep/2017:09:18:18 -0300] "GET /cormun/static/menuarrow.gif HTTP/1.1" 404 1015
186.79.91.253 - - [11/Sep/2017:09:18:20 -0300] "GET /cormun/servlet/licenciaspermisos?449df67033c248acac92d3f43ba7a10383532700495d69595b5a3c36a3ad9735d4ebda5ad835ab000b449e04d7a94a241372894df4fecfcafb685e195d1c1a29fbd676adb31c455734daf1100bbc1b0a78fde7274f7542d419545a1056fbd461f851c9b9c1ce00c4b6b37c0da98685907c0e2a2c8a67281190967b07d586fa9365b4897baccc3c22696bbc262960a84384b4c99246b688bad560eeaec03bbb4fb3c429bf9740cf71ba6b2fbd41ff1fee,gx-no-cache=1505132338654 HTTP/1.1" 200 30
186.79.91.253 - - [11/Sep/2017:09:18:20 -0300] "POST /cormun/servlet/licenciaspermisos?8bfda9957f181650155a009dc0437b90,INS,0,,,,gx-no-cache=1505132338863 HTTP/1.1" 200 4859
186.103.161.206 - - [11/Sep/2017:09:18:30 -0300] "GET /cormun/servlet/solicitudot?INS,0,0, HTTP/1.1" 200 12958
186.103.161.206 - - [11/Sep/2017:09:18:31 -0300] "GET /cormun/servlet/solicitudot?INS,0,0, HTTP/1.1" 200 12963
186.79.219.45 - - [11/Sep/2017:09:18:33 -0300] "GET /cormun/servlet/licenciaspermisos?d0e707b37d9fedf61870c1665c6ffbd2781a0476d429cd25b07e365bea458359b918448ef13007db2347ba5b633a0b52f813fc64d876bc83022bb229a2f2d7c37d6f37ca8dfd5cfd5caa6991046ea52f139fc121da328c677c08ac48f622ca0e0c83727741734ff96b47e7baee5d50afc7172ce3e23788327370a6e766862eaa58bee8627d6906cd7dac1142e48dd00ef28eb9d093f51d1e74ae4c019da996e5b1422d47e1f8b4e57a710d1af4c1b4fd081979d23e309baa40bdc10efba3682011626d89b71c6a8348042291a8ba464aa36bdba21293c04d366879aec348c671,gx-no-cache=1505132349512 HTTP/1.1" 200 30
186.79.219.45 - - [11/Sep/2017:09:18:33 -0300] "GET /cormun/servlet/licenciaspermisos?d0e707b37d9fedf61870c1665c6ffbd29ab07fae05d20e809ed50e9f103aa00cd8ad2aaa70dcd1255b721131a660d4a08891c9c438cf60ce8bd328d809a9daadabfbad849fa2834815d2efc29b72b53029a2dd291540bc040b7b0973a42b40bfffddec9d5cadd1b9838359d6c855b1b98ade3e3d43ed3660b0a1454f1505272e2737b3eff60c1e8f0bfbdac0b01837390f7334f94ed26a782558df985eaa97dad147bb343d14ce64e81d11068075126dabf2c6a3da38fdd62a197a34dfc52780bdd7ac436f86568db91d884be62c9d1c5c0542a1680f1f2135dc860aa0543b13,gx-no-cache=1505132349671 HTTP/1.1" 200 29
186.79.219.45 - - [11/Sep/2017:09:18:34 -0300] "POST /cormun/servlet/licenciaspermisos?cf3a84c27484317f096736220f3cece4,INS,0,,,,gx-no-cache=1505132349826 HTTP/1.1" 200 93
186.79.219.45 - - [11/Sep/2017:09:18:34 -0300] "GET /cormun/servlet/hpexe_return? HTTP/1.1" 200 1004
186.79.219.45 - - [11/Sep/2017:09:18:34 -0300] "GET /cormun/static/gxcfg.js?2016101716175148 HTTP/1.1" 304 -
190.151.100.218 - - [11/Sep/2017:09:18:34 -0300] "GET /cormun/servlet/permisogoce?66bf768865a7b599105c83b7955b2c6d035b9ebf6b2bd5a841f256b3783cfc48c6a36dcb46e13f5d4ad708cbe4a75790af0f78703549a31615dfe28fcd5d05ffdea2b42a752a7733461707a1752de87516ac1d6a92bac5da5fdc12a503001e0c5f8720637890e37307471a68082aa413,gx-no-cache=1505132350810 HTTP/1.1" 200 79
186.79.219.45 - - [11/Sep/2017:09:18:35 -0300] "GET /cormun/servlet/trlicencias HTTP/1.1" 200 9732
186.79.219.45 - - [11/Sep/2017:09:18:37 -0300] "GET /cormun/servlet/trlicencias HTTP/1.1" 200 9726
190.151.100.218 - - [11/Sep/2017:09:18:41 -0300] "GET /cormun/servlet/permisogoce?66bf768865a7b599105c83b7955b2c6d0c5b1ff677a70beda24ded5fae851298c619c8a8029f9b94121e2e96fd3f00fae3d19ef0e6cbf7a6677215f24a2c02c2,gx-no-cache=1505132357403 HTTP/1.1" 200 48
186.103.132.155 - - [11/Sep/2017:09:18:49 -0300] "POST /cormun/servlet/permisogoce?ee5d125da0b5edf000bea7ce0b0da638,INS,0,,,,gx-no-cache=1505132365513 HTTP/1.1" 200 93
186.103.132.155 - - [11/Sep/2017:09:18:49 -0300] "GET /cormun/servlet/hpexe_return? HTTP/1.1" 200 1006
186.103.161.206 - - [11/Sep/2017:09:18:49 -0300] "GET /cormun/static/gxcfg.js?2016101716175148 HTTP/1.1" 200 953
186.103.161.206 - - [11/Sep/2017:09:18:49 -0300] "GET /cormun/static/hpexe_return.js?2016101716175153 HTTP/1.1" 200 1633
186.103.132.155 - - [11/Sep/2017:09:18:49 -0300] "GET /cormun/static/Resources/Spanish/PXTools.css?167811 HTTP/1.1" 200 89042
186.103.132.155 - - [11/Sep/2017:09:18:50 -0300] "GET /cormun/servlet/trpermisosgoce HTTP/1.1" 200 9073
186.103.161.206 - - [11/Sep/2017:09:18:50 -0300] "GET /cormun//static/Resources/PXToolsGridUpdate.png HTTP/1.1" 200 2984
186.103.132.155 - - [11/Sep/2017:09:18:50 -0300] "GET /cormun/servlet/trpermisosgoce HTTP/1.1" 200 9069
186.79.219.45 - - [11/Sep/2017:09:18:58 -0300] "GET /cormun/servlet/trlicenciaspermisosadjuntos?12692670,20170911000000,L, HTTP/1.1" 200 6130
186.103.161.206 - - [11/Sep/2017:09:18:58 -0300] "GET /cormun/servlet/apermisogoceprn?16250806,P,20170911091710,PU HTTP/1.1" 200 1671
186.79.219.45 - - [11/Sep/2017:09:18:58 -0300] "GET /cormun/static/gxcfg.js?20177612163414 HTTP/1.1" 200 953
186.79.91.253 - - [11/Sep/2017:09:18:58 -0300] "GET /cormun/servlet/licenciaspermisos?449df67033c248acac92d3f43ba7a103d579f70ea5afb4debba8a0142046789d47db97d116175c40d20ce208fc1684cc0724c66a4e2cb608e9cac3e37b5e6ee33c49c5e71e4665e0cf91207a0d88c2442569471a4a0fe3af6392a2603d0440cf5fd5a2c5e8929d89af9e69d30bb662e8e8a8e943d8bbdd7bbb3c1ee0d180be6b2d125f39f002974c9f15a87604fb70ac08c6d7679609b886414643a272bd13c8386e848019962f6a5049dc72dd4c6e6a2e03fcf31be8697689e612af44a26480c4c6b19c72cefe7076cf085090043a18707b1344f496ae7c13c5f22ac5683fb53a531a0d67b6f1b611b5c1cd4e406c21,gx-no-cache=1505132376552 HTTP/1.1" 200 58
186.79.219.45 - - [11/Sep/2017:09:18:58 -0300] "GET /cormun/static/trlicenciaspermisosadjuntos.js?20177612163719 HTTP/1.1" 200 21036
186.79.91.253 - - [11/Sep/2017:09:18:59 -0300] "POST /cormun/servlet/licenciaspermisos?8bfda9957f181650155a009dc0437b90,INS,0,,,,gx-no-cache=1505132377213 HTTP/1.1" 200 93
186.79.91.253 - - [11/Sep/2017:09:18:59 -0300] "GET /cormun/servlet/hpexe_return? HTTP/1.1" 200 1015
186.79.219.45 - - [11/Sep/2017:09:18:59 -0300] "GET /cormun/servlet/trlicenciaspermisosadjuntos?12692670,20170911000000,L, HTTP/1.1" 200 6131
186.79.91.253 - - [11/Sep/2017:09:19:00 -0300] "GET /cormun/servlet/trlicencias HTTP/1.1" 200 13483
186.79.91.253 - - [11/Sep/2017:09:19:01 -0300] "GET /cormun/servlet/trlicencias HTTP/1.1" 200 13478
186.79.219.45 - - [11/Sep/2017:09:19:03 -0300] "GET /cormun/servlet/licenciaspermisosadjuntos?INS,12692670,L,20170911000000,, HTTP/1.1" 200 5433
186.79.219.45 - - [11/Sep/2017:09:19:04 -0300] "GET /cormun/static/gxcfg.js?2017761263592 HTTP/1.1" 200 953
186.79.219.45 - - [11/Sep/2017:09:19:04 -0300] "GET /cormun/static/licenciaspermisosadjuntos.js?201776126362 HTTP/1.1" 200 8760
186.79.219.45 - - [11/Sep/2017:09:19:04 -0300] "GET /cormun/static/about:blank HTTP/1.1" 404 1011
186.79.219.45 - - [11/Sep/2017:09:19:05 -0300] "GET /cormun/servlet/licenciaspermisosadjuntos?INS,12692670,L,20170911000000,, HTTP/1.1" 200 5422
186.79.91.253 - - [11/Sep/2017:09:19:13 -0300] "GET /cormun/servlet/alicenciaprn?16492698,L,20170911000000,PU HTTP/1.1" 200 1596
186.103.132.155 - - [11/Sep/2017:09:19:33 -0300] "POST /cormun/servlet/solicitudot?gx-no-cache=1505132410191 HTTP/1.1" 200 3126
186.103.132.155 - - [11/Sep/2017:09:19:33 -0300] "POST /cormun/servlet/solicitudot?6e02168dbf85338ca5b3b1a6371592bb,INS,0,0,,gx-no-cache=1505132410596 HTTP/1.1" 200 9986
186.79.91.253 - - [11/Sep/2017:09:19:38 -0300] "GET /cormun/servlet/trlicenciaspermisosadjuntos?16492698,20170911000000,L, HTTP/1.1" 200 6459
186.79.91.253 - - [11/Sep/2017:09:19:38 -0300] "GET /cormun/static/gxcfg.js?20177612163414 HTTP/1.1" 200 953
186.103.132.155 - - [11/Sep/2017:09:19:38 -0300] "GET /cormun/servlet/solicitudot?67c9845fd549bd9910799b1c26adeae21769e5aee1138ab2a892eb16d45f4c872fb7cfc686a1e292f6a9ffedf85163a9,gx-no-cache=1505132415336 HTTP/1.1" 200 30
186.79.91.253 - - [11/Sep/2017:09:19:39 -0300] "GET /cormun/servlet/trlicenciaspermisosadjuntos?16492698,20170911000000,L, HTTP/1.1" 200 6460
186.79.91.253 - - [11/Sep/2017:09:19:41 -0300] "GET /cormun/servlet/licenciaspermisosadjuntos?INS,16492698,L,20170911000000,, HTTP/1.1" 200 5762
186.79.91.253 - - [11/Sep/2017:09:19:41 -0300] "GET /cormun/static/gxcfg.js?2017761263592 HTTP/1.1" 200 953
186.79.91.253 - - [11/Sep/2017:09:19:41 -0300] "GET /cormun/static/about:blank HTTP/1.1" 404 1011
186.79.91.253 - - [11/Sep/2017:09:19:42 -0300] "GET /cormun/servlet/licenciaspermisosadjuntos?INS,16492698,L,20170911000000,, HTTP/1.1" 200 5751
186.79.91.253 - - [11/Sep/2017:09:20:13 -0300] "POST /cormun/servlet/licenciaspermisosadjuntos?8bfda9957f181650155a009dc0437b90,INS,16492698,L,20170911000000,, HTTP/1.1" 200 116
186.79.91.253 - - [11/Sep/2017:09:20:13 -0300] "GET /cormun/servlet/hpexe_return? HTTP/1.1" 200 1045
186.79.91.253 - - [11/Sep/2017:09:20:13 -0300] "GET /cormun/servlet/trlicenciaspermisosadjuntos?16492698,20170911000000,L, HTTP/1.1" 200 6959
186.103.156.166 - - [11/Sep/2017:09:20:14 -0300] "POST /cormun/servlet/hlogin?990404b1ec75c35f24c7258da427853c,gx-no-cache=1505136048146 HTTP/1.1" 200 439
186.79.91.253 - - [11/Sep/2017:09:20:15 -0300] "GET /cormun/servlet/trlicenciaspermisosadjuntos?16492698,20170911000000,L, HTTP/1.1" 200 6956
186.79.91.253 - - [11/Sep/2017:09:20:18 -0300] "POST /cormun/servlet/trlicenciaspermisosadjuntos?8bfda9957f181650155a009dc0437b90,16492698,20170911000000,L,,gx-no-cache=1505132456310 HTTP/1.1" 200 90
186.79.91.253 - - [11/Sep/2017:09:20:18 -0300] "GET /cormun/servlet/hpexe_link HTTP/1.1" 200 987
186.79.91.253 - - [11/Sep/2017:09:20:19 -0300] "GET /cormun/servlet/trlicencias HTTP/1.1" 200 13480
186.79.91.253 - - [11/Sep/2017:09:20:20 -0300] "GET /cormun/servlet/trlicencias HTTP/1.1" 200 13478
186.79.219.45 - - [11/Sep/2017:09:20:27 -0300] "POST /cormun/servlet/licenciaspermisosadjuntos?cf3a84c27484317f096736220f3cece4,INS,12692670,L,20170911000000,, HTTP/1.1" 200 116
186.79.219.45 - - [11/Sep/2017:09:20:27 -0300] "GET /cormun/servlet/hpexe_return? HTTP/1.1" 200 1035
186.79.219.45 - - [11/Sep/2017:09:20:28 -0300] "GET /cormun/servlet/trlicenciaspermisosadjuntos?12692670,20170911000000,L, HTTP/1.1" 200 6598
186.79.91.253 - - [11/Sep/2017:09:20:29 -0300] "GET /cormun/servlet/licenciaspermisos?INS,0,,, HTTP/1.1" 200 7640
186.79.219.45 - - [11/Sep/2017:09:20:30 -0300] "GET /cormun/servlet/trlicenciaspermisosadjuntos?12692670,20170911000000,L, HTTP/1.1" 200 6595
186.79.91.253 - - [11/Sep/2017:09:20:30 -0300] "GET /cormun/servlet/licenciaspermisos?INS,0,,, HTTP/1.1" 200 7648
186.79.219.45 - - [11/Sep/2017:09:20:34 -0300] "GET /cormun/PublicTempStorage/lic.sandra8809942.jpg HTTP/1.1" 200 1255561
186.79.219.45 - - [11/Sep/2017:09:20:39 -0300] "GET /cormun/servlet/trlicencias? HTTP/1.1" 200 9727
186.79.219.45 - - [11/Sep/2017:09:20:41 -0300] "GET /cormun/servlet/trlicencias? HTTP/1.1" 200 9726
186.79.91.253 - - [11/Sep/2017:09:20:41 -0300] "GET /cormun/servlet/licenciaspermisos?449df67033c248acac92d3f43ba7a103dcef43edaee974b6c4e69e69a17a8575a4ab752126844877607cfd918b6cac6f,gx-no-cache=1505132480040 HTTP/1.1" 200 70
186.79.91.253 - - [11/Sep/2017:09:20:42 -0300] "POST /cormun/servlet/licenciaspermisos?8bfda9957f181650155a009dc0437b90,INS,0,,,,gx-no-cache=1505132480345 HTTP/1.1" 200 4763
186.79.219.45 - - [11/Sep/2017:09:20:44 -0300] "GET /cormun/servlet/alicenciaprn?12692670,L,20170911000000,PU HTTP/1.1" 200 1558
186.79.91.253 - - [11/Sep/2017:09:20:54 -0300] "GET /cormun/static/menuarrow.gif HTTP/1.1" 404 1015
186.103.132.155 - - [11/Sep/2017:09:21:03 -0300] "POST /cormun/servlet/solicitudot?gx-no-cache=1505132500200 HTTP/1.1" 200 255
190.151.100.218 - - [11/Sep/2017:09:21:07 -0300] "GET /cormun/servlet/solicitudot?67c9845fd549bd9910799b1c26adeae2ea495d0f268985fced722c9bb6eaad446dca34b8a6e37fff9d2ac0691cb96c266987ec6cbc934c3dfe9a82f9e52c6e961f0f7ee20f038ee442af42672c9d155ed1b859d64e48de011fe607d7e2d10999de4e537ea5739c56325b2ffa713fd65fbc3ed6fc6e3de04abf619c9aee34321caf9501f22843a986f32e7a60bd9a6211e7af522aa0f65195b20e48ebd888974a0619a3a565ce9a5d38b61b50b3821b62754fb7fbb0df3c27e2229e6d1d0dd8d5df8357cc527bc9eebcf738d92df3b9ba2c765ba5212e9e944e698596c9022595651498cec32d7ecfa6f3d109c632763d442d249dee3403ff1a594b1e264837831786b4a6575899d3442c65ebb434f1b5ff4227324caf1211f1e60f3fcb2142f34cb3e52e9bf7e64f18fc86e3cff86608a24edd9f25c3d3a8827fab412d6a4fd4139cdda4502a1b146e9f1cf136d77089c6c2c54ed729140a46928a5408134a94db1ac8970d3c1a1fc7b9161c3eee35a60f22bdf3e20f9db12c65e8f55067f41a,gx-no-cache=1505132504008 HTTP/1.1" 200 30
186.103.156.166 - - [11/Sep/2017:09:21:24 -0300] "POST /cormun/servlet/hlogin?990404b1ec75c35f24c7258da427853c,gx-no-cache=1505136117502 HTTP/1.1" 200 90
186.103.156.166 - - [11/Sep/2017:09:21:24 -0300] "GET /cormun/servlet/hpexe_link HTTP/1.1" 200 945
186.103.156.166 - - [11/Sep/2017:09:21:24 -0300] "GET /cormun/static/Resources/Spanish/PXTools.css?1155365 HTTP/1.1" 304 -
186.103.156.166 - - [11/Sep/2017:09:21:24 -0300] "GET /cormun/static/gxcfg.js?20177612121792 HTTP/1.1" 304 -
186.103.156.166 - - [11/Sep/2017:09:21:24 -0300] "GET /cormun/static/hpexe_link.js?20177612121795 HTTP/1.1" 304 -
186.103.156.166 - - [11/Sep/2017:09:21:24 -0300] "GET /cormun/servlet/hhome HTTP/1.1" 200 3774
186.103.156.166 - - [11/Sep/2017:09:21:24 -0300] "GET /cormun/servlet/hhome HTTP/1.1" 200 3771
186.103.156.166 - - [11/Sep/2017:09:21:32 -0300] "GET /cormun/servlet/trlicencias? HTTP/1.1" 200 9697
186.103.156.166 - - [11/Sep/2017:09:21:32 -0300] "GET /cormun/servlet/trlicencias? HTTP/1.1" 200 9697
186.103.156.166 - - [11/Sep/2017:09:21:32 -0300] "GET /cormun/static/Resources/Spanish/PXTools.css?17315867 HTTP/1.1" 304 -
186.103.156.166 - - [11/Sep/2017:09:21:32 -0300] "GET /cormun/static/gxcfg.js?20176272054169 HTTP/1.1" 200 953
186.103.156.166 - - [11/Sep/2017:09:21:32 -0300] "GET /cormun/static/trlicencias.js?20176272054837 HTTP/1.1" 200 41883
186.103.156.166 - - [11/Sep/2017:09:21:33 -0300] "GET /cormun/servlet/trlicencias? HTTP/1.1" 200 9694
186.103.156.166 - - [11/Sep/2017:09:21:39 -0300] "GET /cormun/servlet/licenciaspermisos?INS,0,,, HTTP/1.1" 200 7296
186.103.156.166 - - [11/Sep/2017:09:21:39 -0300] "GET /cormun/static/gxcfg.js?201762917281167 HTTP/1.1" 200 953
186.103.156.166 - - [11/Sep/2017:09:21:39 -0300] "GET /cormun/static/licenciaspermisos.js?201762917281260 HTTP/1.1" 200 37491
186.103.156.166 - - [11/Sep/2017:09:21:40 -0300] "GET /cormun/servlet/licenciaspermisos?INS,0,,, HTTP/1.1" 200 7296
186.79.219.45 - - [11/Sep/2017:09:21:52 -0300] "POST /cormun/servlet/trlicencias?cf3a84c27484317f096736220f3cece4,,gx-no-cache=1505132547627 HTTP/1.1" 200 7132
186.79.219.45 - - [11/Sep/2017:09:21:52 -0300] "GET /cormun/static/Shared/jqueryui/images/ui-bg_highlight-soft_100_c6c2c8_1x100.png HTTP/1.1" 404 1117
186.79.219.45 - - [11/Sep/2017:09:21:52 -0300] "GET /cormun/static/Shared/jqueryui/images/ui-icons_82798d_256x240.png HTTP/1.1" 404 1089
186.79.219.45 - - [11/Sep/2017:09:21:53 -0300] "GET /cormun/static/Shared/jqueryui/images/ui-icons_8d78a5_256x240.png HTTP/1.1" 404 1089
186.79.219.45 - - [11/Sep/2017:09:21:53 -0300] "GET /cormun/static/Shared/jqueryui/images/ui-bg_flat_55_fafafa_40x100.png HTTP/1.1" 404 1097
200.72.197.82 - - [11/Sep/2017:09:21:56 -0300] "GET /cormun/servlet/trpermisosgoce? HTTP/1.1" 200 9069
200.72.197.82 - - [11/Sep/2017:09:21:57 -0300] "GET /cormun/servlet/trpermisosgoce? HTTP/1.1" 200 9069
186.103.132.155 - - [11/Sep/2017:09:22:02 -0300] "GET /cormun/static/menuarrow.gif HTTP/1.1" 404 1015
190.151.99.26 - - [11/Sep/2017:09:22:09 -0300] "GET /cormun/servlet/hlogin HTTP/1.1" 200 1725
190.151.99.26 - - [11/Sep/2017:09:22:11 -0300] "POST /cormun/servlet/hlogin?d65edf62c62e615f0b38e8c1dae6cd12,gx-no-cache=1505132552892 HTTP/1.1" 200 90
190.151.99.26 - - [11/Sep/2017:09:22:11 -0300] "GET /cormun/servlet/hpexe_link HTTP/1.1" 200 959
186.103.156.166 - - [11/Sep/2017:09:22:19 -0300] "GET /cormun/static/Resources/resize.gif HTTP/1.1" 200 77
186.103.156.166 - - [11/Sep/2017:09:22:20 -0300] "GET /cormun/servlet/prfichaempleado?,MD,,gxPopupLevel%3D0%3B HTTP/1.1" 200 9196
186.103.156.166 - - [11/Sep/2017:09:22:20 -0300] "GET /cormun/static/gxcfg.js?20177612134814 HTTP/1.1" 200 953
186.103.156.166 - - [11/Sep/2017:09:22:20 -0300] "GET /cormun/static/Resources/PXToolsMenuSearch.png HTTP/1.1" 200 2914
186.103.156.166 - - [11/Sep/2017:09:22:20 -0300] "GET /cormun/static/menusearch.js?201610171694467 HTTP/1.1" 200 1424
186.103.156.166 - - [11/Sep/2017:09:22:20 -0300] "GET /cormun/static/hmpwkw011.js?20177612121862 HTTP/1.1" 200 1968
186.103.156.166 - - [11/Sep/2017:09:22:20 -0300] "GET /cormun/static/Resources/PXToolsMenuSearchCancel.png HTTP/1.1" 200 2972
186.103.156.166 - - [11/Sep/2017:09:22:20 -0300] "GET /cormun/static/prfichaempleado.js?20177612134999 HTTP/1.1" 200 16006
186.103.156.166 - - [11/Sep/2017:09:22:25 -0300] "POST /cormun/servlet/prfichaempleado?990404b1ec75c35f24c7258da427853c,,MD,,gxPopupLevel%3D0%3B,gx-no-cache=1505136178818 HTTP/1.1" 200 6338
186.103.156.166 - - [11/Sep/2017:09:22:26 -0300] "GET /cormun/static/Resources/PXToolsGridNext.gif HTTP/1.1" 200 369
186.103.156.166 - - [11/Sep/2017:09:22:26 -0300] "GET /cormun/static/Resources/PXToolsGridLast.gif HTTP/1.1" 200 370
186.103.156.166 - - [11/Sep/2017:09:22:31 -0300] "GET /cormun/servlet/prfichaempleado?,MD,,gxPopupLevel%3D0%3B HTTP/1.1" 200 9196
200.72.197.82 - - [11/Sep/2017:09:22:47 -0300] "GET /cormun/servlet/trpermisosgoce? HTTP/1.1" 200 9069
200.72.197.82 - - [11/Sep/2017:09:22:48 -0300] "GET /cormun/servlet/trpermisosgoce? HTTP/1.1" 200 9069
186.103.156.166 - - [11/Sep/2017:09:22:48 -0300] "GET /cormun/servlet/licenciaspermisos?b693446bf47f8b511e235ffba78bd023931f51dcc8cb974e067234e1bbbe60ab414a653f85dfbd063eea6ac227268c48,gx-no-cache=1505136202392 HTTP/1.1" 200 78
186.103.156.166 - - [11/Sep/2017:09:22:48 -0300] "POST /cormun/servlet/licenciaspermisos?990404b1ec75c35f24c7258da427853c,INS,0,,,,gx-no-cache=1505136202489 HTTP/1.1" 200 4563
186.79.91.253 - - [11/Sep/2017:09:22:49 -0300] "GET /cormun/servlet/licenciaspermisos?449df67033c248acac92d3f43ba7a10383532700495d69595b5a3c36a3ad9735857c8658253116522a42278bc2bd6e931372894df4fecfcafb685e195d1c1a29fbd676adb31c455734daf1100bbc1b0a78fde7274f7542d419545a1056fbd461226dcd1b80d0d9f2bf0f8140ac6ec6747c0e2a2c8a67281190967b07d586fa93867036622db1e7bc45c1fa163fdda6c18a7209a4b873620999d3a40355bb6958830f6822b95c018287d2d879d58498bc747b850876fbbcef826fc2ae597ff4be476214776f6390c1603cc90513c58abbe53d956005a1db61e233d230202f41b6,gx-no-cache=1505132607754 HTTP/1.1" 200 30
186.79.91.253 - - [11/Sep/2017:09:22:49 -0300] "GET /cormun/servlet/licenciaspermisos?449df67033c248acac92d3f43ba7a103d579f70ea5afb4debba8a0142046789df91175f5f2b61c93c8a68a6e725766800724c66a4e2cb608e9cac3e37b5e6ee33c49c5e71e4665e0cf91207a0d88c2442569471a4a0fe3af6392a2603d0440cf5fd5a2c5e8929d89af9e69d30bb662e8e8a8e943d8bbdd7bbb3c1ee0d180be6b2d125f39f002974c9f15a87604fb70ac08c6d7679609b886414643a272bd13c8386e848019962f6a5049dc72dd4c6e6a2e03fcf31be8697689e612af44a26480c4c6b19c72cefe7076cf085090043a1854348893fed45ec6e9307d0b95951e72,gx-no-cache=1505132608187 HTTP/1.1" 200 29
186.79.91.253 - - [11/Sep/2017:09:22:50 -0300] "POST /cormun/servlet/licenciaspermisos?8bfda9957f181650155a009dc0437b90,INS,0,,,,gx-no-cache=1505132608373 HTTP/1.1" 200 93
186.79.91.253 - - [11/Sep/2017:09:22:50 -0300] "GET /cormun/servlet/hpexe_return? HTTP/1.1" 200 1015
186.79.91.253 - - [11/Sep/2017:09:22:51 -0300] "GET /cormun/servlet/trlicencias HTTP/1.1" 200 13672
186.79.91.253 - - [11/Sep/2017:09:22:53 -0300] "GET /cormun/servlet/trlicencias HTTP/1.1" 200 13667
186.103.161.206 - - [11/Sep/2017:09:22:56 -0300] "GET /cormun/static/menuarrow.gif HTTP/1.1" 404 1015
186.79.91.253 - - [11/Sep/2017:09:22:56 -0300] "GET /cormun/servlet/alicenciaprn?7124117,L,20170911000000,PU HTTP/1.1" 200 1563
186.103.161.206 - - [11/Sep/2017:09:23:25 -0300] "POST /cormun/servlet/trpermisosgoce?ee5d125da0b5edf000bea7ce0b0da638,,gx-no-cache=1505132641069 HTTP/1.1" 200 4207
200.72.197.82 - - [11/Sep/2017:09:23:26 -0300] "POST /cormun/servlet/solicitudot?gx-no-cache=1505132643808 HTTP/1.1" 200 30
200.72.197.82 - - [11/Sep/2017:09:23:29 -0300] "POST /cormun/servlet/solicitudot?gx-no-cache=1505132646882 HTTP/1.1" 200 1352
200.72.197.82 - - [11/Sep/2017:09:23:30 -0300] "POST /cormun/servlet/solicitudot?gx-no-cache=1505132647051 HTTP/1.1" 200 38
186.103.161.206 - - [11/Sep/2017:09:23:45 -0300] "GET /cormun/Manuales/ManualSolicitud.pdf HTTP/1.1" 200 850295
186.103.132.155 - - [11/Sep/2017:09:23:45 -0300] "GET /cormun/Manuales/ManualSolicitud.pdf HTTP/1.1" 206 175133
186.79.91.253 - - [11/Sep/2017:09:24:08 -0300] "GET /cormun/servlet/trlicenciaspermisosadjuntos?7124117,20170911000000,L, HTTP/1.1" 200 6451
186.79.91.253 - - [11/Sep/2017:09:24:09 -0300] "GET /cormun/servlet/trlicenciaspermisosadjuntos?7124117,20170911000000,L, HTTP/1.1" 200 6452
186.79.91.253 - - [11/Sep/2017:09:24:11 -0300] "GET /cormun/servlet/licenciaspermisosadjuntos?INS,7124117,L,20170911000000,, HTTP/1.1" 200 5754
186.79.91.253 - - [11/Sep/2017:09:24:11 -0300] "GET /cormun/static/about:blank HTTP/1.1" 404 1011
186.79.91.253 - - [11/Sep/2017:09:24:12 -0300] "GET /cormun/servlet/licenciaspermisosadjuntos?INS,7124117,L,20170911000000,, HTTP/1.1" 200 5743
186.103.156.166 - - [11/Sep/2017:09:24:31 -0300] "GET /cormun/static/menuarrow.gif HTTP/1.1" 404 1015
186.79.91.253 - - [11/Sep/2017:09:24:33 -0300] "POST /cormun/servlet/licenciaspermisosadjuntos?8bfda9957f181650155a009dc0437b90,INS,7124117,L,20170911000000,, HTTP/1.1" 200 116
186.79.91.253 - - [11/Sep/2017:09:24:33 -0300] "GET /cormun/servlet/hpexe_return? HTTP/1.1" 200 1045
186.79.91.253 - - [11/Sep/2017:09:24:34 -0300] "GET /cormun/servlet/trlicenciaspermisosadjuntos?7124117,20170911000000,L, HTTP/1.1" 200 6950
186.79.91.253 - - [11/Sep/2017:09:24:35 -0300] "GET /cormun/servlet/trlicenciaspermisosadjuntos?7124117,20170911000000,L, HTTP/1.1" 200 6947
186.79.91.253 - - [11/Sep/2017:09:24:38 -0300] "POST /cormun/servlet/trlicenciaspermisosadjuntos?8bfda9957f181650155a009dc0437b90,7124117,20170911000000,L,,gx-no-cache=1505132716707 HTTP/1.1" 200 90
186.79.91.253 - - [11/Sep/2017:09:24:38 -0300] "GET /cormun/servlet/hpexe_link HTTP/1.1" 200 986
200.72.197.82 - - [11/Sep/2017:09:24:38 -0300] "GET /cormun/servlet/solicitudot?67c9845fd549bd9910799b1c26adeae2252e7b636e2e1370293de4539a624e57988af390f017417afb06ab3f820b296add7a51585db69d680d05f3fb9ed49693638d5adee87128c8bcf1bad099cb23804ebe57cf9dd06380963a0b29deed7dca743a7fb91815a2dbe5b271f6331a0a5a,gx-no-cache=1505132715741 HTTP/1.1" 200 29
200.72.197.82 - - [11/Sep/2017:09:24:38 -0300] "POST /cormun/servlet/solicitudot?gx-no-cache=1505132715858 HTTP/1.1" 200 1337
186.79.91.253 - - [11/Sep/2017:09:24:39 -0300] "GET /cormun/servlet/trlicencias HTTP/1.1" 200 13669
186.79.91.253 - - [11/Sep/2017:09:24:40 -0300] "GET /cormun/servlet/trlicencias HTTP/1.1" 200 13667
186.79.91.253 - - [11/Sep/2017:09:24:43 -0300] "POST /cormun/servlet/trlicencias?8bfda9957f181650155a009dc0437b90,gx-no-cache=1505132721267 HTTP/1.1" 200 11235
186.79.91.253 - - [11/Sep/2017:09:24:44 -0300] "GET /cormun/static/Shared/jqueryui/images/ui-bg_highlight-soft_100_c6c2c8_1x100.png HTTP/1.1" 404 1117
186.79.91.253 - - [11/Sep/2017:09:24:44 -0300] "GET /cormun/static/Shared/jqueryui/images/ui-icons_82798d_256x240.png HTTP/1.1" 404 1089
186.79.91.253 - - [11/Sep/2017:09:24:44 -0300] "GET /cormun/static/Shared/jqueryui/images/ui-bg_flat_55_fafafa_40x100.png HTTP/1.1" 404 1097
186.79.91.253 - - [11/Sep/2017:09:24:44 -0300] "GET /cormun/static/Shared/jqueryui/images/ui-icons_8d78a5_256x240.png HTTP/1.1" 404 1089
186.79.91.253 - - [11/Sep/2017:09:24:47 -0300] "POST /cormun/servlet/trlicencias?8bfda9957f181650155a009dc0437b90,gx-no-cache=1505132725371 HTTP/1.1" 200 11124
190.151.124.170 - - [11/Sep/2017:09:24:48 -0300] "GET /cormun/servlet/hlogin HTTP/1.1" 200 1725
190.151.124.170 - - [11/Sep/2017:09:24:51 -0300] "POST /cormun/servlet/hlogin?d65edf62c62e615f0b38e8c1dae6cd12,gx-no-cache=1505132712507 HTTP/1.1" 200 90
190.151.124.170 - - [11/Sep/2017:09:24:51 -0300] "GET /cormun/servlet/hpexe_link HTTP/1.1" 200 959
190.151.100.218 - - [11/Sep/2017:09:25:00 -0300] "GET /cormun/static/menuarrow.gif HTTP/1.1" 404 1015
200.72.197.82 - - [11/Sep/2017:09:25:01 -0300] "GET /cormun/servlet/hlogin HTTP/1.1" 200 1717
190.151.100.218 - - [11/Sep/2017:09:25:04 -0300] "GET /cormun/servlet/solicitudot?67c9845fd549bd9910799b1c26adeae23bf064107ded1eb096f0f6306b2a7ab827d85c675b755b2f875d94db38ad419c,gx-no-cache=1505132741305 HTTP/1.1" 200 30
200.72.197.82 - - [11/Sep/2017:09:25:09 -0300] "POST /cormun/servlet/solicitudot?gx-no-cache=1505132746522 HTTP/1.1" 200 30
186.79.91.253 - - [11/Sep/2017:09:25:09 -0300] "GET /cormun/servlet/hlogin HTTP/1.1" 200 1736
186.103.132.155 - - [11/Sep/2017:09:25:12 -0300] "POST /cormun/servlet/hlogin?ee5d125da0b5edf000bea7ce0b0da638,gx-no-cache=1505132748441 HTTP/1.1" 200 90
186.103.132.155 - - [11/Sep/2017:09:25:12 -0300] "GET /cormun/servlet/hpexe_link HTTP/1.1" 200 956
186.103.132.155 - - [11/Sep/2017:09:25:12 -0300] "GET /cormun/servlet/trpermisosgoce? HTTP/1.1" 200 7008
186.103.132.155 - - [11/Sep/2017:09:25:13 -0300] "GET /cormun/servlet/trpermisosgoce? HTTP/1.1" 200 7007
200.72.197.82 - - [11/Sep/2017:09:25:29 -0300] "GET /cormun/servlet/trsolicitudot? HTTP/1.1" 200 10393
200.72.197.82 - - [11/Sep/2017:09:25:29 -0300] "GET /cormun/static/gxcfg.js?20177612135780 HTTP/1.1" 200 953
200.72.197.82 - - [11/Sep/2017:09:25:29 -0300] "GET /cormun/static/trsolicitudot.js?2017761214480 HTTP/1.1" 200 54041
200.72.197.82 - - [11/Sep/2017:09:25:30 -0300] "GET /cormun//static/Resources/PXToolsActionView.png HTTP/1.1" 200 2995
186.103.132.155 - - [11/Sep/2017:09:25:30 -0300] "GET /cormun//static/Resources/PXToolsRemoveAllAction.png HTTP/1.1" 200 3558
200.72.197.82 - - [11/Sep/2017:09:25:30 -0300] "GET /cormun/servlet/trsolicitudot? HTTP/1.1" 200 10392
186.103.196.84 - - [11/Sep/2017:09:25:36 -0300] "GET /cormun/servlet/trfichaempleado? HTTP/1.1" 200 12210
186.67.84.234 - - [11/Sep/2017:09:25:50 -0300] "GET /cormun/servlet/trfichaempleado? HTTP/1.1" 200 12321
201.219.233.39 - - [11/Sep/2017:09:25:53 -0300] "GET /cormun/servlet/hlogin HTTP/1.1" 200 1725
201.219.233.39 - - [11/Sep/2017:09:25:56 -0300] "POST /cormun/servlet/hlogin?d65edf62c62e615f0b38e8c1dae6cd12,gx-no-cache=1505132777450 HTTP/1.1" 200 90
201.219.233.39 - - [11/Sep/2017:09:25:56 -0300] "GET /cormun/servlet/hpexe_link HTTP/1.1" 200 959
186.103.161.206 - - [11/Sep/2017:09:26:14 -0300] "GET /cormun/Manuales/ManualSolicitud.pdf HTTP/1.1" 206 582386
186.67.84.234 - - [11/Sep/2017:09:26:38 -0300] "GET /cormun/servlet/trfichaempleado? HTTP/1.1" 200 12148
186.103.196.90 - - [11/Sep/2017:09:27:05 -0300] "GET /cormun/servlet/trfichaempleado? HTTP/1.1" 200 12321
186.103.159.183 - - [11/Sep/2017:09:27:06 -0300] "GET /cormun/servlet/hlogin HTTP/1.1" 200 1745
190.151.100.218 - - [11/Sep/2017:09:27:21 -0300] "POST /cormun/servlet/solicitudot?6e02168dbf85338ca5b3b1a6371592bb,INS,0,0,,gx-no-cache=1505132878169 HTTP/1.1" 200 93
190.151.100.218 - - [11/Sep/2017:09:27:21 -0300] "GET /cormun/servlet/hpexe_return? HTTP/1.1" 200 1006
