186.103.159.189 - - [11/Sep/2017:16:31:36 -0300] "GET /cormun/static/Resources/Spanish/PXTools.css?167811 HTTP/1.1" 200 89042
186.103.159.189 - - [11/Sep/2017:16:31:36 -0300] "GET /cormun/servlet/trsolicitudot HTTP/1.1" 200 9380
186.103.159.189 - - [11/Sep/2017:16:31:37 -0300] "GET /cormun/servlet/trsolicitudot HTTP/1.1" 200 9376
190.151.100.218 - - [11/Sep/2017:16:32:00 -0300] "GET /cormun/servlet/permisogoce?c4016ab51fcc76bc33403e326642c8abba5ca833ae79cb627b801458d6a6ec2d7a30e1ba83b7a60d21658fa845d8619ece1f7a168a9562240e172ff3e6241593,gx-no-cache=1505158358012 HTTP/1.1" 200 86
190.151.100.218 - - [11/Sep/2017:16:32:04 -0300] "GET /cormun/static/menuarrow.gif HTTP/1.1" 404 1015
200.72.197.82 - - [11/Sep/2017:16:32:32 -0300] "GET /cormun/servlet/permisogoce?c4016ab51fcc76bc33403e326642c8abff4f0b4ad77f5f39d96eb2270eaf15223fb832ed50203f29771cb0dbf704bd37ef88137f3f4afb705ac98206933973b6,gx-no-cache=1505158389886 HTTP/1.1" 200 48
200.72.197.82 - - [11/Sep/2017:16:32:44 -0300] "GET /cormun/servlet/puconsultapgoce?15524420,MD,gxPopupLevel%3D0%3B HTTP/1.1" 200 3771
200.72.197.82 - - [11/Sep/2017:16:32:44 -0300] "GET /cormun/pexe_menus.js HTTP/1.1" 404 1001
200.72.197.82 - - [11/Sep/2017:16:32:44 -0300] "GET /cormun/pexe_layers.js HTTP/1.1" 404 1003
186.103.161.206 - - [11/Sep/2017:16:32:44 -0300] "GET /cormun/pexe_windows.js HTTP/1.1" 404 1005
186.103.161.206 - - [11/Sep/2017:16:32:44 -0300] "GET /cormun/pexe_link.js HTTP/1.1" 404 999
190.151.100.218 - - [11/Sep/2017:16:32:44 -0300] "GET /cormun/pexe_cookies.js HTTP/1.1" 404 1005
200.72.197.82 - - [11/Sep/2017:16:32:44 -0300] "GET /cormun/pexe_grid.js HTTP/1.1" 404 999
200.72.197.82 - - [11/Sep/2017:16:32:44 -0300] "GET /cormun/pexe_griddivfix.js HTTP/1.1" 404 1011
200.72.197.82 - - [11/Sep/2017:16:32:44 -0300] "GET /cormun/pexe_picture.js HTTP/1.1" 404 1005
186.103.161.206 - - [11/Sep/2017:16:32:44 -0300] "GET /cormun/pexe_autoreload.js HTTP/1.1" 404 1011
186.103.161.206 - - [11/Sep/2017:16:32:44 -0300] "GET /cormun/pexe_treedivfix.js HTTP/1.1" 404 1011
190.151.100.218 - - [11/Sep/2017:16:32:44 -0300] "GET /cormun/pexe_menudivfix.js HTTP/1.1" 404 1011
200.72.197.82 - - [11/Sep/2017:16:32:44 -0300] "GET /cormun/pexe_tabdivfix.js HTTP/1.1" 404 1009
190.151.100.218 - - [11/Sep/2017:16:32:45 -0300] "GET /cormun/pexe_grid.js HTTP/1.1" 404 999
190.151.100.218 - - [11/Sep/2017:16:32:45 -0300] "GET /cormun/pexe_griddivfix.js HTTP/1.1" 404 1011
190.151.100.218 - - [11/Sep/2017:16:32:45 -0300] "GET /cormun/pexe_picture.js HTTP/1.1" 404 1005
190.151.100.218 - - [11/Sep/2017:16:32:45 -0300] "GET /cormun/pexe_treedivfix.js HTTP/1.1" 404 1011
190.151.100.218 - - [11/Sep/2017:16:32:45 -0300] "GET /cormun/pexe_autoreload.js HTTP/1.1" 404 1011
190.151.100.218 - - [11/Sep/2017:16:32:45 -0300] "GET /cormun/pexe_menudivfix.js HTTP/1.1" 404 1011
190.151.100.218 - - [11/Sep/2017:16:32:45 -0300] "GET /cormun/pexe_tabdivfix.js HTTP/1.1" 404 1009
190.151.100.218 - - [11/Sep/2017:16:32:49 -0300] "POST /cormun/servlet/puconsultapgoce?c8249e97112919a5d73fd9ee2a3b87b6,15524420,MD,gxPopupLevel%3D0%3B,gx-no-cache=1505158406503 HTTP/1.1" 200 60
190.151.100.218 - - [11/Sep/2017:16:32:51 -0300] "POST /cormun/servlet/permisogoce?c8249e97112919a5d73fd9ee2a3b87b6,INS,0,,,,gx-no-cache=1505158408097 HTTP/1.1" 200 93
190.151.100.218 - - [11/Sep/2017:16:32:51 -0300] "GET /cormun/servlet/hpexe_return? HTTP/1.1" 200 997
190.151.100.218 - - [11/Sep/2017:16:32:51 -0300] "GET /cormun/servlet/trpermisosgoce HTTP/1.1" 200 9967
190.151.100.218 - - [11/Sep/2017:16:32:52 -0300] "GET /cormun/servlet/trpermisosgoce HTTP/1.1" 200 9949
190.151.100.218 - - [11/Sep/2017:16:32:57 -0300] "GET /cormun/servlet/apermisogoceprn?15524420,P,20170911163053,PU HTTP/1.1" 200 1673
46.174.191.32 - - [11/Sep/2017:16:34:31 -0300] "GET / HTTP/1.0" 200 11197
186.103.158.250 - - [11/Sep/2017:16:35:01 -0300] "POST /cormun/servlet/solicitudot?gx-no-cache=1505162273811 HTTP/1.1" 200 1355
186.103.158.250 - - [11/Sep/2017:16:35:01 -0300] "GET /cormun/static/menuarrow.gif HTTP/1.1" 404 1015
190.151.100.218 - - [11/Sep/2017:16:35:59 -0300] "GET /cormun/servlet/trpermisosadjuntos?15524420,20170911163053,P, HTTP/1.1" 200 6203
190.151.100.218 - - [11/Sep/2017:16:36:00 -0300] "GET /cormun/servlet/trpermisosadjuntos?15524420,20170911163053,P, HTTP/1.1" 200 6203
200.72.197.82 - - [11/Sep/2017:16:36:03 -0300] "GET /cormun/servlet/permisosadjuntos?INS,15524420,P,20170911163053,, HTTP/1.1" 200 5710
200.72.197.82 - - [11/Sep/2017:16:36:03 -0300] "GET /cormun/static/about:blank HTTP/1.1" 404 1011
200.72.197.82 - - [11/Sep/2017:16:36:03 -0300] "GET /cormun/servlet/permisosadjuntos?INS,15524420,P,20170911163053,, HTTP/1.1" 200 5700
190.151.100.218 - - [11/Sep/2017:16:36:20 -0300] "POST /cormun/servlet/permisosadjuntos?c8249e97112919a5d73fd9ee2a3b87b6,INS,15524420,P,20170911163053,, HTTP/1.1" 200 116
190.151.100.218 - - [11/Sep/2017:16:36:20 -0300] "GET /cormun/servlet/hpexe_return? HTTP/1.1" 200 1025
190.151.100.218 - - [11/Sep/2017:16:36:21 -0300] "GET /cormun/servlet/trpermisosadjuntos?15524420,20170911163053,P, HTTP/1.1" 200 6718
190.151.100.218 - - [11/Sep/2017:16:36:21 -0300] "GET /cormun/servlet/trpermisosadjuntos?15524420,20170911163053,P, HTTP/1.1" 200 6714
186.103.158.250 - - [11/Sep/2017:16:36:22 -0300] "POST /cormun/servlet/solicitudot?gx-no-cache=1505162355599 HTTP/1.1" 200 118
186.103.132.155 - - [11/Sep/2017:16:36:26 -0300] "GET /cormun/servlet/permisosadjuntos?INS,15524420,P,20170911163053,, HTTP/1.1" 200 5710
186.103.132.155 - - [11/Sep/2017:16:36:27 -0300] "GET /cormun/servlet/permisosadjuntos?INS,15524420,P,20170911163053,, HTTP/1.1" 200 5699
186.103.132.155 - - [11/Sep/2017:16:36:29 -0300] "GET /cormun/servlet/trpermisosadjuntos?15524420,20170911163053,P, HTTP/1.1" 200 6714
186.103.132.155 - - [11/Sep/2017:16:36:30 -0300] "GET /cormun/servlet/trpermisosadjuntos?15524420,20170911163053,P, HTTP/1.1" 200 6713
186.103.132.155 - - [11/Sep/2017:16:36:33 -0300] "GET /cormun/servlet/trpermisosgoce HTTP/1.1" 200 9984
186.103.132.155 - - [11/Sep/2017:16:36:34 -0300] "GET /cormun/servlet/trpermisosgoce HTTP/1.1" 200 9949
190.151.100.218 - - [11/Sep/2017:16:36:42 -0300] "POST /cormun/servlet/trpermisosgoce?c8249e97112919a5d73fd9ee2a3b87b6,gx-no-cache=1505158639269 HTTP/1.1" 200 7190
190.151.100.218 - - [11/Sep/2017:16:36:42 -0300] "GET /cormun/static/Shared/jqueryui/images/ui-bg_highlight-soft_100_c6c2c8_1x100.png HTTP/1.1" 404 1117
190.151.100.218 - - [11/Sep/2017:16:36:42 -0300] "GET /cormun/static/Shared/jqueryui/images/ui-icons_82798d_256x240.png HTTP/1.1" 404 1089
190.151.100.218 - - [11/Sep/2017:16:36:42 -0300] "GET /cormun/static/Shared/jqueryui/images/ui-bg_flat_55_fafafa_40x100.png HTTP/1.1" 404 1097
190.151.100.218 - - [11/Sep/2017:16:36:42 -0300] "GET /cormun/static/Shared/jqueryui/images/ui-icons_8d78a5_256x240.png HTTP/1.1" 404 1089
186.103.158.250 - - [11/Sep/2017:16:36:47 -0300] "POST /cormun/servlet/solicitudot?gx-no-cache=1505162379384 HTTP/1.1" 200 1337
186.103.158.250 - - [11/Sep/2017:16:36:50 -0300] "POST /cormun/servlet/solicitudot?gx-no-cache=1505162383096 HTTP/1.1" 200 1337
186.103.158.250 - - [11/Sep/2017:16:36:53 -0300] "GET /cormun/servlet/solicitudot?cc767e0cfdf225b9039f3001555bd1d701ab8fe6474aa14c97f865fd4dff086118cae08ad2f21892613bb56e572fd16e,gx-no-cache=1505162385855 HTTP/1.1" 200 30
200.72.197.82 - - [11/Sep/2017:16:37:22 -0300] "GET /cormun/servlet/trlicencias? HTTP/1.1" 200 9324
200.72.197.82 - - [11/Sep/2017:16:37:23 -0300] "GET /cormun/static/gxcfg.js?20176272054169 HTTP/1.1" 304 -
200.72.197.82 - - [11/Sep/2017:16:37:23 -0300] "GET /cormun/servlet/trlicencias? HTTP/1.1" 200 9323
200.72.197.82 - - [11/Sep/2017:16:37:29 -0300] "GET /cormun/servlet/licenciaspermisos?INS,0,,, HTTP/1.1" 200 7597
200.72.197.82 - - [11/Sep/2017:16:37:29 -0300] "GET /cormun/static/gxcfg.js?201762917281167 HTTP/1.1" 304 -
200.72.197.82 - - [11/Sep/2017:16:37:29 -0300] "GET /cormun/servlet/licenciaspermisos?INS,0,,, HTTP/1.1" 200 7605
190.151.100.218 - - [11/Sep/2017:16:37:42 -0300] "GET /cormun/servlet/licenciaspermisos?c4016ab51fcc76bc33403e326642c8abb82b7b167cdfe1e7e44fc1f73e4900bc0daf198b9ea03ee45047a99085473368,gx-no-cache=1505158699274 HTTP/1.1" 200 93
190.151.100.218 - - [11/Sep/2017:16:37:42 -0300] "POST /cormun/servlet/licenciaspermisos?c8249e97112919a5d73fd9ee2a3b87b6,INS,0,,,,gx-no-cache=1505158699689 HTTP/1.1" 200 4773
186.103.158.250 - - [11/Sep/2017:16:37:59 -0300] "POST /cormun/servlet/solicitudot?gx-no-cache=1505162451710 HTTP/1.1" 200 120
186.79.21.11 - - [11/Sep/2017:16:39:15 -0300] "GET /cormun/servlet/hlogin HTTP/1.1" 200 1722
186.79.21.11 - - [11/Sep/2017:16:39:22 -0300] "POST /cormun/servlet/hlogin?d3c469dd392d3310a5852d8cfe190836,gx-no-cache=1505158800748 HTTP/1.1" 200 90
186.79.21.11 - - [11/Sep/2017:16:39:22 -0300] "GET /cormun/servlet/hpexe_link HTTP/1.1" 200 955
186.79.21.11 - - [11/Sep/2017:16:39:22 -0300] "GET /cormun/servlet/hhome HTTP/1.1" 200 4115
186.79.21.11 - - [11/Sep/2017:16:39:24 -0300] "GET /cormun/servlet/hhome HTTP/1.1" 200 4111
186.79.21.11 - - [11/Sep/2017:16:39:27 -0300] "GET /cormun/servlet/trcontratounov2? HTTP/1.1" 200 17742
186.79.21.11 - - [11/Sep/2017:16:39:27 -0300] "GET /cormun/static/gxcfg.js?201752512124396 HTTP/1.1" 304 -
186.79.21.11 - - [11/Sep/2017:16:39:27 -0300] "GET /cormun/static/trcontratounov2.js?201752512125146 HTTP/1.1" 304 -
186.79.21.11 - - [11/Sep/2017:16:39:29 -0300] "GET /cormun/servlet/trcontratounov2? HTTP/1.1" 200 17753
186.79.21.11 - - [11/Sep/2017:16:39:37 -0300] "POST /cormun/servlet/trcontratounov2?d3c469dd392d3310a5852d8cfe190836,,gx-no-cache=1505158814748 HTTP/1.1" 200 17789
186.79.21.11 - - [11/Sep/2017:16:39:40 -0300] "GET /cormun/static/Resources/PXToolsGridNext.gif HTTP/1.1" 200 369
186.79.21.11 - - [11/Sep/2017:16:39:40 -0300] "GET /cormun/static/Resources/PXToolsGridLast.gif HTTP/1.1" 200 370
186.79.21.11 - - [11/Sep/2017:16:40:11 -0300] "POST /cormun/servlet/trcontratounov2?d3c469dd392d3310a5852d8cfe190836,,gx-no-cache=1505158848111 HTTP/1.1" 200 12097
186.79.21.11 - - [11/Sep/2017:16:40:35 -0300] "POST /cormun/servlet/trcontratounov2?d3c469dd392d3310a5852d8cfe190836,,gx-no-cache=1505158872402 HTTP/1.1" 200 10586
186.79.21.11 - - [11/Sep/2017:16:40:40 -0300] "POST /cormun/servlet/trcontratounov2?d3c469dd392d3310a5852d8cfe190836,,gx-no-cache=1505158877878 HTTP/1.1" 200 16620
186.103.132.155 - - [11/Sep/2017:16:40:49 -0300] "GET /cormun/static/menuarrow.gif HTTP/1.1" 404 1015
186.103.158.250 - - [11/Sep/2017:16:41:06 -0300] "POST /cormun/servlet/solicitudot?gx-no-cache=1505162639467 HTTP/1.1" 200 122
186.103.158.250 - - [11/Sep/2017:16:41:06 -0300] "POST /cormun/servlet/solicitudot?gx-no-cache=1505162639565 HTTP/1.1" 200 1337
192.168.10.96 - - [11/Sep/2017:16:41:30 -0300] "GET /cormun/servlet/trsolicitudgral? HTTP/1.1" 500 10
186.103.158.250 - - [11/Sep/2017:16:41:31 -0300] "POST /cormun/servlet/solicitudot?gx-no-cache=1505162664033 HTTP/1.1" 200 122
186.103.158.250 - - [11/Sep/2017:16:41:31 -0300] "POST /cormun/servlet/solicitudot?gx-no-cache=1505162664104 HTTP/1.1" 200 1337
192.168.10.96 - - [11/Sep/2017:16:41:34 -0300] "GET /cormun/servlet/hlogin HTTP/1.1" 200 1719
186.79.21.11 - - [11/Sep/2017:16:41:42 -0300] "POST /cormun/servlet/trcontratounov2?d3c469dd392d3310a5852d8cfe190836,,gx-no-cache=1505158940011 HTTP/1.1" 200 17654
192.168.10.96 - - [11/Sep/2017:16:41:54 -0300] "POST /cormun/servlet/hlogin?fa5addb039e33d1e702e2d066d24dba0,gx-no-cache=1505158876906 HTTP/1.1" 200 90
192.168.10.96 - - [11/Sep/2017:16:41:54 -0300] "GET /cormun/servlet/hpexe_link HTTP/1.1" 200 950
192.168.10.96 - - [11/Sep/2017:16:41:54 -0300] "GET /cormun/servlet/hhome HTTP/1.1" 200 3847
192.168.10.96 - - [11/Sep/2017:16:41:54 -0300] "GET /cormun/servlet/hhome HTTP/1.1" 200 3844
192.168.10.96 - - [11/Sep/2017:16:41:57 -0300] "GET /cormun/servlet/trsolicitudot? HTTP/1.1" 200 8922
192.168.10.96 - - [11/Sep/2017:16:41:57 -0300] "GET /cormun/servlet/trsolicitudot? HTTP/1.1" 200 8919
192.168.10.96 - - [11/Sep/2017:16:42:02 -0300] "GET /cormun/servlet/solicitudot?INS,0,0, HTTP/1.1" 200 12728
192.168.10.96 - - [11/Sep/2017:16:42:02 -0300] "GET /cormun/static/gxcfg.js?201783011173874 HTTP/1.1" 304 -
192.168.10.96 - - [11/Sep/2017:16:42:02 -0300] "GET /cormun/static/solicitudot.js?201783011174088 HTTP/1.1" 304 -
192.168.10.96 - - [11/Sep/2017:16:42:02 -0300] "GET /cormun/servlet/solicitudot?INS,0,0, HTTP/1.1" 200 12731
192.168.10.96 - - [11/Sep/2017:16:42:04 -0300] "GET /cormun/servlet/prfichaempleado?,MD,,gxPopupLevel%3D0%3B HTTP/1.1" 200 9277
192.168.10.96 - - [11/Sep/2017:16:42:04 -0300] "GET /cormun/static/gxcfg.js?20177612134814 HTTP/1.1" 200 953
192.168.10.96 - - [11/Sep/2017:16:42:04 -0300] "GET /cormun/static/menusearch.js?201610171694467 HTTP/1.1" 304 -
192.168.10.96 - - [11/Sep/2017:16:42:04 -0300] "GET /cormun/static/prfichaempleado.js?20177612134999 HTTP/1.1" 304 -
192.168.10.96 - - [11/Sep/2017:16:42:04 -0300] "GET /cormun/static/hmpwkw011.js?20177612121862 HTTP/1.1" 304 -
186.79.21.11 - - [11/Sep/2017:16:42:08 -0300] "GET /cormun/servlet/hlogin HTTP/1.1" 200 1722
186.79.21.11 - - [11/Sep/2017:16:42:08 -0300] "POST /cormun/servlet/trcontratounov2?d3c469dd392d3310a5852d8cfe190836,,gx-no-cache=1505158965167 HTTP/1.1" 200 12114
192.168.10.96 - - [11/Sep/2017:16:42:11 -0300] "POST /cormun/servlet/prfichaempleado?fa5addb039e33d1e702e2d066d24dba0,,MD,,gxPopupLevel%3D0%3B,gx-no-cache=1505158894303 HTTP/1.1" 200 3750
192.168.10.96 - - [11/Sep/2017:16:42:15 -0300] "POST /cormun/servlet/solicitudot?gx-no-cache=1505158897963 HTTP/1.1" 200 3191
192.168.10.96 - - [11/Sep/2017:16:42:15 -0300] "POST /cormun/servlet/solicitudot?fa5addb039e33d1e702e2d066d24dba0,INS,0,0,,gx-no-cache=1505158898092 HTTP/1.1" 200 9870
186.79.21.11 - - [11/Sep/2017:16:42:22 -0300] "POST /cormun/servlet/hlogin?f525e45ad1223077e1dd1eef3bb2163c,gx-no-cache=1505158977665 HTTP/1.1" 200 90
186.79.21.11 - - [11/Sep/2017:16:42:22 -0300] "GET /cormun/servlet/hpexe_link HTTP/1.1" 200 949
192.168.10.96 - - [11/Sep/2017:16:42:22 -0300] "GET /cormun/servlet/prfichaempleado?,MD,,gxPopupLevel%3D0%3B HTTP/1.1" 200 9277
186.79.21.11 - - [11/Sep/2017:16:42:22 -0300] "GET /cormun/servlet/hhome HTTP/1.1" 200 4110
186.79.21.11 - - [11/Sep/2017:16:42:23 -0300] "GET /cormun/servlet/hhome HTTP/1.1" 200 4106
192.168.10.96 - - [11/Sep/2017:16:42:28 -0300] "POST /cormun/servlet/prfichaempleado?fa5addb039e33d1e702e2d066d24dba0,,MD,,gxPopupLevel%3D0%3B,gx-no-cache=1505158910908 HTTP/1.1" 200 3751
186.79.21.11 - - [11/Sep/2017:16:42:31 -0300] "GET /cormun/servlet/trautorizarsolicitud? HTTP/1.1" 200 8326
186.79.21.11 - - [11/Sep/2017:16:42:32 -0300] "GET /cormun//static/Resources/PXToolsGridDelete.png HTTP/1.1" 200 357
186.79.21.11 - - [11/Sep/2017:16:42:32 -0300] "GET /cormun//static/Resources/PXToolsGridUpdate.png HTTP/1.1" 200 2984
186.79.21.11 - - [11/Sep/2017:16:42:32 -0300] "GET /cormun//static/Resources/PXTools/ActionInsert.png HTTP/1.1" 200 1482
186.79.21.11 - - [11/Sep/2017:16:42:32 -0300] "GET /cormun//static/Resources/PXToolsActionView.png HTTP/1.1" 200 2995
186.79.21.11 - - [11/Sep/2017:16:42:32 -0300] "GET /cormun//static/Resources/PXToolsRemoveAllAction.png HTTP/1.1" 200 3558
186.79.21.11 - - [11/Sep/2017:16:42:32 -0300] "GET /cormun/servlet/trautorizarsolicitud? HTTP/1.1" 200 8327
186.79.21.11 - - [11/Sep/2017:16:42:36 -0300] "POST /cormun/servlet/trcontratounov2?d3c469dd392d3310a5852d8cfe190836,,gx-no-cache=1505158993824 HTTP/1.1" 200 16520
192.168.10.96 - - [11/Sep/2017:16:42:39 -0300] "POST /cormun/servlet/solicitudot?gx-no-cache=1505158921705 HTTP/1.1" 200 3245
192.168.10.96 - - [11/Sep/2017:16:42:39 -0300] "POST /cormun/servlet/solicitudot?fa5addb039e33d1e702e2d066d24dba0,INS,0,0,,gx-no-cache=1505158921840 HTTP/1.1" 200 9969
192.168.10.96 - - [11/Sep/2017:16:42:41 -0300] "GET /cormun/servlet/solicitudot?ae8af75d62ca6b698f5988291a14569d33c131300c5369e3c1e0e23da063199a2fcff9f5bee05c93302bcd90f3c913b5,gx-no-cache=1505158924405 HTTP/1.1" 200 30
192.168.10.96 - - [11/Sep/2017:16:42:41 -0300] "POST /cormun/servlet/solicitudot?gx-no-cache=1505158924445 HTTP/1.1" 200 240
192.168.10.96 - - [11/Sep/2017:16:42:41 -0300] "GET /cormun/servlet/solicitudot?ae8af75d62ca6b698f5988291a14569dd8986428a842742a289c8ff5e3e051aa634c37b50b9b965007893e1fca461962138675085e4a617d98831d58cbb8e496557cdcf8fe0a480c48837cc44e7d117e928989fa8a67ad6f9edbd8052e2defba0ec11ae16a97c761c7fc56bb3ac62193e86cce51251125451593b13efe118308322ff17e7b0718752a646ba2af651a0bdf15d34803a18bc0337819cbcb3e2dd795ff2ddcdf080a9c46edfbcdb47df916b4a7e7c14446cc5164785e57201db1597382b735498148e3e88eb83fb6dfa1d5e35d3e0c6b0d0149a5d4519f27af73d8ca78aca105ec030dc4503cdde65e9bce48636c50a4356e866767c3bb841e2f7a986038a9ce053bbe525a03248368528d30b963804384aaed2e6f9533d1b585b333232901d78cdd8e25afa3de82da3f88f4072847fa8cce9bc73045f1cd95759546e38109f9e43c948fd7682742c40a0c059d7c67bf339162d0fdd282700b9ddc836126dc438d79d393d3a88f020a80e59692018e85342fc0ec99e5f2aeaa2a94,gx-no-cache=1505158924490 HTTP/1.1" 200 30
192.168.10.96 - - [11/Sep/2017:16:42:44 -0300] "POST /cormun/servlet/solicitudot?gx-no-cache=1505158927145 HTTP/1.1" 200 30
190.45.55.254 - - [11/Sep/2017:16:42:54 -0300] "GET /cormun/servlet/hlogin HTTP/1.1" 200 1720
192.168.10.96 - - [11/Sep/2017:16:42:54 -0300] "POST /cormun/servlet/solicitudot?gx-no-cache=1505158937347 HTTP/1.1" 200 1355
190.45.55.254 - - [11/Sep/2017:16:42:57 -0300] "POST /cormun/servlet/hlogin?b38cc600a569015a148aa9f68629c628,gx-no-cache=1505159013495 HTTP/1.1" 200 90
190.45.55.254 - - [11/Sep/2017:16:42:57 -0300] "GET /cormun/servlet/hpexe_link HTTP/1.1" 200 952
190.45.55.254 - - [11/Sep/2017:16:42:57 -0300] "GET /cormun/servlet/hhome HTTP/1.1" 200 4190
190.45.55.254 - - [11/Sep/2017:16:42:57 -0300] "GET /cormun/servlet/hhome HTTP/1.1" 200 4186
192.168.10.96 - - [11/Sep/2017:16:42:58 -0300] "GET /cormun/servlet/prlicenciaspermisos?14202586,P,,MD,,gxPopupLevel%3D0%3B HTTP/1.1" 200 5546
192.168.10.96 - - [11/Sep/2017:16:42:59 -0300] "GET /cormun/static/prlicenciaspermisos.js?20176272054050 HTTP/1.1" 304 -
192.168.10.96 - - [11/Sep/2017:16:42:59 -0300] "GET /cormun/static/gxcfg.js?20176272053834 HTTP/1.1" 200 953
192.168.10.96 - - [11/Sep/2017:16:43:04 -0300] "POST /cormun/servlet/solicitudot?gx-no-cache=1505158947152 HTTP/1.1" 200 41
190.151.100.218 - - [11/Sep/2017:16:43:14 -0300] "GET /cormun/servlet/licenciaspermisos?c4016ab51fcc76bc33403e326642c8ab044ea0102c57ea4a6843ef596aeed637f7e7e88d45e8c2511d57050b7289674c1f1a68eb4f4a7348a754d33c214a4dfabeb36fe7b0a4561ab5821eef166cb664f410ccf5792c2b2c6a429a0a71362596e3b1d34e32cb096f7bc042212de1a53a09d8ee70d198e176a1087178bcc67ccf2ace48fd835d82a91884314654dae61950647f9fb35bc8a33891ad07caaa4cdece1f7a168a9562240e172ff3e6241593,gx-no-cache=1505159031509 HTTP/1.1" 200 30
190.151.100.218 - - [11/Sep/2017:16:43:14 -0300] "GET /cormun/servlet/licenciaspermisos?c4016ab51fcc76bc33403e326642c8ab8cd345fad9e80a73035f5462be114d39aedd2fac52de30226138b47e9d8491eb9c845d2907b2b2eb3aaaf59ff228db762c0333e3ab0fcc06aac50ae847a84d150a86076fde86cc49a623e53ab060132c37ee7d75281fcb50abef07cedf5671cbc28573363053df4beae408515d711a71245c593c2735c8145ec1448858d6d3443cd221a37eaab5576f92dc1be8ce8184bb1119968649b16550a1e6a0ef2001a0,gx-no-cache=1505159031717 HTTP/1.1" 200 29
190.151.100.218 - - [11/Sep/2017:16:43:15 -0300] "POST /cormun/servlet/licenciaspermisos?c8249e97112919a5d73fd9ee2a3b87b6,INS,0,,,,gx-no-cache=1505159031868 HTTP/1.1" 200 4969
190.151.100.218 - - [11/Sep/2017:16:43:15 -0300] "GET /cormun/static/Shared/jqueryui/images/ui-bg_highlight-soft_100_c6c2c8_1x100.png HTTP/1.1" 404 1117
190.151.100.218 - - [11/Sep/2017:16:43:15 -0300] "GET /cormun/static/Shared/jqueryui/images/ui-bg_flat_55_994d53_40x100.png HTTP/1.1" 404 1097
190.151.100.218 - - [11/Sep/2017:16:43:15 -0300] "GET /cormun/static/Shared/jqueryui/images/ui-icons_82798d_256x240.png HTTP/1.1" 404 1089
200.72.197.82 - - [11/Sep/2017:16:43:15 -0300] "GET /cormun/static/Shared/jqueryui/images/ui-icons_ebccce_256x240.png HTTP/1.1" 404 1089
186.79.21.11 - - [11/Sep/2017:16:43:20 -0300] "POST /cormun/servlet/trautorizarsolicitud?f525e45ad1223077e1dd1eef3bb2163c,,gx-no-cache=1505159034989 HTTP/1.1" 200 4385
186.79.21.11 - - [11/Sep/2017:16:43:20 -0300] "GET /cormun/static/Shared/jqueryui/images/ui-bg_highlight-soft_100_c6c2c8_1x100.png HTTP/1.1" 404 1117
186.79.21.11 - - [11/Sep/2017:16:43:20 -0300] "GET /cormun/static/Shared/jqueryui/images/ui-bg_flat_55_fafafa_40x100.png HTTP/1.1" 404 1097
186.79.21.11 - - [11/Sep/2017:16:43:20 -0300] "GET /cormun/static/Shared/jqueryui/images/ui-icons_82798d_256x240.png HTTP/1.1" 404 1089
186.79.21.11 - - [11/Sep/2017:16:43:20 -0300] "GET /cormun/static/Shared/jqueryui/images/ui-icons_8d78a5_256x240.png HTTP/1.1" 404 1089
186.79.21.11 - - [11/Sep/2017:16:43:20 -0300] "POST /cormun/servlet/trautorizarsolicitud?f525e45ad1223077e1dd1eef3bb2163c,,gx-no-cache=1505159035869 HTTP/1.1" 200 4151
186.79.21.11 - - [11/Sep/2017:16:43:24 -0300] "GET /cormun/servlet/trpermisosgoce? HTTP/1.1" 200 13580
186.79.21.11 - - [11/Sep/2017:16:43:24 -0300] "GET /cormun/static/gxcfg.js?20177612163875 HTTP/1.1" 304 -
186.79.21.11 - - [11/Sep/2017:16:43:25 -0300] "GET /cormun/servlet/trpermisosgoce? HTTP/1.1" 200 13597
192.168.10.96 - - [11/Sep/2017:16:43:27 -0300] "GET /cormun/servlet/solicitudot?ae8af75d62ca6b698f5988291a14569d9e937a0a5e53b0a139fbd901419d77530b4aea6ed18888afb9d2d559e3d750166cfc1df66e0ee78a00e8372d2d3900d877e0fe632f9191485648d479f5a35508754c744c456e8279246ee7359f22b7d6c5e69705b83e07375bb1fab69aff3c58091101e829ee3a964600f27eaee11371202d33000a1bdcea30013148aac2b8dd45f9e11bd569d6707778e526404a81d6,gx-no-cache=1505158970075 HTTP/1.1" 200 29
192.168.10.96 - - [11/Sep/2017:16:43:27 -0300] "POST /cormun/servlet/solicitudot?gx-no-cache=1505158970104 HTTP/1.1" 200 1337
186.79.21.11 - - [11/Sep/2017:16:43:29 -0300] "GET /cormun/servlet/permisogoce?INS,0,,, HTTP/1.1" 200 6950
186.79.21.11 - - [11/Sep/2017:16:43:29 -0300] "GET /cormun/static/gxcfg.js?201776126440 HTTP/1.1" 304 -
186.79.21.11 - - [11/Sep/2017:16:43:30 -0300] "GET /cormun/servlet/permisogoce?INS,0,,, HTTP/1.1" 200 6947
192.168.10.96 - - [11/Sep/2017:16:43:30 -0300] "GET /cormun/servlet/solicitudot?ae8af75d62ca6b698f5988291a14569da9ff10553dfde877f18baf1acded7f2c55deff627db92b70f852373e95af3cf9,gx-no-cache=1505158973248 HTTP/1.1" 200 30
192.168.10.96 - - [11/Sep/2017:16:43:31 -0300] "POST /cormun/servlet/solicitudot?gx-no-cache=1505158974054 HTTP/1.1" 200 34
200.72.197.82 - - [11/Sep/2017:16:43:31 -0300] "GET /cormun/servlet/licenciaspermisos?c4016ab51fcc76bc33403e326642c8ab044ea0102c57ea4a6843ef596aeed637f7e7e88d45e8c2511d57050b7289674c1f1a68eb4f4a7348a754d33c214a4dfabeb36fe7b0a4561ab5821eef166cb664f410ccf5792c2b2c6a429a0a713625960a4e437e93f301eae15b5b02fa9ce76e09d8ee70d198e176a1087178bcc67ccfcfb4e3a18a6b196cc379246698abdf2c8c780e83720df2383d71bfdbf07a13dd7640d5bbf5fe309f6323782628a49aa8f35509041d3531af6e9e8fc0f54a783d50f9ae6aec3f1352772b4dd9a0bd140b5e786d0e72f86acc15d860d1e4593dc1,gx-no-cache=1505159048787 HTTP/1.1" 200 30
200.72.197.82 - - [11/Sep/2017:16:43:31 -0300] "GET /cormun/servlet/licenciaspermisos?c4016ab51fcc76bc33403e326642c8ab8cd345fad9e80a73035f5462be114d39aedd2fac52de30226138b47e9d8491eb9c845d2907b2b2eb3aaaf59ff228db762c0333e3ab0fcc06aac50ae847a84d150a86076fde86cc49a623e53ab060132c1ad7a8399ba5f20d760b99307399055ec28573363053df4beae408515d711a71d2f26a724799e5b8835b9c39bebb360218b6993bfd8b97dd8f6983a08629da427e96c4818fab06cc38402f2b0c70e401a71cfcb9ca7e12801478151e852deefe1f6f92a1daeaa4704ee47c07f6e906a23395217a756d7460c88e129f152a3b9a,gx-no-cache=1505159048847 HTTP/1.1" 200 29
200.72.197.82 - - [11/Sep/2017:16:43:32 -0300] "POST /cormun/servlet/licenciaspermisos?c8249e97112919a5d73fd9ee2a3b87b6,INS,0,,,,gx-no-cache=1505159048958 HTTP/1.1" 200 93
200.72.197.82 - - [11/Sep/2017:16:43:32 -0300] "GET /cormun/servlet/hpexe_return? HTTP/1.1" 200 999
200.72.197.82 - - [11/Sep/2017:16:43:32 -0300] "GET /cormun/servlet/trlicencias HTTP/1.1" 200 9716
200.72.197.82 - - [11/Sep/2017:16:43:33 -0300] "GET /cormun/servlet/trlicencias HTTP/1.1" 200 9711
186.79.21.11 - - [11/Sep/2017:16:43:37 -0300] "GET /cormun/servlet/permisogoce?7e7733567b9b9e336f859baa5dc6bdc34eba3646dd3ca6cadbf10fb9d85e41da0cdd068d26f581cd8fcdb70073394e3b4cda1b5b73e3ab23da53774d7a53e7d0,gx-no-cache=1505159056360 HTTP/1.1" 200 84
186.79.21.11 - - [11/Sep/2017:16:43:38 -0300] "GET /cormun/static/menuarrow.gif HTTP/1.1" 404 1015
200.72.197.82 - - [11/Sep/2017:16:43:39 -0300] "GET /cormun/servlet/trlicenciaspermisosadjuntos?12694048,20170911000000,L, HTTP/1.1" 200 6402
200.72.197.82 - - [11/Sep/2017:16:43:40 -0300] "GET /cormun/static/gxcfg.js?20177612163414 HTTP/1.1" 200 953
200.72.197.82 - - [11/Sep/2017:16:43:40 -0300] "GET /cormun/static/trlicenciaspermisosadjuntos.js?20177612163719 HTTP/1.1" 200 21036
200.72.197.82 - - [11/Sep/2017:16:43:40 -0300] "GET /cormun/servlet/trlicenciaspermisosadjuntos?12694048,20170911000000,L, HTTP/1.1" 200 6403
186.103.158.250 - - [11/Sep/2017:16:43:58 -0300] "POST /cormun/servlet/solicitudot?gx-no-cache=1505162811386 HTTP/1.1" 200 122
186.103.158.250 - - [11/Sep/2017:16:43:58 -0300] "POST /cormun/servlet/solicitudot?gx-no-cache=1505162811544 HTTP/1.1" 200 1337
186.103.158.250 - - [11/Sep/2017:16:43:58 -0300] "POST /cormun/servlet/solicitudot?gx-no-cache=1505162811624 HTTP/1.1" 200 120
186.79.21.11 - - [11/Sep/2017:16:44:04 -0300] "GET /cormun/servlet/permisogoce?7e7733567b9b9e336f859baa5dc6bdc381c11fd15f60a69574928cc7b63c4f19265be965926a63087d8628fde4a692a9ac5c9270f64b9b36f32985facb8bca0c,gx-no-cache=1505159083172 HTTP/1.1" 200 48
186.79.21.11 - - [11/Sep/2017:16:44:10 -0300] "POST /cormun/servlet/permisogoce?d3c469dd392d3310a5852d8cfe190836,INS,0,,,,gx-no-cache=1505159088028 HTTP/1.1" 200 93
186.79.21.11 - - [11/Sep/2017:16:44:10 -0300] "GET /cormun/servlet/hpexe_return? HTTP/1.1" 200 1014
186.79.21.11 - - [11/Sep/2017:16:44:10 -0300] "GET /cormun/servlet/trpermisosgoce HTTP/1.1" 200 13896
186.79.21.11 - - [11/Sep/2017:16:44:12 -0300] "GET /cormun/servlet/trpermisosgoce HTTP/1.1" 200 13899
192.168.10.96 - - [11/Sep/2017:16:44:13 -0300] "GET /cormun/servlet/prlicenciaspermisos?14202586,P,,MD,,gxPopupLevel%3D0%3B HTTP/1.1" 200 5546
186.79.21.11 - - [11/Sep/2017:16:44:16 -0300] "GET /cormun/servlet/permisogoce?INS,0,,, HTTP/1.1" 200 6947
186.79.21.11 - - [11/Sep/2017:16:44:17 -0300] "GET /cormun/servlet/permisogoce?INS,0,,, HTTP/1.1" 200 6947
186.79.21.11 - - [11/Sep/2017:16:44:24 -0300] "GET /cormun/servlet/permisogoce?7e7733567b9b9e336f859baa5dc6bdc3b366dee06da757c89c8b8c3a7cb102930cdd068d26f581cd8fcdb70073394e3b4cda1b5b73e3ab23da53774d7a53e7d0,gx-no-cache=1505159102737 HTTP/1.1" 200 79
186.79.21.11 - - [11/Sep/2017:16:44:24 -0300] "GET /cormun/static/menuarrow.gif HTTP/1.1" 404 1015
186.79.21.11 - - [11/Sep/2017:16:44:30 -0300] "GET /cormun/servlet/permisogoce?7e7733567b9b9e336f859baa5dc6bdc3536fa58c006d7b3bd61edabd73e414c07c66d5a30ec012229f7c357d677f9967ac5c9270f64b9b36f32985facb8bca0c,gx-no-cache=1505159109301 HTTP/1.1" 200 47
186.79.21.11 - - [11/Sep/2017:16:44:42 -0300] "POST /cormun/servlet/permisogoce?d3c469dd392d3310a5852d8cfe190836,INS,0,,,,gx-no-cache=1505159120379 HTTP/1.1" 200 93
186.79.21.11 - - [11/Sep/2017:16:44:42 -0300] "GET /cormun/servlet/hpexe_return? HTTP/1.1" 200 1014
186.79.21.11 - - [11/Sep/2017:16:44:42 -0300] "GET /cormun/servlet/trpermisosgoce HTTP/1.1" 200 14074
186.79.21.11 - - [11/Sep/2017:16:44:44 -0300] "GET /cormun/servlet/trpermisosgoce HTTP/1.1" 200 14071
192.168.10.96 - - [11/Sep/2017:16:44:44 -0300] "GET /cormun/servlet/prlicenciaspermisos?14202586,P,,MD,,gxPopupLevel%3D0%3B HTTP/1.1" 200 5546
186.79.21.11 - - [11/Sep/2017:16:44:47 -0300] "GET /cormun/servlet/permisogoce?INS,0,,, HTTP/1.1" 200 6947
186.79.21.11 - - [11/Sep/2017:16:44:48 -0300] "GET /cormun/servlet/permisogoce?INS,0,,, HTTP/1.1" 200 6947
186.79.21.11 - - [11/Sep/2017:16:44:54 -0300] "GET /cormun/servlet/permisogoce?7e7733567b9b9e336f859baa5dc6bdc3286d3dc66e7e0d2341e73196ac9716d8271f2da352e2bee5eba9a390e4e31e9e,gx-no-cache=1505159133204 HTTP/1.1" 200 83
186.79.21.11 - - [11/Sep/2017:16:44:54 -0300] "GET /cormun/static/menuarrow.gif HTTP/1.1" 404 1015
186.79.21.11 - - [11/Sep/2017:16:45:00 -0300] "GET /cormun/servlet/permisogoce?7e7733567b9b9e336f859baa5dc6bdc3a969e092822189ef938f01ed294be9b6e178815beffbaf05d48f03716a3418626090c87e452f7f3d3ffb055dfa21c599,gx-no-cache=1505159139254 HTTP/1.1" 200 47
186.103.158.250 - - [11/Sep/2017:16:45:01 -0300] "POST /cormun/servlet/solicitudot?gx-no-cache=1505162874120 HTTP/1.1" 200 41
186.103.158.250 - - [11/Sep/2017:16:45:01 -0300] "POST /cormun/servlet/solicitudot?gx-no-cache=1505162874203 HTTP/1.1" 200 1337
186.103.158.250 - - [11/Sep/2017:16:45:05 -0300] "POST /cormun/servlet/solicitudot?gx-no-cache=1505162878199 HTTP/1.1" 200 1337
192.168.10.96 - - [11/Sep/2017:16:45:06 -0300] "POST /cormun/servlet/solicitudot?gx-no-cache=1505159068833 HTTP/1.1" 200 41
192.168.10.96 - - [11/Sep/2017:16:45:06 -0300] "POST /cormun/servlet/solicitudot?gx-no-cache=1505159068852 HTTP/1.1" 200 1337
192.168.10.96 - - [11/Sep/2017:16:45:06 -0300] "GET /cormun/servlet/solicitudot?ae8af75d62ca6b698f5988291a14569da9ff10553dfde877f18baf1acded7f2ca383db5144f8f9b4bf2de25da58ae36f,gx-no-cache=1505159068881 HTTP/1.1" 200 30
192.168.10.96 - - [11/Sep/2017:16:45:06 -0300] "POST /cormun/servlet/solicitudot?gx-no-cache=1505159068898 HTTP/1.1" 200 34
192.168.10.96 - - [11/Sep/2017:16:45:06 -0300] "POST /cormun/servlet/solicitudot?fa5addb039e33d1e702e2d066d24dba0,INS,0,0,,gx-no-cache=1505159068924 HTTP/1.1" 200 93
192.168.10.96 - - [11/Sep/2017:16:45:06 -0300] "GET /cormun/servlet/hpexe_return? HTTP/1.1" 200 1005
192.168.10.96 - - [11/Sep/2017:16:45:06 -0300] "GET /cormun/static/gxcfg.js?2016101716175148 HTTP/1.1" 304 -
192.168.10.96 - - [11/Sep/2017:16:45:06 -0300] "GET /cormun/servlet/trsolicitudot HTTP/1.1" 200 9482
192.168.10.96 - - [11/Sep/2017:16:45:07 -0300] "GET /cormun/servlet/trsolicitudot HTTP/1.1" 200 9478
186.79.21.11 - - [11/Sep/2017:16:45:09 -0300] "POST /cormun/servlet/permisogoce?d3c469dd392d3310a5852d8cfe190836,INS,0,,,,gx-no-cache=1505159147205 HTTP/1.1" 200 93
186.79.21.11 - - [11/Sep/2017:16:45:09 -0300] "GET /cormun/servlet/hpexe_return? HTTP/1.1" 200 1014
186.79.21.11 - - [11/Sep/2017:16:45:09 -0300] "GET /cormun/servlet/trpermisosgoce HTTP/1.1" 200 14292
186.79.21.11 - - [11/Sep/2017:16:45:10 -0300] "GET /cormun/servlet/trpermisosgoce HTTP/1.1" 200 14280
186.79.21.11 - - [11/Sep/2017:16:45:14 -0300] "GET /cormun/servlet/permisogoce?INS,0,,, HTTP/1.1" 200 6947
186.79.21.11 - - [11/Sep/2017:16:45:15 -0300] "GET /cormun/servlet/permisogoce?INS,0,,, HTTP/1.1" 200 6947
186.103.158.250 - - [11/Sep/2017:16:45:15 -0300] "POST /cormun/servlet/solicitudot?cee6f0a329b564e7829b409be7d1ed1a,INS,0,0,,gx-no-cache=1505162888469 HTTP/1.1" 200 93
186.103.158.250 - - [11/Sep/2017:16:45:15 -0300] "GET /cormun/servlet/hpexe_return? HTTP/1.1" 200 1009
186.103.158.250 - - [11/Sep/2017:16:45:16 -0300] "GET /cormun/servlet/trsolicitudot HTTP/1.1" 200 9484
192.168.10.96 - - [11/Sep/2017:16:45:17 -0300] "GET /cormun/servlet/trsolicitudot? HTTP/1.1" 200 9478
186.103.158.250 - - [11/Sep/2017:16:45:17 -0300] "GET /cormun/servlet/trsolicitudot HTTP/1.1" 200 9480
192.168.10.96 - - [11/Sep/2017:16:45:18 -0300] "GET /cormun/servlet/trsolicitudot? HTTP/1.1" 200 9478
186.79.21.11 - - [11/Sep/2017:16:45:22 -0300] "GET /cormun/servlet/permisogoce?7e7733567b9b9e336f859baa5dc6bdc32c9f76e90421b80c783ad4e0dae2cb800cdd068d26f581cd8fcdb70073394e3b4cda1b5b73e3ab23da53774d7a53e7d0,gx-no-cache=1505159161293 HTTP/1.1" 200 82
186.79.21.11 - - [11/Sep/2017:16:45:22 -0300] "GET /cormun/static/menuarrow.gif HTTP/1.1" 404 1015
192.168.10.96 - - [11/Sep/2017:16:45:27 -0300] "POST /cormun/servlet/trsolicitudot?fa5addb039e33d1e702e2d066d24dba0,,gx-no-cache=1505159090125 HTTP/1.1" 200 106
192.168.10.96 - - [11/Sep/2017:16:45:27 -0300] "GET /cormun/servlet/solicitudot?UPD,2017,7392, HTTP/1.1" 200 14463
192.168.10.96 - - [11/Sep/2017:16:45:28 -0300] "GET /cormun/servlet/solicitudot?UPD,2017,7392, HTTP/1.1" 200 14473
192.168.10.96 - - [11/Sep/2017:16:45:28 -0300] "POST /cormun/servlet/solicitudot?gx-no-cache=1505159091205 HTTP/1.1" 200 3245
192.168.10.96 - - [11/Sep/2017:16:45:28 -0300] "POST /cormun/servlet/solicitudot?fa5addb039e33d1e702e2d066d24dba0,UPD,2017,7392,,gx-no-cache=1505159091358 HTTP/1.1" 200 11055
192.168.10.96 - - [11/Sep/2017:16:45:28 -0300] "GET /cormun/servlet/solicitudot?ae8af75d62ca6b698f5988291a14569d33c131300c5369e3c1e0e23da063199a7a964c67841bf8968b0332a65c62fe54,gx-no-cache=1505159091536 HTTP/1.1" 200 30
192.168.10.96 - - [11/Sep/2017:16:45:28 -0300] "POST /cormun/servlet/solicitudot?gx-no-cache=1505159091557 HTTP/1.1" 200 240
192.168.10.96 - - [11/Sep/2017:16:45:29 -0300] "GET /cormun/servlet/solicitudot?ae8af75d62ca6b698f5988291a14569dd8986428a842742a289c8ff5e3e051aa634c37b50b9b965007893e1fca461962138675085e4a617d98831d58cbb8e496557cdcf8fe0a480c48837cc44e7d117e928989fa8a67ad6f9edbd8052e2defba0ec11ae16a97c761c7fc56bb3ac62193e86cce51251125451593b13efe118308322ff17e7b0718752a646ba2af651a0bdf15d34803a18bc0337819cbcb3e2dd795ff2ddcdf080a9c46edfbcdb47df916b4a7e7c14446cc5164785e57201db1597382b735498148e3e88eb83fb6dfa1d5e35d3e0c6b0d0149a5d4519f27af73d8ca78aca105ec030dc4503cdde65e9bce48636c50a4356e866767c3bb841e2f7a986038a9ce053bbe525a03248368528d30b963804384aaed2e6f9533d1b585b333232901d78cdd8e25afa3de82da3f88f4072847fa8cce9bc73045f1cd95759546e38109f9e43c948fd7682742c40a0c059d7c67bf339162d0fdd282700b9ddc836126dc438d79d393d3a88f020a80e5b1ceee60b561fed81cfaf34b617f5636,gx-no-cache=1505159091585 HTTP/1.1" 200 30
192.168.10.96 - - [11/Sep/2017:16:45:29 -0300] "POST /cormun/servlet/solicitudot?gx-no-cache=1505159091602 HTTP/1.1" 200 30
192.168.10.96 - - [11/Sep/2017:16:45:29 -0300] "POST /cormun/servlet/solicitudot?gx-no-cache=1505159091622 HTTP/1.1" 200 1355
192.168.10.96 - - [11/Sep/2017:16:45:29 -0300] "POST /cormun/servlet/solicitudot?gx-no-cache=1505159091708 HTTP/1.1" 200 41
186.103.158.250 - - [11/Sep/2017:16:45:32 -0300] "POST /cormun/servlet/trsolicitudot?cee6f0a329b564e7829b409be7d1ed1a,gx-no-cache=1505162905591 HTTP/1.1" 200 106
186.103.158.250 - - [11/Sep/2017:16:45:33 -0300] "GET /cormun/servlet/solicitudot?UPD,2017,7392, HTTP/1.1" 200 14465
186.79.21.11 - - [11/Sep/2017:16:45:34 -0300] "GET /cormun/servlet/permisogoce?7e7733567b9b9e336f859baa5dc6bdc3b9123681db7dcf03b0e729d96361586170050f7fdc17bbf334def982f4dbd077b790da308abc872cb9fe43e67edb2ea5,gx-no-cache=1505159172813 HTTP/1.1" 200 47
186.103.158.250 - - [11/Sep/2017:16:45:34 -0300] "GET /cormun/servlet/solicitudot?UPD,2017,7392, HTTP/1.1" 200 14474
186.103.158.250 - - [11/Sep/2017:16:45:34 -0300] "POST /cormun/servlet/solicitudot?gx-no-cache=1505162907541 HTTP/1.1" 200 3245
186.103.158.250 - - [11/Sep/2017:16:45:35 -0300] "POST /cormun/servlet/solicitudot?cee6f0a329b564e7829b409be7d1ed1a,UPD,2017,7392,,gx-no-cache=1505162907798 HTTP/1.1" 200 11056
186.103.158.250 - - [11/Sep/2017:16:45:35 -0300] "GET /cormun/servlet/solicitudot?cc767e0cfdf225b9039f3001555bd1d7e203bb789a885965eddddba29a9d6faf273ccede295ecefe818787942327b72f,gx-no-cache=1505162908515 HTTP/1.1" 200 30
186.103.158.250 - - [11/Sep/2017:16:45:36 -0300] "POST /cormun/servlet/solicitudot?gx-no-cache=1505162908604 HTTP/1.1" 200 240
186.103.158.250 - - [11/Sep/2017:16:45:36 -0300] "GET /cormun/servlet/solicitudot?cc767e0cfdf225b9039f3001555bd1d7d25d1ba4c3306a36a17fbfb4371e9a8fcec2a3a7ece05da9b9569e1652eb7577cd802eb4e2bafa41b1b7f58e0159dc493b6786180e83d232952d4deca57f18ec1df9f3eead59227615fb2208fcf09ba13856c13d27b3c99c899c426c9457bdebfb8a6be1509565dcc846190108eb23ab9fb9d65b1847181fd52d1f49696a2394b7aa13c579ce7950908427b934f184df9f901f2610518f6d84066d366a00e944c04baf67780074c864220e06f9f483b98cfc72790632cc13f58ce41f6563ddeb7656c57da1c6ee7abbd5b423e18c406c0cb7ba221726496b01c628ff413010e13c4589bddb12dbb7512c966179b2851a18d48ee5df0c1c4071505c30b206898b402584325acc3b1a60240454098985984c6681e66279262373c7b5a174d9457ce6adb0ddc4f6f205f5f6d4b4edde378cc1d58f661c73f33a5320a43ee5a81f67cd224b28b0d5365c429f92fb96274a0bf241e79969f387738ec9469f2d58b849f05111d80b36608103a03545634db39c,gx-no-cache=1505162909096 HTTP/1.1" 200 30
186.103.158.250 - - [11/Sep/2017:16:45:36 -0300] "POST /cormun/servlet/solicitudot?gx-no-cache=1505162909208 HTTP/1.1" 200 30
186.103.158.250 - - [11/Sep/2017:16:45:37 -0300] "POST /cormun/servlet/solicitudot?gx-no-cache=1505162909639 HTTP/1.1" 200 1355
186.103.158.250 - - [11/Sep/2017:16:45:37 -0300] "POST /cormun/servlet/solicitudot?gx-no-cache=1505162909810 HTTP/1.1" 200 41
186.79.21.11 - - [11/Sep/2017:16:45:42 -0300] "POST /cormun/servlet/permisogoce?d3c469dd392d3310a5852d8cfe190836,INS,0,,,,gx-no-cache=1505159180569 HTTP/1.1" 200 93
186.79.21.11 - - [11/Sep/2017:16:45:42 -0300] "GET /cormun/servlet/hpexe_return? HTTP/1.1" 200 1014
186.79.21.11 - - [11/Sep/2017:16:45:43 -0300] "GET /cormun/servlet/trpermisosgoce HTTP/1.1" 200 14538
186.79.21.11 - - [11/Sep/2017:16:45:44 -0300] "GET /cormun/servlet/trpermisosgoce HTTP/1.1" 200 14561
192.168.10.62 - - [11/Sep/2017:16:45:44 -0300] "GET /cormun/servlet/hlogin HTTP/1.1" 200 1742
186.79.21.11 - - [11/Sep/2017:16:45:50 -0300] "GET /cormun/servlet/permisogoce?INS,0,,, HTTP/1.1" 200 6947
186.79.21.11 - - [11/Sep/2017:16:45:51 -0300] "GET /cormun/servlet/permisogoce?INS,0,,, HTTP/1.1" 200 6948
200.72.197.82 - - [11/Sep/2017:16:45:54 -0300] "GET /cormun/servlet/licenciaspermisosadjuntos?INS,12694048,L,20170911000000,, HTTP/1.1" 200 5707
200.72.197.82 - - [11/Sep/2017:16:45:54 -0300] "GET /cormun/static/gxcfg.js?2017761263592 HTTP/1.1" 200 953
200.72.197.82 - - [11/Sep/2017:16:45:54 -0300] "GET /cormun/static/licenciaspermisosadjuntos.js?201776126362 HTTP/1.1" 200 8760
190.151.100.218 - - [11/Sep/2017:16:45:54 -0300] "GET /cormun/static/about:blank HTTP/1.1" 404 1011
190.151.100.218 - - [11/Sep/2017:16:45:54 -0300] "GET /cormun/servlet/licenciaspermisosadjuntos?INS,12694048,L,20170911000000,, HTTP/1.1" 200 5697
186.79.21.11 - - [11/Sep/2017:16:45:58 -0300] "GET /cormun/servlet/permisogoce?7e7733567b9b9e336f859baa5dc6bdc339ec720c4f435dd8a1d02ab47117b5350cdd068d26f581cd8fcdb70073394e3b4cda1b5b73e3ab23da53774d7a53e7d0,gx-no-cache=1505159197073 HTTP/1.1" 200 80
186.79.21.11 - - [11/Sep/2017:16:45:58 -0300] "GET /cormun/static/menuarrow.gif HTTP/1.1" 404 1015
186.79.21.11 - - [11/Sep/2017:16:46:03 -0300] "GET /cormun/servlet/permisogoce?7e7733567b9b9e336f859baa5dc6bdc39144d0b37f8da861e9d2409d15dbd42bdb18a41c48694da3b9fa545061044d6eac5c9270f64b9b36f32985facb8bca0c,gx-no-cache=1505159202222 HTTP/1.1" 200 47
186.79.21.11 - - [11/Sep/2017:16:46:09 -0300] "POST /cormun/servlet/permisogoce?d3c469dd392d3310a5852d8cfe190836,INS,0,,,,gx-no-cache=1505159206853 HTTP/1.1" 200 93
186.79.21.11 - - [11/Sep/2017:16:46:09 -0300] "GET /cormun/servlet/hpexe_return? HTTP/1.1" 200 1014
186.103.161.206 - - [11/Sep/2017:16:46:09 -0300] "POST /cormun/servlet/licenciaspermisosadjuntos?c8249e97112919a5d73fd9ee2a3b87b6,INS,12694048,L,20170911000000,, HTTP/1.1" 200 116
186.103.161.206 - - [11/Sep/2017:16:46:09 -0300] "GET /cormun/servlet/hpexe_return? HTTP/1.1" 200 1030
186.103.161.206 - - [11/Sep/2017:16:46:09 -0300] "GET /cormun/servlet/trlicenciaspermisosadjuntos?12694048,20170911000000,L, HTTP/1.1" 200 6881
186.79.21.11 - - [11/Sep/2017:16:46:09 -0300] "GET /cormun/servlet/trpermisosgoce HTTP/1.1" 200 14792
186.103.161.206 - - [11/Sep/2017:16:46:10 -0300] "GET /cormun/servlet/trlicenciaspermisosadjuntos?12694048,20170911000000,L, HTTP/1.1" 200 6893
186.79.21.11 - - [11/Sep/2017:16:46:11 -0300] "GET /cormun/servlet/trpermisosgoce HTTP/1.1" 200 14792
186.79.21.11 - - [11/Sep/2017:16:46:15 -0300] "GET /cormun/servlet/permisogoce?INS,0,,, HTTP/1.1" 200 6947
186.103.161.206 - - [11/Sep/2017:16:46:15 -0300] "GET /cormun/servlet/licenciaspermisosadjuntos?INS,12694048,L,20170911000000,, HTTP/1.1" 200 5708
186.79.21.11 - - [11/Sep/2017:16:46:16 -0300] "GET /cormun/servlet/permisogoce?INS,0,,, HTTP/1.1" 200 6947
186.103.161.206 - - [11/Sep/2017:16:46:16 -0300] "GET /cormun/servlet/licenciaspermisosadjuntos?INS,12694048,L,20170911000000,, HTTP/1.1" 200 5697
200.72.197.82 - - [11/Sep/2017:16:46:20 -0300] "GET /cormun/servlet/trlicenciaspermisosadjuntos?12694048,20170911000000,L, HTTP/1.1" 200 6876
200.72.197.82 - - [11/Sep/2017:16:46:21 -0300] "GET /cormun/servlet/trlicenciaspermisosadjuntos?12694048,20170911000000,L, HTTP/1.1" 200 6895
190.151.100.218 - - [11/Sep/2017:16:46:23 -0300] "GET /cormun/servlet/trlicencias HTTP/1.1" 200 9716
190.151.100.218 - - [11/Sep/2017:16:46:23 -0300] "GET /cormun/servlet/trlicencias HTTP/1.1" 200 9711
186.79.21.11 - - [11/Sep/2017:16:46:24 -0300] "GET /cormun/servlet/permisogoce?7e7733567b9b9e336f859baa5dc6bdc3f51e050f0ac9cd5c82ff97fc5e611fc20cdd068d26f581cd8fcdb70073394e3b4cda1b5b73e3ab23da53774d7a53e7d0,gx-no-cache=1505159223270 HTTP/1.1" 200 81
186.79.21.11 - - [11/Sep/2017:16:46:25 -0300] "GET /cormun/static/menuarrow.gif HTTP/1.1" 404 1015
186.79.21.11 - - [11/Sep/2017:16:46:32 -0300] "GET /cormun/servlet/permisogoce?7e7733567b9b9e336f859baa5dc6bdc3b1ca43d43ac465b9ee3313d93e6eda9aaae6065b61464b31cd8c446d64a99551ac5c9270f64b9b36f32985facb8bca0c,gx-no-cache=1505159230758 HTTP/1.1" 200 47
186.103.158.250 - - [11/Sep/2017:16:46:36 -0300] "GET /cormun/servlet/solicitudot?cc767e0cfdf225b9039f3001555bd1d7dbfac5fcfea961e3788d3a57609bca94628d7a54f85160580dd74ea589a31d2e52885030c8ffa4db3403fca395cc258ae4cb97551fe80a658ff42e0b20ea571055207afffe8af55e11542dbc59f0816553be82c6c840b389c51fb437388773b35b635b8c36bca447f6968b1054d8eb89b238aa50c464de459fcb3641cf9b6505353788b724a8c1bf58110bc18d1d23ea,gx-no-cache=1505162969333 HTTP/1.1" 200 29
186.103.158.250 - - [11/Sep/2017:16:46:36 -0300] "POST /cormun/servlet/solicitudot?gx-no-cache=1505162969470 HTTP/1.1" 200 1337
186.79.21.11 - - [11/Sep/2017:16:46:36 -0300] "POST /cormun/servlet/permisogoce?d3c469dd392d3310a5852d8cfe190836,INS,0,,,,gx-no-cache=1505159234849 HTTP/1.1" 200 93
186.103.158.250 - - [11/Sep/2017:16:46:36 -0300] "GET /cormun/servlet/solicitudot?cc767e0cfdf225b9039f3001555bd1d701ab8fe6474aa14c97f865fd4dff086118cae08ad2f21892613bb56e572fd16e,gx-no-cache=1505162969557 HTTP/1.1" 200 30
186.103.158.250 - - [11/Sep/2017:16:46:36 -0300] "POST /cormun/servlet/solicitudot?gx-no-cache=1505162969598 HTTP/1.1" 200 34
186.79.21.11 - - [11/Sep/2017:16:46:37 -0300] "GET /cormun/servlet/hpexe_return? HTTP/1.1" 200 1014
186.79.21.11 - - [11/Sep/2017:16:46:37 -0300] "GET /cormun/servlet/trpermisosgoce HTTP/1.1" 200 14975
186.79.21.11 - - [11/Sep/2017:16:46:39 -0300] "GET /cormun/servlet/trpermisosgoce HTTP/1.1" 200 14991
186.103.158.250 - - [11/Sep/2017:16:46:42 -0300] "POST /cormun/servlet/solicitudot?cee6f0a329b564e7829b409be7d1ed1a,UPD,2017,7392,,gx-no-cache=1505162974975 HTTP/1.1" 200 93
186.103.158.250 - - [11/Sep/2017:16:46:42 -0300] "GET /cormun/servlet/hpexe_return? HTTP/1.1" 200 1014
186.103.158.250 - - [11/Sep/2017:16:46:43 -0300] "GET /cormun/servlet/trsolicitudot HTTP/1.1" 200 9493
186.79.21.11 - - [11/Sep/2017:16:46:43 -0300] "GET /cormun/servlet/permisogoce?INS,0,,, HTTP/1.1" 200 6947
186.79.21.11 - - [11/Sep/2017:16:46:44 -0300] "GET /cormun/servlet/permisogoce?INS,0,,, HTTP/1.1" 200 6948
186.103.158.250 - - [11/Sep/2017:16:46:44 -0300] "GET /cormun/servlet/trsolicitudot HTTP/1.1" 200 9489
186.79.21.11 - - [11/Sep/2017:16:46:53 -0300] "GET /cormun/servlet/permisogoce?7e7733567b9b9e336f859baa5dc6bdc3e394b062a5448c97b50b3bea55afec8f0cdd068d26f581cd8fcdb70073394e3b4cda1b5b73e3ab23da53774d7a53e7d0,gx-no-cache=1505159251707 HTTP/1.1" 200 82
186.79.21.11 - - [11/Sep/2017:16:46:53 -0300] "GET /cormun/static/menuarrow.gif HTTP/1.1" 404 1015
186.103.161.206 - - [11/Sep/2017:16:46:54 -0300] "POST /cormun/servlet/trlicencias?c8249e97112919a5d73fd9ee2a3b87b6,gx-no-cache=1505159250512 HTTP/1.1" 200 7027
186.103.161.206 - - [11/Sep/2017:16:46:54 -0300] "GET /cormun/static/Shared/jqueryui/images/ui-bg_highlight-soft_100_c6c2c8_1x100.png HTTP/1.1" 404 1117
190.151.100.218 - - [11/Sep/2017:16:46:54 -0300] "GET /cormun/static/Shared/jqueryui/images/ui-icons_8d78a5_256x240.png HTTP/1.1" 404 1089
186.103.161.206 - - [11/Sep/2017:16:46:54 -0300] "GET /cormun/static/Shared/jqueryui/images/ui-icons_82798d_256x240.png HTTP/1.1" 404 1089
190.151.100.218 - - [11/Sep/2017:16:46:54 -0300] "GET /cormun/static/Shared/jqueryui/images/ui-bg_flat_55_fafafa_40x100.png HTTP/1.1" 404 1097
186.79.21.11 - - [11/Sep/2017:16:46:59 -0300] "GET /cormun/servlet/permisogoce?7e7733567b9b9e336f859baa5dc6bdc3ace2af9e1d6c981809ace6c519b25f4c9aadd2489f15995de8dcd4e12aec16cbac5c9270f64b9b36f32985facb8bca0c,gx-no-cache=1505159258005 HTTP/1.1" 200 48
186.79.21.11 - - [11/Sep/2017:16:47:03 -0300] "POST /cormun/servlet/permisogoce?d3c469dd392d3310a5852d8cfe190836,INS,0,,,,gx-no-cache=1505159261543 HTTP/1.1" 200 93
186.79.21.11 - - [11/Sep/2017:16:47:03 -0300] "GET /cormun/servlet/hpexe_return? HTTP/1.1" 200 1014
190.151.100.218 - - [11/Sep/2017:16:47:03 -0300] "GET /cormun/servlet/alicenciaprn?12694048,L,20170911000000,PU HTTP/1.1" 200 1536
186.79.21.11 - - [11/Sep/2017:16:47:03 -0300] "GET /cormun/servlet/trpermisosgoce HTTP/1.1" 200 15154
186.79.21.11 - - [11/Sep/2017:16:47:05 -0300] "GET /cormun/servlet/trpermisosgoce HTTP/1.1" 200 15174
186.103.158.250 - - [11/Sep/2017:16:47:07 -0300] "POST /cormun/servlet/trsolicitudot?cee6f0a329b564e7829b409be7d1ed1a,gx-no-cache=1505163000093 HTTP/1.1" 200 6658
186.103.158.250 - - [11/Sep/2017:16:47:07 -0300] "GET /cormun/static/Shared/jqueryui/images/ui-bg_highlight-soft_100_c6c2c8_1x100.png HTTP/1.1" 404 1117
186.103.158.250 - - [11/Sep/2017:16:47:07 -0300] "GET /cormun/static/Shared/jqueryui/images/ui-icons_82798d_256x240.png HTTP/1.1" 404 1089
186.103.158.250 - - [11/Sep/2017:16:47:07 -0300] "GET /cormun/static/Shared/jqueryui/images/ui-bg_flat_55_fafafa_40x100.png HTTP/1.1" 404 1097
186.103.158.250 - - [11/Sep/2017:16:47:07 -0300] "GET /cormun/static/Shared/jqueryui/images/ui-icons_8d78a5_256x240.png HTTP/1.1" 404 1089
186.103.158.250 - - [11/Sep/2017:16:47:08 -0300] "POST /cormun/servlet/trsolicitudot?cee6f0a329b564e7829b409be7d1ed1a,gx-no-cache=1505163000681 HTTP/1.1" 200 6603
186.79.21.11 - - [11/Sep/2017:16:47:08 -0300] "GET /cormun/servlet/permisogoce?INS,0,,, HTTP/1.1" 200 6946
186.79.21.11 - - [11/Sep/2017:16:47:09 -0300] "GET /cormun/servlet/permisogoce?INS,0,,, HTTP/1.1" 200 6948
186.79.21.11 - - [11/Sep/2017:16:47:17 -0300] "GET /cormun/servlet/permisogoce?7e7733567b9b9e336f859baa5dc6bdc3ebbf411eadf1847078caa0388a8d7f660cdd068d26f581cd8fcdb70073394e3b4cda1b5b73e3ab23da53774d7a53e7d0,gx-no-cache=1505159275756 HTTP/1.1" 200 74
186.79.21.11 - - [11/Sep/2017:16:47:17 -0300] "GET /cormun/static/menuarrow.gif HTTP/1.1" 404 1015
186.103.158.250 - - [11/Sep/2017:16:47:25 -0300] "GET /cormun/servlet/hlogin HTTP/1.1" 200 1722
186.79.21.11 - - [11/Sep/2017:16:47:31 -0300] "GET /cormun/servlet/permisogoce?7e7733567b9b9e336f859baa5dc6bdc397d793a5cfb363d4d81821ed6e832ece1b6026fa4beb9eb03fb5a41015f95eb0b790da308abc872cb9fe43e67edb2ea5,gx-no-cache=1505159290352 HTTP/1.1" 200 49
192.168.10.62 - - [11/Sep/2017:16:47:38 -0300] "POST /cormun/servlet/hlogin?8b34ba193fbdbe35dac8b0ac17db9be8,gx-no-cache=1505159220968 HTTP/1.1" 200 90
192.168.10.62 - - [11/Sep/2017:16:47:38 -0300] "GET /cormun/servlet/hpexe_link HTTP/1.1" 200 953
192.168.10.62 - - [11/Sep/2017:16:47:38 -0300] "GET /cormun/servlet/hhome HTTP/1.1" 200 3808
192.168.10.62 - - [11/Sep/2017:16:47:39 -0300] "GET /cormun/servlet/hhome HTTP/1.1" 200 3805
186.79.21.11 - - [11/Sep/2017:16:47:48 -0300] "POST /cormun/servlet/permisogoce?d3c469dd392d3310a5852d8cfe190836,INS,0,,,,gx-no-cache=1505159306183 HTTP/1.1" 200 93
186.79.21.11 - - [11/Sep/2017:16:47:48 -0300] "GET /cormun/servlet/hpexe_return? HTTP/1.1" 200 1014
186.79.21.11 - - [11/Sep/2017:16:47:48 -0300] "GET /cormun/servlet/trpermisosgoce HTTP/1.1" 200 15409
186.79.21.11 - - [11/Sep/2017:16:47:50 -0300] "GET /cormun/servlet/trpermisosgoce HTTP/1.1" 200 15395
186.103.158.250 - - [11/Sep/2017:16:47:59 -0300] "POST /cormun/servlet/hlogin?cee6f0a329b564e7829b409be7d1ed1a,gx-no-cache=1505163052083 HTTP/1.1" 200 431
186.79.21.11 - - [11/Sep/2017:16:48:05 -0300] "POST /cormun/servlet/trpermisosgoce?d3c469dd392d3310a5852d8cfe190836,gx-no-cache=1505159322744 HTTP/1.1" 200 12565
186.79.21.11 - - [11/Sep/2017:16:48:05 -0300] "GET /cormun/static/Shared/jqueryui/images/ui-bg_highlight-soft_100_c6c2c8_1x100.png HTTP/1.1" 404 1117
186.79.21.11 - - [11/Sep/2017:16:48:05 -0300] "GET /cormun/static/Shared/jqueryui/images/ui-icons_82798d_256x240.png HTTP/1.1" 404 1089
186.79.21.11 - - [11/Sep/2017:16:48:06 -0300] "GET /cormun/static/Shared/jqueryui/images/ui-bg_flat_55_fafafa_40x100.png HTTP/1.1" 404 1097
186.79.21.11 - - [11/Sep/2017:16:48:06 -0300] "GET /cormun/static/Shared/jqueryui/images/ui-icons_8d78a5_256x240.png HTTP/1.1" 404 1089
186.79.21.11 - - [11/Sep/2017:16:48:13 -0300] "GET /cormun/servlet/trpermisosadjuntos?13795220,20170911164436,P, HTTP/1.1" 200 6424
186.79.21.11 - - [11/Sep/2017:16:48:13 -0300] "GET /cormun/static/gxcfg.js?201762817193957 HTTP/1.1" 200 953
186.79.21.11 - - [11/Sep/2017:16:48:13 -0300] "GET /cormun/static/trpermisosadjuntos.js?201762817194366 HTTP/1.1" 200 20158
186.79.21.11 - - [11/Sep/2017:16:48:14 -0300] "GET /cormun/servlet/trpermisosadjuntos?13795220,20170911164436,P, HTTP/1.1" 200 6424
186.79.21.11 - - [11/Sep/2017:16:48:17 -0300] "GET /cormun/servlet/permisosadjuntos?INS,13795220,P,20170911164436,, HTTP/1.1" 200 5755
186.79.21.11 - - [11/Sep/2017:16:48:17 -0300] "GET /cormun/static/gxcfg.js?201762717441171 HTTP/1.1" 200 953
186.79.21.11 - - [11/Sep/2017:16:48:17 -0300] "GET /cormun/static/permisosadjuntos.js?201762717441184 HTTP/1.1" 200 8724
186.79.21.11 - - [11/Sep/2017:16:48:17 -0300] "GET /cormun/static/about:blank HTTP/1.1" 404 1011
186.79.21.11 - - [11/Sep/2017:16:48:18 -0300] "GET /cormun/servlet/permisosadjuntos?INS,13795220,P,20170911164436,, HTTP/1.1" 200 5744
186.103.158.250 - - [11/Sep/2017:16:48:25 -0300] "POST /cormun/servlet/hlogin?cee6f0a329b564e7829b409be7d1ed1a,gx-no-cache=1505163078394 HTTP/1.1" 200 427
