192.168.10.89 - - [11/Sep/2017:11:29:25 -0300] "GET /cormun/static/Shared/jqueryui/images/ui-bg_highlight-soft_100_c6c2c8_1x100.png HTTP/1.1" 404 1117
192.168.10.96 - - [11/Sep/2017:11:29:27 -0300] "GET /cormun/servlet/trsolicitudot? HTTP/1.1" 200 8724
192.168.10.96 - - [11/Sep/2017:11:29:27 -0300] "GET /cormun/servlet/trsolicitudot? HTTP/1.1" 200 8724
186.103.132.155 - - [11/Sep/2017:11:29:30 -0300] "GET /cormun/servlet/trsolicitudot? HTTP/1.1" 200 10190
186.103.132.155 - - [11/Sep/2017:11:29:36 -0300] "GET /cormun/servlet/trsolicitudot? HTTP/1.1" 200 10190
192.168.10.89 - - [11/Sep/2017:11:29:40 -0300] "POST /cormun/servlet/solicitudot?ce8aa9df8e0c8ed58975eb5824b92dad,INS,0,0,,gx-no-cache=1505140143280 HTTP/1.1" 200 11466
200.72.197.82 - - [11/Sep/2017:11:29:58 -0300] "POST /cormun/servlet/trsolicitudot?fc6fc66ec77b3d35137c53f8f7e06237,,gx-no-cache=1505140235463 HTTP/1.1" 200 7392
200.72.197.82 - - [11/Sep/2017:11:30:00 -0300] "GET /cormun/static/Shared/jqueryui/images/ui-bg_highlight-soft_100_c6c2c8_1x100.png HTTP/1.1" 404 1117
190.151.100.218 - - [11/Sep/2017:11:30:00 -0300] "GET /cormun/static/Shared/jqueryui/images/ui-icons_8d78a5_256x240.png HTTP/1.1" 404 1089
200.72.197.82 - - [11/Sep/2017:11:30:00 -0300] "GET /cormun/static/Shared/jqueryui/images/ui-bg_flat_55_fafafa_40x100.png HTTP/1.1" 404 1097
186.103.132.155 - - [11/Sep/2017:11:30:01 -0300] "GET /cormun/static/Shared/jqueryui/images/ui-icons_82798d_256x240.png HTTP/1.1" 404 1089
192.168.10.96 - - [11/Sep/2017:11:30:03 -0300] "GET /cormun/servlet/trautorizarsolicitud? HTTP/1.1" 200 8317
192.168.10.96 - - [11/Sep/2017:11:30:03 -0300] "GET /cormun/servlet/trautorizarsolicitud? HTTP/1.1" 200 8316
192.168.10.96 - - [11/Sep/2017:11:30:05 -0300] "GET /cormun/servlet/trsolicitudot? HTTP/1.1" 200 8725
192.168.10.96 - - [11/Sep/2017:11:30:05 -0300] "GET /cormun/servlet/trsolicitudot? HTTP/1.1" 200 8724
192.168.10.96 - - [11/Sep/2017:11:30:06 -0300] "POST /cormun/servlet/trsolicitudot?7f58806d8f018c61520eca81b4a90264,,gx-no-cache=1505140169550 HTTP/1.1" 200 5893
192.168.10.96 - - [11/Sep/2017:11:30:07 -0300] "GET /cormun/static/Shared/jqueryui/images/ui-icons_82798d_256x240.png HTTP/1.1" 404 1089
192.168.10.96 - - [11/Sep/2017:11:30:07 -0300] "GET /cormun/static/Shared/jqueryui/images/ui-bg_highlight-soft_100_c6c2c8_1x100.png HTTP/1.1" 404 1117
192.168.10.96 - - [11/Sep/2017:11:30:07 -0300] "GET /cormun/static/Shared/jqueryui/images/ui-icons_8d78a5_256x240.png HTTP/1.1" 404 1089
192.168.10.96 - - [11/Sep/2017:11:30:07 -0300] "GET /cormun/static/Shared/jqueryui/images/ui-bg_flat_55_fafafa_40x100.png HTTP/1.1" 404 1097
192.168.10.89 - - [11/Sep/2017:11:30:12 -0300] "GET /cormun/servlet/solicitudot?7bfff9eb9b196b33842b6853d00b9a69295caec0165f2753789d118cc1cc91843b06b5ca8f672674691adfe4c633084c,gx-no-cache=1505140175171 HTTP/1.1" 200 30
192.168.10.89 - - [11/Sep/2017:11:30:13 -0300] "POST /cormun/servlet/solicitudot?gx-no-cache=1505140175823 HTTP/1.1" 200 34
192.168.10.96 - - [11/Sep/2017:11:30:13 -0300] "GET /cormun/servlet/vesolicitudot?2017,7374,, HTTP/1.1" 200 8334
192.168.10.96 - - [11/Sep/2017:11:30:13 -0300] "GET /cormun/static/gxcfg.js?20175251244132 HTTP/1.1" 200 953
192.168.10.96 - - [11/Sep/2017:11:30:13 -0300] "GET /cormun/pexe_scrolldiv.js HTTP/1.1" 404 1009
192.168.10.96 - - [11/Sep/2017:11:30:13 -0300] "GET /cormun/pexe_scrolldiv.js HTTP/1.1" 404 1009
192.168.10.96 - - [11/Sep/2017:11:30:13 -0300] "GET /cormun/static/vesolicitudot.js?2017525124424 HTTP/1.1" 200 6091
192.168.10.96 - - [11/Sep/2017:11:30:13 -0300] "GET /cormun/static/tbsolicitudot01.js?201752511462191 HTTP/1.1" 200 28466
192.168.10.96 - - [11/Sep/2017:11:30:13 -0300] "GET /cormun/servlet/vesolicitudot?2017,7374,, HTTP/1.1" 200 8333
192.168.10.89 - - [11/Sep/2017:11:30:15 -0300] "POST /cormun/servlet/solicitudot?ce8aa9df8e0c8ed58975eb5824b92dad,INS,0,0,,gx-no-cache=1505140177634 HTTP/1.1" 200 93
192.168.10.89 - - [11/Sep/2017:11:30:15 -0300] "GET /cormun/servlet/hpexe_return? HTTP/1.1" 200 1026
192.168.10.89 - - [11/Sep/2017:11:30:15 -0300] "GET /cormun/servlet/trsolicitudot?gx-no-cache=1505139945986 HTTP/1.1" 200 8685
192.168.10.96 - - [11/Sep/2017:11:30:16 -0300] "GET /cormun/servlet/vesolicitudot?2017,7374,,SolicitudOTAdjuntos HTTP/1.1" 200 10812
192.168.10.96 - - [11/Sep/2017:11:30:16 -0300] "GET /cormun/pexe_scrolldiv.js HTTP/1.1" 404 1009
192.168.10.96 - - [11/Sep/2017:11:30:16 -0300] "GET /cormun/static/tbsolicitudot02.js?201752511523978 HTTP/1.1" 200 15626
192.168.10.96 - - [11/Sep/2017:11:30:16 -0300] "GET /cormun/pexe_scrolldiv.js HTTP/1.1" 404 1009
192.168.10.96 - - [11/Sep/2017:11:30:16 -0300] "GET /cormun/servlet/vesolicitudot?2017,7374,,SolicitudOTAdjuntos HTTP/1.1" 200 10811
192.168.10.96 - - [11/Sep/2017:11:30:17 -0300] "POST /cormun/servlet/acontrolpreferencessavestate?None,WPE%C3%91A,true HTTP/1.1" 200 35
192.168.10.89 - - [11/Sep/2017:11:30:33 -0300] "GET /cormun/servlet/solicitudot?INS,0,0, HTTP/1.1" 200 12930
186.103.159.204 - - [11/Sep/2017:11:30:41 -0300] "GET /cormun/servlet/licenciaspermisos?5cc5b4e8c6458022b85154e61caab861f6a72ffe03fc41c3398d3d8e98146f5d77056e7b18c52f77793019b525666301c2faab89557553dba904ccae8fe1f2012ebe94143aa153e1d07906839ebe4072bf934d744cd6dbe7e51e7753e185608bb13bad8e105d079b10ca4953efdd5698051f5be570319a65aa4ac5fe8e6b7375061680d8cc95fcd2490bb1b5b5012ed9a69160a5ebdecc888d348b5f98be1637c2c53cd291559b08cfddd14cb6865d8d,gx-no-cache=1505140274246 HTTP/1.1" 200 30
186.103.159.204 - - [11/Sep/2017:11:30:41 -0300] "GET /cormun/servlet/licenciaspermisos?5cc5b4e8c6458022b85154e61caab861e7f663c38e6df27fb712f2720fd4a32bd38874549a74a045c6ef9d1923af4798e03863f153a40d7f96f9342f1f35a52f7a4be8a4f2501b5ae1549d5c95795540d93c06a7c7d44a1103237fc6c5ee1452abf78a415ee3c8d203fa9d2645b616e345fed6a4107e382460403829250a667730a39ddd14162be8e8ac7e0e7dbe073323f6d8c40cfa102638121d4f6eecf64f300b49a1e975fd5b917294b43b584c05,gx-no-cache=1505140274391 HTTP/1.1" 200 29
186.103.159.204 - - [11/Sep/2017:11:30:42 -0300] "POST /cormun/servlet/licenciaspermisos?7dd02641f5c53288faea168cb2e7af49,INS,0,,,,gx-no-cache=1505140274468 HTTP/1.1" 200 93
186.103.159.204 - - [11/Sep/2017:11:30:42 -0300] "GET /cormun/servlet/hpexe_return? HTTP/1.1" 200 1016
186.103.159.204 - - [11/Sep/2017:11:30:42 -0300] "GET /cormun/static/Resources/Spanish/PXTools.css?167811 HTTP/1.1" 304 -
186.103.159.204 - - [11/Sep/2017:11:30:42 -0300] "GET /cormun/static/gxcfg.js?2016101716175148 HTTP/1.1" 304 -
186.103.159.204 - - [11/Sep/2017:11:30:42 -0300] "GET /cormun/static/hpexe_return.js?2016101716175153 HTTP/1.1" 304 -
186.103.159.204 - - [11/Sep/2017:11:30:42 -0300] "GET /cormun/servlet/trlicencias HTTP/1.1" 200 9555
190.151.100.218 - - [11/Sep/2017:11:30:43 -0300] "POST /cormun/servlet/trsolicitudot?fc6fc66ec77b3d35137c53f8f7e06237,,gx-no-cache=1505140278747 HTTP/1.1" 200 106
192.168.10.96 - - [11/Sep/2017:11:30:43 -0300] "GET /cormun/servlet/solicitudotadjuntos?INS,2017,7374,,1, HTTP/1.1" 200 6138
186.103.159.204 - - [11/Sep/2017:11:30:43 -0300] "GET /cormun/servlet/trlicencias HTTP/1.1" 200 9550
192.168.10.96 - - [11/Sep/2017:11:30:43 -0300] "GET /cormun/static/gxcfg.js?2017761244068 HTTP/1.1" 304 -
192.168.10.96 - - [11/Sep/2017:11:30:43 -0300] "GET /cormun/static/solicitudotadjuntos.js?2017761244086 HTTP/1.1" 304 -
190.151.100.218 - - [11/Sep/2017:11:30:43 -0300] "GET /cormun/servlet/trsolicitudadjuntos?2017,7374, HTTP/1.1" 200 9433
192.168.10.96 - - [11/Sep/2017:11:30:44 -0300] "GET /cormun/static/about:blank HTTP/1.1" 404 1011
192.168.10.96 - - [11/Sep/2017:11:30:44 -0300] "GET /cormun/servlet/solicitudotadjuntos?INS,2017,7374,,1, HTTP/1.1" 200 6130
192.168.10.96 - - [11/Sep/2017:11:30:44 -0300] "GET /cormun/servlet/solicitudotadjuntos?4e568a0889f0787b8e05f8da976a610cb5c8826875470b210932d7a5e0ec188b87b1d9f0c88e5cb281d7540596c92844,gx-no-cache=1505140207357 HTTP/1.1" 200 30
192.168.10.96 - - [11/Sep/2017:11:30:44 -0300] "POST /cormun/servlet/solicitudotadjuntos?7f58806d8f018c61520eca81b4a90264,INS,2017,7374,,1,,gx-no-cache=1505140207389 HTTP/1.1" 200 3935
190.151.100.218 - - [11/Sep/2017:11:30:46 -0300] "GET /cormun/servlet/trsolicitudadjuntos?2017,7374, HTTP/1.1" 200 9435
192.168.10.89 - - [11/Sep/2017:11:30:47 -0300] "POST /cormun/servlet/solicitudot?gx-no-cache=1505140210478 HTTP/1.1" 200 3215
192.168.10.96 - - [11/Sep/2017:11:30:48 -0300] "POST /cormun/servlet/solicitudotadjuntos?gx-no-cache=1505140210681 HTTP/1.1" 200 26
192.168.10.89 - - [11/Sep/2017:11:30:48 -0300] "POST /cormun/servlet/solicitudot?ce8aa9df8e0c8ed58975eb5824b92dad,INS,0,0,,gx-no-cache=1505140210677 HTTP/1.1" 200 10091
192.168.10.89 - - [11/Sep/2017:11:30:49 -0300] "GET /cormun/servlet/solicitudot?7bfff9eb9b196b33842b6853d00b9a69b78513263243c81b4baa97456c1de6c379475353f7656003eeb923169e5d2eee,gx-no-cache=1505140212309 HTTP/1.1" 200 30
192.168.10.89 - - [11/Sep/2017:11:30:49 -0300] "POST /cormun/servlet/solicitudot?gx-no-cache=1505140212342 HTTP/1.1" 200 240
192.168.10.89 - - [11/Sep/2017:11:30:49 -0300] "GET /cormun/servlet/solicitudot?7bfff9eb9b196b33842b6853d00b9a695ce25493d629b1e726f803b4e57d5fcb0b1b8587e7fe8264ba66c024255f837109bd926486725ef2fbddbf949a89d928ca49c9d897a862487e3c8fa96093f8c461ad9d18b14d9972ad904472cf9d9003111c90d5e96c4cc314e419da3c2bf034c8279ad1abdf705705490615b21fa6ff406801b7b929456cd48f4deb6e5cbb12c33e5f03dd198dee8bb293a861b92c0559b1396fe2d359ed7661f43e9d646838fabeb14f0e343c219bf3d1e57d3b8fce80d4a4706f4ece6c68865615e01f1d3aadb64557568bb9dc1274f2d5b985ecc1e88e0b36c466ba60c6b3ba1a3cf9c863476955f1377f6a6ef87b2af03dba8cac56f87939c5c9b68273b6d3a18f5bf58e81f3cb24d49930153b01f2aed579b4fc89a8555f627ec6fde7e4f0e2af0af5fc45d59fe7fa83c310f66518f4803471e672cc03c3e5f43577ed76fc73c4aea1f7e746d222875f17086fb1e48552443aa4b8528d3db4cbfc74ce3a13153a163f41e7ead1c1cd82736a0af8c0ebb74b1cce,gx-no-cache=1505140212376 HTTP/1.1" 200 30
192.168.10.89 - - [11/Sep/2017:11:30:51 -0300] "POST /cormun/servlet/solicitudot?gx-no-cache=1505140214310 HTTP/1.1" 200 30
192.168.10.89 - - [11/Sep/2017:11:30:52 -0300] "GET /cormun/servlet/prsolicitudot?16494407,,,,,MD,,gxPopupLevel%3D0%3B HTTP/1.1" 200 5995
186.103.159.204 - - [11/Sep/2017:11:30:55 -0300] "GET /cormun/servlet/trlicenciaspermisosadjuntos?18647240,20170911000000,L, HTTP/1.1" 200 6418
186.103.159.204 - - [11/Sep/2017:11:30:55 -0300] "GET /cormun/static/gxcfg.js?20177612163414 HTTP/1.1" 200 953
186.103.159.204 - - [11/Sep/2017:11:30:55 -0300] "GET /cormun/static/trlicenciaspermisosadjuntos.js?20177612163719 HTTP/1.1" 200 21036
186.103.159.204 - - [11/Sep/2017:11:30:56 -0300] "GET /cormun/servlet/trlicenciaspermisosadjuntos?18647240,20170911000000,L, HTTP/1.1" 200 6418
192.168.10.89 - - [11/Sep/2017:11:30:58 -0300] "POST /cormun/servlet/solicitudot?gx-no-cache=1505140220867 HTTP/1.1" 200 1431
192.168.10.89 - - [11/Sep/2017:11:30:58 -0300] "POST /cormun/servlet/solicitudot?gx-no-cache=1505140220930 HTTP/1.1" 200 117
192.168.10.89 - - [11/Sep/2017:11:30:58 -0300] "GET /cormun/servlet/solicitudot?7bfff9eb9b196b33842b6853d00b9a6922e25cf238963aff39a1b0b8f7748c28b130b01f37ac6dd2d34a261c69ee079bb0e18b6be73dfc83832a88fd65597d7937f0af9490645e486386002d4516b951202add887638c8e310fc93e8ec24f5dd0e5cc523586cb01be965a5d06c57bdbf4bffeedbcc9f60a163ce92add3de65b56468d914f2495805bc5106b7e5de8ce6d734e36e41c316d4fafcd57dc39bd972,gx-no-cache=1505140220959 HTTP/1.1" 200 29
192.168.10.89 - - [11/Sep/2017:11:30:58 -0300] "GET /cormun/servlet/solicitudot?7bfff9eb9b196b33842b6853d00b9a6992206a0d0204c4dc429140bc22d05ff89f3c0028056ce989f68c263cdf54d199b4799810855f0cf87a52a793e3defac4b6573febed85ec8839a3e38f8ec0b345170f90d3e6a02102fcf0b652ee2382e2788b832e2124ded62f0542ba3c96e622fc541045fcfa3360e56044129cce2e9be0be62e350ab293c6e559fd8197d24137f163ef7f81d5695779a923219558fd812723e25994a50b15001b4895ce1454f651794dbf1c2adc6b917dc9a8cc4df4d,gx-no-cache=1505140220975 HTTP/1.1" 200 62
192.168.10.89 - - [11/Sep/2017:11:30:58 -0300] "GET /cormun/servlet/solicitudot?7bfff9eb9b196b33842b6853d00b9a69295caec0165f2753789d118cc1cc9184ee938cb432563bf2f4a98f0f34a67bb6,gx-no-cache=1505140220996 HTTP/1.1" 200 30
192.168.10.89 - - [11/Sep/2017:11:30:58 -0300] "GET /cormun/static/Shared/jqueryui/images/ui-bg_highlight-soft_100_c6c2c8_1x100.png HTTP/1.1" 404 1117
192.168.10.89 - - [11/Sep/2017:11:30:58 -0300] "GET /cormun/static/Shared/jqueryui/images/ui-icons_82798d_256x240.png HTTP/1.1" 404 1089
192.168.10.89 - - [11/Sep/2017:11:30:58 -0300] "GET /cormun/static/Shared/jqueryui/images/ui-bg_flat_55_994d53_40x100.png HTTP/1.1" 404 1097
192.168.10.89 - - [11/Sep/2017:11:30:58 -0300] "GET /cormun/static/Shared/jqueryui/images/ui-icons_ebccce_256x240.png HTTP/1.1" 404 1089
186.103.159.204 - - [11/Sep/2017:11:30:58 -0300] "GET /cormun/servlet/licenciaspermisosadjuntos?INS,18647240,L,20170911000000,, HTTP/1.1" 200 5715
186.103.159.204 - - [11/Sep/2017:11:30:58 -0300] "GET /cormun/static/gxcfg.js?2017761263592 HTTP/1.1" 200 953
186.103.159.204 - - [11/Sep/2017:11:30:58 -0300] "GET /cormun/static/licenciaspermisosadjuntos.js?201776126362 HTTP/1.1" 200 8760
186.103.159.204 - - [11/Sep/2017:11:30:58 -0300] "GET /cormun/static/about:blank HTTP/1.1" 404 1011
186.103.159.204 - - [11/Sep/2017:11:30:59 -0300] "GET /cormun/servlet/licenciaspermisosadjuntos?INS,18647240,L,20170911000000,, HTTP/1.1" 200 5704
200.72.197.82 - - [11/Sep/2017:11:31:00 -0300] "GET /cormun/servlet/solicitudotadjuntos?INS,2017,7374,,1, HTTP/1.1" 200 6125
200.72.197.82 - - [11/Sep/2017:11:31:00 -0300] "GET /cormun/static/about:blank HTTP/1.1" 404 1011
200.72.197.82 - - [11/Sep/2017:11:31:01 -0300] "GET /cormun/servlet/solicitudotadjuntos?INS,2017,7374,,1, HTTP/1.1" 200 6119
200.72.197.82 - - [11/Sep/2017:11:31:01 -0300] "GET /cormun/servlet/solicitudotadjuntos?93b714b60fa53b585743ae63a43e1df3dee5041b6b3c91fcd74aee09d05e11965f558b8d7d99db749e2c0e0323ea1aed,gx-no-cache=1505140298669 HTTP/1.1" 200 30
200.72.197.82 - - [11/Sep/2017:11:31:02 -0300] "POST /cormun/servlet/solicitudotadjuntos?fc6fc66ec77b3d35137c53f8f7e06237,INS,2017,7374,,1,,gx-no-cache=1505140298796 HTTP/1.1" 200 3925
192.168.10.89 - - [11/Sep/2017:11:31:03 -0300] "GET /cormun/servlet/prfichaempleado?,MD,,gxPopupLevel%3D0%3B HTTP/1.1" 200 9262
200.72.197.82 - - [11/Sep/2017:11:31:07 -0300] "POST /cormun/servlet/solicitudotadjuntos?gx-no-cache=1505140304889 HTTP/1.1" 200 26
192.168.10.89 - - [11/Sep/2017:11:31:09 -0300] "POST /cormun/servlet/prfichaempleado?ce8aa9df8e0c8ed58975eb5824b92dad,,MD,,gxPopupLevel%3D0%3B,gx-no-cache=1505140231782 HTTP/1.1" 200 3489
192.168.10.89 - - [11/Sep/2017:11:31:13 -0300] "POST /cormun/servlet/solicitudot?gx-no-cache=1505140235865 HTTP/1.1" 200 1355
192.168.10.89 - - [11/Sep/2017:11:31:14 -0300] "GET /cormun/servlet/prlicenciaspermisos?8937194,L,,MD,,gxPopupLevel%3D0%3B HTTP/1.1" 200 6246
192.168.10.89 - - [11/Sep/2017:11:31:19 -0300] "POST /cormun/servlet/solicitudot?gx-no-cache=1505140242360 HTTP/1.1" 200 41
192.168.10.96 - - [11/Sep/2017:11:31:20 -0300] "GET /cormun/servlet/trsolicitudot? HTTP/1.1" 200 8735
192.168.10.96 - - [11/Sep/2017:11:31:20 -0300] "GET /cormun/servlet/trsolicitudot? HTTP/1.1" 200 8724
192.168.10.89 - - [11/Sep/2017:11:31:23 -0300] "GET /cormun/servlet/solicitudot?7bfff9eb9b196b33842b6853d00b9a6922e25cf238963aff39a1b0b8f7748c28b130b01f37ac6dd2d34a261c69ee079bb0e18b6be73dfc83832a88fd65597d7937f0af9490645e486386002d4516b951202add887638c8e310fc93e8ec24f5dd0e5cc523586cb01be965a5d06c57bdbf4bffeedbcc9f60a163ce92add3de65b56468d914f2495805bc5106b7e5de8ce6d734e36e41c316d4fafcd57dc39bd972,gx-no-cache=1505140246008 HTTP/1.1" 200 29
192.168.10.89 - - [11/Sep/2017:11:31:23 -0300] "POST /cormun/servlet/solicitudot?gx-no-cache=1505140246040 HTTP/1.1" 200 1336
192.168.10.89 - - [11/Sep/2017:11:31:24 -0300] "GET /cormun/servlet/solicitudot?7bfff9eb9b196b33842b6853d00b9a69295caec0165f2753789d118cc1cc91843b06b5ca8f672674691adfe4c633084c,gx-no-cache=1505140247580 HTTP/1.1" 200 30
192.168.10.89 - - [11/Sep/2017:11:31:25 -0300] "POST /cormun/servlet/solicitudot?gx-no-cache=1505140247934 HTTP/1.1" 200 32
192.168.10.96 - - [11/Sep/2017:11:31:25 -0300] "POST /cormun/servlet/trsolicitudot?7f58806d8f018c61520eca81b4a90264,,gx-no-cache=1505140248175 HTTP/1.1" 200 106
192.168.10.96 - - [11/Sep/2017:11:31:26 -0300] "GET /cormun/servlet/trsolicitudadjuntos?2017,7374, HTTP/1.1" 200 9439
192.168.10.96 - - [11/Sep/2017:11:31:26 -0300] "GET /cormun/static/gxcfg.js?20177612135366 HTTP/1.1" 304 -
192.168.10.96 - - [11/Sep/2017:11:31:26 -0300] "GET /cormun/static/trsolicitudadjuntos.js?20177612135632 HTTP/1.1" 304 -
192.168.10.96 - - [11/Sep/2017:11:31:26 -0300] "GET /cormun/servlet/trsolicitudadjuntos?2017,7374, HTTP/1.1" 200 9438
186.103.161.206 - - [11/Sep/2017:11:31:29 -0300] "GET /cormun/servlet/solicitudotadjuntos?93b714b60fa53b585743ae63a43e1df34dd5d261d4d462b0c9e9d0c8cf05efc0,gx-no-cache=1505140325815 HTTP/1.1" 200 30
186.103.161.206 - - [11/Sep/2017:11:31:29 -0300] "GET /cormun/servlet/solicitudotadjuntos?93b714b60fa53b585743ae63a43e1df34dd5d261d4d462b0c9e9d0c8cf05efc0,gx-no-cache=1505140326650 HTTP/1.1" 200 30
186.103.159.204 - - [11/Sep/2017:11:31:33 -0300] "POST /cormun/servlet/licenciaspermisosadjuntos?7dd02641f5c53288faea168cb2e7af49,INS,18647240,L,20170911000000,, HTTP/1.1" 200 116
186.103.159.204 - - [11/Sep/2017:11:31:34 -0300] "GET /cormun/servlet/hpexe_return? HTTP/1.1" 200 1045
186.103.159.204 - - [11/Sep/2017:11:31:34 -0300] "GET /cormun/servlet/trlicenciaspermisosadjuntos?18647240,20170911000000,L, HTTP/1.1" 200 6925
186.103.161.206 - - [11/Sep/2017:11:31:34 -0300] "POST /cormun/servlet/solicitudotadjuntos?fc6fc66ec77b3d35137c53f8f7e06237,INS,2017,7374,,1, HTTP/1.1" 200 116
186.103.161.206 - - [11/Sep/2017:11:31:35 -0300] "GET /cormun/servlet/hpexe_return? HTTP/1.1" 200 1025
186.103.159.204 - - [11/Sep/2017:11:31:35 -0300] "GET /cormun/servlet/trlicenciaspermisosadjuntos?18647240,20170911000000,L, HTTP/1.1" 200 6921
186.103.159.204 - - [11/Sep/2017:11:31:35 -0300] "GET /cormun/PublicTempStorage/licencia_andrea20170911_112458593889629.jpg HTTP/1.1" 200 806584
186.103.161.206 - - [11/Sep/2017:11:31:35 -0300] "GET /cormun/servlet/trsolicitudadjuntos?2017,7374, HTTP/1.1" 200 9621
186.103.161.206 - - [11/Sep/2017:11:31:37 -0300] "GET /cormun/servlet/trsolicitudadjuntos?2017,7374, HTTP/1.1" 200 9627
192.168.10.96 - - [11/Sep/2017:11:31:38 -0300] "POST /cormun/servlet/trsolicitudadjuntos?7f58806d8f018c61520eca81b4a90264,2017,7374,,gx-no-cache=1505140261531 HTTP/1.1" 200 90
192.168.10.96 - - [11/Sep/2017:11:31:38 -0300] "GET /cormun/servlet/hpexe_link HTTP/1.1" 200 969
192.168.10.96 - - [11/Sep/2017:11:31:39 -0300] "GET /cormun/servlet/trsolicitudot HTTP/1.1" 200 8725
192.168.10.96 - - [11/Sep/2017:11:31:39 -0300] "GET /cormun/servlet/trsolicitudot HTTP/1.1" 200 8724
186.103.159.204 - - [11/Sep/2017:11:31:39 -0300] "GET /cormun/servlet/trlicencias? HTTP/1.1" 200 9551
186.103.159.204 - - [11/Sep/2017:11:31:40 -0300] "GET /cormun/servlet/trlicencias? HTTP/1.1" 200 9550
200.72.197.82 - - [11/Sep/2017:11:31:46 -0300] "GET /cormun/servlet/trsolicitudot? HTTP/1.1" 200 10196
200.72.197.82 - - [11/Sep/2017:11:31:49 -0300] "GET /cormun/servlet/trsolicitudot? HTTP/1.1" 200 10190
186.103.159.204 - - [11/Sep/2017:11:31:57 -0300] "GET /cormun/servlet/alicenciaprn?18647240,L,20170911000000,PU HTTP/1.1" 200 1536
200.72.197.82 - - [11/Sep/2017:11:31:59 -0300] "POST /cormun/servlet/trsolicitudot?fc6fc66ec77b3d35137c53f8f7e06237,,gx-no-cache=1505140356040 HTTP/1.1" 200 7349
200.72.197.82 - - [11/Sep/2017:11:32:01 -0300] "GET /cormun/static/Shared/jqueryui/images/ui-bg_highlight-soft_100_c6c2c8_1x100.png HTTP/1.1" 404 1117
190.151.100.218 - - [11/Sep/2017:11:32:01 -0300] "POST /cormun/servlet/trsolicitudot?fc6fc66ec77b3d35137c53f8f7e06237,,gx-no-cache=1505140358305 HTTP/1.1" 200 7292
192.168.10.89 - - [11/Sep/2017:11:32:02 -0300] "POST /cormun/servlet/solicitudot?ce8aa9df8e0c8ed58975eb5824b92dad,INS,0,0,,gx-no-cache=1505140284396 HTTP/1.1" 200 93
192.168.10.89 - - [11/Sep/2017:11:32:02 -0300] "GET /cormun/servlet/hpexe_return? HTTP/1.1" 200 1026
190.151.100.218 - - [11/Sep/2017:11:32:02 -0300] "GET /cormun/static/Shared/jqueryui/images/ui-bg_flat_55_fafafa_40x100.png HTTP/1.1" 404 1097
192.168.10.89 - - [11/Sep/2017:11:32:02 -0300] "GET /cormun/servlet/trsolicitudot?gx-no-cache=1505139945986 HTTP/1.1" 200 9013
186.103.132.155 - - [11/Sep/2017:11:32:02 -0300] "GET /cormun/static/Shared/jqueryui/images/ui-icons_8d78a5_256x240.png HTTP/1.1" 404 1089
190.151.100.218 - - [11/Sep/2017:11:32:02 -0300] "GET /cormun/static/Shared/jqueryui/images/ui-icons_82798d_256x240.png HTTP/1.1" 404 1089
186.67.172.234 - - [11/Sep/2017:11:32:04 -0300] "GET /cormun/servlet/hlogin HTTP/1.1" 200 1728
186.67.172.234 - - [11/Sep/2017:11:32:04 -0300] "GET /cormun/static/gxtimezone.js?85251 HTTP/1.1" 200 5781
186.67.172.234 - - [11/Sep/2017:11:32:04 -0300] "GET /cormun/static/gxcfg.js?20175251213516 HTTP/1.1" 200 953
186.67.172.234 - - [11/Sep/2017:11:32:04 -0300] "GET /cormun/static/Resources/Spanish/PXTools.css?11423723 HTTP/1.1" 200 89042
192.168.10.96 - - [11/Sep/2017:11:32:04 -0300] "POST /cormun/servlet/trsolicitudot?7f58806d8f018c61520eca81b4a90264,gx-no-cache=1505140286933 HTTP/1.1" 200 6197
186.67.172.234 - - [11/Sep/2017:11:32:04 -0300] "GET /cormun/static/messages.spa.js?85251 HTTP/1.1" 200 30736
186.67.172.234 - - [11/Sep/2017:11:32:04 -0300] "GET /cormun/static/hlogin.js?20175251213537 HTTP/1.1" 200 2136
186.67.172.234 - - [11/Sep/2017:11:32:04 -0300] "GET /cormun/static/Resources/ComunLogin.png HTTP/1.1" 200 17326
186.67.172.234 - - [11/Sep/2017:11:32:04 -0300] "GET /cormun/static/gxgral.js?85251 HTTP/1.1" 200 384558
186.67.172.234 - - [11/Sep/2017:11:32:04 -0300] "GET /cormun/static/Resources/PXToolsLoginBackground.png HTTP/1.1" 200 1164
186.67.172.234 - - [11/Sep/2017:11:32:04 -0300] "GET /cormun/static/Resources/PXToolsButtonLeft21.png HTTP/1.1" 200 1287
186.67.172.234 - - [11/Sep/2017:11:32:04 -0300] "GET /cormun/static/Resources/PXToolsLoginTop.png HTTP/1.1" 200 1337
186.67.172.234 - - [11/Sep/2017:11:32:04 -0300] "GET /cormun/static/Resources/PXToolsButtonRight21.png HTTP/1.1" 200 1283
186.67.172.234 - - [11/Sep/2017:11:32:04 -0300] "GET /cormun/static/Resources/PXToolsButtonBackground2.png HTTP/1.1" 200 1181
186.67.172.234 - - [11/Sep/2017:11:32:04 -0300] "GET /cormun/static/Resources/PXToolsLoginBottom.png HTTP/1.1" 200 1389
186.67.172.234 - - [11/Sep/2017:11:32:04 -0300] "GET /cormun/static/Resources/indicator.gif HTTP/1.1" 200 1553
186.67.172.234 - - [11/Sep/2017:11:32:04 -0300] "GET /cormun/servlet/hlogin HTTP/1.1" 200 1731
192.168.10.96 - - [11/Sep/2017:11:32:08 -0300] "POST /cormun/servlet/trsolicitudot?7f58806d8f018c61520eca81b4a90264,gx-no-cache=1505140290931 HTTP/1.1" 200 4374
186.67.172.234 - - [11/Sep/2017:11:32:14 -0300] "POST /cormun/servlet/hlogin?fa20cf62e53d10fb4aedd0701a76cb49,gx-no-cache=1505140365565 HTTP/1.1" 200 90
186.67.172.234 - - [11/Sep/2017:11:32:15 -0300] "GET /cormun/servlet/hpexe_link HTTP/1.1" 200 952
192.168.10.96 - - [11/Sep/2017:11:32:16 -0300] "GET /cormun/servlet/trautorizarsolicitud? HTTP/1.1" 200 8729
192.168.10.96 - - [11/Sep/2017:11:32:17 -0300] "GET /cormun/servlet/trautorizarsolicitud? HTTP/1.1" 200 8729
186.103.132.155 - - [11/Sep/2017:11:32:19 -0300] "GET /cormun/servlet/trautorizarsolicitud? HTTP/1.1" 200 8727
186.103.132.155 - - [11/Sep/2017:11:32:20 -0300] "GET /cormun/servlet/trautorizarsolicitud? HTTP/1.1" 200 8727
192.168.10.96 - - [11/Sep/2017:11:32:35 -0300] "GET /cormun/servlet/hlogin HTTP/1.1" 200 1742
186.67.172.234 - - [11/Sep/2017:11:32:36 -0300] "GET /cormun/static/gxcfg.js?20177612121792 HTTP/1.1" 200 953
186.67.172.234 - - [11/Sep/2017:11:32:36 -0300] "GET /cormun/static/hpexe_link.js?20177612121795 HTTP/1.1" 200 625
186.67.172.234 - - [11/Sep/2017:11:32:36 -0300] "GET /cormun/static/Resources/Spanish/PXTools.css?1155365 HTTP/1.1" 200 89042
186.67.172.234 - - [11/Sep/2017:11:32:36 -0300] "GET /cormun/servlet/hhome HTTP/1.1" 200 4109
186.67.172.234 - - [11/Sep/2017:11:32:36 -0300] "GET /cormun/static/Shared/jqueryui/jquery-ui.min.css?1245370 HTTP/1.1" 200 30288
186.67.172.234 - - [11/Sep/2017:11:32:36 -0300] "GET /cormun/static/gxcfg.js?20175251212442 HTTP/1.1" 200 953
186.67.172.234 - - [11/Sep/2017:11:32:36 -0300] "GET /cormun/static/PXToolsJavascripts/pexe_autoreload.js HTTP/1.1" 200 1762
186.67.172.234 - - [11/Sep/2017:11:32:36 -0300] "GET /cormun/static/PXToolsJavascripts/pexe_cookies.js HTTP/1.1" 200 792
186.67.172.234 - - [11/Sep/2017:11:32:36 -0300] "GET /cormun/static/scaMessage/css/jquery.pnotify.default.css?1716380 HTTP/1.1" 200 1707
186.67.172.234 - - [11/Sep/2017:11:32:36 -0300] "GET /cormun/static/SmoothNavMenu/resources/ddsmoothmenu.css?1012540 HTTP/1.1" 200 2223
186.67.172.234 - - [11/Sep/2017:11:32:36 -0300] "GET /cormun/static/SmoothNavMenu/resources/ddsmoothmenu-v.css?1012540 HTTP/1.1" 200 1188
186.67.172.234 - - [11/Sep/2017:11:32:36 -0300] "GET /cormun/static/PXToolsJavascripts/pexe_windows.js HTTP/1.1" 200 15207
186.67.172.234 - - [11/Sep/2017:11:32:36 -0300] "GET /cormun/static/PXToolsJavascripts/pexe_grid.js HTTP/1.1" 200 7559
186.67.172.234 - - [11/Sep/2017:11:32:36 -0300] "GET /cormun/static/PXToolsJavascripts/pexe_griddivfix.js HTTP/1.1" 200 6644
186.67.172.234 - - [11/Sep/2017:11:32:36 -0300] "GET /cormun/static/PXToolsJavascripts/pexe_link.js HTTP/1.1" 200 5671
186.67.172.234 - - [11/Sep/2017:11:32:36 -0300] "GET /cormun/static/PXToolsJavascripts/pexe_menudivfix.js HTTP/1.1" 200 333
186.67.172.234 - - [11/Sep/2017:11:32:36 -0300] "GET /cormun/static/PXToolsJavascripts/pexe_menus.js HTTP/1.1" 200 1286
186.67.172.234 - - [11/Sep/2017:11:32:37 -0300] "GET /cormun/static/PXToolsJavascripts/pexe_layers.js HTTP/1.1" 200 4114
186.67.172.234 - - [11/Sep/2017:11:32:37 -0300] "GET /cormun/static/PXToolsJavascripts/pexe_oavdivfix.js HTTP/1.1" 200 639
186.67.172.234 - - [11/Sep/2017:11:32:37 -0300] "GET /cormun/static/PXToolsJavascripts/pexe_oav.js HTTP/1.1" 200 645
186.67.172.234 - - [11/Sep/2017:11:32:37 -0300] "GET /cormun/static/PXToolsJavascripts/pexe_popup.js HTTP/1.1" 200 13458
186.67.172.234 - - [11/Sep/2017:11:32:37 -0300] "GET /cormun/static/PXToolsJavascripts/pexe_picture.js HTTP/1.1" 200 689
186.67.172.234 - - [11/Sep/2017:11:32:37 -0300] "GET /cormun/static/PXToolsJavascripts/pexe_scrolldiv.js HTTP/1.1" 200 4138
186.67.172.234 - - [11/Sep/2017:11:32:37 -0300] "GET /cormun/static/PXToolsJavascripts/pexe_tabdivfix.js HTTP/1.1" 200 876
186.67.172.234 - - [11/Sep/2017:11:32:37 -0300] "GET /cormun/static/PXToolsJavascripts/pexe_tabs.js HTTP/1.1" 200 3748
186.67.172.234 - - [11/Sep/2017:11:32:37 -0300] "GET /cormun/static/PXToolsJavascripts/PXToolsJavascriptsRender.js HTTP/1.1" 200 367
186.67.172.234 - - [11/Sep/2017:11:32:37 -0300] "GET /cormun/static/PXToolsJavascripts/pexe_upload.js HTTP/1.1" 200 1423
186.67.172.234 - - [11/Sep/2017:11:32:37 -0300] "GET /cormun/static/RunJS/RunJS.js HTTP/1.1" 200 288
186.67.172.234 - - [11/Sep/2017:11:32:37 -0300] "GET /cormun/static/hwchdr01.js?201752511465785 HTTP/1.1" 200 1183
186.67.172.234 - - [11/Sep/2017:11:32:37 -0300] "GET /cormun/static/hhome.js?20175251212450 HTTP/1.1" 200 777
186.67.172.234 - - [11/Sep/2017:11:32:37 -0300] "GET /cormun/static/Shared/ext/locale/ext-lang-en.js HTTP/1.1" 200 10940
186.67.172.234 - - [11/Sep/2017:11:32:37 -0300] "GET /cormun/static/hpexe_recentlink.js?20177611595044 HTTP/1.1" 200 2144
186.67.172.234 - - [11/Sep/2017:11:32:37 -0300] "GET /cormun/static/Resources/PXToolsDataTitle.png HTTP/1.1" 200 1173
186.67.172.234 - - [11/Sep/2017:11:32:37 -0300] "GET /cormun/static/gxui/gxui-all.js HTTP/1.1" 200 107772
186.67.172.234 - - [11/Sep/2017:11:32:37 -0300] "GET /cormun/static/Resources/PXToolsHeaderBackground2.png HTTP/1.1" 200 1174
186.67.172.234 - - [11/Sep/2017:11:32:37 -0300] "GET /cormun/static/Resources/PXToolsHeaderActionsBackground.png HTTP/1.1" 200 484
186.67.172.234 - - [11/Sep/2017:11:32:37 -0300] "GET /cormun/static/Resources/PXToolsFooterBackground2.png HTTP/1.1" 200 1172
186.67.172.234 - - [11/Sep/2017:11:32:37 -0300] "GET /cormun/static/Resources/PXToolsHeaderActionsLeft.png HTTP/1.1" 200 1118
186.67.172.234 - - [11/Sep/2017:11:32:37 -0300] "GET /cormun/static/Resources/logo4.png HTTP/1.1" 200 6582
186.67.172.234 - - [11/Sep/2017:11:32:37 -0300] "GET /cormun/static/Resources/PXToolsHeaderLogin.png HTTP/1.1" 200 4279
186.67.172.234 - - [11/Sep/2017:11:32:37 -0300] "GET /cormun/static/Resources/PXToolsHeaderHome.png HTTP/1.1" 200 4147
186.67.172.234 - - [11/Sep/2017:11:32:37 -0300] "GET /cormun/static/Resources/PXToolsHeaderSecurity.png HTTP/1.1" 200 4166
186.67.172.234 - - [11/Sep/2017:11:32:37 -0300] "GET /cormun/static/Resources/PXToolsHeaderActionsRight.png HTTP/1.1" 200 1201
186.67.172.234 - - [11/Sep/2017:11:32:37 -0300] "GET /cormun/static/Resources/PXToolsHeaderPreferences.png HTTP/1.1" 200 4189
186.67.172.234 - - [11/Sep/2017:11:32:37 -0300] "GET /cormun/static/hpexe_scripts.js?201752511465715 HTTP/1.1" 200 1544
186.67.172.234 - - [11/Sep/2017:11:32:37 -0300] "GET /cormun/static/hpexe_messagecontroller.js?20177611595012 HTTP/1.1" 200 870
186.67.172.234 - - [11/Sep/2017:11:32:37 -0300] "GET /cormun/static/hpexe_messagepopupcomponent.js?20161017169425 HTTP/1.1" 200 605
186.67.172.234 - - [11/Sep/2017:11:32:37 -0300] "GET /cormun/static/hpexe_messagegenexuscomponent.js?201752511465344 HTTP/1.1" 200 587
186.67.172.234 - - [11/Sep/2017:11:32:37 -0300] "GET /cormun/static/cmcontrolpreferences.js?201752511465670 HTTP/1.1" 200 1375
186.67.172.234 - - [11/Sep/2017:11:32:37 -0300] "GET /cormun/static/SmoothNavMenu/resources/ddsmoothmenu.js HTTP/1.1" 200 12712
186.67.172.234 - - [11/Sep/2017:11:32:37 -0300] "GET /cormun/static/SmoothNavMenu/resources/SmoothNavMenuRender.js HTTP/1.1" 200 5951
186.67.172.234 - - [11/Sep/2017:11:32:37 -0300] "GET /cormun/static/scaMessage/js/jquery.pnotify.min.js HTTP/1.1" 200 13038
186.67.172.234 - - [11/Sep/2017:11:32:37 -0300] "GET /cormun/static/scaMessage/scaMessageRender.js HTTP/1.1" 200 11977
186.67.172.234 - - [11/Sep/2017:11:32:37 -0300] "GET /cormun/static/hmpwkw03.js?20177612122668 HTTP/1.1" 200 3965
186.67.172.234 - - [11/Sep/2017:11:32:38 -0300] "GET /cormun/static/Shared/jquery/jquery-1.4.2.min.js HTTP/1.1" 200 72174
186.67.172.234 - - [11/Sep/2017:11:32:38 -0300] "GET /cormun/static/Shared/jquery/jquery-1.10.2.min.js HTTP/1.1" 200 273199
186.67.172.234 - - [11/Sep/2017:11:32:38 -0300] "GET /cormun/static/Shared/jqueryui/jquery-ui.min.js HTTP/1.1" 200 240427
186.67.172.234 - - [11/Sep/2017:11:32:38 -0300] "GET /cormun/static/Shared/ext/ext-all.js HTTP/1.1" 200 1289687
186.103.161.206 - - [11/Sep/2017:11:32:38 -0300] "POST /cormun/servlet/trautorizarsolicitud?fc6fc66ec77b3d35137c53f8f7e06237,,gx-no-cache=1505140394976 HTTP/1.1" 200 5544
186.67.172.234 - - [11/Sep/2017:11:32:38 -0300] "GET /cormun/servlet/hhome HTTP/1.1" 200 4107
186.67.172.234 - - [11/Sep/2017:11:32:38 -0300] "GET /cormun/static/SmoothNavMenu/resources/images/down.gif HTTP/1.1" 200 854
186.67.172.234 - - [11/Sep/2017:11:32:38 -0300] "GET /cormun/static/SmoothNavMenu/resources/images/right.gif HTTP/1.1" 200 860
186.103.161.206 - - [11/Sep/2017:11:32:40 -0300] "GET /cormun/static/Shared/jqueryui/images/ui-bg_highlight-soft_100_c6c2c8_1x100.png HTTP/1.1" 404 1117
200.72.197.82 - - [11/Sep/2017:11:32:40 -0300] "GET /cormun/static/Shared/jqueryui/images/ui-icons_82798d_256x240.png HTTP/1.1" 404 1089
200.72.197.82 - - [11/Sep/2017:11:32:41 -0300] "GET /cormun/static/Shared/jqueryui/images/ui-bg_flat_55_fafafa_40x100.png HTTP/1.1" 404 1097
186.103.161.206 - - [11/Sep/2017:11:32:41 -0300] "GET /cormun/static/Shared/jqueryui/images/ui-icons_8d78a5_256x240.png HTTP/1.1" 404 1089
186.103.161.206 - - [11/Sep/2017:11:32:41 -0300] "POST /cormun/servlet/trautorizarsolicitud?fc6fc66ec77b3d35137c53f8f7e06237,,gx-no-cache=1505140397713 HTTP/1.1" 200 5488
192.168.10.96 - - [11/Sep/2017:11:32:46 -0300] "POST /cormun/servlet/hlogin?7f58806d8f018c61520eca81b4a90264,gx-no-cache=1505140329147 HTTP/1.1" 200 90
192.168.10.96 - - [11/Sep/2017:11:32:46 -0300] "GET /cormun/servlet/hpexe_link HTTP/1.1" 200 953
192.168.10.96 - - [11/Sep/2017:11:32:46 -0300] "GET /cormun/servlet/hhome HTTP/1.1" 200 4457
192.168.10.96 - - [11/Sep/2017:11:32:47 -0300] "GET /cormun/servlet/hhome HTTP/1.1" 200 4453
186.67.172.234 - - [11/Sep/2017:11:32:48 -0300] "GET /cormun/servlet/trpermisosgoce? HTTP/1.1" 200 15870
192.168.10.96 - - [11/Sep/2017:11:32:48 -0300] "GET /cormun/servlet/trsolicitudgral? HTTP/1.1" 200 8985
192.168.10.96 - - [11/Sep/2017:11:32:49 -0300] "GET /cormun/servlet/trsolicitudgral? HTTP/1.1" 200 8983
192.168.10.96 - - [11/Sep/2017:11:32:52 -0300] "POST /cormun/servlet/trsolicitudgral?7f58806d8f018c61520eca81b4a90264,,gx-no-cache=1505140335124 HTTP/1.1" 200 7889
186.103.161.206 - - [11/Sep/2017:11:32:56 -0300] "POST /cormun/servlet/trautorizarsolicitud?fc6fc66ec77b3d35137c53f8f7e06237,,gx-no-cache=1505140412871 HTTP/1.1" 200 4413
186.103.161.206 - - [11/Sep/2017:11:32:57 -0300] "POST /cormun/servlet/trautorizarsolicitud?fc6fc66ec77b3d35137c53f8f7e06237,,gx-no-cache=1505140414528 HTTP/1.1" 200 4176
186.67.172.234 - - [11/Sep/2017:11:33:05 -0300] "GET /cormun/servlet/trpermisosgoce? HTTP/1.1" 200 15867
186.67.172.234 - - [11/Sep/2017:11:33:05 -0300] "GET /cormun/static/gxui/gxui-all.css?110300 HTTP/1.1" 200 2179
186.67.172.234 - - [11/Sep/2017:11:33:05 -0300] "GET /cormun/static/calendar-system.css?75620 HTTP/1.1" 200 5572
186.67.172.234 - - [11/Sep/2017:11:33:05 -0300] "GET /cormun/static/gxcfg.js?20177612163875 HTTP/1.1" 200 953
186.67.172.234 - - [11/Sep/2017:11:33:05 -0300] "GET /cormun/static/calendar-setup.js?85251 HTTP/1.1" 200 2588
186.67.172.234 - - [11/Sep/2017:11:33:05 -0300] "GET /cormun/static/calendar.js?85251 HTTP/1.1" 200 26246
186.67.172.234 - - [11/Sep/2017:11:33:05 -0300] "GET /cormun/static/calendar-es.js?85251 HTTP/1.1" 200 1901
186.67.172.234 - - [11/Sep/2017:11:33:05 -0300] "GET /cormun/static/gxdec.js?85251 HTTP/1.1" 200 19579
186.67.172.234 - - [11/Sep/2017:11:33:05 -0300] "GET /cormun/static/Shared/ext/resources/css/ext-all.css?205870 HTTP/1.1" 200 416045
186.67.172.234 - - [11/Sep/2017:11:33:05 -0300] "GET /cormun/static/trpermisosgoce.js?20177612164335 HTTP/1.1" 200 35904
186.67.172.234 - - [11/Sep/2017:11:33:05 -0300] "GET /cormun/static/Resources/PXTools/calendar.png HTTP/1.1" 200 1306
186.67.172.234 - - [11/Sep/2017:11:33:05 -0300] "GET /cormun/static/Resources/PXToolsDataSearch.png HTTP/1.1" 200 419
186.67.172.234 - - [11/Sep/2017:11:33:05 -0300] "GET /cormun/static/Resources/PXToolsGridFirstDisabled.gif HTTP/1.1" 200 100
186.67.172.234 - - [11/Sep/2017:11:33:05 -0300] "GET /cormun/static/Resources/PXToolsGridPreviousDisabled.gif HTTP/1.1" 200 90
186.67.172.234 - - [11/Sep/2017:11:33:05 -0300] "GET /cormun/static/Resources/PXToolsGridNextDisabled.gif HTTP/1.1" 200 90
186.67.172.234 - - [11/Sep/2017:11:33:05 -0300] "GET /cormun/static/Resources/PXToolsGridLastDisabled.gif HTTP/1.1" 200 98
186.67.172.234 - - [11/Sep/2017:11:33:05 -0300] "GET /cormun/static/Resources/PXToolsGridPage.gif HTTP/1.1" 200 725
186.67.172.234 - - [11/Sep/2017:11:33:05 -0300] "GET /cormun/static/Resources/PXToolsActionExcel.png HTTP/1.1" 200 3187
186.67.172.234 - - [11/Sep/2017:11:33:05 -0300] "GET /cormun/static/Resources/PXToolsGridNew.png HTTP/1.1" 200 2949
186.67.172.234 - - [11/Sep/2017:11:33:05 -0300] "GET /cormun/static/Resources/asc.gif HTTP/1.1" 200 67
186.67.172.234 - - [11/Sep/2017:11:33:05 -0300] "GET /cormun//static/Resources/PXToolsGridDisplay.png HTTP/1.1" 200 362
186.67.172.234 - - [11/Sep/2017:11:33:05 -0300] "GET /cormun//static/Resources/PXToolsActionDisabled.gif HTTP/1.1" 200 53
186.67.172.234 - - [11/Sep/2017:11:33:05 -0300] "GET /cormun/static/Resources/desc.gif HTTP/1.1" 200 65
186.67.172.234 - - [11/Sep/2017:11:33:05 -0300] "GET /cormun//static/Resources/PXTools/ActionInsert.png HTTP/1.1" 200 1482
186.67.172.234 - - [11/Sep/2017:11:33:05 -0300] "GET /cormun//static/Resources/PXToolsActionPrint.png HTTP/1.1" 200 3317
186.67.172.234 - - [11/Sep/2017:11:33:05 -0300] "GET /cormun//static/Resources/PXToolsHeaderHelp.png HTTP/1.1" 200 4055
186.67.172.234 - - [11/Sep/2017:11:33:05 -0300] "GET /cormun//static/Resources/PXToolsGridDelete.png HTTP/1.1" 200 357
186.67.172.234 - - [11/Sep/2017:11:33:05 -0300] "GET /cormun//static/Resources/PXToolsHeaderFavorites.png HTTP/1.1" 200 2744
186.67.172.234 - - [11/Sep/2017:11:33:06 -0300] "GET /cormun/static/Shared/ext/resources/themes/images/default/panel/bg-headersPanel.png HTTP/1.1" 200 255
186.67.172.234 - - [11/Sep/2017:11:33:06 -0300] "GET /cormun/static/Shared/ext/resources/themes/images/default/tools/tool-sprites.gif HTTP/1.1" 200 5434
186.67.172.234 - - [11/Sep/2017:11:33:06 -0300] "GET /cormun/servlet/trpermisosgoce? HTTP/1.1" 200 15859
192.168.10.96 - - [11/Sep/2017:11:33:08 -0300] "POST /cormun/servlet/trsolicitudgral?7f58806d8f018c61520eca81b4a90264,,gx-no-cache=1505140351027 HTTP/1.1" 200 8188
186.67.172.234 - - [11/Sep/2017:11:33:08 -0300] "GET /cormun/servlet/permisogoce?INS,0,,, HTTP/1.1" 200 6945
186.67.172.234 - - [11/Sep/2017:11:33:08 -0300] "GET /cormun/static/permisogoce.js?2017761264459 HTTP/1.1" 200 27897
186.67.172.234 - - [11/Sep/2017:11:33:08 -0300] "GET /cormun/static/Resources/prompt.gif HTTP/1.1" 200 902
186.67.172.234 - - [11/Sep/2017:11:33:08 -0300] "GET /cormun/static/gxcfg.js?201776126440 HTTP/1.1" 200 953
186.67.172.234 - - [11/Sep/2017:11:33:09 -0300] "GET /cormun/servlet/permisogoce?INS,0,,, HTTP/1.1" 200 6944
186.67.172.234 - - [11/Sep/2017:11:33:17 -0300] "GET /cormun/servlet/permisogoce?8035bffa8911e38d527012cfe1d74bba3b6b89664779f1a66320b55884614358ee4cf040ff498c0c38458c42a01240d9,gx-no-cache=1505140428245 HTTP/1.1" 200 81
186.67.172.234 - - [11/Sep/2017:11:33:17 -0300] "GET /cormun/static/menuarrow.gif HTTP/1.1" 404 1015
192.168.10.96 - - [11/Sep/2017:11:33:23 -0300] "POST /cormun/servlet/trsolicitudgral?7f58806d8f018c61520eca81b4a90264,,gx-no-cache=1505140365618 HTTP/1.1" 200 8189
186.67.172.234 - - [11/Sep/2017:11:33:24 -0300] "GET /cormun/servlet/permisogoce?8035bffa8911e38d527012cfe1d74bba791f3751c7fdce0551ee12f3de35bd62ad17affa908c997ea6df0034468c46d014ad43363373a351f3951eb3c811d116,gx-no-cache=1505140434802 HTTP/1.1" 200 46
186.67.172.234 - - [11/Sep/2017:11:33:29 -0300] "POST /cormun/servlet/permisogoce?fa20cf62e53d10fb4aedd0701a76cb49,INS,0,,,,gx-no-cache=1505140440292 HTTP/1.1" 200 93
186.67.172.234 - - [11/Sep/2017:11:33:30 -0300] "GET /cormun/servlet/hpexe_return? HTTP/1.1" 200 1011
186.67.172.234 - - [11/Sep/2017:11:33:30 -0300] "GET /cormun/static/gxcfg.js?2016101716175148 HTTP/1.1" 200 953
186.67.172.234 - - [11/Sep/2017:11:33:30 -0300] "GET /cormun/static/hpexe_return.js?2016101716175153 HTTP/1.1" 200 1633
186.67.172.234 - - [11/Sep/2017:11:33:30 -0300] "GET /cormun/static/Resources/Spanish/PXTools.css?167811 HTTP/1.1" 200 89042
186.67.172.234 - - [11/Sep/2017:11:33:30 -0300] "GET /cormun/servlet/trpermisosgoce HTTP/1.1" 200 16188
186.67.172.234 - - [11/Sep/2017:11:33:30 -0300] "GET /cormun//static/Resources/PXToolsGridUpdate.png HTTP/1.1" 200 2984
186.67.172.234 - - [11/Sep/2017:11:33:31 -0300] "GET /cormun/servlet/trpermisosgoce HTTP/1.1" 200 16174
186.67.172.234 - - [11/Sep/2017:11:33:34 -0300] "GET /cormun/servlet/trpermisosadjuntos?5966371,20170911113231,P, HTTP/1.1" 200 6416
186.67.172.234 - - [11/Sep/2017:11:33:35 -0300] "GET /cormun/static/gxcfg.js?201762817193957 HTTP/1.1" 200 953
186.67.172.234 - - [11/Sep/2017:11:33:35 -0300] "GET /cormun/static/Resources/Spanish/PXTools.css?17315867 HTTP/1.1" 200 89042
186.67.172.234 - - [11/Sep/2017:11:33:35 -0300] "GET /cormun/static/trpermisosadjuntos.js?201762817194366 HTTP/1.1" 200 20158
186.67.172.234 - - [11/Sep/2017:11:33:35 -0300] "GET /cormun/servlet/trpermisosadjuntos?5966371,20170911113231,P, HTTP/1.1" 200 6417
186.67.172.234 - - [11/Sep/2017:11:33:36 -0300] "GET /cormun/servlet/permisosadjuntos?INS,5966371,P,20170911113231,, HTTP/1.1" 200 5741
186.67.172.234 - - [11/Sep/2017:11:33:36 -0300] "GET /cormun/static/gxcfg.js?201762717441171 HTTP/1.1" 200 953
186.67.172.234 - - [11/Sep/2017:11:33:36 -0300] "GET /cormun/static/about:blank HTTP/1.1" 404 1011
186.67.172.234 - - [11/Sep/2017:11:33:36 -0300] "GET /cormun/static/permisosadjuntos.js?201762717441184 HTTP/1.1" 200 8724
186.67.172.234 - - [11/Sep/2017:11:33:37 -0300] "GET /cormun/servlet/permisosadjuntos?INS,5966371,P,20170911113231,, HTTP/1.1" 200 5731
192.168.10.89 - - [11/Sep/2017:11:33:41 -0300] "GET /cormun/servlet/hlogin HTTP/1.1" 200 1757
186.67.172.234 - - [11/Sep/2017:11:33:43 -0300] "POST /cormun/servlet/permisosadjuntos?fa20cf62e53d10fb4aedd0701a76cb49,INS,5966371,P,20170911113231,, HTTP/1.1" 200 116
186.67.172.234 - - [11/Sep/2017:11:33:43 -0300] "GET /cormun/servlet/hpexe_return? HTTP/1.1" 200 1037
186.67.172.234 - - [11/Sep/2017:11:33:43 -0300] "GET /cormun/servlet/trpermisosadjuntos?5966371,20170911113231,P, HTTP/1.1" 200 6892
186.67.172.234 - - [11/Sep/2017:11:33:44 -0300] "GET /cormun/servlet/trpermisosadjuntos?5966371,20170911113231,P, HTTP/1.1" 200 6890
186.67.172.234 - - [11/Sep/2017:11:33:47 -0300] "POST /cormun/servlet/trpermisosadjuntos?fa20cf62e53d10fb4aedd0701a76cb49,5966371,20170911113231,P,,gx-no-cache=1505140457979 HTTP/1.1" 200 90
186.67.172.234 - - [11/Sep/2017:11:33:47 -0300] "GET /cormun/servlet/hpexe_link HTTP/1.1" 200 982
186.67.172.234 - - [11/Sep/2017:11:33:47 -0300] "GET /cormun/servlet/trpermisosgoce HTTP/1.1" 200 16189
192.168.10.89 - - [11/Sep/2017:11:33:48 -0300] "POST /cormun/servlet/hlogin?ce8aa9df8e0c8ed58975eb5824b92dad,gx-no-cache=1505140390622 HTTP/1.1" 200 90
192.168.10.89 - - [11/Sep/2017:11:33:48 -0300] "GET /cormun/servlet/hpexe_link HTTP/1.1" 200 950
186.67.172.234 - - [11/Sep/2017:11:33:48 -0300] "GET /cormun/servlet/trpermisosgoce HTTP/1.1" 200 16175
192.168.10.89 - - [11/Sep/2017:11:33:48 -0300] "GET /cormun/servlet/hhome HTTP/1.1" 200 4627
192.168.10.89 - - [11/Sep/2017:11:33:52 -0300] "GET /cormun/servlet/trsecurityuser01? HTTP/1.1" 200 12069
192.168.10.89 - - [11/Sep/2017:11:33:52 -0300] "GET /cormun/static/gxcfg.js?201762721181157 HTTP/1.1" 200 953
192.168.10.89 - - [11/Sep/2017:11:33:52 -0300] "GET /cormun/static/trsecurityuser01.js?201762721181494 HTTP/1.1" 304 -
186.67.172.234 - - [11/Sep/2017:11:33:55 -0300] "POST /cormun/servlet/trpermisosgoce?fa20cf62e53d10fb4aedd0701a76cb49,gx-no-cache=1505140465782 HTTP/1.1" 200 13269
186.67.172.234 - - [11/Sep/2017:11:33:55 -0300] "GET /cormun/static/Shared/jqueryui/images/ui-bg_highlight-soft_100_c6c2c8_1x100.png HTTP/1.1" 404 1117
186.67.172.234 - - [11/Sep/2017:11:33:55 -0300] "GET /cormun/static/Shared/jqueryui/images/ui-icons_82798d_256x240.png HTTP/1.1" 404 1089
186.67.172.234 - - [11/Sep/2017:11:33:55 -0300] "GET /cormun/static/Shared/jqueryui/images/ui-bg_flat_55_fafafa_40x100.png HTTP/1.1" 404 1097
186.67.172.234 - - [11/Sep/2017:11:33:55 -0300] "GET /cormun/static/Shared/jqueryui/images/ui-icons_8d78a5_256x240.png HTTP/1.1" 404 1089
192.168.10.89 - - [11/Sep/2017:11:33:56 -0300] "POST /cormun/servlet/trsecurityuser01?ce8aa9df8e0c8ed58975eb5824b92dad,,gx-no-cache=1505140398447 HTTP/1.1" 200 9788
192.168.10.89 - - [11/Sep/2017:11:33:56 -0300] "GET /cormun/static/Resources/PXToolsGridNext.gif HTTP/1.1" 200 369
192.168.10.89 - - [11/Sep/2017:11:33:56 -0300] "GET /cormun/static/Resources/PXToolsGridLast.gif HTTP/1.1" 200 370
186.67.172.234 - - [11/Sep/2017:11:34:00 -0300] "GET /cormun/servlet/trautorizarpermisogoce? HTTP/1.1" 200 7784
186.67.172.234 - - [11/Sep/2017:11:34:00 -0300] "GET /cormun/static/gxcfg.js?20176272062650 HTTP/1.1" 200 953
186.67.172.234 - - [11/Sep/2017:11:34:00 -0300] "GET /cormun/static/trautorizarpermisogoce.js?2017627206316 HTTP/1.1" 200 34948
186.67.172.234 - - [11/Sep/2017:11:34:00 -0300] "GET /cormun/servlet/trautorizarpermisogoce? HTTP/1.1" 200 7783
192.168.10.89 - - [11/Sep/2017:11:34:01 -0300] "GET /cormun/servlet/securityusers?INS,0, HTTP/1.1" 200 7568
192.168.10.89 - - [11/Sep/2017:11:34:01 -0300] "GET /cormun/static/gxcfg.js?20176272118832 HTTP/1.1" 200 953
192.168.10.89 - - [11/Sep/2017:11:34:01 -0300] "GET /cormun/static/securityusers.js?20176272118873 HTTP/1.1" 304 -
192.168.10.89 - - [11/Sep/2017:11:34:05 -0300] "POST /cormun/servlet/securityusers?ce8aa9df8e0c8ed58975eb5824b92dad,INS,0,,gx-no-cache=1505140407912 HTTP/1.1" 200 93
192.168.10.89 - - [11/Sep/2017:11:34:05 -0300] "GET /cormun/servlet/hpexe_return? HTTP/1.1" 200 1006
192.168.10.89 - - [11/Sep/2017:11:34:05 -0300] "GET /cormun/servlet/trsecurityuser01? HTTP/1.1" 200 12072
186.67.172.234 - - [11/Sep/2017:11:34:06 -0300] "POST /cormun/servlet/trautorizarpermisogoce?fa20cf62e53d10fb4aedd0701a76cb49,,gx-no-cache=1505140477244 HTTP/1.1" 200 4259
186.67.172.234 - - [11/Sep/2017:11:34:06 -0300] "GET /cormun/static/Shared/jqueryui/images/ui-bg_highlight-soft_100_c6c2c8_1x100.png HTTP/1.1" 404 1117
186.67.172.234 - - [11/Sep/2017:11:34:06 -0300] "GET /cormun/static/Shared/jqueryui/images/ui-icons_82798d_256x240.png HTTP/1.1" 404 1089
186.67.172.234 - - [11/Sep/2017:11:34:06 -0300] "GET /cormun/static/Shared/jqueryui/images/ui-bg_flat_55_fafafa_40x100.png HTTP/1.1" 404 1097
186.67.172.234 - - [11/Sep/2017:11:34:06 -0300] "GET /cormun/static/Shared/jqueryui/images/ui-icons_8d78a5_256x240.png HTTP/1.1" 404 1089
192.168.10.89 - - [11/Sep/2017:11:34:08 -0300] "GET /cormun/servlet/securityusers?UPD,25, HTTP/1.1" 200 7686
192.168.10.89 - - [11/Sep/2017:11:34:22 -0300] "POST /cormun/servlet/securityusers?ce8aa9df8e0c8ed58975eb5824b92dad,UPD,25,,gx-no-cache=1505140425604 HTTP/1.1" 200 93
192.168.10.89 - - [11/Sep/2017:11:34:22 -0300] "GET /cormun/servlet/hpexe_return? HTTP/1.1" 200 1007
192.168.10.89 - - [11/Sep/2017:11:34:23 -0300] "GET /cormun/servlet/trsecurityuser01 HTTP/1.1" 200 12072
192.168.10.89 - - [11/Sep/2017:11:34:26 -0300] "GET /cormun/servlet/securityusers?INS,0, HTTP/1.1" 200 7568
190.151.100.218 - - [11/Sep/2017:11:34:34 -0300] "GET /cormun/servlet/trsolicitudot? HTTP/1.1" 200 10181
186.103.132.155 - - [11/Sep/2017:11:34:35 -0300] "GET /cormun/servlet/trsolicitudot? HTTP/1.1" 200 10181
192.168.10.89 - - [11/Sep/2017:11:35:23 -0300] "POST /cormun/servlet/securityusers?ce8aa9df8e0c8ed58975eb5824b92dad,INS,0,,gx-no-cache=1505140485603 HTTP/1.1" 200 93
192.168.10.89 - - [11/Sep/2017:11:35:23 -0300] "GET /cormun/servlet/hpexe_return? HTTP/1.1" 200 1005
192.168.10.89 - - [11/Sep/2017:11:35:23 -0300] "GET /cormun/servlet/trsecurityuser01 HTTP/1.1" 200 12071
192.168.10.89 - - [11/Sep/2017:11:35:26 -0300] "GET /cormun/servlet/hlogin HTTP/1.1" 200 1737
192.168.10.89 - - [11/Sep/2017:11:35:33 -0300] "POST /cormun/servlet/hlogin?ce8aa9df8e0c8ed58975eb5824b92dad,gx-no-cache=1505140495879 HTTP/1.1" 200 90
192.168.10.89 - - [11/Sep/2017:11:35:33 -0300] "GET /cormun/servlet/hpexe_link HTTP/1.1" 200 950
192.168.10.89 - - [11/Sep/2017:11:35:33 -0300] "GET /cormun/servlet/hhome HTTP/1.1" 200 3855
192.168.10.89 - - [11/Sep/2017:11:35:40 -0300] "GET /cormun/servlet/trautorizarsolicitud? HTTP/1.1" 200 6766
192.168.10.89 - - [11/Sep/2017:11:35:42 -0300] "POST /cormun/servlet/acontrolpreferencessavestate?None,IARAYA,true HTTP/1.1" 200 35
192.168.10.89 - - [11/Sep/2017:11:35:46 -0300] "GET /cormun/servlet/trsolicitudot? HTTP/1.1" 200 8874
192.168.10.89 - - [11/Sep/2017:11:35:47 -0300] "POST /cormun/servlet/acontrolpreferencessavestate?None,IARAYA,true HTTP/1.1" 200 35
192.168.10.89 - - [11/Sep/2017:11:35:57 -0300] "GET /cormun/servlet/hlogin HTTP/1.1" 200 1737
192.168.10.89 - - [11/Sep/2017:11:36:03 -0300] "POST /cormun/servlet/hlogin?ce8aa9df8e0c8ed58975eb5824b92dad,gx-no-cache=1505140525757 HTTP/1.1" 200 90
192.168.10.89 - - [11/Sep/2017:11:36:03 -0300] "GET /cormun/servlet/hpexe_link HTTP/1.1" 200 950
192.168.10.89 - - [11/Sep/2017:11:36:03 -0300] "GET /cormun/servlet/hhome HTTP/1.1" 200 4627
192.168.10.89 - - [11/Sep/2017:11:36:08 -0300] "GET /cormun/servlet/trsecurityuser01? HTTP/1.1" 200 12067
192.168.10.89 - - [11/Sep/2017:11:36:16 -0300] "POST /cormun/servlet/trsecurityuser01?ce8aa9df8e0c8ed58975eb5824b92dad,,gx-no-cache=1505140539013 HTTP/1.1" 200 4259
192.168.10.89 - - [11/Sep/2017:11:36:23 -0300] "POST /cormun/servlet/trsecurityuser01?ce8aa9df8e0c8ed58975eb5824b92dad,,gx-no-cache=1505140545742 HTTP/1.1" 200 9785
192.168.10.89 - - [11/Sep/2017:11:36:23 -0300] "POST /cormun/servlet/trsecurityuser01?ce8aa9df8e0c8ed58975eb5824b92dad,,gx-no-cache=1505140546379 HTTP/1.1" 200 9784
192.168.10.89 - - [11/Sep/2017:11:36:32 -0300] "POST /cormun/servlet/trsecurityuser01?ce8aa9df8e0c8ed58975eb5824b92dad,,gx-no-cache=1505140554570 HTTP/1.1" 200 4893
192.168.10.89 - - [11/Sep/2017:11:36:34 -0300] "GET /cormun/servlet/securityusers?UPD,34, HTTP/1.1" 200 7685
192.168.10.89 - - [11/Sep/2017:11:36:38 -0300] "POST /cormun/servlet/securityusers?ce8aa9df8e0c8ed58975eb5824b92dad,UPD,34,,gx-no-cache=1505140560784 HTTP/1.1" 200 93
192.168.10.89 - - [11/Sep/2017:11:36:38 -0300] "GET /cormun/servlet/hpexe_return? HTTP/1.1" 200 1007
192.168.10.89 - - [11/Sep/2017:11:36:38 -0300] "GET /cormun/servlet/trsecurityuser01? HTTP/1.1" 200 7455
192.168.10.89 - - [11/Sep/2017:11:36:42 -0300] "GET /cormun/servlet/securityusers?DLT,34, HTTP/1.1" 200 6624
192.168.10.89 - - [11/Sep/2017:11:36:42 -0300] "GET /cormun/static/Shared/jqueryui/images/ui-icons_82798d_256x240.png HTTP/1.1" 404 1089
192.168.10.89 - - [11/Sep/2017:11:36:42 -0300] "GET /cormun/static/Shared/jqueryui/images/ui-bg_highlight-soft_100_c6c2c8_1x100.png HTTP/1.1" 404 1117
192.168.10.89 - - [11/Sep/2017:11:36:42 -0300] "GET /cormun/static/Shared/jqueryui/images/ui-icons_8d78a5_256x240.png HTTP/1.1" 404 1089
192.168.10.89 - - [11/Sep/2017:11:36:42 -0300] "GET /cormun/static/Shared/jqueryui/images/ui-bg_flat_55_fafafa_40x100.png HTTP/1.1" 404 1097
192.168.10.89 - - [11/Sep/2017:11:36:44 -0300] "POST /cormun/servlet/securityusers?ce8aa9df8e0c8ed58975eb5824b92dad,DLT,34,,gx-no-cache=1505140567516 HTTP/1.1" 200 5620
192.168.10.89 - - [11/Sep/2017:11:36:45 -0300] "GET /cormun/static/Shared/jqueryui/images/ui-bg_flat_55_994d53_40x100.png HTTP/1.1" 404 1097
