186.103.161.206 - - [11/Sep/2017:11:19:21 -0300] "GET /cormun/servlet/solicitudotadjuntos?93b714b60fa53b585743ae63a43e1df34dd5d261d4d462b0c9e9d0c8cf05efc0,gx-no-cache=1505139598514 HTTP/1.1" 200 30
186.103.161.206 - - [11/Sep/2017:11:19:21 -0300] "GET /cormun/servlet/solicitudotadjuntos?93b714b60fa53b585743ae63a43e1df34dd5d261d4d462b0c9e9d0c8cf05efc0,gx-no-cache=1505139598850 HTTP/1.1" 200 30
186.103.161.206 - - [11/Sep/2017:11:19:23 -0300] "POST /cormun/servlet/solicitudotadjuntos?fc6fc66ec77b3d35137c53f8f7e06237,INS,2017,7373,,1, HTTP/1.1" 200 116
186.103.161.206 - - [11/Sep/2017:11:19:23 -0300] "GET /cormun/servlet/hpexe_return? HTTP/1.1" 200 1025
186.103.161.206 - - [11/Sep/2017:11:19:23 -0300] "GET /cormun/servlet/trsolicitudadjuntos?2017,7373, HTTP/1.1" 200 8447
186.103.132.155 - - [11/Sep/2017:11:19:24 -0300] "GET /cormun/servlet/licenciaspermisos?427e798f0c1170ef894fa301a0d141b1b66b87ea2ce00b13e3ee13c75a7ece8369f060791d917e11d3fb6c8620d1f8a7fd052ae8cde00e44e854a8902151564ba8c1f30dc1e4915c3344aa93e4174d0c346bab188a877771fd101ccd78198c2476f9790897adc6226d834f62b4185249deaf17efade534089613aaf5c872a747abe77d898c8a0d1f5df688f8b3d6e2951e06da3a3aaf3551d230084e1937f3d20f8c6dc6117d0b3c8e04aaf7ea913348,gx-no-cache=1505139599982 HTTP/1.1" 200 30
186.103.132.155 - - [11/Sep/2017:11:19:24 -0300] "POST /cormun/servlet/licenciaspermisos?01b80d049544310266a4aa0f33a84e89,INS,0,,,,gx-no-cache=1505139600073 HTTP/1.1" 200 4864
186.103.161.206 - - [11/Sep/2017:11:19:25 -0300] "GET /cormun/servlet/trsolicitudadjuntos?2017,7373, HTTP/1.1" 200 8443
192.168.10.89 - - [11/Sep/2017:11:19:26 -0300] "GET /cormun/servlet/prsolicitudot?16885111,,,,,MD,,gxPopupLevel%3D0%3B HTTP/1.1" 200 6020
186.103.132.155 - - [11/Sep/2017:11:19:29 -0300] "GET /cormun/servlet/licenciaspermisos?427e798f0c1170ef894fa301a0d141b1dce9a952b64a5f129141f75a9d57d34aa97ef60c866646e7c542dbdbd39beaecaa8a957432687e70db306bfffa0965aceb95bfb16881f53eab49444284ff86fdfa4b78f61e2f01c074df29442d48f68fa6b081a2aff42aac19cf80355201e75fe16120f9e5a1fdaaa495f1d22b73b09a,gx-no-cache=1505139605536 HTTP/1.1" 200 89
186.103.132.155 - - [11/Sep/2017:11:19:30 -0300] "POST /cormun/servlet/licenciaspermisos?01b80d049544310266a4aa0f33a84e89,INS,0,,,,gx-no-cache=1505139605739 HTTP/1.1" 200 4853
186.103.132.155 - - [11/Sep/2017:11:19:30 -0300] "GET /cormun/servlet/licenciaspermisos?427e798f0c1170ef894fa301a0d141b1b097faa35f16c7592d753c27ee468c8e95604f94129d632242d56eb97784a05d1f14eebb4da5e172870e706150b2d90ee4d178face5b50cb7912276e58ac18b458cc7faf376c06a9978555cc8c68b28f49c817c25d830079d2dbadf03a950dfc5e09352357eaf0dc0de4b0daf7f95af2e5ba514cd64bc9097e8ad9a358115c20d3439679484502841b63b9c13d5702a27c54122d7898f3e56d1fa358da990462,gx-no-cache=1505139606745 HTTP/1.1" 200 29
200.72.197.82 - - [11/Sep/2017:11:19:30 -0300] "GET /cormun/servlet/solicitudotadjuntos?INS,2017,7373,,1, HTTP/1.1" 200 6126
186.103.132.155 - - [11/Sep/2017:11:19:31 -0300] "POST /cormun/servlet/licenciaspermisos?01b80d049544310266a4aa0f33a84e89,INS,0,,,,gx-no-cache=1505139606915 HTTP/1.1" 200 93
186.103.132.155 - - [11/Sep/2017:11:19:31 -0300] "GET /cormun/servlet/hpexe_return? HTTP/1.1" 200 1015
200.72.197.82 - - [11/Sep/2017:11:19:31 -0300] "GET /cormun/static/about:blank HTTP/1.1" 404 1011
200.72.197.82 - - [11/Sep/2017:11:19:31 -0300] "GET /cormun/servlet/solicitudotadjuntos?INS,2017,7373,,1, HTTP/1.1" 200 6119
186.103.132.155 - - [11/Sep/2017:11:19:31 -0300] "GET /cormun/static/gxcfg.js?2016101716175148 HTTP/1.1" 304 -
186.103.132.155 - - [11/Sep/2017:11:19:32 -0300] "GET /cormun/servlet/trlicencias HTTP/1.1" 200 12803
186.103.132.155 - - [11/Sep/2017:11:19:32 -0300] "GET /cormun/servlet/solicitudotadjuntos?93b714b60fa53b585743ae63a43e1df351ac52e4795ed281c0a8fb35288431c85f558b8d7d99db749e2c0e0323ea1aed,gx-no-cache=1505139609112 HTTP/1.1" 200 30
192.168.10.89 - - [11/Sep/2017:11:19:32 -0300] "POST /cormun/servlet/solicitudot?gx-no-cache=1505139535029 HTTP/1.1" 200 1355
192.168.10.89 - - [11/Sep/2017:11:19:32 -0300] "POST /cormun/servlet/solicitudot?gx-no-cache=1505139535077 HTTP/1.1" 200 38
192.168.10.89 - - [11/Sep/2017:11:19:32 -0300] "POST /cormun/servlet/solicitudot?gx-no-cache=1505139535100 HTTP/1.1" 200 1337
192.168.10.89 - - [11/Sep/2017:11:19:32 -0300] "GET /cormun/servlet/solicitudot?7bfff9eb9b196b33842b6853d00b9a69295caec0165f2753789d118cc1cc91846c77ee50a54798b9a69f61d29ccf9d93,gx-no-cache=1505139535131 HTTP/1.1" 200 30
186.103.132.155 - - [11/Sep/2017:11:19:32 -0300] "POST /cormun/servlet/solicitudotadjuntos?fc6fc66ec77b3d35137c53f8f7e06237,INS,2017,7373,,1,,gx-no-cache=1505139609365 HTTP/1.1" 200 3924
186.103.132.155 - - [11/Sep/2017:11:19:33 -0300] "GET /cormun/servlet/trlicencias HTTP/1.1" 200 12798
186.103.161.206 - - [11/Sep/2017:11:19:38 -0300] "POST /cormun/servlet/solicitudotadjuntos?gx-no-cache=1505139615567 HTTP/1.1" 200 26
192.168.10.89 - - [11/Sep/2017:11:19:38 -0300] "GET /cormun/servlet/solicitudot?7bfff9eb9b196b33842b6853d00b9a6922e25cf238963aff39a1b0b8f7748c28b130b01f37ac6dd2d34a261c69ee079bb0e18b6be73dfc83832a88fd65597d7937f0af9490645e486386002d4516b951202add887638c8e310fc93e8ec24f5dd0e5cc523586cb01be965a5d06c57bdbf4bffeedbcc9f60a163ce92add3de65b56468d914f2495805bc5106b7e5de8ce6d734e36e41c316d4fafcd57dc39bd972,gx-no-cache=1505139541421 HTTP/1.1" 200 29
192.168.10.89 - - [11/Sep/2017:11:19:38 -0300] "POST /cormun/servlet/solicitudot?gx-no-cache=1505139541454 HTTP/1.1" 200 1335
192.168.10.89 - - [11/Sep/2017:11:19:40 -0300] "GET /cormun/servlet/solicitudot?7bfff9eb9b196b33842b6853d00b9a69295caec0165f2753789d118cc1cc91846c77ee50a54798b9a69f61d29ccf9d93,gx-no-cache=1505139542720 HTTP/1.1" 200 30
192.168.10.89 - - [11/Sep/2017:11:19:40 -0300] "POST /cormun/servlet/solicitudot?gx-no-cache=1505139543074 HTTP/1.1" 200 33
192.168.10.89 - - [11/Sep/2017:11:19:52 -0300] "POST /cormun/servlet/solicitudot?ce8aa9df8e0c8ed58975eb5824b92dad,INS,0,0,,gx-no-cache=1505139555233 HTTP/1.1" 200 93
192.168.10.89 - - [11/Sep/2017:11:19:52 -0300] "GET /cormun/servlet/hpexe_return? HTTP/1.1" 200 1005
192.168.10.89 - - [11/Sep/2017:11:19:53 -0300] "GET /cormun/servlet/trsolicitudot HTTP/1.1" 200 9193
192.168.10.89 - - [11/Sep/2017:11:19:59 -0300] "POST /cormun/servlet/trsolicitudot?ce8aa9df8e0c8ed58975eb5824b92dad,gx-no-cache=1505139562283 HTTP/1.1" 200 5816
192.168.10.89 - - [11/Sep/2017:11:19:59 -0300] "POST /cormun/servlet/trsolicitudot?ce8aa9df8e0c8ed58975eb5824b92dad,gx-no-cache=1505139562548 HTTP/1.1" 200 5759
192.168.10.89 - - [11/Sep/2017:11:20:00 -0300] "GET /cormun/static/Shared/jqueryui/images/ui-icons_8d78a5_256x240.png HTTP/1.1" 404 1089
192.168.10.89 - - [11/Sep/2017:11:20:00 -0300] "GET /cormun/static/Shared/jqueryui/images/ui-bg_highlight-soft_100_c6c2c8_1x100.png HTTP/1.1" 404 1117
192.168.10.89 - - [11/Sep/2017:11:20:00 -0300] "GET /cormun/static/Shared/jqueryui/images/ui-bg_flat_55_fafafa_40x100.png HTTP/1.1" 404 1097
192.168.10.89 - - [11/Sep/2017:11:20:00 -0300] "GET /cormun/static/Shared/jqueryui/images/ui-icons_82798d_256x240.png HTTP/1.1" 404 1089
192.168.10.89 - - [11/Sep/2017:11:20:02 -0300] "GET /cormun/servlet/solicitudot?INS,0,0, HTTP/1.1" 200 12909
192.168.10.89 - - [11/Sep/2017:11:20:10 -0300] "POST /cormun/servlet/solicitudot?gx-no-cache=1505139572828 HTTP/1.1" 200 3202
192.168.10.89 - - [11/Sep/2017:11:20:10 -0300] "POST /cormun/servlet/solicitudot?ce8aa9df8e0c8ed58975eb5824b92dad,INS,0,0,,gx-no-cache=1505139573025 HTTP/1.1" 200 10060
192.168.10.89 - - [11/Sep/2017:11:20:11 -0300] "GET /cormun/servlet/solicitudot?7bfff9eb9b196b33842b6853d00b9a693d244aea0cf2a596e7741076a728fe8c79475353f7656003eeb923169e5d2eee,gx-no-cache=1505139574382 HTTP/1.1" 200 30
192.168.10.89 - - [11/Sep/2017:11:20:11 -0300] "POST /cormun/servlet/solicitudot?gx-no-cache=1505139574424 HTTP/1.1" 200 255
192.168.10.89 - - [11/Sep/2017:11:20:11 -0300] "GET /cormun/servlet/solicitudot?7bfff9eb9b196b33842b6853d00b9a695ce25493d629b1e726f803b4e57d5fcb7a210a2ea13b2f9cc6671b172687216e09bd926486725ef2fbddbf949a89d928ca49c9d897a862487e3c8fa96093f8c461ad9d18b14d9972ad904472cf9d9003111c90d5e96c4cc314e419da3c2bf034c8279ad1abdf705705490615b21fa6ff406801b7b929456cd48f4deb6e5cbb12c33e5f03dd198dee8bb293a861b92c0559b1396fe2d359ed7661f43e9d646838fabeb14f0e343c219bf3d1e57d3b8fce80d4a4706f4ece6c68865615e01f1d3aadb64557568bb9dc1274f2d5b985ecc1e88e0b36c466ba60c6b3ba1a3cf9c863476955f1377f6a6ef87b2af03dba8cac56f87939c5c9b68273b6d3a18f5bf58e38f75bd0ee3f8ee5dde7c3d383fa734652cd5d616a11ea0c645b7d5009895860b2881092f636b4be0d9de42bf6fef1ce19a19caaf52982e4d14a9b2a73cf1304212c6253b33a93bc2fca0f4fa8d20b87d130870c78e26284008347b9083608a57da72002fafba414cbc2312103460cb2,gx-no-cache=1505139574449 HTTP/1.1" 200 30
190.151.100.218 - - [11/Sep/2017:11:20:12 -0300] "GET /cormun/servlet/solicitudotadjuntos?93b714b60fa53b585743ae63a43e1df34dd5d261d4d462b0c9e9d0c8cf05efc0,gx-no-cache=1505139648953 HTTP/1.1" 200 30
190.151.100.218 - - [11/Sep/2017:11:20:12 -0300] "GET /cormun/servlet/solicitudotadjuntos?93b714b60fa53b585743ae63a43e1df34dd5d261d4d462b0c9e9d0c8cf05efc0,gx-no-cache=1505139649154 HTTP/1.1" 200 30
190.151.100.218 - - [11/Sep/2017:11:20:12 -0300] "POST /cormun/servlet/solicitudotadjuntos?fc6fc66ec77b3d35137c53f8f7e06237,INS,2017,7373,,1, HTTP/1.1" 200 116
190.151.100.218 - - [11/Sep/2017:11:20:13 -0300] "GET /cormun/servlet/hpexe_return? HTTP/1.1" 200 1025
192.168.10.89 - - [11/Sep/2017:11:20:13 -0300] "POST /cormun/servlet/solicitudot?gx-no-cache=1505139576444 HTTP/1.1" 200 30
190.151.100.218 - - [11/Sep/2017:11:20:13 -0300] "GET /cormun/servlet/trsolicitudadjuntos?2017,7373, HTTP/1.1" 200 8680
192.168.10.89 - - [11/Sep/2017:11:20:15 -0300] "GET /cormun/servlet/prsolicitudot?16885111,,,,,MD,,gxPopupLevel%3D0%3B HTTP/1.1" 200 6053
190.151.100.218 - - [11/Sep/2017:11:20:15 -0300] "GET /cormun/servlet/trsolicitudadjuntos?2017,7373, HTTP/1.1" 200 8677
190.151.100.218 - - [11/Sep/2017:11:20:16 -0300] "GET /cormun/servlet/trlicenciaspermisosadjuntos?12778707,20170911000000,L, HTTP/1.1" 200 6382
190.151.100.218 - - [11/Sep/2017:11:20:16 -0300] "GET /cormun/static/gxcfg.js?20177612163414 HTTP/1.1" 304 -
190.151.100.218 - - [11/Sep/2017:11:20:18 -0300] "GET /cormun/servlet/trlicenciaspermisosadjuntos?12778707,20170911000000,L, HTTP/1.1" 200 6383
200.72.197.82 - - [11/Sep/2017:11:20:18 -0300] "GET /cormun/servlet/solicitudotadjuntos?INS,2017,7373,,1, HTTP/1.1" 200 6126
186.103.161.206 - - [11/Sep/2017:11:20:19 -0300] "GET /cormun/static/about:blank HTTP/1.1" 404 1011
192.168.10.89 - - [11/Sep/2017:11:20:19 -0300] "POST /cormun/servlet/solicitudot?gx-no-cache=1505139582524 HTTP/1.1" 200 1355
192.168.10.89 - - [11/Sep/2017:11:20:19 -0300] "POST /cormun/servlet/solicitudot?gx-no-cache=1505139582634 HTTP/1.1" 200 38
192.168.10.89 - - [11/Sep/2017:11:20:20 -0300] "GET /cormun/servlet/solicitudot?7bfff9eb9b196b33842b6853d00b9a6922e25cf238963aff39a1b0b8f7748c28b130b01f37ac6dd2d34a261c69ee079bb0e18b6be73dfc83832a88fd65597d7937f0af9490645e486386002d4516b951202add887638c8e310fc93e8ec24f5dd0e5cc523586cb01be965a5d06c57bdbf4bffeedbcc9f60a163ce92add3de65b56468d914f2495805bc5106b7e5de8ce6d734e36e41c316d4fafcd57dc39bd972,gx-no-cache=1505139582658 HTTP/1.1" 200 29
192.168.10.89 - - [11/Sep/2017:11:20:20 -0300] "POST /cormun/servlet/solicitudot?gx-no-cache=1505139582678 HTTP/1.1" 200 1337
192.168.10.89 - - [11/Sep/2017:11:20:20 -0300] "GET /cormun/servlet/solicitudot?7bfff9eb9b196b33842b6853d00b9a69295caec0165f2753789d118cc1cc91846c77ee50a54798b9a69f61d29ccf9d93,gx-no-cache=1505139582708 HTTP/1.1" 200 30
190.151.100.218 - - [11/Sep/2017:11:20:20 -0300] "GET /cormun/servlet/licenciaspermisosadjuntos?INS,12778707,L,20170911000000,, HTTP/1.1" 200 5684
190.151.100.218 - - [11/Sep/2017:11:20:20 -0300] "GET /cormun/static/gxcfg.js?2017761263592 HTTP/1.1" 304 -
200.72.197.82 - - [11/Sep/2017:11:20:20 -0300] "GET /cormun/servlet/solicitudotadjuntos?INS,2017,7373,,1, HTTP/1.1" 200 6119
190.151.100.218 - - [11/Sep/2017:11:20:20 -0300] "GET /cormun/static/about:blank HTTP/1.1" 404 1011
186.103.161.206 - - [11/Sep/2017:11:20:20 -0300] "GET /cormun/servlet/solicitudotadjuntos?93b714b60fa53b585743ae63a43e1df351ac52e4795ed281c0a8fb35288431c85f558b8d7d99db749e2c0e0323ea1aed,gx-no-cache=1505139658016 HTTP/1.1" 200 30
190.151.100.218 - - [11/Sep/2017:11:20:21 -0300] "GET /cormun/servlet/licenciaspermisosadjuntos?INS,12778707,L,20170911000000,, HTTP/1.1" 200 5673
186.103.161.206 - - [11/Sep/2017:11:20:25 -0300] "POST /cormun/servlet/solicitudotadjuntos?fc6fc66ec77b3d35137c53f8f7e06237,INS,2017,7373,,1,,gx-no-cache=1505139658620 HTTP/1.1" 200 3925
186.103.161.206 - - [11/Sep/2017:11:20:26 -0300] "GET /cormun/servlet/trsolicitudadjuntos?2017,7373, HTTP/1.1" 200 8680
192.168.10.89 - - [11/Sep/2017:11:20:26 -0300] "GET /cormun/servlet/solicitudot?7bfff9eb9b196b33842b6853d00b9a6922e25cf238963aff39a1b0b8f7748c28b130b01f37ac6dd2d34a261c69ee079bb0e18b6be73dfc83832a88fd65597d7937f0af9490645e486386002d4516b951202add887638c8e310fc93e8ec24f5dd0e5cc523586cb01be965a5d06c57bdbf4bffeedbcc9f60a163ce92add3de65b56468d914f2495805bc5106b7e5de8ce6d734e36e41c316d4fafcd57dc39bd972,gx-no-cache=1505139589629 HTTP/1.1" 200 29
192.168.10.89 - - [11/Sep/2017:11:20:27 -0300] "POST /cormun/servlet/solicitudot?gx-no-cache=1505139589661 HTTP/1.1" 200 1336
192.168.10.89 - - [11/Sep/2017:11:20:29 -0300] "GET /cormun/servlet/solicitudot?7bfff9eb9b196b33842b6853d00b9a69295caec0165f2753789d118cc1cc91846c77ee50a54798b9a69f61d29ccf9d93,gx-no-cache=1505139591808 HTTP/1.1" 200 30
192.168.10.89 - - [11/Sep/2017:11:20:29 -0300] "POST /cormun/servlet/solicitudot?gx-no-cache=1505139592132 HTTP/1.1" 200 33
186.103.161.206 - - [11/Sep/2017:11:20:31 -0300] "GET /cormun/servlet/trsolicitudadjuntos?2017,7373, HTTP/1.1" 200 8677
95.213.177.125 - - [11/Sep/2017:11:20:33 -0300] "CONNECT check.proxyradar.com:80 HTTP/1.1" 400 -
200.72.197.82 - - [11/Sep/2017:11:20:34 -0300] "GET /cormun/servlet/solicitudotadjuntos?INS,2017,7373,,1, HTTP/1.1" 200 6126
186.103.161.206 - - [11/Sep/2017:11:20:35 -0300] "GET /cormun/static/about:blank HTTP/1.1" 404 1011
200.72.197.82 - - [11/Sep/2017:11:20:35 -0300] "GET /cormun/servlet/solicitudotadjuntos?INS,2017,7373,,1, HTTP/1.1" 200 6119
186.103.161.206 - - [11/Sep/2017:11:20:35 -0300] "GET /cormun/servlet/solicitudotadjuntos?93b714b60fa53b585743ae63a43e1df351ac52e4795ed281c0a8fb35288431c85f558b8d7d99db749e2c0e0323ea1aed,gx-no-cache=1505139672871 HTTP/1.1" 200 30
186.103.161.206 - - [11/Sep/2017:11:20:36 -0300] "POST /cormun/servlet/solicitudotadjuntos?fc6fc66ec77b3d35137c53f8f7e06237,INS,2017,7373,,1,,gx-no-cache=1505139672960 HTTP/1.1" 200 3925
186.103.161.206 - - [11/Sep/2017:11:20:42 -0300] "POST /cormun/servlet/solicitudotadjuntos?gx-no-cache=1505139679714 HTTP/1.1" 200 26
186.103.132.155 - - [11/Sep/2017:11:21:25 -0300] "GET /cormun/servlet/solicitudotadjuntos?93b714b60fa53b585743ae63a43e1df34dd5d261d4d462b0c9e9d0c8cf05efc0,gx-no-cache=1505139722587 HTTP/1.1" 200 30
186.103.132.155 - - [11/Sep/2017:11:21:29 -0300] "GET /cormun/servlet/solicitudotadjuntos?93b714b60fa53b585743ae63a43e1df34dd5d261d4d462b0c9e9d0c8cf05efc0,gx-no-cache=1505139726221 HTTP/1.1" 200 30
186.103.132.155 - - [11/Sep/2017:11:21:30 -0300] "POST /cormun/servlet/solicitudotadjuntos?fc6fc66ec77b3d35137c53f8f7e06237,INS,2017,7373,,1, HTTP/1.1" 200 116
186.103.132.155 - - [11/Sep/2017:11:21:30 -0300] "GET /cormun/servlet/hpexe_return? HTTP/1.1" 200 1025
186.103.132.155 - - [11/Sep/2017:11:21:30 -0300] "GET /cormun/servlet/trsolicitudadjuntos?2017,7373, HTTP/1.1" 200 8858
186.103.132.155 - - [11/Sep/2017:11:21:31 -0300] "GET /cormun/servlet/trsolicitudadjuntos?2017,7373, HTTP/1.1" 200 8856
190.151.100.218 - - [11/Sep/2017:11:21:33 -0300] "POST /cormun/servlet/licenciaspermisosadjuntos?01b80d049544310266a4aa0f33a84e89,INS,12778707,L,20170911000000,, HTTP/1.1" 200 116
190.151.100.218 - - [11/Sep/2017:11:21:34 -0300] "GET /cormun/servlet/hpexe_return? HTTP/1.1" 200 1045
190.151.100.218 - - [11/Sep/2017:11:21:34 -0300] "GET /cormun/servlet/trlicenciaspermisosadjuntos?12778707,20170911000000,L, HTTP/1.1" 200 6895
186.103.132.155 - - [11/Sep/2017:11:21:35 -0300] "GET /cormun/servlet/solicitudotadjuntos?INS,2017,7373,,1, HTTP/1.1" 200 6127
190.151.100.218 - - [11/Sep/2017:11:21:36 -0300] "GET /cormun/servlet/trlicenciaspermisosadjuntos?12778707,20170911000000,L, HTTP/1.1" 200 6893
186.103.132.155 - - [11/Sep/2017:11:21:38 -0300] "GET /cormun/static/about:blank HTTP/1.1" 404 1011
190.151.100.218 - - [11/Sep/2017:11:21:39 -0300] "POST /cormun/servlet/trlicenciaspermisosadjuntos?01b80d049544310266a4aa0f33a84e89,12778707,20170911000000,L,,gx-no-cache=1505139735350 HTTP/1.1" 200 90
190.151.100.218 - - [11/Sep/2017:11:21:39 -0300] "GET /cormun/servlet/hpexe_link HTTP/1.1" 200 987
190.151.100.218 - - [11/Sep/2017:11:21:39 -0300] "GET /cormun/servlet/trlicencias HTTP/1.1" 200 12800
190.151.100.218 - - [11/Sep/2017:11:21:41 -0300] "GET /cormun/servlet/trlicencias HTTP/1.1" 200 12798
186.103.132.155 - - [11/Sep/2017:11:21:43 -0300] "GET /cormun/servlet/solicitudotadjuntos?INS,2017,7373,,1, HTTP/1.1" 200 6119
186.103.132.155 - - [11/Sep/2017:11:21:43 -0300] "GET /cormun/servlet/solicitudotadjuntos?93b714b60fa53b585743ae63a43e1df351ac52e4795ed281c0a8fb35288431c85f558b8d7d99db749e2c0e0323ea1aed,gx-no-cache=1505139740543 HTTP/1.1" 200 30
186.103.132.155 - - [11/Sep/2017:11:21:43 -0300] "POST /cormun/servlet/solicitudotadjuntos?fc6fc66ec77b3d35137c53f8f7e06237,INS,2017,7373,,1,,gx-no-cache=1505139740699 HTTP/1.1" 200 3923
200.72.197.82 - - [11/Sep/2017:11:21:50 -0300] "POST /cormun/servlet/solicitudotadjuntos?gx-no-cache=1505139746280 HTTP/1.1" 200 26
192.168.10.89 - - [11/Sep/2017:11:21:56 -0300] "POST /cormun/servlet/solicitudot?ce8aa9df8e0c8ed58975eb5824b92dad,INS,0,0,,gx-no-cache=1505139679226 HTTP/1.1" 200 93
192.168.10.89 - - [11/Sep/2017:11:21:56 -0300] "GET /cormun/servlet/hpexe_return? HTTP/1.1" 200 1027
192.168.10.89 - - [11/Sep/2017:11:21:57 -0300] "GET /cormun/servlet/trsolicitudot?gx-no-cache=1505139562548 HTTP/1.1" 200 9193
192.168.10.89 - - [11/Sep/2017:11:22:00 -0300] "POST /cormun/servlet/trsolicitudot?ce8aa9df8e0c8ed58975eb5824b92dad,gx-no-cache=1505139562548,gx-no-cache=1505139683083 HTTP/1.1" 200 5816
192.168.10.89 - - [11/Sep/2017:11:22:00 -0300] "POST /cormun/servlet/trsolicitudot?ce8aa9df8e0c8ed58975eb5824b92dad,gx-no-cache=1505139562548,gx-no-cache=1505139683355 HTTP/1.1" 200 5759
192.168.10.89 - - [11/Sep/2017:11:22:00 -0300] "GET /cormun/static/Shared/jqueryui/images/ui-bg_highlight-soft_100_c6c2c8_1x100.png HTTP/1.1" 404 1117
192.168.10.89 - - [11/Sep/2017:11:22:00 -0300] "GET /cormun/static/Shared/jqueryui/images/ui-icons_82798d_256x240.png HTTP/1.1" 404 1089
192.168.10.89 - - [11/Sep/2017:11:22:00 -0300] "GET /cormun/static/Shared/jqueryui/images/ui-icons_8d78a5_256x240.png HTTP/1.1" 404 1089
192.168.10.89 - - [11/Sep/2017:11:22:00 -0300] "GET /cormun/static/Shared/jqueryui/images/ui-bg_flat_55_fafafa_40x100.png HTTP/1.1" 404 1097
192.168.10.89 - - [11/Sep/2017:11:22:04 -0300] "GET /cormun/servlet/trautorizarsolicitud? HTTP/1.1" 200 8561
190.151.100.218 - - [11/Sep/2017:11:22:10 -0300] "GET /cormun/servlet/solicitudotadjuntos?93b714b60fa53b585743ae63a43e1df34dd5d261d4d462b0c9e9d0c8cf05efc0,gx-no-cache=1505139766919 HTTP/1.1" 200 30
190.151.100.218 - - [11/Sep/2017:11:22:10 -0300] "GET /cormun/servlet/solicitudotadjuntos?93b714b60fa53b585743ae63a43e1df34dd5d261d4d462b0c9e9d0c8cf05efc0,gx-no-cache=1505139767326 HTTP/1.1" 200 30
190.151.100.218 - - [11/Sep/2017:11:22:11 -0300] "POST /cormun/servlet/solicitudotadjuntos?fc6fc66ec77b3d35137c53f8f7e06237,INS,2017,7373,,1, HTTP/1.1" 200 116
190.151.100.218 - - [11/Sep/2017:11:22:11 -0300] "GET /cormun/servlet/hpexe_return? HTTP/1.1" 200 1025
190.151.100.218 - - [11/Sep/2017:11:22:12 -0300] "GET /cormun/servlet/trsolicitudadjuntos?2017,7373, HTTP/1.1" 200 9026
186.103.132.155 - - [11/Sep/2017:11:22:13 -0300] "POST /cormun/servlet/trlicencias?01b80d049544310266a4aa0f33a84e89,gx-no-cache=1505139769299 HTTP/1.1" 200 10222
186.103.132.155 - - [11/Sep/2017:11:22:14 -0300] "GET /cormun/static/Shared/jqueryui/images/ui-bg_highlight-soft_100_c6c2c8_1x100.png HTTP/1.1" 404 1117
186.103.132.155 - - [11/Sep/2017:11:22:14 -0300] "GET /cormun/static/Shared/jqueryui/images/ui-icons_82798d_256x240.png HTTP/1.1" 404 1089
186.103.132.155 - - [11/Sep/2017:11:22:14 -0300] "GET /cormun/static/Shared/jqueryui/images/ui-icons_8d78a5_256x240.png HTTP/1.1" 404 1089
186.103.132.155 - - [11/Sep/2017:11:22:14 -0300] "GET /cormun/static/Shared/jqueryui/images/ui-bg_flat_55_fafafa_40x100.png HTTP/1.1" 404 1097
186.103.132.155 - - [11/Sep/2017:11:22:18 -0300] "GET /cormun/servlet/alicenciaprn?12778707,L,20170911000000,PU HTTP/1.1" 200 1541
190.151.100.218 - - [11/Sep/2017:11:22:18 -0300] "GET /cormun/servlet/trsolicitudadjuntos?2017,7373, HTTP/1.1" 200 9026
190.151.100.218 - - [11/Sep/2017:11:22:21 -0300] "GET /cormun/servlet/solicitudotadjuntos?INS,2017,7373,,1, HTTP/1.1" 200 6126
190.151.100.218 - - [11/Sep/2017:11:22:22 -0300] "GET /cormun/static/about:blank HTTP/1.1" 404 1011
190.151.100.218 - - [11/Sep/2017:11:22:22 -0300] "GET /cormun/servlet/solicitudotadjuntos?INS,2017,7373,,1, HTTP/1.1" 200 6119
186.103.132.155 - - [11/Sep/2017:11:22:23 -0300] "GET /cormun/servlet/solicitudotadjuntos?93b714b60fa53b585743ae63a43e1df351ac52e4795ed281c0a8fb35288431c85f558b8d7d99db749e2c0e0323ea1aed,gx-no-cache=1505139780207 HTTP/1.1" 200 30
186.103.132.155 - - [11/Sep/2017:11:22:23 -0300] "POST /cormun/servlet/solicitudotadjuntos?fc6fc66ec77b3d35137c53f8f7e06237,INS,2017,7373,,1,,gx-no-cache=1505139780332 HTTP/1.1" 200 3924
200.72.197.82 - - [11/Sep/2017:11:22:27 -0300] "POST /cormun/servlet/solicitudotadjuntos?gx-no-cache=1505139784305 HTTP/1.1" 200 26
192.168.10.89 - - [11/Sep/2017:11:22:29 -0300] "POST /cormun/servlet/trautorizarsolicitud?ce8aa9df8e0c8ed58975eb5824b92dad,,gx-no-cache=1505139711670 HTTP/1.1" 200 5530
192.168.10.89 - - [11/Sep/2017:11:22:29 -0300] "POST /cormun/servlet/trautorizarsolicitud?ce8aa9df8e0c8ed58975eb5824b92dad,,gx-no-cache=1505139711939 HTTP/1.1" 200 5475
192.168.10.89 - - [11/Sep/2017:11:22:29 -0300] "GET /cormun/static/Shared/jqueryui/images/ui-icons_82798d_256x240.png HTTP/1.1" 404 1089
192.168.10.89 - - [11/Sep/2017:11:22:29 -0300] "GET /cormun/static/Shared/jqueryui/images/ui-bg_highlight-soft_100_c6c2c8_1x100.png HTTP/1.1" 404 1117
192.168.10.89 - - [11/Sep/2017:11:22:29 -0300] "GET /cormun/static/Shared/jqueryui/images/ui-icons_8d78a5_256x240.png HTTP/1.1" 404 1089
192.168.10.89 - - [11/Sep/2017:11:22:29 -0300] "GET /cormun/static/Shared/jqueryui/images/ui-bg_flat_55_fafafa_40x100.png HTTP/1.1" 404 1097
192.168.10.89 - - [11/Sep/2017:11:22:30 -0300] "POST /cormun/servlet/trautorizarsolicitud?ce8aa9df8e0c8ed58975eb5824b92dad,,gx-no-cache=1505139713028 HTTP/1.1" 200 4402
192.168.10.89 - - [11/Sep/2017:11:22:30 -0300] "POST /cormun/servlet/trautorizarsolicitud?ce8aa9df8e0c8ed58975eb5824b92dad,,gx-no-cache=1505139713278 HTTP/1.1" 200 4178
186.103.161.206 - - [11/Sep/2017:11:23:05 -0300] "GET /cormun/servlet/solicitudotadjuntos?93b714b60fa53b585743ae63a43e1df34dd5d261d4d462b0c9e9d0c8cf05efc0,gx-no-cache=1505139822461 HTTP/1.1" 200 30
186.103.161.206 - - [11/Sep/2017:11:23:05 -0300] "GET /cormun/servlet/solicitudotadjuntos?93b714b60fa53b585743ae63a43e1df34dd5d261d4d462b0c9e9d0c8cf05efc0,gx-no-cache=1505139822842 HTTP/1.1" 200 30
186.103.161.206 - - [11/Sep/2017:11:23:06 -0300] "POST /cormun/servlet/solicitudotadjuntos?fc6fc66ec77b3d35137c53f8f7e06237,INS,2017,7373,,1, HTTP/1.1" 200 116
186.103.161.206 - - [11/Sep/2017:11:23:06 -0300] "GET /cormun/servlet/hpexe_return? HTTP/1.1" 200 1025
186.103.161.206 - - [11/Sep/2017:11:23:07 -0300] "GET /cormun/servlet/trsolicitudadjuntos?2017,7373, HTTP/1.1" 200 9244
186.103.161.206 - - [11/Sep/2017:11:23:08 -0300] "GET /cormun/servlet/trsolicitudadjuntos?2017,7373, HTTP/1.1" 200 9242
186.103.132.155 - - [11/Sep/2017:11:23:16 -0300] "GET /cormun/servlet/solicitudotadjuntos?INS,2017,7373,,1, HTTP/1.1" 200 6126
190.151.100.218 - - [11/Sep/2017:11:23:18 -0300] "GET /cormun/static/about:blank HTTP/1.1" 404 1011
192.168.10.89 - - [11/Sep/2017:11:23:27 -0300] "GET /cormun/servlet/trsolicitudot? HTTP/1.1" 200 8654
192.168.10.89 - - [11/Sep/2017:11:23:29 -0300] "POST /cormun/servlet/trsolicitudot?ce8aa9df8e0c8ed58975eb5824b92dad,,gx-no-cache=1505139772050 HTTP/1.1" 200 106
192.168.10.89 - - [11/Sep/2017:11:23:29 -0300] "GET /cormun/servlet/trsolicitudadjuntos?2017,7342, HTTP/1.1" 200 9397
192.168.10.89 - - [11/Sep/2017:11:23:33 -0300] "GET /cormun/PublicTempStorage/certificado_de_titulo2158529.pdf HTTP/1.1" 200 77880
192.168.10.89 - - [11/Sep/2017:11:23:47 -0300] "GET /cormun/servlet/trsolicitudadjuntos?2017,7342, HTTP/1.1" 200 9398
192.168.10.89 - - [11/Sep/2017:11:23:55 -0300] "GET /cormun/PublicTempStorage/curriculum7192345.pdf HTTP/1.1" 200 250668
186.103.159.204 - - [11/Sep/2017:11:24:56 -0300] "GET /cormun/servlet/hlogin HTTP/1.1" 200 1722
186.103.159.204 - - [11/Sep/2017:11:24:56 -0300] "GET /cormun/static/Resources/Spanish/PXTools.css?11423723 HTTP/1.1" 304 -
186.103.159.204 - - [11/Sep/2017:11:24:56 -0300] "GET /cormun/static/gxcfg.js?20175251213516 HTTP/1.1" 304 -
186.103.159.204 - - [11/Sep/2017:11:24:56 -0300] "GET /cormun/static/messages.spa.js?85251 HTTP/1.1" 304 -
186.103.159.204 - - [11/Sep/2017:11:24:56 -0300] "GET /cormun/static/hlogin.js?20175251213537 HTTP/1.1" 304 -
186.103.159.204 - - [11/Sep/2017:11:24:56 -0300] "GET /cormun/servlet/hlogin HTTP/1.1" 200 1733
186.103.159.204 - - [11/Sep/2017:11:25:08 -0300] "POST /cormun/servlet/hlogin?7dd02641f5c53288faea168cb2e7af49,gx-no-cache=1505139940506 HTTP/1.1" 200 90
186.103.159.204 - - [11/Sep/2017:11:25:08 -0300] "GET /cormun/servlet/hpexe_link HTTP/1.1" 200 954
186.103.159.204 - - [11/Sep/2017:11:25:08 -0300] "GET /cormun/static/Resources/Spanish/PXTools.css?1155365 HTTP/1.1" 304 -
186.103.159.204 - - [11/Sep/2017:11:25:08 -0300] "GET /cormun/static/gxcfg.js?20177612121792 HTTP/1.1" 304 -
186.103.159.204 - - [11/Sep/2017:11:25:08 -0300] "GET /cormun/static/hpexe_link.js?20177612121795 HTTP/1.1" 304 -
186.103.159.204 - - [11/Sep/2017:11:25:08 -0300] "GET /cormun/servlet/hhome HTTP/1.1" 200 4073
186.103.159.204 - - [11/Sep/2017:11:25:08 -0300] "GET /cormun/static/gxcfg.js?20175251212442 HTTP/1.1" 304 -
186.103.159.204 - - [11/Sep/2017:11:25:08 -0300] "GET /cormun/static/hhome.js?20175251212450 HTTP/1.1" 304 -
186.103.159.204 - - [11/Sep/2017:11:25:08 -0300] "GET /cormun/static/hwchdr01.js?201752511465785 HTTP/1.1" 304 -
186.103.159.204 - - [11/Sep/2017:11:25:08 -0300] "GET /cormun/static/hpexe_recentlink.js?20177611595044 HTTP/1.1" 304 -
186.103.159.204 - - [11/Sep/2017:11:25:08 -0300] "GET /cormun/static/hpexe_scripts.js?201752511465715 HTTP/1.1" 304 -
186.103.159.204 - - [11/Sep/2017:11:25:08 -0300] "GET /cormun/static/hpexe_messagecontroller.js?20177611595012 HTTP/1.1" 304 -
186.103.159.204 - - [11/Sep/2017:11:25:08 -0300] "GET /cormun/static/hpexe_messagegenexuscomponent.js?201752511465344 HTTP/1.1" 304 -
186.103.159.204 - - [11/Sep/2017:11:25:08 -0300] "GET /cormun/static/hpexe_messagepopupcomponent.js?20161017169425 HTTP/1.1" 304 -
186.103.159.204 - - [11/Sep/2017:11:25:08 -0300] "GET /cormun/static/cmcontrolpreferences.js?201752511465670 HTTP/1.1" 304 -
186.103.159.204 - - [11/Sep/2017:11:25:08 -0300] "GET /cormun/static/hmpwkw03.js?20177612122668 HTTP/1.1" 304 -
186.103.159.204 - - [11/Sep/2017:11:25:09 -0300] "GET /cormun/servlet/hhome HTTP/1.1" 200 4070
186.103.159.204 - - [11/Sep/2017:11:25:21 -0300] "GET /cormun/servlet/trlicencias? HTTP/1.1" 200 9174
186.103.159.204 - - [11/Sep/2017:11:25:21 -0300] "GET /cormun/static/gxcfg.js?20176272054169 HTTP/1.1" 304 -
186.103.159.204 - - [11/Sep/2017:11:25:22 -0300] "GET /cormun/servlet/trlicencias? HTTP/1.1" 200 9172
186.103.159.204 - - [11/Sep/2017:11:25:26 -0300] "GET /cormun/servlet/licenciaspermisos?INS,0,,, HTTP/1.1" 200 7603
186.103.159.204 - - [11/Sep/2017:11:25:26 -0300] "GET /cormun/static/gxcfg.js?201762917281167 HTTP/1.1" 200 953
186.103.159.204 - - [11/Sep/2017:11:25:26 -0300] "GET /cormun/static/licenciaspermisos.js?201762917281260 HTTP/1.1" 200 37491
192.168.10.89 - - [11/Sep/2017:11:25:27 -0300] "GET /cormun/servlet/trsolicitudadjuntos?2017,7342, HTTP/1.1" 200 9397
186.103.159.204 - - [11/Sep/2017:11:25:27 -0300] "GET /cormun/servlet/licenciaspermisos?INS,0,,, HTTP/1.1" 200 7611
186.103.159.204 - - [11/Sep/2017:11:25:41 -0300] "GET /cormun/servlet/licenciaspermisos?5cc5b4e8c6458022b85154e61caab8613ecf143db049d3e2c7c3bc3c1f6a74182fd3422cc563da20936e0b4b45cfeff1,gx-no-cache=1505139973845 HTTP/1.1" 200 185
186.103.159.204 - - [11/Sep/2017:11:25:41 -0300] "GET /cormun/static/Shared/jqueryui/images/ui-bg_highlight-soft_100_c6c2c8_1x100.png HTTP/1.1" 404 1117
186.103.159.204 - - [11/Sep/2017:11:25:41 -0300] "GET /cormun/static/Shared/jqueryui/images/ui-icons_82798d_256x240.png HTTP/1.1" 404 1089
186.103.159.204 - - [11/Sep/2017:11:25:41 -0300] "GET /cormun/static/Shared/jqueryui/images/ui-icons_ebccce_256x240.png HTTP/1.1" 404 1089
186.103.159.204 - - [11/Sep/2017:11:25:41 -0300] "GET /cormun/static/Shared/jqueryui/images/ui-bg_flat_55_994d53_40x100.png HTTP/1.1" 404 1097
192.168.10.89 - - [11/Sep/2017:11:25:41 -0300] "POST /cormun/servlet/trsolicitudadjuntos?ce8aa9df8e0c8ed58975eb5824b92dad,2017,7342,,gx-no-cache=1505139904528 HTTP/1.1" 200 90
192.168.10.89 - - [11/Sep/2017:11:25:41 -0300] "GET /cormun/servlet/hpexe_link HTTP/1.1" 200 965
192.168.10.89 - - [11/Sep/2017:11:25:42 -0300] "GET /cormun/servlet/trsolicitudot HTTP/1.1" 200 8655
186.103.159.204 - - [11/Sep/2017:11:25:44 -0300] "GET /cormun/servlet/prfichaempleado?,MD,,gxPopupLevel%3D0%3B HTTP/1.1" 200 9313
186.103.159.204 - - [11/Sep/2017:11:25:44 -0300] "GET /cormun/static/gxcfg.js?20177612134814 HTTP/1.1" 304 -
186.103.159.204 - - [11/Sep/2017:11:25:44 -0300] "GET /cormun/static/menusearch.js?201610171694467 HTTP/1.1" 304 -
186.103.159.204 - - [11/Sep/2017:11:25:44 -0300] "GET /cormun/static/hmpwkw011.js?20177612121862 HTTP/1.1" 304 -
186.103.161.206 - - [11/Sep/2017:11:25:51 -0300] "GET /cormun/servlet/hlogin HTTP/1.1" 200 1718
186.103.161.206 - - [11/Sep/2017:11:26:04 -0300] "POST /cormun/servlet/hlogin?fc6fc66ec77b3d35137c53f8f7e06237,gx-no-cache=1505140001635 HTTP/1.1" 200 90
186.103.161.206 - - [11/Sep/2017:11:26:05 -0300] "GET /cormun/servlet/hpexe_link HTTP/1.1" 200 976
186.103.161.206 - - [11/Sep/2017:11:26:05 -0300] "GET /cormun/servlet/solicitudotadjuntos?INS,2017,7373,,1, HTTP/1.1" 200 6120
186.103.161.206 - - [11/Sep/2017:11:26:05 -0300] "GET /cormun/static/about:blank HTTP/1.1" 404 1011
186.103.161.206 - - [11/Sep/2017:11:26:06 -0300] "GET /cormun/servlet/solicitudotadjuntos?INS,2017,7373,,1, HTTP/1.1" 200 6119
186.103.161.206 - - [11/Sep/2017:11:26:06 -0300] "GET /cormun/servlet/solicitudotadjuntos?93b714b60fa53b585743ae63a43e1df351ac52e4795ed281c0a8fb35288431c85f558b8d7d99db749e2c0e0323ea1aed,gx-no-cache=1505140003883 HTTP/1.1" 200 30
186.103.161.206 - - [11/Sep/2017:11:26:08 -0300] "POST /cormun/servlet/solicitudotadjuntos?fc6fc66ec77b3d35137c53f8f7e06237,INS,2017,7373,,1,,gx-no-cache=1505140005442 HTTP/1.1" 200 3914
192.168.10.89 - - [11/Sep/2017:11:26:11 -0300] "POST /cormun/servlet/trsolicitudot?ce8aa9df8e0c8ed58975eb5824b92dad,gx-no-cache=1505139934373 HTTP/1.1" 200 105
192.168.10.89 - - [11/Sep/2017:11:26:11 -0300] "GET /cormun/servlet/solicitudot?UPD,2017,7342, HTTP/1.1" 200 14644
192.168.10.89 - - [11/Sep/2017:11:26:12 -0300] "POST /cormun/servlet/solicitudot?gx-no-cache=1505139935565 HTTP/1.1" 200 3218
192.168.10.89 - - [11/Sep/2017:11:26:13 -0300] "POST /cormun/servlet/solicitudot?ce8aa9df8e0c8ed58975eb5824b92dad,UPD,2017,7342,,gx-no-cache=1505139935750 HTTP/1.1" 200 11226
192.168.10.89 - - [11/Sep/2017:11:26:13 -0300] "GET /cormun/servlet/solicitudot?7bfff9eb9b196b33842b6853d00b9a69b78513263243c81b4baa97456c1de6c3a40a924343e54bf6e5bc35c67c348832,gx-no-cache=1505139935954 HTTP/1.1" 200 30
192.168.10.89 - - [11/Sep/2017:11:26:13 -0300] "POST /cormun/servlet/solicitudot?gx-no-cache=1505139936002 HTTP/1.1" 200 295
192.168.10.89 - - [11/Sep/2017:11:26:13 -0300] "GET /cormun/servlet/solicitudot?7bfff9eb9b196b33842b6853d00b9a695ce25493d629b1e726f803b4e57d5fcb7b88458fe3b2a1aa7b7e054660f4dff209bd926486725ef2fbddbf949a89d928ca49c9d897a862487e3c8fa96093f8c461ad9d18b14d9972ad904472cf9d9003111c90d5e96c4cc314e419da3c2bf034c8279ad1abdf705705490615b21fa6ff406801b7b929456cd48f4deb6e5cbb12c33e5f03dd198dee8bb293a861b92c0559b1396fe2d359ed7661f43e9d646838fabeb14f0e343c219bf3d1e57d3b8fce80d4a4706f4ece6c68865615e01f1d3aadb64557568bb9dc1274f2d5b985ecc1e88e0b36c466ba60c6b3ba1a3cf9c863d4fc7f5f0b8d1b51e35d00b130faf82356f87939c5c9b68273b6d3a18f5bf58e81f3cb24d49930153b01f2aed579b4fc89a8555f627ec6fde7e4f0e2af0af5fc45d59fe7fa83c310f66518f4803471e6fda5e78ab514162f77511e4b8b73c9162c7d2ff320cf5266bbaaea8645d5ceb12ec28d7d43a5eb1c420b4e08ceca70820313a8f923972d827a215f8dd5647aa9651794dbf1c2adc6b917dc9a8cc4df4d,gx-no-cache=1505139936027 HTTP/1.1" 200 30
192.168.10.89 - - [11/Sep/2017:11:26:13 -0300] "POST /cormun/servlet/solicitudot?gx-no-cache=1505139936045 HTTP/1.1" 200 30
192.168.10.89 - - [11/Sep/2017:11:26:13 -0300] "POST /cormun/servlet/solicitudot?gx-no-cache=1505139936079 HTTP/1.1" 200 1355
192.168.10.89 - - [11/Sep/2017:11:26:13 -0300] "POST /cormun/servlet/solicitudot?gx-no-cache=1505139936167 HTTP/1.1" 200 41
192.168.10.89 - - [11/Sep/2017:11:26:17 -0300] "POST /cormun/servlet/solicitudot?ce8aa9df8e0c8ed58975eb5824b92dad,UPD,2017,7342,,gx-no-cache=1505139940031 HTTP/1.1" 200 93
192.168.10.89 - - [11/Sep/2017:11:26:17 -0300] "GET /cormun/servlet/hpexe_return? HTTP/1.1" 200 1010
192.168.10.89 - - [11/Sep/2017:11:26:17 -0300] "GET /cormun/servlet/trsolicitudot HTTP/1.1" 200 8655
192.168.10.89 - - [11/Sep/2017:11:26:23 -0300] "POST /cormun/servlet/trsolicitudot?ce8aa9df8e0c8ed58975eb5824b92dad,gx-no-cache=1505139945743 HTTP/1.1" 200 4576
192.168.10.89 - - [11/Sep/2017:11:26:23 -0300] "POST /cormun/servlet/trsolicitudot?ce8aa9df8e0c8ed58975eb5824b92dad,gx-no-cache=1505139945986 HTTP/1.1" 200 4352
192.168.10.89 - - [11/Sep/2017:11:26:26 -0300] "GET /cormun/servlet/solicitudot?INS,0,0, HTTP/1.1" 200 12909
192.168.10.89 - - [11/Sep/2017:11:26:29 -0300] "GET /cormun/servlet/prfichaempleado?,MD,,gxPopupLevel%3D0%3B HTTP/1.1" 200 9262
192.168.10.96 - - [11/Sep/2017:11:26:29 -0300] "GET /cormun/servlet/trsolicitudgral? HTTP/1.1" 200 10771
190.151.100.218 - - [11/Sep/2017:11:26:29 -0300] "GET /cormun/servlet/trsolicitudot? HTTP/1.1" 200 10197
192.168.10.96 - - [11/Sep/2017:11:26:29 -0300] "GET /cormun/servlet/trsolicitudgral? HTTP/1.1" 200 10771
186.103.159.204 - - [11/Sep/2017:11:26:31 -0300] "GET /cormun/servlet/licenciaspermisos?5cc5b4e8c6458022b85154e61caab8613bdd4ce656a095f731cb246c4474da7a2fd3422cc563da20936e0b4b45cfeff1,gx-no-cache=1505140023443 HTTP/1.1" 200 101
186.103.159.204 - - [11/Sep/2017:11:26:31 -0300] "POST /cormun/servlet/licenciaspermisos?7dd02641f5c53288faea168cb2e7af49,INS,0,,,,gx-no-cache=1505140023516 HTTP/1.1" 200 4780
190.151.100.218 - - [11/Sep/2017:11:26:31 -0300] "GET /cormun/servlet/trsolicitudot? HTTP/1.1" 200 10184
192.168.10.89 - - [11/Sep/2017:11:26:34 -0300] "POST /cormun/servlet/prfichaempleado?ce8aa9df8e0c8ed58975eb5824b92dad,,MD,,gxPopupLevel%3D0%3B,gx-no-cache=1505139957348 HTTP/1.1" 200 3191
192.168.10.89 - - [11/Sep/2017:11:26:39 -0300] "POST /cormun/servlet/prfichaempleado?ce8aa9df8e0c8ed58975eb5824b92dad,,MD,,gxPopupLevel%3D0%3B,gx-no-cache=1505139962284 HTTP/1.1" 200 3191
200.72.197.82 - - [11/Sep/2017:11:26:42 -0300] "POST /cormun/servlet/trsolicitudot?fc6fc66ec77b3d35137c53f8f7e06237,,gx-no-cache=1505140039149 HTTP/1.1" 200 106
200.72.197.82 - - [11/Sep/2017:11:26:42 -0300] "GET /cormun/servlet/trsolicitudadjuntos?2017,7373, HTTP/1.1" 200 9239
200.72.197.82 - - [11/Sep/2017:11:26:45 -0300] "GET /cormun/servlet/trsolicitudadjuntos?2017,7373, HTTP/1.1" 200 9240
192.168.10.89 - - [11/Sep/2017:11:26:45 -0300] "GET /cormun/servlet/prfichaempleado?,MD,,gxPopupLevel%3D0%3B HTTP/1.1" 200 9262
186.103.132.155 - - [11/Sep/2017:11:26:48 -0300] "GET /cormun/servlet/solicitudotadjuntos?INS,2017,7373,,1, HTTP/1.1" 200 6126
186.103.132.155 - - [11/Sep/2017:11:26:49 -0300] "GET /cormun/static/about:blank HTTP/1.1" 404 1011
186.103.132.155 - - [11/Sep/2017:11:26:50 -0300] "GET /cormun/servlet/solicitudotadjuntos?INS,2017,7373,,1, HTTP/1.1" 200 6119
186.103.132.155 - - [11/Sep/2017:11:26:50 -0300] "GET /cormun/servlet/solicitudotadjuntos?93b714b60fa53b585743ae63a43e1df351ac52e4795ed281c0a8fb35288431c85f558b8d7d99db749e2c0e0323ea1aed,gx-no-cache=1505140047885 HTTP/1.1" 200 30
186.103.132.155 - - [11/Sep/2017:11:26:51 -0300] "POST /cormun/servlet/solicitudotadjuntos?fc6fc66ec77b3d35137c53f8f7e06237,INS,2017,7373,,1,,gx-no-cache=1505140047965 HTTP/1.1" 200 3925
192.168.10.89 - - [11/Sep/2017:11:26:51 -0300] "POST /cormun/servlet/prfichaempleado?ce8aa9df8e0c8ed58975eb5824b92dad,,MD,,gxPopupLevel%3D0%3B,gx-no-cache=1505139974064 HTTP/1.1" 200 3191
200.72.197.82 - - [11/Sep/2017:11:26:56 -0300] "POST /cormun/servlet/solicitudotadjuntos?gx-no-cache=1505140053364 HTTP/1.1" 200 26
192.168.10.89 - - [11/Sep/2017:11:27:05 -0300] "POST /cormun/servlet/solicitudot?gx-no-cache=1505139988103 HTTP/1.1" 200 3215
192.168.10.89 - - [11/Sep/2017:11:27:05 -0300] "POST /cormun/servlet/solicitudot?ce8aa9df8e0c8ed58975eb5824b92dad,INS,0,0,,gx-no-cache=1505139988304 HTTP/1.1" 200 10068
186.103.161.206 - - [11/Sep/2017:11:27:18 -0300] "GET /cormun/servlet/solicitudotadjuntos?93b714b60fa53b585743ae63a43e1df34dd5d261d4d462b0c9e9d0c8cf05efc0,gx-no-cache=1505140075752 HTTP/1.1" 200 30
186.103.161.206 - - [11/Sep/2017:11:27:18 -0300] "GET /cormun/servlet/solicitudotadjuntos?93b714b60fa53b585743ae63a43e1df34dd5d261d4d462b0c9e9d0c8cf05efc0,gx-no-cache=1505140075872 HTTP/1.1" 200 30
192.168.10.89 - - [11/Sep/2017:11:27:20 -0300] "GET /cormun/servlet/solicitudot?7bfff9eb9b196b33842b6853d00b9a69b78513263243c81b4baa97456c1de6c379475353f7656003eeb923169e5d2eee,gx-no-cache=1505140002842 HTTP/1.1" 200 30
192.168.10.89 - - [11/Sep/2017:11:27:22 -0300] "POST /cormun/servlet/solicitudot?gx-no-cache=1505140004890 HTTP/1.1" 200 240
192.168.10.89 - - [11/Sep/2017:11:27:22 -0300] "GET /cormun/servlet/solicitudot?7bfff9eb9b196b33842b6853d00b9a695ce25493d629b1e726f803b4e57d5fcb0b1b8587e7fe8264ba66c024255f837109bd926486725ef2fbddbf949a89d928ca49c9d897a862487e3c8fa96093f8c461ad9d18b14d9972ad904472cf9d9003111c90d5e96c4cc314e419da3c2bf034c8279ad1abdf705705490615b21fa6ff406801b7b929456cd48f4deb6e5cbb12c33e5f03dd198dee8bb293a861b92c0559b1396fe2d359ed7661f43e9d646838fabeb14f0e343c219bf3d1e57d3b8fce80d4a4706f4ece6c68865615e01f1d3aadb64557568bb9dc1274f2d5b985ecc1e88e0b36c466ba60c6b3ba1a3cf9c863476955f1377f6a6ef87b2af03dba8cac56f87939c5c9b68273b6d3a18f5bf58e81f3cb24d49930153b01f2aed579b4fc89a8555f627ec6fde7e4f0e2af0af5fc45d59fe7fa83c310f66518f4803471e672cc03c3e5f43577ed76fc73c4aea1f7e746d222875f17086fb1e48552443aa4b8528d3db4cbfc74ce3a13153a163f41e7ead1c1cd82736a0af8c0ebb74b1cce,gx-no-cache=1505140004923 HTTP/1.1" 200 30
186.103.159.204 - - [11/Sep/2017:11:27:23 -0300] "GET /cormun/static/menuarrow.gif HTTP/1.1" 404 1015
192.168.10.89 - - [11/Sep/2017:11:27:24 -0300] "POST /cormun/servlet/solicitudot?gx-no-cache=1505140006687 HTTP/1.1" 200 30
186.103.161.206 - - [11/Sep/2017:11:27:25 -0300] "POST /cormun/servlet/solicitudotadjuntos?fc6fc66ec77b3d35137c53f8f7e06237,INS,2017,7373,,1, HTTP/1.1" 200 116
186.103.161.206 - - [11/Sep/2017:11:27:25 -0300] "GET /cormun/servlet/hpexe_return? HTTP/1.1" 200 1025
186.103.161.206 - - [11/Sep/2017:11:27:25 -0300] "GET /cormun/servlet/trsolicitudadjuntos?2017,7373, HTTP/1.1" 200 9468
192.168.10.89 - - [11/Sep/2017:11:27:26 -0300] "GET /cormun/servlet/prfichaempleado?,MD,,gxPopupLevel%3D0%3B HTTP/1.1" 200 9262
186.103.161.206 - - [11/Sep/2017:11:27:27 -0300] "GET /cormun/servlet/trsolicitudadjuntos?2017,7373, HTTP/1.1" 200 9470
192.168.10.89 - - [11/Sep/2017:11:27:32 -0300] "POST /cormun/servlet/prfichaempleado?ce8aa9df8e0c8ed58975eb5824b92dad,,MD,,gxPopupLevel%3D0%3B,gx-no-cache=1505140015253 HTTP/1.1" 200 3489
192.168.10.89 - - [11/Sep/2017:11:27:36 -0300] "POST /cormun/servlet/solicitudot?gx-no-cache=1505140018684 HTTP/1.1" 200 1355
190.151.100.218 - - [11/Sep/2017:11:27:52 -0300] "GET /cormun/servlet/solicitudotadjuntos?INS,2017,7373,,1, HTTP/1.1" 200 6126
190.151.100.218 - - [11/Sep/2017:11:27:53 -0300] "GET /cormun/servlet/solicitudotadjuntos?INS,2017,7373,,1, HTTP/1.1" 200 6119
192.168.10.89 - - [11/Sep/2017:11:27:53 -0300] "GET /cormun/servlet/prlicenciaspermisos?8937194,L,,MD,,gxPopupLevel%3D0%3B HTTP/1.1" 200 6246
192.168.10.89 - - [11/Sep/2017:11:27:53 -0300] "GET /cormun/static/gxcfg.js?20176272053834 HTTP/1.1" 200 953
192.168.10.89 - - [11/Sep/2017:11:27:53 -0300] "GET /cormun/static/prlicenciaspermisos.js?20176272054050 HTTP/1.1" 304 -
190.151.100.218 - - [11/Sep/2017:11:27:53 -0300] "GET /cormun/servlet/solicitudotadjuntos?93b714b60fa53b585743ae63a43e1df351ac52e4795ed281c0a8fb35288431c85f558b8d7d99db749e2c0e0323ea1aed,gx-no-cache=1505140110664 HTTP/1.1" 200 30
190.151.100.218 - - [11/Sep/2017:11:27:53 -0300] "POST /cormun/servlet/solicitudotadjuntos?fc6fc66ec77b3d35137c53f8f7e06237,INS,2017,7373,,1,,gx-no-cache=1505140110759 HTTP/1.1" 200 3924
186.103.132.155 - - [11/Sep/2017:11:27:57 -0300] "GET /cormun/servlet/trsolicitudadjuntos?2017,7373, HTTP/1.1" 200 9468
192.168.10.89 - - [11/Sep/2017:11:27:58 -0300] "POST /cormun/servlet/solicitudot?gx-no-cache=1505140041646 HTTP/1.1" 200 41
186.103.132.155 - - [11/Sep/2017:11:27:59 -0300] "GET /cormun/servlet/trsolicitudadjuntos?2017,7373, HTTP/1.1" 200 9470
192.168.10.96 - - [11/Sep/2017:11:28:00 -0300] "POST /cormun/servlet/trsolicitudgral?7f58806d8f018c61520eca81b4a90264,,gx-no-cache=1505140042629 HTTP/1.1" 200 7548
192.168.10.96 - - [11/Sep/2017:11:28:02 -0300] "GET /cormun/servlet/vesolicitudgral?2017,7373,, HTTP/1.1" 200 8927
192.168.10.96 - - [11/Sep/2017:11:28:02 -0300] "GET /cormun/pexe_scrolldiv.js HTTP/1.1" 404 1009
192.168.10.96 - - [11/Sep/2017:11:28:02 -0300] "GET /cormun/pexe_scrolldiv.js HTTP/1.1" 404 1009
192.168.10.96 - - [11/Sep/2017:11:28:02 -0300] "GET /cormun/servlet/vesolicitudgral?2017,7373,, HTTP/1.1" 200 8926
186.103.132.155 - - [11/Sep/2017:11:28:02 -0300] "GET /cormun/servlet/trsolicitudot? HTTP/1.1" 200 10197
186.103.132.155 - - [11/Sep/2017:11:28:03 -0300] "GET /cormun/servlet/trsolicitudot? HTTP/1.1" 200 10184
192.168.10.96 - - [11/Sep/2017:11:28:03 -0300] "GET /cormun/servlet/vesolicitudgral?2017,7373,,SolicitudOTAdjuntos HTTP/1.1" 200 10868
192.168.10.96 - - [11/Sep/2017:11:28:03 -0300] "GET /cormun/pexe_scrolldiv.js HTTP/1.1" 404 1009
192.168.10.96 - - [11/Sep/2017:11:28:04 -0300] "GET /cormun/pexe_scrolldiv.js HTTP/1.1" 404 1009
192.168.10.96 - - [11/Sep/2017:11:28:04 -0300] "GET /cormun/servlet/vesolicitudgral?2017,7373,,SolicitudOTAdjuntos HTTP/1.1" 200 10868
192.168.10.96 - - [11/Sep/2017:11:28:05 -0300] "POST /cormun/servlet/acontrolpreferencessavestate?None,DZAMUDIO,true HTTP/1.1" 200 35
192.168.10.96 - - [11/Sep/2017:11:28:06 -0300] "POST /cormun/servlet/vesolicitudgral?7f58806d8f018c61520eca81b4a90264,2017,7373,,SolicitudOTAdjuntos,gx-no-cache=1505140049013 HTTP/1.1" 200 90
192.168.10.96 - - [11/Sep/2017:11:28:06 -0300] "GET /cormun/servlet/hpexe_link HTTP/1.1" 200 979
192.168.10.96 - - [11/Sep/2017:11:28:06 -0300] "GET /cormun/servlet/trsolicitudgral? HTTP/1.1" 200 10772
192.168.10.96 - - [11/Sep/2017:11:28:06 -0300] "GET /cormun/servlet/trsolicitudgral? HTTP/1.1" 200 10771
190.151.100.218 - - [11/Sep/2017:11:28:12 -0300] "POST /cormun/servlet/trsolicitudot?fc6fc66ec77b3d35137c53f8f7e06237,,gx-no-cache=1505140129503 HTTP/1.1" 200 7360
190.151.100.218 - - [11/Sep/2017:11:28:13 -0300] "GET /cormun/static/Shared/jqueryui/images/ui-bg_highlight-soft_100_c6c2c8_1x100.png HTTP/1.1" 404 1117
186.103.161.206 - - [11/Sep/2017:11:28:13 -0300] "GET /cormun/static/Shared/jqueryui/images/ui-icons_82798d_256x240.png HTTP/1.1" 404 1089
200.72.197.82 - - [11/Sep/2017:11:28:13 -0300] "GET /cormun/static/Shared/jqueryui/images/ui-bg_flat_55_fafafa_40x100.png HTTP/1.1" 404 1097
200.72.197.82 - - [11/Sep/2017:11:28:13 -0300] "GET /cormun/static/Shared/jqueryui/images/ui-icons_8d78a5_256x240.png HTTP/1.1" 404 1089
186.103.132.155 - - [11/Sep/2017:11:28:13 -0300] "POST /cormun/servlet/trsolicitudot?fc6fc66ec77b3d35137c53f8f7e06237,,gx-no-cache=1505140130167 HTTP/1.1" 200 7303
192.168.10.96 - - [11/Sep/2017:11:28:20 -0300] "POST /cormun/servlet/trsolicitudgral?7f58806d8f018c61520eca81b4a90264,,gx-no-cache=1505140062859 HTTP/1.1" 200 7135
190.151.100.218 - - [11/Sep/2017:11:28:24 -0300] "POST /cormun/servlet/trsolicitudot?fc6fc66ec77b3d35137c53f8f7e06237,,gx-no-cache=1505140135718 HTTP/1.1" 200 7406
192.168.10.96 - - [11/Sep/2017:11:28:25 -0300] "POST /cormun/servlet/trsolicitudgral?7f58806d8f018c61520eca81b4a90264,,gx-no-cache=1505140068483 HTTP/1.1" 200 7137
192.168.10.96 - - [11/Sep/2017:11:28:26 -0300] "POST /cormun/servlet/trsolicitudgral?7f58806d8f018c61520eca81b4a90264,,gx-no-cache=1505140069153 HTTP/1.1" 200 7136
192.168.10.96 - - [11/Sep/2017:11:28:29 -0300] "POST /cormun/servlet/trsolicitudgral?7f58806d8f018c61520eca81b4a90264,,gx-no-cache=1505140071698 HTTP/1.1" 200 7137
192.168.10.96 - - [11/Sep/2017:11:28:32 -0300] "POST /cormun/servlet/trsolicitudgral?7f58806d8f018c61520eca81b4a90264,,gx-no-cache=1505140074642 HTTP/1.1" 200 7173
192.168.10.96 - - [11/Sep/2017:11:28:35 -0300] "POST /cormun/servlet/trsolicitudgral?7f58806d8f018c61520eca81b4a90264,,gx-no-cache=1505140078276 HTTP/1.1" 200 7137
192.168.10.96 - - [11/Sep/2017:11:28:45 -0300] "POST /cormun/servlet/trsolicitudgral?7f58806d8f018c61520eca81b4a90264,,gx-no-cache=1505140088354 HTTP/1.1" 200 7137
192.168.10.96 - - [11/Sep/2017:11:28:50 -0300] "POST /cormun/servlet/trsolicitudgral?7f58806d8f018c61520eca81b4a90264,,gx-no-cache=1505140093299 HTTP/1.1" 200 7173
192.168.10.96 - - [11/Sep/2017:11:28:52 -0300] "GET /cormun/servlet/vesolicitudgral?2017,7374,, HTTP/1.1" 200 8945
192.168.10.96 - - [11/Sep/2017:11:28:52 -0300] "GET /cormun/pexe_scrolldiv.js HTTP/1.1" 404 1009
192.168.10.96 - - [11/Sep/2017:11:28:52 -0300] "GET /cormun/pexe_scrolldiv.js HTTP/1.1" 404 1009
192.168.10.96 - - [11/Sep/2017:11:28:52 -0300] "GET /cormun/servlet/vesolicitudgral?2017,7374,, HTTP/1.1" 200 8945
192.168.10.96 - - [11/Sep/2017:11:28:54 -0300] "GET /cormun/servlet/vesolicitudgral?2017,7374,,SolicitudOTAdjuntos HTTP/1.1" 200 10822
192.168.10.96 - - [11/Sep/2017:11:28:54 -0300] "GET /cormun/pexe_scrolldiv.js HTTP/1.1" 404 1009
192.168.10.96 - - [11/Sep/2017:11:28:54 -0300] "GET /cormun/pexe_scrolldiv.js HTTP/1.1" 404 1009
192.168.10.96 - - [11/Sep/2017:11:28:54 -0300] "GET /cormun/servlet/vesolicitudgral?2017,7374,,SolicitudOTAdjuntos HTTP/1.1" 200 10820
192.168.10.96 - - [11/Sep/2017:11:28:55 -0300] "POST /cormun/servlet/acontrolpreferencessavestate?None,DZAMUDIO,true HTTP/1.1" 200 35
192.168.10.96 - - [11/Sep/2017:11:28:58 -0300] "GET /cormun/PublicTempStorage/karla_dinares_fonasa1120866.pdf HTTP/1.1" 200 436200
192.168.10.96 - - [11/Sep/2017:11:29:03 -0300] "GET /cormun/servlet/vesolicitudgral?2017,7374,,SolicitudOTAdjuntos HTTP/1.1" 200 10821
192.168.10.96 - - [11/Sep/2017:11:29:04 -0300] "GET /cormun/servlet/vesolicitudgral?2017,7374,,SolicitudOTAdjuntos HTTP/1.1" 200 10822
192.168.10.96 - - [11/Sep/2017:11:29:04 -0300] "POST /cormun/servlet/acontrolpreferencessavestate?None,DZAMUDIO,true HTTP/1.1" 200 35
192.168.10.96 - - [11/Sep/2017:11:29:06 -0300] "GET /cormun/servlet/trsolicitudgral? HTTP/1.1" 200 10399
192.168.10.96 - - [11/Sep/2017:11:29:07 -0300] "GET /cormun/servlet/trsolicitudgral? HTTP/1.1" 200 10393
192.168.10.96 - - [11/Sep/2017:11:29:08 -0300] "GET /cormun/servlet/hlogin HTTP/1.1" 200 1739
192.168.10.96 - - [11/Sep/2017:11:29:16 -0300] "POST /cormun/servlet/hlogin?7f58806d8f018c61520eca81b4a90264,gx-no-cache=1505140119026 HTTP/1.1" 200 90
192.168.10.96 - - [11/Sep/2017:11:29:16 -0300] "GET /cormun/servlet/hpexe_link HTTP/1.1" 200 953
192.168.10.96 - - [11/Sep/2017:11:29:16 -0300] "GET /cormun/servlet/hhome HTTP/1.1" 200 4086
192.168.10.96 - - [11/Sep/2017:11:29:16 -0300] "GET /cormun/servlet/hhome HTTP/1.1" 200 4082
192.168.10.89 - - [11/Sep/2017:11:29:18 -0300] "GET /cormun/servlet/solicitudot?7bfff9eb9b196b33842b6853d00b9a6922e25cf238963aff39a1b0b8f7748c28b130b01f37ac6dd2d34a261c69ee079bb0e18b6be73dfc83832a88fd65597d7937f0af9490645e486386002d4516b951202add887638c8e310fc93e8ec24f5dd0e5cc523586cb01be965a5d06c57bdbf4bffeedbcc9f60a163ce92add3de65b56468d914f2495805bc5106b7e5de8ce6d734e36e41c316d4fafcd57dc39bd972,gx-no-cache=1505140121051 HTTP/1.1" 200 29
192.168.10.89 - - [11/Sep/2017:11:29:18 -0300] "POST /cormun/servlet/solicitudot?gx-no-cache=1505140121084 HTTP/1.1" 200 1337
192.168.10.96 - - [11/Sep/2017:11:29:19 -0300] "GET /cormun/servlet/trsolicitudot? HTTP/1.1" 200 10192
192.168.10.96 - - [11/Sep/2017:11:29:19 -0300] "GET /cormun/static/gxcfg.js?20177612135780 HTTP/1.1" 304 -
192.168.10.96 - - [11/Sep/2017:11:29:19 -0300] "GET /cormun/servlet/trsolicitudot? HTTP/1.1" 200 10192
192.168.10.96 - - [11/Sep/2017:11:29:24 -0300] "POST /cormun/servlet/trsolicitudot?7f58806d8f018c61520eca81b4a90264,,gx-no-cache=1505140126731 HTTP/1.1" 200 5807
192.168.10.89 - - [11/Sep/2017:11:29:24 -0300] "GET /cormun/servlet/solicitudot?7bfff9eb9b196b33842b6853d00b9a69295caec0165f2753789d118cc1cc9184e4a670d08de8f08a18dace96e43df915,gx-no-cache=1505140127426 HTTP/1.1" 200 30
192.168.10.89 - - [11/Sep/2017:11:29:25 -0300] "POST /cormun/servlet/solicitudot?gx-no-cache=1505140127757 HTTP/1.1" 200 120
192.168.10.89 - - [11/Sep/2017:11:29:25 -0300] "GET /cormun/static/Shared/jqueryui/images/ui-bg_flat_55_994d53_40x100.png HTTP/1.1" 404 1097
192.168.10.89 - - [11/Sep/2017:11:29:25 -0300] "GET /cormun/static/Shared/jqueryui/images/ui-icons_ebccce_256x240.png HTTP/1.1" 404 1089
192.168.10.89 - - [11/Sep/2017:11:29:25 -0300] "GET /cormun/static/Shared/jqueryui/images/ui-icons_82798d_256x240.png HTTP/1.1" 404 1089
