186.103.159.188 - - [08/Sep/2017:11:18:27 -0300] "GET /cormun/servlet/hlogin HTTP/1.1" 200 1723
186.103.159.188 - - [08/Sep/2017:11:18:27 -0300] "GET /cormun/static/gxcfg.js?20175251213516 HTTP/1.1" 304 -
200.112.4.37 - - [08/Sep/2017:11:18:27 -0300] "POST /cormun/servlet/solicitudot?bb80dcc7cfe18112b5ec3ec0f7efc7bd,UPD,2017,7367,,gx-no-cache=1504880345173 HTTP/1.1" 200 11025
186.103.159.188 - - [08/Sep/2017:11:18:27 -0300] "GET /cormun/static/messages.spa.js?85251 HTTP/1.1" 304 -
200.112.4.37 - - [08/Sep/2017:11:18:27 -0300] "GET /cormun/servlet/solicitudot?c3a63a6de0f8fe3f89c341a9081e3b67b68339ebfaeca000bd9ecd130697bcee9c6a555f7f8d73ce13a737dd7a941b62,gx-no-cache=1504880345710 HTTP/1.1" 200 30
200.112.4.37 - - [08/Sep/2017:11:18:28 -0300] "POST /cormun/servlet/solicitudot?gx-no-cache=1504880345826 HTTP/1.1" 200 254
200.112.4.37 - - [08/Sep/2017:11:18:28 -0300] "GET /cormun/servlet/solicitudot?c3a63a6de0f8fe3f89c341a9081e3b672a2116549fabe72a23a4dd8cb23c7ab6c3289decbdb92107e5c92c378518d5db297cd1ba0439717f09cc20b7f2e76bebad2f1d84ff28a5549eaf17d61091d98d891e4e2b9739aa4e78ddfeb7b608e4f44e1673e2c7bbf121aa6bfa477cae16595ac0b928da722e60f39c77ffe0dacd89be085c642f267b7989960c8c93eba84c139e4b7e55fb1d7fbf3b4016b8d3ebe75772573e022374582d30fef7910ef8e61ac6869bc616732e67472fc5148445656e3450308488fbfc0ce9f76c9d90b697f5a1b80a776ff24d43e497dbab1ab50d9ef76c2399aa9fdd5b120d39f18a47acf8ad1d4c30f9098b16c927db7a764723af6e03e63706a57677161f547e9ac3c0ea9c8fbbd6a853a840c2ebaf9d408368be9423d92fbedc901125ddb57f20f33e04def377785047940c87391d40d089eb5d7a6eeddeb40cb77c4bcbd19d7b62c4a4e7d864ac5a202cfa34164ff955dbb716223f03f4edcbf004c4b03e1f9ee22be4b2072394a9c29c7ca1978e6b628456,gx-no-cache=1504880345955 HTTP/1.1" 200 30
200.112.4.37 - - [08/Sep/2017:11:18:28 -0300] "POST /cormun/servlet/solicitudot?gx-no-cache=1504880346050 HTTP/1.1" 200 30
200.112.4.37 - - [08/Sep/2017:11:18:28 -0300] "POST /cormun/servlet/solicitudot?gx-no-cache=1504880346187 HTTP/1.1" 200 1354
200.112.4.37 - - [08/Sep/2017:11:18:28 -0300] "POST /cormun/servlet/solicitudot?gx-no-cache=1504880346434 HTTP/1.1" 200 41
186.103.159.188 - - [08/Sep/2017:11:18:29 -0300] "POST /cormun/servlet/hlogin?84739ef26ab448d009db897f4d7ab16a,gx-no-cache=1504880346528 HTTP/1.1" 200 90
186.103.159.188 - - [08/Sep/2017:11:18:29 -0300] "GET /cormun/servlet/hpexe_link HTTP/1.1" 200 949
186.103.159.188 - - [08/Sep/2017:11:18:29 -0300] "GET /cormun/static/gxcfg.js?20177612121792 HTTP/1.1" 304 -
186.103.159.188 - - [08/Sep/2017:11:18:30 -0300] "GET /cormun/servlet/hhome HTTP/1.1" 200 3838
192.168.10.96 - - [08/Sep/2017:11:18:30 -0300] "GET /cormun/servlet/solicitudgral?UPD,2017,7367, HTTP/1.1" 200 12372
186.103.159.188 - - [08/Sep/2017:11:18:30 -0300] "GET /cormun/static/gxcfg.js?20175251212442 HTTP/1.1" 304 -
192.168.10.96 - - [08/Sep/2017:11:18:30 -0300] "GET /cormun/static/gxcfg.js?20176272140328 HTTP/1.1" 200 953
192.168.10.96 - - [08/Sep/2017:11:18:30 -0300] "GET /cormun/static/solicitudgral.js?20176272140394 HTTP/1.1" 200 38387
192.168.10.96 - - [08/Sep/2017:11:18:30 -0300] "GET /cormun/servlet/solicitudgral?UPD,2017,7367, HTTP/1.1" 200 12382
186.103.159.188 - - [08/Sep/2017:11:18:30 -0300] "GET /cormun/servlet/hhome HTTP/1.1" 200 3835
192.168.10.96 - - [08/Sep/2017:11:18:31 -0300] "POST /cormun/servlet/solicitudgral?gx-no-cache=1504880274749 HTTP/1.1" 200 3203
192.168.10.96 - - [08/Sep/2017:11:18:31 -0300] "GET /cormun/servlet/solicitudgral?6e3377c8fc5de1144fe03de232e3c38d85e93bf34afd592fca78f6542b5052b54c57dd9cee7decd291e964b46a52dce8a3ff39bcaf0b26a4443a90ece863ed778b584fd3325637b945e9b60fcf5c0623197c1c6193ceea95d7dd6bda25cad253b6e9f817dc4b00b3fe9b03f6cf60e23e6fd3793a21361e238ea3ae6c8b5d651dea07d904536f78b2cc30e9da3973cac3d3e0cb2229391457e002421e110ec3364ded7d5301908552edec51c9cf1328a8b3c41fa4e2be964086c93eb144b075c5046cd35f0e2c954f49fd4aeb0ab839f4a0dfe4aa3fe5891175eb0e0295a624ef936296687bbbad228ce647cb9a70ab28a5794401bc845984aa064bbeaa545f413c4a7d5f859b31781f8ca30ce5bdaaabe3f2dda1b8ac22bd197d3d0c568a2f3763982d272c5bb2ae6d6cee6801dc4cab99617e0599f4e07aacacc42062abaa31548c251e530d672cf28ce928870060d1,gx-no-cache=1504880274894 HTTP/1.1" 200 257
186.103.159.188 - - [08/Sep/2017:11:18:33 -0300] "GET /cormun/servlet/trlicencias? HTTP/1.1" 200 14023
186.103.159.188 - - [08/Sep/2017:11:18:34 -0300] "GET /cormun/static/gxcfg.js?20176272054169 HTTP/1.1" 304 -
186.103.159.188 - - [08/Sep/2017:11:18:34 -0300] "GET /cormun/servlet/trlicencias? HTTP/1.1" 200 14020
200.112.4.37 - - [08/Sep/2017:11:18:40 -0300] "GET /cormun/servlet/solicitudot?c3a63a6de0f8fe3f89c341a9081e3b6746ad34e091bffe6f056687235001d82c01f8b1b0afa8e71edabda55284323f9e0bc0dc047e36cc3b283b41e325ce800fd3a70d74346985b389d69a1b3877c44b8d2a2dc165843f6ab7c8d69752a59c41deba2cfbf811f21bec939b84cef94ea83b9c7970be5cc4eec30983e12d500c5e5bc7ba94c915899a3610b6a48caf7fb78ea885ab33cba814e8c05c7db90e2795,gx-no-cache=1504880358352 HTTP/1.1" 200 29
200.112.4.37 - - [08/Sep/2017:11:18:40 -0300] "POST /cormun/servlet/solicitudot?gx-no-cache=1504880358449 HTTP/1.1" 200 1335
200.112.4.37 - - [08/Sep/2017:11:18:40 -0300] "GET /cormun/servlet/solicitudot?c3a63a6de0f8fe3f89c341a9081e3b6792cf72187a6346c9142a8d95e253fa02a21ab460fa3f519e5d0842f2956ec0f6,gx-no-cache=1504880358634 HTTP/1.1" 200 30
200.112.4.37 - - [08/Sep/2017:11:18:40 -0300] "POST /cormun/servlet/solicitudot?gx-no-cache=1504880358711 HTTP/1.1" 200 30
186.103.159.188 - - [08/Sep/2017:11:18:46 -0300] "GET /cormun/servlet/alicenciaprn?11401580,L,20170903000000,PU HTTP/1.1" 200 1556
186.103.157.42 - - [08/Sep/2017:11:18:55 -0300] "GET /cormun/servlet/licenciaspermisos?b8a83683cdeed183ccc28a2e6dfa8739bf411402382edb3835d66592e0f7db87b74e97bcdd2189a2746afaf3adebfcf79b49216d05307f1ea04691d874da738066059bee920185ac287989ef190e08999d0617d3bb2eaa3a804e60363da76f1dfe4af866164c9edb4848db8de594bd58c0323493378954a7cca45bc93867dc8e97b12ddc41cf2d0a0f051fb2e5a16133ff14b63dc7adf845bd65eec3ee3b17bc96f1295df6b2903bef3ef1fb4f29663d,gx-no-cache=1504880379602 HTTP/1.1" 200 30
186.103.157.42 - - [08/Sep/2017:11:18:55 -0300] "GET /cormun/servlet/licenciaspermisos?b8a83683cdeed183ccc28a2e6dfa8739e7507b8618f29c3fd4a7f1d954e7c1252b470d7117d2bdb0be4656cf846b9f964f534d2e3f1dcc4bab6de3638371f864c1db70588b53227108f76aaec13a005370956054acf442e58611120a66580394d4576fc333de4cd372088bfbeae88305aeac2ee1ea50d0d25825ba5601ab71412843cb5db654dc0826a38ce2a464284151b0ceeba344ed13c6aa8eee44cc7da1d13e576cf303a1e217fbce7438f6f97d,gx-no-cache=1504880379690 HTTP/1.1" 200 29
186.103.157.42 - - [08/Sep/2017:11:18:55 -0300] "POST /cormun/servlet/licenciaspermisos?ac0a7b96ff48cd769c7ce221daa28c88,INS,0,,,,gx-no-cache=1504880379725 HTTP/1.1" 200 93
186.103.157.42 - - [08/Sep/2017:11:18:55 -0300] "GET /cormun/servlet/hpexe_return? HTTP/1.1" 200 1005
186.103.157.42 - - [08/Sep/2017:11:18:55 -0300] "GET /cormun/static/gxcfg.js?2016101716175148 HTTP/1.1" 304 -
186.103.157.42 - - [08/Sep/2017:11:18:56 -0300] "GET /cormun/servlet/trlicencias HTTP/1.1" 200 10780
186.103.157.42 - - [08/Sep/2017:11:18:56 -0300] "GET /cormun/servlet/trlicencias HTTP/1.1" 200 10775
192.168.10.96 - - [08/Sep/2017:11:19:01 -0300] "GET /cormun/servlet/trsolicitudgral? HTTP/1.1" 200 10758
192.168.10.96 - - [08/Sep/2017:11:19:02 -0300] "GET /cormun/servlet/trsolicitudgral? HTTP/1.1" 200 10758
200.112.4.37 - - [08/Sep/2017:11:19:02 -0300] "POST /cormun/servlet/solicitudot?bb80dcc7cfe18112b5ec3ec0f7efc7bd,UPD,2017,7367,,gx-no-cache=1504880379941 HTTP/1.1" 200 93
200.112.4.37 - - [08/Sep/2017:11:19:02 -0300] "GET /cormun/servlet/hpexe_return? HTTP/1.1" 200 1016
200.112.4.37 - - [08/Sep/2017:11:19:03 -0300] "GET /cormun/servlet/trsolicitudot HTTP/1.1" 200 10156
200.112.4.37 - - [08/Sep/2017:11:19:03 -0300] "GET /cormun/servlet/trsolicitudot HTTP/1.1" 200 10151
186.103.159.182 - - [08/Sep/2017:11:19:03 -0300] "GET /cormun/servlet/trlicencias? HTTP/1.1" 200 12127
186.103.159.182 - - [08/Sep/2017:11:19:04 -0300] "GET /cormun/static/Resources/Spanish/PXTools.css?17315867 HTTP/1.1" 200 89042
186.103.159.182 - - [08/Sep/2017:11:19:04 -0300] "GET /cormun/static/gxcfg.js?20176272054169 HTTP/1.1" 200 953
186.103.159.182 - - [08/Sep/2017:11:19:04 -0300] "GET /cormun/static/trlicencias.js?20176272054837 HTTP/1.1" 200 41883
186.103.159.182 - - [08/Sep/2017:11:19:06 -0300] "GET /cormun/servlet/trlicencias? HTTP/1.1" 200 12120
186.103.159.182 - - [08/Sep/2017:11:19:06 -0300] "GET /cormun//static/Resources/PXToolsActionDisabled.gif HTTP/1.1" 200 53
186.103.159.182 - - [08/Sep/2017:11:19:06 -0300] "GET /cormun//static/Resources/PXToolsGridDisplay.png HTTP/1.1" 200 362
186.103.159.182 - - [08/Sep/2017:11:19:06 -0300] "GET /cormun//static/Resources/PXToolsActionPrint.png HTTP/1.1" 200 3317
186.103.159.182 - - [08/Sep/2017:11:19:06 -0300] "GET /cormun//static/Resources/PXToolsHeaderHelp.png HTTP/1.1" 200 4055
186.103.159.182 - - [08/Sep/2017:11:19:06 -0300] "GET /cormun//static/Resources/PXToolsHeaderFavorites.png HTTP/1.1" 200 2744
192.168.10.96 - - [08/Sep/2017:11:19:10 -0300] "POST /cormun/servlet/trsolicitudgral?fe1f632549dfb86175d1a281abad5d9f,,gx-no-cache=1504880314612 HTTP/1.1" 200 7548
192.168.10.96 - - [08/Sep/2017:11:19:18 -0300] "GET /cormun/servlet/vesolicitudgral?2017,7367,, HTTP/1.1" 200 8914
192.168.10.96 - - [08/Sep/2017:11:19:19 -0300] "GET /cormun/static/gxcfg.js?20176271754486 HTTP/1.1" 304 -
192.168.10.96 - - [08/Sep/2017:11:19:19 -0300] "GET /cormun/pexe_scrolldiv.js HTTP/1.1" 404 1009
192.168.10.96 - - [08/Sep/2017:11:19:19 -0300] "GET /cormun/pexe_scrolldiv.js HTTP/1.1" 404 1009
192.168.10.96 - - [08/Sep/2017:11:19:19 -0300] "GET /cormun/servlet/vesolicitudgral?2017,7367,, HTTP/1.1" 200 8914
186.103.157.42 - - [08/Sep/2017:11:19:24 -0300] "GET /cormun/servlet/alicenciaprn?17485100,L,20170908000000,PU HTTP/1.1" 200 1532
192.168.10.96 - - [08/Sep/2017:11:19:29 -0300] "GET /cormun/servlet/trsolicitudgral? HTTP/1.1" 200 10758
192.168.10.96 - - [08/Sep/2017:11:19:29 -0300] "GET /cormun/servlet/trsolicitudgral? HTTP/1.1" 200 10758
186.103.159.188 - - [08/Sep/2017:11:19:31 -0300] "GET /cormun/servlet/trrenuncias? HTTP/1.1" 200 6681
186.103.159.188 - - [08/Sep/2017:11:19:31 -0300] "GET /cormun/static/gxcfg.js?20175251282642 HTTP/1.1" 200 953
186.103.159.188 - - [08/Sep/2017:11:19:31 -0300] "GET /cormun/static/trrenuncias.js?20175251283179 HTTP/1.1" 200 31174
186.103.159.188 - - [08/Sep/2017:11:19:31 -0300] "GET /cormun/servlet/trrenuncias? HTTP/1.1" 200 6681
192.168.10.96 - - [08/Sep/2017:11:19:35 -0300] "POST /cormun/servlet/trsolicitudgral?fe1f632549dfb86175d1a281abad5d9f,,gx-no-cache=1504880339436 HTTP/1.1" 200 5774
192.168.10.96 - - [08/Sep/2017:11:19:36 -0300] "POST /cormun/servlet/trsolicitudgral?fe1f632549dfb86175d1a281abad5d9f,,gx-no-cache=1504880340473 HTTP/1.1" 200 5774
200.112.4.37 - - [08/Sep/2017:11:20:03 -0300] "POST /cormun/servlet/trsolicitudot?bb80dcc7cfe18112b5ec3ec0f7efc7bd,gx-no-cache=1504880440467 HTTP/1.1" 200 7325
200.112.4.37 - - [08/Sep/2017:11:20:03 -0300] "GET /cormun/static/Shared/jqueryui/images/ui-bg_highlight-soft_100_c6c2c8_1x100.png HTTP/1.1" 404 1117
200.112.4.37 - - [08/Sep/2017:11:20:03 -0300] "GET /cormun/static/Shared/jqueryui/images/ui-icons_82798d_256x240.png HTTP/1.1" 404 1089
200.112.4.37 - - [08/Sep/2017:11:20:03 -0300] "GET /cormun/static/Shared/jqueryui/images/ui-bg_flat_55_fafafa_40x100.png HTTP/1.1" 404 1097
200.112.4.37 - - [08/Sep/2017:11:20:03 -0300] "GET /cormun/static/Shared/jqueryui/images/ui-icons_8d78a5_256x240.png HTTP/1.1" 404 1089
200.112.4.37 - - [08/Sep/2017:11:20:03 -0300] "POST /cormun/servlet/trsolicitudot?bb80dcc7cfe18112b5ec3ec0f7efc7bd,gx-no-cache=1504880441153 HTTP/1.1" 200 7269
192.168.10.96 - - [08/Sep/2017:11:20:06 -0300] "POST /cormun/servlet/trsolicitudgral?fe1f632549dfb86175d1a281abad5d9f,,gx-no-cache=1504880369857 HTTP/1.1" 200 7132
192.168.10.96 - - [08/Sep/2017:11:20:13 -0300] "POST /cormun/servlet/trsolicitudgral?fe1f632549dfb86175d1a281abad5d9f,,gx-no-cache=1504880377113 HTTP/1.1" 200 7676
192.168.10.96 - - [08/Sep/2017:11:20:40 -0300] "POST /cormun/servlet/trsolicitudgral?fe1f632549dfb86175d1a281abad5d9f,,gx-no-cache=1504880404434 HTTP/1.1" 200 7132
186.103.157.42 - - [08/Sep/2017:11:20:47 -0300] "GET /cormun/servlet/trlicenciaspermisosadjuntos?17485100,20170908000000,L, HTTP/1.1" 200 6462
186.103.157.42 - - [08/Sep/2017:11:20:47 -0300] "GET /cormun/static/gxcfg.js?20177612163414 HTTP/1.1" 304 -
186.103.157.42 - - [08/Sep/2017:11:20:47 -0300] "GET /cormun/servlet/trlicenciaspermisosadjuntos?17485100,20170908000000,L, HTTP/1.1" 200 6462
186.103.159.182 - - [08/Sep/2017:11:20:48 -0300] "GET /cormun/servlet/trsolicitudot? HTTP/1.1" 200 10847
186.103.157.42 - - [08/Sep/2017:11:20:50 -0300] "GET /cormun/servlet/licenciaspermisosadjuntos?INS,17485100,L,20170908000000,, HTTP/1.1" 200 5765
186.103.157.42 - - [08/Sep/2017:11:20:50 -0300] "GET /cormun/static/gxcfg.js?2017761263592 HTTP/1.1" 304 -
186.103.157.42 - - [08/Sep/2017:11:20:50 -0300] "GET /cormun/static/about:blank HTTP/1.1" 404 1011
186.103.159.182 - - [08/Sep/2017:11:20:50 -0300] "GET /cormun/servlet/trsolicitudot? HTTP/1.1" 200 10847
186.103.157.42 - - [08/Sep/2017:11:20:50 -0300] "GET /cormun/servlet/licenciaspermisosadjuntos?INS,17485100,L,20170908000000,, HTTP/1.1" 200 5755
192.168.10.96 - - [08/Sep/2017:11:20:54 -0300] "POST /cormun/servlet/trsolicitudgral?fe1f632549dfb86175d1a281abad5d9f,,gx-no-cache=1504880418202 HTTP/1.1" 200 7675
186.103.159.182 - - [08/Sep/2017:11:20:56 -0300] "GET /cormun/servlet/solicitudot?INS,0,0, HTTP/1.1" 200 12989
186.103.159.182 - - [08/Sep/2017:11:20:57 -0300] "GET /cormun/servlet/solicitudot?INS,0,0, HTTP/1.1" 200 12994
186.103.157.42 - - [08/Sep/2017:11:21:00 -0300] "POST /cormun/servlet/licenciaspermisosadjuntos?ac0a7b96ff48cd769c7ce221daa28c88,INS,17485100,L,20170908000000,, HTTP/1.1" 200 116
186.103.157.42 - - [08/Sep/2017:11:21:00 -0300] "GET /cormun/servlet/hpexe_return? HTTP/1.1" 200 1036
186.103.157.42 - - [08/Sep/2017:11:21:00 -0300] "GET /cormun/servlet/trlicenciaspermisosadjuntos?17485100,20170908000000,L, HTTP/1.1" 200 6950
186.103.157.42 - - [08/Sep/2017:11:21:00 -0300] "GET /cormun/servlet/trlicenciaspermisosadjuntos?17485100,20170908000000,L, HTTP/1.1" 200 6947
186.103.157.42 - - [08/Sep/2017:11:21:00 -0300] "GET /cormun/PublicTempStorage/img1456631147.jpg HTTP/1.1" 200 557632
186.103.157.42 - - [08/Sep/2017:11:21:03 -0300] "POST /cormun/servlet/trlicenciaspermisosadjuntos?ac0a7b96ff48cd769c7ce221daa28c88,17485100,20170908000000,L,,gx-no-cache=1504880507453 HTTP/1.1" 200 90
186.103.157.42 - - [08/Sep/2017:11:21:03 -0300] "GET /cormun/servlet/hpexe_link HTTP/1.1" 200 978
186.103.157.42 - - [08/Sep/2017:11:21:03 -0300] "GET /cormun/servlet/trlicencias HTTP/1.1" 200 10777
186.103.157.42 - - [08/Sep/2017:11:21:04 -0300] "GET /cormun/servlet/trlicencias HTTP/1.1" 200 10775
186.103.157.42 - - [08/Sep/2017:11:21:07 -0300] "POST /cormun/servlet/trlicencias?ac0a7b96ff48cd769c7ce221daa28c88,gx-no-cache=1504880511131 HTTP/1.1" 200 8058
186.103.157.42 - - [08/Sep/2017:11:21:07 -0300] "GET /cormun/static/Shared/jqueryui/images/ui-icons_82798d_256x240.png HTTP/1.1" 404 1089
186.103.157.42 - - [08/Sep/2017:11:21:07 -0300] "GET /cormun/static/Shared/jqueryui/images/ui-bg_highlight-soft_100_c6c2c8_1x100.png HTTP/1.1" 404 1117
186.103.157.42 - - [08/Sep/2017:11:21:07 -0300] "GET /cormun/static/Shared/jqueryui/images/ui-icons_8d78a5_256x240.png HTTP/1.1" 404 1089
186.103.157.42 - - [08/Sep/2017:11:21:07 -0300] "GET /cormun/static/Shared/jqueryui/images/ui-bg_flat_55_fafafa_40x100.png HTTP/1.1" 404 1097
186.103.159.182 - - [08/Sep/2017:11:22:35 -0300] "POST /cormun/servlet/solicitudot?gx-no-cache=1504880592109 HTTP/1.1" 200 3126
186.103.159.182 - - [08/Sep/2017:11:22:36 -0300] "POST /cormun/servlet/solicitudot?ddc79970e9e73ea6887c5bb5a13e292e,INS,0,0,,gx-no-cache=1504880592800 HTTP/1.1" 200 9981
186.103.159.182 - - [08/Sep/2017:11:22:37 -0300] "GET /cormun/servlet/solicitudot?174697cfece6d7cf3153b08eec80be0ce65b22f68a491dd004f79dfb2a0eb5da9eb02c57a438f48b5cf522e7735c6e39,gx-no-cache=1504880594192 HTTP/1.1" 200 30
186.103.159.182 - - [08/Sep/2017:11:23:42 -0300] "POST /cormun/servlet/solicitudot?gx-no-cache=1504880659941 HTTP/1.1" 200 256
186.103.159.182 - - [08/Sep/2017:11:23:46 -0300] "GET /cormun/servlet/solicitudot?174697cfece6d7cf3153b08eec80be0ce85507f6e6f9def6c19eddeeba76e667ffebf092cdb87561ef907e74f7b8bb8fb424147676f67587c6844e47f7ebe83a7de0845624c98410dae610b3000e09de78b00aa9d1acfe8af34cb513d303abcbbbf2189c4739b59f6c5f46a461222c97f85c9091f789f29986b1598535c909960a03c749d3783c28a39556da38e9b57458942e9993eeb7936efcfd9451b60d2b2376c53b931f9695bde375d4713fb3347a35a82ff089071095c245405394cd88d82ad29c102b4392596d0840a161c6c410314a68da5e306884962a85a7240df0c65ad80aa9369f3fd05f6849c88a4f26ded9c7bd6d324f8f41c73139d197d133ccb5331cd64f98f8abfe67a91fa3f674db31f89b351879a08c1bfac32575187c383fa7c8f6b953864e0b20e8def5f88d152af6cccc2176b6e8b4547f291d1ac68d396a84baaf3a137fee89c858ed13cb55fb58201636a8130323a20d34d79aa075e70e898bb571bc245cb4e18894dce301271a04cbe06ba763a7955f8923d44c,gx-no-cache=1504880663265 HTTP/1.1" 200 30
186.103.159.182 - - [08/Sep/2017:11:24:01 -0300] "POST /cormun/servlet/solicitudot?gx-no-cache=1504880678197 HTTP/1.1" 200 30
186.103.159.182 - - [08/Sep/2017:11:24:02 -0300] "POST /cormun/servlet/solicitudot?gx-no-cache=1504880679787 HTTP/1.1" 200 1352
186.103.159.182 - - [08/Sep/2017:11:24:02 -0300] "POST /cormun/servlet/solicitudot?gx-no-cache=1504880679888 HTTP/1.1" 200 38
186.103.159.182 - - [08/Sep/2017:11:24:16 -0300] "GET /cormun/servlet/solicitudot?174697cfece6d7cf3153b08eec80be0c78af4f937503cd617b7932f8aadf294163bf65503b8e76504332c95b4de8ad85ed1c74d58997baafce9907234c169b1dfb5fa527ca58f31d0b8eb8177c3150d6be219d07abca52d283239067acd910eec9a0472d4d15c79ecf23e39d2fde1555,gx-no-cache=1504880693292 HTTP/1.1" 200 29
186.103.159.182 - - [08/Sep/2017:11:24:16 -0300] "POST /cormun/servlet/solicitudot?gx-no-cache=1504880693340 HTTP/1.1" 200 1336
201.246.238.213 - - [08/Sep/2017:11:24:17 -0300] "GET /cormun/servlet/alicenciaprn?17554830,L,20170908000000,PU HTTP/1.1" 200 1564
186.103.159.188 - - [08/Sep/2017:11:24:17 -0300] "GET /cormun/servlet/hlogin HTTP/1.1" 200 1724
186.103.159.188 - - [08/Sep/2017:11:24:19 -0300] "POST /cormun/servlet/hlogin?29d75d46344b05bc0250f1bfecdde056,gx-no-cache=1504880696191 HTTP/1.1" 200 90
186.103.159.188 - - [08/Sep/2017:11:24:19 -0300] "GET /cormun/servlet/hpexe_link HTTP/1.1" 200 949
186.103.159.188 - - [08/Sep/2017:11:24:19 -0300] "GET /cormun/servlet/hhome HTTP/1.1" 200 3837
186.103.159.188 - - [08/Sep/2017:11:24:19 -0300] "GET /cormun/servlet/hhome HTTP/1.1" 200 3835
186.103.159.182 - - [08/Sep/2017:11:24:25 -0300] "GET /cormun/static/menuarrow.gif HTTP/1.1" 404 1015
186.103.159.182 - - [08/Sep/2017:11:24:30 -0300] "GET /cormun/servlet/solicitudot?174697cfece6d7cf3153b08eec80be0c0a7afbc9180ebf100be87f5945e316108ec10c60ee34d598a040df28fdbce22d,gx-no-cache=1504880707652 HTTP/1.1" 200 30
186.103.159.188 - - [08/Sep/2017:11:24:34 -0300] "GET /cormun/servlet/trrenuncias? HTTP/1.1" 200 6686
186.103.159.188 - - [08/Sep/2017:11:24:35 -0300] "GET /cormun/servlet/trrenuncias? HTTP/1.1" 200 6685
186.103.159.188 - - [08/Sep/2017:11:24:48 -0300] "POST /cormun/servlet/trrenuncias?29d75d46344b05bc0250f1bfecdde056,,gx-no-cache=1504880725533 HTTP/1.1" 200 3979
186.103.159.182 - - [08/Sep/2017:11:24:55 -0300] "POST /cormun/servlet/solicitudot?gx-no-cache=1504880732346 HTTP/1.1" 200 30
186.103.159.188 - - [08/Sep/2017:11:24:55 -0300] "POST /cormun/servlet/trrenuncias?29d75d46344b05bc0250f1bfecdde056,,gx-no-cache=1504880732102 HTTP/1.1" 200 3979
186.103.159.188 - - [08/Sep/2017:11:24:57 -0300] "GET /cormun/servlet/renuncias?INS,0, HTTP/1.1" 200 5970
186.103.159.188 - - [08/Sep/2017:11:24:57 -0300] "GET /cormun/static/gxcfg.js?2017426922787 HTTP/1.1" 200 953
186.103.159.188 - - [08/Sep/2017:11:24:57 -0300] "GET /cormun/static/Resources/Spanish/PXTools.css?11294912 HTTP/1.1" 200 89042
186.103.159.188 - - [08/Sep/2017:11:24:57 -0300] "GET /cormun/static/renuncias.js?201742692287 HTTP/1.1" 200 14762
186.103.159.188 - - [08/Sep/2017:11:24:57 -0300] "GET /cormun/servlet/renuncias?INS,0, HTTP/1.1" 200 5971
186.103.159.188 - - [08/Sep/2017:11:25:25 -0300] "GET /cormun/static/menuarrow.gif HTTP/1.1" 404 1015
186.103.159.182 - - [08/Sep/2017:11:25:38 -0300] "POST /cormun/servlet/solicitudot?ddc79970e9e73ea6887c5bb5a13e292e,INS,0,0,,gx-no-cache=1504880774825 HTTP/1.1" 200 93
186.103.159.182 - - [08/Sep/2017:11:25:38 -0300] "GET /cormun/servlet/hpexe_return? HTTP/1.1" 200 1003
186.103.159.182 - - [08/Sep/2017:11:25:38 -0300] "GET /cormun/static/gxcfg.js?2016101716175148 HTTP/1.1" 200 953
186.103.159.182 - - [08/Sep/2017:11:25:38 -0300] "GET /cormun/static/hpexe_return.js?2016101716175153 HTTP/1.1" 200 1633
186.103.159.182 - - [08/Sep/2017:11:25:38 -0300] "GET /cormun/static/Resources/Spanish/PXTools.css?167811 HTTP/1.1" 200 89042
186.103.159.182 - - [08/Sep/2017:11:25:38 -0300] "GET /cormun/servlet/trsolicitudot HTTP/1.1" 200 11225
186.103.159.182 - - [08/Sep/2017:11:25:40 -0300] "GET /cormun/servlet/trsolicitudot HTTP/1.1" 200 11221
186.103.159.188 - - [08/Sep/2017:11:25:41 -0300] "GET /cormun/servlet/renuncias?39bfdc60747c5f7106d45f3dfeb46d261a3a32d9440c20a81ef3f933ce2d6260b1c8b880b645ea3e5fa5a8e2bb1d6c5b,gx-no-cache=1504880778503 HTTP/1.1" 200 33
186.103.159.188 - - [08/Sep/2017:11:25:56 -0300] "GET /cormun/servlet/prfichaempleado?,MD,,gxPopupLevel%3D0%3B HTTP/1.1" 200 9260
186.103.159.188 - - [08/Sep/2017:11:25:56 -0300] "GET /cormun/static/gxcfg.js?20177612134814 HTTP/1.1" 304 -
186.103.159.188 - - [08/Sep/2017:11:26:08 -0300] "POST /cormun/servlet/prfichaempleado?29d75d46344b05bc0250f1bfecdde056,,MD,,gxPopupLevel%3D0%3B,gx-no-cache=1504880803950 HTTP/1.1" 200 3411
186.103.159.188 - - [08/Sep/2017:11:26:14 -0300] "GET /cormun/servlet/renuncias?39bfdc60747c5f7106d45f3dfeb46d2610997a2520ec812a8943429d7a925bd1b5b08e7b18174abdf68f85df132a4b7a,gx-no-cache=1504880810755 HTTP/1.1" 200 66
186.103.159.188 - - [08/Sep/2017:11:26:19 -0300] "GET /cormun/servlet/prcontrato?16949210,,,MD,,gxPopupLevel%3D0%3B HTTP/1.1" 200 5960
186.103.159.188 - - [08/Sep/2017:11:26:19 -0300] "GET /cormun/static/gxcfg.js?20175251232326 HTTP/1.1" 200 953
186.103.159.188 - - [08/Sep/2017:11:26:19 -0300] "GET /cormun/static/prcontrato.js?20175251232552 HTTP/1.1" 200 13820
186.103.159.188 - - [08/Sep/2017:11:27:20 -0300] "POST /cormun/servlet/renuncias?29d75d46344b05bc0250f1bfecdde056,INS,0,,gx-no-cache=1504880876270 HTTP/1.1" 200 93
186.103.159.188 - - [08/Sep/2017:11:27:20 -0300] "GET /cormun/servlet/hpexe_return? HTTP/1.1" 200 1003
186.103.159.188 - - [08/Sep/2017:11:27:20 -0300] "GET /cormun/static/gxcfg.js?2016101716175148 HTTP/1.1" 304 -
186.103.159.188 - - [08/Sep/2017:11:27:20 -0300] "GET /cormun/servlet/trrenuncias? HTTP/1.1" 200 7459
186.103.159.188 - - [08/Sep/2017:11:27:20 -0300] "GET /cormun/servlet/trrenuncias? HTTP/1.1" 200 7455
186.103.159.188 - - [08/Sep/2017:11:27:28 -0300] "GET /cormun/servlet/arenunciaprn?90,PU HTTP/1.1" 200 1566
91.236.75.4 - - [08/Sep/2017:11:28:07 -0300] "GET / HTTP/1.1" 200 11217
186.103.159.182 - - [08/Sep/2017:11:29:00 -0300] "POST /cormun/servlet/trsolicitudot?ddc79970e9e73ea6887c5bb5a13e292e,gx-no-cache=1504880977225 HTTP/1.1" 200 8545
186.103.159.182 - - [08/Sep/2017:11:29:00 -0300] "GET /cormun/static/Shared/jqueryui/images/ui-icons_82798d_256x240.png HTTP/1.1" 404 1089
186.103.159.182 - - [08/Sep/2017:11:29:00 -0300] "GET /cormun/static/Shared/jqueryui/images/ui-bg_highlight-soft_100_c6c2c8_1x100.png HTTP/1.1" 404 1117
186.103.159.182 - - [08/Sep/2017:11:29:01 -0300] "GET /cormun/static/Shared/jqueryui/images/ui-bg_flat_55_fafafa_40x100.png HTTP/1.1" 404 1097
186.103.159.182 - - [08/Sep/2017:11:29:01 -0300] "GET /cormun/static/Shared/jqueryui/images/ui-icons_8d78a5_256x240.png HTTP/1.1" 404 1089
186.103.159.188 - - [08/Sep/2017:11:29:02 -0300] "GET /cormun/servlet/renuncias?UPD,90, HTTP/1.1" 200 6038
186.103.159.188 - - [08/Sep/2017:11:29:02 -0300] "GET /cormun/servlet/renuncias?UPD,90, HTTP/1.1" 200 6039
186.103.159.188 - - [08/Sep/2017:11:29:05 -0300] "GET /cormun/servlet/prcontrato?16949210,,,MD,,gxPopupLevel%3D0%3B HTTP/1.1" 200 5961
186.103.159.182 - - [08/Sep/2017:11:29:07 -0300] "POST /cormun/servlet/trsolicitudot?ddc79970e9e73ea6887c5bb5a13e292e,gx-no-cache=1504880984105 HTTP/1.1" 200 106
186.103.159.182 - - [08/Sep/2017:11:29:07 -0300] "GET /cormun/servlet/trsolicitudadjuntos?2017,7371, HTTP/1.1" 200 6213
186.103.159.182 - - [08/Sep/2017:11:29:07 -0300] "GET /cormun/static/gxcfg.js?20177612135366 HTTP/1.1" 200 953
186.103.159.182 - - [08/Sep/2017:11:29:07 -0300] "GET /cormun/static/trsolicitudadjuntos.js?20177612135632 HTTP/1.1" 200 17922
186.103.159.182 - - [08/Sep/2017:11:29:09 -0300] "GET /cormun/servlet/trsolicitudadjuntos?2017,7371, HTTP/1.1" 200 6213
186.103.159.182 - - [08/Sep/2017:11:29:11 -0300] "GET /cormun/servlet/solicitudotadjuntos?INS,2017,7371,,1, HTTP/1.1" 200 6159
186.103.159.182 - - [08/Sep/2017:11:29:11 -0300] "GET /cormun/static/gxcfg.js?2017761244068 HTTP/1.1" 200 953
186.103.159.182 - - [08/Sep/2017:11:29:11 -0300] "GET /cormun/static/solicitudotadjuntos.js?2017761244086 HTTP/1.1" 200 11771
186.103.159.182 - - [08/Sep/2017:11:29:11 -0300] "GET /cormun/static/about:blank HTTP/1.1" 404 1011
186.103.159.182 - - [08/Sep/2017:11:29:12 -0300] "GET /cormun/servlet/solicitudotadjuntos?INS,2017,7371,,1, HTTP/1.1" 200 6153
186.103.159.182 - - [08/Sep/2017:11:29:12 -0300] "GET /cormun/servlet/solicitudotadjuntos?174697cfece6d7cf3153b08eec80be0c0d16a6bf96302dad91ef23648319de49b7f0f62cc2e36434c33ad23317191264,gx-no-cache=1504880990023 HTTP/1.1" 200 30
186.103.159.182 - - [08/Sep/2017:11:29:13 -0300] "POST /cormun/servlet/solicitudotadjuntos?ddc79970e9e73ea6887c5bb5a13e292e,INS,2017,7371,,1,,gx-no-cache=1504880990093 HTTP/1.1" 200 3870
186.103.159.188 - - [08/Sep/2017:11:29:27 -0300] "GET /cormun/servlet/renuncias?39bfdc60747c5f7106d45f3dfeb46d261a3a32d9440c20a81ef3f933ce2d6260b1c8b880b645ea3e5fa5a8e2bb1d6c5b,gx-no-cache=1504881003918 HTTP/1.1" 200 33
186.103.159.188 - - [08/Sep/2017:11:29:27 -0300] "GET /cormun/servlet/renuncias?39bfdc60747c5f7106d45f3dfeb46d2610997a2520ec812a8943429d7a925bd15e0caf22950d13255f1a431b8c8c50069731c6e510ffadc257ab60183bd3b492,gx-no-cache=1504881003984 HTTP/1.1" 200 66
186.103.159.182 - - [08/Sep/2017:11:30:00 -0300] "POST /cormun/servlet/solicitudotadjuntos?gx-no-cache=1504881037203 HTTP/1.1" 200 26
186.103.159.182 - - [08/Sep/2017:11:30:08 -0300] "GET /cormun/servlet/solicitudotadjuntos?174697cfece6d7cf3153b08eec80be0cfb4d4c0aadf51ead78a3d00232260a54,gx-no-cache=1504881045717 HTTP/1.1" 200 30
186.103.159.182 - - [08/Sep/2017:11:30:08 -0300] "GET /cormun/servlet/solicitudotadjuntos?174697cfece6d7cf3153b08eec80be0cfb4d4c0aadf51ead78a3d00232260a54,gx-no-cache=1504881045780 HTTP/1.1" 200 30
186.103.159.182 - - [08/Sep/2017:11:30:17 -0300] "POST /cormun/servlet/solicitudotadjuntos?ddc79970e9e73ea6887c5bb5a13e292e,INS,2017,7371,,1, HTTP/1.1" 200 116
186.103.159.182 - - [08/Sep/2017:11:30:17 -0300] "GET /cormun/servlet/hpexe_return? HTTP/1.1" 200 1022
186.103.159.182 - - [08/Sep/2017:11:30:17 -0300] "GET /cormun/servlet/trsolicitudadjuntos?2017,7371, HTTP/1.1" 200 8463
186.103.159.182 - - [08/Sep/2017:11:30:19 -0300] "GET /cormun/servlet/trsolicitudadjuntos?2017,7371, HTTP/1.1" 200 8460
186.103.159.182 - - [08/Sep/2017:11:30:22 -0300] "GET /cormun/servlet/solicitudotadjuntos?INS,2017,7371,,1, HTTP/1.1" 200 6158
186.103.159.182 - - [08/Sep/2017:11:30:22 -0300] "GET /cormun/static/about:blank HTTP/1.1" 404 1011
186.103.159.188 - - [08/Sep/2017:11:30:23 -0300] "POST /cormun/servlet/renuncias?29d75d46344b05bc0250f1bfecdde056,UPD,90,,gx-no-cache=1504881059474 HTTP/1.1" 200 93
186.103.159.188 - - [08/Sep/2017:11:30:23 -0300] "GET /cormun/servlet/hpexe_return? HTTP/1.1" 200 1004
186.103.159.182 - - [08/Sep/2017:11:30:23 -0300] "GET /cormun/servlet/solicitudotadjuntos?INS,2017,7371,,1, HTTP/1.1" 200 6151
186.103.159.188 - - [08/Sep/2017:11:30:23 -0300] "GET /cormun/servlet/trrenuncias HTTP/1.1" 200 7459
186.103.159.182 - - [08/Sep/2017:11:30:23 -0300] "GET /cormun/servlet/solicitudotadjuntos?174697cfece6d7cf3153b08eec80be0c0d16a6bf96302dad91ef23648319de49b7f0f62cc2e36434c33ad23317191264,gx-no-cache=1504881061041 HTTP/1.1" 200 30
186.103.159.188 - - [08/Sep/2017:11:30:23 -0300] "GET /cormun/servlet/trrenuncias HTTP/1.1" 200 7455
186.103.159.182 - - [08/Sep/2017:11:30:24 -0300] "POST /cormun/servlet/solicitudotadjuntos?ddc79970e9e73ea6887c5bb5a13e292e,INS,2017,7371,,1,,gx-no-cache=1504881061114 HTTP/1.1" 200 3869
186.103.159.188 - - [08/Sep/2017:11:30:26 -0300] "GET /cormun/servlet/renuncias?UPD,90, HTTP/1.1" 200 6038
186.103.159.188 - - [08/Sep/2017:11:30:26 -0300] "GET /cormun/servlet/renuncias?UPD,90, HTTP/1.1" 200 6039
186.103.159.182 - - [08/Sep/2017:11:30:29 -0300] "POST /cormun/servlet/solicitudotadjuntos?gx-no-cache=1504881066811 HTTP/1.1" 200 26
186.103.159.182 - - [08/Sep/2017:11:30:37 -0300] "GET /cormun/servlet/solicitudotadjuntos?174697cfece6d7cf3153b08eec80be0cfb4d4c0aadf51ead78a3d00232260a54,gx-no-cache=1504881074334 HTTP/1.1" 200 30
186.103.159.182 - - [08/Sep/2017:11:30:37 -0300] "GET /cormun/servlet/solicitudotadjuntos?174697cfece6d7cf3153b08eec80be0cfb4d4c0aadf51ead78a3d00232260a54,gx-no-cache=1504881074381 HTTP/1.1" 200 30
186.103.159.182 - - [08/Sep/2017:11:30:45 -0300] "POST /cormun/servlet/solicitudotadjuntos?ddc79970e9e73ea6887c5bb5a13e292e,INS,2017,7371,,1, HTTP/1.1" 200 116
186.103.159.182 - - [08/Sep/2017:11:30:45 -0300] "GET /cormun/servlet/hpexe_return? HTTP/1.1" 200 1022
186.103.159.188 - - [08/Sep/2017:11:30:45 -0300] "GET /cormun/static/menuarrow.gif HTTP/1.1" 404 1015
186.103.159.182 - - [08/Sep/2017:11:30:45 -0300] "GET /cormun/servlet/trsolicitudadjuntos?2017,7371, HTTP/1.1" 200 8672
186.103.159.182 - - [08/Sep/2017:11:30:47 -0300] "GET /cormun/servlet/trsolicitudadjuntos?2017,7371, HTTP/1.1" 200 8668
186.103.159.182 - - [08/Sep/2017:11:30:49 -0300] "GET /cormun/servlet/solicitudotadjuntos?INS,2017,7371,,1, HTTP/1.1" 200 6159
186.103.159.182 - - [08/Sep/2017:11:30:49 -0300] "GET /cormun/static/about:blank HTTP/1.1" 404 1011
186.103.159.182 - - [08/Sep/2017:11:30:50 -0300] "GET /cormun/servlet/solicitudotadjuntos?INS,2017,7371,,1, HTTP/1.1" 200 6153
186.103.159.182 - - [08/Sep/2017:11:30:51 -0300] "GET /cormun/servlet/solicitudotadjuntos?174697cfece6d7cf3153b08eec80be0c0d16a6bf96302dad91ef23648319de49b7f0f62cc2e36434c33ad23317191264,gx-no-cache=1504881088141 HTTP/1.1" 200 30
186.103.159.182 - - [08/Sep/2017:11:30:51 -0300] "POST /cormun/servlet/solicitudotadjuntos?ddc79970e9e73ea6887c5bb5a13e292e,INS,2017,7371,,1,,gx-no-cache=1504881088199 HTTP/1.1" 200 3870
186.103.159.204 - - [08/Sep/2017:11:30:54 -0300] "GET /cormun/servlet/hlogin HTTP/1.1" 200 1722
186.103.159.182 - - [08/Sep/2017:11:30:54 -0300] "POST /cormun/servlet/solicitudotadjuntos?gx-no-cache=1504881091331 HTTP/1.1" 200 26
186.103.159.204 - - [08/Sep/2017:11:30:54 -0300] "GET /cormun/static/gxcfg.js?20175251213516 HTTP/1.1" 304 -
186.103.159.188 - - [08/Sep/2017:11:30:54 -0300] "GET /cormun/servlet/renuncias?39bfdc60747c5f7106d45f3dfeb46d2633ff20f9b9a2f3f89cb37f940294cb24b1c8b880b645ea3e5fa5a8e2bb1d6c5b,gx-no-cache=1504881091232 HTTP/1.1" 200 33
186.103.159.188 - - [08/Sep/2017:11:30:54 -0300] "GET /cormun/servlet/renuncias?39bfdc60747c5f7106d45f3dfeb46d2610997a2520ec812a8943429d7a925bd15e0caf22950d13255f1a431b8c8c50069731c6e510ffadc257ab60183bd3b492,gx-no-cache=1504881091286 HTTP/1.1" 200 66
186.103.159.204 - - [08/Sep/2017:11:30:54 -0300] "GET /cormun/static/messages.spa.js?85251 HTTP/1.1" 304 -
186.103.159.204 - - [08/Sep/2017:11:30:54 -0300] "GET /cormun/servlet/hlogin HTTP/1.1" 200 1732
186.103.159.188 - - [08/Sep/2017:11:30:54 -0300] "POST /cormun/servlet/renuncias?29d75d46344b05bc0250f1bfecdde056,UPD,90,,gx-no-cache=1504881091371 HTTP/1.1" 200 93
186.103.159.188 - - [08/Sep/2017:11:30:54 -0300] "GET /cormun/servlet/hpexe_return? HTTP/1.1" 200 1004
186.103.159.188 - - [08/Sep/2017:11:30:54 -0300] "GET /cormun/servlet/trrenuncias HTTP/1.1" 200 6707
186.103.159.188 - - [08/Sep/2017:11:30:55 -0300] "GET /cormun/servlet/trrenuncias HTTP/1.1" 200 6703
186.103.159.182 - - [08/Sep/2017:11:31:01 -0300] "GET /cormun/servlet/solicitudotadjuntos?174697cfece6d7cf3153b08eec80be0cfb4d4c0aadf51ead78a3d00232260a54,gx-no-cache=1504881098860 HTTP/1.1" 200 30
186.103.159.182 - - [08/Sep/2017:11:31:01 -0300] "GET /cormun/servlet/solicitudotadjuntos?174697cfece6d7cf3153b08eec80be0cfb4d4c0aadf51ead78a3d00232260a54,gx-no-cache=1504881098936 HTTP/1.1" 200 30
186.103.159.188 - - [08/Sep/2017:11:31:03 -0300] "GET /cormun/servlet/trrenuncias? HTTP/1.1" 200 6703
186.103.159.188 - - [08/Sep/2017:11:31:03 -0300] "GET /cormun/servlet/trrenuncias? HTTP/1.1" 200 6703
186.103.159.182 - - [08/Sep/2017:11:31:05 -0300] "POST /cormun/servlet/solicitudotadjuntos?ddc79970e9e73ea6887c5bb5a13e292e,INS,2017,7371,,1, HTTP/1.1" 200 116
186.103.159.182 - - [08/Sep/2017:11:31:05 -0300] "GET /cormun/servlet/hpexe_return? HTTP/1.1" 200 1022
186.103.159.182 - - [08/Sep/2017:11:31:05 -0300] "GET /cormun/servlet/trsolicitudadjuntos?2017,7371, HTTP/1.1" 200 8828
186.103.159.182 - - [08/Sep/2017:11:31:07 -0300] "GET /cormun/servlet/trsolicitudadjuntos?2017,7371, HTTP/1.1" 200 8829
186.103.159.188 - - [08/Sep/2017:11:31:09 -0300] "POST /cormun/servlet/trrenuncias?29d75d46344b05bc0250f1bfecdde056,,gx-no-cache=1504881105510 HTTP/1.1" 200 3980
186.103.159.182 - - [08/Sep/2017:11:31:09 -0300] "GET /cormun/servlet/solicitudotadjuntos?INS,2017,7371,,1, HTTP/1.1" 200 6159
186.103.159.182 - - [08/Sep/2017:11:31:09 -0300] "GET /cormun/static/about:blank HTTP/1.1" 404 1011
186.103.159.182 - - [08/Sep/2017:11:31:10 -0300] "GET /cormun/servlet/solicitudotadjuntos?INS,2017,7371,,1, HTTP/1.1" 200 6153
186.103.159.182 - - [08/Sep/2017:11:31:11 -0300] "GET /cormun/servlet/solicitudotadjuntos?174697cfece6d7cf3153b08eec80be0c0d16a6bf96302dad91ef23648319de49b7f0f62cc2e36434c33ad23317191264,gx-no-cache=1504881108303 HTTP/1.1" 200 30
186.103.159.182 - - [08/Sep/2017:11:31:11 -0300] "POST /cormun/servlet/solicitudotadjuntos?ddc79970e9e73ea6887c5bb5a13e292e,INS,2017,7371,,1,,gx-no-cache=1504881108384 HTTP/1.1" 200 3870
186.103.159.182 - - [08/Sep/2017:11:31:13 -0300] "POST /cormun/servlet/solicitudotadjuntos?gx-no-cache=1504881111091 HTTP/1.1" 200 26
186.103.159.188 - - [08/Sep/2017:11:31:14 -0300] "GET /cormun/servlet/trrenuncias? HTTP/1.1" 200 6703
186.103.159.188 - - [08/Sep/2017:11:31:14 -0300] "GET /cormun/servlet/trrenuncias? HTTP/1.1" 200 6703
186.103.159.182 - - [08/Sep/2017:11:31:19 -0300] "GET /cormun/servlet/solicitudotadjuntos?174697cfece6d7cf3153b08eec80be0cfb4d4c0aadf51ead78a3d00232260a54,gx-no-cache=1504881116341 HTTP/1.1" 200 30
186.103.159.182 - - [08/Sep/2017:11:31:19 -0300] "GET /cormun/servlet/solicitudotadjuntos?174697cfece6d7cf3153b08eec80be0cfb4d4c0aadf51ead78a3d00232260a54,gx-no-cache=1504881116397 HTTP/1.1" 200 30
186.103.159.188 - - [08/Sep/2017:11:31:19 -0300] "GET /cormun/servlet/renuncias?INS,0, HTTP/1.1" 200 5969
186.103.159.188 - - [08/Sep/2017:11:31:20 -0300] "GET /cormun/servlet/renuncias?INS,0, HTTP/1.1" 200 5969
186.103.159.182 - - [08/Sep/2017:11:31:24 -0300] "POST /cormun/servlet/solicitudotadjuntos?ddc79970e9e73ea6887c5bb5a13e292e,INS,2017,7371,,1, HTTP/1.1" 200 116
186.103.159.182 - - [08/Sep/2017:11:31:24 -0300] "GET /cormun/servlet/hpexe_return? HTTP/1.1" 200 1022
186.103.159.182 - - [08/Sep/2017:11:31:25 -0300] "GET /cormun/servlet/trsolicitudadjuntos?2017,7371, HTTP/1.1" 200 8998
186.103.159.182 - - [08/Sep/2017:11:31:26 -0300] "GET /cormun/servlet/trsolicitudadjuntos?2017,7371, HTTP/1.1" 200 8995
186.103.159.182 - - [08/Sep/2017:11:31:29 -0300] "GET /cormun/servlet/solicitudotadjuntos?INS,2017,7371,,1, HTTP/1.1" 200 6159
186.103.159.182 - - [08/Sep/2017:11:31:29 -0300] "GET /cormun/static/about:blank HTTP/1.1" 404 1011
186.103.159.182 - - [08/Sep/2017:11:31:30 -0300] "GET /cormun/servlet/solicitudotadjuntos?INS,2017,7371,,1, HTTP/1.1" 200 6153
186.103.159.182 - - [08/Sep/2017:11:31:31 -0300] "GET /cormun/servlet/solicitudotadjuntos?174697cfece6d7cf3153b08eec80be0c0d16a6bf96302dad91ef23648319de49b7f0f62cc2e36434c33ad23317191264,gx-no-cache=1504881128375 HTTP/1.1" 200 30
186.103.159.182 - - [08/Sep/2017:11:31:31 -0300] "POST /cormun/servlet/solicitudotadjuntos?ddc79970e9e73ea6887c5bb5a13e292e,INS,2017,7371,,1,,gx-no-cache=1504881128453 HTTP/1.1" 200 3870
186.103.159.182 - - [08/Sep/2017:11:31:34 -0300] "POST /cormun/servlet/solicitudotadjuntos?gx-no-cache=1504881131579 HTTP/1.1" 200 26
186.103.159.182 - - [08/Sep/2017:11:31:41 -0300] "GET /cormun/servlet/solicitudotadjuntos?174697cfece6d7cf3153b08eec80be0cfb4d4c0aadf51ead78a3d00232260a54,gx-no-cache=1504881138412 HTTP/1.1" 200 30
186.103.159.182 - - [08/Sep/2017:11:31:41 -0300] "GET /cormun/servlet/solicitudotadjuntos?174697cfece6d7cf3153b08eec80be0cfb4d4c0aadf51ead78a3d00232260a54,gx-no-cache=1504881138797 HTTP/1.1" 200 30
186.103.159.182 - - [08/Sep/2017:11:31:46 -0300] "POST /cormun/servlet/solicitudotadjuntos?ddc79970e9e73ea6887c5bb5a13e292e,INS,2017,7371,,1, HTTP/1.1" 200 116
186.103.159.182 - - [08/Sep/2017:11:31:46 -0300] "GET /cormun/servlet/hpexe_return? HTTP/1.1" 200 1022
186.103.159.182 - - [08/Sep/2017:11:31:47 -0300] "GET /cormun/servlet/trsolicitudadjuntos?2017,7371, HTTP/1.1" 200 9189
186.103.159.182 - - [08/Sep/2017:11:31:48 -0300] "GET /cormun/servlet/trsolicitudadjuntos?2017,7371, HTTP/1.1" 200 9188
186.103.159.182 - - [08/Sep/2017:11:31:51 -0300] "GET /cormun/servlet/solicitudotadjuntos?INS,2017,7371,,1, HTTP/1.1" 200 6158
186.103.159.182 - - [08/Sep/2017:11:31:51 -0300] "GET /cormun/static/about:blank HTTP/1.1" 404 1011
186.103.159.182 - - [08/Sep/2017:11:31:52 -0300] "GET /cormun/servlet/solicitudotadjuntos?INS,2017,7371,,1, HTTP/1.1" 200 6152
186.103.159.182 - - [08/Sep/2017:11:31:52 -0300] "GET /cormun/servlet/solicitudotadjuntos?174697cfece6d7cf3153b08eec80be0c0d16a6bf96302dad91ef23648319de49b7f0f62cc2e36434c33ad23317191264,gx-no-cache=1504881149894 HTTP/1.1" 200 30
186.103.159.182 - - [08/Sep/2017:11:31:53 -0300] "POST /cormun/servlet/solicitudotadjuntos?ddc79970e9e73ea6887c5bb5a13e292e,INS,2017,7371,,1,,gx-no-cache=1504881149965 HTTP/1.1" 200 3869
186.103.159.182 - - [08/Sep/2017:11:31:55 -0300] "POST /cormun/servlet/solicitudotadjuntos?gx-no-cache=1504881152766 HTTP/1.1" 200 26
186.103.159.182 - - [08/Sep/2017:11:32:02 -0300] "GET /cormun/servlet/solicitudotadjuntos?174697cfece6d7cf3153b08eec80be0cfb4d4c0aadf51ead78a3d00232260a54,gx-no-cache=1504881159429 HTTP/1.1" 200 30
186.103.159.182 - - [08/Sep/2017:11:32:02 -0300] "GET /cormun/servlet/solicitudotadjuntos?174697cfece6d7cf3153b08eec80be0cfb4d4c0aadf51ead78a3d00232260a54,gx-no-cache=1504881159856 HTTP/1.1" 200 30
186.103.159.182 - - [08/Sep/2017:11:32:11 -0300] "POST /cormun/servlet/solicitudotadjuntos?ddc79970e9e73ea6887c5bb5a13e292e,INS,2017,7371,,1, HTTP/1.1" 200 116
186.103.159.182 - - [08/Sep/2017:11:32:11 -0300] "GET /cormun/servlet/hpexe_return? HTTP/1.1" 200 1022
186.103.159.182 - - [08/Sep/2017:11:32:12 -0300] "GET /cormun/servlet/trsolicitudadjuntos?2017,7371, HTTP/1.1" 200 9417
186.103.159.182 - - [08/Sep/2017:11:32:13 -0300] "GET /cormun/servlet/trsolicitudadjuntos?2017,7371, HTTP/1.1" 200 9414
186.103.159.182 - - [08/Sep/2017:11:32:18 -0300] "POST /cormun/servlet/trsolicitudadjuntos?ddc79970e9e73ea6887c5bb5a13e292e,2017,7371,,gx-no-cache=1504881174696 HTTP/1.1" 200 90
186.103.159.182 - - [08/Sep/2017:11:32:18 -0300] "GET /cormun/servlet/hpexe_link HTTP/1.1" 200 984
186.103.159.182 - - [08/Sep/2017:11:32:18 -0300] "GET /cormun/servlet/trsolicitudot?gx-no-cache=1504880977225 HTTP/1.1" 200 11222
186.103.159.182 - - [08/Sep/2017:11:32:19 -0300] "GET /cormun/servlet/trsolicitudot?gx-no-cache=1504880977225 HTTP/1.1" 200 11241
186.103.159.204 - - [08/Sep/2017:11:32:23 -0300] "POST /cormun/servlet/hlogin?2a1ce05786ac39c6fa5b21df55bf9b84,gx-no-cache=1504881178900 HTTP/1.1" 200 90
186.103.159.204 - - [08/Sep/2017:11:32:24 -0300] "GET /cormun/servlet/hpexe_link HTTP/1.1" 200 954
186.103.159.204 - - [08/Sep/2017:11:32:24 -0300] "GET /cormun/static/gxcfg.js?20177612121792 HTTP/1.1" 304 -
186.103.159.204 - - [08/Sep/2017:11:32:24 -0300] "GET /cormun/servlet/hhome HTTP/1.1" 200 4070
186.103.159.204 - - [08/Sep/2017:11:32:24 -0300] "GET /cormun/static/gxcfg.js?20175251212442 HTTP/1.1" 304 -
186.103.159.204 - - [08/Sep/2017:11:32:25 -0300] "GET /cormun/servlet/hhome HTTP/1.1" 200 4067
186.103.159.204 - - [08/Sep/2017:11:32:31 -0300] "GET /cormun/servlet/trsolicitudot? HTTP/1.1" 200 11572
186.103.159.204 - - [08/Sep/2017:11:32:31 -0300] "GET /cormun/static/gxcfg.js?20177612135780 HTTP/1.1" 304 -
186.103.159.204 - - [08/Sep/2017:11:32:32 -0300] "GET /cormun/servlet/trsolicitudot? HTTP/1.1" 200 11570
186.103.159.204 - - [08/Sep/2017:11:32:38 -0300] "GET /cormun/servlet/solicitudot?INS,0,0, HTTP/1.1" 200 12946
186.103.159.204 - - [08/Sep/2017:11:32:38 -0300] "GET /cormun/static/gxcfg.js?201783011173874 HTTP/1.1" 304 -
186.103.159.204 - - [08/Sep/2017:11:32:38 -0300] "GET /cormun/static/solicitudot.js?201783011174088 HTTP/1.1" 304 -
186.103.159.182 - - [08/Sep/2017:11:32:39 -0300] "POST /cormun/servlet/trsolicitudot?ddc79970e9e73ea6887c5bb5a13e292e,gx-no-cache=1504880977225,gx-no-cache=1504881196223 HTTP/1.1" 200 8350
186.103.159.204 - - [08/Sep/2017:11:32:39 -0300] "GET /cormun/servlet/solicitudot?INS,0,0, HTTP/1.1" 200 12951
186.103.159.182 - - [08/Sep/2017:11:32:39 -0300] "GET /cormun/static/Shared/jqueryui/images/ui-bg_highlight-soft_100_c6c2c8_1x100.png HTTP/1.1" 404 1117
186.103.159.182 - - [08/Sep/2017:11:32:39 -0300] "GET /cormun/static/Shared/jqueryui/images/ui-icons_82798d_256x240.png HTTP/1.1" 404 1089
186.103.159.182 - - [08/Sep/2017:11:32:39 -0300] "GET /cormun/static/Shared/jqueryui/images/ui-bg_flat_55_fafafa_40x100.png HTTP/1.1" 404 1097
186.103.159.182 - - [08/Sep/2017:11:32:39 -0300] "GET /cormun/static/Shared/jqueryui/images/ui-icons_8d78a5_256x240.png HTTP/1.1" 404 1089
186.103.159.182 - - [08/Sep/2017:11:32:40 -0300] "POST /cormun/servlet/trsolicitudot?ddc79970e9e73ea6887c5bb5a13e292e,gx-no-cache=1504880977225,gx-no-cache=1504881197196 HTTP/1.1" 200 8294
186.103.159.204 - - [08/Sep/2017:11:32:55 -0300] "POST /cormun/servlet/solicitudot?gx-no-cache=1504881210156 HTTP/1.1" 200 3225
186.103.159.204 - - [08/Sep/2017:11:32:55 -0300] "POST /cormun/servlet/solicitudot?2a1ce05786ac39c6fa5b21df55bf9b84,INS,0,0,,gx-no-cache=1504881210388 HTTP/1.1" 200 10095
186.103.159.204 - - [08/Sep/2017:11:33:01 -0300] "GET /cormun/servlet/solicitudot?484ea2df36692d6e0e7f0758760c3454eadd356d75dba92e4c06959feb3c19d4f022782f81a1fb6df875dafbecd9675e,gx-no-cache=1504881216052 HTTP/1.1" 200 30
186.103.159.204 - - [08/Sep/2017:11:33:01 -0300] "POST /cormun/servlet/solicitudot?gx-no-cache=1504881216139 HTTP/1.1" 200 297
186.103.159.204 - - [08/Sep/2017:11:33:01 -0300] "GET /cormun/servlet/solicitudot?484ea2df36692d6e0e7f0758760c3454bed88de9f41b39fc640058131692ad6242de278ac15f97e395b01f3e7ee718daf40d09e028e4566b067bc8649089d1dabfd78e64a52c2394ef781d45046e3cb79c8e219bde9dad048916ed4610cdacb128386a29972006472f71aa34a3d7d757e011d0eaefb7ba7d9d4577fb1adc5b04992be55f5607cce38fd030a8285338e119ba8175a45beb3a2efce9f39090246501acb02478de5c30bd796d88a9e88d49310ac05e0e01ed0bdd64c667720b3e6cb2d9ea5148b0e20f464069c6f6c4b481ecea97da6c19577259c6991497525fb199540baf25158cf397cf721095535cafc47457a328fccc889596b4e704709ac508324380b602075f03d70f6022b42427cbf241536936ecdf3e96568a2d74651731bdfc4d19e572590357c3352fd48f7b42fb5f48d3f3125e443e585c98baee8f7b92fd101b3bcc269642dc4319f1cf682a5b9e39f641b05dabbb199f1a1edc8838aa3ffbbe9d5f4e589ffe0504f3e7f278bf5f4cdfcc77ce257732d53dfdc82d81babeb94c60a267412ad9f57650fcf3,gx-no-cache=1504881216224 HTTP/1.1" 200 30
186.103.159.204 - - [08/Sep/2017:11:33:12 -0300] "POST /cormun/servlet/solicitudot?gx-no-cache=1504881227014 HTTP/1.1" 200 30
186.103.159.204 - - [08/Sep/2017:11:33:20 -0300] "GET /cormun/servlet/prcontratosol?17235118,,,,,MD,,gxPopupLevel%3D0%3B HTTP/1.1" 200 7475
186.103.159.204 - - [08/Sep/2017:11:33:20 -0300] "GET /cormun/static/gxcfg.js?201761413223964 HTTP/1.1" 304 -
186.103.159.204 - - [08/Sep/2017:11:33:33 -0300] "POST /cormun/servlet/solicitudot?gx-no-cache=1504881248478 HTTP/1.1" 200 1435
186.103.159.204 - - [08/Sep/2017:11:33:33 -0300] "POST /cormun/servlet/solicitudot?gx-no-cache=1504881248611 HTTP/1.1" 200 117
186.103.159.204 - - [08/Sep/2017:11:33:33 -0300] "GET /cormun/static/Shared/jqueryui/images/ui-bg_highlight-soft_100_c6c2c8_1x100.png HTTP/1.1" 404 1117
186.103.159.204 - - [08/Sep/2017:11:33:33 -0300] "GET /cormun/static/Shared/jqueryui/images/ui-icons_82798d_256x240.png HTTP/1.1" 404 1089
186.103.159.204 - - [08/Sep/2017:11:33:33 -0300] "GET /cormun/servlet/solicitudot?484ea2df36692d6e0e7f0758760c3454afa92978260d60fdcf66ad78a3340e7d4c28db8dbcd6e1aa470a946ae62f18e603b5ec609989a8a829c49a747a4fe2203ca09359e438c32ca2c9525ea9b854fe0814bfcdba4d78cb681f81ab95da85139c67a581adec2e7f60a7fae698b7abc5,gx-no-cache=1504881248739 HTTP/1.1" 200 29
186.103.159.204 - - [08/Sep/2017:11:33:33 -0300] "GET /cormun/servlet/solicitudot?484ea2df36692d6e0e7f0758760c34549c9db686c59cd7e9d1f8b605d55f534d717165c90e9afff7121a985af20a3dbb315185902849ecdadc517d4c76bc1752227d736957e275c880309a640a3a242e94b5dd5f644d6d03720c8fb9a6500df981b8b5c17afc3397fe496ea2881eac50df474664b2430299694cf4237797d3afdd023b0f2dbf90f0fdff00aab3a8fdf127aa0e8809ca10b08f5d54f2b4aa0ae567af8d03fdbb8dbf31db12651f9bd26781babeb94c60a267412ad9f57650fcf3,gx-no-cache=1504881248830 HTTP/1.1" 200 62
186.103.159.204 - - [08/Sep/2017:11:33:33 -0300] "GET /cormun/servlet/solicitudot?484ea2df36692d6e0e7f0758760c345486a4da8d2362224190490554b645f111,gx-no-cache=1504881248920 HTTP/1.1" 200 30
186.103.159.204 - - [08/Sep/2017:11:33:34 -0300] "GET /cormun/static/Shared/jqueryui/images/ui-icons_ebccce_256x240.png HTTP/1.1" 404 1089
186.103.159.204 - - [08/Sep/2017:11:33:34 -0300] "GET /cormun/static/Shared/jqueryui/images/ui-bg_flat_55_994d53_40x100.png HTTP/1.1" 404 1097
186.103.159.204 - - [08/Sep/2017:11:33:37 -0300] "GET /cormun/servlet/prsolicitudot?17235118,,,,,MD,,gxPopupLevel%3D0%3B HTTP/1.1" 200 5971
186.103.159.204 - - [08/Sep/2017:11:33:37 -0300] "GET /cormun/static/gxcfg.js?2017761215935 HTTP/1.1" 200 953
186.103.159.204 - - [08/Sep/2017:11:33:37 -0300] "GET /cormun/static/prsolicitudot.js?20177612151099 HTTP/1.1" 200 13680
186.103.159.204 - - [08/Sep/2017:11:33:58 -0300] "GET /cormun/servlet/prcontratosol?17235118,,,,,MD,,gxPopupLevel%3D0%3B HTTP/1.1" 200 7475
186.103.159.204 - - [08/Sep/2017:11:34:00 -0300] "POST /cormun/servlet/solicitudot?gx-no-cache=1504881275865 HTTP/1.1" 200 1435
186.103.159.204 - - [08/Sep/2017:11:34:00 -0300] "POST /cormun/servlet/solicitudot?gx-no-cache=1504881275954 HTTP/1.1" 200 117
186.103.159.204 - - [08/Sep/2017:11:34:01 -0300] "GET /cormun/servlet/solicitudot?484ea2df36692d6e0e7f0758760c34549c9db686c59cd7e9d1f8b605d55f534d717165c90e9afff7121a985af20a3dbb315185902849ecdadc517d4c76bc1752227d736957e275c880309a640a3a242e94b5dd5f644d6d03720c8fb9a6500df981b8b5c17afc3397fe496ea2881eac50df474664b2430299694cf4237797d3afdd023b0f2dbf90f0fdff00aab3a8fdf127aa0e8809ca10b08f5d54f2b4aa0ae567af8d03fdbb8dbf31db12651f9bd26781babeb94c60a267412ad9f57650fcf3,gx-no-cache=1504881276029 HTTP/1.1" 200 62
186.103.159.204 - - [08/Sep/2017:11:34:01 -0300] "GET /cormun/servlet/solicitudot?484ea2df36692d6e0e7f0758760c345434e483c7e351345166950baa3205de711c1fc41ed0cb7709894196419ae9d748,gx-no-cache=1504881276097 HTTP/1.1" 200 134
186.103.159.204 - - [08/Sep/2017:11:34:18 -0300] "GET /cormun/static/menuarrow.gif HTTP/1.1" 404 1015
186.103.159.204 - - [08/Sep/2017:11:34:39 -0300] "POST /cormun/servlet/solicitudot?gx-no-cache=1504881314339 HTTP/1.1" 200 1435
186.103.159.204 - - [08/Sep/2017:11:34:39 -0300] "POST /cormun/servlet/solicitudot?gx-no-cache=1504881314445 HTTP/1.1" 200 122
186.103.159.204 - - [08/Sep/2017:11:34:50 -0300] "GET /cormun/servlet/prfichaempleado?,MD,,gxPopupLevel%3D0%3B HTTP/1.1" 200 9312
186.103.159.204 - - [08/Sep/2017:11:34:50 -0300] "GET /cormun/static/gxcfg.js?20177612134814 HTTP/1.1" 200 953
186.103.159.204 - - [08/Sep/2017:11:34:50 -0300] "GET /cormun/static/prfichaempleado.js?20177612134999 HTTP/1.1" 200 16006
186.103.159.204 - - [08/Sep/2017:11:35:21 -0300] "POST /cormun/servlet/solicitudot?gx-no-cache=1504881355969 HTTP/1.1" 200 1354
186.103.159.204 - - [08/Sep/2017:11:35:21 -0300] "POST /cormun/servlet/solicitudot?gx-no-cache=1504881356109 HTTP/1.1" 200 122
200.72.197.82 - - [08/Sep/2017:11:35:50 -0300] "POST /cormun/servlet/trsolicitudot?949a7a76ae7382dc67e92bfd09f04b3a,,gx-no-cache=1504881388448 HTTP/1.1" 440 972
186.103.159.204 - - [08/Sep/2017:11:35:52 -0300] "POST /cormun/servlet/solicitudot?gx-no-cache=1504881387045 HTTP/1.1" 200 1335
200.72.197.82 - - [08/Sep/2017:11:35:53 -0300] "GET /cormun/servlet/trsolicitudot? HTTP/1.1" 200 6363
200.72.197.82 - - [08/Sep/2017:11:35:54 -0300] "GET /cormun/servlet/trsolicitudot? HTTP/1.1" 200 6363
200.72.197.82 - - [08/Sep/2017:11:35:54 -0300] "GET /cormun/servlet/hlogin HTTP/1.1" 200 1736
200.72.197.82 - - [08/Sep/2017:11:35:54 -0300] "GET /cormun/static/gxcfg.js?20175251213516 HTTP/1.1" 304 -
186.103.159.204 - - [08/Sep/2017:11:35:58 -0300] "POST /cormun/servlet/solicitudot?gx-no-cache=1504881393538 HTTP/1.1" 200 1335
186.103.159.204 - - [08/Sep/2017:11:36:18 -0300] "GET /cormun/servlet/solicitudot?484ea2df36692d6e0e7f0758760c34542df2e8c38205a4d8ba292d68b49cc250f003438b0f35c843e5590fd1cb10533d,gx-no-cache=1504881413438 HTTP/1.1" 200 30
186.103.159.204 - - [08/Sep/2017:11:36:54 -0300] "GET /cormun/servlet/solicitudot?484ea2df36692d6e0e7f0758760c34542df2e8c38205a4d8ba292d68b49cc250b10df6d10bf2e249db37205b85e8a131,gx-no-cache=1504881449680 HTTP/1.1" 200 30
186.103.159.204 - - [08/Sep/2017:11:36:54 -0300] "POST /cormun/servlet/solicitudot?gx-no-cache=1504881449769 HTTP/1.1" 200 122
186.103.159.182 - - [08/Sep/2017:11:36:57 -0300] "GET /cormun/servlet/trautorizarsolicitud? HTTP/1.1" 200 8321
