186.79.204.37 - - [01/Sep/2017:09:02:28 -0300] "GET /cormun/servlet/trsolicitudadjuntos?2017,7333, HTTP/1.1" 200 8466
186.79.204.37 - - [01/Sep/2017:09:02:30 -0300] "GET /cormun/servlet/solicitudotadjuntos?INS,2017,7333,,1, HTTP/1.1" 200 6150
186.79.204.37 - - [01/Sep/2017:09:02:31 -0300] "GET /cormun/static/about:blank HTTP/1.1" 404 1011
186.79.204.37 - - [01/Sep/2017:09:02:31 -0300] "GET /cormun/servlet/solicitudotadjuntos?INS,2017,7333,,1, HTTP/1.1" 200 6144
186.79.204.37 - - [01/Sep/2017:09:02:32 -0300] "GET /cormun/servlet/solicitudotadjuntos?079970576c23d1a5a8a6810a7aff031c75d7d0a170c97d7d872faad4376901bc53269a9bdc5b545c226c0aa5792ef1fa,gx-no-cache=1504267391296 HTTP/1.1" 200 30
186.79.204.37 - - [01/Sep/2017:09:02:33 -0300] "POST /cormun/servlet/solicitudotadjuntos?3410619db17cf4976a77d0d84c414edf,INS,2017,7333,,1,,gx-no-cache=1504267391672 HTTP/1.1" 200 3912
186.79.204.37 - - [01/Sep/2017:09:02:36 -0300] "POST /cormun/servlet/solicitudotadjuntos?gx-no-cache=1504267395275 HTTP/1.1" 200 26
186.79.204.37 - - [01/Sep/2017:09:02:43 -0300] "GET /cormun/servlet/solicitudotadjuntos?079970576c23d1a5a8a6810a7aff031c169955f3869213aac2e936e93a38833d,gx-no-cache=1504267401772 HTTP/1.1" 200 30
186.79.204.37 - - [01/Sep/2017:09:02:43 -0300] "GET /cormun/servlet/solicitudotadjuntos?079970576c23d1a5a8a6810a7aff031c169955f3869213aac2e936e93a38833d,gx-no-cache=1504267402070 HTTP/1.1" 200 30
186.79.204.37 - - [01/Sep/2017:09:02:47 -0300] "POST /cormun/servlet/solicitudotadjuntos?3410619db17cf4976a77d0d84c414edf,INS,2017,7333,,1, HTTP/1.1" 200 116
186.79.204.37 - - [01/Sep/2017:09:02:47 -0300] "GET /cormun/servlet/hpexe_return? HTTP/1.1" 200 1023
186.79.204.37 - - [01/Sep/2017:09:02:48 -0300] "GET /cormun/servlet/trsolicitudadjuntos?2017,7333, HTTP/1.1" 200 8668
186.79.204.37 - - [01/Sep/2017:09:02:49 -0300] "GET /cormun/servlet/trsolicitudadjuntos?2017,7333, HTTP/1.1" 200 8667
186.79.204.37 - - [01/Sep/2017:09:02:51 -0300] "GET /cormun/servlet/solicitudotadjuntos?INS,2017,7333,,1, HTTP/1.1" 200 6150
186.79.204.37 - - [01/Sep/2017:09:02:52 -0300] "GET /cormun/static/about:blank HTTP/1.1" 404 1011
186.79.204.37 - - [01/Sep/2017:09:02:52 -0300] "GET /cormun/servlet/solicitudotadjuntos?INS,2017,7333,,1, HTTP/1.1" 200 6143
186.79.204.37 - - [01/Sep/2017:09:02:52 -0300] "GET /cormun/servlet/solicitudotadjuntos?079970576c23d1a5a8a6810a7aff031c75d7d0a170c97d7d872faad4376901bc53269a9bdc5b545c226c0aa5792ef1fa,gx-no-cache=1504267411748 HTTP/1.1" 200 30
186.79.204.37 - - [01/Sep/2017:09:02:53 -0300] "POST /cormun/servlet/solicitudotadjuntos?3410619db17cf4976a77d0d84c414edf,INS,2017,7333,,1,,gx-no-cache=1504267411854 HTTP/1.1" 200 3911
186.79.204.37 - - [01/Sep/2017:09:02:56 -0300] "POST /cormun/servlet/solicitudotadjuntos?gx-no-cache=1504267415298 HTTP/1.1" 200 26
186.79.204.37 - - [01/Sep/2017:09:03:01 -0300] "GET /cormun/servlet/solicitudotadjuntos?079970576c23d1a5a8a6810a7aff031c169955f3869213aac2e936e93a38833d,gx-no-cache=1504267420588 HTTP/1.1" 200 30
186.79.204.37 - - [01/Sep/2017:09:03:01 -0300] "GET /cormun/servlet/solicitudotadjuntos?079970576c23d1a5a8a6810a7aff031c169955f3869213aac2e936e93a38833d,gx-no-cache=1504267420650 HTTP/1.1" 200 30
186.79.204.37 - - [01/Sep/2017:09:03:07 -0300] "POST /cormun/servlet/solicitudotadjuntos?3410619db17cf4976a77d0d84c414edf,INS,2017,7333,,1, HTTP/1.1" 200 116
186.79.204.37 - - [01/Sep/2017:09:03:07 -0300] "GET /cormun/servlet/hpexe_return? HTTP/1.1" 200 1023
186.79.204.37 - - [01/Sep/2017:09:03:08 -0300] "GET /cormun/servlet/trsolicitudadjuntos?2017,7333, HTTP/1.1" 200 8825
186.79.204.37 - - [01/Sep/2017:09:03:09 -0300] "GET /cormun/servlet/trsolicitudadjuntos?2017,7333, HTTP/1.1" 200 8825
186.79.204.37 - - [01/Sep/2017:09:03:11 -0300] "GET /cormun/servlet/solicitudotadjuntos?INS,2017,7333,,1, HTTP/1.1" 200 6150
186.79.204.37 - - [01/Sep/2017:09:03:11 -0300] "GET /cormun/static/about:blank HTTP/1.1" 404 1011
186.79.204.37 - - [01/Sep/2017:09:03:12 -0300] "GET /cormun/servlet/solicitudotadjuntos?INS,2017,7333,,1, HTTP/1.1" 200 6143
186.79.204.37 - - [01/Sep/2017:09:03:12 -0300] "GET /cormun/servlet/solicitudotadjuntos?079970576c23d1a5a8a6810a7aff031c75d7d0a170c97d7d872faad4376901bc53269a9bdc5b545c226c0aa5792ef1fa,gx-no-cache=1504267431640 HTTP/1.1" 200 30
186.79.204.37 - - [01/Sep/2017:09:03:13 -0300] "POST /cormun/servlet/solicitudotadjuntos?3410619db17cf4976a77d0d84c414edf,INS,2017,7333,,1,,gx-no-cache=1504267431932 HTTP/1.1" 200 3911
186.79.204.37 - - [01/Sep/2017:09:03:17 -0300] "POST /cormun/servlet/solicitudotadjuntos?gx-no-cache=1504267436786 HTTP/1.1" 200 26
186.79.204.37 - - [01/Sep/2017:09:03:24 -0300] "GET /cormun/servlet/solicitudotadjuntos?079970576c23d1a5a8a6810a7aff031c169955f3869213aac2e936e93a38833d,gx-no-cache=1504267443628 HTTP/1.1" 200 30
186.79.204.37 - - [01/Sep/2017:09:03:24 -0300] "GET /cormun/servlet/solicitudotadjuntos?079970576c23d1a5a8a6810a7aff031c169955f3869213aac2e936e93a38833d,gx-no-cache=1504267443796 HTTP/1.1" 200 30
186.79.204.37 - - [01/Sep/2017:09:03:32 -0300] "POST /cormun/servlet/solicitudotadjuntos?3410619db17cf4976a77d0d84c414edf,INS,2017,7333,,1, HTTP/1.1" 200 116
186.79.204.37 - - [01/Sep/2017:09:03:32 -0300] "GET /cormun/servlet/hpexe_return? HTTP/1.1" 200 1023
186.79.204.37 - - [01/Sep/2017:09:03:32 -0300] "GET /cormun/servlet/trsolicitudadjuntos?2017,7333, HTTP/1.1" 200 8990
186.79.204.37 - - [01/Sep/2017:09:03:33 -0300] "GET /cormun/servlet/trsolicitudadjuntos?2017,7333, HTTP/1.1" 200 8988
186.79.204.37 - - [01/Sep/2017:09:03:36 -0300] "GET /cormun/servlet/solicitudotadjuntos?INS,2017,7333,,1, HTTP/1.1" 200 6150
186.79.204.37 - - [01/Sep/2017:09:03:36 -0300] "GET /cormun/static/about:blank HTTP/1.1" 404 1011
186.79.204.37 - - [01/Sep/2017:09:03:37 -0300] "GET /cormun/servlet/solicitudotadjuntos?INS,2017,7333,,1, HTTP/1.1" 200 6143
186.79.204.37 - - [01/Sep/2017:09:03:37 -0300] "GET /cormun/servlet/solicitudotadjuntos?079970576c23d1a5a8a6810a7aff031c75d7d0a170c97d7d872faad4376901bc53269a9bdc5b545c226c0aa5792ef1fa,gx-no-cache=1504267456696 HTTP/1.1" 200 30
186.79.204.37 - - [01/Sep/2017:09:03:38 -0300] "POST /cormun/servlet/solicitudotadjuntos?3410619db17cf4976a77d0d84c414edf,INS,2017,7333,,1,,gx-no-cache=1504267456893 HTTP/1.1" 200 3911
186.79.204.37 - - [01/Sep/2017:09:03:42 -0300] "POST /cormun/servlet/solicitudotadjuntos?gx-no-cache=1504267461284 HTTP/1.1" 200 26
186.79.204.37 - - [01/Sep/2017:09:03:48 -0300] "GET /cormun/servlet/solicitudotadjuntos?079970576c23d1a5a8a6810a7aff031c169955f3869213aac2e936e93a38833d,gx-no-cache=1504267467019 HTTP/1.1" 200 30
186.79.204.37 - - [01/Sep/2017:09:03:48 -0300] "GET /cormun/servlet/solicitudotadjuntos?079970576c23d1a5a8a6810a7aff031c169955f3869213aac2e936e93a38833d,gx-no-cache=1504267467087 HTTP/1.1" 200 30
186.79.204.37 - - [01/Sep/2017:09:03:55 -0300] "POST /cormun/servlet/solicitudotadjuntos?3410619db17cf4976a77d0d84c414edf,INS,2017,7333,,1, HTTP/1.1" 200 116
186.79.204.37 - - [01/Sep/2017:09:03:55 -0300] "GET /cormun/servlet/hpexe_return? HTTP/1.1" 200 1023
186.79.204.37 - - [01/Sep/2017:09:03:56 -0300] "GET /cormun/servlet/trsolicitudadjuntos?2017,7333, HTTP/1.1" 200 9176
186.79.204.37 - - [01/Sep/2017:09:03:57 -0300] "GET /cormun/servlet/trsolicitudadjuntos?2017,7333, HTTP/1.1" 200 9172
186.79.204.37 - - [01/Sep/2017:09:04:04 -0300] "GET /cormun/servlet/solicitudotadjuntos?INS,2017,7333,,1, HTTP/1.1" 200 6150
186.79.204.37 - - [01/Sep/2017:09:04:05 -0300] "GET /cormun/static/about:blank HTTP/1.1" 404 1011
186.79.204.37 - - [01/Sep/2017:09:04:05 -0300] "GET /cormun/servlet/solicitudotadjuntos?INS,2017,7333,,1, HTTP/1.1" 200 6143
186.79.204.37 - - [01/Sep/2017:09:04:05 -0300] "GET /cormun/servlet/solicitudotadjuntos?079970576c23d1a5a8a6810a7aff031c75d7d0a170c97d7d872faad4376901bc53269a9bdc5b545c226c0aa5792ef1fa,gx-no-cache=1504267484538 HTTP/1.1" 200 30
186.79.204.37 - - [01/Sep/2017:09:04:06 -0300] "POST /cormun/servlet/solicitudotadjuntos?3410619db17cf4976a77d0d84c414edf,INS,2017,7333,,1,,gx-no-cache=1504267484643 HTTP/1.1" 200 3911
186.79.204.37 - - [01/Sep/2017:09:04:09 -0300] "POST /cormun/servlet/solicitudotadjuntos?gx-no-cache=1504267487861 HTTP/1.1" 200 26
186.79.204.37 - - [01/Sep/2017:09:04:14 -0300] "GET /cormun/servlet/solicitudotadjuntos?079970576c23d1a5a8a6810a7aff031c169955f3869213aac2e936e93a38833d,gx-no-cache=1504267492868 HTTP/1.1" 200 30
186.79.204.37 - - [01/Sep/2017:09:04:14 -0300] "GET /cormun/servlet/solicitudotadjuntos?079970576c23d1a5a8a6810a7aff031c169955f3869213aac2e936e93a38833d,gx-no-cache=1504267492933 HTTP/1.1" 200 30
186.79.204.37 - - [01/Sep/2017:09:04:17 -0300] "POST /cormun/servlet/solicitudotadjuntos?3410619db17cf4976a77d0d84c414edf,INS,2017,7333,,1, HTTP/1.1" 200 116
186.79.204.37 - - [01/Sep/2017:09:04:17 -0300] "GET /cormun/servlet/hpexe_return? HTTP/1.1" 200 1023
186.79.204.37 - - [01/Sep/2017:09:04:17 -0300] "GET /cormun/servlet/trsolicitudadjuntos?2017,7333, HTTP/1.1" 200 9394
186.79.204.37 - - [01/Sep/2017:09:04:18 -0300] "GET /cormun/servlet/trsolicitudadjuntos?2017,7333, HTTP/1.1" 200 9392
186.79.204.37 - - [01/Sep/2017:09:04:20 -0300] "POST /cormun/servlet/trsolicitudadjuntos?3410619db17cf4976a77d0d84c414edf,2017,7333,,gx-no-cache=1504267499373 HTTP/1.1" 200 90
186.79.204.37 - - [01/Sep/2017:09:04:20 -0300] "GET /cormun/servlet/hpexe_link HTTP/1.1" 200 985
186.79.204.37 - - [01/Sep/2017:09:04:21 -0300] "GET /cormun/servlet/trsolicitudot?gx-no-cache=1504267346036 HTTP/1.1" 200 16923
186.79.204.37 - - [01/Sep/2017:09:04:22 -0300] "GET /cormun/servlet/trsolicitudot?gx-no-cache=1504267346036 HTTP/1.1" 200 16942
186.79.204.37 - - [01/Sep/2017:09:04:27 -0300] "POST /cormun/servlet/trsolicitudot?3410619db17cf4976a77d0d84c414edf,gx-no-cache=1504267346036,gx-no-cache=1504267505251 HTTP/1.1" 200 14192
186.79.204.37 - - [01/Sep/2017:09:04:28 -0300] "GET /cormun/static/Shared/jqueryui/images/ui-bg_highlight-soft_100_c6c2c8_1x100.png HTTP/1.1" 404 1117
186.79.204.37 - - [01/Sep/2017:09:04:28 -0300] "GET /cormun/static/Shared/jqueryui/images/ui-icons_82798d_256x240.png HTTP/1.1" 404 1089
186.79.204.37 - - [01/Sep/2017:09:04:28 -0300] "GET /cormun/static/Shared/jqueryui/images/ui-bg_flat_55_fafafa_40x100.png HTTP/1.1" 404 1097
186.79.204.37 - - [01/Sep/2017:09:04:28 -0300] "GET /cormun/static/Shared/jqueryui/images/ui-icons_8d78a5_256x240.png HTTP/1.1" 404 1089
186.79.204.37 - - [01/Sep/2017:09:04:30 -0300] "POST /cormun/servlet/trsolicitudot?3410619db17cf4976a77d0d84c414edf,gx-no-cache=1504267346036,gx-no-cache=1504267507784 HTTP/1.1" 200 14132
186.79.204.37 - - [01/Sep/2017:09:04:41 -0300] "GET /cormun/servlet/hlogin HTTP/1.1" 200 1753
192.168.10.89 - - [01/Sep/2017:09:05:40 -0300] "GET /cormun/servlet/hlogin HTTP/1.1" 200 1757
207.46.13.45 - - [01/Sep/2017:09:06:24 -0300] "GET /robots.txt HTTP/1.1" 404 981
192.168.10.89 - - [01/Sep/2017:09:06:28 -0300] "GET /cormun/servlet/hlogin HTTP/1.1" 200 1723
157.55.39.203 - - [01/Sep/2017:09:06:29 -0300] "GET /cormun/servlet/solicitudot?INS,0,0, HTTP/1.1" 200 12079
192.168.10.89 - - [01/Sep/2017:09:06:37 -0300] "POST /cormun/servlet/hlogin?3731661903dae0bafcdd435e70c5a1e6,gx-no-cache=1504267563909 HTTP/1.1" 200 90
192.168.10.89 - - [01/Sep/2017:09:06:37 -0300] "GET /cormun/servlet/hpexe_link HTTP/1.1" 200 953
192.168.10.89 - - [01/Sep/2017:09:06:37 -0300] "GET /cormun/servlet/hhome HTTP/1.1" 200 4633
192.168.10.89 - - [01/Sep/2017:09:06:56 -0300] "GET /cormun/servlet/trautorizarsolicitud? HTTP/1.1" 200 7561
192.168.10.89 - - [01/Sep/2017:09:07:00 -0300] "GET /cormun/servlet/trsolicitudot? HTTP/1.1" 200 12002
157.55.39.203 - - [01/Sep/2017:09:07:15 -0300] "GET /cormun/static/solicitudot.js?201783011174088 HTTP/1.1" 200 63803
186.79.161.110 - - [01/Sep/2017:09:07:30 -0300] "GET /cormun/servlet/hlogin HTTP/1.1" 200 1718
192.168.10.89 - - [01/Sep/2017:09:07:40 -0300] "GET /cormun/servlet/trsolicitudot? HTTP/1.1" 200 12001
192.168.10.89 - - [01/Sep/2017:09:07:43 -0300] "GET /cormun/servlet/trautorizarsolicitud? HTTP/1.1" 200 7560
192.168.10.89 - - [01/Sep/2017:09:07:51 -0300] "GET /cormun/static/menuarrow.gif HTTP/1.1" 404 1015
192.168.10.89 - - [01/Sep/2017:09:07:55 -0300] "POST /cormun/servlet/trautorizarsolicitud?3731661903dae0bafcdd435e70c5a1e6,,gx-no-cache=1504267641982 HTTP/1.1" 200 4539
192.168.10.89 - - [01/Sep/2017:09:07:58 -0300] "POST /cormun/servlet/trautorizarsolicitud?3731661903dae0bafcdd435e70c5a1e6,,gx-no-cache=1504267645410 HTTP/1.1" 200 4540
192.168.10.89 - - [01/Sep/2017:09:08:07 -0300] "GET /cormun/servlet/trsolicitudot? HTTP/1.1" 200 12002
186.79.161.110 - - [01/Sep/2017:09:08:08 -0300] "POST /cormun/servlet/hlogin?a7e1649f26fe7c189ed35da1a28a0530,gx-no-cache=1504267726241 HTTP/1.1" 200 90
186.79.161.110 - - [01/Sep/2017:09:08:08 -0300] "GET /cormun/servlet/hpexe_link HTTP/1.1" 200 951
186.79.161.110 - - [01/Sep/2017:09:08:08 -0300] "GET /cormun/servlet/hhome HTTP/1.1" 200 3867
186.79.161.110 - - [01/Sep/2017:09:08:09 -0300] "GET /cormun/servlet/hhome HTTP/1.1" 200 3864
192.168.10.89 - - [01/Sep/2017:09:08:18 -0300] "POST /cormun/servlet/trsolicitudot?3731661903dae0bafcdd435e70c5a1e6,,gx-no-cache=1504267664803 HTTP/1.1" 200 4745
192.168.10.89 - - [01/Sep/2017:09:08:22 -0300] "GET /cormun/servlet/solicitudot?INS,0,0, HTTP/1.1" 200 13490
192.168.10.89 - - [01/Sep/2017:09:08:22 -0300] "GET /cormun/static/gxcfg.js?201783011173874 HTTP/1.1" 304 -
192.168.10.89 - - [01/Sep/2017:09:08:22 -0300] "GET /cormun/static/solicitudot.js?201783011174088 HTTP/1.1" 304 -
186.79.161.110 - - [01/Sep/2017:09:08:25 -0300] "GET /cormun/servlet/trlicencias? HTTP/1.1" 200 15356
192.168.10.89 - - [01/Sep/2017:09:08:25 -0300] "GET /cormun/servlet/prfichaempleado?,MD,,gxPopupLevel%3D0%3B HTTP/1.1" 200 9549
192.168.10.89 - - [01/Sep/2017:09:08:25 -0300] "GET /cormun/static/gxcfg.js?20177612134814 HTTP/1.1" 200 953
192.168.10.89 - - [01/Sep/2017:09:08:25 -0300] "GET /cormun/static/prfichaempleado.js?20177612134999 HTTP/1.1" 304 -
186.79.161.110 - - [01/Sep/2017:09:08:26 -0300] "GET /cormun/servlet/trlicencias? HTTP/1.1" 200 15324
186.79.161.110 - - [01/Sep/2017:09:08:32 -0300] "GET /cormun/servlet/licenciaspermisos?INS,0,,, HTTP/1.1" 200 7391
192.168.10.89 - - [01/Sep/2017:09:08:32 -0300] "POST /cormun/servlet/prfichaempleado?3731661903dae0bafcdd435e70c5a1e6,,MD,,gxPopupLevel%3D0%3B,gx-no-cache=1504267679090 HTTP/1.1" 200 3177
186.79.161.110 - - [01/Sep/2017:09:08:33 -0300] "GET /cormun/servlet/licenciaspermisos?INS,0,,, HTTP/1.1" 200 7390
192.168.10.89 - - [01/Sep/2017:09:08:55 -0300] "POST /cormun/servlet/solicitudot?gx-no-cache=1504267701558 HTTP/1.1" 200 3217
192.168.10.89 - - [01/Sep/2017:09:08:55 -0300] "POST /cormun/servlet/solicitudot?3731661903dae0bafcdd435e70c5a1e6,INS,0,0,,gx-no-cache=1504267701858 HTTP/1.1" 200 10456
192.168.10.89 - - [01/Sep/2017:09:08:59 -0300] "GET /cormun/servlet/solicitudot?74c8be25ab0a0c8ba53dd292b189cfa8254150c104f458dda1318730858d8e83ace289f73e4f2e24b0fb13ec765d436d,gx-no-cache=1504267706395 HTTP/1.1" 200 30
192.168.10.89 - - [01/Sep/2017:09:08:59 -0300] "POST /cormun/servlet/solicitudot?gx-no-cache=1504267706432 HTTP/1.1" 200 240
192.168.10.89 - - [01/Sep/2017:09:08:59 -0300] "GET /cormun/servlet/solicitudot?74c8be25ab0a0c8ba53dd292b189cfa87eecbcdebbf049101cdbfd38a950cd0e40cb7837fe89b6a7eb55611fbcc6969e0b44f640fe7e02c965f49993b6cfe942fe187799f16c389da92eaf642c1d6e4a8c787500d41e9916f2649008a2ec3c1e9f6df36ae9d7f30b59f681896657eaf90b4ea8ab75a06d51c80bc79a5f05ee09df16ce8fa05dc73d5617f186f326a3eac722165a7470aaeee3a862f3f666ebc52e308f842f418d4920843858d95d6a40d52236dcc97156a6abf6fd02a269298e1fec828abab73d49a1350c56e35550d1a036bc59f8bd554774f47dba4891142e95762c178cd29a721115ac46a06f3d151132dfed3ff8fd88c6a490eef20d62f929b756006e724a03c7362a24491adc44df7d0282758683f664174c95f705626f8374bc180ba160e0ec1d82404d2a86a59acc4e65ce1e4776d9e2a6b16c82d6c62fd60e887bcd6ffb18f2f0ce108286c8f80f102e26c7515203c2e80dea78a49c176b92a7e6c5df5b7446dc1f12b905efbfc5b7a55dd22ae0f6085b756b97c735,gx-no-cache=1504267706467 HTTP/1.1" 200 30
192.168.10.89 - - [01/Sep/2017:09:09:01 -0300] "POST /cormun/servlet/solicitudot?gx-no-cache=1504267707926 HTTP/1.1" 200 30
192.168.10.89 - - [01/Sep/2017:09:09:03 -0300] "POST /cormun/servlet/solicitudot?gx-no-cache=1504267710188 HTTP/1.1" 200 1355
192.168.10.89 - - [01/Sep/2017:09:09:03 -0300] "POST /cormun/servlet/solicitudot?gx-no-cache=1504267710296 HTTP/1.1" 200 38
192.168.10.89 - - [01/Sep/2017:09:09:28 -0300] "GET /cormun/servlet/solicitudot?74c8be25ab0a0c8ba53dd292b189cfa874047f4bb96debbe440be5924bea9517cbe489fe7599b75897e6447f551747f1ac07b4b6a379c5868e3c8a7a1cf5b5bea65b4f4073571ce8d6e00e5c02b012b8d64e5746530193a7ec96361d106a8cb31a4b5632bb8b9cd9c949844ee78121d3db391702ed3e3d30366e943ed123eed41d82130fbe459984111946808304ebd710a52c1736e57eae90368d88f896a2e8c2d6d4285a4869032c1814594ff9d68c072cce361d68bed47606ebc34af4176d4be8a37c43e6774f9c219557118b0660,gx-no-cache=1504267734729 HTTP/1.1" 200 29
192.168.10.89 - - [01/Sep/2017:09:09:28 -0300] "POST /cormun/servlet/solicitudot?gx-no-cache=1504267734767 HTTP/1.1" 200 1336
192.168.10.89 - - [01/Sep/2017:09:09:51 -0300] "GET /cormun/servlet/solicitudot?74c8be25ab0a0c8ba53dd292b189cfa836d073f28e3eda2f3303eb0f2c61c9f4513e76e3a174aabee6b36b43f632398d,gx-no-cache=1504267757712 HTTP/1.1" 200 134
192.168.10.89 - - [01/Sep/2017:09:09:51 -0300] "GET /cormun/static/Shared/jqueryui/images/ui-icons_82798d_256x240.png HTTP/1.1" 404 1089
192.168.10.89 - - [01/Sep/2017:09:09:51 -0300] "GET /cormun/static/Shared/jqueryui/images/ui-bg_flat_55_994d53_40x100.png HTTP/1.1" 404 1097
192.168.10.89 - - [01/Sep/2017:09:09:51 -0300] "GET /cormun/static/Shared/jqueryui/images/ui-icons_ebccce_256x240.png HTTP/1.1" 404 1089
192.168.10.89 - - [01/Sep/2017:09:09:51 -0300] "GET /cormun/static/Shared/jqueryui/images/ui-bg_highlight-soft_100_c6c2c8_1x100.png HTTP/1.1" 404 1117
192.168.10.89 - - [01/Sep/2017:09:11:11 -0300] "POST /cormun/servlet/solicitudot?3731661903dae0bafcdd435e70c5a1e6,INS,0,0,,gx-no-cache=1504267837825 HTTP/1.1" 200 93
192.168.10.89 - - [01/Sep/2017:09:11:11 -0300] "GET /cormun/servlet/hpexe_return? HTTP/1.1" 200 1008
192.168.10.89 - - [01/Sep/2017:09:11:11 -0300] "GET /cormun/servlet/trsolicitudot? HTTP/1.1" 200 7864
192.168.10.89 - - [01/Sep/2017:09:11:14 -0300] "GET /cormun/servlet/hlogin HTTP/1.1" 200 1740
192.168.10.89 - - [01/Sep/2017:09:11:29 -0300] "POST /cormun/servlet/hlogin?3731661903dae0bafcdd435e70c5a1e6,gx-no-cache=1504267855497 HTTP/1.1" 200 90
192.168.10.89 - - [01/Sep/2017:09:11:29 -0300] "GET /cormun/servlet/hpexe_link HTTP/1.1" 200 953
192.168.10.89 - - [01/Sep/2017:09:11:29 -0300] "GET /cormun/servlet/hhome HTTP/1.1" 200 4105
192.168.10.89 - - [01/Sep/2017:09:11:32 -0300] "GET /cormun/servlet/trsolicitudot? HTTP/1.1" 200 9023
192.168.10.89 - - [01/Sep/2017:09:11:38 -0300] "POST /cormun/servlet/trsolicitudot?3731661903dae0bafcdd435e70c5a1e6,,gx-no-cache=1504267864448 HTTP/1.1" 200 6060
192.168.10.89 - - [01/Sep/2017:09:11:43 -0300] "GET /cormun/servlet/trautorizarsolicitud? HTTP/1.1" 200 7031
192.168.10.89 - - [01/Sep/2017:09:11:50 -0300] "POST /cormun/servlet/trautorizarsolicitud?3731661903dae0bafcdd435e70c5a1e6,,gx-no-cache=1504267877217 HTTP/1.1" 200 4182
192.168.10.89 - - [01/Sep/2017:09:11:53 -0300] "GET /cormun/servlet/trsolicitudot? HTTP/1.1" 200 9022
186.79.161.110 - - [01/Sep/2017:09:16:34 -0300] "GET /cormun/servlet/licenciaspermisos?cf28b8b3536832ff481194b12e3c2e650a78619803e87024a56034a3597dd37e11d51a65a69c324e7ff4848a9a6b62d3,gx-no-cache=1504268233028 HTTP/1.1" 200 90
186.79.161.110 - - [01/Sep/2017:09:16:35 -0300] "POST /cormun/servlet/licenciaspermisos?a7e1649f26fe7c189ed35da1a28a0530,INS,0,,,,gx-no-cache=1504268233134 HTTP/1.1" 200 4592
186.79.161.110 - - [01/Sep/2017:09:17:02 -0300] "GET /cormun/static/menuarrow.gif HTTP/1.1" 404 1015
186.79.161.110 - - [01/Sep/2017:09:18:10 -0300] "GET /cormun/servlet/licenciaspermisos?cf28b8b3536832ff481194b12e3c2e65c1910e6c76c2ab83c3ef380ef6a68976d470d9a794a20ef45fb333563899b7926eb038df1594f403b044f98bc9ff55742e7d5c8b2c0cf54ede01a7b87de476658d352dab0cb33db482b2d30de720dfa4075905ad7182a7ec592e4b4da89b58ec76e6128eabdd417849c3c38333072ecd3839086be527d51d4a7f605bcaa1086b5cd3bc2bca1523e805253d180ac06e5c49160623ec4b1f922da11e488999b382,gx-no-cache=1504268329075 HTTP/1.1" 200 30
186.79.161.110 - - [01/Sep/2017:09:18:11 -0300] "GET /cormun/servlet/licenciaspermisos?cf28b8b3536832ff481194b12e3c2e651c448ccece74c1105d2e150852993162e0b977b0639e9c402542f11df68fbabb3d165e0476ece41a8e01f321b25fc792d53e3d2866c43d851af9a0c66ee205e0cc25ab99b5e450cc72816acd0119889e00b665570fad1b6402432e2fcd967ec6751f68ec55cbf12a9d1a6a76093a3a785f0f4c45dd93df7eb9d94ccd318dcb956668a7404288ac76f0c5789b2368279661f2f0b4174f5393093745de2bdce5fe,gx-no-cache=1504268329187 HTTP/1.1" 200 29
186.79.161.110 - - [01/Sep/2017:09:18:11 -0300] "POST /cormun/servlet/licenciaspermisos?a7e1649f26fe7c189ed35da1a28a0530,INS,0,,,,gx-no-cache=1504268329269 HTTP/1.1" 200 93
186.79.161.110 - - [01/Sep/2017:09:18:11 -0300] "GET /cormun/servlet/hpexe_return? HTTP/1.1" 200 1012
186.79.161.110 - - [01/Sep/2017:09:18:12 -0300] "GET /cormun/servlet/trlicencias HTTP/1.1" 200 15784
186.79.161.110 - - [01/Sep/2017:09:18:12 -0300] "GET /cormun/servlet/trlicencias HTTP/1.1" 200 15777
186.79.161.110 - - [01/Sep/2017:09:18:17 -0300] "GET /cormun/servlet/trlicenciaspermisosadjuntos?11672855,20170901000000,L, HTTP/1.1" 200 6210
186.79.161.110 - - [01/Sep/2017:09:18:18 -0300] "GET /cormun/servlet/trlicenciaspermisosadjuntos?11672855,20170901000000,L, HTTP/1.1" 200 6210
186.79.161.110 - - [01/Sep/2017:09:18:20 -0300] "GET /cormun/servlet/licenciaspermisosadjuntos?INS,11672855,L,20170901000000,, HTTP/1.1" 200 5508
186.79.161.110 - - [01/Sep/2017:09:18:20 -0300] "GET /cormun/static/about:blank HTTP/1.1" 404 1011
186.79.161.110 - - [01/Sep/2017:09:18:20 -0300] "GET /cormun/servlet/licenciaspermisosadjuntos?INS,11672855,L,20170901000000,, HTTP/1.1" 200 5498
186.79.161.110 - - [01/Sep/2017:09:19:05 -0300] "POST /cormun/servlet/licenciaspermisosadjuntos?a7e1649f26fe7c189ed35da1a28a0530,INS,11672855,L,20170901000000,, HTTP/1.1" 200 116
186.79.161.110 - - [01/Sep/2017:09:19:05 -0300] "GET /cormun/servlet/hpexe_return? HTTP/1.1" 200 1042
186.79.161.110 - - [01/Sep/2017:09:19:06 -0300] "GET /cormun/servlet/trlicenciaspermisosadjuntos?11672855,20170901000000,L, HTTP/1.1" 200 6682
192.168.10.89 - - [01/Sep/2017:09:19:06 -0300] "GET /cormun/servlet/hlogin HTTP/1.1" 200 1740
186.79.161.110 - - [01/Sep/2017:09:19:07 -0300] "GET /cormun/servlet/trlicenciaspermisosadjuntos?11672855,20170901000000,L, HTTP/1.1" 200 6680
186.79.161.110 - - [01/Sep/2017:09:19:10 -0300] "POST /cormun/servlet/trlicenciaspermisosadjuntos?a7e1649f26fe7c189ed35da1a28a0530,11672855,20170901000000,L,,gx-no-cache=1504268387899 HTTP/1.1" 200 90
186.79.161.110 - - [01/Sep/2017:09:19:10 -0300] "GET /cormun/servlet/hpexe_link HTTP/1.1" 200 984
186.79.161.110 - - [01/Sep/2017:09:19:11 -0300] "GET /cormun/servlet/trlicencias HTTP/1.1" 200 15769
186.79.161.110 - - [01/Sep/2017:09:19:11 -0300] "GET /cormun/servlet/trlicencias HTTP/1.1" 200 15760
192.168.10.89 - - [01/Sep/2017:09:19:13 -0300] "POST /cormun/servlet/hlogin?3731661903dae0bafcdd435e70c5a1e6,gx-no-cache=1504268319686 HTTP/1.1" 200 90
192.168.10.89 - - [01/Sep/2017:09:19:13 -0300] "GET /cormun/servlet/hpexe_link HTTP/1.1" 200 953
192.168.10.89 - - [01/Sep/2017:09:19:13 -0300] "GET /cormun/servlet/hhome HTTP/1.1" 200 4633
186.79.161.110 - - [01/Sep/2017:09:19:14 -0300] "GET /cormun/servlet/alicenciaprn?11672855,L,20170901000000,PU HTTP/1.1" 200 1563
192.168.10.89 - - [01/Sep/2017:09:19:16 -0300] "GET /cormun/servlet/trsolicitudgral? HTTP/1.1" 200 24966
186.79.161.110 - - [01/Sep/2017:09:19:25 -0300] "GET /cormun/servlet/licenciaspermisos?INS,0,,, HTTP/1.1" 200 7391
186.79.161.110 - - [01/Sep/2017:09:19:26 -0300] "GET /cormun/servlet/licenciaspermisos?INS,0,,, HTTP/1.1" 200 7390
186.79.161.110 - - [01/Sep/2017:09:19:39 -0300] "GET /cormun/servlet/licenciaspermisos?cf28b8b3536832ff481194b12e3c2e6565b01dac2680908270d594692ab2b57e11d51a65a69c324e7ff4848a9a6b62d3,gx-no-cache=1504268417860 HTTP/1.1" 200 106
186.79.161.110 - - [01/Sep/2017:09:19:40 -0300] "POST /cormun/servlet/licenciaspermisos?a7e1649f26fe7c189ed35da1a28a0530,INS,0,,,,gx-no-cache=1504268417974 HTTP/1.1" 200 4611
192.168.10.89 - - [01/Sep/2017:09:19:50 -0300] "POST /cormun/servlet/trsolicitudgral?3731661903dae0bafcdd435e70c5a1e6,,gx-no-cache=1504268357129 HTTP/1.1" 200 7652
192.168.10.89 - - [01/Sep/2017:09:20:00 -0300] "GET /cormun/servlet/solicitudgral?UPD,2017,7320, HTTP/1.1" 200 12560
192.168.10.89 - - [01/Sep/2017:09:20:00 -0300] "GET /cormun/static/gxcfg.js?20176272140328 HTTP/1.1" 304 -
192.168.10.89 - - [01/Sep/2017:09:20:01 -0300] "POST /cormun/servlet/solicitudgral?gx-no-cache=1504268368050 HTTP/1.1" 200 3178
192.168.10.89 - - [01/Sep/2017:09:20:01 -0300] "GET /cormun/servlet/solicitudgral?74c8be25ab0a0c8ba53dd292b189cfa8ef9206550ec2295528e5b6453e72cb2a1bdb154bc5121458d50c0774e59cc282abbb4788f8b97f9989acb68f60f80948fd59a05c5901fe3977247a18fc770164ff07851139ee65f7a7f1e776b0c18b0de1e0f3139e5f1badd36727e246642de46dfa198d982ab85d9a74432d3d1eba10c4b281b06cc057df040fcdb5b377e9e60c1273ffcd3a04344440d2b415494c52858147792135b79faabd88794794da1885659e8c1badfcb0cddd36b671e78407fd9d64cd1f47f3ce68af3ebfa1631ffab2870bcf4818b5740f4601c23a6d969c2131025e7b209b120ecf87ba67fd46452e537b9be2b7a71c5a476a036aefc5a382dde9481e28bce83ebeaca78b3f509bef7296d4b97e7d37e2b8bfa84fb360c0d43d04e72966cd34b7ea22c15495efe6b477d7949361d18f56a3e6f3e79520c066da347e3c2fd201471f7542817b8b1c,gx-no-cache=1504268368273 HTTP/1.1" 200 257
186.79.161.110 - - [01/Sep/2017:09:20:05 -0300] "GET /cormun/static/menuarrow.gif HTTP/1.1" 404 1015
192.168.10.89 - - [01/Sep/2017:09:20:06 -0300] "GET /cormun/servlet/solicitudgral?74c8be25ab0a0c8ba53dd292b189cfa87bfb21b2de4bbf8040d2d5b74c4f72e7bfd4d02ceb7c77f7d4d8df145bea874b91123730e7d2d52bd29d5b718e48f9b8bf7c8e36c70124f3d96e712ff8be6071f9f26ccbb25ed52b0a788f785198234d2913e6fd9a5ff0f0456cf75b6ff1c5103d58391c68719758b5d03b227cd0218f44caad16b15f4f5843b99c8d4ef8c3bd077f92ef3033857cfadc822bf4099247a3e9effeef3dce577dee91a60cc111fffd9d64cd1f47f3ce68af3ebfa1631ffa334ad16f760ebd5fb0fe74f2f654406f79e8cafe5841671816ff4b3287a58b0fe1d25eb5ec60a5cacb4e8483c50281d8efba91275489e6d1cbbedf1429287fcf6ee3e2ee5556633c72db74dc9da5a8cd81f96545548ee92363409a0ba8661e5aa04d873b7b42554792cc86abf4749ef79787a3d3f0ed6623dc9a7cf67879eb4769dd809573991ce0edd24ba18e1a0f7e72fdc35a8bf723bae7c333eddcffc5113f4ca642f4298b9a4d7ade4178f87be61b97e63d1f8f1f502e40d3bebcdba03514db81996b40ea8853a22d2e9a6157ec0239d22c369cb6c5b113bb2ae03f00273d67a34cb92508d63c890cd400d916cf18dde730e1076015adb8dcda99fe715f324edb432477e8a482facda9bcc2dff5c932dbb05cf9aa2aa00d12acdfc9aa050d37429677f5a0f8ba0a3949a087968f0239d22c369cb6c5b113bb2ae03f00273a70fc3de22b83ea691964c4880e04e78313379574ba08b54b08a5d9378f33d6fe98c0bb7815b246880295b42054663a,gx-no-cache=1504268372883 HTTP/1.1" 200 48
192.168.10.89 - - [01/Sep/2017:09:20:06 -0300] "POST /cormun/servlet/solicitudgral?3731661903dae0bafcdd435e70c5a1e6,UPD,2017,7320,,gx-no-cache=1504268373290 HTTP/1.1" 200 10870
192.168.10.89 - - [01/Sep/2017:09:20:07 -0300] "GET /cormun/servlet/solicitudgral?74c8be25ab0a0c8ba53dd292b189cfa8121cc72288618413290e7c45a0c3217150b27b458de154fdcb80426721d221df45f0330abe3d73d75d5041206f10fe13d22829221fed689bf69e4da481adf96411c920d46393ce6dccca72e42c93ae52b8230e71b7054ae6d84386975bd1529f370d642498e1b26fee1b43e430217a366e1999cda74221f2c3c01c2b8c91d919cdf253d1d1a7900945bf5ce9191c5da83052f562ddcf391b3d474bb1b2c4b5bb05ebdcefbf7d4069d6868ac7e70e78ddc03dbe9e478ef530884559d4e4f22fc1,gx-no-cache=1504268373932 HTTP/1.1" 200 29
192.168.10.89 - - [01/Sep/2017:09:20:07 -0300] "POST /cormun/servlet/solicitudgral?gx-no-cache=1504268373959 HTTP/1.1" 200 1313
192.168.10.89 - - [01/Sep/2017:09:20:07 -0300] "POST /cormun/servlet/solicitudgral?gx-no-cache=1504268373998 HTTP/1.1" 200 1216
192.168.10.89 - - [01/Sep/2017:09:20:37 -0300] "GET /cormun/servlet/solicitudgral?74c8be25ab0a0c8ba53dd292b189cfa8121cc72288618413290e7c45a0c3217150b27b458de154fdcb80426721d221dfaf325f493f9bd89a7f167b6cff2ed062d22829221fed689bf69e4da481adf96411c920d46393ce6dccca72e42c93ae52b8230e71b7054ae6d84386975bd1529f370d642498e1b26fee1b43e430217a366e1999cda74221f2c3c01c2b8c91d919cdf253d1d1a7900945bf5ce9191c5da83052f562ddcf391b3d474bb1b2c4b5bb05ebdcefbf7d4069d6868ac7e70e78ddc03dbe9e478ef530884559d4e4f22fc1,gx-no-cache=1504268403910 HTTP/1.1" 200 30
186.79.161.110 - - [01/Sep/2017:09:21:17 -0300] "GET /cormun/servlet/licenciaspermisos?cf28b8b3536832ff481194b12e3c2e65c1910e6c76c2ab83c3ef380ef6a68976d470d9a794a20ef45fb333563899b7926eb038df1594f403b044f98bc9ff55742e7d5c8b2c0cf54ede01a7b87de476658d352dab0cb33db482b2d30de720dfa4e11a3fdff0a31d8255b39c5a88ac10c976e6128eabdd417849c3c38333072ecdd391f712ec951e528d1e455417ca9bfe6a6b62b141d78e70da7438bfab2a425ea69f9d0a9482ad4b3ca31ddfabff8683de782820e0211b76bd40c43200105387c48f2111928ba1898e9f0744564995310878b52f04f6c40e719711f84285da8c,gx-no-cache=1504268515470 HTTP/1.1" 200 30
186.79.161.110 - - [01/Sep/2017:09:21:17 -0300] "GET /cormun/servlet/licenciaspermisos?cf28b8b3536832ff481194b12e3c2e651c448ccece74c1105d2e150852993162e0b977b0639e9c402542f11df68fbabb3d165e0476ece41a8e01f321b25fc792d53e3d2866c43d851af9a0c66ee205e0cc25ab99b5e450cc72816acd0119889e095e9493e63b860d1b0980dbaf73fac1751f68ec55cbf12a9d1a6a76093a3a78f9996751ef6d5f334f0e8d44082599c580eacde3dc55b40bc4f2256dff9556e9ae6febb7203fa1494a78930a0deeaf9a11903b4674ff7094adb6ea6232de95045682f86eaff5851c89f02980fc5163767f19f44b5aceb3c344bee8eb64a196a8,gx-no-cache=1504268515624 HTTP/1.1" 200 29
186.79.161.110 - - [01/Sep/2017:09:21:17 -0300] "POST /cormun/servlet/licenciaspermisos?a7e1649f26fe7c189ed35da1a28a0530,INS,0,,,,gx-no-cache=1504268515694 HTTP/1.1" 200 93
186.79.161.110 - - [01/Sep/2017:09:21:18 -0300] "GET /cormun/servlet/hpexe_return? HTTP/1.1" 200 1012
186.79.161.110 - - [01/Sep/2017:09:21:18 -0300] "GET /cormun/servlet/trlicencias HTTP/1.1" 200 16079
186.79.161.110 - - [01/Sep/2017:09:21:19 -0300] "GET /cormun/servlet/trlicencias HTTP/1.1" 200 16069
186.79.161.110 - - [01/Sep/2017:09:21:21 -0300] "GET /cormun/servlet/trlicenciaspermisosadjuntos?11672855,20170901000000,L, HTTP/1.1" 200 6680
186.79.161.110 - - [01/Sep/2017:09:21:22 -0300] "GET /cormun/servlet/trlicenciaspermisosadjuntos?11672855,20170901000000,L, HTTP/1.1" 200 6678
186.79.161.110 - - [01/Sep/2017:09:21:27 -0300] "POST /cormun/servlet/trlicenciaspermisosadjuntos?a7e1649f26fe7c189ed35da1a28a0530,11672855,20170901000000,L,,gx-no-cache=1504268525249 HTTP/1.1" 200 90
186.79.161.110 - - [01/Sep/2017:09:21:27 -0300] "GET /cormun/servlet/hpexe_link HTTP/1.1" 200 984
186.79.161.110 - - [01/Sep/2017:09:21:27 -0300] "GET /cormun/servlet/trlicencias HTTP/1.1" 200 16085
186.79.161.110 - - [01/Sep/2017:09:21:28 -0300] "GET /cormun/servlet/trlicencias HTTP/1.1" 200 16083
192.168.10.96 - - [01/Sep/2017:09:21:30 -0300] "GET /cormun/servlet/vesolicitudgral?2017,7102,,SolicitudOTAdjuntos HTTP/1.1" 200 10728
192.168.10.96 - - [01/Sep/2017:09:21:30 -0300] "GET /cormun/servlet/vesolicitudgral?2017,7102,,SolicitudOTAdjuntos HTTP/1.1" 200 10730
192.168.10.96 - - [01/Sep/2017:09:21:31 -0300] "POST /cormun/servlet/acontrolpreferencessavestate?None,DZAMUDIO,true HTTP/1.1" 200 35
186.79.161.110 - - [01/Sep/2017:09:21:31 -0300] "GET /cormun/servlet/trlicenciaspermisosadjuntos?17968443,20170901000000,L, HTTP/1.1" 200 6219
186.79.161.110 - - [01/Sep/2017:09:21:32 -0300] "GET /cormun/servlet/trlicenciaspermisosadjuntos?17968443,20170901000000,L, HTTP/1.1" 200 6220
186.79.161.110 - - [01/Sep/2017:09:21:33 -0300] "GET /cormun/servlet/licenciaspermisosadjuntos?INS,17968443,L,20170901000000,, HTTP/1.1" 200 5516
186.79.161.110 - - [01/Sep/2017:09:21:34 -0300] "GET /cormun/static/about:blank HTTP/1.1" 404 1011
186.79.161.110 - - [01/Sep/2017:09:21:34 -0300] "GET /cormun/servlet/licenciaspermisosadjuntos?INS,17968443,L,20170901000000,, HTTP/1.1" 200 5505
192.168.10.96 - - [01/Sep/2017:09:21:35 -0300] "GET /cormun/servlet/trsolicitudgral? HTTP/1.1" 200 15244
192.168.10.96 - - [01/Sep/2017:09:21:35 -0300] "GET /cormun/servlet/trsolicitudgral? HTTP/1.1" 200 15238
186.79.161.110 - - [01/Sep/2017:09:22:30 -0300] "POST /cormun/servlet/licenciaspermisosadjuntos?a7e1649f26fe7c189ed35da1a28a0530,INS,17968443,L,20170901000000,, HTTP/1.1" 200 116
186.79.161.110 - - [01/Sep/2017:09:22:30 -0300] "GET /cormun/servlet/hpexe_return? HTTP/1.1" 200 1042
186.79.161.110 - - [01/Sep/2017:09:22:30 -0300] "GET /cormun/servlet/trlicenciaspermisosadjuntos?17968443,20170901000000,L, HTTP/1.1" 200 6692
186.79.161.110 - - [01/Sep/2017:09:22:31 -0300] "GET /cormun/servlet/trlicenciaspermisosadjuntos?17968443,20170901000000,L, HTTP/1.1" 200 6688
186.79.161.110 - - [01/Sep/2017:09:23:53 -0300] "POST /cormun/servlet/trlicenciaspermisosadjuntos?a7e1649f26fe7c189ed35da1a28a0530,17968443,20170901000000,L,,gx-no-cache=1504268671468 HTTP/1.1" 200 90
186.79.161.110 - - [01/Sep/2017:09:23:53 -0300] "GET /cormun/servlet/hpexe_link HTTP/1.1" 200 983
186.79.161.110 - - [01/Sep/2017:09:23:53 -0300] "GET /cormun/servlet/trlicencias HTTP/1.1" 200 16076
186.79.161.110 - - [01/Sep/2017:09:23:54 -0300] "GET /cormun/servlet/trlicencias HTTP/1.1" 200 16083
186.79.161.110 - - [01/Sep/2017:09:23:58 -0300] "GET /cormun/servlet/alicenciaprn?17968443,L,20170901000000,PU HTTP/1.1" 200 1601
157.55.39.230 - - [01/Sep/2017:09:27:44 -0300] "GET /cormun/static/Resources/PXToolsGridPage.gif HTTP/1.1" 200 725
157.55.39.230 - - [01/Sep/2017:09:27:45 -0300] "GET /cormun/static/trlicencias.js?20176272054837 HTTP/1.1" 200 41883
192.168.10.96 - - [01/Sep/2017:09:28:37 -0300] "GET /cormun/servlet/trsolicitudgral? HTTP/1.1" 200 15238
192.168.10.96 - - [01/Sep/2017:09:28:38 -0300] "GET /cormun/servlet/trsolicitudgral? HTTP/1.1" 200 15238
192.168.10.96 - - [01/Sep/2017:09:28:41 -0300] "POST /cormun/servlet/trsolicitudgral?40ec804fbd830296ae92fcb670bc077f,,gx-no-cache=1504268887664 HTTP/1.1" 200 11990
192.168.10.96 - - [01/Sep/2017:09:28:44 -0300] "POST /cormun/servlet/trsolicitudgral?40ec804fbd830296ae92fcb670bc077f,,gx-no-cache=1504268891412 HTTP/1.1" 200 5754
192.168.10.96 - - [01/Sep/2017:09:28:49 -0300] "POST /cormun/servlet/trsolicitudgral?40ec804fbd830296ae92fcb670bc077f,,gx-no-cache=1504268895803 HTTP/1.1" 200 7140
192.168.10.96 - - [01/Sep/2017:09:28:54 -0300] "POST /cormun/servlet/trsolicitudgral?40ec804fbd830296ae92fcb670bc077f,,gx-no-cache=1504268900507 HTTP/1.1" 200 5752
192.168.10.96 - - [01/Sep/2017:09:28:57 -0300] "POST /cormun/servlet/trsolicitudgral?40ec804fbd830296ae92fcb670bc077f,,gx-no-cache=1504268903907 HTTP/1.1" 200 5752
186.79.204.37 - - [01/Sep/2017:09:28:59 -0300] "GET /cormun/servlet/hlogin HTTP/1.1" 200 1718
192.168.10.96 - - [01/Sep/2017:09:29:00 -0300] "POST /cormun/servlet/trsolicitudgral?40ec804fbd830296ae92fcb670bc077f,,gx-no-cache=1504268906715 HTTP/1.1" 200 5752
192.168.10.96 - - [01/Sep/2017:09:29:00 -0300] "POST /cormun/servlet/trsolicitudgral?40ec804fbd830296ae92fcb670bc077f,,gx-no-cache=1504268907403 HTTP/1.1" 200 5751
192.168.10.89 - - [01/Sep/2017:09:29:03 -0300] "POST /cormun/servlet/solicitudgral?gx-no-cache=1504268909862 HTTP/1.1" 200 1313
192.168.10.89 - - [01/Sep/2017:09:29:03 -0300] "POST /cormun/servlet/solicitudgral?gx-no-cache=1504268909907 HTTP/1.1" 200 1216
192.168.10.89 - - [01/Sep/2017:09:29:03 -0300] "POST /cormun/servlet/solicitudgral?3731661903dae0bafcdd435e70c5a1e6,UPD,2017,7320,,gx-no-cache=1504268909940 HTTP/1.1" 200 93
192.168.10.89 - - [01/Sep/2017:09:29:03 -0300] "GET /cormun/servlet/hpexe_return? HTTP/1.1" 200 1015
192.168.10.89 - - [01/Sep/2017:09:29:03 -0300] "GET /cormun/servlet/trsolicitudgral? HTTP/1.1" 200 11036
192.168.10.96 - - [01/Sep/2017:09:29:04 -0300] "POST /cormun/servlet/trsolicitudgral?40ec804fbd830296ae92fcb670bc077f,,gx-no-cache=1504268910700 HTTP/1.1" 200 7139
186.79.204.37 - - [01/Sep/2017:09:29:08 -0300] "POST /cormun/servlet/hlogin?3410619db17cf4976a77d0d84c414edf,gx-no-cache=1504268986936 HTTP/1.1" 200 90
186.79.204.37 - - [01/Sep/2017:09:29:09 -0300] "GET /cormun/servlet/hpexe_link HTTP/1.1" 200 974
186.79.204.37 - - [01/Sep/2017:09:29:12 -0300] "GET /cormun/servlet/trsolicitudot?gx-no-cache=1504267346036 HTTP/1.1" 200 16922
186.79.204.37 - - [01/Sep/2017:09:29:14 -0300] "GET /cormun/servlet/trsolicitudot?gx-no-cache=1504267346036 HTTP/1.1" 200 16942
186.79.204.37 - - [01/Sep/2017:09:29:19 -0300] "GET /cormun/servlet/trlicencias? HTTP/1.1" 200 13579
186.79.204.37 - - [01/Sep/2017:09:29:21 -0300] "GET /cormun/servlet/trlicencias? HTTP/1.1" 200 13557
186.79.204.37 - - [01/Sep/2017:09:29:27 -0300] "GET /cormun/servlet/licenciaspermisos?INS,0,,, HTTP/1.1" 200 7637
186.79.204.37 - - [01/Sep/2017:09:29:28 -0300] "GET /cormun/servlet/licenciaspermisos?INS,0,,, HTTP/1.1" 200 7645
186.79.204.37 - - [01/Sep/2017:09:29:40 -0300] "GET /cormun/servlet/licenciaspermisos?8cc357ab5676440bb56b86673107da11e75bd40d89596e4304360f1ecd72e025d69fb31abdb5ad41a8d4c733448915de,gx-no-cache=1504269018803 HTTP/1.1" 200 80
186.79.204.37 - - [01/Sep/2017:09:29:40 -0300] "POST /cormun/servlet/licenciaspermisos?3410619db17cf4976a77d0d84c414edf,INS,0,,,,gx-no-cache=1504269019238 HTTP/1.1" 200 4757
186.79.204.37 - - [01/Sep/2017:09:29:55 -0300] "GET /cormun/static/menuarrow.gif HTTP/1.1" 404 1015
192.168.10.96 - - [01/Sep/2017:09:30:27 -0300] "GET /cormun/servlet/trsolicitudgral? HTTP/1.1" 200 10353
192.168.10.96 - - [01/Sep/2017:09:30:28 -0300] "GET /cormun/servlet/trsolicitudgral? HTTP/1.1" 200 10353
192.168.10.89 - - [01/Sep/2017:09:31:24 -0300] "GET /cormun/servlet/hlogin HTTP/1.1" 200 1742
186.79.204.37 - - [01/Sep/2017:09:32:44 -0300] "GET /cormun/servlet/licenciaspermisos?8cc357ab5676440bb56b86673107da119cc96a4e4137c4c66a3bc7b5d16385192ca812247959102b538e4990cc9c5016be2ea77eb020a8beab107a18dfb30051283a64a821e85d28e32ca6566ef40c9c5bbf223277d740e11258d8fe8f3cf7445f49482491f3b408595034db997caf159cff1214a8452d5c0ce395620bed11edbea8478b724af492b90d91279d1c6d87cc4e8c39a57aef02ce18ce1466695291f4f234336d1fff72ef4fbb63f0213329,gx-no-cache=1504269202871 HTTP/1.1" 200 30
186.79.204.37 - - [01/Sep/2017:09:32:44 -0300] "GET /cormun/servlet/licenciaspermisos?8cc357ab5676440bb56b86673107da1146b32950dfc051a3351c663f60c71dc2dae29e8a521a5423c89d38f053975b6d8efd87e6e12f7281a37d1758899052cd2a4d69fdcb704edf6411701251a38d3a4224a255a3da16716ac7de229826c20925247dcaa17f4c8272d80016b4815e53ce28de2cc8bdacbcb9a0963bbcd0fb878305744459d94ca8a590fe146b4cfbd11dd402a2b5d4dc1c04958175b6a9636b95f1305be339477372bd41e2877f592b,gx-no-cache=1504269203180 HTTP/1.1" 200 29
186.79.204.37 - - [01/Sep/2017:09:32:45 -0300] "POST /cormun/servlet/licenciaspermisos?3410619db17cf4976a77d0d84c414edf,INS,0,,,,gx-no-cache=1504269203412 HTTP/1.1" 200 93
186.79.204.37 - - [01/Sep/2017:09:32:45 -0300] "GET /cormun/servlet/hpexe_return? HTTP/1.1" 200 1010
186.79.204.37 - - [01/Sep/2017:09:32:52 -0300] "GET /cormun/servlet/trlicencias HTTP/1.1" 200 13951
186.67.172.234 - - [01/Sep/2017:09:32:59 -0300] "GET /cormun/servlet/trlicencias? HTTP/1.1" 200 7768
186.67.172.234 - - [01/Sep/2017:09:32:59 -0300] "GET /cormun/static/gxcfg.js?20176272054169 HTTP/1.1" 304 -
186.67.172.234 - - [01/Sep/2017:09:33:00 -0300] "GET /cormun/static/messages.spa.js?85251 HTTP/1.1" 304 -
186.67.172.234 - - [01/Sep/2017:09:33:01 -0300] "GET /cormun/servlet/hlogin HTTP/1.1" 200 1737
186.67.172.234 - - [01/Sep/2017:09:33:01 -0300] "GET /cormun/servlet/trlicencias? HTTP/1.1" 200 7779
186.67.172.234 - - [01/Sep/2017:09:33:01 -0300] "GET /cormun/static/gxcfg.js?20175251213516 HTTP/1.1" 304 -
186.79.204.37 - - [01/Sep/2017:09:33:02 -0300] "GET /cormun/servlet/trlicencias HTTP/1.1" 200 13946
186.79.204.37 - - [01/Sep/2017:09:33:05 -0300] "GET /cormun/servlet/alicenciaprn?8811471,L,20170901000000,PU HTTP/1.1" 200 1543
186.67.172.234 - - [01/Sep/2017:09:33:21 -0300] "POST /cormun/servlet/hlogin?55e832f730a565e31338682cc591fa8a,gx-no-cache=1504269240311 HTTP/1.1" 200 90
186.67.172.234 - - [01/Sep/2017:09:33:21 -0300] "GET /cormun/servlet/hpexe_link HTTP/1.1" 200 958
186.67.172.234 - - [01/Sep/2017:09:33:21 -0300] "GET /cormun/static/gxcfg.js?20177612121792 HTTP/1.1" 304 -
186.79.204.37 - - [01/Sep/2017:09:33:22 -0300] "GET /cormun/servlet/trlicenciaspermisosadjuntos?8811471,20170901000000,L, HTTP/1.1" 200 6451
186.67.172.234 - - [01/Sep/2017:09:33:22 -0300] "GET /cormun/servlet/trlicencias HTTP/1.1" 200 13881
186.79.204.37 - - [01/Sep/2017:09:33:23 -0300] "GET /cormun/servlet/trlicenciaspermisosadjuntos?8811471,20170901000000,L, HTTP/1.1" 200 6452
186.67.172.234 - - [01/Sep/2017:09:33:23 -0300] "GET /cormun/servlet/trlicencias HTTP/1.1" 200 13878
186.79.204.37 - - [01/Sep/2017:09:33:26 -0300] "GET /cormun/servlet/licenciaspermisosadjuntos?INS,8811471,L,20170901000000,, HTTP/1.1" 200 5757
186.79.204.37 - - [01/Sep/2017:09:33:29 -0300] "GET /cormun/static/about:blank HTTP/1.1" 404 1011
186.79.204.37 - - [01/Sep/2017:09:33:30 -0300] "GET /cormun/servlet/licenciaspermisosadjuntos?INS,8811471,L,20170901000000,, HTTP/1.1" 200 5746
186.67.172.234 - - [01/Sep/2017:09:33:32 -0300] "GET /cormun/servlet/trlicenciaspermisoslog?8682933,L,20170830000000, HTTP/1.1" 200 6360
186.67.172.234 - - [01/Sep/2017:09:33:32 -0300] "GET /cormun/static/gxcfg.js?20176271755511 HTTP/1.1" 304 -
186.67.172.234 - - [01/Sep/2017:09:33:32 -0300] "GET /cormun/servlet/trlicenciaspermisoslog?8682933,L,20170830000000, HTTP/1.1" 200 6361
186.67.172.234 - - [01/Sep/2017:09:33:41 -0300] "POST /cormun/servlet/trlicenciaspermisoslog?55e832f730a565e31338682cc591fa8a,8682933,L,20170830000000,,gx-no-cache=1504269258850 HTTP/1.1" 200 4176
186.79.204.37 - - [01/Sep/2017:09:33:56 -0300] "POST /cormun/servlet/licenciaspermisosadjuntos?3410619db17cf4976a77d0d84c414edf,INS,8811471,L,20170901000000,, HTTP/1.1" 200 116
186.79.204.37 - - [01/Sep/2017:09:33:57 -0300] "GET /cormun/servlet/hpexe_return? HTTP/1.1" 200 1038
186.79.204.37 - - [01/Sep/2017:09:33:57 -0300] "GET /cormun/servlet/trlicenciaspermisosadjuntos?8811471,20170901000000,L, HTTP/1.1" 200 6950
186.79.204.37 - - [01/Sep/2017:09:33:59 -0300] "GET /cormun/servlet/trlicenciaspermisosadjuntos?8811471,20170901000000,L, HTTP/1.1" 200 6946
186.79.204.37 - - [01/Sep/2017:09:34:02 -0300] "POST /cormun/servlet/trlicenciaspermisosadjuntos?3410619db17cf4976a77d0d84c414edf,8811471,20170901000000,L,,gx-no-cache=1504269280897 HTTP/1.1" 200 90
186.79.204.37 - - [01/Sep/2017:09:34:02 -0300] "GET /cormun/servlet/hpexe_link HTTP/1.1" 200 978
186.79.204.37 - - [01/Sep/2017:09:34:03 -0300] "GET /cormun/servlet/trlicencias HTTP/1.1" 200 13948
186.79.204.37 - - [01/Sep/2017:09:34:04 -0300] "GET /cormun/servlet/trlicencias HTTP/1.1" 200 13946
186.79.161.110 - - [01/Sep/2017:09:34:08 -0300] "GET /cormun/servlet/licenciaspermisos?INS,0,,, HTTP/1.1" 200 7391
186.79.204.37 - - [01/Sep/2017:09:34:08 -0300] "POST /cormun/servlet/trlicencias?3410619db17cf4976a77d0d84c414edf,gx-no-cache=1504269286577 HTTP/1.1" 200 11525
186.79.161.110 - - [01/Sep/2017:09:34:09 -0300] "GET /cormun/servlet/licenciaspermisos?INS,0,,, HTTP/1.1" 200 7390
186.79.204.37 - - [01/Sep/2017:09:34:09 -0300] "GET /cormun/static/Shared/jqueryui/images/ui-bg_highlight-soft_100_c6c2c8_1x100.png HTTP/1.1" 404 1117
186.79.204.37 - - [01/Sep/2017:09:34:09 -0300] "GET /cormun/static/Shared/jqueryui/images/ui-icons_82798d_256x240.png HTTP/1.1" 404 1089
186.79.204.37 - - [01/Sep/2017:09:34:09 -0300] "GET /cormun/static/Shared/jqueryui/images/ui-bg_flat_55_fafafa_40x100.png HTTP/1.1" 404 1097
186.79.204.37 - - [01/Sep/2017:09:34:09 -0300] "GET /cormun/static/Shared/jqueryui/images/ui-icons_8d78a5_256x240.png HTTP/1.1" 404 1089
186.79.161.110 - - [01/Sep/2017:09:34:19 -0300] "GET /cormun/servlet/licenciaspermisos?cf28b8b3536832ff481194b12e3c2e6580370ee2e50bf54473ca6dbba574814d11d51a65a69c324e7ff4848a9a6b62d3,gx-no-cache=1504269297594 HTTP/1.1" 200 100
186.79.204.37 - - [01/Sep/2017:09:34:19 -0300] "GET /cormun/servlet/hlogin HTTP/1.1" 200 1733
186.79.161.110 - - [01/Sep/2017:09:34:20 -0300] "POST /cormun/servlet/licenciaspermisos?a7e1649f26fe7c189ed35da1a28a0530,INS,0,,,,gx-no-cache=1504269297911 HTTP/1.1" 200 4605
186.79.161.110 - - [01/Sep/2017:09:37:03 -0300] "GET /cormun/static/menuarrow.gif HTTP/1.1" 404 1015
186.67.172.234 - - [01/Sep/2017:09:37:50 -0300] "GET /cormun/servlet/trfichaempleado? HTTP/1.1" 200 14274
186.67.172.234 - - [01/Sep/2017:09:37:50 -0300] "GET /cormun/static/gxcfg.js?20177616262612 HTTP/1.1" 200 953
186.67.172.234 - - [01/Sep/2017:09:37:50 -0300] "GET /cormun/static/trfichaempleado.js?20177616262887 HTTP/1.1" 200 22815
186.67.172.234 - - [01/Sep/2017:09:37:52 -0300] "POST /cormun/servlet/acontrolpreferencessavestate?None,BSILVA,true HTTP/1.1" 200 35
186.79.161.110 - - [01/Sep/2017:09:38:02 -0300] "GET /cormun/servlet/licenciaspermisos?cf28b8b3536832ff481194b12e3c2e65c1910e6c76c2ab83c3ef380ef6a68976d470d9a794a20ef45fb333563899b7926eb038df1594f403b044f98bc9ff55742e7d5c8b2c0cf54ede01a7b87de476658d352dab0cb33db482b2d30de720dfa4e11a3fdff0a31d8255b39c5a88ac10c976e6128eabdd417849c3c38333072ecdd391f712ec951e528d1e455417ca9bfe6a6b62b141d78e70da7438bfab2a425ea69f9d0a9482ad4b3ca31ddfabff8683de782820e0211b76bd40c43200105387c48f2111928ba1898e9f0744564995310878b52f04f6c40e719711f84285da8c,gx-no-cache=1504269520269 HTTP/1.1" 200 30
186.79.161.110 - - [01/Sep/2017:09:38:02 -0300] "GET /cormun/servlet/licenciaspermisos?cf28b8b3536832ff481194b12e3c2e651c448ccece74c1105d2e150852993162e0b977b0639e9c402542f11df68fbabb3d165e0476ece41a8e01f321b25fc792d53e3d2866c43d851af9a0c66ee205e0cc25ab99b5e450cc72816acd0119889e095e9493e63b860d1b0980dbaf73fac1751f68ec55cbf12a9d1a6a76093a3a78f9996751ef6d5f334f0e8d44082599c580eacde3dc55b40bc4f2256dff9556e9ae6febb7203fa1494a78930a0deeaf9a11903b4674ff7094adb6ea6232de95045682f86eaff5851c89f02980fc51637600f380f7c0ec45668cf9e4939b66f196,gx-no-cache=1504269520572 HTTP/1.1" 200 29
186.79.161.110 - - [01/Sep/2017:09:38:03 -0300] "POST /cormun/servlet/licenciaspermisos?a7e1649f26fe7c189ed35da1a28a0530,INS,0,,,,gx-no-cache=1504269520712 HTTP/1.1" 200 93
186.79.161.110 - - [01/Sep/2017:09:38:03 -0300] "GET /cormun/servlet/hpexe_return? HTTP/1.1" 200 1012
186.79.161.110 - - [01/Sep/2017:09:38:04 -0300] "GET /cormun/servlet/trlicencias HTTP/1.1" 200 16331
186.79.161.110 - - [01/Sep/2017:09:38:05 -0300] "GET /cormun/servlet/trlicencias HTTP/1.1" 200 16266
186.79.161.110 - - [01/Sep/2017:09:38:08 -0300] "GET /cormun/servlet/trlicenciaspermisosadjuntos?18379751,20170901000000,L, HTTP/1.1" 200 6219
186.79.161.110 - - [01/Sep/2017:09:38:09 -0300] "GET /cormun/servlet/trlicenciaspermisosadjuntos?18379751,20170901000000,L, HTTP/1.1" 200 6219
186.79.161.110 - - [01/Sep/2017:09:38:10 -0300] "GET /cormun/servlet/licenciaspermisosadjuntos?INS,18379751,L,20170901000000,, HTTP/1.1" 200 5515
186.79.161.110 - - [01/Sep/2017:09:38:11 -0300] "GET /cormun/static/about:blank HTTP/1.1" 404 1011
186.79.161.110 - - [01/Sep/2017:09:38:11 -0300] "GET /cormun/servlet/licenciaspermisosadjuntos?INS,18379751,L,20170901000000,, HTTP/1.1" 200 5506
186.79.161.110 - - [01/Sep/2017:09:39:16 -0300] "POST /cormun/servlet/licenciaspermisosadjuntos?a7e1649f26fe7c189ed35da1a28a0530,INS,18379751,L,20170901000000,, HTTP/1.1" 200 116
186.79.161.110 - - [01/Sep/2017:09:39:16 -0300] "GET /cormun/servlet/hpexe_return? HTTP/1.1" 200 1042
186.79.161.110 - - [01/Sep/2017:09:39:16 -0300] "GET /cormun/servlet/trlicenciaspermisosadjuntos?18379751,20170901000000,L, HTTP/1.1" 200 6690
186.79.161.110 - - [01/Sep/2017:09:39:17 -0300] "GET /cormun/servlet/trlicenciaspermisosadjuntos?18379751,20170901000000,L, HTTP/1.1" 200 6687
186.67.172.234 - - [01/Sep/2017:09:42:54 -0300] "GET /cormun/servlet/trlicencias? HTTP/1.1" 200 13873
186.67.172.234 - - [01/Sep/2017:09:42:55 -0300] "GET /cormun/servlet/trlicencias? HTTP/1.1" 200 13883
186.67.172.234 - - [01/Sep/2017:09:42:59 -0300] "GET /cormun/servlet/trlicencias? HTTP/1.1" 200 13883
186.67.172.234 - - [01/Sep/2017:09:43:00 -0300] "GET /cormun/servlet/trlicencias? HTTP/1.1" 200 13883
186.67.172.234 - - [01/Sep/2017:09:43:03 -0300] "GET /cormun/servlet/trfichaempleado? HTTP/1.1" 200 14251
186.79.161.110 - - [01/Sep/2017:09:43:52 -0300] "POST /cormun/servlet/trlicenciaspermisosadjuntos?a7e1649f26fe7c189ed35da1a28a0530,18379751,20170901000000,L,,gx-no-cache=1504269870468 HTTP/1.1" 200 90
186.79.161.110 - - [01/Sep/2017:09:43:52 -0300] "GET /cormun/servlet/hpexe_link HTTP/1.1" 200 984
186.79.161.110 - - [01/Sep/2017:09:43:53 -0300] "GET /cormun/servlet/trlicencias HTTP/1.1" 200 16319
186.79.161.110 - - [01/Sep/2017:09:43:54 -0300] "GET /cormun/servlet/trlicencias HTTP/1.1" 200 16266
186.79.161.110 - - [01/Sep/2017:09:43:58 -0300] "GET /cormun/servlet/trlicenciaspermisosadjuntos?18379751,20170901000000,L, HTTP/1.1" 200 6687
186.79.161.110 - - [01/Sep/2017:09:43:59 -0300] "GET /cormun/servlet/trlicenciaspermisosadjuntos?18379751,20170901000000,L, HTTP/1.1" 200 6687
186.79.161.110 - - [01/Sep/2017:09:44:03 -0300] "POST /cormun/servlet/trlicenciaspermisosadjuntos?a7e1649f26fe7c189ed35da1a28a0530,18379751,20170901000000,L,,gx-no-cache=1504269880280 HTTP/1.1" 200 90
186.79.161.110 - - [01/Sep/2017:09:44:04 -0300] "GET /cormun/servlet/hpexe_link HTTP/1.1" 200 984
186.79.161.110 - - [01/Sep/2017:09:44:05 -0300] "GET /cormun/servlet/trlicencias HTTP/1.1" 200 16328
186.79.161.110 - - [01/Sep/2017:09:44:06 -0300] "GET /cormun/servlet/trlicencias HTTP/1.1" 200 16276
186.79.161.110 - - [01/Sep/2017:09:44:08 -0300] "GET /cormun/servlet/alicenciaprn?18379751,L,20170901000000,PU HTTP/1.1" 200 1593
186.67.172.234 - - [01/Sep/2017:09:44:31 -0300] "POST /cormun/servlet/trfichaempleado?55e832f730a565e31338682cc591fa8a,,gx-no-cache=1504269595782 HTTP/1.1" 200 11587
186.67.172.234 - - [01/Sep/2017:09:46:01 -0300] "GET /cormun/servlet/licenciaspermisos?INS,0,,, HTTP/1.1" 200 7366
186.67.172.234 - - [01/Sep/2017:09:46:01 -0300] "GET /cormun/static/gxcfg.js?201762917281167 HTTP/1.1" 304 -
186.67.172.234 - - [01/Sep/2017:09:46:01 -0300] "GET /cormun/servlet/licenciaspermisos?INS,0,,, HTTP/1.1" 200 7365
