186.79.26.230 - - [31/Aug/2017:09:14:21 -0300] "GET /cormun/servlet/solicitudot?738cddcf96e5c9ed507f2b30232432e22c925158b9661e06518e9e6c3b3db954961a127b9585974a7ddfc765a682785d323f2491721325d3ee519320147869e594e67404b53ab2ee728bece51dcd61d8205ad14722eb296a509882d8c51f262baf81d279fa4571f538bb3cb43054a0809b755df58b0816883ee43329a9b68cbd7142960d9c5a5dc75d4fe4257c7d5c875dccd7a50701192432dce0142f0d0c7ae27cf151466e33d94aaf599f463af2cb9a645f3d0d36c075db6a3481b0723b4a,gx-no-cache=1504181700796 HTTP/1.1" 200 62
186.79.26.230 - - [31/Aug/2017:09:14:22 -0300] "GET /cormun/servlet/solicitudot?738cddcf96e5c9ed507f2b30232432e219338d8d82443211f4b84facd18299ac48092c313b3e3f4c3d14f63e7d1b318d,gx-no-cache=1504181700999 HTTP/1.1" 200 134
66.249.83.7 - - [31/Aug/2017:09:14:27 -0300] "GET /cormun/servlet/hlogin HTTP/1.1" 200 1722
66.249.83.5 - - [31/Aug/2017:09:14:27 -0300] "GET /cormun/servlet/hlogin?_escaped_fragment_= HTTP/1.1" 200 1718
66.249.83.7 - - [31/Aug/2017:09:14:28 -0300] "GET /favicon.ico HTTP/1.1" 200 21630
186.79.26.230 - - [31/Aug/2017:09:14:38 -0300] "GET /cormun/servlet/prlicenciaspermisos?23711264,L,,MD,,gxPopupLevel%3D0%3B HTTP/1.1" 200 5738
186.79.26.230 - - [31/Aug/2017:09:14:43 -0300] "POST /cormun/servlet/solicitudot?gx-no-cache=1504181721780 HTTP/1.1" 200 1352
186.79.26.230 - - [31/Aug/2017:09:14:46 -0300] "POST /cormun/servlet/solicitudot?gx-no-cache=1504181725225 HTTP/1.1" 200 41
186.79.26.230 - - [31/Aug/2017:09:14:52 -0300] "POST /cormun/servlet/solicitudot?gx-no-cache=1504181730831 HTTP/1.1" 200 1336
186.79.26.230 - - [31/Aug/2017:09:14:52 -0300] "GET /cormun/static/menuarrow.gif HTTP/1.1" 404 1015
186.79.26.230 - - [31/Aug/2017:09:14:58 -0300] "POST /cormun/servlet/solicitudot?gx-no-cache=1504181735706 HTTP/1.1" 200 1336
186.79.26.230 - - [31/Aug/2017:09:15:05 -0300] "GET /cormun/servlet/solicitudot?738cddcf96e5c9ed507f2b30232432e24e6de49c2356e0677c0b66e357defebaa12691f78975a4e0f40b5c2058c7e953,gx-no-cache=1504181743878 HTTP/1.1" 200 30
186.79.26.230 - - [31/Aug/2017:09:15:17 -0300] "POST /cormun/servlet/solicitudot?gx-no-cache=1504181756182 HTTP/1.1" 200 32
186.79.26.230 - - [31/Aug/2017:09:15:51 -0300] "POST /cormun/servlet/solicitudot?82c53f8d74d2996d88463b88da851feb,INS,0,0,,gx-no-cache=1504181789358 HTTP/1.1" 200 93
186.79.26.230 - - [31/Aug/2017:09:15:51 -0300] "GET /cormun/servlet/hpexe_return? HTTP/1.1" 200 1018
186.79.26.230 - - [31/Aug/2017:09:15:53 -0300] "GET /cormun/servlet/trsolicitudot?gx-no-cache=1504181510171 HTTP/1.1" 200 16262
186.79.26.230 - - [31/Aug/2017:09:15:54 -0300] "GET /cormun/servlet/trsolicitudot?gx-no-cache=1504181510171 HTTP/1.1" 200 16277
186.79.26.230 - - [31/Aug/2017:09:16:14 -0300] "GET /cormun/servlet/vesolicitudot?2017,7321,, HTTP/1.1" 200 8307
186.79.26.230 - - [31/Aug/2017:09:16:14 -0300] "GET /cormun/pexe_scrolldiv.js HTTP/1.1" 404 1009
186.79.26.230 - - [31/Aug/2017:09:16:15 -0300] "GET /cormun/servlet/vesolicitudot?2017,7321,, HTTP/1.1" 200 8285
186.79.26.230 - - [31/Aug/2017:09:17:14 -0300] "POST /cormun/servlet/vesolicitudot?82c53f8d74d2996d88463b88da851feb,2017,7321,,,gx-no-cache=1504181871984 HTTP/1.1" 200 90
186.79.26.230 - - [31/Aug/2017:09:17:14 -0300] "GET /cormun/servlet/hpexe_link HTTP/1.1" 200 977
186.79.26.230 - - [31/Aug/2017:09:17:16 -0300] "GET /cormun/servlet/trsolicitudot?gx-no-cache=1504181510171 HTTP/1.1" 200 16259
192.168.10.96 - - [31/Aug/2017:09:17:16 -0300] "GET /cormun/servlet/vesolicitudgral?2017,7088,,SolicitudOTAdjuntos HTTP/1.1" 200 10732
192.168.10.96 - - [31/Aug/2017:09:17:17 -0300] "GET /cormun/servlet/vesolicitudgral?2017,7088,,SolicitudOTAdjuntos HTTP/1.1" 200 10734
186.79.26.230 - - [31/Aug/2017:09:17:17 -0300] "GET /cormun/servlet/trsolicitudot?gx-no-cache=1504181510171 HTTP/1.1" 200 16277
192.168.10.96 - - [31/Aug/2017:09:17:18 -0300] "POST /cormun/servlet/acontrolpreferencessavestate?None,DZAMUDIO,true HTTP/1.1" 200 35
186.79.26.230 - - [31/Aug/2017:09:17:25 -0300] "POST /cormun/servlet/trsolicitudot?82c53f8d74d2996d88463b88da851feb,gx-no-cache=1504181510171,gx-no-cache=1504181882402 HTTP/1.1" 200 13481
186.79.26.230 - - [31/Aug/2017:09:17:32 -0300] "GET /cormun/static/Shared/jqueryui/images/ui-bg_highlight-soft_100_c6c2c8_1x100.png HTTP/1.1" 404 1117
186.79.26.230 - - [31/Aug/2017:09:17:32 -0300] "GET /cormun/static/Shared/jqueryui/images/ui-icons_82798d_256x240.png HTTP/1.1" 404 1089
186.79.26.230 - - [31/Aug/2017:09:17:32 -0300] "GET /cormun/static/Shared/jqueryui/images/ui-bg_flat_55_fafafa_40x100.png HTTP/1.1" 404 1097
192.168.10.96 - - [31/Aug/2017:09:17:32 -0300] "GET /cormun/servlet/trsolicitudgral? HTTP/1.1" 200 9002
186.79.26.230 - - [31/Aug/2017:09:17:32 -0300] "GET /cormun/static/Shared/jqueryui/images/ui-icons_8d78a5_256x240.png HTTP/1.1" 404 1089
192.168.10.96 - - [31/Aug/2017:09:17:33 -0300] "GET /cormun/servlet/trsolicitudgral? HTTP/1.1" 200 8986
186.79.26.230 - - [31/Aug/2017:09:17:34 -0300] "POST /cormun/servlet/trsolicitudot?82c53f8d74d2996d88463b88da851feb,gx-no-cache=1504181510171,gx-no-cache=1504181891109 HTTP/1.1" 200 13424
186.79.26.230 - - [31/Aug/2017:09:17:43 -0300] "GET /cormun/servlet/vesolicitudot?2017,7307,, HTTP/1.1" 200 8280
186.79.26.230 - - [31/Aug/2017:09:17:44 -0300] "GET /cormun/pexe_scrolldiv.js HTTP/1.1" 404 1009
186.79.26.230 - - [31/Aug/2017:09:17:45 -0300] "GET /cormun/servlet/vesolicitudot?2017,7307,, HTTP/1.1" 200 8259
192.168.10.96 - - [31/Aug/2017:09:17:55 -0300] "POST /cormun/servlet/trsolicitudgral?ffd049fa9cabac0c5f53a543ede3aa42,,gx-no-cache=1504181842162 HTTP/1.1" 200 26477
192.168.10.96 - - [31/Aug/2017:09:18:09 -0300] "POST /cormun/servlet/trsolicitudgral?ffd049fa9cabac0c5f53a543ede3aa42,,gx-no-cache=1504181855916 HTTP/1.1" 200 8171
192.168.10.96 - - [31/Aug/2017:09:18:13 -0300] "GET /cormun/servlet/vesolicitudgral?2017,7094,, HTTP/1.1" 200 8896
192.168.10.96 - - [31/Aug/2017:09:18:13 -0300] "GET /cormun/pexe_scrolldiv.js HTTP/1.1" 404 1009
192.168.10.96 - - [31/Aug/2017:09:18:13 -0300] "GET /cormun/pexe_scrolldiv.js HTTP/1.1" 404 1009
192.168.10.96 - - [31/Aug/2017:09:18:13 -0300] "GET /cormun/servlet/vesolicitudgral?2017,7094,, HTTP/1.1" 200 8896
192.168.10.96 - - [31/Aug/2017:09:18:16 -0300] "GET /cormun/servlet/vesolicitudgral?2017,7094,,SolicitudOTAdjuntos HTTP/1.1" 200 7699
192.168.10.96 - - [31/Aug/2017:09:18:16 -0300] "GET /cormun/pexe_scrolldiv.js HTTP/1.1" 404 1009
192.168.10.96 - - [31/Aug/2017:09:18:16 -0300] "GET /cormun/pexe_scrolldiv.js HTTP/1.1" 404 1009
192.168.10.96 - - [31/Aug/2017:09:18:17 -0300] "GET /cormun/servlet/vesolicitudgral?2017,7094,,SolicitudOTAdjuntos HTTP/1.1" 200 7699
192.168.10.96 - - [31/Aug/2017:09:18:17 -0300] "POST /cormun/servlet/acontrolpreferencessavestate?None,DZAMUDIO,true HTTP/1.1" 200 35
186.79.26.230 - - [31/Aug/2017:09:18:18 -0300] "POST /cormun/servlet/vesolicitudot?82c53f8d74d2996d88463b88da851feb,2017,7307,,,gx-no-cache=1504181936303 HTTP/1.1" 200 90
186.79.26.230 - - [31/Aug/2017:09:18:19 -0300] "GET /cormun/servlet/hpexe_link HTTP/1.1" 200 978
186.79.26.230 - - [31/Aug/2017:09:18:19 -0300] "GET /cormun/servlet/trsolicitudot?gx-no-cache=1504181510171 HTTP/1.1" 200 16268
192.168.10.96 - - [31/Aug/2017:09:18:20 -0300] "POST /cormun/servlet/vesolicitudgral?ffd049fa9cabac0c5f53a543ede3aa42,2017,7094,,SolicitudOTAdjuntos,gx-no-cache=1504181866890 HTTP/1.1" 200 90
192.168.10.96 - - [31/Aug/2017:09:18:20 -0300] "GET /cormun/servlet/hpexe_link HTTP/1.1" 200 979
192.168.10.96 - - [31/Aug/2017:09:18:20 -0300] "GET /cormun/servlet/trsolicitudgral? HTTP/1.1" 200 11346
192.168.10.96 - - [31/Aug/2017:09:18:20 -0300] "GET /cormun/servlet/trsolicitudgral? HTTP/1.1" 200 11345
186.79.26.230 - - [31/Aug/2017:09:18:21 -0300] "GET /cormun/servlet/trsolicitudot?gx-no-cache=1504181510171 HTTP/1.1" 200 16286
192.168.10.96 - - [31/Aug/2017:09:18:29 -0300] "GET /cormun/servlet/vesolicitudgral?2017,7094,, HTTP/1.1" 200 8896
192.168.10.96 - - [31/Aug/2017:09:18:29 -0300] "GET /cormun/pexe_scrolldiv.js HTTP/1.1" 404 1009
192.168.10.96 - - [31/Aug/2017:09:18:29 -0300] "GET /cormun/pexe_scrolldiv.js HTTP/1.1" 404 1009
192.168.10.96 - - [31/Aug/2017:09:18:29 -0300] "GET /cormun/servlet/vesolicitudgral?2017,7094,, HTTP/1.1" 200 8896
186.79.26.230 - - [31/Aug/2017:09:18:29 -0300] "POST /cormun/servlet/trsolicitudot?82c53f8d74d2996d88463b88da851feb,gx-no-cache=1504181510171,gx-no-cache=1504181945228 HTTP/1.1" 200 13478
186.79.26.230 - - [31/Aug/2017:09:18:30 -0300] "GET /cormun/static/Shared/jqueryui/images/ui-bg_highlight-soft_100_c6c2c8_1x100.png HTTP/1.1" 404 1117
186.79.26.230 - - [31/Aug/2017:09:18:30 -0300] "GET /cormun/static/Shared/jqueryui/images/ui-icons_82798d_256x240.png HTTP/1.1" 404 1089
186.79.26.230 - - [31/Aug/2017:09:18:30 -0300] "GET /cormun/static/Shared/jqueryui/images/ui-bg_flat_55_fafafa_40x100.png HTTP/1.1" 404 1097
186.79.26.230 - - [31/Aug/2017:09:18:31 -0300] "GET /cormun/static/Shared/jqueryui/images/ui-icons_8d78a5_256x240.png HTTP/1.1" 404 1089
192.168.10.96 - - [31/Aug/2017:09:18:32 -0300] "GET /cormun/servlet/vesolicitudgral?2017,7094,,SolicitudOTAdjuntos HTTP/1.1" 200 7699
192.168.10.96 - - [31/Aug/2017:09:18:32 -0300] "GET /cormun/pexe_scrolldiv.js HTTP/1.1" 404 1009
192.168.10.96 - - [31/Aug/2017:09:18:32 -0300] "GET /cormun/pexe_scrolldiv.js HTTP/1.1" 404 1009
192.168.10.96 - - [31/Aug/2017:09:18:32 -0300] "GET /cormun/servlet/vesolicitudgral?2017,7094,,SolicitudOTAdjuntos HTTP/1.1" 200 7699
192.168.10.96 - - [31/Aug/2017:09:18:33 -0300] "POST /cormun/servlet/acontrolpreferencessavestate?None,DZAMUDIO,true HTTP/1.1" 200 35
186.79.26.230 - - [31/Aug/2017:09:18:34 -0300] "POST /cormun/servlet/trsolicitudot?82c53f8d74d2996d88463b88da851feb,gx-no-cache=1504181510171,gx-no-cache=1504181950051 HTTP/1.1" 200 13421
186.79.26.230 - - [31/Aug/2017:09:18:45 -0300] "GET /cormun/servlet/vesolicitudot?2017,7306,, HTTP/1.1" 200 8330
186.79.26.230 - - [31/Aug/2017:09:18:51 -0300] "GET /cormun/pexe_scrolldiv.js HTTP/1.1" 404 1009
186.79.26.230 - - [31/Aug/2017:09:18:53 -0300] "GET /cormun/servlet/vesolicitudot?2017,7306,, HTTP/1.1" 200 8308
186.79.26.230 - - [31/Aug/2017:09:19:14 -0300] "POST /cormun/servlet/vesolicitudot?82c53f8d74d2996d88463b88da851feb,2017,7306,,,gx-no-cache=1504181992390 HTTP/1.1" 200 90
186.79.26.230 - - [31/Aug/2017:09:19:14 -0300] "GET /cormun/servlet/hpexe_link HTTP/1.1" 200 978
186.79.26.230 - - [31/Aug/2017:09:19:14 -0300] "GET /cormun/servlet/trsolicitudot?gx-no-cache=1504181510171 HTTP/1.1" 200 16266
186.79.26.230 - - [31/Aug/2017:09:19:16 -0300] "GET /cormun/servlet/trsolicitudot?gx-no-cache=1504181510171 HTTP/1.1" 200 16284
186.79.26.230 - - [31/Aug/2017:09:19:31 -0300] "GET /cormun/servlet/vesolicitudot?2017,7304,, HTTP/1.1" 200 8367
186.79.26.230 - - [31/Aug/2017:09:19:31 -0300] "GET /cormun/pexe_scrolldiv.js HTTP/1.1" 404 1009
186.79.26.230 - - [31/Aug/2017:09:19:32 -0300] "GET /cormun/servlet/vesolicitudot?2017,7304,, HTTP/1.1" 200 8346
186.103.159.46 - - [31/Aug/2017:09:20:28 -0300] "GET /cormun/servlet/hhome HTTP/1.1" 200 3828
186.103.159.46 - - [31/Aug/2017:09:20:30 -0300] "GET /cormun/servlet/hhome HTTP/1.1" 200 3836
186.79.26.230 - - [31/Aug/2017:09:20:48 -0300] "GET /cormun/servlet/hlogin HTTP/1.1" 200 1739
192.168.10.89 - - [31/Aug/2017:09:21:25 -0300] "GET /cormun/servlet/hlogin HTTP/1.1" 200 1718
192.168.10.89 - - [31/Aug/2017:09:21:32 -0300] "POST /cormun/servlet/hlogin?f968259317cb4ad14395154cfe6c5114,gx-no-cache=1504182058835 HTTP/1.1" 200 90
192.168.10.89 - - [31/Aug/2017:09:21:32 -0300] "GET /cormun/servlet/hpexe_link HTTP/1.1" 200 949
192.168.10.89 - - [31/Aug/2017:09:21:32 -0300] "GET /cormun/servlet/hhome HTTP/1.1" 200 4630
192.168.10.89 - - [31/Aug/2017:09:21:38 -0300] "GET /cormun/servlet/trsolicitudgral? HTTP/1.1" 200 21179
192.168.10.89 - - [31/Aug/2017:09:21:49 -0300] "POST /cormun/servlet/trsolicitudgral?f968259317cb4ad14395154cfe6c5114,,gx-no-cache=1504182075482 HTTP/1.1" 200 105
192.168.10.89 - - [31/Aug/2017:09:21:49 -0300] "GET /cormun/SolicitudGral-8051.xls HTTP/1.1" 200 17920
192.168.10.89 - - [31/Aug/2017:09:21:54 -0300] "OPTIONS /cormun/ HTTP/1.1" 200 -
192.168.10.89 - - [31/Aug/2017:09:21:54 -0300] "OPTIONS /cormun/ HTTP/1.1" 200 -
192.168.10.89 - - [31/Aug/2017:09:21:59 -0300] "HEAD /cormun/SolicitudGral-8051.xls HTTP/1.1" 200 -
192.168.10.89 - - [31/Aug/2017:09:21:59 -0300] "OPTIONS / HTTP/1.1" 200 11217
192.168.10.89 - - [31/Aug/2017:09:21:59 -0300] "HEAD /cormun/SolicitudGral-8051.xls HTTP/1.1" 200 -
186.103.159.46 - - [31/Aug/2017:09:22:00 -0300] "GET /cormun/servlet/trpermisosgoce? HTTP/1.1" 200 15759
186.103.159.46 - - [31/Aug/2017:09:22:00 -0300] "GET /cormun/static/calendar.js?85251 HTTP/1.1" 304 -
186.103.159.46 - - [31/Aug/2017:09:22:00 -0300] "GET /cormun/static/calendar-setup.js?85251 HTTP/1.1" 304 -
186.103.159.46 - - [31/Aug/2017:09:22:00 -0300] "GET /cormun/static/calendar-es.js?85251 HTTP/1.1" 304 -
186.103.159.46 - - [31/Aug/2017:09:22:00 -0300] "GET /cormun/static/gxdec.js?85251 HTTP/1.1" 304 -
186.103.159.46 - - [31/Aug/2017:09:22:02 -0300] "GET /cormun/servlet/trpermisosgoce? HTTP/1.1" 200 15757
192.168.10.89 - - [31/Aug/2017:09:22:04 -0300] "GET /cormun/SolicitudGral-8051.xls HTTP/1.1" 200 17920
192.168.10.89 - - [31/Aug/2017:09:22:04 -0300] "HEAD /cormun/SolicitudGral-8051.xls HTTP/1.1" 200 -
186.103.159.46 - - [31/Aug/2017:09:22:07 -0300] "GET /cormun/servlet/permisogoce?INS,0,,, HTTP/1.1" 200 6670
186.103.159.46 - - [31/Aug/2017:09:22:08 -0300] "GET /cormun/servlet/permisogoce?INS,0,,, HTTP/1.1" 200 6668
186.103.159.46 - - [31/Aug/2017:09:22:47 -0300] "GET /cormun/servlet/permisogoce?bf239ac5a51e9bbb4d506cf522c8bb32ffc7a0c09955b9bda0a2c129e8b67e296a9e689e32c5abaebbbadf59c9f92d17,gx-no-cache=1504182205659 HTTP/1.1" 200 91
186.103.159.46 - - [31/Aug/2017:09:22:47 -0300] "GET /cormun/static/menuarrow.gif HTTP/1.1" 404 1015
186.103.159.46 - - [31/Aug/2017:09:25:02 -0300] "GET /cormun/servlet/permisogoce?bf239ac5a51e9bbb4d506cf522c8bb32483d12839a2a835964fdf56b801017a8f74c85cc13d308b9f1e6a4fff291f41993ee6d7e369558857d5f27f8acd0da8d4cf4ade75ec4ca2ae761220caed8ba5c167c8c2a6afbb97719fbb8c2adeccb31df0879deacd9eace00d7dad6d5d2e3f96df5c53d53aeda6e5c93999d3935d529,gx-no-cache=1504182340965 HTTP/1.1" 200 226
186.103.159.46 - - [31/Aug/2017:09:25:02 -0300] "GET /cormun/static/Shared/jqueryui/images/ui-bg_highlight-soft_100_c6c2c8_1x100.png HTTP/1.1" 404 1117
186.103.159.46 - - [31/Aug/2017:09:25:02 -0300] "GET /cormun/static/Shared/jqueryui/images/ui-icons_82798d_256x240.png HTTP/1.1" 404 1089
186.103.159.46 - - [31/Aug/2017:09:25:02 -0300] "GET /cormun/static/Shared/jqueryui/images/ui-bg_flat_55_994d53_40x100.png HTTP/1.1" 404 1097
186.103.159.46 - - [31/Aug/2017:09:25:02 -0300] "GET /cormun/static/Shared/jqueryui/images/ui-icons_ebccce_256x240.png HTTP/1.1" 404 1089
192.168.10.89 - - [31/Aug/2017:09:25:31 -0300] "POST /cormun/servlet/trsolicitudgral?f968259317cb4ad14395154cfe6c5114,,gx-no-cache=1504182298441 HTTP/1.1" 200 7166
192.168.10.89 - - [31/Aug/2017:09:25:39 -0300] "POST /cormun/servlet/trsolicitudgral?f968259317cb4ad14395154cfe6c5114,,gx-no-cache=1504182306074 HTTP/1.1" 200 5975
192.168.10.89 - - [31/Aug/2017:09:25:39 -0300] "GET /cormun/static/Shared/jqueryui/images/ui-icons_8d78a5_256x240.png HTTP/1.1" 404 1089
192.168.10.89 - - [31/Aug/2017:09:25:39 -0300] "GET /cormun/static/Shared/jqueryui/images/ui-icons_82798d_256x240.png HTTP/1.1" 404 1089
192.168.10.89 - - [31/Aug/2017:09:25:39 -0300] "GET /cormun/static/Shared/jqueryui/images/ui-bg_highlight-soft_100_c6c2c8_1x100.png HTTP/1.1" 404 1117
192.168.10.89 - - [31/Aug/2017:09:25:39 -0300] "GET /cormun/static/Shared/jqueryui/images/ui-bg_flat_55_fafafa_40x100.png HTTP/1.1" 404 1097
192.168.10.89 - - [31/Aug/2017:09:26:22 -0300] "POST /cormun/servlet/trsolicitudgral?f968259317cb4ad14395154cfe6c5114,,gx-no-cache=1504182349323 HTTP/1.1" 200 7143
192.168.10.89 - - [31/Aug/2017:09:26:30 -0300] "POST /cormun/servlet/trsolicitudgral?f968259317cb4ad14395154cfe6c5114,,gx-no-cache=1504182357633 HTTP/1.1" 200 5967
192.168.10.89 - - [31/Aug/2017:09:27:08 -0300] "POST /cormun/servlet/trsolicitudgral?f968259317cb4ad14395154cfe6c5114,,gx-no-cache=1504182395579 HTTP/1.1" 200 7157
192.168.10.89 - - [31/Aug/2017:09:27:12 -0300] "POST /cormun/servlet/trsolicitudgral?f968259317cb4ad14395154cfe6c5114,,gx-no-cache=1504182399392 HTTP/1.1" 200 5974
186.103.159.46 - - [31/Aug/2017:09:27:27 -0300] "GET /cormun/servlet/permisogoce?bf239ac5a51e9bbb4d506cf522c8bb32db792231983fdd5025f8d984a8477e42f74c85cc13d308b9f1e6a4fff291f41993ee6d7e369558857d5f27f8acd0da8d4cf4ade75ec4ca2ae761220caed8ba5c167c8c2a6afbb97719fbb8c2adeccb31df0879deacd9eace00d7dad6d5d2e3f96df5c53d53aeda6e5c93999d3935d529,gx-no-cache=1504182486185 HTTP/1.1" 200 80
186.103.159.46 - - [31/Aug/2017:09:27:36 -0300] "GET /cormun/servlet/permisogoce?bf239ac5a51e9bbb4d506cf522c8bb32ce42f1b482cb6791f8c943bc30c0f4a78528976ee0df9e258faeb2fc1fd7ed290040e2683dd2545025e7fffc33c60e19,gx-no-cache=1504182494372 HTTP/1.1" 200 48
186.103.159.46 - - [31/Aug/2017:09:27:46 -0300] "POST /cormun/servlet/permisogoce?0ce61630c9334a6339d4720613057f0f,INS,0,,,,gx-no-cache=1504182504374 HTTP/1.1" 200 93
186.103.159.46 - - [31/Aug/2017:09:27:46 -0300] "GET /cormun/servlet/hpexe_return? HTTP/1.1" 200 1006
186.103.159.46 - - [31/Aug/2017:09:27:47 -0300] "GET /cormun/servlet/trpermisosgoce HTTP/1.1" 200 16089
186.103.159.46 - - [31/Aug/2017:09:27:49 -0300] "GET /cormun/servlet/trpermisosgoce HTTP/1.1" 200 16084
186.103.159.46 - - [31/Aug/2017:09:27:53 -0300] "GET /cormun/servlet/apermisogoceprn?9279275,P,20170831092134,PU HTTP/1.1" 200 1655
186.103.159.46 - - [31/Aug/2017:09:29:10 -0300] "GET /cormun/servlet/permisogoce?INS,0,,, HTTP/1.1" 200 6671
186.103.159.46 - - [31/Aug/2017:09:29:12 -0300] "GET /cormun/servlet/permisogoce?INS,0,,, HTTP/1.1" 200 6670
186.79.26.230 - - [31/Aug/2017:09:29:18 -0300] "POST /cormun/servlet/hlogin?82c53f8d74d2996d88463b88da851feb,gx-no-cache=1504182596736 HTTP/1.1" 200 90
186.79.26.230 - - [31/Aug/2017:09:29:18 -0300] "GET /cormun/servlet/hpexe_link HTTP/1.1" 200 958
186.79.26.230 - - [31/Aug/2017:09:29:18 -0300] "GET /cormun/servlet/vesolicitudot?2017,7304,, HTTP/1.1" 200 8347
186.79.26.230 - - [31/Aug/2017:09:29:18 -0300] "GET /cormun/pexe_scrolldiv.js HTTP/1.1" 404 1009
186.79.26.230 - - [31/Aug/2017:09:29:18 -0300] "GET /cormun/pexe_scrolldiv.js HTTP/1.1" 404 1009
186.79.26.230 - - [31/Aug/2017:09:29:20 -0300] "GET /cormun/servlet/vesolicitudot?2017,7304,, HTTP/1.1" 200 8346
192.168.10.89 - - [31/Aug/2017:09:29:27 -0300] "GET /cormun/servlet/hlogin HTTP/1.1" 200 1723
186.79.26.230 - - [31/Aug/2017:09:29:28 -0300] "GET /cormun/servlet/trlicencias? HTTP/1.1" 200 13230
186.79.26.230 - - [31/Aug/2017:09:29:29 -0300] "GET /cormun/servlet/trlicencias? HTTP/1.1" 200 13188
186.79.26.230 - - [31/Aug/2017:09:29:34 -0300] "GET /cormun/servlet/licenciaspermisos?INS,0,,, HTTP/1.1" 200 7633
186.79.26.230 - - [31/Aug/2017:09:29:34 -0300] "GET /cormun/static/gxcfg.js?201762917281167 HTTP/1.1" 200 953
192.168.10.89 - - [31/Aug/2017:09:29:34 -0300] "POST /cormun/servlet/hlogin?53c4b0b3457d35b22aa37d79850f30dc,gx-no-cache=1504182541468 HTTP/1.1" 200 90
192.168.10.89 - - [31/Aug/2017:09:29:34 -0300] "GET /cormun/servlet/hpexe_link HTTP/1.1" 200 953
192.168.10.89 - - [31/Aug/2017:09:29:34 -0300] "GET /cormun/servlet/hhome HTTP/1.1" 200 4636
186.79.26.230 - - [31/Aug/2017:09:29:35 -0300] "GET /cormun/servlet/licenciaspermisos?INS,0,,, HTTP/1.1" 200 7641
192.168.10.89 - - [31/Aug/2017:09:29:41 -0300] "GET /cormun/servlet/trsolicitudgral? HTTP/1.1" 200 19964
186.79.26.230 - - [31/Aug/2017:09:29:45 -0300] "GET /cormun/servlet/licenciaspermisos?f6f63c767e2d14ea6399b7d3844c2c2dd9a56e95220c7c01c4b21f747b9f480ce572d6002a8e6ca19f66d34f9fd0d5fa,gx-no-cache=1504182624335 HTTP/1.1" 200 91
186.79.26.230 - - [31/Aug/2017:09:29:46 -0300] "POST /cormun/servlet/licenciaspermisos?82c53f8d74d2996d88463b88da851feb,INS,0,,,,gx-no-cache=1504182624504 HTTP/1.1" 200 4765
186.103.159.46 - - [31/Aug/2017:09:29:47 -0300] "GET /cormun/servlet/permisogoce?bf239ac5a51e9bbb4d506cf522c8bb32ffc7a0c09955b9bda0a2c129e8b67e296a9e689e32c5abaebbbadf59c9f92d17,gx-no-cache=1504182625544 HTTP/1.1" 200 91
186.103.159.46 - - [31/Aug/2017:09:29:47 -0300] "GET /cormun/static/menuarrow.gif HTTP/1.1" 404 1015
192.168.10.89 - - [31/Aug/2017:09:29:50 -0300] "POST /cormun/servlet/trsolicitudgral?53c4b0b3457d35b22aa37d79850f30dc,,gx-no-cache=1504182556772 HTTP/1.1" 200 104
192.168.10.89 - - [31/Aug/2017:09:29:50 -0300] "GET /cormun/SolicitudGral-875.xls HTTP/1.1" 200 16384
186.103.159.46 - - [31/Aug/2017:09:29:55 -0300] "GET /cormun/servlet/permisogoce?bf239ac5a51e9bbb4d506cf522c8bb32cc6c4914f5aea65ed983ec440b8255551314c544cc7a0a69f587626a06bedd98a6b657aace1a5c2c00b371db1767607b,gx-no-cache=1504182633386 HTTP/1.1" 200 48
186.79.26.230 - - [31/Aug/2017:09:29:59 -0300] "GET /cormun/static/menuarrow.gif HTTP/1.1" 404 1015
192.168.10.89 - - [31/Aug/2017:09:29:59 -0300] "OPTIONS /cormun/ HTTP/1.1" 200 -
192.168.10.89 - - [31/Aug/2017:09:29:59 -0300] "OPTIONS /cormun/ HTTP/1.1" 200 -
192.168.10.89 - - [31/Aug/2017:09:30:04 -0300] "HEAD /cormun/SolicitudGral-875.xls HTTP/1.1" 200 -
192.168.10.89 - - [31/Aug/2017:09:30:04 -0300] "HEAD /cormun/SolicitudGral-875.xls HTTP/1.1" 200 -
192.168.10.89 - - [31/Aug/2017:09:30:17 -0300] "GET /cormun/SolicitudGral-875.xls HTTP/1.1" 200 16384
192.168.10.89 - - [31/Aug/2017:09:30:17 -0300] "HEAD /cormun/SolicitudGral-875.xls HTTP/1.1" 200 -
186.103.159.46 - - [31/Aug/2017:09:30:22 -0300] "POST /cormun/servlet/permisogoce?0ce61630c9334a6339d4720613057f0f,INS,0,,,,gx-no-cache=1504182660367 HTTP/1.1" 200 93
186.103.159.46 - - [31/Aug/2017:09:30:22 -0300] "GET /cormun/servlet/hpexe_return? HTTP/1.1" 200 1006
186.103.159.46 - - [31/Aug/2017:09:30:23 -0300] "GET /cormun/servlet/trpermisosgoce HTTP/1.1" 200 16224
186.103.159.46 - - [31/Aug/2017:09:30:25 -0300] "GET /cormun/servlet/trpermisosgoce HTTP/1.1" 200 16219
186.103.159.46 - - [31/Aug/2017:09:30:39 -0300] "GET /cormun/servlet/trpermisosadjuntos?9517647,20170831092838,P, HTTP/1.1" 200 6163
186.103.159.46 - - [31/Aug/2017:09:30:40 -0300] "GET /cormun/servlet/trpermisosadjuntos?9517647,20170831092838,P, HTTP/1.1" 200 6164
192.168.10.89 - - [31/Aug/2017:09:30:41 -0300] "POST /cormun/servlet/trsolicitudgral?53c4b0b3457d35b22aa37d79850f30dc,,gx-no-cache=1504182608610 HTTP/1.1" 200 7112
186.103.159.46 - - [31/Aug/2017:09:30:52 -0300] "POST /cormun/servlet/trpermisosadjuntos?0ce61630c9334a6339d4720613057f0f,9517647,20170831092838,P,,gx-no-cache=1504182690472 HTTP/1.1" 200 90
186.103.159.46 - - [31/Aug/2017:09:30:52 -0300] "GET /cormun/servlet/hpexe_link HTTP/1.1" 200 976
186.103.159.46 - - [31/Aug/2017:09:30:52 -0300] "GET /cormun/servlet/trpermisosgoce HTTP/1.1" 200 16221
186.103.159.46 - - [31/Aug/2017:09:30:54 -0300] "GET /cormun/servlet/trpermisosgoce HTTP/1.1" 200 16219
186.103.159.46 - - [31/Aug/2017:09:30:59 -0300] "GET /cormun/servlet/apermisogoceprn?9517647,P,20170831092838,PU HTTP/1.1" 200 1670
192.168.10.89 - - [31/Aug/2017:09:31:08 -0300] "GET /cormun/servlet/solicitudgral?UPD,2017,7314, HTTP/1.1" 200 12551
192.168.10.89 - - [31/Aug/2017:09:31:08 -0300] "GET /cormun/static/gxcfg.js?20176272140328 HTTP/1.1" 200 953
192.168.10.89 - - [31/Aug/2017:09:31:08 -0300] "GET /cormun/static/solicitudgral.js?20176272140394 HTTP/1.1" 304 -
192.168.10.89 - - [31/Aug/2017:09:31:10 -0300] "POST /cormun/servlet/solicitudgral?gx-no-cache=1504182636835 HTTP/1.1" 200 3197
192.168.10.89 - - [31/Aug/2017:09:31:10 -0300] "GET /cormun/servlet/solicitudgral?7e0d0b762780485c3953ebdaf2ae277432e5f383b88ba5b7e14e9cee3a19a818bee1ad28fa924d8f179cd9b308eb64b16ca5578df60cb4097c01c7a75858d35730f2ce371f55293d3dc4b38f4af4c2a13ae131701765d15f5a89edd0336e22f7353a8c7028580d4d47602d3bc158ad89c0b21644538a1e870e6589f6c9399a9d06bd5d98353db5e87c766143ba83c16f4213d273f0f86577d48e099eea48331e7e3f541fca4efa7b1cc35d0014b2f62c09e83ac20feffbc069156959f1b2c033c32d48971715d4430d39dda5a19889d7291ba2f3da4cd9008ebc63dfd0642244b90c8560e3d055097b288922b97dc94bf18336d20742988d942b764f211b6c49417da3ec81dfa8c533a6dc934aa797cd612c047aac83c811d1b06da107c22920c74b4d3627982746cd6e61a347358e1d8b4bb52996c87acf90413b19a3d383ea4acf9a6f4c1e2d28bd5a280816e80c3e,gx-no-cache=1504182636977 HTTP/1.1" 200 242
192.168.10.89 - - [31/Aug/2017:09:31:13 -0300] "POST /cormun/servlet/solicitudgral?53c4b0b3457d35b22aa37d79850f30dc,UPD,2017,7314,,gx-no-cache=1504182640772 HTTP/1.1" 200 93
192.168.10.89 - - [31/Aug/2017:09:31:13 -0300] "GET /cormun/servlet/hpexe_return? HTTP/1.1" 200 1017
192.168.10.89 - - [31/Aug/2017:09:31:14 -0300] "GET /cormun/servlet/trsolicitudgral? HTTP/1.1" 200 10522
192.168.10.89 - - [31/Aug/2017:09:31:18 -0300] "POST /cormun/servlet/trsolicitudgral?53c4b0b3457d35b22aa37d79850f30dc,,gx-no-cache=1504182645353 HTTP/1.1" 200 5961
192.168.10.89 - - [31/Aug/2017:09:31:18 -0300] "GET /cormun/static/Shared/jqueryui/images/ui-icons_8d78a5_256x240.png HTTP/1.1" 404 1089
192.168.10.89 - - [31/Aug/2017:09:31:18 -0300] "GET /cormun/static/Shared/jqueryui/images/ui-bg_flat_55_fafafa_40x100.png HTTP/1.1" 404 1097
192.168.10.89 - - [31/Aug/2017:09:31:18 -0300] "GET /cormun/static/Shared/jqueryui/images/ui-icons_82798d_256x240.png HTTP/1.1" 404 1089
192.168.10.89 - - [31/Aug/2017:09:31:18 -0300] "GET /cormun/static/Shared/jqueryui/images/ui-bg_highlight-soft_100_c6c2c8_1x100.png HTTP/1.1" 404 1117
186.79.26.230 - - [31/Aug/2017:09:31:50 -0300] "GET /cormun/servlet/licenciaspermisos?f6f63c767e2d14ea6399b7d3844c2c2d9d0c2a59080bcb2c811f566f383fa51d5f83870833ca7e112c49b42131ab506efae92a3ab9116fae0b26e7641a3b12caeacdbe85676482c1c6648edd1f00aa037303d480600fc2649ff2533655400004fba8b0e99fff18ff0d9b4fcc9f6fa506d87e028c7da5d29dd8e3754262aace3ac2af35d74ac78f44bc106376e0dac473d53ad99b51a5e762eabf211675c4ece09a645f3d0d36c075db6a3481b0723b4a,gx-no-cache=1504182748952 HTTP/1.1" 200 30
186.79.26.230 - - [31/Aug/2017:09:31:52 -0300] "GET /cormun/servlet/licenciaspermisos?f6f63c767e2d14ea6399b7d3844c2c2dba279929e9b54ca69f28e38f08ecdb1405662b5783de4002511170e465c97821961af2098fb9e116bf315f2e247973fbb75e386c206d839a72cb7528ba6e325791b068d6da1c31e23ffbf4bf5d1f6d124b370644c46d7cc6bc9fc1c08c526e4ba4485694cab3f506159f6c4de9b7312d18290b3f34b4ccd77748340212f7067698cc00a5c42ce44c638064d8d6308743d66f8a6934548fd32082a925ba9c1551,gx-no-cache=1504182751366 HTTP/1.1" 200 29
186.79.26.230 - - [31/Aug/2017:09:31:53 -0300] "POST /cormun/servlet/licenciaspermisos?82c53f8d74d2996d88463b88da851feb,INS,0,,,,gx-no-cache=1504182751583 HTTP/1.1" 200 93
186.79.26.230 - - [31/Aug/2017:09:31:53 -0300] "GET /cormun/servlet/hpexe_return? HTTP/1.1" 200 1005
186.79.26.230 - - [31/Aug/2017:09:31:53 -0300] "GET /cormun/servlet/trlicencias HTTP/1.1" 200 13618
186.79.26.230 - - [31/Aug/2017:09:31:55 -0300] "GET /cormun/servlet/trlicencias HTTP/1.1" 200 13621
186.79.26.230 - - [31/Aug/2017:09:31:59 -0300] "GET /cormun/servlet/trlicenciaspermisosadjuntos?8494476,20170831000000,L, HTTP/1.1" 200 6445
186.79.26.230 - - [31/Aug/2017:09:32:00 -0300] "GET /cormun/static/gxcfg.js?20177612163414 HTTP/1.1" 200 953
186.79.26.230 - - [31/Aug/2017:09:32:00 -0300] "GET /cormun/servlet/trlicenciaspermisosadjuntos?8494476,20170831000000,L, HTTP/1.1" 200 6445
186.79.26.230 - - [31/Aug/2017:09:32:02 -0300] "GET /cormun/servlet/licenciaspermisosadjuntos?INS,8494476,L,20170831000000,, HTTP/1.1" 200 5746
186.79.26.230 - - [31/Aug/2017:09:32:03 -0300] "GET /cormun/static/gxcfg.js?2017761263592 HTTP/1.1" 200 953
186.79.26.230 - - [31/Aug/2017:09:32:03 -0300] "GET /cormun/static/about:blank HTTP/1.1" 404 1011
186.79.26.230 - - [31/Aug/2017:09:32:04 -0300] "GET /cormun/servlet/licenciaspermisosadjuntos?INS,8494476,L,20170831000000,, HTTP/1.1" 200 5735
186.103.159.46 - - [31/Aug/2017:09:32:07 -0300] "GET /cormun/servlet/permisogoce?INS,0,,, HTTP/1.1" 200 6670
186.103.159.46 - - [31/Aug/2017:09:32:09 -0300] "GET /cormun/servlet/permisogoce?INS,0,,, HTTP/1.1" 200 6670
186.103.159.46 - - [31/Aug/2017:09:32:22 -0300] "GET /cormun/servlet/permisogoce?bf239ac5a51e9bbb4d506cf522c8bb320d6f5c44bc1dff5fb75461427d3f3e1b1ad754215b7cbd87eb1ef1ad180b00acc44874c02dd4c53d1469a41f683c7e1d,gx-no-cache=1504182781182 HTTP/1.1" 200 83
186.103.159.46 - - [31/Aug/2017:09:32:22 -0300] "GET /cormun/static/menuarrow.gif HTTP/1.1" 404 1015
186.79.26.230 - - [31/Aug/2017:09:32:28 -0300] "POST /cormun/servlet/licenciaspermisosadjuntos?82c53f8d74d2996d88463b88da851feb,INS,8494476,L,20170831000000,, HTTP/1.1" 200 116
186.79.26.230 - - [31/Aug/2017:09:32:29 -0300] "GET /cormun/servlet/hpexe_return? HTTP/1.1" 200 1035
186.79.26.230 - - [31/Aug/2017:09:32:30 -0300] "GET /cormun/servlet/trlicenciaspermisosadjuntos?8494476,20170831000000,L, HTTP/1.1" 200 6941
186.79.26.230 - - [31/Aug/2017:09:32:31 -0300] "GET /cormun/servlet/trlicenciaspermisosadjuntos?8494476,20170831000000,L, HTTP/1.1" 200 6939
186.103.159.46 - - [31/Aug/2017:09:32:32 -0300] "GET /cormun/servlet/permisogoce?bf239ac5a51e9bbb4d506cf522c8bb32a8cff57e67caa80ef11e174ec5882e848bcc1c3817970d482b5d81cd4e248e3c1e43a2d52616508d92b4a428e18b6c3b,gx-no-cache=1504182791293 HTTP/1.1" 200 47
186.79.26.230 - - [31/Aug/2017:09:32:34 -0300] "POST /cormun/servlet/trlicenciaspermisosadjuntos?82c53f8d74d2996d88463b88da851feb,8494476,20170831000000,L,,gx-no-cache=1504182792653 HTTP/1.1" 200 90
186.79.26.230 - - [31/Aug/2017:09:32:34 -0300] "GET /cormun/servlet/hpexe_link HTTP/1.1" 200 975
186.79.26.230 - - [31/Aug/2017:09:32:34 -0300] "GET /cormun/servlet/trlicencias HTTP/1.1" 200 13623
186.79.26.230 - - [31/Aug/2017:09:32:36 -0300] "GET /cormun/servlet/trlicencias HTTP/1.1" 200 13612
186.103.159.46 - - [31/Aug/2017:09:32:38 -0300] "POST /cormun/servlet/permisogoce?0ce61630c9334a6339d4720613057f0f,INS,0,,,,gx-no-cache=1504182796826 HTTP/1.1" 200 93
186.103.159.46 - - [31/Aug/2017:09:32:38 -0300] "GET /cormun/servlet/hpexe_return? HTTP/1.1" 200 1006
186.103.159.46 - - [31/Aug/2017:09:32:39 -0300] "GET /cormun/servlet/trpermisosgoce HTTP/1.1" 200 16492
186.79.26.230 - - [31/Aug/2017:09:32:40 -0300] "GET /cormun/servlet/alicenciaprn?8494476,L,20170831000000,PU HTTP/1.1" 200 1534
186.103.159.46 - - [31/Aug/2017:09:32:41 -0300] "GET /cormun/servlet/trpermisosgoce HTTP/1.1" 200 16487
186.103.159.46 - - [31/Aug/2017:09:32:51 -0300] "GET /cormun/servlet/apermisogoceprn?10842330,P,20170831093134,PU HTTP/1.1" 200 1664
186.79.26.230 - - [31/Aug/2017:09:33:06 -0300] "POST /cormun/servlet/trlicencias?82c53f8d74d2996d88463b88da851feb,gx-no-cache=1504182823973 HTTP/1.1" 200 11163
186.79.26.230 - - [31/Aug/2017:09:33:07 -0300] "GET /cormun/static/Shared/jqueryui/images/ui-bg_highlight-soft_100_c6c2c8_1x100.png HTTP/1.1" 404 1117
186.79.26.230 - - [31/Aug/2017:09:33:07 -0300] "GET /cormun/static/Shared/jqueryui/images/ui-icons_82798d_256x240.png HTTP/1.1" 404 1089
186.79.26.230 - - [31/Aug/2017:09:33:07 -0300] "GET /cormun/static/Shared/jqueryui/images/ui-bg_flat_55_fafafa_40x100.png HTTP/1.1" 404 1097
186.79.26.230 - - [31/Aug/2017:09:33:07 -0300] "GET /cormun/static/Shared/jqueryui/images/ui-icons_8d78a5_256x240.png HTTP/1.1" 404 1089
192.168.10.89 - - [31/Aug/2017:09:33:14 -0300] "POST /cormun/servlet/trsolicitudgral?53c4b0b3457d35b22aa37d79850f30dc,,gx-no-cache=1504182761114 HTTP/1.1" 200 7428
192.168.10.89 - - [31/Aug/2017:09:33:18 -0300] "GET /cormun/servlet/solicitudgral?UPD,2017,7302, HTTP/1.1" 200 12506
192.168.10.89 - - [31/Aug/2017:09:33:19 -0300] "POST /cormun/servlet/solicitudgral?gx-no-cache=1504182766177 HTTP/1.1" 200 3177
192.168.10.89 - - [31/Aug/2017:09:33:19 -0300] "GET /cormun/servlet/solicitudgral?7e0d0b762780485c3953ebdaf2ae277432e5f383b88ba5b7e14e9cee3a19a818bee1ad28fa924d8f179cd9b308eb64b16ca5578df60cb4097c01c7a75858d35730f2ce371f55293d3dc4b38f4af4c2a10d14d60360410a2eea4acb89d4f1908a353a8c7028580d4d47602d3bc158ad89c0b21644538a1e870e6589f6c9399a9d06bd5d98353db5e87c766143ba83c16f4213d273f0f86577d48e099eea48331e7e3f541fca4efa7b1cc35d0014b2f62c09e83ac20feffbc069156959f1b2c033c32d48971715d4430d39dda5a19889d7291ba2f3da4cd9008ebc63dfd0642244b90c8560e3d055097b288922b97dc94bf18336d20742988d942b764f211b6c49417da3ec81dfa8c533a6dc934aa797cd612c047aac83c811d1b06da107c22920c74b4d3627982746cd6e61a347358e1d8b4bb52996c87acf90413b19a3d383ea4acf9a6f4c1e2d28bd5a280816e80c3e,gx-no-cache=1504182766353 HTTP/1.1" 200 257
186.79.26.230 - - [31/Aug/2017:09:33:24 -0300] "GET /cormun/servlet/trcontratounov2? HTTP/1.1" 200 12638
186.79.26.230 - - [31/Aug/2017:09:33:26 -0300] "GET /cormun/servlet/trcontratounov2? HTTP/1.1" 200 12640
186.79.26.230 - - [31/Aug/2017:09:33:37 -0300] "POST /cormun/servlet/trcontratounov2?82c53f8d74d2996d88463b88da851feb,,gx-no-cache=1504182855393 HTTP/1.1" 200 16507
186.103.159.46 - - [31/Aug/2017:09:33:49 -0300] "POST /cormun/servlet/hlogin?b3e306a6f4769f84873448118b98530c,gx-no-cache=1504182866591 HTTP/1.1" 440 972
186.103.159.46 - - [31/Aug/2017:09:33:51 -0300] "GET /cormun/servlet/hlogin HTTP/1.1" 200 1731
186.79.26.230 - - [31/Aug/2017:09:33:56 -0300] "GET /cormun/servlet/trsolicitudot? HTTP/1.1" 200 16266
186.79.26.230 - - [31/Aug/2017:09:33:58 -0300] "GET /cormun/servlet/trsolicitudot? HTTP/1.1" 200 16266
186.79.26.230 - - [31/Aug/2017:09:34:01 -0300] "GET /cormun/servlet/solicitudot?INS,0,0, HTTP/1.1" 200 12953
186.79.26.230 - - [31/Aug/2017:09:34:03 -0300] "GET /cormun/servlet/solicitudot?INS,0,0, HTTP/1.1" 200 12957
192.168.10.89 - - [31/Aug/2017:09:34:03 -0300] "GET /cormun/servlet/solicitudgral?7e0d0b762780485c3953ebdaf2ae2774a0e3e725e87f2f3c8fddf5b1919207b1fa4ab2b87b102acedcd6f6d3e862960bc5e9a56e6e6e7689eef7efc405283632040278939eb2eac56cf32c80072fe7d14293ca8133076ece0cf020bfcb13b28253e721d1a48ecb18f2813711bbe31143e871525823707e4590a228648a0a6dcdb5666e61195074903196052910be50a22d06ec81e476485ced11fa7d97c133189bd9d466c14c326a5f55ed24632eb577bb4146877415d21058bce54c495358756d6cf143ef6a8c4f084cb9b9f2c56930722a1e9cda1dcdca3010c36178820206f6a10cb1726ca61c556f78aa478b10fbddbe11a84396bbbf46e98840971cc0772e98e786694af5d2ff1f9e68393097a75a0c6cad8ac7b0e1a89989e61c2ef2aa95dd04006ed008167c5e47ea7deb33875c4dcbb89e2e6f677b8031c2d27224ccc53787f2b9b6619289fc631324aed8feb87ee29c500bce830b29fd146dbd26898c6b559ee1627a554b85cf82e1e7dce0929401e96724eba611d68a1466098f6af02c178f137eb0708c84829962a7801ed389b3db1615602ff32dcfc0a62af32e0d8fb2e2a6a3de337dac731af52532aaa417b75c4671d7b26551cc539a7f8c32833b0b7842a7cd36f203f2a33231501030787cfbc4cb5f02ea6223ca0d46dffa358a3e23f0f0013857391f16f110ea633604c17598a795bcf558d93e66f43a1c20e35e14370fa88dff266d760f5f86df4aa35d6a60b1037bc79aa203cadc0577dbcd8afc4ebe9be473a6b281fa1b633b,gx-no-cache=1504182810037 HTTP/1.1" 200 48
192.168.10.89 - - [31/Aug/2017:09:34:03 -0300] "POST /cormun/servlet/solicitudgral?53c4b0b3457d35b22aa37d79850f30dc,UPD,2017,7302,,gx-no-cache=1504182810125 HTTP/1.1" 200 10838
192.168.10.89 - - [31/Aug/2017:09:34:03 -0300] "GET /cormun/servlet/solicitudgral?7e0d0b762780485c3953ebdaf2ae27746017af177fdacba5926af609c4949c10ac4019313b43f42569eeb33d5a3ca2f0f8f956d2561c50786ff959c083a0c78bfa108692cbb5b3b77e5b0716318ab06d191e8fa68de37ed13a05e7bba33ef684a212edab4aafa12d6a107e0619d756283dea98f0551dfa6bfb7939315839b102dbd9a7d655f6f80bc1dcbe2a0ac6bf9f676684f07ec820b9410d62ac3fae86b5,gx-no-cache=1504182810325 HTTP/1.1" 200 29
192.168.10.89 - - [31/Aug/2017:09:34:03 -0300] "POST /cormun/servlet/solicitudgral?gx-no-cache=1504182810343 HTTP/1.1" 200 1311
192.168.10.89 - - [31/Aug/2017:09:34:03 -0300] "POST /cormun/servlet/solicitudgral?gx-no-cache=1504182810383 HTTP/1.1" 200 1215
192.168.10.89 - - [31/Aug/2017:09:34:03 -0300] "POST /cormun/servlet/solicitudgral?53c4b0b3457d35b22aa37d79850f30dc,UPD,2017,7302,,gx-no-cache=1504182810481 HTTP/1.1" 200 93
192.168.10.89 - - [31/Aug/2017:09:34:03 -0300] "GET /cormun/servlet/hpexe_return? HTTP/1.1" 200 1017
192.168.10.89 - - [31/Aug/2017:09:34:04 -0300] "GET /cormun/servlet/trsolicitudgral? HTTP/1.1" 200 10824
186.103.159.46 - - [31/Aug/2017:09:34:06 -0300] "POST /cormun/servlet/hlogin?e0ef3113c551b49d733e846884bfe4f8,gx-no-cache=1504182883683 HTTP/1.1" 200 90
186.103.159.46 - - [31/Aug/2017:09:34:06 -0300] "GET /cormun/servlet/hpexe_link HTTP/1.1" 200 950
186.103.159.46 - - [31/Aug/2017:09:34:07 -0300] "GET /cormun/servlet/hhome HTTP/1.1" 200 4073
186.103.159.46 - - [31/Aug/2017:09:34:08 -0300] "GET /cormun/servlet/hhome HTTP/1.1" 200 4070
192.168.10.89 - - [31/Aug/2017:09:34:09 -0300] "GET /cormun/servlet/solicitudgral2?UPD,2017,7303, HTTP/1.1" 200 12652
192.168.10.89 - - [31/Aug/2017:09:34:10 -0300] "POST /cormun/servlet/solicitudgral2?gx-no-cache=1504182816949 HTTP/1.1" 200 3177
192.168.10.89 - - [31/Aug/2017:09:34:10 -0300] "GET /cormun/servlet/solicitudgral2?7e0d0b762780485c3953ebdaf2ae277432e5f383b88ba5b7e14e9cee3a19a818bee1ad28fa924d8f179cd9b308eb64b16ca5578df60cb4097c01c7a75858d35730f2ce371f55293d3dc4b38f4af4c2a10d14d60360410a2eea4acb89d4f1908a353a8c7028580d4d47602d3bc158ad89c0b21644538a1e870e6589f6c9399a9d06bd5d98353db5e87c766143ba83c16f4213d273f0f86577d48e099eea48331e7e3f541fca4efa7b1cc35d0014b2f62c09e83ac20feffbc069156959f1b2c033c32d48971715d4430d39dda5a19889d7291ba2f3da4cd9008ebc63dfd0642244b90c8560e3d055097b288922b97dc94bf18336d20742988d942b764f211b6c49417da3ec81dfa8c533a6dc934aa797cd612c047aac83c811d1b06da107c22920c74b4d3627982746cd6e61a347358e1d8b4bb52996c87acf90413b19a3d383ea4acf9a6f4c1e2d28bd5a280816e80c3e,gx-no-cache=1504182817119 HTTP/1.1" 200 257
192.168.10.89 - - [31/Aug/2017:09:34:10 -0300] "POST /cormun/servlet/solicitudgral2?gx-no-cache=1504182817145 HTTP/1.1" 200 1412
192.168.10.89 - - [31/Aug/2017:09:34:10 -0300] "GET /cormun/servlet/solicitudgral2?7e0d0b762780485c3953ebdaf2ae2774de3b124376fccea584a2100c9cb3510eac9ab33676db93fd1b0100a7e1537ccb6ca5578df60cb4097c01c7a75858d357f7f3e9111daf92247fab49d6026b1278998b5ab2a1236f6a5df1e7ca0e36eda76d28fe6252558c9aeb4b3a8de04c7a02,gx-no-cache=1504182817198 HTTP/1.1" 200 41
186.103.159.46 - - [31/Aug/2017:09:34:12 -0300] "GET /cormun/servlet/trlicencias? HTTP/1.1" 200 10812
186.103.159.46 - - [31/Aug/2017:09:34:12 -0300] "GET /cormun/static/Resources/Spanish/PXTools.css?17315867 HTTP/1.1" 304 -
186.103.159.46 - - [31/Aug/2017:09:34:12 -0300] "GET /cormun/static/gxcfg.js?20176272054169 HTTP/1.1" 200 953
186.103.159.46 - - [31/Aug/2017:09:34:12 -0300] "GET /cormun/static/calendar-setup.js?85251 HTTP/1.1" 304 -
186.103.159.46 - - [31/Aug/2017:09:34:12 -0300] "GET /cormun/static/calendar-es.js?85251 HTTP/1.1" 304 -
186.103.159.46 - - [31/Aug/2017:09:34:12 -0300] "GET /cormun/static/calendar.js?85251 HTTP/1.1" 304 -
186.103.159.46 - - [31/Aug/2017:09:34:12 -0300] "GET /cormun/static/gxdec.js?85251 HTTP/1.1" 304 -
186.103.159.46 - - [31/Aug/2017:09:34:12 -0300] "GET /cormun/static/trlicencias.js?20176272054837 HTTP/1.1" 304 -
192.168.10.89 - - [31/Aug/2017:09:34:13 -0300] "POST /cormun/servlet/solicitudgral2?53c4b0b3457d35b22aa37d79850f30dc,UPD,2017,7303,,gx-no-cache=1504182820092 HTTP/1.1" 200 93
192.168.10.89 - - [31/Aug/2017:09:34:13 -0300] "GET /cormun/servlet/hpexe_return? HTTP/1.1" 200 1018
192.168.10.89 - - [31/Aug/2017:09:34:13 -0300] "GET /cormun/servlet/trsolicitudgral HTTP/1.1" 200 10824
186.103.159.46 - - [31/Aug/2017:09:34:13 -0300] "GET /cormun/servlet/trlicencias? HTTP/1.1" 200 10809
192.168.10.89 - - [31/Aug/2017:09:34:16 -0300] "POST /cormun/servlet/trsolicitudgral?53c4b0b3457d35b22aa37d79850f30dc,gx-no-cache=1504182823077 HTTP/1.1" 200 5957
192.168.10.89 - - [31/Aug/2017:09:34:16 -0300] "GET /cormun/static/Shared/jqueryui/images/ui-bg_highlight-soft_100_c6c2c8_1x100.png HTTP/1.1" 404 1117
192.168.10.89 - - [31/Aug/2017:09:34:16 -0300] "GET /cormun/static/Shared/jqueryui/images/ui-bg_flat_55_fafafa_40x100.png HTTP/1.1" 404 1097
192.168.10.89 - - [31/Aug/2017:09:34:16 -0300] "GET /cormun/static/Shared/jqueryui/images/ui-icons_82798d_256x240.png HTTP/1.1" 404 1089
192.168.10.89 - - [31/Aug/2017:09:34:16 -0300] "GET /cormun/static/Shared/jqueryui/images/ui-icons_8d78a5_256x240.png HTTP/1.1" 404 1089
186.79.26.230 - - [31/Aug/2017:09:34:18 -0300] "POST /cormun/servlet/solicitudot?gx-no-cache=1504182896701 HTTP/1.1" 200 3112
186.79.26.230 - - [31/Aug/2017:09:34:19 -0300] "POST /cormun/servlet/solicitudot?82c53f8d74d2996d88463b88da851feb,INS,0,0,,gx-no-cache=1504182897723 HTTP/1.1" 200 9959
186.79.26.230 - - [31/Aug/2017:09:34:28 -0300] "GET /cormun/servlet/solicitudot?738cddcf96e5c9ed507f2b30232432e25ea40dbf15eecd8022d3c14caadad596862488ae3470fa5383bd26cb9f50ec8f,gx-no-cache=1504182907109 HTTP/1.1" 200 30
192.168.10.89 - - [31/Aug/2017:09:34:54 -0300] "POST /cormun/servlet/trsolicitudgral?53c4b0b3457d35b22aa37d79850f30dc,gx-no-cache=1504182860822 HTTP/1.1" 200 7144
192.168.10.89 - - [31/Aug/2017:09:35:00 -0300] "GET /cormun/servlet/solicitudgral2?UPD,2017,7301, HTTP/1.1" 200 12687
192.168.10.89 - - [31/Aug/2017:09:35:01 -0300] "POST /cormun/servlet/solicitudgral2?gx-no-cache=1504182868804 HTTP/1.1" 200 3200
192.168.10.89 - - [31/Aug/2017:09:35:02 -0300] "GET /cormun/servlet/solicitudgral2?7e0d0b762780485c3953ebdaf2ae277432e5f383b88ba5b7e14e9cee3a19a818bee1ad28fa924d8f179cd9b308eb64b16ca5578df60cb4097c01c7a75858d35730f2ce371f55293d3dc4b38f4af4c2a10d14d60360410a2eea4acb89d4f1908a353a8c7028580d4d47602d3bc158ad89c0b21644538a1e870e6589f6c9399a9d06bd5d98353db5e87c766143ba83c16f4213d273f0f86577d48e099eea48331e7e3f541fca4efa7b1cc35d0014b2f62c09e83ac20feffbc069156959f1b2c033c32d48971715d4430d39dda5a19889d7291ba2f3da4cd9008ebc63dfd0642244b90c8560e3d055097b288922b97dc94bf18336d20742988d942b764f211b6c49417da3ec81dfa8c533a6dc934aa797cd612c047aac83c811d1b06da107c22920c74b4d3627982746cd6e61a347358e1d8b4bb52996c87acf90413b19a3d383ea4acf9a6f4c1e2d28bd5a280816e80c3e,gx-no-cache=1504182868975 HTTP/1.1" 200 257
192.168.10.89 - - [31/Aug/2017:09:35:02 -0300] "POST /cormun/servlet/solicitudgral2?gx-no-cache=1504182868999 HTTP/1.1" 200 1412
192.168.10.89 - - [31/Aug/2017:09:35:02 -0300] "GET /cormun/servlet/solicitudgral2?7e0d0b762780485c3953ebdaf2ae2774de3b124376fccea584a2100c9cb3510eac9ab33676db93fd1b0100a7e1537ccb6ca5578df60cb4097c01c7a75858d357f7f3e9111daf92247fab49d6026b1278998b5ab2a1236f6a5df1e7ca0e36eda7db5615ec87316ad9a291f337e22619dc,gx-no-cache=1504182869047 HTTP/1.1" 200 41
192.168.10.89 - - [31/Aug/2017:09:35:03 -0300] "POST /cormun/servlet/solicitudgral2?53c4b0b3457d35b22aa37d79850f30dc,UPD,2017,7301,,gx-no-cache=1504182870076 HTTP/1.1" 200 10896
192.168.10.89 - - [31/Aug/2017:09:35:03 -0300] "GET /cormun/servlet/solicitudgral2?7e0d0b762780485c3953ebdaf2ae2774a6616a30d077cab9ca38b6b86b4fb33fac4019313b43f42569eeb33d5a3ca2f0fbebcb2142212e35a3e8331e0cf06149a539bd8ca274fa8cba42550bf7d46f6f191e8fa68de37ed13a05e7bba33ef684fbc4e81468ca985136ab3f743e8b49fcf56c8bd4604a4b2e81b03f00ebe676ded4085f2c7dc14e3ae99859d5683e8698f25fc9b8d3d81595f054669dfcfb39c4,gx-no-cache=1504182870285 HTTP/1.1" 200 29
192.168.10.89 - - [31/Aug/2017:09:35:03 -0300] "POST /cormun/servlet/solicitudgral2?gx-no-cache=1504182870303 HTTP/1.1" 200 1311
192.168.10.89 - - [31/Aug/2017:09:35:03 -0300] "POST /cormun/servlet/solicitudgral2?gx-no-cache=1504182870334 HTTP/1.1" 200 1216
192.168.10.89 - - [31/Aug/2017:09:35:06 -0300] "GET /cormun/servlet/solicitudgral2?7e0d0b762780485c3953ebdaf2ae277474c7d0879a11baf7a1c5c340957505d82fc821ca67644bd217268f2b8b1ae1aa2977db3d45db0b7c54874edcb9d33fe6473e52db34b7c20dc61e7358515363f864ae85b4071feb49b4eaca981d8af7c45cd7e5c69ba618928f3c8b273a9e92d3d47ee5f9195e7a4baa4021c953c8f027,gx-no-cache=1504182873716 HTTP/1.1" 200 30
192.168.10.89 - - [31/Aug/2017:09:35:12 -0300] "GET /cormun/servlet/solicitudgral2?7e0d0b762780485c3953ebdaf2ae277474c7d0879a11baf7a1c5c340957505d82fc821ca67644bd217268f2b8b1ae1aa2977db3d45db0b7c54874edcb9d33fe6473e52db34b7c20dc61e7358515363f864ae85b4071feb49b4eaca981d8af7c43a066f46e84ad5a44906aaeacb379c17d47ee5f9195e7a4baa4021c953c8f027,gx-no-cache=1504182879779 HTTP/1.1" 200 30
192.168.10.89 - - [31/Aug/2017:09:35:14 -0300] "POST /cormun/servlet/solicitudgral2?53c4b0b3457d35b22aa37d79850f30dc,UPD,2017,7301,,gx-no-cache=1504182881262 HTTP/1.1" 200 93
192.168.10.89 - - [31/Aug/2017:09:35:14 -0300] "GET /cormun/servlet/hpexe_return? HTTP/1.1" 200 1038
192.168.10.89 - - [31/Aug/2017:09:35:14 -0300] "GET /cormun/servlet/trsolicitudgral?gx-no-cache=1504182860822 HTTP/1.1" 200 10558
192.168.10.89 - - [31/Aug/2017:09:35:17 -0300] "POST /cormun/servlet/trsolicitudgral?53c4b0b3457d35b22aa37d79850f30dc,gx-no-cache=1504182860822,gx-no-cache=1504182884623 HTTP/1.1" 200 5976
192.168.10.89 - - [31/Aug/2017:09:35:18 -0300] "GET /cormun/static/Shared/jqueryui/images/ui-icons_82798d_256x240.png HTTP/1.1" 404 1089
192.168.10.89 - - [31/Aug/2017:09:35:18 -0300] "GET /cormun/static/Shared/jqueryui/images/ui-icons_8d78a5_256x240.png HTTP/1.1" 404 1089
192.168.10.89 - - [31/Aug/2017:09:35:18 -0300] "GET /cormun/static/Shared/jqueryui/images/ui-bg_flat_55_fafafa_40x100.png HTTP/1.1" 404 1097
192.168.10.89 - - [31/Aug/2017:09:35:18 -0300] "GET /cormun/static/Shared/jqueryui/images/ui-bg_highlight-soft_100_c6c2c8_1x100.png HTTP/1.1" 404 1117
66.249.64.28 - - [31/Aug/2017:09:35:40 -0300] "GET /robots.txt HTTP/1.1" 404 981
66.249.64.28 - - [31/Aug/2017:09:35:40 -0300] "GET /cormun/servlet/hlogin HTTP/1.1" 200 1703
66.249.64.29 - - [31/Aug/2017:09:35:41 -0300] "GET /cormun/servlet/hlogin?_escaped_fragment_= HTTP/1.1" 200 1715
186.79.26.230 - - [31/Aug/2017:09:36:06 -0300] "POST /cormun/servlet/solicitudot?gx-no-cache=1504183005779 HTTP/1.1" 200 297
186.79.26.230 - - [31/Aug/2017:09:36:14 -0300] "GET /cormun/servlet/solicitudot?738cddcf96e5c9ed507f2b30232432e2cc73958d708d12743d93b554438567e39291550ad44a3a7c01e8c609c864f09204d552896c80bdaf350fb8e4a6c5d94feed83d368b72cc3ea35d46d904e914a0aba4c8c1f9db400f47bb20e35952b958884d68be70f6663411ca6e9dc2835c0272651630daaa583d5d9c8039cae20ef3770758a4f71b6c37b5dc6fa6c7fb0bf8d38cbabde34910ac703519e0e6a81e3b2664fc23cf78b1a57c7ab315f6347731bdaa44e0191249acb1c0b33b85660ad5ba0c4cd4430f10e2be5ac241aa04d7e4afa3c744676bd72b7ee1bc074ecacc18846ede591fc489e19a9353a76e3b1ac13ec06df1bc8bdf719047bbdc8b8a5716fae92a3ab9116fae0b26e7641a3b12cae0939436907501a75fce06dc362a80dc7d4bda9c9b03497e0e63de700210cfbb6de61a902fe87c4494e30b5da0edad71c291d72df1e2842d37e40dfa43c46ef128015ac3a2bba72e30d1efcf4fe3b520977cb5c3c46acd59b5923bdb778de6984578625f4e1af7d5c25594c13b048c4d9a645f3d0d36c075db6a3481b0723b4a,gx-no-cache=1504183013300 HTTP/1.1" 200 30
186.79.26.230 - - [31/Aug/2017:09:36:19 -0300] "GET /cormun/servlet/solicitudot?738cddcf96e5c9ed507f2b30232432e2cc73958d708d12743d93b554438567e39291550ad44a3a7c01e8c609c864f09204d552896c80bdaf350fb8e4a6c5d94feed83d368b72cc3ea35d46d904e914a0aba4c8c1f9db400f47bb20e35952b958884d68be70f6663411ca6e9dc2835c0272651630daaa583d5d9c8039cae20ef3770758a4f71b6c37b5dc6fa6c7fb0bf8d38cbabde34910ac703519e0e6a81e3b2664fc23cf78b1a57c7ab315f6347731bdaa44e0191249acb1c0b33b85660ad5ba0c4cd4430f10e2be5ac241aa04d7e4afa3c744676bd72b7ee1bc074ecacc18846ede591fc489e19a9353a76e3b1ac1ddb0dd9fd42cad0b4fe89b0f8539d5e1fae92a3ab9116fae0b26e7641a3b12cae0939436907501a75fce06dc362a80dc7d4bda9c9b03497e0e63de700210cfbb6de61a902fe87c4494e30b5da0edad71c291d72df1e2842d37e40dfa43c46ef128015ac3a2bba72e30d1efcf4fe3b520977cb5c3c46acd59b5923bdb778de6989686bac8d94c46270c816ab1745cf2509a645f3d0d36c075db6a3481b0723b4a,gx-no-cache=1504183018464 HTTP/1.1" 200 30
186.79.26.230 - - [31/Aug/2017:09:36:30 -0300] "GET /cormun/servlet/solicitudot?738cddcf96e5c9ed507f2b30232432e2cc73958d708d12743d93b554438567e39291550ad44a3a7c01e8c609c864f09204d552896c80bdaf350fb8e4a6c5d94feed83d368b72cc3ea35d46d904e914a0aba4c8c1f9db400f47bb20e35952b958884d68be70f6663411ca6e9dc2835c0272651630daaa583d5d9c8039cae20ef3770758a4f71b6c37b5dc6fa6c7fb0bf8d38cbabde34910ac703519e0e6a81e3b2664fc23cf78b1a57c7ab315f6347731bdaa44e0191249acb1c0b33b85660ad5ba0c4cd4430f10e2be5ac241aa04d7e4afa3c744676bd72b7ee1bc074ecacc18846ede591fc489e19a9353a76e3b1ac13ec06df1bc8bdf719047bbdc8b8a5716fae92a3ab9116fae0b26e7641a3b12cae0939436907501a75fce06dc362a80dc7d4bda9c9b03497e0e63de700210cfbb6de61a902fe87c4494e30b5da0edad71c291d72df1e2842d37e40dfa43c46ef128015ac3a2bba72e30d1efcf4fe3b520977cb5c3c46acd59b5923bdb778de6989686bac8d94c46270c816ab1745cf2509a645f3d0d36c075db6a3481b0723b4a,gx-no-cache=1504183029318 HTTP/1.1" 200 30
186.79.26.230 - - [31/Aug/2017:09:36:43 -0300] "POST /cormun/servlet/solicitudot?gx-no-cache=1504183042139 HTTP/1.1" 200 30
186.79.26.230 - - [31/Aug/2017:09:36:59 -0300] "GET /cormun/servlet/prlicenciaspermisos?17504124,L,,MD,,gxPopupLevel%3D0%3B HTTP/1.1" 200 5506
186.79.26.230 - - [31/Aug/2017:09:37:03 -0300] "POST /cormun/servlet/solicitudot?gx-no-cache=1504183062688 HTTP/1.1" 200 1355
186.79.26.230 - - [31/Aug/2017:09:37:08 -0300] "POST /cormun/servlet/solicitudot?gx-no-cache=1504183067149 HTTP/1.1" 200 41
186.79.26.230 - - [31/Aug/2017:09:37:40 -0300] "GET /cormun/servlet/solicitudot?738cddcf96e5c9ed507f2b30232432e2e4cfe321c17c14ecb36665726ad1a3740a4031e2092d9b8c0323730f2bbddc35489d3baacfb202d4bbd5840bebb24db1e5a5d8d87f0ecf013916c54d97b98874f0423c918bf7e0af3bd76ae49b999f176c62be488fede143d9d0265030d77d03,gx-no-cache=1504183099463 HTTP/1.1" 200 29
186.79.26.230 - - [31/Aug/2017:09:37:41 -0300] "POST /cormun/servlet/solicitudot?gx-no-cache=1504183100619 HTTP/1.1" 200 1336
66.249.64.29 - - [31/Aug/2017:09:37:42 -0300] "GET /cormun/static/Resources/Spanish/PXTools.css?11423723 HTTP/1.1" 200 89042
186.79.26.230 - - [31/Aug/2017:09:37:47 -0300] "GET /cormun/static/menuarrow.gif HTTP/1.1" 404 1015
186.79.26.230 - - [31/Aug/2017:09:37:52 -0300] "POST /cormun/servlet/solicitudot?gx-no-cache=1504183110596 HTTP/1.1" 200 1336
186.79.26.230 - - [31/Aug/2017:09:37:53 -0300] "GET /cormun/servlet/solicitudot?738cddcf96e5c9ed507f2b30232432e223b9bc4a32535983c5dd38b5685526e08128a5eac702074e64674c71085434f2,gx-no-cache=1504183112691 HTTP/1.1" 200 30
186.79.26.230 - - [31/Aug/2017:09:37:54 -0300] "POST /cormun/servlet/solicitudot?gx-no-cache=1504183112864 HTTP/1.1" 200 34
186.79.26.230 - - [31/Aug/2017:09:38:11 -0300] "GET /cormun/servlet/trcontratounov2? HTTP/1.1" 200 17639
186.79.26.230 - - [31/Aug/2017:09:38:13 -0300] "GET /cormun/servlet/trcontratounov2? HTTP/1.1" 200 17644
192.168.10.62 - - [31/Aug/2017:09:38:13 -0300] "GET /cormun/servlet/hlogin HTTP/1.1" 200 1718
