192.168.10.96 - - [31/Aug/2017:08:49:26 -0300] "POST /cormun/servlet/solicitudot?gx-no-cache=1504180133276 HTTP/1.1" 200 3112
192.168.10.96 - - [31/Aug/2017:08:49:26 -0300] "POST /cormun/servlet/solicitudot?ffd049fa9cabac0c5f53a543ede3aa42,INS,0,0,,gx-no-cache=1504180133412 HTTP/1.1" 200 9975
192.168.10.96 - - [31/Aug/2017:08:49:26 -0300] "GET /cormun/servlet/solicitudot?eb92fa13d84fca34091517e5244a2587809a9563c8fc5dbfef24b53ac070c8750f137603dc593b5e5faaf59395f4b5e9,gx-no-cache=1504180133633 HTTP/1.1" 200 111
192.168.10.96 - - [31/Aug/2017:08:49:26 -0300] "GET /cormun/static/Shared/jqueryui/images/ui-icons_82798d_256x240.png HTTP/1.1" 404 1089
192.168.10.96 - - [31/Aug/2017:08:49:26 -0300] "GET /cormun/static/Shared/jqueryui/images/ui-bg_highlight-soft_100_c6c2c8_1x100.png HTTP/1.1" 404 1117
192.168.10.96 - - [31/Aug/2017:08:49:26 -0300] "GET /cormun/static/Shared/jqueryui/images/ui-bg_flat_55_994d53_40x100.png HTTP/1.1" 404 1097
192.168.10.96 - - [31/Aug/2017:08:49:26 -0300] "GET /cormun/static/Shared/jqueryui/images/ui-icons_ebccce_256x240.png HTTP/1.1" 404 1089
186.103.159.188 - - [31/Aug/2017:08:49:27 -0300] "GET /cormun/servlet/prcontratosol?15231163,,,,,MD,,gxPopupLevel%3D0%3B HTTP/1.1" 200 7426
186.103.159.188 - - [31/Aug/2017:08:49:27 -0300] "GET /cormun/static/gxcfg.js?201761413223964 HTTP/1.1" 200 953
186.103.159.188 - - [31/Aug/2017:08:49:27 -0300] "GET /cormun/static/prcontratosol.js?201761413224174 HTTP/1.1" 200 15806
186.103.159.188 - - [31/Aug/2017:08:49:29 -0300] "POST /cormun/servlet/solicitudot?gx-no-cache=1504180208127 HTTP/1.1" 200 1434
186.103.159.188 - - [31/Aug/2017:08:49:29 -0300] "GET /cormun/static/Shared/jqueryui/images/ui-bg_highlight-soft_100_c6c2c8_1x100.png HTTP/1.1" 404 1117
186.103.159.188 - - [31/Aug/2017:08:49:29 -0300] "POST /cormun/servlet/solicitudot?gx-no-cache=1504180208203 HTTP/1.1" 200 117
186.103.159.188 - - [31/Aug/2017:08:49:29 -0300] "GET /cormun/static/Shared/jqueryui/images/ui-icons_82798d_256x240.png HTTP/1.1" 404 1089
186.103.159.188 - - [31/Aug/2017:08:49:29 -0300] "GET /cormun/servlet/solicitudot?7bb00f27337870d2ae2f62f069c270228c476cc1ebd014d11f3389e0af0b9bff32cf71d018d301ec3ea93889267aebb2619c0733b43fb94498b3b6c80f5e3ed41978053e1031b86f228832bb73e588d49b4390323140be4441ba05369a3945cf243d0883dc3a5e31d4ba02b2f0fa49151b434e23bc10f5696c002648a94c34105ee835e459aac3cbfe75dc0601f7e0bcdbac4597d75f81939a6475d5d5b6a2ba,gx-no-cache=1504180208250 HTTP/1.1" 200 29
186.103.159.188 - - [31/Aug/2017:08:49:29 -0300] "GET /cormun/static/Shared/jqueryui/images/ui-bg_flat_55_994d53_40x100.png HTTP/1.1" 404 1097
186.103.159.188 - - [31/Aug/2017:08:49:29 -0300] "GET /cormun/static/Shared/jqueryui/images/ui-icons_ebccce_256x240.png HTTP/1.1" 404 1089
186.103.159.188 - - [31/Aug/2017:08:49:29 -0300] "GET /cormun/servlet/solicitudot?7bb00f27337870d2ae2f62f069c27022365eeb6157047a9e370c962220e7f439ad7dccd81d3ea4bfa1ec40cd0f4bac3848f6cf85575bf656d3b43d72cf21c6ebd5a79e4f424b09e65773a5af2604450a3e5713324323b9d8d8a894b4d0f40613d53354843e957aa7603d256bc2c3dcc62ef22710d7d06b1697a67a7affd37ff64fb0a4377507eb8280fedfc19b4c5826d3dad36bdd368314876bcb70db2240dadca0d633adfc7c31d7ceb031f5021db3fcb7522eb87ab65e242b07fa3611adcb,gx-no-cache=1504180208295 HTTP/1.1" 200 62
186.103.159.188 - - [31/Aug/2017:08:49:30 -0300] "GET /cormun/servlet/solicitudot?7bb00f27337870d2ae2f62f069c2702268fcbef3e617400247787f99a6fe0436367d071539082d7e2ae1522d27df7e5a,gx-no-cache=1504180208339 HTTP/1.1" 200 30
192.168.10.96 - - [31/Aug/2017:08:49:31 -0300] "GET /cormun/servlet/solicitudot?eb92fa13d84fca34091517e5244a2587c22394a3ec358f480c9212d13d063bccdb0d228cd1efedaf61d813ae5cff371c,gx-no-cache=1504180138621 HTTP/1.1" 200 30
186.79.26.230 - - [31/Aug/2017:08:49:32 -0300] "POST /cormun/servlet/permisosadjuntos?82c53f8d74d2996d88463b88da851feb,INS,15036142,P,20170831084132,, HTTP/1.1" 200 116
186.79.26.230 - - [31/Aug/2017:08:49:32 -0300] "GET /cormun/servlet/hpexe_return? HTTP/1.1" 200 1031
186.79.26.230 - - [31/Aug/2017:08:49:34 -0300] "GET /cormun/servlet/trpermisosadjuntos?15036142,20170831084132,P, HTTP/1.1" 200 6907
186.79.26.230 - - [31/Aug/2017:08:49:38 -0300] "GET /cormun/servlet/trpermisosadjuntos?15036142,20170831084132,P, HTTP/1.1" 200 6904
186.79.26.230 - - [31/Aug/2017:08:49:41 -0300] "POST /cormun/servlet/trpermisosadjuntos?82c53f8d74d2996d88463b88da851feb,15036142,20170831084132,P,,gx-no-cache=1504180219959 HTTP/1.1" 200 90
186.79.26.230 - - [31/Aug/2017:08:49:41 -0300] "GET /cormun/servlet/hpexe_link HTTP/1.1" 200 996
186.79.26.230 - - [31/Aug/2017:08:49:42 -0300] "GET /cormun/servlet/trpermisosgoce?gx-no-cache=1504180133479 HTTP/1.1" 200 13645
186.79.26.230 - - [31/Aug/2017:08:49:43 -0300] "GET /cormun/servlet/trpermisosgoce?gx-no-cache=1504180133479 HTTP/1.1" 200 13694
186.79.26.230 - - [31/Aug/2017:08:49:49 -0300] "POST /cormun/servlet/trpermisosgoce?82c53f8d74d2996d88463b88da851feb,gx-no-cache=1504180133479,gx-no-cache=1504180226776 HTTP/1.1" 200 10833
186.79.26.230 - - [31/Aug/2017:08:49:50 -0300] "GET /cormun/static/Shared/jqueryui/images/ui-bg_highlight-soft_100_c6c2c8_1x100.png HTTP/1.1" 404 1117
186.79.26.230 - - [31/Aug/2017:08:49:50 -0300] "GET /cormun/static/Shared/jqueryui/images/ui-icons_82798d_256x240.png HTTP/1.1" 404 1089
186.79.26.230 - - [31/Aug/2017:08:49:50 -0300] "GET /cormun/static/Shared/jqueryui/images/ui-bg_flat_55_fafafa_40x100.png HTTP/1.1" 404 1097
186.79.26.230 - - [31/Aug/2017:08:49:50 -0300] "GET /cormun/static/Shared/jqueryui/images/ui-icons_8d78a5_256x240.png HTTP/1.1" 404 1089
186.103.159.188 - - [31/Aug/2017:08:49:50 -0300] "GET /cormun/servlet/prfichaempleado?,MD,,gxPopupLevel%3D0%3B HTTP/1.1" 200 9258
186.79.26.230 - - [31/Aug/2017:08:49:58 -0300] "GET /cormun/servlet/trpermisosadjuntos?7151905,20170831084240,P, HTTP/1.1" 200 6430
186.79.26.230 - - [31/Aug/2017:08:49:59 -0300] "GET /cormun/servlet/trpermisosadjuntos?7151905,20170831084240,P, HTTP/1.1" 200 6411
186.103.159.188 - - [31/Aug/2017:08:50:00 -0300] "POST /cormun/servlet/prfichaempleado?c00052b3284c2a922d6fc8b9b0e12548,,MD,,gxPopupLevel%3D0%3B,gx-no-cache=1504180239056 HTTP/1.1" 200 3417
186.79.26.230 - - [31/Aug/2017:08:50:02 -0300] "GET /cormun/servlet/permisosadjuntos?INS,7151905,P,20170831084240,, HTTP/1.1" 200 5744
186.79.26.230 - - [31/Aug/2017:08:50:03 -0300] "GET /cormun/static/about:blank HTTP/1.1" 404 1011
186.79.26.230 - - [31/Aug/2017:08:50:03 -0300] "GET /cormun/servlet/permisosadjuntos?INS,7151905,P,20170831084240,, HTTP/1.1" 200 5734
186.103.159.188 - - [31/Aug/2017:08:50:15 -0300] "GET /cormun/servlet/prlicenciaspermisos?7758584,L,,MD,,gxPopupLevel%3D0%3B HTTP/1.1" 200 7796
186.103.159.188 - - [31/Aug/2017:08:50:15 -0300] "GET /cormun/static/gxcfg.js?20176272053834 HTTP/1.1" 200 953
186.103.159.188 - - [31/Aug/2017:08:50:15 -0300] "GET /cormun/static/prlicenciaspermisos.js?20176272054050 HTTP/1.1" 200 13379
186.79.26.230 - - [31/Aug/2017:08:50:21 -0300] "POST /cormun/servlet/permisosadjuntos?82c53f8d74d2996d88463b88da851feb,INS,7151905,P,20170831084240,, HTTP/1.1" 200 116
186.79.26.230 - - [31/Aug/2017:08:50:21 -0300] "GET /cormun/servlet/hpexe_return? HTTP/1.1" 200 1030
186.79.26.230 - - [31/Aug/2017:08:50:21 -0300] "GET /cormun/servlet/trpermisosadjuntos?7151905,20170831084240,P, HTTP/1.1" 200 6896
186.79.26.230 - - [31/Aug/2017:08:50:22 -0300] "GET /cormun/servlet/trpermisosadjuntos?7151905,20170831084240,P, HTTP/1.1" 200 6893
186.79.26.230 - - [31/Aug/2017:08:50:24 -0300] "POST /cormun/servlet/trpermisosadjuntos?82c53f8d74d2996d88463b88da851feb,7151905,20170831084240,P,,gx-no-cache=1504180263062 HTTP/1.1" 200 90
186.79.26.230 - - [31/Aug/2017:08:50:24 -0300] "GET /cormun/servlet/hpexe_link HTTP/1.1" 200 996
186.79.26.230 - - [31/Aug/2017:08:50:25 -0300] "GET /cormun/servlet/trpermisosgoce?gx-no-cache=1504180133479 HTTP/1.1" 200 13641
186.79.26.230 - - [31/Aug/2017:08:50:26 -0300] "GET /cormun/servlet/trpermisosgoce?gx-no-cache=1504180133479 HTTP/1.1" 200 13663
186.103.159.188 - - [31/Aug/2017:08:50:26 -0300] "POST /cormun/servlet/solicitudot?gx-no-cache=1504180264514 HTTP/1.1" 200 1355
186.103.159.188 - - [31/Aug/2017:08:50:30 -0300] "POST /cormun/servlet/solicitudot?gx-no-cache=1504180269139 HTTP/1.1" 200 41
186.79.26.230 - - [31/Aug/2017:08:50:31 -0300] "POST /cormun/servlet/trpermisosgoce?82c53f8d74d2996d88463b88da851feb,gx-no-cache=1504180133479,gx-no-cache=1504180268944 HTTP/1.1" 200 10814
186.79.26.230 - - [31/Aug/2017:08:50:31 -0300] "GET /cormun/static/Shared/jqueryui/images/ui-bg_highlight-soft_100_c6c2c8_1x100.png HTTP/1.1" 404 1117
186.79.26.230 - - [31/Aug/2017:08:50:31 -0300] "GET /cormun/static/Shared/jqueryui/images/ui-icons_82798d_256x240.png HTTP/1.1" 404 1089
186.79.26.230 - - [31/Aug/2017:08:50:31 -0300] "GET /cormun/static/Shared/jqueryui/images/ui-bg_flat_55_fafafa_40x100.png HTTP/1.1" 404 1097
186.79.26.230 - - [31/Aug/2017:08:50:31 -0300] "GET /cormun/static/Shared/jqueryui/images/ui-icons_8d78a5_256x240.png HTTP/1.1" 404 1089
186.79.26.230 - - [31/Aug/2017:08:50:41 -0300] "GET /cormun/servlet/trpermisosadjuntos?15126448,20170831084307,P, HTTP/1.1" 200 6434
186.79.26.230 - - [31/Aug/2017:08:50:42 -0300] "GET /cormun/servlet/trpermisosadjuntos?15126448,20170831084307,P, HTTP/1.1" 200 6414
186.79.26.230 - - [31/Aug/2017:08:50:46 -0300] "GET /cormun/servlet/permisosadjuntos?INS,15126448,P,20170831084307,, HTTP/1.1" 200 5747
186.79.26.230 - - [31/Aug/2017:08:50:47 -0300] "GET /cormun/static/about:blank HTTP/1.1" 404 1011
186.79.26.230 - - [31/Aug/2017:08:50:47 -0300] "GET /cormun/servlet/permisosadjuntos?INS,15126448,P,20170831084307,, HTTP/1.1" 200 5737
186.103.159.188 - - [31/Aug/2017:08:50:56 -0300] "POST /cormun/servlet/solicitudot?gx-no-cache=1504180295051 HTTP/1.1" 200 1337
186.103.159.188 - - [31/Aug/2017:08:50:58 -0300] "GET /cormun/static/menuarrow.gif HTTP/1.1" 404 1015
186.103.159.188 - - [31/Aug/2017:08:51:06 -0300] "GET /cormun/servlet/solicitudot?7bb00f27337870d2ae2f62f069c27022b53a7260b5981eadec113fd8c3deade12592b7fa85dbfb01999371c89c25711c,gx-no-cache=1504180304500 HTTP/1.1" 200 30
186.79.26.230 - - [31/Aug/2017:08:51:11 -0300] "POST /cormun/servlet/permisosadjuntos?82c53f8d74d2996d88463b88da851feb,INS,15126448,P,20170831084307,, HTTP/1.1" 200 116
186.79.26.230 - - [31/Aug/2017:08:51:11 -0300] "GET /cormun/servlet/hpexe_return? HTTP/1.1" 200 1031
186.79.26.230 - - [31/Aug/2017:08:51:12 -0300] "GET /cormun/servlet/trpermisosadjuntos?15126448,20170831084307,P, HTTP/1.1" 200 6903
186.79.26.230 - - [31/Aug/2017:08:51:13 -0300] "GET /cormun/servlet/trpermisosadjuntos?15126448,20170831084307,P, HTTP/1.1" 200 6900
186.79.26.230 - - [31/Aug/2017:08:51:17 -0300] "POST /cormun/servlet/trpermisosadjuntos?82c53f8d74d2996d88463b88da851feb,15126448,20170831084307,P,,gx-no-cache=1504180314062 HTTP/1.1" 200 90
186.79.26.230 - - [31/Aug/2017:08:51:19 -0300] "GET /cormun/servlet/hpexe_link HTTP/1.1" 200 996
186.79.26.230 - - [31/Aug/2017:08:51:20 -0300] "GET /cormun/servlet/trpermisosgoce?gx-no-cache=1504180133479 HTTP/1.1" 200 13634
186.103.159.188 - - [31/Aug/2017:08:51:22 -0300] "POST /cormun/servlet/solicitudot?gx-no-cache=1504180320713 HTTP/1.1" 200 32
186.79.26.230 - - [31/Aug/2017:08:51:25 -0300] "GET /cormun/servlet/trpermisosgoce?gx-no-cache=1504180133479 HTTP/1.1" 200 13640
186.103.159.188 - - [31/Aug/2017:08:51:28 -0300] "GET /cormun/servlet/trfichaempleado? HTTP/1.1" 200 14524
186.79.26.230 - - [31/Aug/2017:08:51:31 -0300] "POST /cormun/servlet/trpermisosgoce?82c53f8d74d2996d88463b88da851feb,gx-no-cache=1504180133479,gx-no-cache=1504180328857 HTTP/1.1" 200 10838
186.79.26.230 - - [31/Aug/2017:08:51:31 -0300] "GET /cormun/static/Shared/jqueryui/images/ui-bg_highlight-soft_100_c6c2c8_1x100.png HTTP/1.1" 404 1117
186.79.26.230 - - [31/Aug/2017:08:51:31 -0300] "GET /cormun/static/Shared/jqueryui/images/ui-icons_82798d_256x240.png HTTP/1.1" 404 1089
186.79.26.230 - - [31/Aug/2017:08:51:31 -0300] "GET /cormun/static/Shared/jqueryui/images/ui-bg_flat_55_fafafa_40x100.png HTTP/1.1" 404 1097
186.79.26.230 - - [31/Aug/2017:08:51:32 -0300] "GET /cormun/static/Shared/jqueryui/images/ui-icons_8d78a5_256x240.png HTTP/1.1" 404 1089
186.79.26.230 - - [31/Aug/2017:08:51:37 -0300] "GET /cormun/servlet/trpermisosadjuntos?17503191,20170831084332,P, HTTP/1.1" 200 6428
186.79.26.230 - - [31/Aug/2017:08:51:38 -0300] "GET /cormun/servlet/trpermisosadjuntos?17503191,20170831084332,P, HTTP/1.1" 200 6409
186.79.26.230 - - [31/Aug/2017:08:51:40 -0300] "GET /cormun/servlet/permisosadjuntos?INS,17503191,P,20170831084332,, HTTP/1.1" 200 5743
186.79.26.230 - - [31/Aug/2017:08:51:40 -0300] "GET /cormun/static/about:blank HTTP/1.1" 404 1011
186.79.26.230 - - [31/Aug/2017:08:51:41 -0300] "GET /cormun/servlet/permisosadjuntos?INS,17503191,P,20170831084332,, HTTP/1.1" 200 5733
186.79.26.230 - - [31/Aug/2017:08:52:02 -0300] "POST /cormun/servlet/permisosadjuntos?82c53f8d74d2996d88463b88da851feb,INS,17503191,P,20170831084332,, HTTP/1.1" 200 116
186.79.26.230 - - [31/Aug/2017:08:52:02 -0300] "GET /cormun/servlet/hpexe_return? HTTP/1.1" 200 1031
186.79.26.230 - - [31/Aug/2017:08:52:02 -0300] "GET /cormun/servlet/trpermisosadjuntos?17503191,20170831084332,P, HTTP/1.1" 200 6897
186.79.26.230 - - [31/Aug/2017:08:52:03 -0300] "GET /cormun/servlet/trpermisosadjuntos?17503191,20170831084332,P, HTTP/1.1" 200 6893
186.79.26.230 - - [31/Aug/2017:08:52:06 -0300] "POST /cormun/servlet/trpermisosadjuntos?82c53f8d74d2996d88463b88da851feb,17503191,20170831084332,P,,gx-no-cache=1504180365166 HTTP/1.1" 200 90
186.79.26.230 - - [31/Aug/2017:08:52:06 -0300] "GET /cormun/servlet/hpexe_link HTTP/1.1" 200 996
186.79.26.230 - - [31/Aug/2017:08:52:07 -0300] "GET /cormun/servlet/trpermisosgoce?gx-no-cache=1504180133479 HTTP/1.1" 200 13641
186.79.26.230 - - [31/Aug/2017:08:52:08 -0300] "GET /cormun/servlet/trpermisosgoce?gx-no-cache=1504180133479 HTTP/1.1" 200 13635
186.103.159.188 - - [31/Aug/2017:08:52:10 -0300] "POST /cormun/servlet/solicitudot?c00052b3284c2a922d6fc8b9b0e12548,INS,0,0,,gx-no-cache=1504180368146 HTTP/1.1" 200 93
186.103.159.188 - - [31/Aug/2017:08:52:10 -0300] "GET /cormun/servlet/hpexe_return? HTTP/1.1" 200 1005
186.103.159.188 - - [31/Aug/2017:08:52:10 -0300] "GET /cormun/servlet/trsolicitudot? HTTP/1.1" 200 9173
186.103.159.188 - - [31/Aug/2017:08:52:11 -0300] "GET /cormun/servlet/trsolicitudot? HTTP/1.1" 200 9167
186.103.159.188 - - [31/Aug/2017:08:52:13 -0300] "POST /cormun/servlet/trsolicitudot?c00052b3284c2a922d6fc8b9b0e12548,,gx-no-cache=1504180371498 HTTP/1.1" 200 105
186.103.159.188 - - [31/Aug/2017:08:52:14 -0300] "GET /cormun/servlet/solicitudot?UPD,2017,7318, HTTP/1.1" 200 14429
186.103.159.188 - - [31/Aug/2017:08:52:14 -0300] "GET /cormun/servlet/solicitudot?UPD,2017,7318, HTTP/1.1" 200 14438
186.103.159.188 - - [31/Aug/2017:08:52:15 -0300] "POST /cormun/servlet/solicitudot?gx-no-cache=1504180373174 HTTP/1.1" 200 3201
186.103.159.188 - - [31/Aug/2017:08:52:15 -0300] "POST /cormun/servlet/solicitudot?c00052b3284c2a922d6fc8b9b0e12548,UPD,2017,7318,,gx-no-cache=1504180373689 HTTP/1.1" 200 11032
186.103.159.188 - - [31/Aug/2017:08:52:15 -0300] "GET /cormun/servlet/solicitudot?7bb00f27337870d2ae2f62f069c2702247cce44aae68d235ddd652795f511ef75e001b1eebe47784b5918d5ff3fcccdd,gx-no-cache=1504180374036 HTTP/1.1" 200 30
186.103.159.188 - - [31/Aug/2017:08:52:15 -0300] "POST /cormun/servlet/solicitudot?gx-no-cache=1504180374110 HTTP/1.1" 200 257
186.103.159.188 - - [31/Aug/2017:08:52:15 -0300] "GET /cormun/servlet/solicitudot?7bb00f27337870d2ae2f62f069c27022faf9b534cad41edb1f5c1e035ac0a97df5b4150bcbce414a4ca3f282c2b016573e6b69b200e267aabf2d2da7c800ceba7035ef8f34772db93a4e97bbfbdfae38c3ba1be645cd2050cc3ef8b2faf3dbaf75e4c7baf4f40586f8f4a3856a5176d82ad15f99aed187971b4bf8589dc49a5238080bf171bc42510a227fd4dd5db7213e934b0a7d80f72d090dbdc4780a5294b216b8bff16009d3c4aa1a33a0e6204f49984f44ffd68e33ac80427a03ca3035a7572b031f034b426b7aa325d0b62925b82801aa372f58c9fc647d2c9af96d529c005ed2284c12be7b3ba5772f0cb5d8e692fada05eb8e4b31db0612dfe244c953a5fbb7e3075d54cf56a5438431146690d9d0b29287eb3d9e00e78efc0f0c6a2cdc04a2f8bc05f3ecac8555a433470b7af00fd474c2aea4e7c0cc220de7bda69cae2c3f632a40f5774d661ab09bcb8dc1abe3730232aea1a5a4a516d39f57ef00a0ac902acbf58a3f2fdc1190ce7a8cb6f27a5de573bcf709109f8c052a6ed6,gx-no-cache=1504180374166 HTTP/1.1" 200 30
186.103.159.188 - - [31/Aug/2017:08:52:15 -0300] "POST /cormun/servlet/solicitudot?gx-no-cache=1504180374236 HTTP/1.1" 200 30
186.79.26.230 - - [31/Aug/2017:08:52:16 -0300] "POST /cormun/servlet/trpermisosgoce?82c53f8d74d2996d88463b88da851feb,gx-no-cache=1504180133479,gx-no-cache=1504180371726 HTTP/1.1" 200 10755
186.103.159.188 - - [31/Aug/2017:08:52:16 -0300] "POST /cormun/servlet/solicitudot?gx-no-cache=1504180374307 HTTP/1.1" 200 1355
186.103.159.188 - - [31/Aug/2017:08:52:16 -0300] "POST /cormun/servlet/solicitudot?gx-no-cache=1504180374478 HTTP/1.1" 200 41
186.79.26.230 - - [31/Aug/2017:08:52:16 -0300] "GET /cormun/static/Shared/jqueryui/images/ui-bg_highlight-soft_100_c6c2c8_1x100.png HTTP/1.1" 404 1117
186.79.26.230 - - [31/Aug/2017:08:52:16 -0300] "GET /cormun/static/Shared/jqueryui/images/ui-icons_82798d_256x240.png HTTP/1.1" 404 1089
186.79.26.230 - - [31/Aug/2017:08:52:16 -0300] "GET /cormun/static/Shared/jqueryui/images/ui-bg_flat_55_fafafa_40x100.png HTTP/1.1" 404 1097
186.79.26.230 - - [31/Aug/2017:08:52:16 -0300] "GET /cormun/static/Shared/jqueryui/images/ui-icons_8d78a5_256x240.png HTTP/1.1" 404 1089
186.103.159.188 - - [31/Aug/2017:08:52:22 -0300] "GET /cormun/servlet/solicitudot?7bb00f27337870d2ae2f62f069c27022007e38263a96161bace19d98fc07b8c6b92fcfe4ffaaaffafa92d6f2eff06cfabd9ed38243050dab6c918bdcfcc9a0efa74378cb5fb5aea696419e5669f89d5b40b12322063f7ccfb44e74ee72679d7ba47556985efeab8e787840574e1a5e599ae89c6f5cb475f9a4894732dfc6ffb0c3b81f77d1466134a1d37c088502430f9491a0b07690f0a293d9820117c2d83d,gx-no-cache=1504180380465 HTTP/1.1" 200 29
186.103.159.188 - - [31/Aug/2017:08:52:22 -0300] "POST /cormun/servlet/solicitudot?gx-no-cache=1504180380516 HTTP/1.1" 200 1337
186.103.159.188 - - [31/Aug/2017:08:52:22 -0300] "GET /cormun/servlet/solicitudot?7bb00f27337870d2ae2f62f069c27022b53a7260b5981eadec113fd8c3deade12592b7fa85dbfb01999371c89c25711c,gx-no-cache=1504180380607 HTTP/1.1" 200 30
186.103.159.188 - - [31/Aug/2017:08:52:22 -0300] "POST /cormun/servlet/solicitudot?gx-no-cache=1504180380658 HTTP/1.1" 200 32
186.103.159.188 - - [31/Aug/2017:08:52:22 -0300] "POST /cormun/servlet/solicitudot?c00052b3284c2a922d6fc8b9b0e12548,UPD,2017,7318,,gx-no-cache=1504180380744 HTTP/1.1" 200 93
186.103.159.188 - - [31/Aug/2017:08:52:22 -0300] "GET /cormun/servlet/hpexe_return? HTTP/1.1" 200 1011
186.103.159.188 - - [31/Aug/2017:08:52:22 -0300] "GET /cormun/servlet/trsolicitudot HTTP/1.1" 200 9173
186.103.159.188 - - [31/Aug/2017:08:52:23 -0300] "GET /cormun/servlet/trsolicitudot HTTP/1.1" 200 9168
186.79.26.230 - - [31/Aug/2017:08:52:24 -0300] "GET /cormun/servlet/trpermisosadjuntos?17525987,20170831084420,P, HTTP/1.1" 200 6429
186.79.26.230 - - [31/Aug/2017:08:52:25 -0300] "GET /cormun/servlet/trpermisosadjuntos?17525987,20170831084420,P, HTTP/1.1" 200 6408
186.79.26.230 - - [31/Aug/2017:08:52:28 -0300] "GET /cormun/servlet/permisosadjuntos?INS,17525987,P,20170831084420,, HTTP/1.1" 200 5743
186.79.26.230 - - [31/Aug/2017:08:52:28 -0300] "GET /cormun/static/about:blank HTTP/1.1" 404 1011
186.79.26.230 - - [31/Aug/2017:08:52:29 -0300] "GET /cormun/servlet/permisosadjuntos?INS,17525987,P,20170831084420,, HTTP/1.1" 200 5733
186.103.159.188 - - [31/Aug/2017:08:52:33 -0300] "POST /cormun/servlet/trsolicitudot?c00052b3284c2a922d6fc8b9b0e12548,gx-no-cache=1504180392009 HTTP/1.1" 200 6347
186.103.159.188 - - [31/Aug/2017:08:52:33 -0300] "GET /cormun/static/Shared/jqueryui/images/ui-bg_highlight-soft_100_c6c2c8_1x100.png HTTP/1.1" 404 1117
186.103.159.188 - - [31/Aug/2017:08:52:33 -0300] "GET /cormun/static/Shared/jqueryui/images/ui-icons_82798d_256x240.png HTTP/1.1" 404 1089
186.103.159.188 - - [31/Aug/2017:08:52:33 -0300] "GET /cormun/static/Shared/jqueryui/images/ui-icons_8d78a5_256x240.png HTTP/1.1" 404 1089
186.103.159.188 - - [31/Aug/2017:08:52:33 -0300] "GET /cormun/static/Shared/jqueryui/images/ui-bg_flat_55_fafafa_40x100.png HTTP/1.1" 404 1097
186.103.159.188 - - [31/Aug/2017:08:52:34 -0300] "POST /cormun/servlet/trsolicitudot?c00052b3284c2a922d6fc8b9b0e12548,gx-no-cache=1504180392291 HTTP/1.1" 200 6291
186.79.26.230 - - [31/Aug/2017:08:52:51 -0300] "POST /cormun/servlet/permisosadjuntos?82c53f8d74d2996d88463b88da851feb,INS,17525987,P,20170831084420,, HTTP/1.1" 200 116
186.79.26.230 - - [31/Aug/2017:08:52:51 -0300] "GET /cormun/servlet/hpexe_return? HTTP/1.1" 200 1031
186.79.26.230 - - [31/Aug/2017:08:52:52 -0300] "GET /cormun/servlet/trpermisosadjuntos?17525987,20170831084420,P, HTTP/1.1" 200 6898
186.79.26.230 - - [31/Aug/2017:08:52:53 -0300] "GET /cormun/servlet/trpermisosadjuntos?17525987,20170831084420,P, HTTP/1.1" 200 6895
186.79.26.230 - - [31/Aug/2017:08:52:55 -0300] "POST /cormun/servlet/trpermisosadjuntos?82c53f8d74d2996d88463b88da851feb,17525987,20170831084420,P,,gx-no-cache=1504180413813 HTTP/1.1" 200 90
186.79.26.230 - - [31/Aug/2017:08:52:55 -0300] "GET /cormun/servlet/hpexe_link HTTP/1.1" 200 996
186.79.26.230 - - [31/Aug/2017:08:52:55 -0300] "GET /cormun/servlet/trpermisosgoce?gx-no-cache=1504180133479 HTTP/1.1" 200 13613
186.79.26.230 - - [31/Aug/2017:08:52:57 -0300] "GET /cormun/servlet/trpermisosgoce?gx-no-cache=1504180133479 HTTP/1.1" 200 13604
186.79.26.230 - - [31/Aug/2017:08:53:01 -0300] "POST /cormun/servlet/trpermisosgoce?82c53f8d74d2996d88463b88da851feb,gx-no-cache=1504180133479,gx-no-cache=1504180419338 HTTP/1.1" 200 10767
186.79.26.230 - - [31/Aug/2017:08:53:01 -0300] "GET /cormun/static/Shared/jqueryui/images/ui-bg_highlight-soft_100_c6c2c8_1x100.png HTTP/1.1" 404 1117
186.79.26.230 - - [31/Aug/2017:08:53:01 -0300] "GET /cormun/static/Shared/jqueryui/images/ui-icons_82798d_256x240.png HTTP/1.1" 404 1089
186.79.26.230 - - [31/Aug/2017:08:53:02 -0300] "GET /cormun/static/Shared/jqueryui/images/ui-bg_flat_55_fafafa_40x100.png HTTP/1.1" 404 1097
186.79.26.230 - - [31/Aug/2017:08:53:02 -0300] "GET /cormun/static/Shared/jqueryui/images/ui-icons_8d78a5_256x240.png HTTP/1.1" 404 1089
200.111.191.214 - - [31/Aug/2017:08:53:09 -0300] "GET /cormun/servlet/trpermisosgoce? HTTP/1.1" 200 6075
200.111.191.214 - - [31/Aug/2017:08:53:09 -0300] "GET /cormun/servlet/trpermisosgoce? HTTP/1.1" 200 6073
186.79.26.230 - - [31/Aug/2017:08:53:11 -0300] "GET /cormun/servlet/trpermisosadjuntos?14550284,20170831084455,P, HTTP/1.1" 200 6444
186.79.26.230 - - [31/Aug/2017:08:53:12 -0300] "GET /cormun/servlet/trpermisosadjuntos?14550284,20170831084455,P, HTTP/1.1" 200 6424
200.111.191.214 - - [31/Aug/2017:08:53:13 -0300] "GET /cormun/servlet/hlogin HTTP/1.1" 200 1740
186.79.26.230 - - [31/Aug/2017:08:53:13 -0300] "GET /cormun/servlet/permisosadjuntos?INS,14550284,P,20170831084455,, HTTP/1.1" 200 5755
186.79.26.230 - - [31/Aug/2017:08:53:14 -0300] "GET /cormun/static/about:blank HTTP/1.1" 404 1011
186.79.26.230 - - [31/Aug/2017:08:53:14 -0300] "GET /cormun/servlet/permisosadjuntos?INS,14550284,P,20170831084455,, HTTP/1.1" 200 5745
200.111.191.214 - - [31/Aug/2017:08:53:20 -0300] "POST /cormun/servlet/hlogin?546759b31d569ffb6272918a9e0d55b9,gx-no-cache=1504180439014 HTTP/1.1" 200 90
200.111.191.214 - - [31/Aug/2017:08:53:20 -0300] "GET /cormun/servlet/hpexe_link HTTP/1.1" 200 953
200.111.191.214 - - [31/Aug/2017:08:53:20 -0300] "GET /cormun/servlet/hhome HTTP/1.1" 200 4029
200.111.191.214 - - [31/Aug/2017:08:53:20 -0300] "GET /cormun/servlet/hhome HTTP/1.1" 200 4025
200.111.191.214 - - [31/Aug/2017:08:53:23 -0300] "GET /cormun/servlet/trautorizarpermisogoce? HTTP/1.1" 200 8324
200.111.191.214 - - [31/Aug/2017:08:53:23 -0300] "GET /cormun/servlet/trautorizarpermisogoce? HTTP/1.1" 200 8322
200.111.191.214 - - [31/Aug/2017:08:53:26 -0300] "POST /cormun/servlet/trautorizarpermisogoce?546759b31d569ffb6272918a9e0d55b9,,gx-no-cache=1504180445465 HTTP/1.1" 200 5363
200.111.191.214 - - [31/Aug/2017:08:53:26 -0300] "GET /cormun/static/Shared/jqueryui/images/ui-bg_highlight-soft_100_c6c2c8_1x100.png HTTP/1.1" 404 1117
200.111.191.214 - - [31/Aug/2017:08:53:26 -0300] "GET /cormun/static/Shared/jqueryui/images/ui-icons_82798d_256x240.png HTTP/1.1" 404 1089
200.111.191.214 - - [31/Aug/2017:08:53:26 -0300] "GET /cormun/static/Shared/jqueryui/images/ui-bg_flat_55_fafafa_40x100.png HTTP/1.1" 404 1097
200.111.191.214 - - [31/Aug/2017:08:53:26 -0300] "GET /cormun/static/Shared/jqueryui/images/ui-icons_8d78a5_256x240.png HTTP/1.1" 404 1089
200.111.191.214 - - [31/Aug/2017:08:53:27 -0300] "POST /cormun/servlet/trautorizarpermisogoce?546759b31d569ffb6272918a9e0d55b9,,gx-no-cache=1504180446269 HTTP/1.1" 200 5016
200.111.191.214 - - [31/Aug/2017:08:53:28 -0300] "POST /cormun/servlet/trautorizarpermisogoce?546759b31d569ffb6272918a9e0d55b9,,gx-no-cache=1504180447409 HTTP/1.1" 200 4267
186.79.26.230 - - [31/Aug/2017:08:53:32 -0300] "POST /cormun/servlet/permisosadjuntos?82c53f8d74d2996d88463b88da851feb,INS,14550284,P,20170831084455,, HTTP/1.1" 200 116
186.79.26.230 - - [31/Aug/2017:08:53:32 -0300] "GET /cormun/servlet/hpexe_return? HTTP/1.1" 200 1030
186.79.26.230 - - [31/Aug/2017:08:53:33 -0300] "GET /cormun/servlet/trpermisosadjuntos?14550284,20170831084455,P, HTTP/1.1" 200 6934
186.79.26.230 - - [31/Aug/2017:08:53:34 -0300] "GET /cormun/servlet/trpermisosadjuntos?14550284,20170831084455,P, HTTP/1.1" 200 6931
200.111.191.214 - - [31/Aug/2017:08:53:35 -0300] "POST /cormun/servlet/trautorizarpermisogoce?546759b31d569ffb6272918a9e0d55b9,,gx-no-cache=1504180453789 HTTP/1.1" 200 13312
186.79.26.230 - - [31/Aug/2017:08:53:37 -0300] "POST /cormun/servlet/trpermisosadjuntos?82c53f8d74d2996d88463b88da851feb,14550284,20170831084455,P,,gx-no-cache=1504180455734 HTTP/1.1" 200 90
186.79.26.230 - - [31/Aug/2017:08:53:37 -0300] "GET /cormun/servlet/hpexe_link HTTP/1.1" 200 995
186.79.26.230 - - [31/Aug/2017:08:53:37 -0300] "GET /cormun/servlet/trpermisosgoce?gx-no-cache=1504180133479 HTTP/1.1" 200 13635
186.79.26.230 - - [31/Aug/2017:08:53:38 -0300] "GET /cormun/servlet/trpermisosgoce?gx-no-cache=1504180133479 HTTP/1.1" 200 13635
186.79.26.230 - - [31/Aug/2017:08:53:42 -0300] "POST /cormun/servlet/trpermisosgoce?82c53f8d74d2996d88463b88da851feb,gx-no-cache=1504180133479,gx-no-cache=1504180460377 HTTP/1.1" 200 10742
186.79.26.230 - - [31/Aug/2017:08:53:44 -0300] "GET /cormun/static/Shared/jqueryui/images/ui-bg_highlight-soft_100_c6c2c8_1x100.png HTTP/1.1" 404 1117
186.79.26.230 - - [31/Aug/2017:08:53:44 -0300] "GET /cormun/static/Shared/jqueryui/images/ui-icons_82798d_256x240.png HTTP/1.1" 404 1089
186.79.26.230 - - [31/Aug/2017:08:53:44 -0300] "GET /cormun/static/Shared/jqueryui/images/ui-bg_flat_55_fafafa_40x100.png HTTP/1.1" 404 1097
186.79.26.230 - - [31/Aug/2017:08:53:44 -0300] "GET /cormun/static/Shared/jqueryui/images/ui-icons_8d78a5_256x240.png HTTP/1.1" 404 1089
186.79.26.230 - - [31/Aug/2017:08:53:57 -0300] "GET /cormun/servlet/hlogin HTTP/1.1" 200 1752
192.168.10.96 - - [31/Aug/2017:08:54:06 -0300] "POST /cormun/servlet/solicitudot?gx-no-cache=1504180413527 HTTP/1.1" 200 255
192.168.10.96 - - [31/Aug/2017:08:54:08 -0300] "GET /cormun/servlet/solicitudot?eb92fa13d84fca34091517e5244a25878efbd519d38c4ab08c11262bf615d4526b1b7bbe19960120bb07ad571e281d9dbe67f825cc92eec05544430cfc88f467af4a98744f9777385d04836784b240ea67fa841eba99f273a90f0c9c855c84e68f0ae5a9444d318629b08f44bf4330d354003ab2b6f1bca83d846a7f937951d3c5ac9411f4e2f28a9f2e1257b42af1651f08770c876966c2650b6305ca291b3cad7798cc969bf68bea01fc09fa714db3154054cc31a863353f6435f87ca72a443cbde3bc4e9e5b7a3ef5d0944f13d1f34820c74ba3db7a20e4c33129f8c9a7c9ce5687b812614dfb15f3bb2ac8382f59e5cb27ab97c8906937bffb6e48821a0d66a593b55201a6f378e9dd9dc75857154f2d4bb169d93ecada5d82988054bdc29ba41fbf799148e4365ec175471e74aa985dd8481783124f30b9de8c9bd101cd4ab8f4a3d5a6885bb9fe8e1b20d7f74ca4e618ba39406a6c155101ff80841850fe43d3340277d26c841df2b5f4202051193c428b74bd2cabfcc4ce012f172145,gx-no-cache=1504180415298 HTTP/1.1" 200 30
186.103.159.188 - - [31/Aug/2017:08:54:08 -0300] "GET /cormun/servlet/trpermisosgoce? HTTP/1.1" 200 10238
186.103.159.188 - - [31/Aug/2017:08:54:09 -0300] "GET /cormun/servlet/trpermisosgoce? HTTP/1.1" 200 10235
192.168.10.96 - - [31/Aug/2017:08:54:10 -0300] "POST /cormun/servlet/solicitudot?gx-no-cache=1504180417351 HTTP/1.1" 200 30
192.168.10.96 - - [31/Aug/2017:08:54:11 -0300] "POST /cormun/servlet/solicitudot?gx-no-cache=1504180418498 HTTP/1.1" 200 1352
192.168.10.96 - - [31/Aug/2017:08:54:11 -0300] "POST /cormun/servlet/solicitudot?gx-no-cache=1504180418552 HTTP/1.1" 200 38
186.103.159.188 - - [31/Aug/2017:08:54:15 -0300] "GET /cormun/servlet/trpermisosadjuntos?11995895,20170830092656,P, HTTP/1.1" 200 6147
186.103.159.188 - - [31/Aug/2017:08:54:15 -0300] "GET /cormun/static/gxcfg.js?201762817193957 HTTP/1.1" 200 953
186.103.159.188 - - [31/Aug/2017:08:54:16 -0300] "GET /cormun/static/trpermisosadjuntos.js?201762817194366 HTTP/1.1" 200 20158
186.103.159.188 - - [31/Aug/2017:08:54:16 -0300] "GET /cormun/servlet/trpermisosadjuntos?11995895,20170830092656,P, HTTP/1.1" 200 6148
186.103.159.188 - - [31/Aug/2017:08:54:17 -0300] "GET /cormun/servlet/permisosadjuntos?INS,11995895,P,20170830092656,, HTTP/1.1" 200 5478
186.103.159.188 - - [31/Aug/2017:08:54:17 -0300] "GET /cormun/static/gxcfg.js?201762717441171 HTTP/1.1" 200 953
186.103.159.188 - - [31/Aug/2017:08:54:17 -0300] "GET /cormun/static/permisosadjuntos.js?201762717441184 HTTP/1.1" 200 8724
186.103.159.188 - - [31/Aug/2017:08:54:17 -0300] "GET /cormun/static/about:blank HTTP/1.1" 404 1011
186.103.159.188 - - [31/Aug/2017:08:54:17 -0300] "GET /cormun/servlet/permisosadjuntos?INS,11995895,P,20170830092656,, HTTP/1.1" 200 5468
186.103.159.188 - - [31/Aug/2017:08:54:31 -0300] "POST /cormun/servlet/permisosadjuntos?c00052b3284c2a922d6fc8b9b0e12548,INS,11995895,P,20170830092656,, HTTP/1.1" 200 116
186.103.159.188 - - [31/Aug/2017:08:54:31 -0300] "GET /cormun/servlet/hpexe_return? HTTP/1.1" 200 1036
186.103.159.188 - - [31/Aug/2017:08:54:31 -0300] "GET /cormun/servlet/trpermisosadjuntos?11995895,20170830092656,P, HTTP/1.1" 200 6622
186.103.159.188 - - [31/Aug/2017:08:54:32 -0300] "GET /cormun/servlet/trpermisosadjuntos?11995895,20170830092656,P, HTTP/1.1" 200 6619
186.103.159.188 - - [31/Aug/2017:08:54:36 -0300] "GET /cormun/servlet/trpermisosgoce? HTTP/1.1" 200 10238
186.103.159.188 - - [31/Aug/2017:08:54:36 -0300] "GET /cormun/servlet/trpermisosgoce? HTTP/1.1" 200 10237
192.168.10.96 - - [31/Aug/2017:08:54:36 -0300] "GET /cormun/servlet/solicitudot?eb92fa13d84fca34091517e5244a2587bf53865bb40df2623140e113a2a6af7186dc6b1af712fb3c0277b85cc2839cedd18d248bcc5e19ec9f15fe3dd8f267540bbe683d7e72fbe3a09583a8a5164c719e2090041bf92721437dcf64fdf04a57c8f079e344e1b04c54e0579b1f294933,gx-no-cache=1504180443522 HTTP/1.1" 200 29
192.168.10.96 - - [31/Aug/2017:08:54:36 -0300] "POST /cormun/servlet/solicitudot?gx-no-cache=1504180443553 HTTP/1.1" 200 1337
186.103.159.188 - - [31/Aug/2017:08:54:41 -0300] "POST /cormun/servlet/trpermisosgoce?c00052b3284c2a922d6fc8b9b0e12548,,gx-no-cache=1504180519603 HTTP/1.1" 200 7478
186.103.159.188 - - [31/Aug/2017:08:54:41 -0300] "GET /cormun/static/Shared/jqueryui/images/ui-bg_highlight-soft_100_c6c2c8_1x100.png HTTP/1.1" 404 1117
186.103.159.188 - - [31/Aug/2017:08:54:41 -0300] "GET /cormun/static/Shared/jqueryui/images/ui-bg_flat_55_fafafa_40x100.png HTTP/1.1" 404 1097
186.103.159.188 - - [31/Aug/2017:08:54:41 -0300] "GET /cormun/static/Shared/jqueryui/images/ui-icons_8d78a5_256x240.png HTTP/1.1" 404 1089
186.103.159.188 - - [31/Aug/2017:08:54:41 -0300] "GET /cormun/static/Shared/jqueryui/images/ui-icons_82798d_256x240.png HTTP/1.1" 404 1089
192.168.10.96 - - [31/Aug/2017:08:55:07 -0300] "GET /cormun/servlet/solicitudot?eb92fa13d84fca34091517e5244a258789b89c5204a5dccb11f8f7cec6626a781507059a5b04da01988f919e142a2def,gx-no-cache=1504180474430 HTTP/1.1" 200 30
192.168.10.96 - - [31/Aug/2017:08:55:12 -0300] "POST /cormun/servlet/solicitudot?gx-no-cache=1504180479293 HTTP/1.1" 200 30
192.168.10.96 - - [31/Aug/2017:08:55:22 -0300] "POST /cormun/servlet/solicitudot?ffd049fa9cabac0c5f53a543ede3aa42,INS,0,0,,gx-no-cache=1504180489305 HTTP/1.1" 200 93
192.168.10.96 - - [31/Aug/2017:08:55:22 -0300] "GET /cormun/servlet/hpexe_return? HTTP/1.1" 200 1009
192.168.10.96 - - [31/Aug/2017:08:55:23 -0300] "GET /cormun/servlet/trsolicitudot HTTP/1.1" 200 11899
192.168.10.96 - - [31/Aug/2017:08:55:23 -0300] "GET /cormun/servlet/trsolicitudot HTTP/1.1" 200 11895
192.168.10.96 - - [31/Aug/2017:08:55:28 -0300] "POST /cormun/servlet/trsolicitudot?ffd049fa9cabac0c5f53a543ede3aa42,gx-no-cache=1504180494781 HTTP/1.1" 200 9259
192.168.10.96 - - [31/Aug/2017:08:55:28 -0300] "GET /cormun/static/Shared/jqueryui/images/ui-bg_highlight-soft_100_c6c2c8_1x100.png HTTP/1.1" 404 1117
192.168.10.96 - - [31/Aug/2017:08:55:28 -0300] "GET /cormun/static/Shared/jqueryui/images/ui-icons_82798d_256x240.png HTTP/1.1" 404 1089
192.168.10.96 - - [31/Aug/2017:08:55:28 -0300] "GET /cormun/static/Shared/jqueryui/images/ui-bg_flat_55_fafafa_40x100.png HTTP/1.1" 404 1097
192.168.10.96 - - [31/Aug/2017:08:55:28 -0300] "GET /cormun/static/Shared/jqueryui/images/ui-icons_8d78a5_256x240.png HTTP/1.1" 404 1089
192.168.10.96 - - [31/Aug/2017:08:55:32 -0300] "POST /cormun/servlet/trsolicitudot?ffd049fa9cabac0c5f53a543ede3aa42,gx-no-cache=1504180499586 HTTP/1.1" 200 106
192.168.10.96 - - [31/Aug/2017:08:55:32 -0300] "GET /cormun/servlet/trsolicitudadjuntos?2017,7319, HTTP/1.1" 200 6177
192.168.10.96 - - [31/Aug/2017:08:55:32 -0300] "GET /cormun/static/gxcfg.js?20177612135366 HTTP/1.1" 200 953
192.168.10.96 - - [31/Aug/2017:08:55:32 -0300] "GET /cormun/static/trsolicitudadjuntos.js?20177612135632 HTTP/1.1" 304 -
192.168.10.96 - - [31/Aug/2017:08:55:33 -0300] "GET /cormun/servlet/trsolicitudadjuntos?2017,7319, HTTP/1.1" 200 6177
192.168.10.96 - - [31/Aug/2017:08:55:34 -0300] "GET /cormun/servlet/solicitudotadjuntos?INS,2017,7319,,1, HTTP/1.1" 200 6128
192.168.10.96 - - [31/Aug/2017:08:55:34 -0300] "GET /cormun/static/gxcfg.js?2017761244068 HTTP/1.1" 200 953
192.168.10.96 - - [31/Aug/2017:08:55:34 -0300] "GET /cormun/static/solicitudotadjuntos.js?2017761244086 HTTP/1.1" 200 11771
192.168.10.96 - - [31/Aug/2017:08:55:34 -0300] "GET /cormun/static/about:blank HTTP/1.1" 404 1011
192.168.10.96 - - [31/Aug/2017:08:55:35 -0300] "GET /cormun/servlet/solicitudotadjuntos?INS,2017,7319,,1, HTTP/1.1" 200 6120
192.168.10.96 - - [31/Aug/2017:08:55:35 -0300] "GET /cormun/servlet/solicitudotadjuntos?eb92fa13d84fca34091517e5244a2587a020cad15dba71c8cff9cffff96de8e752ab0602210d20f23706979962191431,gx-no-cache=1504180502381 HTTP/1.1" 200 30
192.168.10.96 - - [31/Aug/2017:08:55:35 -0300] "POST /cormun/servlet/solicitudotadjuntos?ffd049fa9cabac0c5f53a543ede3aa42,INS,2017,7319,,1,,gx-no-cache=1504180502412 HTTP/1.1" 200 3928
192.168.10.96 - - [31/Aug/2017:08:55:37 -0300] "POST /cormun/servlet/solicitudotadjuntos?gx-no-cache=1504180504452 HTTP/1.1" 200 26
186.103.156.24 - - [31/Aug/2017:08:55:39 -0300] "GET /cormun/servlet/hlogin HTTP/1.1" 200 1722
186.103.156.24 - - [31/Aug/2017:08:55:39 -0300] "GET /cormun/static/gxcfg.js?20175251213516 HTTP/1.1" 304 -
186.103.156.24 - - [31/Aug/2017:08:55:39 -0300] "GET /cormun/static/messages.spa.js?85251 HTTP/1.1" 304 -
186.103.159.188 - - [31/Aug/2017:08:55:40 -0300] "GET /cormun/servlet/hlogin HTTP/1.1" 200 1722
192.168.10.96 - - [31/Aug/2017:08:55:44 -0300] "GET /cormun/servlet/solicitudotadjuntos?eb92fa13d84fca34091517e5244a2587b3850ed5cfbea1940eea484388e39d11,gx-no-cache=1504180511255 HTTP/1.1" 200 30
192.168.10.96 - - [31/Aug/2017:08:55:44 -0300] "GET /cormun/servlet/solicitudotadjuntos?eb92fa13d84fca34091517e5244a2587b3850ed5cfbea1940eea484388e39d11,gx-no-cache=1504180511319 HTTP/1.1" 200 30
192.168.10.96 - - [31/Aug/2017:08:55:44 -0300] "POST /cormun/servlet/solicitudotadjuntos?ffd049fa9cabac0c5f53a543ede3aa42,INS,2017,7319,,1, HTTP/1.1" 200 116
192.168.10.96 - - [31/Aug/2017:08:55:44 -0300] "GET /cormun/servlet/hpexe_return? HTTP/1.1" 200 1027
192.168.10.96 - - [31/Aug/2017:08:55:44 -0300] "GET /cormun/servlet/trsolicitudadjuntos?2017,7319, HTTP/1.1" 200 8433
192.168.10.96 - - [31/Aug/2017:08:55:45 -0300] "GET /cormun/servlet/trsolicitudadjuntos?2017,7319, HTTP/1.1" 200 8431
192.168.10.96 - - [31/Aug/2017:08:55:47 -0300] "GET /cormun/servlet/solicitudotadjuntos?INS,2017,7319,,1, HTTP/1.1" 200 6128
192.168.10.96 - - [31/Aug/2017:08:55:47 -0300] "GET /cormun/static/about:blank HTTP/1.1" 404 1011
192.168.10.96 - - [31/Aug/2017:08:55:47 -0300] "GET /cormun/servlet/solicitudotadjuntos?INS,2017,7319,,1, HTTP/1.1" 200 6120
192.168.10.96 - - [31/Aug/2017:08:55:48 -0300] "GET /cormun/servlet/solicitudotadjuntos?eb92fa13d84fca34091517e5244a2587a020cad15dba71c8cff9cffff96de8e752ab0602210d20f23706979962191431,gx-no-cache=1504180515008 HTTP/1.1" 200 30
192.168.10.96 - - [31/Aug/2017:08:55:48 -0300] "POST /cormun/servlet/solicitudotadjuntos?ffd049fa9cabac0c5f53a543ede3aa42,INS,2017,7319,,1,,gx-no-cache=1504180515034 HTTP/1.1" 200 3928
192.168.10.96 - - [31/Aug/2017:08:55:49 -0300] "POST /cormun/servlet/solicitudotadjuntos?gx-no-cache=1504180516823 HTTP/1.1" 200 26
186.103.156.24 - - [31/Aug/2017:08:55:51 -0300] "POST /cormun/servlet/hlogin?b2d8f4020d69b68d6176dbdd310a6c32,gx-no-cache=1504180591774 HTTP/1.1" 200 429
186.103.159.188 - - [31/Aug/2017:08:55:53 -0300] "POST /cormun/servlet/hlogin?7c7fc480efb376746e16be6a1e9d30e1,gx-no-cache=1504180594965 HTTP/1.1" 200 90
192.168.10.96 - - [31/Aug/2017:08:55:53 -0300] "GET /cormun/servlet/solicitudotadjuntos?eb92fa13d84fca34091517e5244a2587b3850ed5cfbea1940eea484388e39d11,gx-no-cache=1504180520479 HTTP/1.1" 200 30
192.168.10.96 - - [31/Aug/2017:08:55:53 -0300] "GET /cormun/servlet/solicitudotadjuntos?eb92fa13d84fca34091517e5244a2587b3850ed5cfbea1940eea484388e39d11,gx-no-cache=1504180520485 HTTP/1.1" 200 30
186.103.159.188 - - [31/Aug/2017:08:55:53 -0300] "GET /cormun/servlet/hpexe_link HTTP/1.1" 200 959
192.168.10.96 - - [31/Aug/2017:08:55:53 -0300] "POST /cormun/servlet/solicitudotadjuntos?ffd049fa9cabac0c5f53a543ede3aa42,INS,2017,7319,,1, HTTP/1.1" 200 116
192.168.10.96 - - [31/Aug/2017:08:55:53 -0300] "GET /cormun/servlet/hpexe_return? HTTP/1.1" 200 1027
186.103.159.188 - - [31/Aug/2017:08:55:53 -0300] "GET /cormun/servlet/trautorizarsolicitud HTTP/1.1" 200 8248
192.168.10.96 - - [31/Aug/2017:08:55:53 -0300] "GET /cormun/servlet/trsolicitudadjuntos?2017,7319, HTTP/1.1" 200 8618
192.168.10.96 - - [31/Aug/2017:08:55:54 -0300] "GET /cormun/servlet/trsolicitudadjuntos?2017,7319, HTTP/1.1" 200 8617
186.103.159.188 - - [31/Aug/2017:08:55:54 -0300] "GET /cormun/servlet/trautorizarsolicitud HTTP/1.1" 200 8247
192.168.10.96 - - [31/Aug/2017:08:55:56 -0300] "GET /cormun/servlet/solicitudotadjuntos?INS,2017,7319,,1, HTTP/1.1" 200 6128
192.168.10.96 - - [31/Aug/2017:08:55:56 -0300] "GET /cormun/static/about:blank HTTP/1.1" 404 1011
192.168.10.96 - - [31/Aug/2017:08:55:56 -0300] "GET /cormun/servlet/solicitudotadjuntos?INS,2017,7319,,1, HTTP/1.1" 200 6120
192.168.10.96 - - [31/Aug/2017:08:55:56 -0300] "GET /cormun/servlet/solicitudotadjuntos?eb92fa13d84fca34091517e5244a2587a020cad15dba71c8cff9cffff96de8e752ab0602210d20f23706979962191431,gx-no-cache=1504180523821 HTTP/1.1" 200 30
192.168.10.96 - - [31/Aug/2017:08:55:57 -0300] "POST /cormun/servlet/solicitudotadjuntos?ffd049fa9cabac0c5f53a543ede3aa42,INS,2017,7319,,1,,gx-no-cache=1504180523847 HTTP/1.1" 200 3928
186.103.156.24 - - [31/Aug/2017:08:55:57 -0300] "POST /cormun/servlet/hlogin?b2d8f4020d69b68d6176dbdd310a6c32,gx-no-cache=1504180597547 HTTP/1.1" 200 90
186.103.156.24 - - [31/Aug/2017:08:55:57 -0300] "GET /cormun/servlet/hpexe_link HTTP/1.1" 200 953
186.103.156.24 - - [31/Aug/2017:08:55:57 -0300] "GET /cormun/static/gxcfg.js?20177612121792 HTTP/1.1" 304 -
186.103.156.24 - - [31/Aug/2017:08:55:57 -0300] "GET /cormun/servlet/hhome HTTP/1.1" 200 4104
186.103.156.24 - - [31/Aug/2017:08:55:57 -0300] "GET /cormun/static/gxcfg.js?20175251212442 HTTP/1.1" 304 -
186.103.156.24 - - [31/Aug/2017:08:55:58 -0300] "GET /cormun/servlet/hhome HTTP/1.1" 200 4102
192.168.10.96 - - [31/Aug/2017:08:55:59 -0300] "POST /cormun/servlet/solicitudotadjuntos?gx-no-cache=1504180526206 HTTP/1.1" 200 26
192.168.10.96 - - [31/Aug/2017:08:56:03 -0300] "GET /cormun/servlet/solicitudotadjuntos?eb92fa13d84fca34091517e5244a2587b3850ed5cfbea1940eea484388e39d11,gx-no-cache=1504180529959 HTTP/1.1" 200 30
192.168.10.96 - - [31/Aug/2017:08:56:03 -0300] "GET /cormun/servlet/solicitudotadjuntos?eb92fa13d84fca34091517e5244a2587b3850ed5cfbea1940eea484388e39d11,gx-no-cache=1504180529965 HTTP/1.1" 200 30
192.168.10.96 - - [31/Aug/2017:08:56:03 -0300] "POST /cormun/servlet/solicitudotadjuntos?ffd049fa9cabac0c5f53a543ede3aa42,INS,2017,7319,,1, HTTP/1.1" 200 116
192.168.10.96 - - [31/Aug/2017:08:56:03 -0300] "GET /cormun/servlet/hpexe_return? HTTP/1.1" 200 1027
192.168.10.96 - - [31/Aug/2017:08:56:03 -0300] "GET /cormun/servlet/trsolicitudadjuntos?2017,7319, HTTP/1.1" 200 8776
192.168.10.96 - - [31/Aug/2017:08:56:03 -0300] "GET /cormun/servlet/trsolicitudadjuntos?2017,7319, HTTP/1.1" 200 8772
192.168.10.96 - - [31/Aug/2017:08:56:05 -0300] "GET /cormun/servlet/solicitudotadjuntos?INS,2017,7319,,1, HTTP/1.1" 200 6128
186.103.159.188 - - [31/Aug/2017:08:56:05 -0300] "POST /cormun/servlet/trautorizarsolicitud?7c7fc480efb376746e16be6a1e9d30e1,gx-no-cache=1504180607098 HTTP/1.1" 200 4388
192.168.10.96 - - [31/Aug/2017:08:56:05 -0300] "GET /cormun/static/about:blank HTTP/1.1" 404 1011
186.103.159.188 - - [31/Aug/2017:08:56:05 -0300] "GET /cormun/static/Shared/jqueryui/images/ui-bg_highlight-soft_100_c6c2c8_1x100.png HTTP/1.1" 404 1117
186.103.159.188 - - [31/Aug/2017:08:56:05 -0300] "GET /cormun/static/Shared/jqueryui/images/ui-icons_82798d_256x240.png HTTP/1.1" 404 1089
186.103.159.188 - - [31/Aug/2017:08:56:05 -0300] "GET /cormun/static/Shared/jqueryui/images/ui-bg_flat_55_fafafa_40x100.png HTTP/1.1" 404 1097
186.103.159.188 - - [31/Aug/2017:08:56:05 -0300] "GET /cormun/static/Shared/jqueryui/images/ui-icons_8d78a5_256x240.png HTTP/1.1" 404 1089
192.168.10.96 - - [31/Aug/2017:08:56:05 -0300] "GET /cormun/servlet/solicitudotadjuntos?INS,2017,7319,,1, HTTP/1.1" 200 6120
186.103.159.188 - - [31/Aug/2017:08:56:06 -0300] "POST /cormun/servlet/trautorizarsolicitud?7c7fc480efb376746e16be6a1e9d30e1,gx-no-cache=1504180607668 HTTP/1.1" 200 4154
192.168.10.96 - - [31/Aug/2017:08:56:06 -0300] "GET /cormun/servlet/solicitudotadjuntos?eb92fa13d84fca34091517e5244a2587a020cad15dba71c8cff9cffff96de8e752ab0602210d20f23706979962191431,gx-no-cache=1504180533165 HTTP/1.1" 200 30
192.168.10.96 - - [31/Aug/2017:08:56:06 -0300] "POST /cormun/servlet/solicitudotadjuntos?ffd049fa9cabac0c5f53a543ede3aa42,INS,2017,7319,,1,,gx-no-cache=1504180533190 HTTP/1.1" 200 3928
192.168.10.96 - - [31/Aug/2017:08:56:09 -0300] "POST /cormun/servlet/solicitudotadjuntos?gx-no-cache=1504180536006 HTTP/1.1" 200 26
192.168.10.96 - - [31/Aug/2017:08:56:11 -0300] "GET /cormun/servlet/solicitudotadjuntos?eb92fa13d84fca34091517e5244a2587b3850ed5cfbea1940eea484388e39d11,gx-no-cache=1504180538822 HTTP/1.1" 200 30
192.168.10.96 - - [31/Aug/2017:08:56:11 -0300] "GET /cormun/servlet/solicitudotadjuntos?eb92fa13d84fca34091517e5244a2587b3850ed5cfbea1940eea484388e39d11,gx-no-cache=1504180538828 HTTP/1.1" 200 30
192.168.10.96 - - [31/Aug/2017:08:56:12 -0300] "POST /cormun/servlet/solicitudotadjuntos?ffd049fa9cabac0c5f53a543ede3aa42,INS,2017,7319,,1, HTTP/1.1" 200 116
192.168.10.96 - - [31/Aug/2017:08:56:12 -0300] "GET /cormun/servlet/hpexe_return? HTTP/1.1" 200 1027
192.168.10.96 - - [31/Aug/2017:08:56:12 -0300] "GET /cormun/servlet/trsolicitudadjuntos?2017,7319, HTTP/1.1" 200 8921
192.168.10.96 - - [31/Aug/2017:08:56:12 -0300] "GET /cormun/servlet/trsolicitudadjuntos?2017,7319, HTTP/1.1" 200 8926
186.103.156.24 - - [31/Aug/2017:08:56:13 -0300] "GET /cormun/servlet/trsolicitudot? HTTP/1.1" 200 10374
186.103.156.24 - - [31/Aug/2017:08:56:13 -0300] "GET /cormun/static/gxcfg.js?20177612135780 HTTP/1.1" 200 953
186.103.156.24 - - [31/Aug/2017:08:56:14 -0300] "GET /cormun/static/trsolicitudot.js?2017761214480 HTTP/1.1" 200 54041
186.103.156.24 - - [31/Aug/2017:08:56:14 -0300] "GET /cormun//static/Resources/PXToolsActionView.png HTTP/1.1" 200 2995
186.103.156.24 - - [31/Aug/2017:08:56:14 -0300] "GET /cormun//static/Resources/PXToolsRemoveAllAction.png HTTP/1.1" 200 3558
186.103.156.24 - - [31/Aug/2017:08:56:14 -0300] "GET /cormun/servlet/trsolicitudot? HTTP/1.1" 200 10371
192.168.10.96 - - [31/Aug/2017:08:56:15 -0300] "GET /cormun/servlet/solicitudotadjuntos?INS,2017,7319,,1, HTTP/1.1" 200 6128
192.168.10.96 - - [31/Aug/2017:08:56:15 -0300] "GET /cormun/static/about:blank HTTP/1.1" 404 1011
192.168.10.96 - - [31/Aug/2017:08:56:15 -0300] "GET /cormun/servlet/solicitudotadjuntos?INS,2017,7319,,1, HTTP/1.1" 200 6120
192.168.10.96 - - [31/Aug/2017:08:56:16 -0300] "GET /cormun/servlet/solicitudotadjuntos?eb92fa13d84fca34091517e5244a2587a020cad15dba71c8cff9cffff96de8e752ab0602210d20f23706979962191431,gx-no-cache=1504180542919 HTTP/1.1" 200 30
192.168.10.96 - - [31/Aug/2017:08:56:16 -0300] "POST /cormun/servlet/solicitudotadjuntos?ffd049fa9cabac0c5f53a543ede3aa42,INS,2017,7319,,1,,gx-no-cache=1504180542945 HTTP/1.1" 200 3928
192.168.10.96 - - [31/Aug/2017:08:56:17 -0300] "POST /cormun/servlet/solicitudotadjuntos?gx-no-cache=1504180544663 HTTP/1.1" 200 26
186.103.156.24 - - [31/Aug/2017:08:56:24 -0300] "GET /cormun/servlet/solicitudot?INS,0,0, HTTP/1.1" 200 12961
186.103.156.24 - - [31/Aug/2017:08:56:24 -0300] "GET /cormun/static/gxcfg.js?201783011173874 HTTP/1.1" 200 953
186.103.156.24 - - [31/Aug/2017:08:56:24 -0300] "GET /cormun/static/solicitudot.js?201783011174088 HTTP/1.1" 200 63803
186.103.156.24 - - [31/Aug/2017:08:56:25 -0300] "GET /cormun/servlet/solicitudot?INS,0,0, HTTP/1.1" 200 12966
192.168.10.96 - - [31/Aug/2017:08:56:26 -0300] "GET /cormun/servlet/solicitudotadjuntos?eb92fa13d84fca34091517e5244a2587b3850ed5cfbea1940eea484388e39d11,gx-no-cache=1504180553199 HTTP/1.1" 200 30
192.168.10.96 - - [31/Aug/2017:08:56:26 -0300] "GET /cormun/servlet/solicitudotadjuntos?eb92fa13d84fca34091517e5244a2587b3850ed5cfbea1940eea484388e39d11,gx-no-cache=1504180553206 HTTP/1.1" 200 30
192.168.10.96 - - [31/Aug/2017:08:56:26 -0300] "POST /cormun/servlet/solicitudotadjuntos?ffd049fa9cabac0c5f53a543ede3aa42,INS,2017,7319,,1,,gx-no-cache=1504180553213 HTTP/1.1" 200 93
192.168.10.96 - - [31/Aug/2017:08:56:26 -0300] "GET /cormun/servlet/hpexe_return? HTTP/1.1" 200 1027
192.168.10.96 - - [31/Aug/2017:08:56:26 -0300] "GET /cormun/servlet/trsolicitudadjuntos?2017,7319, HTTP/1.1" 200 9066
192.168.10.96 - - [31/Aug/2017:08:56:27 -0300] "GET /cormun/servlet/trsolicitudadjuntos?2017,7319, HTTP/1.1" 200 9059
192.168.10.96 - - [31/Aug/2017:08:56:33 -0300] "GET /cormun/servlet/solicitudotadjuntos?DLT,2017,7319,CV,0, HTTP/1.1" 200 5995
192.168.10.96 - - [31/Aug/2017:08:56:33 -0300] "GET /cormun/static/about:blank HTTP/1.1" 404 1011
192.168.10.96 - - [31/Aug/2017:08:56:33 -0300] "GET /cormun/static/Shared/jqueryui/images/ui-bg_highlight-soft_100_c6c2c8_1x100.png HTTP/1.1" 404 1117
192.168.10.96 - - [31/Aug/2017:08:56:33 -0300] "GET /cormun/static/Shared/jqueryui/images/ui-icons_82798d_256x240.png HTTP/1.1" 404 1089
192.168.10.96 - - [31/Aug/2017:08:56:33 -0300] "GET /cormun/static/Shared/jqueryui/images/ui-icons_8d78a5_256x240.png HTTP/1.1" 404 1089
192.168.10.96 - - [31/Aug/2017:08:56:33 -0300] "GET /cormun/static/Shared/jqueryui/images/ui-bg_flat_55_fafafa_40x100.png HTTP/1.1" 404 1097
192.168.10.96 - - [31/Aug/2017:08:56:33 -0300] "GET /cormun/servlet/solicitudotadjuntos?DLT,2017,7319,CV,0, HTTP/1.1" 200 5989
192.168.10.96 - - [31/Aug/2017:08:56:35 -0300] "POST /cormun/servlet/solicitudotadjuntos?ffd049fa9cabac0c5f53a543ede3aa42,DLT,2017,7319,CV,0,,gx-no-cache=1504180562321 HTTP/1.1" 200 93
192.168.10.96 - - [31/Aug/2017:08:56:35 -0300] "GET /cormun/servlet/hpexe_return? HTTP/1.1" 200 1029
192.168.10.96 - - [31/Aug/2017:08:56:35 -0300] "GET /cormun/servlet/trsolicitudadjuntos?2017,7319, HTTP/1.1" 200 8919
192.168.10.96 - - [31/Aug/2017:08:56:36 -0300] "GET /cormun/servlet/trsolicitudadjuntos?2017,7319, HTTP/1.1" 200 8922
192.168.10.96 - - [31/Aug/2017:08:56:38 -0300] "GET /cormun/servlet/solicitudotadjuntos?INS,2017,7319,,1, HTTP/1.1" 200 6128
192.168.10.96 - - [31/Aug/2017:08:56:38 -0300] "GET /cormun/static/about:blank HTTP/1.1" 404 1011
192.168.10.96 - - [31/Aug/2017:08:56:39 -0300] "GET /cormun/servlet/solicitudotadjuntos?INS,2017,7319,,1, HTTP/1.1" 200 6121
192.168.10.96 - - [31/Aug/2017:08:56:39 -0300] "GET /cormun/servlet/solicitudotadjuntos?eb92fa13d84fca34091517e5244a2587a020cad15dba71c8cff9cffff96de8e752ab0602210d20f23706979962191431,gx-no-cache=1504180566400 HTTP/1.1" 200 30
192.168.10.96 - - [31/Aug/2017:08:56:39 -0300] "POST /cormun/servlet/solicitudotadjuntos?ffd049fa9cabac0c5f53a543ede3aa42,INS,2017,7319,,1,,gx-no-cache=1504180566427 HTTP/1.1" 200 3928
192.168.10.96 - - [31/Aug/2017:08:56:43 -0300] "POST /cormun/servlet/solicitudotadjuntos?gx-no-cache=1504180569902 HTTP/1.1" 200 26
192.168.10.96 - - [31/Aug/2017:08:56:46 -0300] "GET /cormun/servlet/solicitudotadjuntos?eb92fa13d84fca34091517e5244a2587b3850ed5cfbea1940eea484388e39d11,gx-no-cache=1504180573799 HTTP/1.1" 200 30
192.168.10.96 - - [31/Aug/2017:08:56:46 -0300] "GET /cormun/servlet/solicitudotadjuntos?eb92fa13d84fca34091517e5244a2587b3850ed5cfbea1940eea484388e39d11,gx-no-cache=1504180573806 HTTP/1.1" 200 30
192.168.10.96 - - [31/Aug/2017:08:56:47 -0300] "POST /cormun/servlet/solicitudotadjuntos?ffd049fa9cabac0c5f53a543ede3aa42,INS,2017,7319,,1, HTTP/1.1" 200 116
192.168.10.96 - - [31/Aug/2017:08:56:47 -0300] "GET /cormun/servlet/hpexe_return? HTTP/1.1" 200 1027
192.168.10.96 - - [31/Aug/2017:08:56:47 -0300] "GET /cormun/servlet/trsolicitudadjuntos?2017,7319, HTTP/1.1" 200 9130
192.168.10.96 - - [31/Aug/2017:08:56:48 -0300] "GET /cormun/servlet/trsolicitudadjuntos?2017,7319, HTTP/1.1" 200 9127
