200.112.2.120 - - [31/Aug/2017:08:36:50 -0300] "GET /cormun/servlet/hhome HTTP/1.1" 200 3857
200.112.2.120 - - [31/Aug/2017:08:36:52 -0300] "GET /cormun/servlet/trsolicitudot? HTTP/1.1" 200 9824
200.112.2.120 - - [31/Aug/2017:08:36:53 -0300] "GET /cormun/servlet/trsolicitudot? HTTP/1.1" 200 9822
200.112.2.120 - - [31/Aug/2017:08:36:57 -0300] "GET /cormun/servlet/solicitudot?INS,0,0, HTTP/1.1" 200 12728
200.112.2.120 - - [31/Aug/2017:08:36:57 -0300] "GET /cormun/static/gxcfg.js?201783011173874 HTTP/1.1" 304 -
200.112.2.120 - - [31/Aug/2017:08:36:58 -0300] "GET /cormun/static/solicitudot.js?201783011174088 HTTP/1.1" 304 -
200.112.2.120 - - [31/Aug/2017:08:36:58 -0300] "GET /cormun/servlet/solicitudot?INS,0,0, HTTP/1.1" 200 12733
200.112.2.120 - - [31/Aug/2017:08:37:24 -0300] "POST /cormun/servlet/solicitudot?gx-no-cache=1504179483788 HTTP/1.1" 200 3112
200.112.2.120 - - [31/Aug/2017:08:37:24 -0300] "POST /cormun/servlet/solicitudot?a197e806a5f0f9da495b428e344fb14e,INS,0,0,,gx-no-cache=1504179484295 HTTP/1.1" 200 9790
200.112.2.120 - - [31/Aug/2017:08:37:24 -0300] "GET /cormun/servlet/solicitudot?9b183465ba25991216702d3a8841166c90f0b313e91a910a71635ca4eec56304c86e006adcb08312cae2c72524690b28,gx-no-cache=1504179484838 HTTP/1.1" 200 111
200.112.2.120 - - [31/Aug/2017:08:37:25 -0300] "GET /cormun/static/Shared/jqueryui/images/ui-bg_highlight-soft_100_c6c2c8_1x100.png HTTP/1.1" 404 1117
200.112.2.120 - - [31/Aug/2017:08:37:25 -0300] "GET /cormun/static/Shared/jqueryui/images/ui-icons_82798d_256x240.png HTTP/1.1" 404 1089
200.112.2.120 - - [31/Aug/2017:08:37:25 -0300] "GET /cormun/static/Shared/jqueryui/images/ui-bg_flat_55_994d53_40x100.png HTTP/1.1" 404 1097
200.112.2.120 - - [31/Aug/2017:08:37:25 -0300] "GET /cormun/static/Shared/jqueryui/images/ui-icons_ebccce_256x240.png HTTP/1.1" 404 1089
186.103.159.189 - - [31/Aug/2017:08:37:28 -0300] "GET /cormun/servlet/hlogin HTTP/1.1" 200 1715
200.112.2.120 - - [31/Aug/2017:08:37:28 -0300] "GET /cormun/servlet/solicitudot?9b183465ba25991216702d3a8841166cb347204feeae1dec72b703bbba285e1b3eec07c8a2d332d552a1d22c18001f78,gx-no-cache=1504179488875 HTTP/1.1" 200 30
186.103.159.189 - - [31/Aug/2017:08:37:29 -0300] "GET /cormun/servlet/hlogin HTTP/1.1" 200 1725
186.103.159.189 - - [31/Aug/2017:08:37:41 -0300] "POST /cormun/servlet/hlogin?a3ad72e7152b02511c7cb749f18365e6,gx-no-cache=1504183096039 HTTP/1.1" 200 90
186.103.159.189 - - [31/Aug/2017:08:37:41 -0300] "GET /cormun/servlet/hpexe_link HTTP/1.1" 200 946
186.103.159.189 - - [31/Aug/2017:08:37:42 -0300] "GET /cormun/servlet/hhome HTTP/1.1" 200 3855
186.103.159.189 - - [31/Aug/2017:08:37:44 -0300] "GET /cormun/servlet/hhome HTTP/1.1" 200 3851
186.79.26.230 - - [31/Aug/2017:08:37:47 -0300] "GET /cormun/servlet/hlogin HTTP/1.1" 200 1712
186.103.159.189 - - [31/Aug/2017:08:37:52 -0300] "GET /cormun/servlet/trlicencias? HTTP/1.1" 200 10272
186.103.159.189 - - [31/Aug/2017:08:37:52 -0300] "GET /cormun/static/Resources/Spanish/PXTools.css?17315867 HTTP/1.1" 304 -
186.103.159.189 - - [31/Aug/2017:08:37:52 -0300] "GET /cormun/static/gxcfg.js?20176272054169 HTTP/1.1" 200 953
186.103.159.189 - - [31/Aug/2017:08:37:53 -0300] "GET /cormun/static/trlicencias.js?20176272054837 HTTP/1.1" 304 -
186.103.159.189 - - [31/Aug/2017:08:37:54 -0300] "GET /cormun/servlet/trlicencias? HTTP/1.1" 200 10269
186.79.26.230 - - [31/Aug/2017:08:37:56 -0300] "POST /cormun/servlet/hlogin?82c53f8d74d2996d88463b88da851feb,gx-no-cache=1504179515551 HTTP/1.1" 200 90
186.79.26.230 - - [31/Aug/2017:08:37:56 -0300] "GET /cormun/servlet/hpexe_link HTTP/1.1" 200 943
186.79.26.230 - - [31/Aug/2017:08:37:57 -0300] "GET /cormun/servlet/hhome HTTP/1.1" 200 4104
186.79.26.230 - - [31/Aug/2017:08:37:58 -0300] "GET /cormun/servlet/hhome HTTP/1.1" 200 4100
186.79.26.230 - - [31/Aug/2017:08:38:03 -0300] "GET /cormun/servlet/trcontratounov2? HTTP/1.1" 200 17657
186.79.26.230 - - [31/Aug/2017:08:38:03 -0300] "GET /cormun/static/gxcfg.js?201752512124396 HTTP/1.1" 304 -
186.79.26.230 - - [31/Aug/2017:08:38:05 -0300] "GET /cormun/servlet/trcontratounov2? HTTP/1.1" 200 17636
186.103.159.189 - - [31/Aug/2017:08:38:05 -0300] "GET /cormun/servlet/trlicenciaspermisosadjuntos?9301983,20170830000000,L, HTTP/1.1" 200 6202
186.103.159.189 - - [31/Aug/2017:08:38:05 -0300] "GET /cormun/static/gxcfg.js?20177612163414 HTTP/1.1" 200 953
186.103.159.189 - - [31/Aug/2017:08:38:06 -0300] "GET /cormun/static/trlicenciaspermisosadjuntos.js?20177612163719 HTTP/1.1" 200 21036
186.103.159.189 - - [31/Aug/2017:08:38:07 -0300] "GET /cormun/servlet/trlicenciaspermisosadjuntos?9301983,20170830000000,L, HTTP/1.1" 200 6202
186.103.159.189 - - [31/Aug/2017:08:38:09 -0300] "GET /cormun/servlet/licenciaspermisosadjuntos?INS,9301983,L,20170830000000,, HTTP/1.1" 200 5497
186.103.159.189 - - [31/Aug/2017:08:38:09 -0300] "GET /cormun/static/gxcfg.js?2017761263592 HTTP/1.1" 200 953
186.103.159.189 - - [31/Aug/2017:08:38:09 -0300] "GET /cormun/static/licenciaspermisosadjuntos.js?201776126362 HTTP/1.1" 200 8760
186.103.159.189 - - [31/Aug/2017:08:38:09 -0300] "GET /cormun/static/about:blank HTTP/1.1" 404 1011
186.103.159.189 - - [31/Aug/2017:08:38:10 -0300] "GET /cormun/servlet/licenciaspermisosadjuntos?INS,9301983,L,20170830000000,, HTTP/1.1" 200 5486
186.103.159.189 - - [31/Aug/2017:08:38:41 -0300] "POST /cormun/servlet/licenciaspermisosadjuntos?a3ad72e7152b02511c7cb749f18365e6,INS,9301983,L,20170830000000,, HTTP/1.1" 200 116
186.103.159.189 - - [31/Aug/2017:08:38:41 -0300] "GET /cormun/servlet/hpexe_return? HTTP/1.1" 200 1037
186.103.159.189 - - [31/Aug/2017:08:38:41 -0300] "GET /cormun/static/Resources/Spanish/PXTools.css?167811 HTTP/1.1" 304 -
186.103.159.189 - - [31/Aug/2017:08:38:41 -0300] "GET /cormun/static/gxcfg.js?2016101716175148 HTTP/1.1" 200 953
186.103.159.189 - - [31/Aug/2017:08:38:41 -0300] "GET /cormun/static/hpexe_return.js?2016101716175153 HTTP/1.1" 304 -
186.103.159.189 - - [31/Aug/2017:08:38:41 -0300] "GET /cormun/servlet/trlicenciaspermisosadjuntos?9301983,20170830000000,L, HTTP/1.1" 200 6713
186.103.159.189 - - [31/Aug/2017:08:38:42 -0300] "GET /cormun/servlet/trlicenciaspermisosadjuntos?9301983,20170830000000,L, HTTP/1.1" 200 6708
186.103.159.189 - - [31/Aug/2017:08:38:57 -0300] "GET /cormun/servlet/licenciaspermisosadjuntos?INS,9301983,L,20170830000000,, HTTP/1.1" 200 5498
186.103.159.189 - - [31/Aug/2017:08:38:58 -0300] "GET /cormun/servlet/licenciaspermisosadjuntos?INS,9301983,L,20170830000000,, HTTP/1.1" 200 5486
186.103.159.189 - - [31/Aug/2017:08:39:02 -0300] "GET /cormun/servlet/trlicencias? HTTP/1.1" 200 10288
186.103.159.189 - - [31/Aug/2017:08:39:04 -0300] "GET /cormun/servlet/trlicencias? HTTP/1.1" 200 10269
186.103.159.189 - - [31/Aug/2017:08:39:24 -0300] "GET /cormun/servlet/trlicenciaspermisosadjuntos?9301983,20170830000000,L, HTTP/1.1" 200 6710
186.103.159.189 - - [31/Aug/2017:08:39:25 -0300] "GET /cormun/servlet/trlicenciaspermisosadjuntos?9301983,20170830000000,L, HTTP/1.1" 200 6709
186.103.159.189 - - [31/Aug/2017:08:39:30 -0300] "GET /cormun/servlet/licenciaspermisosadjuntos?DLT,9301983,L,20170830000000,20170831083736, HTTP/1.1" 200 5558
186.103.159.189 - - [31/Aug/2017:08:39:31 -0300] "GET /cormun/PublicTempStorage/maritza_marchant_quintanilla__29-08-171688524.pdf HTTP/1.1" 200 760251
186.103.159.189 - - [31/Aug/2017:08:39:31 -0300] "GET /cormun/static/Shared/jqueryui/images/ui-bg_highlight-soft_100_c6c2c8_1x100.png HTTP/1.1" 404 1117
186.103.159.189 - - [31/Aug/2017:08:39:31 -0300] "GET /cormun/static/Shared/jqueryui/images/ui-icons_82798d_256x240.png HTTP/1.1" 404 1089
186.103.159.189 - - [31/Aug/2017:08:39:31 -0300] "GET /cormun/static/Shared/jqueryui/images/ui-bg_flat_55_fafafa_40x100.png HTTP/1.1" 404 1097
186.103.159.189 - - [31/Aug/2017:08:39:31 -0300] "GET /cormun/static/Shared/jqueryui/images/ui-icons_8d78a5_256x240.png HTTP/1.1" 404 1089
186.103.159.189 - - [31/Aug/2017:08:39:32 -0300] "GET /cormun/servlet/licenciaspermisosadjuntos?DLT,9301983,L,20170830000000,20170831083736, HTTP/1.1" 200 5548
186.103.159.189 - - [31/Aug/2017:08:39:41 -0300] "POST /cormun/servlet/licenciaspermisosadjuntos?a3ad72e7152b02511c7cb749f18365e6,DLT,9301983,L,20170830000000,20170831083736,,gx-no-cache=1504183215943 HTTP/1.1" 200 93
186.103.159.189 - - [31/Aug/2017:08:39:41 -0300] "GET /cormun/servlet/hpexe_return? HTTP/1.1" 200 1044
186.103.159.189 - - [31/Aug/2017:08:39:42 -0300] "GET /cormun/servlet/trlicenciaspermisosadjuntos?9301983,20170830000000,L, HTTP/1.1" 200 6713
186.103.159.189 - - [31/Aug/2017:08:39:43 -0300] "GET /cormun/servlet/trlicenciaspermisosadjuntos?9301983,20170830000000,L, HTTP/1.1" 200 6710
200.112.2.120 - - [31/Aug/2017:08:39:53 -0300] "POST /cormun/servlet/solicitudot?gx-no-cache=1504179633281 HTTP/1.1" 200 255
200.112.2.120 - - [31/Aug/2017:08:39:56 -0300] "GET /cormun/servlet/solicitudot?9b183465ba25991216702d3a8841166c7559df64a3bd18f69f75b87a23b3dde7db27681d14edfab3e91acc04e8f8d41205d0f35105ed2a1f29566e82c059bedd1273b61aa00cd0c08f80902361733812e0aefa347f2b17857da18044975815461a8aad15fdcea173dc4575937a7a8921e8adf63d9ef9eec4823a33026afdb0f3a5cebbc957d274858ee334233f357413923619042e156542cb8f02455912ec76397b59ebfac5c299c668baa094d86a4a1279d41b1a6e931afcf113bb8a2a986e1e0c5bf80fc5be152fb3dead899c6e8a376c8278ac379b2c58e410e66155e655e1177701a1d2b968c3d8f4f8b23a21cb309665a546a788934a738623622a4fa9ac90c41e57fa45b20ee6137b6b01e803806729d101c1645a1d49559927705658754517cdd0b2ce9d10c3d3acc8dd32ca7c141d15764110cc9846892c8330720148560b417983e9720140bc11029271554ca5b8b753b7551f049438cb7ca0748b0533cd233b37e079839829454f9461bc17538a88c35e51deb628a4ea4493d5bb,gx-no-cache=1504179636125 HTTP/1.1" 200 30
200.112.2.120 - - [31/Aug/2017:08:40:00 -0300] "POST /cormun/servlet/solicitudot?gx-no-cache=1504179640401 HTTP/1.1" 200 30
200.112.2.120 - - [31/Aug/2017:08:40:02 -0300] "POST /cormun/servlet/solicitudot?gx-no-cache=1504179642463 HTTP/1.1" 200 1352
200.112.2.120 - - [31/Aug/2017:08:40:03 -0300] "POST /cormun/servlet/solicitudot?gx-no-cache=1504179642972 HTTP/1.1" 200 38
186.79.26.230 - - [31/Aug/2017:08:40:19 -0300] "POST /cormun/servlet/trcontratounov2?82c53f8d74d2996d88463b88da851feb,,gx-no-cache=1504179656709 HTTP/1.1" 200 17716
186.103.159.189 - - [31/Aug/2017:08:40:33 -0300] "GET /cormun/servlet/hlogin HTTP/1.1" 200 1715
186.103.159.189 - - [31/Aug/2017:08:40:44 -0300] "POST /cormun/servlet/hlogin?a3ad72e7152b02511c7cb749f18365e6,gx-no-cache=1504183278288 HTTP/1.1" 200 90
186.103.159.189 - - [31/Aug/2017:08:40:44 -0300] "GET /cormun/servlet/hpexe_link HTTP/1.1" 200 980
192.168.10.60 - - [31/Aug/2017:08:40:44 -0300] "POST /cormun/servlet/trautorizarot?cf0d14f136e235f7cc3cc18bceedca27,,gx-no-cache=1504179610712 HTTP/1.1" 200 5278
186.103.159.189 - - [31/Aug/2017:08:40:44 -0300] "GET /cormun/servlet/trlicenciaspermisosadjuntos?9301983,20170830000000,L, HTTP/1.1" 200 6711
186.103.159.189 - - [31/Aug/2017:08:40:46 -0300] "GET /cormun/servlet/trlicenciaspermisosadjuntos?9301983,20170830000000,L, HTTP/1.1" 200 6710
186.79.26.230 - - [31/Aug/2017:08:40:49 -0300] "POST /cormun/servlet/trcontratounov2?82c53f8d74d2996d88463b88da851feb,,gx-no-cache=1504179686893 HTTP/1.1" 200 12262
186.103.159.189 - - [31/Aug/2017:08:40:56 -0300] "GET /cormun/servlet/trlicencias? HTTP/1.1" 200 10281
186.103.159.189 - - [31/Aug/2017:08:40:57 -0300] "GET /cormun/servlet/trlicencias? HTTP/1.1" 200 10269
186.103.159.189 - - [31/Aug/2017:08:41:01 -0300] "GET /cormun/servlet/licenciaspermisos?DSP,9301983,L,20170830000000, HTTP/1.1" 200 6970
186.103.159.189 - - [31/Aug/2017:08:41:02 -0300] "GET /cormun/static/licenciaspermisos.js?201762917281260 HTTP/1.1" 304 -
186.103.159.189 - - [31/Aug/2017:08:41:02 -0300] "GET /cormun/static/gxcfg.js?201762917281167 HTTP/1.1" 200 953
186.103.159.189 - - [31/Aug/2017:08:41:03 -0300] "GET /cormun/servlet/licenciaspermisos?DSP,9301983,L,20170830000000, HTTP/1.1" 200 6970
200.112.2.120 - - [31/Aug/2017:08:41:09 -0300] "GET /cormun/servlet/solicitudot?9b183465ba25991216702d3a8841166c5a364fbf369f61b7200a1fda1772efde014f661ad32b5227af9c86b4211f199ba4e47c27d0a80006645dda750b22f2c7ed46b03b2cdd72bfbfee8de07f34b31dcd65a6d44c1aa6c79d42982b36bd5650c09e9f2e622b207b9e6dc07fabd0e796,gx-no-cache=1504179708816 HTTP/1.1" 200 29
200.112.2.120 - - [31/Aug/2017:08:41:10 -0300] "POST /cormun/servlet/solicitudot?gx-no-cache=1504179709603 HTTP/1.1" 200 1337
186.103.159.189 - - [31/Aug/2017:08:41:15 -0300] "GET /cormun/servlet/trlicencias? HTTP/1.1" 200 10281
186.103.159.189 - - [31/Aug/2017:08:41:18 -0300] "GET /cormun/servlet/trlicencias? HTTP/1.1" 200 10269
200.112.2.120 - - [31/Aug/2017:08:41:23 -0300] "GET /cormun/static/menuarrow.gif HTTP/1.1" 404 1015
186.79.26.230 - - [31/Aug/2017:08:41:24 -0300] "GET /cormun/servlet/trpermisosgoce? HTTP/1.1" 200 11744
186.79.26.230 - - [31/Aug/2017:08:41:25 -0300] "GET /cormun/static/gxcfg.js?20177612163875 HTTP/1.1" 200 953
186.79.26.230 - - [31/Aug/2017:08:41:25 -0300] "GET /cormun/static/trpermisosgoce.js?20177612164335 HTTP/1.1" 200 35904
186.79.26.230 - - [31/Aug/2017:08:41:26 -0300] "GET /cormun/servlet/trpermisosgoce? HTTP/1.1" 200 11752
186.79.26.230 - - [31/Aug/2017:08:41:30 -0300] "GET /cormun/servlet/permisogoce?INS,0,,, HTTP/1.1" 200 6937
186.79.26.230 - - [31/Aug/2017:08:41:31 -0300] "GET /cormun/static/gxcfg.js?201776126440 HTTP/1.1" 200 953
186.79.26.230 - - [31/Aug/2017:08:41:31 -0300] "GET /cormun/static/permisogoce.js?2017761264459 HTTP/1.1" 200 27897
186.79.26.230 - - [31/Aug/2017:08:41:32 -0300] "GET /cormun/servlet/permisogoce?INS,0,,, HTTP/1.1" 200 6937
200.112.2.120 - - [31/Aug/2017:08:41:34 -0300] "GET /cormun/servlet/solicitudot?9b183465ba25991216702d3a8841166c52ac2c4b11e519775f62ac1e0f487dfd6a11c8d890ec5a4302dc2c2af36a2df5,gx-no-cache=1504179734728 HTTP/1.1" 200 30
186.103.159.189 - - [31/Aug/2017:08:41:39 -0300] "GET /cormun/servlet/trlicenciaspermisosadjuntos?9301983,20170830000000,L, HTTP/1.1" 200 6710
186.103.159.189 - - [31/Aug/2017:08:41:41 -0300] "GET /cormun/servlet/trlicenciaspermisosadjuntos?9301983,20170830000000,L, HTTP/1.1" 200 6710
186.79.26.230 - - [31/Aug/2017:08:41:42 -0300] "GET /cormun/servlet/permisogoce?f6f63c767e2d14ea6399b7d3844c2c2db9b8324f482f2b8ee00584401bac9c70af39f9a868762f0eb623f8d787a7d88a9a645f3d0d36c075db6a3481b0723b4a,gx-no-cache=1504179740785 HTTP/1.1" 200 83
186.79.26.230 - - [31/Aug/2017:08:41:42 -0300] "GET /cormun/static/menuarrow.gif HTTP/1.1" 404 1015
200.112.2.120 - - [31/Aug/2017:08:41:42 -0300] "POST /cormun/servlet/solicitudot?gx-no-cache=1504179741625 HTTP/1.1" 200 30
186.103.159.189 - - [31/Aug/2017:08:41:44 -0300] "GET /cormun/PublicTempStorage/maritza_marchant_quintanilla__29-08-178749480.pdf HTTP/1.1" 200 760251
186.79.26.230 - - [31/Aug/2017:08:41:50 -0300] "GET /cormun/servlet/permisogoce?f6f63c767e2d14ea6399b7d3844c2c2d56f07d97134c1c41c4a78ddef9f2ae650eceab209bfd84d4213e023f6f971f440c3a6d337b387cad9f0dec6c27c6a9b0,gx-no-cache=1504179749804 HTTP/1.1" 200 48
186.79.26.230 - - [31/Aug/2017:08:41:57 -0300] "POST /cormun/servlet/permisogoce?82c53f8d74d2996d88463b88da851feb,INS,0,,,,gx-no-cache=1504179755514 HTTP/1.1" 200 93
186.79.26.230 - - [31/Aug/2017:08:41:57 -0300] "GET /cormun/servlet/hpexe_return? HTTP/1.1" 200 1003
186.79.26.230 - - [31/Aug/2017:08:41:57 -0300] "GET /cormun/servlet/trpermisosgoce HTTP/1.1" 200 12127
186.79.26.230 - - [31/Aug/2017:08:41:59 -0300] "GET /cormun/servlet/trpermisosgoce HTTP/1.1" 200 12109
186.103.159.189 - - [31/Aug/2017:08:41:59 -0300] "GET /cormun/servlet/hlogin HTTP/1.1" 200 1715
186.79.26.230 - - [31/Aug/2017:08:42:05 -0300] "GET /cormun/servlet/permisogoce?INS,0,,, HTTP/1.1" 200 6937
186.79.26.230 - - [31/Aug/2017:08:42:06 -0300] "GET /cormun/servlet/permisogoce?INS,0,,, HTTP/1.1" 200 6935
186.103.159.189 - - [31/Aug/2017:08:42:08 -0300] "POST /cormun/servlet/hlogin?a3ad72e7152b02511c7cb749f18365e6,gx-no-cache=1504183362977 HTTP/1.1" 200 90
186.103.159.189 - - [31/Aug/2017:08:42:08 -0300] "GET /cormun/servlet/hpexe_link HTTP/1.1" 200 980
186.103.159.189 - - [31/Aug/2017:08:42:09 -0300] "GET /cormun/servlet/trlicenciaspermisosadjuntos?9301983,20170830000000,L, HTTP/1.1" 200 6711
186.103.159.189 - - [31/Aug/2017:08:42:11 -0300] "GET /cormun/servlet/trlicenciaspermisosadjuntos?9301983,20170830000000,L, HTTP/1.1" 200 6710
186.79.26.230 - - [31/Aug/2017:08:42:13 -0300] "GET /cormun/servlet/permisogoce?f6f63c767e2d14ea6399b7d3844c2c2d7095bb615ee62de80244f1d7b5bb9f7faf39f9a868762f0eb623f8d787a7d88a9a645f3d0d36c075db6a3481b0723b4a,gx-no-cache=1504179772468 HTTP/1.1" 200 82
186.79.26.230 - - [31/Aug/2017:08:42:14 -0300] "GET /cormun/static/menuarrow.gif HTTP/1.1" 404 1015
186.103.159.189 - - [31/Aug/2017:08:42:16 -0300] "GET /cormun/servlet/trlicencias? HTTP/1.1" 200 10281
186.103.159.189 - - [31/Aug/2017:08:42:17 -0300] "GET /cormun/servlet/trlicencias? HTTP/1.1" 200 10269
186.79.26.230 - - [31/Aug/2017:08:42:21 -0300] "GET /cormun/servlet/permisogoce?f6f63c767e2d14ea6399b7d3844c2c2db6b88cf3f510b7f94c600afe3b0d7a8c2bc03c28552278e194e33bb70e0de5c511a48345f71205c4102d7ad61d637ca2,gx-no-cache=1504179780707 HTTP/1.1" 200 48
186.103.159.189 - - [31/Aug/2017:08:42:22 -0300] "POST /cormun/servlet/trlicencias?a3ad72e7152b02511c7cb749f18365e6,,gx-no-cache=1504183376041 HTTP/1.1" 200 7660
186.103.159.189 - - [31/Aug/2017:08:42:22 -0300] "GET /cormun/static/Shared/jqueryui/images/ui-bg_highlight-soft_100_c6c2c8_1x100.png HTTP/1.1" 404 1117
186.103.159.189 - - [31/Aug/2017:08:42:22 -0300] "GET /cormun/static/Shared/jqueryui/images/ui-icons_82798d_256x240.png HTTP/1.1" 404 1089
186.103.159.189 - - [31/Aug/2017:08:42:22 -0300] "GET /cormun/static/Shared/jqueryui/images/ui-bg_flat_55_fafafa_40x100.png HTTP/1.1" 404 1097
186.103.159.189 - - [31/Aug/2017:08:42:22 -0300] "GET /cormun/static/Shared/jqueryui/images/ui-icons_8d78a5_256x240.png HTTP/1.1" 404 1089
186.79.26.230 - - [31/Aug/2017:08:42:32 -0300] "POST /cormun/servlet/permisogoce?82c53f8d74d2996d88463b88da851feb,INS,0,,,,gx-no-cache=1504179790284 HTTP/1.1" 200 93
186.79.26.230 - - [31/Aug/2017:08:42:32 -0300] "GET /cormun/servlet/hpexe_return? HTTP/1.1" 200 1003
186.79.26.230 - - [31/Aug/2017:08:42:32 -0300] "GET /cormun/servlet/trpermisosgoce HTTP/1.1" 200 12377
186.79.26.230 - - [31/Aug/2017:08:42:34 -0300] "GET /cormun/servlet/trpermisosgoce HTTP/1.1" 200 12350
186.79.26.230 - - [31/Aug/2017:08:42:39 -0300] "GET /cormun/servlet/permisogoce?INS,0,,, HTTP/1.1" 200 6937
186.79.26.230 - - [31/Aug/2017:08:42:40 -0300] "GET /cormun/servlet/permisogoce?INS,0,,, HTTP/1.1" 200 6937
200.112.2.120 - - [31/Aug/2017:08:42:45 -0300] "POST /cormun/servlet/solicitudot?gx-no-cache=1504179804564 HTTP/1.1" 200 1336
200.112.2.120 - - [31/Aug/2017:08:42:45 -0300] "GET /cormun/servlet/solicitudot?9b183465ba25991216702d3a8841166c52ac2c4b11e519775f62ac1e0f487dfd6a11c8d890ec5a4302dc2c2af36a2df5,gx-no-cache=1504179805373 HTTP/1.1" 200 30
200.112.2.120 - - [31/Aug/2017:08:42:46 -0300] "POST /cormun/servlet/solicitudot?gx-no-cache=1504179805505 HTTP/1.1" 200 30
186.79.26.230 - - [31/Aug/2017:08:42:47 -0300] "GET /cormun/servlet/permisogoce?f6f63c767e2d14ea6399b7d3844c2c2df137ea462a7b207ef371811dea16152baf39f9a868762f0eb623f8d787a7d88a9a645f3d0d36c075db6a3481b0723b4a,gx-no-cache=1504179806104 HTTP/1.1" 200 89
186.79.26.230 - - [31/Aug/2017:08:42:47 -0300] "GET /cormun/static/menuarrow.gif HTTP/1.1" 404 1015
200.112.2.120 - - [31/Aug/2017:08:42:47 -0300] "POST /cormun/servlet/solicitudot?a197e806a5f0f9da495b428e344fb14e,INS,0,0,,gx-no-cache=1504179806087 HTTP/1.1" 200 93
200.112.2.120 - - [31/Aug/2017:08:42:47 -0300] "GET /cormun/servlet/hpexe_return? HTTP/1.1" 200 1008
200.112.2.120 - - [31/Aug/2017:08:42:48 -0300] "GET /cormun/servlet/trsolicitudot HTTP/1.1" 200 10243
200.112.2.120 - - [31/Aug/2017:08:42:48 -0300] "GET /cormun/servlet/trsolicitudot HTTP/1.1" 200 10238
186.79.26.230 - - [31/Aug/2017:08:42:56 -0300] "GET /cormun/servlet/permisogoce?f6f63c767e2d14ea6399b7d3844c2c2d6bf4a4fde56eb5ca03a676dfbef6d7ed2907001e8568ce31509de441cddc1cfa0c3a6d337b387cad9f0dec6c27c6a9b0,gx-no-cache=1504179815371 HTTP/1.1" 200 49
200.112.2.120 - - [31/Aug/2017:08:42:58 -0300] "POST /cormun/servlet/trsolicitudot?a197e806a5f0f9da495b428e344fb14e,gx-no-cache=1504179817803 HTTP/1.1" 200 106
200.112.2.120 - - [31/Aug/2017:08:42:58 -0300] "GET /cormun/servlet/trsolicitudadjuntos?2017,7317, HTTP/1.1" 200 5959
200.112.2.120 - - [31/Aug/2017:08:42:58 -0300] "GET /cormun/static/gxcfg.js?20177612135366 HTTP/1.1" 200 953
200.112.2.120 - - [31/Aug/2017:08:42:58 -0300] "GET /cormun/static/trsolicitudadjuntos.js?20177612135632 HTTP/1.1" 200 17922
200.112.2.120 - - [31/Aug/2017:08:42:59 -0300] "GET /cormun/servlet/trsolicitudadjuntos?2017,7317, HTTP/1.1" 200 5959
200.112.2.120 - - [31/Aug/2017:08:43:00 -0300] "GET /cormun/servlet/solicitudotadjuntos?INS,2017,7317,,1, HTTP/1.1" 200 5907
200.112.2.120 - - [31/Aug/2017:08:43:01 -0300] "GET /cormun/static/gxcfg.js?2017761244068 HTTP/1.1" 200 953
200.112.2.120 - - [31/Aug/2017:08:43:01 -0300] "GET /cormun/static/solicitudotadjuntos.js?2017761244086 HTTP/1.1" 200 11771
200.112.2.120 - - [31/Aug/2017:08:43:01 -0300] "GET /cormun/static/about:blank HTTP/1.1" 404 1011
200.112.2.120 - - [31/Aug/2017:08:43:01 -0300] "GET /cormun/servlet/solicitudotadjuntos?INS,2017,7317,,1, HTTP/1.1" 200 5900
200.112.2.120 - - [31/Aug/2017:08:43:01 -0300] "GET /cormun/servlet/solicitudotadjuntos?9b183465ba25991216702d3a8841166c89b8223ff6061bd201dcf32a7377d090f446fc3f2016dbf970c472b4440146fb,gx-no-cache=1504179821795 HTTP/1.1" 200 30
200.112.2.120 - - [31/Aug/2017:08:43:02 -0300] "POST /cormun/servlet/solicitudotadjuntos?a197e806a5f0f9da495b428e344fb14e,INS,2017,7317,,1,,gx-no-cache=1504179821929 HTTP/1.1" 200 3726
200.112.2.120 - - [31/Aug/2017:08:43:06 -0300] "POST /cormun/servlet/solicitudotadjuntos?gx-no-cache=1504179826084 HTTP/1.1" 200 26
186.79.26.230 - - [31/Aug/2017:08:43:08 -0300] "POST /cormun/servlet/permisogoce?82c53f8d74d2996d88463b88da851feb,INS,0,,,,gx-no-cache=1504179826848 HTTP/1.1" 200 93
186.79.26.230 - - [31/Aug/2017:08:43:08 -0300] "GET /cormun/servlet/hpexe_return? HTTP/1.1" 200 1003
186.79.26.230 - - [31/Aug/2017:08:43:09 -0300] "GET /cormun/servlet/trpermisosgoce HTTP/1.1" 200 12545
186.79.26.230 - - [31/Aug/2017:08:43:10 -0300] "GET /cormun/servlet/trpermisosgoce HTTP/1.1" 200 12576
186.79.26.230 - - [31/Aug/2017:08:43:13 -0300] "GET /cormun/servlet/permisogoce?INS,0,,, HTTP/1.1" 200 6937
186.79.26.230 - - [31/Aug/2017:08:43:14 -0300] "GET /cormun/servlet/permisogoce?INS,0,,, HTTP/1.1" 200 6937
186.103.159.189 - - [31/Aug/2017:08:43:15 -0300] "GET /cormun/static/Shared/jqueryui/images/ui-bg_highlight-soft_100_eae6ea_1x100.png HTTP/1.1" 404 1117
186.79.26.230 - - [31/Aug/2017:08:43:21 -0300] "GET /cormun/servlet/permisogoce?f6f63c767e2d14ea6399b7d3844c2c2d821f4f6cb87b7bbade175bf01230e3723c4aff4605662cf4be14a9ed4ee34a1b,gx-no-cache=1504179840198 HTTP/1.1" 200 77
186.79.26.230 - - [31/Aug/2017:08:43:21 -0300] "GET /cormun/static/menuarrow.gif HTTP/1.1" 404 1015
200.112.2.120 - - [31/Aug/2017:08:43:26 -0300] "GET /cormun/servlet/solicitudotadjuntos?9b183465ba25991216702d3a8841166c39da0e938cc3e43caab7d37f56f0413a,gx-no-cache=1504179846370 HTTP/1.1" 200 30
200.112.2.120 - - [31/Aug/2017:08:43:26 -0300] "GET /cormun/servlet/solicitudotadjuntos?9b183465ba25991216702d3a8841166c39da0e938cc3e43caab7d37f56f0413a,gx-no-cache=1504179846503 HTTP/1.1" 200 30
186.79.26.230 - - [31/Aug/2017:08:43:28 -0300] "GET /cormun/servlet/permisogoce?f6f63c767e2d14ea6399b7d3844c2c2d662efd93082d005cb5c7098bc0bc4fc41b47286ce3fb01b786c54f8958284d7fa0bb408593e5dd79f4c136458f068aba,gx-no-cache=1504179847028 HTTP/1.1" 200 48
200.112.2.120 - - [31/Aug/2017:08:43:30 -0300] "POST /cormun/servlet/solicitudotadjuntos?a197e806a5f0f9da495b428e344fb14e,INS,2017,7317,,1, HTTP/1.1" 200 116
200.112.2.120 - - [31/Aug/2017:08:43:30 -0300] "GET /cormun/servlet/hpexe_return? HTTP/1.1" 200 1025
200.112.2.120 - - [31/Aug/2017:08:43:31 -0300] "GET /cormun/servlet/trsolicitudadjuntos?2017,7317, HTTP/1.1" 200 8214
200.112.2.120 - - [31/Aug/2017:08:43:31 -0300] "GET /cormun/servlet/trsolicitudadjuntos?2017,7317, HTTP/1.1" 200 8192
186.79.26.230 - - [31/Aug/2017:08:43:34 -0300] "POST /cormun/servlet/permisogoce?82c53f8d74d2996d88463b88da851feb,INS,0,,,,gx-no-cache=1504179851985 HTTP/1.1" 200 93
186.79.26.230 - - [31/Aug/2017:08:43:34 -0300] "GET /cormun/servlet/hpexe_return? HTTP/1.1" 200 1003
200.112.2.120 - - [31/Aug/2017:08:43:34 -0300] "GET /cormun/servlet/solicitudotadjuntos?INS,2017,7317,,1, HTTP/1.1" 200 5908
186.79.26.230 - - [31/Aug/2017:08:43:34 -0300] "GET /cormun/servlet/trpermisosgoce HTTP/1.1" 200 12853
200.112.2.120 - - [31/Aug/2017:08:43:34 -0300] "GET /cormun/static/about:blank HTTP/1.1" 404 1011
200.112.2.120 - - [31/Aug/2017:08:43:34 -0300] "GET /cormun/servlet/solicitudotadjuntos?INS,2017,7317,,1, HTTP/1.1" 200 5901
200.112.2.120 - - [31/Aug/2017:08:43:35 -0300] "GET /cormun/servlet/solicitudotadjuntos?9b183465ba25991216702d3a8841166c89b8223ff6061bd201dcf32a7377d090f446fc3f2016dbf970c472b4440146fb,gx-no-cache=1504179855246 HTTP/1.1" 200 30
200.112.2.120 - - [31/Aug/2017:08:43:35 -0300] "POST /cormun/servlet/solicitudotadjuntos?a197e806a5f0f9da495b428e344fb14e,INS,2017,7317,,1,,gx-no-cache=1504179855368 HTTP/1.1" 200 3727
186.79.26.230 - - [31/Aug/2017:08:43:36 -0300] "GET /cormun/servlet/trpermisosgoce HTTP/1.1" 200 12850
200.112.2.120 - - [31/Aug/2017:08:43:37 -0300] "POST /cormun/servlet/solicitudotadjuntos?gx-no-cache=1504179857768 HTTP/1.1" 200 26
186.79.26.230 - - [31/Aug/2017:08:43:40 -0300] "GET /cormun/servlet/permisogoce?INS,0,,, HTTP/1.1" 200 6937
186.79.26.230 - - [31/Aug/2017:08:43:41 -0300] "GET /cormun/servlet/permisogoce?INS,0,,, HTTP/1.1" 200 6937
200.112.2.120 - - [31/Aug/2017:08:43:46 -0300] "GET /cormun/servlet/solicitudotadjuntos?9b183465ba25991216702d3a8841166c39da0e938cc3e43caab7d37f56f0413a,gx-no-cache=1504179866129 HTTP/1.1" 200 30
200.112.2.120 - - [31/Aug/2017:08:43:46 -0300] "GET /cormun/servlet/solicitudotadjuntos?9b183465ba25991216702d3a8841166c39da0e938cc3e43caab7d37f56f0413a,gx-no-cache=1504179866232 HTTP/1.1" 200 30
186.79.26.230 - - [31/Aug/2017:08:43:48 -0300] "GET /cormun/servlet/permisogoce?f6f63c767e2d14ea6399b7d3844c2c2de9c6eb68111d5061620828d14b446feeaf39f9a868762f0eb623f8d787a7d88a9a645f3d0d36c075db6a3481b0723b4a,gx-no-cache=1504179867612 HTTP/1.1" 200 80
186.79.26.230 - - [31/Aug/2017:08:43:49 -0300] "GET /cormun/static/menuarrow.gif HTTP/1.1" 404 1015
200.112.2.120 - - [31/Aug/2017:08:43:51 -0300] "POST /cormun/servlet/solicitudotadjuntos?a197e806a5f0f9da495b428e344fb14e,INS,2017,7317,,1, HTTP/1.1" 200 116
200.112.2.120 - - [31/Aug/2017:08:43:51 -0300] "GET /cormun/servlet/hpexe_return? HTTP/1.1" 200 1025
200.112.2.120 - - [31/Aug/2017:08:43:52 -0300] "GET /cormun/servlet/trsolicitudadjuntos?2017,7317, HTTP/1.1" 200 8429
200.112.2.120 - - [31/Aug/2017:08:43:52 -0300] "GET /cormun/servlet/trsolicitudadjuntos?2017,7317, HTTP/1.1" 200 8427
200.112.2.120 - - [31/Aug/2017:08:43:55 -0300] "GET /cormun/servlet/solicitudotadjuntos?INS,2017,7317,,1, HTTP/1.1" 200 5908
200.112.2.120 - - [31/Aug/2017:08:43:55 -0300] "GET /cormun/static/about:blank HTTP/1.1" 404 1011
200.112.2.120 - - [31/Aug/2017:08:43:55 -0300] "GET /cormun/servlet/solicitudotadjuntos?INS,2017,7317,,1, HTTP/1.1" 200 5901
186.79.26.230 - - [31/Aug/2017:08:43:56 -0300] "GET /cormun/servlet/permisogoce?f6f63c767e2d14ea6399b7d3844c2c2d29871283fafa00b2e1e29b7ff9314a68fd60f635b9fd6f5922d6f1fdce313e9711a48345f71205c4102d7ad61d637ca2,gx-no-cache=1504179874898 HTTP/1.1" 200 48
200.112.2.120 - - [31/Aug/2017:08:43:56 -0300] "GET /cormun/servlet/solicitudotadjuntos?9b183465ba25991216702d3a8841166c89b8223ff6061bd201dcf32a7377d090f446fc3f2016dbf970c472b4440146fb,gx-no-cache=1504179876136 HTTP/1.1" 200 30
200.112.2.120 - - [31/Aug/2017:08:43:56 -0300] "POST /cormun/servlet/solicitudotadjuntos?a197e806a5f0f9da495b428e344fb14e,INS,2017,7317,,1,,gx-no-cache=1504179876274 HTTP/1.1" 200 3727
200.112.2.120 - - [31/Aug/2017:08:43:58 -0300] "POST /cormun/servlet/solicitudotadjuntos?gx-no-cache=1504179878808 HTTP/1.1" 200 26
186.79.26.230 - - [31/Aug/2017:08:43:59 -0300] "POST /cormun/servlet/permisogoce?82c53f8d74d2996d88463b88da851feb,INS,0,,,,gx-no-cache=1504179878164 HTTP/1.1" 200 93
186.79.26.230 - - [31/Aug/2017:08:44:00 -0300] "GET /cormun/servlet/hpexe_return? HTTP/1.1" 200 1003
186.79.26.230 - - [31/Aug/2017:08:44:00 -0300] "GET /cormun/servlet/trpermisosgoce HTTP/1.1" 200 13039
186.79.26.230 - - [31/Aug/2017:08:44:01 -0300] "GET /cormun/servlet/trpermisosgoce HTTP/1.1" 200 13007
186.79.26.230 - - [31/Aug/2017:08:44:05 -0300] "GET /cormun/servlet/permisogoce?INS,0,,, HTTP/1.1" 200 6937
186.79.26.230 - - [31/Aug/2017:08:44:06 -0300] "GET /cormun/servlet/permisogoce?INS,0,,, HTTP/1.1" 200 6940
186.79.26.230 - - [31/Aug/2017:08:44:16 -0300] "GET /cormun/servlet/permisogoce?f6f63c767e2d14ea6399b7d3844c2c2d9035ecd5edf5bde3a56b7c9d992c360daf39f9a868762f0eb623f8d787a7d88a9a645f3d0d36c075db6a3481b0723b4a,gx-no-cache=1504179893745 HTTP/1.1" 200 80
186.79.26.230 - - [31/Aug/2017:08:44:17 -0300] "GET /cormun/static/menuarrow.gif HTTP/1.1" 404 1015
186.79.26.230 - - [31/Aug/2017:08:44:30 -0300] "GET /cormun/servlet/permisogoce?f6f63c767e2d14ea6399b7d3844c2c2d4c713bb2e6ab4bc4e202193b40fdaf6d3fe26ce682f795fc49d6ab72a08e450b11a48345f71205c4102d7ad61d637ca2,gx-no-cache=1504179909454 HTTP/1.1" 200 49
186.79.26.230 - - [31/Aug/2017:08:44:35 -0300] "POST /cormun/servlet/permisogoce?82c53f8d74d2996d88463b88da851feb,INS,0,,,,gx-no-cache=1504179912959 HTTP/1.1" 200 93
186.79.26.230 - - [31/Aug/2017:08:44:35 -0300] "GET /cormun/servlet/hpexe_return? HTTP/1.1" 200 1003
186.79.26.230 - - [31/Aug/2017:08:44:36 -0300] "GET /cormun/servlet/trpermisosgoce HTTP/1.1" 200 13177
186.79.26.230 - - [31/Aug/2017:08:44:37 -0300] "GET /cormun/servlet/trpermisosgoce HTTP/1.1" 200 13186
200.112.2.120 - - [31/Aug/2017:08:44:38 -0300] "GET /cormun/servlet/solicitudotadjuntos?9b183465ba25991216702d3a8841166c39da0e938cc3e43caab7d37f56f0413a,gx-no-cache=1504179918306 HTTP/1.1" 200 30
200.112.2.120 - - [31/Aug/2017:08:44:38 -0300] "GET /cormun/servlet/solicitudotadjuntos?9b183465ba25991216702d3a8841166c39da0e938cc3e43caab7d37f56f0413a,gx-no-cache=1504179918422 HTTP/1.1" 200 30
200.112.2.120 - - [31/Aug/2017:08:44:42 -0300] "POST /cormun/servlet/solicitudotadjuntos?a197e806a5f0f9da495b428e344fb14e,INS,2017,7317,,1, HTTP/1.1" 200 116
200.112.2.120 - - [31/Aug/2017:08:44:42 -0300] "GET /cormun/servlet/hpexe_return? HTTP/1.1" 200 1025
200.112.2.120 - - [31/Aug/2017:08:44:43 -0300] "GET /cormun/servlet/trsolicitudadjuntos?2017,7317, HTTP/1.1" 200 8604
200.112.2.120 - - [31/Aug/2017:08:44:45 -0300] "GET /cormun/servlet/trsolicitudadjuntos?2017,7317, HTTP/1.1" 200 8602
200.112.2.120 - - [31/Aug/2017:08:44:46 -0300] "GET /cormun/servlet/solicitudotadjuntos?INS,2017,7317,,1, HTTP/1.1" 200 5908
200.112.2.120 - - [31/Aug/2017:08:44:46 -0300] "GET /cormun/static/about:blank HTTP/1.1" 404 1011
200.112.2.120 - - [31/Aug/2017:08:44:46 -0300] "GET /cormun/servlet/solicitudotadjuntos?INS,2017,7317,,1, HTTP/1.1" 200 5901
200.112.2.120 - - [31/Aug/2017:08:44:46 -0300] "GET /cormun/servlet/solicitudotadjuntos?9b183465ba25991216702d3a8841166c89b8223ff6061bd201dcf32a7377d090f446fc3f2016dbf970c472b4440146fb,gx-no-cache=1504179926870 HTTP/1.1" 200 30
200.112.2.120 - - [31/Aug/2017:08:44:47 -0300] "POST /cormun/servlet/solicitudotadjuntos?a197e806a5f0f9da495b428e344fb14e,INS,2017,7317,,1,,gx-no-cache=1504179926975 HTTP/1.1" 200 3727
200.112.2.120 - - [31/Aug/2017:08:44:50 -0300] "POST /cormun/servlet/solicitudotadjuntos?gx-no-cache=1504179930193 HTTP/1.1" 200 26
186.79.26.230 - - [31/Aug/2017:08:44:53 -0300] "GET /cormun/servlet/permisogoce?INS,0,,, HTTP/1.1" 200 6937
186.79.26.230 - - [31/Aug/2017:08:44:54 -0300] "GET /cormun/servlet/permisogoce?INS,0,,, HTTP/1.1" 200 6937
200.112.2.120 - - [31/Aug/2017:08:44:55 -0300] "GET /cormun/servlet/solicitudotadjuntos?9b183465ba25991216702d3a8841166c39da0e938cc3e43caab7d37f56f0413a,gx-no-cache=1504179935090 HTTP/1.1" 200 30
200.112.2.120 - - [31/Aug/2017:08:44:55 -0300] "GET /cormun/servlet/solicitudotadjuntos?9b183465ba25991216702d3a8841166c39da0e938cc3e43caab7d37f56f0413a,gx-no-cache=1504179935175 HTTP/1.1" 200 30
186.79.26.230 - - [31/Aug/2017:08:45:01 -0300] "GET /cormun/servlet/permisogoce?f6f63c767e2d14ea6399b7d3844c2c2d2e2a4d4047eb3a9c63b30272b8ca0884af39f9a868762f0eb623f8d787a7d88a9a645f3d0d36c075db6a3481b0723b4a,gx-no-cache=1504179940059 HTTP/1.1" 200 74
186.79.26.230 - - [31/Aug/2017:08:45:01 -0300] "GET /cormun/static/menuarrow.gif HTTP/1.1" 404 1015
200.112.2.120 - - [31/Aug/2017:08:45:01 -0300] "POST /cormun/servlet/solicitudotadjuntos?a197e806a5f0f9da495b428e344fb14e,INS,2017,7317,,1, HTTP/1.1" 200 116
200.112.2.120 - - [31/Aug/2017:08:45:01 -0300] "GET /cormun/servlet/hpexe_return? HTTP/1.1" 200 1025
200.112.2.120 - - [31/Aug/2017:08:45:02 -0300] "GET /cormun/servlet/trsolicitudadjuntos?2017,7317, HTTP/1.1" 200 8748
200.112.2.120 - - [31/Aug/2017:08:45:03 -0300] "GET /cormun/servlet/trsolicitudadjuntos?2017,7317, HTTP/1.1" 200 8748
200.112.2.120 - - [31/Aug/2017:08:45:05 -0300] "GET /cormun/servlet/solicitudotadjuntos?INS,2017,7317,,1, HTTP/1.1" 200 5908
200.112.2.120 - - [31/Aug/2017:08:45:05 -0300] "GET /cormun/static/about:blank HTTP/1.1" 404 1011
200.112.2.120 - - [31/Aug/2017:08:45:05 -0300] "GET /cormun/servlet/solicitudotadjuntos?INS,2017,7317,,1, HTTP/1.1" 200 5901
200.112.2.120 - - [31/Aug/2017:08:45:06 -0300] "GET /cormun/servlet/solicitudotadjuntos?9b183465ba25991216702d3a8841166c89b8223ff6061bd201dcf32a7377d090f446fc3f2016dbf970c472b4440146fb,gx-no-cache=1504179945898 HTTP/1.1" 200 30
200.112.2.120 - - [31/Aug/2017:08:45:06 -0300] "POST /cormun/servlet/solicitudotadjuntos?a197e806a5f0f9da495b428e344fb14e,INS,2017,7317,,1,,gx-no-cache=1504179946053 HTTP/1.1" 200 3727
200.112.2.120 - - [31/Aug/2017:08:45:08 -0300] "POST /cormun/servlet/solicitudotadjuntos?gx-no-cache=1504179948577 HTTP/1.1" 200 26
186.79.26.230 - - [31/Aug/2017:08:45:10 -0300] "GET /cormun/servlet/permisogoce?f6f63c767e2d14ea6399b7d3844c2c2de19cf23f19ef4056ae20c4d922301b39f94130f5cb924774f38c2d08edd996e60c3a6d337b387cad9f0dec6c27c6a9b0,gx-no-cache=1504179948691 HTTP/1.1" 200 48
200.112.2.120 - - [31/Aug/2017:08:45:15 -0300] "GET /cormun/servlet/solicitudotadjuntos?9b183465ba25991216702d3a8841166c39da0e938cc3e43caab7d37f56f0413a,gx-no-cache=1504179955074 HTTP/1.1" 200 30
200.112.2.120 - - [31/Aug/2017:08:45:15 -0300] "GET /cormun/servlet/solicitudotadjuntos?9b183465ba25991216702d3a8841166c39da0e938cc3e43caab7d37f56f0413a,gx-no-cache=1504179955157 HTTP/1.1" 200 30
200.112.2.120 - - [31/Aug/2017:08:45:15 -0300] "POST /cormun/servlet/solicitudotadjuntos?a197e806a5f0f9da495b428e344fb14e,INS,2017,7317,,1, HTTP/1.1" 200 116
200.112.2.120 - - [31/Aug/2017:08:45:16 -0300] "GET /cormun/servlet/hpexe_return? HTTP/1.1" 200 1025
200.112.2.120 - - [31/Aug/2017:08:45:16 -0300] "GET /cormun/servlet/trsolicitudadjuntos?2017,7317, HTTP/1.1" 200 8999
200.112.2.120 - - [31/Aug/2017:08:45:17 -0300] "GET /cormun/servlet/trsolicitudadjuntos?2017,7317, HTTP/1.1" 200 8998
200.112.2.120 - - [31/Aug/2017:08:45:20 -0300] "GET /cormun/servlet/solicitudotadjuntos?INS,2017,7317,,1, HTTP/1.1" 200 5908
200.112.2.120 - - [31/Aug/2017:08:45:20 -0300] "GET /cormun/static/about:blank HTTP/1.1" 404 1011
200.112.2.120 - - [31/Aug/2017:08:45:20 -0300] "GET /cormun/servlet/solicitudotadjuntos?INS,2017,7317,,1, HTTP/1.1" 200 5901
200.112.2.120 - - [31/Aug/2017:08:45:21 -0300] "GET /cormun/servlet/solicitudotadjuntos?9b183465ba25991216702d3a8841166c89b8223ff6061bd201dcf32a7377d090f446fc3f2016dbf970c472b4440146fb,gx-no-cache=1504179960892 HTTP/1.1" 200 30
200.112.2.120 - - [31/Aug/2017:08:45:21 -0300] "POST /cormun/servlet/solicitudotadjuntos?a197e806a5f0f9da495b428e344fb14e,INS,2017,7317,,1,,gx-no-cache=1504179961027 HTTP/1.1" 200 3727
186.79.26.230 - - [31/Aug/2017:08:45:21 -0300] "POST /cormun/servlet/permisogoce?82c53f8d74d2996d88463b88da851feb,INS,0,,,,gx-no-cache=1504179959519 HTTP/1.1" 200 93
186.79.26.230 - - [31/Aug/2017:08:45:21 -0300] "GET /cormun/servlet/hpexe_return? HTTP/1.1" 200 1003
186.79.26.230 - - [31/Aug/2017:08:45:22 -0300] "GET /cormun/servlet/trpermisosgoce HTTP/1.1" 200 13412
186.79.26.230 - - [31/Aug/2017:08:45:23 -0300] "GET /cormun/servlet/trpermisosgoce HTTP/1.1" 200 13390
200.112.2.120 - - [31/Aug/2017:08:45:23 -0300] "POST /cormun/servlet/solicitudotadjuntos?gx-no-cache=1504179963688 HTTP/1.1" 200 26
186.79.26.230 - - [31/Aug/2017:08:45:28 -0300] "GET /cormun/servlet/permisogoce?INS,0,,, HTTP/1.1" 200 6937
186.79.26.230 - - [31/Aug/2017:08:45:29 -0300] "GET /cormun/servlet/permisogoce?INS,0,,, HTTP/1.1" 200 6937
200.112.2.120 - - [31/Aug/2017:08:45:30 -0300] "GET /cormun/servlet/solicitudotadjuntos?9b183465ba25991216702d3a8841166c39da0e938cc3e43caab7d37f56f0413a,gx-no-cache=1504179970530 HTTP/1.1" 200 30
200.112.2.120 - - [31/Aug/2017:08:45:30 -0300] "GET /cormun/servlet/solicitudotadjuntos?9b183465ba25991216702d3a8841166c39da0e938cc3e43caab7d37f56f0413a,gx-no-cache=1504179970636 HTTP/1.1" 200 30
186.79.26.230 - - [31/Aug/2017:08:45:36 -0300] "GET /cormun/servlet/permisogoce?f6f63c767e2d14ea6399b7d3844c2c2d57731254e27e7422936d27af350aa656af39f9a868762f0eb623f8d787a7d88a9a645f3d0d36c075db6a3481b0723b4a,gx-no-cache=1504179975332 HTTP/1.1" 200 93
186.79.26.230 - - [31/Aug/2017:08:45:36 -0300] "GET /cormun/static/menuarrow.gif HTTP/1.1" 404 1015
200.112.2.120 - - [31/Aug/2017:08:45:36 -0300] "POST /cormun/servlet/solicitudotadjuntos?a197e806a5f0f9da495b428e344fb14e,INS,2017,7317,,1, HTTP/1.1" 200 116
200.112.2.120 - - [31/Aug/2017:08:45:36 -0300] "GET /cormun/servlet/hpexe_return? HTTP/1.1" 200 1025
200.112.2.120 - - [31/Aug/2017:08:45:37 -0300] "GET /cormun/servlet/trsolicitudadjuntos?2017,7317, HTTP/1.1" 200 9229
200.112.2.120 - - [31/Aug/2017:08:45:38 -0300] "GET /cormun/servlet/trsolicitudadjuntos?2017,7317, HTTP/1.1" 200 9228
200.112.2.120 - - [31/Aug/2017:08:45:43 -0300] "GET /cormun/servlet/trsolicitudot? HTTP/1.1" 200 10244
186.79.26.230 - - [31/Aug/2017:08:45:43 -0300] "GET /cormun/servlet/permisogoce?f6f63c767e2d14ea6399b7d3844c2c2dbdd0837046f0e8897849702c68193f3d1354b00534b7e468127afcb6f44a6f9311a48345f71205c4102d7ad61d637ca2,gx-no-cache=1504179982491 HTTP/1.1" 200 47
200.112.2.120 - - [31/Aug/2017:08:45:43 -0300] "GET /cormun/servlet/trsolicitudot? HTTP/1.1" 200 10238
186.79.26.230 - - [31/Aug/2017:08:45:49 -0300] "POST /cormun/servlet/permisogoce?82c53f8d74d2996d88463b88da851feb,INS,0,,,,gx-no-cache=1504179987405 HTTP/1.1" 200 93
186.79.26.230 - - [31/Aug/2017:08:45:49 -0300] "GET /cormun/servlet/hpexe_return? HTTP/1.1" 200 1003
186.79.26.230 - - [31/Aug/2017:08:45:49 -0300] "GET /cormun/servlet/trpermisosgoce HTTP/1.1" 200 13653
186.79.26.230 - - [31/Aug/2017:08:45:51 -0300] "GET /cormun/servlet/trpermisosgoce HTTP/1.1" 200 13650
200.112.2.120 - - [31/Aug/2017:08:46:02 -0300] "POST /cormun/servlet/trsolicitudot?a197e806a5f0f9da495b428e344fb14e,,gx-no-cache=1504180001971 HTTP/1.1" 200 7439
200.112.2.120 - - [31/Aug/2017:08:46:02 -0300] "GET /cormun/static/Shared/jqueryui/images/ui-bg_highlight-soft_100_c6c2c8_1x100.png HTTP/1.1" 404 1117
200.112.2.120 - - [31/Aug/2017:08:46:02 -0300] "GET /cormun/static/Shared/jqueryui/images/ui-bg_flat_55_fafafa_40x100.png HTTP/1.1" 404 1097
200.112.2.120 - - [31/Aug/2017:08:46:02 -0300] "GET /cormun/static/Shared/jqueryui/images/ui-icons_8d78a5_256x240.png HTTP/1.1" 404 1089
200.112.2.120 - - [31/Aug/2017:08:46:02 -0300] "GET /cormun/static/Shared/jqueryui/images/ui-icons_82798d_256x240.png HTTP/1.1" 404 1089
200.112.2.120 - - [31/Aug/2017:08:46:03 -0300] "POST /cormun/servlet/trsolicitudot?a197e806a5f0f9da495b428e344fb14e,,gx-no-cache=1504180002757 HTTP/1.1" 200 7381
186.79.26.230 - - [31/Aug/2017:08:46:10 -0300] "GET /cormun/servlet/trpermisosadjuntos?11031603,20170831084206,P, HTTP/1.1" 200 6417
186.79.26.230 - - [31/Aug/2017:08:46:10 -0300] "GET /cormun/static/gxcfg.js?201762817193957 HTTP/1.1" 200 953
186.79.26.230 - - [31/Aug/2017:08:46:10 -0300] "GET /cormun/static/trpermisosadjuntos.js?201762817194366 HTTP/1.1" 200 20158
186.79.26.230 - - [31/Aug/2017:08:46:11 -0300] "GET /cormun/servlet/trpermisosadjuntos?11031603,20170831084206,P, HTTP/1.1" 200 6418
186.79.26.230 - - [31/Aug/2017:08:46:13 -0300] "GET /cormun/servlet/permisosadjuntos?INS,11031603,P,20170831084206,, HTTP/1.1" 200 5751
186.79.26.230 - - [31/Aug/2017:08:46:14 -0300] "GET /cormun/static/gxcfg.js?201762717441171 HTTP/1.1" 200 953
186.79.26.230 - - [31/Aug/2017:08:46:14 -0300] "GET /cormun/static/permisosadjuntos.js?201762717441184 HTTP/1.1" 200 8724
186.79.26.230 - - [31/Aug/2017:08:46:14 -0300] "GET /cormun/static/about:blank HTTP/1.1" 404 1011
186.79.26.230 - - [31/Aug/2017:08:46:14 -0300] "GET /cormun/servlet/permisosadjuntos?INS,11031603,P,20170831084206,, HTTP/1.1" 200 5741
186.103.159.188 - - [31/Aug/2017:08:46:34 -0300] "GET /cormun/servlet/hlogin HTTP/1.1" 200 1723
186.103.159.188 - - [31/Aug/2017:08:46:34 -0300] "GET /cormun/servlet/hlogin HTTP/1.1" 200 1727
186.103.159.188 - - [31/Aug/2017:08:46:36 -0300] "POST /cormun/servlet/hlogin?c00052b3284c2a922d6fc8b9b0e12548,gx-no-cache=1504180034360 HTTP/1.1" 200 90
186.103.159.188 - - [31/Aug/2017:08:46:36 -0300] "GET /cormun/servlet/hpexe_link HTTP/1.1" 200 949
186.103.159.188 - - [31/Aug/2017:08:46:36 -0300] "GET /cormun/servlet/hhome HTTP/1.1" 200 3840
186.103.159.188 - - [31/Aug/2017:08:46:36 -0300] "GET /cormun/servlet/hhome HTTP/1.1" 200 3836
186.79.26.230 - - [31/Aug/2017:08:47:42 -0300] "POST /cormun/servlet/permisosadjuntos?82c53f8d74d2996d88463b88da851feb,INS,11031603,P,20170831084206,, HTTP/1.1" 200 116
186.103.159.188 - - [31/Aug/2017:08:47:45 -0300] "GET /cormun/servlet/trsolicitudot? HTTP/1.1" 200 11478
186.79.26.230 - - [31/Aug/2017:08:47:45 -0300] "GET /cormun/servlet/hpexe_return? HTTP/1.1" 200 1031
186.103.159.188 - - [31/Aug/2017:08:47:46 -0300] "GET /cormun/servlet/trsolicitudot? HTTP/1.1" 200 11476
186.79.26.230 - - [31/Aug/2017:08:47:52 -0300] "GET /cormun/servlet/trpermisosadjuntos?11031603,20170831084206,P, HTTP/1.1" 200 6908
186.79.26.230 - - [31/Aug/2017:08:47:53 -0300] "GET /cormun/servlet/trpermisosadjuntos?11031603,20170831084206,P, HTTP/1.1" 200 6904
186.79.26.230 - - [31/Aug/2017:08:48:02 -0300] "POST /cormun/servlet/trpermisosadjuntos?82c53f8d74d2996d88463b88da851feb,11031603,20170831084206,P,,gx-no-cache=1504180120408 HTTP/1.1" 200 90
186.79.26.230 - - [31/Aug/2017:08:48:02 -0300] "GET /cormun/servlet/hpexe_link HTTP/1.1" 200 974
186.79.26.230 - - [31/Aug/2017:08:48:02 -0300] "GET /cormun/servlet/trpermisosgoce HTTP/1.1" 200 13649
186.79.26.230 - - [31/Aug/2017:08:48:04 -0300] "GET /cormun/servlet/trpermisosgoce HTTP/1.1" 200 13637
186.103.159.188 - - [31/Aug/2017:08:48:06 -0300] "POST /cormun/servlet/trsolicitudot?c00052b3284c2a922d6fc8b9b0e12548,,gx-no-cache=1504180123838 HTTP/1.1" 200 6006
186.79.26.230 - - [31/Aug/2017:08:48:15 -0300] "POST /cormun/servlet/trpermisosgoce?82c53f8d74d2996d88463b88da851feb,gx-no-cache=1504180133479 HTTP/1.1" 200 10872
186.79.26.230 - - [31/Aug/2017:08:48:16 -0300] "GET /cormun/static/Shared/jqueryui/images/ui-bg_highlight-soft_100_c6c2c8_1x100.png HTTP/1.1" 404 1117
186.79.26.230 - - [31/Aug/2017:08:48:16 -0300] "GET /cormun/static/Shared/jqueryui/images/ui-icons_82798d_256x240.png HTTP/1.1" 404 1089
186.79.26.230 - - [31/Aug/2017:08:48:16 -0300] "GET /cormun/static/Shared/jqueryui/images/ui-bg_flat_55_fafafa_40x100.png HTTP/1.1" 404 1097
186.79.26.230 - - [31/Aug/2017:08:48:16 -0300] "GET /cormun/static/Shared/jqueryui/images/ui-icons_8d78a5_256x240.png HTTP/1.1" 404 1089
186.103.159.188 - - [31/Aug/2017:08:48:22 -0300] "GET /cormun/servlet/solicitudot?INS,0,0, HTTP/1.1" 200 12698
186.103.159.188 - - [31/Aug/2017:08:48:22 -0300] "GET /cormun/static/solicitudot.js?201783011174088 HTTP/1.1" 200 63803
186.103.159.188 - - [31/Aug/2017:08:48:23 -0300] "GET /cormun/static/gxcfg.js?201783011173874 HTTP/1.1" 200 953
186.103.159.188 - - [31/Aug/2017:08:48:23 -0300] "GET /cormun/servlet/solicitudot?INS,0,0, HTTP/1.1" 200 12703
186.79.26.230 - - [31/Aug/2017:08:48:27 -0300] "GET /cormun/servlet/trpermisosadjuntos?13938012,20170831084057,P, HTTP/1.1" 200 6415
186.79.26.230 - - [31/Aug/2017:08:48:28 -0300] "GET /cormun/servlet/trpermisosadjuntos?13938012,20170831084057,P, HTTP/1.1" 200 6415
192.168.10.96 - - [31/Aug/2017:08:48:29 -0300] "GET /cormun/servlet/hlogin HTTP/1.1" 200 1732
186.79.26.230 - - [31/Aug/2017:08:48:31 -0300] "GET /cormun/servlet/permisosadjuntos?INS,13938012,P,20170831084057,, HTTP/1.1" 200 5747
186.79.26.230 - - [31/Aug/2017:08:48:31 -0300] "GET /cormun/static/about:blank HTTP/1.1" 404 1011
186.79.26.230 - - [31/Aug/2017:08:48:31 -0300] "GET /cormun/servlet/permisosadjuntos?INS,13938012,P,20170831084057,, HTTP/1.1" 200 5737
192.168.10.96 - - [31/Aug/2017:08:48:36 -0300] "POST /cormun/servlet/hlogin?ffd049fa9cabac0c5f53a543ede3aa42,gx-no-cache=1504180083354 HTTP/1.1" 200 90
192.168.10.96 - - [31/Aug/2017:08:48:36 -0300] "GET /cormun/servlet/hpexe_link HTTP/1.1" 200 952
192.168.10.96 - - [31/Aug/2017:08:48:36 -0300] "GET /cormun/servlet/hhome HTTP/1.1" 200 4085
192.168.10.96 - - [31/Aug/2017:08:48:37 -0300] "GET /cormun/servlet/hhome HTTP/1.1" 200 4081
192.168.10.96 - - [31/Aug/2017:08:48:40 -0300] "GET /cormun/servlet/trsolicitudot? HTTP/1.1" 200 11372
192.168.10.96 - - [31/Aug/2017:08:48:40 -0300] "GET /cormun/servlet/trsolicitudot? HTTP/1.1" 200 11370
192.168.10.96 - - [31/Aug/2017:08:48:45 -0300] "GET /cormun/servlet/solicitudot?INS,0,0, HTTP/1.1" 200 12944
192.168.10.96 - - [31/Aug/2017:08:48:45 -0300] "GET /cormun/static/gxcfg.js?201783011173874 HTTP/1.1" 304 -
192.168.10.96 - - [31/Aug/2017:08:48:45 -0300] "GET /cormun/static/solicitudot.js?201783011174088 HTTP/1.1" 304 -
192.168.10.96 - - [31/Aug/2017:08:48:45 -0300] "GET /cormun/servlet/solicitudot?INS,0,0, HTTP/1.1" 200 12948
186.79.26.230 - - [31/Aug/2017:08:48:48 -0300] "POST /cormun/servlet/permisosadjuntos?82c53f8d74d2996d88463b88da851feb,INS,13938012,P,20170831084057,, HTTP/1.1" 200 116
186.79.26.230 - - [31/Aug/2017:08:48:48 -0300] "GET /cormun/servlet/hpexe_return? HTTP/1.1" 200 1031
186.79.26.230 - - [31/Aug/2017:08:48:49 -0300] "GET /cormun/servlet/trpermisosadjuntos?13938012,20170831084057,P, HTTP/1.1" 200 6905
186.79.26.230 - - [31/Aug/2017:08:48:50 -0300] "GET /cormun/servlet/trpermisosadjuntos?13938012,20170831084057,P, HTTP/1.1" 200 6900
186.79.26.230 - - [31/Aug/2017:08:48:53 -0300] "POST /cormun/servlet/trpermisosadjuntos?82c53f8d74d2996d88463b88da851feb,13938012,20170831084057,P,,gx-no-cache=1504180171684 HTTP/1.1" 200 90
186.79.26.230 - - [31/Aug/2017:08:48:53 -0300] "GET /cormun/servlet/hpexe_link HTTP/1.1" 200 996
186.79.26.230 - - [31/Aug/2017:08:48:53 -0300] "GET /cormun/servlet/trpermisosgoce?gx-no-cache=1504180133479 HTTP/1.1" 200 13656
186.79.26.230 - - [31/Aug/2017:08:48:54 -0300] "GET /cormun/servlet/trpermisosgoce?gx-no-cache=1504180133479 HTTP/1.1" 200 13682
186.79.26.230 - - [31/Aug/2017:08:49:00 -0300] "POST /cormun/servlet/trpermisosgoce?82c53f8d74d2996d88463b88da851feb,gx-no-cache=1504180133479,gx-no-cache=1504180177434 HTTP/1.1" 200 10883
186.79.26.230 - - [31/Aug/2017:08:49:01 -0300] "GET /cormun/static/Shared/jqueryui/images/ui-bg_highlight-soft_100_c6c2c8_1x100.png HTTP/1.1" 404 1117
186.79.26.230 - - [31/Aug/2017:08:49:01 -0300] "GET /cormun/static/Shared/jqueryui/images/ui-icons_82798d_256x240.png HTTP/1.1" 404 1089
186.79.26.230 - - [31/Aug/2017:08:49:01 -0300] "GET /cormun/static/Shared/jqueryui/images/ui-bg_flat_55_fafafa_40x100.png HTTP/1.1" 404 1097
186.79.26.230 - - [31/Aug/2017:08:49:01 -0300] "GET /cormun/static/Shared/jqueryui/images/ui-icons_8d78a5_256x240.png HTTP/1.1" 404 1089
186.79.26.230 - - [31/Aug/2017:08:49:09 -0300] "GET /cormun/servlet/trpermisosadjuntos?15036142,20170831084132,P, HTTP/1.1" 200 6433
186.79.26.230 - - [31/Aug/2017:08:49:10 -0300] "GET /cormun/servlet/trpermisosadjuntos?15036142,20170831084132,P, HTTP/1.1" 200 6414
186.79.26.230 - - [31/Aug/2017:08:49:13 -0300] "GET /cormun/servlet/permisosadjuntos?INS,15036142,P,20170831084132,, HTTP/1.1" 200 5744
186.103.159.188 - - [31/Aug/2017:08:49:13 -0300] "POST /cormun/servlet/solicitudot?gx-no-cache=1504180190962 HTTP/1.1" 200 3201
186.79.26.230 - - [31/Aug/2017:08:49:14 -0300] "GET /cormun/static/about:blank HTTP/1.1" 404 1011
186.103.159.188 - - [31/Aug/2017:08:49:14 -0300] "POST /cormun/servlet/solicitudot?c00052b3284c2a922d6fc8b9b0e12548,INS,0,0,,gx-no-cache=1504180192105 HTTP/1.1" 200 9872
186.79.26.230 - - [31/Aug/2017:08:49:14 -0300] "GET /cormun/servlet/permisosadjuntos?INS,15036142,P,20170831084132,, HTTP/1.1" 200 5734
186.103.159.188 - - [31/Aug/2017:08:49:17 -0300] "GET /cormun/servlet/solicitudot?7bb00f27337870d2ae2f62f069c2702247cce44aae68d235ddd652795f511ef7c99dfaa7ed92dac0152bf932e6a3082e,gx-no-cache=1504180195989 HTTP/1.1" 200 30
186.103.159.188 - - [31/Aug/2017:08:49:17 -0300] "POST /cormun/servlet/solicitudot?gx-no-cache=1504180196042 HTTP/1.1" 200 256
186.103.159.188 - - [31/Aug/2017:08:49:17 -0300] "GET /cormun/servlet/solicitudot?7bb00f27337870d2ae2f62f069c27022faf9b534cad41edb1f5c1e035ac0a97df5b4150bcbce414a4ca3f282c2b016573e6b69b200e267aabf2d2da7c800ceba7035ef8f34772db93a4e97bbfbdfae38c3ba1be645cd2050cc3ef8b2faf3dbaf75e4c7baf4f40586f8f4a3856a5176d82ad15f99aed187971b4bf8589dc49a5238080bf171bc42510a227fd4dd5db7213e934b0a7d80f72d090dbdc4780a5294b216b8bff16009d3c4aa1a33a0e6204f49984f44ffd68e33ac80427a03ca3035a7572b031f034b426b7aa325d0b62925b82801aa372f58c9fc647d2c9af96d529c005ed2284c12be7b3ba5772f0cb5d8e692fada05eb8e4b31db0612dfe244c953a5fbb7e3075d54cf56a5438431146690d9d0b29287eb3d9e00e78efc0f0c6a2cdc04a2f8bc05f3ecac8555a433470b7af00fd474c2aea4e7c0cc220de7bda69cae2c3f632a40f5774d661ab09bcb8dc1abe3730232aea1a5a4a516d39f57ef00a0ac902acbf58a3f2fdc1190ce7a8cf1cfde47e4d315370a9c02397856ef49,gx-no-cache=1504180196113 HTTP/1.1" 200 30
186.103.159.188 - - [31/Aug/2017:08:49:25 -0300] "POST /cormun/servlet/solicitudot?gx-no-cache=1504180203455 HTTP/1.1" 200 30
