192.168.10.96 - - [31/Aug/2017:12:08:57 -0300] "POST /cormun/servlet/solicitudot?gx-no-cache=1504192104247 HTTP/1.1" 200 41
190.45.55.254 - - [31/Aug/2017:12:08:59 -0300] "GET /cormun/servlet/licenciaspermisos?bda39cd741c643c7aab2808338a54244aee0d9ad86e3966faf4247f340699a5f74ef6199c2fe10c796de52faac6909bc,gx-no-cache=1504192180096 HTTP/1.1" 200 75
190.45.55.254 - - [31/Aug/2017:12:08:59 -0300] "POST /cormun/servlet/licenciaspermisos?68c4ed0b8d02ca32797172ee9bf552bf,INS,0,,,,gx-no-cache=1504192180209 HTTP/1.1" 200 4752
190.45.55.254 - - [31/Aug/2017:12:09:44 -0300] "GET /cormun/static/menuarrow.gif HTTP/1.1" 404 1015
192.168.10.96 - - [31/Aug/2017:12:09:50 -0300] "GET /cormun/servlet/solicitudot?cdae345433d7aafd3f6c31ebfea75e2794d2a0296c49ff80f0cf40d6156c67fc2a284ed9216effd95bca192c6aeb183a9700b3b492a6f2c688c41f9a3959496aa0f11dd127573eb39846468b880465a478b34a5627a427b67831b4bec96d24a7c9d124dffacade084571cc84230ecf1d,gx-no-cache=1504192157327 HTTP/1.1" 200 29
192.168.10.96 - - [31/Aug/2017:12:09:50 -0300] "POST /cormun/servlet/solicitudot?gx-no-cache=1504192157358 HTTP/1.1" 200 1336
192.168.10.96 - - [31/Aug/2017:12:10:01 -0300] "GET /cormun/servlet/solicitudot?cdae345433d7aafd3f6c31ebfea75e275ff790b431fd028cdfbae9409bb65a2f,gx-no-cache=1504192168679 HTTP/1.1" 200 30
192.168.10.96 - - [31/Aug/2017:12:10:01 -0300] "POST /cormun/servlet/solicitudot?gx-no-cache=1504192168707 HTTP/1.1" 200 30
192.168.10.96 - - [31/Aug/2017:12:10:14 -0300] "GET /cormun/servlet/solicitudot?cdae345433d7aafd3f6c31ebfea75e272fc2ca1e6351547f7d561b88cc7e4bc2bff252df05ed1c5a7cb0665ba675fb4c,gx-no-cache=1504192181154 HTTP/1.1" 200 30
192.168.10.96 - - [31/Aug/2017:12:10:14 -0300] "POST /cormun/servlet/solicitudot?gx-no-cache=1504192181633 HTTP/1.1" 200 34
192.168.10.96 - - [31/Aug/2017:12:10:17 -0300] "POST /cormun/servlet/solicitudot?457f198cd1649757581dc3dc4c6d0a7e,INS,0,0,,gx-no-cache=1504192184365 HTTP/1.1" 200 93
192.168.10.96 - - [31/Aug/2017:12:10:17 -0300] "GET /cormun/servlet/hpexe_return? HTTP/1.1" 200 1006
192.168.10.96 - - [31/Aug/2017:12:10:17 -0300] "GET /cormun/servlet/trsolicitudot HTTP/1.1" 200 11282
192.168.10.96 - - [31/Aug/2017:12:10:18 -0300] "GET /cormun/servlet/trsolicitudot HTTP/1.1" 200 11278
200.112.3.156 - - [31/Aug/2017:12:10:25 -0300] "POST /cormun/servlet/solicitudot?9725f3aa9671e5f1eddd28231dfbe377,INS,0,0,,gx-no-cache=1504192262813 HTTP/1.1" 440 972
200.112.3.156 - - [31/Aug/2017:12:10:27 -0300] "GET /cormun/servlet/solicitudot?INS,0,0, HTTP/1.1" 200 12052
200.112.3.156 - - [31/Aug/2017:12:10:27 -0300] "GET /cormun/static/gxcfg.js?201783011173874 HTTP/1.1" 304 -
200.112.3.156 - - [31/Aug/2017:12:10:27 -0300] "GET /cormun/static/solicitudot.js?201783011174088 HTTP/1.1" 304 -
200.112.3.156 - - [31/Aug/2017:12:10:27 -0300] "GET /cormun/servlet/hlogin HTTP/1.1" 200 1737
200.112.3.156 - - [31/Aug/2017:12:10:27 -0300] "GET /cormun/servlet/solicitudot?INS,0,0, HTTP/1.1" 200 12052
200.112.3.156 - - [31/Aug/2017:12:10:27 -0300] "GET /cormun/static/gxcfg.js?20175251213516 HTTP/1.1" 304 -
192.168.10.96 - - [31/Aug/2017:12:10:34 -0300] "POST /cormun/servlet/trsolicitudot?457f198cd1649757581dc3dc4c6d0a7e,gx-no-cache=1504192200977 HTTP/1.1" 200 105
192.168.10.96 - - [31/Aug/2017:12:10:34 -0300] "GET /cormun/servlet/solicitudot?UPD,2017,7325, HTTP/1.1" 200 14665
192.168.10.96 - - [31/Aug/2017:12:10:34 -0300] "GET /cormun/servlet/solicitudot?UPD,2017,7325, HTTP/1.1" 200 14675
192.168.10.96 - - [31/Aug/2017:12:10:35 -0300] "POST /cormun/servlet/solicitudot?gx-no-cache=1504192202109 HTTP/1.1" 200 3187
192.168.10.96 - - [31/Aug/2017:12:10:35 -0300] "POST /cormun/servlet/solicitudot?457f198cd1649757581dc3dc4c6d0a7e,UPD,2017,7325,,gx-no-cache=1504192202231 HTTP/1.1" 200 11177
192.168.10.96 - - [31/Aug/2017:12:10:35 -0300] "GET /cormun/servlet/solicitudot?cdae345433d7aafd3f6c31ebfea75e27cb50af88ed3482ee4530e5bcb2fa990faafa93965e7d7f7608d322c09749ad46,gx-no-cache=1504192202412 HTTP/1.1" 200 30
192.168.10.96 - - [31/Aug/2017:12:10:35 -0300] "POST /cormun/servlet/solicitudot?gx-no-cache=1504192202431 HTTP/1.1" 200 240
192.168.10.96 - - [31/Aug/2017:12:10:35 -0300] "GET /cormun/servlet/solicitudot?cdae345433d7aafd3f6c31ebfea75e27bcf976511bf69a58d17af9f0ed63f98b63310ec89644c3bdac91b8f0ad45fccbeda122d32dcc2e8ccfbf8dbe5f96d16c251c7d7739ad8dbfd765e182c16ae6cd8807e9620565673557dcc39d70dd8588828363d7f5e192df808d67543dba86c0f9856b921222325f36a95659b8292c883cb5130153bf9aabf5d588abbfb333b822dd0f625322c98822636a08f4b326fa58954dfe5c604210c782475d5ce32f0af029372cd027d3bc8002a7e6e7a09316208b02e404dd00c39159619e6e599462fda20a20a31b3ced617361946f5a9fd61538fdae02552b8b06e2ec5828f8adc7ec3d4b727c043b2bdcabe374ec94441ec56bb5cb2940d05c4ac534ce2e34bac17b2a77ebda9cdde6b5622d1e9979424d99b79865651994a0fe8d078bc8679f75cbfb9931cd8e219bc2f8f0ee24bf9a48db210b5db58002f6a6aecad441a89a1a95be47ce6d4e49b1bcd3a4c73aa849c5dbad0e1b54ba2afbe6b6371eb5006d33023c468adc3ff2f0869fc07f219f2532,gx-no-cache=1504192202458 HTTP/1.1" 200 30
192.168.10.96 - - [31/Aug/2017:12:10:35 -0300] "POST /cormun/servlet/solicitudot?gx-no-cache=1504192202479 HTTP/1.1" 200 30
192.168.10.96 - - [31/Aug/2017:12:10:35 -0300] "POST /cormun/servlet/solicitudot?gx-no-cache=1504192202512 HTTP/1.1" 200 1356
192.168.10.96 - - [31/Aug/2017:12:10:35 -0300] "POST /cormun/servlet/solicitudot?gx-no-cache=1504192202605 HTTP/1.1" 200 41
200.112.3.156 - - [31/Aug/2017:12:10:49 -0300] "POST /cormun/servlet/hlogin?c058e09bd8c8062ab2c39d1fd8366067,gx-no-cache=1504192286344 HTTP/1.1" 200 90
200.112.3.156 - - [31/Aug/2017:12:10:49 -0300] "GET /cormun/servlet/hpexe_link HTTP/1.1" 200 957
200.112.3.156 - - [31/Aug/2017:12:10:49 -0300] "GET /cormun/static/gxcfg.js?20177612121792 HTTP/1.1" 304 -
200.112.3.156 - - [31/Aug/2017:12:10:49 -0300] "GET /cormun/servlet/solicitudot?INS,0,0, HTTP/1.1" 200 12788
200.112.3.156 - - [31/Aug/2017:12:10:50 -0300] "GET /cormun/servlet/solicitudot?INS,0,0, HTTP/1.1" 200 12793
200.112.3.156 - - [31/Aug/2017:12:10:59 -0300] "GET /cormun/servlet/trautorizarsolicitud? HTTP/1.1" 200 7035
200.112.3.156 - - [31/Aug/2017:12:11:00 -0300] "GET /cormun/static/gxcfg.js?20174261241362 HTTP/1.1" 200 953
200.112.3.156 - - [31/Aug/2017:12:11:00 -0300] "GET /cormun/static/trautorizarsolicitud.js?201742612414370 HTTP/1.1" 200 53910
200.112.3.156 - - [31/Aug/2017:12:11:00 -0300] "GET /cormun/static/Resources/Spanish/PXTools.css?11294912 HTTP/1.1" 200 89042
200.112.3.156 - - [31/Aug/2017:12:11:00 -0300] "GET /cormun/servlet/trautorizarsolicitud? HTTP/1.1" 200 7029
200.112.3.156 - - [31/Aug/2017:12:11:09 -0300] "POST /cormun/servlet/trautorizarsolicitud?c058e09bd8c8062ab2c39d1fd8366067,,gx-no-cache=1504192306574 HTTP/1.1" 200 4175
192.168.10.96 - - [31/Aug/2017:12:11:13 -0300] "GET /cormun/servlet/trsolicitudot? HTTP/1.1" 200 11285
192.168.10.96 - - [31/Aug/2017:12:11:14 -0300] "GET /cormun/servlet/trsolicitudot? HTTP/1.1" 200 11278
200.112.3.156 - - [31/Aug/2017:12:11:14 -0300] "GET /cormun/servlet/trsolicitudot? HTTP/1.1" 200 11266
200.112.3.156 - - [31/Aug/2017:12:11:14 -0300] "GET /cormun/static/gxcfg.js?20177612135780 HTTP/1.1" 304 -
200.112.3.156 - - [31/Aug/2017:12:11:15 -0300] "GET /cormun/servlet/trsolicitudot? HTTP/1.1" 200 11265
200.112.3.156 - - [31/Aug/2017:12:11:28 -0300] "POST /cormun/servlet/trsolicitudot?c058e09bd8c8062ab2c39d1fd8366067,,gx-no-cache=1504192324966 HTTP/1.1" 200 105
200.112.3.156 - - [31/Aug/2017:12:11:28 -0300] "GET /cormun/servlet/solicitudot?UPD,2017,7325, HTTP/1.1" 200 14488
200.112.3.156 - - [31/Aug/2017:12:11:29 -0300] "GET /cormun/servlet/solicitudot?UPD,2017,7325, HTTP/1.1" 200 14498
200.112.3.156 - - [31/Aug/2017:12:11:29 -0300] "POST /cormun/servlet/solicitudot?gx-no-cache=1504192326802 HTTP/1.1" 200 3187
200.112.3.156 - - [31/Aug/2017:12:11:30 -0300] "POST /cormun/servlet/solicitudot?c058e09bd8c8062ab2c39d1fd8366067,UPD,2017,7325,,gx-no-cache=1504192327421 HTTP/1.1" 200 10908
200.112.3.156 - - [31/Aug/2017:12:11:30 -0300] "GET /cormun/servlet/solicitudot?bb7f3880ec33b4fb5468aef9fcb608c5906c772dd8248c7dea85b9b0342092a1e2402151d034487176235749b7ca00db,gx-no-cache=1504192328117 HTTP/1.1" 200 30
200.112.3.156 - - [31/Aug/2017:12:11:30 -0300] "POST /cormun/servlet/solicitudot?gx-no-cache=1504192328240 HTTP/1.1" 200 240
200.112.3.156 - - [31/Aug/2017:12:11:31 -0300] "GET /cormun/servlet/solicitudot?bb7f3880ec33b4fb5468aef9fcb608c50aff6d0931e1366c42499ca59899487478b60078cb7130c8af012f5e63b368dd5a88ad2cb951ca1631f1bcfb0b4f739d291edf409c596d49fee9e1e1adbe604e5d1acb04991dc8526f939c7e331e247695f40d6a88ed5f251b865fa447f1add569d8782dee8179a78261076a133817229e35218314dbfe6ebcefbc1b69a9acd4839c722fb9aa0720e6a618f67c18800c7e3a0163fa22b6c797616fd43c454c4072cb3bc9467741db631a87bcdd4986abb114106151880419360bcd1693b919b7d72f3335fde6f800df8f550ca3c635c02151ce3b2e48fb8d045e3ecda7ddb6210d5bac24dae26f60d66bc8682aa41188124c5c2760dc9e6b0b6564d3c3b9bc025d4b4a4470a34b8bd3eb7bb08a1785e363746d0149a129a121e2d34331027f42251ae66ec6e946ac4f54e0e7c1e2f3bfc99e03eb5357ef1d7bc71d88bce52e8b749f9fbe4db47652ba330c8b26cf3925cdbacf884131e22ceda9534f2a939c6e3c50bd91f5369a652838bbe5f131b531,gx-no-cache=1504192328398 HTTP/1.1" 200 30
200.112.3.156 - - [31/Aug/2017:12:11:31 -0300] "POST /cormun/servlet/solicitudot?gx-no-cache=1504192328476 HTTP/1.1" 200 30
200.112.3.156 - - [31/Aug/2017:12:11:31 -0300] "POST /cormun/servlet/solicitudot?gx-no-cache=1504192328560 HTTP/1.1" 200 1355
200.112.3.156 - - [31/Aug/2017:12:11:31 -0300] "POST /cormun/servlet/solicitudot?gx-no-cache=1504192328858 HTTP/1.1" 200 41
186.79.26.230 - - [31/Aug/2017:12:11:41 -0300] "GET /cormun/servlet/hlogin HTTP/1.1" 200 1722
186.79.26.230 - - [31/Aug/2017:12:11:41 -0300] "GET /cormun/servlet/hlogin HTTP/1.1" 200 1729
190.45.55.254 - - [31/Aug/2017:12:11:41 -0300] "GET /cormun/servlet/licenciaspermisos?bda39cd741c643c7aab2808338a54244bdfa55bf973fa12d37915a03fa2d66bdf2e48625d55a78382b453fd74fb787b98c877cda2b439ebc77a2e6d36284c5faf0e4ab9fe32f3297410cc644face4f27399663137376dbac0377252fc4c94c9b3e98485c7aede25770fb385ab7307076f46cbe31842cc1c065be17a559d1f2ceef4213ca61c9568c76b7891313f407a126c8b5016e7afca2bdf09e544a46bacf178ce8c92219e5d728505921103be836,gx-no-cache=1504192342022 HTTP/1.1" 200 30
190.45.55.254 - - [31/Aug/2017:12:11:41 -0300] "POST /cormun/servlet/licenciaspermisos?68c4ed0b8d02ca32797172ee9bf552bf,INS,0,,,,gx-no-cache=1504192342115 HTTP/1.1" 200 4858
190.45.55.254 - - [31/Aug/2017:12:11:46 -0300] "GET /cormun/servlet/licenciaspermisos?bda39cd741c643c7aab2808338a542446056e2e49ba5b295bbcb18586e068736b4afa539f6347ba624da9be302adf75177a0438cf40e47034e0e8dcb1b4055016c424963bcf633f6c78d293635b959d97e7f51965a0efdedc2071301ee2634668026f5356eb2d87353c7cb406209a780ca3a8ed353986bb1d0fffe15874aada52514704414afe7354148599fa5637e55f3358e8d7e94f6132d65c82349538c3fbbea7b549f2716de927a2d17582b2d640921b3b6e68274396c693ddb7599f3c6bc0d371c9f5de1ee49d9f3f4661c247adb6b265541f629ad7e7f3eed33e53e75,gx-no-cache=1504192346791 HTTP/1.1" 200 108
190.45.55.254 - - [31/Aug/2017:12:11:46 -0300] "GET /cormun/static/Shared/jqueryui/images/ui-bg_highlight-soft_100_c6c2c8_1x100.png HTTP/1.1" 404 1117
190.45.55.254 - - [31/Aug/2017:12:11:46 -0300] "GET /cormun/static/Shared/jqueryui/images/ui-icons_82798d_256x240.png HTTP/1.1" 404 1089
190.45.55.254 - - [31/Aug/2017:12:11:46 -0300] "GET /cormun/static/Shared/jqueryui/images/ui-bg_flat_55_994d53_40x100.png HTTP/1.1" 404 1097
190.45.55.254 - - [31/Aug/2017:12:11:46 -0300] "GET /cormun/static/Shared/jqueryui/images/ui-icons_ebccce_256x240.png HTTP/1.1" 404 1089
190.45.55.254 - - [31/Aug/2017:12:11:46 -0300] "POST /cormun/servlet/licenciaspermisos?68c4ed0b8d02ca32797172ee9bf552bf,INS,0,,,,gx-no-cache=1504192346915 HTTP/1.1" 200 4956
190.45.55.254 - - [31/Aug/2017:12:11:49 -0300] "GET /cormun/servlet/licenciaspermisos?bda39cd741c643c7aab2808338a54244bdfa55bf973fa12d37915a03fa2d66bdfef73b07dbe659c51aeb26c35b7b94f98c877cda2b439ebc77a2e6d36284c5faf0e4ab9fe32f3297410cc644face4f27399663137376dbac0377252fc4c94c9be737d33a22cc1ad02631a0cf366f1837f46cbe31842cc1c065be17a559d1f2ce15a4386eec09fdb4bc622ea38deeca8ccf931b253a319362c7d17bd21a8fb1a2481617fa2f9037b6fb74f426dd17bab769bfc0fdac0b5eab26745f5a28cbddb444bdfcd9be3de4423145718ac9a912246c86652fd86d84ac095d755f2c78645b,gx-no-cache=1504192350207 HTTP/1.1" 200 30
190.45.55.254 - - [31/Aug/2017:12:11:50 -0300] "POST /cormun/servlet/licenciaspermisos?68c4ed0b8d02ca32797172ee9bf552bf,INS,0,,,,gx-no-cache=1504192350278 HTTP/1.1" 200 4861
190.45.55.254 - - [31/Aug/2017:12:11:55 -0300] "GET /cormun/servlet/licenciaspermisos?bda39cd741c643c7aab2808338a542446056e2e49ba5b295bbcb18586e068736124637ff652f992412691ac82e477fee77a0438cf40e47034e0e8dcb1b4055016c424963bcf633f6c78d293635b959d97e7f51965a0efdedc2071301ee2634668026f5356eb2d87353c7cb406209a780ca3a8ed353986bb1d0fffe15874aada52514704414afe7354148599fa5637e55f3358e8d7e94f6132d65c82349538c3fbbea7b549f2716de927a2d17582b2d640921b3b6e68274396c693ddb7599f3c6bc0d371c9f5de1ee49d9f3f4661c247adb6b265541f629ad7e7f3eed33e53e75,gx-no-cache=1504192355867 HTTP/1.1" 200 29
190.45.55.254 - - [31/Aug/2017:12:11:55 -0300] "POST /cormun/servlet/licenciaspermisos?68c4ed0b8d02ca32797172ee9bf552bf,INS,0,,,,gx-no-cache=1504192355926 HTTP/1.1" 200 93
190.45.55.254 - - [31/Aug/2017:12:11:55 -0300] "GET /cormun/servlet/hpexe_return? HTTP/1.1" 200 1011
190.45.55.254 - - [31/Aug/2017:12:11:56 -0300] "GET /cormun/servlet/trlicencias HTTP/1.1" 200 11949
190.45.55.254 - - [31/Aug/2017:12:11:56 -0300] "GET /cormun/servlet/trlicencias HTTP/1.1" 200 11945
186.79.26.230 - - [31/Aug/2017:12:11:56 -0300] "POST /cormun/servlet/hlogin?22a5d6eedc8ba32e6490ff0ae637a60a,gx-no-cache=1504192354133 HTTP/1.1" 200 90
186.79.26.230 - - [31/Aug/2017:12:11:57 -0300] "GET /cormun/servlet/hpexe_link HTTP/1.1" 200 948
186.79.26.230 - - [31/Aug/2017:12:11:57 -0300] "GET /cormun/servlet/hhome HTTP/1.1" 200 4110
186.79.26.230 - - [31/Aug/2017:12:11:58 -0300] "GET /cormun/servlet/hhome HTTP/1.1" 200 4107
190.45.55.254 - - [31/Aug/2017:12:12:01 -0300] "GET /cormun/servlet/trlicenciaspermisosadjuntos?7463753,20170831000000,L, HTTP/1.1" 200 6532
190.45.55.254 - - [31/Aug/2017:12:12:02 -0300] "GET /cormun/static/gxcfg.js?20177612163414 HTTP/1.1" 200 953
190.45.55.254 - - [31/Aug/2017:12:12:02 -0300] "GET /cormun/static/trlicenciaspermisosadjuntos.js?20177612163719 HTTP/1.1" 304 -
190.45.55.254 - - [31/Aug/2017:12:12:02 -0300] "GET /cormun/servlet/trlicenciaspermisosadjuntos?7463753,20170831000000,L, HTTP/1.1" 200 6533
200.112.3.156 - - [31/Aug/2017:12:12:03 -0300] "GET /cormun/servlet/trsolicitudot? HTTP/1.1" 200 11264
200.112.3.156 - - [31/Aug/2017:12:12:04 -0300] "GET /cormun/servlet/trsolicitudot? HTTP/1.1" 200 11263
190.45.55.254 - - [31/Aug/2017:12:12:20 -0300] "GET /cormun/servlet/licenciaspermisosadjuntos?INS,7463753,L,20170831000000,, HTTP/1.1" 200 5827
190.45.55.254 - - [31/Aug/2017:12:12:20 -0300] "GET /cormun/static/gxcfg.js?2017761263592 HTTP/1.1" 200 953
190.45.55.254 - - [31/Aug/2017:12:12:20 -0300] "GET /cormun/static/licenciaspermisosadjuntos.js?201776126362 HTTP/1.1" 304 -
190.45.55.254 - - [31/Aug/2017:12:12:20 -0300] "GET /cormun/static/about:blank HTTP/1.1" 404 1011
190.45.55.254 - - [31/Aug/2017:12:12:20 -0300] "GET /cormun/servlet/licenciaspermisosadjuntos?INS,7463753,L,20170831000000,, HTTP/1.1" 200 5817
200.112.3.156 - - [31/Aug/2017:12:12:23 -0300] "POST /cormun/servlet/trsolicitudot?c058e09bd8c8062ab2c39d1fd8366067,,gx-no-cache=1504192379147 HTTP/1.1" 200 106
200.112.3.156 - - [31/Aug/2017:12:12:23 -0300] "GET /cormun/servlet/trsolicitudadjuntos?2017,7325, HTTP/1.1" 200 6195
200.112.3.156 - - [31/Aug/2017:12:12:24 -0300] "GET /cormun/static/gxcfg.js?20177612135366 HTTP/1.1" 200 953
200.112.3.156 - - [31/Aug/2017:12:12:24 -0300] "GET /cormun/static/trsolicitudadjuntos.js?20177612135632 HTTP/1.1" 200 17922
200.112.3.156 - - [31/Aug/2017:12:12:25 -0300] "GET /cormun/servlet/trsolicitudadjuntos?2017,7325, HTTP/1.1" 200 6195
200.112.3.156 - - [31/Aug/2017:12:12:31 -0300] "GET /cormun/servlet/solicitudotadjuntos?INS,2017,7325,,1, HTTP/1.1" 200 6142
200.112.3.156 - - [31/Aug/2017:12:12:31 -0300] "GET /cormun/static/gxcfg.js?2017761244068 HTTP/1.1" 200 953
200.112.3.156 - - [31/Aug/2017:12:12:31 -0300] "GET /cormun/static/solicitudotadjuntos.js?2017761244086 HTTP/1.1" 200 11771
200.112.3.156 - - [31/Aug/2017:12:12:31 -0300] "GET /cormun/static/about:blank HTTP/1.1" 404 1011
200.112.3.156 - - [31/Aug/2017:12:12:31 -0300] "GET /cormun/servlet/solicitudotadjuntos?INS,2017,7325,,1, HTTP/1.1" 200 6136
200.112.3.156 - - [31/Aug/2017:12:12:32 -0300] "GET /cormun/servlet/solicitudotadjuntos?bb7f3880ec33b4fb5468aef9fcb608c52a8cd7d027c7793d502306ea7e2a4d4c7db528eb1704a4d9092dea472a603fba,gx-no-cache=1504192389735 HTTP/1.1" 200 30
200.112.3.156 - - [31/Aug/2017:12:12:32 -0300] "POST /cormun/servlet/solicitudotadjuntos?c058e09bd8c8062ab2c39d1fd8366067,INS,2017,7325,,1,,gx-no-cache=1504192389799 HTTP/1.1" 200 3903
200.112.3.156 - - [31/Aug/2017:12:12:34 -0300] "POST /cormun/servlet/solicitudotadjuntos?gx-no-cache=1504192392153 HTTP/1.1" 200 26
200.112.3.156 - - [31/Aug/2017:12:12:41 -0300] "GET /cormun/servlet/solicitudotadjuntos?bb7f3880ec33b4fb5468aef9fcb608c56bfac8e0fd8a5bef79fd5fa8b7a25945,gx-no-cache=1504192399057 HTTP/1.1" 200 30
200.112.3.156 - - [31/Aug/2017:12:12:41 -0300] "GET /cormun/servlet/solicitudotadjuntos?bb7f3880ec33b4fb5468aef9fcb608c56bfac8e0fd8a5bef79fd5fa8b7a25945,gx-no-cache=1504192399181 HTTP/1.1" 200 30
200.112.3.156 - - [31/Aug/2017:12:12:42 -0300] "POST /cormun/servlet/solicitudotadjuntos?c058e09bd8c8062ab2c39d1fd8366067,INS,2017,7325,,1, HTTP/1.1" 200 6206
200.112.3.156 - - [31/Aug/2017:12:12:43 -0300] "GET /cormun/static/Shared/jqueryui/images/ui-bg_highlight-soft_100_c6c2c8_1x100.png HTTP/1.1" 404 1117
186.79.26.230 - - [31/Aug/2017:12:12:43 -0300] "GET /cormun/servlet/trautorizarsolicitud? HTTP/1.1" 200 9558
200.112.3.156 - - [31/Aug/2017:12:12:43 -0300] "GET /cormun/static/Shared/jqueryui/images/ui-icons_82798d_256x240.png HTTP/1.1" 404 1089
200.112.3.156 - - [31/Aug/2017:12:12:43 -0300] "GET /cormun/static/Shared/jqueryui/images/ui-bg_flat_55_994d53_40x100.png HTTP/1.1" 404 1097
200.112.3.156 - - [31/Aug/2017:12:12:43 -0300] "GET /cormun/static/Shared/jqueryui/images/ui-icons_ebccce_256x240.png HTTP/1.1" 404 1089
200.112.3.156 - - [31/Aug/2017:12:12:44 -0300] "GET /cormun/PrivateTempStorage/upload_00000463.tif HTTP/1.1" 200 24576
186.79.26.230 - - [31/Aug/2017:12:12:44 -0300] "GET /cormun/servlet/trautorizarsolicitud? HTTP/1.1" 200 9557
190.45.55.254 - - [31/Aug/2017:12:12:46 -0300] "POST /cormun/servlet/licenciaspermisosadjuntos?68c4ed0b8d02ca32797172ee9bf552bf,INS,7463753,L,20170831000000,, HTTP/1.1" 200 116
190.45.55.254 - - [31/Aug/2017:12:12:46 -0300] "GET /cormun/servlet/hpexe_return? HTTP/1.1" 200 1042
190.45.55.254 - - [31/Aug/2017:12:12:47 -0300] "GET /cormun/servlet/trlicenciaspermisosadjuntos?7463753,20170831000000,L, HTTP/1.1" 200 7049
190.45.55.254 - - [31/Aug/2017:12:12:47 -0300] "GET /cormun/servlet/trlicenciaspermisosadjuntos?7463753,20170831000000,L, HTTP/1.1" 200 7045
186.79.26.230 - - [31/Aug/2017:12:13:19 -0300] "POST /cormun/servlet/trautorizarsolicitud?22a5d6eedc8ba32e6490ff0ae637a60a,,gx-no-cache=1504192435660 HTTP/1.1" 200 6323
186.79.26.230 - - [31/Aug/2017:12:13:19 -0300] "GET /cormun/static/Shared/jqueryui/images/ui-bg_highlight-soft_100_c6c2c8_1x100.png HTTP/1.1" 404 1117
186.79.26.230 - - [31/Aug/2017:12:13:19 -0300] "GET /cormun/static/Shared/jqueryui/images/ui-icons_82798d_256x240.png HTTP/1.1" 404 1089
186.79.26.230 - - [31/Aug/2017:12:13:19 -0300] "GET /cormun/static/Shared/jqueryui/images/ui-bg_flat_55_fafafa_40x100.png HTTP/1.1" 404 1097
186.79.26.230 - - [31/Aug/2017:12:13:19 -0300] "GET /cormun/static/Shared/jqueryui/images/ui-icons_8d78a5_256x240.png HTTP/1.1" 404 1089
186.79.26.230 - - [31/Aug/2017:12:13:19 -0300] "POST /cormun/servlet/trautorizarsolicitud?22a5d6eedc8ba32e6490ff0ae637a60a,,gx-no-cache=1504192436613 HTTP/1.1" 200 6269
190.45.55.254 - - [31/Aug/2017:12:13:23 -0300] "POST /cormun/servlet/trlicenciaspermisosadjuntos?68c4ed0b8d02ca32797172ee9bf552bf,7463753,20170831000000,L,,gx-no-cache=1504192443424 HTTP/1.1" 200 90
190.45.55.254 - - [31/Aug/2017:12:13:23 -0300] "GET /cormun/servlet/hpexe_link HTTP/1.1" 200 983
190.45.55.254 - - [31/Aug/2017:12:13:23 -0300] "GET /cormun/servlet/trlicencias HTTP/1.1" 200 11947
190.45.55.254 - - [31/Aug/2017:12:13:24 -0300] "GET /cormun/servlet/trlicencias HTTP/1.1" 200 11945
190.45.55.254 - - [31/Aug/2017:12:13:29 -0300] "GET /cormun/servlet/alicenciaprn?7463753,L,20170831000000,PU HTTP/1.1" 200 1532
186.79.26.230 - - [31/Aug/2017:12:13:48 -0300] "POST /cormun/servlet/trautorizarsolicitud?22a5d6eedc8ba32e6490ff0ae637a60a,,gx-no-cache=1504192465511 HTTP/1.1" 200 5899
186.79.26.230 - - [31/Aug/2017:12:13:49 -0300] "POST /cormun/servlet/trautorizarsolicitud?22a5d6eedc8ba32e6490ff0ae637a60a,,gx-no-cache=1504192466418 HTTP/1.1" 200 5844
190.45.55.254 - - [31/Aug/2017:12:14:38 -0300] "GET /cormun/servlet/licenciaspermisos?INS,0,,, HTTP/1.1" 200 7710
190.45.55.254 - - [31/Aug/2017:12:14:39 -0300] "GET /cormun/servlet/licenciaspermisos?INS,0,,, HTTP/1.1" 200 7718
200.112.3.156 - - [31/Aug/2017:12:15:16 -0300] "GET /cormun/servlet/solicitudotadjuntos?bb7f3880ec33b4fb5468aef9fcb608c59e4def04367d5c11bd609750108abbaea0920cdb7ef235bfcb6a99d146246ce3,gx-no-cache=1504192553264 HTTP/1.1" 200 30
200.112.3.156 - - [31/Aug/2017:12:15:16 -0300] "GET /cormun/servlet/solicitudotadjuntos?bb7f3880ec33b4fb5468aef9fcb608c59e4def04367d5c11bd609750108abbaea0920cdb7ef235bfcb6a99d146246ce3,gx-no-cache=1504192553421 HTTP/1.1" 200 30
200.112.3.156 - - [31/Aug/2017:12:15:19 -0300] "POST /cormun/servlet/solicitudotadjuntos?c058e09bd8c8062ab2c39d1fd8366067,INS,2017,7325,,1, HTTP/1.1" 200 116
200.112.3.156 - - [31/Aug/2017:12:15:19 -0300] "GET /cormun/servlet/hpexe_return? HTTP/1.1" 200 1021
200.112.3.156 - - [31/Aug/2017:12:15:19 -0300] "GET /cormun/static/gxcfg.js?2016101716175148 HTTP/1.1" 200 953
200.112.3.156 - - [31/Aug/2017:12:15:19 -0300] "GET /cormun/static/hpexe_return.js?2016101716175153 HTTP/1.1" 200 1633
200.112.3.156 - - [31/Aug/2017:12:15:20 -0300] "GET /cormun/static/Resources/Spanish/PXTools.css?167811 HTTP/1.1" 200 89042
200.112.3.156 - - [31/Aug/2017:12:15:20 -0300] "GET /cormun/servlet/trsolicitudadjuntos?2017,7325, HTTP/1.1" 200 8441
200.112.3.156 - - [31/Aug/2017:12:15:20 -0300] "GET /cormun/servlet/trsolicitudadjuntos?2017,7325, HTTP/1.1" 200 8437
200.112.3.156 - - [31/Aug/2017:12:15:22 -0300] "GET /cormun/servlet/solicitudotadjuntos?INS,2017,7325,,1, HTTP/1.1" 200 6142
200.112.3.156 - - [31/Aug/2017:12:15:22 -0300] "GET /cormun/static/about:blank HTTP/1.1" 404 1011
200.112.3.156 - - [31/Aug/2017:12:15:23 -0300] "GET /cormun/servlet/solicitudotadjuntos?INS,2017,7325,,1, HTTP/1.1" 200 6136
200.112.3.156 - - [31/Aug/2017:12:15:23 -0300] "GET /cormun/servlet/solicitudotadjuntos?bb7f3880ec33b4fb5468aef9fcb608c52a8cd7d027c7793d502306ea7e2a4d4c7db528eb1704a4d9092dea472a603fba,gx-no-cache=1504192560819 HTTP/1.1" 200 30
200.112.3.156 - - [31/Aug/2017:12:15:23 -0300] "POST /cormun/servlet/solicitudotadjuntos?c058e09bd8c8062ab2c39d1fd8366067,INS,2017,7325,,1,,gx-no-cache=1504192560884 HTTP/1.1" 200 3904
200.112.3.156 - - [31/Aug/2017:12:15:32 -0300] "POST /cormun/servlet/solicitudotadjuntos?gx-no-cache=1504192569384 HTTP/1.1" 200 26
200.112.3.156 - - [31/Aug/2017:12:15:37 -0300] "GET /cormun/servlet/solicitudotadjuntos?bb7f3880ec33b4fb5468aef9fcb608c56bfac8e0fd8a5bef79fd5fa8b7a25945,gx-no-cache=1504192574560 HTTP/1.1" 200 30
200.112.3.156 - - [31/Aug/2017:12:15:37 -0300] "GET /cormun/servlet/solicitudotadjuntos?bb7f3880ec33b4fb5468aef9fcb608c56bfac8e0fd8a5bef79fd5fa8b7a25945,gx-no-cache=1504192574615 HTTP/1.1" 200 30
200.112.3.156 - - [31/Aug/2017:12:15:42 -0300] "POST /cormun/servlet/solicitudotadjuntos?c058e09bd8c8062ab2c39d1fd8366067,INS,2017,7325,,1, HTTP/1.1" 200 116
200.112.3.156 - - [31/Aug/2017:12:15:42 -0300] "GET /cormun/servlet/hpexe_return? HTTP/1.1" 200 1021
200.112.3.156 - - [31/Aug/2017:12:15:42 -0300] "GET /cormun/servlet/trsolicitudadjuntos?2017,7325, HTTP/1.1" 200 8626
200.112.3.156 - - [31/Aug/2017:12:15:43 -0300] "GET /cormun/servlet/trsolicitudadjuntos?2017,7325, HTTP/1.1" 200 8623
200.112.3.156 - - [31/Aug/2017:12:15:46 -0300] "GET /cormun/servlet/solicitudotadjuntos?INS,2017,7325,,1, HTTP/1.1" 200 6141
200.112.3.156 - - [31/Aug/2017:12:15:46 -0300] "GET /cormun/static/about:blank HTTP/1.1" 404 1011
200.112.3.156 - - [31/Aug/2017:12:15:46 -0300] "GET /cormun/servlet/solicitudotadjuntos?INS,2017,7325,,1, HTTP/1.1" 200 6135
200.112.3.156 - - [31/Aug/2017:12:15:47 -0300] "GET /cormun/servlet/solicitudotadjuntos?bb7f3880ec33b4fb5468aef9fcb608c52a8cd7d027c7793d502306ea7e2a4d4c7db528eb1704a4d9092dea472a603fba,gx-no-cache=1504192584430 HTTP/1.1" 200 30
200.112.3.156 - - [31/Aug/2017:12:15:47 -0300] "POST /cormun/servlet/solicitudotadjuntos?c058e09bd8c8062ab2c39d1fd8366067,INS,2017,7325,,1,,gx-no-cache=1504192584495 HTTP/1.1" 200 3904
200.112.3.156 - - [31/Aug/2017:12:15:53 -0300] "POST /cormun/servlet/solicitudotadjuntos?gx-no-cache=1504192591199 HTTP/1.1" 200 26
200.112.3.156 - - [31/Aug/2017:12:16:03 -0300] "GET /cormun/servlet/solicitudotadjuntos?bb7f3880ec33b4fb5468aef9fcb608c56bfac8e0fd8a5bef79fd5fa8b7a25945,gx-no-cache=1504192600496 HTTP/1.1" 200 30
200.112.3.156 - - [31/Aug/2017:12:16:03 -0300] "GET /cormun/servlet/solicitudotadjuntos?bb7f3880ec33b4fb5468aef9fcb608c56bfac8e0fd8a5bef79fd5fa8b7a25945,gx-no-cache=1504192600560 HTTP/1.1" 200 30
200.112.3.156 - - [31/Aug/2017:12:16:11 -0300] "POST /cormun/servlet/solicitudotadjuntos?c058e09bd8c8062ab2c39d1fd8366067,INS,2017,7325,,1, HTTP/1.1" 200 116
200.112.3.156 - - [31/Aug/2017:12:16:11 -0300] "GET /cormun/servlet/hpexe_return? HTTP/1.1" 200 1021
200.112.3.156 - - [31/Aug/2017:12:16:11 -0300] "GET /cormun/servlet/trsolicitudadjuntos?2017,7325, HTTP/1.1" 200 8785
200.112.3.156 - - [31/Aug/2017:12:16:12 -0300] "GET /cormun/servlet/trsolicitudadjuntos?2017,7325, HTTP/1.1" 200 8782
200.112.3.156 - - [31/Aug/2017:12:16:13 -0300] "GET /cormun/servlet/solicitudotadjuntos?INS,2017,7325,,1, HTTP/1.1" 200 6141
200.112.3.156 - - [31/Aug/2017:12:16:14 -0300] "GET /cormun/static/about:blank HTTP/1.1" 404 1011
200.112.3.156 - - [31/Aug/2017:12:16:14 -0300] "GET /cormun/servlet/solicitudotadjuntos?INS,2017,7325,,1, HTTP/1.1" 200 6135
200.112.3.156 - - [31/Aug/2017:12:16:14 -0300] "GET /cormun/servlet/solicitudotadjuntos?bb7f3880ec33b4fb5468aef9fcb608c52a8cd7d027c7793d502306ea7e2a4d4c7db528eb1704a4d9092dea472a603fba,gx-no-cache=1504192612020 HTTP/1.1" 200 30
200.112.3.156 - - [31/Aug/2017:12:16:14 -0300] "POST /cormun/servlet/solicitudotadjuntos?c058e09bd8c8062ab2c39d1fd8366067,INS,2017,7325,,1,,gx-no-cache=1504192612084 HTTP/1.1" 200 3904
200.112.3.156 - - [31/Aug/2017:12:16:17 -0300] "POST /cormun/servlet/solicitudotadjuntos?gx-no-cache=1504192614375 HTTP/1.1" 200 26
200.112.3.156 - - [31/Aug/2017:12:16:21 -0300] "GET /cormun/servlet/solicitudotadjuntos?bb7f3880ec33b4fb5468aef9fcb608c56bfac8e0fd8a5bef79fd5fa8b7a25945,gx-no-cache=1504192618744 HTTP/1.1" 200 30
200.112.3.156 - - [31/Aug/2017:12:16:21 -0300] "GET /cormun/servlet/solicitudotadjuntos?bb7f3880ec33b4fb5468aef9fcb608c56bfac8e0fd8a5bef79fd5fa8b7a25945,gx-no-cache=1504192618799 HTTP/1.1" 200 30
200.112.3.156 - - [31/Aug/2017:12:16:25 -0300] "POST /cormun/servlet/solicitudotadjuntos?c058e09bd8c8062ab2c39d1fd8366067,INS,2017,7325,,1, HTTP/1.1" 200 116
200.112.3.156 - - [31/Aug/2017:12:16:25 -0300] "GET /cormun/servlet/hpexe_return? HTTP/1.1" 200 1021
200.112.3.156 - - [31/Aug/2017:12:16:25 -0300] "GET /cormun/servlet/trsolicitudadjuntos?2017,7325, HTTP/1.1" 200 8933
200.112.3.156 - - [31/Aug/2017:12:16:26 -0300] "GET /cormun/servlet/trsolicitudadjuntos?2017,7325, HTTP/1.1" 200 8932
200.112.3.156 - - [31/Aug/2017:12:16:28 -0300] "GET /cormun/servlet/solicitudotadjuntos?INS,2017,7325,,1, HTTP/1.1" 200 6141
200.112.3.156 - - [31/Aug/2017:12:16:28 -0300] "GET /cormun/static/about:blank HTTP/1.1" 404 1011
200.112.3.156 - - [31/Aug/2017:12:16:28 -0300] "GET /cormun/servlet/solicitudotadjuntos?INS,2017,7325,,1, HTTP/1.1" 200 6135
200.112.3.156 - - [31/Aug/2017:12:16:29 -0300] "GET /cormun/servlet/solicitudotadjuntos?bb7f3880ec33b4fb5468aef9fcb608c52a8cd7d027c7793d502306ea7e2a4d4c7db528eb1704a4d9092dea472a603fba,gx-no-cache=1504192626572 HTTP/1.1" 200 30
200.112.3.156 - - [31/Aug/2017:12:16:29 -0300] "POST /cormun/servlet/solicitudotadjuntos?c058e09bd8c8062ab2c39d1fd8366067,INS,2017,7325,,1,,gx-no-cache=1504192626633 HTTP/1.1" 200 3904
200.112.3.156 - - [31/Aug/2017:12:16:31 -0300] "POST /cormun/servlet/solicitudotadjuntos?gx-no-cache=1504192628839 HTTP/1.1" 200 26
200.112.3.156 - - [31/Aug/2017:12:16:38 -0300] "GET /cormun/servlet/solicitudotadjuntos?bb7f3880ec33b4fb5468aef9fcb608c56bfac8e0fd8a5bef79fd5fa8b7a25945,gx-no-cache=1504192635367 HTTP/1.1" 200 30
200.112.3.156 - - [31/Aug/2017:12:16:38 -0300] "GET /cormun/servlet/solicitudotadjuntos?bb7f3880ec33b4fb5468aef9fcb608c56bfac8e0fd8a5bef79fd5fa8b7a25945,gx-no-cache=1504192635423 HTTP/1.1" 200 30
200.112.3.156 - - [31/Aug/2017:12:16:43 -0300] "POST /cormun/servlet/solicitudotadjuntos?c058e09bd8c8062ab2c39d1fd8366067,INS,2017,7325,,1, HTTP/1.1" 200 116
200.112.3.156 - - [31/Aug/2017:12:16:43 -0300] "GET /cormun/servlet/hpexe_return? HTTP/1.1" 200 1021
200.112.3.156 - - [31/Aug/2017:12:16:43 -0300] "GET /cormun/servlet/trsolicitudadjuntos?2017,7325, HTTP/1.1" 200 9109
200.112.3.156 - - [31/Aug/2017:12:16:44 -0300] "GET /cormun/servlet/trsolicitudadjuntos?2017,7325, HTTP/1.1" 200 9109
200.112.3.156 - - [31/Aug/2017:12:16:46 -0300] "GET /cormun/servlet/solicitudotadjuntos?INS,2017,7325,,1, HTTP/1.1" 200 6142
200.112.3.156 - - [31/Aug/2017:12:16:46 -0300] "GET /cormun/static/about:blank HTTP/1.1" 404 1011
200.112.3.156 - - [31/Aug/2017:12:16:46 -0300] "GET /cormun/servlet/solicitudotadjuntos?INS,2017,7325,,1, HTTP/1.1" 200 6136
200.112.3.156 - - [31/Aug/2017:12:16:47 -0300] "GET /cormun/servlet/solicitudotadjuntos?bb7f3880ec33b4fb5468aef9fcb608c52a8cd7d027c7793d502306ea7e2a4d4c7db528eb1704a4d9092dea472a603fba,gx-no-cache=1504192644484 HTTP/1.1" 200 30
200.112.3.156 - - [31/Aug/2017:12:16:47 -0300] "POST /cormun/servlet/solicitudotadjuntos?c058e09bd8c8062ab2c39d1fd8366067,INS,2017,7325,,1,,gx-no-cache=1504192644581 HTTP/1.1" 200 3905
200.112.3.156 - - [31/Aug/2017:12:16:49 -0300] "POST /cormun/servlet/solicitudotadjuntos?gx-no-cache=1504192646575 HTTP/1.1" 200 26
200.112.3.156 - - [31/Aug/2017:12:16:57 -0300] "GET /cormun/servlet/solicitudotadjuntos?bb7f3880ec33b4fb5468aef9fcb608c56bfac8e0fd8a5bef79fd5fa8b7a25945,gx-no-cache=1504192654655 HTTP/1.1" 200 30
200.112.3.156 - - [31/Aug/2017:12:16:57 -0300] "GET /cormun/servlet/solicitudotadjuntos?bb7f3880ec33b4fb5468aef9fcb608c56bfac8e0fd8a5bef79fd5fa8b7a25945,gx-no-cache=1504192654712 HTTP/1.1" 200 30
186.67.172.234 - - [31/Aug/2017:12:17:00 -0300] "GET /cormun/servlet/hlogin HTTP/1.1" 200 1721
200.112.3.156 - - [31/Aug/2017:12:17:05 -0300] "POST /cormun/servlet/solicitudotadjuntos?c058e09bd8c8062ab2c39d1fd8366067,INS,2017,7325,,1, HTTP/1.1" 200 116
200.112.3.156 - - [31/Aug/2017:12:17:05 -0300] "GET /cormun/servlet/hpexe_return? HTTP/1.1" 200 1021
200.112.3.156 - - [31/Aug/2017:12:17:05 -0300] "GET /cormun/servlet/trsolicitudadjuntos?2017,7325, HTTP/1.1" 200 9320
200.112.3.156 - - [31/Aug/2017:12:17:06 -0300] "GET /cormun/servlet/trsolicitudadjuntos?2017,7325, HTTP/1.1" 200 9320
200.112.3.156 - - [31/Aug/2017:12:17:09 -0300] "GET /cormun/servlet/solicitudotadjuntos?INS,2017,7325,,2, HTTP/1.1" 200 6140
200.112.3.156 - - [31/Aug/2017:12:17:09 -0300] "GET /cormun/static/about:blank HTTP/1.1" 404 1011
200.112.3.156 - - [31/Aug/2017:12:17:10 -0300] "GET /cormun/servlet/solicitudotadjuntos?INS,2017,7325,,2, HTTP/1.1" 200 6134
200.112.3.156 - - [31/Aug/2017:12:17:10 -0300] "GET /cormun/servlet/solicitudotadjuntos?bb7f3880ec33b4fb5468aef9fcb608c52a8cd7d027c7793d502306ea7e2a4d4c7db528eb1704a4d9092dea472a603fba,gx-no-cache=1504192667822 HTTP/1.1" 200 30
186.67.172.234 - - [31/Aug/2017:12:17:10 -0300] "POST /cormun/servlet/hlogin?a8b5c3903dc54cb938f8fbce52f90b60,gx-no-cache=1504192666534 HTTP/1.1" 200 90
186.67.172.234 - - [31/Aug/2017:12:17:10 -0300] "GET /cormun/servlet/hpexe_link HTTP/1.1" 200 949
186.67.172.234 - - [31/Aug/2017:12:17:10 -0300] "GET /cormun/servlet/hhome HTTP/1.1" 200 4108
200.112.3.156 - - [31/Aug/2017:12:17:10 -0300] "POST /cormun/servlet/solicitudotadjuntos?c058e09bd8c8062ab2c39d1fd8366067,INS,2017,7325,,2,,gx-no-cache=1504192667887 HTTP/1.1" 200 4043
186.67.172.234 - - [31/Aug/2017:12:17:11 -0300] "GET /cormun/servlet/hhome HTTP/1.1" 200 4104
186.67.172.234 - - [31/Aug/2017:12:17:15 -0300] "GET /cormun/servlet/trpermisosgoce? HTTP/1.1" 200 15390
186.67.172.234 - - [31/Aug/2017:12:17:15 -0300] "GET /cormun/static/gxcfg.js?20177612163875 HTTP/1.1" 200 953
186.67.172.234 - - [31/Aug/2017:12:17:15 -0300] "GET /cormun/static/trpermisosgoce.js?20177612164335 HTTP/1.1" 200 35904
186.67.172.234 - - [31/Aug/2017:12:17:16 -0300] "GET /cormun//static/Resources/PXToolsHeaderHelp.png HTTP/1.1" 200 4055
186.67.172.234 - - [31/Aug/2017:12:17:16 -0300] "GET /cormun//static/Resources/PXToolsHeaderFavorites.png HTTP/1.1" 200 2744
186.67.172.234 - - [31/Aug/2017:12:17:16 -0300] "GET /cormun//static/Resources/PXToolsGridDisplay.png HTTP/1.1" 200 362
186.67.172.234 - - [31/Aug/2017:12:17:16 -0300] "GET /cormun//static/Resources/PXToolsActionPrint.png HTTP/1.1" 200 3317
186.67.172.234 - - [31/Aug/2017:12:17:16 -0300] "GET /cormun//static/Resources/PXToolsActionDisabled.gif HTTP/1.1" 200 53
186.67.172.234 - - [31/Aug/2017:12:17:16 -0300] "GET /cormun/servlet/trpermisosgoce? HTTP/1.1" 200 15388
186.67.172.234 - - [31/Aug/2017:12:17:19 -0300] "GET /cormun/servlet/permisogoce?INS,0,,, HTTP/1.1" 200 6946
186.67.172.234 - - [31/Aug/2017:12:17:19 -0300] "GET /cormun/static/gxcfg.js?201776126440 HTTP/1.1" 200 953
186.67.172.234 - - [31/Aug/2017:12:17:19 -0300] "GET /cormun/static/permisogoce.js?2017761264459 HTTP/1.1" 200 27897
186.67.172.234 - - [31/Aug/2017:12:17:20 -0300] "GET /cormun/servlet/permisogoce?INS,0,,, HTTP/1.1" 200 6946
186.67.172.234 - - [31/Aug/2017:12:17:27 -0300] "GET /cormun/servlet/permisogoce?c9e634101cbb13d625dd1097d9a1ac1f8231e20e02ca025d48056e2215618027148099a519d7575fd9b9a5d571521ad1e07e4e6e44951bb6c299e90a12846b8c,gx-no-cache=1504192683023 HTTP/1.1" 200 74
186.67.172.234 - - [31/Aug/2017:12:17:27 -0300] "GET /cormun/static/menuarrow.gif HTTP/1.1" 404 1015
200.112.3.156 - - [31/Aug/2017:12:17:36 -0300] "POST /cormun/servlet/solicitudotadjuntos?c058e09bd8c8062ab2c39d1fd8366067,INS,2017,7325,,2,,gx-no-cache=1504192693121 HTTP/1.1" 200 93
200.112.3.156 - - [31/Aug/2017:12:17:36 -0300] "GET /cormun/servlet/hpexe_return? HTTP/1.1" 200 1021
200.112.3.156 - - [31/Aug/2017:12:17:36 -0300] "GET /cormun/servlet/trsolicitudadjuntos?2017,7325, HTTP/1.1" 200 9322
200.112.3.156 - - [31/Aug/2017:12:17:37 -0300] "GET /cormun/servlet/trsolicitudadjuntos?2017,7325, HTTP/1.1" 200 9319
186.67.172.234 - - [31/Aug/2017:12:17:38 -0300] "GET /cormun/servlet/permisogoce?c9e634101cbb13d625dd1097d9a1ac1f2e488e72bde257e407c6489b009cbda601796b69c52c854e9ff2408ce00de7b46b6faebad81f233d63a444868b643022,gx-no-cache=1504192694612 HTTP/1.1" 200 47
186.67.172.234 - - [31/Aug/2017:12:17:42 -0300] "POST /cormun/servlet/permisogoce?a8b5c3903dc54cb938f8fbce52f90b60,INS,0,,,,gx-no-cache=1504192698007 HTTP/1.1" 200 93
186.67.172.234 - - [31/Aug/2017:12:17:42 -0300] "GET /cormun/servlet/hpexe_return? HTTP/1.1" 200 1008
186.67.172.234 - - [31/Aug/2017:12:17:42 -0300] "GET /cormun/servlet/trpermisosgoce HTTP/1.1" 200 15661
186.67.172.234 - - [31/Aug/2017:12:17:43 -0300] "GET /cormun/servlet/trpermisosgoce HTTP/1.1" 200 15656
200.112.3.156 - - [31/Aug/2017:12:17:43 -0300] "POST /cormun/servlet/trsolicitudadjuntos?c058e09bd8c8062ab2c39d1fd8366067,2017,7325,,gx-no-cache=1504192700526 HTTP/1.1" 200 90
200.112.3.156 - - [31/Aug/2017:12:17:43 -0300] "GET /cormun/servlet/hpexe_link HTTP/1.1" 200 962
200.112.3.156 - - [31/Aug/2017:12:17:43 -0300] "GET /cormun/servlet/trsolicitudot HTTP/1.1" 200 11265
200.112.3.156 - - [31/Aug/2017:12:17:44 -0300] "GET /cormun/servlet/trsolicitudot HTTP/1.1" 200 11263
186.67.172.234 - - [31/Aug/2017:12:17:48 -0300] "GET /cormun/servlet/permisogoce?INS,0,,, HTTP/1.1" 200 6948
186.67.172.234 - - [31/Aug/2017:12:17:48 -0300] "GET /cormun/servlet/permisogoce?INS,0,,, HTTP/1.1" 200 6946
200.112.3.156 - - [31/Aug/2017:12:17:55 -0300] "GET /cormun/servlet/trautorizarsolicitud? HTTP/1.1" 200 7030
200.112.3.156 - - [31/Aug/2017:12:17:55 -0300] "GET /cormun/servlet/trautorizarsolicitud? HTTP/1.1" 200 7029
186.67.172.234 - - [31/Aug/2017:12:17:56 -0300] "GET /cormun/servlet/permisogoce?c9e634101cbb13d625dd1097d9a1ac1f8231e20e02ca025d48056e2215618027148099a519d7575fd9b9a5d571521ad1e07e4e6e44951bb6c299e90a12846b8c,gx-no-cache=1504192712874 HTTP/1.1" 200 71
186.67.172.234 - - [31/Aug/2017:12:17:57 -0300] "GET /cormun/static/menuarrow.gif HTTP/1.1" 404 1015
200.112.3.156 - - [31/Aug/2017:12:18:01 -0300] "POST /cormun/servlet/trautorizarsolicitud?c058e09bd8c8062ab2c39d1fd8366067,,gx-no-cache=1504192717740 HTTP/1.1" 200 5525
186.67.172.234 - - [31/Aug/2017:12:18:04 -0300] "GET /cormun/servlet/permisogoce?c9e634101cbb13d625dd1097d9a1ac1f2e488e72bde257e407c6489b009cbda6e0acdef79640a182436c9ff0dde7e4ad7bfb3755cf0ca69408471fdfc952cf90,gx-no-cache=1504192720851 HTTP/1.1" 200 48
186.67.172.234 - - [31/Aug/2017:12:18:07 -0300] "POST /cormun/servlet/permisogoce?a8b5c3903dc54cb938f8fbce52f90b60,INS,0,,,,gx-no-cache=1504192723408 HTTP/1.1" 200 93
186.67.172.234 - - [31/Aug/2017:12:18:07 -0300] "GET /cormun/servlet/hpexe_return? HTTP/1.1" 200 1008
186.67.172.234 - - [31/Aug/2017:12:18:08 -0300] "GET /cormun/servlet/trpermisosgoce HTTP/1.1" 200 15838
186.67.172.234 - - [31/Aug/2017:12:18:08 -0300] "GET /cormun/servlet/trpermisosgoce HTTP/1.1" 200 15834
200.112.3.156 - - [31/Aug/2017:12:18:14 -0300] "POST /cormun/servlet/trautorizarsolicitud?c058e09bd8c8062ab2c39d1fd8366067,,gx-no-cache=1504192731068 HTTP/1.1" 200 5536
200.112.3.156 - - [31/Aug/2017:12:18:14 -0300] "GET /cormun/static/Shared/jqueryui/images/ui-bg_highlight-soft_100_c6c2c8_1x100.png HTTP/1.1" 404 1117
200.112.3.156 - - [31/Aug/2017:12:18:14 -0300] "GET /cormun/static/Shared/jqueryui/images/ui-icons_82798d_256x240.png HTTP/1.1" 404 1089
200.112.3.156 - - [31/Aug/2017:12:18:14 -0300] "GET /cormun/static/Shared/jqueryui/images/ui-bg_flat_55_fafafa_40x100.png HTTP/1.1" 404 1097
200.112.3.156 - - [31/Aug/2017:12:18:14 -0300] "GET /cormun/static/Shared/jqueryui/images/ui-icons_8d78a5_256x240.png HTTP/1.1" 404 1089
186.67.172.234 - - [31/Aug/2017:12:18:14 -0300] "GET /cormun/servlet/trpermisosadjuntos?17079231,20170831121647,P, HTTP/1.1" 200 6410
186.67.172.234 - - [31/Aug/2017:12:18:14 -0300] "GET /cormun/static/gxcfg.js?201762817193957 HTTP/1.1" 200 953
186.67.172.234 - - [31/Aug/2017:12:18:14 -0300] "GET /cormun/static/Resources/Spanish/PXTools.css?17315867 HTTP/1.1" 200 89042
186.67.172.234 - - [31/Aug/2017:12:18:14 -0300] "GET /cormun/static/trpermisosadjuntos.js?201762817194366 HTTP/1.1" 200 20158
186.67.172.234 - - [31/Aug/2017:12:18:15 -0300] "GET /cormun/servlet/trpermisosadjuntos?17079231,20170831121647,P, HTTP/1.1" 200 6410
186.67.172.234 - - [31/Aug/2017:12:18:16 -0300] "GET /cormun/servlet/permisosadjuntos?INS,17079231,P,20170831121647,, HTTP/1.1" 200 5740
186.67.172.234 - - [31/Aug/2017:12:18:16 -0300] "GET /cormun/static/gxcfg.js?201762717441171 HTTP/1.1" 200 953
186.67.172.234 - - [31/Aug/2017:12:18:16 -0300] "GET /cormun/static/permisosadjuntos.js?201762717441184 HTTP/1.1" 200 8724
186.67.172.234 - - [31/Aug/2017:12:18:16 -0300] "GET /cormun/static/about:blank HTTP/1.1" 404 1011
186.67.172.234 - - [31/Aug/2017:12:18:16 -0300] "GET /cormun/servlet/permisosadjuntos?INS,17079231,P,20170831121647,, HTTP/1.1" 200 5730
186.67.172.234 - - [31/Aug/2017:12:18:24 -0300] "POST /cormun/servlet/permisosadjuntos?a8b5c3903dc54cb938f8fbce52f90b60,INS,17079231,P,20170831121647,, HTTP/1.1" 200 116
186.67.172.234 - - [31/Aug/2017:12:18:24 -0300] "GET /cormun/servlet/hpexe_return? HTTP/1.1" 200 1037
186.67.172.234 - - [31/Aug/2017:12:18:24 -0300] "GET /cormun/servlet/trpermisosadjuntos?17079231,20170831121647,P, HTTP/1.1" 200 6900
186.67.172.234 - - [31/Aug/2017:12:18:25 -0300] "GET /cormun/servlet/trpermisosadjuntos?17079231,20170831121647,P, HTTP/1.1" 200 6896
200.112.3.156 - - [31/Aug/2017:12:18:26 -0300] "POST /cormun/servlet/trautorizarsolicitud?c058e09bd8c8062ab2c39d1fd8366067,,gx-no-cache=1504192743938 HTTP/1.1" 200 4168
186.67.172.234 - - [31/Aug/2017:12:18:27 -0300] "POST /cormun/servlet/trpermisosadjuntos?a8b5c3903dc54cb938f8fbce52f90b60,17079231,20170831121647,P,,gx-no-cache=1504192743511 HTTP/1.1" 200 90
186.67.172.234 - - [31/Aug/2017:12:18:27 -0300] "GET /cormun/servlet/hpexe_link HTTP/1.1" 200 980
186.67.172.234 - - [31/Aug/2017:12:18:27 -0300] "GET /cormun/servlet/trpermisosgoce HTTP/1.1" 200 15835
186.67.172.234 - - [31/Aug/2017:12:18:28 -0300] "GET /cormun/servlet/trpermisosgoce HTTP/1.1" 200 15834
200.112.3.156 - - [31/Aug/2017:12:18:30 -0300] "POST /cormun/servlet/trautorizarsolicitud?c058e09bd8c8062ab2c39d1fd8366067,,gx-no-cache=1504192747416 HTTP/1.1" 200 4170
200.112.3.156 - - [31/Aug/2017:12:18:33 -0300] "POST /cormun/servlet/trautorizarsolicitud?c058e09bd8c8062ab2c39d1fd8366067,,gx-no-cache=1504192750248 HTTP/1.1" 200 5523
186.67.172.234 - - [31/Aug/2017:12:18:33 -0300] "GET /cormun/servlet/trpermisosadjuntos?17079231,20170831121716,P, HTTP/1.1" 200 6409
186.67.172.234 - - [31/Aug/2017:12:18:34 -0300] "GET /cormun/servlet/trpermisosadjuntos?17079231,20170831121716,P, HTTP/1.1" 200 6408
186.67.172.234 - - [31/Aug/2017:12:18:35 -0300] "GET /cormun/servlet/permisosadjuntos?INS,17079231,P,20170831121716,, HTTP/1.1" 200 5738
186.67.172.234 - - [31/Aug/2017:12:18:35 -0300] "GET /cormun/static/about:blank HTTP/1.1" 404 1011
186.67.172.234 - - [31/Aug/2017:12:18:35 -0300] "GET /cormun/servlet/permisosadjuntos?INS,17079231,P,20170831121716,, HTTP/1.1" 200 5728
200.112.3.156 - - [31/Aug/2017:12:18:37 -0300] "POST /cormun/servlet/trautorizarsolicitud?c058e09bd8c8062ab2c39d1fd8366067,,gx-no-cache=1504192754387 HTTP/1.1" 200 5536
186.67.172.234 - - [31/Aug/2017:12:18:40 -0300] "POST /cormun/servlet/permisosadjuntos?a8b5c3903dc54cb938f8fbce52f90b60,INS,17079231,P,20170831121716,, HTTP/1.1" 200 116
186.67.172.234 - - [31/Aug/2017:12:18:40 -0300] "GET /cormun/servlet/hpexe_return? HTTP/1.1" 200 1035
186.67.172.234 - - [31/Aug/2017:12:18:40 -0300] "GET /cormun/servlet/trpermisosadjuntos?17079231,20170831121716,P, HTTP/1.1" 200 6900
186.67.172.234 - - [31/Aug/2017:12:18:41 -0300] "GET /cormun/servlet/trpermisosadjuntos?17079231,20170831121716,P, HTTP/1.1" 200 6896
200.112.3.156 - - [31/Aug/2017:12:18:41 -0300] "GET /cormun/servlet/veautorizarsolicitud?2017,7325,, HTTP/1.1" 200 8305
200.112.3.156 - - [31/Aug/2017:12:18:41 -0300] "GET /cormun/static/gxcfg.js?201742612414795 HTTP/1.1" 200 953
200.112.3.156 - - [31/Aug/2017:12:18:41 -0300] "GET /cormun/pexe_scrolldiv.js HTTP/1.1" 404 1009
200.112.3.156 - - [31/Aug/2017:12:18:41 -0300] "GET /cormun/static/veautorizarsolicitud.js?201742612414866 HTTP/1.1" 200 6140
200.112.3.156 - - [31/Aug/2017:12:18:41 -0300] "GET /cormun/static/tbautorizarsolicitud01.js?20174261238367 HTTP/1.1" 200 28481
200.112.3.156 - - [31/Aug/2017:12:18:42 -0300] "GET /cormun/servlet/veautorizarsolicitud?2017,7325,, HTTP/1.1" 200 8304
186.67.172.234 - - [31/Aug/2017:12:18:43 -0300] "POST /cormun/servlet/trpermisosadjuntos?a8b5c3903dc54cb938f8fbce52f90b60,17079231,20170831121716,P,,gx-no-cache=1504192759118 HTTP/1.1" 200 90
186.67.172.234 - - [31/Aug/2017:12:18:43 -0300] "GET /cormun/servlet/hpexe_link HTTP/1.1" 200 979
186.67.172.234 - - [31/Aug/2017:12:18:43 -0300] "GET /cormun/servlet/trpermisosgoce HTTP/1.1" 200 15835
186.67.172.234 - - [31/Aug/2017:12:18:43 -0300] "GET /cormun/servlet/trpermisosgoce HTTP/1.1" 200 15834
200.112.3.156 - - [31/Aug/2017:12:18:45 -0300] "GET /cormun/servlet/veautorizarsolicitud?2017,7325,,SolicitudOTAdjuntos HTTP/1.1" 200 10293
200.112.3.156 - - [31/Aug/2017:12:18:45 -0300] "GET /cormun/pexe_scrolldiv.js HTTP/1.1" 404 1009
200.112.3.156 - - [31/Aug/2017:12:18:45 -0300] "GET /cormun/static/tbautorizarsolicitud02.js?20177611591158 HTTP/1.1" 200 14747
200.112.3.156 - - [31/Aug/2017:12:18:45 -0300] "GET /cormun/static/gxui/gxui-all.css HTTP/1.1" 200 2179
200.112.3.156 - - [31/Aug/2017:12:18:45 -0300] "GET /cormun/static/Resources/PXToolsTabUnselectedSelected.png HTTP/1.1" 200 1444
200.112.3.156 - - [31/Aug/2017:12:18:45 -0300] "GET /cormun/static/Resources/PXToolsTabFirstUnselected.png HTTP/1.1" 200 1264
200.112.3.156 - - [31/Aug/2017:12:18:46 -0300] "GET /cormun/servlet/veautorizarsolicitud?2017,7325,,SolicitudOTAdjuntos HTTP/1.1" 200 10294
200.112.3.156 - - [31/Aug/2017:12:18:46 -0300] "POST /cormun/servlet/acontrolpreferencessavestate?None,MGALVEZ,true HTTP/1.1" 200 35
200.112.3.156 - - [31/Aug/2017:12:18:46 -0300] "GET /cormun/static/Shared/ext/resources/css/ext-all.css HTTP/1.1" 200 416045
200.112.3.156 - - [31/Aug/2017:12:18:47 -0300] "GET /cormun/servlet/veautorizarsolicitud?2017,7325,,General HTTP/1.1" 200 8309
200.112.3.156 - - [31/Aug/2017:12:18:47 -0300] "GET /cormun/pexe_scrolldiv.js HTTP/1.1" 404 1009
186.67.172.234 - - [31/Aug/2017:12:18:47 -0300] "POST /cormun/servlet/trpermisosgoce?a8b5c3903dc54cb938f8fbce52f90b60,gx-no-cache=1504192763554 HTTP/1.1" 200 12951
186.67.172.234 - - [31/Aug/2017:12:18:48 -0300] "GET /cormun/static/Shared/jqueryui/images/ui-bg_highlight-soft_100_c6c2c8_1x100.png HTTP/1.1" 404 1117
186.67.172.234 - - [31/Aug/2017:12:18:48 -0300] "GET /cormun/static/Shared/jqueryui/images/ui-icons_82798d_256x240.png HTTP/1.1" 404 1089
186.67.172.234 - - [31/Aug/2017:12:18:48 -0300] "GET /cormun/static/Shared/jqueryui/images/ui-icons_8d78a5_256x240.png HTTP/1.1" 404 1089
186.67.172.234 - - [31/Aug/2017:12:18:48 -0300] "GET /cormun/static/Shared/jqueryui/images/ui-bg_flat_55_fafafa_40x100.png HTTP/1.1" 404 1097
200.112.3.156 - - [31/Aug/2017:12:18:48 -0300] "GET /cormun/servlet/veautorizarsolicitud?2017,7325,,General HTTP/1.1" 200 8309
200.112.3.156 - - [31/Aug/2017:12:18:52 -0300] "GET /cormun/servlet/trautorizarsolicitud? HTTP/1.1" 200 8384
186.67.172.234 - - [31/Aug/2017:12:18:52 -0300] "POST /cormun/servlet/trpermisosgoce?a8b5c3903dc54cb938f8fbce52f90b60,gx-no-cache=1504192768632 HTTP/1.1" 200 12941
200.112.3.156 - - [31/Aug/2017:12:18:52 -0300] "GET /cormun/servlet/trautorizarsolicitud? HTTP/1.1" 200 8379
200.112.3.156 - - [31/Aug/2017:12:18:57 -0300] "POST /cormun/servlet/trautorizarsolicitud?c058e09bd8c8062ab2c39d1fd8366067,,gx-no-cache=1504192774728 HTTP/1.1" 200 5541
200.112.3.156 - - [31/Aug/2017:12:18:57 -0300] "GET /cormun/static/Shared/jqueryui/images/ui-bg_highlight-soft_100_c6c2c8_1x100.png HTTP/1.1" 404 1117
200.112.3.156 - - [31/Aug/2017:12:18:57 -0300] "GET /cormun/static/Shared/jqueryui/images/ui-icons_82798d_256x240.png HTTP/1.1" 404 1089
200.112.3.156 - - [31/Aug/2017:12:18:57 -0300] "GET /cormun/static/Shared/jqueryui/images/ui-bg_flat_55_fafafa_40x100.png HTTP/1.1" 404 1097
200.112.3.156 - - [31/Aug/2017:12:18:57 -0300] "GET /cormun/static/Shared/jqueryui/images/ui-icons_8d78a5_256x240.png HTTP/1.1" 404 1089
186.67.172.234 - - [31/Aug/2017:12:19:01 -0300] "GET /cormun/servlet/trpermisosadjuntos?17079231,20170831121716,P, HTTP/1.1" 200 6896
186.67.172.234 - - [31/Aug/2017:12:19:02 -0300] "GET /cormun/servlet/trpermisosadjuntos?17079231,20170831121716,P, HTTP/1.1" 200 6897
186.67.172.234 - - [31/Aug/2017:12:19:09 -0300] "POST /cormun/servlet/trpermisosadjuntos?a8b5c3903dc54cb938f8fbce52f90b60,17079231,20170831121716,P,,gx-no-cache=1504192785454 HTTP/1.1" 200 90
186.67.172.234 - - [31/Aug/2017:12:19:09 -0300] "GET /cormun/servlet/hpexe_link HTTP/1.1" 200 1000
186.67.172.234 - - [31/Aug/2017:12:19:09 -0300] "GET /cormun/servlet/trpermisosgoce?gx-no-cache=1504192768632 HTTP/1.1" 200 15782
186.67.172.234 - - [31/Aug/2017:12:19:10 -0300] "GET /cormun/servlet/trpermisosgoce?gx-no-cache=1504192768632 HTTP/1.1" 200 15801
200.112.3.156 - - [31/Aug/2017:12:19:13 -0300] "POST /cormun/servlet/trautorizarsolicitud?c058e09bd8c8062ab2c39d1fd8366067,,gx-no-cache=1504192790762 HTTP/1.1" 200 5541
186.67.172.234 - - [31/Aug/2017:12:19:17 -0300] "GET /cormun/servlet/trautorizarpermisogoce? HTTP/1.1" 200 7994
186.67.172.234 - - [31/Aug/2017:12:19:17 -0300] "GET /cormun/static/gxcfg.js?20176272062650 HTTP/1.1" 200 953
186.67.172.234 - - [31/Aug/2017:12:19:17 -0300] "GET /cormun/static/trautorizarpermisogoce.js?2017627206316 HTTP/1.1" 200 34948
186.67.172.234 - - [31/Aug/2017:12:19:18 -0300] "GET /cormun/servlet/trautorizarpermisogoce? HTTP/1.1" 200 7974
186.67.172.234 - - [31/Aug/2017:12:19:22 -0300] "POST /cormun/servlet/trautorizarpermisogoce?a8b5c3903dc54cb938f8fbce52f90b60,,gx-no-cache=1504192797943 HTTP/1.1" 200 4259
186.67.172.234 - - [31/Aug/2017:12:19:22 -0300] "GET /cormun/static/Shared/jqueryui/images/ui-bg_highlight-soft_100_c6c2c8_1x100.png HTTP/1.1" 404 1117
186.67.172.234 - - [31/Aug/2017:12:19:22 -0300] "GET /cormun/static/Shared/jqueryui/images/ui-icons_82798d_256x240.png HTTP/1.1" 404 1089
186.67.172.234 - - [31/Aug/2017:12:19:22 -0300] "GET /cormun/static/Shared/jqueryui/images/ui-bg_flat_55_fafafa_40x100.png HTTP/1.1" 404 1097
186.67.172.234 - - [31/Aug/2017:12:19:22 -0300] "GET /cormun/static/Shared/jqueryui/images/ui-icons_8d78a5_256x240.png HTTP/1.1" 404 1089
200.112.3.156 - - [31/Aug/2017:12:19:23 -0300] "GET /cormun/servlet/trsolicitudot? HTTP/1.1" 200 11264
200.112.3.156 - - [31/Aug/2017:12:19:24 -0300] "GET /cormun/servlet/trsolicitudot? HTTP/1.1" 200 11263
200.112.3.156 - - [31/Aug/2017:12:19:38 -0300] "POST /cormun/servlet/trsolicitudot?c058e09bd8c8062ab2c39d1fd8366067,,gx-no-cache=1504192815781 HTTP/1.1" 200 4352
200.112.3.156 - - [31/Aug/2017:12:19:43 -0300] "POST /cormun/servlet/trsolicitudot?c058e09bd8c8062ab2c39d1fd8366067,,gx-no-cache=1504192820368 HTTP/1.1" 200 8350
