186.103.157.235 - - [29/Aug/2017:15:43:17 -0300] "GET /cormun//static/Resources/PXToolsGridUpdate.png HTTP/1.1" 200 2984
186.103.157.235 - - [29/Aug/2017:15:43:17 -0300] "GET /cormun//static/Resources/PXToolsRemoveAllAction.png HTTP/1.1" 200 3558
186.103.157.235 - - [29/Aug/2017:15:43:17 -0300] "GET /cormun//static/Resources/PXTools/ActionInsert.png HTTP/1.1" 200 1482
186.103.157.235 - - [29/Aug/2017:15:43:17 -0300] "GET /cormun/static/SmoothNavMenu/resources/images/down.gif HTTP/1.1" 200 854
186.103.157.235 - - [29/Aug/2017:15:43:17 -0300] "GET /cormun/static/SmoothNavMenu/resources/images/right.gif HTTP/1.1" 200 860
186.103.157.235 - - [29/Aug/2017:15:43:17 -0300] "GET /cormun/servlet/trsolicitudot HTTP/1.1" 200 10083
200.112.2.149 - - [29/Aug/2017:15:43:23 -0300] "GET /cormun/static/menuarrow.gif HTTP/1.1" 404 1015
186.103.157.235 - - [29/Aug/2017:15:43:28 -0300] "GET /cormun/servlet/trlicencias? HTTP/1.1" 200 9947
186.103.157.235 - - [29/Aug/2017:15:43:28 -0300] "GET /cormun/static/gxcfg.js?20176272054169 HTTP/1.1" 200 953
186.103.157.235 - - [29/Aug/2017:15:43:28 -0300] "GET /cormun/static/trlicencias.js?20176272054837 HTTP/1.1" 200 41883
186.103.157.235 - - [29/Aug/2017:15:43:28 -0300] "GET /cormun/static/Resources/Spanish/PXTools.css?17315867 HTTP/1.1" 200 89042
186.103.157.235 - - [29/Aug/2017:15:43:29 -0300] "GET /cormun//static/Resources/PXToolsGridDisplay.png HTTP/1.1" 200 362
186.103.157.235 - - [29/Aug/2017:15:43:29 -0300] "GET /cormun//static/Resources/PXToolsHeaderFavorites.png HTTP/1.1" 200 2744
186.103.157.235 - - [29/Aug/2017:15:43:29 -0300] "GET /cormun//static/Resources/PXToolsHeaderHelp.png HTTP/1.1" 200 4055
186.103.157.235 - - [29/Aug/2017:15:43:29 -0300] "GET /cormun//static/Resources/PXToolsActionPrint.png HTTP/1.1" 200 3317
186.103.157.235 - - [29/Aug/2017:15:43:29 -0300] "GET /cormun//static/Resources/PXToolsActionDisabled.gif HTTP/1.1" 200 53
186.103.157.235 - - [29/Aug/2017:15:43:29 -0300] "GET /cormun/servlet/trlicencias? HTTP/1.1" 200 9946
186.103.159.189 - - [29/Aug/2017:15:43:33 -0300] "GET /cormun/servlet/trpermisosadjuntos?8510071,20170829093527,P, HTTP/1.1" 200 6128
186.103.159.189 - - [29/Aug/2017:15:43:35 -0300] "GET /cormun/servlet/trpermisosadjuntos?8510071,20170829093527,P, HTTP/1.1" 200 6127
186.103.159.189 - - [29/Aug/2017:15:43:38 -0300] "GET /cormun/servlet/permisosadjuntos?INS,8510071,P,20170829093527,, HTTP/1.1" 200 5456
186.103.159.189 - - [29/Aug/2017:15:43:39 -0300] "GET /cormun/static/about:blank HTTP/1.1" 404 1011
186.103.159.189 - - [29/Aug/2017:15:43:40 -0300] "GET /cormun/servlet/permisosadjuntos?INS,8510071,P,20170829093527,, HTTP/1.1" 200 5447
186.103.159.189 - - [29/Aug/2017:15:43:51 -0300] "POST /cormun/servlet/permisosadjuntos?148027b8aaede2510ff8de9dbe0b52d4,INS,8510071,P,20170829093527,, HTTP/1.1" 200 116
186.103.159.189 - - [29/Aug/2017:15:43:51 -0300] "GET /cormun/servlet/hpexe_return? HTTP/1.1" 200 1039
186.103.159.189 - - [29/Aug/2017:15:43:51 -0300] "GET /cormun/servlet/trpermisosadjuntos?8510071,20170829093527,P, HTTP/1.1" 200 6634
186.103.159.189 - - [29/Aug/2017:15:43:53 -0300] "GET /cormun/servlet/trpermisosadjuntos?8510071,20170829093527,P, HTTP/1.1" 200 6628
186.103.159.189 - - [29/Aug/2017:15:43:59 -0300] "GET /cormun/servlet/trpermisosgoce? HTTP/1.1" 200 9975
186.103.157.235 - - [29/Aug/2017:15:43:59 -0300] "POST /cormun/servlet/trlicencias?acaa3f050beaab720c988f15cec8c788,,gx-no-cache=1504032276419 HTTP/1.1" 200 5409
186.103.159.189 - - [29/Aug/2017:15:44:04 -0300] "GET /cormun/servlet/trpermisosgoce? HTTP/1.1" 200 9974
186.103.157.235 - - [29/Aug/2017:15:44:05 -0300] "POST /cormun/servlet/trlicencias?acaa3f050beaab720c988f15cec8c788,,gx-no-cache=1504032282546 HTTP/1.1" 200 4122
186.103.159.189 - - [29/Aug/2017:15:44:06 -0300] "GET /cormun/servlet/trpermisosadjuntos?17546590,20170829092647,P, HTTP/1.1" 200 6126
186.103.159.189 - - [29/Aug/2017:15:44:11 -0300] "GET /cormun/servlet/trpermisosadjuntos?17546590,20170829092647,P, HTTP/1.1" 200 6125
186.103.157.235 - - [29/Aug/2017:15:44:11 -0300] "POST /cormun/servlet/trlicencias?acaa3f050beaab720c988f15cec8c788,,gx-no-cache=1504032287470 HTTP/1.1" 200 7349
200.112.3.70 - - [29/Aug/2017:15:44:12 -0300] "POST /cormun/servlet/permisosadjuntos?28ed3e2189033b64ff48eed2b7244296,INS,8784883,P,20170829154015,, HTTP/1.1" 200 116
200.112.3.70 - - [29/Aug/2017:15:44:13 -0300] "GET /cormun/servlet/hpexe_return? HTTP/1.1" 200 1035
200.112.3.70 - - [29/Aug/2017:15:44:14 -0300] "GET /cormun/servlet/trpermisosadjuntos?8784883,20170829154015,P, HTTP/1.1" 200 6852
200.112.3.70 - - [29/Aug/2017:15:44:15 -0300] "GET /cormun/servlet/trpermisosadjuntos?8784883,20170829154015,P, HTTP/1.1" 200 6849
186.103.159.189 - - [29/Aug/2017:15:44:16 -0300] "GET /cormun/servlet/permisosadjuntos?INS,17546590,P,20170829092647,, HTTP/1.1" 200 5448
186.103.159.189 - - [29/Aug/2017:15:44:17 -0300] "GET /cormun/servlet/permisosadjuntos?INS,17546590,P,20170829092647,, HTTP/1.1" 200 5440
186.103.159.189 - - [29/Aug/2017:15:44:18 -0300] "GET /cormun/static/about:blank HTTP/1.1" 404 1011
186.103.157.235 - - [29/Aug/2017:15:44:23 -0300] "GET /cormun/servlet/licenciaspermisos?INS,0,,, HTTP/1.1" 200 7563
186.103.157.235 - - [29/Aug/2017:15:44:23 -0300] "GET /cormun/static/gxcfg.js?201762917281167 HTTP/1.1" 200 953
186.103.157.235 - - [29/Aug/2017:15:44:23 -0300] "GET /cormun/static/Resources/prompt.gif HTTP/1.1" 200 902
186.103.157.235 - - [29/Aug/2017:15:44:23 -0300] "GET /cormun/static/licenciaspermisos.js?201762917281260 HTTP/1.1" 200 37491
186.103.157.235 - - [29/Aug/2017:15:44:23 -0300] "GET /cormun/servlet/licenciaspermisos?INS,0,,, HTTP/1.1" 200 7571
186.103.157.235 - - [29/Aug/2017:15:44:33 -0300] "GET /cormun/servlet/licenciaspermisos?45739404b9862e3ede6c4704e6b89feba21d36b6048d0b001f51eeed35ad9fccff2262c7de5a22a7408052d83cf3179c,gx-no-cache=1504032311250 HTTP/1.1" 200 97
186.103.157.235 - - [29/Aug/2017:15:44:37 -0300] "POST /cormun/servlet/licenciaspermisos?acaa3f050beaab720c988f15cec8c788,INS,0,,,,gx-no-cache=1504032311316 HTTP/1.1" 200 4721
186.103.157.235 - - [29/Aug/2017:15:44:40 -0300] "GET /cormun/servlet/trlicencias? HTTP/1.1" 200 9954
186.103.157.235 - - [29/Aug/2017:15:44:41 -0300] "GET /cormun/servlet/trlicencias? HTTP/1.1" 200 9946
186.103.159.189 - - [29/Aug/2017:15:44:45 -0300] "POST /cormun/servlet/permisosadjuntos?148027b8aaede2510ff8de9dbe0b52d4,INS,17546590,P,20170829092647,, HTTP/1.1" 200 6353
186.103.157.235 - - [29/Aug/2017:15:44:51 -0300] "GET /cormun/servlet/licenciaspermisos?INS,0,,, HTTP/1.1" 200 7563
186.103.157.235 - - [29/Aug/2017:15:44:51 -0300] "GET /cormun/servlet/licenciaspermisos?INS,0,,, HTTP/1.1" 200 7571
186.103.157.235 - - [29/Aug/2017:15:45:01 -0300] "GET /cormun/servlet/licenciaspermisos?45739404b9862e3ede6c4704e6b89feba21d36b6048d0b001f51eeed35ad9fccff2262c7de5a22a7408052d83cf3179c,gx-no-cache=1504032337421 HTTP/1.1" 200 97
186.103.157.235 - - [29/Aug/2017:15:45:02 -0300] "POST /cormun/servlet/licenciaspermisos?acaa3f050beaab720c988f15cec8c788,INS,0,,,,gx-no-cache=1504032339583 HTTP/1.1" 200 4721
186.103.159.182 - - [29/Aug/2017:15:45:27 -0300] "GET /cormun/servlet/hlogin HTTP/1.1" 200 1725
186.103.157.235 - - [29/Aug/2017:15:45:27 -0300] "GET /cormun/static/menuarrow.gif HTTP/1.1" 404 1015
200.112.3.70 - - [29/Aug/2017:15:45:34 -0300] "POST /cormun/servlet/trpermisosadjuntos?28ed3e2189033b64ff48eed2b7244296,8784883,20170829154015,P,,gx-no-cache=1504032372153 HTTP/1.1" 200 90
200.112.3.70 - - [29/Aug/2017:15:45:34 -0300] "GET /cormun/servlet/hpexe_link HTTP/1.1" 200 980
200.112.3.70 - - [29/Aug/2017:15:45:34 -0300] "GET /cormun/servlet/trpermisosgoce HTTP/1.1" 200 8184
200.112.3.70 - - [29/Aug/2017:15:45:35 -0300] "GET /cormun/servlet/trpermisosgoce HTTP/1.1" 200 8183
200.112.3.70 - - [29/Aug/2017:15:45:42 -0300] "POST /cormun/servlet/trpermisosgoce?28ed3e2189033b64ff48eed2b7244296,gx-no-cache=1504032379742 HTTP/1.1" 200 5326
200.112.3.70 - - [29/Aug/2017:15:45:42 -0300] "GET /cormun/static/Shared/jqueryui/images/ui-bg_highlight-soft_100_c6c2c8_1x100.png HTTP/1.1" 404 1117
200.112.3.70 - - [29/Aug/2017:15:45:42 -0300] "GET /cormun/static/Shared/jqueryui/images/ui-icons_8d78a5_256x240.png HTTP/1.1" 404 1089
200.112.3.70 - - [29/Aug/2017:15:45:42 -0300] "GET /cormun/static/Shared/jqueryui/images/ui-bg_flat_55_fafafa_40x100.png HTTP/1.1" 404 1097
200.112.3.70 - - [29/Aug/2017:15:45:42 -0300] "GET /cormun/static/Shared/jqueryui/images/ui-icons_82798d_256x240.png HTTP/1.1" 404 1089
200.112.3.70 - - [29/Aug/2017:15:45:45 -0300] "GET /cormun/servlet/permisogoce?INS,0,,, HTTP/1.1" 200 6893
200.112.3.70 - - [29/Aug/2017:15:45:46 -0300] "GET /cormun/servlet/permisogoce?INS,0,,, HTTP/1.1" 200 6894
200.112.3.70 - - [29/Aug/2017:15:45:47 -0300] "GET /cormun/servlet/prfichaempleado?,MD,,gxPopupLevel%3D0%3B HTTP/1.1" 200 9362
186.103.159.182 - - [29/Aug/2017:15:45:50 -0300] "POST /cormun/servlet/hlogin?45efd8db75925c3f5a4a55a490220f6c,gx-no-cache=1504032388933 HTTP/1.1" 200 90
186.103.159.182 - - [29/Aug/2017:15:45:50 -0300] "GET /cormun/servlet/hpexe_link HTTP/1.1" 200 957
186.103.159.182 - - [29/Aug/2017:15:45:50 -0300] "GET /cormun/servlet/hhome HTTP/1.1" 200 4080
186.103.159.182 - - [29/Aug/2017:15:45:52 -0300] "GET /cormun/servlet/hhome HTTP/1.1" 200 4076
200.112.3.70 - - [29/Aug/2017:15:45:59 -0300] "POST /cormun/servlet/prfichaempleado?28ed3e2189033b64ff48eed2b7244296,,MD,,gxPopupLevel%3D0%3B,gx-no-cache=1504032397661 HTTP/1.1" 200 4864
200.112.3.70 - - [29/Aug/2017:15:46:03 -0300] "GET /cormun/servlet/permisogoce?22cb27de7cf0c3f7cf36f2e5a87997e92141c99d306ea2c70303b117ac36411fad2a317ad83d43ef3c77f506f205d8abac61d3b656b282c222e230338d1e5379,gx-no-cache=1504032401882 HTTP/1.1" 200 85
200.112.3.70 - - [29/Aug/2017:15:46:12 -0300] "GET /cormun/servlet/permisogoce?22cb27de7cf0c3f7cf36f2e5a87997e9bb3fe7ec7fc86137fd717efc6b2de4b4c63d05fb9e4bdd63f48bb9ef95c8aee28c44da1e9541135695d7d8d70d28d14c,gx-no-cache=1504032411039 HTTP/1.1" 200 47
200.112.3.70 - - [29/Aug/2017:15:46:14 -0300] "POST /cormun/servlet/permisogoce?28ed3e2189033b64ff48eed2b7244296,INS,0,,,,gx-no-cache=1504032412267 HTTP/1.1" 200 93
200.112.3.70 - - [29/Aug/2017:15:46:14 -0300] "GET /cormun/servlet/hpexe_return? HTTP/1.1" 200 1028
200.112.3.70 - - [29/Aug/2017:15:46:14 -0300] "GET /cormun/servlet/trpermisosgoce?gx-no-cache=1504032379742 HTTP/1.1" 200 8156
200.112.3.70 - - [29/Aug/2017:15:46:15 -0300] "GET /cormun/servlet/trpermisosgoce?gx-no-cache=1504032379742 HTTP/1.1" 200 8172
186.103.159.189 - - [29/Aug/2017:15:46:19 -0300] "GET /cormun/servlet/trpermisosgoce? HTTP/1.1" 200 9975
186.103.159.189 - - [29/Aug/2017:15:46:23 -0300] "GET /cormun/servlet/trpermisosgoce? HTTP/1.1" 200 9974
200.112.3.70 - - [29/Aug/2017:15:46:26 -0300] "POST /cormun/servlet/trpermisosgoce?28ed3e2189033b64ff48eed2b7244296,gx-no-cache=1504032379742,gx-no-cache=1504032424808 HTTP/1.1" 200 5028
200.112.3.70 - - [29/Aug/2017:15:46:29 -0300] "GET /cormun/servlet/trpermisosadjuntos?13947488,20170829154513,P, HTTP/1.1" 200 6396
186.103.159.189 - - [29/Aug/2017:15:46:29 -0300] "GET /cormun/servlet/trpermisosadjuntos?17546590,20170829092647,P, HTTP/1.1" 200 6126
200.112.3.70 - - [29/Aug/2017:15:46:29 -0300] "GET /cormun/servlet/trpermisosadjuntos?13947488,20170829154513,P, HTTP/1.1" 200 6377
200.112.3.70 - - [29/Aug/2017:15:46:30 -0300] "GET /cormun/servlet/permisosadjuntos?INS,13947488,P,20170829154513,, HTTP/1.1" 200 5703
200.112.3.70 - - [29/Aug/2017:15:46:30 -0300] "GET /cormun/static/about:blank HTTP/1.1" 404 1011
186.103.159.189 - - [29/Aug/2017:15:46:31 -0300] "GET /cormun/servlet/trpermisosadjuntos?17546590,20170829092647,P, HTTP/1.1" 200 6125
200.112.3.70 - - [29/Aug/2017:15:46:31 -0300] "GET /cormun/servlet/permisosadjuntos?INS,13947488,P,20170829154513,, HTTP/1.1" 200 5693
186.103.159.189 - - [29/Aug/2017:15:46:33 -0300] "GET /cormun/servlet/permisosadjuntos?INS,17546590,P,20170829092647,, HTTP/1.1" 200 5447
186.103.159.189 - - [29/Aug/2017:15:46:33 -0300] "GET /cormun/static/about:blank HTTP/1.1" 404 1011
186.103.159.189 - - [29/Aug/2017:15:46:34 -0300] "GET /cormun/servlet/permisosadjuntos?INS,17546590,P,20170829092647,, HTTP/1.1" 200 5440
186.103.159.189 - - [29/Aug/2017:15:46:52 -0300] "POST /cormun/servlet/permisosadjuntos?148027b8aaede2510ff8de9dbe0b52d4,INS,17546590,P,20170829092647,, HTTP/1.1" 200 116
186.103.159.189 - - [29/Aug/2017:15:46:53 -0300] "GET /cormun/servlet/hpexe_return? HTTP/1.1" 200 1042
186.103.159.189 - - [29/Aug/2017:15:46:54 -0300] "GET /cormun/servlet/trpermisosadjuntos?17546590,20170829092647,P, HTTP/1.1" 200 6627
186.103.159.189 - - [29/Aug/2017:15:46:55 -0300] "GET /cormun/servlet/trpermisosadjuntos?17546590,20170829092647,P, HTTP/1.1" 200 6624
186.103.159.189 - - [29/Aug/2017:15:47:01 -0300] "GET /cormun/servlet/trpermisosgoce? HTTP/1.1" 200 9975
186.103.157.235 - - [29/Aug/2017:15:47:02 -0300] "GET /cormun/servlet/licenciaspermisos?45739404b9862e3ede6c4704e6b89feb368e05926d6f2a87d2b78bc402fc792a19c6e88214580b899ebf1054529e1d20de391079d435a500fe02d0e11b41b8eea84ba4dc8f84f55d558f1bbeb97569b54db7e85d2e3e0fb1965c9341c6d21664d81b5140504348fc56fbc59cf3a88d4d508d0afacb0d9f9dc9743402a639455e91b98413a725bcac90f5db0d551d314ed7dbb934567e8784278a2ad70ab33fb41e5252468f85e91db8ccefafbfb71db7,gx-no-cache=1504032460213 HTTP/1.1" 200 30
186.103.157.235 - - [29/Aug/2017:15:47:02 -0300] "POST /cormun/servlet/licenciaspermisos?acaa3f050beaab720c988f15cec8c788,INS,0,,,,gx-no-cache=1504032460273 HTTP/1.1" 200 4802
186.103.159.189 - - [29/Aug/2017:15:47:03 -0300] "GET /cormun/servlet/trpermisosgoce? HTTP/1.1" 200 9974
186.103.157.235 - - [29/Aug/2017:15:47:06 -0300] "GET /cormun/static/Resources/resize.gif HTTP/1.1" 200 77
186.103.157.235 - - [29/Aug/2017:15:47:07 -0300] "GET /cormun/servlet/prfichaempleado?,MD,,gxPopupLevel%3D0%3B HTTP/1.1" 200 9334
186.103.157.235 - - [29/Aug/2017:15:47:07 -0300] "GET /cormun/static/gxcfg.js?20177612134814 HTTP/1.1" 200 953
186.103.157.235 - - [29/Aug/2017:15:47:07 -0300] "GET /cormun/static/Resources/PXToolsMenuSearch.png HTTP/1.1" 200 2914
186.103.157.235 - - [29/Aug/2017:15:47:07 -0300] "GET /cormun/static/Resources/PXToolsMenuSearchCancel.png HTTP/1.1" 200 2972
186.103.157.235 - - [29/Aug/2017:15:47:08 -0300] "GET /cormun/static/hmpwkw011.js?20177612121862 HTTP/1.1" 200 1968
186.103.157.235 - - [29/Aug/2017:15:47:08 -0300] "GET /cormun/static/menusearch.js?201610171694467 HTTP/1.1" 200 1424
186.103.157.235 - - [29/Aug/2017:15:47:08 -0300] "GET /cormun/static/prfichaempleado.js?20177612134999 HTTP/1.1" 200 16006
186.103.159.189 - - [29/Aug/2017:15:47:11 -0300] "POST /cormun/servlet/trpermisosgoce?148027b8aaede2510ff8de9dbe0b52d4,,gx-no-cache=1504036064697 HTTP/1.1" 200 7225
186.103.159.189 - - [29/Aug/2017:15:47:12 -0300] "GET /cormun/static/Shared/jqueryui/images/ui-bg_highlight-soft_100_c6c2c8_1x100.png HTTP/1.1" 404 1117
186.103.159.189 - - [29/Aug/2017:15:47:12 -0300] "GET /cormun/static/Shared/jqueryui/images/ui-icons_82798d_256x240.png HTTP/1.1" 404 1089
186.103.159.189 - - [29/Aug/2017:15:47:12 -0300] "GET /cormun/static/Shared/jqueryui/images/ui-bg_flat_55_fafafa_40x100.png HTTP/1.1" 404 1097
186.103.159.189 - - [29/Aug/2017:15:47:12 -0300] "GET /cormun/static/Shared/jqueryui/images/ui-icons_8d78a5_256x240.png HTTP/1.1" 404 1089
186.103.157.235 - - [29/Aug/2017:15:47:16 -0300] "POST /cormun/servlet/prfichaempleado?acaa3f050beaab720c988f15cec8c788,,MD,,gxPopupLevel%3D0%3B,gx-no-cache=1504032473786 HTTP/1.1" 200 6337
186.103.157.235 - - [29/Aug/2017:15:47:17 -0300] "GET /cormun/static/Resources/PXToolsGridNext.gif HTTP/1.1" 200 369
186.103.157.235 - - [29/Aug/2017:15:47:17 -0300] "GET /cormun/static/Resources/PXToolsGridLast.gif HTTP/1.1" 200 370
186.103.159.189 - - [29/Aug/2017:15:47:20 -0300] "POST /cormun/servlet/trpermisosgoce?148027b8aaede2510ff8de9dbe0b52d4,,gx-no-cache=1504036075609 HTTP/1.1" 200 7204
186.103.157.235 - - [29/Aug/2017:15:47:46 -0300] "GET /cormun/servlet/licenciaspermisos?INS,0,,, HTTP/1.1" 200 7555
186.103.157.235 - - [29/Aug/2017:15:47:47 -0300] "GET /cormun/servlet/licenciaspermisos?INS,0,,, HTTP/1.1" 200 7571
186.103.157.235 - - [29/Aug/2017:15:47:50 -0300] "GET /cormun/servlet/trsolicitudot? HTTP/1.1" 200 10095
186.103.157.235 - - [29/Aug/2017:15:47:50 -0300] "GET /cormun/servlet/trsolicitudot? HTTP/1.1" 200 10083
186.103.157.235 - - [29/Aug/2017:15:48:00 -0300] "GET /cormun/servlet/trautorizarsolicitud? HTTP/1.1" 200 6973
186.103.157.235 - - [29/Aug/2017:15:48:00 -0300] "GET /cormun/static/gxcfg.js?20174261241362 HTTP/1.1" 200 953
186.103.157.235 - - [29/Aug/2017:15:48:00 -0300] "GET /cormun/static/trautorizarsolicitud.js?201742612414370 HTTP/1.1" 200 53910
186.103.157.235 - - [29/Aug/2017:15:48:00 -0300] "GET /cormun/static/Resources/Spanish/PXTools.css?11294912 HTTP/1.1" 200 89042
186.103.157.235 - - [29/Aug/2017:15:48:01 -0300] "GET /cormun/servlet/trautorizarsolicitud? HTTP/1.1" 200 6973
186.103.157.235 - - [29/Aug/2017:15:48:08 -0300] "GET /cormun/servlet/trcontratosolicitud? HTTP/1.1" 200 14646
186.103.157.235 - - [29/Aug/2017:15:48:17 -0300] "GET /cormun/static/gxcfg.js?20177612214014 HTTP/1.1" 200 953
200.112.3.70 - - [29/Aug/2017:15:49:07 -0300] "POST /cormun/servlet/permisosadjuntos?28ed3e2189033b64ff48eed2b7244296,INS,13947488,P,20170829154513,, HTTP/1.1" 200 116
200.112.3.70 - - [29/Aug/2017:15:49:08 -0300] "GET /cormun/servlet/hpexe_return? HTTP/1.1" 200 1036
200.112.3.70 - - [29/Aug/2017:15:49:09 -0300] "GET /cormun/servlet/trpermisosadjuntos?13947488,20170829154513,P, HTTP/1.1" 200 6836
200.112.3.70 - - [29/Aug/2017:15:49:10 -0300] "GET /cormun/servlet/trpermisosadjuntos?13947488,20170829154513,P, HTTP/1.1" 200 6832
200.112.3.70 - - [29/Aug/2017:15:49:13 -0300] "POST /cormun/servlet/trpermisosadjuntos?28ed3e2189033b64ff48eed2b7244296,13947488,20170829154513,P,,gx-no-cache=1504032591135 HTTP/1.1" 200 90
200.112.3.70 - - [29/Aug/2017:15:49:13 -0300] "GET /cormun/servlet/hpexe_link HTTP/1.1" 200 1003
200.112.3.70 - - [29/Aug/2017:15:49:13 -0300] "GET /cormun/servlet/trpermisosgoce?gx-no-cache=1504032379742 HTTP/1.1" 200 7855
200.112.3.70 - - [29/Aug/2017:15:49:14 -0300] "GET /cormun/servlet/trpermisosgoce?gx-no-cache=1504032379742 HTTP/1.1" 200 7873
200.112.3.70 - - [29/Aug/2017:15:49:17 -0300] "POST /cormun/servlet/trpermisosgoce?28ed3e2189033b64ff48eed2b7244296,gx-no-cache=1504032379742,gx-no-cache=1504032594831 HTTP/1.1" 200 5025
200.112.3.70 - - [29/Aug/2017:15:49:17 -0300] "GET /cormun/static/Shared/jqueryui/images/ui-bg_highlight-soft_100_c6c2c8_1x100.png HTTP/1.1" 404 1117
200.112.3.70 - - [29/Aug/2017:15:49:17 -0300] "GET /cormun/static/Shared/jqueryui/images/ui-icons_8d78a5_256x240.png HTTP/1.1" 404 1089
200.112.3.70 - - [29/Aug/2017:15:49:17 -0300] "GET /cormun/static/Shared/jqueryui/images/ui-icons_82798d_256x240.png HTTP/1.1" 404 1089
200.112.3.70 - - [29/Aug/2017:15:49:17 -0300] "GET /cormun/static/Shared/jqueryui/images/ui-bg_flat_55_fafafa_40x100.png HTTP/1.1" 404 1097
200.112.3.70 - - [29/Aug/2017:15:49:22 -0300] "GET /cormun/servlet/tratrazos? HTTP/1.1" 200 9094
200.112.3.70 - - [29/Aug/2017:15:49:22 -0300] "GET /cormun/static/gxcfg.js?201742714211359 HTTP/1.1" 200 953
200.112.3.70 - - [29/Aug/2017:15:49:22 -0300] "GET /cormun/static/tratrazos.js?201742714211843 HTTP/1.1" 200 33389
200.112.3.70 - - [29/Aug/2017:15:49:22 -0300] "GET /cormun/static/Resources/Spanish/PXTools.css?11294912 HTTP/1.1" 200 89042
200.112.3.70 - - [29/Aug/2017:15:49:23 -0300] "GET /cormun/servlet/tratrazos? HTTP/1.1" 200 9074
186.103.157.235 - - [29/Aug/2017:15:49:32 -0300] "GET /cormun/servlet/prfichaempleado?,MD,,gxPopupLevel%3D0%3B HTTP/1.1" 200 9334
200.112.3.70 - - [29/Aug/2017:15:49:35 -0300] "GET /cormun/servlet/atrazos?UPD,176, HTTP/1.1" 200 6911
200.112.3.70 - - [29/Aug/2017:15:49:36 -0300] "GET /cormun/static/atrazos.js?201752511561840 HTTP/1.1" 200 25537
200.112.3.70 - - [29/Aug/2017:15:49:36 -0300] "GET /cormun/static/gxcfg.js?201752511561750 HTTP/1.1" 200 953
200.112.3.70 - - [29/Aug/2017:15:49:36 -0300] "GET /cormun/servlet/atrazos?UPD,176, HTTP/1.1" 200 6911
200.112.3.70 - - [29/Aug/2017:15:49:53 -0300] "GET /cormun/servlet/tratrazos? HTTP/1.1" 200 9094
200.112.3.70 - - [29/Aug/2017:15:49:54 -0300] "GET /cormun/servlet/tratrazos? HTTP/1.1" 200 9074
200.112.3.70 - - [29/Aug/2017:15:49:58 -0300] "GET /cormun/servlet/trpermisosingoceadjunto?176,15807694, HTTP/1.1" 200 6146
200.112.3.70 - - [29/Aug/2017:15:49:58 -0300] "GET /cormun/static/gxcfg.js?2017761217146 HTTP/1.1" 200 953
200.112.3.70 - - [29/Aug/2017:15:49:58 -0300] "GET /cormun/static/trpermisosingoceadjunto.js?20177612171634 HTTP/1.1" 200 16925
200.112.3.70 - - [29/Aug/2017:15:49:59 -0300] "GET /cormun/servlet/trpermisosingoceadjunto?176,15807694, HTTP/1.1" 200 6147
200.112.3.70 - - [29/Aug/2017:15:50:05 -0300] "GET /cormun/servlet/tratrazos? HTTP/1.1" 200 9094
200.112.3.70 - - [29/Aug/2017:15:50:05 -0300] "GET /cormun/servlet/tratrazos? HTTP/1.1" 200 9074
186.103.159.189 - - [29/Aug/2017:15:50:16 -0300] "GET /cormun/servlet/trpermisosadjuntos?9106330,20170828084420,P, HTTP/1.1" 200 6124
186.103.159.189 - - [29/Aug/2017:15:50:18 -0300] "GET /cormun/servlet/trpermisosadjuntos?9106330,20170828084420,P, HTTP/1.1" 200 6123
186.103.159.189 - - [29/Aug/2017:15:50:21 -0300] "GET /cormun/servlet/permisosadjuntos?INS,9106330,P,20170828084420,, HTTP/1.1" 200 5451
186.103.159.189 - - [29/Aug/2017:15:50:22 -0300] "GET /cormun/static/about:blank HTTP/1.1" 404 1011
186.103.159.189 - - [29/Aug/2017:15:50:23 -0300] "GET /cormun/servlet/permisosadjuntos?INS,9106330,P,20170828084420,, HTTP/1.1" 200 5440
186.103.157.235 - - [29/Aug/2017:15:50:28 -0300] "POST /cormun/servlet/licenciaspermisos?acaa3f050beaab720c988f15cec8c788,INS,0,,,,gx-no-cache=1504032665864 HTTP/1.1" 200 93
186.103.157.235 - - [29/Aug/2017:15:50:28 -0300] "GET /cormun/servlet/hpexe_return? HTTP/1.1" 200 1022
186.103.157.235 - - [29/Aug/2017:15:50:28 -0300] "GET /cormun/static/gxcfg.js?2016101716175148 HTTP/1.1" 200 953
186.103.157.235 - - [29/Aug/2017:15:50:28 -0300] "GET /cormun/static/hpexe_return.js?2016101716175153 HTTP/1.1" 200 1633
186.103.159.189 - - [29/Aug/2017:15:50:33 -0300] "POST /cormun/servlet/permisosadjuntos?148027b8aaede2510ff8de9dbe0b52d4,INS,9106330,P,20170828084420,, HTTP/1.1" 200 116
186.103.159.189 - - [29/Aug/2017:15:50:33 -0300] "GET /cormun/servlet/hpexe_return? HTTP/1.1" 200 1041
186.103.159.189 - - [29/Aug/2017:15:50:34 -0300] "GET /cormun/servlet/trpermisosadjuntos?9106330,20170828084420,P, HTTP/1.1" 200 6629
186.103.159.189 - - [29/Aug/2017:15:50:35 -0300] "GET /cormun/servlet/trpermisosadjuntos?9106330,20170828084420,P, HTTP/1.1" 200 6624
186.103.159.189 - - [29/Aug/2017:15:50:44 -0300] "GET /cormun/servlet/trpermisosgoce? HTTP/1.1" 200 9946
186.103.159.189 - - [29/Aug/2017:15:50:46 -0300] "GET /cormun/servlet/trpermisosgoce? HTTP/1.1" 200 9946
186.103.159.189 - - [29/Aug/2017:15:50:50 -0300] "GET /cormun/static/menuarrow.gif HTTP/1.1" 404 1015
186.103.157.235 - - [29/Aug/2017:15:51:07 -0300] "GET /cormun/servlet/licenciaspermisos?INS,0,,, HTTP/1.1" 200 7565
186.103.157.235 - - [29/Aug/2017:15:51:07 -0300] "GET /cormun/static/Resources/Spanish/PXTools.css?167811 HTTP/1.1" 200 89042
186.103.157.235 - - [29/Aug/2017:15:51:08 -0300] "GET /cormun/servlet/licenciaspermisos?INS,0,,, HTTP/1.1" 200 7573
186.103.159.189 - - [29/Aug/2017:15:51:15 -0300] "POST /cormun/servlet/trpermisosgoce?148027b8aaede2510ff8de9dbe0b52d4,,gx-no-cache=1504036307633 HTTP/1.1" 200 6472
186.103.157.235 - - [29/Aug/2017:15:51:27 -0300] "GET /cormun/servlet/licenciaspermisos?45739404b9862e3ede6c4704e6b89feb551db0bd938e2369b9c37f68616d61024354fcf94f751b6f9c7d012c8d348b35,gx-no-cache=1504032724339 HTTP/1.1" 200 185
186.103.157.235 - - [29/Aug/2017:15:51:27 -0300] "GET /cormun/static/Shared/jqueryui/images/ui-bg_highlight-soft_100_c6c2c8_1x100.png HTTP/1.1" 404 1117
186.103.157.235 - - [29/Aug/2017:15:51:27 -0300] "GET /cormun/static/Shared/jqueryui/images/ui-icons_82798d_256x240.png HTTP/1.1" 404 1089
186.103.157.235 - - [29/Aug/2017:15:51:27 -0300] "GET /cormun/static/Shared/jqueryui/images/ui-bg_flat_55_994d53_40x100.png HTTP/1.1" 404 1097
186.103.157.235 - - [29/Aug/2017:15:51:27 -0300] "GET /cormun/static/Shared/jqueryui/images/ui-icons_ebccce_256x240.png HTTP/1.1" 404 1089
200.112.2.149 - - [29/Aug/2017:15:51:28 -0300] "GET /cormun/servlet/licenciaspermisos?d4bd76f8fcfa5093437897f7ce03fa363ab6c72913285632b9a5d4957262bd7da4c115c4192086836e56858d18dca2fee84d3b1fcb55002fa6836eae7179c206b22bb33ac70f28d760de904e26f9d34c57c1c12e6b0fc1c4476158251f7e60b759326dabdd6ffec35d26441e5239f5467002cc7c6a699f5353456b6952813376946f7a602399a7d5def7598455dcc589240c7cbfbaad6c2d571e928f1a1e27d1dd7da8ffb71c5444fc9d2a146665cf852b28a931be88bb867296e3d49b3b25a9ab55015f1ae171870c2caaf63166513e8b5bc70319946fc1381446d4f99bb5d0,gx-no-cache=1504032728658 HTTP/1.1" 200 30
200.112.2.149 - - [29/Aug/2017:15:51:28 -0300] "POST /cormun/servlet/licenciaspermisos?1be477abe46142f9cb972cae4160c6ab,INS,0,,,,gx-no-cache=1504032728893 HTTP/1.1" 200 4604
200.112.2.149 - - [29/Aug/2017:15:51:30 -0300] "GET /cormun/servlet/prfichaempleado?,MD,,gxPopupLevel%3D0%3B HTTP/1.1" 200 9292
186.103.157.235 - - [29/Aug/2017:15:51:33 -0300] "GET /cormun/servlet/licenciaspermisos?45739404b9862e3ede6c4704e6b89feba21d36b6048d0b001f51eeed35ad9fccff2262c7de5a22a7408052d83cf3179c,gx-no-cache=1504032731124 HTTP/1.1" 200 97
186.103.157.235 - - [29/Aug/2017:15:51:34 -0300] "POST /cormun/servlet/licenciaspermisos?acaa3f050beaab720c988f15cec8c788,INS,0,,,,gx-no-cache=1504032731472 HTTP/1.1" 200 4729
200.112.2.149 - - [29/Aug/2017:15:51:40 -0300] "POST /cormun/servlet/prfichaempleado?1be477abe46142f9cb972cae4160c6ab,,MD,,gxPopupLevel%3D0%3B,gx-no-cache=1504032740150 HTTP/1.1" 200 3431
186.103.159.189 - - [29/Aug/2017:15:51:41 -0300] "POST /cormun/servlet/trpermisosgoce?148027b8aaede2510ff8de9dbe0b52d4,,gx-no-cache=1504036335392 HTTP/1.1" 200 4825
200.112.2.149 - - [29/Aug/2017:15:51:42 -0300] "GET /cormun/servlet/licenciaspermisos?d4bd76f8fcfa5093437897f7ce03fa36c16fb293a9613a8d7ef120020655ad544112a63f7fa1e84d327feb4cafb6794e15c3aa328a982221cb9b7007629b1edcfdc44a5c461cc7c881e1dd4a28b39752a8ffe314348e34ba725cfe3c498275195d5d515039d231ec688c871d0ebcb31ad45f7172c0c879637f0332d01b211002,gx-no-cache=1504032742414 HTTP/1.1" 200 95
200.112.2.149 - - [29/Aug/2017:15:51:42 -0300] "POST /cormun/servlet/licenciaspermisos?1be477abe46142f9cb972cae4160c6ab,INS,0,,,,gx-no-cache=1504032742503 HTTP/1.1" 200 4604
200.112.2.149 - - [29/Aug/2017:15:51:45 -0300] "GET /cormun/servlet/licenciaspermisos?d4bd76f8fcfa5093437897f7ce03fa36b8e2d9663c2a1ffacb74ac20274378da2db8861f2d354278a9d636ba861d7126584687acb9b17bc8e4c36d37f9999a108a058b2db1c1b50a16157e488f4b4d9865a7d7c37466fe5b0238bfc578f670bef56599b24e15851be503fe347f0c9609fc3fecd01314bc3bee5b1212c66e350e60078ab3294eb4914bde974c89b1b9d4a88691bbde290f0f4ec4529272850972051a5ba9bcc94f7a1cc3d53400f5ec6c134235d18765e62fa4e8843efce6f3421063972f594e3eca2b1c6780dfa1fff5a818a0907ca1dbd15d1e6443909a2f8940ec4897dabe662db4b94fcde524a511,gx-no-cache=1504032745706 HTTP/1.1" 200 66
200.112.2.149 - - [29/Aug/2017:15:51:45 -0300] "POST /cormun/servlet/licenciaspermisos?1be477abe46142f9cb972cae4160c6ab,INS,0,,,,gx-no-cache=1504032745803 HTTP/1.1" 200 93
200.112.2.149 - - [29/Aug/2017:15:51:45 -0300] "GET /cormun/servlet/hpexe_return? HTTP/1.1" 200 1013
200.112.2.149 - - [29/Aug/2017:15:51:46 -0300] "GET /cormun/servlet/trlicencias HTTP/1.1" 200 11814
200.112.2.149 - - [29/Aug/2017:15:51:46 -0300] "GET /cormun/servlet/trlicencias HTTP/1.1" 200 11809
186.103.159.189 - - [29/Aug/2017:15:51:50 -0300] "GET /cormun/servlet/trpermisosadjuntos?9106330,20170828084420,P, HTTP/1.1" 200 6625
200.112.3.70 - - [29/Aug/2017:15:51:50 -0300] "GET /cormun/servlet/trpermisosingoceadjunto?177,15807694, HTTP/1.1" 200 6147
200.112.3.70 - - [29/Aug/2017:15:51:51 -0300] "GET /cormun/servlet/trpermisosingoceadjunto?177,15807694, HTTP/1.1" 200 6147
186.103.157.235 - - [29/Aug/2017:15:51:51 -0300] "GET /cormun/static/menuarrow.gif HTTP/1.1" 404 1015
186.103.159.189 - - [29/Aug/2017:15:51:52 -0300] "GET /cormun/servlet/trpermisosadjuntos?9106330,20170828084420,P, HTTP/1.1" 200 6624
200.112.3.70 - - [29/Aug/2017:15:51:52 -0300] "GET /cormun/servlet/permisosingoceadjunto?INS,177,, HTTP/1.1" 200 5463
200.112.3.70 - - [29/Aug/2017:15:51:52 -0300] "GET /cormun/static/gxcfg.js?201752511552178 HTTP/1.1" 200 953
200.112.3.70 - - [29/Aug/2017:15:51:53 -0300] "GET /cormun/static/permisosingoceadjunto.js?201752511552188 HTTP/1.1" 200 6883
200.112.3.70 - - [29/Aug/2017:15:51:53 -0300] "GET /cormun/static/about:blank HTTP/1.1" 404 1011
200.112.3.70 - - [29/Aug/2017:15:51:53 -0300] "GET /cormun/servlet/permisosingoceadjunto?INS,177,, HTTP/1.1" 200 5449
200.112.3.70 - - [29/Aug/2017:15:51:53 -0300] "GET /cormun/servlet/permisosingoceadjunto?f84538302761ff9bed58cfe015f2b7d6e2ce085c30e748561db37a71bdfc08a5,gx-no-cache=1504032752504 HTTP/1.1" 200 26
186.103.159.189 - - [29/Aug/2017:15:51:58 -0300] "GET /cormun/servlet/trpermisosgoce? HTTP/1.1" 200 7601
186.103.157.235 - - [29/Aug/2017:15:52:00 -0300] "POST /cormun/servlet/licenciaspermisos?acaa3f050beaab720c988f15cec8c788,INS,0,,,,gx-no-cache=1504032757473 HTTP/1.1" 200 4799
186.103.159.189 - - [29/Aug/2017:15:52:01 -0300] "GET /cormun/servlet/trpermisosgoce? HTTP/1.1" 200 7601
186.103.157.235 - - [29/Aug/2017:15:52:02 -0300] "GET /cormun/servlet/licenciaspermisos?45739404b9862e3ede6c4704e6b89feba21d36b6048d0b001f51eeed35ad9fccdd7b65b0605c13e246f47310e0e397be8aea41c0717a1c1d5c88755d5bd0546f4ffe34dbfa29db921281c75f49a51b596d3eaafd056c8cb987ee2458facc54092d6e85ea3f2f63874a9bae8fa44cbee9e59a78182005637e7a9b819cd5fb3182,gx-no-cache=1504032759588 HTTP/1.1" 200 90
186.103.157.235 - - [29/Aug/2017:15:52:02 -0300] "POST /cormun/servlet/licenciaspermisos?acaa3f050beaab720c988f15cec8c788,INS,0,,,,gx-no-cache=1504032759953 HTTP/1.1" 200 4741
200.112.3.70 - - [29/Aug/2017:15:52:09 -0300] "GET /cormun/servlet/trpermisosingoceadjunto?177,15807694, HTTP/1.1" 200 6147
200.112.3.70 - - [29/Aug/2017:15:52:09 -0300] "GET /cormun/servlet/trpermisosingoceadjunto?177,15807694, HTTP/1.1" 200 6147
186.103.157.235 - - [29/Aug/2017:15:52:09 -0300] "GET /cormun/servlet/trlicencias? HTTP/1.1" 200 10497
200.112.3.70 - - [29/Aug/2017:15:52:10 -0300] "POST /cormun/servlet/permisosingoceadjunto?28ed3e2189033b64ff48eed2b7244296,INS,177,, HTTP/1.1" 200 6620
186.103.157.235 - - [29/Aug/2017:15:52:11 -0300] "GET /cormun/servlet/trlicencias? HTTP/1.1" 200 10488
200.112.3.70 - - [29/Aug/2017:15:52:16 -0300] "GET /cormun/servlet/tratrazos? HTTP/1.1" 200 9075
186.103.159.189 - - [29/Aug/2017:15:52:16 -0300] "POST /cormun/servlet/trpermisosgoce?148027b8aaede2510ff8de9dbe0b52d4,,gx-no-cache=1504036361085 HTTP/1.1" 200 4093
186.103.159.189 - - [29/Aug/2017:15:52:16 -0300] "GET /cormun/static/Shared/jqueryui/images/ui-bg_highlight-soft_100_c6c2c8_1x100.png HTTP/1.1" 404 1117
186.103.159.189 - - [29/Aug/2017:15:52:16 -0300] "GET /cormun/static/Shared/jqueryui/images/ui-icons_82798d_256x240.png HTTP/1.1" 404 1089
186.103.159.189 - - [29/Aug/2017:15:52:16 -0300] "GET /cormun/static/Shared/jqueryui/images/ui-bg_flat_55_fafafa_40x100.png HTTP/1.1" 404 1097
186.103.159.189 - - [29/Aug/2017:15:52:16 -0300] "GET /cormun/static/Shared/jqueryui/images/ui-icons_8d78a5_256x240.png HTTP/1.1" 404 1089
200.112.3.70 - - [29/Aug/2017:15:52:16 -0300] "GET /cormun/servlet/tratrazos? HTTP/1.1" 200 9074
200.112.3.70 - - [29/Aug/2017:15:52:23 -0300] "GET /cormun/servlet/trpermisosingoceadjunto?177,15807694, HTTP/1.1" 200 6147
186.103.159.189 - - [29/Aug/2017:15:52:23 -0300] "POST /cormun/servlet/trpermisosgoce?148027b8aaede2510ff8de9dbe0b52d4,,gx-no-cache=1504036379162 HTTP/1.1" 200 7139
200.112.3.70 - - [29/Aug/2017:15:52:23 -0300] "GET /cormun/servlet/trpermisosingoceadjunto?177,15807694, HTTP/1.1" 200 6147
200.112.3.70 - - [29/Aug/2017:15:52:28 -0300] "GET /cormun/servlet/permisosingoceadjunto?INS,177,, HTTP/1.1" 200 5463
200.112.3.70 - - [29/Aug/2017:15:52:28 -0300] "GET /cormun/static/about:blank HTTP/1.1" 404 1011
200.112.3.70 - - [29/Aug/2017:15:52:28 -0300] "GET /cormun/servlet/permisosingoceadjunto?INS,177,, HTTP/1.1" 200 5449
200.112.3.70 - - [29/Aug/2017:15:52:29 -0300] "GET /cormun/servlet/permisosingoceadjunto?f84538302761ff9bed58cfe015f2b7d6e2ce085c30e748561db37a71bdfc08a5,gx-no-cache=1504032787989 HTTP/1.1" 200 26
186.103.157.235 - - [29/Aug/2017:15:53:20 -0300] "GET /cormun/servlet/trlicenciaspermisosadjuntos?18261130,20170829000000,L, HTTP/1.1" 200 6377
186.103.157.235 - - [29/Aug/2017:15:53:20 -0300] "GET /cormun/static/gxcfg.js?20177612163414 HTTP/1.1" 200 953
186.103.157.235 - - [29/Aug/2017:15:53:21 -0300] "GET /cormun/static/trlicenciaspermisosadjuntos.js?20177612163719 HTTP/1.1" 200 21036
186.103.157.235 - - [29/Aug/2017:15:53:21 -0300] "GET /cormun/servlet/trlicenciaspermisosadjuntos?18261130,20170829000000,L, HTTP/1.1" 200 6378
186.103.157.235 - - [29/Aug/2017:15:53:23 -0300] "GET /cormun/servlet/licenciaspermisosadjuntos?INS,18261130,L,20170829000000,, HTTP/1.1" 200 5672
186.103.157.235 - - [29/Aug/2017:15:53:23 -0300] "GET /cormun/static/gxcfg.js?2017761263592 HTTP/1.1" 200 953
186.103.157.235 - - [29/Aug/2017:15:53:23 -0300] "GET /cormun/static/licenciaspermisosadjuntos.js?201776126362 HTTP/1.1" 200 8760
186.103.157.235 - - [29/Aug/2017:15:53:23 -0300] "GET /cormun/static/about:blank HTTP/1.1" 404 1011
186.103.157.235 - - [29/Aug/2017:15:53:23 -0300] "GET /cormun/servlet/licenciaspermisosadjuntos?INS,18261130,L,20170829000000,, HTTP/1.1" 200 5661
186.103.157.235 - - [29/Aug/2017:15:53:31 -0300] "POST /cormun/servlet/licenciaspermisosadjuntos?acaa3f050beaab720c988f15cec8c788,INS,18261130,L,20170829000000,, HTTP/1.1" 200 116
186.103.157.235 - - [29/Aug/2017:15:53:31 -0300] "GET /cormun/servlet/hpexe_return? HTTP/1.1" 200 1042
186.103.157.235 - - [29/Aug/2017:15:53:31 -0300] "GET /cormun/static/Resources/Spanish/PXTools.css?167811 HTTP/1.1" 206 1
186.103.157.235 - - [29/Aug/2017:15:53:31 -0300] "GET /cormun/static/Resources/Spanish/PXTools.css?167811 HTTP/1.1" 206 34871
186.103.157.235 - - [29/Aug/2017:15:53:31 -0300] "GET /cormun/servlet/trlicenciaspermisosadjuntos?18261130,20170829000000,L, HTTP/1.1" 200 6883
186.103.157.235 - - [29/Aug/2017:15:53:32 -0300] "GET /cormun/servlet/trlicenciaspermisosadjuntos?18261130,20170829000000,L, HTTP/1.1" 200 6880
186.103.157.235 - - [29/Aug/2017:15:53:35 -0300] "POST /cormun/servlet/trlicenciaspermisosadjuntos?acaa3f050beaab720c988f15cec8c788,18261130,20170829000000,L,,gx-no-cache=1504032852954 HTTP/1.1" 200 90
186.103.157.235 - - [29/Aug/2017:15:53:35 -0300] "GET /cormun/servlet/hpexe_link HTTP/1.1" 200 984
186.103.157.235 - - [29/Aug/2017:15:53:35 -0300] "GET /cormun/servlet/trlicencias HTTP/1.1" 200 10490
186.103.157.235 - - [29/Aug/2017:15:53:36 -0300] "GET /cormun/servlet/trlicencias HTTP/1.1" 200 10488
186.103.157.235 - - [29/Aug/2017:15:53:39 -0300] "POST /cormun/servlet/trlicencias?acaa3f050beaab720c988f15cec8c788,gx-no-cache=1504032856721 HTTP/1.1" 200 7817
186.103.157.235 - - [29/Aug/2017:15:53:39 -0300] "GET /cormun/static/Shared/jqueryui/images/ui-bg_highlight-soft_100_c6c2c8_1x100.png HTTP/1.1" 404 1117
186.103.157.235 - - [29/Aug/2017:15:53:40 -0300] "GET /cormun/static/Shared/jqueryui/images/ui-icons_82798d_256x240.png HTTP/1.1" 404 1089
186.103.157.235 - - [29/Aug/2017:15:53:40 -0300] "GET /cormun/static/Shared/jqueryui/images/ui-bg_flat_55_fafafa_40x100.png HTTP/1.1" 404 1097
186.103.157.235 - - [29/Aug/2017:15:53:40 -0300] "GET /cormun/static/Shared/jqueryui/images/ui-icons_8d78a5_256x240.png HTTP/1.1" 404 1089
186.103.157.235 - - [29/Aug/2017:15:53:50 -0300] "GET /cormun/servlet/alicenciaprn?18261130,L,20170829000000,PU HTTP/1.1" 200 1587
200.112.2.149 - - [29/Aug/2017:15:53:57 -0300] "GET /cormun/servlet/trlicenciaspermisosadjuntos?12292074,20170829000000,L, HTTP/1.1" 200 6155
200.112.2.149 - - [29/Aug/2017:15:53:57 -0300] "GET /cormun/static/gxcfg.js?20177612163414 HTTP/1.1" 200 953
200.112.2.149 - - [29/Aug/2017:15:53:58 -0300] "GET /cormun/servlet/trlicenciaspermisosadjuntos?12292074,20170829000000,L, HTTP/1.1" 200 6156
200.112.2.149 - - [29/Aug/2017:15:53:59 -0300] "GET /cormun/servlet/licenciaspermisosadjuntos?INS,12292074,L,20170829000000,, HTTP/1.1" 200 5450
200.112.2.149 - - [29/Aug/2017:15:53:59 -0300] "GET /cormun/static/gxcfg.js?2017761263592 HTTP/1.1" 200 953
200.112.2.149 - - [29/Aug/2017:15:53:59 -0300] "GET /cormun/static/about:blank HTTP/1.1" 404 1011
200.112.2.149 - - [29/Aug/2017:15:54:00 -0300] "GET /cormun/servlet/licenciaspermisosadjuntos?INS,12292074,L,20170829000000,, HTTP/1.1" 200 5440
200.111.191.210 - - [29/Aug/2017:15:54:02 -0300] "GET /cormun/servlet/hlogin HTTP/1.1" 200 1733
200.111.191.210 - - [29/Aug/2017:15:54:10 -0300] "POST /cormun/servlet/hlogin?6c4119a9a06baeef409c72c126dfbbd4,gx-no-cache=1504032889955 HTTP/1.1" 200 90
200.111.191.210 - - [29/Aug/2017:15:54:10 -0300] "GET /cormun/servlet/hpexe_link HTTP/1.1" 200 945
200.111.191.210 - - [29/Aug/2017:15:54:10 -0300] "GET /cormun/servlet/hhome HTTP/1.1" 200 3785
200.111.191.210 - - [29/Aug/2017:15:54:10 -0300] "GET /cormun/servlet/hhome HTTP/1.1" 200 3782
200.111.191.210 - - [29/Aug/2017:15:54:13 -0300] "GET /cormun/servlet/trpermisosgoce? HTTP/1.1" 200 15713
200.111.191.210 - - [29/Aug/2017:15:54:13 -0300] "GET /cormun/servlet/trpermisosgoce? HTTP/1.1" 200 15711
200.111.191.210 - - [29/Aug/2017:15:54:15 -0300] "GET /cormun/servlet/permisogoce?INS,0,,, HTTP/1.1" 200 6619
200.111.191.210 - - [29/Aug/2017:15:54:16 -0300] "GET /cormun/servlet/permisogoce?INS,0,,, HTTP/1.1" 200 6618
200.112.2.149 - - [29/Aug/2017:15:54:31 -0300] "POST /cormun/servlet/licenciaspermisosadjuntos?1be477abe46142f9cb972cae4160c6ab,INS,12292074,L,20170829000000,, HTTP/1.1" 200 116
200.112.2.149 - - [29/Aug/2017:15:54:31 -0300] "GET /cormun/servlet/hpexe_return? HTTP/1.1" 200 1044
200.112.2.149 - - [29/Aug/2017:15:54:32 -0300] "GET /cormun/servlet/trlicenciaspermisosadjuntos?12292074,20170829000000,L, HTTP/1.1" 200 6655
200.112.2.149 - - [29/Aug/2017:15:54:32 -0300] "GET /cormun/servlet/trlicenciaspermisosadjuntos?12292074,20170829000000,L, HTTP/1.1" 200 6652
200.112.2.149 - - [29/Aug/2017:15:54:33 -0300] "GET /cormun/PublicTempStorage/licencia_medica_2_isabel_soto3172150.jpg HTTP/1.1" 200 709405
200.112.3.70 - - [29/Aug/2017:15:54:57 -0300] "POST /cormun/servlet/permisosingoceadjunto?28ed3e2189033b64ff48eed2b7244296,INS,177,, HTTP/1.1" 200 116
200.112.3.70 - - [29/Aug/2017:15:54:57 -0300] "GET /cormun/servlet/hpexe_return? HTTP/1.1" 200 1026
200.112.3.70 - - [29/Aug/2017:15:54:58 -0300] "GET /cormun/servlet/trpermisosingoceadjunto?177,15807694, HTTP/1.1" 200 6551
200.112.3.70 - - [29/Aug/2017:15:54:59 -0300] "GET /cormun/servlet/trpermisosingoceadjunto?177,15807694, HTTP/1.1" 200 6546
200.111.191.210 - - [29/Aug/2017:15:55:00 -0300] "GET /cormun/servlet/permisogoce?51652626297f37f92702d26d930c5316bfceba91158497ba8fc9a22a46543af00599f26a571ad2aad03430ad09aa988292a1248758628b2dd884b931380c1193,gx-no-cache=1504032940224 HTTP/1.1" 200 87
200.112.3.70 - - [29/Aug/2017:15:55:11 -0300] "POST /cormun/servlet/trpermisosingoceadjunto?28ed3e2189033b64ff48eed2b7244296,177,15807694,,gx-no-cache=1504032949699 HTTP/1.1" 200 90
200.112.3.70 - - [29/Aug/2017:15:55:11 -0300] "GET /cormun/servlet/hpexe_link HTTP/1.1" 200 975
200.112.3.70 - - [29/Aug/2017:15:55:11 -0300] "GET /cormun/servlet/tratrazos HTTP/1.1" 200 9076
200.112.3.70 - - [29/Aug/2017:15:55:12 -0300] "GET /cormun/servlet/tratrazos HTTP/1.1" 200 9074
200.112.3.70 - - [29/Aug/2017:15:55:18 -0300] "POST /cormun/servlet/tratrazos?28ed3e2189033b64ff48eed2b7244296,gx-no-cache=1504032956476 HTTP/1.1" 200 6302
200.112.3.70 - - [29/Aug/2017:15:55:18 -0300] "GET /cormun/static/Shared/jqueryui/images/ui-bg_highlight-soft_100_c6c2c8_1x100.png HTTP/1.1" 404 1117
200.112.3.70 - - [29/Aug/2017:15:55:18 -0300] "GET /cormun/static/Shared/jqueryui/images/ui-icons_8d78a5_256x240.png HTTP/1.1" 404 1089
200.112.3.70 - - [29/Aug/2017:15:55:18 -0300] "GET /cormun/static/Shared/jqueryui/images/ui-icons_82798d_256x240.png HTTP/1.1" 404 1089
200.112.3.70 - - [29/Aug/2017:15:55:18 -0300] "GET /cormun/static/Shared/jqueryui/images/ui-bg_flat_55_fafafa_40x100.png HTTP/1.1" 404 1097
139.162.111.98 - - [29/Aug/2017:15:55:47 -0300] "GET / HTTP/1.1" 200 11217
200.112.3.70 - - [29/Aug/2017:15:57:14 -0300] "GET /cormun/servlet/trpermisosingoceadjunto?178,15807694, HTTP/1.1" 200 6146
200.112.3.70 - - [29/Aug/2017:15:57:14 -0300] "GET /cormun/servlet/trpermisosingoceadjunto?178,15807694, HTTP/1.1" 200 6146
200.112.3.70 - - [29/Aug/2017:15:57:16 -0300] "GET /cormun/servlet/permisosingoceadjunto?INS,178,, HTTP/1.1" 200 5463
200.112.3.70 - - [29/Aug/2017:15:57:17 -0300] "GET /cormun/static/about:blank HTTP/1.1" 404 1011
200.112.3.70 - - [29/Aug/2017:15:57:18 -0300] "GET /cormun/servlet/permisosingoceadjunto?f84538302761ff9bed58cfe015f2b7d63a3ddc8c4f7810ee09597f7b4eff89c6,gx-no-cache=1504033076744 HTTP/1.1" 200 26
200.112.3.70 - - [29/Aug/2017:15:57:18 -0300] "GET /cormun/servlet/permisosingoceadjunto?INS,178,, HTTP/1.1" 200 5449
200.112.2.149 - - [29/Aug/2017:15:57:57 -0300] "GET /cormun/servlet/trlicencias? HTTP/1.1" 200 11810
200.112.2.149 - - [29/Aug/2017:15:57:58 -0300] "GET /cormun/servlet/trlicencias? HTTP/1.1" 200 11809
200.112.2.149 - - [29/Aug/2017:15:58:11 -0300] "POST /cormun/servlet/trlicencias?1be477abe46142f9cb972cae4160c6ab,,gx-no-cache=1504033130963 HTTP/1.1" 200 9098
200.112.2.149 - - [29/Aug/2017:15:58:11 -0300] "GET /cormun/static/Shared/jqueryui/images/ui-bg_highlight-soft_100_c6c2c8_1x100.png HTTP/1.1" 404 1117
200.112.2.149 - - [29/Aug/2017:15:58:11 -0300] "GET /cormun/static/Shared/jqueryui/images/ui-icons_82798d_256x240.png HTTP/1.1" 404 1089
200.112.2.149 - - [29/Aug/2017:15:58:11 -0300] "GET /cormun/static/Shared/jqueryui/images/ui-bg_flat_55_fafafa_40x100.png HTTP/1.1" 404 1097
200.112.2.149 - - [29/Aug/2017:15:58:11 -0300] "GET /cormun/static/Shared/jqueryui/images/ui-icons_8d78a5_256x240.png HTTP/1.1" 404 1089
200.112.2.149 - - [29/Aug/2017:15:58:21 -0300] "GET /cormun/servlet/alicenciaprn?12292074,L,20170829000000,PU HTTP/1.1" 200 1621
200.112.3.70 - - [29/Aug/2017:16:00:13 -0300] "POST /cormun/servlet/permisosingoceadjunto?28ed3e2189033b64ff48eed2b7244296,INS,178,, HTTP/1.1" 200 116
200.112.3.70 - - [29/Aug/2017:16:00:14 -0300] "GET /cormun/servlet/hpexe_return? HTTP/1.1" 200 1026
200.112.3.70 - - [29/Aug/2017:16:00:16 -0300] "GET /cormun/servlet/trpermisosingoceadjunto?178,15807694, HTTP/1.1" 200 6576
200.112.3.70 - - [29/Aug/2017:16:00:18 -0300] "GET /cormun/servlet/trpermisosingoceadjunto?178,15807694, HTTP/1.1" 200 6573
200.111.191.210 - - [29/Aug/2017:16:00:39 -0300] "GET /cormun/servlet/permisogoce?51652626297f37f92702d26d930c5316487c77ef2f3b487442206ef86caca22f8976e317bc92691ed18ce89394dd787e198d2c5f97d1fa869161741c282d1aab,gx-no-cache=1504033278742 HTTP/1.1" 200 48
200.111.191.210 - - [29/Aug/2017:16:00:50 -0300] "POST /cormun/servlet/permisogoce?6c4119a9a06baeef409c72c126dfbbd4,INS,0,,,,gx-no-cache=1504033289779 HTTP/1.1" 200 93
200.111.191.210 - - [29/Aug/2017:16:00:50 -0300] "GET /cormun/servlet/hpexe_return? HTTP/1.1" 200 1005
200.111.191.210 - - [29/Aug/2017:16:00:50 -0300] "GET /cormun/servlet/trpermisosgoce HTTP/1.1" 200 15935
200.111.191.210 - - [29/Aug/2017:16:00:51 -0300] "GET /cormun/servlet/trpermisosgoce HTTP/1.1" 200 15931
200.111.191.210 - - [29/Aug/2017:16:00:54 -0300] "GET /cormun/servlet/apermisogoceprn?16348726,P,20170829155343,PU HTTP/1.1" 200 1661
200.112.3.70 - - [29/Aug/2017:16:01:04 -0300] "POST /cormun/servlet/trpermisosingoceadjunto?28ed3e2189033b64ff48eed2b7244296,178,15807694,,gx-no-cache=1504033300946 HTTP/1.1" 200 90
200.112.3.70 - - [29/Aug/2017:16:01:05 -0300] "GET /cormun/servlet/hpexe_link HTTP/1.1" 200 998
200.112.3.70 - - [29/Aug/2017:16:01:06 -0300] "GET /cormun/servlet/tratrazos?gx-no-cache=1504032956476 HTTP/1.1" 200 9083
200.112.3.70 - - [29/Aug/2017:16:01:07 -0300] "GET /cormun/servlet/tratrazos?gx-no-cache=1504032956476 HTTP/1.1" 200 9102
200.112.3.70 - - [29/Aug/2017:16:01:31 -0300] "POST /cormun/servlet/tratrazos?28ed3e2189033b64ff48eed2b7244296,gx-no-cache=1504032956476,gx-no-cache=1504033326926 HTTP/1.1" 200 6304
200.72.197.82 - - [29/Aug/2017:16:01:39 -0300] "GET /cormun/servlet/hlogin HTTP/1.1" 200 1726
200.112.3.70 - - [29/Aug/2017:16:01:46 -0300] "GET /cormun/static/Shared/jqueryui/images/ui-bg_highlight-soft_100_c6c2c8_1x100.png HTTP/1.1" 404 1117
200.112.3.70 - - [29/Aug/2017:16:01:46 -0300] "GET /cormun/static/Shared/jqueryui/images/ui-bg_flat_55_fafafa_40x100.png HTTP/1.1" 404 1097
200.112.3.70 - - [29/Aug/2017:16:01:46 -0300] "GET /cormun/static/Shared/jqueryui/images/ui-icons_8d78a5_256x240.png HTTP/1.1" 404 1089
200.112.3.70 - - [29/Aug/2017:16:01:46 -0300] "GET /cormun/static/Shared/jqueryui/images/ui-icons_82798d_256x240.png HTTP/1.1" 404 1089
200.72.197.82 - - [29/Aug/2017:16:01:58 -0300] "POST /cormun/servlet/hlogin?ba05b55a6bd79bcdfff7da5b41d57188,gx-no-cache=1504033356046 HTTP/1.1" 200 90
200.72.197.82 - - [29/Aug/2017:16:01:59 -0300] "GET /cormun/servlet/hpexe_link HTTP/1.1" 200 967
200.72.197.82 - - [29/Aug/2017:16:01:59 -0300] "GET /cormun/servlet/solicitudot?INS,0,0, HTTP/1.1" 200 12869
200.72.197.82 - - [29/Aug/2017:16:02:01 -0300] "GET /cormun/servlet/solicitudot?INS,0,0, HTTP/1.1" 200 12873
200.72.197.82 - - [29/Aug/2017:16:02:04 -0300] "GET /cormun/servlet/prfichaempleado?,MD,,gxPopupLevel%3D0%3B HTTP/1.1" 200 9275
200.72.197.82 - - [29/Aug/2017:16:02:17 -0300] "POST /cormun/servlet/prfichaempleado?ba05b55a6bd79bcdfff7da5b41d57188,,MD,,gxPopupLevel%3D0%3B,gx-no-cache=1504033374981 HTTP/1.1" 200 3433
200.72.197.82 - - [29/Aug/2017:16:02:24 -0300] "POST /cormun/servlet/solicitudot?gx-no-cache=1504033381721 HTTP/1.1" 200 3199
200.72.197.82 - - [29/Aug/2017:16:02:25 -0300] "POST /cormun/servlet/solicitudot?ba05b55a6bd79bcdfff7da5b41d57188,INS,0,0,,gx-no-cache=1504033382104 HTTP/1.1" 200 10033
200.72.197.82 - - [29/Aug/2017:16:02:25 -0300] "GET /cormun/servlet/solicitudot?7f078b1745f449571f370d66b12ef974d068c7c84c207a03b42e9b8e74e4ef0813ce0b371395b21a942bc72f9a0d3c90,gx-no-cache=1504033382538 HTTP/1.1" 200 30
200.72.197.82 - - [29/Aug/2017:16:02:45 -0300] "POST /cormun/servlet/solicitudot?gx-no-cache=1504033402501 HTTP/1.1" 200 255
200.72.197.82 - - [29/Aug/2017:16:02:45 -0300] "GET /cormun/servlet/solicitudot?7f078b1745f449571f370d66b12ef974952cb0bc8d75baba754d03851cece2a9afbb3b2d20578af5aca2b67e2d23adb1bf8243999f427c3c516fcdfee5f72fb384c5f57b6ebd63ba6f33dcf74f4e7a47fd1a1359151d3e52ac1738efffe8cdc36c00bbff988b1a22e52e9bb0ab78f0c9a8152c2c889a58db4e81522498a5fa065e43ba0e6c83887f2c93b57bc9c8cc00a0ddbcba9b3bf02d327e1de60bc1026e0a57042a2d6a4a0f7022278d9f10bef66d1b77e9fbdaea0257592b3921c40170e7bba91cda1b9140a6da4f55c2a99ff988b01a1a3538fe5c0642e95db48eca69dd4131efc6ae9bbcb62c5af8fd8b74bb47d5b119c327899b00be4ec68ceb1a31a7b76793bc9d142710a1bbb20d8169033cdf76f342e5c5741d5c94eb1e00af2ff13e10dcdbbcfea32340a3bf4ebf96be06d67aaa91964c39453426509ba8d90588bf05fb7e076363b0e4a8553d695a7c09a0f4676e2a2d7198378bbcf8dc1fa6312342070f32bc818b60934cfbce66aa907716ce32bdf7361a28d10117ba7c8d,gx-no-cache=1504033402633 HTTP/1.1" 200 30
200.72.197.82 - - [29/Aug/2017:16:02:45 -0300] "POST /cormun/servlet/solicitudot?gx-no-cache=1504033402701 HTTP/1.1" 200 30
200.72.197.82 - - [29/Aug/2017:16:02:45 -0300] "POST /cormun/servlet/solicitudot?gx-no-cache=1504033402838 HTTP/1.1" 200 1357
200.72.197.82 - - [29/Aug/2017:16:02:45 -0300] "POST /cormun/servlet/solicitudot?gx-no-cache=1504033403052 HTTP/1.1" 200 38
200.72.197.82 - - [29/Aug/2017:16:02:52 -0300] "POST /cormun/servlet/solicitudot?gx-no-cache=1504033409905 HTTP/1.1" 200 30
200.72.197.82 - - [29/Aug/2017:16:02:54 -0300] "POST /cormun/servlet/solicitudot?gx-no-cache=1504033411911 HTTP/1.1" 200 1357
200.72.197.82 - - [29/Aug/2017:16:02:55 -0300] "POST /cormun/servlet/solicitudot?gx-no-cache=1504033412860 HTTP/1.1" 200 38
200.112.3.70 - - [29/Aug/2017:16:03:24 -0300] "GET /cormun/servlet/hlogin HTTP/1.1" 200 1719
200.112.3.70 - - [29/Aug/2017:16:03:25 -0300] "GET /cormun/static/Resources/Spanish/PXTools.css?11423723 HTTP/1.1" 304 -
200.112.3.70 - - [29/Aug/2017:16:03:25 -0300] "GET /cormun/static/gxgral.js?85251 HTTP/1.1" 304 -
200.112.3.70 - - [29/Aug/2017:16:03:25 -0300] "GET /cormun/static/gxtimezone.js?85251 HTTP/1.1" 304 -
200.112.3.70 - - [29/Aug/2017:16:03:25 -0300] "GET /cormun/static/gxcfg.js?20175251213516 HTTP/1.1" 304 -
200.112.3.70 - - [29/Aug/2017:16:03:25 -0300] "GET /cormun/static/Resources/ComunLogin.png HTTP/1.1" 304 -
200.112.3.70 - - [29/Aug/2017:16:03:25 -0300] "GET /cormun/static/messages.spa.js?85251 HTTP/1.1" 304 -
200.112.3.70 - - [29/Aug/2017:16:03:26 -0300] "GET /cormun/static/hlogin.js?20175251213537 HTTP/1.1" 304 -
200.112.3.70 - - [29/Aug/2017:16:03:26 -0300] "GET /cormun/static/Resources/PXToolsLoginBackground.png HTTP/1.1" 304 -
200.112.3.70 - - [29/Aug/2017:16:03:26 -0300] "GET /cormun/static/Resources/PXToolsButtonLeft21.png HTTP/1.1" 304 -
200.112.3.70 - - [29/Aug/2017:16:03:26 -0300] "GET /cormun/static/Resources/PXToolsButtonRight21.png HTTP/1.1" 304 -
200.112.3.70 - - [29/Aug/2017:16:03:26 -0300] "GET /cormun/static/Resources/PXToolsButtonBackground2.png HTTP/1.1" 304 -
200.112.3.70 - - [29/Aug/2017:16:03:26 -0300] "GET /cormun/static/Resources/PXToolsLoginBottom.png HTTP/1.1" 304 -
200.112.3.70 - - [29/Aug/2017:16:03:27 -0300] "GET /cormun/static/Resources/PXToolsLoginTop.png HTTP/1.1" 304 -
200.112.3.70 - - [29/Aug/2017:16:03:27 -0300] "GET /cormun/static/Resources/indicator.gif HTTP/1.1" 304 -
200.112.3.70 - - [29/Aug/2017:16:03:46 -0300] "POST /cormun/servlet/hlogin?c9e8c466749a268e622b9bd657783afd,gx-no-cache=1504033464609 HTTP/1.1" 200 90
200.112.3.70 - - [29/Aug/2017:16:03:46 -0300] "GET /cormun/servlet/hpexe_link HTTP/1.1" 200 951
200.112.3.70 - - [29/Aug/2017:16:03:47 -0300] "GET /cormun/servlet/hhome HTTP/1.1" 200 4060
200.72.197.82 - - [29/Aug/2017:16:03:49 -0300] "POST /cormun/servlet/solicitudot?gx-no-cache=1504033464733 HTTP/1.1" 200 1357
