186.103.159.188 - - [24/Aug/2017:11:50:07 -0300] "GET /cormun/servlet/solicitudot?aed011bdae13f8e39f78080c1a27f8fea65cc42f57d4bfacd87351558cc96e171088cac3719780db236f10f5b0b03667475bf5e4d6b1ffd8195116a6397e8131ee365b58f8219a2e9d50cb9ebcb0bc229bcbc7ff42fdf7be50ef38f5c81321572ef153a83b8d9d8195158967c8af14361bbbabb89dfad9b8547a2cdce775d9bc1b142a744b0900034c6e37271ce6af31ebf290a17892771e3dda0a31d4b482e8,gx-no-cache=1503586247296 HTTP/1.1" 200 29
186.103.159.188 - - [24/Aug/2017:11:50:07 -0300] "GET /cormun/servlet/solicitudot?aed011bdae13f8e39f78080c1a27f8feafd94f390bc4e5109a3560dff2f3692e66eb44478f50558669ee130a58e0b41f21a4ff334333ca6be07f337a88846db1a66e206af754b68ec25b4ea5c588302a15097b30798132620624eb23f9d04fa9253586d32f605c7c58783aa4293e5d9e56c7a4e2d5014749602004e04f71c8e5523aab9c350cb8b75d8ed44a7a01460f93157fb8b620d57163f6789e8b4303adeac39c2da490bda7f336e10a6d5804a4b5aedc4821af1976fd394acecb966733,gx-no-cache=1503586247321 HTTP/1.1" 200 62
186.67.172.234 - - [24/Aug/2017:11:50:14 -0300] "POST /cormun/servlet/hlogin?a12c1d148dd789c72a4b01458db19580,gx-no-cache=1503586200953 HTTP/1.1" 200 90
186.67.172.234 - - [24/Aug/2017:11:50:14 -0300] "GET /cormun/servlet/hpexe_link HTTP/1.1" 200 951
186.67.172.234 - - [24/Aug/2017:11:50:14 -0300] "GET /cormun/servlet/hhome HTTP/1.1" 200 4061
186.67.172.234 - - [24/Aug/2017:11:50:15 -0300] "GET /cormun/servlet/hhome HTTP/1.1" 200 4057
192.168.10.89 - - [24/Aug/2017:11:50:16 -0300] "POST /cormun/servlet/trsolicitudgral?39279edbf5f1e628db6d844ab767ecbf,gx-no-cache=1503585275255,gx-no-cache=1503586186198 HTTP/1.1" 200 115
192.168.10.89 - - [24/Aug/2017:11:50:16 -0300] "GET /cormun/servlet/solicitudotlog?INS,2017,7252,0,REC, HTTP/1.1" 200 6446
192.168.10.89 - - [24/Aug/2017:11:50:17 -0300] "GET /cormun/servlet/solicitudotlog?5641ff444146a91196461f445f7735392275f4ef8e4c34229b60fd7be0594cfac78f9e1e9e5722e9d483a2bc77ba4668869fdf19f8f88c5e20378cfff12025e0e870891978fa093e12fe340792ac2c405e4f10da343a20e035a942c6789740ec289c11633654aaaa27a9a3feda7b2bad281920eed14aca47e303816773f764ae46749d68524134d4d66ef2c1e59f986ebdf6e293b6c81dcf1852fcc86b61940f,gx-no-cache=1503586187313 HTTP/1.1" 200 94
186.67.172.234 - - [24/Aug/2017:11:50:19 -0300] "GET /cormun/servlet/trpermisosgoce? HTTP/1.1" 200 15147
186.103.159.188 - - [24/Aug/2017:11:50:19 -0300] "GET /cormun/servlet/prfichaempleado?,MD,,gxPopupLevel%3D0%3B HTTP/1.1" 200 9260
186.67.172.234 - - [24/Aug/2017:11:50:20 -0300] "GET /cormun/servlet/trpermisosgoce? HTTP/1.1" 200 15129
192.168.10.89 - - [24/Aug/2017:11:50:23 -0300] "POST /cormun/servlet/solicitudotlog?39279edbf5f1e628db6d844ab767ecbf,INS,2017,7252,0,REC,,gx-no-cache=1503586192580 HTTP/1.1" 200 93
192.168.10.89 - - [24/Aug/2017:11:50:23 -0300] "GET /cormun/servlet/hpexe_return? HTTP/1.1" 200 1037
186.67.172.234 - - [24/Aug/2017:11:50:23 -0300] "GET /cormun/servlet/permisogoce?INS,0,,, HTTP/1.1" 200 6901
192.168.10.89 - - [24/Aug/2017:11:50:23 -0300] "GET /cormun/servlet/trsolicitudgral?gx-no-cache=1503585275255 HTTP/1.1" 200 12982
186.67.172.234 - - [24/Aug/2017:11:50:23 -0300] "GET /cormun/servlet/permisogoce?INS,0,,, HTTP/1.1" 200 6901
186.103.159.188 - - [24/Aug/2017:11:50:28 -0300] "POST /cormun/servlet/prfichaempleado?48ae9a307417dad319a32738a189f5bb,,MD,,gxPopupLevel%3D0%3B,gx-no-cache=1503586267909 HTTP/1.1" 200 3418
186.67.172.234 - - [24/Aug/2017:11:50:32 -0300] "GET /cormun/servlet/permisogoce?e15422263e52ad8f3feee058bdc70e22a99c6b53d0e7e5dc6d2363d1ed034f3b9ea77b01acb13a216a7b361dbe04e29916dbf87b989914452e4f8247ea969fbf,gx-no-cache=1503586218897 HTTP/1.1" 200 80
186.67.172.234 - - [24/Aug/2017:11:50:32 -0300] "GET /cormun/static/menuarrow.gif HTTP/1.1" 404 1015
186.103.159.188 - - [24/Aug/2017:11:50:37 -0300] "GET /cormun/servlet/prlicenciaspermisos?7758584,L,,MD,,gxPopupLevel%3D0%3B HTTP/1.1" 200 7797
186.103.159.188 - - [24/Aug/2017:11:50:39 -0300] "POST /cormun/servlet/solicitudot?gx-no-cache=1503586278770 HTTP/1.1" 200 1357
186.67.172.234 - - [24/Aug/2017:11:50:42 -0300] "GET /cormun/servlet/permisogoce?e15422263e52ad8f3feee058bdc70e22af5b7f63306f7182f8bd341a37b181027e28d51af2392cdbb4e234d6238de794d500646d4317305ba4a9200cb8ed50c8,gx-no-cache=1503586228725 HTTP/1.1" 200 47
186.103.159.188 - - [24/Aug/2017:11:50:45 -0300] "POST /cormun/servlet/solicitudot?gx-no-cache=1503586285160 HTTP/1.1" 200 41
186.67.172.234 - - [24/Aug/2017:11:50:47 -0300] "POST /cormun/servlet/permisogoce?a12c1d148dd789c72a4b01458db19580,INS,0,,,,gx-no-cache=1503586233321 HTTP/1.1" 200 93
186.67.172.234 - - [24/Aug/2017:11:50:47 -0300] "GET /cormun/servlet/hpexe_return? HTTP/1.1" 200 1009
186.67.172.234 - - [24/Aug/2017:11:50:47 -0300] "GET /cormun/servlet/trpermisosgoce HTTP/1.1" 200 15468
186.67.172.234 - - [24/Aug/2017:11:50:47 -0300] "GET /cormun/servlet/trpermisosgoce HTTP/1.1" 200 15481
186.67.172.234 - - [24/Aug/2017:11:50:50 -0300] "GET /cormun/servlet/permisogoce?INS,0,,, HTTP/1.1" 200 6900
186.103.159.188 - - [24/Aug/2017:11:50:51 -0300] "POST /cormun/servlet/solicitudot?gx-no-cache=1503586290990 HTTP/1.1" 200 1337
186.103.159.188 - - [24/Aug/2017:11:50:51 -0300] "GET /cormun/static/menuarrow.gif HTTP/1.1" 404 1015
186.103.159.188 - - [24/Aug/2017:11:50:53 -0300] "POST /cormun/servlet/solicitudot?gx-no-cache=1503586293281 HTTP/1.1" 200 1337
186.67.172.234 - - [24/Aug/2017:11:50:54 -0300] "GET /cormun/servlet/permisogoce?INS,0,,, HTTP/1.1" 200 6901
186.67.172.234 - - [24/Aug/2017:11:51:05 -0300] "GET /cormun/servlet/permisogoce?e15422263e52ad8f3feee058bdc70e22ed1b65082175e8d910cec3970727b0d79ea77b01acb13a216a7b361dbe04e29916dbf87b989914452e4f8247ea969fbf,gx-no-cache=1503586248898 HTTP/1.1" 200 80
186.67.172.234 - - [24/Aug/2017:11:51:05 -0300] "GET /cormun/static/menuarrow.gif HTTP/1.1" 404 1015
186.67.172.234 - - [24/Aug/2017:11:51:16 -0300] "GET /cormun/servlet/permisogoce?e15422263e52ad8f3feee058bdc70e22b0f6e3dd129207f4e9672a43192263b4eff7f093e59caddc8369a60ef6867418d500646d4317305ba4a9200cb8ed50c8,gx-no-cache=1503586262982 HTTP/1.1" 200 48
192.168.10.89 - - [24/Aug/2017:11:51:19 -0300] "GET /cormun/servlet/solicitudgral?UPD,2017,7219, HTTP/1.1" 200 12542
186.67.172.234 - - [24/Aug/2017:11:51:20 -0300] "POST /cormun/servlet/permisogoce?a12c1d148dd789c72a4b01458db19580,INS,0,,,,gx-no-cache=1503586266571 HTTP/1.1" 200 93
186.67.172.234 - - [24/Aug/2017:11:51:20 -0300] "GET /cormun/servlet/hpexe_return? HTTP/1.1" 200 1009
186.67.172.234 - - [24/Aug/2017:11:51:20 -0300] "GET /cormun/servlet/trpermisosgoce HTTP/1.1" 200 15682
192.168.10.89 - - [24/Aug/2017:11:51:20 -0300] "POST /cormun/servlet/solicitudgral?gx-no-cache=1503586249878 HTTP/1.1" 200 3203
192.168.10.89 - - [24/Aug/2017:11:51:20 -0300] "GET /cormun/servlet/solicitudgral?5641ff444146a91196461f445f773539faa794647744bda914f4872cd6b62f7ff0f33f2b9c081703c48a803afde960a1baaf392d773c102c27853d8809e111e4d1198ab8da136c6af148ba4a53945214cf0f1cdf0f0cb7a43a130e1af6f01213d638c292fcf2ba7306439bcacdbf5523a7caef4030999257123197ab2416e474318e6ce89e056a7dea1cb8b34c282b9fdfb996d950e4611b9ebbdb66c49199f4ca5370aa130754ca2392b7bcd0a9bb1f17faf3ce5cdae1105d1316988252a7d970f2932c37865039414aa846fc50398ee7c207974120c25dcc9cc74b8116f07c5d9f401acfc16935d41a3c7559d35935aee37ddbba1d9e9562476f48c4817d73de68a09f2b3cc71c8a5c698ba6711014794547de7c2cc0d7d6ef9a989ca765f59f4c7d1961be8835256a01317cfe1c0598bf73e892164faf158a00c5b5d5d66feac1b62de91eee5d61b7f6c0d0bd6078,gx-no-cache=1503586250330 HTTP/1.1" 200 257
186.67.172.234 - - [24/Aug/2017:11:51:21 -0300] "GET /cormun/servlet/trpermisosgoce HTTP/1.1" 200 15679
192.168.10.89 - - [24/Aug/2017:11:51:23 -0300] "GET /cormun/servlet/solicitudgral?5641ff444146a91196461f445f773539d44a0f248546d2611c70d7cf98adef76500caf825d45d75167d8e1caee129904cb3f3a47ff699900372b5a2d12841ad03a4cdc68a9b0913d06546f59ab48522f13e110e900aa9cd9925db9b14fd60989e3829df9e88cc2a11bbd64c8ce68d280ad08ee1b542d3015ae12706e0e41ca34d3c1521646e6e9fce90e413fc7aedcea9ade6aa439ece1c57b09303d57ac26fb60118a5d57c56b149b21a2b7656541d570f2932c37865039414aa846fc50398e95be454e9a1d39e8b0d660a87dc1384dbdf7f46dce842fc7c5f41b7c669753cf7f1e454c45fde6aec2290b28eff6fd0387a6994ccd611ffc2e1967446e0f70349c92f86945e1d6f962f138a567ae0d2d65a421b261256f5a7c906e7dd95431f5d2a03b8e854934b87a188814fa5721ae2acc9f82c09d9d20f7caf9945e4ebe2376add07e98b8e6938719a0627df936343b994d11d12f067c5b205532197c5a8d0b32b67757383ff2ed9640297e5b07e37f353f9a5dc7f6e11436dffee2be432cd63c8b1cf4bfd2e7c24ff9be6f8c24db2ee8c2669462c1bad7073b799250ae24e39151003fd03970aee0233abe49c63cb603d593fde6ed048a9aac35e30f7f7f9e9ba34c632a1944f21f19b0e5e1e076c164ff2f299f49b4713970f5571c695b77aff0aca24f279970d51b6076f850bb2ee8c2669462c1bad7073b799250ae24f678b8070b4fbb0c703f200d7a698e5d04348791160ef9f36be3d876ea45f95bb028fac098192e1e39960845210a3221,gx-no-cache=1503586252763 HTTP/1.1" 200 48
186.67.172.234 - - [24/Aug/2017:11:51:23 -0300] "GET /cormun/servlet/trpermisosadjuntos?18039691,20170824115020,P, HTTP/1.1" 200 6369
186.67.172.234 - - [24/Aug/2017:11:51:24 -0300] "GET /cormun/servlet/trpermisosadjuntos?18039691,20170824115020,P, HTTP/1.1" 200 6369
192.168.10.89 - - [24/Aug/2017:11:51:24 -0300] "POST /cormun/servlet/solicitudgral?39279edbf5f1e628db6d844ab767ecbf,UPD,2017,7219,,gx-no-cache=1503586254301 HTTP/1.1" 200 10855
192.168.10.89 - - [24/Aug/2017:11:51:24 -0300] "GET /cormun/servlet/solicitudgral?5641ff444146a91196461f445f773539b27bcc2f777b2c49c1ae437e3b800de570356e2cb57903d601b1a9cfebd0a5f7e608c62337ba47af8bce463c3896e40777ceecf753f8b626fc03fb537fecd9efb137bd80acb566e497fbb7f27dd6db55853b9e9e36724cae1043de8e196f7a5a271ff7d5865905875bdf74d8fe32d91d575909c9351e146e78e8ea3693b4a0bd926f1bd57ecf46f9eec4a5041269199e,gx-no-cache=1503586254508 HTTP/1.1" 200 29
192.168.10.89 - - [24/Aug/2017:11:51:24 -0300] "POST /cormun/servlet/solicitudgral?gx-no-cache=1503586254525 HTTP/1.1" 200 1312
192.168.10.89 - - [24/Aug/2017:11:51:25 -0300] "POST /cormun/servlet/solicitudgral?gx-no-cache=1503586254563 HTTP/1.1" 200 1216
192.168.10.89 - - [24/Aug/2017:11:51:25 -0300] "POST /cormun/servlet/solicitudgral?39279edbf5f1e628db6d844ab767ecbf,UPD,2017,7219,,gx-no-cache=1503586254638 HTTP/1.1" 200 93
192.168.10.89 - - [24/Aug/2017:11:51:25 -0300] "GET /cormun/servlet/hpexe_return? HTTP/1.1" 200 1028
192.168.10.89 - - [24/Aug/2017:11:51:25 -0300] "GET /cormun/servlet/trsolicitudgral?gx-no-cache=1503585275255 HTTP/1.1" 200 12603
186.67.172.234 - - [24/Aug/2017:11:51:25 -0300] "GET /cormun/servlet/permisosadjuntos?INS,18039691,P,20170824115020,, HTTP/1.1" 200 5694
186.67.172.234 - - [24/Aug/2017:11:51:25 -0300] "GET /cormun/static/about:blank HTTP/1.1" 404 1011
186.67.172.234 - - [24/Aug/2017:11:51:26 -0300] "GET /cormun/servlet/permisosadjuntos?INS,18039691,P,20170824115020,, HTTP/1.1" 200 5684
186.67.172.234 - - [24/Aug/2017:11:51:31 -0300] "POST /cormun/servlet/permisosadjuntos?a12c1d148dd789c72a4b01458db19580,INS,18039691,P,20170824115020,, HTTP/1.1" 200 116
186.67.172.234 - - [24/Aug/2017:11:51:31 -0300] "GET /cormun/servlet/hpexe_return? HTTP/1.1" 200 1037
186.67.172.234 - - [24/Aug/2017:11:51:32 -0300] "GET /cormun/servlet/trpermisosadjuntos?18039691,20170824115020,P, HTTP/1.1" 200 6848
186.67.172.234 - - [24/Aug/2017:11:51:32 -0300] "GET /cormun/servlet/trpermisosadjuntos?18039691,20170824115020,P, HTTP/1.1" 200 6843
186.67.172.234 - - [24/Aug/2017:11:51:34 -0300] "POST /cormun/servlet/trpermisosadjuntos?a12c1d148dd789c72a4b01458db19580,18039691,20170824115020,P,,gx-no-cache=1503586281304 HTTP/1.1" 200 90
192.168.10.89 - - [24/Aug/2017:11:51:37 -0300] "GET /cormun/servlet/solicitudgral2?UPD,2017,7104, HTTP/1.1" 200 12724
192.168.10.89 - - [24/Aug/2017:11:51:38 -0300] "POST /cormun/servlet/solicitudgral2?gx-no-cache=1503586267799 HTTP/1.1" 200 3205
192.168.10.89 - - [24/Aug/2017:11:51:38 -0300] "GET /cormun/servlet/solicitudgral2?5641ff444146a91196461f445f773539faa794647744bda914f4872cd6b62f7ff0f33f2b9c081703c48a803afde960a1baaf392d773c102c27853d8809e111e4d1198ab8da136c6af148ba4a53945214cf0f1cdf0f0cb7a43a130e1af6f01213d638c292fcf2ba7306439bcacdbf5523a7caef4030999257123197ab2416e474318e6ce89e056a7dea1cb8b34c282b9fdfb996d950e4611b9ebbdb66c49199f4ca5370aa130754ca2392b7bcd0a9bb1f17faf3ce5cdae1105d1316988252a7d970f2932c37865039414aa846fc50398ee7c207974120c25dcc9cc74b8116f07c5d9f401acfc16935d41a3c7559d35935aee37ddbba1d9e9562476f48c4817d73de68a09f2b3cc71c8a5c698ba6711014794547de7c2cc0d7d6ef9a989ca765f59f4c7d1961be8835256a01317cfe1c0598bf73e892164faf158a00c5b5d5d66feac1b62de91eee5d61b7f6c0d0bd6078,gx-no-cache=1503586267964 HTTP/1.1" 200 257
192.168.10.89 - - [24/Aug/2017:11:51:38 -0300] "POST /cormun/servlet/solicitudgral2?gx-no-cache=1503586267988 HTTP/1.1" 200 1414
192.168.10.89 - - [24/Aug/2017:11:51:38 -0300] "GET /cormun/servlet/solicitudgral2?5641ff444146a91196461f445f7735390ad69965d0e166913697e7ca95b593358bd95323020f7c1dc578a8a70347f9a6baaf392d773c102c27853d8809e111e4a4c852fc6c42a7b35fb5b5ef7fd3e1b2b71620c1800035c2becae041f6c55fcee605634996e43c53677163bdb3eb67d5,gx-no-cache=1503586268023 HTTP/1.1" 200 41
186.67.172.234 - - [24/Aug/2017:11:51:41 -0300] "GET /cormun/servlet/hpexe_link HTTP/1.1" 200 982
192.168.10.89 - - [24/Aug/2017:11:51:41 -0300] "POST /cormun/servlet/solicitudgral2?39279edbf5f1e628db6d844ab767ecbf,UPD,2017,7104,,gx-no-cache=1503586270895 HTTP/1.1" 200 93
192.168.10.89 - - [24/Aug/2017:11:51:41 -0300] "GET /cormun/servlet/hpexe_return? HTTP/1.1" 200 1029
186.67.172.234 - - [24/Aug/2017:11:51:41 -0300] "GET /cormun/servlet/trpermisosgoce HTTP/1.1" 200 15686
192.168.10.89 - - [24/Aug/2017:11:51:41 -0300] "GET /cormun/servlet/trsolicitudgral?gx-no-cache=1503585275255 HTTP/1.1" 200 12603
186.67.172.234 - - [24/Aug/2017:11:51:41 -0300] "GET /cormun/servlet/trpermisosgoce HTTP/1.1" 200 15693
192.168.10.89 - - [24/Aug/2017:11:51:45 -0300] "GET /cormun/servlet/solicitudgral2?UPD,2017,7104, HTTP/1.1" 200 12724
192.168.10.89 - - [24/Aug/2017:11:51:46 -0300] "POST /cormun/servlet/solicitudgral2?gx-no-cache=1503586275566 HTTP/1.1" 200 3205
186.67.172.234 - - [24/Aug/2017:11:51:46 -0300] "GET /cormun/servlet/trpermisosadjuntos?13720077,20170824114952,P, HTTP/1.1" 200 6374
192.168.10.89 - - [24/Aug/2017:11:51:46 -0300] "GET /cormun/servlet/solicitudgral2?5641ff444146a91196461f445f773539faa794647744bda914f4872cd6b62f7ff0f33f2b9c081703c48a803afde960a1baaf392d773c102c27853d8809e111e4d1198ab8da136c6af148ba4a53945214cf0f1cdf0f0cb7a43a130e1af6f01213d638c292fcf2ba7306439bcacdbf5523a7caef4030999257123197ab2416e474318e6ce89e056a7dea1cb8b34c282b9fdfb996d950e4611b9ebbdb66c49199f4ca5370aa130754ca2392b7bcd0a9bb1f17faf3ce5cdae1105d1316988252a7d970f2932c37865039414aa846fc50398ee7c207974120c25dcc9cc74b8116f07c5d9f401acfc16935d41a3c7559d35935aee37ddbba1d9e9562476f48c4817d73de68a09f2b3cc71c8a5c698ba6711014794547de7c2cc0d7d6ef9a989ca765f59f4c7d1961be8835256a01317cfe1c0598bf73e892164faf158a00c5b5d5d66feac1b62de91eee5d61b7f6c0d0bd6078,gx-no-cache=1503586275734 HTTP/1.1" 200 257
192.168.10.89 - - [24/Aug/2017:11:51:46 -0300] "POST /cormun/servlet/solicitudgral2?gx-no-cache=1503586275757 HTTP/1.1" 200 1414
192.168.10.89 - - [24/Aug/2017:11:51:46 -0300] "GET /cormun/servlet/solicitudgral2?5641ff444146a91196461f445f7735390ad69965d0e166913697e7ca95b593358bd95323020f7c1dc578a8a70347f9a6baaf392d773c102c27853d8809e111e4a4c852fc6c42a7b35fb5b5ef7fd3e1b2b71620c1800035c2becae041f6c55fcee605634996e43c53677163bdb3eb67d5,gx-no-cache=1503586275791 HTTP/1.1" 200 41
186.67.172.234 - - [24/Aug/2017:11:51:46 -0300] "GET /cormun/servlet/trpermisosadjuntos?13720077,20170824114952,P, HTTP/1.1" 200 6375
192.168.10.89 - - [24/Aug/2017:11:51:47 -0300] "POST /cormun/servlet/solicitudgral2?39279edbf5f1e628db6d844ab767ecbf,UPD,2017,7104,,gx-no-cache=1503586276784 HTTP/1.1" 200 10925
192.168.10.89 - - [24/Aug/2017:11:51:47 -0300] "GET /cormun/servlet/solicitudgral2?5641ff444146a91196461f445f773539b27bcc2f777b2c49c1ae437e3b800de570356e2cb57903d601b1a9cfebd0a5f7e608c62337ba47af8bce463c3896e407fae9d810acba3ff845c087a184b6a523b137bd80acb566e497fbb7f27dd6db55c586ce43430e8ce5371a70f6e30e12bca1a457108f97dfede7d756d1b2836d11c97019ef8cf7689f76e4fc002d92e38607d6ae77e1966ed5c6a584836fc880dfa7ede2b112e90c713e7769d4cea0d45565f83914dc5f83c2f3cb256a993b065e58664aa714fadc4d05bf4d7f2a859258,gx-no-cache=1503586276987 HTTP/1.1" 200 29
192.168.10.89 - - [24/Aug/2017:11:51:47 -0300] "POST /cormun/servlet/solicitudgral2?gx-no-cache=1503586277004 HTTP/1.1" 200 1312
192.168.10.89 - - [24/Aug/2017:11:51:47 -0300] "POST /cormun/servlet/solicitudgral2?gx-no-cache=1503586277034 HTTP/1.1" 200 1216
186.67.172.234 - - [24/Aug/2017:11:51:47 -0300] "GET /cormun/servlet/permisosadjuntos?INS,13720077,P,20170824114952,, HTTP/1.1" 200 5699
186.67.172.234 - - [24/Aug/2017:11:51:51 -0300] "GET /cormun/static/about:blank HTTP/1.1" 404 1011
186.67.172.234 - - [24/Aug/2017:11:51:51 -0300] "GET /cormun/servlet/permisosadjuntos?INS,13720077,P,20170824114952,, HTTP/1.1" 200 5689
192.168.10.89 - - [24/Aug/2017:11:51:52 -0300] "GET /cormun/servlet/solicitudgral2?5641ff444146a91196461f445f773539e8d9e8f38c3aeffd43a3c5f71e83a46639accb119156cf21c294f62f82d22e814b7a09af9a1f7baa601d520c45442d186b48daddc0e4c1f6ffc9b0722fa820b28daa8979a717f53925e828793f3ed091cdcd22284c818ab6d2ecc5f2edb6d26c2938d570977cd65f9c0c988f5870d625,gx-no-cache=1503586281820 HTTP/1.1" 200 30
192.168.10.89 - - [24/Aug/2017:11:51:52 -0300] "POST /cormun/servlet/solicitudgral2?39279edbf5f1e628db6d844ab767ecbf,UPD,2017,7104,,gx-no-cache=1503586281839 HTTP/1.1" 200 93
192.168.10.89 - - [24/Aug/2017:11:51:52 -0300] "GET /cormun/servlet/hpexe_return? HTTP/1.1" 200 1029
192.168.10.89 - - [24/Aug/2017:11:51:52 -0300] "GET /cormun/servlet/trsolicitudgral?gx-no-cache=1503585275255 HTTP/1.1" 200 12606
192.168.10.89 - - [24/Aug/2017:11:51:56 -0300] "POST /cormun/servlet/trsolicitudgral?39279edbf5f1e628db6d844ab767ecbf,gx-no-cache=1503585275255,gx-no-cache=1503586285716 HTTP/1.1" 200 8813
192.168.10.89 - - [24/Aug/2017:11:51:56 -0300] "GET /cormun/static/Shared/jqueryui/images/ui-icons_8d78a5_256x240.png HTTP/1.1" 404 1089
192.168.10.89 - - [24/Aug/2017:11:51:56 -0300] "GET /cormun/static/Shared/jqueryui/images/ui-bg_highlight-soft_100_c6c2c8_1x100.png HTTP/1.1" 404 1117
192.168.10.89 - - [24/Aug/2017:11:51:56 -0300] "GET /cormun/static/Shared/jqueryui/images/ui-icons_82798d_256x240.png HTTP/1.1" 404 1089
192.168.10.89 - - [24/Aug/2017:11:51:56 -0300] "GET /cormun/static/Shared/jqueryui/images/ui-bg_flat_55_fafafa_40x100.png HTTP/1.1" 404 1097
186.67.172.234 - - [24/Aug/2017:11:51:57 -0300] "POST /cormun/servlet/permisosadjuntos?a12c1d148dd789c72a4b01458db19580,INS,13720077,P,20170824114952,, HTTP/1.1" 200 116
186.67.172.234 - - [24/Aug/2017:11:51:57 -0300] "GET /cormun/servlet/hpexe_return? HTTP/1.1" 200 1038
186.67.172.234 - - [24/Aug/2017:11:51:58 -0300] "GET /cormun/servlet/trpermisosadjuntos?13720077,20170824114952,P, HTTP/1.1" 200 6840
186.67.172.234 - - [24/Aug/2017:11:51:58 -0300] "GET /cormun/servlet/trpermisosadjuntos?13720077,20170824114952,P, HTTP/1.1" 200 6837
186.67.172.234 - - [24/Aug/2017:11:52:00 -0300] "POST /cormun/servlet/trpermisosadjuntos?a12c1d148dd789c72a4b01458db19580,13720077,20170824114952,P,,gx-no-cache=1503586307544 HTTP/1.1" 200 90
186.67.172.234 - - [24/Aug/2017:11:52:01 -0300] "GET /cormun/servlet/hpexe_link HTTP/1.1" 200 983
186.67.172.234 - - [24/Aug/2017:11:52:01 -0300] "GET /cormun/servlet/trpermisosgoce HTTP/1.1" 200 15701
186.67.172.234 - - [24/Aug/2017:11:52:01 -0300] "GET /cormun/servlet/trpermisosgoce HTTP/1.1" 200 15677
186.67.172.234 - - [24/Aug/2017:11:52:07 -0300] "POST /cormun/servlet/trpermisosgoce?a12c1d148dd789c72a4b01458db19580,gx-no-cache=1503586313372 HTTP/1.1" 200 12774
186.67.172.234 - - [24/Aug/2017:11:52:08 -0300] "GET /cormun/static/Shared/jqueryui/images/ui-bg_highlight-soft_100_c6c2c8_1x100.png HTTP/1.1" 404 1117
186.67.172.234 - - [24/Aug/2017:11:52:11 -0300] "GET /cormun/static/Shared/jqueryui/images/ui-icons_82798d_256x240.png HTTP/1.1" 404 1089
186.67.172.234 - - [24/Aug/2017:11:52:11 -0300] "GET /cormun/static/Shared/jqueryui/images/ui-bg_flat_55_fafafa_40x100.png HTTP/1.1" 404 1097
186.67.172.234 - - [24/Aug/2017:11:52:11 -0300] "GET /cormun/static/Shared/jqueryui/images/ui-icons_8d78a5_256x240.png HTTP/1.1" 404 1089
186.103.159.188 - - [24/Aug/2017:11:52:12 -0300] "POST /cormun/servlet/solicitudot?gx-no-cache=1503586371788 HTTP/1.1" 200 32
186.67.172.234 - - [24/Aug/2017:11:52:12 -0300] "POST /cormun/servlet/trpermisosgoce?a12c1d148dd789c72a4b01458db19580,gx-no-cache=1503586318898 HTTP/1.1" 200 12745
186.67.172.234 - - [24/Aug/2017:11:52:18 -0300] "GET /cormun/servlet/trautorizarpermisogoce? HTTP/1.1" 200 7988
186.67.172.234 - - [24/Aug/2017:11:52:18 -0300] "GET /cormun/servlet/trautorizarpermisogoce? HTTP/1.1" 200 7988
186.67.172.234 - - [24/Aug/2017:11:52:21 -0300] "POST /cormun/servlet/trautorizarpermisogoce?a12c1d148dd789c72a4b01458db19580,,gx-no-cache=1503586328156 HTTP/1.1" 200 4971
186.67.172.234 - - [24/Aug/2017:11:52:21 -0300] "GET /cormun/static/Shared/jqueryui/images/ui-bg_highlight-soft_100_c6c2c8_1x100.png HTTP/1.1" 404 1117
186.67.172.234 - - [24/Aug/2017:11:52:21 -0300] "GET /cormun/static/Shared/jqueryui/images/ui-icons_82798d_256x240.png HTTP/1.1" 404 1089
186.67.172.234 - - [24/Aug/2017:11:52:21 -0300] "GET /cormun/static/Shared/jqueryui/images/ui-bg_flat_55_fafafa_40x100.png HTTP/1.1" 404 1097
186.67.172.234 - - [24/Aug/2017:11:52:21 -0300] "GET /cormun/static/Shared/jqueryui/images/ui-icons_8d78a5_256x240.png HTTP/1.1" 404 1089
186.67.172.234 - - [24/Aug/2017:11:52:24 -0300] "POST /cormun/servlet/trautorizarpermisogoce?a12c1d148dd789c72a4b01458db19580,,gx-no-cache=1503586331303 HTTP/1.1" 200 4205
192.168.10.96 - - [24/Aug/2017:11:52:44 -0300] "GET /cormun/servlet/vesolicitudgral?2017,7182,,SolicitudOTAdjuntos HTTP/1.1" 200 10663
192.168.10.96 - - [24/Aug/2017:11:52:45 -0300] "GET /cormun/servlet/vesolicitudgral?2017,7182,,SolicitudOTAdjuntos HTTP/1.1" 200 10666
192.168.10.96 - - [24/Aug/2017:11:52:45 -0300] "POST /cormun/servlet/acontrolpreferencessavestate?None,DZAMUDIO,true HTTP/1.1" 200 35
192.168.10.96 - - [24/Aug/2017:11:52:47 -0300] "GET /cormun/servlet/trsolicitudgral? HTTP/1.1" 200 10331
192.168.10.96 - - [24/Aug/2017:11:52:47 -0300] "GET /cormun/servlet/trsolicitudgral? HTTP/1.1" 200 10320
192.168.10.89 - - [24/Aug/2017:11:53:27 -0300] "POST /cormun/servlet/trsolicitudgral?39279edbf5f1e628db6d844ab767ecbf,gx-no-cache=1503585275255,gx-no-cache=1503586377334 HTTP/1.1" 200 8320
192.168.10.89 - - [24/Aug/2017:11:53:34 -0300] "GET /cormun/servlet/solicitudgral?UPD,2017,7263, HTTP/1.1" 200 12563
192.168.10.89 - - [24/Aug/2017:11:53:35 -0300] "POST /cormun/servlet/solicitudgral?gx-no-cache=1503586384848 HTTP/1.1" 200 3209
192.168.10.89 - - [24/Aug/2017:11:53:35 -0300] "GET /cormun/servlet/solicitudgral?5641ff444146a91196461f445f773539faa794647744bda914f4872cd6b62f7ff0f33f2b9c081703c48a803afde960a1baaf392d773c102c27853d8809e111e4d1198ab8da136c6af148ba4a53945214cf0f1cdf0f0cb7a43a130e1af6f01213d638c292fcf2ba7306439bcacdbf5523a7caef4030999257123197ab2416e474318e6ce89e056a7dea1cb8b34c282b9fdfb996d950e4611b9ebbdb66c49199f4ca5370aa130754ca2392b7bcd0a9bb1f17faf3ce5cdae1105d1316988252a7d970f2932c37865039414aa846fc50398ee7c207974120c25dcc9cc74b8116f07c5d9f401acfc16935d41a3c7559d35935aee37ddbba1d9e9562476f48c4817d73de68a09f2b3cc71c8a5c698ba6711014794547de7c2cc0d7d6ef9a989ca765f59f4c7d1961be8835256a01317cfe1c0598bf73e892164faf158a00c5b5d5d66feac1b62de91eee5d61b7f6c0d0bd6078,gx-no-cache=1503586385037 HTTP/1.1" 200 257
186.103.159.188 - - [24/Aug/2017:11:53:35 -0300] "POST /cormun/servlet/solicitudot?48ae9a307417dad319a32738a189f5bb,INS,0,0,,gx-no-cache=1503586454728 HTTP/1.1" 200 93
186.103.159.188 - - [24/Aug/2017:11:53:35 -0300] "GET /cormun/servlet/hpexe_return? HTTP/1.1" 200 1006
186.103.159.188 - - [24/Aug/2017:11:53:35 -0300] "GET /cormun/servlet/trsolicitudot? HTTP/1.1" 200 15049
186.103.159.188 - - [24/Aug/2017:11:53:36 -0300] "GET /cormun/servlet/trsolicitudot? HTTP/1.1" 200 15045
192.168.10.89 - - [24/Aug/2017:11:53:46 -0300] "GET /cormun/servlet/solicitudgral?5641ff444146a91196461f445f773539d44a0f248546d2611c70d7cf98adef76500caf825d45d75167d8e1caee129904cb3f3a47ff699900372b5a2d12841ad03a4cdc68a9b0913d06546f59ab48522f13e110e900aa9cd9925db9b14fd60989e3829df9e88cc2a11bbd64c8ce68d280ad08ee1b542d3015ae12706e0e41ca34d3c1521646e6e9fce90e413fc7aedcea9ade6aa439ece1c57b09303d57ac26fb60118a5d57c56b149b21a2b7656541d570f2932c37865039414aa846fc50398e95be454e9a1d39e8b0d660a87dc1384dbdf7f46dce842fc7c5f41b7c669753cf7f1e454c45fde6aec2290b28eff6fd0387a6994ccd611ffc2e1967446e0f70349c92f86945e1d6f962f138a567ae0d2d65a421b261256f5a7c906e7dd95431f5d2a03b8e854934b87a188814fa5721ae2acc9f82c09d9d20f7caf9945e4ebe2376add07e98b8e6938719a0627df936343b994d11d12f067c5b205532197c5a8d0b32b67757383ff2ed9640297e5b07e37f353f9a5dc7f6e11436dffee2be432cd63c8b1cf4bfd2e7c24ff9be6f8c24db2ee8c2669462c1bad7073b799250ae24e39151003fd03970aee0233abe49c63cb603d593fde6ed048a9aac35e30f7f7f9e9ba34c632a1944f21f19b0e5e1e076c164ff2f299f49b4713970f5571c695b77aff0aca24f279970d51b6076f850bb2ee8c2669462c1bad7073b799250ae24f678b8070b4fbb0c703f200d7a698e5d04348791160ef9f36be3d876ea45f95bb028fac098192e1e39960845210a3221,gx-no-cache=1503586395764 HTTP/1.1" 200 48
186.103.159.188 - - [24/Aug/2017:11:53:49 -0300] "POST /cormun/servlet/trsolicitudot?48ae9a307417dad319a32738a189f5bb,,gx-no-cache=1503586468552 HTTP/1.1" 200 12312
186.103.159.188 - - [24/Aug/2017:11:53:49 -0300] "GET /cormun/static/Shared/jqueryui/images/ui-bg_highlight-soft_100_c6c2c8_1x100.png HTTP/1.1" 404 1117
186.103.159.188 - - [24/Aug/2017:11:53:49 -0300] "GET /cormun/static/Shared/jqueryui/images/ui-icons_82798d_256x240.png HTTP/1.1" 404 1089
186.103.159.188 - - [24/Aug/2017:11:53:49 -0300] "GET /cormun/static/Shared/jqueryui/images/ui-bg_flat_55_fafafa_40x100.png HTTP/1.1" 404 1097
186.103.159.188 - - [24/Aug/2017:11:53:50 -0300] "GET /cormun/static/Shared/jqueryui/images/ui-icons_8d78a5_256x240.png HTTP/1.1" 404 1089
186.103.159.188 - - [24/Aug/2017:11:53:50 -0300] "POST /cormun/servlet/trsolicitudot?48ae9a307417dad319a32738a189f5bb,,gx-no-cache=1503586469398 HTTP/1.1" 200 12251
192.168.10.89 - - [24/Aug/2017:11:53:51 -0300] "POST /cormun/servlet/solicitudgral?39279edbf5f1e628db6d844ab767ecbf,UPD,2017,7263,,gx-no-cache=1503586400778 HTTP/1.1" 200 10900
192.168.10.89 - - [24/Aug/2017:11:53:51 -0300] "GET /cormun/servlet/solicitudgral?5641ff444146a91196461f445f7735394cb1cfa8948e997e6a1f7140148fd36370356e2cb57903d601b1a9cfebd0a5f7ef0a4398f6324913ca6ac27d0dc7d6d0fae9d810acba3ff845c087a184b6a523b137bd80acb566e497fbb7f27dd6db55c586ce43430e8ce5371a70f6e30e12bca1a457108f97dfede7d756d1b2836d11d23f144ac3d1d2d911b99b747fd812af137c6a1e871afaf07ab1da875f3d2010,gx-no-cache=1503586400956 HTTP/1.1" 200 29
192.168.10.89 - - [24/Aug/2017:11:53:51 -0300] "POST /cormun/servlet/solicitudgral?gx-no-cache=1503586400972 HTTP/1.1" 200 1311
192.168.10.89 - - [24/Aug/2017:11:53:51 -0300] "POST /cormun/servlet/solicitudgral?gx-no-cache=1503586401001 HTTP/1.1" 200 1216
186.103.159.188 - - [24/Aug/2017:11:53:53 -0300] "POST /cormun/servlet/trsolicitudot?48ae9a307417dad319a32738a189f5bb,,gx-no-cache=1503586472597 HTTP/1.1" 200 12311
186.103.159.188 - - [24/Aug/2017:11:53:54 -0300] "POST /cormun/servlet/trsolicitudot?48ae9a307417dad319a32738a189f5bb,,gx-no-cache=1503586473285 HTTP/1.1" 200 12251
192.168.10.89 - - [24/Aug/2017:11:53:55 -0300] "POST /cormun/servlet/solicitudgral?39279edbf5f1e628db6d844ab767ecbf,UPD,2017,7263,,gx-no-cache=1503586405004 HTTP/1.1" 200 93
192.168.10.89 - - [24/Aug/2017:11:53:55 -0300] "GET /cormun/servlet/hpexe_return? HTTP/1.1" 200 1028
192.168.10.89 - - [24/Aug/2017:11:53:55 -0300] "GET /cormun/servlet/trsolicitudgral?gx-no-cache=1503585275255 HTTP/1.1" 200 11330
186.103.159.188 - - [24/Aug/2017:11:53:56 -0300] "POST /cormun/servlet/trsolicitudot?48ae9a307417dad319a32738a189f5bb,,gx-no-cache=1503586475320 HTTP/1.1" 200 12309
186.103.159.188 - - [24/Aug/2017:11:53:57 -0300] "POST /cormun/servlet/trsolicitudot?48ae9a307417dad319a32738a189f5bb,,gx-no-cache=1503586475969 HTTP/1.1" 200 12251
46.174.191.29 - - [24/Aug/2017:11:54:19 -0300] "GET / HTTP/1.0" 200 11197
192.168.10.89 - - [24/Aug/2017:11:54:53 -0300] "GET /cormun/servlet/solicitudgral?UPD,2017,7207, HTTP/1.1" 200 12514
192.168.10.89 - - [24/Aug/2017:11:54:55 -0300] "POST /cormun/servlet/solicitudgral?gx-no-cache=1503586464525 HTTP/1.1" 200 3161
192.168.10.89 - - [24/Aug/2017:11:54:55 -0300] "GET /cormun/servlet/solicitudgral?5641ff444146a91196461f445f773539faa794647744bda914f4872cd6b62f7ff0f33f2b9c081703c48a803afde960a1baaf392d773c102c27853d8809e111e4d1198ab8da136c6af148ba4a53945214cf0f1cdf0f0cb7a43a130e1af6f01213d638c292fcf2ba7306439bcacdbf5523a7caef4030999257123197ab2416e474318e6ce89e056a7dea1cb8b34c282b9fdfb996d950e4611b9ebbdb66c49199f4ca5370aa130754ca2392b7bcd0a9bb1f17faf3ce5cdae1105d1316988252a7d970f2932c37865039414aa846fc50398ee7c207974120c25dcc9cc74b8116f07c5d9f401acfc16935d41a3c7559d35935aee37ddbba1d9e9562476f48c4817d73de68a09f2b3cc71c8a5c698ba6711014794547de7c2cc0d7d6ef9a989ca765f59f4c7d1961be8835256a01317cfe1c0598bf73e892164faf158a00c5b5d5d66feac1b62de91eee5d61b7f6c0d0bd6078,gx-no-cache=1503586464686 HTTP/1.1" 200 257
192.168.10.89 - - [24/Aug/2017:11:54:55 -0300] "GET /cormun/servlet/solicitudgral?5641ff444146a91196461f445f773539d44a0f248546d2611c70d7cf98adef76f149822dadb613e92c27aa51afca560c62aaf2bcd89f8e269c2908888ee3727a06808b0b73b24a780f1faeb8bd2dc4ffa9c1abb782755dd0fff19e6b08214b91fc33728219b5488de33e602c7bdc2ceb3e1d75ed479e511b0e476fa8f1a32da5b716124b1334e630ea9592ebb82f9a790e2b57cf2c77171f45703202487ad85704bddf1654cbc094fdb1cda4f6d0c36c02cce9075d99dc43f301505b5a690968ced4b50b6d78c28c325c912b6924fe685039ea3d13b11e1e37e18662dfc15a480b718b4e89a81ffa4055910d96a43d918b38fd21273f57c3f2d26e88d5533ff38fb76825f0cf29245ab0cfe0179ce0bdae36bd47a3de3ca2c7b69e6065601b72a9324e9dc46fbf33959b148835f2997beaedcd0528076b586f9684a543e033227ae51a28586b2afebaa09a2224add54c796a4dd2335281c7ca63a09892390e34cc53bd0a1b1d0256812ce6d9c456d81aebebc1fa110259311b21fa763ad3f360930c5ccaf35642b148c760670eb5c3714c55c23943be4d048ea844c938b522c314cd9860a07220231692a2dd7a5eebe6bfa5ad1ea8a98abbcf94f94b6ba9be8d3844e295d76398346ac96f363e8424bc9a9a0fe538c201680d3bc04b1aed1d60408432cb95ce47f69a9d0ebd7b9b1edbaa5f3b571b42c8dafbed71029e2abbb8ba19f0eba89af1c20d8ebfde874a5a78f505d8b512feb419a442cee261004f8a1afa3792fc49ab549b58bcc1512d87bd,gx-no-cache=1503586465104 HTTP/1.1" 200 48
192.168.10.89 - - [24/Aug/2017:11:54:55 -0300] "POST /cormun/servlet/solicitudgral?39279edbf5f1e628db6d844ab767ecbf,UPD,2017,7207,,gx-no-cache=1503586465128 HTTP/1.1" 200 10841
192.168.10.89 - - [24/Aug/2017:11:54:55 -0300] "GET /cormun/servlet/solicitudgral?5641ff444146a91196461f445f77353933e2fa5dea4bce3d8673d604057909b070356e2cb57903d601b1a9cfebd0a5f7eff8dc0be4891bcffe7096e9c8cb04c6fae9d810acba3ff845c087a184b6a523b137bd80acb566e497fbb7f27dd6db55c586ce43430e8ce5371a70f6e30e12bca1a457108f97dfede7d756d1b2836d11d23f144ac3d1d2d911b99b747fd812af137c6a1e871afaf07ab1da875f3d2010,gx-no-cache=1503586465394 HTTP/1.1" 200 29
192.168.10.89 - - [24/Aug/2017:11:54:55 -0300] "POST /cormun/servlet/solicitudgral?gx-no-cache=1503586465411 HTTP/1.1" 200 1311
192.168.10.89 - - [24/Aug/2017:11:54:55 -0300] "POST /cormun/servlet/solicitudgral?gx-no-cache=1503586465440 HTTP/1.1" 200 1216
192.168.10.89 - - [24/Aug/2017:11:55:05 -0300] "POST /cormun/servlet/solicitudgral?39279edbf5f1e628db6d844ab767ecbf,UPD,2017,7207,,gx-no-cache=1503586475385 HTTP/1.1" 200 93
192.168.10.89 - - [24/Aug/2017:11:55:05 -0300] "GET /cormun/servlet/hpexe_return? HTTP/1.1" 200 1027
192.168.10.89 - - [24/Aug/2017:11:55:06 -0300] "GET /cormun/servlet/trsolicitudgral?gx-no-cache=1503585275255 HTTP/1.1" 200 11330
192.168.10.89 - - [24/Aug/2017:11:55:10 -0300] "POST /cormun/servlet/trsolicitudgral?39279edbf5f1e628db6d844ab767ecbf,gx-no-cache=1503585275255,gx-no-cache=1503586479466 HTTP/1.1" 200 7580
192.168.10.89 - - [24/Aug/2017:11:55:10 -0300] "GET /cormun/static/Shared/jqueryui/images/ui-icons_8d78a5_256x240.png HTTP/1.1" 404 1089
192.168.10.89 - - [24/Aug/2017:11:55:10 -0300] "GET /cormun/static/Shared/jqueryui/images/ui-bg_flat_55_fafafa_40x100.png HTTP/1.1" 404 1097
192.168.10.89 - - [24/Aug/2017:11:55:10 -0300] "GET /cormun/static/Shared/jqueryui/images/ui-bg_highlight-soft_100_c6c2c8_1x100.png HTTP/1.1" 404 1117
192.168.10.89 - - [24/Aug/2017:11:55:10 -0300] "GET /cormun/static/Shared/jqueryui/images/ui-icons_82798d_256x240.png HTTP/1.1" 404 1089
192.168.10.96 - - [24/Aug/2017:11:56:17 -0300] "POST /cormun/servlet/trsolicitudgral?213d797a441ab7dfa991ae16bef1a647,,gx-no-cache=1503586546455 HTTP/1.1" 200 10331
192.168.10.96 - - [24/Aug/2017:11:56:32 -0300] "GET /cormun/servlet/vesolicitudgral?2017,7187,, HTTP/1.1" 200 8776
192.168.10.96 - - [24/Aug/2017:11:56:33 -0300] "GET /cormun/pexe_scrolldiv.js HTTP/1.1" 404 1009
192.168.10.96 - - [24/Aug/2017:11:56:33 -0300] "GET /cormun/pexe_scrolldiv.js HTTP/1.1" 404 1009
192.168.10.96 - - [24/Aug/2017:11:56:33 -0300] "GET /cormun/servlet/vesolicitudgral?2017,7187,, HTTP/1.1" 200 8775
192.168.10.96 - - [24/Aug/2017:11:56:37 -0300] "GET /cormun/servlet/vesolicitudgral?2017,7187,,SolicitudOTAdjuntos HTTP/1.1" 200 10665
192.168.10.96 - - [24/Aug/2017:11:56:37 -0300] "GET /cormun/pexe_scrolldiv.js HTTP/1.1" 404 1009
192.168.10.96 - - [24/Aug/2017:11:56:37 -0300] "GET /cormun/pexe_scrolldiv.js HTTP/1.1" 404 1009
192.168.10.96 - - [24/Aug/2017:11:56:38 -0300] "GET /cormun/servlet/vesolicitudgral?2017,7187,,SolicitudOTAdjuntos HTTP/1.1" 200 10666
192.168.10.96 - - [24/Aug/2017:11:56:38 -0300] "POST /cormun/servlet/acontrolpreferencessavestate?None,DZAMUDIO,true HTTP/1.1" 200 35
192.168.10.96 - - [24/Aug/2017:11:56:45 -0300] "GET /cormun/PublicTempStorage/carnet871772.pdf HTTP/1.1" 200 297822
186.103.159.44 - - [24/Aug/2017:11:57:05 -0300] "GET /cormun/servlet/hlogin HTTP/1.1" 200 1720
186.103.159.44 - - [24/Aug/2017:11:57:06 -0300] "GET /cormun/servlet/hlogin HTTP/1.1" 200 1731
192.168.10.96 - - [24/Aug/2017:11:57:07 -0300] "GET /cormun/servlet/vesolicitudgral?2017,7187,,SolicitudOTAdjuntos HTTP/1.1" 200 10663
192.168.10.96 - - [24/Aug/2017:11:57:08 -0300] "GET /cormun/servlet/vesolicitudgral?2017,7187,,SolicitudOTAdjuntos HTTP/1.1" 200 10666
192.168.10.96 - - [24/Aug/2017:11:57:08 -0300] "POST /cormun/servlet/acontrolpreferencessavestate?None,DZAMUDIO,true HTTP/1.1" 200 35
192.168.10.96 - - [24/Aug/2017:11:57:09 -0300] "GET /cormun/PublicTempStorage/licencia6847393.pdf HTTP/1.1" 200 740818
186.103.159.44 - - [24/Aug/2017:11:57:20 -0300] "POST /cormun/servlet/hlogin?c9f127d95da5d806d9c9199a7bba75b7,gx-no-cache=1503586687561 HTTP/1.1" 200 90
186.103.159.44 - - [24/Aug/2017:11:57:20 -0300] "GET /cormun/servlet/hpexe_link HTTP/1.1" 200 952
186.103.159.44 - - [24/Aug/2017:11:57:20 -0300] "GET /cormun/servlet/hhome HTTP/1.1" 200 3802
192.168.10.96 - - [24/Aug/2017:11:57:21 -0300] "GET /cormun/servlet/vesolicitudgral?2017,7187,,SolicitudOTAdjuntos HTTP/1.1" 200 10664
192.168.10.96 - - [24/Aug/2017:11:57:21 -0300] "GET /cormun/servlet/vesolicitudgral?2017,7187,,SolicitudOTAdjuntos HTTP/1.1" 200 10666
192.168.10.96 - - [24/Aug/2017:11:57:22 -0300] "POST /cormun/servlet/acontrolpreferencessavestate?None,DZAMUDIO,true HTTP/1.1" 200 35
192.168.10.96 - - [24/Aug/2017:11:57:24 -0300] "GET /cormun/PublicTempStorage/afp5721989.pdf HTTP/1.1" 200 304189
186.103.159.44 - - [24/Aug/2017:11:57:25 -0300] "GET /cormun/servlet/trlicencias? HTTP/1.1" 200 10546
192.168.10.96 - - [24/Aug/2017:11:57:28 -0300] "GET /cormun/servlet/vesolicitudgral?2017,7187,,SolicitudOTAdjuntos HTTP/1.1" 200 10666
192.168.10.96 - - [24/Aug/2017:11:57:29 -0300] "GET /cormun/servlet/vesolicitudgral?2017,7187,,SolicitudOTAdjuntos HTTP/1.1" 200 10666
192.168.10.96 - - [24/Aug/2017:11:57:30 -0300] "POST /cormun/servlet/acontrolpreferencessavestate?None,DZAMUDIO,true HTTP/1.1" 200 35
192.168.10.96 - - [24/Aug/2017:11:57:30 -0300] "GET /cormun/PublicTempStorage/fonasa3623166.pdf HTTP/1.1" 200 298234
192.168.10.96 - - [24/Aug/2017:11:57:41 -0300] "GET /cormun/servlet/vesolicitudgral?2017,7187,,SolicitudOTAdjuntos HTTP/1.1" 200 10664
192.168.10.96 - - [24/Aug/2017:11:57:41 -0300] "GET /cormun/servlet/vesolicitudgral?2017,7187,,SolicitudOTAdjuntos HTTP/1.1" 200 10669
192.168.10.96 - - [24/Aug/2017:11:57:42 -0300] "POST /cormun/servlet/acontrolpreferencessavestate?None,DZAMUDIO,true HTTP/1.1" 200 35
192.168.10.96 - - [24/Aug/2017:11:57:43 -0300] "GET /cormun/PublicTempStorage/cert._ant.5837940.pdf HTTP/1.1" 200 439159
192.168.10.96 - - [24/Aug/2017:11:57:52 -0300] "GET /cormun/servlet/vesolicitudgral?2017,7187,,SolicitudOTAdjuntos HTTP/1.1" 200 10667
192.168.10.96 - - [24/Aug/2017:11:57:52 -0300] "GET /cormun/servlet/vesolicitudgral?2017,7187,,SolicitudOTAdjuntos HTTP/1.1" 200 10667
192.168.10.96 - - [24/Aug/2017:11:57:53 -0300] "POST /cormun/servlet/acontrolpreferencessavestate?None,DZAMUDIO,true HTTP/1.1" 200 35
192.168.10.96 - - [24/Aug/2017:11:57:54 -0300] "GET /cormun/PublicTempStorage/cv_guardia1786709.pdf HTTP/1.1" 200 316124
192.168.10.89 - - [24/Aug/2017:11:58:36 -0300] "POST /cormun/servlet/trsolicitudgral?39279edbf5f1e628db6d844ab767ecbf,gx-no-cache=1503585275255,gx-no-cache=1503586686465 HTTP/1.1" 200 7109
192.168.10.89 - - [24/Aug/2017:11:59:45 -0300] "GET /cormun/servlet/solicitudgral?UPD,2017,7256, HTTP/1.1" 200 12624
192.168.10.89 - - [24/Aug/2017:11:59:46 -0300] "POST /cormun/servlet/solicitudgral?gx-no-cache=1503586755929 HTTP/1.1" 200 3227
192.168.10.89 - - [24/Aug/2017:11:59:46 -0300] "GET /cormun/servlet/solicitudgral?5641ff444146a91196461f445f773539faa794647744bda914f4872cd6b62f7ff0f33f2b9c081703c48a803afde960a1baaf392d773c102c27853d8809e111e4d1198ab8da136c6af148ba4a53945214cf0f1cdf0f0cb7a43a130e1af6f01213d638c292fcf2ba7306439bcacdbf5523a7caef4030999257123197ab2416e474318e6ce89e056a7dea1cb8b34c282b9fdfb996d950e4611b9ebbdb66c49199f4ca5370aa130754ca2392b7bcd0a9bb1f17faf3ce5cdae1105d1316988252a7d970f2932c37865039414aa846fc50398ee7c207974120c25dcc9cc74b8116f07c5d9f401acfc16935d41a3c7559d35935aee37ddbba1d9e9562476f48c4817d73de68a09f2b3cc71c8a5c698ba6711014794547de7c2cc0d7d6ef9a989ca765f59f4c7d1961be8835256a01317cfe1c0598bf73e892164faf158a00c5b5d5d66feac1b62de91eee5d61b7f6c0d0bd6078,gx-no-cache=1503586756086 HTTP/1.1" 200 257
192.168.10.89 - - [24/Aug/2017:11:59:52 -0300] "POST /cormun/servlet/solicitudgral?39279edbf5f1e628db6d844ab767ecbf,UPD,2017,7256,,gx-no-cache=1503586761916 HTTP/1.1" 200 93
192.168.10.89 - - [24/Aug/2017:11:59:52 -0300] "GET /cormun/servlet/hpexe_return? HTTP/1.1" 200 1027
192.168.10.89 - - [24/Aug/2017:11:59:52 -0300] "GET /cormun/servlet/trsolicitudgral?gx-no-cache=1503585275255 HTTP/1.1" 200 10523
192.168.10.89 - - [24/Aug/2017:11:59:55 -0300] "POST /cormun/servlet/trsolicitudgral?39279edbf5f1e628db6d844ab767ecbf,gx-no-cache=1503585275255,gx-no-cache=1503586764718 HTTP/1.1" 200 5963
192.168.10.89 - - [24/Aug/2017:11:59:55 -0300] "GET /cormun/static/Shared/jqueryui/images/ui-icons_82798d_256x240.png HTTP/1.1" 404 1089
192.168.10.89 - - [24/Aug/2017:11:59:55 -0300] "GET /cormun/static/Shared/jqueryui/images/ui-bg_flat_55_fafafa_40x100.png HTTP/1.1" 404 1097
192.168.10.89 - - [24/Aug/2017:11:59:55 -0300] "GET /cormun/static/Shared/jqueryui/images/ui-icons_8d78a5_256x240.png HTTP/1.1" 404 1089
192.168.10.89 - - [24/Aug/2017:11:59:55 -0300] "GET /cormun/static/Shared/jqueryui/images/ui-bg_highlight-soft_100_c6c2c8_1x100.png HTTP/1.1" 404 1117
192.168.10.89 - - [24/Aug/2017:12:00:02 -0300] "POST /cormun/servlet/trsolicitudgral?39279edbf5f1e628db6d844ab767ecbf,gx-no-cache=1503585275255,gx-no-cache=1503586771561 HTTP/1.1" 200 5753
192.168.10.89 - - [24/Aug/2017:12:00:05 -0300] "POST /cormun/servlet/trsolicitudgral?39279edbf5f1e628db6d844ab767ecbf,gx-no-cache=1503585275255,gx-no-cache=1503586774912 HTTP/1.1" 200 9996
192.168.10.89 - - [24/Aug/2017:12:00:15 -0300] "GET /cormun/servlet/hlogin HTTP/1.1" 200 1752
186.79.244.225 - - [24/Aug/2017:12:00:34 -0300] "GET /cormun/servlet/hlogin HTTP/1.1" 200 1720
186.79.244.225 - - [24/Aug/2017:12:00:34 -0300] "GET /cormun/static/gxtimezone.js?85251 HTTP/1.1" 200 5781
186.79.244.225 - - [24/Aug/2017:12:00:34 -0300] "GET /cormun/static/gxcfg.js?20175251213516 HTTP/1.1" 200 953
186.79.244.225 - - [24/Aug/2017:12:00:34 -0300] "GET /cormun/static/Resources/Spanish/PXTools.css?11423723 HTTP/1.1" 200 89042
186.79.244.225 - - [24/Aug/2017:12:00:35 -0300] "GET /cormun/static/messages.spa.js?85251 HTTP/1.1" 200 30736
186.79.244.225 - - [24/Aug/2017:12:00:35 -0300] "GET /cormun/static/hlogin.js?20175251213537 HTTP/1.1" 200 2136
186.79.244.225 - - [24/Aug/2017:12:00:36 -0300] "GET /cormun/static/Resources/ComunLogin.png HTTP/1.1" 200 17326
186.79.244.225 - - [24/Aug/2017:12:00:36 -0300] "GET /cormun/static/gxgral.js?85251 HTTP/1.1" 200 384558
186.79.244.225 - - [24/Aug/2017:12:00:37 -0300] "GET /cormun/static/Resources/PXToolsLoginTop.png HTTP/1.1" 200 1337
186.79.244.225 - - [24/Aug/2017:12:00:37 -0300] "GET /cormun/static/Resources/PXToolsLoginBackground.png HTTP/1.1" 200 1164
186.79.244.225 - - [24/Aug/2017:12:00:37 -0300] "GET /cormun/static/Resources/PXToolsButtonLeft21.png HTTP/1.1" 200 1287
186.79.244.225 - - [24/Aug/2017:12:00:37 -0300] "GET /cormun/static/Resources/PXToolsButtonRight21.png HTTP/1.1" 200 1283
186.79.244.225 - - [24/Aug/2017:12:00:37 -0300] "GET /cormun/static/Resources/PXToolsButtonBackground2.png HTTP/1.1" 200 1181
186.79.244.225 - - [24/Aug/2017:12:00:37 -0300] "GET /cormun/static/Resources/PXToolsLoginBottom.png HTTP/1.1" 200 1389
186.79.244.225 - - [24/Aug/2017:12:00:37 -0300] "GET /cormun/static/Resources/indicator.gif HTTP/1.1" 200 1553
192.168.10.96 - - [24/Aug/2017:12:02:49 -0300] "GET /cormun/servlet/vesolicitudgral?2017,7187,,SolicitudOTAdjuntos HTTP/1.1" 200 10667
192.168.10.96 - - [24/Aug/2017:12:02:50 -0300] "GET /cormun/servlet/vesolicitudgral?2017,7187,,SolicitudOTAdjuntos HTTP/1.1" 200 10669
192.168.10.96 - - [24/Aug/2017:12:02:50 -0300] "POST /cormun/servlet/acontrolpreferencessavestate?None,DZAMUDIO,true HTTP/1.1" 200 35
192.168.10.96 - - [24/Aug/2017:12:02:51 -0300] "GET /cormun/servlet/trsolicitudgral? HTTP/1.1" 200 13480
192.168.10.96 - - [24/Aug/2017:12:02:51 -0300] "GET /cormun/servlet/trsolicitudgral? HTTP/1.1" 200 13474
192.168.10.96 - - [24/Aug/2017:12:02:55 -0300] "POST /cormun/servlet/trsolicitudgral?213d797a441ab7dfa991ae16bef1a647,,gx-no-cache=1503586945247 HTTP/1.1" 200 7996
192.168.10.96 - - [24/Aug/2017:12:03:00 -0300] "POST /cormun/servlet/trsolicitudgral?213d797a441ab7dfa991ae16bef1a647,,gx-no-cache=1503586949667 HTTP/1.1" 200 7967
186.79.147.132 - - [24/Aug/2017:12:09:30 -0300] "GET /cormun/servlet/hlogin HTTP/1.1" 200 1721
186.79.147.132 - - [24/Aug/2017:12:09:30 -0300] "GET /cormun/servlet/hlogin HTTP/1.1" 200 1730
186.79.147.132 - - [24/Aug/2017:12:09:41 -0300] "POST /cormun/servlet/hlogin?e791ba4e3167050dddee8f93e8d993ac,gx-no-cache=1503587421157 HTTP/1.1" 200 90
186.79.147.132 - - [24/Aug/2017:12:09:41 -0300] "GET /cormun/servlet/hpexe_link HTTP/1.1" 200 978
186.79.147.132 - - [24/Aug/2017:12:09:41 -0300] "GET /cormun/servlet/trpermisosgoce?gx-no-cache=1503585734910 HTTP/1.1" 200 8628
186.79.147.132 - - [24/Aug/2017:12:09:42 -0300] "GET /cormun/servlet/trpermisosgoce?gx-no-cache=1503585734910 HTTP/1.1" 200 8643
186.79.147.132 - - [24/Aug/2017:12:10:00 -0300] "GET /cormun/servlet/trsolicitudot? HTTP/1.1" 200 14807
186.79.147.132 - - [24/Aug/2017:12:10:01 -0300] "GET /cormun/servlet/trsolicitudot? HTTP/1.1" 200 14786
186.79.147.132 - - [24/Aug/2017:12:10:04 -0300] "GET /cormun/static/menuarrow.gif HTTP/1.1" 404 1015
186.79.147.132 - - [24/Aug/2017:12:10:11 -0300] "POST /cormun/servlet/trsolicitudot?e791ba4e3167050dddee8f93e8d993ac,,gx-no-cache=1503587449964 HTTP/1.1" 200 11976
186.79.147.132 - - [24/Aug/2017:12:10:32 -0300] "POST /cormun/servlet/trsolicitudot?e791ba4e3167050dddee8f93e8d993ac,,gx-no-cache=1503587470859 HTTP/1.1" 200 23652
186.79.147.132 - - [24/Aug/2017:12:10:33 -0300] "GET /cormun/static/Resources/PXToolsGridNext.gif HTTP/1.1" 200 369
186.79.147.132 - - [24/Aug/2017:12:10:33 -0300] "GET /cormun/static/Resources/PXToolsGridLast.gif HTTP/1.1" 200 370
186.103.157.39 - - [24/Aug/2017:12:11:02 -0300] "GET /cormun/servlet/hlogin HTTP/1.1" 200 1719
186.79.147.132 - - [24/Aug/2017:12:11:13 -0300] "POST /cormun/servlet/trsolicitudot?e791ba4e3167050dddee8f93e8d993ac,,gx-no-cache=1503587509647 HTTP/1.1" 200 23653
186.103.157.39 - - [24/Aug/2017:12:11:14 -0300] "POST /cormun/servlet/hlogin?e1ba6f010da1e80cd8a8494b1a50a93b,gx-no-cache=1503587514072 HTTP/1.1" 200 90
186.103.157.39 - - [24/Aug/2017:12:11:15 -0300] "GET /cormun/servlet/hpexe_link HTTP/1.1" 200 951
186.103.157.39 - - [24/Aug/2017:12:11:15 -0300] "GET /cormun/servlet/hhome HTTP/1.1" 200 3766
186.103.157.39 - - [24/Aug/2017:12:11:16 -0300] "GET /cormun/servlet/hhome HTTP/1.1" 200 3762
186.103.157.39 - - [24/Aug/2017:12:11:22 -0300] "GET /cormun/servlet/trsolicitudot? HTTP/1.1" 200 9586
186.103.157.39 - - [24/Aug/2017:12:11:23 -0300] "GET /cormun/static/gxcfg.js?20177612135780 HTTP/1.1" 304 -
186.103.157.39 - - [24/Aug/2017:12:11:23 -0300] "GET /cormun/static/trsolicitudot.js?2017761214480 HTTP/1.1" 304 -
186.103.157.39 - - [24/Aug/2017:12:11:24 -0300] "GET /cormun/servlet/trsolicitudot? HTTP/1.1" 200 9584
186.79.244.225 - - [24/Aug/2017:12:12:26 -0300] "GET /cormun/servlet/hlogin HTTP/1.1" 200 1717
186.79.244.225 - - [24/Aug/2017:12:12:39 -0300] "POST /cormun/servlet/hlogin?1b6105fafb44282ff373565869be134a,gx-no-cache=1503587597442 HTTP/1.1" 200 90
186.79.244.225 - - [24/Aug/2017:12:12:40 -0300] "GET /cormun/servlet/hpexe_link HTTP/1.1" 200 949
186.79.244.225 - - [24/Aug/2017:12:12:40 -0300] "GET /cormun/servlet/hhome HTTP/1.1" 200 4024
186.79.244.225 - - [24/Aug/2017:12:12:40 -0300] "GET /cormun/servlet/hhome HTTP/1.1" 200 4020
186.79.244.225 - - [24/Aug/2017:12:12:46 -0300] "GET /cormun/servlet/trsolicitudot? HTTP/1.1" 200 14374
186.79.244.225 - - [24/Aug/2017:12:12:47 -0300] "GET /cormun/servlet/trsolicitudot? HTTP/1.1" 200 14372
186.79.244.225 - - [24/Aug/2017:12:12:57 -0300] "GET /cormun/servlet/treventos?2017,7156, HTTP/1.1" 200 8081
186.79.244.225 - - [24/Aug/2017:12:12:58 -0300] "GET /cormun/servlet/treventos?2017,7156, HTTP/1.1" 200 8087
186.103.157.39 - - [24/Aug/2017:12:13:06 -0300] "GET /cormun/servlet/solicitudot?INS,0,0, HTTP/1.1" 200 12635
186.103.157.39 - - [24/Aug/2017:12:13:07 -0300] "GET /cormun/static/gxcfg.js?201752522134570 HTTP/1.1" 304 -
186.103.157.39 - - [24/Aug/2017:12:13:07 -0300] "GET /cormun/static/solicitudot.js?201752522134767 HTTP/1.1" 304 -
186.103.157.39 - - [24/Aug/2017:12:13:08 -0300] "GET /cormun/servlet/solicitudot?INS,0,0, HTTP/1.1" 200 12640
186.103.157.39 - - [24/Aug/2017:12:13:19 -0300] "POST /cormun/servlet/solicitudot?gx-no-cache=1503587639074 HTTP/1.1" 200 3187
186.103.157.39 - - [24/Aug/2017:12:13:20 -0300] "POST /cormun/servlet/solicitudot?e1ba6f010da1e80cd8a8494b1a50a93b,INS,0,0,,gx-no-cache=1503587639394 HTTP/1.1" 200 9818
186.103.157.39 - - [24/Aug/2017:12:13:27 -0300] "GET /cormun/servlet/solicitudot?88b76494414d7f50d143c761da1111cf36086285f93a89a87715c84b579e5eb53a938c37ce1a3a6202b1cfd2b4a4c576,gx-no-cache=1503587646791 HTTP/1.1" 200 30
186.79.244.225 - - [24/Aug/2017:12:14:00 -0300] "GET /cormun/servlet/trsolicitudot? HTTP/1.1" 200 14374
186.79.244.225 - - [24/Aug/2017:12:14:01 -0300] "GET /cormun/servlet/trsolicitudot? HTTP/1.1" 200 14372
186.103.157.39 - - [24/Aug/2017:12:14:16 -0300] "POST /cormun/servlet/solicitudot?gx-no-cache=1503587695690 HTTP/1.1" 200 255
186.103.157.39 - - [24/Aug/2017:12:14:16 -0300] "GET /cormun/servlet/solicitudot?88b76494414d7f50d143c761da1111cf47318d86bab46bf30880b3994895bbc9ee1b1bffd84cadec78f3be7e95459f6274f9e5824c9c7bb5476741e69d7c6a0f1dd93c5cacfae7d306fb14016e2d241c7d205cff8872ba03d4ab88d85ac0771d88541932a00ac890554cc3a83b06178f335b3fd01dfd9cea6fc33a5c9e54e13fae573189e9f6b9ef4ee977cf503f9d3db7b47dd504f826ca3cf426a027b5e471a3f541cf84dffbc907fdc2e07fa5b54ebb140928c5149c8c9d8a51fc77bc98c12f09044e6064a1a33e24799b2c5eb4fea05f00f4e6a732790e11028955db2959e1b67e18854fb678c4317b29cf87082c04b7fde5854cb9b2f59a5782cd43541bad48944563abc06dac39f1694117d4290e57ec791baa225ef95b8cb1327913dee692b18a703f61d29134fcf5e3ee063d79da6484f84c7709c15e7fcd3d2219a517b98d8f5741b47d6bff04f8031dc4bcbd1ae1d9930c1ae30cda08b6851368fd94dd681c9046b1d0f3ccca56f7867ea2ba9042ab89fea3d92fe82de29f7c5b4d,gx-no-cache=1503587695826 HTTP/1.1" 200 30
186.103.157.39 - - [24/Aug/2017:12:14:28 -0300] "POST /cormun/servlet/solicitudot?gx-no-cache=1503587707662 HTTP/1.1" 200 30
186.103.157.39 - - [24/Aug/2017:12:14:44 -0300] "POST /cormun/servlet/solicitudot?gx-no-cache=1503587723495 HTTP/1.1" 200 1357
186.103.157.39 - - [24/Aug/2017:12:14:44 -0300] "POST /cormun/servlet/solicitudot?gx-no-cache=1503587723654 HTTP/1.1" 200 38
186.103.157.39 - - [24/Aug/2017:12:14:56 -0300] "GET /cormun/servlet/solicitudot?88b76494414d7f50d143c761da1111cf169619af67e07b97d6186674e096aa922a634ad874a47f6cdcb9c4e503651d23d06572351937a2d2f725834748ffefcb1d200a5b748e3b6c74692395135d1b7b0987fab944f95145355570bc7fbda6cebecdbdb2c3b77a7bb50fcb763eb3ea46d3d5503500f367fe7a05a164a395cdfc3745c2e04d2f708fd92f20808d5344444ff0efd34e584547abf70210af00a7f846f3231ec919bf4822f7e44cf4a6d3b158ca8e67a6b75bd23aaac8a245a930500ad72b78cd0240776bc9ff634651f8c6,gx-no-cache=1503587734922 HTTP/1.1" 200 29
186.103.157.39 - - [24/Aug/2017:12:14:56 -0300] "POST /cormun/servlet/solicitudot?gx-no-cache=1503587735937 HTTP/1.1" 200 1337
186.103.157.39 - - [24/Aug/2017:12:15:25 -0300] "GET /cormun/static/menuarrow.gif HTTP/1.1" 404 1015
186.103.156.166 - - [24/Aug/2017:12:15:50 -0300] "POST /cormun/servlet/trsolicitudot?f280ec183ee991887090d61f60e7df55,gx-no-cache=1503591395137 HTTP/1.1" 440 972
186.103.156.166 - - [24/Aug/2017:12:15:52 -0300] "GET /cormun/servlet/trsolicitudot HTTP/1.1" 200 6359
186.103.156.166 - - [24/Aug/2017:12:15:53 -0300] "GET /cormun/servlet/hlogin HTTP/1.1" 200 1731
186.103.156.166 - - [24/Aug/2017:12:15:53 -0300] "GET /cormun/servlet/trsolicitudot HTTP/1.1" 200 6359
