192.168.10.96 - - [24/Aug/2017:09:51:50 -0300] "GET /cormun/servlet/vesolicitudgral?2017,7169,,SolicitudOTAdjuntos HTTP/1.1" 200 10836
192.168.10.96 - - [24/Aug/2017:09:51:51 -0300] "GET /cormun/servlet/vesolicitudgral?2017,7169,,SolicitudOTAdjuntos HTTP/1.1" 200 10834
192.168.10.96 - - [24/Aug/2017:09:51:52 -0300] "POST /cormun/servlet/acontrolpreferencessavestate?None,DZAMUDIO,true HTTP/1.1" 200 35
192.168.10.96 - - [24/Aug/2017:09:51:52 -0300] "GET /cormun/PublicTempStorage/cert._de_antecedentes8635274.pdf HTTP/1.1" 200 293740
192.168.10.96 - - [24/Aug/2017:09:51:57 -0300] "GET /cormun/servlet/vesolicitudgral?2017,7169,,SolicitudOTAdjuntos HTTP/1.1" 200 10837
192.168.10.96 - - [24/Aug/2017:09:51:57 -0300] "GET /cormun/servlet/vesolicitudgral?2017,7169,,SolicitudOTAdjuntos HTTP/1.1" 200 10836
192.168.10.96 - - [24/Aug/2017:09:51:58 -0300] "POST /cormun/servlet/acontrolpreferencessavestate?None,DZAMUDIO,true HTTP/1.1" 200 35
192.168.10.96 - - [24/Aug/2017:09:52:00 -0300] "GET /cormun/PublicTempStorage/curriculum6576627.pdf HTTP/1.1" 200 233835
186.103.157.42 - - [24/Aug/2017:09:52:00 -0300] "POST /cormun/servlet/solicitudot?gx-no-cache=1503579167678 HTTP/1.1" 200 240
186.103.157.42 - - [24/Aug/2017:09:52:02 -0300] "GET /cormun/servlet/solicitudot?9f2995b0a7b7fbc0edcd615e407362962d824e3e7efff84c04637548c57cef8c4b362c96cb3ab2b61ebd41641842b889eceb7f2b4b65c51244dce55f165ec211402310400b8037c70b5d35bfdaa757dff330cdc263c696d7996900e5437acdd065f2d7e9e910df2f8a2678ac4947770b3ea3050130084855d03ab2e66961a02073a4a9dd71e4e10c8f7921476a13b2477a7f87292b4754d47f9b5a41911f90c7d28ec0c07e9f7e2593ae6d2321e2c58898bcfa340309001f243c1717774a69d6b797c675474c06622fedc763ecf17b26d5c73cb742b17331a3ed49febfb9c9c354d512b3052f8d70e99c31c9003c5eae9eb60b043b87efc07821da7c7a0e26e895716fc90a0bd63e5c0915a4bb5cd41b4d4a4646f766b23ed958916580941416c9eba2d0f64a321da7b0444f779e332ac375055346fe6cceca9e9a980ac4714b4a1a87a287a68b03f83d665f8ae3cae26d8608d66588fa61263d96ecdc3ab600d47f8d9a1ca148581999f38ff5d58615f08b2a581c63f0613971d831b61d4e3a,gx-no-cache=1503579169391 HTTP/1.1" 200 30
192.168.10.96 - - [24/Aug/2017:09:52:04 -0300] "GET /cormun/servlet/vesolicitudgral?2017,7169,,SolicitudOTAdjuntos HTTP/1.1" 200 10836
192.168.10.96 - - [24/Aug/2017:09:52:05 -0300] "GET /cormun/servlet/vesolicitudgral?2017,7169,,SolicitudOTAdjuntos HTTP/1.1" 200 10836
192.168.10.96 - - [24/Aug/2017:09:52:05 -0300] "POST /cormun/servlet/acontrolpreferencessavestate?None,DZAMUDIO,true HTTP/1.1" 200 35
192.168.10.96 - - [24/Aug/2017:09:52:06 -0300] "GET /cormun/PublicTempStorage/titulo6448663.pdf HTTP/1.1" 200 372603
186.103.157.42 - - [24/Aug/2017:09:52:08 -0300] "POST /cormun/servlet/solicitudot?gx-no-cache=1503579175605 HTTP/1.1" 200 30
186.103.159.187 - - [24/Aug/2017:09:52:13 -0300] "GET /cormun/servlet/hlogin HTTP/1.1" 200 1722
186.103.157.42 - - [24/Aug/2017:09:52:15 -0300] "GET /cormun/servlet/prfichaempleado?,MD,,gxPopupLevel%3D0%3B HTTP/1.1" 200 9376
186.103.157.42 - - [24/Aug/2017:09:52:15 -0300] "GET /cormun/static/gxcfg.js?20177612134814 HTTP/1.1" 200 953
186.103.157.42 - - [24/Aug/2017:09:52:15 -0300] "GET /cormun/static/prfichaempleado.js?20177612134999 HTTP/1.1" 200 16006
186.103.159.187 - - [24/Aug/2017:09:52:21 -0300] "POST /cormun/servlet/hlogin?bf9f03306b85e8278083cf58c113d3cd,gx-no-cache=1503582731535 HTTP/1.1" 200 426
186.103.157.42 - - [24/Aug/2017:09:52:24 -0300] "POST /cormun/servlet/prfichaempleado?ec35c631b83474da813ae13bfd6cc0cb,,MD,,gxPopupLevel%3D0%3B,gx-no-cache=1503579191175 HTTP/1.1" 200 3421
186.103.159.187 - - [24/Aug/2017:09:52:28 -0300] "POST /cormun/servlet/hlogin?bf9f03306b85e8278083cf58c113d3cd,gx-no-cache=1503582737490 HTTP/1.1" 200 90
186.103.157.42 - - [24/Aug/2017:09:52:28 -0300] "GET /cormun/servlet/prlicenciaspermisos?17815963,L,,MD,,gxPopupLevel%3D0%3B HTTP/1.1" 200 5527
186.103.157.42 - - [24/Aug/2017:09:52:28 -0300] "GET /cormun/static/gxcfg.js?20176272053834 HTTP/1.1" 200 953
186.103.157.42 - - [24/Aug/2017:09:52:28 -0300] "GET /cormun/static/prlicenciaspermisos.js?20176272054050 HTTP/1.1" 200 13379
186.103.159.187 - - [24/Aug/2017:09:52:29 -0300] "GET /cormun/servlet/hpexe_link HTTP/1.1" 200 960
186.103.157.42 - - [24/Aug/2017:09:52:30 -0300] "POST /cormun/servlet/solicitudot?gx-no-cache=1503579197308 HTTP/1.1" 200 1358
186.103.159.187 - - [24/Aug/2017:09:52:31 -0300] "GET /cormun/servlet/prfichaempleado?,MD, HTTP/1.1" 200 9220
186.103.157.42 - - [24/Aug/2017:09:52:32 -0300] "POST /cormun/servlet/solicitudot?gx-no-cache=1503579199045 HTTP/1.1" 200 41
186.103.159.187 - - [24/Aug/2017:09:52:39 -0300] "GET /cormun/servlet/hlogin HTTP/1.1" 200 1741
186.103.159.187 - - [24/Aug/2017:09:52:46 -0300] "POST /cormun/servlet/hlogin?bf9f03306b85e8278083cf58c113d3cd,gx-no-cache=1503582756433 HTTP/1.1" 200 90
186.103.159.187 - - [24/Aug/2017:09:52:47 -0300] "GET /cormun/servlet/hpexe_link HTTP/1.1" 200 960
186.103.159.187 - - [24/Aug/2017:09:52:48 -0300] "GET /cormun/servlet/prfichaempleado?,MD, HTTP/1.1" 200 9220
186.103.159.187 - - [24/Aug/2017:09:52:53 -0300] "POST /cormun/servlet/acontrolpreferencessavestate?None,CF-31,true HTTP/1.1" 200 35
186.103.159.187 - - [24/Aug/2017:09:52:54 -0300] "POST /cormun/servlet/acontrolpreferencessavestate?None,CF-31,true HTTP/1.1" 200 35
186.103.159.187 - - [24/Aug/2017:09:52:58 -0300] "GET /cormun/servlet/hlogin HTTP/1.1" 200 1741
186.103.159.187 - - [24/Aug/2017:09:53:04 -0300] "POST /cormun/servlet/hlogin?bf9f03306b85e8278083cf58c113d3cd,gx-no-cache=1503582774598 HTTP/1.1" 200 90
186.103.159.187 - - [24/Aug/2017:09:53:05 -0300] "GET /cormun/servlet/hpexe_link HTTP/1.1" 200 960
186.103.159.187 - - [24/Aug/2017:09:53:06 -0300] "GET /cormun/servlet/prfichaempleado?,MD, HTTP/1.1" 200 9220
186.103.159.187 - - [24/Aug/2017:09:53:11 -0300] "POST /cormun/servlet/prfichaempleado?bf9f03306b85e8278083cf58c113d3cd,,MD,,gx-no-cache=1503582779721 HTTP/1.1" 200 6327
186.103.159.187 - - [24/Aug/2017:09:53:12 -0300] "GET /cormun/static/Resources/PXToolsGridNext.gif HTTP/1.1" 200 369
186.103.159.187 - - [24/Aug/2017:09:53:12 -0300] "GET /cormun/static/Resources/PXToolsGridLast.gif HTTP/1.1" 200 370
186.103.159.187 - - [24/Aug/2017:09:53:23 -0300] "GET /cormun/servlet/hlogin HTTP/1.1" 200 1741
186.103.157.42 - - [24/Aug/2017:09:53:41 -0300] "POST /cormun/servlet/solicitudot?gx-no-cache=1503579267806 HTTP/1.1" 200 1336
186.103.157.42 - - [24/Aug/2017:09:53:41 -0300] "GET /cormun/static/menuarrow.gif HTTP/1.1" 404 1015
186.103.157.42 - - [24/Aug/2017:09:53:43 -0300] "POST /cormun/servlet/solicitudot?gx-no-cache=1503579270086 HTTP/1.1" 200 1336
186.103.157.42 - - [24/Aug/2017:09:53:45 -0300] "POST /cormun/servlet/solicitudot?gx-no-cache=1503579271905 HTTP/1.1" 200 34
186.103.159.187 - - [24/Aug/2017:09:53:56 -0300] "GET /cormun/servlet/hlogin HTTP/1.1" 200 1722
186.103.157.42 - - [24/Aug/2017:09:54:03 -0300] "POST /cormun/servlet/solicitudot?ec35c631b83474da813ae13bfd6cc0cb,INS,0,0,,gx-no-cache=1503579289766 HTTP/1.1" 200 93
186.103.157.42 - - [24/Aug/2017:09:54:03 -0300] "GET /cormun/servlet/hpexe_return? HTTP/1.1" 200 1006
186.103.157.42 - - [24/Aug/2017:09:54:03 -0300] "GET /cormun/servlet/trsolicitudot HTTP/1.1" 200 9685
186.103.157.42 - - [24/Aug/2017:09:54:04 -0300] "GET /cormun/servlet/trsolicitudot HTTP/1.1" 200 9681
186.103.159.187 - - [24/Aug/2017:09:54:06 -0300] "POST /cormun/servlet/hlogin?bf9f03306b85e8278083cf58c113d3cd,gx-no-cache=1503582835751 HTTP/1.1" 200 426
186.103.157.42 - - [24/Aug/2017:09:54:08 -0300] "POST /cormun/servlet/trsolicitudot?ec35c631b83474da813ae13bfd6cc0cb,gx-no-cache=1503579295252 HTTP/1.1" 200 105
186.103.157.42 - - [24/Aug/2017:09:54:08 -0300] "GET /cormun/servlet/trsolicitudadjuntos?2017,7272, HTTP/1.1" 200 5988
186.103.157.42 - - [24/Aug/2017:09:54:09 -0300] "GET /cormun/servlet/trsolicitudadjuntos?2017,7272, HTTP/1.1" 200 5988
186.103.157.42 - - [24/Aug/2017:09:54:11 -0300] "GET /cormun/servlet/solicitudotadjuntos?INS,2017,7272,,1, HTTP/1.1" 200 6124
186.103.157.42 - - [24/Aug/2017:09:54:11 -0300] "GET /cormun/static/gxcfg.js?201752511522888 HTTP/1.1" 200 953
186.103.157.42 - - [24/Aug/2017:09:54:11 -0300] "GET /cormun/static/solicitudotadjuntos.js?20175251152299 HTTP/1.1" 200 11771
186.103.157.42 - - [24/Aug/2017:09:54:11 -0300] "GET /cormun/static/about:blank HTTP/1.1" 404 1011
186.103.157.42 - - [24/Aug/2017:09:54:12 -0300] "GET /cormun/servlet/solicitudotadjuntos?INS,2017,7272,,1, HTTP/1.1" 200 6118
186.103.157.42 - - [24/Aug/2017:09:54:12 -0300] "GET /cormun/servlet/solicitudotadjuntos?9f2995b0a7b7fbc0edcd615e407362963dcc32187b124e4e51ab90d91b74b76b40ea0bc31e1d3800c15e2a75a369c3b7,gx-no-cache=1503579299352 HTTP/1.1" 200 30
186.103.157.42 - - [24/Aug/2017:09:54:12 -0300] "POST /cormun/servlet/solicitudotadjuntos?ec35c631b83474da813ae13bfd6cc0cb,INS,2017,7272,,1,,gx-no-cache=1503579299402 HTTP/1.1" 200 3861
186.103.157.42 - - [24/Aug/2017:09:54:14 -0300] "POST /cormun/servlet/solicitudotadjuntos?gx-no-cache=1503579301005 HTTP/1.1" 200 26
186.103.159.187 - - [24/Aug/2017:09:54:15 -0300] "POST /cormun/servlet/hlogin?bf9f03306b85e8278083cf58c113d3cd,gx-no-cache=1503582844798 HTTP/1.1" 200 90
186.103.159.187 - - [24/Aug/2017:09:54:15 -0300] "GET /cormun/servlet/hpexe_link HTTP/1.1" 200 960
186.103.159.187 - - [24/Aug/2017:09:54:17 -0300] "GET /cormun/servlet/prfichaempleado?,MD, HTTP/1.1" 200 9220
186.103.157.42 - - [24/Aug/2017:09:54:18 -0300] "GET /cormun/servlet/solicitudotadjuntos?9f2995b0a7b7fbc0edcd615e407362963115ee99ca129d2ace75bc0d2e1c8edd,gx-no-cache=1503579305654 HTTP/1.1" 200 30
186.103.157.42 - - [24/Aug/2017:09:54:18 -0300] "GET /cormun/servlet/solicitudotadjuntos?9f2995b0a7b7fbc0edcd615e407362963115ee99ca129d2ace75bc0d2e1c8edd,gx-no-cache=1503579305714 HTTP/1.1" 200 30
186.103.157.42 - - [24/Aug/2017:09:54:19 -0300] "POST /cormun/servlet/solicitudotadjuntos?ec35c631b83474da813ae13bfd6cc0cb,INS,2017,7272,,1, HTTP/1.1" 200 116
186.103.157.42 - - [24/Aug/2017:09:54:19 -0300] "GET /cormun/servlet/hpexe_return? HTTP/1.1" 200 1026
186.103.157.42 - - [24/Aug/2017:09:54:20 -0300] "GET /cormun/servlet/trsolicitudadjuntos?2017,7272, HTTP/1.1" 200 8312
186.103.157.42 - - [24/Aug/2017:09:54:20 -0300] "GET /cormun/servlet/trsolicitudadjuntos?2017,7272, HTTP/1.1" 200 8309
186.103.159.187 - - [24/Aug/2017:09:54:22 -0300] "POST /cormun/servlet/acontrolpreferencessavestate?None,CF-31,true HTTP/1.1" 200 35
186.103.157.42 - - [24/Aug/2017:09:54:23 -0300] "GET /cormun/servlet/solicitudotadjuntos?INS,2017,7272,,1, HTTP/1.1" 200 6124
186.103.159.187 - - [24/Aug/2017:09:54:23 -0300] "POST /cormun/servlet/acontrolpreferencessavestate?None,CF-31,true HTTP/1.1" 200 35
186.103.157.42 - - [24/Aug/2017:09:54:23 -0300] "GET /cormun/static/about:blank HTTP/1.1" 404 1011
186.103.157.42 - - [24/Aug/2017:09:54:24 -0300] "GET /cormun/servlet/solicitudotadjuntos?INS,2017,7272,,1, HTTP/1.1" 200 6118
186.103.157.42 - - [24/Aug/2017:09:54:24 -0300] "GET /cormun/servlet/solicitudotadjuntos?9f2995b0a7b7fbc0edcd615e407362963dcc32187b124e4e51ab90d91b74b76b40ea0bc31e1d3800c15e2a75a369c3b7,gx-no-cache=1503579311295 HTTP/1.1" 200 30
186.103.157.42 - - [24/Aug/2017:09:54:24 -0300] "POST /cormun/servlet/solicitudotadjuntos?ec35c631b83474da813ae13bfd6cc0cb,INS,2017,7272,,1,,gx-no-cache=1503579311324 HTTP/1.1" 200 3861
186.103.157.42 - - [24/Aug/2017:09:54:25 -0300] "POST /cormun/servlet/solicitudotadjuntos?gx-no-cache=1503579312722 HTTP/1.1" 200 26
186.103.157.42 - - [24/Aug/2017:09:54:28 -0300] "GET /cormun/servlet/solicitudotadjuntos?9f2995b0a7b7fbc0edcd615e407362963115ee99ca129d2ace75bc0d2e1c8edd,gx-no-cache=1503579315800 HTTP/1.1" 200 30
186.103.157.42 - - [24/Aug/2017:09:54:28 -0300] "GET /cormun/servlet/solicitudotadjuntos?9f2995b0a7b7fbc0edcd615e407362963115ee99ca129d2ace75bc0d2e1c8edd,gx-no-cache=1503579315819 HTTP/1.1" 200 30
186.103.157.42 - - [24/Aug/2017:09:54:29 -0300] "POST /cormun/servlet/solicitudotadjuntos?ec35c631b83474da813ae13bfd6cc0cb,INS,2017,7272,,1, HTTP/1.1" 200 116
186.103.157.42 - - [24/Aug/2017:09:54:29 -0300] "GET /cormun/servlet/hpexe_return? HTTP/1.1" 200 1026
186.103.157.42 - - [24/Aug/2017:09:54:29 -0300] "GET /cormun/servlet/trsolicitudadjuntos?2017,7272, HTTP/1.1" 200 8490
186.103.157.42 - - [24/Aug/2017:09:54:30 -0300] "GET /cormun/servlet/trsolicitudadjuntos?2017,7272, HTTP/1.1" 200 8490
186.103.157.42 - - [24/Aug/2017:09:54:31 -0300] "GET /cormun/servlet/solicitudotadjuntos?INS,2017,7272,,1, HTTP/1.1" 200 6123
186.103.157.42 - - [24/Aug/2017:09:54:32 -0300] "GET /cormun/static/about:blank HTTP/1.1" 404 1011
186.103.157.42 - - [24/Aug/2017:09:54:32 -0300] "GET /cormun/servlet/solicitudotadjuntos?INS,2017,7272,,1, HTTP/1.1" 200 6117
186.103.157.42 - - [24/Aug/2017:09:54:32 -0300] "GET /cormun/servlet/solicitudotadjuntos?9f2995b0a7b7fbc0edcd615e407362963dcc32187b124e4e51ab90d91b74b76b40ea0bc31e1d3800c15e2a75a369c3b7,gx-no-cache=1503579319462 HTTP/1.1" 200 30
186.103.157.42 - - [24/Aug/2017:09:54:32 -0300] "POST /cormun/servlet/solicitudotadjuntos?ec35c631b83474da813ae13bfd6cc0cb,INS,2017,7272,,1,,gx-no-cache=1503579319495 HTTP/1.1" 200 3861
186.103.159.187 - - [24/Aug/2017:09:54:34 -0300] "GET /cormun/servlet/hlogin HTTP/1.1" 200 1722
186.103.157.42 - - [24/Aug/2017:09:54:34 -0300] "POST /cormun/servlet/solicitudotadjuntos?gx-no-cache=1503579321154 HTTP/1.1" 200 26
186.103.159.187 - - [24/Aug/2017:09:54:38 -0300] "GET /cormun/servlet/hlogin HTTP/1.1" 200 1722
186.103.157.42 - - [24/Aug/2017:09:54:38 -0300] "GET /cormun/servlet/solicitudotadjuntos?9f2995b0a7b7fbc0edcd615e407362963115ee99ca129d2ace75bc0d2e1c8edd,gx-no-cache=1503579325317 HTTP/1.1" 200 30
186.103.157.42 - - [24/Aug/2017:09:54:38 -0300] "GET /cormun/servlet/solicitudotadjuntos?9f2995b0a7b7fbc0edcd615e407362963115ee99ca129d2ace75bc0d2e1c8edd,gx-no-cache=1503579325332 HTTP/1.1" 200 30
186.103.157.42 - - [24/Aug/2017:09:54:38 -0300] "POST /cormun/servlet/solicitudotadjuntos?ec35c631b83474da813ae13bfd6cc0cb,INS,2017,7272,,1, HTTP/1.1" 200 116
186.103.157.42 - - [24/Aug/2017:09:54:38 -0300] "GET /cormun/servlet/hpexe_return? HTTP/1.1" 200 1026
186.103.157.42 - - [24/Aug/2017:09:54:39 -0300] "GET /cormun/servlet/trsolicitudadjuntos?2017,7272, HTTP/1.1" 200 8666
186.103.157.42 - - [24/Aug/2017:09:54:39 -0300] "GET /cormun/servlet/trsolicitudadjuntos?2017,7272, HTTP/1.1" 200 8664
186.103.157.42 - - [24/Aug/2017:09:54:42 -0300] "GET /cormun/servlet/solicitudotadjuntos?INS,2017,7272,,1, HTTP/1.1" 200 6123
186.103.157.42 - - [24/Aug/2017:09:54:42 -0300] "GET /cormun/static/about:blank HTTP/1.1" 404 1011
186.103.157.42 - - [24/Aug/2017:09:54:42 -0300] "GET /cormun/servlet/solicitudotadjuntos?INS,2017,7272,,1, HTTP/1.1" 200 6117
186.103.157.42 - - [24/Aug/2017:09:54:43 -0300] "GET /cormun/servlet/solicitudotadjuntos?9f2995b0a7b7fbc0edcd615e407362963dcc32187b124e4e51ab90d91b74b76b40ea0bc31e1d3800c15e2a75a369c3b7,gx-no-cache=1503579329890 HTTP/1.1" 200 30
186.103.157.42 - - [24/Aug/2017:09:54:43 -0300] "POST /cormun/servlet/solicitudotadjuntos?ec35c631b83474da813ae13bfd6cc0cb,INS,2017,7272,,1,,gx-no-cache=1503579329937 HTTP/1.1" 200 3861
186.103.157.42 - - [24/Aug/2017:09:54:44 -0300] "POST /cormun/servlet/solicitudotadjuntos?gx-no-cache=1503579331539 HTTP/1.1" 200 26
186.103.159.187 - - [24/Aug/2017:09:54:46 -0300] "POST /cormun/servlet/hlogin?bf9f03306b85e8278083cf58c113d3cd,gx-no-cache=1503582876176 HTTP/1.1" 200 90
186.103.159.187 - - [24/Aug/2017:09:54:46 -0300] "GET /cormun/servlet/hpexe_link HTTP/1.1" 200 960
186.103.159.187 - - [24/Aug/2017:09:54:47 -0300] "GET /cormun/servlet/prfichaempleado?,MD, HTTP/1.1" 200 9220
186.103.157.42 - - [24/Aug/2017:09:54:47 -0300] "GET /cormun/servlet/solicitudotadjuntos?9f2995b0a7b7fbc0edcd615e407362963115ee99ca129d2ace75bc0d2e1c8edd,gx-no-cache=1503579334569 HTTP/1.1" 200 30
186.103.157.42 - - [24/Aug/2017:09:54:47 -0300] "GET /cormun/servlet/solicitudotadjuntos?9f2995b0a7b7fbc0edcd615e407362963115ee99ca129d2ace75bc0d2e1c8edd,gx-no-cache=1503579334594 HTTP/1.1" 200 30
186.103.157.42 - - [24/Aug/2017:09:54:47 -0300] "POST /cormun/servlet/solicitudotadjuntos?ec35c631b83474da813ae13bfd6cc0cb,INS,2017,7272,,1, HTTP/1.1" 200 116
186.103.157.42 - - [24/Aug/2017:09:54:47 -0300] "GET /cormun/servlet/hpexe_return? HTTP/1.1" 200 1026
186.103.157.42 - - [24/Aug/2017:09:54:48 -0300] "GET /cormun/servlet/trsolicitudadjuntos?2017,7272, HTTP/1.1" 200 8828
186.103.157.42 - - [24/Aug/2017:09:54:48 -0300] "GET /cormun/servlet/trsolicitudadjuntos?2017,7272, HTTP/1.1" 200 8826
186.103.157.42 - - [24/Aug/2017:09:54:51 -0300] "GET /cormun/servlet/solicitudotadjuntos?INS,2017,7272,,1, HTTP/1.1" 200 6123
186.103.157.42 - - [24/Aug/2017:09:54:51 -0300] "GET /cormun/static/about:blank HTTP/1.1" 404 1011
186.103.157.42 - - [24/Aug/2017:09:54:51 -0300] "GET /cormun/servlet/solicitudotadjuntos?INS,2017,7272,,1, HTTP/1.1" 200 6117
186.103.157.42 - - [24/Aug/2017:09:54:52 -0300] "GET /cormun/servlet/solicitudotadjuntos?9f2995b0a7b7fbc0edcd615e407362963dcc32187b124e4e51ab90d91b74b76b40ea0bc31e1d3800c15e2a75a369c3b7,gx-no-cache=1503579338863 HTTP/1.1" 200 30
186.103.157.42 - - [24/Aug/2017:09:54:52 -0300] "POST /cormun/servlet/solicitudotadjuntos?ec35c631b83474da813ae13bfd6cc0cb,INS,2017,7272,,1,,gx-no-cache=1503579338895 HTTP/1.1" 200 3861
186.103.157.42 - - [24/Aug/2017:09:54:54 -0300] "POST /cormun/servlet/solicitudotadjuntos?gx-no-cache=1503579340858 HTTP/1.1" 200 26
186.79.111.195 - - [24/Aug/2017:09:55:01 -0300] "GET /cormun/servlet/hlogin HTTP/1.1" 200 1720
186.79.111.195 - - [24/Aug/2017:09:55:01 -0300] "GET /cormun/static/Resources/Spanish/PXTools.css?11423723 HTTP/1.1" 304 -
186.79.111.195 - - [24/Aug/2017:09:55:01 -0300] "GET /cormun/static/gxcfg.js?20175251213516 HTTP/1.1" 304 -
186.103.157.42 - - [24/Aug/2017:09:55:01 -0300] "GET /cormun/servlet/solicitudotadjuntos?9f2995b0a7b7fbc0edcd615e407362963115ee99ca129d2ace75bc0d2e1c8edd,gx-no-cache=1503579348267 HTTP/1.1" 200 30
186.103.157.42 - - [24/Aug/2017:09:55:01 -0300] "GET /cormun/servlet/solicitudotadjuntos?9f2995b0a7b7fbc0edcd615e407362963115ee99ca129d2ace75bc0d2e1c8edd,gx-no-cache=1503579348291 HTTP/1.1" 200 30
186.79.111.195 - - [24/Aug/2017:09:55:01 -0300] "GET /cormun/static/messages.spa.js?85251 HTTP/1.1" 304 -
186.103.157.42 - - [24/Aug/2017:09:55:01 -0300] "POST /cormun/servlet/solicitudotadjuntos?ec35c631b83474da813ae13bfd6cc0cb,INS,2017,7272,,1, HTTP/1.1" 200 116
186.79.111.195 - - [24/Aug/2017:09:55:01 -0300] "GET /cormun/static/hlogin.js?20175251213537 HTTP/1.1" 304 -
186.103.157.42 - - [24/Aug/2017:09:55:01 -0300] "GET /cormun/servlet/hpexe_return? HTTP/1.1" 200 1026
186.103.157.42 - - [24/Aug/2017:09:55:02 -0300] "GET /cormun/servlet/trsolicitudadjuntos?2017,7272, HTTP/1.1" 200 9013
186.79.111.195 - - [24/Aug/2017:09:55:02 -0300] "GET /cormun/servlet/hlogin HTTP/1.1" 200 1731
186.103.158.250 - - [24/Aug/2017:09:55:02 -0300] "GET /cormun/servlet/hlogin HTTP/1.1" 200 1715
186.103.158.250 - - [24/Aug/2017:09:55:02 -0300] "GET /cormun/static/Resources/Spanish/PXTools.css?11423723 HTTP/1.1" 304 -
186.103.158.250 - - [24/Aug/2017:09:55:02 -0300] "GET /cormun/static/gxcfg.js?20175251213516 HTTP/1.1" 304 -
186.103.157.42 - - [24/Aug/2017:09:55:02 -0300] "GET /cormun/servlet/trsolicitudadjuntos?2017,7272, HTTP/1.1" 200 9010
186.103.158.250 - - [24/Aug/2017:09:55:03 -0300] "GET /cormun/static/hlogin.js?20175251213537 HTTP/1.1" 304 -
186.103.158.250 - - [24/Aug/2017:09:55:03 -0300] "GET /cormun/servlet/hlogin HTTP/1.1" 200 1725
186.103.159.187 - - [24/Aug/2017:09:55:05 -0300] "POST /cormun/servlet/prfichaempleado?bf9f03306b85e8278083cf58c113d3cd,,MD,,gx-no-cache=1503582894758 HTTP/1.1" 200 3166
186.103.157.42 - - [24/Aug/2017:09:55:05 -0300] "GET /cormun/servlet/solicitudotadjuntos?INS,2017,7272,,1, HTTP/1.1" 200 6123
186.103.157.42 - - [24/Aug/2017:09:55:05 -0300] "GET /cormun/static/about:blank HTTP/1.1" 404 1011
186.103.157.42 - - [24/Aug/2017:09:55:05 -0300] "GET /cormun/servlet/solicitudotadjuntos?INS,2017,7272,,1, HTTP/1.1" 200 6117
186.103.157.42 - - [24/Aug/2017:09:55:06 -0300] "GET /cormun/servlet/solicitudotadjuntos?9f2995b0a7b7fbc0edcd615e407362963dcc32187b124e4e51ab90d91b74b76b40ea0bc31e1d3800c15e2a75a369c3b7,gx-no-cache=1503579353099 HTTP/1.1" 200 30
186.103.157.42 - - [24/Aug/2017:09:55:06 -0300] "POST /cormun/servlet/solicitudotadjuntos?ec35c631b83474da813ae13bfd6cc0cb,INS,2017,7272,,1,,gx-no-cache=1503579353131 HTTP/1.1" 200 3861
186.103.157.42 - - [24/Aug/2017:09:55:08 -0300] "POST /cormun/servlet/solicitudotadjuntos?gx-no-cache=1503579354855 HTTP/1.1" 200 26
186.103.159.187 - - [24/Aug/2017:09:55:09 -0300] "POST /cormun/servlet/prfichaempleado?bf9f03306b85e8278083cf58c113d3cd,,MD,,gx-no-cache=1503582899348 HTTP/1.1" 200 3166
186.103.159.187 - - [24/Aug/2017:09:55:10 -0300] "POST /cormun/servlet/prfichaempleado?bf9f03306b85e8278083cf58c113d3cd,,MD,,gx-no-cache=1503582900366 HTTP/1.1" 200 3166
186.103.159.187 - - [24/Aug/2017:09:55:12 -0300] "POST /cormun/servlet/prfichaempleado?bf9f03306b85e8278083cf58c113d3cd,,MD,,gx-no-cache=1503582901716 HTTP/1.1" 200 3166
186.103.157.42 - - [24/Aug/2017:09:55:13 -0300] "GET /cormun/servlet/solicitudotadjuntos?9f2995b0a7b7fbc0edcd615e407362963115ee99ca129d2ace75bc0d2e1c8edd,gx-no-cache=1503579360064 HTTP/1.1" 200 30
186.103.157.42 - - [24/Aug/2017:09:55:13 -0300] "GET /cormun/servlet/solicitudotadjuntos?9f2995b0a7b7fbc0edcd615e407362963115ee99ca129d2ace75bc0d2e1c8edd,gx-no-cache=1503579360086 HTTP/1.1" 200 30
186.103.157.42 - - [24/Aug/2017:09:55:13 -0300] "POST /cormun/servlet/solicitudotadjuntos?ec35c631b83474da813ae13bfd6cc0cb,INS,2017,7272,,1, HTTP/1.1" 200 116
186.103.157.42 - - [24/Aug/2017:09:55:14 -0300] "GET /cormun/servlet/hpexe_return? HTTP/1.1" 200 1026
186.103.157.42 - - [24/Aug/2017:09:55:14 -0300] "GET /cormun/servlet/trsolicitudadjuntos?2017,7272, HTTP/1.1" 200 9253
186.103.157.42 - - [24/Aug/2017:09:55:15 -0300] "GET /cormun/servlet/trsolicitudadjuntos?2017,7272, HTTP/1.1" 200 9251
186.103.159.187 - - [24/Aug/2017:09:55:21 -0300] "GET /cormun/servlet/hlogin HTTP/1.1" 200 1722
186.103.157.42 - - [24/Aug/2017:09:55:25 -0300] "GET /cormun/servlet/trsolicitudot? HTTP/1.1" 200 9688
186.103.157.42 - - [24/Aug/2017:09:55:26 -0300] "GET /cormun/servlet/trsolicitudot? HTTP/1.1" 200 9681
186.103.159.187 - - [24/Aug/2017:09:55:27 -0300] "POST /cormun/servlet/hlogin?bf9f03306b85e8278083cf58c113d3cd,gx-no-cache=1503582917658 HTTP/1.1" 200 90
186.103.159.187 - - [24/Aug/2017:09:55:27 -0300] "GET /cormun/servlet/hpexe_link HTTP/1.1" 200 960
186.103.159.187 - - [24/Aug/2017:09:55:29 -0300] "GET /cormun/servlet/prfichaempleado?,MD, HTTP/1.1" 200 9220
186.103.157.42 - - [24/Aug/2017:09:55:33 -0300] "POST /cormun/servlet/trsolicitudot?ec35c631b83474da813ae13bfd6cc0cb,,gx-no-cache=1503579380515 HTTP/1.1" 200 6772
186.103.157.42 - - [24/Aug/2017:09:55:33 -0300] "GET /cormun/static/Shared/jqueryui/images/ui-bg_highlight-soft_100_c6c2c8_1x100.png HTTP/1.1" 404 1117
186.103.157.42 - - [24/Aug/2017:09:55:33 -0300] "GET /cormun/static/Shared/jqueryui/images/ui-icons_82798d_256x240.png HTTP/1.1" 404 1089
186.103.157.42 - - [24/Aug/2017:09:55:33 -0300] "GET /cormun/static/Shared/jqueryui/images/ui-bg_flat_55_fafafa_40x100.png HTTP/1.1" 404 1097
186.103.157.42 - - [24/Aug/2017:09:55:33 -0300] "GET /cormun/static/Shared/jqueryui/images/ui-icons_8d78a5_256x240.png HTTP/1.1" 404 1089
186.103.157.42 - - [24/Aug/2017:09:55:34 -0300] "POST /cormun/servlet/trsolicitudot?ec35c631b83474da813ae13bfd6cc0cb,,gx-no-cache=1503579380827 HTTP/1.1" 200 6715
186.103.159.187 - - [24/Aug/2017:09:55:35 -0300] "POST /cormun/servlet/acontrolpreferencessavestate?None,CF-31,true HTTP/1.1" 200 35
186.103.157.42 - - [24/Aug/2017:09:55:37 -0300] "GET /cormun/servlet/trautorizarsolicitud? HTTP/1.1" 200 8367
186.103.157.42 - - [24/Aug/2017:09:55:37 -0300] "GET /cormun/static/gxcfg.js?20174261241362 HTTP/1.1" 200 953
186.103.157.42 - - [24/Aug/2017:09:55:37 -0300] "GET /cormun/static/Resources/Spanish/PXTools.css?11294912 HTTP/1.1" 200 89042
186.103.157.42 - - [24/Aug/2017:09:55:37 -0300] "GET /cormun/static/trautorizarsolicitud.js?201742612414370 HTTP/1.1" 200 53910
186.103.157.42 - - [24/Aug/2017:09:55:37 -0300] "GET /cormun/servlet/trautorizarsolicitud? HTTP/1.1" 200 8367
186.103.159.187 - - [24/Aug/2017:09:55:38 -0300] "POST /cormun/servlet/prfichaempleado?bf9f03306b85e8278083cf58c113d3cd,,MD,,gx-no-cache=1503582927987 HTTP/1.1" 200 6327
186.103.159.187 - - [24/Aug/2017:09:55:40 -0300] "POST /cormun/servlet/prfichaempleado?bf9f03306b85e8278083cf58c113d3cd,,MD,,gx-no-cache=1503582929571 HTTP/1.1" 200 6327
186.103.157.42 - - [24/Aug/2017:09:55:40 -0300] "POST /cormun/servlet/trautorizarsolicitud?ec35c631b83474da813ae13bfd6cc0cb,,gx-no-cache=1503579387346 HTTP/1.1" 200 4368
186.103.157.42 - - [24/Aug/2017:09:55:40 -0300] "GET /cormun/static/Shared/jqueryui/images/ui-icons_82798d_256x240.png HTTP/1.1" 404 1089
186.103.157.42 - - [24/Aug/2017:09:55:40 -0300] "GET /cormun/static/Shared/jqueryui/images/ui-bg_highlight-soft_100_c6c2c8_1x100.png HTTP/1.1" 404 1117
186.103.157.42 - - [24/Aug/2017:09:55:40 -0300] "GET /cormun/static/Shared/jqueryui/images/ui-bg_flat_55_fafafa_40x100.png HTTP/1.1" 404 1097
186.103.157.42 - - [24/Aug/2017:09:55:40 -0300] "GET /cormun/static/Shared/jqueryui/images/ui-icons_8d78a5_256x240.png HTTP/1.1" 404 1089
186.103.157.42 - - [24/Aug/2017:09:55:40 -0300] "POST /cormun/servlet/trautorizarsolicitud?ec35c631b83474da813ae13bfd6cc0cb,,gx-no-cache=1503579387558 HTTP/1.1" 200 4112
186.103.159.187 - - [24/Aug/2017:09:55:42 -0300] "POST /cormun/servlet/prfichaempleado?bf9f03306b85e8278083cf58c113d3cd,,MD,,gx-no-cache=1503582931455 HTTP/1.1" 200 6342
186.103.159.187 - - [24/Aug/2017:09:55:42 -0300] "GET /cormun/static/Resources/PXToolsGridFirst.gif HTTP/1.1" 200 379
186.103.159.187 - - [24/Aug/2017:09:55:42 -0300] "GET /cormun/static/Resources/PXToolsGridPrevious.gif HTTP/1.1" 200 369
186.103.159.187 - - [24/Aug/2017:09:55:44 -0300] "POST /cormun/servlet/prfichaempleado?bf9f03306b85e8278083cf58c113d3cd,,MD,,gx-no-cache=1503582933793 HTTP/1.1" 200 3936
186.103.159.187 - - [24/Aug/2017:09:55:47 -0300] "POST /cormun/servlet/prfichaempleado?bf9f03306b85e8278083cf58c113d3cd,,MD,,gx-no-cache=1503582936858 HTTP/1.1" 200 6295
186.103.159.187 - - [24/Aug/2017:09:55:49 -0300] "POST /cormun/servlet/prfichaempleado?bf9f03306b85e8278083cf58c113d3cd,,MD,,gx-no-cache=1503582939042 HTTP/1.1" 200 6327
186.103.159.187 - - [24/Aug/2017:09:56:12 -0300] "GET /cormun/servlet/hlogin HTTP/1.1" 200 1722
186.103.159.187 - - [24/Aug/2017:09:56:19 -0300] "GET /cormun/servlet/hlogin HTTP/1.1" 200 1722
186.103.159.187 - - [24/Aug/2017:09:56:28 -0300] "POST /cormun/servlet/hlogin?bf9f03306b85e8278083cf58c113d3cd,gx-no-cache=1503582977779 HTTP/1.1" 200 90
186.103.159.187 - - [24/Aug/2017:09:56:28 -0300] "GET /cormun/servlet/hpexe_link HTTP/1.1" 200 960
186.103.159.187 - - [24/Aug/2017:09:56:29 -0300] "GET /cormun/servlet/prfichaempleado?,MD, HTTP/1.1" 200 9238
186.103.159.187 - - [24/Aug/2017:09:56:44 -0300] "POST /cormun/servlet/acontrolpreferencessavestate?None,CF-31,true HTTP/1.1" 200 35
200.111.191.210 - - [24/Aug/2017:09:56:44 -0300] "POST /cormun/servlet/hlogin?f301e5c31533f9579dd4ad0796ba0095,gx-no-cache=1503579444864 HTTP/1.1" 440 972
200.111.191.210 - - [24/Aug/2017:09:56:46 -0300] "GET /cormun/servlet/hlogin HTTP/1.1" 200 1734
186.103.159.187 - - [24/Aug/2017:09:56:48 -0300] "POST /cormun/servlet/prfichaempleado?bf9f03306b85e8278083cf58c113d3cd,,MD,,gx-no-cache=1503582997280 HTTP/1.1" 200 6327
186.103.159.187 - - [24/Aug/2017:09:56:58 -0300] "POST /cormun/servlet/acontrolpreferencessavestate?None,CF-31,true HTTP/1.1" 200 35
186.103.159.187 - - [24/Aug/2017:09:57:00 -0300] "POST /cormun/servlet/acontrolpreferencessavestate?None,CF-31,true HTTP/1.1" 200 35
200.111.191.210 - - [24/Aug/2017:09:57:04 -0300] "POST /cormun/servlet/hlogin?6848bf26d32c5a9580b6ec1e63cfe1f3,gx-no-cache=1503579464689 HTTP/1.1" 200 90
200.111.191.210 - - [24/Aug/2017:09:57:04 -0300] "GET /cormun/servlet/hpexe_link HTTP/1.1" 200 955
200.111.191.210 - - [24/Aug/2017:09:57:04 -0300] "GET /cormun/servlet/hhome HTTP/1.1" 200 3795
200.111.191.210 - - [24/Aug/2017:09:57:04 -0300] "GET /cormun/servlet/hhome HTTP/1.1" 200 3792
200.111.191.210 - - [24/Aug/2017:09:57:10 -0300] "GET /cormun/servlet/trlicencias? HTTP/1.1" 200 15294
200.111.191.210 - - [24/Aug/2017:09:57:11 -0300] "GET /cormun/servlet/trlicencias? HTTP/1.1" 200 15287
186.103.159.187 - - [24/Aug/2017:09:57:14 -0300] "GET /cormun/servlet/prfichaempleado?,MD, HTTP/1.1" 200 9220
186.103.159.187 - - [24/Aug/2017:09:57:16 -0300] "GET /favicon.ico HTTP/1.1" 200 21630
186.103.159.187 - - [24/Aug/2017:09:57:18 -0300] "GET /cormun/servlet/prfichaempleado?,MD, HTTP/1.1" 200 9220
186.103.159.187 - - [24/Aug/2017:09:57:19 -0300] "GET /favicon.ico HTTP/1.1" 200 21630
186.103.159.187 - - [24/Aug/2017:09:57:23 -0300] "GET /cormun/servlet/hlogin HTTP/1.1" 200 1722
186.103.158.250 - - [24/Aug/2017:09:57:45 -0300] "GET /cormun/servlet/hlogin HTTP/1.1" 200 1715
186.103.159.187 - - [24/Aug/2017:09:57:55 -0300] "GET /cormun/servlet/hlogin HTTP/1.1" 200 1722
186.103.159.187 - - [24/Aug/2017:09:58:05 -0300] "POST /cormun/servlet/hlogin?bf9f03306b85e8278083cf58c113d3cd,gx-no-cache=1503583075613 HTTP/1.1" 200 90
186.103.159.187 - - [24/Aug/2017:09:58:05 -0300] "GET /cormun/servlet/hpexe_link HTTP/1.1" 200 960
186.103.159.187 - - [24/Aug/2017:09:58:07 -0300] "GET /cormun/servlet/prfichaempleado?,MD, HTTP/1.1" 200 9220
186.103.159.187 - - [24/Aug/2017:09:58:17 -0300] "POST /cormun/servlet/prfichaempleado?bf9f03306b85e8278083cf58c113d3cd,,MD,,gx-no-cache=1503583086186 HTTP/1.1" 200 6538
186.103.159.187 - - [24/Aug/2017:09:58:28 -0300] "POST /cormun/servlet/prfichaempleado?bf9f03306b85e8278083cf58c113d3cd,,MD,,gx-no-cache=1503583097753 HTTP/1.1" 200 3174
186.103.159.187 - - [24/Aug/2017:09:58:30 -0300] "POST /cormun/servlet/prfichaempleado?bf9f03306b85e8278083cf58c113d3cd,,MD,,gx-no-cache=1503583100553 HTTP/1.1" 200 3174
186.103.159.187 - - [24/Aug/2017:09:58:47 -0300] "POST /cormun/servlet/acontrolpreferencessavestate?None,CF-31,true HTTP/1.1" 200 35
186.103.159.187 - - [24/Aug/2017:09:58:50 -0300] "POST /cormun/servlet/prfichaempleado?bf9f03306b85e8278083cf58c113d3cd,,MD,,gx-no-cache=1503583119795 HTTP/1.1" 200 3174
186.103.159.187 - - [24/Aug/2017:09:58:58 -0300] "POST /cormun/servlet/prfichaempleado?bf9f03306b85e8278083cf58c113d3cd,,MD,,gx-no-cache=1503583127924 HTTP/1.1" 200 6538
186.79.111.195 - - [24/Aug/2017:09:58:59 -0300] "POST /cormun/servlet/hlogin?6dfd4c2daedfe179eacc74953d2741fe,gx-no-cache=1503579578058 HTTP/1.1" 200 90
186.79.111.195 - - [24/Aug/2017:09:58:59 -0300] "GET /cormun/servlet/hpexe_link HTTP/1.1" 200 950
186.79.111.195 - - [24/Aug/2017:09:58:59 -0300] "GET /cormun/servlet/hhome HTTP/1.1" 200 3748
186.79.111.195 - - [24/Aug/2017:09:59:02 -0300] "GET /cormun/servlet/hhome HTTP/1.1" 200 3746
186.103.159.44 - - [24/Aug/2017:10:04:25 -0300] "GET /cormun/servlet/hlogin HTTP/1.1" 200 1718
186.103.159.44 - - [24/Aug/2017:10:04:38 -0300] "POST /cormun/servlet/hlogin?5435ff1da6cda7fd259e0122a98ff604,gx-no-cache=1503579925621 HTTP/1.1" 200 90
186.103.159.44 - - [24/Aug/2017:10:04:38 -0300] "GET /cormun/servlet/hpexe_link HTTP/1.1" 200 949
186.103.159.44 - - [24/Aug/2017:10:04:38 -0300] "GET /cormun/servlet/hhome HTTP/1.1" 200 3798
186.103.159.44 - - [24/Aug/2017:10:04:42 -0300] "GET /cormun/servlet/trlicencias? HTTP/1.1" 200 10543
186.103.159.187 - - [24/Aug/2017:10:07:02 -0300] "GET /cormun/servlet/hlogin HTTP/1.1" 200 1718
186.103.159.187 - - [24/Aug/2017:10:07:13 -0300] "POST /cormun/servlet/hlogin?1efd3e5290482c0d35e4621838b8fb2e,gx-no-cache=1503583623667 HTTP/1.1" 200 428
186.103.159.187 - - [24/Aug/2017:10:07:19 -0300] "POST /cormun/servlet/hlogin?1efd3e5290482c0d35e4621838b8fb2e,gx-no-cache=1503583628716 HTTP/1.1" 200 90
186.103.159.187 - - [24/Aug/2017:10:07:19 -0300] "GET /cormun/servlet/hpexe_link HTTP/1.1" 200 946
186.103.159.187 - - [24/Aug/2017:10:07:19 -0300] "GET /cormun/servlet/hhome HTTP/1.1" 200 3753
186.103.159.187 - - [24/Aug/2017:10:07:21 -0300] "GET /cormun/servlet/hhome HTTP/1.1" 200 3750
186.79.244.225 - - [24/Aug/2017:10:08:05 -0300] "GET /cormun/servlet/trvisualizadoreventos? HTTP/1.1" 200 6783
186.79.244.225 - - [24/Aug/2017:10:08:05 -0300] "GET /cormun/servlet/trvisualizadoreventos? HTTP/1.1" 200 6782
186.79.244.225 - - [24/Aug/2017:10:08:09 -0300] "GET /cormun/servlet/trsolicitudot? HTTP/1.1" 200 14378
186.79.244.225 - - [24/Aug/2017:10:08:09 -0300] "GET /cormun/servlet/trsolicitudot? HTTP/1.1" 200 14378
186.79.244.225 - - [24/Aug/2017:10:08:17 -0300] "GET /cormun/servlet/trautorizarsolicitud? HTTP/1.1" 200 6956
186.79.244.225 - - [24/Aug/2017:10:08:17 -0300] "GET /cormun/servlet/trautorizarsolicitud? HTTP/1.1" 200 6955
186.79.244.225 - - [24/Aug/2017:10:08:19 -0300] "GET /cormun/servlet/trvisualizadoreventos? HTTP/1.1" 200 6783
186.79.244.225 - - [24/Aug/2017:10:08:20 -0300] "GET /cormun/servlet/trvisualizadoreventos? HTTP/1.1" 200 6782
186.79.244.225 - - [24/Aug/2017:10:08:28 -0300] "GET /cormun/servlet/trcontratounov2? HTTP/1.1" 200 15633
186.79.244.225 - - [24/Aug/2017:10:08:29 -0300] "GET /cormun/servlet/trcontratounov2? HTTP/1.1" 200 15621
186.79.244.225 - - [24/Aug/2017:10:09:36 -0300] "GET /cormun/servlet/trvisualizadoreventos? HTTP/1.1" 200 6783
186.79.244.225 - - [24/Aug/2017:10:09:37 -0300] "GET /cormun/servlet/trvisualizadoreventos? HTTP/1.1" 200 6782
186.103.159.187 - - [24/Aug/2017:10:09:45 -0300] "GET /cormun/servlet/trsolicitudot? HTTP/1.1" 200 11014
186.103.159.187 - - [24/Aug/2017:10:09:47 -0300] "GET /cormun/servlet/trsolicitudot? HTTP/1.1" 200 11012
186.103.159.187 - - [24/Aug/2017:10:12:00 -0300] "GET /cormun/servlet/solicitudot?INS,0,0, HTTP/1.1" 200 12634
186.103.159.187 - - [24/Aug/2017:10:12:02 -0300] "GET /cormun/servlet/solicitudot?INS,0,0, HTTP/1.1" 200 12637
186.103.159.187 - - [24/Aug/2017:10:12:17 -0300] "POST /cormun/servlet/solicitudot?gx-no-cache=1503583927385 HTTP/1.1" 200 3291
186.103.159.187 - - [24/Aug/2017:10:12:17 -0300] "GET /cormun/static/Shared/jqueryui/images/ui-bg_highlight-soft_100_c6c2c8_1x100.png HTTP/1.1" 404 1117
186.103.159.187 - - [24/Aug/2017:10:12:17 -0300] "GET /cormun/static/Shared/jqueryui/images/ui-icons_82798d_256x240.png HTTP/1.1" 404 1089
186.103.159.187 - - [24/Aug/2017:10:12:18 -0300] "GET /cormun/static/Shared/jqueryui/images/ui-icons_ebccce_256x240.png HTTP/1.1" 404 1089
186.103.159.187 - - [24/Aug/2017:10:12:18 -0300] "GET /cormun/static/Shared/jqueryui/images/ui-bg_flat_55_994d53_40x100.png HTTP/1.1" 404 1097
186.103.159.187 - - [24/Aug/2017:10:12:24 -0300] "GET /cormun/servlet/solicitudot?c9a8b0bba51b4ae554a3ad1b233bd3d69273070c42f834e6dd37b3c3cc943a07a6dd2840ddf7509d8d7480521bb3d464,gx-no-cache=1503583933940 HTTP/1.1" 200 30
66.249.83.7 - - [24/Aug/2017:10:12:24 -0300] "GET /cormun/servlet/hlogin HTTP/1.1" 200 1716
66.249.83.7 - - [24/Aug/2017:10:12:24 -0300] "GET /cormun/servlet/hlogin?_escaped_fragment_= HTTP/1.1" 200 1714
66.249.83.5 - - [24/Aug/2017:10:12:25 -0300] "GET /favicon.ico HTTP/1.1" 200 21630
64.233.172.164 - - [24/Aug/2017:10:12:25 -0300] "GET /cormun/servlet/hlogin HTTP/1.1" 200 1722
64.233.172.167 - - [24/Aug/2017:10:12:26 -0300] "GET /cormun/static/hlogin.js?20175251213537 HTTP/1.1" 200 2136
64.233.172.161 - - [24/Aug/2017:10:12:26 -0300] "GET /cormun/static/gxcfg.js?20175251213516 HTTP/1.1" 200 953
64.233.172.164 - - [24/Aug/2017:10:12:26 -0300] "GET /cormun/static/messages.spa.js?85251 HTTP/1.1" 200 30736
64.233.172.161 - - [24/Aug/2017:10:12:26 -0300] "GET /cormun/static/gxtimezone.js?85251 HTTP/1.1" 200 5781
64.233.172.167 - - [24/Aug/2017:10:12:26 -0300] "GET /cormun/static/Resources/Spanish/PXTools.css?11423723 HTTP/1.1" 200 89042
64.233.172.161 - - [24/Aug/2017:10:12:26 -0300] "GET /cormun/static/Resources/ComunLogin.png HTTP/1.1" 200 17326
64.233.172.164 - - [24/Aug/2017:10:12:26 -0300] "GET /cormun/static/gxgral.js?85251 HTTP/1.1" 200 384558
64.233.172.167 - - [24/Aug/2017:10:12:27 -0300] "GET /cormun/static/Resources/PXToolsButtonRight21.png HTTP/1.1" 200 1283
64.233.172.167 - - [24/Aug/2017:10:12:27 -0300] "GET /cormun/servlet/hlogin HTTP/1.1" 200 1727
64.233.172.164 - - [24/Aug/2017:10:12:27 -0300] "GET /cormun/static/Resources/PXToolsLoginTop.png HTTP/1.1" 200 1337
64.233.172.161 - - [24/Aug/2017:10:12:27 -0300] "GET /cormun/static/Resources/PXToolsLoginBackground.png HTTP/1.1" 200 1164
64.233.172.164 - - [24/Aug/2017:10:12:27 -0300] "GET /cormun/static/Resources/PXToolsButtonLeft21.png HTTP/1.1" 200 1287
64.233.172.167 - - [24/Aug/2017:10:12:27 -0300] "GET /cormun/static/Resources/PXToolsButtonBackground2.png HTTP/1.1" 200 1181
64.233.172.167 - - [24/Aug/2017:10:12:27 -0300] "GET /cormun/static/Resources/indicator.gif HTTP/1.1" 200 1553
64.233.172.167 - - [24/Aug/2017:10:12:27 -0300] "GET /cormun/static/Resources/PXToolsLoginBottom.png HTTP/1.1" 200 1389
186.103.159.46 - - [24/Aug/2017:10:13:44 -0300] "GET /cormun/servlet/permisogoce?INS,0,,, HTTP/1.1" 200 6054
186.103.159.46 - - [24/Aug/2017:10:13:46 -0300] "GET /cormun/servlet/permisogoce?INS,0,,, HTTP/1.1" 200 6049
186.103.159.46 - - [24/Aug/2017:10:13:46 -0300] "GET /cormun/servlet/hlogin HTTP/1.1" 200 1739
186.103.159.46 - - [24/Aug/2017:10:14:04 -0300] "POST /cormun/servlet/hlogin?f127acee9e5dbc210aeab63a7d18e5c4,gx-no-cache=1503580483993 HTTP/1.1" 200 90
186.103.159.46 - - [24/Aug/2017:10:14:05 -0300] "GET /cormun/servlet/hpexe_link HTTP/1.1" 200 962
186.103.159.46 - - [24/Aug/2017:10:14:06 -0300] "GET /cormun/servlet/permisogoce?INS,0,,, HTTP/1.1" 200 6461
186.103.159.46 - - [24/Aug/2017:10:14:08 -0300] "GET /cormun/servlet/permisogoce?INS,0,,, HTTP/1.1" 200 6457
186.103.159.46 - - [24/Aug/2017:10:14:15 -0300] "GET /cormun/servlet/trpermisosgoce? HTTP/1.1" 200 14928
186.103.159.46 - - [24/Aug/2017:10:14:17 -0300] "GET /cormun/servlet/trpermisosgoce? HTTP/1.1" 200 14960
186.103.157.42 - - [24/Aug/2017:10:14:31 -0300] "GET /cormun/servlet/trsolicitudadjuntos?2017,6996, HTTP/1.1" 200 9204
186.103.157.42 - - [24/Aug/2017:10:14:32 -0300] "GET /cormun/servlet/trsolicitudadjuntos?2017,6996, HTTP/1.1" 200 9224
186.103.157.42 - - [24/Aug/2017:10:14:35 -0300] "GET /cormun/servlet/trautorizarsolicitud? HTTP/1.1" 200 7015
186.103.157.42 - - [24/Aug/2017:10:14:36 -0300] "GET /cormun/servlet/trautorizarsolicitud? HTTP/1.1" 200 7003
186.103.157.42 - - [24/Aug/2017:10:14:38 -0300] "GET /cormun/servlet/trsolicitudot? HTTP/1.1" 200 9684
186.103.157.42 - - [24/Aug/2017:10:14:39 -0300] "GET /cormun/servlet/trsolicitudot? HTTP/1.1" 200 9684
186.103.157.42 - - [24/Aug/2017:10:14:42 -0300] "GET /cormun/static/menuarrow.gif HTTP/1.1" 404 1015
186.103.157.42 - - [24/Aug/2017:10:14:49 -0300] "POST /cormun/servlet/trsolicitudot?ec35c631b83474da813ae13bfd6cc0cb,,gx-no-cache=1503580536072 HTTP/1.1" 200 8728
186.103.157.42 - - [24/Aug/2017:10:14:59 -0300] "POST /cormun/servlet/trsolicitudot?ec35c631b83474da813ae13bfd6cc0cb,,gx-no-cache=1503580546243 HTTP/1.1" 200 13511
186.103.157.42 - - [24/Aug/2017:10:15:30 -0300] "POST /cormun/servlet/trsolicitudot?ec35c631b83474da813ae13bfd6cc0cb,,gx-no-cache=1503580576905 HTTP/1.1" 200 16870
186.103.159.46 - - [24/Aug/2017:10:16:03 -0300] "GET /cormun/servlet/trpermisosadjuntos?17458217,20170821084535,P, HTTP/1.1" 200 6102
186.103.159.46 - - [24/Aug/2017:10:16:03 -0300] "GET /cormun/static/gxcfg.js?201762817193957 HTTP/1.1" 200 953
186.103.159.46 - - [24/Aug/2017:10:16:03 -0300] "GET /cormun/static/trpermisosadjuntos.js?201762817194366 HTTP/1.1" 200 20158
186.103.159.46 - - [24/Aug/2017:10:16:05 -0300] "GET /cormun/servlet/trpermisosadjuntos?17458217,20170821084535,P, HTTP/1.1" 200 6102
186.103.159.187 - - [24/Aug/2017:10:18:17 -0300] "GET /cormun/servlet/solicitudot?c9a8b0bba51b4ae554a3ad1b233bd3d68b4c5fcebaf90d90fc2e4ee7aa5fccc222506470c5cd52d376044341c8e05eeaea0f83fd8009a5abef5c4df2df92f02162a80ed64ef03988ca22f400b00c9f3fca13fd317dfe2bbc4002f44e632b20ba3e799f24ab5a935d564944b6280b59db5522049ce076207e4fde278fb8bc3cc3420bbc621cabb202631714be204545fb8460c3628e6e7237a649dc8a0cd3ebb36a20e02601b5e1ca440c98c820522952302f90c58fd58a83161486d24df3f8d56510cf6b6e55b51611c684e882077b13ac23560a3be5e122ea5017a6f5b9e3d803a6209f89eabf2d7a32ebb8b37c2c01b6c40010fad821dd0745d7bfd09a3650dc5afc3abb7861a8996861ac60a98cb309859b3c022d6731a0cb6cbabe0c1e061830c92242e7396919b9c1a8dd6e1c41b02558da5afd7c460aa6cc2def54c6ad86df9a4c0d8e4a5bfc45869e0ae301db,gx-no-cache=1503584286813 HTTP/1.1" 200 297
186.103.159.187 - - [24/Aug/2017:10:18:21 -0300] "GET /cormun/servlet/solicitudot?c9a8b0bba51b4ae554a3ad1b233bd3d6ee6c390019b199eea2b8b77cc1b96adcb3544c2d0f78402032c69e70a821460aa8720b57c0135ead7fc3ba67c748fd93850a89f341177ffbe64712e6c0e6dce40369def93160c94f0098d818b848ad0001f15ebd98b79dc88b96f03dcdeed0202771110e17ba750c2c7db9de05867e17ca6bec5bca3c78fdfca574d23f259b172cd9fd4efde9dbd87f7d5b1b886e8b6e0f7e58f438bdebed5caed2583ace5876ee6c1063d7bde4716ddfb29ee5e24efdb1e7194824b49ec39abb18d4a900035781d6efb385ba525c2c1e450ff1c3cf5628bfa3fa58c94fbc562efb01e945df64b2591dacaa0692a0eacfbd137b599d26d23a75593d1b7d10d96871657665c6fd91e48bf19207bd11f82de5d33c121f6073b04b561326e3dd6b04cad61e699d7b7885d8a69261979295b895a5d9b8ddd2277c53921928b84ce26bf8371f611cc32a459126f7d05596d4c95a262cfe090fe3c4897f5addb30cabea12b558d81627c3abe971265f9d8fa6f78bfb650e4a5942b392293017d87e5d6cd515977a1fb6,gx-no-cache=1503584291191 HTTP/1.1" 200 30
186.103.159.187 - - [24/Aug/2017:10:18:28 -0300] "POST /cormun/servlet/solicitudot?gx-no-cache=1503584298115 HTTP/1.1" 200 30
186.103.159.187 - - [24/Aug/2017:10:18:30 -0300] "POST /cormun/servlet/solicitudot?gx-no-cache=1503584300009 HTTP/1.1" 200 1352
186.103.159.187 - - [24/Aug/2017:10:18:30 -0300] "POST /cormun/servlet/solicitudot?gx-no-cache=1503584300085 HTTP/1.1" 200 38
46.174.191.32 - - [24/Aug/2017:10:18:49 -0300] "GET / HTTP/1.0" 200 11197
207.46.13.144 - - [24/Aug/2017:10:19:45 -0300] "GET /cormun/servlet/hlogin?_escaped_fragment_= HTTP/1.1" 200 1771
200.111.191.210 - - [24/Aug/2017:10:20:18 -0300] "GET /cormun/servlet/trlicenciaspermisosadjuntos?13502207,20170824000000,L, HTTP/1.1" 200 6142
200.111.191.210 - - [24/Aug/2017:10:20:18 -0300] "GET /cormun/servlet/trlicenciaspermisosadjuntos?13502207,20170824000000,L, HTTP/1.1" 200 6143
200.111.191.210 - - [24/Aug/2017:10:20:19 -0300] "GET /cormun/servlet/licenciaspermisosadjuntos?INS,13502207,L,20170824000000,, HTTP/1.1" 200 5432
200.111.191.210 - - [24/Aug/2017:10:20:19 -0300] "GET /cormun/static/about:blank HTTP/1.1" 404 1011
200.111.191.210 - - [24/Aug/2017:10:20:20 -0300] "GET /cormun/servlet/licenciaspermisosadjuntos?INS,13502207,L,20170824000000,, HTTP/1.1" 200 5421
200.111.191.210 - - [24/Aug/2017:10:20:31 -0300] "POST /cormun/servlet/licenciaspermisosadjuntos?6848bf26d32c5a9580b6ec1e63cfe1f3,INS,13502207,L,20170824000000,, HTTP/1.1" 200 116
200.111.191.210 - - [24/Aug/2017:10:20:31 -0300] "GET /cormun/servlet/hpexe_return? HTTP/1.1" 200 1045
200.111.191.210 - - [24/Aug/2017:10:20:32 -0300] "GET /cormun/servlet/trlicenciaspermisosadjuntos?13502207,20170824000000,L, HTTP/1.1" 200 6600
200.111.191.210 - - [24/Aug/2017:10:20:32 -0300] "GET /cormun/servlet/trlicenciaspermisosadjuntos?13502207,20170824000000,L, HTTP/1.1" 200 6597
200.111.191.210 - - [24/Aug/2017:10:20:45 -0300] "GET /cormun/servlet/trlicencias? HTTP/1.1" 200 15299
200.111.191.210 - - [24/Aug/2017:10:20:45 -0300] "GET /cormun/servlet/trlicencias? HTTP/1.1" 200 15287
200.111.191.210 - - [24/Aug/2017:10:20:49 -0300] "POST /cormun/servlet/trlicencias?6848bf26d32c5a9580b6ec1e63cfe1f3,,gx-no-cache=1503580889672 HTTP/1.1" 200 13014
200.111.191.210 - - [24/Aug/2017:10:20:49 -0300] "GET /cormun/static/Shared/jqueryui/images/ui-bg_highlight-soft_100_c6c2c8_1x100.png HTTP/1.1" 404 1117
200.111.191.210 - - [24/Aug/2017:10:20:49 -0300] "GET /cormun/static/Shared/jqueryui/images/ui-icons_82798d_256x240.png HTTP/1.1" 404 1089
200.111.191.210 - - [24/Aug/2017:10:20:49 -0300] "GET /cormun/static/Shared/jqueryui/images/ui-bg_flat_55_fafafa_40x100.png HTTP/1.1" 404 1097
200.111.191.210 - - [24/Aug/2017:10:20:49 -0300] "GET /cormun/static/Shared/jqueryui/images/ui-icons_8d78a5_256x240.png HTTP/1.1" 404 1089
200.111.191.210 - - [24/Aug/2017:10:20:52 -0300] "GET /cormun/servlet/trpermisosgoce? HTTP/1.1" 200 15088
200.111.191.210 - - [24/Aug/2017:10:20:52 -0300] "GET /cormun/servlet/trpermisosgoce? HTTP/1.1" 200 15076
200.111.191.210 - - [24/Aug/2017:10:21:14 -0300] "GET /cormun/servlet/trpermisosadjuntos?11888496,20170824081407,P, HTTP/1.1" 200 6110
200.111.191.210 - - [24/Aug/2017:10:21:15 -0300] "GET /cormun/servlet/trpermisosadjuntos?11888496,20170824081407,P, HTTP/1.1" 200 6111
200.111.191.210 - - [24/Aug/2017:10:21:17 -0300] "GET /cormun/servlet/permisosadjuntos?INS,11888496,P,20170824081407,, HTTP/1.1" 200 5436
200.111.191.210 - - [24/Aug/2017:10:21:17 -0300] "GET /cormun/static/about:blank HTTP/1.1" 404 1011
200.111.191.210 - - [24/Aug/2017:10:21:17 -0300] "GET /cormun/servlet/permisosadjuntos?INS,11888496,P,20170824081407,, HTTP/1.1" 200 5426
186.103.159.187 - - [24/Aug/2017:10:21:20 -0300] "GET /cormun/servlet/solicitudot?c9a8b0bba51b4ae554a3ad1b233bd3d6ec7c2130c519c1995577eeb4e7da1fafb6c40010fad821dd0745d7bfd09a3650dc5afc3abb7861a8996861ac60a98cb3ddad55d28979a50ada05a4e576d417f2,gx-no-cache=1503584469962 HTTP/1.1" 200 29
186.103.159.187 - - [24/Aug/2017:10:21:20 -0300] "POST /cormun/servlet/solicitudot?gx-no-cache=1503584470016 HTTP/1.1" 200 1336
186.103.159.187 - - [24/Aug/2017:10:21:28 -0300] "GET /cormun/static/menuarrow.gif HTTP/1.1" 404 1015
200.111.191.210 - - [24/Aug/2017:10:21:32 -0300] "POST /cormun/servlet/permisosadjuntos?6848bf26d32c5a9580b6ec1e63cfe1f3,INS,11888496,P,20170824081407,, HTTP/1.1" 200 116
200.111.191.210 - - [24/Aug/2017:10:21:32 -0300] "GET /cormun/servlet/hpexe_return? HTTP/1.1" 200 1041
200.111.191.210 - - [24/Aug/2017:10:21:32 -0300] "GET /cormun/servlet/trpermisosadjuntos?11888496,20170824081407,P, HTTP/1.1" 200 6567
200.111.191.210 - - [24/Aug/2017:10:21:32 -0300] "GET /cormun/servlet/trpermisosadjuntos?11888496,20170824081407,P, HTTP/1.1" 200 6564
200.111.191.210 - - [24/Aug/2017:10:21:34 -0300] "GET /cormun/servlet/permisosadjuntos?DLT,11888496,P,20170824081407,20170824102047, HTTP/1.1" 200 5457
200.111.191.210 - - [24/Aug/2017:10:21:34 -0300] "GET /cormun/PublicTempStorage/110339591.pdf HTTP/1.1" 200 29924
200.111.191.210 - - [24/Aug/2017:10:21:34 -0300] "GET /cormun/static/Shared/jqueryui/images/ui-bg_highlight-soft_100_c6c2c8_1x100.png HTTP/1.1" 404 1117
200.111.191.210 - - [24/Aug/2017:10:21:34 -0300] "GET /cormun/static/Shared/jqueryui/images/ui-icons_82798d_256x240.png HTTP/1.1" 404 1089
200.111.191.210 - - [24/Aug/2017:10:21:34 -0300] "GET /cormun/static/Shared/jqueryui/images/ui-bg_flat_55_fafafa_40x100.png HTTP/1.1" 404 1097
200.111.191.210 - - [24/Aug/2017:10:21:34 -0300] "GET /cormun/static/Shared/jqueryui/images/ui-icons_8d78a5_256x240.png HTTP/1.1" 404 1089
200.111.191.210 - - [24/Aug/2017:10:21:34 -0300] "GET /cormun/servlet/permisosadjuntos?DLT,11888496,P,20170824081407,20170824102047, HTTP/1.1" 200 5448
200.111.191.210 - - [24/Aug/2017:10:21:37 -0300] "POST /cormun/servlet/permisosadjuntos?6848bf26d32c5a9580b6ec1e63cfe1f3,DLT,11888496,P,20170824081407,20170824102047,,gx-no-cache=1503580937947 HTTP/1.1" 200 93
200.111.191.210 - - [24/Aug/2017:10:21:37 -0300] "GET /cormun/servlet/hpexe_return? HTTP/1.1" 200 1048
200.111.191.210 - - [24/Aug/2017:10:21:37 -0300] "GET /cormun/servlet/trpermisosadjuntos?11888496,20170824081407,P, HTTP/1.1" 200 6567
200.111.191.210 - - [24/Aug/2017:10:21:37 -0300] "GET /cormun/servlet/trpermisosadjuntos?11888496,20170824081407,P, HTTP/1.1" 200 6563
200.111.191.210 - - [24/Aug/2017:10:21:39 -0300] "GET /cormun/PublicTempStorage/1107838695.pdf HTTP/1.1" 200 29924
200.111.191.210 - - [24/Aug/2017:10:21:41 -0300] "GET /cormun/servlet/trpermisosadjuntos?11888496,20170824081407,P, HTTP/1.1" 200 6568
200.111.191.210 - - [24/Aug/2017:10:21:42 -0300] "GET /cormun/servlet/trpermisosadjuntos?11888496,20170824081407,P, HTTP/1.1" 200 6564
200.111.191.210 - - [24/Aug/2017:10:21:45 -0300] "GET /cormun/servlet/trpermisosgoce? HTTP/1.1" 200 15074
200.111.191.210 - - [24/Aug/2017:10:21:45 -0300] "GET /cormun/servlet/trpermisosgoce? HTTP/1.1" 200 15076
186.103.159.187 - - [24/Aug/2017:10:21:47 -0300] "POST /cormun/servlet/solicitudot?gx-no-cache=1503584497167 HTTP/1.1" 200 30
200.111.191.210 - - [24/Aug/2017:10:21:47 -0300] "POST /cormun/servlet/trpermisosgoce?6848bf26d32c5a9580b6ec1e63cfe1f3,,gx-no-cache=1503580948097 HTTP/1.1" 200 12298
200.111.191.210 - - [24/Aug/2017:10:21:47 -0300] "GET /cormun/static/Shared/jqueryui/images/ui-bg_highlight-soft_100_c6c2c8_1x100.png HTTP/1.1" 404 1117
200.111.191.210 - - [24/Aug/2017:10:21:47 -0300] "GET /cormun/static/Shared/jqueryui/images/ui-icons_82798d_256x240.png HTTP/1.1" 404 1089
200.111.191.210 - - [24/Aug/2017:10:21:47 -0300] "GET /cormun/static/Shared/jqueryui/images/ui-bg_flat_55_fafafa_40x100.png HTTP/1.1" 404 1097
200.111.191.210 - - [24/Aug/2017:10:21:47 -0300] "GET /cormun/static/Shared/jqueryui/images/ui-icons_8d78a5_256x240.png HTTP/1.1" 404 1089
200.111.191.210 - - [24/Aug/2017:10:21:50 -0300] "GET /cormun/servlet/trpermisosadjuntos?16884606,20170823094115,P, HTTP/1.1" 200 6107
200.111.191.210 - - [24/Aug/2017:10:21:50 -0300] "GET /cormun/servlet/trpermisosadjuntos?16884606,20170823094115,P, HTTP/1.1" 200 6108
200.111.191.210 - - [24/Aug/2017:10:21:52 -0300] "GET /cormun/servlet/permisosadjuntos?INS,16884606,P,20170823094115,, HTTP/1.1" 200 5432
200.111.191.210 - - [24/Aug/2017:10:21:52 -0300] "GET /cormun/static/about:blank HTTP/1.1" 404 1011
200.111.191.210 - - [24/Aug/2017:10:21:52 -0300] "GET /cormun/servlet/permisosadjuntos?INS,16884606,P,20170823094115,, HTTP/1.1" 200 5422
200.111.191.210 - - [24/Aug/2017:10:22:01 -0300] "POST /cormun/servlet/permisosadjuntos?6848bf26d32c5a9580b6ec1e63cfe1f3,INS,16884606,P,20170823094115,, HTTP/1.1" 200 116
200.111.191.210 - - [24/Aug/2017:10:22:01 -0300] "GET /cormun/servlet/hpexe_return? HTTP/1.1" 200 1041
