186.79.218.5 - - [24/Aug/2017:08:28:34 -0300] "GET /cormun/servlet/hpexe_return? HTTP/1.1" 200 1036
186.79.218.5 - - [24/Aug/2017:08:28:34 -0300] "GET /cormun/servlet/trpermisosadjuntos?16792567,20170824082438,P, HTTP/1.1" 200 6541
186.79.218.5 - - [24/Aug/2017:08:28:34 -0300] "GET /cormun/servlet/trpermisosadjuntos?16792567,20170824082438,P, HTTP/1.1" 200 6537
186.79.218.5 - - [24/Aug/2017:08:29:01 -0300] "GET /cormun/servlet/trpermisosgoce? HTTP/1.1" 200 12996
186.79.218.5 - - [24/Aug/2017:08:29:02 -0300] "GET /cormun/servlet/trpermisosgoce? HTTP/1.1" 200 12996
186.79.218.5 - - [24/Aug/2017:08:29:07 -0300] "GET /cormun/servlet/apermisogoceprn?16792567,P,20170824082438,PU HTTP/1.1" 200 1656
186.79.218.5 - - [24/Aug/2017:08:32:37 -0300] "GET /cormun/servlet/apermisogoceprn?16792567,P,20170824082438,PU HTTP/1.1" 200 1658
186.79.218.5 - - [24/Aug/2017:08:36:35 -0300] "POST /cormun/servlet/trpermisosgoce?8bbcf113db9c23b5242abf62e3d7caea,,gx-no-cache=1503574638318 HTTP/1.1" 200 10151
186.79.218.5 - - [24/Aug/2017:08:36:36 -0300] "GET /cormun/static/Shared/jqueryui/images/ui-bg_highlight-soft_100_c6c2c8_1x100.png HTTP/1.1" 404 1117
186.79.218.5 - - [24/Aug/2017:08:36:36 -0300] "GET /cormun/static/Shared/jqueryui/images/ui-icons_82798d_256x240.png HTTP/1.1" 404 1089
186.79.218.5 - - [24/Aug/2017:08:36:36 -0300] "GET /cormun/static/Shared/jqueryui/images/ui-bg_flat_55_fafafa_40x100.png HTTP/1.1" 404 1097
186.79.218.5 - - [24/Aug/2017:08:36:36 -0300] "GET /cormun/static/Shared/jqueryui/images/ui-icons_8d78a5_256x240.png HTTP/1.1" 404 1089
186.79.218.5 - - [24/Aug/2017:08:39:00 -0300] "GET /cormun/servlet/trsolicitudot? HTTP/1.1" 200 14025
186.79.218.5 - - [24/Aug/2017:08:39:02 -0300] "GET /cormun/servlet/trsolicitudot? HTTP/1.1" 200 14025
186.79.218.5 - - [24/Aug/2017:08:39:05 -0300] "GET /cormun/servlet/solicitudot?INS,0,0, HTTP/1.1" 200 12645
186.79.218.5 - - [24/Aug/2017:08:39:06 -0300] "GET /cormun/servlet/solicitudot?INS,0,0, HTTP/1.1" 200 12649
186.79.218.5 - - [24/Aug/2017:08:39:09 -0300] "GET /cormun/servlet/prfichaempleado?,MD,,gxPopupLevel%3D0%3B HTTP/1.1" 200 9228
186.79.218.5 - - [24/Aug/2017:08:39:29 -0300] "POST /cormun/servlet/prfichaempleado?8bbcf113db9c23b5242abf62e3d7caea,,MD,,gxPopupLevel%3D0%3B,gx-no-cache=1503574812224 HTTP/1.1" 200 3428
186.103.156.24 - - [24/Aug/2017:08:39:32 -0300] "GET /cormun/servlet/hlogin HTTP/1.1" 200 1716
186.103.156.24 - - [24/Aug/2017:08:40:24 -0300] "POST /cormun/servlet/hlogin?627a075b041a947dcf15ad9f760b329e,gx-no-cache=1503574864742 HTTP/1.1" 200 425
186.103.156.24 - - [24/Aug/2017:08:40:32 -0300] "POST /cormun/servlet/hlogin?627a075b041a947dcf15ad9f760b329e,gx-no-cache=1503574872803 HTTP/1.1" 200 90
186.103.156.24 - - [24/Aug/2017:08:40:32 -0300] "GET /cormun/servlet/hpexe_link HTTP/1.1" 200 949
186.103.156.24 - - [24/Aug/2017:08:40:32 -0300] "GET /cormun/servlet/hhome HTTP/1.1" 200 4051
186.103.156.24 - - [24/Aug/2017:08:40:33 -0300] "GET /cormun/servlet/hhome HTTP/1.1" 200 4047
186.79.218.5 - - [24/Aug/2017:08:40:58 -0300] "GET /cormun/servlet/trsolicitudot? HTTP/1.1" 200 14025
186.79.218.5 - - [24/Aug/2017:08:40:59 -0300] "GET /cormun/servlet/trsolicitudot? HTTP/1.1" 200 14025
186.103.156.24 - - [24/Aug/2017:08:42:11 -0300] "GET /cormun/servlet/trlicencias? HTTP/1.1" 200 13286
186.103.156.24 - - [24/Aug/2017:08:42:12 -0300] "GET /cormun/servlet/trlicencias? HTTP/1.1" 200 13326
186.103.156.24 - - [24/Aug/2017:08:42:19 -0300] "GET /cormun/servlet/licenciaspermisos?INS,0,,, HTTP/1.1" 200 7583
186.103.156.24 - - [24/Aug/2017:08:42:19 -0300] "GET /cormun/servlet/licenciaspermisos?INS,0,,, HTTP/1.1" 200 7591
186.103.156.24 - - [24/Aug/2017:08:42:25 -0300] "GET /cormun/servlet/prfichaempleado?,MD,,gxPopupLevel%3D0%3B HTTP/1.1" 200 9351
186.103.156.24 - - [24/Aug/2017:08:42:39 -0300] "POST /cormun/servlet/prfichaempleado?627a075b041a947dcf15ad9f760b329e,,MD,,gxPopupLevel%3D0%3B,gx-no-cache=1503575000303 HTTP/1.1" 200 3421
186.103.156.24 - - [24/Aug/2017:08:43:22 -0300] "GET /cormun/servlet/licenciaspermisos?6016937f09d1b28aa324de503e7876709ce43918c78a738b19e7f6fa053b2ff47444b0a67365b0607cb59547ccd586a1,gx-no-cache=1503575042748 HTTP/1.1" 200 91
186.103.156.24 - - [24/Aug/2017:08:43:22 -0300] "POST /cormun/servlet/licenciaspermisos?627a075b041a947dcf15ad9f760b329e,INS,0,,,,gx-no-cache=1503575042845 HTTP/1.1" 200 4719
186.103.159.204 - - [24/Aug/2017:08:44:33 -0300] "GET /cormun/servlet/trpermisosgoce? HTTP/1.1" 200 6061
186.103.159.204 - - [24/Aug/2017:08:44:33 -0300] "GET /cormun/static/calendar-system.css?75620 HTTP/1.1" 200 5572
186.103.159.204 - - [24/Aug/2017:08:44:33 -0300] "GET /cormun/static/gxui/gxui-all.css?110300 HTTP/1.1" 200 2179
186.103.159.204 - - [24/Aug/2017:08:44:33 -0300] "GET /cormun/static/SmoothNavMenu/resources/ddsmoothmenu.css?1012540 HTTP/1.1" 200 2223
186.103.159.204 - - [24/Aug/2017:08:44:33 -0300] "GET /cormun/static/SmoothNavMenu/resources/ddsmoothmenu-v.css?1012540 HTTP/1.1" 200 1188
186.103.159.204 - - [24/Aug/2017:08:44:33 -0300] "GET /cormun/static/Shared/jqueryui/jquery-ui.min.css?1245370 HTTP/1.1" 200 30288
186.103.159.204 - - [24/Aug/2017:08:44:33 -0300] "GET /cormun/static/scaMessage/css/jquery.pnotify.default.css?1716380 HTTP/1.1" 200 1707
186.103.159.204 - - [24/Aug/2017:08:44:33 -0300] "GET /cormun/static/gxtimezone.js?85251 HTTP/1.1" 200 5781
186.103.159.204 - - [24/Aug/2017:08:44:33 -0300] "GET /cormun/static/gxcfg.js?20177612163875 HTTP/1.1" 200 953
186.103.159.204 - - [24/Aug/2017:08:44:33 -0300] "GET /cormun/static/calendar-setup.js?85251 HTTP/1.1" 200 2588
186.103.159.204 - - [24/Aug/2017:08:44:33 -0300] "GET /cormun/static/calendar-es.js?85251 HTTP/1.1" 200 1901
186.103.159.204 - - [24/Aug/2017:08:44:33 -0300] "GET /cormun/static/Resources/Spanish/PXTools.css?1155365 HTTP/1.1" 200 89042
186.103.159.204 - - [24/Aug/2017:08:44:33 -0300] "GET /cormun/static/calendar.js?85251 HTTP/1.1" 200 26246
186.103.159.204 - - [24/Aug/2017:08:44:33 -0300] "GET /cormun/static/RunJS/RunJS.js HTTP/1.1" 200 288
186.103.159.204 - - [24/Aug/2017:08:44:33 -0300] "GET /cormun/static/PXToolsJavascripts/pexe_autoreload.js HTTP/1.1" 200 1762
186.103.159.204 - - [24/Aug/2017:08:44:33 -0300] "GET /cormun/static/PXToolsJavascripts/pexe_cookies.js HTTP/1.1" 200 792
186.103.159.204 - - [24/Aug/2017:08:44:33 -0300] "GET /cormun/static/PXToolsJavascripts/pexe_windows.js HTTP/1.1" 200 15207
186.103.159.204 - - [24/Aug/2017:08:44:33 -0300] "GET /cormun/static/PXToolsJavascripts/pexe_grid.js HTTP/1.1" 200 7559
186.103.159.204 - - [24/Aug/2017:08:44:33 -0300] "GET /cormun/static/gxui/gxui-all.js HTTP/1.1" 200 107772
186.103.159.204 - - [24/Aug/2017:08:44:33 -0300] "GET /cormun/static/PXToolsJavascripts/pexe_griddivfix.js HTTP/1.1" 200 6644
186.103.159.204 - - [24/Aug/2017:08:44:33 -0300] "GET /cormun/static/PXToolsJavascripts/pexe_link.js HTTP/1.1" 200 5671
186.103.159.204 - - [24/Aug/2017:08:44:33 -0300] "GET /cormun/static/PXToolsJavascripts/pexe_menudivfix.js HTTP/1.1" 200 333
186.103.159.204 - - [24/Aug/2017:08:44:33 -0300] "GET /cormun/static/Shared/ext/resources/css/ext-all.css?205870 HTTP/1.1" 200 416045
186.103.159.204 - - [24/Aug/2017:08:44:33 -0300] "GET /cormun/static/PXToolsJavascripts/pexe_layers.js HTTP/1.1" 200 4114
186.103.159.204 - - [24/Aug/2017:08:44:33 -0300] "GET /cormun/static/PXToolsJavascripts/pexe_menus.js HTTP/1.1" 200 1286
186.103.159.204 - - [24/Aug/2017:08:44:33 -0300] "GET /cormun/static/PXToolsJavascripts/pexe_oav.js HTTP/1.1" 200 645
186.103.159.204 - - [24/Aug/2017:08:44:33 -0300] "GET /cormun/static/PXToolsJavascripts/pexe_oavdivfix.js HTTP/1.1" 200 639
186.103.159.204 - - [24/Aug/2017:08:44:33 -0300] "GET /cormun/static/PXToolsJavascripts/pexe_picture.js HTTP/1.1" 200 689
186.103.159.204 - - [24/Aug/2017:08:44:33 -0300] "GET /cormun/static/PXToolsJavascripts/pexe_popup.js HTTP/1.1" 200 13458
186.103.159.204 - - [24/Aug/2017:08:44:33 -0300] "GET /cormun/static/PXToolsJavascripts/pexe_scrolldiv.js HTTP/1.1" 200 4138
186.103.159.204 - - [24/Aug/2017:08:44:33 -0300] "GET /cormun/static/PXToolsJavascripts/pexe_tabdivfix.js HTTP/1.1" 200 876
186.103.159.204 - - [24/Aug/2017:08:44:33 -0300] "GET /cormun/static/PXToolsJavascripts/pexe_tabs.js HTTP/1.1" 200 3748
186.103.159.204 - - [24/Aug/2017:08:44:33 -0300] "GET /cormun/static/PXToolsJavascripts/pexe_upload.js HTTP/1.1" 200 1423
186.103.159.204 - - [24/Aug/2017:08:44:33 -0300] "GET /cormun/static/PXToolsJavascripts/PXToolsJavascriptsRender.js HTTP/1.1" 200 367
186.103.159.204 - - [24/Aug/2017:08:44:33 -0300] "GET /cormun/static/gxgral.js?85251 HTTP/1.1" 200 384558
186.103.159.204 - - [24/Aug/2017:08:44:33 -0300] "GET /cormun/static/messages.spa.js?85251 HTTP/1.1" 200 30736
186.103.159.204 - - [24/Aug/2017:08:44:33 -0300] "GET /cormun/static/gxdec.js?85251 HTTP/1.1" 200 19579
186.103.159.204 - - [24/Aug/2017:08:44:33 -0300] "GET /cormun/static/trpermisosgoce.js?20177612164335 HTTP/1.1" 200 35904
186.103.159.204 - - [24/Aug/2017:08:44:33 -0300] "GET /cormun/static/Shared/ext/locale/ext-lang-en.js HTTP/1.1" 200 10940
186.103.159.204 - - [24/Aug/2017:08:44:33 -0300] "GET /cormun/static/hwchdr01.js?201752511465785 HTTP/1.1" 200 1183
186.103.159.204 - - [24/Aug/2017:08:44:33 -0300] "GET /cormun/static/hpexe_recentlink.js?20177611595044 HTTP/1.1" 200 2144
186.103.159.204 - - [24/Aug/2017:08:44:33 -0300] "GET /cormun/static/hpexe_scripts.js?201752511465715 HTTP/1.1" 200 1544
186.103.159.204 - - [24/Aug/2017:08:44:33 -0300] "GET /cormun/static/hpexe_messagecontroller.js?20177611595012 HTTP/1.1" 200 870
186.103.159.204 - - [24/Aug/2017:08:44:33 -0300] "GET /cormun/static/hpexe_messagepopupcomponent.js?20161017169425 HTTP/1.1" 200 605
186.103.159.204 - - [24/Aug/2017:08:44:33 -0300] "GET /cormun/static/hpexe_messagegenexuscomponent.js?201752511465344 HTTP/1.1" 200 587
186.103.159.204 - - [24/Aug/2017:08:44:33 -0300] "GET /cormun/static/cmcontrolpreferences.js?201752511465670 HTTP/1.1" 200 1375
186.103.159.204 - - [24/Aug/2017:08:44:33 -0300] "GET /cormun/static/Shared/jquery/jquery-1.4.2.min.js HTTP/1.1" 200 72174
186.103.159.204 - - [24/Aug/2017:08:44:33 -0300] "GET /cormun/static/SmoothNavMenu/resources/ddsmoothmenu.js HTTP/1.1" 200 12712
186.103.159.204 - - [24/Aug/2017:08:44:33 -0300] "GET /cormun/static/SmoothNavMenu/resources/SmoothNavMenuRender.js HTTP/1.1" 200 5951
186.103.159.204 - - [24/Aug/2017:08:44:33 -0300] "GET /cormun/static/scaMessage/js/jquery.pnotify.min.js HTTP/1.1" 200 13038
186.103.159.204 - - [24/Aug/2017:08:44:33 -0300] "GET /cormun/static/scaMessage/scaMessageRender.js HTTP/1.1" 200 11977
186.103.159.204 - - [24/Aug/2017:08:44:33 -0300] "GET /cormun/static/hmpwkw03.js?20177612122668 HTTP/1.1" 200 3965
186.103.159.204 - - [24/Aug/2017:08:44:33 -0300] "GET /cormun/static/Shared/jquery/jquery-1.10.2.min.js HTTP/1.1" 200 273199
186.103.159.204 - - [24/Aug/2017:08:44:34 -0300] "GET /cormun/static/Shared/jqueryui/jquery-ui.min.js HTTP/1.1" 200 240427
186.103.159.204 - - [24/Aug/2017:08:44:34 -0300] "GET /cormun/static/Shared/ext/ext-all.js HTTP/1.1" 200 1289687
186.103.159.204 - - [24/Aug/2017:08:44:34 -0300] "GET /cormun/static/Resources/PXToolsHeaderHome.png HTTP/1.1" 200 4147
186.103.159.204 - - [24/Aug/2017:08:44:34 -0300] "GET /cormun/static/Resources/logo4.png HTTP/1.1" 200 6582
186.103.159.204 - - [24/Aug/2017:08:44:34 -0300] "GET /cormun/static/Resources/PXToolsHeaderPreferences.png HTTP/1.1" 200 4189
186.103.159.204 - - [24/Aug/2017:08:44:34 -0300] "GET /cormun/static/Resources/PXToolsHeaderActionsLeft.png HTTP/1.1" 200 1118
186.103.159.204 - - [24/Aug/2017:08:44:34 -0300] "GET /cormun/static/Resources/PXToolsHeaderSecurity.png HTTP/1.1" 200 4166
186.103.159.204 - - [24/Aug/2017:08:44:34 -0300] "GET /cormun/static/Resources/PXToolsHeaderLogin.png HTTP/1.1" 200 4279
186.103.159.204 - - [24/Aug/2017:08:44:34 -0300] "GET /cormun/static/Resources/PXToolsHeaderActionsRight.png HTTP/1.1" 200 1201
186.103.159.204 - - [24/Aug/2017:08:44:34 -0300] "GET /cormun/static/Resources/PXToolsGridNew.png HTTP/1.1" 200 2949
186.103.159.204 - - [24/Aug/2017:08:44:34 -0300] "GET /cormun/static/Resources/PXTools/calendar.png HTTP/1.1" 200 1306
186.103.159.204 - - [24/Aug/2017:08:44:34 -0300] "GET /cormun/static/Resources/PXToolsDataSearch.png HTTP/1.1" 200 419
186.103.159.204 - - [24/Aug/2017:08:44:34 -0300] "GET /cormun/static/Resources/PXToolsGridPreviousDisabled.gif HTTP/1.1" 200 90
186.103.159.204 - - [24/Aug/2017:08:44:34 -0300] "GET /cormun/static/Resources/PXToolsGridNextDisabled.gif HTTP/1.1" 200 90
186.103.159.204 - - [24/Aug/2017:08:44:34 -0300] "GET /cormun/static/Resources/PXToolsGridFirstDisabled.gif HTTP/1.1" 200 100
186.103.159.204 - - [24/Aug/2017:08:44:34 -0300] "GET /cormun/static/Resources/PXToolsGridLastDisabled.gif HTTP/1.1" 200 98
186.103.159.204 - - [24/Aug/2017:08:44:34 -0300] "GET /cormun/static/Resources/PXToolsGridPage.gif HTTP/1.1" 200 725
186.103.159.204 - - [24/Aug/2017:08:44:34 -0300] "GET /cormun/static/Resources/PXToolsActionExcel.png HTTP/1.1" 200 3187
186.103.159.204 - - [24/Aug/2017:08:44:35 -0300] "GET /cormun/static/Resources/PXToolsFooterBackground2.png HTTP/1.1" 200 1172
186.103.159.204 - - [24/Aug/2017:08:44:35 -0300] "GET /cormun/static/Resources/PXToolsHeaderBackground2.png HTTP/1.1" 200 1174
186.103.159.204 - - [24/Aug/2017:08:44:35 -0300] "GET /cormun/static/Resources/PXToolsHeaderActionsBackground.png HTTP/1.1" 200 484
186.103.159.204 - - [24/Aug/2017:08:44:35 -0300] "GET /cormun/static/Resources/PXToolsDataTitle.png HTTP/1.1" 200 1173
186.103.159.204 - - [24/Aug/2017:08:44:35 -0300] "GET /cormun/static/Resources/indicator.gif HTTP/1.1" 200 1553
186.103.159.204 - - [24/Aug/2017:08:44:35 -0300] "GET /cormun/static/Resources/desc.gif HTTP/1.1" 200 65
186.103.159.204 - - [24/Aug/2017:08:44:35 -0300] "GET /cormun/static/Resources/asc.gif HTTP/1.1" 200 67
186.103.159.204 - - [24/Aug/2017:08:44:35 -0300] "GET /cormun/static/Resources/desc.gif HTTP/1.1" 200 65
186.103.159.204 - - [24/Aug/2017:08:44:35 -0300] "GET /cormun/static/Resources/desc.gif HTTP/1.1" 200 65
186.103.159.204 - - [24/Aug/2017:08:44:35 -0300] "GET /cormun/static/Resources/asc.gif HTTP/1.1" 200 67
186.103.159.204 - - [24/Aug/2017:08:44:35 -0300] "GET /cormun/static/Resources/asc.gif HTTP/1.1" 200 67
186.103.159.204 - - [24/Aug/2017:08:44:35 -0300] "GET /cormun/static/Resources/desc.gif HTTP/1.1" 200 65
186.103.159.204 - - [24/Aug/2017:08:44:35 -0300] "GET /cormun/servlet/hlogin HTTP/1.1" 200 1736
186.103.159.204 - - [24/Aug/2017:08:44:35 -0300] "GET /cormun/servlet/trpermisosgoce? HTTP/1.1" 200 6068
186.103.156.24 - - [24/Aug/2017:08:44:58 -0300] "GET /cormun/static/menuarrow.gif HTTP/1.1" 404 1015
186.103.156.24 - - [24/Aug/2017:08:45:36 -0300] "POST /cormun/servlet/licenciaspermisos?627a075b041a947dcf15ad9f760b329e,INS,0,,,,gx-no-cache=1503575176828 HTTP/1.1" 200 4894
186.103.156.24 - - [24/Aug/2017:08:45:36 -0300] "GET /cormun/static/Shared/jqueryui/images/ui-bg_highlight-soft_100_c6c2c8_1x100.png HTTP/1.1" 404 1117
186.103.156.24 - - [24/Aug/2017:08:45:36 -0300] "GET /cormun/static/Shared/jqueryui/images/ui-icons_82798d_256x240.png HTTP/1.1" 404 1089
186.103.156.24 - - [24/Aug/2017:08:45:36 -0300] "GET /cormun/static/Shared/jqueryui/images/ui-bg_flat_55_994d53_40x100.png HTTP/1.1" 404 1097
186.103.156.24 - - [24/Aug/2017:08:45:36 -0300] "GET /cormun/static/Shared/jqueryui/images/ui-icons_ebccce_256x240.png HTTP/1.1" 404 1089
190.151.99.26 - - [24/Aug/2017:08:46:18 -0300] "GET /cormun/servlet/hlogin HTTP/1.1" 200 1729
190.151.99.26 - - [24/Aug/2017:08:46:19 -0300] "GET /cormun/servlet/hlogin HTTP/1.1" 200 1737
190.151.99.26 - - [24/Aug/2017:08:46:26 -0300] "POST /cormun/servlet/hlogin?ea4d5220faf919702d29d3b03f972487,gx-no-cache=1503578829002 HTTP/1.1" 200 90
190.151.99.26 - - [24/Aug/2017:08:46:27 -0300] "GET /cormun/servlet/hpexe_link HTTP/1.1" 200 956
190.151.99.26 - - [24/Aug/2017:08:46:27 -0300] "GET /cormun/servlet/hhome HTTP/1.1" 200 4000
190.151.99.26 - - [24/Aug/2017:08:46:30 -0300] "GET /cormun/servlet/hhome HTTP/1.1" 200 3996
190.151.124.170 - - [24/Aug/2017:08:46:34 -0300] "GET /cormun/servlet/trlicencias? HTTP/1.1" 200 11225
190.151.124.170 - - [24/Aug/2017:08:46:35 -0300] "GET /cormun/servlet/trlicencias? HTTP/1.1" 200 11222
190.151.124.170 - - [24/Aug/2017:08:47:02 -0300] "GET /cormun/servlet/hlogin HTTP/1.1" 200 1740
192.168.10.96 - - [24/Aug/2017:08:47:15 -0300] "GET /cormun/servlet/vesolicitudgral?2017,7103,,SolicitudOTAdjuntos HTTP/1.1" 200 10750
192.168.10.96 - - [24/Aug/2017:08:47:16 -0300] "GET /cormun/servlet/vesolicitudgral?2017,7103,,SolicitudOTAdjuntos HTTP/1.1" 200 10754
192.168.10.96 - - [24/Aug/2017:08:47:16 -0300] "POST /cormun/servlet/acontrolpreferencessavestate?None,DZAMUDIO,true HTTP/1.1" 200 35
192.168.10.96 - - [24/Aug/2017:08:47:17 -0300] "GET /cormun/servlet/trsolicitudgral? HTTP/1.1" 200 8993
192.168.10.96 - - [24/Aug/2017:08:47:18 -0300] "GET /cormun/servlet/trsolicitudgral? HTTP/1.1" 200 8977
192.168.10.96 - - [24/Aug/2017:08:47:25 -0300] "POST /cormun/servlet/trsolicitudgral?a59e1cfccb9e6d1133314ec7e324fc3d,,gx-no-cache=1503575214721 HTTP/1.1" 200 8163
192.168.10.96 - - [24/Aug/2017:08:47:28 -0300] "GET /cormun/servlet/vesolicitudgral?2017,7141,, HTTP/1.1" 200 8849
192.168.10.96 - - [24/Aug/2017:08:47:28 -0300] "GET /cormun/pexe_scrolldiv.js HTTP/1.1" 404 1009
192.168.10.96 - - [24/Aug/2017:08:47:28 -0300] "GET /cormun/pexe_scrolldiv.js HTTP/1.1" 404 1009
192.168.10.96 - - [24/Aug/2017:08:47:29 -0300] "GET /cormun/servlet/vesolicitudgral?2017,7141,, HTTP/1.1" 200 8849
192.168.10.96 - - [24/Aug/2017:08:47:30 -0300] "GET /cormun/servlet/vesolicitudgral?2017,7141,,SolicitudOTAdjuntos HTTP/1.1" 200 10869
192.168.10.96 - - [24/Aug/2017:08:47:31 -0300] "GET /cormun/pexe_scrolldiv.js HTTP/1.1" 404 1009
192.168.10.96 - - [24/Aug/2017:08:47:31 -0300] "GET /cormun/pexe_scrolldiv.js HTTP/1.1" 404 1009
192.168.10.96 - - [24/Aug/2017:08:47:31 -0300] "GET /cormun/servlet/vesolicitudgral?2017,7141,,SolicitudOTAdjuntos HTTP/1.1" 200 10872
192.168.10.96 - - [24/Aug/2017:08:47:32 -0300] "POST /cormun/servlet/acontrolpreferencessavestate?None,DZAMUDIO,true HTTP/1.1" 200 35
192.168.10.96 - - [24/Aug/2017:08:47:33 -0300] "GET /cormun/PublicTempStorage/fotocopia_cedula_ident.6935938.pdf HTTP/1.1" 200 104864
192.168.10.96 - - [24/Aug/2017:08:47:36 -0300] "GET /cormun/servlet/vesolicitudgral?2017,7141,,SolicitudOTAdjuntos HTTP/1.1" 200 10869
192.168.10.96 - - [24/Aug/2017:08:47:36 -0300] "GET /cormun/servlet/vesolicitudgral?2017,7141,,SolicitudOTAdjuntos HTTP/1.1" 200 10869
192.168.10.96 - - [24/Aug/2017:08:47:37 -0300] "POST /cormun/servlet/acontrolpreferencessavestate?None,DZAMUDIO,true HTTP/1.1" 200 35
192.168.10.96 - - [24/Aug/2017:08:47:38 -0300] "GET /cormun/PublicTempStorage/afiliacion_afp5541958.pdf HTTP/1.1" 200 212554
192.168.10.96 - - [24/Aug/2017:08:47:42 -0300] "GET /cormun/servlet/vesolicitudgral?2017,7141,,SolicitudOTAdjuntos HTTP/1.1" 200 10869
192.168.10.96 - - [24/Aug/2017:08:47:42 -0300] "GET /cormun/servlet/vesolicitudgral?2017,7141,,SolicitudOTAdjuntos HTTP/1.1" 200 10871
192.168.10.96 - - [24/Aug/2017:08:47:43 -0300] "POST /cormun/servlet/acontrolpreferencessavestate?None,DZAMUDIO,true HTTP/1.1" 200 35
192.168.10.96 - - [24/Aug/2017:08:47:44 -0300] "GET /cormun/PublicTempStorage/afiliacion_fonasa2109267.pdf HTTP/1.1" 200 225951
192.168.10.96 - - [24/Aug/2017:08:47:49 -0300] "GET /cormun/servlet/vesolicitudgral?2017,7141,,SolicitudOTAdjuntos HTTP/1.1" 200 10872
192.168.10.96 - - [24/Aug/2017:08:47:49 -0300] "GET /cormun/servlet/vesolicitudgral?2017,7141,,SolicitudOTAdjuntos HTTP/1.1" 200 10873
192.168.10.96 - - [24/Aug/2017:08:47:50 -0300] "POST /cormun/servlet/acontrolpreferencessavestate?None,DZAMUDIO,true HTTP/1.1" 200 35
192.168.10.96 - - [24/Aug/2017:08:47:51 -0300] "GET /cormun/PublicTempStorage/cert._de_antecedentes2685597.pdf HTTP/1.1" 200 327883
192.168.10.96 - - [24/Aug/2017:08:48:21 -0300] "GET /cormun/servlet/vesolicitudgral?2017,7141,,SolicitudOTAdjuntos HTTP/1.1" 200 10870
192.168.10.96 - - [24/Aug/2017:08:48:21 -0300] "GET /cormun/servlet/vesolicitudgral?2017,7141,,SolicitudOTAdjuntos HTTP/1.1" 200 10873
192.168.10.96 - - [24/Aug/2017:08:48:22 -0300] "POST /cormun/servlet/acontrolpreferencessavestate?None,DZAMUDIO,true HTTP/1.1" 200 35
192.168.10.96 - - [24/Aug/2017:08:48:23 -0300] "GET /cormun/PublicTempStorage/curriculum9831761.pdf HTTP/1.1" 200 453489
192.168.10.96 - - [24/Aug/2017:08:48:28 -0300] "GET /cormun/servlet/vesolicitudgral?2017,7141,,SolicitudOTAdjuntos HTTP/1.1" 200 10869
192.168.10.96 - - [24/Aug/2017:08:48:28 -0300] "GET /cormun/servlet/vesolicitudgral?2017,7141,,SolicitudOTAdjuntos HTTP/1.1" 200 10873
192.168.10.96 - - [24/Aug/2017:08:48:29 -0300] "POST /cormun/servlet/acontrolpreferencessavestate?None,DZAMUDIO,true HTTP/1.1" 200 35
192.168.10.96 - - [24/Aug/2017:08:48:29 -0300] "GET /cormun/PublicTempStorage/certificado_de_titulo1785538.pdf HTTP/1.1" 200 484807
186.103.156.166 - - [24/Aug/2017:08:48:36 -0300] "GET /cormun/servlet/hhome HTTP/1.1" 200 3379
186.103.156.166 - - [24/Aug/2017:08:48:37 -0300] "GET /cormun/servlet/hhome HTTP/1.1" 200 3389
186.103.156.166 - - [24/Aug/2017:08:48:38 -0300] "GET /cormun/servlet/hlogin HTTP/1.1" 200 1734
186.103.156.166 - - [24/Aug/2017:08:48:38 -0300] "GET /favicon.ico HTTP/1.1" 200 21630
200.112.4.191 - - [24/Aug/2017:08:48:46 -0300] "GET /cormun/servlet/hlogin HTTP/1.1" 200 1715
200.112.4.191 - - [24/Aug/2017:08:48:46 -0300] "GET /cormun/static/Resources/Spanish/PXTools.css?11423723 HTTP/1.1" 304 -
200.112.4.191 - - [24/Aug/2017:08:48:46 -0300] "GET /cormun/static/gxtimezone.js?85251 HTTP/1.1" 304 -
200.112.4.191 - - [24/Aug/2017:08:48:46 -0300] "GET /cormun/static/gxgral.js?85251 HTTP/1.1" 304 -
200.112.4.191 - - [24/Aug/2017:08:48:46 -0300] "GET /cormun/static/gxcfg.js?20175251213516 HTTP/1.1" 304 -
200.112.4.191 - - [24/Aug/2017:08:48:46 -0300] "GET /cormun/static/Resources/ComunLogin.png HTTP/1.1" 304 -
200.112.4.191 - - [24/Aug/2017:08:48:46 -0300] "GET /cormun/static/messages.spa.js?85251 HTTP/1.1" 304 -
200.112.4.191 - - [24/Aug/2017:08:48:46 -0300] "GET /cormun/static/hlogin.js?20175251213537 HTTP/1.1" 304 -
200.112.4.191 - - [24/Aug/2017:08:48:47 -0300] "GET /cormun/static/Resources/PXToolsLoginTop.png HTTP/1.1" 304 -
200.112.4.191 - - [24/Aug/2017:08:48:47 -0300] "GET /cormun/static/Resources/PXToolsLoginBackground.png HTTP/1.1" 304 -
200.112.4.191 - - [24/Aug/2017:08:48:47 -0300] "GET /cormun/static/Resources/PXToolsButtonRight21.png HTTP/1.1" 304 -
200.112.4.191 - - [24/Aug/2017:08:48:47 -0300] "GET /cormun/static/Resources/PXToolsButtonBackground2.png HTTP/1.1" 304 -
200.112.4.191 - - [24/Aug/2017:08:48:47 -0300] "GET /cormun/static/Resources/PXToolsButtonLeft21.png HTTP/1.1" 304 -
200.112.4.191 - - [24/Aug/2017:08:48:47 -0300] "GET /cormun/static/Resources/PXToolsLoginBottom.png HTTP/1.1" 304 -
200.112.4.191 - - [24/Aug/2017:08:48:47 -0300] "GET /cormun/static/Resources/indicator.gif HTTP/1.1" 304 -
186.103.156.166 - - [24/Aug/2017:08:48:51 -0300] "POST /cormun/servlet/hlogin?5cec3813f67ab53ad50b9e8f231f11b5,gx-no-cache=1503578963006 HTTP/1.1" 200 90
186.103.156.166 - - [24/Aug/2017:08:48:51 -0300] "GET /cormun/servlet/hpexe_link HTTP/1.1" 200 952
186.103.156.166 - - [24/Aug/2017:08:48:52 -0300] "GET /cormun/servlet/hhome HTTP/1.1" 200 3735
186.103.156.166 - - [24/Aug/2017:08:48:52 -0300] "GET /cormun/servlet/hhome HTTP/1.1" 200 3732
186.103.156.166 - - [24/Aug/2017:08:48:56 -0300] "GET /cormun/servlet/trlicencias? HTTP/1.1" 200 11547
186.103.156.166 - - [24/Aug/2017:08:48:56 -0300] "GET /cormun/servlet/trlicencias? HTTP/1.1" 200 11544
200.112.4.191 - - [24/Aug/2017:08:48:57 -0300] "POST /cormun/servlet/hlogin?0ffaa59b6dd48512fa45a6ed01d9e644,gx-no-cache=1503575376125 HTTP/1.1" 200 90
200.112.4.191 - - [24/Aug/2017:08:48:58 -0300] "GET /cormun/servlet/hpexe_link HTTP/1.1" 200 947
200.112.4.191 - - [24/Aug/2017:08:48:59 -0300] "GET /cormun/servlet/hhome HTTP/1.1" 200 4053
200.112.4.191 - - [24/Aug/2017:08:49:15 -0300] "GET /cormun/servlet/trsolicitudot? HTTP/1.1" 200 10398
200.112.4.191 - - [24/Aug/2017:08:49:20 -0300] "GET /cormun/servlet/solicitudot?INS,0,0, HTTP/1.1" 200 12925
192.168.10.96 - - [24/Aug/2017:08:49:34 -0300] "GET /cormun/servlet/vesolicitudgral?2017,7141,,SolicitudOTAdjuntos HTTP/1.1" 200 10870
192.168.10.96 - - [24/Aug/2017:08:49:35 -0300] "GET /cormun/servlet/vesolicitudgral?2017,7141,,SolicitudOTAdjuntos HTTP/1.1" 200 10873
192.168.10.96 - - [24/Aug/2017:08:49:36 -0300] "POST /cormun/servlet/acontrolpreferencessavestate?None,DZAMUDIO,true HTTP/1.1" 200 35
192.168.10.96 - - [24/Aug/2017:08:49:36 -0300] "GET /cormun/PublicTempStorage/cert._de_antecedentes3344801.pdf HTTP/1.1" 200 327883
200.112.4.191 - - [24/Aug/2017:08:51:13 -0300] "POST /cormun/servlet/solicitudot?gx-no-cache=1503575511537 HTTP/1.1" 200 3199
186.103.156.24 - - [24/Aug/2017:08:51:13 -0300] "GET /cormun/servlet/licenciaspermisos?6016937f09d1b28aa324de503e78767042f57882bf9b6438d7b22a13c6d898c99340d016805606685c84ad4ca5b0b4fcb226b0cab1bc1f3ba2d0db7becdbb2231e75c5f418514ee40f3bc3784c020934eec605d7781a16985164bb7c5a3192188fc900fb233d46c30935eb976e1050cac2211428bed5243cc908673f74b7753223ce82df623e68bac366229ded74ef133c2a3114e2da63546b1abfcf3df539546133e4336d73768d66c78ceb153fab412b19d463102446bd04c9d2cb1fed5e38f0946b00adad65e1cf73149d11b19c2354756068b2ea0bdf55bfdfb79e7d8f0a,gx-no-cache=1503575514678 HTTP/1.1" 200 30
186.103.156.24 - - [24/Aug/2017:08:51:14 -0300] "GET /cormun/servlet/licenciaspermisos?6016937f09d1b28aa324de503e78767052adb7472db3b8c738ff547cc5fdb937fc7df54bbca902bb39bae22c4ceda33b0104ec5feb1f42b46c12633afbe7dce6539d48acdba0444072d43e88c2b25e8b01af416c5fb060ef2554484179b73d7dc8b0a0274130014ecf3cda400ab7c3ea5587529fd270371cc6873ec8a474eebe5e4af3d510f3f40f546203f476dff42465f4294c39e5d861cfe35e3c2dd102c510b237af7120db9aeff2f3efa2119c62a7733281777f6ba49e5dd5ab95014b9a47e4b96a775131d67206a49525e83d36398905baa92b4773a046be397cbc2fc3,gx-no-cache=1503575514737 HTTP/1.1" 200 29
200.112.4.191 - - [24/Aug/2017:08:51:14 -0300] "POST /cormun/servlet/solicitudot?0ffaa59b6dd48512fa45a6ed01d9e644,INS,0,0,,gx-no-cache=1503575512180 HTTP/1.1" 200 10018
186.103.156.24 - - [24/Aug/2017:08:51:14 -0300] "POST /cormun/servlet/licenciaspermisos?627a075b041a947dcf15ad9f760b329e,INS,0,,,,gx-no-cache=1503575514764 HTTP/1.1" 200 93
186.103.156.24 - - [24/Aug/2017:08:51:14 -0300] "GET /cormun/servlet/hpexe_return? HTTP/1.1" 200 1009
186.103.156.24 - - [24/Aug/2017:08:51:15 -0300] "GET /cormun/servlet/trlicencias HTTP/1.1" 200 13650
186.103.156.24 - - [24/Aug/2017:08:51:15 -0300] "GET /cormun/servlet/trlicencias HTTP/1.1" 200 13640
200.112.4.191 - - [24/Aug/2017:08:51:21 -0300] "GET /cormun/servlet/solicitudot?aa81d221e58f699b81a1c5a04317f2e5b6beaf127ef4967a7fa581e5023873a47ea16e3f97790d613854e8a4bbd6942c,gx-no-cache=1503575519589 HTTP/1.1" 200 30
200.112.4.191 - - [24/Aug/2017:08:51:21 -0300] "POST /cormun/servlet/solicitudot?gx-no-cache=1503575519686 HTTP/1.1" 200 255
200.112.4.191 - - [24/Aug/2017:08:51:21 -0300] "GET /cormun/servlet/solicitudot?aa81d221e58f699b81a1c5a04317f2e573505740cae7ef0a9325c90b44c0c33dd790d25403f0961b33b5e05b4f1b9bdbc30771222c1b92c1293c0284fbf6e1834bdb47b865cab71055e2defe96bc5add27c4f5172489d2831a37d7ee671fbffe075714bac3f025a6039e2b693f67b4b3928045c76963e04741eb795d6f5e41766878c3701b0769d9e17a69ee20ab00e43a97fd47c50e59e526074a110ea607a0b9f15c192e50b259b6c51d6348f8c93e7d5ee8d5ccac23761b5058dcb06511e462d5123e2e115b1f3527e68d9e47de88de2f09706a54cb707b096088d12dbb131a9f2b9a4371aa22e14e71685b7743706c30428dca6fa9a42321497a5a96455f9ca5746459cef56cc2c4088d778682b093d14e9d9786c88c63f8e4ab1031db400f82be753a9c31ddfe470a0b93809fd0bf2425b8412c18bbb3550d2b77fcde70c3c4027e3d17a728fcab4f4a7e0521fbcaec0a852e55f031e9ed544fda9362283402aeb56fdf162d16bccd65e5f0d9a9cea602ecd3637aaef84bd8c515445e4e,gx-no-cache=1503575519781 HTTP/1.1" 200 30
200.112.4.191 - - [24/Aug/2017:08:51:29 -0300] "POST /cormun/servlet/solicitudot?gx-no-cache=1503575527703 HTTP/1.1" 200 30
200.112.4.191 - - [24/Aug/2017:08:51:46 -0300] "POST /cormun/servlet/solicitudot?gx-no-cache=1503575542358 HTTP/1.1" 200 1357
200.112.4.191 - - [24/Aug/2017:08:51:46 -0300] "POST /cormun/servlet/solicitudot?gx-no-cache=1503575545006 HTTP/1.1" 200 38
200.112.4.191 - - [24/Aug/2017:08:51:58 -0300] "POST /cormun/servlet/solicitudot?gx-no-cache=1503575556659 HTTP/1.1" 200 30
200.112.4.191 - - [24/Aug/2017:08:52:06 -0300] "POST /cormun/servlet/solicitudot?gx-no-cache=1503575564989 HTTP/1.1" 200 1357
200.112.4.191 - - [24/Aug/2017:08:52:06 -0300] "POST /cormun/servlet/solicitudot?gx-no-cache=1503575565297 HTTP/1.1" 200 38
192.168.10.96 - - [24/Aug/2017:08:53:18 -0300] "GET /cormun/servlet/vesolicitudgral?2017,7141,,SolicitudOTAdjuntos HTTP/1.1" 200 10876
192.168.10.96 - - [24/Aug/2017:08:53:19 -0300] "GET /cormun/servlet/vesolicitudgral?2017,7141,,SolicitudOTAdjuntos HTTP/1.1" 200 10876
192.168.10.96 - - [24/Aug/2017:08:53:19 -0300] "POST /cormun/servlet/acontrolpreferencessavestate?None,DZAMUDIO,true HTTP/1.1" 200 35
192.168.10.96 - - [24/Aug/2017:08:53:21 -0300] "GET /cormun/servlet/trsolicitudgral? HTTP/1.1" 200 11094
192.168.10.96 - - [24/Aug/2017:08:53:22 -0300] "GET /cormun/servlet/trsolicitudgral? HTTP/1.1" 200 11085
186.103.156.24 - - [24/Aug/2017:08:54:12 -0300] "GET /cormun/servlet/trlicenciaspermisosadjuntos?7056452,20170824000000,L, HTTP/1.1" 200 6395
186.103.156.24 - - [24/Aug/2017:08:54:13 -0300] "GET /cormun/servlet/trlicenciaspermisosadjuntos?7056452,20170824000000,L, HTTP/1.1" 200 6396
186.103.156.24 - - [24/Aug/2017:08:54:17 -0300] "GET /cormun/servlet/licenciaspermisosadjuntos?INS,7056452,L,20170824000000,, HTTP/1.1" 200 5690
186.103.156.24 - - [24/Aug/2017:08:54:17 -0300] "GET /cormun/static/about:blank HTTP/1.1" 404 1011
186.103.156.24 - - [24/Aug/2017:08:54:18 -0300] "GET /cormun/servlet/licenciaspermisosadjuntos?INS,7056452,L,20170824000000,, HTTP/1.1" 200 5679
200.112.4.191 - - [24/Aug/2017:08:54:49 -0300] "GET /cormun/servlet/prfichaempleado?,MD,,gxPopupLevel%3D0%3B HTTP/1.1" 200 9355
186.103.156.24 - - [24/Aug/2017:08:55:02 -0300] "POST /cormun/servlet/licenciaspermisosadjuntos?627a075b041a947dcf15ad9f760b329e,INS,7056452,L,20170824000000,, HTTP/1.1" 200 116
186.103.156.24 - - [24/Aug/2017:08:55:02 -0300] "GET /cormun/servlet/hpexe_return? HTTP/1.1" 200 1039
186.103.156.24 - - [24/Aug/2017:08:55:03 -0300] "GET /cormun/servlet/trlicenciaspermisosadjuntos?7056452,20170824000000,L, HTTP/1.1" 200 6898
186.103.156.24 - - [24/Aug/2017:08:55:03 -0300] "GET /cormun/servlet/trlicenciaspermisosadjuntos?7056452,20170824000000,L, HTTP/1.1" 200 6894
186.103.156.24 - - [24/Aug/2017:08:55:08 -0300] "GET /cormun/servlet/licenciaspermisosadjuntos?INS,7056452,L,20170824000000,, HTTP/1.1" 200 5690
186.103.156.24 - - [24/Aug/2017:08:55:08 -0300] "GET /cormun/static/about:blank HTTP/1.1" 404 1011
186.103.156.24 - - [24/Aug/2017:08:55:08 -0300] "GET /cormun/servlet/licenciaspermisosadjuntos?INS,7056452,L,20170824000000,, HTTP/1.1" 200 5679
200.112.4.191 - - [24/Aug/2017:08:55:11 -0300] "POST /cormun/servlet/prfichaempleado?0ffaa59b6dd48512fa45a6ed01d9e644,,MD,,gxPopupLevel%3D0%3B,gx-no-cache=1503575749739 HTTP/1.1" 200 3183
186.103.156.24 - - [24/Aug/2017:08:55:20 -0300] "POST /cormun/servlet/licenciaspermisosadjuntos?627a075b041a947dcf15ad9f760b329e,INS,7056452,L,20170824000000,, HTTP/1.1" 200 116
186.103.156.24 - - [24/Aug/2017:08:55:20 -0300] "GET /cormun/servlet/hpexe_return? HTTP/1.1" 200 1039
186.103.156.24 - - [24/Aug/2017:08:55:21 -0300] "GET /cormun/servlet/trlicenciaspermisosadjuntos?7056452,20170824000000,L, HTTP/1.1" 200 6996
186.103.156.24 - - [24/Aug/2017:08:55:21 -0300] "GET /cormun/servlet/trlicenciaspermisosadjuntos?7056452,20170824000000,L, HTTP/1.1" 200 6993
186.103.156.24 - - [24/Aug/2017:08:55:27 -0300] "GET /cormun/servlet/licenciaspermisosadjuntos?DLT,7056452,L,20170824000000,20170824085438, HTTP/1.1" 200 5737
186.103.156.24 - - [24/Aug/2017:08:55:27 -0300] "GET /cormun/static/Shared/jqueryui/images/ui-icons_82798d_256x240.png HTTP/1.1" 404 1089
186.103.156.24 - - [24/Aug/2017:08:55:27 -0300] "GET /cormun/static/Shared/jqueryui/images/ui-bg_highlight-soft_100_c6c2c8_1x100.png HTTP/1.1" 404 1117
186.103.156.24 - - [24/Aug/2017:08:55:27 -0300] "GET /cormun/static/Shared/jqueryui/images/ui-icons_8d78a5_256x240.png HTTP/1.1" 404 1089
186.103.156.24 - - [24/Aug/2017:08:55:27 -0300] "GET /cormun/static/Shared/jqueryui/images/ui-bg_flat_55_fafafa_40x100.png HTTP/1.1" 404 1097
186.103.156.24 - - [24/Aug/2017:08:55:27 -0300] "GET /cormun/PublicTempStorage/ermelina_garate_24-08-174585683.pdf HTTP/1.1" 200 597978
186.103.156.24 - - [24/Aug/2017:08:55:27 -0300] "GET /cormun/servlet/licenciaspermisosadjuntos?DLT,7056452,L,20170824000000,20170824085438, HTTP/1.1" 200 5726
186.103.156.24 - - [24/Aug/2017:08:55:37 -0300] "POST /cormun/servlet/licenciaspermisosadjuntos?627a075b041a947dcf15ad9f760b329e,DLT,7056452,L,20170824000000,20170824085438,,gx-no-cache=1503575777870 HTTP/1.1" 200 93
186.103.156.24 - - [24/Aug/2017:08:55:37 -0300] "GET /cormun/servlet/hpexe_return? HTTP/1.1" 200 1046
186.103.156.24 - - [24/Aug/2017:08:55:37 -0300] "GET /cormun/servlet/trlicenciaspermisosadjuntos?7056452,20170824000000,L, HTTP/1.1" 200 6998
186.103.156.24 - - [24/Aug/2017:08:55:38 -0300] "GET /cormun/servlet/trlicenciaspermisosadjuntos?7056452,20170824000000,L, HTTP/1.1" 200 6993
186.103.156.24 - - [24/Aug/2017:08:55:46 -0300] "POST /cormun/servlet/trlicenciaspermisosadjuntos?627a075b041a947dcf15ad9f760b329e,7056452,20170824000000,L,,gx-no-cache=1503575786903 HTTP/1.1" 200 90
186.103.156.24 - - [24/Aug/2017:08:55:46 -0300] "GET /cormun/servlet/hpexe_link HTTP/1.1" 200 980
186.103.156.24 - - [24/Aug/2017:08:55:46 -0300] "GET /cormun/servlet/trlicencias HTTP/1.1" 200 13651
186.103.156.24 - - [24/Aug/2017:08:55:47 -0300] "GET /cormun/servlet/trlicencias HTTP/1.1" 200 13642
186.103.156.24 - - [24/Aug/2017:08:56:00 -0300] "GET /cormun/servlet/alicenciaprn?7056452,L,20170824000000,PU HTTP/1.1" 200 1534
200.112.4.191 - - [24/Aug/2017:08:58:12 -0300] "POST /cormun/servlet/prfichaempleado?0ffaa59b6dd48512fa45a6ed01d9e644,,MD,,gxPopupLevel%3D0%3B,gx-no-cache=1503575930819 HTTP/1.1" 200 3183
192.168.10.89 - - [24/Aug/2017:09:01:03 -0300] "GET /cormun/servlet/hlogin HTTP/1.1" 200 1724
192.168.10.89 - - [24/Aug/2017:09:01:03 -0300] "GET /cormun/servlet/hlogin HTTP/1.1" 200 1734
192.168.10.89 - - [24/Aug/2017:09:01:12 -0300] "POST /cormun/servlet/hlogin?bdcc19734948e215ca9d41294f1b5872,gx-no-cache=1503576041846 HTTP/1.1" 200 447
192.168.10.89 - - [24/Aug/2017:09:01:16 -0300] "POST /cormun/servlet/hlogin?bdcc19734948e215ca9d41294f1b5872,gx-no-cache=1503576045572 HTTP/1.1" 200 90
192.168.10.89 - - [24/Aug/2017:09:01:16 -0300] "GET /cormun/servlet/hpexe_link HTTP/1.1" 200 954
192.168.10.89 - - [24/Aug/2017:09:01:16 -0300] "GET /cormun/servlet/hhome HTTP/1.1" 200 4060
186.103.159.46 - - [24/Aug/2017:09:01:16 -0300] "GET /cormun/servlet/hhome HTTP/1.1" 200 3380
186.103.159.46 - - [24/Aug/2017:09:01:18 -0300] "GET /cormun/servlet/hhome HTTP/1.1" 200 3390
186.103.159.46 - - [24/Aug/2017:09:01:19 -0300] "GET /cormun/servlet/hlogin HTTP/1.1" 200 1736
192.168.10.89 - - [24/Aug/2017:09:01:19 -0300] "GET /cormun/servlet/trsolicitudot? HTTP/1.1" 200 10406
192.168.10.89 - - [24/Aug/2017:09:01:31 -0300] "GET /cormun/servlet/solicitudot?INS,0,0, HTTP/1.1" 200 12931
186.103.159.46 - - [24/Aug/2017:09:01:33 -0300] "POST /cormun/servlet/hlogin?facb8a8e82816d04d98735658e26f04a,gx-no-cache=1503576132997 HTTP/1.1" 200 90
186.103.159.46 - - [24/Aug/2017:09:01:33 -0300] "GET /cormun/servlet/hpexe_link HTTP/1.1" 200 953
186.103.159.46 - - [24/Aug/2017:09:01:33 -0300] "GET /cormun/servlet/hhome HTTP/1.1" 200 3798
192.168.10.89 - - [24/Aug/2017:09:01:34 -0300] "GET /cormun/servlet/prfichaempleado?,MD,,gxPopupLevel%3D0%3B HTTP/1.1" 200 9360
186.103.159.46 - - [24/Aug/2017:09:01:34 -0300] "GET /cormun/servlet/hhome HTTP/1.1" 200 3795
186.103.156.24 - - [24/Aug/2017:09:01:38 -0300] "POST /cormun/servlet/trlicencias?627a075b041a947dcf15ad9f760b329e,gx-no-cache=1503576138929 HTTP/1.1" 200 11103
186.103.156.24 - - [24/Aug/2017:09:01:39 -0300] "GET /cormun/static/Shared/jqueryui/images/ui-bg_highlight-soft_100_c6c2c8_1x100.png HTTP/1.1" 404 1117
186.103.156.24 - - [24/Aug/2017:09:01:39 -0300] "GET /cormun/static/Shared/jqueryui/images/ui-icons_82798d_256x240.png HTTP/1.1" 404 1089
186.103.156.24 - - [24/Aug/2017:09:01:39 -0300] "GET /cormun/static/Shared/jqueryui/images/ui-bg_flat_55_fafafa_40x100.png HTTP/1.1" 404 1097
186.103.156.24 - - [24/Aug/2017:09:01:39 -0300] "GET /cormun/static/Shared/jqueryui/images/ui-icons_8d78a5_256x240.png HTTP/1.1" 404 1089
192.168.10.89 - - [24/Aug/2017:09:01:39 -0300] "POST /cormun/servlet/prfichaempleado?bdcc19734948e215ca9d41294f1b5872,,MD,,gxPopupLevel%3D0%3B,gx-no-cache=1503576069487 HTTP/1.1" 200 3182
192.168.10.89 - - [24/Aug/2017:09:01:52 -0300] "POST /cormun/servlet/solicitudot?gx-no-cache=1503576082476 HTTP/1.1" 200 3199
192.168.10.89 - - [24/Aug/2017:09:01:53 -0300] "POST /cormun/servlet/solicitudot?bdcc19734948e215ca9d41294f1b5872,INS,0,0,,gx-no-cache=1503576082703 HTTP/1.1" 200 10024
186.103.159.46 - - [24/Aug/2017:09:01:53 -0300] "GET /cormun/servlet/trpermisosgoce? HTTP/1.1" 200 14543
192.168.10.89 - - [24/Aug/2017:09:01:54 -0300] "GET /cormun/servlet/solicitudot?b58be97312f62c58216d24b4ebdd2d4588d1a19b3dd484200781f956ceb46b7fb8648285635bf2312f7c594a28a0ebf9,gx-no-cache=1503576084070 HTTP/1.1" 200 30
186.103.159.46 - - [24/Aug/2017:09:01:55 -0300] "GET /cormun/servlet/trpermisosgoce? HTTP/1.1" 200 14505
192.168.10.89 - - [24/Aug/2017:09:01:56 -0300] "POST /cormun/servlet/solicitudot?gx-no-cache=1503576086128 HTTP/1.1" 200 255
192.168.10.89 - - [24/Aug/2017:09:01:56 -0300] "GET /cormun/servlet/solicitudot?b58be97312f62c58216d24b4ebdd2d45f555cae5d0001f511478d7f588179709646c9674388d724d3cbaffc215cf156fa3d6249b540a9bc8d261de8c1e8af9c820e80e29ed7b68552d86b1bba07d458e0fcb535e5198deda2d10125c9c2fa1ef40091b61be21368b8ad9f394d29b03535b2d2613dd2fbf5e159f92e09c0046ecccef133e7127d1b72fc3720cb171d586ca3ae83bd246e872f504d4c84f65959e9adf97c29780a52031a4c6a78066958542bc3b9b039e25d25e6d89639614c931484d8313df9506969ba8037ec732b2f27ea04b9335bf2928cdd8740582cf68d1f5c407719118212135c341157501aee6ddad9647bd470b357b8c5ebe261df8d925e5f4f0e710b38bb8ebe2658cafeb1c806e4db0cfbd7ad77f1f47fe1043c0f11f60cb2f48935e00e5322509d783184df8de9b7d06d19b544040812d12dc8a68190fc148f22fc5b759f53e4d1b5ea633bdf2dd060d2f625ff6828b3181889be848765e033b86bd506a96d18e79b3a323b141ffe001ba5785be60b086c8be9236,gx-no-cache=1503576086167 HTTP/1.1" 200 30
192.168.10.89 - - [24/Aug/2017:09:02:01 -0300] "POST /cormun/servlet/solicitudot?gx-no-cache=1503576090910 HTTP/1.1" 200 30
186.79.218.5 - - [24/Aug/2017:09:02:21 -0300] "GET /cormun/servlet/trpermisosgoce? HTTP/1.1" 200 12921
186.103.159.46 - - [24/Aug/2017:09:02:21 -0300] "GET /cormun/servlet/permisogoce?INS,0,,, HTTP/1.1" 200 6629
186.79.218.5 - - [24/Aug/2017:09:02:22 -0300] "GET /cormun/servlet/trpermisosgoce? HTTP/1.1" 200 12933
186.103.159.46 - - [24/Aug/2017:09:02:23 -0300] "GET /cormun/servlet/permisogoce?INS,0,,, HTTP/1.1" 200 6629
186.79.218.5 - - [24/Aug/2017:09:02:25 -0300] "GET /cormun/servlet/permisogoce?INS,0,,, HTTP/1.1" 200 6601
186.79.218.5 - - [24/Aug/2017:09:02:27 -0300] "GET /cormun/servlet/permisogoce?INS,0,,, HTTP/1.1" 200 6600
186.79.218.5 - - [24/Aug/2017:09:02:29 -0300] "GET /cormun/servlet/prfichaempleado?,MD,,gxPopupLevel%3D0%3B HTTP/1.1" 200 9232
192.168.10.89 - - [24/Aug/2017:09:02:29 -0300] "POST /cormun/servlet/solicitudot?gx-no-cache=1503576119318 HTTP/1.1" 200 1357
192.168.10.89 - - [24/Aug/2017:09:02:29 -0300] "POST /cormun/servlet/solicitudot?gx-no-cache=1503576119434 HTTP/1.1" 200 38
186.103.159.46 - - [24/Aug/2017:09:02:34 -0300] "GET /cormun/servlet/permisogoce?056bf1784c8107f9da838cf5652c6131f4c539ed6236b68f62a52e0f3ddc9937958c1fdf30d8d8e51f2875d8b64840a21f211dc6eb93a8511872e25b13b6cdd4,gx-no-cache=1503576194411 HTTP/1.1" 200 87
186.103.159.46 - - [24/Aug/2017:09:02:34 -0300] "GET /cormun/static/menuarrow.gif HTTP/1.1" 404 1015
186.79.218.5 - - [24/Aug/2017:09:02:41 -0300] "POST /cormun/servlet/prfichaempleado?8bbcf113db9c23b5242abf62e3d7caea,,MD,,gxPopupLevel%3D0%3B,gx-no-cache=1503576204536 HTTP/1.1" 200 3428
186.79.218.5 - - [24/Aug/2017:09:02:44 -0300] "GET /cormun/servlet/permisogoce?ad8c0ac74f7bc2448e2ccf90f6f314a76d0964bc9729cc329e9f83d65d147eb9185d7b2e8aa543d90bea4f91f3bc72b4041f9cee6e2d0941ed1ca19feadc52a8,gx-no-cache=1503576207964 HTTP/1.1" 200 75
192.168.10.89 - - [24/Aug/2017:09:02:45 -0300] "GET /cormun/servlet/solicitudot?b58be97312f62c58216d24b4ebdd2d4515565fbabb715da3dc4379f7fc611d7f208bb314b4fffda5f7423bb8ee11194379ca14efe2b944e6dd0a4f37a08cebb495955fbf351c2f4207050673a622853b17c81841b8eb8a1199e564434ef4aa436c678ac97cc118d8c3bc3aba5094ea587f60383f3ff07ab964059e303d22d71353fdc68aafd73656f9f1b1a7e8e4ec083936587b43bee3fd3aa94c35eca4cd0f,gx-no-cache=1503576135272 HTTP/1.1" 200 29
192.168.10.89 - - [24/Aug/2017:09:02:45 -0300] "POST /cormun/servlet/solicitudot?gx-no-cache=1503576135308 HTTP/1.1" 200 1337
186.79.218.5 - - [24/Aug/2017:09:02:52 -0300] "GET /cormun/servlet/permisogoce?ad8c0ac74f7bc2448e2ccf90f6f314a7632f8a2bf7d738a00259457d7b9258bb4a12df13f521dc88a738138ef826a2b90c2d3d75cfd949cbbe1b2d8fcec39801,gx-no-cache=1503576215464 HTTP/1.1" 200 47
192.168.10.89 - - [24/Aug/2017:09:02:53 -0300] "POST /cormun/servlet/solicitudot?gx-no-cache=1503576142659 HTTP/1.1" 200 30
186.103.159.46 - - [24/Aug/2017:09:02:54 -0300] "GET /cormun/servlet/permisogoce?056bf1784c8107f9da838cf5652c61318127568673c550eb8db95890f7087275d5660ed33c6a946a9f99e7c25a1c2a79a6db1717711e90b07059b13d93808f1e,gx-no-cache=1503576214399 HTTP/1.1" 200 49
186.79.218.5 - - [24/Aug/2017:09:02:56 -0300] "POST /cormun/servlet/permisogoce?8bbcf113db9c23b5242abf62e3d7caea,INS,0,,,,gx-no-cache=1503576219368 HTTP/1.1" 200 93
186.79.218.5 - - [24/Aug/2017:09:02:56 -0300] "GET /cormun/servlet/hpexe_return? HTTP/1.1" 200 1010
186.79.218.5 - - [24/Aug/2017:09:02:57 -0300] "GET /cormun/servlet/trpermisosgoce HTTP/1.1" 200 13206
186.79.218.5 - - [24/Aug/2017:09:02:58 -0300] "GET /cormun/servlet/trpermisosgoce HTTP/1.1" 200 13201
192.168.10.89 - - [24/Aug/2017:09:03:00 -0300] "POST /cormun/servlet/solicitudot?bdcc19734948e215ca9d41294f1b5872,INS,0,0,,gx-no-cache=1503576149805 HTTP/1.1" 200 93
192.168.10.89 - - [24/Aug/2017:09:03:00 -0300] "GET /cormun/servlet/hpexe_return? HTTP/1.1" 200 1008
192.168.10.89 - - [24/Aug/2017:09:03:00 -0300] "GET /cormun/servlet/trsolicitudot HTTP/1.1" 200 10743
186.79.218.5 - - [24/Aug/2017:09:03:06 -0300] "GET /cormun/servlet/permisogoce?UPD,16883799,P,20170824090155, HTTP/1.1" 200 6668
186.79.218.5 - - [24/Aug/2017:09:03:06 -0300] "GET /cormun/servlet/permisogoce?UPD,16883799,P,20170824090155, HTTP/1.1" 200 6668
186.79.218.5 - - [24/Aug/2017:09:03:07 -0300] "GET /cormun/servlet/permisogoce?ad8c0ac74f7bc2448e2ccf90f6f314a76d0964bc9729cc329e9f83d65d147eb917bb46a7c7fc0dad7b120a8bacb739c03796ce8264622c59f1267433b1babb0f,gx-no-cache=1503576230403 HTTP/1.1" 200 77
192.168.10.89 - - [24/Aug/2017:09:03:08 -0300] "POST /cormun/servlet/trsolicitudot?bdcc19734948e215ca9d41294f1b5872,gx-no-cache=1503576158403 HTTP/1.1" 200 7867
192.168.10.89 - - [24/Aug/2017:09:03:09 -0300] "POST /cormun/servlet/trsolicitudot?bdcc19734948e215ca9d41294f1b5872,gx-no-cache=1503576158819 HTTP/1.1" 200 7811
192.168.10.89 - - [24/Aug/2017:09:03:09 -0300] "GET /cormun/static/Shared/jqueryui/images/ui-bg_highlight-soft_100_c6c2c8_1x100.png HTTP/1.1" 404 1117
192.168.10.89 - - [24/Aug/2017:09:03:09 -0300] "GET /cormun/static/Shared/jqueryui/images/ui-icons_8d78a5_256x240.png HTTP/1.1" 404 1089
192.168.10.89 - - [24/Aug/2017:09:03:09 -0300] "GET /cormun/static/Shared/jqueryui/images/ui-icons_82798d_256x240.png HTTP/1.1" 404 1089
192.168.10.89 - - [24/Aug/2017:09:03:09 -0300] "GET /cormun/static/Shared/jqueryui/images/ui-bg_flat_55_fafafa_40x100.png HTTP/1.1" 404 1097
192.168.10.89 - - [24/Aug/2017:09:03:12 -0300] "GET /cormun/servlet/solicitudot?INS,0,0, HTTP/1.1" 200 12933
186.79.218.5 - - [24/Aug/2017:09:03:13 -0300] "GET /cormun/servlet/permisogoce?ad8c0ac74f7bc2448e2ccf90f6f314a7632f8a2bf7d738a00259457d7b9258bb76dbee1cf68c972f373becac70a6fbad68d08703f6366107f2ec0091ff0d7455,gx-no-cache=1503576236904 HTTP/1.1" 200 48
186.103.159.46 - - [24/Aug/2017:09:03:16 -0300] "POST /cormun/servlet/permisogoce?facb8a8e82816d04d98735658e26f04a,INS,0,,,,gx-no-cache=1503576235517 HTTP/1.1" 200 93
186.103.159.46 - - [24/Aug/2017:09:03:16 -0300] "GET /cormun/servlet/hpexe_return? HTTP/1.1" 200 1012
186.103.159.46 - - [24/Aug/2017:09:03:16 -0300] "GET /cormun/servlet/trpermisosgoce HTTP/1.1" 200 14756
186.103.159.46 - - [24/Aug/2017:09:03:18 -0300] "GET /cormun/servlet/trpermisosgoce HTTP/1.1" 200 14782
186.79.218.5 - - [24/Aug/2017:09:03:19 -0300] "POST /cormun/servlet/permisogoce?8bbcf113db9c23b5242abf62e3d7caea,UPD,16883799,P,20170824090155,,gx-no-cache=1503576242111 HTTP/1.1" 200 93
186.79.218.5 - - [24/Aug/2017:09:03:19 -0300] "GET /cormun/servlet/hpexe_return? HTTP/1.1" 200 1030
186.79.218.5 - - [24/Aug/2017:09:03:19 -0300] "GET /cormun/servlet/trpermisosgoce HTTP/1.1" 200 13233
192.168.10.89 - - [24/Aug/2017:09:03:20 -0300] "POST /cormun/servlet/solicitudot?gx-no-cache=1503576170121 HTTP/1.1" 200 3199
186.79.218.5 - - [24/Aug/2017:09:03:20 -0300] "GET /cormun/servlet/trpermisosgoce HTTP/1.1" 200 13243
192.168.10.89 - - [24/Aug/2017:09:03:20 -0300] "POST /cormun/servlet/solicitudot?bdcc19734948e215ca9d41294f1b5872,INS,0,0,,gx-no-cache=1503576170333 HTTP/1.1" 200 10025
192.168.10.89 - - [24/Aug/2017:09:03:22 -0300] "GET /cormun/servlet/solicitudot?b58be97312f62c58216d24b4ebdd2d4588d1a19b3dd484200781f956ceb46b7fb8648285635bf2312f7c594a28a0ebf9,gx-no-cache=1503576171927 HTTP/1.1" 200 30
192.168.10.89 - - [24/Aug/2017:09:03:22 -0300] "POST /cormun/servlet/solicitudot?gx-no-cache=1503576171966 HTTP/1.1" 200 255
192.168.10.89 - - [24/Aug/2017:09:03:22 -0300] "GET /cormun/servlet/solicitudot?b58be97312f62c58216d24b4ebdd2d45f555cae5d0001f511478d7f588179709646c9674388d724d3cbaffc215cf156fa3d6249b540a9bc8d261de8c1e8af9c820e80e29ed7b68552d86b1bba07d458e0fcb535e5198deda2d10125c9c2fa1ef40091b61be21368b8ad9f394d29b03535b2d2613dd2fbf5e159f92e09c0046ecccef133e7127d1b72fc3720cb171d586ca3ae83bd246e872f504d4c84f65959e9adf97c29780a52031a4c6a78066958542bc3b9b039e25d25e6d89639614c931484d8313df9506969ba8037ec732b2f27ea04b9335bf2928cdd8740582cf68d1f5c407719118212135c341157501aee6ddad9647bd470b357b8c5ebe261df8d925e5f4f0e710b38bb8ebe2658cafeb1c806e4db0cfbd7ad77f1f47fe1043c0f11f60cb2f48935e00e5322509d783184df8de9b7d06d19b544040812d12dc8a68190fc148f22fc5b759f53e4d1b5ea633bdf2dd060d2f625ff6828b3181889be848765e033b86bd506a96d18e79b3a323b141ffe001ba5785be60b086c8be9236,gx-no-cache=1503576171990 HTTP/1.1" 200 30
186.103.159.46 - - [24/Aug/2017:09:03:23 -0300] "GET /cormun/servlet/apermisogoceprn?10940177,P,20170824090151,PU HTTP/1.1" 200 1653
192.168.10.89 - - [24/Aug/2017:09:03:23 -0300] "POST /cormun/servlet/solicitudot?gx-no-cache=1503576173579 HTTP/1.1" 200 30
186.79.218.5 - - [24/Aug/2017:09:03:30 -0300] "GET /cormun/servlet/trpermisosadjuntos?16883799,20170824090155,P, HTTP/1.1" 200 6065
186.79.218.5 - - [24/Aug/2017:09:03:31 -0300] "GET /cormun/servlet/trpermisosadjuntos?16883799,20170824090155,P, HTTP/1.1" 200 6066
186.79.218.5 - - [24/Aug/2017:09:03:34 -0300] "GET /cormun/servlet/permisosadjuntos?INS,16883799,P,20170824090155,, HTTP/1.1" 200 5390
186.79.218.5 - - [24/Aug/2017:09:03:34 -0300] "GET /cormun/static/about:blank HTTP/1.1" 404 1011
192.168.10.89 - - [24/Aug/2017:09:03:35 -0300] "POST /cormun/servlet/solicitudot?gx-no-cache=1503576184853 HTTP/1.1" 200 1357
186.79.218.5 - - [24/Aug/2017:09:03:35 -0300] "GET /cormun/servlet/permisosadjuntos?INS,16883799,P,20170824090155,, HTTP/1.1" 200 5380
192.168.10.89 - - [24/Aug/2017:09:03:35 -0300] "POST /cormun/servlet/solicitudot?gx-no-cache=1503576184992 HTTP/1.1" 200 38
192.168.10.89 - - [24/Aug/2017:09:03:45 -0300] "GET /cormun/servlet/solicitudot?b58be97312f62c58216d24b4ebdd2d4515565fbabb715da3dc4379f7fc611d7f208bb314b4fffda5f7423bb8ee11194379ca14efe2b944e6dd0a4f37a08cebb495955fbf351c2f4207050673a622853b17c81841b8eb8a1199e564434ef4aa436c678ac97cc118d8c3bc3aba5094ea587f60383f3ff07ab964059e303d22d71353fdc68aafd73656f9f1b1a7e8e4ec083936587b43bee3fd3aa94c35eca4cd0f,gx-no-cache=1503576195577 HTTP/1.1" 200 29
192.168.10.89 - - [24/Aug/2017:09:03:46 -0300] "POST /cormun/servlet/solicitudot?gx-no-cache=1503576195610 HTTP/1.1" 200 1335
186.79.218.5 - - [24/Aug/2017:09:03:51 -0300] "POST /cormun/servlet/permisosadjuntos?8bbcf113db9c23b5242abf62e3d7caea,INS,16883799,P,20170824090155,, HTTP/1.1" 200 116
186.79.218.5 - - [24/Aug/2017:09:03:51 -0300] "GET /cormun/servlet/hpexe_return? HTTP/1.1" 200 1039
186.79.218.5 - - [24/Aug/2017:09:03:52 -0300] "GET /cormun/servlet/trpermisosadjuntos?16883799,20170824090155,P, HTTP/1.1" 200 6545
192.168.10.89 - - [24/Aug/2017:09:03:52 -0300] "POST /cormun/servlet/solicitudot?gx-no-cache=1503576202292 HTTP/1.1" 200 30
186.79.218.5 - - [24/Aug/2017:09:03:52 -0300] "GET /cormun/servlet/trpermisosadjuntos?16883799,20170824090155,P, HTTP/1.1" 200 6542
192.168.10.89 - - [24/Aug/2017:09:03:58 -0300] "POST /cormun/servlet/solicitudot?bdcc19734948e215ca9d41294f1b5872,INS,0,0,,gx-no-cache=1503576207471 HTTP/1.1" 200 93
192.168.10.89 - - [24/Aug/2017:09:03:58 -0300] "GET /cormun/servlet/hpexe_return? HTTP/1.1" 200 1030
192.168.10.89 - - [24/Aug/2017:09:03:58 -0300] "GET /cormun/servlet/trsolicitudot?gx-no-cache=1503576158819 HTTP/1.1" 200 11054
186.79.218.5 - - [24/Aug/2017:09:04:00 -0300] "GET /cormun/servlet/trpermisosgoce? HTTP/1.1" 200 13213
186.79.218.5 - - [24/Aug/2017:09:04:01 -0300] "GET /cormun/servlet/trpermisosgoce? HTTP/1.1" 200 13234
192.168.10.89 - - [24/Aug/2017:09:04:02 -0300] "POST /cormun/servlet/trsolicitudot?bdcc19734948e215ca9d41294f1b5872,gx-no-cache=1503576158819,gx-no-cache=1503576211748 HTTP/1.1" 200 8157
