186.79.147.132 - - [24/Aug/2017:11:36:31 -0300] "GET /cormun/servlet/permisogoce?INS,0,,, HTTP/1.1" 200 6652
186.79.147.132 - - [24/Aug/2017:11:36:31 -0300] "GET /cormun/servlet/permisogoce?INS,0,,, HTTP/1.1" 200 6652
186.79.147.132 - - [24/Aug/2017:11:36:33 -0300] "GET /cormun/servlet/trpermisosgoce? HTTP/1.1" 200 8396
186.79.147.132 - - [24/Aug/2017:11:36:34 -0300] "GET /cormun/servlet/trpermisosgoce? HTTP/1.1" 200 8394
186.79.147.132 - - [24/Aug/2017:11:36:36 -0300] "GET /cormun/servlet/permisogoce?INS,0,,, HTTP/1.1" 200 6651
186.79.147.132 - - [24/Aug/2017:11:36:37 -0300] "GET /cormun/servlet/permisogoce?INS,0,,, HTTP/1.1" 200 6651
192.168.10.89 - - [24/Aug/2017:11:36:41 -0300] "POST /cormun/servlet/solicitudgral2?39279edbf5f1e628db6d844ab767ecbf,UPD,2017,7253,,gx-no-cache=1503585371155 HTTP/1.1" 200 93
192.168.10.89 - - [24/Aug/2017:11:36:41 -0300] "GET /cormun/servlet/hpexe_return? HTTP/1.1" 200 1029
192.168.10.89 - - [24/Aug/2017:11:36:42 -0300] "GET /cormun/servlet/trsolicitudgral?gx-no-cache=1503585275255 HTTP/1.1" 200 14814
192.168.10.96 - - [24/Aug/2017:11:36:42 -0300] "GET /cormun/servlet/trsolicitudgral? HTTP/1.1" 200 10794
186.79.147.132 - - [24/Aug/2017:11:36:43 -0300] "GET /cormun/servlet/permisogoce?599f8de5aa0272e2ab467921fb87f079ee5cd9077da660ad90dde287accd2ae63e70ab7f0771cafdd99cbc01b7b3c2dd9f5989621180443ec06bdc47e8e1ca68,gx-no-cache=1503585442706 HTTP/1.1" 200 76
192.168.10.96 - - [24/Aug/2017:11:36:43 -0300] "GET /cormun/servlet/trsolicitudgral? HTTP/1.1" 200 10794
186.79.147.132 - - [24/Aug/2017:11:36:47 -0300] "GET /cormun/static/menuarrow.gif HTTP/1.1" 404 1015
192.168.10.96 - - [24/Aug/2017:11:36:48 -0300] "POST /cormun/servlet/trsolicitudgral?213d797a441ab7dfa991ae16bef1a647,,gx-no-cache=1503585377584 HTTP/1.1" 200 7143
186.79.147.132 - - [24/Aug/2017:11:36:52 -0300] "GET /cormun/servlet/permisogoce?599f8de5aa0272e2ab467921fb87f0793e4cdeb96e32073766d42c344e02c6ca86c45f0c1b87ee45b67f65d54a200926325fe258a6daa8a2f5e51af25732bbd2,gx-no-cache=1503585452034 HTTP/1.1" 200 48
192.168.10.96 - - [24/Aug/2017:11:36:53 -0300] "POST /cormun/servlet/trsolicitudgral?213d797a441ab7dfa991ae16bef1a647,,gx-no-cache=1503585382590 HTTP/1.1" 200 7613
192.168.10.96 - - [24/Aug/2017:11:36:55 -0300] "GET /cormun/servlet/vesolicitudgral?2017,7182,, HTTP/1.1" 200 8823
192.168.10.96 - - [24/Aug/2017:11:36:55 -0300] "GET /cormun/pexe_scrolldiv.js HTTP/1.1" 404 1009
192.168.10.96 - - [24/Aug/2017:11:36:55 -0300] "GET /cormun/pexe_scrolldiv.js HTTP/1.1" 404 1009
192.168.10.96 - - [24/Aug/2017:11:36:55 -0300] "GET /cormun/servlet/vesolicitudgral?2017,7182,, HTTP/1.1" 200 8823
192.168.10.96 - - [24/Aug/2017:11:36:57 -0300] "GET /cormun/servlet/vesolicitudgral?2017,7182,,SolicitudOTAdjuntos HTTP/1.1" 200 10660
192.168.10.96 - - [24/Aug/2017:11:36:57 -0300] "GET /cormun/pexe_scrolldiv.js HTTP/1.1" 404 1009
192.168.10.96 - - [24/Aug/2017:11:36:57 -0300] "GET /cormun/pexe_scrolldiv.js HTTP/1.1" 404 1009
192.168.10.96 - - [24/Aug/2017:11:36:58 -0300] "GET /cormun/servlet/vesolicitudgral?2017,7182,,SolicitudOTAdjuntos HTTP/1.1" 200 10658
192.168.10.96 - - [24/Aug/2017:11:36:58 -0300] "POST /cormun/servlet/acontrolpreferencessavestate?None,DZAMUDIO,true HTTP/1.1" 200 35
192.168.10.96 - - [24/Aug/2017:11:36:59 -0300] "GET /cormun/PublicTempStorage/carnecherry9746620.pdf HTTP/1.1" 200 552575
186.79.147.132 - - [24/Aug/2017:11:36:59 -0300] "POST /cormun/servlet/permisogoce?e791ba4e3167050dddee8f93e8d993ac,INS,0,,,,gx-no-cache=1503585458767 HTTP/1.1" 200 93
186.79.147.132 - - [24/Aug/2017:11:36:59 -0300] "GET /cormun/servlet/hpexe_return? HTTP/1.1" 200 1008
186.79.147.132 - - [24/Aug/2017:11:36:59 -0300] "GET /cormun/servlet/trpermisosgoce HTTP/1.1" 200 8667
186.79.147.132 - - [24/Aug/2017:11:37:00 -0300] "GET /cormun/servlet/trpermisosgoce HTTP/1.1" 200 8659
192.168.10.89 - - [24/Aug/2017:11:37:04 -0300] "POST /cormun/servlet/trsolicitudgral?39279edbf5f1e628db6d844ab767ecbf,gx-no-cache=1503585275255,gx-no-cache=1503585394058 HTTP/1.1" 200 10952
192.168.10.96 - - [24/Aug/2017:11:37:04 -0300] "GET /cormun/servlet/vesolicitudgral?2017,7182,,SolicitudOTAdjuntos HTTP/1.1" 200 10656
192.168.10.89 - - [24/Aug/2017:11:37:05 -0300] "GET /cormun/static/Shared/jqueryui/images/ui-icons_82798d_256x240.png HTTP/1.1" 404 1089
192.168.10.89 - - [24/Aug/2017:11:37:05 -0300] "GET /cormun/static/Shared/jqueryui/images/ui-bg_flat_55_fafafa_40x100.png HTTP/1.1" 404 1097
192.168.10.89 - - [24/Aug/2017:11:37:05 -0300] "GET /cormun/static/Shared/jqueryui/images/ui-icons_8d78a5_256x240.png HTTP/1.1" 404 1089
192.168.10.89 - - [24/Aug/2017:11:37:05 -0300] "GET /cormun/static/Shared/jqueryui/images/ui-bg_highlight-soft_100_c6c2c8_1x100.png HTTP/1.1" 404 1117
192.168.10.96 - - [24/Aug/2017:11:37:05 -0300] "GET /cormun/servlet/vesolicitudgral?2017,7182,,SolicitudOTAdjuntos HTTP/1.1" 200 10661
192.168.10.96 - - [24/Aug/2017:11:37:06 -0300] "POST /cormun/servlet/acontrolpreferencessavestate?None,DZAMUDIO,true HTTP/1.1" 200 35
192.168.10.96 - - [24/Aug/2017:11:37:06 -0300] "GET /cormun/PublicTempStorage/esutudioscherry8990921.pdf HTTP/1.1" 200 527854
186.79.147.132 - - [24/Aug/2017:11:37:09 -0300] "GET /cormun/servlet/trpermisosadjuntos?16804595,20170824113606,P, HTTP/1.1" 200 6132
186.79.147.132 - - [24/Aug/2017:11:37:10 -0300] "GET /cormun/servlet/trpermisosadjuntos?16804595,20170824113606,P, HTTP/1.1" 200 6132
186.79.147.132 - - [24/Aug/2017:11:37:12 -0300] "GET /cormun/servlet/permisosadjuntos?INS,16804595,P,20170824113606,, HTTP/1.1" 200 5453
186.79.147.132 - - [24/Aug/2017:11:37:12 -0300] "GET /cormun/static/about:blank HTTP/1.1" 404 1011
186.79.147.132 - - [24/Aug/2017:11:37:12 -0300] "GET /cormun/servlet/permisosadjuntos?INS,16804595,P,20170824113606,, HTTP/1.1" 200 5443
192.168.10.89 - - [24/Aug/2017:11:37:17 -0300] "GET /cormun/servlet/solicitudgral?UPD,2017,7095, HTTP/1.1" 200 12588
192.168.10.89 - - [24/Aug/2017:11:37:18 -0300] "POST /cormun/servlet/solicitudgral?gx-no-cache=1503585408450 HTTP/1.1" 200 3221
192.168.10.89 - - [24/Aug/2017:11:37:19 -0300] "GET /cormun/servlet/solicitudgral?5641ff444146a91196461f445f773539faa794647744bda914f4872cd6b62f7ff0f33f2b9c081703c48a803afde960a1baaf392d773c102c27853d8809e111e4d1198ab8da136c6af148ba4a5394521436a2642cb2aac2127d600575cdff988ad638c292fcf2ba7306439bcacdbf5523a7caef4030999257123197ab2416e474318e6ce89e056a7dea1cb8b34c282b9fdfb996d950e4611b9ebbdb66c49199f4ca5370aa130754ca2392b7bcd0a9bb1f17faf3ce5cdae1105d1316988252a7d970f2932c37865039414aa846fc50398ee7c207974120c25dcc9cc74b8116f07c5d9f401acfc16935d41a3c7559d35935aee37ddbba1d9e9562476f48c4817d73de68a09f2b3cc71c8a5c698ba6711014794547de7c2cc0d7d6ef9a989ca765f59f4c7d1961be8835256a01317cfe1c0598bf73e892164faf158a00c5b5d5d66feac1b62de91eee5d61b7f6c0d0bd6078,gx-no-cache=1503585408634 HTTP/1.1" 200 242
192.168.10.89 - - [24/Aug/2017:11:37:20 -0300] "POST /cormun/servlet/solicitudgral?39279edbf5f1e628db6d844ab767ecbf,UPD,2017,7095,,gx-no-cache=1503585409599 HTTP/1.1" 200 93
192.168.10.89 - - [24/Aug/2017:11:37:20 -0300] "GET /cormun/servlet/hpexe_return? HTTP/1.1" 200 1028
192.168.10.89 - - [24/Aug/2017:11:37:20 -0300] "GET /cormun/servlet/trsolicitudgral?gx-no-cache=1503585275255 HTTP/1.1" 200 14311
186.79.147.132 - - [24/Aug/2017:11:37:26 -0300] "POST /cormun/servlet/permisosadjuntos?e791ba4e3167050dddee8f93e8d993ac,INS,16804595,P,20170824113606,, HTTP/1.1" 200 116
186.79.147.132 - - [24/Aug/2017:11:37:26 -0300] "GET /cormun/servlet/hpexe_return? HTTP/1.1" 200 1036
192.168.10.89 - - [24/Aug/2017:11:37:26 -0300] "POST /cormun/servlet/trsolicitudgral?39279edbf5f1e628db6d844ab767ecbf,gx-no-cache=1503585275255,gx-no-cache=1503585416172 HTTP/1.1" 200 10482
186.79.147.132 - - [24/Aug/2017:11:37:26 -0300] "GET /cormun/servlet/trpermisosadjuntos?16804595,20170824113606,P, HTTP/1.1" 200 6601
192.168.10.89 - - [24/Aug/2017:11:37:27 -0300] "GET /cormun/static/Shared/jqueryui/images/ui-icons_8d78a5_256x240.png HTTP/1.1" 404 1089
192.168.10.89 - - [24/Aug/2017:11:37:27 -0300] "GET /cormun/static/Shared/jqueryui/images/ui-bg_highlight-soft_100_c6c2c8_1x100.png HTTP/1.1" 404 1117
192.168.10.89 - - [24/Aug/2017:11:37:27 -0300] "GET /cormun/static/Shared/jqueryui/images/ui-icons_82798d_256x240.png HTTP/1.1" 404 1089
192.168.10.89 - - [24/Aug/2017:11:37:27 -0300] "GET /cormun/static/Shared/jqueryui/images/ui-bg_flat_55_fafafa_40x100.png HTTP/1.1" 404 1097
186.79.147.132 - - [24/Aug/2017:11:37:27 -0300] "GET /cormun/servlet/trpermisosadjuntos?16804595,20170824113606,P, HTTP/1.1" 200 6597
192.168.10.96 - - [24/Aug/2017:11:37:43 -0300] "GET /cormun/servlet/vesolicitudgral?2017,7182,,SolicitudOTAdjuntos HTTP/1.1" 200 10661
192.168.10.96 - - [24/Aug/2017:11:37:44 -0300] "GET /cormun/servlet/vesolicitudgral?2017,7182,,SolicitudOTAdjuntos HTTP/1.1" 200 10663
192.168.10.96 - - [24/Aug/2017:11:37:44 -0300] "POST /cormun/servlet/acontrolpreferencessavestate?None,DZAMUDIO,true HTTP/1.1" 200 35
192.168.10.96 - - [24/Aug/2017:11:37:48 -0300] "GET /cormun/PublicTempStorage/afpcot.cherry2137223.pdf HTTP/1.1" 200 669764
192.168.10.96 - - [24/Aug/2017:11:37:52 -0300] "GET /cormun/servlet/vesolicitudgral?2017,7182,,SolicitudOTAdjuntos HTTP/1.1" 200 10658
192.168.10.96 - - [24/Aug/2017:11:37:53 -0300] "GET /cormun/servlet/vesolicitudgral?2017,7182,,SolicitudOTAdjuntos HTTP/1.1" 200 10661
192.168.10.96 - - [24/Aug/2017:11:37:53 -0300] "POST /cormun/servlet/acontrolpreferencessavestate?None,DZAMUDIO,true HTTP/1.1" 200 35
192.168.10.96 - - [24/Aug/2017:11:37:57 -0300] "GET /cormun/PublicTempStorage/fonasacherry4403102.pdf HTTP/1.1" 200 459724
192.168.10.96 - - [24/Aug/2017:11:38:01 -0300] "GET /cormun/servlet/vesolicitudgral?2017,7182,,SolicitudOTAdjuntos HTTP/1.1" 200 10658
192.168.10.96 - - [24/Aug/2017:11:38:01 -0300] "GET /cormun/servlet/vesolicitudgral?2017,7182,,SolicitudOTAdjuntos HTTP/1.1" 200 10663
192.168.10.96 - - [24/Aug/2017:11:38:02 -0300] "POST /cormun/servlet/acontrolpreferencessavestate?None,DZAMUDIO,true HTTP/1.1" 200 35
192.168.10.96 - - [24/Aug/2017:11:38:03 -0300] "GET /cormun/PublicTempStorage/curric.cherry2512712.pdf HTTP/1.1" 200 433627
200.111.191.210 - - [24/Aug/2017:11:38:16 -0300] "GET /cormun/servlet/trpermisosadjuntos?9289416,20170824103051,P, HTTP/1.1" 200 5503
200.111.191.210 - - [24/Aug/2017:11:38:17 -0300] "GET /cormun/servlet/hlogin HTTP/1.1" 200 1763
200.111.191.210 - - [24/Aug/2017:11:38:17 -0300] "GET /cormun/servlet/trpermisosadjuntos?9289416,20170824103051,P, HTTP/1.1" 200 5500
192.168.10.96 - - [24/Aug/2017:11:38:19 -0300] "GET /cormun/servlet/vesolicitudgral?2017,7182,,SolicitudOTAdjuntos HTTP/1.1" 200 10661
192.168.10.96 - - [24/Aug/2017:11:38:20 -0300] "GET /cormun/servlet/vesolicitudgral?2017,7182,,SolicitudOTAdjuntos HTTP/1.1" 200 10667
192.168.10.96 - - [24/Aug/2017:11:38:20 -0300] "POST /cormun/servlet/acontrolpreferencessavestate?None,DZAMUDIO,true HTTP/1.1" 200 35
192.168.10.96 - - [24/Aug/2017:11:38:22 -0300] "GET /cormun/servlet/trsolicitudgral? HTTP/1.1" 200 10813
200.111.191.210 - - [24/Aug/2017:11:38:23 -0300] "POST /cormun/servlet/hlogin?72474e62d1a8f2cb7d46106b146a3872,gx-no-cache=1503585543645 HTTP/1.1" 200 90
200.111.191.210 - - [24/Aug/2017:11:38:23 -0300] "GET /cormun/servlet/hpexe_link HTTP/1.1" 200 983
200.111.191.210 - - [24/Aug/2017:11:38:23 -0300] "GET /cormun/servlet/trpermisosadjuntos?9289416,20170824103051,P, HTTP/1.1" 200 5925
192.168.10.96 - - [24/Aug/2017:11:38:23 -0300] "GET /cormun/servlet/trsolicitudgral? HTTP/1.1" 200 10807
200.111.191.210 - - [24/Aug/2017:11:38:23 -0300] "GET /cormun/servlet/trpermisosadjuntos?9289416,20170824103051,P, HTTP/1.1" 200 5924
200.111.191.210 - - [24/Aug/2017:11:38:25 -0300] "GET /cormun/servlet/permisosadjuntos?INS,9289416,P,20170824103051,, HTTP/1.1" 200 5432
200.111.191.210 - - [24/Aug/2017:11:38:25 -0300] "GET /cormun/static/about:blank HTTP/1.1" 404 1011
200.111.191.210 - - [24/Aug/2017:11:38:25 -0300] "GET /cormun/servlet/permisosadjuntos?INS,9289416,P,20170824103051,, HTTP/1.1" 200 5422
200.111.191.210 - - [24/Aug/2017:11:38:34 -0300] "POST /cormun/servlet/permisosadjuntos?72474e62d1a8f2cb7d46106b146a3872,INS,9289416,P,20170824103051,, HTTP/1.1" 200 116
200.111.191.210 - - [24/Aug/2017:11:38:34 -0300] "GET /cormun/servlet/hpexe_return? HTTP/1.1" 200 1038
200.111.191.210 - - [24/Aug/2017:11:38:34 -0300] "GET /cormun/servlet/trpermisosadjuntos?9289416,20170824103051,P, HTTP/1.1" 200 6445
200.111.191.210 - - [24/Aug/2017:11:38:35 -0300] "GET /cormun/servlet/trpermisosadjuntos?9289416,20170824103051,P, HTTP/1.1" 200 6442
200.111.191.210 - - [24/Aug/2017:11:38:36 -0300] "GET /cormun/PublicTempStorage/1118393869.pdf HTTP/1.1" 200 22560
200.111.191.210 - - [24/Aug/2017:11:38:41 -0300] "GET /cormun/servlet/trpermisosadjuntos?9289416,20170824103051,P, HTTP/1.1" 200 6445
200.111.191.210 - - [24/Aug/2017:11:38:42 -0300] "GET /cormun/servlet/trpermisosadjuntos?9289416,20170824103051,P, HTTP/1.1" 200 6440
200.111.191.210 - - [24/Aug/2017:11:38:43 -0300] "GET /cormun/servlet/permisosadjuntos?DLT,9289416,P,20170824103051,20170824113755, HTTP/1.1" 200 5455
200.111.191.210 - - [24/Aug/2017:11:38:43 -0300] "GET /cormun/PublicTempStorage/1116721068.pdf HTTP/1.1" 200 22560
200.111.191.210 - - [24/Aug/2017:11:38:43 -0300] "GET /cormun/static/Shared/jqueryui/images/ui-bg_highlight-soft_100_c6c2c8_1x100.png HTTP/1.1" 404 1117
200.111.191.210 - - [24/Aug/2017:11:38:43 -0300] "GET /cormun/static/Shared/jqueryui/images/ui-icons_82798d_256x240.png HTTP/1.1" 404 1089
200.111.191.210 - - [24/Aug/2017:11:38:43 -0300] "GET /cormun/static/Shared/jqueryui/images/ui-bg_flat_55_fafafa_40x100.png HTTP/1.1" 404 1097
200.111.191.210 - - [24/Aug/2017:11:38:43 -0300] "GET /cormun/static/Shared/jqueryui/images/ui-icons_8d78a5_256x240.png HTTP/1.1" 404 1089
200.111.191.210 - - [24/Aug/2017:11:38:43 -0300] "GET /cormun/servlet/permisosadjuntos?DLT,9289416,P,20170824103051,20170824113755, HTTP/1.1" 200 5445
200.111.191.210 - - [24/Aug/2017:11:38:45 -0300] "POST /cormun/servlet/permisosadjuntos?72474e62d1a8f2cb7d46106b146a3872,DLT,9289416,P,20170824103051,20170824113755,,gx-no-cache=1503585565645 HTTP/1.1" 200 93
200.111.191.210 - - [24/Aug/2017:11:38:45 -0300] "GET /cormun/servlet/hpexe_return? HTTP/1.1" 200 1045
200.111.191.210 - - [24/Aug/2017:11:38:45 -0300] "GET /cormun/servlet/trpermisosadjuntos?9289416,20170824103051,P, HTTP/1.1" 200 5927
200.111.191.210 - - [24/Aug/2017:11:38:45 -0300] "GET /cormun/servlet/trpermisosadjuntos?9289416,20170824103051,P, HTTP/1.1" 200 5924
200.111.191.210 - - [24/Aug/2017:11:38:46 -0300] "GET /cormun/servlet/permisosadjuntos?INS,9289416,P,20170824103051,, HTTP/1.1" 200 5432
200.111.191.210 - - [24/Aug/2017:11:38:46 -0300] "GET /cormun/static/about:blank HTTP/1.1" 404 1011
200.111.191.210 - - [24/Aug/2017:11:38:46 -0300] "GET /cormun/servlet/permisosadjuntos?INS,9289416,P,20170824103051,, HTTP/1.1" 200 5422
186.79.147.132 - - [24/Aug/2017:11:39:16 -0300] "POST /cormun/servlet/trpermisosadjuntos?e791ba4e3167050dddee8f93e8d993ac,16804595,20170824113606,P,,gx-no-cache=1503585595878 HTTP/1.1" 200 90
186.79.147.132 - - [24/Aug/2017:11:39:16 -0300] "GET /cormun/servlet/hpexe_link HTTP/1.1" 200 980
186.79.147.132 - - [24/Aug/2017:11:39:16 -0300] "GET /cormun/servlet/trpermisosgoce HTTP/1.1" 200 8664
186.79.147.132 - - [24/Aug/2017:11:39:17 -0300] "GET /cormun/servlet/trpermisosgoce HTTP/1.1" 200 8663
186.79.147.132 - - [24/Aug/2017:11:39:22 -0300] "GET /cormun/servlet/apermisogoceprn?16804595,P,20170824113606,PU HTTP/1.1" 200 1687
186.103.159.188 - - [24/Aug/2017:11:39:27 -0300] "GET /cormun/servlet/hlogin HTTP/1.1" 200 1729
186.103.159.188 - - [24/Aug/2017:11:39:42 -0300] "POST /cormun/servlet/hlogin?e1eb3bbf63d30d3f82f16ff86818cd36,gx-no-cache=1503585621470 HTTP/1.1" 200 90
186.103.159.188 - - [24/Aug/2017:11:39:42 -0300] "GET /cormun/servlet/hpexe_link HTTP/1.1" 200 952
186.103.159.188 - - [24/Aug/2017:11:39:42 -0300] "GET /cormun/servlet/hhome HTTP/1.1" 200 3797
186.103.159.188 - - [24/Aug/2017:11:39:47 -0300] "GET /cormun/servlet/hhome HTTP/1.1" 200 3794
186.103.159.188 - - [24/Aug/2017:11:39:48 -0300] "GET /cormun/servlet/trsolicitudot? HTTP/1.1" 200 13931
186.103.159.188 - - [24/Aug/2017:11:39:49 -0300] "GET /cormun/servlet/trsolicitudot? HTTP/1.1" 200 13929
192.168.10.96 - - [24/Aug/2017:11:39:50 -0300] "GET /cormun/servlet/vesolicitudgral?2017,7182,, HTTP/1.1" 200 8823
192.168.10.96 - - [24/Aug/2017:11:39:50 -0300] "GET /cormun/pexe_scrolldiv.js HTTP/1.1" 404 1009
192.168.10.96 - - [24/Aug/2017:11:39:50 -0300] "GET /cormun/pexe_scrolldiv.js HTTP/1.1" 404 1009
192.168.10.96 - - [24/Aug/2017:11:39:50 -0300] "GET /cormun/servlet/vesolicitudgral?2017,7182,, HTTP/1.1" 200 8823
192.168.10.96 - - [24/Aug/2017:11:39:54 -0300] "GET /cormun/servlet/vesolicitudgral?2017,7182,,SolicitudOTAdjuntos HTTP/1.1" 200 10662
192.168.10.96 - - [24/Aug/2017:11:39:54 -0300] "GET /cormun/pexe_scrolldiv.js HTTP/1.1" 404 1009
192.168.10.96 - - [24/Aug/2017:11:39:54 -0300] "GET /cormun/pexe_scrolldiv.js HTTP/1.1" 404 1009
192.168.10.96 - - [24/Aug/2017:11:39:55 -0300] "GET /cormun/servlet/vesolicitudgral?2017,7182,,SolicitudOTAdjuntos HTTP/1.1" 200 10663
192.168.10.96 - - [24/Aug/2017:11:39:55 -0300] "POST /cormun/servlet/acontrolpreferencessavestate?None,DZAMUDIO,true HTTP/1.1" 200 35
192.168.10.96 - - [24/Aug/2017:11:39:57 -0300] "GET /cormun/PublicTempStorage/ante.cherry9829915.pdf HTTP/1.1" 200 700501
200.111.191.210 - - [24/Aug/2017:11:40:04 -0300] "POST /cormun/servlet/permisosadjuntos?72474e62d1a8f2cb7d46106b146a3872,INS,9289416,P,20170824103051,, HTTP/1.1" 200 116
200.111.191.210 - - [24/Aug/2017:11:40:04 -0300] "GET /cormun/servlet/hpexe_return? HTTP/1.1" 200 1038
200.111.191.210 - - [24/Aug/2017:11:40:04 -0300] "GET /cormun/servlet/trpermisosadjuntos?9289416,20170824103051,P, HTTP/1.1" 200 6449
200.111.191.210 - - [24/Aug/2017:11:40:04 -0300] "GET /cormun/servlet/trpermisosadjuntos?9289416,20170824103051,P, HTTP/1.1" 200 6446
186.103.159.188 - - [24/Aug/2017:11:40:05 -0300] "POST /cormun/servlet/trsolicitudot?e1eb3bbf63d30d3f82f16ff86818cd36,,gx-no-cache=1503585644640 HTTP/1.1" 200 5494
200.111.191.210 - - [24/Aug/2017:11:40:06 -0300] "GET /cormun/PublicTempStorage/riverosb7767219.pdf HTTP/1.1" 200 27314
200.111.191.210 - - [24/Aug/2017:11:40:09 -0300] "GET /cormun/servlet/trpermisosadjuntos?9289416,20170824103051,P, HTTP/1.1" 200 6448
200.111.191.210 - - [24/Aug/2017:11:40:09 -0300] "GET /cormun/servlet/trpermisosadjuntos?9289416,20170824103051,P, HTTP/1.1" 200 6446
200.111.191.210 - - [24/Aug/2017:11:40:12 -0300] "GET /cormun/servlet/trpermisosgoce? HTTP/1.1" 200 15327
200.111.191.210 - - [24/Aug/2017:11:40:12 -0300] "GET /cormun/servlet/trpermisosgoce? HTTP/1.1" 200 15323
200.111.191.210 - - [24/Aug/2017:11:40:14 -0300] "POST /cormun/servlet/trpermisosgoce?72474e62d1a8f2cb7d46106b146a3872,,gx-no-cache=1503585654474 HTTP/1.1" 200 12532
200.111.191.210 - - [24/Aug/2017:11:40:14 -0300] "GET /cormun/static/Shared/jqueryui/images/ui-bg_highlight-soft_100_c6c2c8_1x100.png HTTP/1.1" 404 1117
200.111.191.210 - - [24/Aug/2017:11:40:14 -0300] "GET /cormun/static/Shared/jqueryui/images/ui-icons_82798d_256x240.png HTTP/1.1" 404 1089
200.111.191.210 - - [24/Aug/2017:11:40:14 -0300] "GET /cormun/static/Shared/jqueryui/images/ui-bg_flat_55_fafafa_40x100.png HTTP/1.1" 404 1097
200.111.191.210 - - [24/Aug/2017:11:40:14 -0300] "GET /cormun/static/Shared/jqueryui/images/ui-icons_8d78a5_256x240.png HTTP/1.1" 404 1089
200.111.191.210 - - [24/Aug/2017:11:40:17 -0300] "GET /cormun/servlet/trpermisosgoce? HTTP/1.1" 200 15285
186.103.159.188 - - [24/Aug/2017:11:40:17 -0300] "POST /cormun/servlet/trsolicitudot?e1eb3bbf63d30d3f82f16ff86818cd36,,gx-no-cache=1503585656607 HTTP/1.1" 200 5471
200.111.191.210 - - [24/Aug/2017:11:40:17 -0300] "GET /cormun/servlet/trpermisosgoce? HTTP/1.1" 200 15280
186.103.159.188 - - [24/Aug/2017:11:40:18 -0300] "POST /cormun/servlet/trsolicitudot?e1eb3bbf63d30d3f82f16ff86818cd36,,gx-no-cache=1503585657782 HTTP/1.1" 200 5470
200.111.191.210 - - [24/Aug/2017:11:40:19 -0300] "GET /cormun/servlet/hlogin HTTP/1.1" 200 1738
186.103.159.188 - - [24/Aug/2017:11:40:26 -0300] "GET /cormun/servlet/solicitudot?INS,0,0, HTTP/1.1" 200 12676
186.103.159.188 - - [24/Aug/2017:11:40:26 -0300] "GET /cormun/servlet/solicitudot?INS,0,0, HTTP/1.1" 200 12681
186.79.47.188 - - [24/Aug/2017:11:41:33 -0300] "POST /cormun/servlet/solicitudot?gx-no-cache=1503585732505 HTTP/1.1" 200 3201
186.79.147.132 - - [24/Aug/2017:11:41:35 -0300] "POST /cormun/servlet/trpermisosgoce?e791ba4e3167050dddee8f93e8d993ac,gx-no-cache=1503585734910 HTTP/1.1" 200 5838
186.79.147.132 - - [24/Aug/2017:11:41:35 -0300] "GET /cormun/static/Shared/jqueryui/images/ui-bg_highlight-soft_100_c6c2c8_1x100.png HTTP/1.1" 404 1117
186.79.147.132 - - [24/Aug/2017:11:41:35 -0300] "GET /cormun/static/Shared/jqueryui/images/ui-icons_82798d_256x240.png HTTP/1.1" 404 1089
186.79.147.132 - - [24/Aug/2017:11:41:35 -0300] "GET /cormun/static/Shared/jqueryui/images/ui-bg_flat_55_fafafa_40x100.png HTTP/1.1" 404 1097
186.79.147.132 - - [24/Aug/2017:11:41:35 -0300] "GET /cormun/static/Shared/jqueryui/images/ui-icons_8d78a5_256x240.png HTTP/1.1" 404 1089
186.103.159.188 - - [24/Aug/2017:11:41:43 -0300] "POST /cormun/servlet/solicitudot?e1eb3bbf63d30d3f82f16ff86818cd36,INS,0,0,,gx-no-cache=1503585733023 HTTP/1.1" 200 9830
186.103.159.188 - - [24/Aug/2017:11:41:44 -0300] "GET /cormun/servlet/prfichaempleado?,MD,,gxPopupLevel%3D0%3B HTTP/1.1" 200 9266
186.103.159.188 - - [24/Aug/2017:11:42:01 -0300] "GET /cormun/servlet/solicitudot?8b5a125aab8276e3464f763e8aebfee6b374edf13ab24689d010f7ac4ca3291cdac57bebe5211843b02b08d5a48e9f2e,gx-no-cache=1503585760893 HTTP/1.1" 200 30
186.103.159.188 - - [24/Aug/2017:11:42:01 -0300] "POST /cormun/servlet/solicitudot?gx-no-cache=1503585760936 HTTP/1.1" 200 256
186.103.159.188 - - [24/Aug/2017:11:42:01 -0300] "GET /cormun/servlet/solicitudot?8b5a125aab8276e3464f763e8aebfee60613c1405c2f5db9cca97dbacb8e0e8b59f130e943e54132f589b0f36afcd919160d85c8c24559a12a50ad69141eda6c06564610f788cd70c3c70cc4416287a777ff101f78b0ca347ec312b6dc6a4a6f5f524d8b1519e39d5794fbf4ec74b76b192a79af50daa7337b7aee2659220ff82efb68563f694c0585044abd0eded621e218f9daf43b99b62bffc30300aa0878b86216a7029635ef7168807fd7f309399396862ac8e2cff9b3db1e9c87c1acae576fb3b1cc0be2adc49df088d8ea2ebc8dc2ec54c89629c2b790a91ab94e403516f7ce30a687989cb702f868b998739cd14c0d9061ce29522f57616ac650c70fd619d304f818b02282e6e8ac1e09f966529a19a8159a7afd8d380858c7e50ffccc34c5ee784e910aad5cc5d26cee3b04f6b1e4beb2002b79e8ce150091f6ca40e3431a7b1ee7595bea463a02c52e4bf9de6f71b71124cde513aec6cc362b52f1c2065a3fe06e92f2798deb52067165a21a1c6f23971cfa9e6efa2a2c096418ae,gx-no-cache=1503585760969 HTTP/1.1" 200 30
186.103.159.188 - - [24/Aug/2017:11:42:06 -0300] "POST /cormun/servlet/solicitudot?gx-no-cache=1503585765484 HTTP/1.1" 200 30
186.103.159.188 - - [24/Aug/2017:11:42:08 -0300] "GET /cormun/servlet/prcontratosol?15231163,,,,,MD,,gxPopupLevel%3D0%3B HTTP/1.1" 200 7432
186.103.159.188 - - [24/Aug/2017:11:42:12 -0300] "POST /cormun/servlet/solicitudot?gx-no-cache=1503585771587 HTTP/1.1" 200 1436
186.103.159.188 - - [24/Aug/2017:11:42:12 -0300] "GET /cormun/static/Shared/jqueryui/images/ui-bg_highlight-soft_100_c6c2c8_1x100.png HTTP/1.1" 404 1117
186.103.159.188 - - [24/Aug/2017:11:42:12 -0300] "GET /cormun/static/Shared/jqueryui/images/ui-icons_82798d_256x240.png HTTP/1.1" 404 1089
186.103.159.188 - - [24/Aug/2017:11:42:12 -0300] "GET /cormun/static/Shared/jqueryui/images/ui-bg_flat_55_994d53_40x100.png HTTP/1.1" 404 1097
186.103.159.188 - - [24/Aug/2017:11:42:12 -0300] "GET /cormun/static/Shared/jqueryui/images/ui-icons_ebccce_256x240.png HTTP/1.1" 404 1089
186.103.159.188 - - [24/Aug/2017:11:42:12 -0300] "POST /cormun/servlet/solicitudot?gx-no-cache=1503585771643 HTTP/1.1" 200 117
186.103.159.188 - - [24/Aug/2017:11:42:12 -0300] "GET /cormun/servlet/solicitudot?8b5a125aab8276e3464f763e8aebfee609d28e134a0c05f51b3449d5762d2e532644d0933923375aa0d2fdac2122794061e443e20f309bf5604a82c9e603ca864b0b7cf9f4fde624127662c34784524de49dd4d3cf87a7cf3a49cba23637f1401cb845e2c51c72a730e0989e392b95779abd058ed6ee571c798f01a379c531d749096d4b1d49c303a95b7d1d60978334d5dff8eb40f0922529a47031ff4fdde6,gx-no-cache=1503585771680 HTTP/1.1" 200 29
186.103.159.188 - - [24/Aug/2017:11:42:12 -0300] "GET /cormun/servlet/solicitudot?8b5a125aab8276e3464f763e8aebfee60b3c024bf034001474cfc29648d2fcc094efcadd1c71c0f4675926d39090a9b021bac2fcf6ab83d88c7c85331f508168e5e03d416a9dd594056b5c03668f60b08345e34de00136337fa5baabe7fa736df4cd6c13a70359386cca7ed603c8bb642064a53ebf30aef73eb49945e356108488d50514a111ad93264dcca452ffb51c8e7d19bb1cf6be04aef3303df3c7a66ad0c003014369727b27cb7e78410b80fee84d29db74b19e750a0f2203960edfa4,gx-no-cache=1503585771705 HTTP/1.1" 200 62
186.103.159.188 - - [24/Aug/2017:11:42:32 -0300] "GET /cormun/servlet/prfichaempleado?,MD,,gxPopupLevel%3D0%3B HTTP/1.1" 200 9266
186.103.159.188 - - [24/Aug/2017:11:42:43 -0300] "POST /cormun/servlet/prfichaempleado?e1eb3bbf63d30d3f82f16ff86818cd36,,MD,,gxPopupLevel%3D0%3B,gx-no-cache=1503585803330 HTTP/1.1" 200 3422
186.103.159.188 - - [24/Aug/2017:11:42:50 -0300] "GET /cormun/servlet/prlicenciaspermisos?7758584,L,,MD,,gxPopupLevel%3D0%3B HTTP/1.1" 200 7801
186.103.159.188 - - [24/Aug/2017:11:43:10 -0300] "POST /cormun/servlet/solicitudot?gx-no-cache=1503585830228 HTTP/1.1" 200 1357
186.103.159.188 - - [24/Aug/2017:11:43:17 -0300] "POST /cormun/servlet/solicitudot?gx-no-cache=1503585836799 HTTP/1.1" 200 41
192.168.10.89 - - [24/Aug/2017:11:43:33 -0300] "GET /cormun/servlet/solicitudgral?UPD,2017,7207, HTTP/1.1" 200 12514
186.103.159.188 - - [24/Aug/2017:11:43:33 -0300] "POST /cormun/servlet/solicitudot?gx-no-cache=1503585853104 HTTP/1.1" 200 1336
186.103.159.188 - - [24/Aug/2017:11:43:33 -0300] "GET /cormun/static/menuarrow.gif HTTP/1.1" 404 1015
192.168.10.89 - - [24/Aug/2017:11:43:34 -0300] "POST /cormun/servlet/solicitudgral?gx-no-cache=1503585783673 HTTP/1.1" 200 3161
192.168.10.89 - - [24/Aug/2017:11:43:34 -0300] "GET /cormun/servlet/solicitudgral?5641ff444146a91196461f445f773539faa794647744bda914f4872cd6b62f7ff0f33f2b9c081703c48a803afde960a1baaf392d773c102c27853d8809e111e4d1198ab8da136c6af148ba4a53945214cf0f1cdf0f0cb7a43a130e1af6f01213d638c292fcf2ba7306439bcacdbf5523a7caef4030999257123197ab2416e474318e6ce89e056a7dea1cb8b34c282b9fdfb996d950e4611b9ebbdb66c49199f4ca5370aa130754ca2392b7bcd0a9bb1f17faf3ce5cdae1105d1316988252a7d970f2932c37865039414aa846fc50398ee7c207974120c25dcc9cc74b8116f07c5d9f401acfc16935d41a3c7559d35935aee37ddbba1d9e9562476f48c4817d73de68a09f2b3cc71c8a5c698ba6711014794547de7c2cc0d7d6ef9a989ca765f59f4c7d1961be8835256a01317cfe1c0598bf73e892164faf158a00c5b5d5d66feac1b62de91eee5d61b7f6c0d0bd6078,gx-no-cache=1503585783841 HTTP/1.1" 200 257
186.103.159.188 - - [24/Aug/2017:11:43:36 -0300] "POST /cormun/servlet/solicitudot?gx-no-cache=1503585855301 HTTP/1.1" 200 1336
186.103.159.188 - - [24/Aug/2017:11:43:38 -0300] "POST /cormun/servlet/solicitudot?gx-no-cache=1503585857896 HTTP/1.1" 200 32
192.168.10.89 - - [24/Aug/2017:11:43:39 -0300] "POST /cormun/servlet/solicitudgral?39279edbf5f1e628db6d844ab767ecbf,UPD,2017,7207,,gx-no-cache=1503585789064 HTTP/1.1" 200 93
192.168.10.89 - - [24/Aug/2017:11:43:39 -0300] "GET /cormun/servlet/hpexe_return? HTTP/1.1" 200 1027
192.168.10.89 - - [24/Aug/2017:11:43:39 -0300] "GET /cormun/servlet/trsolicitudgral?gx-no-cache=1503585275255 HTTP/1.1" 200 13804
192.168.10.89 - - [24/Aug/2017:11:43:45 -0300] "POST /cormun/servlet/trsolicitudgral?39279edbf5f1e628db6d844ab767ecbf,gx-no-cache=1503585275255,gx-no-cache=1503585795343 HTTP/1.1" 200 9761
192.168.10.89 - - [24/Aug/2017:11:43:58 -0300] "POST /cormun/servlet/trsolicitudgral?39279edbf5f1e628db6d844ab767ecbf,gx-no-cache=1503585275255,gx-no-cache=1503585807726 HTTP/1.1" 200 10449
192.168.10.89 - - [24/Aug/2017:11:44:01 -0300] "GET /cormun/servlet/solicitudgral?UPD,2017,7207, HTTP/1.1" 200 12514
192.168.10.89 - - [24/Aug/2017:11:44:02 -0300] "POST /cormun/servlet/solicitudgral?gx-no-cache=1503585812130 HTTP/1.1" 200 3161
192.168.10.89 - - [24/Aug/2017:11:44:02 -0300] "GET /cormun/servlet/solicitudgral?5641ff444146a91196461f445f773539faa794647744bda914f4872cd6b62f7ff0f33f2b9c081703c48a803afde960a1baaf392d773c102c27853d8809e111e4d1198ab8da136c6af148ba4a53945214cf0f1cdf0f0cb7a43a130e1af6f01213d638c292fcf2ba7306439bcacdbf5523a7caef4030999257123197ab2416e474318e6ce89e056a7dea1cb8b34c282b9fdfb996d950e4611b9ebbdb66c49199f4ca5370aa130754ca2392b7bcd0a9bb1f17faf3ce5cdae1105d1316988252a7d970f2932c37865039414aa846fc50398ee7c207974120c25dcc9cc74b8116f07c5d9f401acfc16935d41a3c7559d35935aee37ddbba1d9e9562476f48c4817d73de68a09f2b3cc71c8a5c698ba6711014794547de7c2cc0d7d6ef9a989ca765f59f4c7d1961be8835256a01317cfe1c0598bf73e892164faf158a00c5b5d5d66feac1b62de91eee5d61b7f6c0d0bd6078,gx-no-cache=1503585812372 HTTP/1.1" 200 257
192.168.10.89 - - [24/Aug/2017:11:44:03 -0300] "GET /cormun/servlet/solicitudgral?5641ff444146a91196461f445f773539d44a0f248546d2611c70d7cf98adef76f149822dadb613e92c27aa51afca560c62aaf2bcd89f8e269c2908888ee3727a06808b0b73b24a780f1faeb8bd2dc4ffa9c1abb782755dd0fff19e6b08214b91fc33728219b5488de33e602c7bdc2ceb3e1d75ed479e511b0e476fa8f1a32da5b716124b1334e630ea9592ebb82f9a790e2b57cf2c77171f45703202487ad85704bddf1654cbc094fdb1cda4f6d0c36c02cce9075d99dc43f301505b5a690968ced4b50b6d78c28c325c912b6924fe685039ea3d13b11e1e37e18662dfc15a480b718b4e89a81ffa4055910d96a43d918b38fd21273f57c3f2d26e88d5533ff38fb76825f0cf29245ab0cfe0179ce0bdae36bd47a3de3ca2c7b69e6065601b72a9324e9dc46fbf33959b148835f2997beaedcd0528076b586f9684a543e033227ae51a28586b2afebaa09a2224add54c796a4dd2335281c7ca63a09892390e34cc53bd0a1b1d0256812ce6d9c456d81aebebc1fa110259311b21fa763ad3f360930c5ccaf35642b148c760670eb5c3714c55c23943be4d048ea844c938b522c314cd9860a07220231692a2dd7a5eebe6bfa5ad1ea8a98abbcf94f94b6ba9be8d3844e295d76398346ac96f363e8424bc9a9a0fe538c201680d3bc04b1aed1d60408432cb95ce47f69a9d0ebd7b9b1edbaa5f3b571b42c8dafbed71029e2abbb8ba19f0eba89af1c20d8ebfde874a5a78f505d8b512feb419a442cee261004f8a1afa3792fc49ab549b58bcc1512d87bd,gx-no-cache=1503585813259 HTTP/1.1" 200 48
192.168.10.89 - - [24/Aug/2017:11:44:04 -0300] "POST /cormun/servlet/solicitudgral?39279edbf5f1e628db6d844ab767ecbf,UPD,2017,7207,,gx-no-cache=1503585813734 HTTP/1.1" 200 10841
192.168.10.89 - - [24/Aug/2017:11:44:04 -0300] "GET /cormun/servlet/solicitudgral?5641ff444146a91196461f445f77353933e2fa5dea4bce3d8673d604057909b070356e2cb57903d601b1a9cfebd0a5f7eff8dc0be4891bcffe7096e9c8cb04c6fae9d810acba3ff845c087a184b6a523b137bd80acb566e497fbb7f27dd6db55c586ce43430e8ce5371a70f6e30e12bca1a457108f97dfede7d756d1b2836d11d23f144ac3d1d2d911b99b747fd812af137c6a1e871afaf07ab1da875f3d2010,gx-no-cache=1503585814341 HTTP/1.1" 200 29
192.168.10.89 - - [24/Aug/2017:11:44:04 -0300] "POST /cormun/servlet/solicitudgral?gx-no-cache=1503585814378 HTTP/1.1" 200 1311
192.168.10.89 - - [24/Aug/2017:11:44:04 -0300] "POST /cormun/servlet/solicitudgral?gx-no-cache=1503585814418 HTTP/1.1" 200 1216
186.103.159.188 - - [24/Aug/2017:11:44:04 -0300] "POST /cormun/servlet/solicitudot?e1eb3bbf63d30d3f82f16ff86818cd36,INS,0,0,,gx-no-cache=1503585883710 HTTP/1.1" 200 93
186.103.159.188 - - [24/Aug/2017:11:44:05 -0300] "GET /cormun/servlet/hpexe_return? HTTP/1.1" 200 1009
186.103.159.188 - - [24/Aug/2017:11:44:05 -0300] "GET /cormun/servlet/trsolicitudot? HTTP/1.1" 200 8856
186.103.159.188 - - [24/Aug/2017:11:44:05 -0300] "GET /cormun/servlet/trsolicitudot? HTTP/1.1" 200 8852
192.168.10.89 - - [24/Aug/2017:11:44:14 -0300] "POST /cormun/servlet/solicitudgral?39279edbf5f1e628db6d844ab767ecbf,UPD,2017,7207,,gx-no-cache=1503585824473 HTTP/1.1" 200 93
192.168.10.89 - - [24/Aug/2017:11:44:14 -0300] "GET /cormun/servlet/hpexe_return? HTTP/1.1" 200 1027
192.168.10.89 - - [24/Aug/2017:11:44:15 -0300] "GET /cormun/servlet/trsolicitudgral?gx-no-cache=1503585275255 HTTP/1.1" 200 13804
186.103.159.188 - - [24/Aug/2017:11:44:27 -0300] "GET /cormun/servlet/trsolicitudot? HTTP/1.1" 200 8852
186.103.159.188 - - [24/Aug/2017:11:44:27 -0300] "GET /cormun/servlet/trsolicitudot? HTTP/1.1" 200 8852
186.103.159.188 - - [24/Aug/2017:11:44:45 -0300] "GET /cormun/servlet/solicitudot?INS,0,0, HTTP/1.1" 200 12676
186.103.159.188 - - [24/Aug/2017:11:44:45 -0300] "GET /cormun/servlet/solicitudot?INS,0,0, HTTP/1.1" 200 12681
186.103.159.188 - - [24/Aug/2017:11:44:53 -0300] "POST /cormun/servlet/solicitudot?gx-no-cache=1503585932266 HTTP/1.1" 200 3216
186.103.159.188 - - [24/Aug/2017:11:44:53 -0300] "POST /cormun/servlet/solicitudot?e1eb3bbf63d30d3f82f16ff86818cd36,INS,0,0,,gx-no-cache=1503585932743 HTTP/1.1" 200 9853
186.103.159.188 - - [24/Aug/2017:11:44:56 -0300] "GET /cormun/servlet/solicitudot?8b5a125aab8276e3464f763e8aebfee6d075734ca8749755fa9f2d323a8c0303dac57bebe5211843b02b08d5a48e9f2e,gx-no-cache=1503585935619 HTTP/1.1" 200 30
186.103.159.188 - - [24/Aug/2017:11:44:56 -0300] "POST /cormun/servlet/solicitudot?gx-no-cache=1503585935662 HTTP/1.1" 200 255
186.103.159.188 - - [24/Aug/2017:11:44:56 -0300] "GET /cormun/servlet/solicitudot?8b5a125aab8276e3464f763e8aebfee60613c1405c2f5db9cca97dbacb8e0e8b824b8bcb7af2d7e3ed6af8f254979828160d85c8c24559a12a50ad69141eda6c06564610f788cd70c3c70cc4416287a777ff101f78b0ca347ec312b6dc6a4a6f5f524d8b1519e39d5794fbf4ec74b76b192a79af50daa7337b7aee2659220ff82efb68563f694c0585044abd0eded621e218f9daf43b99b62bffc30300aa0878b86216a7029635ef7168807fd7f309399396862ac8e2cff9b3db1e9c87c1acae576fb3b1cc0be2adc49df088d8ea2ebc8dc2ec54c89629c2b790a91ab94e403516f7ce30a687989cb702f868b998739cd14c0d9061ce29522f57616ac650c70fd619d304f818b02282e6e8ac1e09f966df4a5c07cdaecb04b7d12d8ec24771be71fbb06272ecbc4fc087af4f6f0800115f568cd5777375ec625aa32fe9f7e993fb35810e87ef0272662986a6d2d3c7c6f97439d41f8da4f7c8ccce9852867135a323fd52697b6bea897b88fb4038979e2a3f35d73437fdbe01bc864c4c0c9d45,gx-no-cache=1503585935696 HTTP/1.1" 200 30
186.103.159.188 - - [24/Aug/2017:11:44:59 -0300] "POST /cormun/servlet/solicitudot?gx-no-cache=1503585939068 HTTP/1.1" 200 30
186.103.159.188 - - [24/Aug/2017:11:45:01 -0300] "GET /cormun/servlet/prcontratosol?14156547,,,,,MD,,gxPopupLevel%3D0%3B HTTP/1.1" 200 7432
186.103.159.188 - - [24/Aug/2017:11:45:03 -0300] "POST /cormun/servlet/solicitudot?gx-no-cache=1503585943036 HTTP/1.1" 200 1438
186.103.159.188 - - [24/Aug/2017:11:45:03 -0300] "GET /cormun/static/Shared/jqueryui/images/ui-bg_highlight-soft_100_c6c2c8_1x100.png HTTP/1.1" 404 1117
186.103.159.188 - - [24/Aug/2017:11:45:03 -0300] "GET /cormun/static/Shared/jqueryui/images/ui-icons_82798d_256x240.png HTTP/1.1" 404 1089
186.103.159.188 - - [24/Aug/2017:11:45:03 -0300] "GET /cormun/static/Shared/jqueryui/images/ui-bg_flat_55_994d53_40x100.png HTTP/1.1" 404 1097
186.103.159.188 - - [24/Aug/2017:11:45:03 -0300] "GET /cormun/static/Shared/jqueryui/images/ui-icons_ebccce_256x240.png HTTP/1.1" 404 1089
186.103.159.188 - - [24/Aug/2017:11:45:03 -0300] "POST /cormun/servlet/solicitudot?gx-no-cache=1503585943084 HTTP/1.1" 200 117
186.103.159.188 - - [24/Aug/2017:11:45:04 -0300] "GET /cormun/servlet/solicitudot?8b5a125aab8276e3464f763e8aebfee609d28e134a0c05f51b3449d5762d2e532644d0933923375aa0d2fdac2122794061e443e20f309bf5604a82c9e603ca864b0b7cf9f4fde624127662c34784524de49dd4d3cf87a7cf3a49cba23637f1401cb845e2c51c72a730e0989e392b95779abd058ed6ee571c798f01a379c531d749096d4b1d49c303a95b7d1d60978334d5dff8eb40f0922529a47031ff4fdde6,gx-no-cache=1503585943425 HTTP/1.1" 200 29
186.103.159.188 - - [24/Aug/2017:11:45:04 -0300] "GET /cormun/servlet/solicitudot?8b5a125aab8276e3464f763e8aebfee60b3c024bf034001474cfc29648d2fcc094efcadd1c71c0f4675926d39090a9b021bac2fcf6ab83d88c7c85331f508168e5e03d416a9dd594056b5c03668f60b08345e34de00136337fa5baabe7fa736df4cd6c13a70359386cca7ed603c8bb642064a53ebf30aef73eb49945e356108488d50514a111ad93264dcca452ffb51c8e7d19bb1cf6be04aef3303df3c7a66ad0c003014369727b27cb7e78410b80fee84d29db74b19e750a0f2203960edfa4,gx-no-cache=1503585943450 HTTP/1.1" 200 62
186.103.159.188 - - [24/Aug/2017:11:45:15 -0300] "GET /cormun/servlet/prlicenciaspermisos?7758584,L,,MD,,gxPopupLevel%3D0%3B HTTP/1.1" 200 7801
186.103.159.188 - - [24/Aug/2017:11:45:17 -0300] "POST /cormun/servlet/solicitudot?gx-no-cache=1503585957181 HTTP/1.1" 200 1357
192.168.10.89 - - [24/Aug/2017:11:45:17 -0300] "GET /cormun/servlet/solicitudgral2?UPD,2017,7136, HTTP/1.1" 200 12701
192.168.10.89 - - [24/Aug/2017:11:45:18 -0300] "POST /cormun/servlet/solicitudgral2?gx-no-cache=1503585888483 HTTP/1.1" 200 3211
192.168.10.89 - - [24/Aug/2017:11:45:19 -0300] "GET /cormun/servlet/solicitudgral2?5641ff444146a91196461f445f773539faa794647744bda914f4872cd6b62f7ff0f33f2b9c081703c48a803afde960a1baaf392d773c102c27853d8809e111e4d1198ab8da136c6af148ba4a53945214cf0f1cdf0f0cb7a43a130e1af6f01213d638c292fcf2ba7306439bcacdbf5523a7caef4030999257123197ab2416e474318e6ce89e056a7dea1cb8b34c282b9fdfb996d950e4611b9ebbdb66c49199f4ca5370aa130754ca2392b7bcd0a9bb1f17faf3ce5cdae1105d1316988252a7d970f2932c37865039414aa846fc50398ee7c207974120c25dcc9cc74b8116f07c5d9f401acfc16935d41a3c7559d35935aee37ddbba1d9e9562476f48c4817d73de68a09f2b3cc71c8a5c698ba6711014794547de7c2cc0d7d6ef9a989ca765f59f4c7d1961be8835256a01317cfe1c0598bf73e892164faf158a00c5b5d5d66feac1b62de91eee5d61b7f6c0d0bd6078,gx-no-cache=1503585888670 HTTP/1.1" 200 257
192.168.10.89 - - [24/Aug/2017:11:45:19 -0300] "POST /cormun/servlet/solicitudgral2?gx-no-cache=1503585888692 HTTP/1.1" 200 1414
192.168.10.89 - - [24/Aug/2017:11:45:19 -0300] "GET /cormun/servlet/solicitudgral2?5641ff444146a91196461f445f7735390ad69965d0e166913697e7ca95b593358bd95323020f7c1dc578a8a70347f9a6baaf392d773c102c27853d8809e111e4a4c852fc6c42a7b35fb5b5ef7fd3e1b2b71620c1800035c2becae041f6c55fcee605634996e43c53677163bdb3eb67d5,gx-no-cache=1503585888741 HTTP/1.1" 200 41
186.103.159.188 - - [24/Aug/2017:11:45:23 -0300] "POST /cormun/servlet/solicitudot?gx-no-cache=1503585962690 HTTP/1.1" 200 41
192.168.10.89 - - [24/Aug/2017:11:45:23 -0300] "POST /cormun/servlet/solicitudgral2?39279edbf5f1e628db6d844ab767ecbf,UPD,2017,7136,,gx-no-cache=1503585893206 HTTP/1.1" 200 10919
192.168.10.89 - - [24/Aug/2017:11:45:23 -0300] "GET /cormun/servlet/solicitudgral2?5641ff444146a91196461f445f7735394cb1cfa8948e997e6a1f7140148fd36370356e2cb57903d601b1a9cfebd0a5f7ef0a4398f6324913ca6ac27d0dc7d6d0fae9d810acba3ff845c087a184b6a523b137bd80acb566e497fbb7f27dd6db55c586ce43430e8ce5371a70f6e30e12bca1a457108f97dfede7d756d1b2836d11d23f144ac3d1d2d911b99b747fd812af137c6a1e871afaf07ab1da875f3d2010,gx-no-cache=1503585893413 HTTP/1.1" 200 29
192.168.10.89 - - [24/Aug/2017:11:45:23 -0300] "POST /cormun/servlet/solicitudgral2?gx-no-cache=1503585893429 HTTP/1.1" 200 1311
192.168.10.89 - - [24/Aug/2017:11:45:23 -0300] "POST /cormun/servlet/solicitudgral2?gx-no-cache=1503585893459 HTTP/1.1" 200 1216
192.168.10.89 - - [24/Aug/2017:11:45:27 -0300] "GET /cormun/servlet/solicitudgral2?5641ff444146a91196461f445f7735392e8f2e349428397c20f3406df908ff6739accb119156cf21c294f62f82d22e814b7a09af9a1f7baa601d520c45442d186b48daddc0e4c1f6ffc9b0722fa820b28daa8979a717f53925e828793f3ed091cdcd22284c818ab6d2ecc5f2edb6d26c2938d570977cd65f9c0c988f5870d625,gx-no-cache=1503585896739 HTTP/1.1" 200 30
186.103.159.188 - - [24/Aug/2017:11:45:33 -0300] "POST /cormun/servlet/solicitudot?gx-no-cache=1503585972585 HTTP/1.1" 200 1337
186.103.159.188 - - [24/Aug/2017:11:45:33 -0300] "GET /cormun/static/menuarrow.gif HTTP/1.1" 404 1015
186.103.159.188 - - [24/Aug/2017:11:45:36 -0300] "POST /cormun/servlet/solicitudot?gx-no-cache=1503585976198 HTTP/1.1" 200 1337
186.103.159.188 - - [24/Aug/2017:11:45:44 -0300] "POST /cormun/servlet/solicitudot?gx-no-cache=1503585984093 HTTP/1.1" 200 32
186.103.159.188 - - [24/Aug/2017:11:46:13 -0300] "POST /cormun/servlet/solicitudot?e1eb3bbf63d30d3f82f16ff86818cd36,INS,0,0,,gx-no-cache=1503586013011 HTTP/1.1" 200 93
186.103.159.188 - - [24/Aug/2017:11:46:14 -0300] "GET /cormun/servlet/hpexe_return? HTTP/1.1" 200 1009
186.103.159.188 - - [24/Aug/2017:11:46:14 -0300] "GET /cormun/servlet/trsolicitudot HTTP/1.1" 200 8856
186.103.159.188 - - [24/Aug/2017:11:46:14 -0300] "GET /cormun/servlet/trsolicitudot HTTP/1.1" 200 8852
192.168.10.89 - - [24/Aug/2017:11:46:15 -0300] "POST /cormun/servlet/solicitudgral2?39279edbf5f1e628db6d844ab767ecbf,UPD,2017,7136,,gx-no-cache=1503585944907 HTTP/1.1" 200 93
192.168.10.89 - - [24/Aug/2017:11:46:15 -0300] "GET /cormun/servlet/hpexe_return? HTTP/1.1" 200 1029
192.168.10.89 - - [24/Aug/2017:11:46:15 -0300] "GET /cormun/servlet/trsolicitudgral?gx-no-cache=1503585275255 HTTP/1.1" 200 13415
186.103.159.188 - - [24/Aug/2017:11:46:47 -0300] "GET /cormun/servlet/solicitudot?INS,0,0, HTTP/1.1" 200 12676
186.103.159.188 - - [24/Aug/2017:11:46:47 -0300] "GET /cormun/servlet/solicitudot?INS,0,0, HTTP/1.1" 200 12681
186.103.159.188 - - [24/Aug/2017:11:46:56 -0300] "POST /cormun/servlet/solicitudot?gx-no-cache=1503586055797 HTTP/1.1" 200 3216
186.103.159.188 - - [24/Aug/2017:11:46:56 -0300] "POST /cormun/servlet/solicitudot?e1eb3bbf63d30d3f82f16ff86818cd36,INS,0,0,,gx-no-cache=1503586055952 HTTP/1.1" 200 9852
186.103.159.188 - - [24/Aug/2017:11:47:04 -0300] "GET /cormun/servlet/solicitudot?8b5a125aab8276e3464f763e8aebfee6d075734ca8749755fa9f2d323a8c0303dac57bebe5211843b02b08d5a48e9f2e,gx-no-cache=1503586063746 HTTP/1.1" 200 30
186.103.159.188 - - [24/Aug/2017:11:47:04 -0300] "POST /cormun/servlet/solicitudot?gx-no-cache=1503586063789 HTTP/1.1" 200 255
186.103.159.188 - - [24/Aug/2017:11:47:04 -0300] "GET /cormun/servlet/solicitudot?8b5a125aab8276e3464f763e8aebfee60613c1405c2f5db9cca97dbacb8e0e8b824b8bcb7af2d7e3ed6af8f254979828160d85c8c24559a12a50ad69141eda6c06564610f788cd70c3c70cc4416287a777ff101f78b0ca347ec312b6dc6a4a6f5f524d8b1519e39d5794fbf4ec74b76b192a79af50daa7337b7aee2659220ff82efb68563f694c0585044abd0eded621e218f9daf43b99b62bffc30300aa0878b86216a7029635ef7168807fd7f309399396862ac8e2cff9b3db1e9c87c1acae576fb3b1cc0be2adc49df088d8ea2ebc8dc2ec54c89629c2b790a91ab94e403516f7ce30a687989cb702f868b998739cd14c0d9061ce29522f57616ac650c70fd619d304f818b02282e6e8ac1e09f966df4a5c07cdaecb04b7d12d8ec24771be71fbb06272ecbc4fc087af4f6f0800115f568cd5777375ec625aa32fe9f7e993fb35810e87ef0272662986a6d2d3c7c6f97439d41f8da4f7c8ccce9852867135a323fd52697b6bea897b88fb4038979e2a3f35d73437fdbe01bc864c4c0c9d45,gx-no-cache=1503586063828 HTTP/1.1" 200 30
186.103.159.188 - - [24/Aug/2017:11:47:07 -0300] "POST /cormun/servlet/solicitudot?gx-no-cache=1503586067163 HTTP/1.1" 200 30
186.103.159.188 - - [24/Aug/2017:11:47:09 -0300] "GET /cormun/servlet/prcontratosol?14156547,,,,,MD,,gxPopupLevel%3D0%3B HTTP/1.1" 200 7432
186.103.159.188 - - [24/Aug/2017:11:47:12 -0300] "POST /cormun/servlet/solicitudot?gx-no-cache=1503586071441 HTTP/1.1" 200 1438
186.103.159.188 - - [24/Aug/2017:11:47:12 -0300] "GET /cormun/static/Shared/jqueryui/images/ui-bg_highlight-soft_100_c6c2c8_1x100.png HTTP/1.1" 404 1117
186.103.159.188 - - [24/Aug/2017:11:47:12 -0300] "GET /cormun/static/Shared/jqueryui/images/ui-icons_82798d_256x240.png HTTP/1.1" 404 1089
186.103.159.188 - - [24/Aug/2017:11:47:12 -0300] "GET /cormun/static/Shared/jqueryui/images/ui-bg_flat_55_994d53_40x100.png HTTP/1.1" 404 1097
186.103.159.188 - - [24/Aug/2017:11:47:12 -0300] "GET /cormun/static/Shared/jqueryui/images/ui-icons_ebccce_256x240.png HTTP/1.1" 404 1089
186.103.159.188 - - [24/Aug/2017:11:47:12 -0300] "POST /cormun/servlet/solicitudot?gx-no-cache=1503586071490 HTTP/1.1" 200 117
186.103.159.188 - - [24/Aug/2017:11:47:12 -0300] "GET /cormun/servlet/solicitudot?8b5a125aab8276e3464f763e8aebfee609d28e134a0c05f51b3449d5762d2e532644d0933923375aa0d2fdac2122794061e443e20f309bf5604a82c9e603ca864b0b7cf9f4fde624127662c34784524de49dd4d3cf87a7cf3a49cba23637f1401cb845e2c51c72a730e0989e392b95779abd058ed6ee571c798f01a379c531d749096d4b1d49c303a95b7d1d60978334d5dff8eb40f0922529a47031ff4fdde6,gx-no-cache=1503586071524 HTTP/1.1" 200 29
186.103.159.188 - - [24/Aug/2017:11:47:12 -0300] "GET /cormun/servlet/solicitudot?8b5a125aab8276e3464f763e8aebfee60b3c024bf034001474cfc29648d2fcc094efcadd1c71c0f4675926d39090a9b021bac2fcf6ab83d88c7c85331f508168e5e03d416a9dd594056b5c03668f60b08345e34de00136337fa5baabe7fa736df4cd6c13a70359386cca7ed603c8bb642064a53ebf30aef73eb49945e356108488d50514a111ad93264dcca452ffb51c8e7d19bb1cf6be04aef3303df3c7a66ad0c003014369727b27cb7e78410b80fee84d29db74b19e750a0f2203960edfa4,gx-no-cache=1503586071555 HTTP/1.1" 200 62
186.103.159.188 - - [24/Aug/2017:11:47:23 -0300] "GET /cormun/servlet/prfichaempleado?,MD,,gxPopupLevel%3D0%3B HTTP/1.1" 200 9266
186.103.159.188 - - [24/Aug/2017:11:47:33 -0300] "POST /cormun/servlet/prfichaempleado?e1eb3bbf63d30d3f82f16ff86818cd36,,MD,,gxPopupLevel%3D0%3B,gx-no-cache=1503586092473 HTTP/1.1" 200 3422
186.103.159.188 - - [24/Aug/2017:11:47:39 -0300] "GET /cormun/servlet/prlicenciaspermisos?7758584,L,,MD,,gxPopupLevel%3D0%3B HTTP/1.1" 200 7801
186.103.159.188 - - [24/Aug/2017:11:47:43 -0300] "POST /cormun/servlet/solicitudot?gx-no-cache=1503586102349 HTTP/1.1" 200 1357
186.103.159.188 - - [24/Aug/2017:11:47:59 -0300] "POST /cormun/servlet/solicitudot?gx-no-cache=1503586118713 HTTP/1.1" 200 41
186.103.159.188 - - [24/Aug/2017:11:48:04 -0300] "POST /cormun/servlet/solicitudot?gx-no-cache=1503586124152 HTTP/1.1" 200 1337
186.103.159.188 - - [24/Aug/2017:11:48:04 -0300] "GET /cormun/static/menuarrow.gif HTTP/1.1" 404 1015
186.103.159.188 - - [24/Aug/2017:11:48:10 -0300] "POST /cormun/servlet/solicitudot?gx-no-cache=1503586129618 HTTP/1.1" 200 1337
186.103.159.188 - - [24/Aug/2017:11:48:15 -0300] "POST /cormun/servlet/solicitudot?gx-no-cache=1503586134881 HTTP/1.1" 200 32
186.103.159.188 - - [24/Aug/2017:11:48:35 -0300] "POST /cormun/servlet/solicitudot?e1eb3bbf63d30d3f82f16ff86818cd36,INS,0,0,,gx-no-cache=1503586154681 HTTP/1.1" 200 93
186.103.159.188 - - [24/Aug/2017:11:48:35 -0300] "GET /cormun/servlet/hpexe_return? HTTP/1.1" 200 1009
186.103.159.188 - - [24/Aug/2017:11:48:35 -0300] "GET /cormun/servlet/trsolicitudot HTTP/1.1" 200 8856
186.103.159.188 - - [24/Aug/2017:11:48:36 -0300] "GET /cormun/servlet/trsolicitudot HTTP/1.1" 200 8852
186.103.159.188 - - [24/Aug/2017:11:48:55 -0300] "GET /cormun/servlet/hlogin HTTP/1.1" 200 1725
186.103.159.188 - - [24/Aug/2017:11:49:04 -0300] "POST /cormun/servlet/hlogin?48ae9a307417dad319a32738a189f5bb,gx-no-cache=1503586183705 HTTP/1.1" 200 90
186.103.159.188 - - [24/Aug/2017:11:49:04 -0300] "GET /cormun/servlet/hpexe_link HTTP/1.1" 200 948
186.103.159.188 - - [24/Aug/2017:11:49:04 -0300] "GET /cormun/servlet/hhome HTTP/1.1" 200 3791
186.103.159.188 - - [24/Aug/2017:11:49:05 -0300] "GET /cormun/servlet/hhome HTTP/1.1" 200 3788
186.103.159.188 - - [24/Aug/2017:11:49:08 -0300] "GET /cormun/servlet/trsolicitudot? HTTP/1.1" 200 14943
186.103.159.188 - - [24/Aug/2017:11:49:08 -0300] "GET /cormun/servlet/trsolicitudot? HTTP/1.1" 200 14941
186.103.159.188 - - [24/Aug/2017:11:49:23 -0300] "POST /cormun/servlet/trsolicitudot?48ae9a307417dad319a32738a189f5bb,,gx-no-cache=1503586202798 HTTP/1.1" 200 11873
186.103.159.188 - - [24/Aug/2017:11:49:24 -0300] "POST /cormun/servlet/trsolicitudot?48ae9a307417dad319a32738a189f5bb,,gx-no-cache=1503586203374 HTTP/1.1" 200 11851
186.103.159.188 - - [24/Aug/2017:11:49:48 -0300] "GET /cormun/servlet/solicitudot?INS,0,0, HTTP/1.1" 200 12671
186.103.159.188 - - [24/Aug/2017:11:49:48 -0300] "GET /cormun/servlet/solicitudot?INS,0,0, HTTP/1.1" 200 12676
186.103.159.188 - - [24/Aug/2017:11:49:58 -0300] "POST /cormun/servlet/solicitudot?gx-no-cache=1503586237274 HTTP/1.1" 200 3212
186.103.159.188 - - [24/Aug/2017:11:49:58 -0300] "POST /cormun/servlet/solicitudot?48ae9a307417dad319a32738a189f5bb,INS,0,0,,gx-no-cache=1503586237750 HTTP/1.1" 200 9845
186.103.159.188 - - [24/Aug/2017:11:50:01 -0300] "GET /cormun/servlet/solicitudot?aed011bdae13f8e39f78080c1a27f8fe3c48c92ef688526f5cbd9ad26a49cf62c7c473b044fe0371d8370c398f9ba852,gx-no-cache=1503586240686 HTTP/1.1" 200 30
186.103.159.188 - - [24/Aug/2017:11:50:01 -0300] "POST /cormun/servlet/solicitudot?gx-no-cache=1503586240725 HTTP/1.1" 200 255
186.103.159.188 - - [24/Aug/2017:11:50:01 -0300] "GET /cormun/servlet/solicitudot?aed011bdae13f8e39f78080c1a27f8fe1764107093e26b7eca298d8f36928aeac7f1fa47a7b569ec620320e82247424e627b5454532e27f545d3991870d0700472703a172bb2bf3c501b4c20ec11a7a2d6ee5d03e6018251bd948281faef7d4a68ded3aa0c5bd1215a9939a846edbdbe8cd8c6d6c34525689031a33a14559a0b9ca77ace7fa4d3b6072bae3cb92ca1738247cabfcf6b8723bc372e61cd140bb801a9975f491dd8e69038d0f16b18de8d1da50ccc5e454f5c20839576b13b33371e851f9074519c2415049e22bd9ad2f502482e76a6564305f6e8eeffd6aff79f0b4770c26243cb5407842bd02ae9e357441d7d0292b12ca83e472740e0c6d76445c09085e34eebe3eac20a8fba25b1cf6f8767992b427e9551013c858023f93fa729cb091dfef8d4fc3a9d9812a72e3e3e3806f0181b8e3009bb3f513609b570f281bdc969ff2373765a23be01ea900295adf4b6b9c88aee1ff08f06f9f0e7a7e920a6e59e3296b0988afc5bcf97c22a9fccbb3d72d88fa8f4506a48ef682877,gx-no-cache=1503586240760 HTTP/1.1" 200 30
186.103.159.188 - - [24/Aug/2017:11:50:03 -0300] "POST /cormun/servlet/solicitudot?gx-no-cache=1503586243324 HTTP/1.1" 200 30
186.67.172.234 - - [24/Aug/2017:11:50:05 -0300] "GET /cormun/servlet/hlogin HTTP/1.1" 200 1727
186.103.159.188 - - [24/Aug/2017:11:50:05 -0300] "GET /cormun/servlet/prcontratosol?14202165,,,,,MD,,gxPopupLevel%3D0%3B HTTP/1.1" 200 7431
186.103.159.188 - - [24/Aug/2017:11:50:07 -0300] "POST /cormun/servlet/solicitudot?gx-no-cache=1503586247200 HTTP/1.1" 200 1438
186.103.159.188 - - [24/Aug/2017:11:50:07 -0300] "GET /cormun/static/Shared/jqueryui/images/ui-bg_highlight-soft_100_c6c2c8_1x100.png HTTP/1.1" 404 1117
186.103.159.188 - - [24/Aug/2017:11:50:07 -0300] "GET /cormun/static/Shared/jqueryui/images/ui-icons_82798d_256x240.png HTTP/1.1" 404 1089
186.103.159.188 - - [24/Aug/2017:11:50:07 -0300] "GET /cormun/static/Shared/jqueryui/images/ui-icons_ebccce_256x240.png HTTP/1.1" 404 1089
186.103.159.188 - - [24/Aug/2017:11:50:07 -0300] "GET /cormun/static/Shared/jqueryui/images/ui-bg_flat_55_994d53_40x100.png HTTP/1.1" 404 1097
186.103.159.188 - - [24/Aug/2017:11:50:07 -0300] "POST /cormun/servlet/solicitudot?gx-no-cache=1503586247255 HTTP/1.1" 200 117
