186.103.156.24 - - [23/Aug/2017:09:55:21 -0300] "GET /cormun/static/Resources/PXToolsFooterBackground2.png HTTP/1.1" 200 1172
186.103.156.24 - - [23/Aug/2017:09:55:21 -0300] "GET /cormun/static/Resources/PXToolsHeaderBackground2.png HTTP/1.1" 200 1174
186.103.156.24 - - [23/Aug/2017:09:55:21 -0300] "GET /cormun/static/Resources/PXToolsDataTitle.png HTTP/1.1" 200 1173
186.103.156.24 - - [23/Aug/2017:09:55:21 -0300] "GET /cormun/static/gxui/gxui-all.js HTTP/1.1" 200 107772
186.103.156.24 - - [23/Aug/2017:09:55:22 -0300] "GET /cormun/static/Resources/PXToolsHeaderActionsBackground.png HTTP/1.1" 200 484
186.103.156.24 - - [23/Aug/2017:09:55:22 -0300] "GET /cormun/static/Resources/logo4.png HTTP/1.1" 200 6582
186.103.156.24 - - [23/Aug/2017:09:55:22 -0300] "GET /cormun/static/Resources/PXToolsHeaderLogin.png HTTP/1.1" 200 4279
186.103.156.24 - - [23/Aug/2017:09:55:22 -0300] "GET /cormun/static/Resources/PXToolsHeaderHome.png HTTP/1.1" 200 4147
186.103.156.24 - - [23/Aug/2017:09:55:22 -0300] "GET /cormun/static/Resources/PXToolsHeaderSecurity.png HTTP/1.1" 200 4166
186.103.156.24 - - [23/Aug/2017:09:55:22 -0300] "GET /cormun/static/Resources/PXToolsHeaderActionsRight.png HTTP/1.1" 200 1201
186.103.156.24 - - [23/Aug/2017:09:55:22 -0300] "GET /cormun/static/Resources/PXToolsHeaderPreferences.png HTTP/1.1" 200 4189
186.103.156.24 - - [23/Aug/2017:09:55:22 -0300] "GET /cormun/static/hpexe_messagegenexuscomponent.js?201752511465344 HTTP/1.1" 200 587
186.103.156.24 - - [23/Aug/2017:09:55:22 -0300] "GET /cormun/static/cmcontrolpreferences.js?201752511465670 HTTP/1.1" 200 1375
186.103.156.24 - - [23/Aug/2017:09:55:22 -0300] "GET /cormun/static/SmoothNavMenu/resources/ddsmoothmenu.js HTTP/1.1" 200 12712
186.103.156.24 - - [23/Aug/2017:09:55:22 -0300] "GET /cormun/static/Shared/jquery/jquery-1.4.2.min.js HTTP/1.1" 200 72174
186.103.156.24 - - [23/Aug/2017:09:55:22 -0300] "GET /cormun/static/scaMessage/js/jquery.pnotify.min.js HTTP/1.1" 200 13038
186.103.156.24 - - [23/Aug/2017:09:55:22 -0300] "GET /cormun/static/scaMessage/scaMessageRender.js HTTP/1.1" 200 11977
186.103.156.24 - - [23/Aug/2017:09:55:22 -0300] "GET /cormun/static/hmpwkw03.js?20177612122668 HTTP/1.1" 200 3965
186.103.156.24 - - [23/Aug/2017:09:55:22 -0300] "GET /cormun/static/SmoothNavMenu/resources/SmoothNavMenuRender.js HTTP/1.1" 200 5951
186.103.156.24 - - [23/Aug/2017:09:55:22 -0300] "GET /cormun/static/Shared/jquery/jquery-1.10.2.min.js HTTP/1.1" 200 273199
186.103.156.24 - - [23/Aug/2017:09:55:22 -0300] "GET /cormun/static/Shared/jqueryui/jquery-ui.min.js HTTP/1.1" 200 240427
186.103.156.24 - - [23/Aug/2017:09:55:22 -0300] "GET /cormun/static/Shared/ext/ext-all.js HTTP/1.1" 200 1289687
186.103.156.24 - - [23/Aug/2017:09:55:23 -0300] "GET /cormun/servlet/hhome HTTP/1.1" 200 4047
186.103.156.24 - - [23/Aug/2017:09:55:23 -0300] "GET /cormun/static/SmoothNavMenu/resources/images/down.gif HTTP/1.1" 200 854
186.103.156.24 - - [23/Aug/2017:09:55:23 -0300] "GET /cormun/static/SmoothNavMenu/resources/images/right.gif HTTP/1.1" 200 860
186.103.156.166 - - [23/Aug/2017:09:55:53 -0300] "GET /cormun/servlet/solicitudot?658b943e93a0627f1b8a99a41e2f1f28a6d3cef4528558050fb352abc422965fd3404d938567bbb7685ac7b253acae5655c1853a530c865354752d4035f07bf87b4fc36ed6b753df337c45769c7027f06cf0f9ffc76ba9b263bde46cc6c591daceb03cb2ee70ce7ee5e8f9232be51b71e4e6e26601a0f1fda0d8d21200ade85a115c52f2fc0ab57e65849c7e84723fbaa48b84deb82550c6efc5aec8d5aaf1fe,gx-no-cache=1503496596264 HTTP/1.1" 200 29
186.103.156.166 - - [23/Aug/2017:09:55:57 -0300] "POST /cormun/servlet/solicitudot?gx-no-cache=1503496599593 HTTP/1.1" 200 1337
200.86.95.220 - - [23/Aug/2017:09:56:13 -0300] "GET /cormun/servlet/licenciaspermisos?f9ceccd7e245b597e65738e1bab41e4b2f3e0efa622e36ef51c638d0b62536cfb662a924c7d24e492ecae0f3b85db08eb90a151c1c46577fb5ccaa6c71d082b1d641109cea3235058d442096ffb955c367d8f2c3d68cc8e923bdc30a85ca78ec2646bdae937b81e6f1551229fcaa3959d9d9dae1798936f6c3ac93cfd70b63943bb798acf8cb7ac68fa006e42cacf9929bea50a48ecf78be713aa94b4323359214f16b32f9ea3f482147a38c83938b7c,gx-no-cache=1503493013025 HTTP/1.1" 200 30
200.86.95.220 - - [23/Aug/2017:09:56:13 -0300] "POST /cormun/servlet/licenciaspermisos?7297f76073d50ed53e443c1570d3574b,INS,0,,,,gx-no-cache=1503493013157 HTTP/1.1" 200 4352
200.86.95.220 - - [23/Aug/2017:09:56:15 -0300] "GET /cormun/servlet/prfichaempleado?,MD,,gxPopupLevel%3D0%3B HTTP/1.1" 200 9268
186.103.156.166 - - [23/Aug/2017:09:56:18 -0300] "GET /cormun/static/menuarrow.gif HTTP/1.1" 404 1015
192.168.10.96 - - [23/Aug/2017:09:56:21 -0300] "GET /cormun/servlet/trsolicitudgral? HTTP/1.1" 200 8964
192.168.10.96 - - [23/Aug/2017:09:56:21 -0300] "GET /cormun/servlet/trsolicitudgral? HTTP/1.1" 200 8964
200.86.95.220 - - [23/Aug/2017:09:56:28 -0300] "POST /cormun/servlet/prfichaempleado?7297f76073d50ed53e443c1570d3574b,,MD,,gxPopupLevel%3D0%3B,gx-no-cache=1503493027415 HTTP/1.1" 200 3479
190.45.55.254 - - [23/Aug/2017:09:56:32 -0300] "GET /cormun/servlet/permisogoce?INS,0,,, HTTP/1.1" 200 6961
190.45.55.254 - - [23/Aug/2017:09:56:33 -0300] "GET /cormun/servlet/permisogoce?INS,0,,, HTTP/1.1" 200 6961
200.86.95.220 - - [23/Aug/2017:09:56:35 -0300] "GET /cormun/servlet/licenciaspermisos?f9ceccd7e245b597e65738e1bab41e4b007fa42daf39ddeed5b688e802288f79d9f0341a78c825f90fd60af1ae4a5f2ef0e1ab04168c0ecfc30e5c2e853e8bd77ef75dbe63157555691e95ba48bf01071010b4398d8fb75ceaf2974de595ee5a5538c3f360cf7fc6087cf74e32db7d5593d277d93226227f1047a9b41ecacd589f9a593bf8832e83c36f5a277bc82e2314f043892be187303f90ff9a9ffa0834ae1e443d407874b01fe1c3220afefa2ce14ec104a92450082d787dea42e3b4960353b3b20ddfdc227be3d28c586273fae0120df125aaad31567f9ae0b18787a249197854b932f81fc002a94cd1adcf9c,gx-no-cache=1503493034900 HTTP/1.1" 200 55
200.86.95.220 - - [23/Aug/2017:09:56:35 -0300] "POST /cormun/servlet/licenciaspermisos?7297f76073d50ed53e443c1570d3574b,INS,0,,,,gx-no-cache=1503493034974 HTTP/1.1" 200 93
200.86.95.220 - - [23/Aug/2017:09:56:35 -0300] "GET /cormun/servlet/hpexe_return? HTTP/1.1" 200 1011
200.86.95.220 - - [23/Aug/2017:09:56:36 -0300] "GET /cormun/servlet/hhome HTTP/1.1" 200 3799
200.86.95.220 - - [23/Aug/2017:09:56:37 -0300] "GET /cormun/servlet/hhome HTTP/1.1" 200 3794
190.45.55.254 - - [23/Aug/2017:09:56:37 -0300] "GET /cormun/servlet/permisogoce?INS,0,,, HTTP/1.1" 200 6962
190.45.55.254 - - [23/Aug/2017:09:56:38 -0300] "GET /cormun/servlet/permisogoce?INS,0,,, HTTP/1.1" 200 6960
190.45.55.254 - - [23/Aug/2017:09:56:38 -0300] "GET /favicon.ico HTTP/1.1" 200 21630
192.168.10.89 - - [23/Aug/2017:09:56:41 -0300] "GET /cormun/servlet/trsolicitudgral? HTTP/1.1" 500 10
190.45.55.254 - - [23/Aug/2017:09:56:54 -0300] "GET /cormun/static/Resources/resize.gif HTTP/1.1" 200 77
190.45.55.254 - - [23/Aug/2017:09:56:54 -0300] "GET /cormun/servlet/prfichaempleado?,MD,,gxPopupLevel%3D0%3B HTTP/1.1" 200 9431
190.45.55.254 - - [23/Aug/2017:09:56:54 -0300] "GET /cormun/static/gxcfg.js?20177612134814 HTTP/1.1" 200 953
190.45.55.254 - - [23/Aug/2017:09:56:54 -0300] "GET /cormun/static/menusearch.js?201610171694467 HTTP/1.1" 200 1424
190.45.55.254 - - [23/Aug/2017:09:56:54 -0300] "GET /cormun/static/prfichaempleado.js?20177612134999 HTTP/1.1" 200 16006
190.45.55.254 - - [23/Aug/2017:09:56:54 -0300] "GET /cormun/static/hmpwkw011.js?20177612121862 HTTP/1.1" 200 1968
190.45.55.254 - - [23/Aug/2017:09:56:54 -0300] "GET /cormun/static/Resources/PXToolsMenuSearch.png HTTP/1.1" 200 2914
190.45.55.254 - - [23/Aug/2017:09:56:54 -0300] "GET /cormun/static/Resources/PXToolsMenuSearchCancel.png HTTP/1.1" 200 2972
192.168.10.89 - - [23/Aug/2017:09:56:57 -0300] "GET /cormun/servlet/hlogin HTTP/1.1" 200 1725
200.86.95.220 - - [23/Aug/2017:09:57:00 -0300] "GET /cormun/servlet/trlicencias? HTTP/1.1" 200 14060
200.86.95.220 - - [23/Aug/2017:09:57:02 -0300] "GET /cormun/servlet/trlicencias? HTTP/1.1" 200 14056
190.45.55.254 - - [23/Aug/2017:09:57:03 -0300] "GET /cormun/servlet/permisogoce?64ea6193e0f81ccd002ae9a2d1d85acc6e3f1e03b44846c00afc9dc1d0e397f69b0071d15f6c3603bd9645a551486c9278624ae09340633201ab2ee351b950c1,gx-no-cache=1503493064425 HTTP/1.1" 200 77
192.168.10.89 - - [23/Aug/2017:09:57:05 -0300] "POST /cormun/servlet/hlogin?21b518a7dc6338f54dda2930a119780c,gx-no-cache=1503492995326 HTTP/1.1" 200 90
192.168.10.89 - - [23/Aug/2017:09:57:05 -0300] "GET /cormun/servlet/hpexe_link HTTP/1.1" 200 956
192.168.10.89 - - [23/Aug/2017:09:57:05 -0300] "GET /cormun/servlet/hhome HTTP/1.1" 200 4639
186.103.156.166 - - [23/Aug/2017:09:57:08 -0300] "POST /cormun/servlet/solicitudot?gx-no-cache=1503496670525 HTTP/1.1" 200 30
190.45.55.254 - - [23/Aug/2017:09:57:10 -0300] "GET /cormun/static/menuarrow.gif HTTP/1.1" 404 1015
190.45.55.254 - - [23/Aug/2017:09:57:15 -0300] "GET /cormun/servlet/permisogoce?64ea6193e0f81ccd002ae9a2d1d85acc12651635664df5a5708178b27abb3e6354abc4f0ba55c5ba93636885f95003a9ff5d36ab5b92da2ed273e3181f594ce8,gx-no-cache=1503493076656 HTTP/1.1" 200 129
190.45.55.254 - - [23/Aug/2017:09:57:15 -0300] "GET /cormun/static/Shared/jqueryui/images/ui-bg_highlight-soft_100_c6c2c8_1x100.png HTTP/1.1" 404 1117
190.45.55.254 - - [23/Aug/2017:09:57:15 -0300] "GET /cormun/static/Shared/jqueryui/images/ui-icons_ebccce_256x240.png HTTP/1.1" 404 1089
190.45.55.254 - - [23/Aug/2017:09:57:15 -0300] "GET /cormun/static/Shared/jqueryui/images/ui-bg_flat_55_994d53_40x100.png HTTP/1.1" 404 1097
190.45.55.254 - - [23/Aug/2017:09:57:15 -0300] "GET /cormun/static/Shared/jqueryui/images/ui-icons_82798d_256x240.png HTTP/1.1" 404 1089
190.45.55.254 - - [23/Aug/2017:09:57:20 -0300] "GET /cormun/servlet/permisogoce?64ea6193e0f81ccd002ae9a2d1d85acc12651635664df5a5708178b27abb3e633047e6154342954bf1af45c4f3bc574fff5d36ab5b92da2ed273e3181f594ce8,gx-no-cache=1503493081499 HTTP/1.1" 200 47
192.168.10.89 - - [23/Aug/2017:09:57:23 -0300] "GET /cormun/servlet/trsolicitudgral? HTTP/1.1" 200 21539
186.103.156.166 - - [23/Aug/2017:09:57:29 -0300] "POST /cormun/servlet/solicitudot?1c8737780cd5725e5579aec8d78b16a6,INS,0,0,,gx-no-cache=1503496691482 HTTP/1.1" 200 93
186.103.156.166 - - [23/Aug/2017:09:57:29 -0300] "GET /cormun/servlet/hpexe_return? HTTP/1.1" 200 1011
186.103.156.166 - - [23/Aug/2017:09:57:29 -0300] "GET /cormun/servlet/trsolicitudot HTTP/1.1" 200 9441
186.103.156.166 - - [23/Aug/2017:09:57:30 -0300] "GET /cormun/servlet/trsolicitudot HTTP/1.1" 200 9437
192.168.10.89 - - [23/Aug/2017:09:57:34 -0300] "POST /cormun/servlet/trsolicitudgral?21b518a7dc6338f54dda2930a119780c,,gx-no-cache=1503493024563 HTTP/1.1" 200 8267
192.168.10.96 - - [23/Aug/2017:09:57:43 -0300] "GET /cormun/servlet/hlogin HTTP/1.1" 200 1732
186.103.156.24 - - [23/Aug/2017:09:57:44 -0300] "GET /cormun/servlet/trlicencias? HTTP/1.1" 200 13008
186.103.156.24 - - [23/Aug/2017:09:57:44 -0300] "GET /cormun/static/gxui/gxui-all.css?110300 HTTP/1.1" 200 2179
186.103.156.24 - - [23/Aug/2017:09:57:44 -0300] "GET /cormun/static/calendar-system.css?75620 HTTP/1.1" 200 5572
186.103.156.24 - - [23/Aug/2017:09:57:44 -0300] "GET /cormun/static/gxcfg.js?20176272054169 HTTP/1.1" 200 953
186.103.156.24 - - [23/Aug/2017:09:57:44 -0300] "GET /cormun/static/calendar.js?85251 HTTP/1.1" 200 26246
186.103.156.24 - - [23/Aug/2017:09:57:44 -0300] "GET /cormun/static/calendar-es.js?85251 HTTP/1.1" 200 1901
186.103.156.24 - - [23/Aug/2017:09:57:45 -0300] "GET /cormun/static/Resources/Spanish/PXTools.css?17315867 HTTP/1.1" 200 89042
186.103.156.24 - - [23/Aug/2017:09:57:45 -0300] "GET /cormun/static/calendar-setup.js?85251 HTTP/1.1" 200 2588
186.103.156.24 - - [23/Aug/2017:09:57:45 -0300] "GET /cormun/static/gxdec.js?85251 HTTP/1.1" 200 19579
186.103.156.24 - - [23/Aug/2017:09:57:45 -0300] "GET /cormun/static/trlicencias.js?20176272054837 HTTP/1.1" 200 41883
186.103.156.24 - - [23/Aug/2017:09:57:45 -0300] "GET /cormun/static/Shared/ext/resources/css/ext-all.css?205870 HTTP/1.1" 200 416045
186.103.156.24 - - [23/Aug/2017:09:57:45 -0300] "GET /cormun/static/Resources/PXTools/calendar.png HTTP/1.1" 200 1306
186.103.156.24 - - [23/Aug/2017:09:57:45 -0300] "GET /cormun/static/Resources/PXToolsDataSearch.png HTTP/1.1" 200 419
186.103.156.24 - - [23/Aug/2017:09:57:45 -0300] "GET /cormun/static/Resources/PXToolsGridFirstDisabled.gif HTTP/1.1" 200 100
186.103.156.24 - - [23/Aug/2017:09:57:45 -0300] "GET /cormun/static/Resources/PXToolsGridPreviousDisabled.gif HTTP/1.1" 200 90
186.103.156.24 - - [23/Aug/2017:09:57:45 -0300] "GET /cormun/static/Resources/PXToolsGridNextDisabled.gif HTTP/1.1" 200 90
186.103.156.24 - - [23/Aug/2017:09:57:45 -0300] "GET /cormun/static/Resources/PXToolsGridLastDisabled.gif HTTP/1.1" 200 98
186.103.156.24 - - [23/Aug/2017:09:57:45 -0300] "GET /cormun/static/Resources/PXToolsGridPage.gif HTTP/1.1" 200 725
186.103.156.24 - - [23/Aug/2017:09:57:45 -0300] "GET /cormun/static/Resources/PXToolsActionExcel.png HTTP/1.1" 200 3187
186.103.156.24 - - [23/Aug/2017:09:57:45 -0300] "GET /cormun/static/Resources/PXToolsGridNew.png HTTP/1.1" 200 2949
186.103.156.24 - - [23/Aug/2017:09:57:46 -0300] "GET /cormun/static/Resources/asc.gif HTTP/1.1" 200 67
186.103.156.24 - - [23/Aug/2017:09:57:46 -0300] "GET /cormun/static/Resources/desc.gif HTTP/1.1" 200 65
186.103.156.24 - - [23/Aug/2017:09:57:46 -0300] "GET /cormun//static/Resources/PXToolsActionDisabled.gif HTTP/1.1" 200 53
186.103.156.24 - - [23/Aug/2017:09:57:46 -0300] "GET /cormun//static/Resources/PXToolsGridDisplay.png HTTP/1.1" 200 362
186.103.156.24 - - [23/Aug/2017:09:57:46 -0300] "GET /cormun//static/Resources/PXToolsActionPrint.png HTTP/1.1" 200 3317
186.103.156.24 - - [23/Aug/2017:09:57:46 -0300] "GET /cormun//static/Resources/PXToolsHeaderHelp.png HTTP/1.1" 200 4055
186.103.156.24 - - [23/Aug/2017:09:57:46 -0300] "GET /cormun//static/Resources/PXToolsHeaderFavorites.png HTTP/1.1" 200 2744
186.103.156.24 - - [23/Aug/2017:09:57:46 -0300] "GET /cormun//static/Resources/PXTools/ActionInsert.png HTTP/1.1" 200 1482
186.103.156.24 - - [23/Aug/2017:09:57:46 -0300] "GET /cormun/static/Shared/ext/resources/themes/images/default/panel/bg-headersPanel.png HTTP/1.1" 200 255
186.103.156.24 - - [23/Aug/2017:09:57:46 -0300] "GET /cormun/static/Shared/ext/resources/themes/images/default/tools/tool-sprites.gif HTTP/1.1" 200 5434
186.103.156.24 - - [23/Aug/2017:09:57:46 -0300] "GET /cormun/servlet/trlicencias? HTTP/1.1" 200 12997
186.103.156.166 - - [23/Aug/2017:09:57:52 -0300] "POST /cormun/servlet/trsolicitudot?1c8737780cd5725e5579aec8d78b16a6,gx-no-cache=1503496714051 HTTP/1.1" 200 6590
186.103.156.166 - - [23/Aug/2017:09:57:52 -0300] "GET /cormun/static/Shared/jqueryui/images/ui-bg_highlight-soft_100_c6c2c8_1x100.png HTTP/1.1" 404 1117
186.103.156.166 - - [23/Aug/2017:09:57:52 -0300] "GET /cormun/static/Shared/jqueryui/images/ui-icons_82798d_256x240.png HTTP/1.1" 404 1089
186.103.156.166 - - [23/Aug/2017:09:57:52 -0300] "GET /cormun/static/Shared/jqueryui/images/ui-bg_flat_55_fafafa_40x100.png HTTP/1.1" 404 1097
186.103.156.166 - - [23/Aug/2017:09:57:52 -0300] "GET /cormun/static/Shared/jqueryui/images/ui-icons_8d78a5_256x240.png HTTP/1.1" 404 1089
186.103.156.166 - - [23/Aug/2017:09:57:52 -0300] "POST /cormun/servlet/trsolicitudot?1c8737780cd5725e5579aec8d78b16a6,gx-no-cache=1503496714619 HTTP/1.1" 200 6536
186.103.156.24 - - [23/Aug/2017:09:57:53 -0300] "GET /cormun/servlet/licenciaspermisos?INS,0,,, HTTP/1.1" 200 7584
186.103.156.24 - - [23/Aug/2017:09:57:53 -0300] "GET /cormun/static/licenciaspermisos.js?201762917281260 HTTP/1.1" 200 37491
186.103.156.24 - - [23/Aug/2017:09:57:53 -0300] "GET /cormun/static/Resources/prompt.gif HTTP/1.1" 200 902
186.103.156.24 - - [23/Aug/2017:09:57:53 -0300] "GET /cormun/static/gxcfg.js?201762917281167 HTTP/1.1" 200 953
186.103.156.24 - - [23/Aug/2017:09:57:53 -0300] "GET /cormun/servlet/licenciaspermisos?INS,0,,, HTTP/1.1" 200 7592
186.103.156.24 - - [23/Aug/2017:09:57:56 -0300] "GET /cormun/static/Resources/resize.gif HTTP/1.1" 200 77
186.103.156.24 - - [23/Aug/2017:09:57:56 -0300] "GET /cormun/servlet/prfichaempleado?,MD,,gxPopupLevel%3D0%3B HTTP/1.1" 200 9338
186.103.156.24 - - [23/Aug/2017:09:57:56 -0300] "GET /cormun/static/gxcfg.js?20177612134814 HTTP/1.1" 200 953
186.103.156.24 - - [23/Aug/2017:09:57:56 -0300] "GET /cormun/static/Resources/PXToolsMenuSearchCancel.png HTTP/1.1" 200 2972
186.103.156.24 - - [23/Aug/2017:09:57:56 -0300] "GET /cormun/static/Resources/PXToolsMenuSearch.png HTTP/1.1" 200 2914
186.103.156.24 - - [23/Aug/2017:09:57:56 -0300] "GET /cormun/static/prfichaempleado.js?20177612134999 HTTP/1.1" 200 16006
186.103.156.24 - - [23/Aug/2017:09:57:56 -0300] "GET /cormun/static/menusearch.js?201610171694467 HTTP/1.1" 200 1424
186.103.156.24 - - [23/Aug/2017:09:57:56 -0300] "GET /cormun/static/hmpwkw011.js?20177612121862 HTTP/1.1" 200 1968
190.45.55.254 - - [23/Aug/2017:09:58:00 -0300] "GET /cormun/servlet/puconsultapgoce?17138729,MD,gxPopupLevel%3D0%3B HTTP/1.1" 200 3775
190.45.55.254 - - [23/Aug/2017:09:58:00 -0300] "GET /cormun/static/gxcfg.js?20176272064833 HTTP/1.1" 200 953
190.45.55.254 - - [23/Aug/2017:09:58:00 -0300] "GET /cormun/pexe_menus.js HTTP/1.1" 404 1001
190.45.55.254 - - [23/Aug/2017:09:58:00 -0300] "GET /cormun/pexe_layers.js HTTP/1.1" 404 1003
190.45.55.254 - - [23/Aug/2017:09:58:00 -0300] "GET /cormun/pexe_windows.js HTTP/1.1" 404 1005
190.45.55.254 - - [23/Aug/2017:09:58:00 -0300] "GET /cormun/pexe_cookies.js HTTP/1.1" 404 1005
190.45.55.254 - - [23/Aug/2017:09:58:00 -0300] "GET /cormun/pexe_griddivfix.js HTTP/1.1" 404 1011
190.45.55.254 - - [23/Aug/2017:09:58:00 -0300] "GET /cormun/pexe_link.js HTTP/1.1" 404 999
190.45.55.254 - - [23/Aug/2017:09:58:00 -0300] "GET /cormun/static/Resources/Spanish/PXTools.css?17315867 HTTP/1.1" 200 89042
190.45.55.254 - - [23/Aug/2017:09:58:00 -0300] "GET /cormun/pexe_grid.js HTTP/1.1" 404 999
190.45.55.254 - - [23/Aug/2017:09:58:00 -0300] "GET /cormun/pexe_picture.js HTTP/1.1" 404 1005
190.45.55.254 - - [23/Aug/2017:09:58:00 -0300] "GET /cormun/pexe_autoreload.js HTTP/1.1" 404 1011
190.45.55.254 - - [23/Aug/2017:09:58:00 -0300] "GET /cormun/pexe_tabdivfix.js HTTP/1.1" 404 1009
190.45.55.254 - - [23/Aug/2017:09:58:00 -0300] "GET /cormun/static/mpprompt.js?201762717531384 HTTP/1.1" 200 940
190.45.55.254 - - [23/Aug/2017:09:58:00 -0300] "GET /cormun/static/puconsultapgoce.js?2017627206511 HTTP/1.1" 200 22470
190.45.55.254 - - [23/Aug/2017:09:58:01 -0300] "GET /cormun/pexe_menus.js HTTP/1.1" 404 1001
190.45.55.254 - - [23/Aug/2017:09:58:01 -0300] "GET /cormun/pexe_treedivfix.js HTTP/1.1" 404 1011
190.45.55.254 - - [23/Aug/2017:09:58:01 -0300] "GET /cormun/pexe_menudivfix.js HTTP/1.1" 404 1011
190.45.55.254 - - [23/Aug/2017:09:58:01 -0300] "GET /cormun/pexe_layers.js HTTP/1.1" 404 1003
190.45.55.254 - - [23/Aug/2017:09:58:01 -0300] "GET /cormun/pexe_windows.js HTTP/1.1" 404 1005
190.45.55.254 - - [23/Aug/2017:09:58:01 -0300] "GET /cormun/pexe_link.js HTTP/1.1" 404 999
190.45.55.254 - - [23/Aug/2017:09:58:01 -0300] "GET /cormun/pexe_cookies.js HTTP/1.1" 404 1005
190.45.55.254 - - [23/Aug/2017:09:58:01 -0300] "GET /cormun/pexe_grid.js HTTP/1.1" 404 999
190.45.55.254 - - [23/Aug/2017:09:58:01 -0300] "GET /cormun/pexe_griddivfix.js HTTP/1.1" 404 1011
190.45.55.254 - - [23/Aug/2017:09:58:01 -0300] "GET /cormun/pexe_picture.js HTTP/1.1" 404 1005
190.45.55.254 - - [23/Aug/2017:09:58:01 -0300] "GET /cormun/pexe_treedivfix.js HTTP/1.1" 404 1011
190.45.55.254 - - [23/Aug/2017:09:58:01 -0300] "GET /cormun/pexe_autoreload.js HTTP/1.1" 404 1011
190.45.55.254 - - [23/Aug/2017:09:58:01 -0300] "GET /cormun/pexe_menudivfix.js HTTP/1.1" 404 1011
190.45.55.254 - - [23/Aug/2017:09:58:01 -0300] "GET /cormun/pexe_tabdivfix.js HTTP/1.1" 404 1009
186.103.156.166 - - [23/Aug/2017:09:58:06 -0300] "GET /cormun/servlet/trautorizarsolicitud? HTTP/1.1" 200 8215
190.45.55.254 - - [23/Aug/2017:09:58:06 -0300] "POST /cormun/servlet/puconsultapgoce?55105c5b5814cfd7423695eaf0a0a9d1,17138729,MD,gxPopupLevel%3D0%3B,gx-no-cache=1503493127753 HTTP/1.1" 200 60
186.103.156.166 - - [23/Aug/2017:09:58:06 -0300] "GET /cormun/servlet/trautorizarsolicitud? HTTP/1.1" 200 8214
190.45.55.254 - - [23/Aug/2017:09:58:12 -0300] "POST /cormun/servlet/permisogoce?55105c5b5814cfd7423695eaf0a0a9d1,INS,0,,,,gx-no-cache=1503493133153 HTTP/1.1" 200 93
190.45.55.254 - - [23/Aug/2017:09:58:12 -0300] "GET /cormun/servlet/hpexe_return? HTTP/1.1" 200 1008
190.45.55.254 - - [23/Aug/2017:09:58:12 -0300] "GET /cormun/static/hpexe_return.js?2016101716175153 HTTP/1.1" 200 1633
190.45.55.254 - - [23/Aug/2017:09:58:12 -0300] "GET /cormun/static/gxcfg.js?2016101716175148 HTTP/1.1" 200 953
190.45.55.254 - - [23/Aug/2017:09:58:12 -0300] "GET /cormun/static/Resources/Spanish/PXTools.css?167811 HTTP/1.1" 200 89042
190.45.55.254 - - [23/Aug/2017:09:58:13 -0300] "GET /cormun/servlet/trpermisosgoce HTTP/1.1" 200 8572
190.45.55.254 - - [23/Aug/2017:09:58:13 -0300] "GET /cormun//static/Resources/PXToolsGridUpdate.png HTTP/1.1" 200 2984
190.45.55.254 - - [23/Aug/2017:09:58:13 -0300] "GET /cormun/servlet/trpermisosgoce HTTP/1.1" 200 8568
186.103.156.24 - - [23/Aug/2017:09:58:15 -0300] "POST /cormun/servlet/prfichaempleado?9b508f56f3410766c0739776ab0c0015,,MD,,gxPopupLevel%3D0%3B,gx-no-cache=1503493137658 HTTP/1.1" 200 3424
186.103.156.166 - - [23/Aug/2017:09:58:17 -0300] "POST /cormun/servlet/trautorizarsolicitud?1c8737780cd5725e5579aec8d78b16a6,,gx-no-cache=1503496739986 HTTP/1.1" 200 4326
186.103.156.166 - - [23/Aug/2017:09:58:17 -0300] "GET /cormun/static/Shared/jqueryui/images/ui-bg_highlight-soft_100_c6c2c8_1x100.png HTTP/1.1" 404 1117
186.103.156.166 - - [23/Aug/2017:09:58:17 -0300] "GET /cormun/static/Shared/jqueryui/images/ui-icons_82798d_256x240.png HTTP/1.1" 404 1089
186.103.156.166 - - [23/Aug/2017:09:58:17 -0300] "GET /cormun/static/Shared/jqueryui/images/ui-bg_flat_55_fafafa_40x100.png HTTP/1.1" 404 1097
186.103.156.166 - - [23/Aug/2017:09:58:17 -0300] "GET /cormun/static/Shared/jqueryui/images/ui-icons_8d78a5_256x240.png HTTP/1.1" 404 1089
186.103.156.166 - - [23/Aug/2017:09:58:18 -0300] "POST /cormun/servlet/trautorizarsolicitud?1c8737780cd5725e5579aec8d78b16a6,,gx-no-cache=1503496740228 HTTP/1.1" 200 4109
190.45.55.254 - - [23/Aug/2017:09:58:18 -0300] "GET /cormun/servlet/apermisogoceprn?17138729,P,20170823095607,PU HTTP/1.1" 200 1682
186.103.156.24 - - [23/Aug/2017:09:58:20 -0300] "GET /cormun/servlet/licenciaspermisos?4f1a5b3224bfce5e9f66e22eeb4e0fa28448c6ecf15a19827ecff1bfd1c4a5b97d76bf4a911b1b02f98c46e2addb359a,gx-no-cache=1503493142897 HTTP/1.1" 200 73
186.103.156.24 - - [23/Aug/2017:09:58:20 -0300] "POST /cormun/servlet/licenciaspermisos?9b508f56f3410766c0739776ab0c0015,INS,0,,,,gx-no-cache=1503493142941 HTTP/1.1" 200 4712
186.103.156.166 - - [23/Aug/2017:09:58:24 -0300] "GET /cormun/servlet/trsolicitudot? HTTP/1.1" 200 9434
186.103.156.166 - - [23/Aug/2017:09:58:25 -0300] "GET /cormun/servlet/trsolicitudot? HTTP/1.1" 200 9433
186.79.11.204 - - [23/Aug/2017:09:58:35 -0300] "GET /cormun/servlet/hlogin HTTP/1.1" 200 1722
186.79.11.204 - - [23/Aug/2017:09:58:35 -0300] "GET /cormun/servlet/hlogin HTTP/1.1" 200 1732
186.79.11.204 - - [23/Aug/2017:09:58:54 -0300] "POST /cormun/servlet/hlogin?b269d3a0a72922507090e44f945ae126,gx-no-cache=1503493173454 HTTP/1.1" 200 90
186.79.11.204 - - [23/Aug/2017:09:58:55 -0300] "GET /cormun/servlet/hpexe_link HTTP/1.1" 200 950
186.79.11.204 - - [23/Aug/2017:09:58:56 -0300] "GET /cormun/servlet/hhome HTTP/1.1" 200 3813
186.79.11.204 - - [23/Aug/2017:09:58:58 -0300] "GET /cormun/servlet/hhome HTTP/1.1" 200 3809
186.79.11.204 - - [23/Aug/2017:09:59:02 -0300] "GET /cormun/servlet/trpermisosgoce? HTTP/1.1" 200 8896
186.79.11.204 - - [23/Aug/2017:09:59:03 -0300] "GET /cormun/servlet/trpermisosgoce? HTTP/1.1" 200 8894
186.79.11.204 - - [23/Aug/2017:09:59:08 -0300] "GET /cormun/servlet/permisogoce?INS,0,,, HTTP/1.1" 200 6652
186.79.11.204 - - [23/Aug/2017:09:59:09 -0300] "GET /cormun/servlet/permisogoce?INS,0,,, HTTP/1.1" 200 6652
186.79.11.204 - - [23/Aug/2017:09:59:12 -0300] "GET /cormun/servlet/prfichaempleado?,MD,,gxPopupLevel%3D0%3B HTTP/1.1" 200 9284
186.103.156.24 - - [23/Aug/2017:09:59:33 -0300] "GET /cormun/static/menuarrow.gif HTTP/1.1" 404 1015
186.79.11.204 - - [23/Aug/2017:10:00:03 -0300] "POST /cormun/servlet/prfichaempleado?b269d3a0a72922507090e44f945ae126,,MD,,gxPopupLevel%3D0%3B,gx-no-cache=1503493240500 HTTP/1.1" 200 3189
186.79.11.204 - - [23/Aug/2017:10:00:55 -0300] "GET /cormun/servlet/prfichaempleado?,MD,,gxPopupLevel%3D0%3B HTTP/1.1" 200 9284
186.79.11.204 - - [23/Aug/2017:10:01:15 -0300] "POST /cormun/servlet/prfichaempleado?b269d3a0a72922507090e44f945ae126,,MD,,gxPopupLevel%3D0%3B,gx-no-cache=1503493313068 HTTP/1.1" 200 6332
186.79.11.204 - - [23/Aug/2017:10:01:15 -0300] "GET /cormun/static/Resources/PXToolsGridNext.gif HTTP/1.1" 200 369
186.79.11.204 - - [23/Aug/2017:10:01:16 -0300] "GET /cormun/static/Resources/PXToolsGridLast.gif HTTP/1.1" 200 370
186.79.11.204 - - [23/Aug/2017:10:01:26 -0300] "POST /cormun/servlet/prfichaempleado?b269d3a0a72922507090e44f945ae126,,MD,,gxPopupLevel%3D0%3B,gx-no-cache=1503493323667 HTTP/1.1" 200 3950
186.79.11.204 - - [23/Aug/2017:10:01:27 -0300] "GET /cormun/static/Resources/PXToolsGridFirst.gif HTTP/1.1" 200 379
186.79.11.204 - - [23/Aug/2017:10:01:27 -0300] "GET /cormun/static/Resources/PXToolsGridPrevious.gif HTTP/1.1" 200 369
186.79.11.204 - - [23/Aug/2017:10:01:31 -0300] "POST /cormun/servlet/prfichaempleado?b269d3a0a72922507090e44f945ae126,,MD,,gxPopupLevel%3D0%3B,gx-no-cache=1503493329348 HTTP/1.1" 200 6302
186.79.11.204 - - [23/Aug/2017:10:01:33 -0300] "POST /cormun/servlet/prfichaempleado?b269d3a0a72922507090e44f945ae126,,MD,,gxPopupLevel%3D0%3B,gx-no-cache=1503493331725 HTTP/1.1" 200 6369
186.79.11.204 - - [23/Aug/2017:10:01:36 -0300] "POST /cormun/servlet/prfichaempleado?b269d3a0a72922507090e44f945ae126,,MD,,gxPopupLevel%3D0%3B,gx-no-cache=1503493334373 HTTP/1.1" 200 6445
186.79.11.204 - - [23/Aug/2017:10:01:38 -0300] "POST /cormun/servlet/prfichaempleado?b269d3a0a72922507090e44f945ae126,,MD,,gxPopupLevel%3D0%3B,gx-no-cache=1503493336982 HTTP/1.1" 200 6368
186.103.156.166 - - [23/Aug/2017:10:01:40 -0300] "GET /cormun/servlet/solicitudot?INS,0,0, HTTP/1.1" 200 12860
186.79.11.204 - - [23/Aug/2017:10:01:41 -0300] "POST /cormun/servlet/prfichaempleado?b269d3a0a72922507090e44f945ae126,,MD,,gxPopupLevel%3D0%3B,gx-no-cache=1503493339437 HTTP/1.1" 200 6281
186.103.156.166 - - [23/Aug/2017:10:01:41 -0300] "GET /cormun/servlet/solicitudot?INS,0,0, HTTP/1.1" 200 12865
186.79.11.204 - - [23/Aug/2017:10:01:43 -0300] "POST /cormun/servlet/prfichaempleado?b269d3a0a72922507090e44f945ae126,,MD,,gxPopupLevel%3D0%3B,gx-no-cache=1503493342053 HTTP/1.1" 200 6356
186.79.11.204 - - [23/Aug/2017:10:01:46 -0300] "POST /cormun/servlet/prfichaempleado?b269d3a0a72922507090e44f945ae126,,MD,,gxPopupLevel%3D0%3B,gx-no-cache=1503493344781 HTTP/1.1" 200 6361
186.103.156.166 - - [23/Aug/2017:10:01:48 -0300] "POST /cormun/servlet/solicitudot?gx-no-cache=1503496950759 HTTP/1.1" 200 3171
186.103.156.166 - - [23/Aug/2017:10:01:48 -0300] "GET /cormun/static/Shared/jqueryui/images/ui-bg_highlight-soft_100_c6c2c8_1x100.png HTTP/1.1" 404 1117
186.103.156.166 - - [23/Aug/2017:10:01:48 -0300] "GET /cormun/static/Shared/jqueryui/images/ui-icons_82798d_256x240.png HTTP/1.1" 404 1089
186.103.156.166 - - [23/Aug/2017:10:01:48 -0300] "GET /cormun/static/Shared/jqueryui/images/ui-bg_flat_55_994d53_40x100.png HTTP/1.1" 404 1097
186.103.156.166 - - [23/Aug/2017:10:01:48 -0300] "GET /cormun/static/Shared/jqueryui/images/ui-icons_ebccce_256x240.png HTTP/1.1" 404 1089
186.103.156.166 - - [23/Aug/2017:10:01:48 -0300] "GET /cormun/servlet/solicitudot?658b943e93a0627f1b8a99a41e2f1f28396093331e0c05ede87507dadd740e48,gx-no-cache=1503496950898 HTTP/1.1" 200 111
186.79.11.204 - - [23/Aug/2017:10:01:49 -0300] "POST /cormun/servlet/prfichaempleado?b269d3a0a72922507090e44f945ae126,,MD,,gxPopupLevel%3D0%3B,gx-no-cache=1503493347153 HTTP/1.1" 200 6315
186.79.11.204 - - [23/Aug/2017:10:01:52 -0300] "POST /cormun/servlet/prfichaempleado?b269d3a0a72922507090e44f945ae126,,MD,,gxPopupLevel%3D0%3B,gx-no-cache=1503493350576 HTTP/1.1" 200 6391
186.79.11.204 - - [23/Aug/2017:10:01:55 -0300] "POST /cormun/servlet/prfichaempleado?b269d3a0a72922507090e44f945ae126,,MD,,gxPopupLevel%3D0%3B,gx-no-cache=1503493353293 HTTP/1.1" 200 6321
200.86.95.220 - - [23/Aug/2017:10:01:58 -0300] "GET /cormun/servlet/trlicenciaspermisosadjuntos?10820282,20170823000000,L, HTTP/1.1" 200 6147
200.86.95.220 - - [23/Aug/2017:10:01:59 -0300] "GET /cormun/servlet/trlicenciaspermisosadjuntos?10820282,20170823000000,L, HTTP/1.1" 200 6148
186.79.11.204 - - [23/Aug/2017:10:01:59 -0300] "POST /cormun/servlet/prfichaempleado?b269d3a0a72922507090e44f945ae126,,MD,,gxPopupLevel%3D0%3B,gx-no-cache=1503493356750 HTTP/1.1" 200 6345
200.86.95.220 - - [23/Aug/2017:10:02:01 -0300] "GET /cormun/servlet/licenciaspermisosadjuntos?INS,10820282,L,20170823000000,, HTTP/1.1" 200 5442
200.86.95.220 - - [23/Aug/2017:10:02:01 -0300] "GET /cormun/static/about:blank HTTP/1.1" 404 1011
200.86.95.220 - - [23/Aug/2017:10:02:02 -0300] "GET /cormun/servlet/licenciaspermisosadjuntos?INS,10820282,L,20170823000000,, HTTP/1.1" 200 5432
186.79.11.204 - - [23/Aug/2017:10:02:02 -0300] "POST /cormun/servlet/prfichaempleado?b269d3a0a72922507090e44f945ae126,,MD,,gxPopupLevel%3D0%3B,gx-no-cache=1503493360550 HTTP/1.1" 200 6389
186.103.156.24 - - [23/Aug/2017:10:02:05 -0300] "GET /cormun/servlet/licenciaspermisos?4f1a5b3224bfce5e9f66e22eeb4e0fa2e353b3070b119d30a0538ebc2faab8f9ba0ec40c83c61226370415db5b37081523c49ca44bf37bb24b8d7ed64a97fbd20cecf83208e497f53764891407d9ca406730eb1506616a31fe4fdd29b045dcf0c7d7aed8037f1e1462ab82dce8e10d38bce52b9bbed854cbfd7d6754e49e25d685f01ce56196cdabc726fc2d5ad311d9a76cdb94e567fc23fa515687dc010e27d32c8807c1feeb802f571cccaea507d02989cecc728ae6b90dcced452066e83cf74ab2b8e01191b2772b40c01419969f2e1f0b675dcec8b3ca236aad2677235c,gx-no-cache=1503493367456 HTTP/1.1" 200 30
186.103.156.24 - - [23/Aug/2017:10:02:05 -0300] "POST /cormun/servlet/licenciaspermisos?9b508f56f3410766c0739776ab0c0015,INS,0,,,,gx-no-cache=1503493367535 HTTP/1.1" 200 4806
186.103.156.24 - - [23/Aug/2017:10:02:06 -0300] "GET /cormun/servlet/licenciaspermisos?4f1a5b3224bfce5e9f66e22eeb4e0fa28448c6ecf15a19827ecff1bfd1c4a5b924cd5266fc2c32a7326aa4b2cdc5aef33b9edfe98eba1bbbc8ddc7d845b36b3e0a8ff0123fac34b6e0124abf64fc47be94ced22d7a492f0e4d039d621cf25a8fcd23e1e4efb0ad6d165acf612b57ad21419cc19c51e080f64670fc0f0e8b57f5,gx-no-cache=1503493368691 HTTP/1.1" 200 97
186.103.156.24 - - [23/Aug/2017:10:02:06 -0300] "POST /cormun/servlet/licenciaspermisos?9b508f56f3410766c0739776ab0c0015,INS,0,,,,gx-no-cache=1503493368756 HTTP/1.1" 200 4806
186.79.11.204 - - [23/Aug/2017:10:02:08 -0300] "POST /cormun/servlet/prfichaempleado?b269d3a0a72922507090e44f945ae126,,MD,,gxPopupLevel%3D0%3B,gx-no-cache=1503493363406 HTTP/1.1" 200 6418
186.79.11.204 - - [23/Aug/2017:10:02:12 -0300] "POST /cormun/servlet/prfichaempleado?b269d3a0a72922507090e44f945ae126,,MD,,gxPopupLevel%3D0%3B,gx-no-cache=1503493370457 HTTP/1.1" 200 6283
200.86.95.220 - - [23/Aug/2017:10:02:12 -0300] "POST /cormun/servlet/licenciaspermisosadjuntos?7297f76073d50ed53e443c1570d3574b,INS,10820282,L,20170823000000,, HTTP/1.1" 200 116
200.86.95.220 - - [23/Aug/2017:10:02:12 -0300] "GET /cormun/servlet/hpexe_return? HTTP/1.1" 200 1040
200.86.95.220 - - [23/Aug/2017:10:02:13 -0300] "GET /cormun/servlet/trlicenciaspermisosadjuntos?10820282,20170823000000,L, HTTP/1.1" 200 6613
200.86.95.220 - - [23/Aug/2017:10:02:14 -0300] "GET /cormun/servlet/trlicenciaspermisosadjuntos?10820282,20170823000000,L, HTTP/1.1" 200 6610
200.86.95.220 - - [23/Aug/2017:10:02:14 -0300] "GET /cormun/PublicTempStorage/img6844800407.jpg HTTP/1.1" 200 1622633
186.79.11.204 - - [23/Aug/2017:10:02:15 -0300] "POST /cormun/servlet/prfichaempleado?b269d3a0a72922507090e44f945ae126,,MD,,gxPopupLevel%3D0%3B,gx-no-cache=1503493373466 HTTP/1.1" 200 6453
200.86.95.220 - - [23/Aug/2017:10:02:16 -0300] "POST /cormun/servlet/trlicenciaspermisosadjuntos?7297f76073d50ed53e443c1570d3574b,10820282,20170823000000,L,,gx-no-cache=1503493375567 HTTP/1.1" 200 90
200.86.95.220 - - [23/Aug/2017:10:02:16 -0300] "GET /cormun/servlet/hpexe_link HTTP/1.1" 200 983
186.103.156.24 - - [23/Aug/2017:10:02:16 -0300] "GET /cormun/servlet/licenciaspermisos?4f1a5b3224bfce5e9f66e22eeb4e0fa2cb55710290b3fe937735dec5d810e1204b7dd67d4400992f8e74daf5c8449fb3f7d0b3b384ed56a6bd1ba8a2a93c4a1d7acac1d89edc02b82997f7a60aa1b51e62c892c7b8fa932bbbfc8c7827e8c3f73cb713b00893839a53cc9a07dad99838e9f4fd47cd11a14aaaa5eeba14cf0db487ecbe02b087d198c99cdd686ce6e401dc3044073df21018d24c62d8ee3c14c0ba21ef0a4b00d199a54c342b48475f0406af769c9af3dbae5dbc0849f1bfe61acbaad22d16b2502d136eee040315b0f7360eabe09a77b6173a72ca297284cb46c1369b422d7508ce19549694b80bc39a,gx-no-cache=1503493378520 HTTP/1.1" 200 58
200.86.95.220 - - [23/Aug/2017:10:02:16 -0300] "GET /cormun/servlet/trlicencias HTTP/1.1" 200 14059
186.103.156.24 - - [23/Aug/2017:10:02:16 -0300] "POST /cormun/servlet/licenciaspermisos?9b508f56f3410766c0739776ab0c0015,INS,0,,,,gx-no-cache=1503493378572 HTTP/1.1" 200 93
186.103.156.24 - - [23/Aug/2017:10:02:16 -0300] "GET /cormun/servlet/hpexe_return? HTTP/1.1" 200 1010
186.103.156.24 - - [23/Aug/2017:10:02:17 -0300] "GET /cormun/static/hpexe_return.js?2016101716175153 HTTP/1.1" 200 1633
186.103.156.24 - - [23/Aug/2017:10:02:17 -0300] "GET /cormun/static/gxcfg.js?2016101716175148 HTTP/1.1" 200 953
186.103.156.24 - - [23/Aug/2017:10:02:17 -0300] "GET /cormun/static/Resources/Spanish/PXTools.css?167811 HTTP/1.1" 200 89042
186.103.156.24 - - [23/Aug/2017:10:02:17 -0300] "GET /cormun/servlet/trlicencias HTTP/1.1" 200 13342
186.103.156.24 - - [23/Aug/2017:10:02:18 -0300] "GET /cormun//static/Resources/PXToolsGridUpdate.png HTTP/1.1" 200 2984
186.103.156.24 - - [23/Aug/2017:10:02:18 -0300] "GET /cormun//static/Resources/PXToolsGridDelete.png HTTP/1.1" 200 357
200.86.95.220 - - [23/Aug/2017:10:02:18 -0300] "GET /cormun/servlet/trlicencias HTTP/1.1" 200 14056
186.103.156.24 - - [23/Aug/2017:10:02:18 -0300] "GET /cormun/servlet/trlicencias HTTP/1.1" 200 13309
186.79.11.204 - - [23/Aug/2017:10:02:19 -0300] "POST /cormun/servlet/prfichaempleado?b269d3a0a72922507090e44f945ae126,,MD,,gxPopupLevel%3D0%3B,gx-no-cache=1503493376391 HTTP/1.1" 200 6260
200.86.95.220 - - [23/Aug/2017:10:02:20 -0300] "GET /cormun/servlet/alicenciaprn?10820282,L,20170823000000,PU HTTP/1.1" 200 1595
186.79.11.204 - - [23/Aug/2017:10:02:24 -0300] "POST /cormun/servlet/prfichaempleado?b269d3a0a72922507090e44f945ae126,,MD,,gxPopupLevel%3D0%3B,gx-no-cache=1503493381551 HTTP/1.1" 200 6343
186.103.156.166 - - [23/Aug/2017:10:02:26 -0300] "POST /cormun/servlet/solicitudot?gx-no-cache=1503496988889 HTTP/1.1" 200 3218
186.103.156.166 - - [23/Aug/2017:10:02:26 -0300] "POST /cormun/servlet/solicitudot?1c8737780cd5725e5579aec8d78b16a6,INS,0,0,,gx-no-cache=1503496989243 HTTP/1.1" 200 10033
186.79.11.204 - - [23/Aug/2017:10:02:29 -0300] "POST /cormun/servlet/prfichaempleado?b269d3a0a72922507090e44f945ae126,,MD,,gxPopupLevel%3D0%3B,gx-no-cache=1503493386024 HTTP/1.1" 200 6284
186.103.156.166 - - [23/Aug/2017:10:02:36 -0300] "GET /cormun/servlet/solicitudot?658b943e93a0627f1b8a99a41e2f1f2865e74f24603afc3a75b0ce015bea61d15ce9be393c4b8ba8c5cc347c07c8fec8,gx-no-cache=1503496998704 HTTP/1.1" 200 30
186.103.156.166 - - [23/Aug/2017:10:02:36 -0300] "POST /cormun/servlet/solicitudot?gx-no-cache=1503496998827 HTTP/1.1" 200 255
186.103.156.166 - - [23/Aug/2017:10:02:36 -0300] "GET /cormun/servlet/solicitudot?658b943e93a0627f1b8a99a41e2f1f288e554c45b882ab659f82aae077247a0e9db008cf550f750b8557a752416bceb25005834ad77c9a09092270c9646c2e5130c50c3a75fbce5d6def3730c3796ef7f1484b4c9c174b1ec2589da345865fbb117593d30ac99efdd0e7bf54507a92e54768bb60dec6d0f31bde6c15c5e11e1c14e1b478542b49a286245c59bc7cc241f6bb32c71190d13dbb0b89d727cdca9d8b0e4a5f22a015734b6d0311557674d6986becfa586a35741b98d3f23517fcacffd773474b66f3cccb448bcbf04e3ee3d770c11ece965faae386f371bbafb531e53f67d5bdd9847738d16b59a2cfbb246444edd21e6b096a7a58abff4a3e481a632da925d5edee74765eb63d645927d5795853b2d68a0de6729ef27331f669290d4252603d4a3ac69f63fae18bdb4bad1eae55f3f4b8dea6897f7c5828e250c620aa85b216ef7d7c9f5a69eaafb433c5aab026beeccb347d93c52833c31d448700a4c1d08d6a9184fbc30bbc695c06455a8cc7d57f0a4d12b03270e3fd14d1cb,gx-no-cache=1503496998947 HTTP/1.1" 200 30
186.103.156.166 - - [23/Aug/2017:10:02:36 -0300] "POST /cormun/servlet/solicitudot?gx-no-cache=1503496999316 HTTP/1.1" 200 30
186.103.156.166 - - [23/Aug/2017:10:02:36 -0300] "POST /cormun/servlet/solicitudot?gx-no-cache=1503496999387 HTTP/1.1" 200 1355
186.103.156.166 - - [23/Aug/2017:10:02:37 -0300] "POST /cormun/servlet/solicitudot?gx-no-cache=1503496999489 HTTP/1.1" 200 38
186.79.11.204 - - [23/Aug/2017:10:02:42 -0300] "POST /cormun/servlet/prfichaempleado?b269d3a0a72922507090e44f945ae126,,MD,,gxPopupLevel%3D0%3B,gx-no-cache=1503493390481 HTTP/1.1" 200 6315
200.86.95.220 - - [23/Aug/2017:10:02:49 -0300] "POST /cormun/servlet/trlicencias?7297f76073d50ed53e443c1570d3574b,gx-no-cache=1503493408220 HTTP/1.1" 200 11629
186.79.11.204 - - [23/Aug/2017:10:02:49 -0300] "POST /cormun/servlet/prfichaempleado?b269d3a0a72922507090e44f945ae126,,MD,,gxPopupLevel%3D0%3B,gx-no-cache=1503493403917 HTTP/1.1" 200 6383
200.86.95.220 - - [23/Aug/2017:10:02:49 -0300] "GET /cormun/static/Shared/jqueryui/images/ui-bg_highlight-soft_100_c6c2c8_1x100.png HTTP/1.1" 404 1117
200.86.95.220 - - [23/Aug/2017:10:02:49 -0300] "GET /cormun/static/Shared/jqueryui/images/ui-icons_82798d_256x240.png HTTP/1.1" 404 1089
200.86.95.220 - - [23/Aug/2017:10:02:49 -0300] "GET /cormun/static/Shared/jqueryui/images/ui-bg_flat_55_fafafa_40x100.png HTTP/1.1" 404 1097
200.86.95.220 - - [23/Aug/2017:10:02:49 -0300] "GET /cormun/static/Shared/jqueryui/images/ui-icons_8d78a5_256x240.png HTTP/1.1" 404 1089
186.103.156.166 - - [23/Aug/2017:10:02:51 -0300] "POST /cormun/servlet/solicitudot?gx-no-cache=1503497013748 HTTP/1.1" 200 1355
186.103.156.166 - - [23/Aug/2017:10:02:51 -0300] "POST /cormun/servlet/solicitudot?gx-no-cache=1503497013899 HTTP/1.1" 200 38
186.79.11.204 - - [23/Aug/2017:10:02:58 -0300] "POST /cormun/servlet/prfichaempleado?b269d3a0a72922507090e44f945ae126,,MD,,gxPopupLevel%3D0%3B,gx-no-cache=1503493414162 HTTP/1.1" 200 6258
186.79.11.204 - - [23/Aug/2017:10:03:03 -0300] "POST /cormun/servlet/prfichaempleado?b269d3a0a72922507090e44f945ae126,,MD,,gxPopupLevel%3D0%3B,gx-no-cache=1503493420094 HTTP/1.1" 200 6429
186.79.11.204 - - [23/Aug/2017:10:03:08 -0300] "POST /cormun/servlet/prfichaempleado?b269d3a0a72922507090e44f945ae126,,MD,,gxPopupLevel%3D0%3B,gx-no-cache=1503493424796 HTTP/1.1" 200 6278
186.79.11.204 - - [23/Aug/2017:10:03:24 -0300] "POST /cormun/servlet/prfichaempleado?b269d3a0a72922507090e44f945ae126,,MD,,gxPopupLevel%3D0%3B,gx-no-cache=1503493437592 HTTP/1.1" 200 6384
186.103.156.166 - - [23/Aug/2017:10:03:31 -0300] "GET /cormun/servlet/solicitudot?658b943e93a0627f1b8a99a41e2f1f28a6d3cef4528558050fb352abc422965fd3404d938567bbb7685ac7b253acae5655c1853a530c865354752d4035f07bf87b4fc36ed6b753df337c45769c7027f06cf0f9ffc76ba9b263bde46cc6c591daceb03cb2ee70ce7ee5e8f9232be51b71e4e6e26601a0f1fda0d8d21200ade85a115c52f2fc0ab57e65849c7e84723fbaa48b84deb82550c6efc5aec8d5aaf1fe,gx-no-cache=1503497053880 HTTP/1.1" 200 29
186.103.156.166 - - [23/Aug/2017:10:03:34 -0300] "POST /cormun/servlet/solicitudot?gx-no-cache=1503497056689 HTTP/1.1" 200 1337
186.103.156.166 - - [23/Aug/2017:10:03:34 -0300] "GET /cormun/static/menuarrow.gif HTTP/1.1" 404 1015
186.103.156.166 - - [23/Aug/2017:10:03:36 -0300] "POST /cormun/servlet/solicitudot?gx-no-cache=1503497058474 HTTP/1.1" 200 1337
192.168.10.96 - - [23/Aug/2017:10:03:37 -0300] "POST /cormun/servlet/hlogin?265f5059eb45be6ca9bf2a4b4b74cd9c,gx-no-cache=1503493387451 HTTP/1.1" 200 90
192.168.10.96 - - [23/Aug/2017:10:03:37 -0300] "GET /cormun/servlet/hpexe_link HTTP/1.1" 200 943
192.168.10.96 - - [23/Aug/2017:10:03:37 -0300] "GET /cormun/servlet/hhome HTTP/1.1" 200 4055
192.168.10.96 - - [23/Aug/2017:10:03:38 -0300] "GET /cormun/servlet/hhome HTTP/1.1" 200 4052
192.168.10.96 - - [23/Aug/2017:10:03:40 -0300] "GET /cormun/servlet/trsolicitudot? HTTP/1.1" 200 13598
192.168.10.96 - - [23/Aug/2017:10:03:40 -0300] "GET /cormun/static/gxcfg.js?20177612135780 HTTP/1.1" 304 -
192.168.10.96 - - [23/Aug/2017:10:03:40 -0300] "GET /cormun/static/trsolicitudot.js?2017761214480 HTTP/1.1" 304 -
192.168.10.96 - - [23/Aug/2017:10:03:41 -0300] "GET /cormun/servlet/trsolicitudot? HTTP/1.1" 200 13596
186.103.156.166 - - [23/Aug/2017:10:03:47 -0300] "POST /cormun/servlet/solicitudot?gx-no-cache=1503497069845 HTTP/1.1" 200 30
186.103.156.24 - - [23/Aug/2017:10:03:50 -0300] "GET /cormun/servlet/trlicenciaspermisosadjuntos?12516208,20170823000000,L, HTTP/1.1" 200 6396
186.103.156.24 - - [23/Aug/2017:10:03:51 -0300] "GET /cormun/static/gxcfg.js?20177612163414 HTTP/1.1" 200 953
186.103.156.24 - - [23/Aug/2017:10:03:51 -0300] "GET /cormun/static/trlicenciaspermisosadjuntos.js?20177612163719 HTTP/1.1" 200 21036
186.103.156.24 - - [23/Aug/2017:10:03:51 -0300] "GET /cormun/servlet/trlicenciaspermisosadjuntos?12516208,20170823000000,L, HTTP/1.1" 200 6396
186.79.11.204 - - [23/Aug/2017:10:03:53 -0300] "POST /cormun/servlet/prfichaempleado?b269d3a0a72922507090e44f945ae126,,MD,,gxPopupLevel%3D0%3B,gx-no-cache=1503493469621 HTTP/1.1" 200 6327
192.168.10.96 - - [23/Aug/2017:10:03:54 -0300] "POST /cormun/servlet/trsolicitudot?265f5059eb45be6ca9bf2a4b4b74cd9c,,gx-no-cache=1503493404775 HTTP/1.1" 200 5665
186.79.11.204 - - [23/Aug/2017:10:03:56 -0300] "POST /cormun/servlet/prfichaempleado?b269d3a0a72922507090e44f945ae126,,MD,,gxPopupLevel%3D0%3B,gx-no-cache=1503493474502 HTTP/1.1" 200 6306
186.103.156.24 - - [23/Aug/2017:10:03:56 -0300] "GET /cormun/servlet/licenciaspermisosadjuntos?INS,12516208,L,20170823000000,, HTTP/1.1" 200 5691
186.103.156.24 - - [23/Aug/2017:10:03:57 -0300] "GET /cormun/static/gxcfg.js?2017761263592 HTTP/1.1" 200 953
186.103.156.24 - - [23/Aug/2017:10:03:57 -0300] "GET /cormun/static/licenciaspermisosadjuntos.js?201776126362 HTTP/1.1" 200 8760
186.103.156.24 - - [23/Aug/2017:10:03:57 -0300] "GET /cormun/static/about:blank HTTP/1.1" 404 1011
186.103.156.24 - - [23/Aug/2017:10:03:57 -0300] "GET /cormun/servlet/licenciaspermisosadjuntos?INS,12516208,L,20170823000000,, HTTP/1.1" 200 5680
186.103.156.166 - - [23/Aug/2017:10:03:59 -0300] "POST /cormun/servlet/solicitudot?1c8737780cd5725e5579aec8d78b16a6,INS,0,0,,gx-no-cache=1503497081639 HTTP/1.1" 200 93
186.103.156.166 - - [23/Aug/2017:10:03:59 -0300] "GET /cormun/servlet/hpexe_return? HTTP/1.1" 200 1011
186.79.11.204 - - [23/Aug/2017:10:04:00 -0300] "POST /cormun/servlet/prfichaempleado?b269d3a0a72922507090e44f945ae126,,MD,,gxPopupLevel%3D0%3B,gx-no-cache=1503493477734 HTTP/1.1" 200 6351
186.103.156.166 - - [23/Aug/2017:10:04:00 -0300] "GET /cormun/servlet/trsolicitudot HTTP/1.1" 200 9824
186.103.156.166 - - [23/Aug/2017:10:04:00 -0300] "GET /cormun/servlet/trsolicitudot HTTP/1.1" 200 9820
186.79.11.204 - - [23/Aug/2017:10:04:03 -0300] "POST /cormun/servlet/prfichaempleado?b269d3a0a72922507090e44f945ae126,,MD,,gxPopupLevel%3D0%3B,gx-no-cache=1503493481527 HTTP/1.1" 200 6328
190.45.55.254 - - [23/Aug/2017:10:04:04 -0300] "GET /cormun/servlet/trpermisosgoce HTTP/1.1" 200 8572
190.45.55.254 - - [23/Aug/2017:10:04:05 -0300] "GET /cormun/servlet/trpermisosgoce HTTP/1.1" 200 8568
186.103.156.24 - - [23/Aug/2017:10:04:06 -0300] "POST /cormun/servlet/licenciaspermisosadjuntos?9b508f56f3410766c0739776ab0c0015,INS,12516208,L,20170823000000,, HTTP/1.1" 200 116
186.103.156.24 - - [23/Aug/2017:10:04:07 -0300] "GET /cormun/servlet/hpexe_return? HTTP/1.1" 200 1041
186.103.156.24 - - [23/Aug/2017:10:04:07 -0300] "GET /cormun/servlet/trlicenciaspermisosadjuntos?12516208,20170823000000,L, HTTP/1.1" 200 6891
186.103.156.24 - - [23/Aug/2017:10:04:07 -0300] "GET /cormun/servlet/trlicenciaspermisosadjuntos?12516208,20170823000000,L, HTTP/1.1" 200 6888
186.103.156.166 - - [23/Aug/2017:10:04:07 -0300] "POST /cormun/servlet/trsolicitudot?1c8737780cd5725e5579aec8d78b16a6,gx-no-cache=1503497090290 HTTP/1.1" 200 6973
186.103.156.166 - - [23/Aug/2017:10:04:08 -0300] "GET /cormun/static/Shared/jqueryui/images/ui-bg_highlight-soft_100_c6c2c8_1x100.png HTTP/1.1" 404 1117
186.103.156.166 - - [23/Aug/2017:10:04:08 -0300] "GET /cormun/static/Shared/jqueryui/images/ui-icons_82798d_256x240.png HTTP/1.1" 404 1089
186.103.156.166 - - [23/Aug/2017:10:04:08 -0300] "GET /cormun/static/Shared/jqueryui/images/ui-bg_flat_55_fafafa_40x100.png HTTP/1.1" 404 1097
186.103.156.166 - - [23/Aug/2017:10:04:08 -0300] "GET /cormun/static/Shared/jqueryui/images/ui-icons_8d78a5_256x240.png HTTP/1.1" 404 1089
186.103.156.166 - - [23/Aug/2017:10:04:08 -0300] "POST /cormun/servlet/trsolicitudot?1c8737780cd5725e5579aec8d78b16a6,gx-no-cache=1503497090635 HTTP/1.1" 200 6921
192.168.10.96 - - [23/Aug/2017:10:04:08 -0300] "POST /cormun/servlet/trsolicitudot?265f5059eb45be6ca9bf2a4b4b74cd9c,,gx-no-cache=1503493418374 HTTP/1.1" 200 106
192.168.10.96 - - [23/Aug/2017:10:04:08 -0300] "GET /cormun/servlet/trsolicitudadjuntos?2017,7248, HTTP/1.1" 200 6153
192.168.10.96 - - [23/Aug/2017:10:04:08 -0300] "GET /cormun/static/gxcfg.js?20177612135366 HTTP/1.1" 200 953
192.168.10.96 - - [23/Aug/2017:10:04:08 -0300] "GET /cormun/static/trsolicitudadjuntos.js?20177612135632 HTTP/1.1" 200 17922
192.168.10.96 - - [23/Aug/2017:10:04:08 -0300] "GET /cormun/servlet/trsolicitudadjuntos?2017,7248, HTTP/1.1" 200 6153
192.168.10.96 - - [23/Aug/2017:10:04:10 -0300] "POST /cormun/servlet/trsolicitudadjuntos?265f5059eb45be6ca9bf2a4b4b74cd9c,2017,7248,,gx-no-cache=1503493420638 HTTP/1.1" 200 90
192.168.10.96 - - [23/Aug/2017:10:04:10 -0300] "GET /cormun/servlet/hpexe_link HTTP/1.1" 200 961
192.168.10.96 - - [23/Aug/2017:10:04:10 -0300] "GET /cormun/servlet/trsolicitudot? HTTP/1.1" 200 8637
186.103.156.24 - - [23/Aug/2017:10:04:10 -0300] "POST /cormun/servlet/trlicenciaspermisosadjuntos?9b508f56f3410766c0739776ab0c0015,12516208,20170823000000,L,,gx-no-cache=1503493492833 HTTP/1.1" 200 90
186.103.156.24 - - [23/Aug/2017:10:04:11 -0300] "GET /cormun/servlet/hpexe_link HTTP/1.1" 200 980
192.168.10.96 - - [23/Aug/2017:10:04:11 -0300] "GET /cormun/servlet/trsolicitudot? HTTP/1.1" 200 8635
186.103.156.24 - - [23/Aug/2017:10:04:11 -0300] "GET /cormun/servlet/trlicencias HTTP/1.1" 200 13339
186.103.156.24 - - [23/Aug/2017:10:04:12 -0300] "GET /cormun/servlet/trlicencias HTTP/1.1" 200 13332
186.103.156.24 - - [23/Aug/2017:10:04:15 -0300] "GET /cormun/servlet/alicenciaprn?12516208,L,20170823000000,PU HTTP/1.1" 200 1596
186.79.11.204 - - [23/Aug/2017:10:04:17 -0300] "POST /cormun/servlet/prfichaempleado?b269d3a0a72922507090e44f945ae126,,MD,,gxPopupLevel%3D0%3B,gx-no-cache=1503493495777 HTTP/1.1" 200 6299
192.168.10.96 - - [23/Aug/2017:10:04:22 -0300] "POST /cormun/servlet/trsolicitudot?265f5059eb45be6ca9bf2a4b4b74cd9c,,gx-no-cache=1503493432652 HTTP/1.1" 200 5674
192.168.10.96 - - [23/Aug/2017:10:04:25 -0300] "POST /cormun/servlet/trsolicitudot?265f5059eb45be6ca9bf2a4b4b74cd9c,,gx-no-cache=1503493434996 HTTP/1.1" 200 4313
186.79.11.204 - - [23/Aug/2017:10:04:25 -0300] "POST /cormun/servlet/prfichaempleado?b269d3a0a72922507090e44f945ae126,,MD,,gxPopupLevel%3D0%3B,gx-no-cache=1503493499161 HTTP/1.1" 200 6298
192.168.10.96 - - [23/Aug/2017:10:04:28 -0300] "POST /cormun/servlet/trsolicitudot?265f5059eb45be6ca9bf2a4b4b74cd9c,,gx-no-cache=1503493438019 HTTP/1.1" 200 4315
186.103.156.166 - - [23/Aug/2017:10:04:30 -0300] "GET /cormun/servlet/trautorizarsolicitud? HTTP/1.1" 200 8231
192.168.10.96 - - [23/Aug/2017:10:04:30 -0300] "POST /cormun/servlet/trsolicitudot?265f5059eb45be6ca9bf2a4b4b74cd9c,,gx-no-cache=1503493440844 HTTP/1.1" 200 4316
186.103.156.166 - - [23/Aug/2017:10:04:31 -0300] "GET /cormun/servlet/trautorizarsolicitud? HTTP/1.1" 200 8231
186.79.11.204 - - [23/Aug/2017:10:04:32 -0300] "POST /cormun/servlet/prfichaempleado?b269d3a0a72922507090e44f945ae126,,MD,,gxPopupLevel%3D0%3B,gx-no-cache=1503493507173 HTTP/1.1" 200 6368
192.168.10.96 - - [23/Aug/2017:10:04:32 -0300] "POST /cormun/servlet/trsolicitudot?265f5059eb45be6ca9bf2a4b4b74cd9c,,gx-no-cache=1503493442859 HTTP/1.1" 200 4315
192.168.10.96 - - [23/Aug/2017:10:04:35 -0300] "POST /cormun/servlet/trsolicitudot?265f5059eb45be6ca9bf2a4b4b74cd9c,,gx-no-cache=1503493445835 HTTP/1.1" 200 6424
186.79.11.204 - - [23/Aug/2017:10:04:37 -0300] "POST /cormun/servlet/prfichaempleado?b269d3a0a72922507090e44f945ae126,,MD,,gxPopupLevel%3D0%3B,gx-no-cache=1503493514428 HTTP/1.1" 200 6382
186.79.11.204 - - [23/Aug/2017:10:04:42 -0300] "POST /cormun/servlet/prfichaempleado?b269d3a0a72922507090e44f945ae126,,MD,,gxPopupLevel%3D0%3B,gx-no-cache=1503493518449 HTTP/1.1" 200 6323
192.168.10.96 - - [23/Aug/2017:10:04:46 -0300] "POST /cormun/servlet/trsolicitudot?265f5059eb45be6ca9bf2a4b4b74cd9c,,gx-no-cache=1503493456885 HTTP/1.1" 200 107
192.168.10.96 - - [23/Aug/2017:10:04:47 -0300] "GET /cormun/servlet/trsolicitudadjuntos?2017,6998, HTTP/1.1" 200 9263
186.79.11.204 - - [23/Aug/2017:10:04:47 -0300] "POST /cormun/servlet/prfichaempleado?b269d3a0a72922507090e44f945ae126,,MD,,gxPopupLevel%3D0%3B,gx-no-cache=1503493525540 HTTP/1.1" 200 6284
192.168.10.96 - - [23/Aug/2017:10:04:48 -0300] "GET /cormun/servlet/trsolicitudadjuntos?2017,6998, HTTP/1.1" 200 9274
192.168.10.96 - - [23/Aug/2017:10:04:50 -0300] "GET /cormun/PublicTempStorage/cedula_ident.3997801.pdf HTTP/1.1" 200 282393
186.79.11.204 - - [23/Aug/2017:10:04:52 -0300] "POST /cormun/servlet/prfichaempleado?b269d3a0a72922507090e44f945ae126,,MD,,gxPopupLevel%3D0%3B,gx-no-cache=1503493529989 HTTP/1.1" 200 6410
186.103.156.166 - - [23/Aug/2017:10:04:55 -0300] "POST /cormun/servlet/trautorizarsolicitud?1c8737780cd5725e5579aec8d78b16a6,,gx-no-cache=1503497137215 HTTP/1.1" 200 4336
186.103.156.166 - - [23/Aug/2017:10:04:55 -0300] "GET /cormun/static/Shared/jqueryui/images/ui-bg_highlight-soft_100_c6c2c8_1x100.png HTTP/1.1" 404 1117
186.103.156.166 - - [23/Aug/2017:10:04:55 -0300] "GET /cormun/static/Shared/jqueryui/images/ui-icons_82798d_256x240.png HTTP/1.1" 404 1089
