186.103.157.235 - - [22/Aug/2017:09:57:56 -0300] "GET /cormun/servlet/solicitudot?63c8b2866548c45dccb79cc74889e2f2de0e4df654de1e45af2b162e7d627fdf54af03a80e4de4d58845a8a9ae544c25c4f2d2ced1d7c284f1542ce3d03b4ac07aed538cfd9a5d74a9693b9a75aaeb9742fd08a074dfeaccfe44740b32c920f2a290096b6acec7bcc6f0f0a6de57ccf1895a88957cd220b19ac5f5f886b07c385fb8f4960e99e7e578b0249b343bb6194ece9d2e815d512c1e178f9ec29ccc72,gx-no-cache=1503406716654 HTTP/1.1" 200 29
186.103.157.235 - - [22/Aug/2017:09:57:56 -0300] "POST /cormun/servlet/solicitudot?gx-no-cache=1503406716688 HTTP/1.1" 200 1336
186.103.196.84 - - [22/Aug/2017:09:58:00 -0300] "POST /cormun/servlet/trcontratounov2?0bc028467d198dab68ac8cf77aad8a32,,gx-no-cache=1503410319342 HTTP/1.1" 200 105
186.103.196.84 - - [22/Aug/2017:09:58:00 -0300] "GET /cormun/ContratoUnoV3-3699.xls HTTP/1.1" 200 4096
186.103.157.235 - - [22/Aug/2017:09:58:02 -0300] "GET /cormun/static/menuarrow.gif HTTP/1.1" 404 1015
186.79.29.236 - - [22/Aug/2017:09:58:07 -0300] "GET /cormun/servlet/licenciaspermisos?f901bd9180abd7258c630ec4a9abecca74fa793d669a71e500282afb5fd748c5de0f4c4a8d1e59f63887a3f1070680f4ad00e4344c78a04ee07145accb18e382cc751f33b91a965f843314ac6196f59382c50cb02305f16923d498c43c47c67daedfdf402b3e3e2dae7585e3294ab7dbb6f90f2707a481ad96432eb1526a89620a76d6da22bfd14941ab0a1c8c32cf9536b5da631543c8134574448c9e466821668069ecffceb76743ab79a20fec134c,gx-no-cache=1503406727274 HTTP/1.1" 200 30
186.79.29.236 - - [22/Aug/2017:09:58:07 -0300] "GET /cormun/servlet/licenciaspermisos?f901bd9180abd7258c630ec4a9abecca4215e06e5f3bf4cb7f064083aaf40a4802bf7f961dddc15c28cf9ac2f5083b45196e09fbfd006a6b68d1cce800580f823e2e441a34f3cb1e774fea0186595d45498871dfe358d9206d437e62c6bad548e95f4ce4fccaea2ca284fbc0b626d4ea54cffb944014c46d47d06ccd01fcf6940436641ad4495e12e0012d6a494d91f6e221edceac1158468f402112cc9c04ed81f2c28ce09154d37c4261d84e94d390,gx-no-cache=1503406727503 HTTP/1.1" 200 29
186.79.29.236 - - [22/Aug/2017:09:58:08 -0300] "POST /cormun/servlet/licenciaspermisos?33a2a723e7caef8bc4b27b2b0538fa66,INS,0,,,,gx-no-cache=1503406727615 HTTP/1.1" 200 4728
186.79.29.236 - - [22/Aug/2017:09:58:08 -0300] "GET /cormun/static/Shared/jqueryui/images/ui-bg_highlight-soft_100_c6c2c8_1x100.png HTTP/1.1" 404 1117
186.79.29.236 - - [22/Aug/2017:09:58:08 -0300] "GET /cormun/static/Shared/jqueryui/images/ui-icons_82798d_256x240.png HTTP/1.1" 404 1089
186.79.29.236 - - [22/Aug/2017:09:58:08 -0300] "GET /cormun/static/Shared/jqueryui/images/ui-bg_flat_55_994d53_40x100.png HTTP/1.1" 404 1097
186.79.29.236 - - [22/Aug/2017:09:58:08 -0300] "GET /cormun/static/Shared/jqueryui/images/ui-icons_ebccce_256x240.png HTTP/1.1" 404 1089
186.103.157.235 - - [22/Aug/2017:09:58:14 -0300] "POST /cormun/servlet/solicitudot?gx-no-cache=1503406734143 HTTP/1.1" 200 30
186.103.157.235 - - [22/Aug/2017:09:58:14 -0300] "POST /cormun/servlet/solicitudot?978aaa21090d80bbe2981ceaf9d42a0b,INS,0,0,,gx-no-cache=1503406734193 HTTP/1.1" 200 93
186.103.157.235 - - [22/Aug/2017:09:58:14 -0300] "GET /cormun/servlet/hpexe_return? HTTP/1.1" 200 1010
186.103.157.235 - - [22/Aug/2017:09:58:14 -0300] "GET /cormun/static/Resources/Spanish/PXTools.css?167811 HTTP/1.1" 200 89042
186.103.157.235 - - [22/Aug/2017:09:58:14 -0300] "GET /cormun/static/gxcfg.js?2016101716175148 HTTP/1.1" 200 953
186.103.157.235 - - [22/Aug/2017:09:58:14 -0300] "GET /cormun/static/hpexe_return.js?2016101716175153 HTTP/1.1" 200 1633
186.103.157.235 - - [22/Aug/2017:09:58:15 -0300] "GET /cormun/servlet/trsolicitudot HTTP/1.1" 200 11713
186.103.157.235 - - [22/Aug/2017:09:58:16 -0300] "GET /cormun/servlet/trsolicitudot HTTP/1.1" 200 11709
186.103.157.235 - - [22/Aug/2017:09:58:29 -0300] "POST /cormun/servlet/trsolicitudot?978aaa21090d80bbe2981ceaf9d42a0b,gx-no-cache=1503406748286 HTTP/1.1" 200 8799
186.103.157.235 - - [22/Aug/2017:09:58:29 -0300] "GET /cormun/static/Shared/jqueryui/images/ui-bg_highlight-soft_100_c6c2c8_1x100.png HTTP/1.1" 404 1117
186.103.157.235 - - [22/Aug/2017:09:58:29 -0300] "GET /cormun/static/Shared/jqueryui/images/ui-icons_82798d_256x240.png HTTP/1.1" 404 1089
186.103.157.235 - - [22/Aug/2017:09:58:29 -0300] "GET /cormun/static/Shared/jqueryui/images/ui-bg_flat_55_fafafa_40x100.png HTTP/1.1" 404 1097
186.103.157.235 - - [22/Aug/2017:09:58:29 -0300] "GET /cormun/static/Shared/jqueryui/images/ui-icons_8d78a5_256x240.png HTTP/1.1" 404 1089
186.103.157.235 - - [22/Aug/2017:09:58:29 -0300] "POST /cormun/servlet/trsolicitudot?978aaa21090d80bbe2981ceaf9d42a0b,gx-no-cache=1503406749112 HTTP/1.1" 200 8743
186.103.157.235 - - [22/Aug/2017:09:58:33 -0300] "GET /cormun/servlet/trautorizarsolicitud? HTTP/1.1" 200 9233
186.103.157.235 - - [22/Aug/2017:09:58:33 -0300] "GET /cormun/static/gxcfg.js?20174261241362 HTTP/1.1" 200 953
186.103.157.235 - - [22/Aug/2017:09:58:33 -0300] "GET /cormun/static/trautorizarsolicitud.js?201742612414370 HTTP/1.1" 200 53910
186.103.157.235 - - [22/Aug/2017:09:58:33 -0300] "GET /cormun/static/Resources/Spanish/PXTools.css?11294912 HTTP/1.1" 200 89042
186.103.157.235 - - [22/Aug/2017:09:58:33 -0300] "GET /cormun/servlet/trautorizarsolicitud? HTTP/1.1" 200 9233
186.79.29.236 - - [22/Aug/2017:09:58:48 -0300] "GET /cormun/servlet/licenciaspermisos?f901bd9180abd7258c630ec4a9abecca74fa793d669a71e500282afb5fd748c5de0f4c4a8d1e59f63887a3f1070680f4ad00e4344c78a04ee07145accb18e382cc751f33b91a965f843314ac6196f59382c50cb02305f16923d498c43c47c67d4efc7d99213362aed11f724b208fa657b6f90f2707a481ad96432eb1526a896275e8d2ef5b805559103d27b2c481cfc3cb245c7630953ece67d758f02f04a7db7322ceb9bed03cb3d5d9b426d69076ec07b76e2418d833df9d9a3c7e9912e8d60748a82af9d3f65287aeebc042e6a9c0fc5efdf425094fa05de881476bec1b53,gx-no-cache=1503406768679 HTTP/1.1" 200 30
186.79.29.236 - - [22/Aug/2017:09:58:49 -0300] "GET /cormun/servlet/licenciaspermisos?f901bd9180abd7258c630ec4a9abecca4215e06e5f3bf4cb7f064083aaf40a4802bf7f961dddc15c28cf9ac2f5083b45196e09fbfd006a6b68d1cce800580f823e2e441a34f3cb1e774fea0186595d45498871dfe358d9206d437e62c6bad548e7e09d61a086843d1eb525426077393154cffb944014c46d47d06ccd01fcf6948604759a4d3fd0b2a2da188d92cbe0e97d8b9fb7f1425789c962bea4e8af71828d02e5fadd180fb908550ae65ac46e9ad458707e3c793740c60edf043389553760d4c4cf1606e8d7ffd002e99a12cc5b87e1f6995cd6481f9eb31e3b0090f3b0,gx-no-cache=1503406768797 HTTP/1.1" 200 29
186.79.29.236 - - [22/Aug/2017:09:58:49 -0300] "POST /cormun/servlet/licenciaspermisos?33a2a723e7caef8bc4b27b2b0538fa66,INS,0,,,,gx-no-cache=1503406768874 HTTP/1.1" 200 93
186.79.29.236 - - [22/Aug/2017:09:58:49 -0300] "GET /cormun/servlet/hpexe_return? HTTP/1.1" 200 1013
186.103.157.235 - - [22/Aug/2017:09:58:49 -0300] "POST /cormun/servlet/trautorizarsolicitud?978aaa21090d80bbe2981ceaf9d42a0b,,gx-no-cache=1503406769442 HTTP/1.1" 200 6182
186.103.157.235 - - [22/Aug/2017:09:58:49 -0300] "GET /cormun/static/Shared/jqueryui/images/ui-bg_highlight-soft_100_c6c2c8_1x100.png HTTP/1.1" 404 1117
186.103.157.235 - - [22/Aug/2017:09:58:49 -0300] "GET /cormun/static/Shared/jqueryui/images/ui-icons_82798d_256x240.png HTTP/1.1" 404 1089
186.103.157.235 - - [22/Aug/2017:09:58:49 -0300] "GET /cormun/static/Shared/jqueryui/images/ui-bg_flat_55_fafafa_40x100.png HTTP/1.1" 404 1097
186.103.157.235 - - [22/Aug/2017:09:58:49 -0300] "GET /cormun/static/Shared/jqueryui/images/ui-icons_8d78a5_256x240.png HTTP/1.1" 404 1089
186.79.29.236 - - [22/Aug/2017:09:58:49 -0300] "GET /cormun/servlet/trlicencias HTTP/1.1" 200 16815
186.103.157.235 - - [22/Aug/2017:09:58:50 -0300] "POST /cormun/servlet/trautorizarsolicitud?978aaa21090d80bbe2981ceaf9d42a0b,,gx-no-cache=1503406769692 HTTP/1.1" 200 6127
186.79.29.236 - - [22/Aug/2017:09:58:50 -0300] "GET /cormun/servlet/trlicencias HTTP/1.1" 200 16743
186.79.29.236 - - [22/Aug/2017:09:59:06 -0300] "GET /cormun/servlet/trlicenciaspermisosadjuntos?15107983,20170822000000,L, HTTP/1.1" 200 6170
186.79.29.236 - - [22/Aug/2017:09:59:06 -0300] "GET /cormun/servlet/trlicenciaspermisosadjuntos?15107983,20170822000000,L, HTTP/1.1" 200 6171
186.79.29.236 - - [22/Aug/2017:09:59:08 -0300] "GET /cormun/servlet/licenciaspermisosadjuntos?INS,15107983,L,20170822000000,, HTTP/1.1" 200 5464
186.79.29.236 - - [22/Aug/2017:09:59:09 -0300] "GET /cormun/static/about:blank HTTP/1.1" 404 1011
186.79.29.236 - - [22/Aug/2017:09:59:09 -0300] "GET /cormun/servlet/licenciaspermisosadjuntos?INS,15107983,L,20170822000000,, HTTP/1.1" 200 5453
186.103.196.90 - - [22/Aug/2017:09:59:12 -0300] "GET /cormun/servlet/trcontratosolicitud? HTTP/1.1" 200 14476
186.103.196.90 - - [22/Aug/2017:09:59:12 -0300] "GET /cormun/static/gxcfg.js?20177612214014 HTTP/1.1" 200 953
186.103.196.90 - - [22/Aug/2017:09:59:13 -0300] "GET /cormun/static/trcontratosolicitud.js?20177612214349 HTTP/1.1" 200 28237
186.103.196.90 - - [22/Aug/2017:09:59:13 -0300] "GET /cormun//static/Resources/PXToolsGridNew.png HTTP/1.1" 200 2949
186.103.196.90 - - [22/Aug/2017:09:59:14 -0300] "GET /cormun/servlet/trcontratosolicitud? HTTP/1.1" 200 14472
186.103.196.90 - - [22/Aug/2017:09:59:22 -0300] "GET /cormun/servlet/trcontratoobservaciondir? HTTP/1.1" 200 6188
186.103.196.90 - - [22/Aug/2017:09:59:22 -0300] "GET /cormun/static/gxcfg.js?20175251262281 HTTP/1.1" 200 953
186.103.196.90 - - [22/Aug/2017:09:59:23 -0300] "GET /cormun/static/trcontratoobservaciondir.js?20175251262715 HTTP/1.1" 200 27185
186.103.196.90 - - [22/Aug/2017:09:59:24 -0300] "GET /cormun/servlet/trcontratoobservaciondir? HTTP/1.1" 200 6187
186.67.84.234 - - [22/Aug/2017:09:59:52 -0300] "POST /cormun/servlet/trcontratoobservaciondir?0bc028467d198dab68ac8cf77aad8a32,,gx-no-cache=1503410432225 HTTP/1.1" 200 3812
186.67.84.234 - - [22/Aug/2017:09:59:56 -0300] "POST /cormun/servlet/trcontratoobservaciondir?0bc028467d198dab68ac8cf77aad8a32,,gx-no-cache=1503410435354 HTTP/1.1" 200 3812
186.67.84.234 - - [22/Aug/2017:09:59:58 -0300] "POST /cormun/servlet/trcontratoobservaciondir?0bc028467d198dab68ac8cf77aad8a32,,gx-no-cache=1503410437547 HTTP/1.1" 200 3811
186.67.84.234 - - [22/Aug/2017:10:00:02 -0300] "GET /cormun/servlet/trcontratounov2? HTTP/1.1" 200 6809
186.67.84.234 - - [22/Aug/2017:10:00:03 -0300] "GET /cormun/servlet/trcontratounov2? HTTP/1.1" 200 6808
186.79.29.236 - - [22/Aug/2017:10:00:11 -0300] "POST /cormun/servlet/licenciaspermisosadjuntos?33a2a723e7caef8bc4b27b2b0538fa66,INS,15107983,L,20170822000000,, HTTP/1.1" 200 116
186.79.29.236 - - [22/Aug/2017:10:00:11 -0300] "GET /cormun/servlet/hpexe_return? HTTP/1.1" 200 1044
186.79.29.236 - - [22/Aug/2017:10:00:12 -0300] "GET /cormun/servlet/trlicenciaspermisosadjuntos?15107983,20170822000000,L, HTTP/1.1" 200 6653
186.79.29.236 - - [22/Aug/2017:10:00:13 -0300] "GET /cormun/servlet/trlicenciaspermisosadjuntos?15107983,20170822000000,L, HTTP/1.1" 200 6650
186.79.29.236 - - [22/Aug/2017:10:00:31 -0300] "POST /cormun/servlet/trlicenciaspermisosadjuntos?33a2a723e7caef8bc4b27b2b0538fa66,15107983,20170822000000,L,,gx-no-cache=1503406870625 HTTP/1.1" 200 90
186.79.29.236 - - [22/Aug/2017:10:00:31 -0300] "GET /cormun/servlet/hpexe_link HTTP/1.1" 200 985
186.79.29.236 - - [22/Aug/2017:10:00:31 -0300] "GET /cormun/servlet/trlicencias HTTP/1.1" 200 16746
186.79.29.236 - - [22/Aug/2017:10:00:32 -0300] "GET /cormun/servlet/trlicencias HTTP/1.1" 200 16640
200.111.191.210 - - [22/Aug/2017:10:00:32 -0300] "GET /cormun/servlet/trlicenciaspermisosadjuntos?10264376,20170822000000,L, HTTP/1.1" 200 6139
200.111.191.210 - - [22/Aug/2017:10:00:33 -0300] "GET /cormun/servlet/trlicenciaspermisosadjuntos?10264376,20170822000000,L, HTTP/1.1" 200 6140
200.111.191.210 - - [22/Aug/2017:10:00:35 -0300] "GET /cormun/servlet/licenciaspermisosadjuntos?INS,10264376,L,20170822000000,, HTTP/1.1" 200 5427
200.111.191.210 - - [22/Aug/2017:10:00:35 -0300] "GET /cormun/static/about:blank HTTP/1.1" 404 1011
200.111.191.210 - - [22/Aug/2017:10:00:35 -0300] "GET /cormun/servlet/licenciaspermisosadjuntos?INS,10264376,L,20170822000000,, HTTP/1.1" 200 5416
186.79.29.236 - - [22/Aug/2017:10:00:36 -0300] "GET /cormun/servlet/alicenciaprn?15107983,L,20170822000000,PU HTTP/1.1" 200 1560
186.79.29.236 - - [22/Aug/2017:10:00:52 -0300] "POST /cormun/servlet/trlicencias?33a2a723e7caef8bc4b27b2b0538fa66,gx-no-cache=1503406891242 HTTP/1.1" 200 14461
186.79.29.236 - - [22/Aug/2017:10:00:53 -0300] "GET /cormun/static/Shared/jqueryui/images/ui-bg_highlight-soft_100_c6c2c8_1x100.png HTTP/1.1" 404 1117
186.79.29.236 - - [22/Aug/2017:10:00:53 -0300] "GET /cormun/static/Shared/jqueryui/images/ui-icons_82798d_256x240.png HTTP/1.1" 404 1089
186.79.29.236 - - [22/Aug/2017:10:00:53 -0300] "GET /cormun/static/Shared/jqueryui/images/ui-bg_flat_55_fafafa_40x100.png HTTP/1.1" 404 1097
186.79.29.236 - - [22/Aug/2017:10:00:53 -0300] "GET /cormun/static/Shared/jqueryui/images/ui-icons_8d78a5_256x240.png HTTP/1.1" 404 1089
186.103.159.46 - - [22/Aug/2017:10:01:05 -0300] "GET /cormun/servlet/hhome HTTP/1.1" 200 3378
186.103.159.46 - - [22/Aug/2017:10:01:07 -0300] "GET /cormun/servlet/hhome HTTP/1.1" 200 3388
186.103.159.46 - - [22/Aug/2017:10:01:07 -0300] "GET /cormun/servlet/hlogin HTTP/1.1" 200 1734
200.111.191.210 - - [22/Aug/2017:10:01:39 -0300] "POST /cormun/servlet/licenciaspermisosadjuntos?666d00bd897966dc4256c5bbbcfaaaf9,INS,10264376,L,20170822000000,, HTTP/1.1" 200 116
200.111.191.210 - - [22/Aug/2017:10:01:39 -0300] "GET /cormun/servlet/hpexe_return? HTTP/1.1" 200 1041
200.111.191.210 - - [22/Aug/2017:10:01:39 -0300] "GET /cormun/servlet/trlicenciaspermisosadjuntos?10264376,20170822000000,L, HTTP/1.1" 200 6595
200.111.191.210 - - [22/Aug/2017:10:01:39 -0300] "GET /cormun/servlet/trlicenciaspermisosadjuntos?10264376,20170822000000,L, HTTP/1.1" 200 6593
200.111.191.210 - - [22/Aug/2017:10:01:43 -0300] "GET /cormun/servlet/trlicencias? HTTP/1.1" 200 14798
200.111.191.210 - - [22/Aug/2017:10:01:43 -0300] "GET /cormun/servlet/trlicencias? HTTP/1.1" 200 14729
200.111.191.210 - - [22/Aug/2017:10:01:45 -0300] "POST /cormun/servlet/trlicencias?666d00bd897966dc4256c5bbbcfaaaf9,,gx-no-cache=1503406945687 HTTP/1.1" 200 12350
200.111.191.210 - - [22/Aug/2017:10:01:45 -0300] "GET /cormun/static/Shared/jqueryui/images/ui-bg_highlight-soft_100_c6c2c8_1x100.png HTTP/1.1" 404 1117
200.111.191.210 - - [22/Aug/2017:10:01:45 -0300] "GET /cormun/static/Shared/jqueryui/images/ui-icons_82798d_256x240.png HTTP/1.1" 404 1089
200.111.191.210 - - [22/Aug/2017:10:01:45 -0300] "GET /cormun/static/Shared/jqueryui/images/ui-bg_flat_55_fafafa_40x100.png HTTP/1.1" 404 1097
200.111.191.210 - - [22/Aug/2017:10:01:45 -0300] "GET /cormun/static/Shared/jqueryui/images/ui-icons_8d78a5_256x240.png HTTP/1.1" 404 1089
200.111.191.210 - - [22/Aug/2017:10:01:48 -0300] "GET /cormun/servlet/trpermisosgoce? HTTP/1.1" 200 14563
200.111.191.210 - - [22/Aug/2017:10:01:48 -0300] "GET /cormun/servlet/trpermisosgoce? HTTP/1.1" 200 14542
200.111.191.210 - - [22/Aug/2017:10:01:59 -0300] "GET /cormun/servlet/trlicencias? HTTP/1.1" 200 14667
200.111.191.210 - - [22/Aug/2017:10:02:00 -0300] "GET /cormun/servlet/trlicencias? HTTP/1.1" 200 14666
186.103.159.46 - - [22/Aug/2017:10:02:20 -0300] "POST /cormun/servlet/hlogin?20af6b2cdf3d60770e83a7942c9b4d9f,gx-no-cache=1503406980740 HTTP/1.1" 200 90
186.103.159.46 - - [22/Aug/2017:10:02:20 -0300] "GET /cormun/servlet/hpexe_link HTTP/1.1" 200 954
186.103.159.46 - - [22/Aug/2017:10:02:21 -0300] "GET /cormun/servlet/hhome HTTP/1.1" 200 3799
186.103.159.46 - - [22/Aug/2017:10:02:23 -0300] "GET /cormun/servlet/hhome HTTP/1.1" 200 3796
186.103.159.46 - - [22/Aug/2017:10:02:37 -0300] "GET /cormun/servlet/trlicencias? HTTP/1.1" 200 11805
186.103.159.46 - - [22/Aug/2017:10:02:39 -0300] "GET /cormun/servlet/trlicencias? HTTP/1.1" 200 11802
186.103.159.46 - - [22/Aug/2017:10:02:42 -0300] "GET /cormun/servlet/trlicenciaspermisosadjuntos?9517647,20170822000000,L, HTTP/1.1" 200 6145
186.103.159.46 - - [22/Aug/2017:10:02:42 -0300] "GET /cormun/static/gxcfg.js?20177612163414 HTTP/1.1" 200 953
186.103.159.46 - - [22/Aug/2017:10:02:42 -0300] "GET /cormun/static/trlicenciaspermisosadjuntos.js?20177612163719 HTTP/1.1" 200 21036
186.103.159.46 - - [22/Aug/2017:10:02:43 -0300] "GET /cormun/servlet/trlicenciaspermisosadjuntos?9517647,20170822000000,L, HTTP/1.1" 200 6146
186.103.159.46 - - [22/Aug/2017:10:02:46 -0300] "GET /cormun/servlet/licenciaspermisosadjuntos?INS,9517647,L,20170822000000,, HTTP/1.1" 200 5452
186.103.159.46 - - [22/Aug/2017:10:02:46 -0300] "GET /cormun/static/gxcfg.js?2017761263592 HTTP/1.1" 200 953
186.103.159.46 - - [22/Aug/2017:10:02:46 -0300] "GET /cormun/static/licenciaspermisosadjuntos.js?201776126362 HTTP/1.1" 200 8760
186.103.159.46 - - [22/Aug/2017:10:02:47 -0300] "GET /cormun/static/about:blank HTTP/1.1" 404 1011
186.103.159.46 - - [22/Aug/2017:10:02:47 -0300] "GET /cormun/servlet/licenciaspermisosadjuntos?INS,9517647,L,20170822000000,, HTTP/1.1" 200 5440
186.103.159.46 - - [22/Aug/2017:10:03:21 -0300] "POST /cormun/servlet/licenciaspermisosadjuntos?20af6b2cdf3d60770e83a7942c9b4d9f,INS,9517647,L,20170822000000,, HTTP/1.1" 200 116
186.103.159.46 - - [22/Aug/2017:10:03:22 -0300] "GET /cormun/servlet/hpexe_return? HTTP/1.1" 200 1046
186.103.159.46 - - [22/Aug/2017:10:03:22 -0300] "GET /cormun/servlet/trlicenciaspermisosadjuntos?9517647,20170822000000,L, HTTP/1.1" 200 6631
186.103.159.46 - - [22/Aug/2017:10:03:23 -0300] "GET /cormun/servlet/trlicenciaspermisosadjuntos?9517647,20170822000000,L, HTTP/1.1" 200 6627
186.103.159.46 - - [22/Aug/2017:10:03:27 -0300] "POST /cormun/servlet/trlicenciaspermisosadjuntos?20af6b2cdf3d60770e83a7942c9b4d9f,9517647,20170822000000,L,,gx-no-cache=1503407047120 HTTP/1.1" 200 90
186.103.159.46 - - [22/Aug/2017:10:03:27 -0300] "GET /cormun/servlet/hpexe_link HTTP/1.1" 200 988
186.103.159.46 - - [22/Aug/2017:10:03:27 -0300] "GET /cormun/servlet/trlicencias HTTP/1.1" 200 11804
186.103.159.46 - - [22/Aug/2017:10:03:29 -0300] "GET /cormun/servlet/trlicencias HTTP/1.1" 200 11802
186.103.159.46 - - [22/Aug/2017:10:03:36 -0300] "POST /cormun/servlet/trlicencias?20af6b2cdf3d60770e83a7942c9b4d9f,gx-no-cache=1503407055771 HTTP/1.1" 200 9055
186.103.159.46 - - [22/Aug/2017:10:03:36 -0300] "GET /cormun/static/Shared/jqueryui/images/ui-bg_highlight-soft_100_c6c2c8_1x100.png HTTP/1.1" 404 1117
186.103.159.46 - - [22/Aug/2017:10:03:36 -0300] "GET /cormun/static/Shared/jqueryui/images/ui-icons_82798d_256x240.png HTTP/1.1" 404 1089
186.103.159.46 - - [22/Aug/2017:10:03:36 -0300] "GET /cormun/static/Shared/jqueryui/images/ui-bg_flat_55_fafafa_40x100.png HTTP/1.1" 404 1097
186.103.159.46 - - [22/Aug/2017:10:03:36 -0300] "GET /cormun/static/Shared/jqueryui/images/ui-icons_8d78a5_256x240.png HTTP/1.1" 404 1089
190.151.99.26 - - [22/Aug/2017:10:03:47 -0300] "GET /cormun/servlet/hlogin HTTP/1.1" 200 1724
190.151.99.26 - - [22/Aug/2017:10:03:57 -0300] "POST /cormun/servlet/hlogin?0bc028467d198dab68ac8cf77aad8a32,gx-no-cache=1503410677082 HTTP/1.1" 200 90
190.151.99.26 - - [22/Aug/2017:10:03:57 -0300] "GET /cormun/servlet/hpexe_link HTTP/1.1" 200 955
190.151.99.26 - - [22/Aug/2017:10:03:58 -0300] "GET /cormun/servlet/trcontratounov2 HTTP/1.1" 200 6808
190.151.99.26 - - [22/Aug/2017:10:03:59 -0300] "GET /cormun/servlet/trcontratounov2 HTTP/1.1" 200 6808
190.151.99.26 - - [22/Aug/2017:10:04:06 -0300] "GET /cormun/Manuales/ManualContratos.pdf HTTP/1.1" 200 629147
40.77.167.36 - - [22/Aug/2017:10:04:32 -0300] "GET /cormun/static/Resources/Spanish/PXTools.css?1155365 HTTP/1.1" 200 89042
157.55.39.180 - - [22/Aug/2017:10:04:36 -0300] "GET /cormun/servlet/trsolicitudot?_escaped_fragment_= HTTP/1.1" 200 6388
157.55.39.180 - - [22/Aug/2017:10:04:37 -0300] "GET /cormun/static/Resources/PXTools/calendar.png HTTP/1.1" 200 1306
186.79.26.225 - - [22/Aug/2017:10:05:40 -0300] "GET /cormun/servlet/hlogin HTTP/1.1" 200 1719
186.79.26.225 - - [22/Aug/2017:10:05:40 -0300] "GET /cormun/servlet/hlogin HTTP/1.1" 200 1730
186.79.26.225 - - [22/Aug/2017:10:06:10 -0300] "POST /cormun/servlet/hlogin?2fda62e8073779eb628fd6d66a9cd6ca,gx-no-cache=1503407210392 HTTP/1.1" 200 90
186.79.26.225 - - [22/Aug/2017:10:06:10 -0300] "GET /cormun/servlet/hpexe_link HTTP/1.1" 200 949
186.79.26.225 - - [22/Aug/2017:10:06:10 -0300] "GET /cormun/servlet/hhome HTTP/1.1" 200 4023
186.79.26.225 - - [22/Aug/2017:10:06:11 -0300] "GET /cormun/servlet/hhome HTTP/1.1" 200 4018
186.79.26.225 - - [22/Aug/2017:10:06:14 -0300] "GET /cormun/servlet/trsolicitudot? HTTP/1.1" 200 13809
186.79.26.225 - - [22/Aug/2017:10:06:15 -0300] "GET /cormun/servlet/trsolicitudot? HTTP/1.1" 200 13807
186.79.26.225 - - [22/Aug/2017:10:06:18 -0300] "GET /cormun/servlet/treventos?2017,7197, HTTP/1.1" 200 7733
186.79.105.157 - - [22/Aug/2017:10:06:18 -0300] "GET /cormun/servlet/hlogin HTTP/1.1" 200 1721
186.79.26.225 - - [22/Aug/2017:10:06:18 -0300] "GET /cormun/servlet/treventos?2017,7197, HTTP/1.1" 200 7732
186.79.105.157 - - [22/Aug/2017:10:06:19 -0300] "GET /cormun/servlet/hlogin HTTP/1.1" 200 1731
186.79.26.225 - - [22/Aug/2017:10:06:26 -0300] "GET /cormun/servlet/trsolicitudot? HTTP/1.1" 200 13809
186.79.26.225 - - [22/Aug/2017:10:06:27 -0300] "GET /cormun/servlet/trsolicitudot? HTTP/1.1" 200 13807
186.79.105.157 - - [22/Aug/2017:10:06:28 -0300] "POST /cormun/servlet/hlogin?e63f912c10245fbba92f5da97baa8030,gx-no-cache=1503407228923 HTTP/1.1" 200 90
186.79.105.157 - - [22/Aug/2017:10:06:28 -0300] "GET /cormun/servlet/hpexe_link HTTP/1.1" 200 952
186.79.105.157 - - [22/Aug/2017:10:06:28 -0300] "GET /cormun/servlet/hhome HTTP/1.1" 200 4066
186.79.105.157 - - [22/Aug/2017:10:06:30 -0300] "GET /cormun/servlet/hhome HTTP/1.1" 200 4063
186.79.105.157 - - [22/Aug/2017:10:06:38 -0300] "GET /cormun/servlet/trlicencias? HTTP/1.1" 200 12579
186.79.105.157 - - [22/Aug/2017:10:06:40 -0300] "GET /cormun/servlet/trlicencias? HTTP/1.1" 200 12576
186.79.105.157 - - [22/Aug/2017:10:06:47 -0300] "GET /cormun/servlet/licenciaspermisos?INS,0,,, HTTP/1.1" 200 7601
186.79.105.157 - - [22/Aug/2017:10:06:47 -0300] "GET /cormun/static/gxcfg.js?201762917281167 HTTP/1.1" 200 953
186.79.105.157 - - [22/Aug/2017:10:06:49 -0300] "GET /cormun/servlet/licenciaspermisos?INS,0,,, HTTP/1.1" 200 7608
186.79.105.157 - - [22/Aug/2017:10:06:58 -0300] "GET /cormun/servlet/licenciaspermisos?90ba09312755ca9f6db35c5d1d65383914acee8ae543f6a1786ba9d2b52f705909d735744faaa301c0e333c59403626b,gx-no-cache=1503407258635 HTTP/1.1" 200 92
186.79.105.157 - - [22/Aug/2017:10:06:58 -0300] "POST /cormun/servlet/licenciaspermisos?e63f912c10245fbba92f5da97baa8030,INS,0,,,,gx-no-cache=1503407258800 HTTP/1.1" 200 4718
190.151.124.170 - - [22/Aug/2017:10:07:07 -0300] "GET /cormun/servlet/trcontratounov2 HTTP/1.1" 200 6808
190.151.124.170 - - [22/Aug/2017:10:07:08 -0300] "GET /cormun/servlet/trcontratounov2 HTTP/1.1" 200 6808
186.79.105.157 - - [22/Aug/2017:10:07:12 -0300] "GET /cormun/static/menuarrow.gif HTTP/1.1" 404 1015
190.151.124.170 - - [22/Aug/2017:10:07:16 -0300] "GET /cormun/servlet/trcontratounov2? HTTP/1.1" 200 6808
190.151.124.170 - - [22/Aug/2017:10:07:17 -0300] "GET /cormun/servlet/trcontratounov2? HTTP/1.1" 200 6808
190.151.124.170 - - [22/Aug/2017:10:07:31 -0300] "GET /cormun/servlet/hhome HTTP/1.1" 200 3993
190.151.124.170 - - [22/Aug/2017:10:07:32 -0300] "GET /cormun/servlet/hhome HTTP/1.1" 200 3990
192.168.10.62 - - [22/Aug/2017:10:07:43 -0300] "POST /cormun/servlet/trsolicitudgral?f1ba09761983f1df158ce610f2e6bbb0,,gx-no-cache=1503407233896 HTTP/1.1" 440 972
192.168.10.62 - - [22/Aug/2017:10:07:44 -0300] "GET /cormun/servlet/trsolicitudgral? HTTP/1.1" 500 10
192.168.10.62 - - [22/Aug/2017:10:07:51 -0300] "GET /cormun/servlet/hlogin HTTP/1.1" 200 1717
192.168.10.62 - - [22/Aug/2017:10:08:03 -0300] "POST /cormun/servlet/hlogin?0735f7dfc63c43be6d1a6a442f8f852b,gx-no-cache=1503407254302 HTTP/1.1" 200 90
192.168.10.62 - - [22/Aug/2017:10:08:04 -0300] "GET /cormun/servlet/hpexe_link HTTP/1.1" 200 948
192.168.10.62 - - [22/Aug/2017:10:08:04 -0300] "GET /cormun/servlet/hhome HTTP/1.1" 200 3803
192.168.10.62 - - [22/Aug/2017:10:08:04 -0300] "GET /cormun/servlet/hhome HTTP/1.1" 200 3799
192.168.10.62 - - [22/Aug/2017:10:08:07 -0300] "GET /cormun/servlet/trsolicitudgral? HTTP/1.1" 200 16563
192.168.10.62 - - [22/Aug/2017:10:08:07 -0300] "GET /cormun/servlet/trsolicitudgral? HTTP/1.1" 200 16561
200.86.95.220 - - [22/Aug/2017:10:08:11 -0300] "GET /cormun/servlet/hlogin HTTP/1.1" 200 1724
200.86.95.220 - - [22/Aug/2017:10:08:11 -0300] "GET /cormun/servlet/hlogin HTTP/1.1" 200 1734
192.168.10.62 - - [22/Aug/2017:10:08:14 -0300] "POST /cormun/servlet/trsolicitudgral?0735f7dfc63c43be6d1a6a442f8f852b,,gx-no-cache=1503407264551 HTTP/1.1" 200 22229
192.168.10.62 - - [22/Aug/2017:10:08:16 -0300] "POST /cormun/servlet/trsolicitudgral?0735f7dfc63c43be6d1a6a442f8f852b,,gx-no-cache=1503407266290 HTTP/1.1" 200 105
192.168.10.62 - - [22/Aug/2017:10:08:16 -0300] "GET /cormun/SolicitudGral-2894.xls HTTP/1.1" 200 24576
200.86.95.220 - - [22/Aug/2017:10:08:19 -0300] "POST /cormun/servlet/hlogin?811de48910319ee399a648de90e343d5,gx-no-cache=1503407340131 HTTP/1.1" 200 90
200.86.95.220 - - [22/Aug/2017:10:08:19 -0300] "GET /cormun/servlet/hpexe_link HTTP/1.1" 200 952
200.86.95.220 - - [22/Aug/2017:10:08:20 -0300] "GET /cormun/servlet/hhome HTTP/1.1" 200 3799
200.86.95.220 - - [22/Aug/2017:10:08:21 -0300] "GET /cormun/servlet/hhome HTTP/1.1" 200 3796
200.86.95.220 - - [22/Aug/2017:10:08:24 -0300] "GET /cormun/servlet/trsolicitudot? HTTP/1.1" 200 9812
200.86.95.220 - - [22/Aug/2017:10:08:25 -0300] "GET /cormun/servlet/trsolicitudot? HTTP/1.1" 200 9808
200.86.95.220 - - [22/Aug/2017:10:08:52 -0300] "GET /cormun/servlet/solicitudot?INS,0,0, HTTP/1.1" 200 12667
200.86.95.220 - - [22/Aug/2017:10:08:52 -0300] "GET /cormun/static/gxcfg.js?201752522134570 HTTP/1.1" 200 953
200.86.95.220 - - [22/Aug/2017:10:08:53 -0300] "GET /cormun/servlet/solicitudot?INS,0,0, HTTP/1.1" 200 12671
186.79.105.157 - - [22/Aug/2017:10:08:55 -0300] "GET /cormun/servlet/licenciaspermisos?90ba09312755ca9f6db35c5d1d6538398eb225f3080badf9061a02a9a25ef415b6e4e5a7bfccceed254e502950030195d054bb815e0a29724e5d8b6d9c1bada55e6a4a6dec645026a299b231ef5387dc0a84276659e7722728788d77b9b28d631ce6ef3b43a221dfe2dbca4c03a59777f7bf6630fc851611965b239ac01b8de573f61ee3aae55f1266810486d3af3a0423c30a78acfb43647452c541adc8eaede1511dfa6c7c2422b283271b67df8ba1,gx-no-cache=1503407375627 HTTP/1.1" 200 30
186.79.105.157 - - [22/Aug/2017:10:08:55 -0300] "GET /cormun/servlet/licenciaspermisos?90ba09312755ca9f6db35c5d1d6538399ccb4743ab990fafe4b0f552bbedd730ef5c4083a2c33930e87a235b34857eebffad1bd50f0ea7a7faf427d36c24f1326b0693cc7763227963db84b64ec87e274e97205b9abb0429bfc0b8c11df1c8ca51c294c587a4466c1b5467535ed1566c74f0cd0c6c3d62b4a9cec2bc54da72ac7566b049460a9b82b23448d04154754e93a7f98d4f3b60fe9a2e65e80655652dcbf74c45a27c2d1ef9d4058df4ac090e,gx-no-cache=1503407375741 HTTP/1.1" 200 29
186.79.105.157 - - [22/Aug/2017:10:08:55 -0300] "POST /cormun/servlet/licenciaspermisos?e63f912c10245fbba92f5da97baa8030,INS,0,,,,gx-no-cache=1503407375839 HTTP/1.1" 200 93
186.79.105.157 - - [22/Aug/2017:10:08:55 -0300] "GET /cormun/servlet/hpexe_return? HTTP/1.1" 200 1013
186.79.105.157 - - [22/Aug/2017:10:08:56 -0300] "GET /cormun/servlet/trlicencias HTTP/1.1" 200 13034
186.79.105.157 - - [22/Aug/2017:10:08:58 -0300] "GET /cormun/servlet/trlicencias HTTP/1.1" 200 13029
200.86.95.220 - - [22/Aug/2017:10:09:07 -0300] "POST /cormun/servlet/solicitudot?gx-no-cache=1503407387871 HTTP/1.1" 200 3112
200.86.95.220 - - [22/Aug/2017:10:09:07 -0300] "POST /cormun/servlet/solicitudot?811de48910319ee399a648de90e343d5,INS,0,0,,gx-no-cache=1503407388131 HTTP/1.1" 200 9734
186.79.105.157 - - [22/Aug/2017:10:09:11 -0300] "GET /cormun/servlet/trlicenciaspermisosadjuntos?24698895,20170822000000,L, HTTP/1.1" 200 6410
186.79.105.157 - - [22/Aug/2017:10:09:13 -0300] "GET /cormun/servlet/trlicenciaspermisosadjuntos?24698895,20170822000000,L, HTTP/1.1" 200 6411
200.86.95.220 - - [22/Aug/2017:10:09:14 -0300] "GET /cormun/servlet/solicitudot?f4d6a08d2b366b8927dc737dec1774fd30490b8f260171d029fe6c0cb4862d9d45d06df9e3c2fdc0f6c463cc41681e26,gx-no-cache=1503407394700 HTTP/1.1" 200 30
192.168.10.89 - - [22/Aug/2017:10:09:15 -0300] "GET /cormun/servlet/hlogin HTTP/1.1" 200 1724
186.79.105.157 - - [22/Aug/2017:10:09:15 -0300] "GET /cormun/servlet/licenciaspermisosadjuntos?INS,24698895,L,20170822000000,, HTTP/1.1" 200 5705
186.79.105.157 - - [22/Aug/2017:10:09:16 -0300] "GET /cormun/static/about:blank HTTP/1.1" 404 1011
186.79.105.157 - - [22/Aug/2017:10:09:16 -0300] "GET /cormun/servlet/licenciaspermisosadjuntos?INS,24698895,L,20170822000000,, HTTP/1.1" 200 5695
192.168.10.89 - - [22/Aug/2017:10:09:21 -0300] "POST /cormun/servlet/hlogin?6ffacc96039b9edc14b2335fd61e1ea3,gx-no-cache=1503407332041 HTTP/1.1" 200 90
192.168.10.89 - - [22/Aug/2017:10:09:21 -0300] "GET /cormun/servlet/hpexe_link HTTP/1.1" 200 952
192.168.10.89 - - [22/Aug/2017:10:09:21 -0300] "GET /cormun/servlet/hhome HTTP/1.1" 200 4633
192.168.10.89 - - [22/Aug/2017:10:09:27 -0300] "GET /cormun/servlet/trsolicitudgral? HTTP/1.1" 200 28797
192.168.10.89 - - [22/Aug/2017:10:09:33 -0300] "POST /cormun/servlet/trsolicitudgral?6ffacc96039b9edc14b2335fd61e1ea3,,gx-no-cache=1503407342442 HTTP/1.1" 200 105
192.168.10.89 - - [22/Aug/2017:10:09:33 -0300] "GET /cormun/SolicitudGral-2088.xls HTTP/1.1" 200 48128
192.168.10.89 - - [22/Aug/2017:10:09:36 -0300] "OPTIONS /cormun/ HTTP/1.1" 200 -
192.168.10.89 - - [22/Aug/2017:10:09:36 -0300] "OPTIONS /cormun/ HTTP/1.1" 200 -
192.168.10.89 - - [22/Aug/2017:10:09:41 -0300] "HEAD /cormun/SolicitudGral-2088.xls HTTP/1.1" 200 -
192.168.10.89 - - [22/Aug/2017:10:09:41 -0300] "HEAD /cormun/SolicitudGral-2088.xls HTTP/1.1" 200 -
186.79.105.157 - - [22/Aug/2017:10:09:45 -0300] "POST /cormun/servlet/licenciaspermisosadjuntos?e63f912c10245fbba92f5da97baa8030,INS,24698895,L,20170822000000,, HTTP/1.1" 200 116
186.79.105.157 - - [22/Aug/2017:10:09:45 -0300] "GET /cormun/servlet/hpexe_return? HTTP/1.1" 200 1044
186.79.105.157 - - [22/Aug/2017:10:09:45 -0300] "GET /cormun/servlet/trlicenciaspermisosadjuntos?24698895,20170822000000,L, HTTP/1.1" 200 6905
192.168.10.89 - - [22/Aug/2017:10:09:46 -0300] "GET /cormun/SolicitudGral-2088.xls HTTP/1.1" 200 48128
192.168.10.89 - - [22/Aug/2017:10:09:46 -0300] "HEAD /cormun/SolicitudGral-2088.xls HTTP/1.1" 200 -
186.79.105.157 - - [22/Aug/2017:10:09:47 -0300] "GET /cormun/servlet/trlicenciaspermisosadjuntos?24698895,20170822000000,L, HTTP/1.1" 200 6902
186.79.105.157 - - [22/Aug/2017:10:09:50 -0300] "POST /cormun/servlet/trlicenciaspermisosadjuntos?e63f912c10245fbba92f5da97baa8030,24698895,20170822000000,L,,gx-no-cache=1503407430409 HTTP/1.1" 200 90
186.79.105.157 - - [22/Aug/2017:10:09:50 -0300] "GET /cormun/servlet/hpexe_link HTTP/1.1" 200 985
186.79.105.157 - - [22/Aug/2017:10:09:50 -0300] "GET /cormun/servlet/trlicencias HTTP/1.1" 200 13031
186.103.196.90 - - [22/Aug/2017:10:09:51 -0300] "GET /cormun/servlet/trcontratounov2? HTTP/1.1" 200 6807
186.103.196.90 - - [22/Aug/2017:10:09:52 -0300] "GET /cormun/servlet/trcontratounov2? HTTP/1.1" 200 6806
186.79.105.157 - - [22/Aug/2017:10:09:52 -0300] "GET /cormun/servlet/trlicencias HTTP/1.1" 200 13029
186.79.105.157 - - [22/Aug/2017:10:09:55 -0300] "GET /cormun/servlet/alicenciaprn?24698895,L,20170822000000,PU HTTP/1.1" 200 1534
186.103.196.90 - - [22/Aug/2017:10:09:58 -0300] "POST /cormun/servlet/trcontratounov2?0bc028467d198dab68ac8cf77aad8a32,,gx-no-cache=1503411037642 HTTP/1.1" 200 4044
192.168.10.89 - - [22/Aug/2017:10:10:42 -0300] "POST /cormun/servlet/trsolicitudgral?6ffacc96039b9edc14b2335fd61e1ea3,,gx-no-cache=1503407412854 HTTP/1.1" 200 7183
192.168.10.89 - - [22/Aug/2017:10:10:50 -0300] "POST /cormun/servlet/trsolicitudgral?6ffacc96039b9edc14b2335fd61e1ea3,,gx-no-cache=1503407421237 HTTP/1.1" 200 5983
192.168.10.89 - - [22/Aug/2017:10:10:51 -0300] "GET /cormun/static/Shared/jqueryui/images/ui-bg_flat_55_fafafa_40x100.png HTTP/1.1" 404 1097
192.168.10.89 - - [22/Aug/2017:10:10:51 -0300] "GET /cormun/static/Shared/jqueryui/images/ui-icons_82798d_256x240.png HTTP/1.1" 404 1089
192.168.10.89 - - [22/Aug/2017:10:10:51 -0300] "GET /cormun/static/Shared/jqueryui/images/ui-bg_highlight-soft_100_c6c2c8_1x100.png HTTP/1.1" 404 1117
192.168.10.89 - - [22/Aug/2017:10:10:51 -0300] "GET /cormun/static/Shared/jqueryui/images/ui-icons_8d78a5_256x240.png HTTP/1.1" 404 1089
186.79.105.157 - - [22/Aug/2017:10:10:53 -0300] "POST /cormun/servlet/trlicencias?e63f912c10245fbba92f5da97baa8030,gx-no-cache=1503407493658 HTTP/1.1" 200 10351
200.86.95.220 - - [22/Aug/2017:10:10:53 -0300] "POST /cormun/servlet/solicitudot?gx-no-cache=1503407494194 HTTP/1.1" 200 297
200.86.95.220 - - [22/Aug/2017:10:10:54 -0300] "GET /cormun/servlet/solicitudot?f4d6a08d2b366b8927dc737dec1774fd8c275f45e053adbc0ee9ae3d40557eb43e1341b247d1f36fb444e04c13e62128ef0751aeaa42ce29788839330a708997a2897039e8306034f56eacf7217a739cff1c1a503b58c4f20206eb16c8d2925be3ccdd99c5a72b4e69a70ffb44655a2acc610db4532bde463fe0ea6932e6415467c771d8ffaed690fb4e40bbd33062f125eeb29bfbb5df5a7821bd1384f2721a80d2836713a3833fb42e647b13a13f3702d87c4fdf4f85f9c3c5e770fafe042b02320287785091f78ff245295e416340c390ec976a185172785e2998812ffbe1f8325da7de0ad72629e33e6132cb6c362688503ce5211b5154fd89f44b252804b12932b7f2b1806742385d833442134451e76a3a062ef092b638bbfe4e16cf323c34b7b5b83e1081d8cd34bf0eac588727be1aa9bd54e579476c3dfd3b7485619e9cd7000b8942831de1b1b001fdae8f3a416b769e27ae79cf6269d7bb40ee00c28f5b19226c466fe56e377fd3b84f0ddd37fe23bb062983d4ab8b64ab9823072d519b161987823cb48708052ea991f8,gx-no-cache=1503407494344 HTTP/1.1" 200 30
186.79.105.157 - - [22/Aug/2017:10:10:54 -0300] "GET /cormun/static/Shared/jqueryui/images/ui-bg_highlight-soft_100_c6c2c8_1x100.png HTTP/1.1" 404 1117
186.79.105.157 - - [22/Aug/2017:10:10:54 -0300] "GET /cormun/static/Shared/jqueryui/images/ui-icons_82798d_256x240.png HTTP/1.1" 404 1089
186.79.105.157 - - [22/Aug/2017:10:10:54 -0300] "GET /cormun/static/Shared/jqueryui/images/ui-bg_flat_55_fafafa_40x100.png HTTP/1.1" 404 1097
186.79.105.157 - - [22/Aug/2017:10:10:54 -0300] "GET /cormun/static/Shared/jqueryui/images/ui-icons_8d78a5_256x240.png HTTP/1.1" 404 1089
200.86.95.220 - - [22/Aug/2017:10:10:59 -0300] "POST /cormun/servlet/solicitudot?gx-no-cache=1503407499655 HTTP/1.1" 200 30
192.168.10.89 - - [22/Aug/2017:10:11:03 -0300] "POST /cormun/servlet/trsolicitudgral?6ffacc96039b9edc14b2335fd61e1ea3,,gx-no-cache=1503407433660 HTTP/1.1" 200 7150
200.86.95.220 - - [22/Aug/2017:10:11:05 -0300] "POST /cormun/servlet/solicitudot?gx-no-cache=1503407505395 HTTP/1.1" 200 1355
200.86.95.220 - - [22/Aug/2017:10:11:05 -0300] "POST /cormun/servlet/solicitudot?gx-no-cache=1503407505577 HTTP/1.1" 200 38
186.79.105.157 - - [22/Aug/2017:10:11:05 -0300] "GET /cormun/static/Shared/jqueryui/images/ui-bg_highlight-soft_100_eae6ea_1x100.png HTTP/1.1" 404 1117
186.79.105.157 - - [22/Aug/2017:10:11:06 -0300] "GET /cormun/servlet/hlogin HTTP/1.1" 200 1736
186.67.84.234 - - [22/Aug/2017:10:11:12 -0300] "POST /cormun/servlet/trcontratounov2?0bc028467d198dab68ac8cf77aad8a32,,gx-no-cache=1503411111560 HTTP/1.1" 200 4040
200.86.95.220 - - [22/Aug/2017:10:11:13 -0300] "GET /cormun/servlet/solicitudot?f4d6a08d2b366b8927dc737dec1774fd65bac9524c5a4d7340f15a751bdae7f1f0d43a2c4ff29f9d5d579b0fe0044a3718e3e650b9d96116d527755d9eb4ab1099ec7a0e7f7320ea856dbc788234d7e55ea821720053af593d40c18a89af4e9dfbe5924becdd3236fa93b2acb93b8f8d,gx-no-cache=1503407513904 HTTP/1.1" 200 29
200.86.95.220 - - [22/Aug/2017:10:11:13 -0300] "POST /cormun/servlet/solicitudot?gx-no-cache=1503407513980 HTTP/1.1" 200 1336
186.67.84.234 - - [22/Aug/2017:10:11:16 -0300] "GET /cormun/servlet/trcontratounov2? HTTP/1.1" 200 6801
186.67.84.234 - - [22/Aug/2017:10:11:18 -0300] "GET /cormun/servlet/trcontratounov2? HTTP/1.1" 200 6801
192.168.10.89 - - [22/Aug/2017:10:11:19 -0300] "POST /cormun/servlet/trsolicitudgral?6ffacc96039b9edc14b2335fd61e1ea3,,gx-no-cache=1503407449953 HTTP/1.1" 200 5972
186.67.84.234 - - [22/Aug/2017:10:11:24 -0300] "POST /cormun/servlet/trcontratounov2?0bc028467d198dab68ac8cf77aad8a32,,gx-no-cache=1503411124109 HTTP/1.1" 200 4044
186.67.84.234 - - [22/Aug/2017:10:11:26 -0300] "POST /cormun/servlet/trcontratounov2?0bc028467d198dab68ac8cf77aad8a32,,gx-no-cache=1503411125628 HTTP/1.1" 200 4044
192.168.10.89 - - [22/Aug/2017:10:11:40 -0300] "POST /cormun/servlet/trsolicitudgral?6ffacc96039b9edc14b2335fd61e1ea3,,gx-no-cache=1503407471163 HTTP/1.1" 200 7153
200.86.95.220 - - [22/Aug/2017:10:11:56 -0300] "GET /cormun/static/menuarrow.gif HTTP/1.1" 404 1015
192.168.10.89 - - [22/Aug/2017:10:11:59 -0300] "POST /cormun/servlet/trsolicitudgral?6ffacc96039b9edc14b2335fd61e1ea3,,gx-no-cache=1503407489488 HTTP/1.1" 200 5975
186.67.84.234 - - [22/Aug/2017:10:12:07 -0300] "GET /cormun/servlet/trcontratounov2? HTTP/1.1" 200 6801
186.67.84.234 - - [22/Aug/2017:10:12:09 -0300] "GET /cormun/servlet/trcontratounov2? HTTP/1.1" 200 6801
200.86.95.220 - - [22/Aug/2017:10:12:10 -0300] "POST /cormun/servlet/solicitudot?gx-no-cache=1503407570370 HTTP/1.1" 200 30
157.55.39.180 - - [22/Aug/2017:10:12:20 -0300] "GET /cormun/static/Resources/Spanish/PXTools.css?17315867 HTTP/1.1" 200 89042
192.168.10.89 - - [22/Aug/2017:10:12:22 -0300] "POST /cormun/servlet/trsolicitudgral?6ffacc96039b9edc14b2335fd61e1ea3,,gx-no-cache=1503407512779 HTTP/1.1" 200 7162
192.168.10.62 - - [22/Aug/2017:10:12:22 -0300] "GET /cormun/servlet/vesolicitudgral?2017,7195,, HTTP/1.1" 200 8265
192.168.10.62 - - [22/Aug/2017:10:12:23 -0300] "GET /cormun/pexe_scrolldiv.js HTTP/1.1" 404 1009
192.168.10.62 - - [22/Aug/2017:10:12:23 -0300] "GET /cormun/static/gxcfg.js?20176271754486 HTTP/1.1" 304 -
192.168.10.62 - - [22/Aug/2017:10:12:23 -0300] "GET /cormun/static/vesolicitudgral.js?20176271754554 HTTP/1.1" 304 -
192.168.10.62 - - [22/Aug/2017:10:12:23 -0300] "GET /cormun/static/hwcviewtabs.js?20177611594913 HTTP/1.1" 304 -
192.168.10.62 - - [22/Aug/2017:10:12:23 -0300] "GET /cormun/static/tbsolicitudgral01.js?201776126581 HTTP/1.1" 304 -
192.168.10.62 - - [22/Aug/2017:10:12:23 -0300] "GET /cormun/static/hpexe_tabsview.js?201610171694228 HTTP/1.1" 304 -
192.168.10.62 - - [22/Aug/2017:10:12:23 -0300] "GET /cormun/pexe_scrolldiv.js HTTP/1.1" 404 1009
192.168.10.62 - - [22/Aug/2017:10:12:23 -0300] "GET /cormun/servlet/vesolicitudgral?2017,7195,, HTTP/1.1" 200 8265
207.46.13.184 - - [22/Aug/2017:10:12:24 -0300] "GET /cormun/static/licenciaspermisos.js?201762917281260 HTTP/1.1" 200 37491
192.168.10.62 - - [22/Aug/2017:10:12:25 -0300] "POST /cormun/servlet/vesolicitudgral?0735f7dfc63c43be6d1a6a442f8f852b,2017,7195,,,gx-no-cache=1503407515987 HTTP/1.1" 200 106
192.168.10.62 - - [22/Aug/2017:10:12:25 -0300] "GET /cormun/servlet/solicitudgral?UPD,2017,7195, HTTP/1.1" 200 11775
192.168.10.62 - - [22/Aug/2017:10:12:25 -0300] "GET /cormun/static/gxcfg.js?20176272140328 HTTP/1.1" 304 -
192.168.10.62 - - [22/Aug/2017:10:12:25 -0300] "GET /cormun/static/solicitudgral.js?20176272140394 HTTP/1.1" 304 -
192.168.10.62 - - [22/Aug/2017:10:12:26 -0300] "GET /cormun/servlet/solicitudgral?UPD,2017,7195, HTTP/1.1" 200 11775
192.168.10.62 - - [22/Aug/2017:10:12:26 -0300] "POST /cormun/servlet/solicitudgral?gx-no-cache=1503407517194 HTTP/1.1" 200 3210
192.168.10.62 - - [22/Aug/2017:10:12:26 -0300] "GET /cormun/servlet/solicitudgral?85ed8df6ff0da8b17cb87152144a08f82c16d04f2b103659cae56674818c1ba7d742a7a8c4d90eb839ce71b5accbbb76144bc283863d79ccd49fe0908eb3b119460c45ada2aab3e4814b6175e0eb36e1c3eb89cff86124f9f072ccc2b7cff6adf27381960004da7c868f5cdbbb96fff4b3a7942748e591a75551cd92f6679bba600ad779b89f634ba917b3b17f7f9d4da7f88cbfa09eade2332207387213b0c2e2bf4310224aa20996d8acaf05fc2827b97ed2ce23dddeff5a1219f42e5d3cfbfcd5e9a46e46353200fd7f11e47a8346c1c9cb91baa7e81297c7834ce9343196823fbb3bd1d22b546e843d9ab6b8e0c0db094b9c8bb00f10a10473bf7537c3126e5c2b367140a2a502cf190f9f680c662e542b078f02ac1d09e9f733a22ef47d1fea127f03b62e39744fa93fe68e7b7c99e0e4d3fc22f2253bb1b481a0bf5ec90abf96b9e164444594c1c173f6f7889b,gx-no-cache=1503407517312 HTTP/1.1" 200 257
40.77.167.36 - - [22/Aug/2017:10:12:30 -0300] "GET /cormun/static/Resources/prompt.gif HTTP/1.1" 200 902
192.168.10.62 - - [22/Aug/2017:10:12:30 -0300] "GET /cormun/servlet/solicitudgral?85ed8df6ff0da8b17cb87152144a08f8ad2a873ab05e0becd9f46dfd74a50b5eb262b079f26ed2f01e7d8ca722b03bd70938f40f866e084bf98d256240e34a55c918d30bce43a30ad7e8904dc723ecc5d2e03e5751bc2e5baabc3ba86e09f96ebdb0decc2334a56b306a419b924e513b589aa378f7f55dff8e9302651e71e8cd14435f2da05fe432e9c492ad35daaf37039c7bc0745659813d05f06cc8b173137a69a9248d6910c6946ff91c409b8772f10cf94aaf9237ce498200048f5d66e68fd42b20b8d1fcf9ca32c6be568a68d7ef88e59852a4cdf09c638dbcef57c7946e5b4637ea612d7ace02b6b0f0de71d24c1d5d480f1da8aa331148400fd026b722e492aa141b6694f83cd6e27ecc84d080df041d7daa0a4d548175e539d67b4e03d6bd802fb4d400b5416472e6f03acc8ac7dd6a862cf8feba50fe4ba9cbfb6efa887dae997123eb4ce14e196ea2f44e7b9a9f195de4582e7a55e30c55ab499aef3f3b205bc434747088729570931e8b0cf528e72a0c2d92d21c7d77c7a582c53d18f5db045277c7178151572e32c5f2904475b123c053163b5fa1b8c0ee9ab506762d5beb0350c80416959f7f7ba29a5e56d7177a152060ea9fea0f2c6e4a8d799922220172434322bb898d8fe41f16e3d0f519055acdf0297fdabb04db3a7f159fdb95a4f51ee314dd33e6059218ccd7c7e03ac6674d9f410cb7ac2c4a9d70621c682cfb88b9298a56687c3a96c5c487b64fc9cbd5a7367abca3735e19146b6ac66dc640e330faf828057815889740,gx-no-cache=1503407521061 HTTP/1.1" 200 48
192.168.10.62 - - [22/Aug/2017:10:12:31 -0300] "POST /cormun/servlet/solicitudgral?0735f7dfc63c43be6d1a6a442f8f852b,UPD,2017,7195,,gx-no-cache=1503407522101 HTTP/1.1" 200 10350
192.168.10.62 - - [22/Aug/2017:10:12:31 -0300] "GET /cormun/servlet/solicitudgral?85ed8df6ff0da8b17cb87152144a08f8003e6cd246977010164cddb9f025a43a3dd8959a8766ee1c134ac9ea6b61b65aad1215a6ce0d94268b6ee46773b260bf967a08231109499369fb17410bce66695d9cac2ff35e36d65801949b0937aa213b22aed0de991d788765beb1aec320b8a25625cbcff19c2153c7a878c69a6395348f66526a5504f956ba58c022aa6fb066275cb9f908c0cc246033d6b961d60d,gx-no-cache=1503407522261 HTTP/1.1" 200 29
192.168.10.62 - - [22/Aug/2017:10:12:31 -0300] "POST /cormun/servlet/solicitudgral?gx-no-cache=1503407522274 HTTP/1.1" 200 1311
192.168.10.62 - - [22/Aug/2017:10:12:31 -0300] "POST /cormun/servlet/solicitudgral?gx-no-cache=1503407522300 HTTP/1.1" 200 1216
192.168.10.62 - - [22/Aug/2017:10:12:32 -0300] "POST /cormun/servlet/solicitudgral?0735f7dfc63c43be6d1a6a442f8f852b,UPD,2017,7195,,gx-no-cache=1503407522333 HTTP/1.1" 200 93
192.168.10.62 - - [22/Aug/2017:10:12:32 -0300] "GET /cormun/servlet/hpexe_return? HTTP/1.1" 200 1014
192.168.10.62 - - [22/Aug/2017:10:12:32 -0300] "GET /cormun/static/Resources/Spanish/PXTools.css?167811 HTTP/1.1" 304 -
192.168.10.62 - - [22/Aug/2017:10:12:32 -0300] "GET /cormun/static/gxcfg.js?2016101716175148 HTTP/1.1" 304 -
192.168.10.62 - - [22/Aug/2017:10:12:32 -0300] "GET /cormun/static/hpexe_return.js?2016101716175153 HTTP/1.1" 304 -
192.168.10.62 - - [22/Aug/2017:10:12:32 -0300] "GET /cormun/servlet/vesolicitudgral?2017,7195,, HTTP/1.1" 200 8266
192.168.10.62 - - [22/Aug/2017:10:12:32 -0300] "GET /cormun/pexe_scrolldiv.js HTTP/1.1" 404 1009
192.168.10.62 - - [22/Aug/2017:10:12:32 -0300] "GET /cormun/pexe_scrolldiv.js HTTP/1.1" 404 1009
192.168.10.62 - - [22/Aug/2017:10:12:32 -0300] "GET /cormun/servlet/vesolicitudgral?2017,7195,, HTTP/1.1" 200 8262
200.86.95.220 - - [22/Aug/2017:10:12:40 -0300] "POST /cormun/servlet/solicitudot?811de48910319ee399a648de90e343d5,INS,0,0,,gx-no-cache=1503407600377 HTTP/1.1" 200 93
200.86.95.220 - - [22/Aug/2017:10:12:40 -0300] "GET /cormun/servlet/hpexe_return? HTTP/1.1" 200 1007
200.86.95.220 - - [22/Aug/2017:10:12:40 -0300] "GET /cormun/servlet/trsolicitudot HTTP/1.1" 200 10169
200.86.95.220 - - [22/Aug/2017:10:12:42 -0300] "GET /cormun/servlet/trsolicitudot HTTP/1.1" 200 10164
192.168.10.89 - - [22/Aug/2017:10:12:48 -0300] "POST /cormun/servlet/trsolicitudgral?6ffacc96039b9edc14b2335fd61e1ea3,,gx-no-cache=1503407539018 HTTP/1.1" 200 5979
200.86.95.220 - - [22/Aug/2017:10:12:57 -0300] "POST /cormun/servlet/trsolicitudot?811de48910319ee399a648de90e343d5,gx-no-cache=1503407617712 HTTP/1.1" 200 106
200.86.95.220 - - [22/Aug/2017:10:12:57 -0300] "GET /cormun/servlet/trsolicitudadjuntos?2017,7241, HTTP/1.1" 200 5895
200.86.95.220 - - [22/Aug/2017:10:12:57 -0300] "GET /cormun/static/gxcfg.js?20177612135366 HTTP/1.1" 200 953
200.86.95.220 - - [22/Aug/2017:10:12:57 -0300] "GET /cormun/static/trsolicitudadjuntos.js?20177612135632 HTTP/1.1" 200 17922
200.86.95.220 - - [22/Aug/2017:10:12:58 -0300] "GET /cormun/servlet/trsolicitudadjuntos?2017,7241, HTTP/1.1" 200 5895
192.168.10.62 - - [22/Aug/2017:10:13:01 -0300] "GET /cormun/servlet/trsolicitudgral? HTTP/1.1" 200 24158
200.86.95.220 - - [22/Aug/2017:10:13:02 -0300] "GET /cormun/servlet/solicitudotadjuntos?INS,2017,7241,,1, HTTP/1.1" 200 5851
200.86.95.220 - - [22/Aug/2017:10:13:02 -0300] "GET /cormun/static/gxcfg.js?201752511522888 HTTP/1.1" 200 953
200.86.95.220 - - [22/Aug/2017:10:13:02 -0300] "GET /cormun/static/solicitudotadjuntos.js?20175251152299 HTTP/1.1" 200 11771
192.168.10.62 - - [22/Aug/2017:10:13:02 -0300] "GET /cormun/servlet/trsolicitudgral? HTTP/1.1" 200 24154
200.86.95.220 - - [22/Aug/2017:10:13:02 -0300] "GET /cormun/static/about:blank HTTP/1.1" 404 1011
200.86.95.220 - - [22/Aug/2017:10:13:02 -0300] "GET /cormun/servlet/solicitudotadjuntos?INS,2017,7241,,1, HTTP/1.1" 200 5845
200.86.95.220 - - [22/Aug/2017:10:13:03 -0300] "GET /cormun/servlet/solicitudotadjuntos?f4d6a08d2b366b8927dc737dec1774fdead85d91ec64a82db5c6ca35234836432a24a11cf9d7c0c49cfbec98f6b05c0a,gx-no-cache=1503407623827 HTTP/1.1" 200 30
200.86.95.220 - - [22/Aug/2017:10:13:03 -0300] "POST /cormun/servlet/solicitudotadjuntos?811de48910319ee399a648de90e343d5,INS,2017,7241,,1,,gx-no-cache=1503407623939 HTTP/1.1" 200 3645
192.168.10.62 - - [22/Aug/2017:10:13:05 -0300] "POST /cormun/servlet/trsolicitudgral?0735f7dfc63c43be6d1a6a442f8f852b,,gx-no-cache=1503407555937 HTTP/1.1" 200 13432
192.168.10.89 - - [22/Aug/2017:10:13:06 -0300] "POST /cormun/servlet/trsolicitudgral?6ffacc96039b9edc14b2335fd61e1ea3,,gx-no-cache=1503407557083 HTTP/1.1" 200 7157
200.86.95.220 - - [22/Aug/2017:10:13:08 -0300] "POST /cormun/servlet/solicitudotadjuntos?gx-no-cache=1503407628853 HTTP/1.1" 200 26
186.67.84.234 - - [22/Aug/2017:10:13:10 -0300] "GET /cormun/servlet/hhome HTTP/1.1" 200 3993
186.67.84.234 - - [22/Aug/2017:10:13:11 -0300] "GET /cormun/servlet/hhome HTTP/1.1" 200 3990
192.168.10.96 - - [22/Aug/2017:10:13:15 -0300] "GET /cormun/servlet/vesolicitudgral?2017,7107,,SolicitudOTAdjuntos HTTP/1.1" 200 11016
192.168.10.96 - - [22/Aug/2017:10:13:16 -0300] "GET /cormun/servlet/vesolicitudgral?2017,7107,,SolicitudOTAdjuntos HTTP/1.1" 200 11024
192.168.10.96 - - [22/Aug/2017:10:13:16 -0300] "POST /cormun/servlet/acontrolpreferencessavestate?None,DZAMUDIO,true HTTP/1.1" 200 35
200.86.95.220 - - [22/Aug/2017:10:13:16 -0300] "GET /cormun/servlet/solicitudotadjuntos?f4d6a08d2b366b8927dc737dec1774fd815b92c2ba442971ef5df004bec2158e,gx-no-cache=1503407637278 HTTP/1.1" 200 30
200.86.95.220 - - [22/Aug/2017:10:13:16 -0300] "GET /cormun/servlet/solicitudotadjuntos?f4d6a08d2b366b8927dc737dec1774fd815b92c2ba442971ef5df004bec2158e,gx-no-cache=1503407637340 HTTP/1.1" 200 30
200.86.95.220 - - [22/Aug/2017:10:13:18 -0300] "POST /cormun/servlet/solicitudotadjuntos?811de48910319ee399a648de90e343d5,INS,2017,7241,,1, HTTP/1.1" 200 116
200.86.95.220 - - [22/Aug/2017:10:13:18 -0300] "GET /cormun/servlet/hpexe_return? HTTP/1.1" 200 1026
200.86.95.220 - - [22/Aug/2017:10:13:18 -0300] "GET /cormun/servlet/trsolicitudadjuntos?2017,7241, HTTP/1.1" 200 8121
192.168.10.96 - - [22/Aug/2017:10:13:19 -0300] "GET /cormun/servlet/trsolicitudgral? HTTP/1.1" 200 12162
192.168.10.96 - - [22/Aug/2017:10:13:19 -0300] "GET /cormun/servlet/trsolicitudgral? HTTP/1.1" 200 12152
200.86.95.220 - - [22/Aug/2017:10:13:19 -0300] "GET /cormun/servlet/trsolicitudadjuntos?2017,7241, HTTP/1.1" 200 8117
200.86.95.220 - - [22/Aug/2017:10:13:22 -0300] "GET /cormun/servlet/solicitudotadjuntos?INS,2017,7241,,1, HTTP/1.1" 200 5851
200.86.95.220 - - [22/Aug/2017:10:13:22 -0300] "GET /cormun/static/about:blank HTTP/1.1" 404 1011
200.86.95.220 - - [22/Aug/2017:10:13:23 -0300] "GET /cormun/servlet/solicitudotadjuntos?INS,2017,7241,,1, HTTP/1.1" 200 5845
200.86.95.220 - - [22/Aug/2017:10:13:24 -0300] "GET /cormun/servlet/solicitudotadjuntos?f4d6a08d2b366b8927dc737dec1774fdead85d91ec64a82db5c6ca35234836432a24a11cf9d7c0c49cfbec98f6b05c0a,gx-no-cache=1503407644478 HTTP/1.1" 200 30
200.86.95.220 - - [22/Aug/2017:10:13:24 -0300] "POST /cormun/servlet/solicitudotadjuntos?811de48910319ee399a648de90e343d5,INS,2017,7241,,1,,gx-no-cache=1503407644533 HTTP/1.1" 200 3645
192.168.10.62 - - [22/Aug/2017:10:13:25 -0300] "POST /cormun/servlet/trsolicitudgral?0735f7dfc63c43be6d1a6a442f8f852b,,gx-no-cache=1503407575306 HTTP/1.1" 200 13071
192.168.10.62 - - [22/Aug/2017:10:13:25 -0300] "GET /cormun/static/Shared/jqueryui/images/ui-bg_highlight-soft_100_c6c2c8_1x100.png HTTP/1.1" 404 1117
192.168.10.62 - - [22/Aug/2017:10:13:25 -0300] "GET /cormun/static/Shared/jqueryui/images/ui-bg_flat_55_fafafa_40x100.png HTTP/1.1" 404 1097
192.168.10.62 - - [22/Aug/2017:10:13:25 -0300] "GET /cormun/static/Shared/jqueryui/images/ui-icons_8d78a5_256x240.png HTTP/1.1" 404 1089
192.168.10.62 - - [22/Aug/2017:10:13:25 -0300] "GET /cormun/static/Shared/jqueryui/images/ui-icons_82798d_256x240.png HTTP/1.1" 404 1089
200.86.95.220 - - [22/Aug/2017:10:13:26 -0300] "POST /cormun/servlet/solicitudotadjuntos?gx-no-cache=1503407647010 HTTP/1.1" 200 26
186.67.84.234 - - [22/Aug/2017:10:13:28 -0300] "GET /cormun/servlet/trcontratounov2? HTTP/1.1" 200 6802
186.67.84.234 - - [22/Aug/2017:10:13:29 -0300] "GET /cormun/servlet/trcontratounov2? HTTP/1.1" 200 6801
200.86.95.220 - - [22/Aug/2017:10:13:34 -0300] "GET /cormun/servlet/solicitudotadjuntos?f4d6a08d2b366b8927dc737dec1774fd815b92c2ba442971ef5df004bec2158e,gx-no-cache=1503407655181 HTTP/1.1" 200 30
200.86.95.220 - - [22/Aug/2017:10:13:34 -0300] "GET /cormun/servlet/solicitudotadjuntos?f4d6a08d2b366b8927dc737dec1774fd815b92c2ba442971ef5df004bec2158e,gx-no-cache=1503407655251 HTTP/1.1" 200 30
