186.79.105.157 - - [22/Aug/2017:14:30:38 -0300] "GET /cormun/servlet/solicitudot?2d2d087b08732c9f76cd3512c75bf1ed85b64a448a31410015c990d21d53e491514c5ef320e2eacc0e1c31ad4942f27b,gx-no-cache=1503423078914 HTTP/1.1" 200 30
186.79.26.225 - - [22/Aug/2017:14:31:19 -0300] "GET /cormun/servlet/hlogin HTTP/1.1" 200 1714
186.79.26.225 - - [22/Aug/2017:14:31:19 -0300] "GET /cormun/servlet/hlogin HTTP/1.1" 200 1725
186.79.26.225 - - [22/Aug/2017:14:31:33 -0300] "POST /cormun/servlet/hlogin?e2a34aa884e34326d3bfb80dcde25a67,gx-no-cache=1503423131716 HTTP/1.1" 200 90
186.79.26.225 - - [22/Aug/2017:14:31:33 -0300] "GET /cormun/servlet/hpexe_link HTTP/1.1" 200 946
186.79.26.225 - - [22/Aug/2017:14:31:33 -0300] "GET /cormun/servlet/hhome HTTP/1.1" 200 4017
186.79.26.225 - - [22/Aug/2017:14:31:34 -0300] "GET /cormun/servlet/hhome HTTP/1.1" 200 4013
186.79.26.225 - - [22/Aug/2017:14:31:41 -0300] "GET /cormun/servlet/trpermisosgoce? HTTP/1.1" 200 8608
186.79.26.225 - - [22/Aug/2017:14:31:42 -0300] "GET /cormun/servlet/trpermisosgoce? HTTP/1.1" 200 8606
186.79.26.225 - - [22/Aug/2017:14:31:51 -0300] "GET /cormun/static/menuarrow.gif HTTP/1.1" 404 1015
186.79.105.157 - - [22/Aug/2017:14:32:46 -0300] "POST /cormun/servlet/solicitudot?gx-no-cache=1503423207442 HTTP/1.1" 200 255
186.79.105.157 - - [22/Aug/2017:14:32:49 -0300] "GET /cormun/servlet/solicitudot?2d2d087b08732c9f76cd3512c75bf1ed463716a155d310489c0e273851133db35c879fe587c47255302707640d78a1d2c7c515b3c7a52daa3b74a5b1f1d04e4db6f356a3bbdd301940a6c4f1f22ebd2f027cfd75448bcbb0472c2c3f9daba9abb5612ed45c1dca72d0682c8800d96613a5b1d8eaca7daa1d48adb0b2f55fe3bbfcd66fb220d8f0e8ceaddb9effac102f2ba84d7f5d0c4dfb84677917bbbda6a07e96b9846ca0df627c490fc5d7478fee72a35070ab51b952567277529c7398bc65433a7671dea01c24dfb6d6570940bfd51efe6abb727448df996b2dab7873cd0873e0159d8e0e2be5eda5860339bed9ab05d3866d37aee4e80130e58ea4fea3706363991084f5c3c66ed97ea2a5fc1597988a920d3e1c4984186559f8c8cc83383c419e2e5ecdc3e93f48106416bb849e0040d53a6c338657c76eecf6fc855e91de887dc3a9f7adb4e5e470271917d2fd2b33cd452b18712e9483982f277ba90f8c61cd90e108d23afcc8b107a2ed30f0d3d3f7e4e562fdc969bfba21299a6e,gx-no-cache=1503423210291 HTTP/1.1" 200 30
186.79.105.157 - - [22/Aug/2017:14:32:59 -0300] "POST /cormun/servlet/solicitudot?gx-no-cache=1503423219393 HTTP/1.1" 200 30
186.79.105.157 - - [22/Aug/2017:14:33:03 -0300] "GET /cormun/servlet/prcontratosol?16846614,,,,,MD,,gxPopupLevel%3D0%3B HTTP/1.1" 200 5714
186.79.105.157 - - [22/Aug/2017:14:33:04 -0300] "GET /cormun/static/gxcfg.js?201761413223964 HTTP/1.1" 200 953
186.79.105.157 - - [22/Aug/2017:14:33:05 -0300] "GET /cormun/static/prcontratosol.js?201761413224174 HTTP/1.1" 200 15806
186.79.105.157 - - [22/Aug/2017:14:33:17 -0300] "POST /cormun/servlet/solicitudot?gx-no-cache=1503423237607 HTTP/1.1" 200 1434
186.79.105.157 - - [22/Aug/2017:14:33:18 -0300] "GET /cormun/static/Shared/jqueryui/images/ui-bg_highlight-soft_100_c6c2c8_1x100.png HTTP/1.1" 404 1117
186.79.105.157 - - [22/Aug/2017:14:33:18 -0300] "POST /cormun/servlet/solicitudot?gx-no-cache=1503423238772 HTTP/1.1" 200 117
186.79.105.157 - - [22/Aug/2017:14:33:18 -0300] "GET /cormun/static/Shared/jqueryui/images/ui-icons_82798d_256x240.png HTTP/1.1" 404 1089
186.79.105.157 - - [22/Aug/2017:14:33:18 -0300] "GET /cormun/servlet/solicitudot?2d2d087b08732c9f76cd3512c75bf1ed873fe7b9ebc4cba65c76c2acbe4673afc18fa5b0a9a8456a72014d6f2f927226be910a7e693036bc410aed4d4bb62d14131e05421e9f9bcf6a0f5d8545e949553472728ea747ef886cafab003495909dde4150bbe050d6b961af93931bc91056,gx-no-cache=1503423239052 HTTP/1.1" 200 29
186.79.105.157 - - [22/Aug/2017:14:33:18 -0300] "GET /cormun/servlet/solicitudot?2d2d087b08732c9f76cd3512c75bf1ed3c8665155af9f94807e63de8ca9b5de8eedb0b4360ecdbd67f11e95950154c506a535611d52e9c34363d77dca1f225e99b05cc368ffbcbbcd91ee00d640001a807e1daed538f2c330539aac93ba33c1cec387dfb87a01f79009ab34da2799a004986f054f517e84ac6d4019699898be0cae146cfc05ab421476611acc9f70ae7ec312616ff076b8ac55a04de099d89aec1f36582a17275f59dbfa758ec0a353e4cff513e9828f16331054637686fa3e4,gx-no-cache=1503423239313 HTTP/1.1" 200 62
186.79.105.157 - - [22/Aug/2017:14:33:19 -0300] "GET /cormun/static/Shared/jqueryui/images/ui-bg_flat_55_994d53_40x100.png HTTP/1.1" 404 1097
186.79.105.157 - - [22/Aug/2017:14:33:19 -0300] "GET /cormun/static/Shared/jqueryui/images/ui-icons_ebccce_256x240.png HTTP/1.1" 404 1089
186.79.105.157 - - [22/Aug/2017:14:33:36 -0300] "GET /cormun/servlet/prsolicitudot?16846614,,,,,MD,,gxPopupLevel%3D0%3B HTTP/1.1" 200 6181
186.79.105.157 - - [22/Aug/2017:14:33:37 -0300] "GET /cormun/static/gxcfg.js?2017761215935 HTTP/1.1" 200 953
186.79.105.157 - - [22/Aug/2017:14:33:37 -0300] "GET /cormun/static/prsolicitudot.js?20177612151099 HTTP/1.1" 200 13680
186.79.105.157 - - [22/Aug/2017:14:33:44 -0300] "POST /cormun/servlet/solicitudot?gx-no-cache=1503423264196 HTTP/1.1" 200 1434
186.79.26.225 - - [22/Aug/2017:14:33:44 -0300] "POST /cormun/servlet/trpermisosgoce?e2a34aa884e34326d3bfb80dcde25a67,,gx-no-cache=1503423256994 HTTP/1.1" 200 4152
186.79.105.157 - - [22/Aug/2017:14:33:45 -0300] "POST /cormun/servlet/solicitudot?gx-no-cache=1503423265279 HTTP/1.1" 200 117
186.79.105.157 - - [22/Aug/2017:14:33:45 -0300] "GET /cormun/servlet/solicitudot?2d2d087b08732c9f76cd3512c75bf1ed3c8665155af9f94807e63de8ca9b5de8eedb0b4360ecdbd67f11e95950154c506a535611d52e9c34363d77dca1f225e99b05cc368ffbcbbcd91ee00d640001a807e1daed538f2c330539aac93ba33c1cec387dfb87a01f79009ab34da2799a004986f054f517e84ac6d4019699898be0cae146cfc05ab421476611acc9f70ae7ec312616ff076b8ac55a04de099d89aec1f36582a17275f59dbfa758ec0a353e4cff513e9828f16331054637686fa3e4,gx-no-cache=1503423266147 HTTP/1.1" 200 62
186.79.26.225 - - [22/Aug/2017:14:33:53 -0300] "GET /cormun/servlet/hhome HTTP/1.1" 200 4017
186.79.26.225 - - [22/Aug/2017:14:33:54 -0300] "GET /cormun/servlet/hhome HTTP/1.1" 200 4013
186.79.26.225 - - [22/Aug/2017:14:33:57 -0300] "GET /cormun/servlet/hlogin HTTP/1.1" 200 1725
186.79.26.225 - - [22/Aug/2017:14:33:58 -0300] "GET /cormun/servlet/trpermisosgoce? HTTP/1.1" 200 6228
186.79.26.225 - - [22/Aug/2017:14:33:58 -0300] "GET /cormun/servlet/hhome HTTP/1.1" 200 3382
186.79.26.225 - - [22/Aug/2017:14:33:59 -0300] "GET /cormun/servlet/hlogin HTTP/1.1" 200 1733
186.79.26.225 - - [22/Aug/2017:14:33:59 -0300] "GET /cormun/servlet/trpermisosgoce? HTTP/1.1" 200 6267
186.103.159.188 - - [22/Aug/2017:14:34:03 -0300] "GET /cormun/servlet/hlogin HTTP/1.1" 200 1731
186.79.105.157 - - [22/Aug/2017:14:34:14 -0300] "POST /cormun/servlet/solicitudot?gx-no-cache=1503423286914 HTTP/1.1" 200 1355
186.79.105.157 - - [22/Aug/2017:14:34:15 -0300] "GET /cormun/static/menuarrow.gif HTTP/1.1" 404 1015
186.79.26.225 - - [22/Aug/2017:14:34:17 -0300] "POST /cormun/servlet/hlogin?e2a34aa884e34326d3bfb80dcde25a67,gx-no-cache=1503423295626 HTTP/1.1" 200 90
186.79.26.225 - - [22/Aug/2017:14:34:17 -0300] "GET /cormun/servlet/hpexe_link HTTP/1.1" 200 953
186.79.26.225 - - [22/Aug/2017:14:34:17 -0300] "GET /cormun/servlet/trpermisosgoce HTTP/1.1" 200 6949
186.79.26.225 - - [22/Aug/2017:14:34:18 -0300] "GET /cormun/servlet/trpermisosgoce HTTP/1.1" 200 6948
186.79.105.157 - - [22/Aug/2017:14:34:25 -0300] "POST /cormun/servlet/solicitudot?gx-no-cache=1503423306320 HTTP/1.1" 200 122
186.103.159.188 - - [22/Aug/2017:14:34:42 -0300] "GET /cormun/servlet/hlogin HTTP/1.1" 200 1731
186.79.105.157 - - [22/Aug/2017:14:34:48 -0300] "POST /cormun/servlet/solicitudot?gx-no-cache=1503423324986 HTTP/1.1" 200 122
192.168.10.62 - - [22/Aug/2017:14:34:53 -0300] "GET /cormun/servlet/trconsultaempleado? HTTP/1.1" 200 5393
192.168.10.62 - - [22/Aug/2017:14:34:53 -0300] "GET /cormun/servlet/hlogin HTTP/1.1" 200 1741
192.168.10.62 - - [22/Aug/2017:14:34:53 -0300] "GET /cormun/servlet/trconsultaempleado? HTTP/1.1" 200 5393
186.103.159.188 - - [22/Aug/2017:14:34:53 -0300] "POST /cormun/servlet/hlogin?728907a6d7b8007cc9f931f779b6bbbe,gx-no-cache=1503423333423 HTTP/1.1" 200 90
186.103.159.188 - - [22/Aug/2017:14:34:53 -0300] "GET /cormun/servlet/hpexe_link HTTP/1.1" 200 956
186.103.159.188 - - [22/Aug/2017:14:34:53 -0300] "GET /cormun/servlet/hhome HTTP/1.1" 200 3799
186.103.159.188 - - [22/Aug/2017:14:34:54 -0300] "GET /cormun/servlet/hhome HTTP/1.1" 200 3795
186.103.159.188 - - [22/Aug/2017:14:34:57 -0300] "GET /cormun/servlet/trlicencias? HTTP/1.1" 200 13706
186.103.159.188 - - [22/Aug/2017:14:34:58 -0300] "GET /cormun/servlet/trlicencias? HTTP/1.1" 200 13703
186.79.105.157 - - [22/Aug/2017:14:35:00 -0300] "GET /cormun/servlet/prlicenciaspermisos?16492698,L,,MD,,gxPopupLevel%3D0%3B HTTP/1.1" 200 5620
186.79.105.157 - - [22/Aug/2017:14:35:01 -0300] "GET /cormun/static/gxcfg.js?20176272053834 HTTP/1.1" 200 953
186.79.26.225 - - [22/Aug/2017:14:35:01 -0300] "GET /cormun/servlet/trpermisosgoce? HTTP/1.1" 200 6948
186.79.26.225 - - [22/Aug/2017:14:35:02 -0300] "GET /cormun/servlet/trpermisosgoce? HTTP/1.1" 200 6948
192.168.10.62 - - [22/Aug/2017:14:35:03 -0300] "POST /cormun/servlet/hlogin?5f05124afc9b7187afee44b2ed38a6e6,gx-no-cache=1503423273443 HTTP/1.1" 200 90
192.168.10.62 - - [22/Aug/2017:14:35:03 -0300] "GET /cormun/servlet/hpexe_link HTTP/1.1" 200 958
192.168.10.62 - - [22/Aug/2017:14:35:03 -0300] "GET /cormun/servlet/trconsultaempleado HTTP/1.1" 200 9361
192.168.10.62 - - [22/Aug/2017:14:35:04 -0300] "GET /cormun/servlet/trconsultaempleado HTTP/1.1" 200 9359
186.79.105.157 - - [22/Aug/2017:14:35:12 -0300] "POST /cormun/servlet/solicitudot?gx-no-cache=1503423352886 HTTP/1.1" 200 41
186.79.26.225 - - [22/Aug/2017:14:35:22 -0300] "GET /cormun/servlet/permisogoce?INS,0,,, HTTP/1.1" 200 6856
186.79.26.225 - - [22/Aug/2017:14:35:22 -0300] "GET /cormun/servlet/permisogoce?INS,0,,, HTTP/1.1" 200 6857
186.79.105.157 - - [22/Aug/2017:14:35:31 -0300] "POST /cormun/servlet/solicitudot?gx-no-cache=1503423369711 HTTP/1.1" 200 1336
186.79.105.157 - - [22/Aug/2017:14:35:31 -0300] "POST /cormun/servlet/solicitudot?gx-no-cache=1503423371897 HTTP/1.1" 200 146
186.79.26.225 - - [22/Aug/2017:14:35:41 -0300] "GET /cormun/servlet/prfichaempleado?,MD,,gxPopupLevel%3D0%3B HTTP/1.1" 200 9299
192.168.10.62 - - [22/Aug/2017:14:35:42 -0300] "POST /cormun/servlet/trconsultaempleado?5f05124afc9b7187afee44b2ed38a6e6,gx-no-cache=1503423312564 HTTP/1.1" 200 4080
186.79.26.225 - - [22/Aug/2017:14:35:49 -0300] "GET /cormun/servlet/permisogoce?7999536d64e2cc3a2ae238744fbf4fa2bf597f1a47162553d6bf45b25b4d1c1f7a29d510d2aacbd30efa0efb9194211daf6e4dab5ac570da4daae60d86fe2d15,gx-no-cache=1503423387906 HTTP/1.1" 200 80
186.79.26.225 - - [22/Aug/2017:14:35:51 -0300] "GET /cormun/static/menuarrow.gif HTTP/1.1" 404 1015
186.79.26.225 - - [22/Aug/2017:14:36:00 -0300] "GET /cormun/servlet/permisogoce?7999536d64e2cc3a2ae238744fbf4fa2d7a1b9800d5c5c5d5247b37d356450f11264ab866b4ecabba4cf5ebc97a1829f2e4977d2a801759a75c20cbe1045b5ba,gx-no-cache=1503423398837 HTTP/1.1" 200 129
186.79.26.225 - - [22/Aug/2017:14:36:00 -0300] "GET /cormun/static/Shared/jqueryui/images/ui-bg_highlight-soft_100_c6c2c8_1x100.png HTTP/1.1" 404 1117
186.79.26.225 - - [22/Aug/2017:14:36:00 -0300] "GET /cormun/static/Shared/jqueryui/images/ui-icons_82798d_256x240.png HTTP/1.1" 404 1089
186.79.26.225 - - [22/Aug/2017:14:36:00 -0300] "GET /cormun/static/Shared/jqueryui/images/ui-bg_flat_55_994d53_40x100.png HTTP/1.1" 404 1097
186.79.26.225 - - [22/Aug/2017:14:36:00 -0300] "GET /cormun/static/Shared/jqueryui/images/ui-icons_ebccce_256x240.png HTTP/1.1" 404 1089
186.79.105.157 - - [22/Aug/2017:14:36:01 -0300] "POST /cormun/servlet/solicitudot?gx-no-cache=1503423401327 HTTP/1.1" 200 135
186.79.26.225 - - [22/Aug/2017:14:36:16 -0300] "GET /cormun/servlet/permisogoce?7999536d64e2cc3a2ae238744fbf4fa2d7a1b9800d5c5c5d5247b37d356450f194eb61f702860c759ee98d6b4319c0472e4977d2a801759a75c20cbe1045b5ba,gx-no-cache=1503423414379 HTTP/1.1" 200 48
186.79.105.157 - - [22/Aug/2017:14:36:28 -0300] "POST /cormun/servlet/solicitudot?gx-no-cache=1503423429157 HTTP/1.1" 200 135
186.79.105.157 - - [22/Aug/2017:14:36:42 -0300] "POST /cormun/servlet/solicitudot?5cc7eb1ca6c376264f5b93db952bfbc0,INS,0,0,,gx-no-cache=1503423442451 HTTP/1.1" 200 11372
186.79.26.225 - - [22/Aug/2017:14:36:58 -0300] "POST /cormun/servlet/permisogoce?e2a34aa884e34326d3bfb80dcde25a67,INS,0,,,,gx-no-cache=1503423456033 HTTP/1.1" 200 93
186.79.26.225 - - [22/Aug/2017:14:36:58 -0300] "GET /cormun/servlet/hpexe_return? HTTP/1.1" 200 1007
186.79.26.225 - - [22/Aug/2017:14:36:59 -0300] "GET /cormun/servlet/trpermisosgoce HTTP/1.1" 200 6952
186.79.26.225 - - [22/Aug/2017:14:36:59 -0300] "GET /cormun/servlet/trpermisosgoce HTTP/1.1" 200 6948
186.79.105.157 - - [22/Aug/2017:14:37:01 -0300] "POST /cormun/servlet/solicitudot?gx-no-cache=1503423461381 HTTP/1.1" 200 108
186.79.105.157 - - [22/Aug/2017:14:37:03 -0300] "POST /cormun/servlet/solicitudot?5cc7eb1ca6c376264f5b93db952bfbc0,INS,0,0,,gx-no-cache=1503423462301 HTTP/1.1" 200 11419
186.79.26.225 - - [22/Aug/2017:14:37:11 -0300] "GET /cormun/servlet/trautorizarpermisogoce? HTTP/1.1" 200 6835
186.79.26.225 - - [22/Aug/2017:14:37:12 -0300] "GET /cormun/servlet/trautorizarpermisogoce? HTTP/1.1" 200 6835
207.46.13.184 - - [22/Aug/2017:14:37:42 -0300] "GET /cormun/static/cmcontrolpreferences.js?201752511465670 HTTP/1.1" 200 1375
207.46.13.184 - - [22/Aug/2017:14:37:42 -0300] "GET /cormun/static/gxpopupSD.js?85251 HTTP/1.1" 200 22377
186.79.105.157 - - [22/Aug/2017:14:37:44 -0300] "POST /cormun/servlet/solicitudot?gx-no-cache=1503423504209 HTTP/1.1" 200 30
186.79.26.225 - - [22/Aug/2017:14:37:45 -0300] "GET /cormun/servlet/trpermisosgoce? HTTP/1.1" 200 6948
186.79.26.225 - - [22/Aug/2017:14:37:46 -0300] "GET /cormun/servlet/trpermisosgoce? HTTP/1.1" 200 6948
186.79.26.225 - - [22/Aug/2017:14:37:53 -0300] "GET /cormun/servlet/trpermisosgoce? HTTP/1.1" 200 6948
186.79.26.225 - - [22/Aug/2017:14:37:53 -0300] "GET /cormun/servlet/trpermisosgoce? HTTP/1.1" 200 6948
186.79.105.157 - - [22/Aug/2017:14:37:55 -0300] "POST /cormun/servlet/solicitudot?gx-no-cache=1503423515705 HTTP/1.1" 200 30
186.79.105.157 - - [22/Aug/2017:14:37:59 -0300] "GET /cormun/servlet/prsolicitudot?16846614,,,,,MD,,gxPopupLevel%3D0%3B HTTP/1.1" 200 6181
186.79.26.225 - - [22/Aug/2017:14:38:01 -0300] "GET /cormun/servlet/permisogoce?INS,0,,, HTTP/1.1" 200 6857
186.79.26.225 - - [22/Aug/2017:14:38:02 -0300] "GET /cormun/servlet/permisogoce?INS,0,,, HTTP/1.1" 200 6857
186.79.105.157 - - [22/Aug/2017:14:38:06 -0300] "POST /cormun/servlet/solicitudot?gx-no-cache=1503423526306 HTTP/1.1" 200 1355
186.79.105.157 - - [22/Aug/2017:14:38:06 -0300] "POST /cormun/servlet/solicitudot?gx-no-cache=1503423526977 HTTP/1.1" 200 41
186.79.105.157 - - [22/Aug/2017:14:38:07 -0300] "POST /cormun/servlet/solicitudot?gx-no-cache=1503423527679 HTTP/1.1" 200 1336
186.79.105.157 - - [22/Aug/2017:14:38:31 -0300] "POST /cormun/servlet/solicitudot?gx-no-cache=1503423551483 HTTP/1.1" 200 30
186.79.105.157 - - [22/Aug/2017:14:39:00 -0300] "POST /cormun/servlet/solicitudot?gx-no-cache=1503423577042 HTTP/1.1" 200 1355
186.79.105.157 - - [22/Aug/2017:14:39:02 -0300] "POST /cormun/servlet/solicitudot?gx-no-cache=1503423580870 HTTP/1.1" 200 41
186.79.105.157 - - [22/Aug/2017:14:39:09 -0300] "POST /cormun/servlet/solicitudot?gx-no-cache=1503423583041 HTTP/1.1" 200 1336
186.79.26.225 - - [22/Aug/2017:14:39:12 -0300] "GET /cormun/servlet/prfichaempleado?,MD,,gxPopupLevel%3D0%3B HTTP/1.1" 200 9299
186.79.105.157 - - [22/Aug/2017:14:39:14 -0300] "POST /cormun/servlet/solicitudot?5cc7eb1ca6c376264f5b93db952bfbc0,INS,0,0,,gx-no-cache=1503423590372 HTTP/1.1" 200 11472
186.79.26.225 - - [22/Aug/2017:14:39:19 -0300] "GET /cormun/servlet/permisogoce?7999536d64e2cc3a2ae238744fbf4fa2bf597f1a47162553d6bf45b25b4d1c1f7a29d510d2aacbd30efa0efb9194211daf6e4dab5ac570da4daae60d86fe2d15,gx-no-cache=1503423598444 HTTP/1.1" 200 82
186.79.26.225 - - [22/Aug/2017:14:39:20 -0300] "GET /cormun/static/menuarrow.gif HTTP/1.1" 404 1015
186.79.105.157 - - [22/Aug/2017:14:39:44 -0300] "GET /cormun/servlet/prlicenciaspermisos?16492698,L,,MD,,gxPopupLevel%3D0%3B HTTP/1.1" 200 5620
186.79.26.225 - - [22/Aug/2017:14:39:45 -0300] "GET /cormun/servlet/trautorizarpermisogoce? HTTP/1.1" 200 6842
186.79.26.225 - - [22/Aug/2017:14:39:46 -0300] "GET /cormun/servlet/trautorizarpermisogoce? HTTP/1.1" 200 6835
186.79.26.225 - - [22/Aug/2017:14:39:55 -0300] "GET /cormun/servlet/trpermisosgoce? HTTP/1.1" 200 6948
186.79.26.225 - - [22/Aug/2017:14:39:55 -0300] "GET /cormun/servlet/trpermisosgoce? HTTP/1.1" 200 6948
40.77.167.36 - - [22/Aug/2017:14:40:01 -0300] "GET /cormun/static/solicitudot.js?201752522134767 HTTP/1.1" 200 64045
186.79.105.157 - - [22/Aug/2017:14:40:04 -0300] "POST /cormun/servlet/solicitudot?gx-no-cache=1503423644345 HTTP/1.1" 200 41
186.79.105.157 - - [22/Aug/2017:14:40:05 -0300] "POST /cormun/servlet/solicitudot?gx-no-cache=1503423645562 HTTP/1.1" 200 1336
186.79.105.157 - - [22/Aug/2017:14:40:07 -0300] "POST /cormun/servlet/solicitudot?gx-no-cache=1503423647820 HTTP/1.1" 200 135
186.79.105.157 - - [22/Aug/2017:14:40:09 -0300] "POST /cormun/servlet/solicitudot?5cc7eb1ca6c376264f5b93db952bfbc0,INS,0,0,,gx-no-cache=1503423648148 HTTP/1.1" 200 11514
192.168.10.62 - - [22/Aug/2017:14:40:18 -0300] "GET /cormun/servlet/trsolicitudgral? HTTP/1.1" 200 14984
192.168.10.62 - - [22/Aug/2017:14:40:18 -0300] "GET /cormun/servlet/trsolicitudgral? HTTP/1.1" 200 14983
192.168.10.62 - - [22/Aug/2017:14:40:21 -0300] "POST /cormun/servlet/trsolicitudgral?5f05124afc9b7187afee44b2ed38a6e6,,gx-no-cache=1503423591827 HTTP/1.1" 200 21569
192.168.10.62 - - [22/Aug/2017:14:40:25 -0300] "POST /cormun/servlet/trsolicitudgral?5f05124afc9b7187afee44b2ed38a6e6,,gx-no-cache=1503423594995 HTTP/1.1" 200 21570
186.79.105.157 - - [22/Aug/2017:14:40:27 -0300] "POST /cormun/servlet/solicitudot?gx-no-cache=1503423666897 HTTP/1.1" 200 30
192.168.10.62 - - [22/Aug/2017:14:40:29 -0300] "POST /cormun/servlet/trsolicitudgral?5f05124afc9b7187afee44b2ed38a6e6,,gx-no-cache=1503423599838 HTTP/1.1" 200 105
192.168.10.62 - - [22/Aug/2017:14:40:29 -0300] "GET /cormun/SolicitudGral-5738.xls HTTP/1.1" 200 23552
186.79.26.225 - - [22/Aug/2017:14:40:32 -0300] "GET /cormun/servlet/trautorizarpermisogoce? HTTP/1.1" 200 6835
186.79.26.225 - - [22/Aug/2017:14:40:32 -0300] "GET /cormun/servlet/trautorizarpermisogoce? HTTP/1.1" 200 6835
186.79.105.157 - - [22/Aug/2017:14:40:38 -0300] "POST /cormun/servlet/solicitudot?gx-no-cache=1503423677361 HTTP/1.1" 200 1355
186.79.105.157 - - [22/Aug/2017:14:40:39 -0300] "POST /cormun/servlet/solicitudot?gx-no-cache=1503423679174 HTTP/1.1" 200 41
186.79.26.225 - - [22/Aug/2017:14:40:39 -0300] "POST /cormun/servlet/trautorizarpermisogoce?e2a34aa884e34326d3bfb80dcde25a67,,gx-no-cache=1503423677646 HTTP/1.1" 200 4073
186.79.105.157 - - [22/Aug/2017:14:40:40 -0300] "POST /cormun/servlet/solicitudot?gx-no-cache=1503423680619 HTTP/1.1" 200 1336
186.79.105.157 - - [22/Aug/2017:14:40:40 -0300] "POST /cormun/servlet/solicitudot?gx-no-cache=1503423681054 HTTP/1.1" 200 34
186.79.26.225 - - [22/Aug/2017:14:40:51 -0300] "GET /cormun/servlet/trautorizarpermisogoce? HTTP/1.1" 200 6835
186.79.26.225 - - [22/Aug/2017:14:40:52 -0300] "GET /cormun/servlet/trautorizarpermisogoce? HTTP/1.1" 200 6835
186.79.105.157 - - [22/Aug/2017:14:41:12 -0300] "POST /cormun/servlet/solicitudot?5cc7eb1ca6c376264f5b93db952bfbc0,INS,0,0,,gx-no-cache=1503423704735 HTTP/1.1" 200 11664
186.79.26.225 - - [22/Aug/2017:14:41:15 -0300] "POST /cormun/servlet/trautorizarpermisogoce?e2a34aa884e34326d3bfb80dcde25a67,,gx-no-cache=1503423707945 HTTP/1.1" 200 4082
186.79.105.157 - - [22/Aug/2017:14:41:30 -0300] "POST /cormun/servlet/solicitudot?gx-no-cache=1503423730084 HTTP/1.1" 200 34
186.79.105.157 - - [22/Aug/2017:14:41:34 -0300] "POST /cormun/servlet/solicitudot?5cc7eb1ca6c376264f5b93db952bfbc0,INS,0,0,,gx-no-cache=1503423733515 HTTP/1.1" 200 11724
186.79.26.225 - - [22/Aug/2017:14:41:36 -0300] "GET /cormun/Manuales/InstructivoDirector.pdf HTTP/1.1" 200 294912
186.79.26.225 - - [22/Aug/2017:14:41:36 -0300] "GET /cormun/Manuales/InstructivoDirector.pdf HTTP/1.1" 206 204845
186.79.105.157 - - [22/Aug/2017:14:41:46 -0300] "GET /cormun/servlet/hlogin HTTP/1.1" 200 1713
186.79.105.157 - - [22/Aug/2017:14:41:55 -0300] "POST /cormun/servlet/hlogin?5cc7eb1ca6c376264f5b93db952bfbc0,gx-no-cache=1503423756129 HTTP/1.1" 200 90
186.79.105.157 - - [22/Aug/2017:14:41:55 -0300] "GET /cormun/servlet/hpexe_link HTTP/1.1" 200 955
186.79.105.157 - - [22/Aug/2017:14:41:56 -0300] "GET /cormun/servlet/solicitudot?INS,0,0, HTTP/1.1" 200 12926
186.79.105.157 - - [22/Aug/2017:14:41:58 -0300] "GET /cormun/servlet/solicitudot?INS,0,0, HTTP/1.1" 200 12929
186.79.26.225 - - [22/Aug/2017:14:42:00 -0300] "GET /cormun/servlet/trautorizarsolicitud? HTTP/1.1" 200 6956
186.79.26.225 - - [22/Aug/2017:14:42:01 -0300] "GET /cormun/servlet/trautorizarsolicitud? HTTP/1.1" 200 6956
186.79.105.157 - - [22/Aug/2017:14:42:12 -0300] "POST /cormun/servlet/solicitudot?gx-no-cache=1503423769663 HTTP/1.1" 200 3112
186.79.105.157 - - [22/Aug/2017:14:42:14 -0300] "POST /cormun/servlet/solicitudot?5cc7eb1ca6c376264f5b93db952bfbc0,INS,0,0,,gx-no-cache=1503423773511 HTTP/1.1" 200 9915
186.79.26.225 - - [22/Aug/2017:14:42:17 -0300] "GET /cormun/servlet/trsolicitudot? HTTP/1.1" 200 14400
186.79.26.225 - - [22/Aug/2017:14:42:18 -0300] "GET /cormun/servlet/trsolicitudot? HTTP/1.1" 200 14399
186.79.105.157 - - [22/Aug/2017:14:42:28 -0300] "GET /cormun/servlet/solicitudot?2d2d087b08732c9f76cd3512c75bf1ed85b64a448a31410015c990d21d53e491514c5ef320e2eacc0e1c31ad4942f27b,gx-no-cache=1503423788361 HTTP/1.1" 200 30
186.79.26.225 - - [22/Aug/2017:14:42:41 -0300] "GET /cormun/servlet/trpermisosgoce? HTTP/1.1" 200 6948
186.79.26.225 - - [22/Aug/2017:14:42:42 -0300] "GET /cormun/servlet/trpermisosgoce? HTTP/1.1" 200 6948
186.79.26.225 - - [22/Aug/2017:14:42:53 -0300] "GET /cormun/servlet/trpermisosgoce? HTTP/1.1" 200 6948
186.79.26.225 - - [22/Aug/2017:14:42:53 -0300] "GET /cormun/servlet/trpermisosgoce? HTTP/1.1" 200 6948
186.79.26.225 - - [22/Aug/2017:14:43:25 -0300] "GET /cormun/servlet/hlogin HTTP/1.1" 200 1714
186.79.26.225 - - [22/Aug/2017:14:43:41 -0300] "POST /cormun/servlet/hlogin?e2a34aa884e34326d3bfb80dcde25a67,gx-no-cache=1503423859833 HTTP/1.1" 200 424
186.79.26.225 - - [22/Aug/2017:14:43:47 -0300] "POST /cormun/servlet/hlogin?e2a34aa884e34326d3bfb80dcde25a67,gx-no-cache=1503423865586 HTTP/1.1" 200 90
186.79.26.225 - - [22/Aug/2017:14:43:47 -0300] "GET /cormun/servlet/hpexe_link HTTP/1.1" 200 953
186.79.26.225 - - [22/Aug/2017:14:43:47 -0300] "GET /cormun/servlet/trpermisosgoce HTTP/1.1" 200 6949
186.79.26.225 - - [22/Aug/2017:14:43:48 -0300] "GET /cormun/servlet/trpermisosgoce HTTP/1.1" 200 6948
186.79.105.157 - - [22/Aug/2017:14:44:07 -0300] "GET /cormun/servlet/hlogin HTTP/1.1" 200 1713
186.79.26.225 - - [22/Aug/2017:14:44:09 -0300] "GET /cormun/servlet/hlogin HTTP/1.1" 200 1732
186.79.26.225 - - [22/Aug/2017:14:44:13 -0300] "GET /cormun/servlet/trpermisosgoce HTTP/1.1" 200 6268
186.79.26.225 - - [22/Aug/2017:14:44:14 -0300] "GET /cormun/servlet/hlogin HTTP/1.1" 200 1732
186.79.26.225 - - [22/Aug/2017:14:44:14 -0300] "GET /cormun/servlet/trpermisosgoce HTTP/1.1" 200 6266
186.79.105.157 - - [22/Aug/2017:14:44:19 -0300] "POST /cormun/servlet/hlogin?5cc7eb1ca6c376264f5b93db952bfbc0,gx-no-cache=1503423900523 HTTP/1.1" 200 90
186.79.26.225 - - [22/Aug/2017:14:44:25 -0300] "POST /cormun/servlet/hlogin?e2a34aa884e34326d3bfb80dcde25a67,gx-no-cache=1503423904339 HTTP/1.1" 200 90
186.79.26.225 - - [22/Aug/2017:14:44:25 -0300] "GET /cormun/servlet/hpexe_link HTTP/1.1" 200 953
186.79.26.225 - - [22/Aug/2017:14:44:26 -0300] "GET /cormun/servlet/trpermisosgoce HTTP/1.1" 200 6949
186.79.26.225 - - [22/Aug/2017:14:44:26 -0300] "GET /cormun/servlet/trpermisosgoce HTTP/1.1" 200 6948
186.79.105.157 - - [22/Aug/2017:14:44:31 -0300] "GET /cormun/servlet/hpexe_link HTTP/1.1" 200 955
186.79.105.157 - - [22/Aug/2017:14:44:32 -0300] "GET /cormun/servlet/solicitudot?INS,0,0, HTTP/1.1" 200 12926
186.79.105.157 - - [22/Aug/2017:14:44:35 -0300] "GET /cormun/servlet/solicitudot?INS,0,0, HTTP/1.1" 200 12929
186.79.26.225 - - [22/Aug/2017:14:44:38 -0300] "GET /cormun/servlet/trpermisosgoce? HTTP/1.1" 200 6948
186.79.26.225 - - [22/Aug/2017:14:44:39 -0300] "GET /cormun/servlet/trpermisosgoce? HTTP/1.1" 200 6948
186.79.105.157 - - [22/Aug/2017:14:44:45 -0300] "POST /cormun/servlet/solicitudot?gx-no-cache=1503423925750 HTTP/1.1" 200 3112
186.79.105.157 - - [22/Aug/2017:14:44:48 -0300] "POST /cormun/servlet/solicitudot?5cc7eb1ca6c376264f5b93db952bfbc0,INS,0,0,,gx-no-cache=1503423926572 HTTP/1.1" 200 9914
186.79.105.157 - - [22/Aug/2017:14:44:58 -0300] "GET /cormun/servlet/solicitudot?2d2d087b08732c9f76cd3512c75bf1ed85b64a448a31410015c990d21d53e491514c5ef320e2eacc0e1c31ad4942f27b,gx-no-cache=1503423939149 HTTP/1.1" 200 30
186.79.26.225 - - [22/Aug/2017:14:45:06 -0300] "GET /cormun/servlet/trvisualizadoreventos? HTTP/1.1" 200 6784
186.79.26.225 - - [22/Aug/2017:14:45:06 -0300] "GET /cormun/servlet/trvisualizadoreventos? HTTP/1.1" 200 6784
186.79.26.225 - - [22/Aug/2017:14:45:10 -0300] "GET /cormun/servlet/trautorizarsolicitud? HTTP/1.1" 200 6950
186.79.26.225 - - [22/Aug/2017:14:45:11 -0300] "GET /cormun/servlet/trautorizarsolicitud? HTTP/1.1" 200 6950
186.79.26.225 - - [22/Aug/2017:14:45:16 -0300] "GET /cormun/servlet/trsolicitudot? HTTP/1.1" 200 14400
186.79.26.225 - - [22/Aug/2017:14:45:17 -0300] "GET /cormun/servlet/trsolicitudot? HTTP/1.1" 200 14399
186.79.26.225 - - [22/Aug/2017:14:45:40 -0300] "GET /cormun/servlet/treventos?2017,7106, HTTP/1.1" 200 7950
186.79.26.225 - - [22/Aug/2017:14:45:41 -0300] "GET /cormun/servlet/treventos?2017,7106, HTTP/1.1" 200 7956
186.79.26.225 - - [22/Aug/2017:14:46:01 -0300] "GET /cormun/servlet/trsolicitudot? HTTP/1.1" 200 14400
186.79.26.225 - - [22/Aug/2017:14:46:02 -0300] "GET /cormun/servlet/trsolicitudot? HTTP/1.1" 200 14399
186.79.26.225 - - [22/Aug/2017:14:46:03 -0300] "GET /cormun/servlet/trautorizarsolicitud? HTTP/1.1" 200 6950
186.79.26.225 - - [22/Aug/2017:14:46:04 -0300] "GET /cormun/servlet/trautorizarsolicitud? HTTP/1.1" 200 6950
186.79.105.157 - - [22/Aug/2017:14:46:05 -0300] "POST /cormun/servlet/solicitudot?gx-no-cache=1503424005118 HTTP/1.1" 200 255
186.79.105.157 - - [22/Aug/2017:14:46:07 -0300] "GET /cormun/servlet/solicitudot?2d2d087b08732c9f76cd3512c75bf1ed463716a155d310489c0e273851133db35c879fe587c47255302707640d78a1d2c7c515b3c7a52daa3b74a5b1f1d04e4db6f356a3bbdd301940a6c4f1f22ebd2f027cfd75448bcbb0472c2c3f9daba9abb5612ed45c1dca72d0682c8800d96613a5b1d8eaca7daa1d48adb0b2f55fe3bbfcd66fb220d8f0e8ceaddb9effac102f2ba84d7f5d0c4dfb84677917bbbda6a07e96b9846ca0df627c490fc5d7478fee72a35070ab51b952567277529c7398bc65433a7671dea01c24dfb6d6570940bfd51efe6abb727448df996b2dab7873cd0873e0159d8e0e2be5eda5860339bed9ab05d3866d37aee4e80130e58ea4fea3706363991084f5c3c66ed97ea2a5fc1597988a920d3e1c4984186559f8c8cc83383c419e2e5ecdc3e93f48106416bb849e0040d53a6c338657c76eecf6fc855e91de887dc3a9f7adb4e5e470271917d2fd2b33cd452b18712e9483982f277ba90f8c61cd90e108d23afcc8b107a2ed30f0d3d3f7e4e562fdc969bfba21299a6e,gx-no-cache=1503424007876 HTTP/1.1" 200 30
186.79.26.225 - - [22/Aug/2017:14:46:08 -0300] "GET /cormun/servlet/trpermisosgoce? HTTP/1.1" 200 6948
186.79.26.225 - - [22/Aug/2017:14:46:09 -0300] "GET /cormun/servlet/trpermisosgoce? HTTP/1.1" 200 6948
186.79.105.157 - - [22/Aug/2017:14:46:16 -0300] "POST /cormun/servlet/solicitudot?gx-no-cache=1503424016691 HTTP/1.1" 200 30
186.79.105.157 - - [22/Aug/2017:14:46:18 -0300] "GET /cormun/servlet/prsolicitudot?16846614,,,,,MD,,gxPopupLevel%3D0%3B HTTP/1.1" 200 6181
186.79.105.157 - - [22/Aug/2017:14:46:23 -0300] "POST /cormun/servlet/solicitudot?gx-no-cache=1503424024027 HTTP/1.1" 200 1434
186.79.105.157 - - [22/Aug/2017:14:46:23 -0300] "GET /cormun/static/Shared/jqueryui/images/ui-bg_highlight-soft_100_c6c2c8_1x100.png HTTP/1.1" 404 1117
186.79.105.157 - - [22/Aug/2017:14:46:24 -0300] "POST /cormun/servlet/solicitudot?gx-no-cache=1503424024536 HTTP/1.1" 200 117
186.79.105.157 - - [22/Aug/2017:14:46:24 -0300] "GET /cormun/static/Shared/jqueryui/images/ui-icons_82798d_256x240.png HTTP/1.1" 404 1089
186.79.105.157 - - [22/Aug/2017:14:46:24 -0300] "GET /cormun/static/Shared/jqueryui/images/ui-bg_flat_55_994d53_40x100.png HTTP/1.1" 404 1097
186.79.105.157 - - [22/Aug/2017:14:46:24 -0300] "GET /cormun/static/Shared/jqueryui/images/ui-icons_ebccce_256x240.png HTTP/1.1" 404 1089
186.79.105.157 - - [22/Aug/2017:14:46:24 -0300] "GET /cormun/servlet/solicitudot?2d2d087b08732c9f76cd3512c75bf1ed873fe7b9ebc4cba65c76c2acbe4673afc18fa5b0a9a8456a72014d6f2f927226be910a7e693036bc410aed4d4bb62d14131e05421e9f9bcf6a0f5d8545e949553472728ea747ef886cafab003495909dde4150bbe050d6b961af93931bc91056,gx-no-cache=1503424025079 HTTP/1.1" 200 29
186.79.105.157 - - [22/Aug/2017:14:46:25 -0300] "GET /cormun/servlet/solicitudot?2d2d087b08732c9f76cd3512c75bf1ed3c8665155af9f94807e63de8ca9b5de8eedb0b4360ecdbd67f11e95950154c506a535611d52e9c34363d77dca1f225e99b05cc368ffbcbbcd91ee00d640001a807e1daed538f2c330539aac93ba33c1cec387dfb87a01f79009ab34da2799a004986f054f517e84ac6d4019699898be0cae146cfc05ab421476611acc9f70ae7ec312616ff076b8ac55a04de099d89aec1f36582a17275f59dbfa758ec0a353e4cff513e9828f16331054637686fa3e4,gx-no-cache=1503424025560 HTTP/1.1" 200 62
186.79.26.225 - - [22/Aug/2017:14:46:25 -0300] "GET /cormun/static/menuarrow.gif HTTP/1.1" 404 1015
192.168.10.62 - - [22/Aug/2017:14:46:30 -0300] "GET /cormun/servlet/vesolicitudgral?2017,7177,, HTTP/1.1" 200 8243
192.168.10.62 - - [22/Aug/2017:14:46:30 -0300] "GET /cormun/pexe_scrolldiv.js HTTP/1.1" 404 1009
192.168.10.62 - - [22/Aug/2017:14:46:30 -0300] "GET /cormun/pexe_scrolldiv.js HTTP/1.1" 404 1009
192.168.10.62 - - [22/Aug/2017:14:46:30 -0300] "GET /cormun/servlet/vesolicitudgral?2017,7177,, HTTP/1.1" 200 8242
192.168.10.62 - - [22/Aug/2017:14:46:33 -0300] "POST /cormun/servlet/vesolicitudgral?5f05124afc9b7187afee44b2ed38a6e6,2017,7177,,,gx-no-cache=1503423963651 HTTP/1.1" 200 105
192.168.10.62 - - [22/Aug/2017:14:46:33 -0300] "GET /cormun/servlet/solicitudgral?UPD,2017,7177, HTTP/1.1" 200 11738
192.168.10.62 - - [22/Aug/2017:14:46:33 -0300] "GET /cormun/servlet/solicitudgral?UPD,2017,7177, HTTP/1.1" 200 11738
192.168.10.62 - - [22/Aug/2017:14:46:34 -0300] "POST /cormun/servlet/solicitudgral?gx-no-cache=1503423964626 HTTP/1.1" 200 3212
192.168.10.62 - - [22/Aug/2017:14:46:34 -0300] "GET /cormun/servlet/solicitudgral?09af4944353625af5b346f06af8c2222d635a90c3cc6b12e93c4838ab4d46ce61c5be143cd3bbc806fae521e0cdd2618ab4adba7f41dd651b2524aa18df5aea7e3e146c72680c03450900ce7cd16a7c41895d976e685900794c09c098a43636914c714f9abe86964546b68d9603979dc045cced76840733d0e3c5648d5670eda8bb88100dc415b764e8c38e591310724e09e7e72f110827b48a15831815105540211b6deae9871c0fdbf6f1bbae132164da8defceb0f35b981ba57e7a2b6476c7a24e612dffc302ea47e67c6a0fc290b8501d184d595b599e8637cd56e37be15f9a608523aa4bfc2cc32dfc28f124143052dec41b40f97e582b0fee51eecb5c446a5fe1764d5c0933817ae492e3470b13800b503d0edefa0f32f4cdfb6931f43982c39763512e8b24128b1cc8112148d723898123f1538791cda6411641a059d7f92edde68fed734f94ce1e72fe30100,gx-no-cache=1503423964766 HTTP/1.1" 200 257
186.79.26.225 - - [22/Aug/2017:14:46:36 -0300] "GET /cormun/servlet/permisogoce?INS,0,,, HTTP/1.1" 200 6857
186.79.26.225 - - [22/Aug/2017:14:46:36 -0300] "GET /cormun/servlet/permisogoce?INS,0,,, HTTP/1.1" 200 6856
192.168.10.62 - - [22/Aug/2017:14:46:37 -0300] "GET /cormun/servlet/solicitudgral?09af4944353625af5b346f06af8c222265727eb38b7ccb105f70d0fa6faa9fa57c5aff206bd31c256d9d8748f8af2a543ab5abe63677fd31a77b54672d15426cc1f4e3cce4ded9cdf681565074945794d977d5f83901ac8f6652b4b04a4e8e4d956248ae59164f178b1c6a232d8f6c6f64976d9ecef58d3b7eed884de9b2de9c51367c3100a3c3752fccd205daba659046c053b2a5d87a23ed6b344c745e150fea2e87900c853e0b0516c987ca210bb7b3bd8ed9c3c6d94e93d88691c3350fea08c5a1acccb111b7bc36c8997f45f5f448958ebb373a9ac34786de7fb3a6ad245eb4683f4aa7d898d531ac36c8fb8e965dc097705da56c78745f89f4d61fb80b70dbc9f7b62057faae9fcbb2aafa402444eee8f868ff4c3652d961673fd2214c67614df5221b3e639a726643ccb7c502e8ec337156f82a40b458c1a6026a346c983f1a1992111f45ba2001f95819ca63618f05d95c3590d1f14013897c32addec7ea2e6f354e6615f3b2251c37bb4854dcdd9121641f0719c5f59a42309aed030f4ae596e86ac89a2d7d8a4fc5336b4310387657dd9fedcbc8a81d40bb1bd9b56c8ec9ab02cb107896ab0d4e088fff940e56da1e370fca2ada1ed086d174356b67824a1bd8804638a156a7f9562be02c2e97def1a7a877d7cab88478ca6e264e88a1a87747443aa0767e40db257cf34e10387657dd9fedcbc8a81d40bb1bd9b5ff414d193afa3e656c04d68446a0978a278ff2255f43cd29ceba3999eec28a6dd5aa474a9739c3da8a99976a0a24891fc0aacea422f00d3f3a0f81c8c8559350,gx-no-cache=1503423967541 HTTP/1.1" 200 48
192.168.10.62 - - [22/Aug/2017:14:46:38 -0300] "POST /cormun/servlet/solicitudgral?5f05124afc9b7187afee44b2ed38a6e6,UPD,2017,7177,,gx-no-cache=1503423968716 HTTP/1.1" 200 10329
192.168.10.62 - - [22/Aug/2017:14:46:38 -0300] "GET /cormun/servlet/solicitudgral?09af4944353625af5b346f06af8c2222aee0e40df63b3b8bc2ba5ca54643ecff0ed6ed41ab3930f2a673c6a48afacd945c077ab771ae01db80d2f26e7872923efb89036f7f2b475f352fcc12b0f62edf49334762fa3bdc9117246ad025d6f0cd72bcf9fe015c4ee7d52840eeb3e93da4d7f70bfe7cb588456bf9b16e92ea73c42af974f6dec840dc433eef375c785f426ee93998d348842f001b9288401f5d62,gx-no-cache=1503423968880 HTTP/1.1" 200 29
192.168.10.62 - - [22/Aug/2017:14:46:38 -0300] "POST /cormun/servlet/solicitudgral?gx-no-cache=1503423968894 HTTP/1.1" 200 1311
192.168.10.62 - - [22/Aug/2017:14:46:38 -0300] "POST /cormun/servlet/solicitudgral?gx-no-cache=1503423968920 HTTP/1.1" 200 1216
192.168.10.62 - - [22/Aug/2017:14:46:38 -0300] "POST /cormun/servlet/solicitudgral?5f05124afc9b7187afee44b2ed38a6e6,UPD,2017,7177,,gx-no-cache=1503423968952 HTTP/1.1" 200 93
192.168.10.62 - - [22/Aug/2017:14:46:38 -0300] "GET /cormun/servlet/hpexe_return? HTTP/1.1" 200 1016
192.168.10.62 - - [22/Aug/2017:14:46:38 -0300] "GET /cormun/servlet/vesolicitudgral?2017,7177,, HTTP/1.1" 200 8248
192.168.10.62 - - [22/Aug/2017:14:46:38 -0300] "GET /cormun/pexe_scrolldiv.js HTTP/1.1" 404 1009
192.168.10.62 - - [22/Aug/2017:14:46:39 -0300] "GET /cormun/pexe_scrolldiv.js HTTP/1.1" 404 1009
192.168.10.62 - - [22/Aug/2017:14:46:39 -0300] "GET /cormun/servlet/vesolicitudgral?2017,7177,, HTTP/1.1" 200 8244
186.79.105.157 - - [22/Aug/2017:14:46:51 -0300] "GET /cormun/servlet/prlicenciaspermisos?16492698,L,,MD,,gxPopupLevel%3D0%3B HTTP/1.1" 200 5620
186.79.26.225 - - [22/Aug/2017:14:46:53 -0300] "GET /cormun/servlet/permisogoce?7999536d64e2cc3a2ae238744fbf4fa2bf597f1a47162553d6bf45b25b4d1c1f7a29d510d2aacbd30efa0efb9194211daf6e4dab5ac570da4daae60d86fe2d15,gx-no-cache=1503424052079 HTTP/1.1" 200 82
186.79.26.225 - - [22/Aug/2017:14:46:53 -0300] "GET /cormun/static/menuarrow.gif HTTP/1.1" 404 1015
186.79.105.157 - - [22/Aug/2017:14:46:56 -0300] "POST /cormun/servlet/solicitudot?gx-no-cache=1503424056479 HTTP/1.1" 200 1355
186.79.105.157 - - [22/Aug/2017:14:46:59 -0300] "POST /cormun/servlet/solicitudot?gx-no-cache=1503424059735 HTTP/1.1" 200 41
186.79.26.225 - - [22/Aug/2017:14:47:01 -0300] "GET /cormun/servlet/permisogoce?7999536d64e2cc3a2ae238744fbf4fa2d7a1b9800d5c5c5d5247b37d356450f194eb61f702860c759ee98d6b4319c0472e4977d2a801759a75c20cbe1045b5ba,gx-no-cache=1503424060608 HTTP/1.1" 200 48
186.79.105.157 - - [22/Aug/2017:14:47:29 -0300] "POST /cormun/servlet/solicitudot?gx-no-cache=1503424089722 HTTP/1.1" 200 1336
186.79.105.157 - - [22/Aug/2017:14:47:29 -0300] "POST /cormun/servlet/solicitudot?gx-no-cache=1503424090231 HTTP/1.1" 200 146
186.79.105.157 - - [22/Aug/2017:14:47:38 -0300] "GET /cormun/static/menuarrow.gif HTTP/1.1" 404 1015
186.79.26.225 - - [22/Aug/2017:14:47:38 -0300] "GET /cormun/servlet/puconsultapgoce?11270703,MD,gxPopupLevel%3D0%3B HTTP/1.1" 200 4484
186.79.26.225 - - [22/Aug/2017:14:47:38 -0300] "GET /cormun/static/gxcfg.js?20176272064833 HTTP/1.1" 200 953
186.79.26.225 - - [22/Aug/2017:14:47:38 -0300] "GET /cormun/pexe_menus.js HTTP/1.1" 404 1001
186.79.26.225 - - [22/Aug/2017:14:47:38 -0300] "GET /cormun/pexe_layers.js HTTP/1.1" 404 1003
186.79.26.225 - - [22/Aug/2017:14:47:38 -0300] "GET /cormun/pexe_windows.js HTTP/1.1" 404 1005
186.79.26.225 - - [22/Aug/2017:14:47:38 -0300] "GET /cormun/pexe_link.js HTTP/1.1" 404 999
186.79.26.225 - - [22/Aug/2017:14:47:38 -0300] "GET /cormun/pexe_cookies.js HTTP/1.1" 404 1005
186.79.26.225 - - [22/Aug/2017:14:47:38 -0300] "GET /cormun/pexe_grid.js HTTP/1.1" 404 999
186.79.26.225 - - [22/Aug/2017:14:47:38 -0300] "GET /cormun/pexe_griddivfix.js HTTP/1.1" 404 1011
186.79.26.225 - - [22/Aug/2017:14:47:38 -0300] "GET /cormun/pexe_picture.js HTTP/1.1" 404 1005
186.79.26.225 - - [22/Aug/2017:14:47:38 -0300] "GET /cormun/pexe_treedivfix.js HTTP/1.1" 404 1011
186.79.26.225 - - [22/Aug/2017:14:47:38 -0300] "GET /cormun/pexe_autoreload.js HTTP/1.1" 404 1011
186.79.26.225 - - [22/Aug/2017:14:47:38 -0300] "GET /cormun/pexe_menudivfix.js HTTP/1.1" 404 1011
186.79.26.225 - - [22/Aug/2017:14:47:38 -0300] "GET /cormun/pexe_tabdivfix.js HTTP/1.1" 404 1009
186.79.26.225 - - [22/Aug/2017:14:47:38 -0300] "GET /cormun/static/mpprompt.js?201762717531384 HTTP/1.1" 200 940
186.79.26.225 - - [22/Aug/2017:14:47:38 -0300] "GET /cormun/static/puconsultapgoce.js?2017627206511 HTTP/1.1" 200 22470
186.79.26.225 - - [22/Aug/2017:14:47:38 -0300] "GET /cormun/pexe_autoreload.js HTTP/1.1" 404 1011
186.79.26.225 - - [22/Aug/2017:14:47:39 -0300] "GET /cormun/pexe_menudivfix.js HTTP/1.1" 404 1011
186.79.26.225 - - [22/Aug/2017:14:47:39 -0300] "GET /cormun/pexe_tabdivfix.js HTTP/1.1" 404 1009
186.79.105.157 - - [22/Aug/2017:14:47:54 -0300] "POST /cormun/servlet/solicitudot?gx-no-cache=1503424113851 HTTP/1.1" 200 135
186.79.105.157 - - [22/Aug/2017:14:48:10 -0300] "POST /cormun/servlet/solicitudot?gx-no-cache=1503424129609 HTTP/1.1" 200 135
186.79.105.157 - - [22/Aug/2017:14:48:25 -0300] "POST /cormun/servlet/solicitudot?gx-no-cache=1503424146236 HTTP/1.1" 200 30
186.79.105.157 - - [22/Aug/2017:14:48:42 -0300] "POST /cormun/servlet/solicitudot?gx-no-cache=1503424158306 HTTP/1.1" 200 1355
46.174.191.28 - - [22/Aug/2017:14:48:42 -0300] "GET / HTTP/1.0" 200 11197
186.79.105.157 - - [22/Aug/2017:14:48:43 -0300] "POST /cormun/servlet/solicitudot?gx-no-cache=1503424163418 HTTP/1.1" 200 41
186.79.105.157 - - [22/Aug/2017:14:48:44 -0300] "POST /cormun/servlet/solicitudot?gx-no-cache=1503424163841 HTTP/1.1" 200 1336
186.79.105.157 - - [22/Aug/2017:14:48:44 -0300] "POST /cormun/servlet/solicitudot?gx-no-cache=1503424164851 HTTP/1.1" 200 30
186.79.105.157 - - [22/Aug/2017:14:49:07 -0300] "POST /cormun/servlet/solicitudot?5cc7eb1ca6c376264f5b93db952bfbc0,INS,0,0,,gx-no-cache=1503424165327 HTTP/1.1" 500 10
186.79.105.157 - - [22/Aug/2017:14:50:28 -0300] "GET /cormun/servlet/hlogin HTTP/1.1" 200 1713
186.79.26.225 - - [22/Aug/2017:14:50:47 -0300] "POST /cormun/servlet/puconsultapgoce?e2a34aa884e34326d3bfb80dcde25a67,11270703,MD,gxPopupLevel%3D0%3B,gx-no-cache=1503424285365 HTTP/1.1" 200 60
186.79.105.157 - - [22/Aug/2017:14:50:49 -0300] "POST /cormun/servlet/hlogin?5cc7eb1ca6c376264f5b93db952bfbc0,gx-no-cache=1503424289115 HTTP/1.1" 200 90
186.79.105.157 - - [22/Aug/2017:14:50:49 -0300] "GET /cormun/servlet/hpexe_link HTTP/1.1" 200 969
186.79.105.157 - - [22/Aug/2017:14:50:50 -0300] "GET /cormun/servlet/prlicenciaspermisos?16492698,L,,MD, HTTP/1.1" 200 5617
186.79.26.225 - - [22/Aug/2017:14:51:06 -0300] "GET /cormun/servlet/trautorizarsolicitud? HTTP/1.1" 200 6960
186.79.26.225 - - [22/Aug/2017:14:51:06 -0300] "GET /cormun/servlet/trautorizarsolicitud? HTTP/1.1" 200 6952
186.79.26.225 - - [22/Aug/2017:14:51:12 -0300] "GET /cormun/servlet/trvisualizadoreventos? HTTP/1.1" 200 6780
186.79.26.225 - - [22/Aug/2017:14:51:13 -0300] "GET /cormun/servlet/trvisualizadoreventos? HTTP/1.1" 200 6780
186.79.26.225 - - [22/Aug/2017:14:51:16 -0300] "GET /cormun/servlet/trsolicitudot? HTTP/1.1" 200 14409
186.79.26.225 - - [22/Aug/2017:14:51:17 -0300] "GET /cormun/servlet/trsolicitudot? HTTP/1.1" 200 14409
186.79.26.225 - - [22/Aug/2017:14:51:22 -0300] "GET /cormun/servlet/trvisualizadoreventos? HTTP/1.1" 200 6780
186.79.26.225 - - [22/Aug/2017:14:51:22 -0300] "GET /cormun/servlet/trvisualizadoreventos? HTTP/1.1" 200 6780
186.79.26.225 - - [22/Aug/2017:14:51:25 -0300] "GET /cormun/servlet/trautorizarsolicitud? HTTP/1.1" 200 6960
186.79.26.225 - - [22/Aug/2017:14:51:25 -0300] "GET /cormun/servlet/trautorizarsolicitud? HTTP/1.1" 200 6952
186.79.26.225 - - [22/Aug/2017:14:51:27 -0300] "GET /cormun/servlet/permisogoce?INS,0,,, HTTP/1.1" 200 6855
186.79.26.225 - - [22/Aug/2017:14:51:28 -0300] "GET /cormun/servlet/permisogoce?INS,0,,, HTTP/1.1" 200 6855
186.79.105.157 - - [22/Aug/2017:14:51:31 -0300] "GET /cormun/servlet/hlogin HTTP/1.1" 200 1750
186.79.105.157 - - [22/Aug/2017:14:51:52 -0300] "POST /cormun/servlet/hlogin?5cc7eb1ca6c376264f5b93db952bfbc0,gx-no-cache=1503424352561 HTTP/1.1" 200 90
186.79.105.157 - - [22/Aug/2017:14:51:53 -0300] "GET /cormun/servlet/hpexe_link HTTP/1.1" 200 969
186.79.105.157 - - [22/Aug/2017:14:51:53 -0300] "GET /cormun/servlet/prlicenciaspermisos?16492698,L,,MD, HTTP/1.1" 200 5617
186.79.105.157 - - [22/Aug/2017:14:52:01 -0300] "POST /cormun/servlet/acontrolpreferencessavestate?None,GSAAVEDRA,true HTTP/1.1" 200 35
192.168.10.62 - - [22/Aug/2017:14:52:55 -0300] "POST /cormun/servlet/vesolicitudgral?5f05124afc9b7187afee44b2ed38a6e6,2017,7177,,,gx-no-cache=1503424345959 HTTP/1.1" 200 90
192.168.10.62 - - [22/Aug/2017:14:52:55 -0300] "GET /cormun/servlet/hpexe_link HTTP/1.1" 200 965
192.168.10.62 - - [22/Aug/2017:14:52:56 -0300] "GET /cormun/servlet/trsolicitudgral? HTTP/1.1" 200 24069
192.168.10.62 - - [22/Aug/2017:14:52:56 -0300] "GET /cormun/servlet/trsolicitudgral? HTTP/1.1" 200 24067
192.168.10.62 - - [22/Aug/2017:14:53:00 -0300] "GET /cormun/servlet/vesolicitudgral?2017,7230,, HTTP/1.1" 200 8230
192.168.10.62 - - [22/Aug/2017:14:53:00 -0300] "GET /cormun/pexe_scrolldiv.js HTTP/1.1" 404 1009
192.168.10.62 - - [22/Aug/2017:14:53:00 -0300] "GET /cormun/pexe_scrolldiv.js HTTP/1.1" 404 1009
192.168.10.62 - - [22/Aug/2017:14:53:01 -0300] "GET /cormun/servlet/vesolicitudgral?2017,7230,, HTTP/1.1" 200 8229
192.168.10.62 - - [22/Aug/2017:14:53:05 -0300] "POST /cormun/servlet/vesolicitudgral?5f05124afc9b7187afee44b2ed38a6e6,2017,7230,,,gx-no-cache=1503424355281 HTTP/1.1" 200 90
192.168.10.62 - - [22/Aug/2017:14:53:05 -0300] "GET /cormun/servlet/hpexe_link HTTP/1.1" 200 964
192.168.10.62 - - [22/Aug/2017:14:53:05 -0300] "GET /cormun/servlet/trsolicitudgral HTTP/1.1" 200 24069
192.168.10.62 - - [22/Aug/2017:14:53:06 -0300] "GET /cormun/servlet/trsolicitudgral HTTP/1.1" 200 24067
186.79.26.225 - - [22/Aug/2017:14:53:39 -0300] "GET /cormun/servlet/hlogin HTTP/1.1" 200 1714
186.79.26.225 - - [22/Aug/2017:14:53:52 -0300] "POST /cormun/servlet/hlogin?e2a34aa884e34326d3bfb80dcde25a67,gx-no-cache=1503424470564 HTTP/1.1" 200 90
186.79.26.225 - - [22/Aug/2017:14:53:52 -0300] "GET /cormun/servlet/hpexe_link HTTP/1.1" 200 960
186.79.26.225 - - [22/Aug/2017:14:53:52 -0300] "GET /cormun/servlet/permisogoce?INS,0,,, HTTP/1.1" 200 6858
186.79.26.225 - - [22/Aug/2017:14:53:53 -0300] "GET /cormun/servlet/permisogoce?INS,0,,, HTTP/1.1" 200 6857
186.79.26.225 - - [22/Aug/2017:14:53:59 -0300] "GET /cormun/servlet/hhome HTTP/1.1" 200 4024
186.79.26.225 - - [22/Aug/2017:14:54:00 -0300] "GET /cormun/servlet/hhome HTTP/1.1" 200 4013
186.79.26.225 - - [22/Aug/2017:14:54:05 -0300] "GET /cormun/servlet/hhome HTTP/1.1" 200 4013
186.79.26.225 - - [22/Aug/2017:14:54:06 -0300] "GET /cormun/servlet/hhome HTTP/1.1" 200 4013
192.168.10.96 - - [22/Aug/2017:14:56:53 -0300] "GET /cormun/servlet/hlogin HTTP/1.1" 200 1741
186.79.26.225 - - [22/Aug/2017:14:57:12 -0300] "GET /cormun/servlet/trpermisosgoce? HTTP/1.1" 200 6948
186.79.26.225 - - [22/Aug/2017:14:57:13 -0300] "GET /cormun/servlet/trpermisosgoce? HTTP/1.1" 200 6948
186.79.26.225 - - [22/Aug/2017:14:57:18 -0300] "GET /cormun/servlet/permisogoce?INS,0,,, HTTP/1.1" 200 6857
186.79.26.225 - - [22/Aug/2017:14:57:18 -0300] "GET /cormun/servlet/permisogoce?INS,0,,, HTTP/1.1" 200 6857
192.168.10.96 - - [22/Aug/2017:14:57:27 -0300] "POST /cormun/servlet/hlogin?b2e6ff94f529bda798be5136818b3bcc,gx-no-cache=1503424617543 HTTP/1.1" 200 90
192.168.10.96 - - [22/Aug/2017:14:57:27 -0300] "GET /cormun/servlet/hpexe_link HTTP/1.1" 200 951
192.168.10.96 - - [22/Aug/2017:14:57:27 -0300] "GET /cormun/servlet/hhome HTTP/1.1" 200 4448
192.168.10.96 - - [22/Aug/2017:14:57:27 -0300] "GET /cormun/servlet/hhome HTTP/1.1" 200 4444
186.79.26.225 - - [22/Aug/2017:14:57:29 -0300] "GET /cormun/servlet/permisogoce?7999536d64e2cc3a2ae238744fbf4fa2bf597f1a47162553d6bf45b25b4d1c1f7a29d510d2aacbd30efa0efb9194211daf6e4dab5ac570da4daae60d86fe2d15,gx-no-cache=1503424687968 HTTP/1.1" 200 82
186.79.26.225 - - [22/Aug/2017:14:57:29 -0300] "GET /cormun/static/menuarrow.gif HTTP/1.1" 404 1015
192.168.10.96 - - [22/Aug/2017:14:57:30 -0300] "GET /cormun/servlet/trsolicitudgral? HTTP/1.1" 200 28665
192.168.10.96 - - [22/Aug/2017:14:57:31 -0300] "GET /cormun/servlet/trsolicitudgral? HTTP/1.1" 200 28663
192.168.10.96 - - [22/Aug/2017:14:57:48 -0300] "POST /cormun/servlet/trsolicitudgral?b2e6ff94f529bda798be5136818b3bcc,,gx-no-cache=1503424638902 HTTP/1.1" 200 5760
192.168.10.96 - - [22/Aug/2017:14:57:52 -0300] "POST /cormun/servlet/trsolicitudgral?b2e6ff94f529bda798be5136818b3bcc,,gx-no-cache=1503424642367 HTTP/1.1" 200 5759
192.168.10.96 - - [22/Aug/2017:14:57:59 -0300] "POST /cormun/servlet/trsolicitudgral?b2e6ff94f529bda798be5136818b3bcc,,gx-no-cache=1503424649414 HTTP/1.1" 200 5762
192.168.10.96 - - [22/Aug/2017:14:58:02 -0300] "POST /cormun/servlet/trsolicitudgral?b2e6ff94f529bda798be5136818b3bcc,,gx-no-cache=1503424653032 HTTP/1.1" 200 5761
192.168.10.96 - - [22/Aug/2017:14:58:08 -0300] "POST /cormun/servlet/trsolicitudgral?b2e6ff94f529bda798be5136818b3bcc,,gx-no-cache=1503424659159 HTTP/1.1" 200 5761
192.168.10.96 - - [22/Aug/2017:14:58:14 -0300] "POST /cormun/servlet/trsolicitudgral?b2e6ff94f529bda798be5136818b3bcc,,gx-no-cache=1503424664425 HTTP/1.1" 200 20148
192.168.10.96 - - [22/Aug/2017:15:00:40 -0300] "GET /cormun/servlet/trpermisosgeneralesgoce? HTTP/1.1" 200 17918
192.168.10.96 - - [22/Aug/2017:15:00:40 -0300] "GET /cormun/static/gxcfg.js?20176272065695 HTTP/1.1" 304 -
192.168.10.96 - - [22/Aug/2017:15:00:40 -0300] "GET /cormun/static/trpermisosgeneralesgoce.js?201762720718 HTTP/1.1" 304 -
192.168.10.96 - - [22/Aug/2017:15:00:40 -0300] "GET /cormun/servlet/trpermisosgeneralesgoce? HTTP/1.1" 200 17918
192.168.10.96 - - [22/Aug/2017:15:00:44 -0300] "POST /cormun/servlet/trpermisosgeneralesgoce?b2e6ff94f529bda798be5136818b3bcc,,gx-no-cache=1503424814258 HTTP/1.1" 200 15252
192.168.10.96 - - [22/Aug/2017:15:00:58 -0300] "GET /cormun/servlet/trpermisosgeneralesgoce? HTTP/1.1" 200 17904
192.168.10.96 - - [22/Aug/2017:15:00:58 -0300] "GET /cormun/servlet/trpermisosgeneralesgoce? HTTP/1.1" 200 17904
192.168.10.96 - - [22/Aug/2017:15:01:05 -0300] "GET /cormun/servlet/trpermisosadjuntos?11270703,20170822143452,P, HTTP/1.1" 200 6764
192.168.10.96 - - [22/Aug/2017:15:01:05 -0300] "GET /cormun/static/gxcfg.js?201762817193957 HTTP/1.1" 200 953
192.168.10.96 - - [22/Aug/2017:15:01:05 -0300] "GET /cormun/static/trpermisosadjuntos.js?201762817194366 HTTP/1.1" 200 20158
192.168.10.96 - - [22/Aug/2017:15:01:05 -0300] "GET /cormun/servlet/trpermisosadjuntos?11270703,20170822143452,P, HTTP/1.1" 200 6763
192.168.10.96 - - [22/Aug/2017:15:01:08 -0300] "POST /cormun/servlet/trpermisosadjuntos?b2e6ff94f529bda798be5136818b3bcc,11270703,20170822143452,P,,gx-no-cache=1503424838608 HTTP/1.1" 200 90
192.168.10.96 - - [22/Aug/2017:15:01:08 -0300] "GET /cormun/servlet/hpexe_link HTTP/1.1" 200 986
192.168.10.96 - - [22/Aug/2017:15:01:08 -0300] "GET /cormun/servlet/trpermisosgeneralesgoce HTTP/1.1" 200 17905
192.168.10.96 - - [22/Aug/2017:15:01:09 -0300] "GET /cormun/servlet/trpermisosgeneralesgoce HTTP/1.1" 200 17904
192.168.10.96 - - [22/Aug/2017:15:01:12 -0300] "POST /cormun/servlet/trpermisosgeneralesgoce?b2e6ff94f529bda798be5136818b3bcc,gx-no-cache=1503424842663 HTTP/1.1" 200 15113
192.168.10.96 - - [22/Aug/2017:15:01:15 -0300] "POST /cormun/servlet/trpermisosgeneralesgoce?b2e6ff94f529bda798be5136818b3bcc,gx-no-cache=1503424846017 HTTP/1.1" 200 15244
192.168.10.96 - - [22/Aug/2017:15:01:18 -0300] "GET /cormun/servlet/hlogin HTTP/1.1" 200 1740
192.168.10.96 - - [22/Aug/2017:15:01:27 -0300] "POST /cormun/servlet/hlogin?b2e6ff94f529bda798be5136818b3bcc,gx-no-cache=1503424858029 HTTP/1.1" 200 453
192.168.10.96 - - [22/Aug/2017:15:01:32 -0300] "POST /cormun/servlet/hlogin?b2e6ff94f529bda798be5136818b3bcc,gx-no-cache=1503424862339 HTTP/1.1" 200 90
192.168.10.96 - - [22/Aug/2017:15:01:32 -0300] "GET /cormun/servlet/hpexe_link HTTP/1.1" 200 951
192.168.10.96 - - [22/Aug/2017:15:01:32 -0300] "GET /cormun/servlet/hhome HTTP/1.1" 200 4025
192.168.10.96 - - [22/Aug/2017:15:01:32 -0300] "GET /cormun/servlet/hhome HTTP/1.1" 200 4022
192.168.10.96 - - [22/Aug/2017:15:01:37 -0300] "GET /cormun/servlet/trpermisosgoce? HTTP/1.1" 200 8833
192.168.10.96 - - [22/Aug/2017:15:01:37 -0300] "GET /cormun/static/gxcfg.js?20177612163875 HTTP/1.1" 200 953
192.168.10.96 - - [22/Aug/2017:15:01:37 -0300] "GET /cormun/static/trpermisosgoce.js?20177612164335 HTTP/1.1" 200 35904
192.168.10.96 - - [22/Aug/2017:15:01:37 -0300] "GET /cormun/servlet/trpermisosgoce? HTTP/1.1" 200 8831
186.79.26.225 - - [22/Aug/2017:15:02:09 -0300] "GET /cormun/servlet/trpermisosgoce? HTTP/1.1" 200 6949
192.168.10.96 - - [22/Aug/2017:15:02:09 -0300] "GET /cormun/servlet/trpermisosgoce? HTTP/1.1" 200 8831
186.79.26.225 - - [22/Aug/2017:15:02:10 -0300] "GET /cormun/servlet/trpermisosgoce? HTTP/1.1" 200 6948
192.168.10.96 - - [22/Aug/2017:15:02:10 -0300] "GET /cormun/servlet/trpermisosgoce? HTTP/1.1" 200 8833
192.168.10.96 - - [22/Aug/2017:15:02:42 -0300] "GET /cormun/servlet/trpermisosgoce? HTTP/1.1" 200 8833
192.168.10.96 - - [22/Aug/2017:15:02:43 -0300] "GET /cormun/servlet/trpermisosgoce? HTTP/1.1" 200 8833
192.168.10.96 - - [22/Aug/2017:15:02:50 -0300] "GET /cormun/servlet/trpermisosgoce? HTTP/1.1" 200 8831
