200.86.95.220 - - [22/Aug/2017:10:13:35 -0300] "POST /cormun/servlet/solicitudotadjuntos?811de48910319ee399a648de90e343d5,INS,2017,7241,,1, HTTP/1.1" 200 116
200.86.95.220 - - [22/Aug/2017:10:13:35 -0300] "GET /cormun/servlet/hpexe_return? HTTP/1.1" 200 1026
200.86.95.220 - - [22/Aug/2017:10:13:36 -0300] "GET /cormun/servlet/trsolicitudadjuntos?2017,7241, HTTP/1.1" 200 8350
200.86.95.220 - - [22/Aug/2017:10:13:37 -0300] "GET /cormun/servlet/trsolicitudadjuntos?2017,7241, HTTP/1.1" 200 8350
192.168.10.62 - - [22/Aug/2017:10:13:37 -0300] "POST /cormun/servlet/trsolicitudgral?0735f7dfc63c43be6d1a6a442f8f852b,,gx-no-cache=1503407587463 HTTP/1.1" 200 12714
200.86.95.220 - - [22/Aug/2017:10:13:39 -0300] "GET /cormun/servlet/solicitudotadjuntos?INS,2017,7241,,1, HTTP/1.1" 200 5851
200.86.95.220 - - [22/Aug/2017:10:13:39 -0300] "GET /cormun/static/about:blank HTTP/1.1" 404 1011
200.86.95.220 - - [22/Aug/2017:10:13:40 -0300] "GET /cormun/servlet/solicitudotadjuntos?INS,2017,7241,,1, HTTP/1.1" 200 5845
200.86.95.220 - - [22/Aug/2017:10:13:40 -0300] "GET /cormun/servlet/solicitudotadjuntos?f4d6a08d2b366b8927dc737dec1774fdead85d91ec64a82db5c6ca35234836432a24a11cf9d7c0c49cfbec98f6b05c0a,gx-no-cache=1503407661038 HTTP/1.1" 200 30
200.86.95.220 - - [22/Aug/2017:10:13:40 -0300] "POST /cormun/servlet/solicitudotadjuntos?811de48910319ee399a648de90e343d5,INS,2017,7241,,1,,gx-no-cache=1503407661128 HTTP/1.1" 200 3646
200.86.95.220 - - [22/Aug/2017:10:13:44 -0300] "POST /cormun/servlet/solicitudotadjuntos?gx-no-cache=1503407664514 HTTP/1.1" 200 26
192.168.10.62 - - [22/Aug/2017:10:13:44 -0300] "POST /cormun/servlet/trsolicitudgral?0735f7dfc63c43be6d1a6a442f8f852b,,gx-no-cache=1503407594481 HTTP/1.1" 200 12271
200.86.95.220 - - [22/Aug/2017:10:13:51 -0300] "GET /cormun/servlet/solicitudotadjuntos?f4d6a08d2b366b8927dc737dec1774fd815b92c2ba442971ef5df004bec2158e,gx-no-cache=1503407672302 HTTP/1.1" 200 30
200.86.95.220 - - [22/Aug/2017:10:13:52 -0300] "GET /cormun/servlet/solicitudotadjuntos?f4d6a08d2b366b8927dc737dec1774fd815b92c2ba442971ef5df004bec2158e,gx-no-cache=1503407672364 HTTP/1.1" 200 30
200.86.95.220 - - [22/Aug/2017:10:13:53 -0300] "POST /cormun/servlet/solicitudotadjuntos?811de48910319ee399a648de90e343d5,INS,2017,7241,,1, HTTP/1.1" 200 116
200.86.95.220 - - [22/Aug/2017:10:13:53 -0300] "GET /cormun/servlet/hpexe_return? HTTP/1.1" 200 1026
192.168.10.62 - - [22/Aug/2017:10:13:53 -0300] "GET /cormun/servlet/trconsultaempleado? HTTP/1.1" 200 9483
192.168.10.62 - - [22/Aug/2017:10:13:53 -0300] "GET /cormun/static/gxcfg.js?201762717543265 HTTP/1.1" 304 -
192.168.10.62 - - [22/Aug/2017:10:13:53 -0300] "GET /cormun/static/trconsultaempleado.js?201762717543549 HTTP/1.1" 304 -
200.86.95.220 - - [22/Aug/2017:10:13:54 -0300] "GET /cormun/servlet/trsolicitudadjuntos?2017,7241, HTTP/1.1" 200 8504
192.168.10.62 - - [22/Aug/2017:10:13:54 -0300] "GET /cormun/servlet/trconsultaempleado? HTTP/1.1" 200 9482
200.86.95.220 - - [22/Aug/2017:10:13:55 -0300] "GET /cormun/servlet/trsolicitudadjuntos?2017,7241, HTTP/1.1" 200 8503
200.86.95.220 - - [22/Aug/2017:10:13:57 -0300] "GET /cormun/servlet/solicitudotadjuntos?INS,2017,7241,,1, HTTP/1.1" 200 5851
200.86.95.220 - - [22/Aug/2017:10:13:58 -0300] "GET /cormun/static/about:blank HTTP/1.1" 404 1011
200.86.95.220 - - [22/Aug/2017:10:13:58 -0300] "GET /cormun/servlet/solicitudotadjuntos?INS,2017,7241,,1, HTTP/1.1" 200 5845
200.86.95.220 - - [22/Aug/2017:10:13:58 -0300] "GET /cormun/servlet/solicitudotadjuntos?f4d6a08d2b366b8927dc737dec1774fdead85d91ec64a82db5c6ca35234836432a24a11cf9d7c0c49cfbec98f6b05c0a,gx-no-cache=1503407679282 HTTP/1.1" 200 30
200.86.95.220 - - [22/Aug/2017:10:13:59 -0300] "POST /cormun/servlet/solicitudotadjuntos?811de48910319ee399a648de90e343d5,INS,2017,7241,,1,,gx-no-cache=1503407679395 HTTP/1.1" 200 3646
192.168.10.62 - - [22/Aug/2017:10:14:06 -0300] "POST /cormun/servlet/trconsultaempleado?0735f7dfc63c43be6d1a6a442f8f852b,,gx-no-cache=1503407616575 HTTP/1.1" 200 7054
192.168.10.89 - - [22/Aug/2017:10:14:16 -0300] "POST /cormun/servlet/trsolicitudgral?6ffacc96039b9edc14b2335fd61e1ea3,,gx-no-cache=1503407627064 HTTP/1.1" 200 5971
186.67.84.234 - - [22/Aug/2017:10:14:23 -0300] "POST /cormun/servlet/trcontratounov2?0bc028467d198dab68ac8cf77aad8a32,,gx-no-cache=1503411302306 HTTP/1.1" 200 4040
192.168.10.62 - - [22/Aug/2017:10:14:28 -0300] "POST /cormun/servlet/trconsultaempleado?0735f7dfc63c43be6d1a6a442f8f852b,,gx-no-cache=1503407638725 HTTP/1.1" 200 4011
192.168.10.62 - - [22/Aug/2017:10:14:30 -0300] "GET /cormun/servlet/trsolicitudnombre?14011465, HTTP/1.1" 200 8402
192.168.10.62 - - [22/Aug/2017:10:14:30 -0300] "GET /cormun/static/gxcfg.js?20177612153745 HTTP/1.1" 304 -
192.168.10.62 - - [22/Aug/2017:10:14:30 -0300] "GET /cormun/static/trsolicitudnombre.js?20177612154149 HTTP/1.1" 304 -
192.168.10.62 - - [22/Aug/2017:10:14:30 -0300] "GET /cormun/servlet/trsolicitudnombre?14011465, HTTP/1.1" 200 8405
192.168.10.62 - - [22/Aug/2017:10:14:34 -0300] "GET /cormun/servlet/vesolicitudnombre?2017,7197,, HTTP/1.1" 200 8091
192.168.10.62 - - [22/Aug/2017:10:14:34 -0300] "GET /cormun/static/gxcfg.js?20177612153644 HTTP/1.1" 304 -
192.168.10.62 - - [22/Aug/2017:10:14:34 -0300] "GET /cormun/pexe_scrolldiv.js HTTP/1.1" 404 1009
192.168.10.62 - - [22/Aug/2017:10:14:34 -0300] "GET /cormun/static/vesolicitudnombre.js?20177612153699 HTTP/1.1" 304 -
192.168.10.62 - - [22/Aug/2017:10:14:34 -0300] "GET /cormun/static/tbsolicitudnombre01.js?2017110216261 HTTP/1.1" 304 -
192.168.10.62 - - [22/Aug/2017:10:14:34 -0300] "GET /cormun/servlet/vesolicitudnombre?2017,7197,, HTTP/1.1" 200 8085
192.168.10.62 - - [22/Aug/2017:10:14:39 -0300] "GET /cormun/servlet/vesolicitudnombre?2017,7197,,SolicitudOTLog HTTP/1.1" 200 8642
192.168.10.62 - - [22/Aug/2017:10:14:39 -0300] "GET /cormun/pexe_scrolldiv.js HTTP/1.1" 404 1009
192.168.10.62 - - [22/Aug/2017:10:14:39 -0300] "GET /cormun/static/tbsolicitudnombre03.js?20173171132461 HTTP/1.1" 304 -
192.168.10.62 - - [22/Aug/2017:10:14:39 -0300] "GET /cormun/pexe_scrolldiv.js HTTP/1.1" 404 1009
192.168.10.62 - - [22/Aug/2017:10:14:39 -0300] "GET /cormun/servlet/vesolicitudnombre?2017,7197,,SolicitudOTLog HTTP/1.1" 200 8642
192.168.10.62 - - [22/Aug/2017:10:14:40 -0300] "POST /cormun/servlet/acontrolpreferencessavestate?None,FGONZALEZG,true HTTP/1.1" 200 35
192.168.10.96 - - [22/Aug/2017:10:14:42 -0300] "POST /cormun/servlet/trsolicitudgral?4bf7e5cbf2f0fa3a33332c5d5edc354f,,gx-no-cache=1503407652592 HTTP/1.1" 200 7109
190.151.124.170 - - [22/Aug/2017:10:14:43 -0300] "POST /cormun/servlet/trcontratounov2?0bc028467d198dab68ac8cf77aad8a32,,gx-no-cache=1503411322655 HTTP/1.1" 200 4040
192.168.10.96 - - [22/Aug/2017:10:14:46 -0300] "GET /cormun/servlet/vesolicitudgral?2017,7101,, HTTP/1.1" 200 8909
192.168.10.96 - - [22/Aug/2017:10:14:46 -0300] "GET /cormun/pexe_scrolldiv.js HTTP/1.1" 404 1009
192.168.10.96 - - [22/Aug/2017:10:14:46 -0300] "GET /cormun/pexe_scrolldiv.js HTTP/1.1" 404 1009
192.168.10.96 - - [22/Aug/2017:10:14:47 -0300] "GET /cormun/servlet/vesolicitudgral?2017,7101,, HTTP/1.1" 200 8909
192.168.10.96 - - [22/Aug/2017:10:14:49 -0300] "GET /cormun/servlet/vesolicitudgral?2017,7101,,SolicitudOTAdjuntos HTTP/1.1" 200 11287
192.168.10.96 - - [22/Aug/2017:10:14:49 -0300] "GET /cormun/pexe_scrolldiv.js HTTP/1.1" 404 1009
192.168.10.96 - - [22/Aug/2017:10:14:49 -0300] "GET /cormun/pexe_scrolldiv.js HTTP/1.1" 404 1009
192.168.10.96 - - [22/Aug/2017:10:14:49 -0300] "GET /cormun/servlet/vesolicitudgral?2017,7101,,SolicitudOTAdjuntos HTTP/1.1" 200 11289
192.168.10.96 - - [22/Aug/2017:10:14:50 -0300] "POST /cormun/servlet/acontrolpreferencessavestate?None,DZAMUDIO,true HTTP/1.1" 200 35
192.168.10.89 - - [22/Aug/2017:10:14:58 -0300] "POST /cormun/servlet/trsolicitudgral?6ffacc96039b9edc14b2335fd61e1ea3,,gx-no-cache=1503407668611 HTTP/1.1" 200 7827
192.168.10.62 - - [22/Aug/2017:10:15:02 -0300] "POST /cormun/servlet/vesolicitudnombre?0735f7dfc63c43be6d1a6a442f8f852b,2017,7197,,SolicitudOTLog,gx-no-cache=1503407672456 HTTP/1.1" 200 90
192.168.10.62 - - [22/Aug/2017:10:15:02 -0300] "GET /cormun/servlet/hpexe_link HTTP/1.1" 200 981
192.168.10.62 - - [22/Aug/2017:10:15:02 -0300] "GET /cormun/servlet/trsolicitudnombre?14011465, HTTP/1.1" 200 8403
192.168.10.62 - - [22/Aug/2017:10:15:02 -0300] "GET /cormun/servlet/trsolicitudnombre?14011465, HTTP/1.1" 200 8405
192.168.10.96 - - [22/Aug/2017:10:15:06 -0300] "GET /cormun/PublicTempStorage/cv_nadia_perez20170727_180441491455111.jpg HTTP/1.1" 200 339366
192.168.10.62 - - [22/Aug/2017:10:15:14 -0300] "GET /cormun/servlet/trconsultaempleado? HTTP/1.1" 200 6267
192.168.10.62 - - [22/Aug/2017:10:15:15 -0300] "GET /cormun/servlet/trconsultaempleado? HTTP/1.1" 200 6266
186.67.84.234 - - [22/Aug/2017:10:15:23 -0300] "GET /cormun/servlet/trcontratounov2? HTTP/1.1" 200 6802
186.67.84.234 - - [22/Aug/2017:10:15:25 -0300] "GET /cormun/servlet/trcontratounov2? HTTP/1.1" 200 6801
186.67.84.234 - - [22/Aug/2017:10:15:25 -0300] "GET /favicon.ico HTTP/1.1" 200 21630
192.168.10.89 - - [22/Aug/2017:10:16:03 -0300] "POST /cormun/servlet/trsolicitudgral?6ffacc96039b9edc14b2335fd61e1ea3,,gx-no-cache=1503407733536 HTTP/1.1" 200 7548
192.168.10.62 - - [22/Aug/2017:10:16:06 -0300] "POST /cormun/servlet/trconsultaempleado?0735f7dfc63c43be6d1a6a442f8f852b,,gx-no-cache=1503407736614 HTTP/1.1" 200 3780
192.168.10.62 - - [22/Aug/2017:10:16:07 -0300] "POST /cormun/servlet/trconsultaempleado?0735f7dfc63c43be6d1a6a442f8f852b,,gx-no-cache=1503407738147 HTTP/1.1" 200 3780
190.151.99.26 - - [22/Aug/2017:10:17:22 -0300] "POST /cormun/servlet/acontrolpreferencessavestate?None,ECONTRERAS,true HTTP/1.1" 200 35
190.151.99.26 - - [22/Aug/2017:10:17:25 -0300] "POST /cormun/servlet/acontrolpreferencessavestate?None,ECONTRERAS,true HTTP/1.1" 200 35
192.168.10.89 - - [22/Aug/2017:10:18:08 -0300] "POST /cormun/servlet/trsolicitudgral?6ffacc96039b9edc14b2335fd61e1ea3,,gx-no-cache=1503407858363 HTTP/1.1" 200 7701
192.168.10.89 - - [22/Aug/2017:10:18:31 -0300] "POST /cormun/servlet/trsolicitudgral?6ffacc96039b9edc14b2335fd61e1ea3,,gx-no-cache=1503407882175 HTTP/1.1" 200 115
192.168.10.89 - - [22/Aug/2017:10:18:31 -0300] "GET /cormun/servlet/solicitudotlog?INS,2017,7140,0,REC, HTTP/1.1" 200 6429
192.168.10.89 - - [22/Aug/2017:10:18:31 -0300] "GET /cormun/static/gxcfg.js?201752511524564 HTTP/1.1" 304 -
192.168.10.89 - - [22/Aug/2017:10:18:32 -0300] "GET /cormun/static/solicitudotlog.js?201752511524577 HTTP/1.1" 304 -
192.168.10.89 - - [22/Aug/2017:10:18:32 -0300] "GET /cormun/servlet/solicitudotlog?2dad3f8d035b612a98645db9f1aa9fe8ada752d3ea086171c9a7e9ecb4d4cfd0be973d120441f0b216dd750a986fb1432a213c4f7be3be3f3300d3123684b34a608e4b7f9906f3e52ad6c0786b74ec18e4ed4e9b41483e0dc3ed5097345deac4ec2e46b7bb60d330d9b7d768841a9fcb6ea818cb28b42dff60c7e6c1bfe4482e098f36d57d73ac70e5065ffbea394f3d6d451d4d88d885e1a7aa647b98dd612f,gx-no-cache=1503407883205 HTTP/1.1" 200 94
192.168.10.89 - - [22/Aug/2017:10:18:38 -0300] "POST /cormun/servlet/solicitudotlog?6ffacc96039b9edc14b2335fd61e1ea3,INS,2017,7140,0,REC,,gx-no-cache=1503407888877 HTTP/1.1" 200 93
192.168.10.89 - - [22/Aug/2017:10:18:38 -0300] "GET /cormun/servlet/hpexe_return? HTTP/1.1" 200 1025
192.168.10.89 - - [22/Aug/2017:10:18:39 -0300] "GET /cormun/servlet/trsolicitudgral? HTTP/1.1" 200 10540
192.168.10.89 - - [22/Aug/2017:10:19:10 -0300] "POST /cormun/servlet/trsolicitudgral?6ffacc96039b9edc14b2335fd61e1ea3,,gx-no-cache=1503407920827 HTTP/1.1" 200 7567
192.168.10.89 - - [22/Aug/2017:10:19:20 -0300] "POST /cormun/servlet/trsolicitudgral?6ffacc96039b9edc14b2335fd61e1ea3,,gx-no-cache=1503407930307 HTTP/1.1" 200 7157
192.168.10.89 - - [22/Aug/2017:10:19:20 -0300] "GET /cormun/static/Shared/jqueryui/images/ui-bg_flat_55_fafafa_40x100.png HTTP/1.1" 404 1097
192.168.10.89 - - [22/Aug/2017:10:19:20 -0300] "GET /cormun/static/Shared/jqueryui/images/ui-icons_8d78a5_256x240.png HTTP/1.1" 404 1089
192.168.10.89 - - [22/Aug/2017:10:19:20 -0300] "GET /cormun/static/Shared/jqueryui/images/ui-icons_82798d_256x240.png HTTP/1.1" 404 1089
192.168.10.89 - - [22/Aug/2017:10:19:20 -0300] "GET /cormun/static/Shared/jqueryui/images/ui-bg_highlight-soft_100_c6c2c8_1x100.png HTTP/1.1" 404 1117
192.168.10.89 - - [22/Aug/2017:10:19:38 -0300] "POST /cormun/servlet/trsolicitudgral?6ffacc96039b9edc14b2335fd61e1ea3,,gx-no-cache=1503407948432 HTTP/1.1" 200 7818
192.168.10.89 - - [22/Aug/2017:10:20:26 -0300] "POST /cormun/servlet/trsolicitudgral?6ffacc96039b9edc14b2335fd61e1ea3,,gx-no-cache=1503407996634 HTTP/1.1" 200 7121
192.168.10.89 - - [22/Aug/2017:10:20:28 -0300] "POST /cormun/servlet/trsolicitudgral?6ffacc96039b9edc14b2335fd61e1ea3,,gx-no-cache=1503407998614 HTTP/1.1" 200 5960
192.168.10.89 - - [22/Aug/2017:10:20:38 -0300] "POST /cormun/servlet/trsolicitudgral?6ffacc96039b9edc14b2335fd61e1ea3,,gx-no-cache=1503408008841 HTTP/1.1" 200 7153
192.168.10.89 - - [22/Aug/2017:10:20:41 -0300] "POST /cormun/servlet/trsolicitudgral?6ffacc96039b9edc14b2335fd61e1ea3,,gx-no-cache=1503408012053 HTTP/1.1" 200 5981
192.168.10.89 - - [22/Aug/2017:10:20:52 -0300] "POST /cormun/servlet/trsolicitudgral?6ffacc96039b9edc14b2335fd61e1ea3,,gx-no-cache=1503408022713 HTTP/1.1" 200 7157
192.168.10.89 - - [22/Aug/2017:10:20:55 -0300] "POST /cormun/servlet/trsolicitudgral?6ffacc96039b9edc14b2335fd61e1ea3,,gx-no-cache=1503408025373 HTTP/1.1" 200 5988
192.168.10.96 - - [22/Aug/2017:10:21:02 -0300] "GET /cormun/servlet/vesolicitudgral?2017,7101,,SolicitudOTAdjuntos HTTP/1.1" 200 11289
192.168.10.96 - - [22/Aug/2017:10:21:03 -0300] "GET /cormun/servlet/vesolicitudgral?2017,7101,,SolicitudOTAdjuntos HTTP/1.1" 200 11291
192.168.10.96 - - [22/Aug/2017:10:21:03 -0300] "POST /cormun/servlet/acontrolpreferencessavestate?None,DZAMUDIO,true HTTP/1.1" 200 35
192.168.10.89 - - [22/Aug/2017:10:21:05 -0300] "POST /cormun/servlet/trsolicitudgral?6ffacc96039b9edc14b2335fd61e1ea3,,gx-no-cache=1503408035992 HTTP/1.1" 200 7144
192.168.10.96 - - [22/Aug/2017:10:21:07 -0300] "GET /cormun/PublicTempStorage/certificado_titulo20170731_155357561121912.jpg HTTP/1.1" 200 340499
192.168.10.89 - - [22/Aug/2017:10:21:08 -0300] "POST /cormun/servlet/trsolicitudgral?6ffacc96039b9edc14b2335fd61e1ea3,,gx-no-cache=1503408038509 HTTP/1.1" 200 5971
192.168.10.96 - - [22/Aug/2017:10:21:12 -0300] "GET /cormun/servlet/vesolicitudgral?2017,7101,,SolicitudOTAdjuntos HTTP/1.1" 200 11292
192.168.10.96 - - [22/Aug/2017:10:21:12 -0300] "GET /cormun/servlet/vesolicitudgral?2017,7101,,SolicitudOTAdjuntos HTTP/1.1" 200 11291
192.168.10.96 - - [22/Aug/2017:10:21:13 -0300] "POST /cormun/servlet/acontrolpreferencessavestate?None,DZAMUDIO,true HTTP/1.1" 200 35
192.168.10.89 - - [22/Aug/2017:10:21:17 -0300] "POST /cormun/servlet/trsolicitudgral?6ffacc96039b9edc14b2335fd61e1ea3,,gx-no-cache=1503408047833 HTTP/1.1" 200 7138
192.168.10.96 - - [22/Aug/2017:10:21:20 -0300] "GET /cormun/PublicTempStorage/certificado_antecedentes20170731_155602657765842.jpg HTTP/1.1" 200 428564
192.168.10.89 - - [22/Aug/2017:10:21:20 -0300] "POST /cormun/servlet/trsolicitudgral?6ffacc96039b9edc14b2335fd61e1ea3,,gx-no-cache=1503408050565 HTTP/1.1" 200 5972
190.151.99.26 - - [22/Aug/2017:10:21:23 -0300] "GET /cormun/servlet/trsolicitudot? HTTP/1.1" 200 8592
190.151.124.170 - - [22/Aug/2017:10:21:23 -0300] "GET /cormun/static/gxcfg.js?20177612135780 HTTP/1.1" 200 953
190.151.124.170 - - [22/Aug/2017:10:21:24 -0300] "GET /cormun/static/trsolicitudot.js?2017761214480 HTTP/1.1" 200 54041
190.151.99.26 - - [22/Aug/2017:10:21:25 -0300] "GET /cormun//static/Resources/PXToolsActionView.png HTTP/1.1" 200 2995
190.151.124.170 - - [22/Aug/2017:10:21:25 -0300] "GET /cormun//static/Resources/PXToolsRemoveAllAction.png HTTP/1.1" 200 3558
190.151.124.170 - - [22/Aug/2017:10:21:25 -0300] "GET /cormun/servlet/trsolicitudot? HTTP/1.1" 200 8592
192.168.10.89 - - [22/Aug/2017:10:21:29 -0300] "POST /cormun/servlet/trsolicitudgral?6ffacc96039b9edc14b2335fd61e1ea3,,gx-no-cache=1503408059424 HTTP/1.1" 200 7144
192.168.10.89 - - [22/Aug/2017:10:21:31 -0300] "POST /cormun/servlet/trsolicitudgral?6ffacc96039b9edc14b2335fd61e1ea3,,gx-no-cache=1503408061902 HTTP/1.1" 200 5974
192.168.10.96 - - [22/Aug/2017:10:21:58 -0300] "GET /cormun/servlet/vesolicitudgral?2017,7101,,SolicitudOTAdjuntos HTTP/1.1" 200 11289
192.168.10.96 - - [22/Aug/2017:10:21:59 -0300] "GET /cormun/servlet/vesolicitudgral?2017,7101,,SolicitudOTAdjuntos HTTP/1.1" 200 11293
192.168.10.96 - - [22/Aug/2017:10:22:00 -0300] "POST /cormun/servlet/acontrolpreferencessavestate?None,DZAMUDIO,true HTTP/1.1" 200 35
192.168.10.96 - - [22/Aug/2017:10:22:08 -0300] "GET /cormun/servlet/trsolicitudgral? HTTP/1.1" 200 8983
192.168.10.96 - - [22/Aug/2017:10:22:08 -0300] "GET /cormun/servlet/trsolicitudgral? HTTP/1.1" 200 8966
192.168.10.96 - - [22/Aug/2017:10:22:18 -0300] "POST /cormun/servlet/trsolicitudgral?4bf7e5cbf2f0fa3a33332c5d5edc354f,,gx-no-cache=1503408108932 HTTP/1.1" 200 8554
192.168.10.96 - - [22/Aug/2017:10:22:29 -0300] "POST /cormun/servlet/trsolicitudgral?4bf7e5cbf2f0fa3a33332c5d5edc354f,,gx-no-cache=1503408119978 HTTP/1.1" 200 8406
192.168.10.89 - - [22/Aug/2017:10:22:31 -0300] "POST /cormun/servlet/trsolicitudgral?6ffacc96039b9edc14b2335fd61e1ea3,,gx-no-cache=1503408121393 HTTP/1.1" 200 7148
192.168.10.89 - - [22/Aug/2017:10:22:33 -0300] "POST /cormun/servlet/trsolicitudgral?6ffacc96039b9edc14b2335fd61e1ea3,,gx-no-cache=1503408124141 HTTP/1.1" 200 5973
192.168.10.89 - - [22/Aug/2017:10:22:49 -0300] "POST /cormun/servlet/trsolicitudgral?6ffacc96039b9edc14b2335fd61e1ea3,,gx-no-cache=1503408139280 HTTP/1.1" 200 7126
192.168.10.89 - - [22/Aug/2017:10:22:51 -0300] "POST /cormun/servlet/trsolicitudgral?6ffacc96039b9edc14b2335fd61e1ea3,,gx-no-cache=1503408141686 HTTP/1.1" 200 5957
192.168.10.96 - - [22/Aug/2017:10:23:14 -0300] "POST /cormun/servlet/trsolicitudgral?4bf7e5cbf2f0fa3a33332c5d5edc354f,,gx-no-cache=1503408165226 HTTP/1.1" 200 9621
192.168.10.96 - - [22/Aug/2017:10:23:17 -0300] "POST /cormun/servlet/trsolicitudgral?4bf7e5cbf2f0fa3a33332c5d5edc354f,,gx-no-cache=1503408168171 HTTP/1.1" 200 8553
192.168.10.96 - - [22/Aug/2017:10:23:23 -0300] "POST /cormun/servlet/trsolicitudgral?4bf7e5cbf2f0fa3a33332c5d5edc354f,,gx-no-cache=1503408174082 HTTP/1.1" 200 7973
192.168.10.96 - - [22/Aug/2017:10:23:27 -0300] "POST /cormun/servlet/trsolicitudgral?4bf7e5cbf2f0fa3a33332c5d5edc354f,,gx-no-cache=1503408178162 HTTP/1.1" 200 7796
192.168.10.96 - - [22/Aug/2017:10:24:37 -0300] "POST /cormun/servlet/trsolicitudgral?4bf7e5cbf2f0fa3a33332c5d5edc354f,,gx-no-cache=1503408247314 HTTP/1.1" 200 7974
192.168.10.96 - - [22/Aug/2017:10:24:43 -0300] "POST /cormun/servlet/trsolicitudgral?4bf7e5cbf2f0fa3a33332c5d5edc354f,,gx-no-cache=1503408253826 HTTP/1.1" 200 7794
192.168.10.96 - - [22/Aug/2017:10:24:52 -0300] "POST /cormun/servlet/trsolicitudgral?4bf7e5cbf2f0fa3a33332c5d5edc354f,,gx-no-cache=1503408262347 HTTP/1.1" 200 8553
192.168.10.96 - - [22/Aug/2017:10:25:30 -0300] "POST /cormun/servlet/trsolicitudgral?4bf7e5cbf2f0fa3a33332c5d5edc354f,,gx-no-cache=1503408301259 HTTP/1.1" 200 7795
192.168.10.96 - - [22/Aug/2017:10:25:39 -0300] "POST /cormun/servlet/trsolicitudgral?4bf7e5cbf2f0fa3a33332c5d5edc354f,,gx-no-cache=1503408310113 HTTP/1.1" 200 8406
186.67.84.234 - - [22/Aug/2017:10:26:04 -0300] "GET /cormun/servlet/hlogin HTTP/1.1" 200 1736
186.103.156.24 - - [22/Aug/2017:10:26:05 -0300] "GET /cormun/servlet/hlogin HTTP/1.1" 200 1721
186.103.156.24 - - [22/Aug/2017:10:26:05 -0300] "GET /cormun/servlet/hlogin HTTP/1.1" 200 1732
192.168.10.89 - - [22/Aug/2017:10:26:08 -0300] "POST /cormun/servlet/trsolicitudgral?6ffacc96039b9edc14b2335fd61e1ea3,,gx-no-cache=1503408338823 HTTP/1.1" 200 7526
192.168.10.96 - - [22/Aug/2017:10:26:08 -0300] "POST /cormun/servlet/trsolicitudgral?4bf7e5cbf2f0fa3a33332c5d5edc354f,,gx-no-cache=1503408338953 HTTP/1.1" 200 7795
186.103.156.24 - - [22/Aug/2017:10:26:24 -0300] "POST /cormun/servlet/hlogin?a92dda508e3a8aa865efd41e65b79520,gx-no-cache=1503408425958 HTTP/1.1" 200 447
192.168.10.96 - - [22/Aug/2017:10:26:25 -0300] "POST /cormun/servlet/trsolicitudgral?4bf7e5cbf2f0fa3a33332c5d5edc354f,,gx-no-cache=1503408356099 HTTP/1.1" 200 115
192.168.10.96 - - [22/Aug/2017:10:26:25 -0300] "GET /cormun/servlet/solicitudotlog?INS,2017,6921,0,REC, HTTP/1.1" 200 6239
192.168.10.96 - - [22/Aug/2017:10:26:26 -0300] "GET /cormun/servlet/solicitudotlog?INS,2017,6921,0,REC, HTTP/1.1" 200 6239
192.168.10.96 - - [22/Aug/2017:10:26:26 -0300] "GET /cormun/servlet/solicitudotlog?d6d0079e97cb8a2592992e9840b58eac49a2362a00198113fb7a8a776d42912ac866241d6c375dac3c27f19941518575e7b785a35c014031cf960cefc6fa8312afc87209b85c9d827300cfb68ba54aa1ab29d2ac9199cf569a4113e395766966cbf17a55dfa5a73b02400a9f07fd2b4bef1d7fc7a88055147d5927ec00578cb71916e236ff9514df678e9f06305df00ecc1e553d24a75f978c34f5c60c592e83,gx-no-cache=1503408357011 HTTP/1.1" 200 94
192.168.10.96 - - [22/Aug/2017:10:26:34 -0300] "POST /cormun/servlet/solicitudotlog?4bf7e5cbf2f0fa3a33332c5d5edc354f,INS,2017,6921,0,REC,,gx-no-cache=1503408365250 HTTP/1.1" 200 93
192.168.10.96 - - [22/Aug/2017:10:26:35 -0300] "GET /cormun/servlet/hpexe_return? HTTP/1.1" 200 1014
192.168.10.96 - - [22/Aug/2017:10:26:35 -0300] "GET /cormun/servlet/trsolicitudgral? HTTP/1.1" 200 10702
192.168.10.96 - - [22/Aug/2017:10:26:35 -0300] "GET /cormun/servlet/trsolicitudgral? HTTP/1.1" 200 10699
192.168.10.96 - - [22/Aug/2017:10:26:40 -0300] "GET /cormun/servlet/trconsultaempleado? HTTP/1.1" 200 10140
192.168.10.96 - - [22/Aug/2017:10:26:41 -0300] "GET /cormun/servlet/trconsultaempleado? HTTP/1.1" 200 10139
186.103.156.24 - - [22/Aug/2017:10:26:52 -0300] "POST /cormun/servlet/hlogin?a92dda508e3a8aa865efd41e65b79520,gx-no-cache=1503408454013 HTTP/1.1" 200 90
186.103.156.24 - - [22/Aug/2017:10:26:52 -0300] "GET /cormun/servlet/hpexe_link HTTP/1.1" 200 951
186.103.156.24 - - [22/Aug/2017:10:26:52 -0300] "GET /cormun/servlet/hhome HTTP/1.1" 200 4053
186.103.156.24 - - [22/Aug/2017:10:26:53 -0300] "GET /cormun/servlet/hhome HTTP/1.1" 200 4050
186.103.156.24 - - [22/Aug/2017:10:27:13 -0300] "GET /cormun/servlet/trlicencias? HTTP/1.1" 200 12654
186.103.156.24 - - [22/Aug/2017:10:27:14 -0300] "GET /cormun/servlet/trlicencias? HTTP/1.1" 200 12650
186.103.156.24 - - [22/Aug/2017:10:27:16 -0300] "GET /cormun/servlet/licenciaspermisos?INS,0,,, HTTP/1.1" 200 7588
186.103.156.24 - - [22/Aug/2017:10:27:17 -0300] "GET /cormun/servlet/licenciaspermisos?INS,0,,, HTTP/1.1" 200 7595
186.103.156.24 - - [22/Aug/2017:10:27:20 -0300] "GET /cormun/servlet/prfichaempleado?,MD,,gxPopupLevel%3D0%3B HTTP/1.1" 200 9332
186.79.26.225 - - [22/Aug/2017:10:27:30 -0300] "GET /cormun/servlet/treventos?2017,7021, HTTP/1.1" 200 7957
186.79.26.225 - - [22/Aug/2017:10:27:30 -0300] "GET /cormun/servlet/treventos?2017,7021, HTTP/1.1" 200 7963
186.79.26.225 - - [22/Aug/2017:10:27:35 -0300] "GET /cormun/servlet/trsolicitudot? HTTP/1.1" 200 13811
186.79.26.225 - - [22/Aug/2017:10:27:36 -0300] "GET /cormun/servlet/trsolicitudot? HTTP/1.1" 200 13809
186.103.156.24 - - [22/Aug/2017:10:27:41 -0300] "POST /cormun/servlet/prfichaempleado?a92dda508e3a8aa865efd41e65b79520,,MD,,gxPopupLevel%3D0%3B,gx-no-cache=1503408502120 HTTP/1.1" 200 3427
192.168.10.89 - - [22/Aug/2017:10:27:51 -0300] "POST /cormun/servlet/trsolicitudgral?6ffacc96039b9edc14b2335fd61e1ea3,,gx-no-cache=1503408441908 HTTP/1.1" 200 7190
192.168.10.89 - - [22/Aug/2017:10:27:53 -0300] "POST /cormun/servlet/trsolicitudgral?6ffacc96039b9edc14b2335fd61e1ea3,,gx-no-cache=1503408443665 HTTP/1.1" 200 115
192.168.10.89 - - [22/Aug/2017:10:27:53 -0300] "GET /cormun/servlet/solicitudotlog?INS,2017,7235,0,REC, HTTP/1.1" 200 6428
192.168.10.89 - - [22/Aug/2017:10:27:54 -0300] "GET /cormun/servlet/solicitudotlog?2dad3f8d035b612a98645db9f1aa9fe8c1999c6fcbca9fdbc318a86713668714be973d120441f0b216dd750a986fb1432a213c4f7be3be3f3300d3123684b34a608e4b7f9906f3e52ad6c0786b74ec18e4ed4e9b41483e0dc3ed5097345deac4ec2e46b7bb60d330d9b7d768841a9fcb6ea818cb28b42dff60c7e6c1bfe4482e098f36d57d73ac70e5065ffbea394f3d6d451d4d88d885e1a7aa647b98dd612f,gx-no-cache=1503408444677 HTTP/1.1" 200 94
186.103.156.24 - - [22/Aug/2017:10:27:56 -0300] "GET /cormun/servlet/licenciaspermisos?96fcdc8fe1bcd008360d51ac5f5d6e4e31b5aa98b896c81f7944127d29c7d08b5f81b52674586374a78bbf12521c791c,gx-no-cache=1503408517732 HTTP/1.1" 200 76
186.103.156.24 - - [22/Aug/2017:10:27:56 -0300] "POST /cormun/servlet/licenciaspermisos?a92dda508e3a8aa865efd41e65b79520,INS,0,,,,gx-no-cache=1503408517763 HTTP/1.1" 200 4719
192.168.10.89 - - [22/Aug/2017:10:27:56 -0300] "POST /cormun/servlet/solicitudotlog?6ffacc96039b9edc14b2335fd61e1ea3,INS,2017,7235,0,REC,,gx-no-cache=1503408446897 HTTP/1.1" 200 93
192.168.10.89 - - [22/Aug/2017:10:27:56 -0300] "GET /cormun/servlet/hpexe_return? HTTP/1.1" 200 1025
192.168.10.89 - - [22/Aug/2017:10:27:56 -0300] "GET /cormun/servlet/trsolicitudgral? HTTP/1.1" 200 9178
186.103.156.24 - - [22/Aug/2017:10:28:31 -0300] "GET /cormun/static/menuarrow.gif HTTP/1.1" 404 1015
192.168.10.96 - - [22/Aug/2017:10:28:51 -0300] "GET /cormun/servlet/trsolicitudgral? HTTP/1.1" 200 10699
192.168.10.96 - - [22/Aug/2017:10:28:52 -0300] "GET /cormun/servlet/trsolicitudgral? HTTP/1.1" 200 10699
192.168.10.96 - - [22/Aug/2017:10:29:03 -0300] "POST /cormun/servlet/trsolicitudgral?4bf7e5cbf2f0fa3a33332c5d5edc354f,,gx-no-cache=1503408514090 HTTP/1.1" 200 8420
186.79.165.56 - - [22/Aug/2017:10:30:49 -0300] "GET /cormun/servlet/hlogin HTTP/1.1" 200 1722
186.79.165.56 - - [22/Aug/2017:10:30:50 -0300] "GET /cormun/static/gxtimezone.js?85251 HTTP/1.1" 200 5781
186.79.165.56 - - [22/Aug/2017:10:30:50 -0300] "GET /cormun/static/gxcfg.js?20175251213516 HTTP/1.1" 200 953
186.79.165.56 - - [22/Aug/2017:10:30:50 -0300] "GET /cormun/static/Resources/Spanish/PXTools.css?11423723 HTTP/1.1" 200 89042
186.79.165.56 - - [22/Aug/2017:10:30:51 -0300] "GET /cormun/static/messages.spa.js?85251 HTTP/1.1" 200 30736
186.79.165.56 - - [22/Aug/2017:10:30:51 -0300] "GET /cormun/static/hlogin.js?20175251213537 HTTP/1.1" 200 2136
186.79.165.56 - - [22/Aug/2017:10:30:52 -0300] "GET /cormun/static/gxgral.js?85251 HTTP/1.1" 200 384558
186.79.165.56 - - [22/Aug/2017:10:30:52 -0300] "GET /cormun/static/Resources/ComunLogin.png HTTP/1.1" 200 17326
186.79.165.56 - - [22/Aug/2017:10:30:53 -0300] "GET /cormun/static/Resources/PXToolsButtonRight21.png HTTP/1.1" 200 1283
186.79.165.56 - - [22/Aug/2017:10:30:53 -0300] "GET /cormun/static/Resources/PXToolsLoginBottom.png HTTP/1.1" 200 1389
186.79.165.56 - - [22/Aug/2017:10:30:53 -0300] "GET /cormun/static/Resources/PXToolsButtonLeft21.png HTTP/1.1" 200 1287
186.79.165.56 - - [22/Aug/2017:10:30:53 -0300] "GET /cormun/static/Resources/PXToolsLoginBackground.png HTTP/1.1" 200 1164
186.79.165.56 - - [22/Aug/2017:10:30:53 -0300] "GET /cormun/static/Resources/PXToolsLoginTop.png HTTP/1.1" 200 1337
186.79.165.56 - - [22/Aug/2017:10:30:53 -0300] "GET /cormun/static/Resources/PXToolsButtonBackground2.png HTTP/1.1" 200 1181
186.79.165.56 - - [22/Aug/2017:10:30:53 -0300] "GET /cormun/servlet/hlogin HTTP/1.1" 200 1732
186.79.165.56 - - [22/Aug/2017:10:30:53 -0300] "GET /cormun/static/Resources/indicator.gif HTTP/1.1" 200 1553
186.79.165.56 - - [22/Aug/2017:10:30:53 -0300] "GET /cormun/static/Resources/indicator.gif HTTP/1.1" 200 1553
186.79.165.56 - - [22/Aug/2017:10:31:31 -0300] "POST /cormun/servlet/hlogin?73a526abafc82b6f08adcf1dac8b6455,gx-no-cache=1503408733844 HTTP/1.1" 200 445
186.103.159.46 - - [22/Aug/2017:10:31:41 -0300] "GET /cormun/servlet/trpermisosgoce? HTTP/1.1" 200 13862
186.79.165.56 - - [22/Aug/2017:10:31:41 -0300] "POST /cormun/servlet/hlogin?73a526abafc82b6f08adcf1dac8b6455,gx-no-cache=1503408744577 HTTP/1.1" 200 90
186.79.165.56 - - [22/Aug/2017:10:31:42 -0300] "GET /cormun/servlet/hpexe_link HTTP/1.1" 200 951
186.79.165.56 - - [22/Aug/2017:10:31:42 -0300] "GET /cormun/static/gxcfg.js?20177612121792 HTTP/1.1" 200 953
186.79.165.56 - - [22/Aug/2017:10:31:42 -0300] "GET /cormun/static/hpexe_link.js?20177612121795 HTTP/1.1" 200 625
186.79.165.56 - - [22/Aug/2017:10:31:42 -0300] "GET /cormun/static/Resources/Spanish/PXTools.css?1155365 HTTP/1.1" 200 89042
186.79.165.56 - - [22/Aug/2017:10:31:43 -0300] "GET /cormun/servlet/hhome HTTP/1.1" 200 3824
186.79.165.56 - - [22/Aug/2017:10:31:43 -0300] "GET /cormun/static/Shared/jqueryui/jquery-ui.min.css?1245370 HTTP/1.1" 200 30288
186.79.165.56 - - [22/Aug/2017:10:31:43 -0300] "GET /cormun/static/SmoothNavMenu/resources/ddsmoothmenu.css?1012540 HTTP/1.1" 200 2223
186.79.165.56 - - [22/Aug/2017:10:31:43 -0300] "GET /cormun/static/SmoothNavMenu/resources/ddsmoothmenu-v.css?1012540 HTTP/1.1" 200 1188
186.79.165.56 - - [22/Aug/2017:10:31:43 -0300] "GET /cormun/static/scaMessage/css/jquery.pnotify.default.css?1716380 HTTP/1.1" 200 1707
186.79.165.56 - - [22/Aug/2017:10:31:43 -0300] "GET /cormun/static/gxcfg.js?20175251212442 HTTP/1.1" 200 953
186.79.165.56 - - [22/Aug/2017:10:31:43 -0300] "GET /cormun/static/PXToolsJavascripts/pexe_autoreload.js HTTP/1.1" 200 1762
186.79.165.56 - - [22/Aug/2017:10:31:43 -0300] "GET /cormun/static/PXToolsJavascripts/pexe_cookies.js HTTP/1.1" 200 792
186.79.165.56 - - [22/Aug/2017:10:31:43 -0300] "GET /cormun/static/PXToolsJavascripts/pexe_windows.js HTTP/1.1" 200 15207
186.79.165.56 - - [22/Aug/2017:10:31:43 -0300] "GET /cormun/static/PXToolsJavascripts/pexe_grid.js HTTP/1.1" 200 7559
186.103.159.46 - - [22/Aug/2017:10:31:43 -0300] "GET /cormun/servlet/trpermisosgoce? HTTP/1.1" 200 13871
186.79.165.56 - - [22/Aug/2017:10:31:43 -0300] "GET /cormun/static/PXToolsJavascripts/pexe_griddivfix.js HTTP/1.1" 200 6644
186.79.165.56 - - [22/Aug/2017:10:31:43 -0300] "GET /cormun/static/PXToolsJavascripts/pexe_link.js HTTP/1.1" 200 5671
186.79.165.56 - - [22/Aug/2017:10:31:44 -0300] "GET /cormun/static/PXToolsJavascripts/pexe_menudivfix.js HTTP/1.1" 200 333
186.79.165.56 - - [22/Aug/2017:10:31:44 -0300] "GET /cormun/static/PXToolsJavascripts/pexe_menus.js HTTP/1.1" 200 1286
186.79.165.56 - - [22/Aug/2017:10:31:44 -0300] "GET /cormun/static/PXToolsJavascripts/pexe_layers.js HTTP/1.1" 200 4114
186.79.165.56 - - [22/Aug/2017:10:31:44 -0300] "GET /cormun/static/PXToolsJavascripts/pexe_oav.js HTTP/1.1" 200 645
186.79.165.56 - - [22/Aug/2017:10:31:44 -0300] "GET /cormun/static/PXToolsJavascripts/pexe_picture.js HTTP/1.1" 200 689
186.79.165.56 - - [22/Aug/2017:10:31:44 -0300] "GET /cormun/static/PXToolsJavascripts/pexe_oavdivfix.js HTTP/1.1" 200 639
186.79.165.56 - - [22/Aug/2017:10:31:44 -0300] "GET /cormun/static/PXToolsJavascripts/pexe_popup.js HTTP/1.1" 200 13458
186.79.165.56 - - [22/Aug/2017:10:31:44 -0300] "GET /cormun/static/PXToolsJavascripts/pexe_scrolldiv.js HTTP/1.1" 200 4138
186.79.165.56 - - [22/Aug/2017:10:31:44 -0300] "GET /cormun/static/PXToolsJavascripts/pexe_tabdivfix.js HTTP/1.1" 200 876
186.79.165.56 - - [22/Aug/2017:10:31:44 -0300] "GET /cormun/static/PXToolsJavascripts/pexe_tabs.js HTTP/1.1" 200 3748
186.79.165.56 - - [22/Aug/2017:10:31:44 -0300] "GET /cormun/static/PXToolsJavascripts/pexe_upload.js HTTP/1.1" 200 1423
186.79.165.56 - - [22/Aug/2017:10:31:44 -0300] "GET /cormun/static/PXToolsJavascripts/PXToolsJavascriptsRender.js HTTP/1.1" 200 367
186.79.165.56 - - [22/Aug/2017:10:31:44 -0300] "GET /cormun/static/RunJS/RunJS.js HTTP/1.1" 200 288
186.79.165.56 - - [22/Aug/2017:10:31:44 -0300] "GET /cormun/static/Shared/ext/locale/ext-lang-en.js HTTP/1.1" 200 10940
186.79.165.56 - - [22/Aug/2017:10:31:44 -0300] "GET /cormun/static/hhome.js?20175251212450 HTTP/1.1" 200 777
186.79.165.56 - - [22/Aug/2017:10:31:44 -0300] "GET /cormun/static/hwchdr01.js?201752511465785 HTTP/1.1" 200 1183
186.79.165.56 - - [22/Aug/2017:10:31:44 -0300] "GET /cormun/static/Resources/PXToolsHeaderBackground2.png HTTP/1.1" 200 1174
186.79.165.56 - - [22/Aug/2017:10:31:44 -0300] "GET /cormun/static/Resources/PXToolsHeaderActionsLeft.png HTTP/1.1" 200 1118
186.79.165.56 - - [22/Aug/2017:10:31:44 -0300] "GET /cormun/static/Resources/logo4.png HTTP/1.1" 200 6582
186.79.165.56 - - [22/Aug/2017:10:31:44 -0300] "GET /cormun/static/Resources/PXToolsFooterBackground2.png HTTP/1.1" 200 1172
186.79.165.56 - - [22/Aug/2017:10:31:44 -0300] "GET /cormun/static/Resources/PXToolsDataTitle.png HTTP/1.1" 200 1173
186.79.165.56 - - [22/Aug/2017:10:31:44 -0300] "GET /cormun/static/Resources/PXToolsHeaderActionsBackground.png HTTP/1.1" 200 484
186.79.165.56 - - [22/Aug/2017:10:31:45 -0300] "GET /cormun/static/Resources/PXToolsHeaderLogin.png HTTP/1.1" 200 4279
186.79.165.56 - - [22/Aug/2017:10:31:45 -0300] "GET /cormun/static/Resources/PXToolsHeaderHome.png HTTP/1.1" 200 4147
186.79.165.56 - - [22/Aug/2017:10:31:45 -0300] "GET /cormun/static/Resources/PXToolsHeaderSecurity.png HTTP/1.1" 200 4166
186.79.165.56 - - [22/Aug/2017:10:31:45 -0300] "GET /cormun/static/Resources/PXToolsHeaderActionsRight.png HTTP/1.1" 200 1201
186.79.165.56 - - [22/Aug/2017:10:31:45 -0300] "GET /cormun/static/gxui/gxui-all.js HTTP/1.1" 200 107772
186.79.165.56 - - [22/Aug/2017:10:31:45 -0300] "GET /cormun/static/Resources/PXToolsHeaderPreferences.png HTTP/1.1" 200 4189
186.79.165.56 - - [22/Aug/2017:10:31:45 -0300] "GET /cormun/static/hpexe_recentlink.js?20177611595044 HTTP/1.1" 200 2144
186.79.165.56 - - [22/Aug/2017:10:31:45 -0300] "GET /cormun/static/hpexe_scripts.js?201752511465715 HTTP/1.1" 200 1544
186.79.165.56 - - [22/Aug/2017:10:31:45 -0300] "GET /cormun/static/hpexe_messagecontroller.js?20177611595012 HTTP/1.1" 200 870
186.79.165.56 - - [22/Aug/2017:10:31:46 -0300] "GET /cormun/static/hpexe_messagepopupcomponent.js?20161017169425 HTTP/1.1" 200 605
186.79.165.56 - - [22/Aug/2017:10:31:46 -0300] "GET /cormun/static/hpexe_messagegenexuscomponent.js?201752511465344 HTTP/1.1" 200 587
186.79.165.56 - - [22/Aug/2017:10:31:46 -0300] "GET /cormun/static/cmcontrolpreferences.js?201752511465670 HTTP/1.1" 200 1375
186.79.165.56 - - [22/Aug/2017:10:31:47 -0300] "GET /cormun/static/SmoothNavMenu/resources/ddsmoothmenu.js HTTP/1.1" 200 12712
186.79.165.56 - - [22/Aug/2017:10:31:47 -0300] "GET /cormun/static/SmoothNavMenu/resources/SmoothNavMenuRender.js HTTP/1.1" 200 5951
186.79.165.56 - - [22/Aug/2017:10:31:47 -0300] "GET /cormun/static/scaMessage/js/jquery.pnotify.min.js HTTP/1.1" 200 13038
186.79.165.56 - - [22/Aug/2017:10:31:47 -0300] "GET /cormun/static/scaMessage/scaMessageRender.js HTTP/1.1" 200 11977
186.79.165.56 - - [22/Aug/2017:10:31:47 -0300] "GET /cormun/static/Shared/jquery/jquery-1.4.2.min.js HTTP/1.1" 200 72174
186.79.165.56 - - [22/Aug/2017:10:31:48 -0300] "GET /cormun/static/Shared/jqueryui/jquery-ui.min.js HTTP/1.1" 200 240427
186.79.165.56 - - [22/Aug/2017:10:31:48 -0300] "GET /cormun/static/hmpwkw03.js?20177612122668 HTTP/1.1" 200 3965
186.103.159.46 - - [22/Aug/2017:10:31:48 -0300] "GET /cormun/servlet/permisogoce?INS,0,,, HTTP/1.1" 200 6633
186.79.165.56 - - [22/Aug/2017:10:31:49 -0300] "GET /cormun/static/Shared/jquery/jquery-1.10.2.min.js HTTP/1.1" 200 273199
186.103.159.46 - - [22/Aug/2017:10:31:50 -0300] "GET /cormun/servlet/permisogoce?INS,0,,, HTTP/1.1" 200 6632
186.79.165.56 - - [22/Aug/2017:10:31:52 -0300] "GET /cormun/static/Shared/ext/ext-all.js HTTP/1.1" 200 1289687
186.79.165.56 - - [22/Aug/2017:10:31:53 -0300] "GET /cormun/servlet/hhome HTTP/1.1" 200 3820
186.79.165.56 - - [22/Aug/2017:10:31:53 -0300] "GET /cormun/static/SmoothNavMenu/resources/images/down.gif HTTP/1.1" 200 854
186.103.156.24 - - [22/Aug/2017:10:32:01 -0300] "GET /cormun/servlet/licenciaspermisos?96fcdc8fe1bcd008360d51ac5f5d6e4ee0af0dc5d5dfa0761a52c9cd44b82d8567a506a92cc9ed7b4c1e35d5304fc4c304b410205f9d432a6f6a22505d3d392ae0e4a7a2978860175a4b7d7fd3b40538aee83ab3977d8f939289efac25f342dc12f8167cac38f78a35b5f31ed6eb70b8c39aaeb36446a103e7a5ba5375118d5c972dda2486848977c85db9ddb1f03b8aa69e9215344103f8b6856aabb80e17bcc61953e20bbefd5becd4896cf0615e91195cdf430d12f39a17e87aa5f80c8ec88b6724111c58ccc90d16b0ee64ad7cee38567c684c78e17bd141f496c78e6763,gx-no-cache=1503408763351 HTTP/1.1" 200 30
186.103.156.24 - - [22/Aug/2017:10:32:01 -0300] "GET /cormun/servlet/licenciaspermisos?96fcdc8fe1bcd008360d51ac5f5d6e4e2b0b3d7556710fc4b06a26bf3ededcea1af00745c86b7c2dff7e52e18ad66402644dcb68b0715349081687e17821d5684b83eef96d2cae73fdb3a40a35ec3379d8c1b6cec3d12818002f22fca895e59643a757d9a4846f879581b3545a7f76ebe709f3e502e467ea3f962caf651071b43f3e5e731ff0251b54f30041eeb17ff05eddf89b18f5a8427cf74c89aedd21a93405a3547db74970530e07896381b3c35221be8d89aa4719d78050805ce3ea195a10239e73737d020e3a8fc7d1ff0c485fbf11caf86c945d6007c297c0c99c8b,gx-no-cache=1503408763423 HTTP/1.1" 200 29
186.103.156.24 - - [22/Aug/2017:10:32:02 -0300] "POST /cormun/servlet/licenciaspermisos?a92dda508e3a8aa865efd41e65b79520,INS,0,,,,gx-no-cache=1503408763457 HTTP/1.1" 200 93
186.103.156.24 - - [22/Aug/2017:10:32:02 -0300] "GET /cormun/servlet/hpexe_return? HTTP/1.1" 200 1012
186.103.156.24 - - [22/Aug/2017:10:32:02 -0300] "GET /cormun/servlet/trlicencias HTTP/1.1" 200 13134
186.103.156.24 - - [22/Aug/2017:10:32:03 -0300] "GET /cormun/servlet/trlicencias HTTP/1.1" 200 13123
186.103.156.24 - - [22/Aug/2017:10:32:11 -0300] "GET /cormun/servlet/trlicenciaspermisosadjuntos?9826174,20170822000000,L, HTTP/1.1" 200 6402
186.103.156.24 - - [22/Aug/2017:10:32:11 -0300] "GET /cormun/servlet/trlicenciaspermisosadjuntos?9826174,20170822000000,L, HTTP/1.1" 200 6403
186.103.156.24 - - [22/Aug/2017:10:32:16 -0300] "GET /cormun/servlet/licenciaspermisosadjuntos?INS,9826174,L,20170822000000,, HTTP/1.1" 200 5698
186.103.156.24 - - [22/Aug/2017:10:32:16 -0300] "GET /cormun/static/about:blank HTTP/1.1" 404 1011
186.103.156.24 - - [22/Aug/2017:10:32:17 -0300] "GET /cormun/servlet/licenciaspermisosadjuntos?INS,9826174,L,20170822000000,, HTTP/1.1" 200 5687
186.103.156.24 - - [22/Aug/2017:10:32:59 -0300] "POST /cormun/servlet/licenciaspermisosadjuntos?a92dda508e3a8aa865efd41e65b79520,INS,9826174,L,20170822000000,, HTTP/1.1" 200 116
186.103.156.24 - - [22/Aug/2017:10:32:59 -0300] "GET /cormun/servlet/hpexe_return? HTTP/1.1" 200 1042
186.103.156.24 - - [22/Aug/2017:10:33:00 -0300] "GET /cormun/servlet/trlicenciaspermisosadjuntos?9826174,20170822000000,L, HTTP/1.1" 200 6902
186.103.156.24 - - [22/Aug/2017:10:33:00 -0300] "GET /cormun/servlet/trlicenciaspermisosadjuntos?9826174,20170822000000,L, HTTP/1.1" 200 6898
186.103.156.24 - - [22/Aug/2017:10:33:03 -0300] "POST /cormun/servlet/trlicenciaspermisosadjuntos?a92dda508e3a8aa865efd41e65b79520,9826174,20170822000000,L,,gx-no-cache=1503408825258 HTTP/1.1" 200 90
186.103.156.24 - - [22/Aug/2017:10:33:03 -0300] "GET /cormun/servlet/hpexe_link HTTP/1.1" 200 984
186.103.156.24 - - [22/Aug/2017:10:33:04 -0300] "GET /cormun/servlet/trlicencias HTTP/1.1" 200 13112
186.103.156.24 - - [22/Aug/2017:10:33:04 -0300] "GET /cormun/servlet/trlicencias HTTP/1.1" 200 13106
186.103.156.24 - - [22/Aug/2017:10:33:11 -0300] "GET /cormun/servlet/alicenciaprn?9826174,L,20170822000000,PU HTTP/1.1" 200 1536
186.103.159.46 - - [22/Aug/2017:10:34:02 -0300] "GET /cormun/servlet/permisogoce?554242f5e21e0a17e47b60961dd0b11d75f923189556823e313cebd8841a2cdc1645626a36963ee588c5dfb4d046dc19,gx-no-cache=1503408881948 HTTP/1.1" 200 76
186.103.159.46 - - [22/Aug/2017:10:34:02 -0300] "GET /cormun/static/menuarrow.gif HTTP/1.1" 404 1015
186.103.159.46 - - [22/Aug/2017:10:34:09 -0300] "POST /cormun/servlet/permisogoce?20af6b2cdf3d60770e83a7942c9b4d9f,INS,0,,,,gx-no-cache=1503408888733 HTTP/1.1" 200 93
186.103.159.46 - - [22/Aug/2017:10:34:09 -0300] "GET /cormun/servlet/hpexe_return? HTTP/1.1" 200 1014
186.103.159.46 - - [22/Aug/2017:10:34:09 -0300] "GET /cormun/servlet/trpermisosgoce HTTP/1.1" 200 14090
186.103.159.46 - - [22/Aug/2017:10:34:11 -0300] "GET /cormun/servlet/trpermisosgoce HTTP/1.1" 200 14078
186.103.159.46 - - [22/Aug/2017:10:34:28 -0300] "GET /cormun/servlet/permisogoce?UPD,8527596,P,20170822103119, HTTP/1.1" 200 6698
186.103.159.46 - - [22/Aug/2017:10:34:29 -0300] "GET /cormun/servlet/permisogoce?UPD,8527596,P,20170822103119, HTTP/1.1" 200 6698
186.103.159.46 - - [22/Aug/2017:10:34:29 -0300] "GET /cormun/servlet/permisogoce?554242f5e21e0a17e47b60961dd0b11d75f923189556823e313cebd8841a2cdc987c1e1017f5bd1670a2ccf261551b31cc1b4fa0d242fd4fad8a67c70a12ceec,gx-no-cache=1503408909830 HTTP/1.1" 200 78
186.103.159.46 - - [22/Aug/2017:10:34:48 -0300] "GET /cormun/servlet/permisogoce?554242f5e21e0a17e47b60961dd0b11d7a800da85c361a0f0ad7c4a11840f0f5b17cc6c995bb7f5f3478765b9996196dadfc2e484790459ffa5d727a218ec451,gx-no-cache=1503408928222 HTTP/1.1" 200 48
186.103.159.46 - - [22/Aug/2017:10:34:48 -0300] "POST /cormun/servlet/permisogoce?20af6b2cdf3d60770e83a7942c9b4d9f,UPD,8527596,P,20170822103119,,gx-no-cache=1503408928290 HTTP/1.1" 200 93
186.103.159.46 - - [22/Aug/2017:10:34:48 -0300] "GET /cormun/servlet/hpexe_return? HTTP/1.1" 200 1031
186.103.159.46 - - [22/Aug/2017:10:34:49 -0300] "GET /cormun/servlet/trpermisosgoce HTTP/1.1" 200 14100
186.103.159.46 - - [22/Aug/2017:10:34:50 -0300] "GET /cormun/servlet/trpermisosgoce HTTP/1.1" 200 14107
186.103.159.46 - - [22/Aug/2017:10:34:59 -0300] "GET /cormun/servlet/apermisogoceprn?8527596,P,20170822103119,PU HTTP/1.1" 200 1654
186.79.165.56 - - [22/Aug/2017:10:36:53 -0300] "GET /cormun/servlet/trsolicitudot? HTTP/1.1" 200 10844
186.79.165.56 - - [22/Aug/2017:10:36:53 -0300] "GET /cormun/static/gxui/gxui-all.css?110300 HTTP/1.1" 200 2179
186.79.165.56 - - [22/Aug/2017:10:36:53 -0300] "GET /cormun/static/calendar-system.css?75620 HTTP/1.1" 200 5572
186.79.165.56 - - [22/Aug/2017:10:36:53 -0300] "GET /cormun/static/gxcfg.js?20177612135780 HTTP/1.1" 200 953
186.79.165.56 - - [22/Aug/2017:10:36:53 -0300] "GET /cormun/static/calendar-setup.js?85251 HTTP/1.1" 200 2588
186.79.165.56 - - [22/Aug/2017:10:36:53 -0300] "GET /cormun/static/calendar-es.js?85251 HTTP/1.1" 200 1901
186.79.165.56 - - [22/Aug/2017:10:36:53 -0300] "GET /cormun/static/calendar.js?85251 HTTP/1.1" 200 26246
186.79.165.56 - - [22/Aug/2017:10:36:53 -0300] "GET /cormun/static/gxdec.js?85251 HTTP/1.1" 200 19579
186.79.165.56 - - [22/Aug/2017:10:36:54 -0300] "GET /cormun/static/trsolicitudot.js?2017761214480 HTTP/1.1" 200 54041
186.79.165.56 - - [22/Aug/2017:10:36:54 -0300] "GET /cormun/static/Shared/ext/resources/css/ext-all.css?205870 HTTP/1.1" 200 416045
186.79.165.56 - - [22/Aug/2017:10:36:54 -0300] "GET /cormun/static/Resources/PXTools/calendar.png HTTP/1.1" 200 1306
186.79.165.56 - - [22/Aug/2017:10:36:54 -0300] "GET /cormun/static/Resources/PXToolsDataSearch.png HTTP/1.1" 200 419
186.79.165.56 - - [22/Aug/2017:10:36:54 -0300] "GET /cormun/static/Resources/PXToolsGridFirstDisabled.gif HTTP/1.1" 200 100
186.79.165.56 - - [22/Aug/2017:10:36:54 -0300] "GET /cormun/static/Resources/PXToolsGridPreviousDisabled.gif HTTP/1.1" 200 90
186.79.165.56 - - [22/Aug/2017:10:36:54 -0300] "GET /cormun/static/Resources/PXToolsGridNextDisabled.gif HTTP/1.1" 200 90
186.79.165.56 - - [22/Aug/2017:10:36:54 -0300] "GET /cormun/static/Resources/PXToolsGridLastDisabled.gif HTTP/1.1" 200 98
186.79.165.56 - - [22/Aug/2017:10:36:54 -0300] "GET /cormun/static/Resources/PXToolsGridPage.gif HTTP/1.1" 200 725
186.79.165.56 - - [22/Aug/2017:10:36:54 -0300] "GET /cormun/static/Resources/PXToolsActionExcel.png HTTP/1.1" 200 3187
186.79.165.56 - - [22/Aug/2017:10:36:54 -0300] "GET /cormun/static/Resources/PXToolsGridNew.png HTTP/1.1" 200 2949
186.79.165.56 - - [22/Aug/2017:10:36:55 -0300] "GET /cormun//static/Resources/PXToolsGridDelete.png HTTP/1.1" 200 357
186.79.165.56 - - [22/Aug/2017:10:36:55 -0300] "GET /cormun/static/Resources/desc.gif HTTP/1.1" 200 65
186.79.165.56 - - [22/Aug/2017:10:36:55 -0300] "GET /cormun//static/Resources/PXToolsActionView.png HTTP/1.1" 200 2995
186.79.165.56 - - [22/Aug/2017:10:36:55 -0300] "GET /cormun/static/Resources/asc.gif HTTP/1.1" 200 67
186.79.165.56 - - [22/Aug/2017:10:36:55 -0300] "GET /cormun//static/Resources/PXToolsGridUpdate.png HTTP/1.1" 200 2984
186.79.165.56 - - [22/Aug/2017:10:36:55 -0300] "GET /cormun//static/Resources/PXTools/ActionInsert.png HTTP/1.1" 200 1482
186.79.165.56 - - [22/Aug/2017:10:36:55 -0300] "GET /cormun//static/Resources/PXToolsRemoveAllAction.png HTTP/1.1" 200 3558
186.79.165.56 - - [22/Aug/2017:10:36:55 -0300] "GET /cormun/servlet/trsolicitudot? HTTP/1.1" 200 10842
186.79.165.56 - - [22/Aug/2017:10:36:55 -0300] "GET /cormun/static/Shared/ext/resources/themes/images/default/panel/bg-headersPanel.png HTTP/1.1" 200 255
186.79.165.56 - - [22/Aug/2017:10:36:55 -0300] "GET /cormun/static/Shared/ext/resources/themes/images/default/tools/tool-sprites.gif HTTP/1.1" 200 5434
186.103.156.24 - - [22/Aug/2017:10:37:03 -0300] "POST /cormun/servlet/trlicencias?a92dda508e3a8aa865efd41e65b79520,gx-no-cache=1503409064626 HTTP/1.1" 200 10410
186.103.156.24 - - [22/Aug/2017:10:37:03 -0300] "GET /cormun/static/Shared/jqueryui/images/ui-bg_highlight-soft_100_c6c2c8_1x100.png HTTP/1.1" 404 1117
186.103.156.24 - - [22/Aug/2017:10:37:03 -0300] "GET /cormun/static/Shared/jqueryui/images/ui-icons_82798d_256x240.png HTTP/1.1" 404 1089
186.103.156.24 - - [22/Aug/2017:10:37:03 -0300] "GET /cormun/static/Shared/jqueryui/images/ui-bg_flat_55_fafafa_40x100.png HTTP/1.1" 404 1097
186.103.156.24 - - [22/Aug/2017:10:37:03 -0300] "GET /cormun/static/Shared/jqueryui/images/ui-icons_8d78a5_256x240.png HTTP/1.1" 404 1089
186.103.159.230 - - [22/Aug/2017:10:38:03 -0300] "GET /cormun/servlet/hlogin HTTP/1.1" 200 1719
186.103.159.230 - - [22/Aug/2017:10:38:03 -0300] "GET /cormun/static/gxtimezone.js?85251 HTTP/1.1" 200 5781
186.103.159.230 - - [22/Aug/2017:10:38:03 -0300] "GET /cormun/static/gxcfg.js?20175251213516 HTTP/1.1" 200 953
186.103.159.230 - - [22/Aug/2017:10:38:03 -0300] "GET /cormun/static/Resources/Spanish/PXTools.css?11423723 HTTP/1.1" 200 89042
186.103.159.230 - - [22/Aug/2017:10:38:03 -0300] "GET /cormun/static/messages.spa.js?85251 HTTP/1.1" 200 30736
186.103.159.230 - - [22/Aug/2017:10:38:03 -0300] "GET /cormun/static/hlogin.js?20175251213537 HTTP/1.1" 200 2136
186.103.159.230 - - [22/Aug/2017:10:38:03 -0300] "GET /cormun/static/Resources/ComunLogin.png HTTP/1.1" 200 17326
186.103.159.230 - - [22/Aug/2017:10:38:03 -0300] "GET /cormun/static/gxgral.js?85251 HTTP/1.1" 200 384558
186.103.159.230 - - [22/Aug/2017:10:38:03 -0300] "GET /cormun/static/Resources/PXToolsLoginTop.png HTTP/1.1" 200 1337
186.103.159.230 - - [22/Aug/2017:10:38:03 -0300] "GET /cormun/static/Resources/PXToolsLoginBackground.png HTTP/1.1" 200 1164
186.103.159.230 - - [22/Aug/2017:10:38:03 -0300] "GET /cormun/static/Resources/PXToolsButtonLeft21.png HTTP/1.1" 200 1287
186.103.159.230 - - [22/Aug/2017:10:38:03 -0300] "GET /cormun/static/Resources/PXToolsButtonRight21.png HTTP/1.1" 200 1283
186.103.159.230 - - [22/Aug/2017:10:38:03 -0300] "GET /cormun/static/Resources/PXToolsButtonBackground2.png HTTP/1.1" 200 1181
186.103.159.230 - - [22/Aug/2017:10:38:03 -0300] "GET /cormun/static/Resources/PXToolsLoginBottom.png HTTP/1.1" 200 1389
186.103.159.230 - - [22/Aug/2017:10:38:03 -0300] "GET /cormun/static/Resources/indicator.gif HTTP/1.1" 200 1553
186.103.159.230 - - [22/Aug/2017:10:38:03 -0300] "GET /cormun/servlet/hlogin HTTP/1.1" 200 1729
186.79.165.56 - - [22/Aug/2017:10:38:08 -0300] "GET /cormun/servlet/solicitudot?INS,0,0, HTTP/1.1" 200 12685
186.79.165.56 - - [22/Aug/2017:10:38:08 -0300] "GET /cormun/static/gxcfg.js?201752522134570 HTTP/1.1" 200 953
186.79.165.56 - - [22/Aug/2017:10:38:08 -0300] "GET /cormun/static/Resources/prompt.gif HTTP/1.1" 200 902
186.79.165.56 - - [22/Aug/2017:10:38:08 -0300] "GET /cormun/static/solicitudot.js?201752522134767 HTTP/1.1" 200 64045
186.79.165.56 - - [22/Aug/2017:10:38:08 -0300] "GET /cormun/servlet/solicitudot?INS,0,0, HTTP/1.1" 200 12690
186.79.165.56 - - [22/Aug/2017:10:38:12 -0300] "GET /cormun/static/Resources/resize.gif HTTP/1.1" 200 77
186.79.165.56 - - [22/Aug/2017:10:38:12 -0300] "GET /cormun/servlet/prfichaempleado?,MD,,gxPopupLevel%3D0%3B HTTP/1.1" 200 9288
186.79.165.56 - - [22/Aug/2017:10:38:12 -0300] "GET /cormun/static/Resources/PXToolsMenuSearch.png HTTP/1.1" 200 2914
186.79.165.56 - - [22/Aug/2017:10:38:12 -0300] "GET /cormun/static/gxcfg.js?20177612134814 HTTP/1.1" 200 953
186.79.165.56 - - [22/Aug/2017:10:38:12 -0300] "GET /cormun/static/menusearch.js?201610171694467 HTTP/1.1" 200 1424
186.79.165.56 - - [22/Aug/2017:10:38:12 -0300] "GET /cormun/static/hmpwkw011.js?20177612121862 HTTP/1.1" 200 1968
186.79.165.56 - - [22/Aug/2017:10:38:12 -0300] "GET /cormun/static/Resources/PXToolsMenuSearchCancel.png HTTP/1.1" 200 2972
186.79.165.56 - - [22/Aug/2017:10:38:12 -0300] "GET /cormun/static/prfichaempleado.js?20177612134999 HTTP/1.1" 200 16006
186.79.165.56 - - [22/Aug/2017:10:38:42 -0300] "POST /cormun/servlet/prfichaempleado?73a526abafc82b6f08adcf1dac8b6455,,MD,,gxPopupLevel%3D0%3B,gx-no-cache=1503409164684 HTTP/1.1" 200 3482
186.79.165.56 - - [22/Aug/2017:10:39:10 -0300] "POST /cormun/servlet/solicitudot?gx-no-cache=1503409192529 HTTP/1.1" 200 3202
186.79.165.56 - - [22/Aug/2017:10:39:10 -0300] "POST /cormun/servlet/solicitudot?73a526abafc82b6f08adcf1dac8b6455,INS,0,0,,gx-no-cache=1503409193020 HTTP/1.1" 200 9793
186.79.165.56 - - [22/Aug/2017:10:39:10 -0300] "GET /cormun/servlet/solicitudot?50a379a73169dedf6b0fd3fcb2fc1b682e50b9b0105c2e494d34e7f6d2945173217ebfaeee269aec172bdda3cb5e1809,gx-no-cache=1503409193501 HTTP/1.1" 200 30
186.79.165.56 - - [22/Aug/2017:10:39:17 -0300] "POST /cormun/servlet/solicitudot?gx-no-cache=1503409200001 HTTP/1.1" 200 240
