200.111.191.210 - - [22/Aug/2017:08:55:48 -0300] "POST /cormun/servlet/permisogoce?666d00bd897966dc4256c5bbbcfaaaf9,INS,0,,,,gx-no-cache=1503402988279 HTTP/1.1" 200 93
200.111.191.210 - - [22/Aug/2017:08:55:48 -0300] "GET /cormun/servlet/hpexe_return? HTTP/1.1" 200 1007
200.111.191.210 - - [22/Aug/2017:08:55:48 -0300] "GET /cormun/servlet/hhome HTTP/1.1" 200 3792
200.111.191.210 - - [22/Aug/2017:08:55:48 -0300] "GET /cormun/servlet/hhome HTTP/1.1" 200 3786
200.111.191.210 - - [22/Aug/2017:08:55:54 -0300] "GET /cormun/servlet/trpermisosgoce? HTTP/1.1" 200 14333
200.111.191.210 - - [22/Aug/2017:08:55:55 -0300] "GET /cormun/servlet/trpermisosgoce? HTTP/1.1" 200 14363
200.111.191.210 - - [22/Aug/2017:08:55:56 -0300] "GET /cormun/servlet/apermisogoceprn?9064135,P,20170822085252,PU HTTP/1.1" 200 1654
186.103.159.187 - - [22/Aug/2017:08:55:57 -0300] "GET /cormun/servlet/prfichaempleado?,MD,,gxPopupLevel%3D0%3B HTTP/1.1" 200 9215
192.168.10.96 - - [22/Aug/2017:08:56:24 -0300] "POST /cormun/servlet/trsolicitudgral?4bf7e5cbf2f0fa3a33332c5d5edc354f,,gx-no-cache=1503402955017 HTTP/1.1" 200 7533
192.168.10.96 - - [22/Aug/2017:08:57:04 -0300] "POST /cormun/servlet/trsolicitudgral?4bf7e5cbf2f0fa3a33332c5d5edc354f,,gx-no-cache=1503402994642 HTTP/1.1" 200 7854
186.79.24.123 - - [22/Aug/2017:08:57:07 -0300] "GET /cormun/servlet/hhome HTTP/1.1" 200 3372
186.103.159.187 - - [22/Aug/2017:08:57:08 -0300] "POST /cormun/servlet/prfichaempleado?afb4196cdf88c4107271bb83b5e5b2d9,,MD,,gxPopupLevel%3D0%3B,gx-no-cache=1503406619177 HTTP/1.1" 200 3419
186.79.24.123 - - [22/Aug/2017:08:57:08 -0300] "GET /cormun/servlet/hhome HTTP/1.1" 200 3381
186.79.24.123 - - [22/Aug/2017:08:57:08 -0300] "GET /cormun/servlet/hlogin HTTP/1.1" 200 1729
192.168.10.96 - - [22/Aug/2017:08:57:10 -0300] "POST /cormun/servlet/trsolicitudgral?4bf7e5cbf2f0fa3a33332c5d5edc354f,,gx-no-cache=1503403000497 HTTP/1.1" 200 7492
186.79.24.123 - - [22/Aug/2017:08:57:10 -0300] "POST /cormun/servlet/hlogin?72166a6329f7d5aa34f8afbe895334bf,gx-no-cache=1503403071507 HTTP/1.1" 200 90
186.79.24.123 - - [22/Aug/2017:08:57:10 -0300] "GET /cormun/servlet/hpexe_link HTTP/1.1" 200 947
186.79.24.123 - - [22/Aug/2017:08:57:10 -0300] "GET /cormun/servlet/hhome HTTP/1.1" 200 3751
186.79.24.123 - - [22/Aug/2017:08:57:11 -0300] "GET /cormun/servlet/hhome HTTP/1.1" 200 3751
186.103.159.187 - - [22/Aug/2017:08:57:15 -0300] "GET /cormun/servlet/licenciaspermisos?41d73c140bdc5a7ccea4952181f59817f5ef5ab6e968e19d97bb8fc75af59c65af2097842eb948a32eab761e97365390,gx-no-cache=1503406626815 HTTP/1.1" 200 74
186.103.159.187 - - [22/Aug/2017:08:57:15 -0300] "POST /cormun/servlet/licenciaspermisos?afb4196cdf88c4107271bb83b5e5b2d9,INS,0,,,,gx-no-cache=1503406626864 HTTP/1.1" 200 4500
192.168.10.96 - - [22/Aug/2017:08:57:18 -0300] "POST /cormun/servlet/trsolicitudgral?4bf7e5cbf2f0fa3a33332c5d5edc354f,,gx-no-cache=1503403008953 HTTP/1.1" 200 7853
186.79.24.123 - - [22/Aug/2017:08:57:32 -0300] "GET /cormun/servlet/trpermisosgoce? HTTP/1.1" 200 12462
186.79.24.123 - - [22/Aug/2017:08:57:33 -0300] "GET /cormun/servlet/trpermisosgoce? HTTP/1.1" 200 12460
186.79.24.123 - - [22/Aug/2017:08:57:37 -0300] "GET /cormun/servlet/permisogoce?INS,0,,, HTTP/1.1" 200 6596
186.79.24.123 - - [22/Aug/2017:08:57:38 -0300] "GET /cormun/servlet/permisogoce?INS,0,,, HTTP/1.1" 200 6595
186.103.159.187 - - [22/Aug/2017:08:57:39 -0300] "GET /cormun/static/menuarrow.gif HTTP/1.1" 404 1015
186.79.24.123 - - [22/Aug/2017:08:57:40 -0300] "GET /cormun/servlet/prfichaempleado?,MD,,gxPopupLevel%3D0%3B HTTP/1.1" 200 9216
192.168.10.96 - - [22/Aug/2017:08:57:50 -0300] "POST /cormun/servlet/trsolicitudgral?4bf7e5cbf2f0fa3a33332c5d5edc354f,,gx-no-cache=1503403041131 HTTP/1.1" 200 7132
192.168.10.96 - - [22/Aug/2017:08:57:55 -0300] "POST /cormun/servlet/trsolicitudgral?4bf7e5cbf2f0fa3a33332c5d5edc354f,,gx-no-cache=1503403045962 HTTP/1.1" 200 7493
186.79.24.123 - - [22/Aug/2017:08:58:00 -0300] "POST /cormun/servlet/prfichaempleado?72166a6329f7d5aa34f8afbe895334bf,,MD,,gxPopupLevel%3D0%3B,gx-no-cache=1503403113654 HTTP/1.1" 200 3420
186.79.24.123 - - [22/Aug/2017:08:58:05 -0300] "GET /cormun/servlet/permisogoce?57c71ebcda3d856a8c8f2bed5801ba26d41c321e227a9b48d71b607b0ac21f23e9c563fc5d613dca55a183ba0e592374fb2638f9cea16aa760e3f511db34772f,gx-no-cache=1503403126748 HTTP/1.1" 200 70
190.45.55.254 - - [22/Aug/2017:08:58:54 -0300] "GET /cormun/servlet/hlogin HTTP/1.1" 200 1717
190.45.55.254 - - [22/Aug/2017:08:59:09 -0300] "POST /cormun/servlet/hlogin?897e2a9e4ffa12e9f6d804e74da81750,gx-no-cache=1503403190145 HTTP/1.1" 200 428
190.45.55.254 - - [22/Aug/2017:08:59:15 -0300] "POST /cormun/servlet/hlogin?897e2a9e4ffa12e9f6d804e74da81750,gx-no-cache=1503403196055 HTTP/1.1" 200 90
190.45.55.254 - - [22/Aug/2017:08:59:15 -0300] "GET /cormun/servlet/hpexe_link HTTP/1.1" 200 955
190.45.55.254 - - [22/Aug/2017:08:59:15 -0300] "GET /cormun/servlet/trsolicitudot HTTP/1.1" 200 14614
190.45.55.254 - - [22/Aug/2017:08:59:16 -0300] "GET /cormun/servlet/trsolicitudot HTTP/1.1" 200 14612
190.45.55.254 - - [22/Aug/2017:09:00:19 -0300] "GET /cormun/servlet/trautorizarsolicitud? HTTP/1.1" 200 8381
190.45.55.254 - - [22/Aug/2017:09:00:20 -0300] "GET /cormun/servlet/trautorizarsolicitud? HTTP/1.1" 200 8380
190.45.55.254 - - [22/Aug/2017:09:00:31 -0300] "GET /cormun/servlet/trsolicitudot? HTTP/1.1" 200 14613
190.45.55.254 - - [22/Aug/2017:09:00:32 -0300] "GET /cormun/servlet/trsolicitudot? HTTP/1.1" 200 14612
190.45.55.254 - - [22/Aug/2017:09:00:36 -0300] "POST /cormun/servlet/trsolicitudot?897e2a9e4ffa12e9f6d804e74da81750,,gx-no-cache=1503403277210 HTTP/1.1" 200 105
190.45.55.254 - - [22/Aug/2017:09:00:37 -0300] "GET /cormun/servlet/solicitudot?UPD,2017,7235, HTTP/1.1" 200 14774
190.45.55.254 - - [22/Aug/2017:09:00:37 -0300] "GET /cormun/servlet/solicitudot?UPD,2017,7235, HTTP/1.1" 200 14783
190.45.55.254 - - [22/Aug/2017:09:00:38 -0300] "POST /cormun/servlet/solicitudot?gx-no-cache=1503403278659 HTTP/1.1" 200 3185
190.45.55.254 - - [22/Aug/2017:09:00:38 -0300] "POST /cormun/servlet/solicitudot?897e2a9e4ffa12e9f6d804e74da81750,UPD,2017,7235,,gx-no-cache=1503403279034 HTTP/1.1" 200 11161
190.45.55.254 - - [22/Aug/2017:09:00:38 -0300] "GET /cormun/servlet/solicitudot?3905da1dbe7d4ac4f838a3622f6d81bb2809de55ca17d09d686817c52ef2ded87fe88541f5645e65ee16933eb88756ea,gx-no-cache=1503403279308 HTTP/1.1" 200 30
190.45.55.254 - - [22/Aug/2017:09:00:38 -0300] "POST /cormun/servlet/solicitudot?gx-no-cache=1503403279392 HTTP/1.1" 200 240
190.45.55.254 - - [22/Aug/2017:09:00:38 -0300] "GET /cormun/servlet/solicitudot?3905da1dbe7d4ac4f838a3622f6d81bbc780cde2c45542ad14bbaab324d044c634e86266a8502478e04f4bb19d4cba66365b250666513fe5b9eca4a64895809086f7a5b038918907e80851636392e7b94543ce74219970fcaf0913cf8893087d11b61b0b861765f7ebf612a3f67941ff4ebf3960f64158001e5c79650508090d5c7ee2a1391905fab90df08371f1da680667b1ca808db8c7964aa0602f37c155d99749c10192e502a6aa3a85199ce2f0e751a07190c4cb77aee04d86a78b3bac0a6b009edda09d1bd9d014ba204799d9b17b3336cd4f9b67d150626e4937d7697ad84fa17800fbafc2b3dc24ac5954db5f9f51353abc18473123884437d83833077d821777709f0c704c2ae6e432095209555068fa98e31ce8aeb336ea86bfb7031df7a412c99c123d2a84ca2f39601085dd54f89cd93f48b959dd4c9925b3387e613b922c9ce145af9da71c7c767c201a6f616ebafcc12e7f9770d411972a20951714e2af6cf46719e9585e47727bfd26539c2941a7f8dff2a4018a5c72be5b,gx-no-cache=1503403279478 HTTP/1.1" 200 30
190.45.55.254 - - [22/Aug/2017:09:00:38 -0300] "POST /cormun/servlet/solicitudot?gx-no-cache=1503403279549 HTTP/1.1" 200 30
190.45.55.254 - - [22/Aug/2017:09:00:38 -0300] "POST /cormun/servlet/solicitudot?gx-no-cache=1503403279639 HTTP/1.1" 200 1355
190.45.55.254 - - [22/Aug/2017:09:00:39 -0300] "POST /cormun/servlet/solicitudot?gx-no-cache=1503403279759 HTTP/1.1" 200 41
190.45.55.254 - - [22/Aug/2017:09:00:46 -0300] "POST /cormun/servlet/solicitudot?gx-no-cache=1503403287342 HTTP/1.1" 200 30
190.45.55.254 - - [22/Aug/2017:09:01:01 -0300] "GET /cormun/servlet/prfichaempleado?,MD,,gxPopupLevel%3D0%3B HTTP/1.1" 200 9429
190.45.55.254 - - [22/Aug/2017:09:01:12 -0300] "POST /cormun/servlet/prfichaempleado?897e2a9e4ffa12e9f6d804e74da81750,,MD,,gxPopupLevel%3D0%3B,gx-no-cache=1503403313055 HTTP/1.1" 200 3414
190.45.55.254 - - [22/Aug/2017:09:01:18 -0300] "POST /cormun/servlet/solicitudot?gx-no-cache=1503403319352 HTTP/1.1" 200 1357
190.45.55.254 - - [22/Aug/2017:09:01:18 -0300] "GET /cormun/static/menuarrow.gif HTTP/1.1" 404 1015
190.45.55.254 - - [22/Aug/2017:09:01:32 -0300] "POST /cormun/servlet/solicitudot?gx-no-cache=1503403333698 HTTP/1.1" 200 41
190.45.55.254 - - [22/Aug/2017:09:01:33 -0300] "GET /cormun/servlet/solicitudot?3905da1dbe7d4ac4f838a3622f6d81bb5c8697d856fa6de3e3749e3c0f4a98b2fbf79eea879ada8325eacdb791d2e7491583126dbb5819669c282d583b07225b7c2578b678d8dc3df03cb9d2b4a1f879465c6af2b778e8eae1e39be67caa074525130bf89052d34bc242f10984e3908c2bb98e4de8a29e01f9dfd3ac8cbb584d23ea1fb799feffb32aecb1cbc6dc09582095713e57649c02033e7f68f42b9c80,gx-no-cache=1503403333772 HTTP/1.1" 200 29
190.45.55.254 - - [22/Aug/2017:09:01:33 -0300] "POST /cormun/servlet/solicitudot?gx-no-cache=1503403333830 HTTP/1.1" 200 1337
190.45.55.254 - - [22/Aug/2017:09:01:33 -0300] "POST /cormun/servlet/solicitudot?gx-no-cache=1503403333911 HTTP/1.1" 200 135
190.45.55.254 - - [22/Aug/2017:09:01:33 -0300] "GET /cormun/static/Shared/jqueryui/images/ui-bg_highlight-soft_100_c6c2c8_1x100.png HTTP/1.1" 404 1117
190.45.55.254 - - [22/Aug/2017:09:01:33 -0300] "GET /cormun/static/Shared/jqueryui/images/ui-icons_82798d_256x240.png HTTP/1.1" 404 1089
190.45.55.254 - - [22/Aug/2017:09:01:33 -0300] "GET /cormun/static/Shared/jqueryui/images/ui-bg_flat_55_994d53_40x100.png HTTP/1.1" 404 1097
190.45.55.254 - - [22/Aug/2017:09:01:33 -0300] "GET /cormun/static/Shared/jqueryui/images/ui-icons_ebccce_256x240.png HTTP/1.1" 404 1089
190.45.55.254 - - [22/Aug/2017:09:01:33 -0300] "POST /cormun/servlet/solicitudot?897e2a9e4ffa12e9f6d804e74da81750,UPD,2017,7235,,gx-no-cache=1503403334029 HTTP/1.1" 200 11444
186.103.159.187 - - [22/Aug/2017:09:01:35 -0300] "GET /cormun/servlet/licenciaspermisos?41d73c140bdc5a7ccea4952181f59817e7ac80ab77b4c6d6879620b8e95f8e911bfdc8169bfa7b8f14417e089ab38ee8d0863c40cec3a863cad32cf0e3e31e3e221d5cb58cf16f762cd1571f0badae93bd143b6748be9b12fad81d964dc06e4916f5d636f1b00a44b731ea6ee3d95b723bbbd753825fc4ff5fd9f848f46705edb661235b57e5bb90e198dae7011248174687ce486c46f81ae715b9e8fb96ea8d8ea850051740551669fe120875b5c24b,gx-no-cache=1503406886397 HTTP/1.1" 200 30
186.103.159.187 - - [22/Aug/2017:09:01:35 -0300] "GET /cormun/servlet/licenciaspermisos?41d73c140bdc5a7ccea4952181f5981738e10bef0732f8f99a79ad3258a3ce56e31428d6d89e187484f17800ebaffd37926a300632d3e8e412144a9bd254b50e1716d7aae90aa6ae8707051d7929325faaa0b7818a43314ec5eeddb0b452e5af4d3b643aa1692f370c9c75cee52e02b07ba7b1490e5a7e394f9bf8bf3278fbba67489f9ed3f07a64bdea7fec407655bce155481f2cc09347d5de495bfff710d1c9017556b6ddcbeec4a4a0a4bccd9aec,gx-no-cache=1503406886519 HTTP/1.1" 200 29
186.103.159.187 - - [22/Aug/2017:09:01:35 -0300] "POST /cormun/servlet/licenciaspermisos?afb4196cdf88c4107271bb83b5e5b2d9,INS,0,,,,gx-no-cache=1503406886563 HTTP/1.1" 200 93
186.103.159.187 - - [22/Aug/2017:09:01:35 -0300] "GET /cormun/servlet/hpexe_return? HTTP/1.1" 200 1010
186.103.159.187 - - [22/Aug/2017:09:01:36 -0300] "GET /cormun/servlet/trlicencias HTTP/1.1" 200 11354
186.103.159.187 - - [22/Aug/2017:09:01:37 -0300] "GET /cormun/servlet/trlicencias HTTP/1.1" 200 11349
190.45.55.254 - - [22/Aug/2017:09:01:58 -0300] "POST /cormun/servlet/solicitudot?gx-no-cache=1503403358579 HTTP/1.1" 200 3185
190.45.55.254 - - [22/Aug/2017:09:01:58 -0300] "POST /cormun/servlet/solicitudot?897e2a9e4ffa12e9f6d804e74da81750,UPD,2017,7235,,gx-no-cache=1503403358858 HTTP/1.1" 200 11267
190.45.55.254 - - [22/Aug/2017:09:01:58 -0300] "GET /cormun/servlet/solicitudot?3905da1dbe7d4ac4f838a3622f6d81bb2809de55ca17d09d686817c52ef2ded87fe88541f5645e65ee16933eb88756ea,gx-no-cache=1503403359058 HTTP/1.1" 200 30
190.45.55.254 - - [22/Aug/2017:09:01:58 -0300] "POST /cormun/servlet/solicitudot?gx-no-cache=1503403359114 HTTP/1.1" 200 239
190.45.55.254 - - [22/Aug/2017:09:01:58 -0300] "GET /cormun/servlet/solicitudot?3905da1dbe7d4ac4f838a3622f6d81bbc780cde2c45542ad14bbaab324d044c634e86266a8502478e04f4bb19d4cba66365b250666513fe5b9eca4a64895809086f7a5b038918907e80851636392e7b94543ce74219970fcaf0913cf8893087d11b61b0b861765f7ebf612a3f67941ff4ebf3960f64158001e5c79650508090d5c7ee2a1391905fab90df08371f1da680667b1ca808db8c7964aa0602f37c155d99749c10192e502a6aa3a85199ce2f0e751a07190c4cb77aee04d86a78b3bac0a6b009edda09d1bd9d014ba204799d9b17b3336cd4f9b67d150626e4937d7697ad84fa17800fbafc2b3dc24ac5954db5f9f51353abc18473123884437d83833077d821777709f0c704c2ae6e432095209555068fa98e31ce8aeb336ea86bfb7031df7a412c99c123d2a84ca2f39601085dd54f89cd93f48b959dd4c9925b3387e613b922c9ce145af9da71c7c767c201a6f616ebafcc12e7f9770d411972a20951714e2af6cf46719e9585e47727bfd26539c2941a7f8dff2a4018a5c72be5b,gx-no-cache=1503403359162 HTTP/1.1" 200 30
190.45.55.254 - - [22/Aug/2017:09:01:58 -0300] "POST /cormun/servlet/solicitudot?gx-no-cache=1503403359200 HTTP/1.1" 200 30
190.45.55.254 - - [22/Aug/2017:09:01:58 -0300] "POST /cormun/servlet/solicitudot?gx-no-cache=1503403359250 HTTP/1.1" 200 1357
190.45.55.254 - - [22/Aug/2017:09:01:58 -0300] "POST /cormun/servlet/solicitudot?gx-no-cache=1503403359363 HTTP/1.1" 200 41
190.45.55.254 - - [22/Aug/2017:09:01:58 -0300] "POST /cormun/servlet/solicitudot?gx-no-cache=1503403359430 HTTP/1.1" 200 1337
190.45.55.254 - - [22/Aug/2017:09:02:02 -0300] "POST /cormun/servlet/solicitudot?gx-no-cache=1503403363161 HTTP/1.1" 200 135
190.45.55.254 - - [22/Aug/2017:09:02:02 -0300] "POST /cormun/servlet/solicitudot?897e2a9e4ffa12e9f6d804e74da81750,UPD,2017,7235,,gx-no-cache=1503403363270 HTTP/1.1" 200 11543
190.45.55.254 - - [22/Aug/2017:09:02:27 -0300] "POST /cormun/servlet/solicitudot?gx-no-cache=1503403388387 HTTP/1.1" 200 3185
190.45.55.254 - - [22/Aug/2017:09:02:28 -0300] "POST /cormun/servlet/solicitudot?897e2a9e4ffa12e9f6d804e74da81750,UPD,2017,7235,,gx-no-cache=1503403388687 HTTP/1.1" 200 11359
190.45.55.254 - - [22/Aug/2017:09:02:28 -0300] "GET /cormun/servlet/solicitudot?3905da1dbe7d4ac4f838a3622f6d81bb2809de55ca17d09d686817c52ef2ded87fe88541f5645e65ee16933eb88756ea,gx-no-cache=1503403388970 HTTP/1.1" 200 30
190.45.55.254 - - [22/Aug/2017:09:02:28 -0300] "POST /cormun/servlet/solicitudot?gx-no-cache=1503403389022 HTTP/1.1" 200 239
190.45.55.254 - - [22/Aug/2017:09:02:28 -0300] "GET /cormun/servlet/solicitudot?3905da1dbe7d4ac4f838a3622f6d81bbc780cde2c45542ad14bbaab324d044c634e86266a8502478e04f4bb19d4cba66365b250666513fe5b9eca4a64895809086f7a5b038918907e80851636392e7b94543ce74219970fcaf0913cf8893087d11b61b0b861765f7ebf612a3f67941ff4ebf3960f64158001e5c79650508090d5c7ee2a1391905fab90df08371f1da680667b1ca808db8c7964aa0602f37c155d99749c10192e502a6aa3a85199ce2f0e751a07190c4cb77aee04d86a78b3bac0a6b009edda09d1bd9d014ba204799d9b17b3336cd4f9b67d150626e4937d7697ad84fa17800fbafc2b3dc24ac5954db5f9f51353abc18473123884437d83833077d821777709f0c704c2ae6e432095209555068fa98e31ce8aeb336ea86bfb7031df7a412c99c123d2a84ca2f39601085dd54f89cd93f48b959dd4c9925b3387e613b922c9ce145af9da71c7c767c201a6f616ebafcc12e7f9770d411972a20951714e2af6cf46719e9585e47727bfd26539c2941a7f8dff2a4018a5c72be5b,gx-no-cache=1503403389079 HTTP/1.1" 200 30
190.45.55.254 - - [22/Aug/2017:09:02:28 -0300] "POST /cormun/servlet/solicitudot?gx-no-cache=1503403389128 HTTP/1.1" 200 30
190.45.55.254 - - [22/Aug/2017:09:02:28 -0300] "POST /cormun/servlet/solicitudot?gx-no-cache=1503403389226 HTTP/1.1" 200 1357
190.45.55.254 - - [22/Aug/2017:09:02:28 -0300] "POST /cormun/servlet/solicitudot?gx-no-cache=1503403389354 HTTP/1.1" 200 41
190.45.55.254 - - [22/Aug/2017:09:02:28 -0300] "POST /cormun/servlet/solicitudot?gx-no-cache=1503403389438 HTTP/1.1" 200 1337
190.45.55.254 - - [22/Aug/2017:09:02:28 -0300] "POST /cormun/servlet/solicitudot?gx-no-cache=1503403389524 HTTP/1.1" 200 135
190.45.55.254 - - [22/Aug/2017:09:03:08 -0300] "POST /cormun/servlet/solicitudot?gx-no-cache=1503403428660 HTTP/1.1" 200 1337
190.45.55.254 - - [22/Aug/2017:09:03:15 -0300] "GET /cormun/servlet/prlicenciaspermisos?15986634,L,,MD,,gxPopupLevel%3D0%3B HTTP/1.1" 200 5723
186.103.159.187 - - [22/Aug/2017:09:03:24 -0300] "GET /cormun/servlet/trlicenciaspermisosadjuntos?8266136,20170822000000,L, HTTP/1.1" 200 6093
186.103.159.187 - - [22/Aug/2017:09:03:25 -0300] "GET /cormun/servlet/trlicenciaspermisosadjuntos?8266136,20170822000000,L, HTTP/1.1" 200 6094
186.103.159.187 - - [22/Aug/2017:09:03:28 -0300] "GET /cormun/servlet/licenciaspermisosadjuntos?INS,8266136,L,20170822000000,, HTTP/1.1" 200 5391
190.45.55.254 - - [22/Aug/2017:09:03:28 -0300] "POST /cormun/servlet/solicitudot?gx-no-cache=1503403449443 HTTP/1.1" 200 41
190.45.55.254 - - [22/Aug/2017:09:03:28 -0300] "POST /cormun/servlet/solicitudot?gx-no-cache=1503403449521 HTTP/1.1" 200 1337
186.103.159.187 - - [22/Aug/2017:09:03:28 -0300] "GET /cormun/static/about:blank HTTP/1.1" 404 1011
186.103.159.187 - - [22/Aug/2017:09:03:29 -0300] "GET /cormun/servlet/licenciaspermisosadjuntos?INS,8266136,L,20170822000000,, HTTP/1.1" 200 5378
190.45.55.254 - - [22/Aug/2017:09:03:38 -0300] "POST /cormun/servlet/solicitudot?gx-no-cache=1503403459028 HTTP/1.1" 200 1337
190.45.55.254 - - [22/Aug/2017:09:03:38 -0300] "POST /cormun/servlet/solicitudot?gx-no-cache=1503403459130 HTTP/1.1" 200 135
190.45.55.254 - - [22/Aug/2017:09:03:38 -0300] "POST /cormun/servlet/solicitudot?897e2a9e4ffa12e9f6d804e74da81750,UPD,2017,7235,,gx-no-cache=1503403459215 HTTP/1.1" 200 11652
190.45.55.254 - - [22/Aug/2017:09:03:47 -0300] "GET /cormun/servlet/prlicenciaspermisos?15986634,L,,MD,,gxPopupLevel%3D0%3B HTTP/1.1" 200 5723
186.103.159.187 - - [22/Aug/2017:09:03:47 -0300] "POST /cormun/servlet/licenciaspermisosadjuntos?afb4196cdf88c4107271bb83b5e5b2d9,INS,8266136,L,20170822000000,, HTTP/1.1" 200 116
186.103.159.187 - - [22/Aug/2017:09:03:47 -0300] "GET /cormun/servlet/hpexe_return? HTTP/1.1" 200 1039
186.103.159.187 - - [22/Aug/2017:09:03:48 -0300] "GET /cormun/servlet/trlicenciaspermisosadjuntos?8266136,20170822000000,L, HTTP/1.1" 200 6569
186.103.159.187 - - [22/Aug/2017:09:03:49 -0300] "GET /cormun/servlet/trlicenciaspermisosadjuntos?8266136,20170822000000,L, HTTP/1.1" 200 6565
186.103.159.187 - - [22/Aug/2017:09:03:50 -0300] "GET /cormun/PublicTempStorage/licencia_tio_ceron432803.jpeg HTTP/1.1" 200 1108508
186.103.159.187 - - [22/Aug/2017:09:03:52 -0300] "POST /cormun/servlet/trlicenciaspermisosadjuntos?afb4196cdf88c4107271bb83b5e5b2d9,8266136,20170822000000,L,,gx-no-cache=1503407023006 HTTP/1.1" 200 90
186.103.159.187 - - [22/Aug/2017:09:03:52 -0300] "GET /cormun/servlet/hpexe_link HTTP/1.1" 200 979
186.103.159.187 - - [22/Aug/2017:09:03:53 -0300] "GET /cormun/servlet/trlicencias HTTP/1.1" 200 11351
186.103.159.187 - - [22/Aug/2017:09:03:54 -0300] "GET /cormun/servlet/trlicencias HTTP/1.1" 200 11349
190.45.55.254 - - [22/Aug/2017:09:03:55 -0300] "POST /cormun/servlet/solicitudot?gx-no-cache=1503403475945 HTTP/1.1" 200 3185
190.45.55.254 - - [22/Aug/2017:09:03:55 -0300] "POST /cormun/servlet/solicitudot?897e2a9e4ffa12e9f6d804e74da81750,UPD,2017,7235,,gx-no-cache=1503403476082 HTTP/1.1" 200 11482
190.45.55.254 - - [22/Aug/2017:09:03:55 -0300] "GET /cormun/servlet/solicitudot?3905da1dbe7d4ac4f838a3622f6d81bb2809de55ca17d09d686817c52ef2ded87fe88541f5645e65ee16933eb88756ea,gx-no-cache=1503403476279 HTTP/1.1" 200 30
190.45.55.254 - - [22/Aug/2017:09:03:55 -0300] "POST /cormun/servlet/solicitudot?gx-no-cache=1503403476318 HTTP/1.1" 200 239
190.45.55.254 - - [22/Aug/2017:09:03:55 -0300] "GET /cormun/servlet/solicitudot?3905da1dbe7d4ac4f838a3622f6d81bbc780cde2c45542ad14bbaab324d044c634e86266a8502478e04f4bb19d4cba66365b250666513fe5b9eca4a64895809086f7a5b038918907e80851636392e7b94543ce74219970fcaf0913cf8893087d11b61b0b861765f7ebf612a3f67941ff4ebf3960f64158001e5c79650508090d5c7ee2a1391905fab90df08371f1da680667b1ca808db8c7964aa0602f37c155d99749c10192e502a6aa3a85199ce2f0e751a07190c4cb77aee04d86a78b3bac0a6b009edda09d1bd9d014ba204799d9b17b3336cd4f9b67d150626e4937d7697ad84fa17800fbafc2b3dc24ac5954db5f9f51353abc18473123884437d83833077d821777709f0c704c2ae6e432095209555068fa98e31ce8aeb336ea86bfb7031df7a412c99c123d2a84ca2f39601085dd54f89cd93f48b959dd4c9925b3387e613b922c9ce145af9da71c7c767c201a6f616ebafcc12e7f9770d411972a20951714e2af6cf46719e9585e47727bfd26539c2941a7f8dff2a4018a5c72be5b,gx-no-cache=1503403476364 HTTP/1.1" 200 30
190.45.55.254 - - [22/Aug/2017:09:03:55 -0300] "POST /cormun/servlet/solicitudot?gx-no-cache=1503403476471 HTTP/1.1" 200 30
190.45.55.254 - - [22/Aug/2017:09:03:55 -0300] "POST /cormun/servlet/solicitudot?gx-no-cache=1503403476567 HTTP/1.1" 200 1357
186.103.159.187 - - [22/Aug/2017:09:04:03 -0300] "GET /cormun/servlet/alicenciaprn?8266136,L,20170822000000,PU HTTP/1.1" 200 1530
190.45.55.254 - - [22/Aug/2017:09:04:08 -0300] "POST /cormun/servlet/solicitudot?gx-no-cache=1503403489101 HTTP/1.1" 200 41
190.45.55.254 - - [22/Aug/2017:09:04:08 -0300] "POST /cormun/servlet/solicitudot?gx-no-cache=1503403489197 HTTP/1.1" 200 1337
190.45.55.254 - - [22/Aug/2017:09:04:08 -0300] "POST /cormun/servlet/solicitudot?gx-no-cache=1503403489271 HTTP/1.1" 200 135
190.45.55.254 - - [22/Aug/2017:09:04:08 -0300] "POST /cormun/servlet/solicitudot?897e2a9e4ffa12e9f6d804e74da81750,UPD,2017,7235,,gx-no-cache=1503403489357 HTTP/1.1" 200 11770
190.45.55.254 - - [22/Aug/2017:09:04:12 -0300] "POST /cormun/servlet/solicitudot?897e2a9e4ffa12e9f6d804e74da81750,UPD,2017,7235,,gx-no-cache=1503403492675 HTTP/1.1" 200 93
190.45.55.254 - - [22/Aug/2017:09:04:12 -0300] "GET /cormun/servlet/hpexe_return? HTTP/1.1" 200 1010
190.45.55.254 - - [22/Aug/2017:09:04:12 -0300] "GET /cormun/servlet/trsolicitudot HTTP/1.1" 200 14617
190.45.55.254 - - [22/Aug/2017:09:04:12 -0300] "GET /cormun/servlet/trsolicitudot HTTP/1.1" 200 14612
190.45.55.254 - - [22/Aug/2017:09:04:19 -0300] "POST /cormun/servlet/trsolicitudot?897e2a9e4ffa12e9f6d804e74da81750,gx-no-cache=1503403499606 HTTP/1.1" 200 105
190.45.55.254 - - [22/Aug/2017:09:04:19 -0300] "GET /cormun/servlet/solicitudot?UPD,2017,7236, HTTP/1.1" 200 14761
190.45.55.254 - - [22/Aug/2017:09:04:19 -0300] "GET /cormun/servlet/solicitudot?UPD,2017,7236, HTTP/1.1" 200 14771
190.45.55.254 - - [22/Aug/2017:09:04:20 -0300] "POST /cormun/servlet/solicitudot?gx-no-cache=1503403500838 HTTP/1.1" 200 3179
190.45.55.254 - - [22/Aug/2017:09:04:20 -0300] "POST /cormun/servlet/solicitudot?897e2a9e4ffa12e9f6d804e74da81750,UPD,2017,7236,,gx-no-cache=1503403501093 HTTP/1.1" 200 11150
190.45.55.254 - - [22/Aug/2017:09:04:20 -0300] "GET /cormun/servlet/solicitudot?3905da1dbe7d4ac4f838a3622f6d81bb2809de55ca17d09d686817c52ef2ded87fe88541f5645e65ee16933eb88756ea,gx-no-cache=1503403501295 HTTP/1.1" 200 30
190.45.55.254 - - [22/Aug/2017:09:04:20 -0300] "POST /cormun/servlet/solicitudot?gx-no-cache=1503403501332 HTTP/1.1" 200 254
190.45.55.254 - - [22/Aug/2017:09:04:20 -0300] "GET /cormun/servlet/solicitudot?3905da1dbe7d4ac4f838a3622f6d81bbc780cde2c45542ad14bbaab324d044c60932441789ecea302d88602d456f833a365b250666513fe5b9eca4a64895809086f7a5b038918907e80851636392e7b94543ce74219970fcaf0913cf8893087d11b61b0b861765f7ebf612a3f67941ff4ebf3960f64158001e5c79650508090d5c7ee2a1391905fab90df08371f1da680667b1ca808db8c7964aa0602f37c155d99749c10192e502a6aa3a85199ce2f0e751a07190c4cb77aee04d86a78b3bac0a6b009edda09d1bd9d014ba204799d9b17b3336cd4f9b67d150626e4937d7697ad84fa17800fbafc2b3dc24ac5954db5f9f51353abc18473123884437d83833077d821777709f0c704c2ae6e4320952cd123eb27f39b82664cacef4404ed832dc206de503112cb3f6899764815ed8e38142b3cefd3c508bd3768aa9b66b5434447c54cbc6eeb2185e4c600d4c4e2e455fbe25ccd205b4ebea69ffb5db685502411e978625d23ccd587bd4029fc387d596943ebde27941b945165ce99d918460,gx-no-cache=1503403501393 HTTP/1.1" 200 30
190.45.55.254 - - [22/Aug/2017:09:04:20 -0300] "POST /cormun/servlet/solicitudot?gx-no-cache=1503403501436 HTTP/1.1" 200 30
190.45.55.254 - - [22/Aug/2017:09:04:20 -0300] "POST /cormun/servlet/solicitudot?gx-no-cache=1503403501504 HTTP/1.1" 200 1355
190.45.55.254 - - [22/Aug/2017:09:04:20 -0300] "POST /cormun/servlet/solicitudot?gx-no-cache=1503403501584 HTTP/1.1" 200 41
190.45.55.254 - - [22/Aug/2017:09:04:25 -0300] "GET /cormun/servlet/solicitudot?3905da1dbe7d4ac4f838a3622f6d81bb5c8697d856fa6de3e3749e3c0f4a98b2fbf79eea879ada8325eacdb791d2e7491583126dbb5819669c282d583b07225b7c2578b678d8dc3df03cb9d2b4a1f879465c6af2b778e8eae1e39be67caa074525130bf89052d34bc242f10984e3908c2bb98e4de8a29e01f9dfd3ac8cbb584d23ea1fb799feffb32aecb1cbc6dc09582095713e57649c02033e7f68f42b9c80,gx-no-cache=1503403506447 HTTP/1.1" 200 29
190.45.55.254 - - [22/Aug/2017:09:04:25 -0300] "POST /cormun/servlet/solicitudot?gx-no-cache=1503403506538 HTTP/1.1" 200 1336
190.45.55.254 - - [22/Aug/2017:09:04:25 -0300] "GET /cormun/static/menuarrow.gif HTTP/1.1" 404 1015
190.45.55.254 - - [22/Aug/2017:09:04:27 -0300] "POST /cormun/servlet/solicitudot?gx-no-cache=1503403508361 HTTP/1.1" 200 1336
186.103.159.187 - - [22/Aug/2017:09:04:29 -0300] "POST /cormun/servlet/trlicencias?afb4196cdf88c4107271bb83b5e5b2d9,gx-no-cache=1503407060450 HTTP/1.1" 200 8698
186.103.159.187 - - [22/Aug/2017:09:04:30 -0300] "GET /cormun/static/Shared/jqueryui/images/ui-bg_flat_55_fafafa_40x100.png HTTP/1.1" 404 1097
186.103.159.187 - - [22/Aug/2017:09:04:30 -0300] "GET /cormun/static/Shared/jqueryui/images/ui-icons_8d78a5_256x240.png HTTP/1.1" 404 1089
186.103.159.187 - - [22/Aug/2017:09:04:30 -0300] "GET /cormun/static/Shared/jqueryui/images/ui-bg_highlight-soft_100_c6c2c8_1x100.png HTTP/1.1" 404 1117
186.103.159.187 - - [22/Aug/2017:09:04:30 -0300] "GET /cormun/static/Shared/jqueryui/images/ui-icons_82798d_256x240.png HTTP/1.1" 404 1089
190.45.55.254 - - [22/Aug/2017:09:04:38 -0300] "POST /cormun/servlet/solicitudot?gx-no-cache=1503403518739 HTTP/1.1" 200 30
190.45.55.254 - - [22/Aug/2017:09:04:38 -0300] "POST /cormun/servlet/solicitudot?897e2a9e4ffa12e9f6d804e74da81750,UPD,2017,7236,,gx-no-cache=1503403518816 HTTP/1.1" 200 93
190.45.55.254 - - [22/Aug/2017:09:04:38 -0300] "GET /cormun/servlet/hpexe_return? HTTP/1.1" 200 1010
190.45.55.254 - - [22/Aug/2017:09:04:38 -0300] "GET /cormun/servlet/trsolicitudot HTTP/1.1" 200 14634
190.45.55.254 - - [22/Aug/2017:09:04:39 -0300] "GET /cormun/servlet/trsolicitudot HTTP/1.1" 200 14629
190.45.55.254 - - [22/Aug/2017:09:05:31 -0300] "POST /cormun/servlet/trsolicitudot?897e2a9e4ffa12e9f6d804e74da81750,gx-no-cache=1503403571550 HTTP/1.1" 200 105
190.45.55.254 - - [22/Aug/2017:09:05:31 -0300] "GET /cormun/servlet/solicitudot?UPD,2017,7235, HTTP/1.1" 200 14774
190.45.55.254 - - [22/Aug/2017:09:05:31 -0300] "GET /cormun/servlet/solicitudot?UPD,2017,7235, HTTP/1.1" 200 14783
190.45.55.254 - - [22/Aug/2017:09:05:32 -0300] "POST /cormun/servlet/solicitudot?gx-no-cache=1503403572896 HTTP/1.1" 200 3185
190.45.55.254 - - [22/Aug/2017:09:05:32 -0300] "POST /cormun/servlet/solicitudot?897e2a9e4ffa12e9f6d804e74da81750,UPD,2017,7235,,gx-no-cache=1503403573230 HTTP/1.1" 200 11161
190.45.55.254 - - [22/Aug/2017:09:05:32 -0300] "GET /cormun/servlet/solicitudot?3905da1dbe7d4ac4f838a3622f6d81bb2809de55ca17d09d686817c52ef2ded87fe88541f5645e65ee16933eb88756ea,gx-no-cache=1503403573477 HTTP/1.1" 200 30
190.45.55.254 - - [22/Aug/2017:09:05:32 -0300] "POST /cormun/servlet/solicitudot?gx-no-cache=1503403573521 HTTP/1.1" 200 240
190.45.55.254 - - [22/Aug/2017:09:05:32 -0300] "GET /cormun/servlet/solicitudot?3905da1dbe7d4ac4f838a3622f6d81bbc780cde2c45542ad14bbaab324d044c634e86266a8502478e04f4bb19d4cba66365b250666513fe5b9eca4a64895809086f7a5b038918907e80851636392e7b94543ce74219970fcaf0913cf8893087d11b61b0b861765f7ebf612a3f67941ff4ebf3960f64158001e5c79650508090d5c7ee2a1391905fab90df08371f1da680667b1ca808db8c7964aa0602f37c155d99749c10192e502a6aa3a85199ce2f0e751a07190c4cb77aee04d86a78b3bac0a6b009edda09d1bd9d014ba204799d9b17b3336cd4f9b67d150626e4937d7697ad84fa17800fbafc2b3dc24ac5954db5f9f51353abc18473123884437d83833077d821777709f0c704c2ae6e432095209555068fa98e31ce8aeb336ea86bfb7031df7a412c99c123d2a84ca2f39601085dd54f89cd93f48b959dd4c9925b3387e613b922c9ce145af9da71c7c767c201a6f616ebafcc12e7f9770d411972a20951714e2af6cf46719e9585e47727bfd26539c2941a7f8dff2a4018a5c72be5b,gx-no-cache=1503403573580 HTTP/1.1" 200 30
190.45.55.254 - - [22/Aug/2017:09:05:32 -0300] "POST /cormun/servlet/solicitudot?gx-no-cache=1503403573635 HTTP/1.1" 200 30
190.45.55.254 - - [22/Aug/2017:09:05:32 -0300] "POST /cormun/servlet/solicitudot?gx-no-cache=1503403573698 HTTP/1.1" 200 1355
190.45.55.254 - - [22/Aug/2017:09:05:33 -0300] "POST /cormun/servlet/solicitudot?gx-no-cache=1503403573782 HTTP/1.1" 200 41
186.103.159.46 - - [22/Aug/2017:09:05:47 -0300] "GET /cormun/servlet/hhome HTTP/1.1" 200 3377
186.103.159.46 - - [22/Aug/2017:09:05:49 -0300] "GET /cormun/servlet/hhome HTTP/1.1" 200 3387
186.103.159.46 - - [22/Aug/2017:09:05:49 -0300] "GET /cormun/servlet/hlogin HTTP/1.1" 200 1735
190.45.55.254 - - [22/Aug/2017:09:05:50 -0300] "POST /cormun/servlet/solicitudot?gx-no-cache=1503403591168 HTTP/1.1" 200 30
190.45.55.254 - - [22/Aug/2017:09:05:57 -0300] "POST /cormun/servlet/solicitudot?gx-no-cache=1503403598515 HTTP/1.1" 200 1355
190.45.55.254 - - [22/Aug/2017:09:05:57 -0300] "POST /cormun/servlet/solicitudot?gx-no-cache=1503403598614 HTTP/1.1" 200 41
190.45.55.254 - - [22/Aug/2017:09:05:57 -0300] "GET /cormun/servlet/solicitudot?3905da1dbe7d4ac4f838a3622f6d81bb5c8697d856fa6de3e3749e3c0f4a98b2fbf79eea879ada8325eacdb791d2e7491583126dbb5819669c282d583b07225b7c2578b678d8dc3df03cb9d2b4a1f879465c6af2b778e8eae1e39be67caa074525130bf89052d34bc242f10984e3908c2bb98e4de8a29e01f9dfd3ac8cbb584d23ea1fb799feffb32aecb1cbc6dc09582095713e57649c02033e7f68f42b9c80,gx-no-cache=1503403598665 HTTP/1.1" 200 29
190.45.55.254 - - [22/Aug/2017:09:05:57 -0300] "POST /cormun/servlet/solicitudot?gx-no-cache=1503403598718 HTTP/1.1" 200 1337
190.45.55.254 - - [22/Aug/2017:09:05:58 -0300] "POST /cormun/servlet/solicitudot?gx-no-cache=1503403598789 HTTP/1.1" 200 30
190.45.55.254 - - [22/Aug/2017:09:05:58 -0300] "POST /cormun/servlet/solicitudot?897e2a9e4ffa12e9f6d804e74da81750,UPD,2017,7235,,gx-no-cache=1503403598851 HTTP/1.1" 200 93
190.45.55.254 - - [22/Aug/2017:09:05:58 -0300] "GET /cormun/servlet/hpexe_return? HTTP/1.1" 200 1010
190.45.55.254 - - [22/Aug/2017:09:05:58 -0300] "GET /cormun/servlet/trsolicitudot HTTP/1.1" 200 14654
190.45.55.254 - - [22/Aug/2017:09:05:59 -0300] "GET /cormun/servlet/trsolicitudot HTTP/1.1" 200 14649
186.103.159.46 - - [22/Aug/2017:09:06:05 -0300] "POST /cormun/servlet/hlogin?5bf0023b340e65e98ddb5a8bb3929508,gx-no-cache=1503403605632 HTTP/1.1" 200 90
186.103.159.46 - - [22/Aug/2017:09:06:05 -0300] "GET /cormun/servlet/hpexe_link HTTP/1.1" 200 954
186.103.159.46 - - [22/Aug/2017:09:06:06 -0300] "GET /cormun/servlet/hhome HTTP/1.1" 200 3799
186.103.159.46 - - [22/Aug/2017:09:06:07 -0300] "GET /cormun/servlet/hhome HTTP/1.1" 200 3795
186.103.159.46 - - [22/Aug/2017:09:06:09 -0300] "GET /cormun/servlet/trlicencias? HTTP/1.1" 200 11294
186.103.159.46 - - [22/Aug/2017:09:06:09 -0300] "GET /cormun/static/Resources/Spanish/PXTools.css?17315867 HTTP/1.1" 200 89042
186.103.159.46 - - [22/Aug/2017:09:06:09 -0300] "GET /cormun/static/gxcfg.js?20176272054169 HTTP/1.1" 200 953
186.103.159.46 - - [22/Aug/2017:09:06:10 -0300] "GET /cormun/static/trlicencias.js?20176272054837 HTTP/1.1" 200 41883
186.103.159.46 - - [22/Aug/2017:09:06:11 -0300] "GET /cormun/servlet/trlicencias? HTTP/1.1" 200 11291
190.45.55.254 - - [22/Aug/2017:09:06:12 -0300] "POST /cormun/servlet/trsolicitudot?897e2a9e4ffa12e9f6d804e74da81750,gx-no-cache=1503403613064 HTTP/1.1" 200 11843
190.45.55.254 - - [22/Aug/2017:09:06:12 -0300] "GET /cormun/static/Shared/jqueryui/images/ui-bg_highlight-soft_100_c6c2c8_1x100.png HTTP/1.1" 404 1117
190.45.55.254 - - [22/Aug/2017:09:06:12 -0300] "GET /cormun/static/Shared/jqueryui/images/ui-icons_82798d_256x240.png HTTP/1.1" 404 1089
190.45.55.254 - - [22/Aug/2017:09:06:12 -0300] "GET /cormun/static/Shared/jqueryui/images/ui-bg_flat_55_fafafa_40x100.png HTTP/1.1" 404 1097
190.45.55.254 - - [22/Aug/2017:09:06:12 -0300] "GET /cormun/static/Shared/jqueryui/images/ui-icons_8d78a5_256x240.png HTTP/1.1" 404 1089
186.103.159.46 - - [22/Aug/2017:09:06:16 -0300] "GET /cormun/servlet/licenciaspermisos?INS,0,,, HTTP/1.1" 200 7324
186.103.159.46 - - [22/Aug/2017:09:06:16 -0300] "GET /cormun/static/gxcfg.js?201762917281167 HTTP/1.1" 200 953
186.103.159.46 - - [22/Aug/2017:09:06:16 -0300] "GET /cormun/static/licenciaspermisos.js?201762917281260 HTTP/1.1" 200 37491
186.103.159.46 - - [22/Aug/2017:09:06:17 -0300] "GET /cormun/servlet/licenciaspermisos?INS,0,,, HTTP/1.1" 200 7324
200.112.49.18 - - [22/Aug/2017:09:06:28 -0300] "GET /cormun/servlet/hlogin HTTP/1.1" 200 1716
200.112.49.18 - - [22/Aug/2017:09:06:28 -0300] "GET /cormun/static/Resources/Spanish/PXTools.css?11423723 HTTP/1.1" 304 -
200.112.49.18 - - [22/Aug/2017:09:06:28 -0300] "GET /cormun/static/gxtimezone.js?85251 HTTP/1.1" 304 -
200.112.49.18 - - [22/Aug/2017:09:06:28 -0300] "GET /cormun/static/gxgral.js?85251 HTTP/1.1" 304 -
200.112.49.18 - - [22/Aug/2017:09:06:28 -0300] "GET /cormun/static/gxcfg.js?20175251213516 HTTP/1.1" 304 -
200.112.49.18 - - [22/Aug/2017:09:06:29 -0300] "GET /cormun/static/Resources/ComunLogin.png HTTP/1.1" 304 -
200.112.49.18 - - [22/Aug/2017:09:06:29 -0300] "GET /cormun/static/messages.spa.js?85251 HTTP/1.1" 304 -
200.112.49.18 - - [22/Aug/2017:09:06:29 -0300] "GET /cormun/static/hlogin.js?20175251213537 HTTP/1.1" 304 -
200.112.49.18 - - [22/Aug/2017:09:06:29 -0300] "GET /cormun/static/Resources/PXToolsLoginTop.png HTTP/1.1" 304 -
200.112.49.18 - - [22/Aug/2017:09:06:30 -0300] "GET /cormun/static/Resources/PXToolsButtonLeft21.png HTTP/1.1" 304 -
200.112.49.18 - - [22/Aug/2017:09:06:30 -0300] "GET /cormun/static/Resources/PXToolsLoginBackground.png HTTP/1.1" 304 -
200.112.49.18 - - [22/Aug/2017:09:06:30 -0300] "GET /cormun/static/Resources/PXToolsButtonRight21.png HTTP/1.1" 304 -
200.112.49.18 - - [22/Aug/2017:09:06:31 -0300] "GET /cormun/servlet/hlogin HTTP/1.1" 200 1727
200.112.49.18 - - [22/Aug/2017:09:06:31 -0300] "GET /cormun/static/Resources/indicator.gif HTTP/1.1" 304 -
200.112.49.18 - - [22/Aug/2017:09:06:34 -0300] "GET /cormun/static/Resources/PXToolsLoginBottom.png HTTP/1.1" 304 -
186.103.159.46 - - [22/Aug/2017:09:06:51 -0300] "GET /cormun/servlet/licenciaspermisos?12e18ad95301d88514195c26377d372958c7815f75374efc258fad4f54187df5f9aac77f848b6bef53bba2ab952bc73a,gx-no-cache=1503403651767 HTTP/1.1" 200 86
186.103.159.46 - - [22/Aug/2017:09:06:52 -0300] "POST /cormun/servlet/licenciaspermisos?5bf0023b340e65e98ddb5a8bb3929508,INS,0,,,,gx-no-cache=1503403651884 HTTP/1.1" 200 4529
200.112.49.18 - - [22/Aug/2017:09:06:55 -0300] "POST /cormun/servlet/hlogin?3d71edb89f4277539ad1c69f4e6c6922,gx-no-cache=1503403649169 HTTP/1.1" 200 90
200.112.49.18 - - [22/Aug/2017:09:06:55 -0300] "GET /cormun/servlet/hpexe_link HTTP/1.1" 200 948
200.112.49.18 - - [22/Aug/2017:09:06:55 -0300] "GET /cormun/static/Resources/Spanish/PXTools.css?1155365 HTTP/1.1" 304 -
200.112.49.18 - - [22/Aug/2017:09:06:55 -0300] "GET /cormun/static/gxcfg.js?20177612121792 HTTP/1.1" 304 -
200.112.49.18 - - [22/Aug/2017:09:06:55 -0300] "GET /cormun/static/hpexe_link.js?20177612121795 HTTP/1.1" 304 -
200.112.49.18 - - [22/Aug/2017:09:06:55 -0300] "GET /cormun/servlet/hhome HTTP/1.1" 200 4058
200.112.49.18 - - [22/Aug/2017:09:06:56 -0300] "GET /cormun/static/gxcfg.js?20175251212442 HTTP/1.1" 304 -
200.112.49.18 - - [22/Aug/2017:09:06:56 -0300] "GET /cormun/static/PXToolsJavascripts/pexe_autoreload.js HTTP/1.1" 200 1762
200.112.49.18 - - [22/Aug/2017:09:06:58 -0300] "GET /cormun/static/PXToolsJavascripts/pexe_upload.js HTTP/1.1" 200 1423
200.112.49.18 - - [22/Aug/2017:09:06:58 -0300] "GET /cormun/static/Resources/logo4.png HTTP/1.1" 304 -
200.112.49.18 - - [22/Aug/2017:09:06:58 -0300] "GET /cormun/static/Resources/PXToolsFooterBackground2.png HTTP/1.1" 304 -
200.112.49.18 - - [22/Aug/2017:09:06:59 -0300] "GET /cormun/static/Resources/PXToolsHeaderBackground2.png HTTP/1.1" 304 -
200.112.49.18 - - [22/Aug/2017:09:07:00 -0300] "GET /cormun/static/hhome.js?20175251212450 HTTP/1.1" 304 -
200.112.49.18 - - [22/Aug/2017:09:07:00 -0300] "GET /cormun/static/hwchdr01.js?201752511465785 HTTP/1.1" 304 -
200.112.49.18 - - [22/Aug/2017:09:07:00 -0300] "GET /cormun/static/hpexe_recentlink.js?20177611595044 HTTP/1.1" 304 -
200.112.49.18 - - [22/Aug/2017:09:07:01 -0300] "GET /cormun/static/hpexe_scripts.js?201752511465715 HTTP/1.1" 304 -
200.112.49.18 - - [22/Aug/2017:09:07:01 -0300] "GET /cormun/static/hpexe_messagecontroller.js?20177611595012 HTTP/1.1" 304 -
200.112.49.18 - - [22/Aug/2017:09:07:01 -0300] "GET /cormun/static/hpexe_messagepopupcomponent.js?20161017169425 HTTP/1.1" 304 -
200.112.49.18 - - [22/Aug/2017:09:07:01 -0300] "GET /cormun/static/hpexe_messagegenexuscomponent.js?201752511465344 HTTP/1.1" 304 -
200.112.49.18 - - [22/Aug/2017:09:07:01 -0300] "GET /cormun/static/cmcontrolpreferences.js?201752511465670 HTTP/1.1" 304 -
200.112.49.18 - - [22/Aug/2017:09:07:02 -0300] "GET /cormun/static/hmpwkw03.js?20177612122668 HTTP/1.1" 304 -
200.112.49.18 - - [22/Aug/2017:09:07:15 -0300] "GET /cormun/servlet/trsolicitudot? HTTP/1.1" 200 10427
200.112.49.18 - - [22/Aug/2017:09:07:31 -0300] "GET /cormun/static/gxcfg.js?20177612135780 HTTP/1.1" 304 -
200.112.49.18 - - [22/Aug/2017:09:07:31 -0300] "GET /cormun/static/calendar.js?85251 HTTP/1.1" 304 -
200.112.49.18 - - [22/Aug/2017:09:07:31 -0300] "GET /cormun/static/calendar-setup.js?85251 HTTP/1.1" 304 -
200.112.49.18 - - [22/Aug/2017:09:07:31 -0300] "GET /cormun/static/calendar-es.js?85251 HTTP/1.1" 304 -
200.112.49.18 - - [22/Aug/2017:09:07:31 -0300] "GET /cormun/static/Resources/PXTools/calendar.png HTTP/1.1" 304 -
200.112.49.18 - - [22/Aug/2017:09:07:32 -0300] "GET /cormun/static/gxdec.js?85251 HTTP/1.1" 304 -
200.112.49.18 - - [22/Aug/2017:09:07:33 -0300] "GET /cormun/static/trsolicitudot.js?2017761214480 HTTP/1.1" 304 -
200.112.49.18 - - [22/Aug/2017:09:07:35 -0300] "GET /cormun//static/Resources/PXToolsGridUpdate.png HTTP/1.1" 304 -
200.112.49.18 - - [22/Aug/2017:09:07:35 -0300] "GET /cormun//static/Resources/PXToolsGridDelete.png HTTP/1.1" 304 -
200.112.49.18 - - [22/Aug/2017:09:07:45 -0300] "GET /cormun/servlet/solicitudot?INS,0,0, HTTP/1.1" 200 12927
200.112.49.18 - - [22/Aug/2017:09:07:45 -0300] "GET /cormun/static/gxcfg.js?201752522134570 HTTP/1.1" 304 -
200.112.49.18 - - [22/Aug/2017:09:07:45 -0300] "GET /cormun/static/solicitudot.js?201752522134767 HTTP/1.1" 304 -
186.103.159.46 - - [22/Aug/2017:09:07:54 -0300] "GET /cormun/static/menuarrow.gif HTTP/1.1" 404 1015
200.112.49.18 - - [22/Aug/2017:09:08:03 -0300] "GET /cormun/static/Resources/resize.gif HTTP/1.1" 304 -
200.112.49.18 - - [22/Aug/2017:09:08:03 -0300] "GET /cormun/servlet/prfichaempleado?,MD,,gxPopupLevel%3D0%3B HTTP/1.1" 200 9347
200.112.49.18 - - [22/Aug/2017:09:08:03 -0300] "GET /cormun/static/gxcfg.js?20177612134814 HTTP/1.1" 200 953
200.112.49.18 - - [22/Aug/2017:09:08:03 -0300] "GET /cormun/static/Resources/PXToolsMenuSearch.png HTTP/1.1" 304 -
200.112.49.18 - - [22/Aug/2017:09:08:03 -0300] "GET /cormun/static/Resources/PXToolsMenuSearchCancel.png HTTP/1.1" 304 -
200.112.49.18 - - [22/Aug/2017:09:08:03 -0300] "GET /cormun/static/menusearch.js?201610171694467 HTTP/1.1" 304 -
200.112.49.18 - - [22/Aug/2017:09:08:03 -0300] "GET /cormun/static/hmpwkw011.js?20177612121862 HTTP/1.1" 304 -
200.112.49.18 - - [22/Aug/2017:09:08:03 -0300] "GET /cormun/static/prfichaempleado.js?20177612134999 HTTP/1.1" 200 16006
200.111.191.210 - - [22/Aug/2017:09:08:16 -0300] "GET /cormun/servlet/trpermisosgoce? HTTP/1.1" 200 14318
200.111.191.210 - - [22/Aug/2017:09:08:16 -0300] "GET /cormun/servlet/trpermisosgoce? HTTP/1.1" 200 14319
200.111.191.210 - - [22/Aug/2017:09:08:18 -0300] "GET /cormun/servlet/permisogoce?INS,0,,, HTTP/1.1" 200 6624
200.111.191.210 - - [22/Aug/2017:09:08:18 -0300] "GET /cormun/servlet/permisogoce?INS,0,,, HTTP/1.1" 200 6623
200.111.191.210 - - [22/Aug/2017:09:08:23 -0300] "GET /cormun/servlet/permisogoce?52feba0edffa6a7b030da936b8eff9dfa0b2286632573357ce3a3c7fd63bb97acb3cfe7017864dc68d2bff58e37d96beb2f5d112345b0c0b84b6439bc932806b,gx-no-cache=1503403744078 HTTP/1.1" 200 226
200.111.191.210 - - [22/Aug/2017:09:08:23 -0300] "GET /cormun/static/Shared/jqueryui/images/ui-bg_highlight-soft_100_c6c2c8_1x100.png HTTP/1.1" 404 1117
200.111.191.210 - - [22/Aug/2017:09:08:23 -0300] "GET /cormun/static/Shared/jqueryui/images/ui-icons_82798d_256x240.png HTTP/1.1" 404 1089
200.111.191.210 - - [22/Aug/2017:09:08:23 -0300] "GET /cormun/static/Shared/jqueryui/images/ui-bg_flat_55_994d53_40x100.png HTTP/1.1" 404 1097
200.111.191.210 - - [22/Aug/2017:09:08:23 -0300] "GET /cormun/static/Shared/jqueryui/images/ui-icons_ebccce_256x240.png HTTP/1.1" 404 1089
200.112.49.18 - - [22/Aug/2017:09:08:27 -0300] "POST /cormun/servlet/prfichaempleado?3d71edb89f4277539ad1c69f4e6c6922,,MD,,gxPopupLevel%3D0%3B,gx-no-cache=1503403741658 HTTP/1.1" 200 3414
200.111.191.210 - - [22/Aug/2017:09:08:32 -0300] "GET /cormun/servlet/prfichaempleado?,MD,,gxPopupLevel%3D0%3B HTTP/1.1" 200 9268
200.111.191.210 - - [22/Aug/2017:09:08:32 -0300] "GET /cormun/static/gxcfg.js?20177612134814 HTTP/1.1" 304 -
200.111.191.210 - - [22/Aug/2017:09:08:32 -0300] "GET /cormun/static/prfichaempleado.js?20177612134999 HTTP/1.1" 304 -
200.111.191.210 - - [22/Aug/2017:09:08:32 -0300] "GET /cormun/static/menusearch.js?201610171694467 HTTP/1.1" 304 -
200.111.191.210 - - [22/Aug/2017:09:08:32 -0300] "GET /cormun/static/hmpwkw011.js?20177612121862 HTTP/1.1" 304 -
200.112.49.18 - - [22/Aug/2017:09:08:38 -0300] "GET /cormun/servlet/prfichaempleado?,MD,,gxPopupLevel%3D0%3B HTTP/1.1" 200 9347
200.111.191.210 - - [22/Aug/2017:09:08:41 -0300] "POST /cormun/servlet/prfichaempleado?666d00bd897966dc4256c5bbbcfaaaf9,,MD,,gxPopupLevel%3D0%3B,gx-no-cache=1503403762122 HTTP/1.1" 200 3415
200.112.49.18 - - [22/Aug/2017:09:08:45 -0300] "POST /cormun/servlet/solicitudot?gx-no-cache=1503403759672 HTTP/1.1" 200 3211
200.112.49.18 - - [22/Aug/2017:09:08:46 -0300] "POST /cormun/servlet/solicitudot?3d71edb89f4277539ad1c69f4e6c6922,INS,0,0,,gx-no-cache=1503403760293 HTTP/1.1" 200 10033
200.111.191.210 - - [22/Aug/2017:09:08:47 -0300] "GET /cormun/servlet/permisogoce?52feba0edffa6a7b030da936b8eff9df5d882bd7d2cb57e7a8571eb59f09affbcb3cfe7017864dc68d2bff58e37d96beb2f5d112345b0c0b84b6439bc932806b,gx-no-cache=1503403768367 HTTP/1.1" 200 72
200.112.49.18 - - [22/Aug/2017:09:08:50 -0300] "GET /cormun/servlet/solicitudot?5f196e014db8ed602749b225db3f7a20ac9521b527a212cfbf8664f3421fbd9d59d40d9b1c43dfb45e10ddeece89ff2f,gx-no-cache=1503403764976 HTTP/1.1" 200 30
200.112.49.18 - - [22/Aug/2017:09:08:50 -0300] "POST /cormun/servlet/solicitudot?gx-no-cache=1503403765066 HTTP/1.1" 200 297
200.112.49.18 - - [22/Aug/2017:09:08:51 -0300] "GET /cormun/servlet/solicitudot?5f196e014db8ed602749b225db3f7a20f0c0fe1b4e2060910ca2fa868fb75308c11ab1991e2cabd7907132f7ef2de18c87632569aebcbf43ce9d76307c17dd8706043643ef2c3967bc375f9f8c9ff313d636331d43fbd271c80aa927556abdd3987ebffeeae579cdc6eb3ce13b0b6626a3ea40bb580aad9182950fc64c2e8ea99cf685c8b597f5646fe3cd722037ad60c6707ee4ba8fcf5363947c8207bab72b0a2ef7fed64dc532948edc7e2020eb6ee0d14a9af42711ab2f3af3f6cb33f11e99619c3e24ab55e9ba4ad8858f11cc83cb40dda353b93ed954dd30970f0cd2e2993611f6b03701b7f0e974e4d53c6b68e58f8c26d7b8bc6caa5e66c2f7317959051a1b0918d874ce471d399307b55163d636d9024c1ebd4c1e3b25f395cdf722072de2ab66ea5b43acd95bf5f19a7faf7df3b4e0e526daf61f59d8d453d051e4ec3224f51b81c6f039c0652a36ff6367652c6b60d0fb6ea4d3e641a6e47943f3ac8659b30ba7359431752298c20259a334c9453904853f91abe959d1488d6913d6fff6f043642df4d87ba9688061238d,gx-no-cache=1503403765159 HTTP/1.1" 200 30
200.111.191.210 - - [22/Aug/2017:09:08:54 -0300] "GET /cormun/servlet/permisogoce?52feba0edffa6a7b030da936b8eff9dfa4f4696e4a87cd0b01446fa735f2f8d3991b378e4993e5d28e47f6eb9238a906d1ade2ff849a3ac1f2528bb16d3cfe6c,gx-no-cache=1503403774651 HTTP/1.1" 200 47
200.112.49.18 - - [22/Aug/2017:09:09:00 -0300] "POST /cormun/servlet/solicitudot?gx-no-cache=1503403774148 HTTP/1.1" 200 30
200.111.191.210 - - [22/Aug/2017:09:09:02 -0300] "GET /cormun/servlet/trlicencias? HTTP/1.1" 200 14268
200.111.191.210 - - [22/Aug/2017:09:09:02 -0300] "GET /cormun/servlet/trlicencias? HTTP/1.1" 200 14258
200.111.191.210 - - [22/Aug/2017:09:09:04 -0300] "GET /cormun/servlet/licenciaspermisos?INS,0,,, HTTP/1.1" 200 7316
200.111.191.210 - - [22/Aug/2017:09:09:04 -0300] "GET /cormun/servlet/licenciaspermisos?INS,0,,, HTTP/1.1" 200 7316
200.111.191.210 - - [22/Aug/2017:09:09:08 -0300] "GET /cormun/servlet/licenciaspermisos?52feba0edffa6a7b030da936b8eff9df5d882bd7d2cb57e7a8571eb59f09affb71d4362c6a11a7dbeb170d7f398dbf7c,gx-no-cache=1503403789319 HTTP/1.1" 200 92
200.111.191.210 - - [22/Aug/2017:09:09:08 -0300] "POST /cormun/servlet/licenciaspermisos?666d00bd897966dc4256c5bbbcfaaaf9,INS,0,,,,gx-no-cache=1503403789350 HTTP/1.1" 200 4516
200.112.49.18 - - [22/Aug/2017:09:09:14 -0300] "POST /cormun/servlet/solicitudot?gx-no-cache=1503403788818 HTTP/1.1" 200 1356
200.112.49.18 - - [22/Aug/2017:09:09:14 -0300] "POST /cormun/servlet/solicitudot?gx-no-cache=1503403789033 HTTP/1.1" 200 38
200.112.49.18 - - [22/Aug/2017:09:09:31 -0300] "GET /cormun/servlet/solicitudot?5f196e014db8ed602749b225db3f7a207a96bcf6657dd166bc19e309c5ee3ee86ab62e519d06db678251a908b6687595424b3e6a55d291d43854db1c74b6c36c35ed5ac807f3be08aedd1a3e7e4bbf5f43fbb64b8a218e65040db194876bfb92e22be67f28d70eb7ef0f36bfc4965563,gx-no-cache=1503403805222 HTTP/1.1" 200 29
200.112.49.18 - - [22/Aug/2017:09:09:31 -0300] "POST /cormun/servlet/solicitudot?gx-no-cache=1503403805320 HTTP/1.1" 200 1335
200.112.49.18 - - [22/Aug/2017:09:09:57 -0300] "GET /cormun/servlet/trcontratosolicitud? HTTP/1.1" 200 14311
200.112.49.18 - - [22/Aug/2017:09:09:57 -0300] "GET /cormun/static/gxcfg.js?20177612214014 HTTP/1.1" 304 -
200.112.49.18 - - [22/Aug/2017:09:09:58 -0300] "GET /cormun/static/trcontratosolicitud.js?20177612214349 HTTP/1.1" 304 -
200.112.49.18 - - [22/Aug/2017:09:09:58 -0300] "GET /cormun//static/Resources/PXToolsGridNew.png HTTP/1.1" 304 -
200.112.49.18 - - [22/Aug/2017:09:09:58 -0300] "GET /cormun//static/Resources/PXToolsActionDisabled.gif HTTP/1.1" 304 -
200.112.49.18 - - [22/Aug/2017:09:10:15 -0300] "POST /cormun/servlet/trcontratosolicitud?3d71edb89f4277539ad1c69f4e6c6922,,gx-no-cache=1503403848914 HTTP/1.1" 200 4813
200.111.191.210 - - [22/Aug/2017:09:10:27 -0300] "GET /cormun/servlet/licenciaspermisos?52feba0edffa6a7b030da936b8eff9df554c48eecd9cbd43eb19769c18ec081fa62208773cae5a3638e08ea2aba46532997689fd23c064530a7ccec719a032b72f8d77e1f8f4ff4dfc7fb895c1bb9faee7188ca330d95a730b8059fd74c2f33c69891a1c5c3394fb039c7f0893ac5a7a7f787eabd8e498480b507c897c777bfef76e2c2297e387ecf5f10675a4a7db0c8515fdcc41c6f44d60ce6ed3b0c6d447b2f5d112345b0c0b84b6439bc932806b,gx-no-cache=1503403868008 HTTP/1.1" 200 30
200.111.191.210 - - [22/Aug/2017:09:10:27 -0300] "GET /cormun/servlet/licenciaspermisos?52feba0edffa6a7b030da936b8eff9df0b613a97fa5fde828d66b733f031d9939f20ec8fd64f0dcad8629c8eae59691124392ff26d676d5efb7d5a31ee17ede71456a0a3cd0457ce32eb3d69de64f3abef8cdb64d99692f5ce45e4d2d8a78536966310c6e166972816caa68f23a890662b79adc45ce1c4595ec5846f18697b88bf9d965ec667004890ecad350ebb6ec05428b13fb154849be6d23ef62b5f3253a55145e1efbfc9c6b67b0bde6bc61f3a,gx-no-cache=1503403868037 HTTP/1.1" 200 29
200.111.191.210 - - [22/Aug/2017:09:10:27 -0300] "POST /cormun/servlet/licenciaspermisos?666d00bd897966dc4256c5bbbcfaaaf9,INS,0,,,,gx-no-cache=1503403868053 HTTP/1.1" 200 93
200.111.191.210 - - [22/Aug/2017:09:10:27 -0300] "GET /cormun/servlet/hpexe_return? HTTP/1.1" 200 1011
200.111.191.210 - - [22/Aug/2017:09:10:27 -0300] "GET /cormun/servlet/trlicencias HTTP/1.1" 200 14509
200.111.191.210 - - [22/Aug/2017:09:10:28 -0300] "GET /cormun/servlet/trlicencias HTTP/1.1" 200 14501
200.111.191.210 - - [22/Aug/2017:09:10:30 -0300] "GET /cormun/servlet/alicenciaprn?16364189,L,20170822000000,PU HTTP/1.1" 200 1526
200.112.49.18 - - [22/Aug/2017:09:10:52 -0300] "GET /cormun/servlet/trsolicitudot? HTTP/1.1" 200 10424
200.112.49.18 - - [22/Aug/2017:09:10:55 -0300] "GET /cormun/servlet/solicitudot?INS,0,0, HTTP/1.1" 200 12927
200.112.49.18 - - [22/Aug/2017:09:11:06 -0300] "POST /cormun/servlet/solicitudot?gx-no-cache=1503403900187 HTTP/1.1" 200 3211
200.112.49.18 - - [22/Aug/2017:09:11:06 -0300] "POST /cormun/servlet/solicitudot?3d71edb89f4277539ad1c69f4e6c6922,INS,0,0,,gx-no-cache=1503403900705 HTTP/1.1" 200 10033
200.112.49.18 - - [22/Aug/2017:09:11:10 -0300] "GET /cormun/servlet/solicitudot?5f196e014db8ed602749b225db3f7a20ac9521b527a212cfbf8664f3421fbd9d59d40d9b1c43dfb45e10ddeece89ff2f,gx-no-cache=1503403904596 HTTP/1.1" 200 30
200.112.49.18 - - [22/Aug/2017:09:11:10 -0300] "POST /cormun/servlet/solicitudot?gx-no-cache=1503403904675 HTTP/1.1" 200 297
200.112.49.18 - - [22/Aug/2017:09:11:10 -0300] "GET /cormun/servlet/solicitudot?5f196e014db8ed602749b225db3f7a20f0c0fe1b4e2060910ca2fa868fb75308c11ab1991e2cabd7907132f7ef2de18c87632569aebcbf43ce9d76307c17dd8706043643ef2c3967bc375f9f8c9ff313d636331d43fbd271c80aa927556abdd3987ebffeeae579cdc6eb3ce13b0b6626a3ea40bb580aad9182950fc64c2e8ea99cf685c8b597f5646fe3cd722037ad60c6707ee4ba8fcf5363947c8207bab72b0a2ef7fed64dc532948edc7e2020eb6ee0d14a9af42711ab2f3af3f6cb33f11e99619c3e24ab55e9ba4ad8858f11cc83cb40dda353b93ed954dd30970f0cd2e2993611f6b03701b7f0e974e4d53c6b68e58f8c26d7b8bc6caa5e66c2f7317959051a1b0918d874ce471d399307b55163d636d9024c1ebd4c1e3b25f395cdf722072de2ab66ea5b43acd95bf5f19a7faf7df3b4e0e526daf61f59d8d453d051e4ec3224f51b81c6f039c0652a36ff6367652c6b60d0fb6ea4d3e641a6e47943f3ac8659b30ba7359431752298c20259a334c9453904853f91abe959d1488d6913d6fff6f043642df4d87ba9688061238d,gx-no-cache=1503403904776 HTTP/1.1" 200 30
200.112.49.18 - - [22/Aug/2017:09:11:16 -0300] "POST /cormun/servlet/solicitudot?gx-no-cache=1503403910175 HTTP/1.1" 200 30
200.112.49.18 - - [22/Aug/2017:09:11:24 -0300] "POST /cormun/servlet/solicitudot?gx-no-cache=1503403918852 HTTP/1.1" 200 1356
