186.67.172.234 - - [21/Aug/2017:15:53:17 -0300] "GET /cormun/static/hwchdr01.js?201752511465785 HTTP/1.1" 200 1183
186.67.172.234 - - [21/Aug/2017:15:53:17 -0300] "GET /cormun/static/hhome.js?20175251212450 HTTP/1.1" 200 777
186.67.172.234 - - [21/Aug/2017:15:53:17 -0300] "GET /cormun/static/Resources/PXToolsHeaderBackground2.png HTTP/1.1" 200 1174
186.67.172.234 - - [21/Aug/2017:15:53:17 -0300] "GET /cormun/static/gxui/gxui-all.js HTTP/1.1" 200 107772
186.67.172.234 - - [21/Aug/2017:15:53:18 -0300] "GET /cormun/static/Resources/PXToolsFooterBackground2.png HTTP/1.1" 200 1172
186.67.172.234 - - [21/Aug/2017:15:53:18 -0300] "GET /cormun/static/Resources/PXToolsHeaderActionsBackground.png HTTP/1.1" 200 484
186.67.172.234 - - [21/Aug/2017:15:53:18 -0300] "GET /cormun/static/Resources/PXToolsHeaderActionsLeft.png HTTP/1.1" 200 1118
186.67.172.234 - - [21/Aug/2017:15:53:18 -0300] "GET /cormun/static/Resources/PXToolsDataTitle.png HTTP/1.1" 200 1173
186.67.172.234 - - [21/Aug/2017:15:53:18 -0300] "GET /cormun/static/Resources/logo4.png HTTP/1.1" 200 6582
186.67.172.234 - - [21/Aug/2017:15:53:18 -0300] "GET /cormun/static/Resources/PXToolsHeaderLogin.png HTTP/1.1" 200 4279
186.67.172.234 - - [21/Aug/2017:15:53:18 -0300] "GET /cormun/static/Resources/PXToolsHeaderActionsRight.png HTTP/1.1" 200 1201
186.67.172.234 - - [21/Aug/2017:15:53:18 -0300] "GET /cormun/static/Resources/PXToolsHeaderSecurity.png HTTP/1.1" 200 4166
186.67.172.234 - - [21/Aug/2017:15:53:18 -0300] "GET /cormun/static/Resources/PXToolsHeaderHome.png HTTP/1.1" 200 4147
186.67.172.234 - - [21/Aug/2017:15:53:18 -0300] "GET /cormun/static/Resources/PXToolsHeaderPreferences.png HTTP/1.1" 200 4189
186.67.172.234 - - [21/Aug/2017:15:53:18 -0300] "GET /cormun/static/hpexe_recentlink.js?20177611595044 HTTP/1.1" 200 2144
186.67.172.234 - - [21/Aug/2017:15:53:18 -0300] "GET /cormun/static/hpexe_messagecontroller.js?20177611595012 HTTP/1.1" 200 870
186.67.172.234 - - [21/Aug/2017:15:53:18 -0300] "GET /cormun/static/hpexe_scripts.js?201752511465715 HTTP/1.1" 200 1544
186.67.172.234 - - [21/Aug/2017:15:53:18 -0300] "GET /cormun/static/hpexe_messagepopupcomponent.js?20161017169425 HTTP/1.1" 200 605
186.67.172.234 - - [21/Aug/2017:15:53:18 -0300] "GET /cormun/static/hpexe_messagegenexuscomponent.js?201752511465344 HTTP/1.1" 200 587
186.67.172.234 - - [21/Aug/2017:15:53:18 -0300] "GET /cormun/static/cmcontrolpreferences.js?201752511465670 HTTP/1.1" 200 1375
186.67.172.234 - - [21/Aug/2017:15:53:18 -0300] "GET /cormun/static/Shared/jquery/jquery-1.4.2.min.js HTTP/1.1" 200 72174
186.67.172.234 - - [21/Aug/2017:15:53:18 -0300] "GET /cormun/static/SmoothNavMenu/resources/ddsmoothmenu.js HTTP/1.1" 200 12712
186.67.172.234 - - [21/Aug/2017:15:53:18 -0300] "GET /cormun/static/SmoothNavMenu/resources/SmoothNavMenuRender.js HTTP/1.1" 200 5951
186.67.172.234 - - [21/Aug/2017:15:53:18 -0300] "GET /cormun/static/scaMessage/js/jquery.pnotify.min.js HTTP/1.1" 200 13038
186.67.172.234 - - [21/Aug/2017:15:53:18 -0300] "GET /cormun/static/scaMessage/scaMessageRender.js HTTP/1.1" 200 11977
186.67.172.234 - - [21/Aug/2017:15:53:18 -0300] "GET /cormun/static/hmpwkw03.js?20177612122668 HTTP/1.1" 200 3965
186.67.172.234 - - [21/Aug/2017:15:53:18 -0300] "GET /cormun/static/Shared/ext/ext-all.js HTTP/1.1" 200 1289687
186.67.172.234 - - [21/Aug/2017:15:53:18 -0300] "GET /cormun/static/Shared/jquery/jquery-1.10.2.min.js HTTP/1.1" 200 273199
186.67.172.234 - - [21/Aug/2017:15:53:18 -0300] "GET /cormun/static/Shared/jqueryui/jquery-ui.min.js HTTP/1.1" 200 240427
186.67.172.234 - - [21/Aug/2017:15:53:19 -0300] "GET /cormun/static/SmoothNavMenu/resources/images/down.gif HTTP/1.1" 200 854
186.67.172.234 - - [21/Aug/2017:15:53:19 -0300] "GET /cormun/static/SmoothNavMenu/resources/images/right.gif HTTP/1.1" 200 860
186.67.172.234 - - [21/Aug/2017:15:53:19 -0300] "GET /cormun/servlet/hhome HTTP/1.1" 200 4053
186.67.172.234 - - [21/Aug/2017:15:53:23 -0300] "GET /cormun/servlet/trpermisosgoce? HTTP/1.1" 200 13547
186.67.172.234 - - [21/Aug/2017:15:53:23 -0300] "GET /cormun/static/gxui/gxui-all.css?110300 HTTP/1.1" 200 2179
186.67.172.234 - - [21/Aug/2017:15:53:23 -0300] "GET /cormun/static/calendar-system.css?75620 HTTP/1.1" 200 5572
186.67.172.234 - - [21/Aug/2017:15:53:23 -0300] "GET /cormun/static/gxcfg.js?20177612163875 HTTP/1.1" 200 953
186.67.172.234 - - [21/Aug/2017:15:53:23 -0300] "GET /cormun/static/calendar.js?85251 HTTP/1.1" 200 26246
186.67.172.234 - - [21/Aug/2017:15:53:23 -0300] "GET /cormun/static/calendar-setup.js?85251 HTTP/1.1" 200 2588
186.67.172.234 - - [21/Aug/2017:15:53:23 -0300] "GET /cormun/static/calendar-es.js?85251 HTTP/1.1" 200 1901
186.67.172.234 - - [21/Aug/2017:15:53:24 -0300] "GET /cormun/static/gxdec.js?85251 HTTP/1.1" 200 19579
186.67.172.234 - - [21/Aug/2017:15:53:24 -0300] "GET /cormun/static/trpermisosgoce.js?20177612164335 HTTP/1.1" 200 35904
186.67.172.234 - - [21/Aug/2017:15:53:24 -0300] "GET /cormun/static/Resources/PXTools/calendar.png HTTP/1.1" 200 1306
186.67.172.234 - - [21/Aug/2017:15:53:24 -0300] "GET /cormun/static/Resources/PXToolsDataSearch.png HTTP/1.1" 200 419
186.67.172.234 - - [21/Aug/2017:15:53:24 -0300] "GET /cormun/static/Resources/PXToolsGridFirstDisabled.gif HTTP/1.1" 200 100
186.67.172.234 - - [21/Aug/2017:15:53:24 -0300] "GET /cormun/static/Resources/PXToolsGridPreviousDisabled.gif HTTP/1.1" 200 90
186.67.172.234 - - [21/Aug/2017:15:53:24 -0300] "GET /cormun/static/Resources/PXToolsGridNextDisabled.gif HTTP/1.1" 200 90
186.67.172.234 - - [21/Aug/2017:15:53:24 -0300] "GET /cormun/static/Resources/PXToolsGridLastDisabled.gif HTTP/1.1" 200 98
186.67.172.234 - - [21/Aug/2017:15:53:24 -0300] "GET /cormun/static/Resources/PXToolsGridPage.gif HTTP/1.1" 200 725
186.67.172.234 - - [21/Aug/2017:15:53:24 -0300] "GET /cormun/static/Resources/PXToolsActionExcel.png HTTP/1.1" 200 3187
186.67.172.234 - - [21/Aug/2017:15:53:24 -0300] "GET /cormun/static/Resources/PXToolsGridNew.png HTTP/1.1" 200 2949
186.67.172.234 - - [21/Aug/2017:15:53:24 -0300] "GET /cormun/static/Shared/ext/resources/css/ext-all.css?205870 HTTP/1.1" 200 416045
186.67.172.234 - - [21/Aug/2017:15:53:25 -0300] "GET /cormun/static/Resources/asc.gif HTTP/1.1" 200 67
186.67.172.234 - - [21/Aug/2017:15:53:25 -0300] "GET /cormun/static/Resources/desc.gif HTTP/1.1" 200 65
186.67.172.234 - - [21/Aug/2017:15:53:25 -0300] "GET /cormun//static/Resources/PXToolsGridDisplay.png HTTP/1.1" 200 362
186.67.172.234 - - [21/Aug/2017:15:53:25 -0300] "GET /cormun//static/Resources/PXToolsActionDisabled.gif HTTP/1.1" 200 53
186.67.172.234 - - [21/Aug/2017:15:53:25 -0300] "GET /cormun//static/Resources/PXTools/ActionInsert.png HTTP/1.1" 200 1482
186.67.172.234 - - [21/Aug/2017:15:53:25 -0300] "GET /cormun//static/Resources/PXToolsActionPrint.png HTTP/1.1" 200 3317
186.67.172.234 - - [21/Aug/2017:15:53:25 -0300] "GET /cormun//static/Resources/PXToolsGridDelete.png HTTP/1.1" 200 357
186.67.172.234 - - [21/Aug/2017:15:53:25 -0300] "GET /cormun//static/Resources/PXToolsHeaderFavorites.png HTTP/1.1" 200 2744
186.67.172.234 - - [21/Aug/2017:15:53:25 -0300] "GET /cormun//static/Resources/PXToolsHeaderHelp.png HTTP/1.1" 200 4055
186.67.172.234 - - [21/Aug/2017:15:53:25 -0300] "GET /cormun/static/Shared/ext/resources/themes/images/default/panel/bg-headersPanel.png HTTP/1.1" 200 255
186.67.172.234 - - [21/Aug/2017:15:53:25 -0300] "GET /cormun/static/Shared/ext/resources/themes/images/default/tools/tool-sprites.gif HTTP/1.1" 200 5434
186.67.172.234 - - [21/Aug/2017:15:53:25 -0300] "GET /cormun/servlet/trpermisosgoce? HTTP/1.1" 200 13545
186.67.172.234 - - [21/Aug/2017:15:53:30 -0300] "GET /cormun/servlet/permisogoce?INS,0,,, HTTP/1.1" 200 6896
186.67.172.234 - - [21/Aug/2017:15:53:30 -0300] "GET /cormun/static/gxcfg.js?201776126440 HTTP/1.1" 200 953
186.67.172.234 - - [21/Aug/2017:15:53:30 -0300] "GET /cormun/static/permisogoce.js?2017761264459 HTTP/1.1" 200 27897
186.67.172.234 - - [21/Aug/2017:15:53:30 -0300] "GET /cormun/static/Resources/prompt.gif HTTP/1.1" 200 902
186.67.172.234 - - [21/Aug/2017:15:53:30 -0300] "GET /cormun/servlet/permisogoce?INS,0,,, HTTP/1.1" 200 6895
186.67.172.234 - - [21/Aug/2017:15:53:39 -0300] "GET /cormun/servlet/permisogoce?22e92840c184c483785e747798ed282b4de440a3fbea260e57187d954589ef1affb5c1033c08e6515df4f9e1cbd98daca035a72c538996513766b12d4d795573,gx-no-cache=1503341607315 HTTP/1.1" 200 78
186.67.172.234 - - [21/Aug/2017:15:53:39 -0300] "GET /cormun/static/menuarrow.gif HTTP/1.1" 404 1015
186.67.172.234 - - [21/Aug/2017:15:53:46 -0300] "GET /cormun/servlet/permisogoce?22e92840c184c483785e747798ed282b84678a2b8ee0a48c804418ba2953587cb0f52fa0f46862def2cb8e97cd8401fa76034e3899d8ee08e6d690fb3b4e03fa,gx-no-cache=1503341614471 HTTP/1.1" 200 46
186.103.158.250 - - [21/Aug/2017:15:53:47 -0300] "GET /cormun/servlet/trlicencias? HTTP/1.1" 200 9474
186.103.158.250 - - [21/Aug/2017:15:53:47 -0300] "GET /cormun/static/gxcfg.js?20176272054169 HTTP/1.1" 304 -
186.103.158.250 - - [21/Aug/2017:15:53:47 -0300] "GET /cormun/static/trlicencias.js?20176272054837 HTTP/1.1" 304 -
186.103.158.250 - - [21/Aug/2017:15:53:48 -0300] "GET /cormun/servlet/trlicencias? HTTP/1.1" 200 9474
186.67.172.234 - - [21/Aug/2017:15:53:53 -0300] "POST /cormun/servlet/permisogoce?510fa67ed3f3d18b84d3f536fac3ac8f,INS,0,,,,gx-no-cache=1503341620540 HTTP/1.1" 200 93
186.67.172.234 - - [21/Aug/2017:15:53:53 -0300] "GET /cormun/servlet/hpexe_return? HTTP/1.1" 200 1007
186.67.172.234 - - [21/Aug/2017:15:53:53 -0300] "GET /cormun/static/Resources/Spanish/PXTools.css?167811 HTTP/1.1" 200 89042
186.67.172.234 - - [21/Aug/2017:15:53:53 -0300] "GET /cormun/static/gxcfg.js?2016101716175148 HTTP/1.1" 200 953
186.67.172.234 - - [21/Aug/2017:15:53:53 -0300] "GET /cormun/static/hpexe_return.js?2016101716175153 HTTP/1.1" 200 1633
186.67.172.234 - - [21/Aug/2017:15:53:53 -0300] "GET /cormun/servlet/trpermisosgoce HTTP/1.1" 200 13867
186.67.172.234 - - [21/Aug/2017:15:53:54 -0300] "GET /cormun//static/Resources/PXToolsGridUpdate.png HTTP/1.1" 200 2984
186.103.158.250 - - [21/Aug/2017:15:53:54 -0300] "GET /cormun/servlet/licenciaspermisos?INS,0,,, HTTP/1.1" 200 7329
186.103.158.250 - - [21/Aug/2017:15:53:54 -0300] "GET /cormun/static/gxcfg.js?201762917281167 HTTP/1.1" 304 -
186.103.158.250 - - [21/Aug/2017:15:53:54 -0300] "GET /cormun/static/licenciaspermisos.js?201762917281260 HTTP/1.1" 304 -
186.67.172.234 - - [21/Aug/2017:15:53:54 -0300] "GET /cormun/servlet/trpermisosgoce HTTP/1.1" 200 13863
186.103.158.250 - - [21/Aug/2017:15:53:55 -0300] "GET /cormun/servlet/licenciaspermisos?INS,0,,, HTTP/1.1" 200 7329
186.67.172.234 - - [21/Aug/2017:15:54:00 -0300] "GET /cormun/servlet/trpermisosadjuntos?18039691,20170821155300,P, HTTP/1.1" 200 6365
186.67.172.234 - - [21/Aug/2017:15:54:00 -0300] "GET /cormun/static/gxcfg.js?201762817193957 HTTP/1.1" 200 953
186.67.172.234 - - [21/Aug/2017:15:54:00 -0300] "GET /cormun/static/trpermisosadjuntos.js?201762817194366 HTTP/1.1" 200 20158
186.67.172.234 - - [21/Aug/2017:15:54:00 -0300] "GET /cormun/static/Resources/Spanish/PXTools.css?17315867 HTTP/1.1" 200 89042
186.67.172.234 - - [21/Aug/2017:15:54:00 -0300] "GET /cormun/servlet/trpermisosadjuntos?18039691,20170821155300,P, HTTP/1.1" 200 6365
186.67.172.234 - - [21/Aug/2017:15:54:02 -0300] "GET /cormun/servlet/permisosadjuntos?INS,18039691,P,20170821155300,, HTTP/1.1" 200 5691
186.67.172.234 - - [21/Aug/2017:15:54:02 -0300] "GET /cormun/static/gxcfg.js?201762717441171 HTTP/1.1" 200 953
186.67.172.234 - - [21/Aug/2017:15:54:02 -0300] "GET /cormun/static/permisosadjuntos.js?201762717441184 HTTP/1.1" 200 8724
186.67.172.234 - - [21/Aug/2017:15:54:02 -0300] "GET /cormun/static/about:blank HTTP/1.1" 404 1011
186.67.172.234 - - [21/Aug/2017:15:54:02 -0300] "GET /cormun/servlet/permisosadjuntos?INS,18039691,P,20170821155300,, HTTP/1.1" 200 5681
186.67.172.234 - - [21/Aug/2017:15:54:10 -0300] "POST /cormun/servlet/permisosadjuntos?510fa67ed3f3d18b84d3f536fac3ac8f,INS,18039691,P,20170821155300,, HTTP/1.1" 200 116
186.67.172.234 - - [21/Aug/2017:15:54:10 -0300] "GET /cormun/servlet/hpexe_return? HTTP/1.1" 200 1035
186.67.172.234 - - [21/Aug/2017:15:54:10 -0300] "GET /cormun/servlet/trpermisosadjuntos?18039691,20170821155300,P, HTTP/1.1" 200 6827
186.67.172.234 - - [21/Aug/2017:15:54:11 -0300] "GET /cormun/servlet/trpermisosadjuntos?18039691,20170821155300,P, HTTP/1.1" 200 6823
186.103.158.250 - - [21/Aug/2017:15:54:13 -0300] "GET /cormun/servlet/licenciaspermisos?34b3274732f25f551b5439c00a26fad4fdc04404794e8a7e88759f90d404268bdbed92c2224447e00767230b9d63f887,gx-no-cache=1503345446511 HTTP/1.1" 200 92
186.103.158.250 - - [21/Aug/2017:15:54:14 -0300] "POST /cormun/servlet/licenciaspermisos?2c4cbe3509dcdf06286f1d925780c7c1,INS,0,,,,gx-no-cache=1503345446884 HTTP/1.1" 200 4520
186.103.158.250 - - [21/Aug/2017:15:54:33 -0300] "GET /cormun/static/menuarrow.gif HTTP/1.1" 404 1015
186.67.172.234 - - [21/Aug/2017:15:54:38 -0300] "POST /cormun/servlet/trpermisosadjuntos?510fa67ed3f3d18b84d3f536fac3ac8f,18039691,20170821155300,P,,gx-no-cache=1503341666715 HTTP/1.1" 200 90
186.67.172.234 - - [21/Aug/2017:15:54:38 -0300] "GET /cormun/servlet/hpexe_link HTTP/1.1" 200 979
186.67.172.234 - - [21/Aug/2017:15:54:38 -0300] "GET /cormun/servlet/trpermisosgoce HTTP/1.1" 200 13870
186.67.172.234 - - [21/Aug/2017:15:54:39 -0300] "GET /cormun/servlet/trpermisosgoce HTTP/1.1" 200 13865
186.67.172.234 - - [21/Aug/2017:15:54:42 -0300] "GET /cormun/servlet/permisogoce?INS,0,,, HTTP/1.1" 200 6896
186.67.172.234 - - [21/Aug/2017:15:54:42 -0300] "GET /cormun/servlet/permisogoce?INS,0,,, HTTP/1.1" 200 6896
186.67.172.234 - - [21/Aug/2017:15:54:53 -0300] "GET /cormun/servlet/permisogoce?22e92840c184c483785e747798ed282b2ef08a55f4b00d86ed7d857aaacc7bd573583c46ddc6a63e6301e87bf0a665c3,gx-no-cache=1503341682027 HTTP/1.1" 200 74
186.67.172.234 - - [21/Aug/2017:15:54:53 -0300] "GET /cormun/static/menuarrow.gif HTTP/1.1" 404 1015
186.67.172.234 - - [21/Aug/2017:15:55:02 -0300] "GET /cormun/servlet/permisogoce?22e92840c184c483785e747798ed282bd4b9322b90639b2374b705a15a8489ebe05a78d7abd97ba444e0dfddebdb03db50c42b399381ea67883c29d09f544edf,gx-no-cache=1503341690226 HTTP/1.1" 200 48
186.67.172.234 - - [21/Aug/2017:15:55:05 -0300] "POST /cormun/servlet/permisogoce?510fa67ed3f3d18b84d3f536fac3ac8f,INS,0,,,,gx-no-cache=1503341693203 HTTP/1.1" 200 93
186.67.172.234 - - [21/Aug/2017:15:55:05 -0300] "GET /cormun/servlet/hpexe_return? HTTP/1.1" 200 1007
186.67.172.234 - - [21/Aug/2017:15:55:05 -0300] "GET /cormun/servlet/trpermisosgoce HTTP/1.1" 200 14067
186.67.172.234 - - [21/Aug/2017:15:55:06 -0300] "GET /cormun/servlet/trpermisosgoce HTTP/1.1" 200 14063
186.67.172.234 - - [21/Aug/2017:15:55:12 -0300] "GET /cormun/servlet/trpermisosadjuntos?7918129,20170821155413,P, HTTP/1.1" 200 6361
186.67.172.234 - - [21/Aug/2017:15:55:13 -0300] "GET /cormun/servlet/trpermisosadjuntos?7918129,20170821155413,P, HTTP/1.1" 200 6361
186.67.172.234 - - [21/Aug/2017:15:55:15 -0300] "GET /cormun/servlet/permisosadjuntos?INS,7918129,P,20170821155413,, HTTP/1.1" 200 5682
186.67.172.234 - - [21/Aug/2017:15:55:15 -0300] "GET /cormun/static/about:blank HTTP/1.1" 404 1011
186.67.172.234 - - [21/Aug/2017:15:55:15 -0300] "GET /cormun/servlet/permisosadjuntos?INS,7918129,P,20170821155413,, HTTP/1.1" 200 5672
186.67.172.234 - - [21/Aug/2017:15:55:21 -0300] "POST /cormun/servlet/permisosadjuntos?510fa67ed3f3d18b84d3f536fac3ac8f,INS,7918129,P,20170821155413,, HTTP/1.1" 200 116
186.67.172.234 - - [21/Aug/2017:15:55:21 -0300] "GET /cormun/servlet/hpexe_return? HTTP/1.1" 200 1034
186.67.172.234 - - [21/Aug/2017:15:55:21 -0300] "GET /cormun/servlet/trpermisosadjuntos?7918129,20170821155413,P, HTTP/1.1" 200 6838
186.67.172.234 - - [21/Aug/2017:15:55:22 -0300] "GET /cormun/servlet/trpermisosadjuntos?7918129,20170821155413,P, HTTP/1.1" 200 6834
186.67.172.234 - - [21/Aug/2017:15:55:31 -0300] "POST /cormun/servlet/trpermisosadjuntos?510fa67ed3f3d18b84d3f536fac3ac8f,7918129,20170821155413,P,,gx-no-cache=1503341719330 HTTP/1.1" 200 90
186.67.172.234 - - [21/Aug/2017:15:55:31 -0300] "GET /cormun/servlet/hpexe_link HTTP/1.1" 200 979
186.67.172.234 - - [21/Aug/2017:15:55:31 -0300] "GET /cormun/servlet/trpermisosgoce HTTP/1.1" 200 14079
186.67.172.234 - - [21/Aug/2017:15:55:31 -0300] "GET /cormun/servlet/trpermisosgoce HTTP/1.1" 200 14070
186.67.172.234 - - [21/Aug/2017:15:55:34 -0300] "GET /cormun/servlet/permisogoce?INS,0,,, HTTP/1.1" 200 6896
186.67.172.234 - - [21/Aug/2017:15:55:34 -0300] "GET /cormun/servlet/permisogoce?INS,0,,, HTTP/1.1" 200 6896
186.79.249.27 - - [21/Aug/2017:15:55:40 -0300] "GET /cormun/servlet/trcontratounov2? HTTP/1.1" 200 17587
186.79.249.27 - - [21/Aug/2017:15:55:41 -0300] "GET /cormun/static/gxcfg.js?201752512124396 HTTP/1.1" 200 953
186.79.249.27 - - [21/Aug/2017:15:55:41 -0300] "GET /cormun/static/Resources/PXToolsAddSelectedAction.png HTTP/1.1" 200 3660
186.79.249.27 - - [21/Aug/2017:15:55:41 -0300] "GET /cormun/static/trcontratounov2.js?201752512125146 HTTP/1.1" 200 38486
186.79.249.27 - - [21/Aug/2017:15:55:43 -0300] "GET /cormun/servlet/trcontratounov2? HTTP/1.1" 200 17575
186.67.172.234 - - [21/Aug/2017:15:55:43 -0300] "GET /cormun/servlet/permisogoce?22e92840c184c483785e747798ed282bf036b107fc22b3d5907ad947296adee673583c46ddc6a63e6301e87bf0a665c3,gx-no-cache=1503341732098 HTTP/1.1" 200 79
186.67.172.234 - - [21/Aug/2017:15:55:44 -0300] "GET /cormun/static/menuarrow.gif HTTP/1.1" 404 1015
186.67.172.234 - - [21/Aug/2017:15:55:54 -0300] "GET /cormun/servlet/permisogoce?22e92840c184c483785e747798ed282be11e74d25a044e3f48828770aacf3505caa3ece770abb05d75534d1031cf770a50c42b399381ea67883c29d09f544edf,gx-no-cache=1503341742278 HTTP/1.1" 200 48
186.67.172.234 - - [21/Aug/2017:15:55:57 -0300] "POST /cormun/servlet/permisogoce?510fa67ed3f3d18b84d3f536fac3ac8f,INS,0,,,,gx-no-cache=1503341745339 HTTP/1.1" 200 93
186.67.172.234 - - [21/Aug/2017:15:55:57 -0300] "GET /cormun/servlet/hpexe_return? HTTP/1.1" 200 1007
186.67.172.234 - - [21/Aug/2017:15:55:57 -0300] "GET /cormun/servlet/trpermisosgoce HTTP/1.1" 200 14310
186.67.172.234 - - [21/Aug/2017:15:55:58 -0300] "GET /cormun/servlet/trpermisosgoce HTTP/1.1" 200 14297
186.67.172.234 - - [21/Aug/2017:15:56:02 -0300] "GET /cormun/servlet/trpermisosadjuntos?8997537,20170821155505,P, HTTP/1.1" 200 6364
186.67.172.234 - - [21/Aug/2017:15:56:02 -0300] "GET /cormun/servlet/trpermisosadjuntos?8997537,20170821155505,P, HTTP/1.1" 200 6364
186.67.172.234 - - [21/Aug/2017:15:56:05 -0300] "GET /cormun/servlet/permisosadjuntos?INS,8997537,P,20170821155505,, HTTP/1.1" 200 5688
186.67.172.234 - - [21/Aug/2017:15:56:05 -0300] "GET /cormun/static/about:blank HTTP/1.1" 404 1011
186.67.172.234 - - [21/Aug/2017:15:56:05 -0300] "GET /cormun/servlet/permisosadjuntos?INS,8997537,P,20170821155505,, HTTP/1.1" 200 5678
186.67.172.234 - - [21/Aug/2017:15:56:10 -0300] "POST /cormun/servlet/permisosadjuntos?510fa67ed3f3d18b84d3f536fac3ac8f,INS,8997537,P,20170821155505,, HTTP/1.1" 200 116
186.67.172.234 - - [21/Aug/2017:15:56:10 -0300] "GET /cormun/servlet/hpexe_return? HTTP/1.1" 200 1034
186.67.172.234 - - [21/Aug/2017:15:56:10 -0300] "GET /cormun/servlet/trpermisosadjuntos?8997537,20170821155505,P, HTTP/1.1" 200 6845
186.67.172.234 - - [21/Aug/2017:15:56:11 -0300] "GET /cormun/servlet/trpermisosadjuntos?8997537,20170821155505,P, HTTP/1.1" 200 6841
186.103.158.250 - - [21/Aug/2017:15:56:30 -0300] "GET /cormun/servlet/licenciaspermisos?34b3274732f25f551b5439c00a26fad4c195dd2ae523cc380bba4c83f0882cc04046431e083d1ff4d804a5016239e336bc7698bc0b68f87b46ef0e720e2f87c653f0238e0d1c1829833fa33b58121568d3d6ab50ea8f2a9a976937eaca3798441e5f04b30e99c2be39c04f9b0a1a03d533dac5d3a7c8a0aeda6ae552f6aa01cf919d4da7eeae14075783ba6cab82c2523cc9204e63876728ef4c022a5356b1ddf60e26557056742e3fcc00eeaa168d35,gx-no-cache=1503345583434 HTTP/1.1" 200 30
186.103.158.250 - - [21/Aug/2017:15:56:30 -0300] "POST /cormun/servlet/licenciaspermisos?2c4cbe3509dcdf06286f1d925780c7c1,INS,0,,,,gx-no-cache=1503345583495 HTTP/1.1" 200 4621
186.67.172.234 - - [21/Aug/2017:15:56:53 -0300] "POST /cormun/servlet/trpermisosadjuntos?510fa67ed3f3d18b84d3f536fac3ac8f,8997537,20170821155505,P,,gx-no-cache=1503341801346 HTTP/1.1" 200 90
186.67.172.234 - - [21/Aug/2017:15:56:53 -0300] "GET /cormun/servlet/hpexe_link HTTP/1.1" 200 978
186.67.172.234 - - [21/Aug/2017:15:56:53 -0300] "GET /cormun/servlet/trpermisosgoce HTTP/1.1" 200 14307
186.67.172.234 - - [21/Aug/2017:15:56:54 -0300] "GET /cormun/servlet/trpermisosgoce HTTP/1.1" 200 14308
186.79.249.27 - - [21/Aug/2017:15:56:56 -0300] "POST /cormun/servlet/trcontratounov2?4e95ca998df8e6a28dbc18ef4fc5a0c1,,gx-no-cache=1503341853197 HTTP/1.1" 200 17701
186.103.158.250 - - [21/Aug/2017:15:56:57 -0300] "GET /cormun/servlet/licenciaspermisos?34b3274732f25f551b5439c00a26fad481ec9a132de056603729205653a951a49c4d29bea0a2aa7895acbdbf17d3133ae61b6d84ba3dabf3b6c5c0262777726c7177bc016db303022cadfde9697b0b59212f8cb1702cd8ab037ba51bde8e88dc27a305464fbde2a549d33b9ddf2c5ef5a491b3beacb1def7f788f37ba7d39b91072617cf3a53e6ae2899c78b380c8fff2ec3c2bb73a2685c3987db7c3c67426749c084524948228e5b368e34c605c7b98b53d8bc82153d52411e80fff3211b11ce94fcdf9fad31f9f6fc81bc10cc66e419e073ced2cd63a2fc4801a1b1773267a989d7ae51beb078417ad114f1e72e50,gx-no-cache=1503345610592 HTTP/1.1" 200 65
186.103.158.250 - - [21/Aug/2017:15:56:57 -0300] "POST /cormun/servlet/licenciaspermisos?2c4cbe3509dcdf06286f1d925780c7c1,INS,0,,,,gx-no-cache=1503345610786 HTTP/1.1" 200 93
186.103.158.250 - - [21/Aug/2017:15:56:57 -0300] "GET /cormun/servlet/hpexe_return? HTTP/1.1" 200 1004
186.79.249.27 - - [21/Aug/2017:15:56:58 -0300] "GET /cormun/static/Resources/PXToolsGridFirst.gif HTTP/1.1" 200 379
186.67.172.234 - - [21/Aug/2017:15:56:58 -0300] "POST /cormun/servlet/trpermisosgoce?510fa67ed3f3d18b84d3f536fac3ac8f,gx-no-cache=1503341805488 HTTP/1.1" 200 11502
186.79.249.27 - - [21/Aug/2017:15:56:58 -0300] "GET /cormun/static/Resources/PXToolsGridPrevious.gif HTTP/1.1" 200 369
186.79.249.27 - - [21/Aug/2017:15:56:58 -0300] "GET /cormun/static/Resources/PXToolsGridNext.gif HTTP/1.1" 200 369
186.79.249.27 - - [21/Aug/2017:15:56:58 -0300] "GET /cormun/static/Resources/PXToolsGridLast.gif HTTP/1.1" 200 370
186.67.172.234 - - [21/Aug/2017:15:56:58 -0300] "GET /cormun/static/Shared/jqueryui/images/ui-bg_highlight-soft_100_c6c2c8_1x100.png HTTP/1.1" 404 1117
186.67.172.234 - - [21/Aug/2017:15:56:58 -0300] "GET /cormun/static/Shared/jqueryui/images/ui-icons_82798d_256x240.png HTTP/1.1" 404 1089
186.67.172.234 - - [21/Aug/2017:15:56:58 -0300] "GET /cormun/static/Shared/jqueryui/images/ui-bg_flat_55_fafafa_40x100.png HTTP/1.1" 404 1097
186.67.172.234 - - [21/Aug/2017:15:56:58 -0300] "GET /cormun/static/Shared/jqueryui/images/ui-icons_8d78a5_256x240.png HTTP/1.1" 404 1089
186.103.158.250 - - [21/Aug/2017:15:56:58 -0300] "GET /cormun/servlet/trlicencias HTTP/1.1" 200 9921
186.103.158.250 - - [21/Aug/2017:15:56:59 -0300] "GET /cormun/static/Resources/Spanish/PXTools.css?17315867 HTTP/1.1" 304 -
186.103.158.250 - - [21/Aug/2017:15:57:00 -0300] "GET /cormun/servlet/trlicencias HTTP/1.1" 200 9915
186.67.172.234 - - [21/Aug/2017:15:57:01 -0300] "POST /cormun/servlet/trpermisosgoce?510fa67ed3f3d18b84d3f536fac3ac8f,gx-no-cache=1503341809019 HTTP/1.1" 200 11454
186.67.172.234 - - [21/Aug/2017:15:57:03 -0300] "POST /cormun/servlet/trpermisosgoce?510fa67ed3f3d18b84d3f536fac3ac8f,gx-no-cache=1503341811019 HTTP/1.1" 200 11421
186.103.158.250 - - [21/Aug/2017:15:57:06 -0300] "GET /cormun/servlet/trlicenciaspermisosadjuntos?16223503,20170821000000,L, HTTP/1.1" 200 6146
186.103.158.250 - - [21/Aug/2017:15:57:06 -0300] "GET /cormun/static/Resources/Spanish/PXTools.css?1155365 HTTP/1.1" 304 -
186.67.172.234 - - [21/Aug/2017:15:57:07 -0300] "GET /cormun/servlet/trautorizarpermisogoce? HTTP/1.1" 200 8231
186.67.172.234 - - [21/Aug/2017:15:57:07 -0300] "GET /cormun/static/gxcfg.js?20176272062650 HTTP/1.1" 200 953
186.67.172.234 - - [21/Aug/2017:15:57:07 -0300] "GET /cormun/static/trautorizarpermisogoce.js?2017627206316 HTTP/1.1" 200 34948
186.103.158.250 - - [21/Aug/2017:15:57:07 -0300] "GET /cormun/servlet/trlicenciaspermisosadjuntos?16223503,20170821000000,L, HTTP/1.1" 200 6147
186.67.172.234 - - [21/Aug/2017:15:57:08 -0300] "GET /cormun/servlet/trautorizarpermisogoce? HTTP/1.1" 200 8231
186.67.172.234 - - [21/Aug/2017:15:57:10 -0300] "POST /cormun/servlet/trautorizarpermisogoce?510fa67ed3f3d18b84d3f536fac3ac8f,,gx-no-cache=1503341818170 HTTP/1.1" 200 5215
186.67.172.234 - - [21/Aug/2017:15:57:10 -0300] "GET /cormun/static/Shared/jqueryui/images/ui-bg_highlight-soft_100_c6c2c8_1x100.png HTTP/1.1" 404 1117
186.67.172.234 - - [21/Aug/2017:15:57:10 -0300] "GET /cormun/static/Shared/jqueryui/images/ui-bg_flat_55_fafafa_40x100.png HTTP/1.1" 404 1097
186.67.172.234 - - [21/Aug/2017:15:57:10 -0300] "GET /cormun/static/Shared/jqueryui/images/ui-icons_8d78a5_256x240.png HTTP/1.1" 404 1089
186.67.172.234 - - [21/Aug/2017:15:57:10 -0300] "GET /cormun/static/Shared/jqueryui/images/ui-icons_82798d_256x240.png HTTP/1.1" 404 1089
186.67.172.234 - - [21/Aug/2017:15:57:11 -0300] "POST /cormun/servlet/trautorizarpermisogoce?510fa67ed3f3d18b84d3f536fac3ac8f,,gx-no-cache=1503341819096 HTTP/1.1" 200 4957
186.67.172.234 - - [21/Aug/2017:15:57:11 -0300] "POST /cormun/servlet/trautorizarpermisogoce?510fa67ed3f3d18b84d3f536fac3ac8f,,gx-no-cache=1503341819896 HTTP/1.1" 200 4197
186.103.158.250 - - [21/Aug/2017:15:57:14 -0300] "GET /cormun/servlet/licenciaspermisosadjuntos?INS,16223503,L,20170821000000,, HTTP/1.1" 200 5440
186.103.158.250 - - [21/Aug/2017:15:57:14 -0300] "GET /cormun/static/about:blank HTTP/1.1" 404 1011
186.103.158.250 - - [21/Aug/2017:15:57:15 -0300] "GET /cormun/servlet/licenciaspermisosadjuntos?INS,16223503,L,20170821000000,, HTTP/1.1" 200 5429
186.103.158.250 - - [21/Aug/2017:15:57:43 -0300] "POST /cormun/servlet/licenciaspermisosadjuntos?2c4cbe3509dcdf06286f1d925780c7c1,INS,16223503,L,20170821000000,, HTTP/1.1" 200 116
186.103.158.250 - - [21/Aug/2017:15:57:43 -0300] "GET /cormun/servlet/hpexe_return? HTTP/1.1" 200 1035
186.103.158.250 - - [21/Aug/2017:15:57:43 -0300] "GET /cormun/servlet/trlicenciaspermisosadjuntos?16223503,20170821000000,L, HTTP/1.1" 200 6621
186.103.158.250 - - [21/Aug/2017:15:57:45 -0300] "GET /cormun/servlet/trlicenciaspermisosadjuntos?16223503,20170821000000,L, HTTP/1.1" 200 6619
186.79.249.27 - - [21/Aug/2017:15:57:48 -0300] "POST /cormun/servlet/trcontratounov2?4e95ca998df8e6a28dbc18ef4fc5a0c1,,gx-no-cache=1503341906564 HTTP/1.1" 200 17488
186.103.158.250 - - [21/Aug/2017:15:58:07 -0300] "GET /cormun/servlet/licenciaspermisosadjuntos?INS,16223503,L,20170821000000,, HTTP/1.1" 200 5440
186.103.158.250 - - [21/Aug/2017:15:58:08 -0300] "GET /cormun/servlet/licenciaspermisosadjuntos?INS,16223503,L,20170821000000,, HTTP/1.1" 200 5431
186.103.158.250 - - [21/Aug/2017:15:58:11 -0300] "POST /cormun/servlet/licenciaspermisosadjuntos?2c4cbe3509dcdf06286f1d925780c7c1,INS,16223503,L,20170821000000,,,gx-no-cache=1503345685132 HTTP/1.1" 200 93
186.103.158.250 - - [21/Aug/2017:15:58:11 -0300] "GET /cormun/servlet/hpexe_return? HTTP/1.1" 200 1035
186.103.158.250 - - [21/Aug/2017:15:58:12 -0300] "GET /cormun/servlet/trlicenciaspermisosadjuntos?16223503,20170821000000,L, HTTP/1.1" 200 6622
186.103.158.250 - - [21/Aug/2017:15:58:13 -0300] "GET /cormun/servlet/trlicenciaspermisosadjuntos?16223503,20170821000000,L, HTTP/1.1" 200 6618
200.112.49.18 - - [21/Aug/2017:15:58:13 -0300] "GET /cormun/servlet/trpermisosgoce? HTTP/1.1" 200 6071
186.103.158.250 - - [21/Aug/2017:15:58:17 -0300] "GET /cormun/servlet/licenciaspermisosadjuntos?INS,16223503,L,20170821000000,, HTTP/1.1" 200 5441
200.112.49.18 - - [21/Aug/2017:15:58:18 -0300] "GET /cormun/servlet/trpermisosgoce? HTTP/1.1" 200 6071
200.112.49.18 - - [21/Aug/2017:15:58:18 -0300] "GET /cormun/servlet/hlogin HTTP/1.1" 200 1743
186.103.158.250 - - [21/Aug/2017:15:58:18 -0300] "GET /cormun/static/about:blank HTTP/1.1" 404 1011
186.103.158.250 - - [21/Aug/2017:15:58:18 -0300] "GET /cormun/servlet/licenciaspermisosadjuntos?INS,16223503,L,20170821000000,, HTTP/1.1" 200 5432
186.103.158.250 - - [21/Aug/2017:15:58:22 -0300] "POST /cormun/servlet/licenciaspermisosadjuntos?2c4cbe3509dcdf06286f1d925780c7c1,INS,16223503,L,20170821000000,,,gx-no-cache=1503345695376 HTTP/1.1" 200 93
186.103.158.250 - - [21/Aug/2017:15:58:22 -0300] "GET /cormun/servlet/hpexe_return? HTTP/1.1" 200 1035
186.103.158.250 - - [21/Aug/2017:15:58:22 -0300] "GET /cormun/servlet/trlicenciaspermisosadjuntos?16223503,20170821000000,L, HTTP/1.1" 200 6622
186.103.158.250 - - [21/Aug/2017:15:58:23 -0300] "GET /cormun/servlet/trlicenciaspermisosadjuntos?16223503,20170821000000,L, HTTP/1.1" 200 6618
200.112.49.18 - - [21/Aug/2017:15:58:27 -0300] "POST /cormun/servlet/hlogin?b5b28aa763472c0878f4b2e2c671096b,gx-no-cache=1503341948265 HTTP/1.1" 200 90
200.112.49.18 - - [21/Aug/2017:15:58:27 -0300] "GET /cormun/servlet/hpexe_link HTTP/1.1" 200 958
200.112.49.18 - - [21/Aug/2017:15:58:27 -0300] "GET /cormun/servlet/trpermisosgoce HTTP/1.1" 200 11877
186.103.158.250 - - [21/Aug/2017:15:58:27 -0300] "GET /cormun/servlet/licenciaspermisosadjuntos?INS,16223503,L,20170821000000,, HTTP/1.1" 200 5441
200.112.49.18 - - [21/Aug/2017:15:58:28 -0300] "GET /cormun/servlet/trpermisosgoce HTTP/1.1" 200 11882
186.103.158.250 - - [21/Aug/2017:15:58:28 -0300] "GET /cormun/servlet/licenciaspermisosadjuntos?INS,16223503,L,20170821000000,, HTTP/1.1" 200 5427
200.112.49.18 - - [21/Aug/2017:15:58:33 -0300] "GET /cormun/servlet/trpermisosgoce? HTTP/1.1" 200 11875
186.103.158.250 - - [21/Aug/2017:15:58:33 -0300] "POST /cormun/servlet/licenciaspermisosadjuntos?2c4cbe3509dcdf06286f1d925780c7c1,INS,16223503,L,20170821000000,,,gx-no-cache=1503345707008 HTTP/1.1" 200 93
186.103.158.250 - - [21/Aug/2017:15:58:33 -0300] "GET /cormun/servlet/hpexe_return? HTTP/1.1" 200 1035
200.112.49.18 - - [21/Aug/2017:15:58:33 -0300] "GET /cormun/servlet/trpermisosgoce? HTTP/1.1" 200 11876
186.103.158.250 - - [21/Aug/2017:15:58:34 -0300] "GET /cormun/servlet/trlicenciaspermisosadjuntos?16223503,20170821000000,L, HTTP/1.1" 200 6622
186.103.158.250 - - [21/Aug/2017:15:58:35 -0300] "GET /cormun/servlet/trlicenciaspermisosadjuntos?16223503,20170821000000,L, HTTP/1.1" 200 6617
200.112.49.18 - - [21/Aug/2017:15:58:36 -0300] "GET /cormun/servlet/permisogoce?INS,0,,, HTTP/1.1" 200 6894
200.112.49.18 - - [21/Aug/2017:15:58:36 -0300] "GET /cormun/servlet/permisogoce?INS,0,,, HTTP/1.1" 200 6894
200.112.49.18 - - [21/Aug/2017:15:58:39 -0300] "GET /cormun/servlet/prfichaempleado?,MD,,gxPopupLevel%3D0%3B HTTP/1.1" 200 9351
186.103.158.250 - - [21/Aug/2017:15:58:40 -0300] "GET /cormun/servlet/licenciaspermisosadjuntos?INS,16223503,L,20170821000000,, HTTP/1.1" 200 5440
186.103.158.250 - - [21/Aug/2017:15:58:41 -0300] "GET /cormun/servlet/licenciaspermisosadjuntos?INS,16223503,L,20170821000000,, HTTP/1.1" 200 5429
186.103.158.250 - - [21/Aug/2017:15:58:42 -0300] "GET /cormun/servlet/trlicenciaspermisosadjuntos?16223503,20170821000000,L, HTTP/1.1" 200 6621
186.103.158.250 - - [21/Aug/2017:15:58:43 -0300] "GET /cormun/servlet/trlicenciaspermisosadjuntos?16223503,20170821000000,L, HTTP/1.1" 200 6618
186.103.158.250 - - [21/Aug/2017:15:58:44 -0300] "GET /cormun/servlet/licenciaspermisosadjuntos?INS,16223503,L,20170821000000,, HTTP/1.1" 200 5440
186.103.158.250 - - [21/Aug/2017:15:58:45 -0300] "GET /cormun/servlet/licenciaspermisosadjuntos?INS,16223503,L,20170821000000,, HTTP/1.1" 200 5430
200.112.49.18 - - [21/Aug/2017:15:58:46 -0300] "POST /cormun/servlet/prfichaempleado?b5b28aa763472c0878f4b2e2c671096b,,MD,,gxPopupLevel%3D0%3B,gx-no-cache=1503341966834 HTTP/1.1" 200 3540
186.103.158.250 - - [21/Aug/2017:15:58:47 -0300] "GET /cormun/servlet/trlicenciaspermisosadjuntos?16223503,20170821000000,L, HTTP/1.1" 200 6617
186.103.158.250 - - [21/Aug/2017:15:58:48 -0300] "GET /cormun/servlet/trlicenciaspermisosadjuntos?16223503,20170821000000,L, HTTP/1.1" 200 6618
186.79.249.27 - - [21/Aug/2017:15:58:49 -0300] "POST /cormun/servlet/trcontratounov2?4e95ca998df8e6a28dbc18ef4fc5a0c1,,gx-no-cache=1503341952571 HTTP/1.1" 200 17702
200.112.49.18 - - [21/Aug/2017:15:58:50 -0300] "GET /cormun/servlet/permisogoce?c6482bee1eb0ba7b648703b44c759d6f57c5b76ff2070c02cad979cef5ed558767266019da17a522a6f86544656222a14a3d2a6ade543fecd4f141534b1e9af6,gx-no-cache=1503341971104 HTTP/1.1" 200 72
186.103.158.250 - - [21/Aug/2017:15:58:52 -0300] "GET /cormun/servlet/trlicencias? HTTP/1.1" 200 9916
40.77.167.1 - - [21/Aug/2017:15:58:53 -0300] "GET /cormun/servlet/treventos?2017,6363,_escaped_fragment_%3D&_escaped_fragment_= HTTP/1.1" 200 5137
186.103.158.250 - - [21/Aug/2017:15:58:53 -0300] "GET /cormun/servlet/trlicencias? HTTP/1.1" 200 9924
200.112.49.18 - - [21/Aug/2017:15:58:57 -0300] "GET /cormun/servlet/permisogoce?c6482bee1eb0ba7b648703b44c759d6f258cdc06c8218aaf2d72b5acb39bac8ffbf19a347ea591d447f858d2c96bb5fd08e48790dec4dfcfb82087d3d5aaae02,gx-no-cache=1503341978997 HTTP/1.1" 200 47
186.103.158.250 - - [21/Aug/2017:15:59:00 -0300] "GET /cormun/servlet/alicenciaprn?16223503,L,20170821000000,PU HTTP/1.1" 200 1598
186.79.249.27 - - [21/Aug/2017:15:59:06 -0300] "POST /cormun/servlet/trcontratounov2?4e95ca998df8e6a28dbc18ef4fc5a0c1,,gx-no-cache=1503341983387 HTTP/1.1" 200 11524
200.112.49.18 - - [21/Aug/2017:15:59:09 -0300] "POST /cormun/servlet/permisogoce?b5b28aa763472c0878f4b2e2c671096b,INS,0,,,,gx-no-cache=1503341990052 HTTP/1.1" 200 93
200.112.49.18 - - [21/Aug/2017:15:59:09 -0300] "GET /cormun/servlet/hpexe_return? HTTP/1.1" 200 1013
200.112.49.18 - - [21/Aug/2017:15:59:10 -0300] "GET /cormun/servlet/trpermisosgoce HTTP/1.1" 200 12158
200.112.49.18 - - [21/Aug/2017:15:59:10 -0300] "GET /cormun/servlet/trpermisosgoce HTTP/1.1" 200 12164
186.79.249.27 - - [21/Aug/2017:16:00:43 -0300] "POST /cormun/servlet/trcontratounov2?4e95ca998df8e6a28dbc18ef4fc5a0c1,,gx-no-cache=1503342078895 HTTP/1.1" 200 16531
200.112.49.18 - - [21/Aug/2017:16:01:00 -0300] "GET /cormun/servlet/trpermisosadjuntos?13720781,20170821155807,P, HTTP/1.1" 200 6365
200.112.49.18 - - [21/Aug/2017:16:01:00 -0300] "GET /cormun/servlet/trpermisosadjuntos?13720781,20170821155807,P, HTTP/1.1" 200 6366
200.112.49.18 - - [21/Aug/2017:16:01:02 -0300] "GET /cormun/servlet/permisosadjuntos?INS,13720781,P,20170821155807,, HTTP/1.1" 200 5691
200.112.49.18 - - [21/Aug/2017:16:01:02 -0300] "GET /cormun/static/about:blank HTTP/1.1" 404 1011
200.112.49.18 - - [21/Aug/2017:16:01:02 -0300] "GET /cormun/servlet/permisosadjuntos?INS,13720781,P,20170821155807,, HTTP/1.1" 200 5681
200.112.49.18 - - [21/Aug/2017:16:01:04 -0300] "POST /cormun/servlet/permisosadjuntos?b5b28aa763472c0878f4b2e2c671096b,INS,13720781,P,20170821155807,,,gx-no-cache=1503342105324 HTTP/1.1" 200 93
200.112.49.18 - - [21/Aug/2017:16:01:05 -0300] "GET /cormun/servlet/hpexe_return? HTTP/1.1" 200 1039
200.112.49.18 - - [21/Aug/2017:16:01:05 -0300] "GET /cormun/servlet/trpermisosadjuntos?13720781,20170821155807,P, HTTP/1.1" 200 6704
200.112.49.18 - - [21/Aug/2017:16:01:06 -0300] "GET /cormun/servlet/trpermisosadjuntos?13720781,20170821155807,P, HTTP/1.1" 200 6700
200.112.49.18 - - [21/Aug/2017:16:01:09 -0300] "GET /cormun/servlet/permisosadjuntos?INS,13720781,P,20170821155807,, HTTP/1.1" 200 5690
200.112.49.18 - - [21/Aug/2017:16:01:09 -0300] "GET /cormun/static/about:blank HTTP/1.1" 404 1011
200.112.49.18 - - [21/Aug/2017:16:01:09 -0300] "GET /cormun/servlet/permisosadjuntos?INS,13720781,P,20170821155807,, HTTP/1.1" 200 5681
186.79.249.27 - - [21/Aug/2017:16:01:22 -0300] "POST /cormun/servlet/trcontratounov2?4e95ca998df8e6a28dbc18ef4fc5a0c1,,gx-no-cache=1503342118007 HTTP/1.1" 200 17497
192.168.10.96 - - [21/Aug/2017:16:01:44 -0300] "GET /cormun/servlet/trconsultaempleado? HTTP/1.1" 200 5395
192.168.10.96 - - [21/Aug/2017:16:01:44 -0300] "GET /cormun/static/gxcfg.js?201762717543265 HTTP/1.1" 304 -
192.168.10.96 - - [21/Aug/2017:16:01:44 -0300] "GET /cormun/static/trconsultaempleado.js?201762717543549 HTTP/1.1" 304 -
192.168.10.96 - - [21/Aug/2017:16:01:45 -0300] "GET /cormun/servlet/hlogin HTTP/1.1" 200 1740
192.168.10.96 - - [21/Aug/2017:16:01:45 -0300] "GET /cormun/servlet/trconsultaempleado? HTTP/1.1" 200 5395
192.168.10.96 - - [21/Aug/2017:16:01:58 -0300] "POST /cormun/servlet/hlogin?43d61588d83cd664dfc6a1d4062c32af,gx-no-cache=1503342088855 HTTP/1.1" 200 90
192.168.10.96 - - [21/Aug/2017:16:01:58 -0300] "GET /cormun/servlet/hpexe_link HTTP/1.1" 200 959
192.168.10.96 - - [21/Aug/2017:16:01:58 -0300] "GET /cormun/servlet/trconsultaempleado HTTP/1.1" 200 10035
192.168.10.96 - - [21/Aug/2017:16:01:59 -0300] "GET /cormun/servlet/trconsultaempleado HTTP/1.1" 200 10034
186.79.249.27 - - [21/Aug/2017:16:02:32 -0300] "POST /cormun/servlet/trcontratounov2?4e95ca998df8e6a28dbc18ef4fc5a0c1,,gx-no-cache=1503342190419 HTTP/1.1" 200 17699
192.168.10.96 - - [21/Aug/2017:16:02:43 -0300] "GET /cormun/servlet/trsolicitudgral? HTTP/1.1" 200 28519
192.168.10.96 - - [21/Aug/2017:16:02:44 -0300] "GET /cormun/servlet/trsolicitudgral? HTTP/1.1" 200 28519
186.79.249.27 - - [21/Aug/2017:16:02:59 -0300] "POST /cormun/servlet/trcontratounov2?4e95ca998df8e6a28dbc18ef4fc5a0c1,,gx-no-cache=1503342217950 HTTP/1.1" 200 17347
186.79.249.27 - - [21/Aug/2017:16:03:08 -0300] "POST /cormun/servlet/trcontratounov2?4e95ca998df8e6a28dbc18ef4fc5a0c1,,gx-no-cache=1503342226548 HTTP/1.1" 200 17477
186.103.159.204 - - [21/Aug/2017:16:03:15 -0300] "GET /cormun/servlet/hlogin HTTP/1.1" 200 1724
192.168.10.96 - - [21/Aug/2017:16:03:21 -0300] "POST /cormun/servlet/trsolicitudgral?43d61588d83cd664dfc6a1d4062c32af,,gx-no-cache=1503342172487 HTTP/1.1" 200 8332
192.168.10.96 - - [21/Aug/2017:16:03:29 -0300] "POST /cormun/servlet/trsolicitudgral?43d61588d83cd664dfc6a1d4062c32af,,gx-no-cache=1503342180138 HTTP/1.1" 200 5761
192.168.10.96 - - [21/Aug/2017:16:03:32 -0300] "POST /cormun/servlet/trsolicitudgral?43d61588d83cd664dfc6a1d4062c32af,,gx-no-cache=1503342183345 HTTP/1.1" 200 8949
186.79.249.27 - - [21/Aug/2017:16:03:43 -0300] "POST /cormun/servlet/trcontratounov2?4e95ca998df8e6a28dbc18ef4fc5a0c1,,gx-no-cache=1503342254219 HTTP/1.1" 200 11537
186.79.249.27 - - [21/Aug/2017:16:04:09 -0300] "POST /cormun/servlet/trcontratounov2?4e95ca998df8e6a28dbc18ef4fc5a0c1,,gx-no-cache=1503342288153 HTTP/1.1" 200 16281
200.112.49.18 - - [21/Aug/2017:16:04:25 -0300] "POST /cormun/servlet/permisosadjuntos?b5b28aa763472c0878f4b2e2c671096b,INS,13720781,P,20170821155807,, HTTP/1.1" 200 116
200.112.49.18 - - [21/Aug/2017:16:04:25 -0300] "GET /cormun/servlet/hpexe_return? HTTP/1.1" 200 1039
200.112.49.18 - - [21/Aug/2017:16:04:27 -0300] "GET /cormun/servlet/trpermisosadjuntos?13720781,20170821155807,P, HTTP/1.1" 200 6923
200.112.49.18 - - [21/Aug/2017:16:04:28 -0300] "GET /cormun/servlet/trpermisosadjuntos?13720781,20170821155807,P, HTTP/1.1" 200 6920
200.112.49.18 - - [21/Aug/2017:16:05:05 -0300] "GET /cormun/servlet/permisosadjuntos?DLT,13720781,P,20170821155807,20170821160033, HTTP/1.1" 200 5648
200.112.49.18 - - [21/Aug/2017:16:05:05 -0300] "GET /cormun/static/about:blank HTTP/1.1" 404 1011
200.112.49.18 - - [21/Aug/2017:16:05:06 -0300] "GET /cormun/static/Shared/jqueryui/images/ui-bg_highlight-soft_100_c6c2c8_1x100.png HTTP/1.1" 404 1117
200.112.49.18 - - [21/Aug/2017:16:05:06 -0300] "GET /cormun/static/Shared/jqueryui/images/ui-icons_82798d_256x240.png HTTP/1.1" 404 1089
200.112.49.18 - - [21/Aug/2017:16:05:06 -0300] "GET /cormun/static/Shared/jqueryui/images/ui-bg_flat_55_fafafa_40x100.png HTTP/1.1" 404 1097
200.112.49.18 - - [21/Aug/2017:16:05:06 -0300] "GET /cormun/static/Shared/jqueryui/images/ui-icons_8d78a5_256x240.png HTTP/1.1" 404 1089
200.112.49.18 - - [21/Aug/2017:16:05:06 -0300] "GET /cormun/servlet/permisosadjuntos?DLT,13720781,P,20170821155807,20170821160033, HTTP/1.1" 200 5638
200.112.49.18 - - [21/Aug/2017:16:05:08 -0300] "POST /cormun/servlet/permisosadjuntos?b5b28aa763472c0878f4b2e2c671096b,DLT,13720781,P,20170821155807,20170821160033,,gx-no-cache=1503342348986 HTTP/1.1" 200 93
200.112.49.18 - - [21/Aug/2017:16:05:08 -0300] "GET /cormun/servlet/hpexe_return? HTTP/1.1" 200 1045
200.112.49.18 - - [21/Aug/2017:16:05:09 -0300] "GET /cormun/servlet/trpermisosadjuntos?13720781,20170821155807,P, HTTP/1.1" 200 6842
200.112.49.18 - - [21/Aug/2017:16:05:11 -0300] "GET /cormun/servlet/trpermisosadjuntos?13720781,20170821155807,P, HTTP/1.1" 200 6839
200.112.49.18 - - [21/Aug/2017:16:05:12 -0300] "POST /cormun/servlet/trpermisosadjuntos?b5b28aa763472c0878f4b2e2c671096b,13720781,20170821155807,P,,gx-no-cache=1503342353149 HTTP/1.1" 200 90
200.112.49.18 - - [21/Aug/2017:16:05:12 -0300] "GET /cormun/servlet/hpexe_link HTTP/1.1" 200 983
200.112.49.18 - - [21/Aug/2017:16:05:12 -0300] "GET /cormun/servlet/trpermisosgoce HTTP/1.1" 200 12152
200.112.49.18 - - [21/Aug/2017:16:05:13 -0300] "GET /cormun/servlet/trpermisosgoce HTTP/1.1" 200 12160
186.79.249.27 - - [21/Aug/2017:16:05:20 -0300] "POST /cormun/servlet/trcontratounov2?4e95ca998df8e6a28dbc18ef4fc5a0c1,,gx-no-cache=1503342359662 HTTP/1.1" 200 11543
200.112.49.18 - - [21/Aug/2017:16:05:22 -0300] "POST /cormun/servlet/trpermisosgoce?b5b28aa763472c0878f4b2e2c671096b,gx-no-cache=1503342362441 HTTP/1.1" 200 9135
186.79.249.27 - - [21/Aug/2017:16:05:29 -0300] "POST /cormun/servlet/trcontratounov2?4e95ca998df8e6a28dbc18ef4fc5a0c1,,gx-no-cache=1503342368405 HTTP/1.1" 200 16526
200.112.49.18 - - [21/Aug/2017:16:05:41 -0300] "GET /cormun/servlet/permisogoce?INS,0,,, HTTP/1.1" 200 6895
200.112.49.18 - - [21/Aug/2017:16:05:42 -0300] "GET /cormun/servlet/permisogoce?INS,0,,, HTTP/1.1" 200 6895
186.79.249.27 - - [21/Aug/2017:16:05:42 -0300] "POST /cormun/servlet/trcontratounov2?4e95ca998df8e6a28dbc18ef4fc5a0c1,,gx-no-cache=1503342381701 HTTP/1.1" 200 17493
200.112.49.18 - - [21/Aug/2017:16:05:44 -0300] "GET /cormun/servlet/prfichaempleado?,MD,,gxPopupLevel%3D0%3B HTTP/1.1" 200 9351
200.112.49.18 - - [21/Aug/2017:16:06:29 -0300] "POST /cormun/servlet/prfichaempleado?b5b28aa763472c0878f4b2e2c671096b,,MD,,gxPopupLevel%3D0%3B,gx-no-cache=1503342429807 HTTP/1.1" 200 4095
200.112.49.18 - - [21/Aug/2017:16:06:34 -0300] "GET /cormun/servlet/permisogoce?c6482bee1eb0ba7b648703b44c759d6f04ecc084b99a864631da07d25a33ce0367266019da17a522a6f86544656222a14a3d2a6ade543fecd4f141534b1e9af6,gx-no-cache=1503342436042 HTTP/1.1" 200 83
200.112.49.18 - - [21/Aug/2017:16:06:41 -0300] "GET /cormun/servlet/permisogoce?c6482bee1eb0ba7b648703b44c759d6fb6d35b1aae7fa88e8d5c5936e4f0044b86971444fecc9d7df6832d9d7b6fb7df08e48790dec4dfcfb82087d3d5aaae02,gx-no-cache=1503342442663 HTTP/1.1" 200 47
200.112.49.18 - - [21/Aug/2017:16:06:45 -0300] "POST /cormun/servlet/permisogoce?b5b28aa763472c0878f4b2e2c671096b,INS,0,,,,gx-no-cache=1503342445757 HTTP/1.1" 200 93
200.112.49.18 - - [21/Aug/2017:16:06:45 -0300] "GET /cormun/servlet/hpexe_return? HTTP/1.1" 200 1035
200.112.49.18 - - [21/Aug/2017:16:06:46 -0300] "GET /cormun/servlet/trpermisosgoce?gx-no-cache=1503342362441 HTTP/1.1" 200 12403
200.112.49.18 - - [21/Aug/2017:16:06:46 -0300] "GET /cormun/servlet/trpermisosgoce?gx-no-cache=1503342362441 HTTP/1.1" 200 12420
200.112.49.18 - - [21/Aug/2017:16:06:51 -0300] "GET /cormun/servlet/trpermisosadjuntos?16494415,20170821160512,P, HTTP/1.1" 200 6391
200.112.49.18 - - [21/Aug/2017:16:06:51 -0300] "GET /cormun/servlet/trpermisosadjuntos?16494415,20170821160512,P, HTTP/1.1" 200 6370
200.112.49.18 - - [21/Aug/2017:16:06:53 -0300] "GET /cormun/servlet/permisosadjuntos?INS,16494415,P,20170821160512,, HTTP/1.1" 200 5697
200.112.49.18 - - [21/Aug/2017:16:06:53 -0300] "GET /cormun/static/about:blank HTTP/1.1" 404 1011
200.112.49.18 - - [21/Aug/2017:16:06:54 -0300] "GET /cormun/servlet/permisosadjuntos?INS,16494415,P,20170821160512,, HTTP/1.1" 200 5687
192.168.10.96 - - [21/Aug/2017:16:06:58 -0300] "POST /cormun/servlet/trsolicitudgral?43d61588d83cd664dfc6a1d4062c32af,,gx-no-cache=1503342388614 HTTP/1.1" 200 5760
192.168.10.96 - - [21/Aug/2017:16:07:04 -0300] "POST /cormun/servlet/trsolicitudgral?43d61588d83cd664dfc6a1d4062c32af,,gx-no-cache=1503342395078 HTTP/1.1" 200 5761
192.168.10.96 - - [21/Aug/2017:16:07:07 -0300] "POST /cormun/servlet/trsolicitudgral?43d61588d83cd664dfc6a1d4062c32af,,gx-no-cache=1503342397853 HTTP/1.1" 200 5760
192.168.10.96 - - [21/Aug/2017:16:07:12 -0300] "POST /cormun/servlet/trsolicitudgral?43d61588d83cd664dfc6a1d4062c32af,,gx-no-cache=1503342403126 HTTP/1.1" 200 5758
192.168.10.96 - - [21/Aug/2017:16:07:15 -0300] "POST /cormun/servlet/trsolicitudgral?43d61588d83cd664dfc6a1d4062c32af,,gx-no-cache=1503342406326 HTTP/1.1" 200 10081
192.168.10.96 - - [21/Aug/2017:16:07:23 -0300] "POST /cormun/servlet/trsolicitudgral?43d61588d83cd664dfc6a1d4062c32af,,gx-no-cache=1503342414400 HTTP/1.1" 200 7107
186.79.249.27 - - [21/Aug/2017:16:07:24 -0300] "GET /cormun/servlet/trpermisosgoce? HTTP/1.1" 200 9598
186.79.249.27 - - [21/Aug/2017:16:07:24 -0300] "GET /cormun/static/gxcfg.js?20177612163875 HTTP/1.1" 200 953
186.79.249.27 - - [21/Aug/2017:16:07:24 -0300] "GET /cormun/static/trpermisosgoce.js?20177612164335 HTTP/1.1" 200 35904
186.79.249.27 - - [21/Aug/2017:16:07:26 -0300] "GET /cormun/servlet/trpermisosgoce? HTTP/1.1" 200 9598
186.79.249.27 - - [21/Aug/2017:16:07:34 -0300] "GET /cormun/servlet/trlicencias? HTTP/1.1" 200 12486
186.79.249.27 - - [21/Aug/2017:16:07:37 -0300] "GET /cormun/servlet/trlicencias? HTTP/1.1" 200 12489
186.79.249.27 - - [21/Aug/2017:16:07:42 -0300] "GET /cormun/servlet/trpermisosgoce? HTTP/1.1" 200 9610
186.79.249.27 - - [21/Aug/2017:16:07:43 -0300] "GET /cormun/servlet/trpermisosgoce? HTTP/1.1" 200 9601
186.79.249.27 - - [21/Aug/2017:16:07:50 -0300] "GET /cormun/servlet/permisogoce?INS,0,,, HTTP/1.1" 200 6898
186.79.249.27 - - [21/Aug/2017:16:07:50 -0300] "GET /cormun/static/gxcfg.js?201776126440 HTTP/1.1" 200 953
186.79.249.27 - - [21/Aug/2017:16:07:50 -0300] "GET /cormun/static/permisogoce.js?2017761264459 HTTP/1.1" 200 27897
186.79.249.27 - - [21/Aug/2017:16:07:52 -0300] "GET /cormun/servlet/permisogoce?INS,0,,, HTTP/1.1" 200 6898
186.79.249.27 - - [21/Aug/2017:16:08:01 -0300] "GET /cormun/servlet/permisogoce?318bcded2b0b04fbc7ca568efbdda75a81ce94104ad0b8f2fecead33a7e3f36bfeb13fd9769a867aacdb2536a7a774ba,gx-no-cache=1503342521383 HTTP/1.1" 200 87
186.79.249.27 - - [21/Aug/2017:16:08:01 -0300] "GET /cormun/static/menuarrow.gif HTTP/1.1" 404 1015
186.79.249.27 - - [21/Aug/2017:16:08:10 -0300] "GET /cormun/servlet/permisogoce?318bcded2b0b04fbc7ca568efbdda75a9d1de58fc5487b9cd040f51aad8af0425486ff89631f851e4fb2a7462c3eda3400577e3f723307c74e770c2a8dd1f0d9,gx-no-cache=1503342530319 HTTP/1.1" 200 48
186.79.249.27 - - [21/Aug/2017:16:08:22 -0300] "POST /cormun/servlet/permisogoce?4e95ca998df8e6a28dbc18ef4fc5a0c1,INS,0,,,,gx-no-cache=1503342542583 HTTP/1.1" 200 93
186.79.249.27 - - [21/Aug/2017:16:08:22 -0300] "GET /cormun/servlet/hpexe_return? HTTP/1.1" 200 1005
186.79.249.27 - - [21/Aug/2017:16:08:23 -0300] "GET /cormun/servlet/trpermisosgoce HTTP/1.1" 200 9928
186.79.249.27 - - [21/Aug/2017:16:08:24 -0300] "GET /cormun/servlet/trpermisosgoce HTTP/1.1" 200 9923
186.79.249.27 - - [21/Aug/2017:16:08:31 -0300] "GET /cormun/servlet/permisogoce?INS,0,,, HTTP/1.1" 200 6898
186.79.249.27 - - [21/Aug/2017:16:08:32 -0300] "GET /cormun/servlet/permisogoce?INS,0,,, HTTP/1.1" 200 6898
186.79.249.27 - - [21/Aug/2017:16:08:39 -0300] "GET /cormun/servlet/permisogoce?318bcded2b0b04fbc7ca568efbdda75a9a786073d130210f1adee2b7e9312091feb13fd9769a867aacdb2536a7a774ba,gx-no-cache=1503342559938 HTTP/1.1" 200 83
186.79.249.27 - - [21/Aug/2017:16:08:39 -0300] "GET /cormun/static/menuarrow.gif HTTP/1.1" 404 1015
186.79.249.27 - - [21/Aug/2017:16:08:47 -0300] "GET /cormun/servlet/permisogoce?318bcded2b0b04fbc7ca568efbdda75ab60be0138d02656123c66d70f4ec0b78047986035764199c5351676dfba0269900577e3f723307c74e770c2a8dd1f0d9,gx-no-cache=1503342567663 HTTP/1.1" 200 47
186.79.249.27 - - [21/Aug/2017:16:08:55 -0300] "POST /cormun/servlet/permisogoce?4e95ca998df8e6a28dbc18ef4fc5a0c1,INS,0,,,,gx-no-cache=1503342575012 HTTP/1.1" 200 93
186.79.249.27 - - [21/Aug/2017:16:08:55 -0300] "GET /cormun/servlet/hpexe_return? HTTP/1.1" 200 1005
186.79.249.27 - - [21/Aug/2017:16:08:56 -0300] "GET /cormun/servlet/trpermisosgoce HTTP/1.1" 200 10159
186.79.249.27 - - [21/Aug/2017:16:08:57 -0300] "GET /cormun/servlet/trpermisosgoce HTTP/1.1" 200 10158
186.79.249.27 - - [21/Aug/2017:16:09:00 -0300] "GET /cormun/servlet/permisogoce?INS,0,,, HTTP/1.1" 200 6898
186.79.249.27 - - [21/Aug/2017:16:09:01 -0300] "GET /cormun/servlet/permisogoce?INS,0,,, HTTP/1.1" 200 6897
186.79.249.27 - - [21/Aug/2017:16:09:07 -0300] "GET /cormun/servlet/permisogoce?318bcded2b0b04fbc7ca568efbdda75aa434f981a4921a0eb287e6a2efb20faafeb13fd9769a867aacdb2536a7a774ba,gx-no-cache=1503342587792 HTTP/1.1" 200 81
186.79.249.27 - - [21/Aug/2017:16:09:07 -0300] "GET /cormun/static/menuarrow.gif HTTP/1.1" 404 1015
186.79.249.27 - - [21/Aug/2017:16:09:14 -0300] "GET /cormun/servlet/permisogoce?318bcded2b0b04fbc7ca568efbdda75a45a1f4d11bc47b85e3bc5fcae0699ec83ebb74cd2cbdf93af9a405c1b8f5f5c400577e3f723307c74e770c2a8dd1f0d9,gx-no-cache=1503342594755 HTTP/1.1" 200 46
186.79.249.27 - - [21/Aug/2017:16:09:24 -0300] "POST /cormun/servlet/permisogoce?4e95ca998df8e6a28dbc18ef4fc5a0c1,INS,0,,,,gx-no-cache=1503342599317 HTTP/1.1" 200 93
186.79.249.27 - - [21/Aug/2017:16:09:24 -0300] "GET /cormun/servlet/hpexe_return? HTTP/1.1" 200 1005
186.79.249.27 - - [21/Aug/2017:16:09:27 -0300] "GET /cormun/servlet/trpermisosgoce HTTP/1.1" 200 10431
186.79.249.27 - - [21/Aug/2017:16:09:30 -0300] "GET /cormun/servlet/trpermisosgoce HTTP/1.1" 200 10427
186.79.249.27 - - [21/Aug/2017:16:09:32 -0300] "GET /cormun/servlet/permisogoce?INS,0,,, HTTP/1.1" 200 6898
186.79.249.27 - - [21/Aug/2017:16:09:35 -0300] "GET /cormun/servlet/permisogoce?INS,0,,, HTTP/1.1" 200 6899
186.79.249.27 - - [21/Aug/2017:16:09:41 -0300] "GET /cormun/servlet/permisogoce?318bcded2b0b04fbc7ca568efbdda75aaaddfc820ae51469c18070f9c6fdfb75bd2d0015f5e539f2e53a534066a840d382c8f6557181469746f970808a548d93,gx-no-cache=1503342621275 HTTP/1.1" 200 74
