186.79.101.133 - - [21/Aug/2017:08:46:34 -0300] "GET /cormun/servlet/hpexe_link HTTP/1.1" 200 946
186.79.101.133 - - [21/Aug/2017:08:46:34 -0300] "GET /cormun/static/gxcfg.js?20177612121792 HTTP/1.1" 304 -
186.79.101.133 - - [21/Aug/2017:08:46:34 -0300] "GET /cormun/static/Resources/Spanish/PXTools.css?1155365 HTTP/1.1" 304 -
186.79.101.133 - - [21/Aug/2017:08:46:34 -0300] "GET /cormun/static/hpexe_link.js?20177612121795 HTTP/1.1" 304 -
186.79.101.133 - - [21/Aug/2017:08:46:34 -0300] "GET /cormun/servlet/hhome HTTP/1.1" 200 3816
186.79.101.133 - - [21/Aug/2017:08:46:34 -0300] "GET /cormun/static/gxcfg.js?20175251212442 HTTP/1.1" 304 -
186.79.101.133 - - [21/Aug/2017:08:46:34 -0300] "GET /cormun/static/hpexe_recentlink.js?20177611595044 HTTP/1.1" 304 -
186.79.101.133 - - [21/Aug/2017:08:46:34 -0300] "GET /cormun/static/hhome.js?20175251212450 HTTP/1.1" 304 -
186.79.101.133 - - [21/Aug/2017:08:46:34 -0300] "GET /cormun/static/hwchdr01.js?201752511465785 HTTP/1.1" 304 -
186.79.101.133 - - [21/Aug/2017:08:46:34 -0300] "GET /cormun/static/hpexe_scripts.js?201752511465715 HTTP/1.1" 304 -
186.79.101.133 - - [21/Aug/2017:08:46:34 -0300] "GET /cormun/static/hpexe_messagecontroller.js?20177611595012 HTTP/1.1" 304 -
186.79.101.133 - - [21/Aug/2017:08:46:34 -0300] "GET /cormun/static/hpexe_messagepopupcomponent.js?20161017169425 HTTP/1.1" 304 -
186.79.101.133 - - [21/Aug/2017:08:46:34 -0300] "GET /cormun/static/cmcontrolpreferences.js?201752511465670 HTTP/1.1" 304 -
186.79.101.133 - - [21/Aug/2017:08:46:34 -0300] "GET /cormun/static/hpexe_messagegenexuscomponent.js?201752511465344 HTTP/1.1" 304 -
186.79.101.133 - - [21/Aug/2017:08:46:35 -0300] "GET /cormun/static/hmpwkw03.js?20177612122668 HTTP/1.1" 304 -
186.79.101.133 - - [21/Aug/2017:08:46:35 -0300] "GET /cormun/servlet/hhome HTTP/1.1" 200 3813
200.112.49.18 - - [21/Aug/2017:08:46:35 -0300] "GET /cormun/servlet/permisogoce?INS,0,,, HTTP/1.1" 200 6886
200.112.49.18 - - [21/Aug/2017:08:46:36 -0300] "GET /cormun/servlet/permisogoce?INS,0,,, HTTP/1.1" 200 6886
200.112.49.18 - - [21/Aug/2017:08:46:37 -0300] "GET /cormun/servlet/trpermisosgoce HTTP/1.1" 200 8872
200.112.49.18 - - [21/Aug/2017:08:46:38 -0300] "GET /cormun/servlet/trpermisosgoce HTTP/1.1" 200 8868
186.79.101.133 - - [21/Aug/2017:08:46:39 -0300] "GET /cormun/servlet/trsolicitudot? HTTP/1.1" 200 10321
186.79.101.133 - - [21/Aug/2017:08:46:39 -0300] "GET /cormun/servlet/trsolicitudot? HTTP/1.1" 200 10319
186.103.159.188 - - [21/Aug/2017:08:46:41 -0300] "GET /cormun/servlet/trlicencias? HTTP/1.1" 200 13439
186.103.159.188 - - [21/Aug/2017:08:46:42 -0300] "GET /cormun/servlet/trlicencias? HTTP/1.1" 200 13439
200.112.49.18 - - [21/Aug/2017:08:46:45 -0300] "POST /cormun/servlet/trpermisosgoce?11cba4e03a13c4bf4f1aacd29fa9dfc0,gx-no-cache=1503316045178 HTTP/1.1" 200 5491
186.103.159.188 - - [21/Aug/2017:08:46:45 -0300] "GET /cormun/servlet/licenciaspermisos?INS,0,,, HTTP/1.1" 200 7322
186.103.159.188 - - [21/Aug/2017:08:46:45 -0300] "GET /cormun/static/gxcfg.js?201762917281167 HTTP/1.1" 304 -
186.103.159.188 - - [21/Aug/2017:08:46:45 -0300] "GET /cormun/static/licenciaspermisos.js?201762917281260 HTTP/1.1" 304 -
186.103.159.188 - - [21/Aug/2017:08:46:45 -0300] "GET /cormun/servlet/licenciaspermisos?INS,0,,, HTTP/1.1" 200 7322
186.79.101.133 - - [21/Aug/2017:08:46:47 -0300] "POST /cormun/servlet/trsolicitudot?3755090dfc829c0bc841dc9c987172b4,,gx-no-cache=1503316047161 HTTP/1.1" 200 7481
186.79.101.133 - - [21/Aug/2017:08:46:47 -0300] "GET /cormun/static/Shared/jqueryui/images/ui-icons_82798d_256x240.png HTTP/1.1" 404 1089
186.79.101.133 - - [21/Aug/2017:08:46:47 -0300] "GET /cormun/static/Shared/jqueryui/images/ui-bg_highlight-soft_100_c6c2c8_1x100.png HTTP/1.1" 404 1117
186.79.101.133 - - [21/Aug/2017:08:46:47 -0300] "GET /cormun/static/Shared/jqueryui/images/ui-bg_flat_55_fafafa_40x100.png HTTP/1.1" 404 1097
186.79.101.133 - - [21/Aug/2017:08:46:47 -0300] "GET /cormun/static/Shared/jqueryui/images/ui-icons_8d78a5_256x240.png HTTP/1.1" 404 1089
186.79.101.133 - - [21/Aug/2017:08:46:48 -0300] "POST /cormun/servlet/trsolicitudot?3755090dfc829c0bc841dc9c987172b4,,gx-no-cache=1503316047927 HTTP/1.1" 200 7424
186.79.101.133 - - [21/Aug/2017:08:46:54 -0300] "POST /cormun/servlet/trsolicitudot?3755090dfc829c0bc841dc9c987172b4,,gx-no-cache=1503316054438 HTTP/1.1" 200 7425
200.112.49.18 - - [21/Aug/2017:08:46:57 -0300] "GET /cormun/servlet/trpermisosadjuntos?19084120,20170821084528,P, HTTP/1.1" 200 6362
200.112.49.18 - - [21/Aug/2017:08:46:58 -0300] "GET /cormun/servlet/trpermisosadjuntos?19084120,20170821084528,P, HTTP/1.1" 200 6363
186.79.101.133 - - [21/Aug/2017:08:46:59 -0300] "GET /cormun/servlet/solicitudot?INS,0,0, HTTP/1.1" 200 12683
200.112.49.18 - - [21/Aug/2017:08:46:59 -0300] "GET /cormun/servlet/permisosadjuntos?INS,19084120,P,20170821084528,, HTTP/1.1" 200 5689
186.79.101.133 - - [21/Aug/2017:08:46:59 -0300] "GET /cormun/servlet/solicitudot?INS,0,0, HTTP/1.1" 200 12688
200.112.49.18 - - [21/Aug/2017:08:47:00 -0300] "GET /cormun/static/about:blank HTTP/1.1" 404 1011
200.112.49.18 - - [21/Aug/2017:08:47:00 -0300] "GET /cormun/servlet/permisosadjuntos?INS,19084120,P,20170821084528,, HTTP/1.1" 200 5680
186.103.159.188 - - [21/Aug/2017:08:47:00 -0300] "GET /cormun/servlet/prfichaempleado?,MD,,gxPopupLevel%3D0%3B HTTP/1.1" 200 9259
186.103.159.188 - - [21/Aug/2017:08:47:00 -0300] "GET /cormun/static/prfichaempleado.js?20177612134999 HTTP/1.1" 304 -
186.103.159.188 - - [21/Aug/2017:08:47:00 -0300] "GET /cormun/static/menusearch.js?201610171694467 HTTP/1.1" 304 -
186.103.159.188 - - [21/Aug/2017:08:47:00 -0300] "GET /cormun/static/hmpwkw011.js?20177612121862 HTTP/1.1" 304 -
186.103.159.188 - - [21/Aug/2017:08:47:01 -0300] "GET /cormun/static/gxcfg.js?20177612134814 HTTP/1.1" 304 -
186.79.101.133 - - [21/Aug/2017:08:47:04 -0300] "GET /cormun/servlet/prfichaempleado?,MD,,gxPopupLevel%3D0%3B HTTP/1.1" 200 9289
186.79.101.133 - - [21/Aug/2017:08:47:04 -0300] "GET /cormun/static/gxcfg.js?20177612134814 HTTP/1.1" 304 -
186.79.101.133 - - [21/Aug/2017:08:47:04 -0300] "GET /cormun/static/prfichaempleado.js?20177612134999 HTTP/1.1" 304 -
186.79.101.133 - - [21/Aug/2017:08:47:04 -0300] "GET /cormun/static/menusearch.js?201610171694467 HTTP/1.1" 304 -
186.79.101.133 - - [21/Aug/2017:08:47:05 -0300] "GET /cormun/static/hmpwkw011.js?20177612121862 HTTP/1.1" 304 -
186.79.101.133 - - [21/Aug/2017:08:47:19 -0300] "POST /cormun/servlet/prfichaempleado?3755090dfc829c0bc841dc9c987172b4,,MD,,gxPopupLevel%3D0%3B,gx-no-cache=1503316079409 HTTP/1.1" 200 3478
186.103.159.46 - - [21/Aug/2017:08:47:20 -0300] "GET /cormun/servlet/permisogoce?dd48062bbcce7a423853e5faff47dd925d51048f51c831dc4630784c84c6a06c051a1b4aeaff8b4a92c6716727d8cde909360526564bdff93a1a31b0d5fc7faf,gx-no-cache=1503316080117 HTTP/1.1" 200 80
186.103.159.46 - - [21/Aug/2017:08:47:20 -0300] "GET /cormun/static/menuarrow.gif HTTP/1.1" 404 1015
186.103.159.188 - - [21/Aug/2017:08:47:21 -0300] "GET /cormun/servlet/licenciaspermisos?409cf19aff01ef360a4dbb20e88a0c27eae545e08c1b2ec42a56736589978b362682cd919b1b257e9f74889a82556a63,gx-no-cache=1503316081390 HTTP/1.1" 200 102
186.103.159.188 - - [21/Aug/2017:08:47:21 -0300] "POST /cormun/servlet/licenciaspermisos?80256f8cff0754dcef01cc084c7cb72f,INS,0,,,,gx-no-cache=1503316081443 HTTP/1.1" 200 4537
186.79.101.133 - - [21/Aug/2017:08:47:25 -0300] "POST /cormun/servlet/solicitudot?gx-no-cache=1503316085340 HTTP/1.1" 200 3202
186.79.101.133 - - [21/Aug/2017:08:47:26 -0300] "POST /cormun/servlet/solicitudot?3755090dfc829c0bc841dc9c987172b4,INS,0,0,,gx-no-cache=1503316085893 HTTP/1.1" 200 9789
186.79.101.133 - - [21/Aug/2017:08:47:26 -0300] "GET /cormun/servlet/solicitudot?05ec20ad4e12f06ead7e7232229d3059874d9246cc433ec45dacee733cddc3cfca45b071728e6d81d50c18f8dfeb5d29,gx-no-cache=1503316086449 HTTP/1.1" 200 30
186.103.159.46 - - [21/Aug/2017:08:47:30 -0300] "GET /cormun/servlet/permisogoce?dd48062bbcce7a423853e5faff47dd92a5347e25b6f85808501c78683178a8f2cd84aa0e714bfc39778e87b96f06e24b1e3bf73d008cc17c6c10c14f796380c0,gx-no-cache=1503316090434 HTTP/1.1" 200 48
186.79.101.133 - - [21/Aug/2017:08:47:30 -0300] "POST /cormun/servlet/solicitudot?gx-no-cache=1503316090927 HTTP/1.1" 200 240
186.79.101.133 - - [21/Aug/2017:08:47:30 -0300] "GET /cormun/servlet/solicitudot?05ec20ad4e12f06ead7e7232229d305954cdd8d0d60dc948e92604d736ad854792625d3e257e9e8c10df4cfe62fbe7261c51b38d5134162074e5313690399534efc874128735e189cf050a39e59ef1b94965ba8e47c080af4db5aa6b15789f835fb3df86748dd5b1198e40b246d7a74583cfb78b754c6fffe8b1deb5c3f1786aeae0ed7198287e48eb13e420e5a2a802b032ae80dfe08ceca29fe27fa10d0b6bfa0331b0e1c241b618623cb76bcd3cfd40da8bc93b31135cec2a66a9d8b6bcbfcc880d295a4ae8c3e9ba026f0f88be4cc4f8047d157505b071a39793f33a56a85dd5267adbfe02353ffa13ac7f38a0ebdba5f55f2392d7049b751e823d3b365622e2c9bb033069f010d330af2e6404708d5bda5992ec45ec9591451cf9e88a0bb539df8b2a51653af6f9e53b0973fdff263b1e1b785a46502809f94f66fde1dc394c4ec9a21a71d9aa5da8aeca8c67cd661bdf233670d8c49ac7ab86cafd3942a95260559d0c4b6b26f2e6b2a7873c5067782abbaf4762b0fa1782bd16bcbc11,gx-no-cache=1503316091055 HTTP/1.1" 200 30
186.79.101.133 - - [21/Aug/2017:08:47:32 -0300] "POST /cormun/servlet/solicitudot?gx-no-cache=1503316092896 HTTP/1.1" 200 30
186.103.159.46 - - [21/Aug/2017:08:47:36 -0300] "POST /cormun/servlet/permisogoce?dc3056c7d1242c20726b340f7433462d,INS,0,,,,gx-no-cache=1503316095512 HTTP/1.1" 200 93
186.103.159.46 - - [21/Aug/2017:08:47:36 -0300] "GET /cormun/servlet/hpexe_return? HTTP/1.1" 200 1010
186.103.159.46 - - [21/Aug/2017:08:47:37 -0300] "GET /cormun/servlet/trpermisosgoce HTTP/1.1" 200 12995
186.79.101.133 - - [21/Aug/2017:08:47:39 -0300] "POST /cormun/servlet/solicitudot?gx-no-cache=1503316099311 HTTP/1.1" 200 1355
186.79.101.133 - - [21/Aug/2017:08:47:39 -0300] "POST /cormun/servlet/solicitudot?gx-no-cache=1503316099490 HTTP/1.1" 200 38
186.103.159.46 - - [21/Aug/2017:08:47:39 -0300] "GET /cormun/servlet/trpermisosgoce HTTP/1.1" 200 13022
186.103.159.188 - - [21/Aug/2017:08:47:46 -0300] "GET /cormun/static/menuarrow.gif HTTP/1.1" 404 1015
186.103.159.46 - - [21/Aug/2017:08:47:47 -0300] "GET /cormun/servlet/apermisogoceprn?17458217,P,20170821084535,PU HTTP/1.1" 200 1655
186.79.101.133 - - [21/Aug/2017:08:47:57 -0300] "GET /cormun/servlet/solicitudot?05ec20ad4e12f06ead7e7232229d305923221c0c3315d61d997583ea08d5bf66462b0ff8221002a9e275a35decf84ace38b4beb8067e7fded6b98b27eb68e0d3ae163558144e2beaa892b71a06bf19e1fa6941b7b0a1e00f458c4ce4e40815c6be927afc3e1bffdd0208ca67a613a460,gx-no-cache=1503316116326 HTTP/1.1" 200 29
186.79.101.133 - - [21/Aug/2017:08:47:58 -0300] "POST /cormun/servlet/solicitudot?gx-no-cache=1503316117342 HTTP/1.1" 200 1336
186.79.101.133 - - [21/Aug/2017:08:48:11 -0300] "GET /cormun/static/menuarrow.gif HTTP/1.1" 404 1015
186.79.101.133 - - [21/Aug/2017:08:48:22 -0300] "POST /cormun/servlet/solicitudot?gx-no-cache=1503316142706 HTTP/1.1" 200 30
186.79.101.133 - - [21/Aug/2017:08:48:39 -0300] "POST /cormun/servlet/solicitudot?3755090dfc829c0bc841dc9c987172b4,INS,0,0,,gx-no-cache=1503316157741 HTTP/1.1" 200 93
186.79.101.133 - - [21/Aug/2017:08:48:39 -0300] "GET /cormun/servlet/hpexe_return? HTTP/1.1" 200 1002
186.79.101.133 - - [21/Aug/2017:08:48:39 -0300] "GET /cormun/static/Resources/Spanish/PXTools.css?167811 HTTP/1.1" 304 -
186.79.101.133 - - [21/Aug/2017:08:48:39 -0300] "GET /cormun/static/gxcfg.js?2016101716175148 HTTP/1.1" 304 -
186.79.101.133 - - [21/Aug/2017:08:48:39 -0300] "GET /cormun/static/hpexe_return.js?2016101716175153 HTTP/1.1" 304 -
186.79.101.133 - - [21/Aug/2017:08:48:40 -0300] "GET /cormun/servlet/trsolicitudot? HTTP/1.1" 200 10843
186.79.101.133 - - [21/Aug/2017:08:48:40 -0300] "GET /cormun/servlet/trsolicitudot? HTTP/1.1" 200 10838
186.79.101.133 - - [21/Aug/2017:08:48:57 -0300] "POST /cormun/servlet/trsolicitudot?3755090dfc829c0bc841dc9c987172b4,,gx-no-cache=1503316176578 HTTP/1.1" 200 106
186.79.101.133 - - [21/Aug/2017:08:48:58 -0300] "GET /cormun/servlet/trsolicitudadjuntos?2017,7224, HTTP/1.1" 200 5909
186.79.101.133 - - [21/Aug/2017:08:48:58 -0300] "GET /cormun/static/gxcfg.js?20177612135366 HTTP/1.1" 200 953
186.79.101.133 - - [21/Aug/2017:08:48:58 -0300] "GET /cormun/static/trsolicitudadjuntos.js?20177612135632 HTTP/1.1" 200 17922
186.79.101.133 - - [21/Aug/2017:08:48:58 -0300] "GET /cormun/servlet/trsolicitudadjuntos?2017,7224, HTTP/1.1" 200 5909
186.79.101.133 - - [21/Aug/2017:08:49:01 -0300] "GET /cormun/servlet/solicitudotadjuntos?INS,2017,7224,,1, HTTP/1.1" 200 5866
186.79.101.133 - - [21/Aug/2017:08:49:01 -0300] "GET /cormun/static/gxcfg.js?201752511522888 HTTP/1.1" 200 953
186.79.101.133 - - [21/Aug/2017:08:49:01 -0300] "GET /cormun/static/solicitudotadjuntos.js?20175251152299 HTTP/1.1" 200 11771
186.79.101.133 - - [21/Aug/2017:08:49:02 -0300] "GET /cormun/static/about:blank HTTP/1.1" 404 1011
186.79.101.133 - - [21/Aug/2017:08:49:02 -0300] "GET /cormun/servlet/solicitudotadjuntos?INS,2017,7224,,1, HTTP/1.1" 200 5860
186.79.101.133 - - [21/Aug/2017:08:49:02 -0300] "GET /cormun/servlet/solicitudotadjuntos?05ec20ad4e12f06ead7e7232229d30592526314c62e9148af2ca81ac89fb8d6b9737d5452d8981d90c1f4a0bf947f735,gx-no-cache=1503316182812 HTTP/1.1" 200 30
186.79.101.133 - - [21/Aug/2017:08:49:03 -0300] "POST /cormun/servlet/solicitudotadjuntos?3755090dfc829c0bc841dc9c987172b4,INS,2017,7224,,1,,gx-no-cache=1503316182933 HTTP/1.1" 200 3639
186.79.101.133 - - [21/Aug/2017:08:49:06 -0300] "POST /cormun/servlet/solicitudotadjuntos?gx-no-cache=1503316187016 HTTP/1.1" 200 26
200.112.49.18 - - [21/Aug/2017:08:50:52 -0300] "POST /cormun/servlet/permisosadjuntos?11cba4e03a13c4bf4f1aacd29fa9dfc0,INS,19084120,P,20170821084528,, HTTP/1.1" 200 116
200.112.49.18 - - [21/Aug/2017:08:50:52 -0300] "GET /cormun/servlet/hpexe_return? HTTP/1.1" 200 1029
200.112.49.18 - - [21/Aug/2017:08:50:54 -0300] "GET /cormun/servlet/trpermisosadjuntos?19084120,20170821084528,P, HTTP/1.1" 200 6823
200.112.49.18 - - [21/Aug/2017:08:50:55 -0300] "GET /cormun/servlet/trpermisosadjuntos?19084120,20170821084528,P, HTTP/1.1" 200 6820
200.112.49.18 - - [21/Aug/2017:08:51:14 -0300] "POST /cormun/servlet/trpermisosadjuntos?11cba4e03a13c4bf4f1aacd29fa9dfc0,19084120,20170821084528,P,,gx-no-cache=1503316314362 HTTP/1.1" 200 90
200.112.49.18 - - [21/Aug/2017:08:51:14 -0300] "GET /cormun/servlet/hpexe_link HTTP/1.1" 200 995
200.112.49.18 - - [21/Aug/2017:08:51:15 -0300] "GET /cormun/servlet/trpermisosgoce?gx-no-cache=1503316045178 HTTP/1.1" 200 8338
200.112.49.18 - - [21/Aug/2017:08:51:15 -0300] "GET /cormun/servlet/trpermisosgoce?gx-no-cache=1503316045178 HTTP/1.1" 200 8356
200.112.49.18 - - [21/Aug/2017:08:51:32 -0300] "POST /cormun/servlet/trpermisosgoce?11cba4e03a13c4bf4f1aacd29fa9dfc0,gx-no-cache=1503316045178,gx-no-cache=1503316332557 HTTP/1.1" 200 5469
200.112.49.18 - - [21/Aug/2017:08:51:32 -0300] "GET /cormun/static/Shared/jqueryui/images/ui-bg_highlight-soft_100_c6c2c8_1x100.png HTTP/1.1" 404 1117
200.112.49.18 - - [21/Aug/2017:08:51:32 -0300] "GET /cormun/static/Shared/jqueryui/images/ui-icons_82798d_256x240.png HTTP/1.1" 404 1089
200.112.49.18 - - [21/Aug/2017:08:51:33 -0300] "GET /cormun/static/Shared/jqueryui/images/ui-bg_flat_55_fafafa_40x100.png HTTP/1.1" 404 1097
200.112.49.18 - - [21/Aug/2017:08:51:33 -0300] "GET /cormun/static/Shared/jqueryui/images/ui-icons_8d78a5_256x240.png HTTP/1.1" 404 1089
186.103.159.46 - - [21/Aug/2017:08:52:19 -0300] "GET /cormun/servlet/trlicencias? HTTP/1.1" 200 11111
186.103.159.46 - - [21/Aug/2017:08:52:19 -0300] "GET /cormun/static/gxcfg.js?20176272054169 HTTP/1.1" 200 953
186.103.159.46 - - [21/Aug/2017:08:52:19 -0300] "GET /cormun/static/Resources/Spanish/PXTools.css?17315867 HTTP/1.1" 200 89042
186.103.159.46 - - [21/Aug/2017:08:52:19 -0300] "GET /cormun/static/trlicencias.js?20176272054837 HTTP/1.1" 200 41883
186.103.159.46 - - [21/Aug/2017:08:52:21 -0300] "GET /cormun/servlet/trlicencias? HTTP/1.1" 200 11110
186.103.159.188 - - [21/Aug/2017:08:52:36 -0300] "GET /cormun/servlet/licenciaspermisos?409cf19aff01ef360a4dbb20e88a0c277e01d8bb0cda78f7b98f9933fbe6c368a94153707fc1be244a376f90f0785894309d287ad5beef069b1d8cb52e21f9fcfa5f25391ae7a99bbd9bd3192b6fef301b11a5e43366f749ed83234a367137960483c35552089a3ff37179bc7b02e6f52d91984060c33573a852436fa9dc76894439b21002de2ae2e841828da9bf7b1aab203ad95c3b60591b53788326182a06484437653939c5359a9d3ce12dee87cd,gx-no-cache=1503316396389 HTTP/1.1" 200 30
186.103.159.188 - - [21/Aug/2017:08:52:36 -0300] "POST /cormun/servlet/licenciaspermisos?80256f8cff0754dcef01cc084c7cb72f,INS,0,,,,gx-no-cache=1503316396495 HTTP/1.1" 200 4624
186.103.159.188 - - [21/Aug/2017:08:52:46 -0300] "GET /cormun/servlet/prfichaempleado?,MD,,gxPopupLevel%3D0%3B HTTP/1.1" 200 9259
186.103.159.188 - - [21/Aug/2017:08:52:57 -0300] "POST /cormun/servlet/prfichaempleado?80256f8cff0754dcef01cc084c7cb72f,,MD,,gxPopupLevel%3D0%3B,gx-no-cache=1503316417811 HTTP/1.1" 200 3491
186.103.159.188 - - [21/Aug/2017:08:53:03 -0300] "GET /cormun/servlet/licenciaspermisos?409cf19aff01ef360a4dbb20e88a0c2749ead68c5cd2a774118854d065399effa291da6deeb79ba7fe9c35284583276c63587631916cd932dbc9ae1aafd22d5a48751bada8166ef59acc2fe4752754abc4134b4e9537063eb2a22df49793f053b64ea5bcbd7d3e767c4655cf96443bc369fd6eb107d1caf7d572acb6e9910fe4429202cd38bda51428ba83709a1441203c579e67ec198fa098af17271191c84d0fa74ca7f7e0000f7b4d8a2d2aef6036b8cff2aad2ed08995c11f8422ba788a8477605ad934b72bdd57dc588dd220b7be061c0a0dc53dd143b8dbeae9a79180b9248705880191160a656deee4ee14ff8,gx-no-cache=1503316423470 HTTP/1.1" 200 58
186.103.159.188 - - [21/Aug/2017:08:53:03 -0300] "POST /cormun/servlet/licenciaspermisos?80256f8cff0754dcef01cc084c7cb72f,INS,0,,,,gx-no-cache=1503316423533 HTTP/1.1" 200 93
186.103.159.188 - - [21/Aug/2017:08:53:03 -0300] "GET /cormun/servlet/hpexe_return? HTTP/1.1" 200 1016
186.103.159.188 - - [21/Aug/2017:08:53:03 -0300] "GET /cormun/static/Resources/Spanish/PXTools.css?167811 HTTP/1.1" 304 -
186.103.159.188 - - [21/Aug/2017:08:53:03 -0300] "GET /cormun/static/gxcfg.js?2016101716175148 HTTP/1.1" 304 -
186.103.159.188 - - [21/Aug/2017:08:53:03 -0300] "GET /cormun/static/hpexe_return.js?2016101716175153 HTTP/1.1" 304 -
186.103.159.188 - - [21/Aug/2017:08:53:04 -0300] "GET /cormun/servlet/trlicencias HTTP/1.1" 200 13794
186.103.159.188 - - [21/Aug/2017:08:53:04 -0300] "GET /cormun/servlet/trlicencias HTTP/1.1" 200 13783
186.79.101.133 - - [21/Aug/2017:08:53:24 -0300] "GET /cormun/servlet/solicitudotadjuntos?05ec20ad4e12f06ead7e7232229d3059a8963d7fd5d36faa1a52837daa07df27,gx-no-cache=1503316444263 HTTP/1.1" 200 30
186.79.101.133 - - [21/Aug/2017:08:53:24 -0300] "GET /cormun/servlet/solicitudotadjuntos?05ec20ad4e12f06ead7e7232229d3059a8963d7fd5d36faa1a52837daa07df27,gx-no-cache=1503316444518 HTTP/1.1" 200 30
200.112.49.18 - - [21/Aug/2017:08:53:40 -0300] "GET /cormun/servlet/trpermisosgoce? HTTP/1.1" 200 8318
200.112.49.18 - - [21/Aug/2017:08:53:40 -0300] "GET /cormun/servlet/trpermisosgoce? HTTP/1.1" 200 8299
200.112.49.18 - - [21/Aug/2017:08:53:42 -0300] "GET /cormun/servlet/permisogoce?INS,0,,, HTTP/1.1" 200 6886
200.112.49.18 - - [21/Aug/2017:08:53:43 -0300] "GET /cormun/servlet/permisogoce?INS,0,,, HTTP/1.1" 200 6885
200.112.49.18 - - [21/Aug/2017:08:53:46 -0300] "GET /cormun/servlet/prfichaempleado?,MD,,gxPopupLevel%3D0%3B HTTP/1.1" 200 9344
200.112.49.18 - - [21/Aug/2017:08:53:59 -0300] "POST /cormun/servlet/prfichaempleado?11cba4e03a13c4bf4f1aacd29fa9dfc0,,MD,,gxPopupLevel%3D0%3B,gx-no-cache=1503316479214 HTTP/1.1" 200 5312
186.79.101.133 - - [21/Aug/2017:08:54:00 -0300] "POST /cormun/servlet/solicitudotadjuntos?3755090dfc829c0bc841dc9c987172b4,INS,2017,7224,,1, HTTP/1.1" 200 116
186.79.101.133 - - [21/Aug/2017:08:54:01 -0300] "GET /cormun/servlet/hpexe_return? HTTP/1.1" 200 1021
186.79.101.133 - - [21/Aug/2017:08:54:01 -0300] "GET /cormun/servlet/trsolicitudadjuntos?2017,7224, HTTP/1.1" 200 8141
186.79.101.133 - - [21/Aug/2017:08:54:01 -0300] "GET /cormun/servlet/trsolicitudadjuntos?2017,7224, HTTP/1.1" 200 8138
186.79.101.133 - - [21/Aug/2017:08:54:06 -0300] "GET /cormun/servlet/solicitudotadjuntos?INS,2017,7224,,1, HTTP/1.1" 200 5867
186.79.101.133 - - [21/Aug/2017:08:54:06 -0300] "GET /cormun/static/about:blank HTTP/1.1" 404 1011
186.79.101.133 - - [21/Aug/2017:08:54:06 -0300] "GET /cormun/servlet/solicitudotadjuntos?INS,2017,7224,,1, HTTP/1.1" 200 5861
186.79.101.133 - - [21/Aug/2017:08:54:07 -0300] "GET /cormun/servlet/solicitudotadjuntos?05ec20ad4e12f06ead7e7232229d30592526314c62e9148af2ca81ac89fb8d6b9737d5452d8981d90c1f4a0bf947f735,gx-no-cache=1503316487240 HTTP/1.1" 200 30
186.103.159.188 - - [21/Aug/2017:08:54:07 -0300] "GET /cormun/servlet/trlicenciaspermisosadjuntos?16464861,20170821000000,L, HTTP/1.1" 200 6145
186.103.159.188 - - [21/Aug/2017:08:54:08 -0300] "GET /cormun/static/gxcfg.js?20177612163414 HTTP/1.1" 304 -
186.79.101.133 - - [21/Aug/2017:08:54:08 -0300] "POST /cormun/servlet/solicitudotadjuntos?3755090dfc829c0bc841dc9c987172b4,INS,2017,7224,,1,,gx-no-cache=1503316487374 HTTP/1.1" 200 3641
186.103.159.188 - - [21/Aug/2017:08:54:08 -0300] "GET /cormun/static/trlicenciaspermisosadjuntos.js?20177612163719 HTTP/1.1" 304 -
186.103.159.188 - - [21/Aug/2017:08:54:08 -0300] "GET /cormun/servlet/trlicenciaspermisosadjuntos?16464861,20170821000000,L, HTTP/1.1" 200 6146
200.112.49.18 - - [21/Aug/2017:08:54:09 -0300] "POST /cormun/servlet/prfichaempleado?11cba4e03a13c4bf4f1aacd29fa9dfc0,,MD,,gxPopupLevel%3D0%3B,gx-no-cache=1503316488419 HTTP/1.1" 200 3468
186.103.159.188 - - [21/Aug/2017:08:54:10 -0300] "GET /cormun/servlet/licenciaspermisosadjuntos?INS,16464861,L,20170821000000,, HTTP/1.1" 200 5442
186.103.159.188 - - [21/Aug/2017:08:54:10 -0300] "GET /cormun/static/gxcfg.js?2017761263592 HTTP/1.1" 304 -
186.103.159.188 - - [21/Aug/2017:08:54:10 -0300] "GET /cormun/static/licenciaspermisosadjuntos.js?201776126362 HTTP/1.1" 304 -
186.103.159.188 - - [21/Aug/2017:08:54:10 -0300] "GET /cormun/static/about:blank HTTP/1.1" 404 1011
186.103.159.188 - - [21/Aug/2017:08:54:10 -0300] "GET /cormun/servlet/licenciaspermisosadjuntos?INS,16464861,L,20170821000000,, HTTP/1.1" 200 5432
186.79.101.133 - - [21/Aug/2017:08:54:13 -0300] "POST /cormun/servlet/solicitudotadjuntos?gx-no-cache=1503316492886 HTTP/1.1" 200 26
200.112.49.18 - - [21/Aug/2017:08:54:13 -0300] "GET /cormun/servlet/permisogoce?15f44486cd939bc2d0514900f24f3d0a26b08fcd4e36c9cd0b3df702518f818539e772c68f152d4284ecb2163a5bc1e1f474b7052d6019668826e178b0af2192,gx-no-cache=1503316493801 HTTP/1.1" 200 71
200.112.49.18 - - [21/Aug/2017:08:54:17 -0300] "GET /cormun/servlet/permisogoce?15f44486cd939bc2d0514900f24f3d0aac1496baa47c5a30e91dcc59a947345956d2828cdba4f6dc32d5ebb31e93b92ac0a84920e77b0289e0c0af637bad012a,gx-no-cache=1503316497948 HTTP/1.1" 200 129
200.112.49.18 - - [21/Aug/2017:08:54:17 -0300] "GET /cormun/static/Shared/jqueryui/images/ui-bg_flat_55_994d53_40x100.png HTTP/1.1" 404 1097
200.112.49.18 - - [21/Aug/2017:08:54:17 -0300] "GET /cormun/static/Shared/jqueryui/images/ui-icons_ebccce_256x240.png HTTP/1.1" 404 1089
186.79.101.133 - - [21/Aug/2017:08:54:19 -0300] "GET /cormun/servlet/solicitudotadjuntos?05ec20ad4e12f06ead7e7232229d3059a8963d7fd5d36faa1a52837daa07df27,gx-no-cache=1503316499810 HTTP/1.1" 200 30
186.79.101.133 - - [21/Aug/2017:08:54:19 -0300] "GET /cormun/servlet/solicitudotadjuntos?05ec20ad4e12f06ead7e7232229d3059a8963d7fd5d36faa1a52837daa07df27,gx-no-cache=1503316499928 HTTP/1.1" 200 30
200.112.49.18 - - [21/Aug/2017:08:54:27 -0300] "GET /cormun/servlet/permisogoce?15f44486cd939bc2d0514900f24f3d0aac1496baa47c5a30e91dcc59a94734595906ce978953fd6af11ef9e043b1c8f0c0a84920e77b0289e0c0af637bad012a,gx-no-cache=1503316507411 HTTP/1.1" 200 47
200.112.49.18 - - [21/Aug/2017:08:54:43 -0300] "POST /cormun/servlet/permisogoce?11cba4e03a13c4bf4f1aacd29fa9dfc0,INS,0,,,,gx-no-cache=1503316522109 HTTP/1.1" 200 93
200.112.49.18 - - [21/Aug/2017:08:54:43 -0300] "GET /cormun/servlet/hpexe_return? HTTP/1.1" 200 1002
200.112.49.18 - - [21/Aug/2017:08:54:43 -0300] "GET /cormun/servlet/trpermisosgoce HTTP/1.1" 200 8303
200.112.49.18 - - [21/Aug/2017:08:54:44 -0300] "GET /cormun/servlet/trpermisosgoce HTTP/1.1" 200 8299
186.103.159.188 - - [21/Aug/2017:08:54:46 -0300] "POST /cormun/servlet/licenciaspermisosadjuntos?80256f8cff0754dcef01cc084c7cb72f,INS,16464861,L,20170821000000,, HTTP/1.1" 200 116
186.103.159.188 - - [21/Aug/2017:08:54:47 -0300] "GET /cormun/servlet/hpexe_return? HTTP/1.1" 200 1047
186.103.159.188 - - [21/Aug/2017:08:54:47 -0300] "GET /cormun/servlet/trlicenciaspermisosadjuntos?16464861,20170821000000,L, HTTP/1.1" 200 6622
186.103.159.188 - - [21/Aug/2017:08:54:47 -0300] "GET /cormun/servlet/trlicenciaspermisosadjuntos?16464861,20170821000000,L, HTTP/1.1" 200 6619
200.112.49.18 - - [21/Aug/2017:08:54:58 -0300] "POST /cormun/servlet/trpermisosgoce?11cba4e03a13c4bf4f1aacd29fa9dfc0,gx-no-cache=1503316537567 HTTP/1.1" 200 16457
186.103.159.188 - - [21/Aug/2017:08:55:02 -0300] "GET /cormun/servlet/trlicencias? HTTP/1.1" 200 13810
186.103.159.188 - - [21/Aug/2017:08:55:03 -0300] "GET /cormun/servlet/trlicencias? HTTP/1.1" 200 13799
186.79.97.70 - - [21/Aug/2017:08:55:05 -0300] "GET /cormun/servlet/hlogin HTTP/1.1" 200 1724
186.79.97.70 - - [21/Aug/2017:08:55:05 -0300] "GET /cormun/static/Resources/Spanish/PXTools.css?11423723 HTTP/1.1" 304 -
186.79.97.70 - - [21/Aug/2017:08:55:05 -0300] "GET /cormun/static/gxtimezone.js?85251 HTTP/1.1" 304 -
186.79.97.70 - - [21/Aug/2017:08:55:05 -0300] "GET /cormun/static/gxcfg.js?20175251213516 HTTP/1.1" 304 -
186.79.97.70 - - [21/Aug/2017:08:55:05 -0300] "GET /cormun/static/messages.spa.js?85251 HTTP/1.1" 304 -
186.79.97.70 - - [21/Aug/2017:08:55:05 -0300] "GET /cormun/static/hlogin.js?20175251213537 HTTP/1.1" 304 -
186.79.97.70 - - [21/Aug/2017:08:55:06 -0300] "GET /cormun/servlet/hlogin HTTP/1.1" 200 1728
186.103.159.188 - - [21/Aug/2017:08:55:06 -0300] "GET /cormun/servlet/alicenciaprn?16464861,L,20170821000000,PU HTTP/1.1" 200 1578
200.112.49.18 - - [21/Aug/2017:08:55:10 -0300] "POST /cormun/servlet/trpermisosgoce?11cba4e03a13c4bf4f1aacd29fa9dfc0,gx-no-cache=1503316546810 HTTP/1.1" 200 16415
200.112.49.18 - - [21/Aug/2017:08:55:11 -0300] "GET /cormun/static/Shared/jqueryui/images/ui-icons_8d78a5_256x240.png HTTP/1.1" 404 1089
200.112.49.18 - - [21/Aug/2017:08:55:11 -0300] "GET /cormun/static/Shared/jqueryui/images/ui-icons_82798d_256x240.png HTTP/1.1" 404 1089
200.112.49.18 - - [21/Aug/2017:08:55:11 -0300] "GET /cormun/static/Shared/jqueryui/images/ui-bg_highlight-soft_100_c6c2c8_1x100.png HTTP/1.1" 404 1117
200.112.49.18 - - [21/Aug/2017:08:55:11 -0300] "GET /cormun/static/Shared/jqueryui/images/ui-bg_flat_55_fafafa_40x100.png HTTP/1.1" 404 1097
200.112.49.18 - - [21/Aug/2017:08:55:16 -0300] "GET /cormun/servlet/trpermisosadjuntos?11889733,20170821085313,P, HTTP/1.1" 200 6353
200.112.49.18 - - [21/Aug/2017:08:55:17 -0300] "GET /cormun/servlet/trpermisosadjuntos?11889733,20170821085313,P, HTTP/1.1" 200 6353
200.112.49.18 - - [21/Aug/2017:08:55:19 -0300] "GET /cormun/servlet/permisosadjuntos?INS,11889733,P,20170821085313,, HTTP/1.1" 200 5679
200.112.49.18 - - [21/Aug/2017:08:55:19 -0300] "GET /cormun/static/about:blank HTTP/1.1" 404 1011
200.112.49.18 - - [21/Aug/2017:08:55:19 -0300] "GET /cormun/servlet/permisosadjuntos?INS,11889733,P,20170821085313,, HTTP/1.1" 200 5668
186.79.101.133 - - [21/Aug/2017:08:55:28 -0300] "POST /cormun/servlet/solicitudotadjuntos?3755090dfc829c0bc841dc9c987172b4,INS,2017,7224,,1, HTTP/1.1" 200 116
186.79.101.133 - - [21/Aug/2017:08:55:28 -0300] "GET /cormun/servlet/hpexe_return? HTTP/1.1" 200 1021
186.79.101.133 - - [21/Aug/2017:08:55:29 -0300] "GET /cormun/servlet/trsolicitudadjuntos?2017,7224, HTTP/1.1" 200 8379
186.79.101.133 - - [21/Aug/2017:08:55:30 -0300] "GET /cormun/servlet/trsolicitudadjuntos?2017,7224, HTTP/1.1" 200 8377
186.79.97.70 - - [21/Aug/2017:08:55:36 -0300] "POST /cormun/servlet/hlogin?0c0cd059d975568b44665b1e60cde7b7,gx-no-cache=1503316576876 HTTP/1.1" 200 90
186.79.97.70 - - [21/Aug/2017:08:55:37 -0300] "GET /cormun/servlet/hpexe_link HTTP/1.1" 200 950
186.79.97.70 - - [21/Aug/2017:08:55:37 -0300] "GET /cormun/static/Resources/Spanish/PXTools.css?1155365 HTTP/1.1" 304 -
186.79.97.70 - - [21/Aug/2017:08:55:37 -0300] "GET /cormun/static/gxcfg.js?20177612121792 HTTP/1.1" 304 -
186.79.97.70 - - [21/Aug/2017:08:55:37 -0300] "GET /cormun/servlet/hhome HTTP/1.1" 200 4021
186.79.97.70 - - [21/Aug/2017:08:55:38 -0300] "GET /cormun/static/hpexe_link.js?20177612121795 HTTP/1.1" 304 -
186.79.97.70 - - [21/Aug/2017:08:55:38 -0300] "GET /cormun/static/hhome.js?20175251212450 HTTP/1.1" 304 -
186.79.97.70 - - [21/Aug/2017:08:55:38 -0300] "GET /cormun/static/hwchdr01.js?201752511465785 HTTP/1.1" 304 -
186.79.97.70 - - [21/Aug/2017:08:55:38 -0300] "GET /cormun/static/gxcfg.js?20175251212442 HTTP/1.1" 304 -
186.79.97.70 - - [21/Aug/2017:08:55:39 -0300] "GET /cormun/static/hpexe_scripts.js?201752511465715 HTTP/1.1" 304 -
186.79.97.70 - - [21/Aug/2017:08:55:39 -0300] "GET /cormun/static/hpexe_recentlink.js?20177611595044 HTTP/1.1" 304 -
186.79.97.70 - - [21/Aug/2017:08:55:39 -0300] "GET /cormun/static/hpexe_messagecontroller.js?20177611595012 HTTP/1.1" 304 -
186.79.97.70 - - [21/Aug/2017:08:55:39 -0300] "GET /cormun/static/hpexe_messagepopupcomponent.js?20161017169425 HTTP/1.1" 304 -
186.79.97.70 - - [21/Aug/2017:08:55:39 -0300] "GET /cormun/static/cmcontrolpreferences.js?201752511465670 HTTP/1.1" 304 -
186.79.97.70 - - [21/Aug/2017:08:55:39 -0300] "GET /cormun/static/hpexe_messagegenexuscomponent.js?201752511465344 HTTP/1.1" 304 -
186.79.97.70 - - [21/Aug/2017:08:55:41 -0300] "GET /cormun/static/hmpwkw03.js?20177612122668 HTTP/1.1" 304 -
186.79.97.70 - - [21/Aug/2017:08:55:41 -0300] "GET /cormun/servlet/hhome HTTP/1.1" 200 4017
186.79.101.133 - - [21/Aug/2017:08:55:46 -0300] "GET /cormun/servlet/solicitudotadjuntos?INS,2017,7224,,1, HTTP/1.1" 200 5867
186.79.101.133 - - [21/Aug/2017:08:55:47 -0300] "GET /cormun/static/about:blank HTTP/1.1" 404 1011
186.79.97.70 - - [21/Aug/2017:08:55:47 -0300] "GET /cormun/servlet/trsolicitudot? HTTP/1.1" 200 13811
186.79.101.133 - - [21/Aug/2017:08:55:47 -0300] "GET /cormun/servlet/solicitudotadjuntos?INS,2017,7224,,1, HTTP/1.1" 200 5861
186.79.97.70 - - [21/Aug/2017:08:55:47 -0300] "GET /cormun/static/gxcfg.js?20177612135780 HTTP/1.1" 304 -
186.79.97.70 - - [21/Aug/2017:08:55:47 -0300] "GET /cormun/static/calendar.js?85251 HTTP/1.1" 304 -
186.79.97.70 - - [21/Aug/2017:08:55:47 -0300] "GET /cormun/static/calendar-setup.js?85251 HTTP/1.1" 304 -
186.79.97.70 - - [21/Aug/2017:08:55:47 -0300] "GET /cormun/static/calendar-es.js?85251 HTTP/1.1" 304 -
186.79.101.133 - - [21/Aug/2017:08:55:47 -0300] "GET /cormun/servlet/solicitudotadjuntos?05ec20ad4e12f06ead7e7232229d30592526314c62e9148af2ca81ac89fb8d6b9737d5452d8981d90c1f4a0bf947f735,gx-no-cache=1503316588067 HTTP/1.1" 200 30
186.79.97.70 - - [21/Aug/2017:08:55:48 -0300] "GET /cormun/static/gxdec.js?85251 HTTP/1.1" 304 -
186.79.97.70 - - [21/Aug/2017:08:55:48 -0300] "GET /cormun/static/trsolicitudot.js?2017761214480 HTTP/1.1" 304 -
186.79.101.133 - - [21/Aug/2017:08:55:48 -0300] "POST /cormun/servlet/solicitudotadjuntos?3755090dfc829c0bc841dc9c987172b4,INS,2017,7224,,1,,gx-no-cache=1503316588183 HTTP/1.1" 200 3641
186.79.97.70 - - [21/Aug/2017:08:55:48 -0300] "GET /cormun/servlet/trsolicitudot? HTTP/1.1" 200 13809
186.79.101.133 - - [21/Aug/2017:08:55:51 -0300] "POST /cormun/servlet/solicitudotadjuntos?gx-no-cache=1503316591754 HTTP/1.1" 200 26
186.79.101.133 - - [21/Aug/2017:08:55:54 -0300] "GET /cormun/servlet/solicitudotadjuntos?05ec20ad4e12f06ead7e7232229d3059a8963d7fd5d36faa1a52837daa07df27,gx-no-cache=1503316594198 HTTP/1.1" 200 30
186.79.101.133 - - [21/Aug/2017:08:55:54 -0300] "GET /cormun/servlet/solicitudotadjuntos?05ec20ad4e12f06ead7e7232229d3059a8963d7fd5d36faa1a52837daa07df27,gx-no-cache=1503316594320 HTTP/1.1" 200 30
186.103.159.188 - - [21/Aug/2017:08:55:55 -0300] "GET /cormun/servlet/licenciaspermisos?UPD,16464861,L,20170821000000, HTTP/1.1" 200 7549
186.79.101.133 - - [21/Aug/2017:08:55:55 -0300] "POST /cormun/servlet/solicitudotadjuntos?3755090dfc829c0bc841dc9c987172b4,INS,2017,7224,,1,,gx-no-cache=1503316594429 HTTP/1.1" 200 93
186.79.101.133 - - [21/Aug/2017:08:55:56 -0300] "GET /cormun/servlet/hpexe_return? HTTP/1.1" 200 1021
186.79.101.133 - - [21/Aug/2017:08:55:56 -0300] "GET /cormun/servlet/trsolicitudadjuntos?2017,7224, HTTP/1.1" 200 8484
186.103.159.188 - - [21/Aug/2017:08:55:56 -0300] "GET /cormun/servlet/licenciaspermisos?409cf19aff01ef360a4dbb20e88a0c27eae545e08c1b2ec42a56736589978b3639f57278795505eb35c5e99b1a5ca6ab086a90809dfe45bcbce932e7b50f6b524e47b1c893decc6a9393e69964abc464b96621771329227fa897aa4c51e31398,gx-no-cache=1503316596114 HTTP/1.1" 200 101
186.79.101.133 - - [21/Aug/2017:08:55:58 -0300] "GET /cormun/servlet/trsolicitudadjuntos?2017,7224, HTTP/1.1" 200 8483
186.103.159.188 - - [21/Aug/2017:08:56:00 -0300] "GET /cormun/servlet/licenciaspermisos?UPD,16464861,L,20170821000000, HTTP/1.1" 200 7549
186.79.97.70 - - [21/Aug/2017:08:56:05 -0300] "GET /cormun/servlet/treventos?2017,7197, HTTP/1.1" 200 7734
186.79.97.70 - - [21/Aug/2017:08:56:05 -0300] "GET /cormun/static/Resources/Spanish/PXTools.css?167811 HTTP/1.1" 304 -
186.79.97.70 - - [21/Aug/2017:08:56:05 -0300] "GET /cormun/static/gxcfg.js?2016101716195975 HTTP/1.1" 304 -
186.79.97.70 - - [21/Aug/2017:08:56:05 -0300] "GET /cormun/static/treventos.js?201610171620222 HTTP/1.1" 304 -
186.79.97.70 - - [21/Aug/2017:08:56:06 -0300] "GET /cormun/servlet/treventos?2017,7197, HTTP/1.1" 200 7733
186.79.101.133 - - [21/Aug/2017:08:56:07 -0300] "GET /cormun/servlet/solicitudotadjuntos?INS,2017,7224,,1, HTTP/1.1" 200 5867
186.79.101.133 - - [21/Aug/2017:08:56:07 -0300] "GET /cormun/static/about:blank HTTP/1.1" 404 1011
186.79.101.133 - - [21/Aug/2017:08:56:07 -0300] "GET /cormun/servlet/solicitudotadjuntos?INS,2017,7224,,1, HTTP/1.1" 200 5861
186.103.159.188 - - [21/Aug/2017:08:56:07 -0300] "GET /cormun/servlet/licenciaspermisos?409cf19aff01ef360a4dbb20e88a0c27ac653218818b29596dd7acdb8b7e67b1a94153707fc1be244a376f90f0785894309d287ad5beef069b1d8cb52e21f9fcfa5f25391ae7a99bbd9bd3192b6fef301b11a5e43366f749ed83234a36713796903e15d7736da44e3138b962be2cf1702d91984060c33573a852436fa9dc7689f9c620389b5796d1c4911d9322d3613874f77a28aea4dc5fc30b8488e3c5de179d3882eef0add64d47e9cd35982e7a44074af9874b0b5f7d95dce058a975dfd4a4eb76266b5ca75b35c0c01752d38e2282a36fe477e266358267047322a1ad64,gx-no-cache=1503316607529 HTTP/1.1" 200 30
186.79.101.133 - - [21/Aug/2017:08:56:08 -0300] "GET /cormun/servlet/solicitudotadjuntos?05ec20ad4e12f06ead7e7232229d30592526314c62e9148af2ca81ac89fb8d6b9737d5452d8981d90c1f4a0bf947f735,gx-no-cache=1503316608232 HTTP/1.1" 200 30
186.79.101.133 - - [21/Aug/2017:08:56:08 -0300] "POST /cormun/servlet/solicitudotadjuntos?3755090dfc829c0bc841dc9c987172b4,INS,2017,7224,,1,,gx-no-cache=1503316608417 HTTP/1.1" 200 3641
186.79.97.70 - - [21/Aug/2017:08:56:14 -0300] "GET /cormun/servlet/trsolicitudot? HTTP/1.1" 200 13811
186.79.97.70 - - [21/Aug/2017:08:56:14 -0300] "GET /cormun/servlet/trsolicitudot? HTTP/1.1" 200 13809
186.103.159.188 - - [21/Aug/2017:08:56:28 -0300] "GET /cormun/servlet/licenciaspermisos?409cf19aff01ef360a4dbb20e88a0c2749ead68c5cd2a774118854d065399effa291da6deeb79ba7fe9c35284583276c63587631916cd932dbc9ae1aafd22d5a48751bada8166ef59acc2fe4752754abc4134b4e9537063eb2a22df49793f053b64ea5bcbd7d3e767c4655cf96443bc369fd6eb107d1caf7d572acb6e9910fe4429202cd38bda51428ba83709a1441203c579e67ec198fa098af17271191c84d0fa74ca7f7e0000f7b4d8a2d2aef6036b8cff2aad2ed08995c11f8422ba788a8477605ad934b72bdd57dc588dd220b7be061c0a0dc53dd143b8dbeae9a79180b9248705880191160a656deee4ee14ff8,gx-no-cache=1503316607948 HTTP/1.1" 200 58
186.103.159.188 - - [21/Aug/2017:08:56:29 -0300] "POST /cormun/servlet/licenciaspermisos?80256f8cff0754dcef01cc084c7cb72f,UPD,16464861,L,20170821000000,,gx-no-cache=1503316629025 HTTP/1.1" 200 93
186.103.159.188 - - [21/Aug/2017:08:56:29 -0300] "GET /cormun/servlet/hpexe_return? HTTP/1.1" 200 1034
186.103.159.188 - - [21/Aug/2017:08:56:30 -0300] "GET /cormun/servlet/trlicencias HTTP/1.1" 200 13817
186.103.159.188 - - [21/Aug/2017:08:56:30 -0300] "GET /cormun/servlet/trlicencias HTTP/1.1" 200 13811
186.103.159.188 - - [21/Aug/2017:08:56:34 -0300] "GET /cormun/servlet/alicenciaprn?16464861,L,20170821000000,PU HTTP/1.1" 200 1581
46.174.191.31 - - [21/Aug/2017:08:56:55 -0300] "GET / HTTP/1.0" 200 11197
186.79.101.133 - - [21/Aug/2017:08:57:20 -0300] "POST /cormun/servlet/solicitudotadjuntos?gx-no-cache=1503316680081 HTTP/1.1" 200 26
186.79.101.133 - - [21/Aug/2017:08:57:26 -0300] "GET /cormun/servlet/solicitudotadjuntos?05ec20ad4e12f06ead7e7232229d3059a8963d7fd5d36faa1a52837daa07df27,gx-no-cache=1503316686714 HTTP/1.1" 200 30
186.79.101.133 - - [21/Aug/2017:08:57:27 -0300] "GET /cormun/servlet/solicitudotadjuntos?05ec20ad4e12f06ead7e7232229d3059a8963d7fd5d36faa1a52837daa07df27,gx-no-cache=1503316686802 HTTP/1.1" 200 30
186.103.159.188 - - [21/Aug/2017:08:57:33 -0300] "GET /cormun/servlet/trpermisosgoce? HTTP/1.1" 200 9039
186.103.159.188 - - [21/Aug/2017:08:57:33 -0300] "GET /cormun/static/gxcfg.js?20177612163875 HTTP/1.1" 304 -
186.103.159.188 - - [21/Aug/2017:08:57:33 -0300] "GET /cormun/static/trpermisosgoce.js?20177612164335 HTTP/1.1" 304 -
186.103.159.188 - - [21/Aug/2017:08:57:35 -0300] "GET /cormun/servlet/trpermisosgoce? HTTP/1.1" 200 9039
186.103.159.188 - - [21/Aug/2017:08:57:48 -0300] "GET /cormun/servlet/permisogoce?INS,0,,, HTTP/1.1" 200 6631
186.103.159.188 - - [21/Aug/2017:08:57:48 -0300] "GET /cormun/static/gxcfg.js?201776126440 HTTP/1.1" 304 -
186.103.159.188 - - [21/Aug/2017:08:57:48 -0300] "GET /cormun/static/permisogoce.js?2017761264459 HTTP/1.1" 304 -
186.103.159.188 - - [21/Aug/2017:08:57:48 -0300] "GET /cormun/servlet/permisogoce?INS,0,,, HTTP/1.1" 200 6628
186.103.159.188 - - [21/Aug/2017:08:57:56 -0300] "GET /cormun/servlet/prfichaempleado?,MD,,gxPopupLevel%3D0%3B HTTP/1.1" 200 9259
186.79.101.133 - - [21/Aug/2017:08:58:05 -0300] "POST /cormun/servlet/solicitudotadjuntos?3755090dfc829c0bc841dc9c987172b4,INS,2017,7224,,1, HTTP/1.1" 200 116
186.79.101.133 - - [21/Aug/2017:08:58:06 -0300] "GET /cormun/servlet/hpexe_return? HTTP/1.1" 200 1021
186.79.101.133 - - [21/Aug/2017:08:58:06 -0300] "GET /cormun/servlet/trsolicitudadjuntos?2017,7224, HTTP/1.1" 200 8683
186.79.101.133 - - [21/Aug/2017:08:58:07 -0300] "GET /cormun/servlet/trsolicitudadjuntos?2017,7224, HTTP/1.1" 200 8681
186.103.159.188 - - [21/Aug/2017:08:58:10 -0300] "POST /cormun/servlet/prfichaempleado?80256f8cff0754dcef01cc084c7cb72f,,MD,,gxPopupLevel%3D0%3B,gx-no-cache=1503316729888 HTTP/1.1" 200 3425
186.103.159.188 - - [21/Aug/2017:08:58:14 -0300] "GET /cormun/servlet/permisogoce?409cf19aff01ef360a4dbb20e88a0c27d94d16b246268085378ac10dcc0f1201590c558863f4caef301a6502025dde57,gx-no-cache=1503316734905 HTTP/1.1" 200 82
186.103.159.188 - - [21/Aug/2017:08:58:14 -0300] "GET /cormun/static/menuarrow.gif HTTP/1.1" 404 1015
186.103.159.188 - - [21/Aug/2017:08:58:21 -0300] "GET /cormun/servlet/permisogoce?409cf19aff01ef360a4dbb20e88a0c275459273c319858bb9f8b8ced4ea1f3f2d561f73e7b3493c5c4d9f6b5a7f835e956eb332c7d802921dae6532d08f27118,gx-no-cache=1503316741935 HTTP/1.1" 200 48
186.79.101.133 - - [21/Aug/2017:08:58:35 -0300] "GET /cormun/servlet/solicitudotadjuntos?INS,2017,7224,,1, HTTP/1.1" 200 5866
186.79.101.133 - - [21/Aug/2017:08:58:36 -0300] "GET /cormun/static/about:blank HTTP/1.1" 404 1011
186.79.101.133 - - [21/Aug/2017:08:58:36 -0300] "GET /cormun/servlet/solicitudotadjuntos?INS,2017,7224,,1, HTTP/1.1" 200 5860
186.79.101.133 - - [21/Aug/2017:08:58:36 -0300] "GET /cormun/servlet/solicitudotadjuntos?05ec20ad4e12f06ead7e7232229d30592526314c62e9148af2ca81ac89fb8d6b9737d5452d8981d90c1f4a0bf947f735,gx-no-cache=1503316756743 HTTP/1.1" 200 30
186.79.101.133 - - [21/Aug/2017:08:58:36 -0300] "POST /cormun/servlet/solicitudotadjuntos?3755090dfc829c0bc841dc9c987172b4,INS,2017,7224,,1,,gx-no-cache=1503316756864 HTTP/1.1" 200 3640
186.79.101.133 - - [21/Aug/2017:08:58:43 -0300] "POST /cormun/servlet/solicitudotadjuntos?gx-no-cache=1503316763428 HTTP/1.1" 200 26
186.103.159.188 - - [21/Aug/2017:08:58:57 -0300] "POST /cormun/servlet/permisogoce?80256f8cff0754dcef01cc084c7cb72f,INS,0,,,,gx-no-cache=1503316774653 HTTP/1.1" 200 93
186.103.159.188 - - [21/Aug/2017:08:58:58 -0300] "GET /cormun/servlet/hpexe_return? HTTP/1.1" 200 1014
186.103.159.188 - - [21/Aug/2017:08:58:58 -0300] "GET /cormun/servlet/trpermisosgoce HTTP/1.1" 200 9298
186.103.159.188 - - [21/Aug/2017:08:58:58 -0300] "GET /cormun/servlet/trpermisosgoce HTTP/1.1" 200 9294
186.103.159.188 - - [21/Aug/2017:08:59:01 -0300] "GET /cormun/servlet/apermisogoceprn?6754365,P,20170821085719,PU HTTP/1.1" 200 1664
186.103.159.46 - - [21/Aug/2017:08:59:10 -0300] "GET /cormun/servlet/trlicencias? HTTP/1.1" 200 11110
186.103.159.46 - - [21/Aug/2017:08:59:13 -0300] "GET /cormun/servlet/trlicencias? HTTP/1.1" 200 11110
200.112.49.18 - - [21/Aug/2017:08:59:18 -0300] "POST /cormun/servlet/permisosadjuntos?11cba4e03a13c4bf4f1aacd29fa9dfc0,INS,11889733,P,20170821085313,, HTTP/1.1" 200 116
186.103.159.46 - - [21/Aug/2017:08:59:18 -0300] "GET /cormun/servlet/licenciaspermisos?INS,0,,, HTTP/1.1" 200 7319
200.112.49.18 - - [21/Aug/2017:08:59:18 -0300] "GET /cormun/servlet/hpexe_return? HTTP/1.1" 200 1031
186.103.159.46 - - [21/Aug/2017:08:59:19 -0300] "GET /cormun/static/gxcfg.js?201762917281167 HTTP/1.1" 200 953
186.103.159.46 - - [21/Aug/2017:08:59:19 -0300] "GET /cormun/static/licenciaspermisos.js?201762917281260 HTTP/1.1" 200 37491
200.112.49.18 - - [21/Aug/2017:08:59:19 -0300] "GET /cormun/servlet/trpermisosadjuntos?11889733,20170821085313,P, HTTP/1.1" 200 6822
186.103.159.46 - - [21/Aug/2017:08:59:20 -0300] "GET /cormun/servlet/licenciaspermisos?INS,0,,, HTTP/1.1" 200 7319
200.112.49.18 - - [21/Aug/2017:08:59:21 -0300] "GET /cormun/servlet/trpermisosadjuntos?11889733,20170821085313,P, HTTP/1.1" 200 6818
200.112.49.18 - - [21/Aug/2017:08:59:32 -0300] "POST /cormun/servlet/trpermisosadjuntos?11cba4e03a13c4bf4f1aacd29fa9dfc0,11889733,20170821085313,P,,gx-no-cache=1503316812035 HTTP/1.1" 200 90
200.112.49.18 - - [21/Aug/2017:08:59:32 -0300] "GET /cormun/servlet/hpexe_link HTTP/1.1" 200 996
200.112.49.18 - - [21/Aug/2017:08:59:33 -0300] "GET /cormun/servlet/trpermisosgoce?gx-no-cache=1503316546810 HTTP/1.1" 200 19233
200.112.49.18 - - [21/Aug/2017:08:59:33 -0300] "GET /cormun/servlet/trpermisosgoce?gx-no-cache=1503316546810 HTTP/1.1" 200 19208
186.103.159.46 - - [21/Aug/2017:08:59:37 -0300] "GET /cormun/servlet/licenciaspermisos?dd48062bbcce7a423853e5faff47dd92476e33fb93b770d5d9e09eef53f77756806b3537463651d0d7cee3cf4048f650,gx-no-cache=1503316817191 HTTP/1.1" 200 101
186.103.159.46 - - [21/Aug/2017:08:59:37 -0300] "POST /cormun/servlet/licenciaspermisos?dc3056c7d1242c20726b340f7433462d,INS,0,,,,gx-no-cache=1503316817324 HTTP/1.1" 200 4515
200.112.49.18 - - [21/Aug/2017:08:59:52 -0300] "POST /cormun/servlet/trpermisosgoce?11cba4e03a13c4bf4f1aacd29fa9dfc0,gx-no-cache=1503316546810,gx-no-cache=1503316817663 HTTP/1.1" 200 16389
200.112.49.18 - - [21/Aug/2017:08:59:52 -0300] "GET /cormun/static/Shared/jqueryui/images/ui-bg_highlight-soft_100_c6c2c8_1x100.png HTTP/1.1" 404 1117
200.112.49.18 - - [21/Aug/2017:08:59:53 -0300] "GET /cormun/static/Shared/jqueryui/images/ui-bg_flat_55_fafafa_40x100.png HTTP/1.1" 404 1097
200.112.49.18 - - [21/Aug/2017:08:59:53 -0300] "GET /cormun/static/Shared/jqueryui/images/ui-icons_8d78a5_256x240.png HTTP/1.1" 404 1089
200.112.49.18 - - [21/Aug/2017:08:59:53 -0300] "GET /cormun/static/Shared/jqueryui/images/ui-icons_82798d_256x240.png HTTP/1.1" 404 1089
186.103.159.46 - - [21/Aug/2017:09:00:44 -0300] "GET /cormun/static/menuarrow.gif HTTP/1.1" 404 1015
186.79.101.133 - - [21/Aug/2017:09:01:33 -0300] "GET /cormun/servlet/solicitudotadjuntos?05ec20ad4e12f06ead7e7232229d3059a8963d7fd5d36faa1a52837daa07df27,gx-no-cache=1503316933947 HTTP/1.1" 200 30
186.79.101.133 - - [21/Aug/2017:09:01:34 -0300] "GET /cormun/servlet/solicitudotadjuntos?05ec20ad4e12f06ead7e7232229d3059a8963d7fd5d36faa1a52837daa07df27,gx-no-cache=1503316934154 HTTP/1.1" 200 30
186.79.101.133 - - [21/Aug/2017:09:02:12 -0300] "POST /cormun/servlet/solicitudotadjuntos?3755090dfc829c0bc841dc9c987172b4,INS,2017,7224,,1, HTTP/1.1" 200 116
186.79.101.133 - - [21/Aug/2017:09:02:12 -0300] "GET /cormun/servlet/hpexe_return? HTTP/1.1" 200 1021
186.79.101.133 - - [21/Aug/2017:09:02:13 -0300] "GET /cormun/servlet/trsolicitudadjuntos?2017,7224, HTTP/1.1" 200 8874
186.79.101.133 - - [21/Aug/2017:09:02:14 -0300] "GET /cormun/servlet/trsolicitudadjuntos?2017,7224, HTTP/1.1" 200 8874
186.79.101.133 - - [21/Aug/2017:09:02:34 -0300] "GET /cormun/servlet/solicitudotadjuntos?INS,2017,7224,,1, HTTP/1.1" 200 5867
186.79.101.133 - - [21/Aug/2017:09:02:34 -0300] "GET /cormun/static/about:blank HTTP/1.1" 404 1011
186.79.101.133 - - [21/Aug/2017:09:02:34 -0300] "GET /cormun/servlet/solicitudotadjuntos?INS,2017,7224,,1, HTTP/1.1" 200 5861
186.79.101.133 - - [21/Aug/2017:09:02:35 -0300] "GET /cormun/servlet/solicitudotadjuntos?05ec20ad4e12f06ead7e7232229d30592526314c62e9148af2ca81ac89fb8d6b9737d5452d8981d90c1f4a0bf947f735,gx-no-cache=1503316995507 HTTP/1.1" 200 30
186.79.101.133 - - [21/Aug/2017:09:02:35 -0300] "POST /cormun/servlet/solicitudotadjuntos?3755090dfc829c0bc841dc9c987172b4,INS,2017,7224,,1,,gx-no-cache=1503316995633 HTTP/1.1" 200 3640
186.79.101.133 - - [21/Aug/2017:09:02:39 -0300] "POST /cormun/servlet/solicitudotadjuntos?gx-no-cache=1503316999923 HTTP/1.1" 200 26
186.79.101.133 - - [21/Aug/2017:09:02:44 -0300] "GET /cormun/servlet/solicitudotadjuntos?05ec20ad4e12f06ead7e7232229d3059a8963d7fd5d36faa1a52837daa07df27,gx-no-cache=1503317005042 HTTP/1.1" 200 30
186.79.101.133 - - [21/Aug/2017:09:02:44 -0300] "GET /cormun/servlet/solicitudotadjuntos?05ec20ad4e12f06ead7e7232229d3059a8963d7fd5d36faa1a52837daa07df27,gx-no-cache=1503317005122 HTTP/1.1" 200 30
186.79.101.133 - - [21/Aug/2017:09:02:59 -0300] "POST /cormun/servlet/solicitudotadjuntos?3755090dfc829c0bc841dc9c987172b4,INS,2017,7224,,1, HTTP/1.1" 200 116
186.79.101.133 - - [21/Aug/2017:09:02:59 -0300] "GET /cormun/servlet/hpexe_return? HTTP/1.1" 200 1021
186.79.101.133 - - [21/Aug/2017:09:03:00 -0300] "GET /cormun/servlet/trsolicitudadjuntos?2017,7224, HTTP/1.1" 200 9128
186.79.101.133 - - [21/Aug/2017:09:03:01 -0300] "GET /cormun/servlet/trsolicitudadjuntos?2017,7224, HTTP/1.1" 200 9124
186.79.101.133 - - [21/Aug/2017:09:03:37 -0300] "GET /cormun/servlet/trsolicitudot? HTTP/1.1" 200 10844
186.79.101.133 - - [21/Aug/2017:09:03:37 -0300] "GET /cormun/servlet/trsolicitudot? HTTP/1.1" 200 10838
186.79.101.133 - - [21/Aug/2017:09:03:43 -0300] "POST /cormun/servlet/trsolicitudot?3755090dfc829c0bc841dc9c987172b4,,gx-no-cache=1503317062628 HTTP/1.1" 200 8010
186.79.101.133 - - [21/Aug/2017:09:03:43 -0300] "GET /cormun/static/Shared/jqueryui/images/ui-bg_highlight-soft_100_c6c2c8_1x100.png HTTP/1.1" 404 1117
186.79.101.133 - - [21/Aug/2017:09:03:43 -0300] "GET /cormun/static/Shared/jqueryui/images/ui-icons_82798d_256x240.png HTTP/1.1" 404 1089
186.79.101.133 - - [21/Aug/2017:09:03:43 -0300] "GET /cormun/static/Shared/jqueryui/images/ui-icons_8d78a5_256x240.png HTTP/1.1" 404 1089
186.79.101.133 - - [21/Aug/2017:09:03:43 -0300] "GET /cormun/static/Shared/jqueryui/images/ui-bg_flat_55_fafafa_40x100.png HTTP/1.1" 404 1097
186.79.101.133 - - [21/Aug/2017:09:03:43 -0300] "POST /cormun/servlet/trsolicitudot?3755090dfc829c0bc841dc9c987172b4,,gx-no-cache=1503317063536 HTTP/1.1" 200 7945
186.79.101.133 - - [21/Aug/2017:09:03:53 -0300] "GET /cormun/servlet/hlogin HTTP/1.1" 200 1731
186.103.159.46 - - [21/Aug/2017:09:05:30 -0300] "GET /cormun/servlet/licenciaspermisos?dd48062bbcce7a423853e5faff47dd92c88f23253d7e1775839d78d23d3f696dda05383f4294f09f5e29a472fbcf98f5079485d69f871ccba7ff7ebbddb06c27138b9ca731a8ee3b21ae573f5147cdce88b5d0daa9a7ecb64d4273cbb9952d3c3b3f7fb14fb98cec916b88f60e4e9a0b7a0ceaaeccb2f1ca5aa1f81a0ceaf20afc9b7af0c7741268a27ef501e8c60e8862eb6116ba2cac25f95a7e2fb613672d09360526564bdff93a1a31b0d5fc7faf,gx-no-cache=1503317170765 HTTP/1.1" 200 30
186.103.159.46 - - [21/Aug/2017:09:05:31 -0300] "POST /cormun/servlet/licenciaspermisos?dc3056c7d1242c20726b340f7433462d,INS,0,,,,gx-no-cache=1503317170991 HTTP/1.1" 200 4612
186.103.159.46 - - [21/Aug/2017:09:06:55 -0300] "GET /cormun/static/Resources/resize.gif HTTP/1.1" 200 77
186.103.159.46 - - [21/Aug/2017:09:06:56 -0300] "GET /cormun/servlet/prfichaempleado?,MD,,gxPopupLevel%3D0%3B HTTP/1.1" 200 9266
186.103.159.46 - - [21/Aug/2017:09:06:56 -0300] "GET /cormun/static/gxcfg.js?20177612134814 HTTP/1.1" 200 953
186.103.159.46 - - [21/Aug/2017:09:06:56 -0300] "GET /cormun/static/Resources/PXToolsMenuSearch.png HTTP/1.1" 200 2914
186.103.159.46 - - [21/Aug/2017:09:06:56 -0300] "GET /cormun/static/menusearch.js?201610171694467 HTTP/1.1" 200 1424
186.103.159.46 - - [21/Aug/2017:09:06:56 -0300] "GET /cormun/static/Resources/PXToolsMenuSearchCancel.png HTTP/1.1" 200 2972
186.103.159.46 - - [21/Aug/2017:09:06:56 -0300] "GET /cormun/static/prfichaempleado.js?20177612134999 HTTP/1.1" 200 16006
186.103.159.46 - - [21/Aug/2017:09:06:56 -0300] "GET /cormun/static/hmpwkw011.js?20177612121862 HTTP/1.1" 200 1968
186.103.159.46 - - [21/Aug/2017:09:07:19 -0300] "GET /cormun/servlet/licenciaspermisos?dd48062bbcce7a423853e5faff47dd920bae54703ef1ac5a96948f2f23e41810b32c70a28e62f0e4117c427d5cee57a109e8cabe8b93e8939584c8319ee02aabc73f92b812c5e4c34b1051a6d6855341ca853026a12aabf439366c97363c5f7ce18512683eb04c78e98adf30ffeaedcf912133197bcb8338d51e34d5f0687c5353a0a1f34d47fe1a055176638bbaa9772942dc2ddfeb94a27310b10b42208527cacf7a1c9f9c51bbcad83f5c3a16c0d868ef96e8d4703298c9eff4bbaf1ff1629377d5fe83f6080df2d8488966aa698cf3ce2c2439dc06d258ab0e4ce69ab4cefb484265a72db7f6952c7cf14469c97c,gx-no-cache=1503317279739 HTTP/1.1" 200 66
186.103.159.46 - - [21/Aug/2017:09:07:20 -0300] "POST /cormun/servlet/licenciaspermisos?dc3056c7d1242c20726b340f7433462d,INS,0,,,,gx-no-cache=1503317280126 HTTP/1.1" 200 93
