186.79.249.27 - - [21/Aug/2017:16:09:42 -0300] "GET /cormun/static/menuarrow.gif HTTP/1.1" 404 1015
186.79.249.27 - - [21/Aug/2017:16:09:47 -0300] "GET /cormun/servlet/permisogoce?318bcded2b0b04fbc7ca568efbdda75a45f71c6cb0b8eb8dc3d770fe935e103a3c89fbe7232a4ef7909530403cbbf3762c51555b192012bc53edde6321931fa8,gx-no-cache=1503342627717 HTTP/1.1" 200 48
186.79.249.27 - - [21/Aug/2017:16:10:17 -0300] "POST /cormun/servlet/permisogoce?4e95ca998df8e6a28dbc18ef4fc5a0c1,INS,0,,,,gx-no-cache=1503342657043 HTTP/1.1" 200 93
186.79.249.27 - - [21/Aug/2017:16:10:17 -0300] "GET /cormun/servlet/hpexe_return? HTTP/1.1" 200 1005
186.79.249.27 - - [21/Aug/2017:16:10:18 -0300] "GET /cormun/servlet/trpermisosgoce HTTP/1.1" 200 10655
186.79.249.27 - - [21/Aug/2017:16:10:20 -0300] "GET /cormun/servlet/trpermisosgoce HTTP/1.1" 200 10629
186.103.158.250 - - [21/Aug/2017:16:10:23 -0300] "POST /cormun/servlet/trlicencias?2c4cbe3509dcdf06286f1d925780c7c1,,gx-no-cache=1503346415801 HTTP/1.1" 200 7294
186.103.158.250 - - [21/Aug/2017:16:10:23 -0300] "GET /cormun/static/Shared/jqueryui/images/ui-bg_highlight-soft_100_c6c2c8_1x100.png HTTP/1.1" 404 1117
186.103.158.250 - - [21/Aug/2017:16:10:23 -0300] "GET /cormun/static/Shared/jqueryui/images/ui-icons_82798d_256x240.png HTTP/1.1" 404 1089
186.103.158.250 - - [21/Aug/2017:16:10:23 -0300] "GET /cormun/static/Shared/jqueryui/images/ui-bg_flat_55_fafafa_40x100.png HTTP/1.1" 404 1097
186.103.158.250 - - [21/Aug/2017:16:10:23 -0300] "GET /cormun/static/Shared/jqueryui/images/ui-icons_8d78a5_256x240.png HTTP/1.1" 404 1089
186.79.249.27 - - [21/Aug/2017:16:10:25 -0300] "GET /cormun/servlet/permisogoce?INS,0,,, HTTP/1.1" 200 6898
186.79.249.27 - - [21/Aug/2017:16:10:26 -0300] "GET /cormun/servlet/permisogoce?INS,0,,, HTTP/1.1" 200 6898
186.79.249.27 - - [21/Aug/2017:16:10:35 -0300] "GET /cormun/servlet/permisogoce?318bcded2b0b04fbc7ca568efbdda75ae2bc2932acf6f8fdc4bd82e38ae8668bfeb13fd9769a867aacdb2536a7a774ba,gx-no-cache=1503342675090 HTTP/1.1" 200 68
186.79.249.27 - - [21/Aug/2017:16:10:35 -0300] "GET /cormun/static/menuarrow.gif HTTP/1.1" 404 1015
200.112.49.18 - - [21/Aug/2017:16:10:35 -0300] "POST /cormun/servlet/permisosadjuntos?b5b28aa763472c0878f4b2e2c671096b,INS,16494415,P,20170821160512,,,gx-no-cache=1503342675820 HTTP/1.1" 200 93
200.112.49.18 - - [21/Aug/2017:16:10:35 -0300] "GET /cormun/servlet/hpexe_return? HTTP/1.1" 200 1040
200.112.49.18 - - [21/Aug/2017:16:10:36 -0300] "GET /cormun/servlet/trpermisosadjuntos?16494415,20170821160512,P, HTTP/1.1" 200 6704
200.112.49.18 - - [21/Aug/2017:16:10:37 -0300] "GET /cormun/servlet/trpermisosadjuntos?16494415,20170821160512,P, HTTP/1.1" 200 6700
186.79.249.27 - - [21/Aug/2017:16:10:41 -0300] "GET /cormun/servlet/permisogoce?318bcded2b0b04fbc7ca568efbdda75aab175ff8e1631da202a2eb9409be2a71503cc047a0d265f731d1c9b9a219574600577e3f723307c74e770c2a8dd1f0d9,gx-no-cache=1503342682101 HTTP/1.1" 200 46
186.79.249.27 - - [21/Aug/2017:16:10:49 -0300] "POST /cormun/servlet/permisogoce?4e95ca998df8e6a28dbc18ef4fc5a0c1,INS,0,,,,gx-no-cache=1503342689430 HTTP/1.1" 200 93
186.79.249.27 - - [21/Aug/2017:16:10:49 -0300] "GET /cormun/servlet/hpexe_return? HTTP/1.1" 200 1005
186.79.249.27 - - [21/Aug/2017:16:10:50 -0300] "GET /cormun/servlet/trpermisosgoce HTTP/1.1" 200 10883
186.79.249.27 - - [21/Aug/2017:16:10:52 -0300] "GET /cormun/servlet/trpermisosgoce HTTP/1.1" 200 10863
186.79.249.27 - - [21/Aug/2017:16:10:56 -0300] "GET /cormun/servlet/permisogoce?INS,0,,, HTTP/1.1" 200 6897
186.79.249.27 - - [21/Aug/2017:16:10:57 -0300] "GET /cormun/servlet/permisogoce?INS,0,,, HTTP/1.1" 200 6898
186.79.249.27 - - [21/Aug/2017:16:11:06 -0300] "GET /cormun/servlet/permisogoce?318bcded2b0b04fbc7ca568efbdda75ae1b15b6690de5478f64ddaf08c883a5fbd2d0015f5e539f2e53a534066a840d382c8f6557181469746f970808a548d93,gx-no-cache=1503342706571 HTTP/1.1" 200 181
186.79.249.27 - - [21/Aug/2017:16:11:06 -0300] "GET /cormun/static/Shared/jqueryui/images/ui-bg_highlight-soft_100_c6c2c8_1x100.png HTTP/1.1" 404 1117
186.79.249.27 - - [21/Aug/2017:16:11:06 -0300] "GET /cormun/static/Shared/jqueryui/images/ui-icons_82798d_256x240.png HTTP/1.1" 404 1089
186.79.249.27 - - [21/Aug/2017:16:11:06 -0300] "GET /cormun/static/Shared/jqueryui/images/ui-bg_flat_55_994d53_40x100.png HTTP/1.1" 404 1097
186.79.249.27 - - [21/Aug/2017:16:11:07 -0300] "GET /cormun/static/Shared/jqueryui/images/ui-icons_ebccce_256x240.png HTTP/1.1" 404 1089
200.112.49.18 - - [21/Aug/2017:16:11:09 -0300] "GET /cormun/servlet/permisosadjuntos?DLT,16494415,P,20170821160512,20170821160624, HTTP/1.1" 200 5649
200.112.49.18 - - [21/Aug/2017:16:11:09 -0300] "GET /cormun/static/about:blank HTTP/1.1" 404 1011
200.112.49.18 - - [21/Aug/2017:16:11:09 -0300] "GET /cormun/static/Shared/jqueryui/images/ui-bg_highlight-soft_100_c6c2c8_1x100.png HTTP/1.1" 404 1117
200.112.49.18 - - [21/Aug/2017:16:11:10 -0300] "GET /cormun/static/Shared/jqueryui/images/ui-icons_82798d_256x240.png HTTP/1.1" 404 1089
200.112.49.18 - - [21/Aug/2017:16:11:10 -0300] "GET /cormun/static/Shared/jqueryui/images/ui-icons_8d78a5_256x240.png HTTP/1.1" 404 1089
200.112.49.18 - - [21/Aug/2017:16:11:10 -0300] "GET /cormun/static/Shared/jqueryui/images/ui-bg_flat_55_fafafa_40x100.png HTTP/1.1" 404 1097
200.112.49.18 - - [21/Aug/2017:16:11:10 -0300] "GET /cormun/servlet/permisosadjuntos?DLT,16494415,P,20170821160512,20170821160624, HTTP/1.1" 200 5639
186.103.158.250 - - [21/Aug/2017:16:11:16 -0300] "GET /cormun/servlet/licenciaspermisos?INS,0,,, HTTP/1.1" 200 7329
186.103.158.250 - - [21/Aug/2017:16:11:17 -0300] "GET /cormun/servlet/licenciaspermisos?INS,0,,, HTTP/1.1" 200 7329
200.112.49.18 - - [21/Aug/2017:16:11:24 -0300] "GET /cormun/servlet/trpermisosadjuntos?16494415,20170821160512,P, HTTP/1.1" 200 6704
200.112.49.18 - - [21/Aug/2017:16:11:24 -0300] "GET /cormun/servlet/trpermisosadjuntos?16494415,20170821160512,P, HTTP/1.1" 200 6700
200.112.49.18 - - [21/Aug/2017:16:11:27 -0300] "GET /cormun/servlet/permisosadjuntos?DLT,16494415,P,20170821160512,20170821160624, HTTP/1.1" 200 5649
200.112.49.18 - - [21/Aug/2017:16:11:27 -0300] "GET /cormun/static/about:blank HTTP/1.1" 404 1011
200.112.49.18 - - [21/Aug/2017:16:11:28 -0300] "GET /cormun/static/Shared/jqueryui/images/ui-icons_82798d_256x240.png HTTP/1.1" 404 1089
200.112.49.18 - - [21/Aug/2017:16:11:28 -0300] "GET /cormun/static/Shared/jqueryui/images/ui-bg_highlight-soft_100_c6c2c8_1x100.png HTTP/1.1" 404 1117
200.112.49.18 - - [21/Aug/2017:16:11:28 -0300] "GET /cormun/static/Shared/jqueryui/images/ui-bg_flat_55_fafafa_40x100.png HTTP/1.1" 404 1097
200.112.49.18 - - [21/Aug/2017:16:11:28 -0300] "GET /cormun/static/Shared/jqueryui/images/ui-icons_8d78a5_256x240.png HTTP/1.1" 404 1089
200.112.49.18 - - [21/Aug/2017:16:11:28 -0300] "GET /cormun/servlet/permisosadjuntos?DLT,16494415,P,20170821160512,20170821160624, HTTP/1.1" 200 5639
200.112.49.18 - - [21/Aug/2017:16:11:32 -0300] "POST /cormun/servlet/permisosadjuntos?b5b28aa763472c0878f4b2e2c671096b,DLT,16494415,P,20170821160512,20170821160624,,gx-no-cache=1503342733068 HTTP/1.1" 200 93
200.112.49.18 - - [21/Aug/2017:16:11:32 -0300] "GET /cormun/servlet/hpexe_return? HTTP/1.1" 200 1045
200.112.49.18 - - [21/Aug/2017:16:11:32 -0300] "GET /cormun/servlet/trpermisosadjuntos?16494415,20170821160512,P, HTTP/1.1" 200 6704
200.112.49.18 - - [21/Aug/2017:16:11:33 -0300] "GET /cormun/servlet/trpermisosadjuntos?16494415,20170821160512,P, HTTP/1.1" 200 6700
200.112.49.18 - - [21/Aug/2017:16:11:35 -0300] "GET /cormun/servlet/permisosadjuntos?DLT,16494415,P,20170821160512,20170821160624, HTTP/1.1" 200 5649
200.112.49.18 - - [21/Aug/2017:16:11:35 -0300] "GET /cormun/static/about:blank HTTP/1.1" 404 1011
200.112.49.18 - - [21/Aug/2017:16:11:35 -0300] "GET /cormun/static/Shared/jqueryui/images/ui-bg_highlight-soft_100_c6c2c8_1x100.png HTTP/1.1" 404 1117
200.112.49.18 - - [21/Aug/2017:16:11:35 -0300] "GET /cormun/static/Shared/jqueryui/images/ui-icons_82798d_256x240.png HTTP/1.1" 404 1089
200.112.49.18 - - [21/Aug/2017:16:11:35 -0300] "GET /cormun/static/Shared/jqueryui/images/ui-bg_flat_55_fafafa_40x100.png HTTP/1.1" 404 1097
200.112.49.18 - - [21/Aug/2017:16:11:35 -0300] "GET /cormun/static/Shared/jqueryui/images/ui-icons_8d78a5_256x240.png HTTP/1.1" 404 1089
200.112.49.18 - - [21/Aug/2017:16:11:35 -0300] "GET /cormun/servlet/permisosadjuntos?DLT,16494415,P,20170821160512,20170821160624, HTTP/1.1" 200 5639
200.112.49.18 - - [21/Aug/2017:16:11:36 -0300] "POST /cormun/servlet/permisosadjuntos?b5b28aa763472c0878f4b2e2c671096b,DLT,16494415,P,20170821160512,20170821160624,,gx-no-cache=1503342737698 HTTP/1.1" 200 93
200.112.49.18 - - [21/Aug/2017:16:11:36 -0300] "GET /cormun/servlet/hpexe_return? HTTP/1.1" 200 1045
200.112.49.18 - - [21/Aug/2017:16:11:37 -0300] "GET /cormun/servlet/trpermisosadjuntos?16494415,20170821160512,P, HTTP/1.1" 200 6374
200.112.49.18 - - [21/Aug/2017:16:11:37 -0300] "GET /cormun/servlet/trpermisosadjuntos?16494415,20170821160512,P, HTTP/1.1" 200 6370
200.112.49.18 - - [21/Aug/2017:16:11:40 -0300] "GET /cormun/servlet/permisosadjuntos?INS,16494415,P,20170821160512,, HTTP/1.1" 200 5696
200.112.49.18 - - [21/Aug/2017:16:11:40 -0300] "GET /cormun/static/about:blank HTTP/1.1" 404 1011
200.112.49.18 - - [21/Aug/2017:16:11:41 -0300] "GET /cormun/servlet/permisosadjuntos?INS,16494415,P,20170821160512,, HTTP/1.1" 200 5687
186.103.158.250 - - [21/Aug/2017:16:11:45 -0300] "GET /cormun/servlet/licenciaspermisos?34b3274732f25f551b5439c00a26fad45625dbb627225e6fb084032eb57dfe287da94678d4069cc52b68797253544de7,gx-no-cache=1503346499019 HTTP/1.1" 200 83
186.103.158.250 - - [21/Aug/2017:16:11:46 -0300] "POST /cormun/servlet/licenciaspermisos?2c4cbe3509dcdf06286f1d925780c7c1,INS,0,,,,gx-no-cache=1503346499136 HTTP/1.1" 200 4522
186.103.158.250 - - [21/Aug/2017:16:12:19 -0300] "GET /cormun/static/menuarrow.gif HTTP/1.1" 404 1015
192.168.10.96 - - [21/Aug/2017:16:12:49 -0300] "POST /cormun/servlet/trsolicitudgral?43d61588d83cd664dfc6a1d4062c32af,,gx-no-cache=1503342740067 HTTP/1.1" 200 5762
192.168.10.96 - - [21/Aug/2017:16:12:54 -0300] "POST /cormun/servlet/trsolicitudgral?43d61588d83cd664dfc6a1d4062c32af,,gx-no-cache=1503342745505 HTTP/1.1" 200 5759
192.168.10.96 - - [21/Aug/2017:16:13:00 -0300] "POST /cormun/servlet/trsolicitudgral?43d61588d83cd664dfc6a1d4062c32af,,gx-no-cache=1503342750626 HTTP/1.1" 200 5760
192.168.10.96 - - [21/Aug/2017:16:13:07 -0300] "POST /cormun/servlet/trsolicitudgral?43d61588d83cd664dfc6a1d4062c32af,,gx-no-cache=1503342757641 HTTP/1.1" 200 5762
192.168.10.96 - - [21/Aug/2017:16:13:10 -0300] "POST /cormun/servlet/trsolicitudgral?43d61588d83cd664dfc6a1d4062c32af,,gx-no-cache=1503342760706 HTTP/1.1" 200 5761
186.79.249.27 - - [21/Aug/2017:16:13:13 -0300] "POST /cormun/servlet/permisogoce?4e95ca998df8e6a28dbc18ef4fc5a0c1,INS,0,,,,gx-no-cache=1503342833002 HTTP/1.1" 200 90
186.79.249.27 - - [21/Aug/2017:16:13:13 -0300] "GET /cormun/servlet/hpexe_link HTTP/1.1" 200 959
186.79.249.27 - - [21/Aug/2017:16:13:13 -0300] "GET /cormun/servlet/trpermisosgoce HTTP/1.1" 200 10857
192.168.10.96 - - [21/Aug/2017:16:13:14 -0300] "POST /cormun/servlet/trsolicitudgral?43d61588d83cd664dfc6a1d4062c32af,,gx-no-cache=1503342764682 HTTP/1.1" 200 5762
186.79.249.27 - - [21/Aug/2017:16:13:15 -0300] "GET /cormun/servlet/trpermisosgoce HTTP/1.1" 200 10842
192.168.10.96 - - [21/Aug/2017:16:13:18 -0300] "POST /cormun/servlet/trsolicitudgral?43d61588d83cd664dfc6a1d4062c32af,,gx-no-cache=1503342768866 HTTP/1.1" 200 7155
186.79.249.27 - - [21/Aug/2017:16:13:34 -0300] "GET /cormun/servlet/permisogoce?INS,0,,, HTTP/1.1" 200 6897
186.79.249.27 - - [21/Aug/2017:16:13:35 -0300] "GET /cormun/servlet/permisogoce?INS,0,,, HTTP/1.1" 200 6897
186.79.249.27 - - [21/Aug/2017:16:13:42 -0300] "GET /cormun/servlet/permisogoce?318bcded2b0b04fbc7ca568efbdda75af35cfd9d45ebf23368132dfb5f250d60bd2d0015f5e539f2e53a534066a840d382c8f6557181469746f970808a548d93,gx-no-cache=1503342862676 HTTP/1.1" 200 80
186.79.249.27 - - [21/Aug/2017:16:13:42 -0300] "GET /cormun/static/menuarrow.gif HTTP/1.1" 404 1015
186.79.249.27 - - [21/Aug/2017:16:13:47 -0300] "GET /cormun/servlet/permisogoce?318bcded2b0b04fbc7ca568efbdda75ad23efcd9a2f445c47755b3b13fe2df960a65d4ee7fc7b64b7005cafd7f762bf52c51555b192012bc53edde6321931fa8,gx-no-cache=1503342868036 HTTP/1.1" 200 47
186.79.249.27 - - [21/Aug/2017:16:14:14 -0300] "POST /cormun/servlet/permisogoce?4e95ca998df8e6a28dbc18ef4fc5a0c1,INS,0,,,,gx-no-cache=1503342893657 HTTP/1.1" 200 93
186.79.249.27 - - [21/Aug/2017:16:14:14 -0300] "GET /cormun/servlet/hpexe_return? HTTP/1.1" 200 1005
186.79.249.27 - - [21/Aug/2017:16:14:15 -0300] "GET /cormun/servlet/trpermisosgoce HTTP/1.1" 200 11102
186.79.249.27 - - [21/Aug/2017:16:14:17 -0300] "GET /cormun/servlet/trpermisosgoce HTTP/1.1" 200 11078
186.79.249.27 - - [21/Aug/2017:16:14:22 -0300] "GET /cormun/servlet/permisogoce?INS,0,,, HTTP/1.1" 200 6898
186.79.249.27 - - [21/Aug/2017:16:14:23 -0300] "GET /cormun/servlet/permisogoce?INS,0,,, HTTP/1.1" 200 6897
186.79.249.27 - - [21/Aug/2017:16:14:38 -0300] "GET /cormun/servlet/permisogoce?318bcded2b0b04fbc7ca568efbdda75a6cd9f6011c90b3ddf4b852b963a1de03bd2d0015f5e539f2e53a534066a840d382c8f6557181469746f970808a548d93,gx-no-cache=1503342918729 HTTP/1.1" 200 76
186.79.249.27 - - [21/Aug/2017:16:14:38 -0300] "GET /cormun/static/menuarrow.gif HTTP/1.1" 404 1015
186.79.249.27 - - [21/Aug/2017:16:14:45 -0300] "GET /cormun/servlet/permisogoce?318bcded2b0b04fbc7ca568efbdda75ad9e1285c4fafa1eeb623c86f3a6a5a4637b40af5292e2ab78cb46e16d1e3039f9e4f4c1460240f64e0ace0df14ccb450,gx-no-cache=1503342925692 HTTP/1.1" 200 47
186.79.249.27 - - [21/Aug/2017:16:14:51 -0300] "POST /cormun/servlet/permisogoce?4e95ca998df8e6a28dbc18ef4fc5a0c1,INS,0,,,,gx-no-cache=1503342930893 HTTP/1.1" 200 93
186.79.249.27 - - [21/Aug/2017:16:14:51 -0300] "GET /cormun/servlet/hpexe_return? HTTP/1.1" 200 1005
186.79.249.27 - - [21/Aug/2017:16:14:52 -0300] "GET /cormun/servlet/trpermisosgoce HTTP/1.1" 200 11339
186.79.249.27 - - [21/Aug/2017:16:14:53 -0300] "GET /cormun/servlet/trpermisosgoce HTTP/1.1" 200 11364
186.79.249.27 - - [21/Aug/2017:16:15:02 -0300] "GET /cormun/servlet/permisogoce?INS,0,,, HTTP/1.1" 200 6896
186.79.249.27 - - [21/Aug/2017:16:15:03 -0300] "GET /cormun/servlet/permisogoce?INS,0,,, HTTP/1.1" 200 6895
186.79.249.27 - - [21/Aug/2017:16:15:10 -0300] "GET /cormun/servlet/permisogoce?318bcded2b0b04fbc7ca568efbdda75a213b4bffd9307cd947ce73de6af09f2fbd2d0015f5e539f2e53a534066a840d382c8f6557181469746f970808a548d93,gx-no-cache=1503342950992 HTTP/1.1" 200 78
186.79.249.27 - - [21/Aug/2017:16:15:11 -0300] "GET /cormun/static/menuarrow.gif HTTP/1.1" 404 1015
186.79.249.27 - - [21/Aug/2017:16:15:18 -0300] "GET /cormun/servlet/permisogoce?318bcded2b0b04fbc7ca568efbdda75aab03e23e300c443527cfc624d7d9396a9e9f7b4a6db8fd26c75c8220f75d1b732c51555b192012bc53edde6321931fa8,gx-no-cache=1503342958652 HTTP/1.1" 200 47
186.79.249.27 - - [21/Aug/2017:16:15:22 -0300] "POST /cormun/servlet/permisogoce?4e95ca998df8e6a28dbc18ef4fc5a0c1,INS,0,,,,gx-no-cache=1503342962419 HTTP/1.1" 200 93
186.79.249.27 - - [21/Aug/2017:16:15:22 -0300] "GET /cormun/servlet/hpexe_return? HTTP/1.1" 200 1005
186.79.249.27 - - [21/Aug/2017:16:15:23 -0300] "GET /cormun/servlet/trpermisosgoce HTTP/1.1" 200 11547
186.79.249.27 - - [21/Aug/2017:16:15:24 -0300] "GET /cormun/servlet/trpermisosgoce HTTP/1.1" 200 11571
186.79.249.27 - - [21/Aug/2017:16:15:28 -0300] "GET /cormun/servlet/permisogoce?INS,0,,, HTTP/1.1" 200 6897
186.79.249.27 - - [21/Aug/2017:16:15:29 -0300] "GET /cormun/servlet/permisogoce?INS,0,,, HTTP/1.1" 200 6897
186.79.249.27 - - [21/Aug/2017:16:15:36 -0300] "GET /cormun/servlet/permisogoce?318bcded2b0b04fbc7ca568efbdda75a6cd9f6011c90b3ddf4b852b963a1de03bd2d0015f5e539f2e53a534066a840d382c8f6557181469746f970808a548d93,gx-no-cache=1503342977099 HTTP/1.1" 200 73
186.79.249.27 - - [21/Aug/2017:16:15:37 -0300] "GET /cormun/static/menuarrow.gif HTTP/1.1" 404 1015
186.79.249.27 - - [21/Aug/2017:16:15:42 -0300] "GET /cormun/servlet/permisogoce?318bcded2b0b04fbc7ca568efbdda75ad9e1285c4fafa1eeb623c86f3a6a5a4690d95ccfc8cedf2b51d9ed9985c0b9da2c51555b192012bc53edde6321931fa8,gx-no-cache=1503342982757 HTTP/1.1" 200 48
186.79.249.27 - - [21/Aug/2017:16:15:54 -0300] "POST /cormun/servlet/permisogoce?4e95ca998df8e6a28dbc18ef4fc5a0c1,INS,0,,,,gx-no-cache=1503342994174 HTTP/1.1" 200 93
186.79.249.27 - - [21/Aug/2017:16:15:54 -0300] "GET /cormun/servlet/hpexe_return? HTTP/1.1" 200 1005
186.79.249.27 - - [21/Aug/2017:16:15:55 -0300] "GET /cormun/servlet/trpermisosgoce HTTP/1.1" 200 11758
186.79.249.27 - - [21/Aug/2017:16:15:56 -0300] "GET /cormun/servlet/trpermisosgoce HTTP/1.1" 200 11757
186.79.249.27 - - [21/Aug/2017:16:16:01 -0300] "GET /cormun/servlet/permisogoce?INS,0,,, HTTP/1.1" 200 6898
186.79.249.27 - - [21/Aug/2017:16:16:02 -0300] "GET /cormun/servlet/permisogoce?INS,0,,, HTTP/1.1" 200 6897
186.79.249.27 - - [21/Aug/2017:16:16:09 -0300] "GET /cormun/servlet/permisogoce?318bcded2b0b04fbc7ca568efbdda75a27d1c468d3a3418551302ca1441e7a8cfeb13fd9769a867aacdb2536a7a774ba,gx-no-cache=1503343009641 HTTP/1.1" 200 77
186.79.249.27 - - [21/Aug/2017:16:16:09 -0300] "GET /cormun/static/menuarrow.gif HTTP/1.1" 404 1015
186.79.249.27 - - [21/Aug/2017:16:16:19 -0300] "GET /cormun/servlet/permisogoce?318bcded2b0b04fbc7ca568efbdda75a7d26f29a5fb2a47b2883a95285d89fb9f1e86978683d240d2aca0f99a336bf1f00577e3f723307c74e770c2a8dd1f0d9,gx-no-cache=1503343019542 HTTP/1.1" 200 47
200.112.49.18 - - [21/Aug/2017:16:16:20 -0300] "POST /cormun/servlet/permisosadjuntos?b5b28aa763472c0878f4b2e2c671096b,INS,16494415,P,20170821160512,, HTTP/1.1" 200 116
200.112.49.18 - - [21/Aug/2017:16:16:20 -0300] "GET /cormun/servlet/hpexe_return? HTTP/1.1" 200 1040
200.112.49.18 - - [21/Aug/2017:16:16:21 -0300] "GET /cormun/servlet/trpermisosadjuntos?16494415,20170821160512,P, HTTP/1.1" 200 6836
200.112.49.18 - - [21/Aug/2017:16:16:23 -0300] "GET /cormun/servlet/trpermisosadjuntos?16494415,20170821160512,P, HTTP/1.1" 200 6834
186.79.249.27 - - [21/Aug/2017:16:16:24 -0300] "POST /cormun/servlet/permisogoce?4e95ca998df8e6a28dbc18ef4fc5a0c1,INS,0,,,,gx-no-cache=1503343023527 HTTP/1.1" 200 93
186.79.249.27 - - [21/Aug/2017:16:16:24 -0300] "GET /cormun/servlet/hpexe_return? HTTP/1.1" 200 1005
186.79.249.27 - - [21/Aug/2017:16:16:25 -0300] "GET /cormun/servlet/trpermisosgoce HTTP/1.1" 200 12005
186.79.249.27 - - [21/Aug/2017:16:16:27 -0300] "GET /cormun/servlet/trpermisosgoce HTTP/1.1" 200 12034
186.79.249.27 - - [21/Aug/2017:16:16:59 -0300] "GET /cormun/servlet/hlogin HTTP/1.1" 200 1714
186.79.249.27 - - [21/Aug/2017:16:17:16 -0300] "POST /cormun/servlet/hlogin?4e95ca998df8e6a28dbc18ef4fc5a0c1,gx-no-cache=1503343076233 HTTP/1.1" 200 90
186.79.249.27 - - [21/Aug/2017:16:17:28 -0300] "GET /cormun/servlet/hpexe_link HTTP/1.1" 200 950
186.79.249.27 - - [21/Aug/2017:16:17:28 -0300] "GET /cormun/servlet/trpermisosgoce HTTP/1.1" 200 12021
186.79.249.27 - - [21/Aug/2017:16:17:30 -0300] "GET /cormun/servlet/trpermisosgoce HTTP/1.1" 200 12010
186.79.249.27 - - [21/Aug/2017:16:17:39 -0300] "GET /cormun/servlet/permisogoce?INS,0,,, HTTP/1.1" 200 6898
186.79.249.27 - - [21/Aug/2017:16:17:43 -0300] "GET /cormun/servlet/permisogoce?INS,0,,, HTTP/1.1" 200 6897
186.79.249.27 - - [21/Aug/2017:16:17:49 -0300] "GET /cormun/servlet/permisogoce?318bcded2b0b04fbc7ca568efbdda75ac8272f4eeed7a4440ce601b79551bf56bd2d0015f5e539f2e53a534066a840d382c8f6557181469746f970808a548d93,gx-no-cache=1503343110049 HTTP/1.1" 200 75
186.79.249.27 - - [21/Aug/2017:16:17:53 -0300] "GET /cormun/static/menuarrow.gif HTTP/1.1" 404 1015
186.79.249.27 - - [21/Aug/2017:16:18:00 -0300] "GET /cormun/servlet/permisogoce?318bcded2b0b04fbc7ca568efbdda75a5714083ad38086eab7eebec79c84e4e9d3bc69f9e6040740db5b38428db964419e4f4c1460240f64e0ace0df14ccb450,gx-no-cache=1503343120296 HTTP/1.1" 200 47
186.79.249.27 - - [21/Aug/2017:16:18:07 -0300] "POST /cormun/servlet/permisogoce?4e95ca998df8e6a28dbc18ef4fc5a0c1,INS,0,,,,gx-no-cache=1503343127506 HTTP/1.1" 200 93
186.79.249.27 - - [21/Aug/2017:16:18:08 -0300] "GET /cormun/servlet/hpexe_return? HTTP/1.1" 200 1005
186.79.249.27 - - [21/Aug/2017:16:18:08 -0300] "GET /cormun/servlet/trpermisosgoce HTTP/1.1" 200 12281
186.79.249.27 - - [21/Aug/2017:16:18:44 -0300] "GET /cormun/servlet/trpermisosgoce HTTP/1.1" 200 12264
186.79.249.27 - - [21/Aug/2017:16:18:53 -0300] "GET /cormun/servlet/permisogoce?INS,0,,, HTTP/1.1" 200 6898
186.79.249.27 - - [21/Aug/2017:16:18:55 -0300] "GET /cormun/servlet/permisogoce?INS,0,,, HTTP/1.1" 200 6897
186.79.249.27 - - [21/Aug/2017:16:19:02 -0300] "GET /cormun/servlet/permisogoce?318bcded2b0b04fbc7ca568efbdda75aae19589ee1cb3a5432ab3ce4f5868c8ebd2d0015f5e539f2e53a534066a840d382c8f6557181469746f970808a548d93,gx-no-cache=1503343182684 HTTP/1.1" 200 80
186.79.249.27 - - [21/Aug/2017:16:19:02 -0300] "GET /cormun/static/menuarrow.gif HTTP/1.1" 404 1015
186.79.249.27 - - [21/Aug/2017:16:19:08 -0300] "GET /cormun/servlet/permisogoce?318bcded2b0b04fbc7ca568efbdda75ac5a71b7a0b29e1ea292bc106ed30295cddfa5b3c0cb2b0e0cd23a9c89ba7fcd32c51555b192012bc53edde6321931fa8,gx-no-cache=1503343188484 HTTP/1.1" 200 47
186.79.249.27 - - [21/Aug/2017:16:19:11 -0300] "POST /cormun/servlet/permisogoce?4e95ca998df8e6a28dbc18ef4fc5a0c1,INS,0,,,,gx-no-cache=1503343191373 HTTP/1.1" 200 93
186.79.249.27 - - [21/Aug/2017:16:19:11 -0300] "GET /cormun/servlet/hpexe_return? HTTP/1.1" 200 1005
186.79.249.27 - - [21/Aug/2017:16:19:12 -0300] "GET /cormun/servlet/trpermisosgoce HTTP/1.1" 200 12536
186.79.249.27 - - [21/Aug/2017:16:19:13 -0300] "GET /cormun/servlet/trpermisosgoce HTTP/1.1" 200 12513
186.79.249.27 - - [21/Aug/2017:16:19:16 -0300] "GET /cormun/servlet/permisogoce?INS,0,,, HTTP/1.1" 200 6898
186.79.249.27 - - [21/Aug/2017:16:19:17 -0300] "GET /cormun/servlet/permisogoce?INS,0,,, HTTP/1.1" 200 6897
186.79.249.27 - - [21/Aug/2017:16:19:24 -0300] "GET /cormun/servlet/permisogoce?318bcded2b0b04fbc7ca568efbdda75af885c25d232db68da274f42b0019921abd2d0015f5e539f2e53a534066a840d382c8f6557181469746f970808a548d93,gx-no-cache=1503343204731 HTTP/1.1" 200 87
186.79.249.27 - - [21/Aug/2017:16:19:24 -0300] "GET /cormun/static/menuarrow.gif HTTP/1.1" 404 1015
186.79.249.27 - - [21/Aug/2017:16:19:31 -0300] "GET /cormun/servlet/permisogoce?318bcded2b0b04fbc7ca568efbdda75a46a110791005cc65db20ab6e2ff472b23806e78aa122816108fb160f4dbc73779e4f4c1460240f64e0ace0df14ccb450,gx-no-cache=1503343211684 HTTP/1.1" 200 47
186.79.249.27 - - [21/Aug/2017:16:19:42 -0300] "POST /cormun/servlet/permisogoce?4e95ca998df8e6a28dbc18ef4fc5a0c1,INS,0,,,,gx-no-cache=1503343221898 HTTP/1.1" 200 93
186.79.249.27 - - [21/Aug/2017:16:19:42 -0300] "GET /cormun/servlet/hpexe_return? HTTP/1.1" 200 1005
186.79.249.27 - - [21/Aug/2017:16:19:42 -0300] "GET /cormun/servlet/trpermisosgoce HTTP/1.1" 200 12799
186.79.249.27 - - [21/Aug/2017:16:19:44 -0300] "GET /cormun/servlet/trpermisosgoce HTTP/1.1" 200 12791
186.79.249.27 - - [21/Aug/2017:16:19:47 -0300] "GET /cormun/servlet/permisogoce?INS,0,,, HTTP/1.1" 200 6898
186.79.249.27 - - [21/Aug/2017:16:19:48 -0300] "GET /cormun/servlet/permisogoce?INS,0,,, HTTP/1.1" 200 6895
186.79.249.27 - - [21/Aug/2017:16:19:55 -0300] "GET /cormun/servlet/permisogoce?318bcded2b0b04fbc7ca568efbdda75a07dfa5ff2398780a4ffaa7f474d1716abd2d0015f5e539f2e53a534066a840d382c8f6557181469746f970808a548d93,gx-no-cache=1503343235572 HTTP/1.1" 200 78
186.79.249.27 - - [21/Aug/2017:16:19:55 -0300] "GET /cormun/static/menuarrow.gif HTTP/1.1" 404 1015
186.79.249.27 - - [21/Aug/2017:16:20:01 -0300] "GET /cormun/servlet/permisogoce?318bcded2b0b04fbc7ca568efbdda75a3906ffe843b0dbdc4d9e397d7e3eacfcef63bb4f83e062b24b7c414a2e100ab02c51555b192012bc53edde6321931fa8,gx-no-cache=1503343241924 HTTP/1.1" 200 47
186.79.249.27 - - [21/Aug/2017:16:20:09 -0300] "POST /cormun/servlet/permisogoce?4e95ca998df8e6a28dbc18ef4fc5a0c1,INS,0,,,,gx-no-cache=1503343249012 HTTP/1.1" 200 93
186.79.249.27 - - [21/Aug/2017:16:20:12 -0300] "GET /cormun/servlet/hpexe_return? HTTP/1.1" 200 1005
186.79.249.27 - - [21/Aug/2017:16:20:12 -0300] "GET /cormun/servlet/trpermisosgoce HTTP/1.1" 200 13052
186.79.249.27 - - [21/Aug/2017:16:20:14 -0300] "GET /cormun/servlet/trpermisosgoce HTTP/1.1" 200 13012
186.79.249.27 - - [21/Aug/2017:16:20:17 -0300] "GET /cormun/servlet/permisogoce?INS,0,,, HTTP/1.1" 200 6898
186.79.249.27 - - [21/Aug/2017:16:20:19 -0300] "GET /cormun/servlet/permisogoce?INS,0,,, HTTP/1.1" 200 6897
186.79.249.27 - - [21/Aug/2017:16:20:25 -0300] "GET /cormun/servlet/permisogoce?318bcded2b0b04fbc7ca568efbdda75af74abc66186f42a68eb88cc4255a4a0ebd2d0015f5e539f2e53a534066a840d382c8f6557181469746f970808a548d93,gx-no-cache=1503343265413 HTTP/1.1" 200 187
186.79.249.27 - - [21/Aug/2017:16:20:25 -0300] "GET /cormun/static/Shared/jqueryui/images/ui-bg_highlight-soft_100_c6c2c8_1x100.png HTTP/1.1" 404 1117
186.79.249.27 - - [21/Aug/2017:16:20:25 -0300] "GET /cormun/static/Shared/jqueryui/images/ui-icons_82798d_256x240.png HTTP/1.1" 404 1089
186.79.249.27 - - [21/Aug/2017:16:20:26 -0300] "GET /cormun/static/Shared/jqueryui/images/ui-bg_flat_55_994d53_40x100.png HTTP/1.1" 404 1097
186.79.249.27 - - [21/Aug/2017:16:20:29 -0300] "POST /cormun/servlet/permisogoce?4e95ca998df8e6a28dbc18ef4fc5a0c1,INS,0,,,,gx-no-cache=1503343269571 HTTP/1.1" 200 93
186.79.249.27 - - [21/Aug/2017:16:20:29 -0300] "GET /cormun/servlet/hpexe_return? HTTP/1.1" 200 1005
186.79.249.27 - - [21/Aug/2017:16:20:30 -0300] "GET /cormun/servlet/trpermisosgoce HTTP/1.1" 200 13038
186.79.249.27 - - [21/Aug/2017:16:20:31 -0300] "GET /cormun/servlet/trpermisosgoce HTTP/1.1" 200 13006
186.79.249.27 - - [21/Aug/2017:16:20:36 -0300] "GET /cormun/servlet/permisogoce?INS,0,,, HTTP/1.1" 200 6898
186.79.249.27 - - [21/Aug/2017:16:20:37 -0300] "GET /cormun/servlet/permisogoce?INS,0,,, HTTP/1.1" 200 6896
186.79.249.27 - - [21/Aug/2017:16:20:44 -0300] "GET /cormun/servlet/permisogoce?318bcded2b0b04fbc7ca568efbdda75ad2794c076e13b05c251ca17c0f63cf56bd2d0015f5e539f2e53a534066a840d382c8f6557181469746f970808a548d93,gx-no-cache=1503343284275 HTTP/1.1" 200 77
186.79.249.27 - - [21/Aug/2017:16:20:44 -0300] "GET /cormun/static/menuarrow.gif HTTP/1.1" 404 1015
186.79.249.27 - - [21/Aug/2017:16:20:50 -0300] "GET /cormun/servlet/permisogoce?318bcded2b0b04fbc7ca568efbdda75a6c990e74a7b1a25cf6d5400ebda9d1611bdaf89494bd6dbd17df01c1b81504209e4f4c1460240f64e0ace0df14ccb450,gx-no-cache=1503343291004 HTTP/1.1" 200 46
186.79.249.27 - - [21/Aug/2017:16:21:01 -0300] "POST /cormun/servlet/permisogoce?4e95ca998df8e6a28dbc18ef4fc5a0c1,INS,0,,,,gx-no-cache=1503343301536 HTTP/1.1" 200 93
186.79.249.27 - - [21/Aug/2017:16:21:02 -0300] "GET /cormun/servlet/hpexe_return? HTTP/1.1" 200 1005
186.79.249.27 - - [21/Aug/2017:16:21:03 -0300] "GET /cormun/servlet/trpermisosgoce HTTP/1.1" 200 13267
186.79.249.27 - - [21/Aug/2017:16:21:05 -0300] "GET /cormun/servlet/trpermisosgoce HTTP/1.1" 200 13279
192.168.10.96 - - [21/Aug/2017:16:21:16 -0300] "POST /cormun/servlet/trsolicitudgral?43d61588d83cd664dfc6a1d4062c32af,,gx-no-cache=1503343246671 HTTP/1.1" 200 5759
192.168.10.96 - - [21/Aug/2017:16:21:19 -0300] "POST /cormun/servlet/trsolicitudgral?43d61588d83cd664dfc6a1d4062c32af,,gx-no-cache=1503343250286 HTTP/1.1" 200 5757
192.168.10.96 - - [21/Aug/2017:16:21:22 -0300] "POST /cormun/servlet/trsolicitudgral?43d61588d83cd664dfc6a1d4062c32af,,gx-no-cache=1503343252909 HTTP/1.1" 200 7860
186.79.249.27 - - [21/Aug/2017:16:21:25 -0300] "GET /cormun/servlet/trpermisosadjuntos?7123798,20170821160721,P, HTTP/1.1" 200 6380
186.79.249.27 - - [21/Aug/2017:16:21:25 -0300] "GET /cormun/static/gxcfg.js?201762817193957 HTTP/1.1" 200 953
186.79.249.27 - - [21/Aug/2017:16:21:25 -0300] "GET /cormun/static/trpermisosadjuntos.js?201762817194366 HTTP/1.1" 200 20158
186.79.249.27 - - [21/Aug/2017:16:21:32 -0300] "GET /cormun/servlet/trpermisosadjuntos?7123798,20170821160721,P, HTTP/1.1" 200 6380
186.79.249.27 - - [21/Aug/2017:16:21:40 -0300] "GET /cormun/servlet/permisosadjuntos?INS,7123798,P,20170821160721,, HTTP/1.1" 200 5708
186.79.249.27 - - [21/Aug/2017:16:21:40 -0300] "GET /cormun/static/gxcfg.js?201762717441171 HTTP/1.1" 200 953
186.79.249.27 - - [21/Aug/2017:16:21:41 -0300] "GET /cormun/static/permisosadjuntos.js?201762717441184 HTTP/1.1" 200 8724
186.79.249.27 - - [21/Aug/2017:16:21:43 -0300] "GET /cormun/static/about:blank HTTP/1.1" 404 1011
192.168.10.96 - - [21/Aug/2017:16:21:44 -0300] "POST /cormun/servlet/trsolicitudgral?43d61588d83cd664dfc6a1d4062c32af,,gx-no-cache=1503343274055 HTTP/1.1" 200 26011
186.79.249.27 - - [21/Aug/2017:16:22:30 -0300] "GET /cormun/servlet/permisosadjuntos?INS,7123798,P,20170821160721,, HTTP/1.1" 200 5699
186.79.249.27 - - [21/Aug/2017:16:23:04 -0300] "POST /cormun/servlet/permisosadjuntos?4e95ca998df8e6a28dbc18ef4fc5a0c1,INS,7123798,P,20170821160721,, HTTP/1.1" 200 116
186.79.249.27 - - [21/Aug/2017:16:23:04 -0300] "GET /cormun/servlet/hpexe_return? HTTP/1.1" 200 1033
186.79.249.27 - - [21/Aug/2017:16:23:05 -0300] "GET /cormun/servlet/trpermisosadjuntos?7123798,20170821160721,P, HTTP/1.1" 200 6871
186.79.249.27 - - [21/Aug/2017:16:23:06 -0300] "GET /cormun/servlet/trpermisosadjuntos?7123798,20170821160721,P, HTTP/1.1" 200 6867
186.79.249.27 - - [21/Aug/2017:16:23:10 -0300] "POST /cormun/servlet/trpermisosadjuntos?4e95ca998df8e6a28dbc18ef4fc5a0c1,7123798,20170821160721,P,,gx-no-cache=1503343429958 HTTP/1.1" 200 90
186.79.249.27 - - [21/Aug/2017:16:23:10 -0300] "GET /cormun/servlet/hpexe_link HTTP/1.1" 200 977
186.79.249.27 - - [21/Aug/2017:16:23:10 -0300] "GET /cormun/servlet/trpermisosgoce HTTP/1.1" 200 13259
186.79.249.27 - - [21/Aug/2017:16:23:11 -0300] "GET /cormun/servlet/trpermisosgoce HTTP/1.1" 200 13238
186.79.249.27 - - [21/Aug/2017:16:23:21 -0300] "POST /cormun/servlet/trpermisosgoce?4e95ca998df8e6a28dbc18ef4fc5a0c1,gx-no-cache=1503343439506 HTTP/1.1" 200 10396
186.79.249.27 - - [21/Aug/2017:16:23:23 -0300] "GET /cormun/static/Shared/jqueryui/images/ui-bg_highlight-soft_100_c6c2c8_1x100.png HTTP/1.1" 404 1117
186.79.249.27 - - [21/Aug/2017:16:23:23 -0300] "GET /cormun/static/Shared/jqueryui/images/ui-icons_82798d_256x240.png HTTP/1.1" 404 1089
186.79.249.27 - - [21/Aug/2017:16:23:23 -0300] "GET /cormun/static/Shared/jqueryui/images/ui-icons_8d78a5_256x240.png HTTP/1.1" 404 1089
186.79.249.27 - - [21/Aug/2017:16:23:23 -0300] "GET /cormun/static/Shared/jqueryui/images/ui-bg_flat_55_fafafa_40x100.png HTTP/1.1" 404 1097
186.79.249.27 - - [21/Aug/2017:16:23:32 -0300] "GET /cormun/servlet/trpermisosadjuntos?15126448,20170821162007,P, HTTP/1.1" 200 6370
186.79.249.27 - - [21/Aug/2017:16:23:33 -0300] "GET /cormun/servlet/trpermisosadjuntos?15126448,20170821162007,P, HTTP/1.1" 200 6370
186.79.249.27 - - [21/Aug/2017:16:23:36 -0300] "GET /cormun/servlet/permisosadjuntos?INS,15126448,P,20170821162007,, HTTP/1.1" 200 5700
186.79.249.27 - - [21/Aug/2017:16:23:37 -0300] "GET /cormun/static/about:blank HTTP/1.1" 404 1011
186.79.249.27 - - [21/Aug/2017:16:23:38 -0300] "GET /cormun/servlet/permisosadjuntos?INS,15126448,P,20170821162007,, HTTP/1.1" 200 5690
190.45.55.254 - - [21/Aug/2017:16:23:57 -0300] "GET /cormun/servlet/hlogin HTTP/1.1" 200 1722
190.45.55.254 - - [21/Aug/2017:16:23:58 -0300] "POST /cormun/servlet/hlogin?5fde5940c4bcea78ebfc501b2aa946ef,gx-no-cache=1503343478999 HTTP/1.1" 200 90
190.45.55.254 - - [21/Aug/2017:16:23:58 -0300] "GET /cormun/servlet/hpexe_link HTTP/1.1" 200 952
190.45.55.254 - - [21/Aug/2017:16:23:59 -0300] "GET /cormun/servlet/hhome HTTP/1.1" 200 4131
190.45.55.254 - - [21/Aug/2017:16:23:59 -0300] "GET /cormun/servlet/hhome HTTP/1.1" 200 4127
190.45.55.254 - - [21/Aug/2017:16:24:01 -0300] "GET /cormun/servlet/trlicencias? HTTP/1.1" 200 12328
190.45.55.254 - - [21/Aug/2017:16:24:02 -0300] "GET /cormun/servlet/trlicencias? HTTP/1.1" 200 12323
190.45.55.254 - - [21/Aug/2017:16:24:04 -0300] "GET /cormun/servlet/licenciaspermisos?INS,0,,, HTTP/1.1" 200 7661
190.45.55.254 - - [21/Aug/2017:16:24:05 -0300] "GET /cormun/servlet/licenciaspermisos?INS,0,,, HTTP/1.1" 200 7668
186.79.249.27 - - [21/Aug/2017:16:24:07 -0300] "POST /cormun/servlet/permisosadjuntos?4e95ca998df8e6a28dbc18ef4fc5a0c1,INS,15126448,P,20170821162007,, HTTP/1.1" 200 116
186.79.249.27 - - [21/Aug/2017:16:24:07 -0300] "GET /cormun/servlet/hpexe_return? HTTP/1.1" 200 1032
190.45.55.254 - - [21/Aug/2017:16:24:07 -0300] "GET /cormun/servlet/licenciaspermisos?04a08b721897b9c137b9f6cb5e37fbd60af8a8c9892abed0d85b2493f482e94d7e5e386a1f2b276e181131385067bfa5,gx-no-cache=1503343487829 HTTP/1.1" 200 180
190.45.55.254 - - [21/Aug/2017:16:24:07 -0300] "GET /cormun/static/Shared/jqueryui/images/ui-bg_flat_55_994d53_40x100.png HTTP/1.1" 404 1097
190.45.55.254 - - [21/Aug/2017:16:24:07 -0300] "GET /cormun/static/Shared/jqueryui/images/ui-icons_82798d_256x240.png HTTP/1.1" 404 1089
190.45.55.254 - - [21/Aug/2017:16:24:07 -0300] "GET /cormun/static/Shared/jqueryui/images/ui-icons_ebccce_256x240.png HTTP/1.1" 404 1089
190.45.55.254 - - [21/Aug/2017:16:24:08 -0300] "GET /cormun/static/Shared/jqueryui/images/ui-bg_highlight-soft_100_c6c2c8_1x100.png HTTP/1.1" 404 1117
186.79.249.27 - - [21/Aug/2017:16:24:08 -0300] "GET /cormun/servlet/trpermisosadjuntos?15126448,20170821162007,P, HTTP/1.1" 200 6857
186.79.249.27 - - [21/Aug/2017:16:24:14 -0300] "GET /cormun/servlet/trpermisosadjuntos?15126448,20170821162007,P, HTTP/1.1" 200 6856
190.45.55.254 - - [21/Aug/2017:16:24:15 -0300] "GET /cormun/servlet/trlicencias? HTTP/1.1" 200 12325
190.45.55.254 - - [21/Aug/2017:16:24:16 -0300] "GET /cormun/servlet/trlicencias? HTTP/1.1" 200 12323
186.79.249.27 - - [21/Aug/2017:16:24:18 -0300] "POST /cormun/servlet/trpermisosadjuntos?4e95ca998df8e6a28dbc18ef4fc5a0c1,15126448,20170821162007,P,,gx-no-cache=1503343497983 HTTP/1.1" 200 90
186.79.249.27 - - [21/Aug/2017:16:24:18 -0300] "GET /cormun/servlet/hpexe_link HTTP/1.1" 200 997
186.79.249.27 - - [21/Aug/2017:16:24:19 -0300] "GET /cormun/servlet/trpermisosgoce?gx-no-cache=1503343439506 HTTP/1.1" 200 13255
186.79.249.27 - - [21/Aug/2017:16:24:20 -0300] "GET /cormun/servlet/trpermisosgoce?gx-no-cache=1503343439506 HTTP/1.1" 200 13273
190.45.55.254 - - [21/Aug/2017:16:24:24 -0300] "GET /cormun/servlet/licenciaspermisos?INS,0,,, HTTP/1.1" 200 7661
190.45.55.254 - - [21/Aug/2017:16:24:24 -0300] "GET /cormun/servlet/licenciaspermisos?INS,0,,, HTTP/1.1" 200 7668
186.79.249.27 - - [21/Aug/2017:16:24:28 -0300] "POST /cormun/servlet/trpermisosgoce?4e95ca998df8e6a28dbc18ef4fc5a0c1,gx-no-cache=1503343439506,gx-no-cache=1503343508024 HTTP/1.1" 200 10417
186.79.249.27 - - [21/Aug/2017:16:24:29 -0300] "GET /cormun/static/Shared/jqueryui/images/ui-bg_highlight-soft_100_c6c2c8_1x100.png HTTP/1.1" 404 1117
186.79.249.27 - - [21/Aug/2017:16:24:29 -0300] "GET /cormun/static/Shared/jqueryui/images/ui-icons_82798d_256x240.png HTTP/1.1" 404 1089
186.79.249.27 - - [21/Aug/2017:16:24:29 -0300] "GET /cormun/static/Shared/jqueryui/images/ui-bg_flat_55_fafafa_40x100.png HTTP/1.1" 404 1097
186.79.249.27 - - [21/Aug/2017:16:24:29 -0300] "GET /cormun/static/Shared/jqueryui/images/ui-icons_8d78a5_256x240.png HTTP/1.1" 404 1089
186.79.249.27 - - [21/Aug/2017:16:24:38 -0300] "GET /cormun/servlet/trpermisosadjuntos?17503191,20170821161711,P, HTTP/1.1" 200 6384
186.79.249.27 - - [21/Aug/2017:16:24:40 -0300] "GET /cormun/servlet/trpermisosadjuntos?17503191,20170821161711,P, HTTP/1.1" 200 6365
190.45.55.254 - - [21/Aug/2017:16:24:41 -0300] "GET /cormun/servlet/licenciaspermisos?04a08b721897b9c137b9f6cb5e37fbd6acae28a6dcd0c7d9c6317d47a440c951cd403cacbae727a3dd479337ef91b733,gx-no-cache=1503343521760 HTTP/1.1" 200 97
190.45.55.254 - - [21/Aug/2017:16:24:41 -0300] "POST /cormun/servlet/licenciaspermisos?5fde5940c4bcea78ebfc501b2aa946ef,INS,0,,,,gx-no-cache=1503343521867 HTTP/1.1" 200 4720
186.79.249.27 - - [21/Aug/2017:16:24:42 -0300] "GET /cormun/servlet/permisosadjuntos?INS,17503191,P,20170821161711,, HTTP/1.1" 200 5697
186.79.249.27 - - [21/Aug/2017:16:24:42 -0300] "GET /cormun/static/about:blank HTTP/1.1" 404 1011
186.79.249.27 - - [21/Aug/2017:16:24:43 -0300] "GET /cormun/servlet/permisosadjuntos?INS,17503191,P,20170821161711,, HTTP/1.1" 200 5687
186.79.249.27 - - [21/Aug/2017:16:25:02 -0300] "POST /cormun/servlet/permisosadjuntos?4e95ca998df8e6a28dbc18ef4fc5a0c1,INS,17503191,P,20170821161711,, HTTP/1.1" 200 116
186.79.249.27 - - [21/Aug/2017:16:25:03 -0300] "GET /cormun/servlet/hpexe_return? HTTP/1.1" 200 1032
186.79.249.27 - - [21/Aug/2017:16:25:03 -0300] "GET /cormun/servlet/trpermisosadjuntos?17503191,20170821161711,P, HTTP/1.1" 200 6855
186.79.249.27 - - [21/Aug/2017:16:25:04 -0300] "GET /cormun/servlet/trpermisosadjuntos?17503191,20170821161711,P, HTTP/1.1" 200 6851
186.79.249.27 - - [21/Aug/2017:16:25:07 -0300] "POST /cormun/servlet/trpermisosadjuntos?4e95ca998df8e6a28dbc18ef4fc5a0c1,17503191,20170821161711,P,,gx-no-cache=1503343547730 HTTP/1.1" 200 90
186.79.249.27 - - [21/Aug/2017:16:25:07 -0300] "GET /cormun/servlet/hpexe_link HTTP/1.1" 200 996
186.79.249.27 - - [21/Aug/2017:16:25:08 -0300] "GET /cormun/servlet/trpermisosgoce?gx-no-cache=1503343439506 HTTP/1.1" 200 13262
186.79.249.27 - - [21/Aug/2017:16:25:09 -0300] "GET /cormun/servlet/trpermisosgoce?gx-no-cache=1503343439506 HTTP/1.1" 200 13307
186.79.249.27 - - [21/Aug/2017:16:25:16 -0300] "GET /cormun/servlet/trpermisosadjuntos?7124117,20170821161532,P, HTTP/1.1" 200 6384
186.79.249.27 - - [21/Aug/2017:16:25:18 -0300] "GET /cormun/servlet/trpermisosadjuntos?7124117,20170821161532,P, HTTP/1.1" 200 6366
186.79.249.27 - - [21/Aug/2017:16:25:20 -0300] "GET /cormun/servlet/permisosadjuntos?INS,7124117,P,20170821161532,, HTTP/1.1" 200 5695
186.79.249.27 - - [21/Aug/2017:16:25:20 -0300] "GET /cormun/static/about:blank HTTP/1.1" 404 1011
186.79.249.27 - - [21/Aug/2017:16:25:21 -0300] "GET /cormun/servlet/permisosadjuntos?INS,7124117,P,20170821161532,, HTTP/1.1" 200 5685
190.45.55.254 - - [21/Aug/2017:16:25:38 -0300] "GET /cormun/static/menuarrow.gif HTTP/1.1" 404 1015
186.79.249.27 - - [21/Aug/2017:16:25:39 -0300] "POST /cormun/servlet/permisosadjuntos?4e95ca998df8e6a28dbc18ef4fc5a0c1,INS,7124117,P,20170821161532,, HTTP/1.1" 200 116
186.79.249.27 - - [21/Aug/2017:16:25:39 -0300] "GET /cormun/servlet/hpexe_return? HTTP/1.1" 200 1031
186.79.249.27 - - [21/Aug/2017:16:25:40 -0300] "GET /cormun/servlet/trpermisosadjuntos?7124117,20170821161532,P, HTTP/1.1" 200 6839
186.79.249.27 - - [21/Aug/2017:16:25:41 -0300] "GET /cormun/servlet/trpermisosadjuntos?7124117,20170821161532,P, HTTP/1.1" 200 6851
186.79.249.27 - - [21/Aug/2017:16:25:43 -0300] "POST /cormun/servlet/trpermisosadjuntos?4e95ca998df8e6a28dbc18ef4fc5a0c1,7124117,20170821161532,P,,gx-no-cache=1503343583814 HTTP/1.1" 200 90
186.79.249.27 - - [21/Aug/2017:16:25:43 -0300] "GET /cormun/servlet/hpexe_link HTTP/1.1" 200 995
186.79.249.27 - - [21/Aug/2017:16:25:44 -0300] "GET /cormun/servlet/trpermisosgoce?gx-no-cache=1503343439506 HTTP/1.1" 200 13268
186.79.249.27 - - [21/Aug/2017:16:25:45 -0300] "GET /cormun/servlet/trpermisosgoce?gx-no-cache=1503343439506 HTTP/1.1" 200 13269
186.79.249.27 - - [21/Aug/2017:16:25:53 -0300] "POST /cormun/servlet/trpermisosgoce?4e95ca998df8e6a28dbc18ef4fc5a0c1,gx-no-cache=1503343439506,gx-no-cache=1503343592509 HTTP/1.1" 200 10405
192.168.10.96 - - [21/Aug/2017:16:25:58 -0300] "GET /cormun/servlet/trsolicitudgral? HTTP/1.1" 200 28520
186.79.249.27 - - [21/Aug/2017:16:25:58 -0300] "GET /cormun/static/Shared/jqueryui/images/ui-bg_highlight-soft_100_c6c2c8_1x100.png HTTP/1.1" 404 1117
186.79.249.27 - - [21/Aug/2017:16:25:58 -0300] "GET /cormun/static/Shared/jqueryui/images/ui-icons_82798d_256x240.png HTTP/1.1" 404 1089
192.168.10.96 - - [21/Aug/2017:16:25:59 -0300] "GET /cormun/servlet/trsolicitudgral? HTTP/1.1" 200 28520
186.79.249.27 - - [21/Aug/2017:16:26:00 -0300] "GET /cormun/static/Shared/jqueryui/images/ui-icons_8d78a5_256x240.png HTTP/1.1" 404 1089
186.79.249.27 - - [21/Aug/2017:16:26:00 -0300] "GET /cormun/static/Shared/jqueryui/images/ui-bg_flat_55_fafafa_40x100.png HTTP/1.1" 404 1097
192.168.10.96 - - [21/Aug/2017:16:26:09 -0300] "POST /cormun/servlet/trsolicitudgral?43d61588d83cd664dfc6a1d4062c32af,,gx-no-cache=1503343539985 HTTP/1.1" 200 7131
186.79.249.27 - - [21/Aug/2017:16:26:10 -0300] "POST /cormun/servlet/trpermisosgoce?4e95ca998df8e6a28dbc18ef4fc5a0c1,gx-no-cache=1503343439506,gx-no-cache=1503343610049 HTTP/1.1" 200 10418
186.103.158.250 - - [21/Aug/2017:16:26:11 -0300] "GET /cormun/servlet/licenciaspermisos?34b3274732f25f551b5439c00a26fad4c195dd2ae523cc380bba4c83f0882cc029ff662c90c7bf0a2eed73a3d2c3adfebc7698bc0b68f87b46ef0e720e2f87c653f0238e0d1c1829833fa33b58121568d3d6ab50ea8f2a9a976937eaca379844ee5e9b68c21c2f504367046f58c736ef33dac5d3a7c8a0aeda6ae552f6aa01cfc71ee6ce15c185fd5aa002612d1a8efb1a2559cc1e38399cf158cd85c833b04f66b8e42ff3e7767d6a3c406944b6cd125e374a088bf9528165576df54873a997218236a173823d171bee1b4fa6c10258429f990c555d92fcb37d429bd5084f6a,gx-no-cache=1503347364792 HTTP/1.1" 200 30
186.103.158.250 - - [21/Aug/2017:16:26:11 -0300] "GET /cormun/servlet/licenciaspermisos?34b3274732f25f551b5439c00a26fad481ec9a132de056603729205653a951a4cc0c62f19e8758e14487d2cd8161dc12e61b6d84ba3dabf3b6c5c0262777726c7177bc016db303022cadfde9697b0b59212f8cb1702cd8ab037ba51bde8e88dc27a305464fbde2a549d33b9ddf2c5ef5a491b3beacb1def7f788f37ba7d39b91072617cf3a53e6ae2899c78b380c8fff2ec3c2bb73a2685c3987db7c3c67426749c084524948228e5b368e34c605c7b98b53d8bc82153d52411e80fff3211b11ce94fcdf9fad31f9f6fc81bc10cc66e4135e6aaf40563f5cf3dbbe8ed8226338,gx-no-cache=1503347364848 HTTP/1.1" 200 29
186.103.158.250 - - [21/Aug/2017:16:26:11 -0300] "POST /cormun/servlet/licenciaspermisos?2c4cbe3509dcdf06286f1d925780c7c1,INS,0,,,,gx-no-cache=1503347364890 HTTP/1.1" 200 93
186.103.158.250 - - [21/Aug/2017:16:26:11 -0300] "GET /cormun/servlet/hpexe_return? HTTP/1.1" 200 1005
186.103.158.250 - - [21/Aug/2017:16:26:12 -0300] "GET /cormun/servlet/trlicencias? HTTP/1.1" 200 10198
192.168.10.96 - - [21/Aug/2017:16:26:13 -0300] "POST /cormun/servlet/trsolicitudgral?43d61588d83cd664dfc6a1d4062c32af,,gx-no-cache=1503343544280 HTTP/1.1" 200 7127
186.103.158.250 - - [21/Aug/2017:16:26:14 -0300] "GET /cormun/servlet/trlicencias? HTTP/1.1" 200 10169
186.79.249.27 - - [21/Aug/2017:16:26:16 -0300] "GET /cormun/servlet/trpermisosadjuntos?6264666,20170821160831,P, HTTP/1.1" 200 6390
186.79.249.27 - - [21/Aug/2017:16:26:17 -0300] "GET /cormun/servlet/trpermisosadjuntos?6264666,20170821160831,P, HTTP/1.1" 200 6372
192.168.10.96 - - [21/Aug/2017:16:26:17 -0300] "POST /cormun/servlet/trsolicitudgral?43d61588d83cd664dfc6a1d4062c32af,,gx-no-cache=1503343548112 HTTP/1.1" 200 7122
186.79.249.27 - - [21/Aug/2017:16:26:19 -0300] "GET /cormun/servlet/permisosadjuntos?INS,6264666,P,20170821160831,, HTTP/1.1" 200 5700
186.79.249.27 - - [21/Aug/2017:16:26:19 -0300] "GET /cormun/static/about:blank HTTP/1.1" 404 1011
192.168.10.96 - - [21/Aug/2017:16:26:20 -0300] "POST /cormun/servlet/trsolicitudgral?43d61588d83cd664dfc6a1d4062c32af,,gx-no-cache=1503343551120 HTTP/1.1" 200 5757
186.79.249.27 - - [21/Aug/2017:16:26:20 -0300] "GET /cormun/servlet/permisosadjuntos?INS,6264666,P,20170821160831,, HTTP/1.1" 200 5690
192.168.10.96 - - [21/Aug/2017:16:26:24 -0300] "POST /cormun/servlet/trsolicitudgral?43d61588d83cd664dfc6a1d4062c32af,,gx-no-cache=1503343555025 HTTP/1.1" 200 7131
186.103.158.250 - - [21/Aug/2017:16:26:24 -0300] "GET /cormun/servlet/trlicenciaspermisosadjuntos?7023850,20170821000000,L, HTTP/1.1" 200 6137
186.103.158.250 - - [21/Aug/2017:16:26:26 -0300] "GET /cormun/servlet/trlicenciaspermisosadjuntos?7023850,20170821000000,L, HTTP/1.1" 200 6138
186.103.158.250 - - [21/Aug/2017:16:26:28 -0300] "GET /cormun/servlet/licenciaspermisosadjuntos?INS,7023850,L,20170821000000,, HTTP/1.1" 200 5433
186.103.158.250 - - [21/Aug/2017:16:26:29 -0300] "GET /cormun/static/about:blank HTTP/1.1" 404 1011
186.103.158.250 - - [21/Aug/2017:16:26:29 -0300] "GET /cormun/servlet/licenciaspermisosadjuntos?INS,7023850,L,20170821000000,, HTTP/1.1" 200 5420
186.103.158.250 - - [21/Aug/2017:16:26:42 -0300] "POST /cormun/servlet/licenciaspermisosadjuntos?2c4cbe3509dcdf06286f1d925780c7c1,INS,7023850,L,20170821000000,, HTTP/1.1" 200 116
186.103.158.250 - - [21/Aug/2017:16:26:42 -0300] "GET /cormun/servlet/hpexe_return? HTTP/1.1" 200 1035
186.103.158.250 - - [21/Aug/2017:16:26:43 -0300] "GET /cormun/servlet/trlicenciaspermisosadjuntos?7023850,20170821000000,L, HTTP/1.1" 200 6604
186.103.158.250 - - [21/Aug/2017:16:26:44 -0300] "GET /cormun/servlet/trlicenciaspermisosadjuntos?7023850,20170821000000,L, HTTP/1.1" 200 6599
186.79.249.27 - - [21/Aug/2017:16:26:47 -0300] "POST /cormun/servlet/permisosadjuntos?4e95ca998df8e6a28dbc18ef4fc5a0c1,INS,6264666,P,20170821160831,, HTTP/1.1" 200 116
186.79.249.27 - - [21/Aug/2017:16:26:47 -0300] "GET /cormun/servlet/hpexe_return? HTTP/1.1" 200 1032
186.79.249.27 - - [21/Aug/2017:16:26:47 -0300] "GET /cormun/servlet/trpermisosadjuntos?6264666,20170821160831,P, HTTP/1.1" 200 6862
186.79.249.27 - - [21/Aug/2017:16:26:49 -0300] "GET /cormun/servlet/trpermisosadjuntos?6264666,20170821160831,P, HTTP/1.1" 200 6859
186.79.249.27 - - [21/Aug/2017:16:26:51 -0300] "POST /cormun/servlet/trpermisosadjuntos?4e95ca998df8e6a28dbc18ef4fc5a0c1,6264666,20170821160831,P,,gx-no-cache=1503343651670 HTTP/1.1" 200 90
186.79.249.27 - - [21/Aug/2017:16:26:51 -0300] "GET /cormun/servlet/hpexe_link HTTP/1.1" 200 996
186.103.158.250 - - [21/Aug/2017:16:26:51 -0300] "GET /cormun/servlet/trlicencias? HTTP/1.1" 200 10161
186.79.249.27 - - [21/Aug/2017:16:26:52 -0300] "GET /cormun/servlet/trpermisosgoce?gx-no-cache=1503343439506 HTTP/1.1" 200 13288
186.103.158.250 - - [21/Aug/2017:16:26:53 -0300] "GET /cormun/servlet/trlicencias? HTTP/1.1" 200 10160
186.79.249.27 - - [21/Aug/2017:16:26:53 -0300] "GET /cormun/servlet/trpermisosgoce?gx-no-cache=1503343439506 HTTP/1.1" 200 13278
186.103.158.250 - - [21/Aug/2017:16:26:57 -0300] "GET /cormun/servlet/alicenciaprn?7023850,L,20170821000000,PU HTTP/1.1" 200 1555
186.103.158.250 - - [21/Aug/2017:16:26:57 -0300] "GET /cormun/servlet/alicenciaprn?7023850,L,20170821000000,PU HTTP/1.1" 200 1548
186.79.249.27 - - [21/Aug/2017:16:27:01 -0300] "POST /cormun/servlet/trpermisosgoce?4e95ca998df8e6a28dbc18ef4fc5a0c1,gx-no-cache=1503343439506,gx-no-cache=1503343660128 HTTP/1.1" 200 10421
186.79.249.27 - - [21/Aug/2017:16:27:08 -0300] "GET /cormun/static/Shared/jqueryui/images/ui-bg_highlight-soft_100_c6c2c8_1x100.png HTTP/1.1" 404 1117
186.79.249.27 - - [21/Aug/2017:16:27:08 -0300] "GET /cormun/static/Shared/jqueryui/images/ui-icons_82798d_256x240.png HTTP/1.1" 404 1089
186.79.249.27 - - [21/Aug/2017:16:27:08 -0300] "GET /cormun/static/Shared/jqueryui/images/ui-bg_flat_55_fafafa_40x100.png HTTP/1.1" 404 1097
186.79.249.27 - - [21/Aug/2017:16:27:08 -0300] "GET /cormun/static/Shared/jqueryui/images/ui-icons_8d78a5_256x240.png HTTP/1.1" 404 1089
186.79.249.27 - - [21/Aug/2017:16:27:17 -0300] "GET /cormun/servlet/trpermisosadjuntos?9448944,20170821160802,P, HTTP/1.1" 200 6394
186.79.249.27 - - [21/Aug/2017:16:27:18 -0300] "GET /cormun/servlet/trpermisosadjuntos?9448944,20170821160802,P, HTTP/1.1" 200 6375
186.79.249.27 - - [21/Aug/2017:16:27:20 -0300] "GET /cormun/servlet/permisosadjuntos?INS,9448944,P,20170821160802,, HTTP/1.1" 200 5703
186.79.249.27 - - [21/Aug/2017:16:27:21 -0300] "GET /cormun/static/about:blank HTTP/1.1" 404 1011
186.79.249.27 - - [21/Aug/2017:16:27:21 -0300] "GET /cormun/servlet/permisosadjuntos?INS,9448944,P,20170821160802,, HTTP/1.1" 200 5693
186.103.159.204 - - [21/Aug/2017:16:27:45 -0300] "GET /cormun/servlet/trpermisosgoce? HTTP/1.1" 200 6063
186.103.159.204 - - [21/Aug/2017:16:27:45 -0300] "GET /cormun/static/calendar-system.css?75620 HTTP/1.1" 200 5572
186.103.159.204 - - [21/Aug/2017:16:27:45 -0300] "GET /cormun/static/gxui/gxui-all.css?110300 HTTP/1.1" 200 2179
186.103.159.204 - - [21/Aug/2017:16:27:45 -0300] "GET /cormun/static/SmoothNavMenu/resources/ddsmoothmenu.css?1012540 HTTP/1.1" 200 2223
186.103.159.204 - - [21/Aug/2017:16:27:45 -0300] "GET /cormun/static/SmoothNavMenu/resources/ddsmoothmenu-v.css?1012540 HTTP/1.1" 200 1188
186.103.159.204 - - [21/Aug/2017:16:27:45 -0300] "GET /cormun/static/Shared/jqueryui/jquery-ui.min.css?1245370 HTTP/1.1" 200 30288
186.103.159.204 - - [21/Aug/2017:16:27:45 -0300] "GET /cormun/static/scaMessage/css/jquery.pnotify.default.css?1716380 HTTP/1.1" 200 1707
186.103.159.204 - - [21/Aug/2017:16:27:45 -0300] "GET /cormun/static/gxtimezone.js?85251 HTTP/1.1" 200 5781
186.103.159.204 - - [21/Aug/2017:16:27:45 -0300] "GET /cormun/static/gxcfg.js?20177612163875 HTTP/1.1" 200 953
186.103.159.204 - - [21/Aug/2017:16:27:45 -0300] "GET /cormun/static/calendar.js?85251 HTTP/1.1" 200 26246
186.103.159.204 - - [21/Aug/2017:16:27:46 -0300] "GET /cormun/static/Resources/Spanish/PXTools.css?1155365 HTTP/1.1" 200 89042
186.103.159.204 - - [21/Aug/2017:16:27:46 -0300] "GET /cormun/static/calendar-setup.js?85251 HTTP/1.1" 200 2588
186.103.159.204 - - [21/Aug/2017:16:27:46 -0300] "GET /cormun/static/calendar-es.js?85251 HTTP/1.1" 200 1901
186.103.159.204 - - [21/Aug/2017:16:27:46 -0300] "GET /cormun/static/Shared/ext/resources/css/ext-all.css?205870 HTTP/1.1" 200 416045
186.103.159.204 - - [21/Aug/2017:16:27:46 -0300] "GET /cormun/static/RunJS/RunJS.js HTTP/1.1" 200 288
186.103.159.204 - - [21/Aug/2017:16:27:46 -0300] "GET /cormun/static/PXToolsJavascripts/pexe_cookies.js HTTP/1.1" 200 792
186.103.159.204 - - [21/Aug/2017:16:27:46 -0300] "GET /cormun/static/PXToolsJavascripts/pexe_autoreload.js HTTP/1.1" 200 1762
186.103.159.204 - - [21/Aug/2017:16:27:46 -0300] "GET /cormun/static/gxgral.js?85251 HTTP/1.1" 200 384558
186.103.159.204 - - [21/Aug/2017:16:27:46 -0300] "GET /cormun/static/gxui/gxui-all.js HTTP/1.1" 200 107772
186.103.159.204 - - [21/Aug/2017:16:27:46 -0300] "GET /cormun/static/PXToolsJavascripts/pexe_grid.js HTTP/1.1" 200 7559
186.103.159.204 - - [21/Aug/2017:16:27:46 -0300] "GET /cormun/static/PXToolsJavascripts/pexe_griddivfix.js HTTP/1.1" 200 6644
186.103.159.204 - - [21/Aug/2017:16:27:46 -0300] "GET /cormun/static/PXToolsJavascripts/pexe_windows.js HTTP/1.1" 200 15207
