186.79.157.100 - - [16/Aug/2017:12:46:53 -0300] "GET /cormun/servlet/trsolicitudot? HTTP/1.1" 200 13807
186.79.157.100 - - [16/Aug/2017:12:46:54 -0300] "GET /cormun/servlet/trsolicitudot? HTTP/1.1" 200 13807
186.79.157.100 - - [16/Aug/2017:12:46:59 -0300] "GET /cormun/servlet/trautorizarsolicitud? HTTP/1.1" 200 6962
186.79.157.100 - - [16/Aug/2017:12:46:59 -0300] "GET /cormun/servlet/trautorizarsolicitud? HTTP/1.1" 200 6962
200.86.95.220 - - [16/Aug/2017:12:47:02 -0300] "GET /cormun/servlet/trpermisosgoce? HTTP/1.1" 200 9682
200.86.95.220 - - [16/Aug/2017:12:47:03 -0300] "GET /cormun/static/trpermisosgoce.js?20177612164335 HTTP/1.1" 304 -
200.86.95.220 - - [16/Aug/2017:12:47:03 -0300] "GET /cormun/static/gxcfg.js?20177612163875 HTTP/1.1" 304 -
200.86.95.220 - - [16/Aug/2017:12:47:04 -0300] "GET /cormun/servlet/trpermisosgoce? HTTP/1.1" 200 9680
192.168.10.89 - - [16/Aug/2017:12:47:05 -0300] "GET /cormun/servlet/hlogin HTTP/1.1" 200 1713
192.168.10.89 - - [16/Aug/2017:12:47:08 -0300] "GET /cormun/servlet/hlogin HTTP/1.1" 200 1713
186.79.157.100 - - [16/Aug/2017:12:47:08 -0300] "GET /cormun/servlet/trcontratoobservaciondir? HTTP/1.1" 200 7051
186.79.157.100 - - [16/Aug/2017:12:47:08 -0300] "GET /cormun/servlet/trcontratoobservaciondir? HTTP/1.1" 200 7050
200.86.95.220 - - [16/Aug/2017:12:47:10 -0300] "GET /cormun/servlet/permisogoce?INS,0,,, HTTP/1.1" 200 6624
200.86.95.220 - - [16/Aug/2017:12:47:10 -0300] "GET /cormun/static/gxcfg.js?201776126440 HTTP/1.1" 304 -
200.86.95.220 - - [16/Aug/2017:12:47:10 -0300] "GET /cormun/static/permisogoce.js?2017761264459 HTTP/1.1" 304 -
200.86.95.220 - - [16/Aug/2017:12:47:11 -0300] "GET /cormun/servlet/permisogoce?INS,0,,, HTTP/1.1" 200 6624
186.79.88.156 - - [16/Aug/2017:12:47:12 -0300] "POST /cormun/servlet/solicitudot?gx-no-cache=1502898473631 HTTP/1.1" 200 30
186.79.88.156 - - [16/Aug/2017:12:47:12 -0300] "POST /cormun/servlet/solicitudot?gx-no-cache=1502898474092 HTTP/1.1" 200 1357
186.79.88.156 - - [16/Aug/2017:12:47:12 -0300] "POST /cormun/servlet/solicitudot?gx-no-cache=1502898474434 HTTP/1.1" 200 41
186.79.88.156 - - [16/Aug/2017:12:47:12 -0300] "POST /cormun/servlet/solicitudot?gx-no-cache=1502898474662 HTTP/1.1" 200 1337
186.79.88.156 - - [16/Aug/2017:12:47:13 -0300] "POST /cormun/servlet/solicitudot?gx-no-cache=1502898475000 HTTP/1.1" 200 34
192.168.10.89 - - [16/Aug/2017:12:47:14 -0300] "POST /cormun/servlet/hlogin?4938ffe942b0f50eb85628f79180e221,gx-no-cache=1502898407366 HTTP/1.1" 200 90
192.168.10.89 - - [16/Aug/2017:12:47:14 -0300] "GET /cormun/servlet/hpexe_link HTTP/1.1" 200 945
192.168.10.89 - - [16/Aug/2017:12:47:14 -0300] "GET /cormun/servlet/hhome HTTP/1.1" 200 4625
186.79.157.100 - - [16/Aug/2017:12:47:16 -0300] "GET /cormun/servlet/trvisualizadoreventos? HTTP/1.1" 200 6784
186.79.157.100 - - [16/Aug/2017:12:47:17 -0300] "GET /cormun/servlet/trvisualizadoreventos? HTTP/1.1" 200 6784
192.168.10.89 - - [16/Aug/2017:12:47:18 -0300] "GET /cormun/servlet/trsolicitudgral? HTTP/1.1" 200 28600
200.86.95.220 - - [16/Aug/2017:12:47:19 -0300] "GET /cormun/servlet/permisogoce?8ccbe986e90258feea69ada3a75f4c27eb1f37726ed569a3a51b26b64ffcd4282603e6716b24efea11db6e638848d0a3b41d74f9c0dac7d15126de73aed29c2a,gx-no-cache=1502898480880 HTTP/1.1" 200 74
200.86.95.220 - - [16/Aug/2017:12:47:19 -0300] "GET /cormun/static/menuarrow.gif HTTP/1.1" 404 1015
186.79.157.100 - - [16/Aug/2017:12:47:22 -0300] "GET /cormun/servlet/trautorizarsolicitud? HTTP/1.1" 200 6962
186.79.157.100 - - [16/Aug/2017:12:47:23 -0300] "GET /cormun/servlet/trautorizarsolicitud? HTTP/1.1" 200 6962
200.86.95.220 - - [16/Aug/2017:12:47:25 -0300] "GET /cormun/servlet/permisogoce?8ccbe986e90258feea69ada3a75f4c27a2657cba22f1e405c7aab7211b3b26aa45bfefa3beb8b3e9d75e35ef2f7080984642486ab4901c579a3efe040ec11daa,gx-no-cache=1502898486666 HTTP/1.1" 200 47
186.79.157.100 - - [16/Aug/2017:12:47:26 -0300] "GET /cormun/servlet/trsolicitudot? HTTP/1.1" 200 13807
186.79.157.100 - - [16/Aug/2017:12:47:27 -0300] "GET /cormun/servlet/trsolicitudot? HTTP/1.1" 200 13807
200.86.95.220 - - [16/Aug/2017:12:47:28 -0300] "POST /cormun/servlet/permisogoce?2b4d1c61f6349e43a55e18454d2cc86f,INS,0,,,,gx-no-cache=1502898489834 HTTP/1.1" 200 93
200.86.95.220 - - [16/Aug/2017:12:47:28 -0300] "GET /cormun/servlet/hpexe_return? HTTP/1.1" 200 1010
192.168.10.89 - - [16/Aug/2017:12:47:28 -0300] "POST /cormun/servlet/trsolicitudgral?4938ffe942b0f50eb85628f79180e221,,gx-no-cache=1502898421423 HTTP/1.1" 200 5749
200.86.95.220 - - [16/Aug/2017:12:47:29 -0300] "GET /cormun/servlet/trpermisosgoce HTTP/1.1" 200 9938
186.79.157.100 - - [16/Aug/2017:12:47:30 -0300] "GET /cormun/servlet/treventos?2017,7197, HTTP/1.1" 200 7604
200.86.95.220 - - [16/Aug/2017:12:47:30 -0300] "GET /cormun/servlet/trpermisosgoce HTTP/1.1" 200 9933
186.79.157.100 - - [16/Aug/2017:12:47:30 -0300] "GET /cormun/servlet/treventos?2017,7197, HTTP/1.1" 200 7603
200.86.95.220 - - [16/Aug/2017:12:47:33 -0300] "GET /cormun/servlet/apermisogoceprn?15754372,P,20170816124643,PU HTTP/1.1" 200 1650
192.168.10.89 - - [16/Aug/2017:12:47:34 -0300] "POST /cormun/servlet/trsolicitudgral?4938ffe942b0f50eb85628f79180e221,,gx-no-cache=1502898427097 HTTP/1.1" 200 5752
192.168.10.89 - - [16/Aug/2017:12:47:36 -0300] "POST /cormun/servlet/trsolicitudgral?4938ffe942b0f50eb85628f79180e221,,gx-no-cache=1502898428920 HTTP/1.1" 200 5750
186.79.157.100 - - [16/Aug/2017:12:47:36 -0300] "GET /cormun/servlet/trsolicitudot? HTTP/1.1" 200 13807
186.79.157.100 - - [16/Aug/2017:12:47:37 -0300] "GET /cormun/servlet/trsolicitudot? HTTP/1.1" 200 13807
192.168.10.89 - - [16/Aug/2017:12:47:40 -0300] "POST /cormun/servlet/trsolicitudgral?4938ffe942b0f50eb85628f79180e221,,gx-no-cache=1502898432626 HTTP/1.1" 200 5750
186.79.157.100 - - [16/Aug/2017:12:47:40 -0300] "GET /cormun/servlet/vesolicitudot?2017,7197,, HTTP/1.1" 200 8286
186.79.157.100 - - [16/Aug/2017:12:47:40 -0300] "GET /cormun/pexe_scrolldiv.js HTTP/1.1" 404 1009
186.79.157.100 - - [16/Aug/2017:12:47:40 -0300] "GET /cormun/servlet/vesolicitudot?2017,7197,, HTTP/1.1" 200 8286
192.168.10.89 - - [16/Aug/2017:12:47:48 -0300] "POST /cormun/servlet/trsolicitudgral?4938ffe942b0f50eb85628f79180e221,,gx-no-cache=1502898441369 HTTP/1.1" 200 7643
186.79.88.156 - - [16/Aug/2017:12:47:51 -0300] "POST /cormun/servlet/solicitudot?gx-no-cache=1502898511351 HTTP/1.1" 200 1336
186.79.157.100 - - [16/Aug/2017:12:47:51 -0300] "GET /cormun/servlet/trsolicitudot? HTTP/1.1" 200 13807
186.79.157.100 - - [16/Aug/2017:12:47:52 -0300] "GET /cormun/servlet/trsolicitudot? HTTP/1.1" 200 13807
186.79.88.156 - - [16/Aug/2017:12:47:58 -0300] "POST /cormun/servlet/solicitudot?gx-no-cache=1502898513104 HTTP/1.1" 200 34
186.79.88.156 - - [16/Aug/2017:12:48:06 -0300] "POST /cormun/servlet/solicitudot?1144ec1c54b8787ef70c21227fb78f08,INS,0,0,,gx-no-cache=1502898520711 HTTP/1.1" 200 93
186.79.88.156 - - [16/Aug/2017:12:48:06 -0300] "GET /cormun/servlet/hpexe_return? HTTP/1.1" 200 1011
186.79.88.156 - - [16/Aug/2017:12:48:07 -0300] "GET /cormun/servlet/trsolicitudot HTTP/1.1" 200 13087
186.79.157.100 - - [16/Aug/2017:12:48:07 -0300] "GET /cormun/servlet/treventos?2017,7196, HTTP/1.1" 200 7603
186.79.157.100 - - [16/Aug/2017:12:48:08 -0300] "GET /cormun/servlet/treventos?2017,7196, HTTP/1.1" 200 7602
186.79.88.156 - - [16/Aug/2017:12:48:08 -0300] "GET /cormun/servlet/trsolicitudot HTTP/1.1" 200 13083
186.79.157.100 - - [16/Aug/2017:12:48:18 -0300] "GET /cormun/servlet/trsolicitudot? HTTP/1.1" 200 13807
186.79.157.100 - - [16/Aug/2017:12:48:19 -0300] "GET /cormun/servlet/trsolicitudot? HTTP/1.1" 200 13807
186.79.88.156 - - [16/Aug/2017:12:48:20 -0300] "POST /cormun/servlet/trsolicitudot?1144ec1c54b8787ef70c21227fb78f08,gx-no-cache=1502898541025 HTTP/1.1" 200 106
186.79.88.156 - - [16/Aug/2017:12:48:20 -0300] "GET /cormun/servlet/trsolicitudadjuntos?2017,7211, HTTP/1.1" 200 6160
186.79.88.156 - - [16/Aug/2017:12:48:20 -0300] "GET /cormun/static/gxcfg.js?20177612135366 HTTP/1.1" 200 953
186.79.88.156 - - [16/Aug/2017:12:48:21 -0300] "GET /cormun/static/trsolicitudadjuntos.js?20177612135632 HTTP/1.1" 200 17922
186.79.88.156 - - [16/Aug/2017:12:48:22 -0300] "GET /cormun/servlet/trsolicitudadjuntos?2017,7211, HTTP/1.1" 200 6160
186.79.88.156 - - [16/Aug/2017:12:48:24 -0300] "GET /cormun/servlet/solicitudotadjuntos?INS,2017,7211,,1, HTTP/1.1" 200 6116
186.79.88.156 - - [16/Aug/2017:12:48:24 -0300] "GET /cormun/static/gxcfg.js?201752511522888 HTTP/1.1" 200 953
186.79.88.156 - - [16/Aug/2017:12:48:24 -0300] "GET /cormun/static/solicitudotadjuntos.js?20175251152299 HTTP/1.1" 200 11771
186.79.88.156 - - [16/Aug/2017:12:48:25 -0300] "GET /cormun/static/about:blank HTTP/1.1" 404 1011
186.79.88.156 - - [16/Aug/2017:12:48:25 -0300] "GET /cormun/servlet/solicitudotadjuntos?INS,2017,7211,,1, HTTP/1.1" 200 6110
186.79.88.156 - - [16/Aug/2017:12:48:26 -0300] "GET /cormun/servlet/solicitudotadjuntos?9e6bde44479f425684698aa2480312f95e0f5698d69b8195c34b65188e306573bc8d99833c38967791af9a02fc544811,gx-no-cache=1502898548090 HTTP/1.1" 200 30
186.79.88.156 - - [16/Aug/2017:12:48:29 -0300] "POST /cormun/servlet/solicitudotadjuntos?1144ec1c54b8787ef70c21227fb78f08,INS,2017,7211,,1,,gx-no-cache=1502898550623 HTTP/1.1" 200 3833
186.79.88.156 - - [16/Aug/2017:12:48:32 -0300] "POST /cormun/servlet/solicitudotadjuntos?gx-no-cache=1502898554449 HTTP/1.1" 200 26
186.103.158.250 - - [16/Aug/2017:12:48:44 -0300] "GET /cormun/servlet/hlogin HTTP/1.1" 200 1717
186.103.158.250 - - [16/Aug/2017:12:48:44 -0300] "GET /cormun/static/Resources/Spanish/PXTools.css?11423723 HTTP/1.1" 304 -
186.103.158.250 - - [16/Aug/2017:12:48:44 -0300] "GET /cormun/static/gxtimezone.js?85251 HTTP/1.1" 304 -
186.103.158.250 - - [16/Aug/2017:12:48:44 -0300] "GET /cormun/static/gxcfg.js?20175251213516 HTTP/1.1" 304 -
186.103.158.250 - - [16/Aug/2017:12:48:45 -0300] "GET /cormun/static/messages.spa.js?85251 HTTP/1.1" 304 -
186.103.158.250 - - [16/Aug/2017:12:48:45 -0300] "GET /cormun/static/hlogin.js?20175251213537 HTTP/1.1" 304 -
186.103.158.250 - - [16/Aug/2017:12:48:45 -0300] "GET /cormun/servlet/hlogin HTTP/1.1" 200 1728
186.103.158.250 - - [16/Aug/2017:12:48:45 -0300] "GET /favicon.ico HTTP/1.1" 200 21630
186.79.88.156 - - [16/Aug/2017:12:48:45 -0300] "GET /cormun/servlet/solicitudotadjuntos?9e6bde44479f425684698aa2480312f9b32b7a04ae8719ff378e1fa2b380a97f,gx-no-cache=1502898567725 HTTP/1.1" 200 30
186.79.88.156 - - [16/Aug/2017:12:48:49 -0300] "GET /cormun/servlet/solicitudotadjuntos?9e6bde44479f425684698aa2480312f9b32b7a04ae8719ff378e1fa2b380a97f,gx-no-cache=1502898571551 HTTP/1.1" 200 30
186.79.88.156 - - [16/Aug/2017:12:49:03 -0300] "POST /cormun/servlet/solicitudotadjuntos?1144ec1c54b8787ef70c21227fb78f08,INS,2017,7211,,1, HTTP/1.1" 200 116
186.79.88.156 - - [16/Aug/2017:12:49:03 -0300] "GET /cormun/servlet/hpexe_return? HTTP/1.1" 200 1029
186.79.88.156 - - [16/Aug/2017:12:49:03 -0300] "GET /cormun/servlet/trsolicitudadjuntos?2017,7211, HTTP/1.1" 200 8436
186.79.88.156 - - [16/Aug/2017:12:49:08 -0300] "GET /cormun/servlet/trsolicitudadjuntos?2017,7211, HTTP/1.1" 200 8431
186.103.158.250 - - [16/Aug/2017:12:49:09 -0300] "POST /cormun/servlet/hlogin?b15998117ea7adae8da8c09714935563,gx-no-cache=1502898589763 HTTP/1.1" 200 90
186.103.158.250 - - [16/Aug/2017:12:49:09 -0300] "GET /cormun/servlet/hpexe_link HTTP/1.1" 200 950
186.103.158.250 - - [16/Aug/2017:12:49:09 -0300] "GET /cormun/static/Resources/Spanish/PXTools.css?1155365 HTTP/1.1" 304 -
186.103.158.250 - - [16/Aug/2017:12:49:09 -0300] "GET /cormun/static/gxcfg.js?20177612121792 HTTP/1.1" 304 -
186.103.158.250 - - [16/Aug/2017:12:49:09 -0300] "GET /cormun/servlet/hhome HTTP/1.1" 200 3979
186.103.158.250 - - [16/Aug/2017:12:49:09 -0300] "GET /cormun/static/gxcfg.js?20175251212442 HTTP/1.1" 304 -
186.103.158.250 - - [16/Aug/2017:12:49:09 -0300] "GET /cormun/static/hpexe_link.js?20177612121795 HTTP/1.1" 304 -
186.103.158.250 - - [16/Aug/2017:12:49:10 -0300] "GET /cormun/static/hhome.js?20175251212450 HTTP/1.1" 304 -
186.103.158.250 - - [16/Aug/2017:12:49:10 -0300] "GET /cormun/static/hwchdr01.js?201752511465785 HTTP/1.1" 304 -
186.103.158.250 - - [16/Aug/2017:12:49:10 -0300] "GET /cormun/static/hpexe_recentlink.js?20177611595044 HTTP/1.1" 304 -
186.103.158.250 - - [16/Aug/2017:12:49:11 -0300] "GET /cormun/static/hpexe_scripts.js?201752511465715 HTTP/1.1" 304 -
186.103.158.250 - - [16/Aug/2017:12:49:11 -0300] "GET /cormun/static/hpexe_messagecontroller.js?20177611595012 HTTP/1.1" 304 -
186.103.158.250 - - [16/Aug/2017:12:49:11 -0300] "GET /cormun/static/hpexe_messagepopupcomponent.js?20161017169425 HTTP/1.1" 304 -
186.103.158.250 - - [16/Aug/2017:12:49:11 -0300] "GET /cormun/static/cmcontrolpreferences.js?201752511465670 HTTP/1.1" 304 -
186.103.158.250 - - [16/Aug/2017:12:49:11 -0300] "GET /cormun/static/hpexe_messagegenexuscomponent.js?201752511465344 HTTP/1.1" 304 -
186.103.158.250 - - [16/Aug/2017:12:49:11 -0300] "GET /cormun/static/hmpwkw03.js?20177612122668 HTTP/1.1" 304 -
186.79.88.156 - - [16/Aug/2017:12:49:12 -0300] "GET /cormun/servlet/solicitudotadjuntos?INS,2017,7211,,1, HTTP/1.1" 200 6116
186.103.158.250 - - [16/Aug/2017:12:49:12 -0300] "GET /cormun/servlet/hhome HTTP/1.1" 200 3976
186.79.88.156 - - [16/Aug/2017:12:49:13 -0300] "GET /cormun/static/about:blank HTTP/1.1" 404 1011
186.79.88.156 - - [16/Aug/2017:12:49:13 -0300] "GET /cormun/servlet/solicitudotadjuntos?INS,2017,7211,,1, HTTP/1.1" 200 6110
186.79.88.156 - - [16/Aug/2017:12:49:13 -0300] "GET /cormun/servlet/solicitudotadjuntos?9e6bde44479f425684698aa2480312f95e0f5698d69b8195c34b65188e306573bc8d99833c38967791af9a02fc544811,gx-no-cache=1502898595654 HTTP/1.1" 200 30
186.79.88.156 - - [16/Aug/2017:12:49:14 -0300] "POST /cormun/servlet/solicitudotadjuntos?1144ec1c54b8787ef70c21227fb78f08,INS,2017,7211,,1,,gx-no-cache=1502898595868 HTTP/1.1" 200 3834
186.79.88.156 - - [16/Aug/2017:12:49:17 -0300] "POST /cormun/servlet/solicitudotadjuntos?gx-no-cache=1502898599630 HTTP/1.1" 200 26
186.103.158.250 - - [16/Aug/2017:12:49:24 -0300] "GET /cormun/servlet/trautorizarsolicitud? HTTP/1.1" 200 8707
186.103.158.250 - - [16/Aug/2017:12:49:24 -0300] "GET /cormun/static/Resources/Spanish/PXTools.css?11294912 HTTP/1.1" 304 -
186.103.158.250 - - [16/Aug/2017:12:49:24 -0300] "GET /cormun/static/gxcfg.js?20174261241362 HTTP/1.1" 304 -
186.103.158.250 - - [16/Aug/2017:12:49:24 -0300] "GET /cormun/static/calendar.js?85251 HTTP/1.1" 304 -
186.103.158.250 - - [16/Aug/2017:12:49:24 -0300] "GET /cormun/static/calendar-setup.js?85251 HTTP/1.1" 304 -
186.103.158.250 - - [16/Aug/2017:12:49:24 -0300] "GET /cormun/static/calendar-es.js?85251 HTTP/1.1" 304 -
186.103.158.250 - - [16/Aug/2017:12:49:25 -0300] "GET /cormun/static/gxdec.js?85251 HTTP/1.1" 304 -
186.103.158.250 - - [16/Aug/2017:12:49:25 -0300] "GET /cormun/static/trautorizarsolicitud.js?201742612414370 HTTP/1.1" 304 -
186.103.158.250 - - [16/Aug/2017:12:49:26 -0300] "GET /cormun/servlet/trautorizarsolicitud? HTTP/1.1" 200 8707
186.79.88.156 - - [16/Aug/2017:12:49:29 -0300] "GET /cormun/servlet/solicitudotadjuntos?9e6bde44479f425684698aa2480312f9b32b7a04ae8719ff378e1fa2b380a97f,gx-no-cache=1502898611400 HTTP/1.1" 200 30
186.79.88.156 - - [16/Aug/2017:12:49:30 -0300] "GET /cormun/servlet/solicitudotadjuntos?9e6bde44479f425684698aa2480312f9b32b7a04ae8719ff378e1fa2b380a97f,gx-no-cache=1502898611910 HTTP/1.1" 200 30
46.174.191.29 - - [16/Aug/2017:12:49:33 -0300] "GET / HTTP/1.0" 200 11197
186.103.159.230 - - [16/Aug/2017:12:49:41 -0300] "GET /cormun/servlet/hlogin HTTP/1.1" 200 1720
186.103.158.250 - - [16/Aug/2017:12:49:41 -0300] "POST /cormun/servlet/trautorizarsolicitud?b15998117ea7adae8da8c09714935563,,gx-no-cache=1502898622386 HTTP/1.1" 200 115
186.79.88.156 - - [16/Aug/2017:12:49:41 -0300] "POST /cormun/servlet/solicitudotadjuntos?1144ec1c54b8787ef70c21227fb78f08,INS,2017,7211,,1, HTTP/1.1" 200 116
186.79.88.156 - - [16/Aug/2017:12:49:42 -0300] "GET /cormun/servlet/hpexe_return? HTTP/1.1" 200 1029
186.79.88.156 - - [16/Aug/2017:12:49:42 -0300] "GET /cormun/servlet/trsolicitudadjuntos?2017,7211, HTTP/1.1" 200 8624
186.103.158.250 - - [16/Aug/2017:12:49:42 -0300] "GET /cormun/servlet/solicitudotlog?INS,2017,7168,0,ANU, HTTP/1.1" 200 5806
186.103.158.250 - - [16/Aug/2017:12:49:42 -0300] "GET /cormun/static/gxcfg.js?201752511524564 HTTP/1.1" 200 953
186.103.158.250 - - [16/Aug/2017:12:49:42 -0300] "GET /cormun/static/solicitudotlog.js?201752511524577 HTTP/1.1" 200 8934
186.103.158.250 - - [16/Aug/2017:12:49:43 -0300] "GET /cormun/servlet/solicitudotlog?INS,2017,7168,0,ANU, HTTP/1.1" 200 5807
186.79.88.156 - - [16/Aug/2017:12:49:43 -0300] "GET /cormun/servlet/trsolicitudadjuntos?2017,7211, HTTP/1.1" 200 8621
186.103.158.250 - - [16/Aug/2017:12:49:44 -0300] "GET /cormun/servlet/solicitudotlog?4d7c9378c12eb17945641e98c776684ee53393247881cb734501b130c9a2177cfb51aa913cd08b6b2d035043013bc737b4bd111b8bb5134c06eb452e0b6a2f3d266c1a4e8cd1741bcc9cfd6e19ab53f330034a333ad5e8507664a6bfb4b3aa7f4efa9d5d53c601eddacfdd3b252df6965bdff76a71c3d8c672f026b02d560198741e669cd2e38ec10ea08edfd46b310795f51d84b6bd70b6d9f8ab5a4daa08c7,gx-no-cache=1502898625110 HTTP/1.1" 200 94
186.103.158.250 - - [16/Aug/2017:12:49:49 -0300] "GET /cormun/servlet/trautorizarsolicitud? HTTP/1.1" 200 8707
186.103.158.250 - - [16/Aug/2017:12:49:50 -0300] "GET /cormun/servlet/trautorizarsolicitud? HTTP/1.1" 200 8707
186.79.88.156 - - [16/Aug/2017:12:49:52 -0300] "GET /cormun/servlet/solicitudotadjuntos?INS,2017,7211,,1, HTTP/1.1" 200 6116
186.79.88.156 - - [16/Aug/2017:12:49:57 -0300] "GET /cormun/static/about:blank HTTP/1.1" 404 1011
186.79.88.156 - - [16/Aug/2017:12:49:57 -0300] "GET /cormun/servlet/solicitudotadjuntos?INS,2017,7211,,1, HTTP/1.1" 200 6110
186.79.88.156 - - [16/Aug/2017:12:49:57 -0300] "GET /cormun/servlet/solicitudotadjuntos?9e6bde44479f425684698aa2480312f95e0f5698d69b8195c34b65188e306573bc8d99833c38967791af9a02fc544811,gx-no-cache=1502898639593 HTTP/1.1" 200 30
186.79.88.156 - - [16/Aug/2017:12:49:58 -0300] "POST /cormun/servlet/solicitudotadjuntos?1144ec1c54b8787ef70c21227fb78f08,INS,2017,7211,,1,,gx-no-cache=1502898639805 HTTP/1.1" 200 3834
186.103.158.250 - - [16/Aug/2017:12:49:59 -0300] "GET /cormun/servlet/treventos?2017,7168, HTTP/1.1" 200 7554
186.103.158.250 - - [16/Aug/2017:12:49:59 -0300] "GET /cormun/static/gxui/gxui-all.css?120300 HTTP/1.1" 200 2179
186.103.158.250 - - [16/Aug/2017:12:49:59 -0300] "GET /cormun/static/calendar-system.css?85620 HTTP/1.1" 200 5572
186.103.158.250 - - [16/Aug/2017:12:49:59 -0300] "GET /cormun/static/gxcfg.js?2016101716195975 HTTP/1.1" 200 953
186.103.158.250 - - [16/Aug/2017:12:49:59 -0300] "GET /cormun/static/Shared/ext/resources/css/ext-all.css?215870 HTTP/1.1" 200 416045
186.103.158.250 - - [16/Aug/2017:12:49:59 -0300] "GET /cormun/static/treventos.js?201610171620222 HTTP/1.1" 200 16064
186.103.159.230 - - [16/Aug/2017:12:50:00 -0300] "POST /cormun/servlet/hlogin?b1af1f3d6a68d8d53d1d1f149a165666,gx-no-cache=1502898640877 HTTP/1.1" 200 90
186.103.158.250 - - [16/Aug/2017:12:50:00 -0300] "GET /cormun/static/Resources/Spanish/PXTools.css?167811 HTTP/1.1" 304 -
186.103.159.230 - - [16/Aug/2017:12:50:00 -0300] "GET /cormun/servlet/hpexe_link HTTP/1.1" 200 951
186.103.159.230 - - [16/Aug/2017:12:50:00 -0300] "GET /cormun/static/Resources/Spanish/PXTools.css?1155365 HTTP/1.1" 304 -
186.103.159.230 - - [16/Aug/2017:12:50:00 -0300] "GET /cormun/static/gxcfg.js?20177612121792 HTTP/1.1" 304 -
186.103.159.230 - - [16/Aug/2017:12:50:00 -0300] "GET /cormun/static/hpexe_link.js?20177612121795 HTTP/1.1" 200 625
186.103.159.230 - - [16/Aug/2017:12:50:00 -0300] "GET /cormun/servlet/hhome HTTP/1.1" 200 3989
186.103.159.230 - - [16/Aug/2017:12:50:00 -0300] "GET /cormun/static/gxcfg.js?20175251212442 HTTP/1.1" 304 -
186.103.159.230 - - [16/Aug/2017:12:50:00 -0300] "GET /cormun/static/hwchdr01.js?201752511465785 HTTP/1.1" 304 -
186.103.159.230 - - [16/Aug/2017:12:50:00 -0300] "GET /cormun/static/hhome.js?20175251212450 HTTP/1.1" 304 -
186.103.159.230 - - [16/Aug/2017:12:50:00 -0300] "GET /cormun/static/hpexe_recentlink.js?20177611595044 HTTP/1.1" 304 -
186.103.159.230 - - [16/Aug/2017:12:50:00 -0300] "GET /cormun/static/hpexe_scripts.js?201752511465715 HTTP/1.1" 304 -
186.103.159.230 - - [16/Aug/2017:12:50:00 -0300] "GET /cormun/static/hpexe_messagecontroller.js?20177611595012 HTTP/1.1" 304 -
186.103.159.230 - - [16/Aug/2017:12:50:00 -0300] "GET /cormun/static/hpexe_messagegenexuscomponent.js?201752511465344 HTTP/1.1" 304 -
186.103.159.230 - - [16/Aug/2017:12:50:00 -0300] "GET /cormun/static/cmcontrolpreferences.js?201752511465670 HTTP/1.1" 304 -
186.103.159.230 - - [16/Aug/2017:12:50:00 -0300] "GET /cormun/static/hmpwkw03.js?20177612122668 HTTP/1.1" 304 -
186.103.159.230 - - [16/Aug/2017:12:50:01 -0300] "GET /cormun/static/hpexe_messagepopupcomponent.js?20161017169425 HTTP/1.1" 304 -
186.103.159.230 - - [16/Aug/2017:12:50:01 -0300] "GET /cormun/servlet/hhome HTTP/1.1" 200 3985
186.79.88.156 - - [16/Aug/2017:12:50:01 -0300] "POST /cormun/servlet/solicitudotadjuntos?gx-no-cache=1502898643743 HTTP/1.1" 200 26
192.168.10.89 - - [16/Aug/2017:12:50:03 -0300] "POST /cormun/servlet/trsolicitudgral?4938ffe942b0f50eb85628f79180e221,,gx-no-cache=1502898575569 HTTP/1.1" 200 7643
186.103.158.250 - - [16/Aug/2017:12:50:03 -0300] "GET /cormun/servlet/treventos?2017,7168, HTTP/1.1" 200 7553
186.103.159.230 - - [16/Aug/2017:12:50:04 -0300] "GET /cormun/servlet/trsolicitudot? HTTP/1.1" 200 9065
186.103.159.230 - - [16/Aug/2017:12:50:04 -0300] "GET /cormun/static/gxcfg.js?20177612135780 HTTP/1.1" 304 -
186.103.159.230 - - [16/Aug/2017:12:50:04 -0300] "GET /cormun/static/calendar-setup.js?85251 HTTP/1.1" 304 -
186.103.159.230 - - [16/Aug/2017:12:50:04 -0300] "GET /cormun/static/calendar.js?85251 HTTP/1.1" 304 -
186.103.159.230 - - [16/Aug/2017:12:50:04 -0300] "GET /cormun/static/calendar-es.js?85251 HTTP/1.1" 304 -
186.103.159.230 - - [16/Aug/2017:12:50:04 -0300] "GET /cormun/static/gxdec.js?85251 HTTP/1.1" 304 -
186.103.159.230 - - [16/Aug/2017:12:50:04 -0300] "GET /cormun/static/trsolicitudot.js?2017761214480 HTTP/1.1" 304 -
192.168.10.89 - - [16/Aug/2017:12:50:04 -0300] "POST /cormun/servlet/trsolicitudgral?4938ffe942b0f50eb85628f79180e221,,gx-no-cache=1502898576985 HTTP/1.1" 200 7642
186.103.159.230 - - [16/Aug/2017:12:50:04 -0300] "GET /cormun/servlet/trsolicitudot? HTTP/1.1" 200 9063
186.103.159.230 - - [16/Aug/2017:12:50:09 -0300] "GET /cormun/servlet/solicitudot?INS,0,0, HTTP/1.1" 200 12865
186.103.159.230 - - [16/Aug/2017:12:50:09 -0300] "GET /cormun/static/gxcfg.js?201752522134570 HTTP/1.1" 304 -
186.103.159.230 - - [16/Aug/2017:12:50:09 -0300] "GET /cormun/static/solicitudot.js?201752522134767 HTTP/1.1" 304 -
186.103.159.230 - - [16/Aug/2017:12:50:09 -0300] "GET /cormun/servlet/solicitudot?INS,0,0, HTTP/1.1" 200 12870
186.79.88.156 - - [16/Aug/2017:12:50:09 -0300] "GET /cormun/servlet/solicitudotadjuntos?9e6bde44479f425684698aa2480312f9b32b7a04ae8719ff378e1fa2b380a97f,gx-no-cache=1502898651752 HTTP/1.1" 200 30
186.79.88.156 - - [16/Aug/2017:12:50:10 -0300] "GET /cormun/servlet/solicitudotadjuntos?9e6bde44479f425684698aa2480312f9b32b7a04ae8719ff378e1fa2b380a97f,gx-no-cache=1502898651984 HTTP/1.1" 200 30
186.103.158.250 - - [16/Aug/2017:12:50:12 -0300] "GET /cormun/servlet/trautorizarsolicitud? HTTP/1.1" 200 8707
186.103.158.250 - - [16/Aug/2017:12:50:13 -0300] "GET /cormun/servlet/trautorizarsolicitud? HTTP/1.1" 200 8707
186.103.158.250 - - [16/Aug/2017:12:50:19 -0300] "GET /cormun/servlet/trautorizarsolicitud? HTTP/1.1" 200 8707
186.103.158.250 - - [16/Aug/2017:12:50:20 -0300] "GET /cormun/servlet/trautorizarsolicitud? HTTP/1.1" 200 8707
186.79.88.156 - - [16/Aug/2017:12:50:22 -0300] "POST /cormun/servlet/solicitudotadjuntos?1144ec1c54b8787ef70c21227fb78f08,INS,2017,7211,,1, HTTP/1.1" 200 116
186.79.88.156 - - [16/Aug/2017:12:50:23 -0300] "GET /cormun/servlet/hpexe_return? HTTP/1.1" 200 1029
186.103.158.250 - - [16/Aug/2017:12:50:23 -0300] "GET /cormun/servlet/treventos?2017,7168, HTTP/1.1" 200 7554
186.79.88.156 - - [16/Aug/2017:12:50:24 -0300] "GET /cormun/servlet/trsolicitudadjuntos?2017,7211, HTTP/1.1" 200 8786
186.103.158.250 - - [16/Aug/2017:12:50:25 -0300] "GET /cormun/servlet/treventos?2017,7168, HTTP/1.1" 200 7553
186.79.88.156 - - [16/Aug/2017:12:50:27 -0300] "GET /cormun/servlet/trsolicitudadjuntos?2017,7211, HTTP/1.1" 200 8784
186.103.159.230 - - [16/Aug/2017:12:50:30 -0300] "POST /cormun/servlet/solicitudot?gx-no-cache=1502898671526 HTTP/1.1" 200 3194
186.103.159.230 - - [16/Aug/2017:12:50:31 -0300] "POST /cormun/servlet/solicitudot?b1af1f3d6a68d8d53d1d1f149a165666,INS,0,0,,gx-no-cache=1502898671828 HTTP/1.1" 200 10002
186.103.158.250 - - [16/Aug/2017:12:50:34 -0300] "GET /cormun/servlet/trautorizarsolicitud? HTTP/1.1" 200 8707
186.103.158.250 - - [16/Aug/2017:12:50:35 -0300] "GET /cormun/servlet/trautorizarsolicitud? HTTP/1.1" 200 8707
190.46.88.185 - - [16/Aug/2017:12:50:37 -0300] "GET /cormun/servlet/hlogin HTTP/1.1" 200 1722
190.46.88.185 - - [16/Aug/2017:12:50:38 -0300] "GET /cormun/static/gxcfg.js?20175251213516 HTTP/1.1" 200 953
190.46.88.185 - - [16/Aug/2017:12:50:38 -0300] "GET /cormun/static/Resources/ComunLogin.png HTTP/1.1" 200 17326
190.46.88.185 - - [16/Aug/2017:12:50:38 -0300] "GET /cormun/static/messages.spa.js?85251 HTTP/1.1" 200 30736
190.46.88.185 - - [16/Aug/2017:12:50:38 -0300] "GET /cormun/static/gxgral.js?85251 HTTP/1.1" 200 40960
190.46.88.185 - - [16/Aug/2017:12:50:38 -0300] "GET /cormun/static/hlogin.js?20175251213537 HTTP/1.1" 200 2136
190.46.88.185 - - [16/Aug/2017:12:50:38 -0300] "GET /cormun/static/gxtimezone.js?85251 HTTP/1.1" 200 5781
190.46.88.185 - - [16/Aug/2017:12:50:38 -0300] "GET /cormun/static/Resources/Spanish/PXTools.css?11423723 HTTP/1.1" 200 89042
190.46.88.185 - - [16/Aug/2017:12:50:39 -0300] "GET /cormun/servlet/hlogin HTTP/1.1" 200 1732
190.46.88.185 - - [16/Aug/2017:12:50:39 -0300] "GET /cormun/static/Resources/indicator.gif HTTP/1.1" 200 1553
190.46.88.185 - - [16/Aug/2017:12:50:39 -0300] "GET /favicon.ico HTTP/1.1" 200 21630
192.168.10.89 - - [16/Aug/2017:12:50:39 -0300] "POST /cormun/servlet/trsolicitudgral?4938ffe942b0f50eb85628f79180e221,,gx-no-cache=1502898612191 HTTP/1.1" 200 7642
186.103.159.230 - - [16/Aug/2017:12:50:39 -0300] "GET /cormun/servlet/solicitudot?dfb2f4727825952087192a7c02dea6b79bd769079b078888877ccd5e12377100b408ef0cd43751678875ebd628f69296,gx-no-cache=1502898680960 HTTP/1.1" 200 30
186.103.159.230 - - [16/Aug/2017:12:50:39 -0300] "POST /cormun/servlet/solicitudot?gx-no-cache=1502898681065 HTTP/1.1" 200 255
186.103.159.230 - - [16/Aug/2017:12:50:40 -0300] "GET /cormun/servlet/solicitudot?dfb2f4727825952087192a7c02dea6b7ddd50864e10b7e7a59e7bce8673d3536c73f3fa7a06a55b2025ff90266dbec1b6badc6818560c93a59029e789ab450241e28baf5d9a3479d9b2974bbc9d39cd08c70a677d75225ffa8efed140a4c735d8bb2d6609593b57e971ba8013a5ea3345a435cea9091b878db5bf6a66c4e1d9382487f218a1098f0a16ecc63590057458ef5e5f578a521a9ae1e00c48ff02950ffc0d293fe48769ec09bc6b38c0edbc0aa91d3a264f847ffb17f0425b8e04bc4683f423c54b4c4a10de547e874e7db8088a5681aae341ac37af24668c5ab4e59db26e36a888bf089b99cc5291661c2b740da007859c264c5b3d481a7dc9dc6df68ec3c12e4cbc1ddf70712ac09e82ab7233b1a46c066374fa4038c4eef767e557a68ffc7a3907f8abd08afee9e6a95d79a9d57257ab5289c491be34d26125644d31228e76c1dc1667f135392c9dfdb2e4ea1c0b50b01a2906dbdb2aa955d85ef39f60573a257d813629efab25ca8c49080bde7a985c12c6b9a6e6b860ac50d25,gx-no-cache=1502898681152 HTTP/1.1" 200 30
186.103.159.230 - - [16/Aug/2017:12:50:40 -0300] "POST /cormun/servlet/solicitudot?gx-no-cache=1502898681282 HTTP/1.1" 200 30
186.103.159.230 - - [16/Aug/2017:12:50:40 -0300] "POST /cormun/servlet/solicitudot?gx-no-cache=1502898681362 HTTP/1.1" 200 1358
186.103.159.230 - - [16/Aug/2017:12:50:40 -0300] "POST /cormun/servlet/solicitudot?gx-no-cache=1502898681475 HTTP/1.1" 200 38
186.103.158.250 - - [16/Aug/2017:12:50:41 -0300] "POST /cormun/servlet/trautorizarsolicitud?b15998117ea7adae8da8c09714935563,,gx-no-cache=1502898682135 HTTP/1.1" 200 5463
186.103.158.250 - - [16/Aug/2017:12:50:41 -0300] "GET /cormun/static/Shared/jqueryui/images/ui-bg_highlight-soft_100_c6c2c8_1x100.png HTTP/1.1" 404 1117
186.103.158.250 - - [16/Aug/2017:12:50:41 -0300] "GET /cormun/static/Shared/jqueryui/images/ui-icons_82798d_256x240.png HTTP/1.1" 404 1089
186.103.158.250 - - [16/Aug/2017:12:50:41 -0300] "GET /cormun/static/Shared/jqueryui/images/ui-bg_flat_55_fafafa_40x100.png HTTP/1.1" 404 1097
186.103.158.250 - - [16/Aug/2017:12:50:41 -0300] "GET /cormun/static/Shared/jqueryui/images/ui-icons_8d78a5_256x240.png HTTP/1.1" 404 1089
186.103.158.250 - - [16/Aug/2017:12:50:43 -0300] "POST /cormun/servlet/trautorizarsolicitud?b15998117ea7adae8da8c09714935563,,gx-no-cache=1502898682742 HTTP/1.1" 200 5407
192.168.10.89 - - [16/Aug/2017:12:50:43 -0300] "GET /cormun/servlet/hlogin HTTP/1.1" 200 1732
190.46.88.185 - - [16/Aug/2017:12:50:46 -0300] "GET /cormun/servlet/hlogin HTTP/1.1" 200 1722
190.46.88.185 - - [16/Aug/2017:12:50:46 -0300] "GET /cormun/static/Resources/PXToolsLoginBackground.png HTTP/1.1" 200 1164
190.46.88.185 - - [16/Aug/2017:12:50:46 -0300] "GET /cormun/static/Resources/PXToolsLoginTop.png HTTP/1.1" 200 1337
190.46.88.185 - - [16/Aug/2017:12:50:46 -0300] "GET /cormun/static/Resources/PXToolsButtonLeft21.png HTTP/1.1" 200 1287
190.46.88.185 - - [16/Aug/2017:12:50:46 -0300] "GET /cormun/static/Resources/PXToolsButtonRight21.png HTTP/1.1" 200 1283
190.46.88.185 - - [16/Aug/2017:12:50:46 -0300] "GET /cormun/static/Resources/PXToolsButtonBackground2.png HTTP/1.1" 200 1181
186.103.158.250 - - [16/Aug/2017:12:50:49 -0300] "POST /cormun/servlet/trautorizarsolicitud?b15998117ea7adae8da8c09714935563,,gx-no-cache=1502898690599 HTTP/1.1" 200 4354
186.103.158.250 - - [16/Aug/2017:12:50:50 -0300] "POST /cormun/servlet/trautorizarsolicitud?b15998117ea7adae8da8c09714935563,,gx-no-cache=1502898691014 HTTP/1.1" 200 4112
192.168.10.89 - - [16/Aug/2017:12:50:51 -0300] "POST /cormun/servlet/hlogin?4938ffe942b0f50eb85628f79180e221,gx-no-cache=1502898623811 HTTP/1.1" 200 90
192.168.10.89 - - [16/Aug/2017:12:50:51 -0300] "GET /cormun/servlet/hpexe_link HTTP/1.1" 200 953
192.168.10.89 - - [16/Aug/2017:12:50:51 -0300] "GET /cormun/servlet/trsolicitudgral? HTTP/1.1" 200 9155
192.168.10.89 - - [16/Aug/2017:12:50:53 -0300] "GET /cormun/servlet/trsolicitudgral? HTTP/1.1" 200 9153
186.103.159.230 - - [16/Aug/2017:12:50:53 -0300] "POST /cormun/servlet/solicitudot?gx-no-cache=1502898694599 HTTP/1.1" 200 30
192.168.10.89 - - [16/Aug/2017:12:50:56 -0300] "POST /cormun/servlet/trsolicitudgral?4938ffe942b0f50eb85628f79180e221,,gx-no-cache=1502898628728 HTTP/1.1" 200 5750
186.103.159.230 - - [16/Aug/2017:12:50:57 -0300] "POST /cormun/servlet/solicitudot?gx-no-cache=1502898697919 HTTP/1.1" 200 1358
186.103.159.230 - - [16/Aug/2017:12:50:57 -0300] "POST /cormun/servlet/solicitudot?gx-no-cache=1502898698495 HTTP/1.1" 200 38
186.79.88.156 - - [16/Aug/2017:12:50:58 -0300] "GET /cormun/servlet/solicitudotadjuntos?INS,2017,7211,,1, HTTP/1.1" 200 6116
186.79.88.156 - - [16/Aug/2017:12:50:58 -0300] "GET /cormun/static/about:blank HTTP/1.1" 404 1011
186.79.88.156 - - [16/Aug/2017:12:50:59 -0300] "GET /cormun/servlet/solicitudotadjuntos?INS,2017,7211,,1, HTTP/1.1" 200 6110
190.46.88.185 - - [16/Aug/2017:12:50:59 -0300] "GET /cormun/servlet/hlogin HTTP/1.1" 200 1722
186.79.88.156 - - [16/Aug/2017:12:51:00 -0300] "GET /cormun/servlet/solicitudotadjuntos?9e6bde44479f425684698aa2480312f95e0f5698d69b8195c34b65188e306573bc8d99833c38967791af9a02fc544811,gx-no-cache=1502898702042 HTTP/1.1" 200 30
192.168.10.89 - - [16/Aug/2017:12:51:00 -0300] "POST /cormun/servlet/trsolicitudgral?4938ffe942b0f50eb85628f79180e221,,gx-no-cache=1502898632992 HTTP/1.1" 200 7644
186.79.88.156 - - [16/Aug/2017:12:51:01 -0300] "POST /cormun/servlet/solicitudotadjuntos?1144ec1c54b8787ef70c21227fb78f08,INS,2017,7211,,1,,gx-no-cache=1502898702444 HTTP/1.1" 200 3834
190.46.88.185 - - [16/Aug/2017:12:51:01 -0300] "GET /cormun/static/Resources/PXToolsLoginBottom.png HTTP/1.1" 200 1389
186.79.88.156 - - [16/Aug/2017:12:51:08 -0300] "POST /cormun/servlet/solicitudotadjuntos?gx-no-cache=1502898710126 HTTP/1.1" 200 26
186.103.159.230 - - [16/Aug/2017:12:51:16 -0300] "GET /cormun/servlet/solicitudot?dfb2f4727825952087192a7c02dea6b78baef442bc58d5cc76d601c3d6e121234e3761146ebc5ebff94e0dee9f7de31fd502994764f940f0247679f504621f8b00056c428897567c89d4d177b6f1e679112483f630c06ea68e5c3fb327031b195c3c2415306a25691dcf6a76359f7360429c0fdc9aafef13eaf3b62bb9208bab694dc0fde073ce77b74cea89e5185b40eb8ef1dfd092be522cf750ea7fd94c47,gx-no-cache=1502898717930 HTTP/1.1" 200 29
186.103.159.230 - - [16/Aug/2017:12:51:16 -0300] "POST /cormun/servlet/solicitudot?gx-no-cache=1502898717976 HTTP/1.1" 200 1336
186.103.159.230 - - [16/Aug/2017:12:51:17 -0300] "GET /cormun/static/menuarrow.gif HTTP/1.1" 404 1015
190.46.88.185 - - [16/Aug/2017:12:51:18 -0300] "POST /cormun/servlet/hlogin?3c4261c28d6dd6723f874d2aa588dd5e,gx-no-cache=1502898718928 HTTP/1.1" 200 90
190.46.88.185 - - [16/Aug/2017:12:51:18 -0300] "GET /cormun/servlet/hpexe_link HTTP/1.1" 200 953
190.46.88.185 - - [16/Aug/2017:12:51:18 -0300] "GET /cormun/static/gxcfg.js?20177612121792 HTTP/1.1" 200 953
190.46.88.185 - - [16/Aug/2017:12:51:18 -0300] "GET /cormun/static/hpexe_link.js?20177612121795 HTTP/1.1" 200 625
190.46.88.185 - - [16/Aug/2017:12:51:18 -0300] "GET /cormun/static/Resources/Spanish/PXTools.css?1155365 HTTP/1.1" 200 89042
190.46.88.185 - - [16/Aug/2017:12:51:19 -0300] "GET /cormun/servlet/hhome HTTP/1.1" 200 3982
190.46.88.185 - - [16/Aug/2017:12:51:19 -0300] "GET /cormun/static/SmoothNavMenu/resources/ddsmoothmenu.css?1012540 HTTP/1.1" 200 2223
190.46.88.185 - - [16/Aug/2017:12:51:19 -0300] "GET /cormun/static/Shared/jqueryui/jquery-ui.min.css?1245370 HTTP/1.1" 200 30288
190.46.88.185 - - [16/Aug/2017:12:51:19 -0300] "GET /cormun/static/SmoothNavMenu/resources/ddsmoothmenu-v.css?1012540 HTTP/1.1" 200 1188
190.46.88.185 - - [16/Aug/2017:12:51:19 -0300] "GET /cormun/static/PXToolsJavascripts/pexe_autoreload.js HTTP/1.1" 200 1762
190.46.88.185 - - [16/Aug/2017:12:51:19 -0300] "GET /cormun/static/gxcfg.js?20175251212442 HTTP/1.1" 200 953
190.46.88.185 - - [16/Aug/2017:12:51:19 -0300] "GET /cormun/static/scaMessage/css/jquery.pnotify.default.css?1716380 HTTP/1.1" 200 1707
186.103.159.230 - - [16/Aug/2017:12:51:19 -0300] "POST /cormun/servlet/solicitudot?gx-no-cache=1502898720595 HTTP/1.1" 200 1336
190.46.88.185 - - [16/Aug/2017:12:51:19 -0300] "GET /cormun/static/PXToolsJavascripts/pexe_cookies.js HTTP/1.1" 200 792
190.46.88.185 - - [16/Aug/2017:12:51:20 -0300] "GET /cormun/static/PXToolsJavascripts/pexe_windows.js HTTP/1.1" 200 15207
190.46.88.185 - - [16/Aug/2017:12:51:20 -0300] "GET /cormun/static/PXToolsJavascripts/pexe_grid.js HTTP/1.1" 200 7559
190.46.88.185 - - [16/Aug/2017:12:51:20 -0300] "GET /cormun/static/PXToolsJavascripts/pexe_link.js HTTP/1.1" 200 5671
190.46.88.185 - - [16/Aug/2017:12:51:20 -0300] "GET /cormun/static/PXToolsJavascripts/pexe_menudivfix.js HTTP/1.1" 200 333
190.46.88.185 - - [16/Aug/2017:12:51:20 -0300] "GET /cormun/static/PXToolsJavascripts/pexe_menus.js HTTP/1.1" 200 1286
190.46.88.185 - - [16/Aug/2017:12:51:20 -0300] "GET /cormun/static/PXToolsJavascripts/pexe_layers.js HTTP/1.1" 200 4114
190.46.88.185 - - [16/Aug/2017:12:51:20 -0300] "GET /cormun/static/PXToolsJavascripts/pexe_oav.js HTTP/1.1" 200 645
190.46.88.185 - - [16/Aug/2017:12:51:20 -0300] "GET /cormun/static/PXToolsJavascripts/pexe_oavdivfix.js HTTP/1.1" 200 639
190.46.88.185 - - [16/Aug/2017:12:51:20 -0300] "GET /cormun/static/PXToolsJavascripts/pexe_picture.js HTTP/1.1" 200 689
190.46.88.185 - - [16/Aug/2017:12:51:20 -0300] "GET /cormun/static/PXToolsJavascripts/pexe_popup.js HTTP/1.1" 200 13458
190.46.88.185 - - [16/Aug/2017:12:51:20 -0300] "GET /cormun/static/PXToolsJavascripts/pexe_scrolldiv.js HTTP/1.1" 200 4138
190.46.88.185 - - [16/Aug/2017:12:51:20 -0300] "GET /cormun/static/PXToolsJavascripts/pexe_griddivfix.js HTTP/1.1" 200 6644
190.46.88.185 - - [16/Aug/2017:12:51:20 -0300] "GET /cormun/static/PXToolsJavascripts/pexe_tabdivfix.js HTTP/1.1" 200 876
190.46.88.185 - - [16/Aug/2017:12:51:20 -0300] "GET /cormun/static/PXToolsJavascripts/pexe_tabs.js HTTP/1.1" 200 3748
190.46.88.185 - - [16/Aug/2017:12:51:20 -0300] "GET /cormun/static/PXToolsJavascripts/PXToolsJavascriptsRender.js HTTP/1.1" 200 367
190.46.88.185 - - [16/Aug/2017:12:51:20 -0300] "GET /cormun/static/RunJS/RunJS.js HTTP/1.1" 200 288
190.46.88.185 - - [16/Aug/2017:12:51:20 -0300] "GET /cormun/static/PXToolsJavascripts/pexe_upload.js HTTP/1.1" 200 1423
190.46.88.185 - - [16/Aug/2017:12:51:20 -0300] "GET /cormun/static/Shared/ext/locale/ext-lang-en.js HTTP/1.1" 200 10940
190.46.88.185 - - [16/Aug/2017:12:51:20 -0300] "GET /cormun/static/hhome.js?20175251212450 HTTP/1.1" 200 777
190.46.88.185 - - [16/Aug/2017:12:51:20 -0300] "GET /cormun/static/hwchdr01.js?201752511465785 HTTP/1.1" 200 1183
190.46.88.185 - - [16/Aug/2017:12:51:20 -0300] "GET /cormun/static/hpexe_recentlink.js?20177611595044 HTTP/1.1" 200 2144
190.46.88.185 - - [16/Aug/2017:12:51:21 -0300] "GET /cormun/static/gxui/gxui-all.js HTTP/1.1" 200 107772
190.46.88.185 - - [16/Aug/2017:12:51:21 -0300] "GET /cormun/static/hpexe_scripts.js?201752511465715 HTTP/1.1" 200 1544
190.46.88.185 - - [16/Aug/2017:12:51:21 -0300] "GET /cormun/static/hpexe_messagepopupcomponent.js?20161017169425 HTTP/1.1" 200 605
190.46.88.185 - - [16/Aug/2017:12:51:21 -0300] "GET /cormun/static/hpexe_messagecontroller.js?20177611595012 HTTP/1.1" 200 870
190.46.88.185 - - [16/Aug/2017:12:51:21 -0300] "GET /cormun/static/hpexe_messagegenexuscomponent.js?201752511465344 HTTP/1.1" 200 587
190.46.88.185 - - [16/Aug/2017:12:51:21 -0300] "GET /cormun/static/cmcontrolpreferences.js?201752511465670 HTTP/1.1" 200 1375
190.46.88.185 - - [16/Aug/2017:12:51:21 -0300] "GET /cormun/static/SmoothNavMenu/resources/ddsmoothmenu.js HTTP/1.1" 200 12712
190.46.88.185 - - [16/Aug/2017:12:51:21 -0300] "GET /cormun/static/Shared/jquery/jquery-1.4.2.min.js HTTP/1.1" 200 72174
190.46.88.185 - - [16/Aug/2017:12:51:21 -0300] "GET /cormun/static/Shared/jquery/jquery-1.10.2.min.js HTTP/1.1" 200 273199
190.46.88.185 - - [16/Aug/2017:12:51:21 -0300] "GET /cormun/static/SmoothNavMenu/resources/SmoothNavMenuRender.js HTTP/1.1" 200 5951
190.46.88.185 - - [16/Aug/2017:12:51:21 -0300] "GET /cormun/static/scaMessage/js/jquery.pnotify.min.js HTTP/1.1" 200 13038
190.46.88.185 - - [16/Aug/2017:12:51:21 -0300] "GET /cormun/static/Shared/jqueryui/jquery-ui.min.js HTTP/1.1" 200 240427
190.46.88.185 - - [16/Aug/2017:12:51:21 -0300] "GET /cormun/static/scaMessage/scaMessageRender.js HTTP/1.1" 200 11977
190.46.88.185 - - [16/Aug/2017:12:51:21 -0300] "GET /cormun/static/hmpwkw03.js?20177612122668 HTTP/1.1" 200 3965
190.46.88.185 - - [16/Aug/2017:12:51:22 -0300] "GET /cormun/static/Resources/logo4.png HTTP/1.1" 200 6582
190.46.88.185 - - [16/Aug/2017:12:51:22 -0300] "GET /cormun/static/Resources/PXToolsHeaderActionsLeft.png HTTP/1.1" 200 1118
190.46.88.185 - - [16/Aug/2017:12:51:22 -0300] "GET /cormun/static/Resources/PXToolsHeaderHome.png HTTP/1.1" 200 4147
190.46.88.185 - - [16/Aug/2017:12:51:22 -0300] "GET /cormun/static/Resources/PXToolsHeaderLogin.png HTTP/1.1" 200 4279
190.46.88.185 - - [16/Aug/2017:12:51:22 -0300] "GET /cormun/static/Resources/PXToolsHeaderPreferences.png HTTP/1.1" 200 4189
190.46.88.185 - - [16/Aug/2017:12:51:22 -0300] "GET /cormun/static/Resources/PXToolsHeaderSecurity.png HTTP/1.1" 200 4166
190.46.88.185 - - [16/Aug/2017:12:51:22 -0300] "GET /cormun/static/Resources/PXToolsHeaderActionsRight.png HTTP/1.1" 200 1201
190.46.88.185 - - [16/Aug/2017:12:51:23 -0300] "GET /cormun/static/Resources/PXToolsHeaderBackground2.png HTTP/1.1" 200 1174
190.46.88.185 - - [16/Aug/2017:12:51:23 -0300] "GET /cormun/static/Resources/PXToolsDataTitle.png HTTP/1.1" 200 1173
190.46.88.185 - - [16/Aug/2017:12:51:23 -0300] "GET /cormun/static/Resources/PXToolsFooterBackground2.png HTTP/1.1" 200 1172
190.46.88.185 - - [16/Aug/2017:12:51:23 -0300] "GET /cormun/static/Resources/PXToolsHeaderActionsBackground.png HTTP/1.1" 200 484
190.46.88.185 - - [16/Aug/2017:12:51:24 -0300] "GET /cormun/static/SmoothNavMenu/resources/images/down.gif HTTP/1.1" 200 854
190.46.88.185 - - [16/Aug/2017:12:51:24 -0300] "GET /cormun/static/SmoothNavMenu/resources/images/right.gif HTTP/1.1" 200 860
192.168.10.89 - - [16/Aug/2017:12:51:39 -0300] "GET /cormun/servlet/solicitudgral3?UPD,2017,7133, HTTP/1.1" 200 13360
186.103.159.230 - - [16/Aug/2017:12:51:40 -0300] "POST /cormun/servlet/solicitudot?gx-no-cache=1502898741626 HTTP/1.1" 200 30
192.168.10.89 - - [16/Aug/2017:12:51:40 -0300] "POST /cormun/servlet/solicitudgral3?gx-no-cache=1502898673246 HTTP/1.1" 200 3383
192.168.10.89 - - [16/Aug/2017:12:51:40 -0300] "GET /cormun/servlet/solicitudgral3?fc9921912a2599f835a27ff2a8480b3577b228240b02d18f979cb363278511c9d8daaa5568590a24f57460062bd10f069ceb7ad27553603e572ad304ea40c5f6101e421f423f64dfc7ecba036aca220f1ab326b3f2a54b3340fd274c8a43fa70c2ce73fb30101f82466a1ac787d503b2a137a93ba1a437a71f15c6507092628014cd1c0e8e2beda37f66ce40238729af8199a43848854b70045a5497d7845cf2a2f99a495d39bac14a6580dfb4ba14caedc4c9bc4d0f330bb1f8816e3c92e7e8e504d29773d0ea08f216778f0b70c826b59ba58ed6931251436ffdfcc1f9f64fe7e67cecb92bc2d75a7498e92f98bfa1e253a09099d9a92a0c6c0d290e5a3d9b6172de2ac525c19a09e54c398e6dd4cae66907726e9f4876fdf445d61832363048f9338d89b6cfe8fba66168d1d02caa924fa27ca8edbf33e1ce5b33ec67bebef5324a34a0bcbae773cdbb3f0de7de4c,gx-no-cache=1502898673420 HTTP/1.1" 200 242
192.168.10.89 - - [16/Aug/2017:12:51:40 -0300] "POST /cormun/servlet/solicitudgral3?gx-no-cache=1502898673443 HTTP/1.1" 200 1417
192.168.10.89 - - [16/Aug/2017:12:51:40 -0300] "GET /cormun/servlet/solicitudgral3?fc9921912a2599f835a27ff2a8480b357bc0a4c9cce3d7ce2628d09b9fd8e1cb94caac02822b590dd1be71ad09fc482b9ceb7ad27553603e572ad304ea40c5f6a1251e3aff0c999edc99c5a4d18de34d6e391eca7f91d37ee205e231dbcb92be685d2cac035e21726ddcdaedd2f301d405bdf5289f306423747d35a3870552da,gx-no-cache=1502898673534 HTTP/1.1" 200 41
190.46.88.185 - - [16/Aug/2017:12:51:42 -0300] "GET /cormun/servlet/trlicencias? HTTP/1.1" 200 9337
186.79.88.156 - - [16/Aug/2017:12:51:42 -0300] "GET /cormun/servlet/solicitudotadjuntos?9e6bde44479f425684698aa2480312f9b32b7a04ae8719ff378e1fa2b380a97f,gx-no-cache=1502898744344 HTTP/1.1" 200 30
190.46.88.185 - - [16/Aug/2017:12:51:42 -0300] "GET /cormun/static/gxui/gxui-all.css?110300 HTTP/1.1" 200 2179
190.46.88.185 - - [16/Aug/2017:12:51:42 -0300] "GET /cormun/static/calendar-system.css?75620 HTTP/1.1" 200 5572
186.79.88.156 - - [16/Aug/2017:12:51:42 -0300] "GET /cormun/servlet/solicitudotadjuntos?9e6bde44479f425684698aa2480312f9b32b7a04ae8719ff378e1fa2b380a97f,gx-no-cache=1502898744765 HTTP/1.1" 200 30
190.46.88.185 - - [16/Aug/2017:12:51:43 -0300] "GET /cormun/static/gxcfg.js?20176272054169 HTTP/1.1" 200 953
190.46.88.185 - - [16/Aug/2017:12:51:43 -0300] "GET /cormun/static/Resources/Spanish/PXTools.css?17315867 HTTP/1.1" 200 89042
190.46.88.185 - - [16/Aug/2017:12:51:43 -0300] "GET /cormun/static/calendar.js?85251 HTTP/1.1" 200 26246
190.46.88.185 - - [16/Aug/2017:12:51:43 -0300] "GET /cormun/static/calendar-setup.js?85251 HTTP/1.1" 200 2588
190.46.88.185 - - [16/Aug/2017:12:51:43 -0300] "GET /cormun/static/calendar-es.js?85251 HTTP/1.1" 200 1901
192.168.10.89 - - [16/Aug/2017:12:51:43 -0300] "POST /cormun/servlet/solicitudgral3?4938ffe942b0f50eb85628f79180e221,UPD,2017,7133,,gx-no-cache=1502898676110 HTTP/1.1" 200 11269
190.46.88.185 - - [16/Aug/2017:12:51:43 -0300] "GET /cormun/static/Resources/PXTools/calendar.png HTTP/1.1" 200 1306
190.46.88.185 - - [16/Aug/2017:12:51:43 -0300] "GET /cormun/static/Resources/PXToolsGridPreviousDisabled.gif HTTP/1.1" 200 90
190.46.88.185 - - [16/Aug/2017:12:51:43 -0300] "GET /cormun/static/Resources/PXToolsGridFirstDisabled.gif HTTP/1.1" 200 100
190.46.88.185 - - [16/Aug/2017:12:51:43 -0300] "GET /cormun/static/Resources/PXToolsDataSearch.png HTTP/1.1" 200 419
190.46.88.185 - - [16/Aug/2017:12:51:43 -0300] "GET /cormun/static/Resources/PXToolsGridNextDisabled.gif HTTP/1.1" 200 90
190.46.88.185 - - [16/Aug/2017:12:51:43 -0300] "GET /cormun/static/Shared/ext/resources/css/ext-all.css?205870 HTTP/1.1" 200 416045
192.168.10.89 - - [16/Aug/2017:12:51:44 -0300] "GET /cormun/servlet/solicitudgral3?fc9921912a2599f835a27ff2a8480b35e08504e24a85a20f95f96565e81261a90436dfcd37502145d64aa347ee56b206985a15f10da93d2ea35c7f61fea69ee8f266bbabbb631e2c020c5d200705c34444df13b9ba4a175afb92f05e7c730f5bbd0ccd08abc51c81a5c1d754abc2db49,gx-no-cache=1502898676729 HTTP/1.1" 200 29
192.168.10.89 - - [16/Aug/2017:12:51:44 -0300] "POST /cormun/servlet/solicitudgral3?gx-no-cache=1502898676757 HTTP/1.1" 200 1312
192.168.10.89 - - [16/Aug/2017:12:51:44 -0300] "POST /cormun/servlet/solicitudgral3?gx-no-cache=1502898676802 HTTP/1.1" 200 1216
190.46.88.185 - - [16/Aug/2017:12:51:44 -0300] "GET /cormun/static/trlicencias.js?20176272054837 HTTP/1.1" 200 41883
190.46.88.185 - - [16/Aug/2017:12:51:44 -0300] "GET /cormun/static/Resources/PXToolsGridLastDisabled.gif HTTP/1.1" 200 98
190.46.88.185 - - [16/Aug/2017:12:51:44 -0300] "GET /cormun/static/Resources/PXToolsActionExcel.png HTTP/1.1" 200 3187
190.46.88.185 - - [16/Aug/2017:12:51:44 -0300] "GET /cormun/static/Resources/PXToolsGridNew.png HTTP/1.1" 200 2949
190.46.88.185 - - [16/Aug/2017:12:51:44 -0300] "GET /cormun/static/Resources/PXToolsGridPage.gif HTTP/1.1" 200 725
190.46.88.185 - - [16/Aug/2017:12:51:44 -0300] "GET /cormun/static/gxdec.js?85251 HTTP/1.1" 200 19579
192.168.10.89 - - [16/Aug/2017:12:51:45 -0300] "GET /cormun/servlet/solicitudgral3?fc9921912a2599f835a27ff2a8480b3544aa6df425cbf9758b4d107c266c37ad1dacc68e3ff1da758a5993484efd5d0e5b3b5ff32d000c112866266f161c8e6f924fa27ca8edbf33e1ce5b33ec67bebe4ff665b96a5bfc3a3235ce6620c34b18defd02cfe5c006ca7cd69c20a0dcd8e608fc8aeaf533e415fdc2a8f9e201ae8fa417f3e599700aa83c540fea824fbd31,gx-no-cache=1502898678242 HTTP/1.1" 200 30
190.46.88.185 - - [16/Aug/2017:12:51:48 -0300] "GET /cormun/static/Resources/desc.gif HTTP/1.1" 200 65
190.46.88.185 - - [16/Aug/2017:12:51:48 -0300] "GET /cormun/static/Resources/asc.gif HTTP/1.1" 200 67
190.46.88.185 - - [16/Aug/2017:12:51:48 -0300] "GET /cormun//static/Resources/PXToolsGridDisplay.png HTTP/1.1" 200 362
190.46.88.185 - - [16/Aug/2017:12:51:48 -0300] "GET /cormun//static/Resources/PXToolsActionDisabled.gif HTTP/1.1" 200 53
190.46.88.185 - - [16/Aug/2017:12:51:48 -0300] "GET /cormun//static/Resources/PXTools/ActionInsert.png HTTP/1.1" 200 1482
190.46.88.185 - - [16/Aug/2017:12:51:48 -0300] "GET /cormun//static/Resources/PXToolsHeaderFavorites.png HTTP/1.1" 200 2744
190.46.88.185 - - [16/Aug/2017:12:51:48 -0300] "GET /cormun//static/Resources/PXToolsHeaderHelp.png HTTP/1.1" 200 4055
190.46.88.185 - - [16/Aug/2017:12:51:48 -0300] "GET /cormun//static/Resources/PXToolsActionPrint.png HTTP/1.1" 200 3317
190.46.88.185 - - [16/Aug/2017:12:51:49 -0300] "GET /cormun/static/Shared/ext/resources/themes/images/default/tools/tool-sprites.gif HTTP/1.1" 200 5434
190.46.88.185 - - [16/Aug/2017:12:51:49 -0300] "GET /cormun/static/Shared/ext/resources/themes/images/default/panel/bg-headersPanel.png HTTP/1.1" 200 255
186.79.88.156 - - [16/Aug/2017:12:51:54 -0300] "POST /cormun/servlet/solicitudotadjuntos?1144ec1c54b8787ef70c21227fb78f08,INS,2017,7211,,1, HTTP/1.1" 200 116
192.168.10.89 - - [16/Aug/2017:12:51:55 -0300] "POST /cormun/servlet/solicitudgral3?4938ffe942b0f50eb85628f79180e221,UPD,2017,7133,,gx-no-cache=1502898688183 HTTP/1.1" 200 93
192.168.10.89 - - [16/Aug/2017:12:51:55 -0300] "GET /cormun/servlet/hpexe_return? HTTP/1.1" 200 1010
192.168.10.89 - - [16/Aug/2017:12:51:55 -0300] "GET /cormun/servlet/trsolicitudgral? HTTP/1.1" 200 11046
190.46.88.185 - - [16/Aug/2017:12:51:59 -0300] "GET /cormun/servlet/licenciaspermisos?INS,0,,, HTTP/1.1" 200 7511
190.46.88.185 - - [16/Aug/2017:12:51:59 -0300] "GET /cormun/static/gxcfg.js?201762917281167 HTTP/1.1" 200 953
190.46.88.185 - - [16/Aug/2017:12:51:59 -0300] "GET /cormun/static/Resources/prompt.gif HTTP/1.1" 200 902
190.46.88.185 - - [16/Aug/2017:12:51:59 -0300] "GET /cormun/static/licenciaspermisos.js?201762917281260 HTTP/1.1" 200 37491
192.168.10.89 - - [16/Aug/2017:12:52:00 -0300] "POST /cormun/servlet/trsolicitudgral?4938ffe942b0f50eb85628f79180e221,,gx-no-cache=1502898693196 HTTP/1.1" 200 7153
192.168.10.89 - - [16/Aug/2017:12:52:00 -0300] "GET /cormun/static/Shared/jqueryui/images/ui-bg_flat_55_fafafa_40x100.png HTTP/1.1" 404 1097
192.168.10.89 - - [16/Aug/2017:12:52:00 -0300] "GET /cormun/static/Shared/jqueryui/images/ui-bg_highlight-soft_100_c6c2c8_1x100.png HTTP/1.1" 404 1117
192.168.10.89 - - [16/Aug/2017:12:52:00 -0300] "GET /cormun/static/Shared/jqueryui/images/ui-icons_82798d_256x240.png HTTP/1.1" 404 1089
192.168.10.89 - - [16/Aug/2017:12:52:00 -0300] "GET /cormun/static/Shared/jqueryui/images/ui-icons_8d78a5_256x240.png HTTP/1.1" 404 1089
186.79.88.156 - - [16/Aug/2017:12:52:10 -0300] "GET /cormun/servlet/hpexe_return? HTTP/1.1" 200 1029
186.79.88.156 - - [16/Aug/2017:12:52:11 -0300] "GET /cormun/servlet/trsolicitudadjuntos?2017,7211, HTTP/1.1" 200 8949
186.79.88.156 - - [16/Aug/2017:12:52:17 -0300] "GET /cormun/servlet/trsolicitudadjuntos?2017,7211, HTTP/1.1" 200 8951
186.79.88.156 - - [16/Aug/2017:12:52:20 -0300] "GET /cormun/servlet/solicitudotadjuntos?INS,2017,7211,,1, HTTP/1.1" 200 6115
186.79.88.156 - - [16/Aug/2017:12:52:24 -0300] "GET /cormun/static/about:blank HTTP/1.1" 404 1011
186.79.88.156 - - [16/Aug/2017:12:52:29 -0300] "GET /cormun/servlet/solicitudotadjuntos?INS,2017,7211,,1, HTTP/1.1" 200 6109
186.79.88.156 - - [16/Aug/2017:12:52:29 -0300] "GET /cormun/servlet/solicitudotadjuntos?9e6bde44479f425684698aa2480312f95e0f5698d69b8195c34b65188e306573bc8d99833c38967791af9a02fc544811,gx-no-cache=1502898791633 HTTP/1.1" 200 30
186.79.88.156 - - [16/Aug/2017:12:52:31 -0300] "POST /cormun/servlet/solicitudotadjuntos?1144ec1c54b8787ef70c21227fb78f08,INS,2017,7211,,1,,gx-no-cache=1502898791868 HTTP/1.1" 200 3833
