186.79.3.219 - - [10/Aug/2017:10:55:54 -0300] "GET /cormun/servlet/trsolicitudadjuntos?2017,7187, HTTP/1.1" 200 6121
186.79.3.219 - - [10/Aug/2017:10:55:54 -0300] "GET /cormun/static/gxcfg.js?20177612135366 HTTP/1.1" 200 953
186.79.3.219 - - [10/Aug/2017:10:55:54 -0300] "GET /cormun/static/trsolicitudadjuntos.js?20177612135632 HTTP/1.1" 200 17922
186.103.161.206 - - [10/Aug/2017:10:55:54 -0300] "POST /cormun/servlet/trsolicitudot?db40b29d1f54ffd9e3b24d23981bd0a7,gx-no-cache=1502373395484 HTTP/1.1" 200 6878
186.79.3.219 - - [10/Aug/2017:10:55:54 -0300] "GET /cormun/servlet/trsolicitudadjuntos?2017,7187, HTTP/1.1" 200 6121
186.79.3.219 - - [10/Aug/2017:10:56:15 -0300] "GET /cormun/servlet/solicitudotadjuntos?INS,2017,7187,,1, HTTP/1.1" 200 6076
186.79.3.219 - - [10/Aug/2017:10:56:15 -0300] "GET /cormun/static/gxcfg.js?201752511522888 HTTP/1.1" 200 953
186.79.3.219 - - [10/Aug/2017:10:56:15 -0300] "GET /cormun/static/solicitudotadjuntos.js?20175251152299 HTTP/1.1" 200 11771
186.103.132.155 - - [10/Aug/2017:10:56:15 -0300] "GET /cormun/servlet/trsolicitudot? HTTP/1.1" 200 9809
186.79.3.219 - - [10/Aug/2017:10:56:15 -0300] "GET /cormun/static/about:blank HTTP/1.1" 404 1011
186.79.3.219 - - [10/Aug/2017:10:56:15 -0300] "GET /cormun/servlet/solicitudotadjuntos?INS,2017,7187,,1, HTTP/1.1" 200 6070
186.79.3.219 - - [10/Aug/2017:10:56:16 -0300] "GET /cormun/servlet/solicitudotadjuntos?52b7e4ce8f1cb379d0d2375eab6f4f81ecf5097af1fa9a12e8786adfe5effbaa1cfcedbe552f8f6b50b9cc0c4b443cbb,gx-no-cache=1502373418263 HTTP/1.1" 200 30
186.103.132.155 - - [10/Aug/2017:10:56:16 -0300] "GET /cormun/servlet/trsolicitudot? HTTP/1.1" 200 9809
186.79.3.219 - - [10/Aug/2017:10:56:16 -0300] "POST /cormun/servlet/solicitudotadjuntos?bbd1246b1fd96ff0699a97781c3a1286,INS,2017,7187,,1,,gx-no-cache=1502373418361 HTTP/1.1" 200 3823
186.79.3.219 - - [10/Aug/2017:10:56:18 -0300] "POST /cormun/servlet/solicitudotadjuntos?gx-no-cache=1502373420957 HTTP/1.1" 200 26
186.103.132.155 - - [10/Aug/2017:10:56:28 -0300] "GET /cormun/servlet/trsolicitudot? HTTP/1.1" 200 9809
186.103.132.155 - - [10/Aug/2017:10:56:29 -0300] "GET /cormun/servlet/trsolicitudot? HTTP/1.1" 200 9809
186.103.132.155 - - [10/Aug/2017:10:56:33 -0300] "GET /cormun/servlet/solicitudot?INS,0,0, HTTP/1.1" 200 12908
186.103.132.155 - - [10/Aug/2017:10:56:35 -0300] "GET /cormun/servlet/solicitudot?INS,0,0, HTTP/1.1" 200 12913
186.79.3.219 - - [10/Aug/2017:10:56:51 -0300] "GET /cormun/servlet/solicitudotadjuntos?52b7e4ce8f1cb379d0d2375eab6f4f81805e30dedcbf71e1bd29e033ae46c4ad,gx-no-cache=1502373453477 HTTP/1.1" 200 30
186.79.3.219 - - [10/Aug/2017:10:56:51 -0300] "GET /cormun/servlet/solicitudotadjuntos?52b7e4ce8f1cb379d0d2375eab6f4f81805e30dedcbf71e1bd29e033ae46c4ad,gx-no-cache=1502373453657 HTTP/1.1" 200 30
186.79.3.219 - - [10/Aug/2017:10:56:56 -0300] "POST /cormun/servlet/solicitudotadjuntos?bbd1246b1fd96ff0699a97781c3a1286,INS,2017,7187,,1, HTTP/1.1" 200 116
186.79.3.219 - - [10/Aug/2017:10:56:56 -0300] "GET /cormun/servlet/hpexe_return? HTTP/1.1" 200 1026
186.79.3.219 - - [10/Aug/2017:10:56:57 -0300] "GET /cormun/servlet/trsolicitudadjuntos?2017,7187, HTTP/1.1" 200 8384
186.79.3.219 - - [10/Aug/2017:10:56:57 -0300] "GET /cormun/servlet/trsolicitudadjuntos?2017,7187, HTTP/1.1" 200 8380
186.79.3.219 - - [10/Aug/2017:10:57:00 -0300] "GET /cormun/servlet/solicitudotadjuntos?INS,2017,7187,,1, HTTP/1.1" 200 6075
186.79.3.219 - - [10/Aug/2017:10:57:01 -0300] "GET /cormun/static/about:blank HTTP/1.1" 404 1011
186.79.3.219 - - [10/Aug/2017:10:57:01 -0300] "GET /cormun/servlet/solicitudotadjuntos?INS,2017,7187,,1, HTTP/1.1" 200 6069
186.79.3.219 - - [10/Aug/2017:10:57:02 -0300] "GET /cormun/servlet/solicitudotadjuntos?52b7e4ce8f1cb379d0d2375eab6f4f81ecf5097af1fa9a12e8786adfe5effbaa1cfcedbe552f8f6b50b9cc0c4b443cbb,gx-no-cache=1502373463948 HTTP/1.1" 200 30
186.79.3.219 - - [10/Aug/2017:10:57:03 -0300] "POST /cormun/servlet/solicitudotadjuntos?bbd1246b1fd96ff0699a97781c3a1286,INS,2017,7187,,1,,gx-no-cache=1502373464639 HTTP/1.1" 200 3823
186.103.132.155 - - [10/Aug/2017:10:57:17 -0300] "POST /cormun/servlet/solicitudot?gx-no-cache=1502373477467 HTTP/1.1" 200 3214
186.103.132.155 - - [10/Aug/2017:10:57:19 -0300] "POST /cormun/servlet/solicitudot?db40b29d1f54ffd9e3b24d23981bd0a7,INS,0,0,,gx-no-cache=1502373479826 HTTP/1.1" 200 10033
186.103.161.206 - - [10/Aug/2017:10:57:25 -0300] "GET /cormun/servlet/solicitudot?60efd97933527459cf7c8c71a00b239a8f445122493f7abc93ca1e7e7db721fb4e62d1b0b35808d9d74141a30b8ca849,gx-no-cache=1502373487027 HTTP/1.1" 200 30
186.103.161.206 - - [10/Aug/2017:10:57:25 -0300] "POST /cormun/servlet/solicitudot?gx-no-cache=1502373487411 HTTP/1.1" 200 255
186.103.161.206 - - [10/Aug/2017:10:57:26 -0300] "GET /cormun/servlet/solicitudot?60efd97933527459cf7c8c71a00b239abedff04a6419eb2f6a3638c14b5692f970d31e06e9687f4e858c8bfa4663722f50ff3726cce8292603064cb63400712370e106563416f21ff3136cc9a7c8c6eba44562c36c298242132aac031ecf03613fa08a5fc481eaf9e501ca42bc84457ef76a2564313a00dd872987ba368173978b614471fca05670281d834fb3f7c34f4aec9eb692b5ddb3f367a45f5799a2784c76cf3d45d18daa5d58494ca33e4d0cc9362781f8b3468df65dc22e980a9c44baac0d56dcd84bc10ab551a9a0500da4df7c0a6fba8d5110617f8ed22a996c3b82576e596413b963a8e769c755af04bac7f2e880c4cdfc371680bbe8b5e90c7c68489ccecfe3f654ed71d1e52fc2dfab4d77d9447e05341c9471e519f7591ebe8dbc8ecf03140fed8fb2f603306aeceb8c3790aa563c57bf5422ee7e7cb8d350d1d3624e413a04322c7c475c25c9862b7306a34cf6cafea83a83f996dd995cb28a0b5ba8d2e9d3b1b780c00fe2170edc883ea72e25894bf2dc42ed272c716737,gx-no-cache=1502373487656 HTTP/1.1" 200 30
186.103.161.206 - - [10/Aug/2017:10:57:29 -0300] "POST /cormun/servlet/solicitudot?gx-no-cache=1502373490954 HTTP/1.1" 200 30
186.103.161.206 - - [10/Aug/2017:10:57:37 -0300] "GET /cormun/servlet/prcontratosol?18374358,,,,,MD,,gxPopupLevel%3D0%3B HTTP/1.1" 200 7481
186.103.161.206 - - [10/Aug/2017:10:57:43 -0300] "POST /cormun/servlet/solicitudot?gx-no-cache=1502373504513 HTTP/1.1" 200 1357
186.103.161.206 - - [10/Aug/2017:10:57:44 -0300] "POST /cormun/servlet/solicitudot?gx-no-cache=1502373505930 HTTP/1.1" 200 38
186.103.161.206 - - [10/Aug/2017:10:57:44 -0300] "GET /cormun/servlet/solicitudot?60efd97933527459cf7c8c71a00b239ac0ff76076c8850bbe047e17c712fc02ed078a4173eacdd96154ef25e08390197bc592f1ffc7472770cd54d77c03aac1003eddad2b1b7ad21a437c520a8481aefd5340ba7aab3a9851cf33077d3851523e02798c43f5b75a01d643a3c6c4e26875904c0cd569072e0aa8b2780f199433b5b3d1b9fa873d77dc49f7ae24f707a83259166d46d1e40425ee6e38dff3551b3,gx-no-cache=1502373506289 HTTP/1.1" 200 29
186.103.161.206 - - [10/Aug/2017:10:57:44 -0300] "POST /cormun/servlet/solicitudot?gx-no-cache=1502373506528 HTTP/1.1" 200 1337
186.79.3.219 - - [10/Aug/2017:10:57:53 -0300] "POST /cormun/servlet/solicitudotadjuntos?gx-no-cache=1502373515530 HTTP/1.1" 200 26
186.103.132.155 - - [10/Aug/2017:10:57:54 -0300] "POST /cormun/servlet/solicitudot?gx-no-cache=1502373515153 HTTP/1.1" 200 1357
186.103.132.155 - - [10/Aug/2017:10:57:54 -0300] "POST /cormun/servlet/solicitudot?gx-no-cache=1502373516356 HTTP/1.1" 200 38
186.103.132.155 - - [10/Aug/2017:10:58:10 -0300] "POST /cormun/servlet/solicitudot?gx-no-cache=1502373530571 HTTP/1.1" 200 1336
186.103.132.155 - - [10/Aug/2017:10:58:30 -0300] "GET /cormun/static/menuarrow.gif HTTP/1.1" 404 1015
186.103.132.155 - - [10/Aug/2017:10:58:48 -0300] "POST /cormun/servlet/solicitudot?gx-no-cache=1502373570063 HTTP/1.1" 200 33
186.103.132.155 - - [10/Aug/2017:10:59:30 -0300] "POST /cormun/servlet/solicitudot?db40b29d1f54ffd9e3b24d23981bd0a7,INS,0,0,,gx-no-cache=1502373610159 HTTP/1.1" 200 93
186.103.132.155 - - [10/Aug/2017:10:59:30 -0300] "GET /cormun/servlet/hpexe_return? HTTP/1.1" 200 1004
186.103.132.155 - - [10/Aug/2017:10:59:31 -0300] "GET /cormun/servlet/trsolicitudot HTTP/1.1" 200 10237
192.168.10.60 - - [10/Aug/2017:10:59:32 -0300] "GET /cormun/servlet/hhome HTTP/1.1" 200 3374
186.103.132.155 - - [10/Aug/2017:10:59:32 -0300] "GET /cormun/servlet/trsolicitudot HTTP/1.1" 200 10233
192.168.10.60 - - [10/Aug/2017:10:59:32 -0300] "GET /cormun/servlet/hhome HTTP/1.1" 200 3384
192.168.10.60 - - [10/Aug/2017:10:59:32 -0300] "GET /cormun/servlet/hlogin HTTP/1.1" 200 1732
192.168.10.60 - - [10/Aug/2017:10:59:34 -0300] "POST /cormun/servlet/hlogin?be10a4a767dea7b5ddc292cbb8c6e6b2,gx-no-cache=1502373549884 HTTP/1.1" 200 90
192.168.10.60 - - [10/Aug/2017:10:59:34 -0300] "GET /cormun/servlet/hpexe_link HTTP/1.1" 200 949
192.168.10.60 - - [10/Aug/2017:10:59:35 -0300] "GET /cormun/servlet/hhome HTTP/1.1" 200 3742
192.168.10.60 - - [10/Aug/2017:10:59:35 -0300] "GET /cormun/servlet/hhome HTTP/1.1" 200 3739
192.168.10.60 - - [10/Aug/2017:10:59:37 -0300] "GET /cormun/servlet/trautorizarot? HTTP/1.1" 200 8094
192.168.10.60 - - [10/Aug/2017:10:59:38 -0300] "GET /cormun/servlet/trautorizarot? HTTP/1.1" 200 8093
192.168.10.60 - - [10/Aug/2017:10:59:40 -0300] "GET /cormun/static/menuarrow.gif HTTP/1.1" 404 1015
186.103.161.206 - - [10/Aug/2017:10:59:45 -0300] "POST /cormun/servlet/trsolicitudot?db40b29d1f54ffd9e3b24d23981bd0a7,gx-no-cache=1502373626726 HTTP/1.1" 200 7382
186.103.161.206 - - [10/Aug/2017:10:59:45 -0300] "GET /cormun/static/Shared/jqueryui/images/ui-bg_highlight-soft_100_c6c2c8_1x100.png HTTP/1.1" 404 1117
186.103.161.206 - - [10/Aug/2017:10:59:46 -0300] "GET /cormun/static/Shared/jqueryui/images/ui-icons_8d78a5_256x240.png HTTP/1.1" 404 1089
186.103.161.206 - - [10/Aug/2017:10:59:46 -0300] "GET /cormun/static/Shared/jqueryui/images/ui-icons_82798d_256x240.png HTTP/1.1" 404 1089
186.103.161.206 - - [10/Aug/2017:10:59:46 -0300] "GET /cormun/static/Shared/jqueryui/images/ui-bg_flat_55_fafafa_40x100.png HTTP/1.1" 404 1097
192.168.10.60 - - [10/Aug/2017:10:59:46 -0300] "POST /cormun/servlet/trautorizarot?be10a4a767dea7b5ddc292cbb8c6e6b2,,gx-no-cache=1502373561437 HTTP/1.1" 200 5110
186.103.161.206 - - [10/Aug/2017:10:59:46 -0300] "POST /cormun/servlet/trsolicitudot?db40b29d1f54ffd9e3b24d23981bd0a7,gx-no-cache=1502373627843 HTTP/1.1" 200 7327
65.55.210.68 - - [10/Aug/2017:10:59:53 -0300] "GET /cormun/static/Resources/PXToolsDataSearch.png HTTP/1.1" 200 419
65.55.210.68 - - [10/Aug/2017:10:59:54 -0300] "GET /cormun/static/Resources/PXToolsHeaderBackground2.png HTTP/1.1" 200 1174
65.55.210.68 - - [10/Aug/2017:10:59:54 -0300] "GET /cormun/static/Resources/PXToolsDataTitle.png HTTP/1.1" 200 1173
65.55.210.68 - - [10/Aug/2017:10:59:54 -0300] "GET /cormun/static/gxcfg.js?20175251213516 HTTP/1.1" 200 953
65.55.210.68 - - [10/Aug/2017:10:59:54 -0300] "GET /cormun/static/hlogin.js?20175251213537 HTTP/1.1" 200 2136
65.55.210.68 - - [10/Aug/2017:10:59:55 -0300] "GET /cormun/static/Resources/PXToolsLoginBackground.png HTTP/1.1" 200 1164
65.55.210.68 - - [10/Aug/2017:10:59:55 -0300] "GET /cormun/static/Resources/PXToolsLoginTop.png HTTP/1.1" 200 1337
65.55.210.68 - - [10/Aug/2017:10:59:55 -0300] "GET /cormun/static/Resources/PXToolsButtonLeft21.png HTTP/1.1" 200 1287
65.55.210.68 - - [10/Aug/2017:10:59:55 -0300] "GET /cormun/static/Resources/ComunLogin.png HTTP/1.1" 200 17326
65.55.210.68 - - [10/Aug/2017:10:59:55 -0300] "GET /cormun/static/Resources/PXToolsButtonRight21.png HTTP/1.1" 200 1283
65.55.210.68 - - [10/Aug/2017:10:59:55 -0300] "GET /cormun/static/Resources/PXToolsButtonBackground2.png HTTP/1.1" 200 1181
65.55.210.68 - - [10/Aug/2017:10:59:55 -0300] "GET /cormun/static/Resources/PXToolsLoginBottom.png HTTP/1.1" 200 1389
65.55.210.68 - - [10/Aug/2017:10:59:55 -0300] "GET /cormun/static/Resources/indicator.gif HTTP/1.1" 200 1553
186.103.161.206 - - [10/Aug/2017:10:59:57 -0300] "POST /cormun/servlet/trsolicitudot?db40b29d1f54ffd9e3b24d23981bd0a7,gx-no-cache=1502373637965 HTTP/1.1" 200 7327
186.103.161.206 - - [10/Aug/2017:11:00:00 -0300] "POST /cormun/servlet/trsolicitudot?db40b29d1f54ffd9e3b24d23981bd0a7,gx-no-cache=1502373641583 HTTP/1.1" 200 7326
46.174.191.30 - - [10/Aug/2017:11:09:24 -0300] "GET / HTTP/1.0" 200 11197
186.79.169.1 - - [10/Aug/2017:11:11:45 -0300] "GET /cormun/servlet/hlogin HTTP/1.1" 200 1719
186.79.169.1 - - [10/Aug/2017:11:11:45 -0300] "GET /cormun/servlet/hlogin HTTP/1.1" 200 1727
186.79.169.1 - - [10/Aug/2017:11:12:01 -0300] "POST /cormun/servlet/hlogin?609b3e70e1ea6fc652324dd027698658,gx-no-cache=1502374363137 HTTP/1.1" 200 90
186.79.169.1 - - [10/Aug/2017:11:12:02 -0300] "GET /cormun/servlet/hpexe_link HTTP/1.1" 200 947
186.79.169.1 - - [10/Aug/2017:11:12:02 -0300] "GET /cormun/servlet/hhome HTTP/1.1" 200 4056
186.79.169.1 - - [10/Aug/2017:11:12:03 -0300] "GET /cormun/servlet/hhome HTTP/1.1" 200 4052
186.79.169.1 - - [10/Aug/2017:11:12:35 -0300] "GET /cormun/servlet/trautorizarenuncias? HTTP/1.1" 200 7387
186.79.169.1 - - [10/Aug/2017:11:12:35 -0300] "GET /cormun/static/gxcfg.js?20175251295383 HTTP/1.1" 200 953
186.79.169.1 - - [10/Aug/2017:11:12:36 -0300] "GET /cormun/static/trautorizarenuncias.js?20175251295838 HTTP/1.1" 200 29147
186.79.169.1 - - [10/Aug/2017:11:12:36 -0300] "GET /cormun/servlet/trautorizarenuncias? HTTP/1.1" 200 7386
186.79.169.1 - - [10/Aug/2017:11:12:36 -0300] "GET /cormun//static/Resources/PXToolsHeaderHelp.png HTTP/1.1" 200 4055
186.79.169.1 - - [10/Aug/2017:11:12:37 -0300] "GET /cormun//static/Resources/PXToolsHeaderFavorites.png HTTP/1.1" 200 2744
186.79.169.1 - - [10/Aug/2017:11:12:51 -0300] "POST /cormun/servlet/trautorizarenuncias?609b3e70e1ea6fc652324dd027698658,,gx-no-cache=1502374412190 HTTP/1.1" 200 4074
186.79.169.1 - - [10/Aug/2017:11:12:52 -0300] "GET /cormun/static/Shared/jqueryui/images/ui-bg_highlight-soft_100_c6c2c8_1x100.png HTTP/1.1" 404 1117
186.79.169.1 - - [10/Aug/2017:11:12:52 -0300] "GET /cormun/static/Shared/jqueryui/images/ui-icons_82798d_256x240.png HTTP/1.1" 404 1089
186.79.169.1 - - [10/Aug/2017:11:12:52 -0300] "GET /cormun/static/Shared/jqueryui/images/ui-bg_flat_55_fafafa_40x100.png HTTP/1.1" 404 1097
186.79.169.1 - - [10/Aug/2017:11:12:52 -0300] "GET /cormun/static/Shared/jqueryui/images/ui-icons_8d78a5_256x240.png HTTP/1.1" 404 1089
192.168.10.62 - - [10/Aug/2017:11:17:44 -0300] "GET /cormun/servlet/hlogin HTTP/1.1" 200 1713
192.168.10.62 - - [10/Aug/2017:11:17:44 -0300] "GET /cormun/servlet/hlogin HTTP/1.1" 200 1723
192.168.10.62 - - [10/Aug/2017:11:18:09 -0300] "POST /cormun/servlet/hlogin?6f2be4f3d2eeca52cc486cb86b766927,gx-no-cache=1502374664727 HTTP/1.1" 200 90
192.168.10.62 - - [10/Aug/2017:11:18:09 -0300] "GET /cormun/servlet/hpexe_link HTTP/1.1" 200 946
192.168.10.62 - - [10/Aug/2017:11:18:09 -0300] "GET /cormun/servlet/hhome HTTP/1.1" 200 3800
192.168.10.62 - - [10/Aug/2017:11:18:10 -0300] "GET /cormun/servlet/hhome HTTP/1.1" 200 3797
192.168.10.62 - - [10/Aug/2017:11:18:13 -0300] "GET /cormun/servlet/trsolicitudgral? HTTP/1.1" 200 10845
192.168.10.62 - - [10/Aug/2017:11:18:13 -0300] "GET /cormun/servlet/trsolicitudgral? HTTP/1.1" 200 10842
192.168.10.62 - - [10/Aug/2017:11:18:24 -0300] "POST /cormun/servlet/trsolicitudgral?6f2be4f3d2eeca52cc486cb86b766927,,gx-no-cache=1502374679719 HTTP/1.1" 200 6993
192.168.10.62 - - [10/Aug/2017:11:18:28 -0300] "GET /cormun/servlet/vesolicitudgral?2017,7144,, HTTP/1.1" 200 8287
192.168.10.62 - - [10/Aug/2017:11:18:28 -0300] "GET /cormun/pexe_scrolldiv.js HTTP/1.1" 404 1009
192.168.10.62 - - [10/Aug/2017:11:18:28 -0300] "GET /cormun/servlet/vesolicitudgral?2017,7144,, HTTP/1.1" 200 8287
192.168.10.62 - - [10/Aug/2017:11:18:30 -0300] "POST /cormun/servlet/vesolicitudgral?6f2be4f3d2eeca52cc486cb86b766927,2017,7144,,,gx-no-cache=1502374685253 HTTP/1.1" 200 115
192.168.10.62 - - [10/Aug/2017:11:18:30 -0300] "GET /cormun/servlet/solicitudotlog?INS,2017,7144,0,REC, HTTP/1.1" 200 5625
192.168.10.62 - - [10/Aug/2017:11:18:30 -0300] "GET /cormun/servlet/solicitudotlog?INS,2017,7144,0,REC, HTTP/1.1" 200 5619
192.168.10.62 - - [10/Aug/2017:11:18:31 -0300] "GET /cormun/servlet/solicitudotlog?51c79555ca71decbc52228b8d8707d57bf6b38c673c0d410906b3f31604fc7fed9ed04f95453c79d826c8a334e697538adfba01df39d4fed467528afd3be9294602a874b93936040a278dcbd9adf8fd2083dabd4437eea054f79c03a73120d0f9d5195a407eeee8055457df5789d43339af15d645a0284201d02fa22e6eb5ad935ce89c7f273d1c84e6f3ffb2c59533b970064edc7d9ae5d08f4f895821d739a,gx-no-cache=1502374686163 HTTP/1.1" 200 94
192.168.10.62 - - [10/Aug/2017:11:18:38 -0300] "POST /cormun/servlet/solicitudotlog?6f2be4f3d2eeca52cc486cb86b766927,INS,2017,7144,0,REC,,gx-no-cache=1502374693494 HTTP/1.1" 200 93
192.168.10.62 - - [10/Aug/2017:11:18:38 -0300] "GET /cormun/servlet/hpexe_return? HTTP/1.1" 200 1022
192.168.10.62 - - [10/Aug/2017:11:18:38 -0300] "GET /cormun/servlet/vesolicitudgral?2017,7144,, HTTP/1.1" 200 8300
192.168.10.62 - - [10/Aug/2017:11:18:38 -0300] "GET /cormun/pexe_scrolldiv.js HTTP/1.1" 404 1009
192.168.10.62 - - [10/Aug/2017:11:18:38 -0300] "GET /cormun/pexe_scrolldiv.js HTTP/1.1" 404 1009
192.168.10.62 - - [10/Aug/2017:11:18:39 -0300] "GET /cormun/servlet/vesolicitudgral?2017,7144,, HTTP/1.1" 200 8297
192.168.10.62 - - [10/Aug/2017:11:18:41 -0300] "GET /cormun/servlet/vesolicitudgral?2017,7144,,SolicitudOTLog HTTP/1.1" 200 8979
192.168.10.62 - - [10/Aug/2017:11:18:41 -0300] "GET /cormun/pexe_scrolldiv.js HTTP/1.1" 404 1009
192.168.10.62 - - [10/Aug/2017:11:18:41 -0300] "GET /cormun/pexe_scrolldiv.js HTTP/1.1" 404 1009
192.168.10.62 - - [10/Aug/2017:11:18:42 -0300] "GET /cormun/servlet/vesolicitudgral?2017,7144,,SolicitudOTLog HTTP/1.1" 200 8979
192.168.10.62 - - [10/Aug/2017:11:18:42 -0300] "POST /cormun/servlet/acontrolpreferencessavestate?None,FGONZALEZG,true HTTP/1.1" 200 35
192.168.10.62 - - [10/Aug/2017:11:19:00 -0300] "POST /cormun/servlet/vesolicitudgral?6f2be4f3d2eeca52cc486cb86b766927,2017,7144,,SolicitudOTLog,gx-no-cache=1502374715223 HTTP/1.1" 200 90
192.168.10.62 - - [10/Aug/2017:11:19:00 -0300] "GET /cormun/servlet/hpexe_link HTTP/1.1" 200 969
192.168.10.62 - - [10/Aug/2017:11:19:00 -0300] "GET /cormun/servlet/trsolicitudgral? HTTP/1.1" 200 9626
192.168.10.62 - - [10/Aug/2017:11:19:00 -0300] "GET /cormun/servlet/trsolicitudgral? HTTP/1.1" 200 9625
192.168.10.62 - - [10/Aug/2017:11:19:05 -0300] "GET /cormun/servlet/vesolicitudgral?2017,7157,, HTTP/1.1" 200 8283
192.168.10.62 - - [10/Aug/2017:11:19:05 -0300] "GET /cormun/pexe_scrolldiv.js HTTP/1.1" 404 1009
192.168.10.62 - - [10/Aug/2017:11:19:05 -0300] "GET /cormun/pexe_scrolldiv.js HTTP/1.1" 404 1009
192.168.10.62 - - [10/Aug/2017:11:19:06 -0300] "GET /cormun/servlet/vesolicitudgral?2017,7157,, HTTP/1.1" 200 8283
192.168.10.62 - - [10/Aug/2017:11:19:10 -0300] "POST /cormun/servlet/vesolicitudgral?6f2be4f3d2eeca52cc486cb86b766927,2017,7157,,,gx-no-cache=1502374725257 HTTP/1.1" 200 106
192.168.10.62 - - [10/Aug/2017:11:19:10 -0300] "GET /cormun/servlet/solicitudgral?UPD,2017,7157, HTTP/1.1" 200 11798
192.168.10.62 - - [10/Aug/2017:11:19:10 -0300] "GET /cormun/servlet/solicitudgral?UPD,2017,7157, HTTP/1.1" 200 11799
192.168.10.62 - - [10/Aug/2017:11:19:11 -0300] "POST /cormun/servlet/solicitudgral?gx-no-cache=1502374726290 HTTP/1.1" 200 3245
192.168.10.62 - - [10/Aug/2017:11:19:11 -0300] "GET /cormun/servlet/solicitudgral?51c79555ca71decbc52228b8d8707d57e4f9b61b1669fc10730b334b3535d6649310252ad7657956deb60aefce812719571e5067ccd0e1eb26e63ccb9db63fc9bf00cc60a60bd25faffebe83170852b829b51a1725cca550066e87ec08183a5a2778b29142858ced9c3cf095bc37d9c186f6bb6c339b7fa7a9fc19c582cdd0570ff315334c1d5f670d4faa74942890600ad1874301a8f1ffab8c021004ac4eb7a3f1d4e8d9ef7e85d43871bec9e2de389141bbbc62c224fd83d62cb5fc9a4beacad287f64ad0a50e90812cf32b1f2499b0825c7469e207bc26af64a8718291e6587f419253e823978cf4ea52a872112f8d6ff77c966e12eebce1f6e88435a95c3719a0fb5756fac35f1f9eae688a7be256c38413130540a86166de21e9b6bbd38e57fdcaadcc35854663a2defdfb652d3188c98770401661bfbd52e752e24e43a08a1091b76c0695c06554793b4585ff,gx-no-cache=1502374726421 HTTP/1.1" 200 298
192.168.10.62 - - [10/Aug/2017:11:19:15 -0300] "GET /cormun/servlet/solicitudgral?51c79555ca71decbc52228b8d8707d570839b25d19de6cebc9a1dd51b2ecf0518c1953a031aa752af87d5a78a8fc4b44838ad64590da4bca0da5be47c505e82a78256d6a4eb1b4432d6732e215758109fbeae7b11695e331259006a4aec52891ba6307416d5bac50bdec2e8f15003a5df99db3acf219101ee848ab99128f4494e391d4d4d9cfb3df5d71c71e5861865553ae5524a76f15f3f746683f7e2187bd8c42afbcc521b6f95ba37842abcf9063cad287f64ad0a50e90812cf32b1f24991685a2bcf8d1cba34d1371149603058870b07e2243035b64c0897669b3971fd6c135dc64eca6fa9116721e7ae931297ad657f09abf11d408767f0d1a6634f105ab7579a49e79664c489d56ffd8d3db029d592afef26ec646091418e46eb7e003555b54a8d037a70ab00cc18e09fad57ce946980772a0f049957622b0769e1597f7f24d816348ea603d17908ffb6b639b3f2df8f1a2fddc5bd00f39f9a3b48f11a646a0eee72ef570919b5ffbb47c3d2a8d9eadf2399888c47b59d149ba34aec00001a251614f7b3c4ed31383c75a2fb44557514489c3c2349d398e3a05d5f1cc2f4f3b550baa615434389924bd41c4712dcb26866b85d498b2782e74a41500ed310c10c33e8300d4b9f0120a204bb2e35a2a442cdc0785ab16fa75a830db44b151935e0e601d558f720c15b6953adba44557514489c3c2349d398e3a05d5f1cc0374658aafe99636fba8d27aa6c3dbea02398b808f8b95e7586aa384ba48eced0e0d044253038ca6a369498f96cbeec4,gx-no-cache=1502374730786 HTTP/1.1" 200 48
192.168.10.62 - - [10/Aug/2017:11:19:15 -0300] "POST /cormun/servlet/solicitudgral?6f2be4f3d2eeca52cc486cb86b766927,UPD,2017,7157,,gx-no-cache=1502374730814 HTTP/1.1" 200 10388
192.168.10.62 - - [10/Aug/2017:11:19:15 -0300] "GET /cormun/servlet/solicitudgral?51c79555ca71decbc52228b8d8707d57b803160bb31b007e9a2d2b17e1ac825afcb87139036f7a67deae72dd830e9913a022725be1dafa485310e868386a4ac182ab4ca4b32db62b00baa77707b4220280288fd5b4fcce7e06466c18b2d1ba5209fde97f0665dd9731dfdd1d8ac68fac,gx-no-cache=1502374730960 HTTP/1.1" 200 29
192.168.10.62 - - [10/Aug/2017:11:19:15 -0300] "POST /cormun/servlet/solicitudgral?gx-no-cache=1502374730973 HTTP/1.1" 200 1312
192.168.10.62 - - [10/Aug/2017:11:19:16 -0300] "POST /cormun/servlet/solicitudgral?gx-no-cache=1502374730999 HTTP/1.1" 200 1216
192.168.10.62 - - [10/Aug/2017:11:20:41 -0300] "POST /cormun/servlet/solicitudgral?6f2be4f3d2eeca52cc486cb86b766927,UPD,2017,7157,,gx-no-cache=1502374815981 HTTP/1.1" 200 93
192.168.10.62 - - [10/Aug/2017:11:20:41 -0300] "GET /cormun/servlet/hpexe_return? HTTP/1.1" 200 1011
192.168.10.62 - - [10/Aug/2017:11:20:41 -0300] "GET /cormun/servlet/vesolicitudgral?2017,7157,, HTTP/1.1" 200 8298
192.168.10.62 - - [10/Aug/2017:11:20:41 -0300] "GET /cormun/pexe_scrolldiv.js HTTP/1.1" 404 1009
192.168.10.62 - - [10/Aug/2017:11:20:41 -0300] "GET /cormun/pexe_scrolldiv.js HTTP/1.1" 404 1009
192.168.10.62 - - [10/Aug/2017:11:20:41 -0300] "GET /cormun/servlet/vesolicitudgral?2017,7157,, HTTP/1.1" 200 8294
192.168.10.62 - - [10/Aug/2017:11:20:49 -0300] "POST /cormun/servlet/vesolicitudgral?6f2be4f3d2eeca52cc486cb86b766927,2017,7157,,,gx-no-cache=1502374824883 HTTP/1.1" 200 10584
192.168.10.62 - - [10/Aug/2017:11:20:50 -0300] "GET /cormun/static/Shared/jqueryui/images/ui-bg_highlight-soft_100_c6c2c8_1x100.png HTTP/1.1" 404 1117
192.168.10.62 - - [10/Aug/2017:11:20:50 -0300] "GET /cormun/static/Shared/jqueryui/images/ui-icons_82798d_256x240.png HTTP/1.1" 404 1089
192.168.10.62 - - [10/Aug/2017:11:20:50 -0300] "GET /cormun/static/Shared/jqueryui/images/ui-bg_flat_55_fafafa_40x100.png HTTP/1.1" 404 1097
192.168.10.62 - - [10/Aug/2017:11:20:50 -0300] "GET /cormun/static/Shared/jqueryui/images/ui-icons_8d78a5_256x240.png HTTP/1.1" 404 1089
192.168.10.62 - - [10/Aug/2017:11:20:50 -0300] "POST /cormun/servlet/vesolicitudgral?6f2be4f3d2eeca52cc486cb86b766927,2017,7157,,,gx-no-cache=1502374825219 HTTP/1.1" 200 10520
186.79.169.1 - - [10/Aug/2017:11:22:17 -0300] "GET /cormun/servlet/trautorizarsolicitud? HTTP/1.1" 200 6984
186.79.169.1 - - [10/Aug/2017:11:22:17 -0300] "GET /cormun/servlet/trautorizarsolicitud? HTTP/1.1" 200 6984
186.79.169.1 - - [10/Aug/2017:11:23:05 -0300] "GET /cormun/servlet/trsolicitudot? HTTP/1.1" 200 12378
186.79.169.1 - - [10/Aug/2017:11:23:05 -0300] "GET /cormun/static/gxcfg.js?20177612135780 HTTP/1.1" 200 953
186.79.169.1 - - [10/Aug/2017:11:23:05 -0300] "GET /cormun/static/Resources/PXToolsGridNew.png HTTP/1.1" 200 2949
186.79.169.1 - - [10/Aug/2017:11:23:07 -0300] "GET /cormun/static/trsolicitudot.js?2017761214480 HTTP/1.1" 200 54041
186.79.169.1 - - [10/Aug/2017:11:23:08 -0300] "GET /cormun/servlet/trsolicitudot? HTTP/1.1" 200 12377
186.79.169.1 - - [10/Aug/2017:11:23:16 -0300] "POST /cormun/servlet/trsolicitudot?609b3e70e1ea6fc652324dd027698658,,gx-no-cache=1502375035895 HTTP/1.1" 200 9645
186.79.169.1 - - [10/Aug/2017:11:23:16 -0300] "GET /cormun/static/Shared/jqueryui/images/ui-bg_highlight-soft_100_c6c2c8_1x100.png HTTP/1.1" 404 1117
186.79.169.1 - - [10/Aug/2017:11:23:16 -0300] "GET /cormun/static/Shared/jqueryui/images/ui-icons_82798d_256x240.png HTTP/1.1" 404 1089
186.79.169.1 - - [10/Aug/2017:11:23:16 -0300] "GET /cormun/static/Shared/jqueryui/images/ui-bg_flat_55_fafafa_40x100.png HTTP/1.1" 404 1097
186.79.169.1 - - [10/Aug/2017:11:23:16 -0300] "GET /cormun/static/Shared/jqueryui/images/ui-icons_8d78a5_256x240.png HTTP/1.1" 404 1089
186.79.169.1 - - [10/Aug/2017:11:25:40 -0300] "POST /cormun/servlet/hlogin?0f59721729b28d356e64561f81819445,gx-no-cache=1502375183170 HTTP/1.1" 440 972
186.79.169.1 - - [10/Aug/2017:11:25:49 -0300] "GET /cormun/servlet/hlogin HTTP/1.1" 200 1716
200.54.247.70 - - [10/Aug/2017:11:26:02 -0300] "GET /cormun/servlet/trlicencias? HTTP/1.1" 200 6086
200.54.247.70 - - [10/Aug/2017:11:26:02 -0300] "GET /cormun/static/gxcfg.js?20176272054169 HTTP/1.1" 200 953
200.54.247.70 - - [10/Aug/2017:11:26:03 -0300] "GET /cormun/static/trlicencias.js?20176272054837 HTTP/1.1" 200 41883
200.54.247.70 - - [10/Aug/2017:11:26:04 -0300] "GET /cormun/servlet/trlicencias? HTTP/1.1" 200 6080
200.54.247.70 - - [10/Aug/2017:11:26:04 -0300] "GET /cormun/servlet/hlogin HTTP/1.1" 200 1733
186.79.169.1 - - [10/Aug/2017:11:26:09 -0300] "POST /cormun/servlet/hlogin?fd6f2a1c905e1f825c40458097511f37,gx-no-cache=1502375211931 HTTP/1.1" 200 90
186.79.169.1 - - [10/Aug/2017:11:26:09 -0300] "GET /cormun/servlet/hpexe_link HTTP/1.1" 200 948
186.79.169.1 - - [10/Aug/2017:11:26:10 -0300] "GET /cormun/servlet/hhome HTTP/1.1" 200 4057
186.79.169.1 - - [10/Aug/2017:11:26:12 -0300] "GET /cormun/servlet/hhome HTTP/1.1" 200 4053
200.54.247.70 - - [10/Aug/2017:11:26:15 -0300] "POST /cormun/servlet/hlogin?6f4d406bfbdc8478225462f3e8fc9aae,gx-no-cache=1502375222365 HTTP/1.1" 200 90
200.54.247.70 - - [10/Aug/2017:11:26:15 -0300] "GET /cormun/servlet/hpexe_link HTTP/1.1" 200 952
186.79.169.1 - - [10/Aug/2017:11:26:16 -0300] "GET /cormun/servlet/trsolicitudot? HTTP/1.1" 200 12382
200.54.247.70 - - [10/Aug/2017:11:26:16 -0300] "GET /cormun/servlet/trlicencias HTTP/1.1" 200 9442
200.54.247.70 - - [10/Aug/2017:11:26:16 -0300] "GET /cormun/servlet/trlicencias HTTP/1.1" 200 9441
186.79.169.1 - - [10/Aug/2017:11:26:17 -0300] "GET /cormun/servlet/trsolicitudot? HTTP/1.1" 200 12380
200.54.247.70 - - [10/Aug/2017:11:26:21 -0300] "GET /cormun/servlet/trlicencias? HTTP/1.1" 200 9441
200.54.247.70 - - [10/Aug/2017:11:26:21 -0300] "GET /cormun/servlet/trlicencias? HTTP/1.1" 200 9441
186.79.169.1 - - [10/Aug/2017:11:26:22 -0300] "POST /cormun/servlet/trsolicitudot?fd6f2a1c905e1f825c40458097511f37,,gx-no-cache=1502375224015 HTTP/1.1" 200 106
186.79.169.1 - - [10/Aug/2017:11:26:22 -0300] "GET /cormun/servlet/trsolicitudadjuntos?2017,7184, HTTP/1.1" 200 6152
186.79.169.1 - - [10/Aug/2017:11:26:22 -0300] "GET /cormun/static/gxcfg.js?20177612135366 HTTP/1.1" 200 953
186.79.169.1 - - [10/Aug/2017:11:26:22 -0300] "GET /cormun/static/trsolicitudadjuntos.js?20177612135632 HTTP/1.1" 200 17922
186.79.169.1 - - [10/Aug/2017:11:26:23 -0300] "GET /cormun/servlet/trsolicitudadjuntos?2017,7184, HTTP/1.1" 200 6152
186.79.169.1 - - [10/Aug/2017:11:26:25 -0300] "GET /cormun/servlet/solicitudotadjuntos?INS,2017,7184,,1, HTTP/1.1" 200 6109
186.79.169.1 - - [10/Aug/2017:11:26:25 -0300] "GET /cormun/static/gxcfg.js?201752511522888 HTTP/1.1" 200 953
186.79.169.1 - - [10/Aug/2017:11:26:25 -0300] "GET /cormun/static/solicitudotadjuntos.js?20175251152299 HTTP/1.1" 200 11771
186.79.169.1 - - [10/Aug/2017:11:26:26 -0300] "GET /cormun/static/about:blank HTTP/1.1" 404 1011
186.79.169.1 - - [10/Aug/2017:11:26:26 -0300] "GET /cormun/servlet/solicitudotadjuntos?INS,2017,7184,,1, HTTP/1.1" 200 6103
186.79.169.1 - - [10/Aug/2017:11:26:27 -0300] "GET /cormun/servlet/solicitudotadjuntos?71cded99958cbc93ffe5703649792de18cbcb31b1a9f37ee72c731cd19341424d62901057f0fde3bad8c54a6924ca3a6,gx-no-cache=1502375230200 HTTP/1.1" 200 30
186.79.169.1 - - [10/Aug/2017:11:26:27 -0300] "POST /cormun/servlet/solicitudotadjuntos?fd6f2a1c905e1f825c40458097511f37,INS,2017,7184,,1,,gx-no-cache=1502375230423 HTTP/1.1" 200 3861
186.79.169.1 - - [10/Aug/2017:11:26:31 -0300] "POST /cormun/servlet/solicitudotadjuntos?gx-no-cache=1502375233992 HTTP/1.1" 200 26
186.79.169.1 - - [10/Aug/2017:11:26:48 -0300] "GET /cormun/servlet/solicitudotadjuntos?71cded99958cbc93ffe5703649792de11211df82774909bdb0b694bba5b984f9,gx-no-cache=1502375251273 HTTP/1.1" 200 30
186.79.169.1 - - [10/Aug/2017:11:26:49 -0300] "GET /cormun/servlet/solicitudotadjuntos?71cded99958cbc93ffe5703649792de11211df82774909bdb0b694bba5b984f9,gx-no-cache=1502375251822 HTTP/1.1" 200 30
186.79.169.1 - - [10/Aug/2017:11:26:55 -0300] "POST /cormun/servlet/solicitudotadjuntos?fd6f2a1c905e1f825c40458097511f37,INS,2017,7184,,1, HTTP/1.1" 200 116
186.79.169.1 - - [10/Aug/2017:11:26:56 -0300] "GET /cormun/servlet/hpexe_return? HTTP/1.1" 200 1021
186.79.169.1 - - [10/Aug/2017:11:26:56 -0300] "GET /cormun/servlet/trsolicitudadjuntos?2017,7184, HTTP/1.1" 200 8436
186.79.169.1 - - [10/Aug/2017:11:26:57 -0300] "GET /cormun/servlet/trsolicitudadjuntos?2017,7184, HTTP/1.1" 200 8429
186.79.169.1 - - [10/Aug/2017:11:27:00 -0300] "GET /cormun/servlet/solicitudotadjuntos?INS,2017,7184,,1, HTTP/1.1" 200 6109
186.79.169.1 - - [10/Aug/2017:11:27:00 -0300] "GET /cormun/static/about:blank HTTP/1.1" 404 1011
186.79.169.1 - - [10/Aug/2017:11:27:01 -0300] "GET /cormun/servlet/solicitudotadjuntos?INS,2017,7184,,1, HTTP/1.1" 200 6103
186.79.169.1 - - [10/Aug/2017:11:27:01 -0300] "GET /cormun/servlet/solicitudotadjuntos?71cded99958cbc93ffe5703649792de18cbcb31b1a9f37ee72c731cd19341424d62901057f0fde3bad8c54a6924ca3a6,gx-no-cache=1502375264705 HTTP/1.1" 200 30
186.79.169.1 - - [10/Aug/2017:11:27:02 -0300] "POST /cormun/servlet/solicitudotadjuntos?fd6f2a1c905e1f825c40458097511f37,INS,2017,7184,,1,,gx-no-cache=1502375264946 HTTP/1.1" 200 3861
186.79.169.1 - - [10/Aug/2017:11:27:05 -0300] "POST /cormun/servlet/solicitudotadjuntos?gx-no-cache=1502375268696 HTTP/1.1" 200 26
186.79.169.1 - - [10/Aug/2017:11:27:11 -0300] "GET /cormun/servlet/solicitudotadjuntos?71cded99958cbc93ffe5703649792de11211df82774909bdb0b694bba5b984f9,gx-no-cache=1502375274654 HTTP/1.1" 200 30
186.79.169.1 - - [10/Aug/2017:11:27:12 -0300] "GET /cormun/servlet/solicitudotadjuntos?71cded99958cbc93ffe5703649792de11211df82774909bdb0b694bba5b984f9,gx-no-cache=1502375274888 HTTP/1.1" 200 30
200.86.165.99 - - [10/Aug/2017:11:27:12 -0300] "GET /cormun/servlet/solicitudot?INS,0,0, HTTP/1.1" 200 12068
200.86.165.99 - - [10/Aug/2017:11:27:12 -0300] "GET /cormun/static/gxcfg.js?201752522134570 HTTP/1.1" 200 953
200.86.165.99 - - [10/Aug/2017:11:27:12 -0300] "GET /cormun/static/solicitudot.js?201752522134767 HTTP/1.1" 200 64045
200.86.165.99 - - [10/Aug/2017:11:27:12 -0300] "GET /cormun/static/Resources/prompt.gif HTTP/1.1" 200 902
200.86.165.99 - - [10/Aug/2017:11:27:13 -0300] "GET /cormun/servlet/solicitudot?INS,0,0, HTTP/1.1" 200 12073
200.86.165.99 - - [10/Aug/2017:11:27:13 -0300] "GET /cormun/servlet/hlogin HTTP/1.1" 200 1750
200.86.165.99 - - [10/Aug/2017:11:27:15 -0300] "POST /cormun/servlet/hlogin?aa45e53762a35494826be71544d4d2ee,gx-no-cache=1502375278242 HTTP/1.1" 200 90
200.86.165.99 - - [10/Aug/2017:11:27:15 -0300] "GET /cormun/servlet/hpexe_link HTTP/1.1" 200 970
200.86.165.99 - - [10/Aug/2017:11:27:16 -0300] "GET /cormun/servlet/solicitudot?INS,0,0, HTTP/1.1" 200 12693
200.86.165.99 - - [10/Aug/2017:11:27:17 -0300] "GET /cormun/servlet/solicitudot?INS,0,0, HTTP/1.1" 200 12698
186.79.169.1 - - [10/Aug/2017:11:27:21 -0300] "POST /cormun/servlet/solicitudotadjuntos?fd6f2a1c905e1f825c40458097511f37,INS,2017,7184,,1, HTTP/1.1" 200 116
186.79.169.1 - - [10/Aug/2017:11:27:22 -0300] "GET /cormun/servlet/hpexe_return? HTTP/1.1" 200 1021
186.79.169.1 - - [10/Aug/2017:11:27:23 -0300] "GET /cormun/servlet/trsolicitudadjuntos?2017,7184, HTTP/1.1" 200 8621
186.79.169.1 - - [10/Aug/2017:11:27:24 -0300] "GET /cormun/servlet/trsolicitudadjuntos?2017,7184, HTTP/1.1" 200 8619
200.54.247.70 - - [10/Aug/2017:11:27:26 -0300] "POST /cormun/servlet/trlicencias?6f4d406bfbdc8478225462f3e8fc9aae,,gx-no-cache=1502375292566 HTTP/1.1" 200 3842
186.79.169.1 - - [10/Aug/2017:11:27:26 -0300] "GET /cormun/servlet/solicitudotadjuntos?INS,2017,7184,,1, HTTP/1.1" 200 6109
186.79.169.1 - - [10/Aug/2017:11:27:27 -0300] "GET /cormun/static/about:blank HTTP/1.1" 404 1011
186.79.169.1 - - [10/Aug/2017:11:27:28 -0300] "GET /cormun/servlet/solicitudotadjuntos?INS,2017,7184,,1, HTTP/1.1" 200 6103
186.79.169.1 - - [10/Aug/2017:11:27:29 -0300] "GET /cormun/servlet/solicitudotadjuntos?71cded99958cbc93ffe5703649792de18cbcb31b1a9f37ee72c731cd19341424d62901057f0fde3bad8c54a6924ca3a6,gx-no-cache=1502375291028 HTTP/1.1" 200 30
200.54.247.70 - - [10/Aug/2017:11:27:30 -0300] "POST /cormun/servlet/trlicencias?6f4d406bfbdc8478225462f3e8fc9aae,,gx-no-cache=1502375296532 HTTP/1.1" 200 5163
186.79.169.1 - - [10/Aug/2017:11:27:30 -0300] "POST /cormun/servlet/solicitudotadjuntos?fd6f2a1c905e1f825c40458097511f37,INS,2017,7184,,1,,gx-no-cache=1502375292199 HTTP/1.1" 200 3860
200.54.247.70 - - [10/Aug/2017:11:27:34 -0300] "POST /cormun/servlet/trlicencias?6f4d406bfbdc8478225462f3e8fc9aae,,gx-no-cache=1502375300563 HTTP/1.1" 200 6686
186.79.169.1 - - [10/Aug/2017:11:27:34 -0300] "POST /cormun/servlet/solicitudotadjuntos?gx-no-cache=1502375296872 HTTP/1.1" 200 26
186.79.169.1 - - [10/Aug/2017:11:27:39 -0300] "GET /cormun/servlet/solicitudotadjuntos?71cded99958cbc93ffe5703649792de11211df82774909bdb0b694bba5b984f9,gx-no-cache=1502375302659 HTTP/1.1" 200 30
186.79.169.1 - - [10/Aug/2017:11:27:40 -0300] "GET /cormun/servlet/solicitudotadjuntos?71cded99958cbc93ffe5703649792de11211df82774909bdb0b694bba5b984f9,gx-no-cache=1502375302872 HTTP/1.1" 200 30
186.79.169.1 - - [10/Aug/2017:11:27:47 -0300] "POST /cormun/servlet/solicitudotadjuntos?fd6f2a1c905e1f825c40458097511f37,INS,2017,7184,,1, HTTP/1.1" 200 116
186.79.169.1 - - [10/Aug/2017:11:27:47 -0300] "GET /cormun/servlet/hpexe_return? HTTP/1.1" 200 1021
200.54.247.70 - - [10/Aug/2017:11:27:47 -0300] "POST /cormun/servlet/trlicencias?6f4d406bfbdc8478225462f3e8fc9aae,,gx-no-cache=1502375314132 HTTP/1.1" 200 5199
186.79.169.1 - - [10/Aug/2017:11:27:48 -0300] "GET /cormun/servlet/trsolicitudadjuntos?2017,7184, HTTP/1.1" 200 8790
186.79.169.1 - - [10/Aug/2017:11:27:50 -0300] "GET /cormun/servlet/trsolicitudadjuntos?2017,7184, HTTP/1.1" 200 8787
186.79.169.1 - - [10/Aug/2017:11:27:52 -0300] "GET /cormun/servlet/solicitudotadjuntos?INS,2017,7184,,1, HTTP/1.1" 200 6109
186.79.169.1 - - [10/Aug/2017:11:27:53 -0300] "GET /cormun/static/about:blank HTTP/1.1" 404 1011
186.79.169.1 - - [10/Aug/2017:11:27:53 -0300] "GET /cormun/servlet/solicitudotadjuntos?INS,2017,7184,,1, HTTP/1.1" 200 6103
186.79.169.1 - - [10/Aug/2017:11:27:54 -0300] "GET /cormun/servlet/solicitudotadjuntos?71cded99958cbc93ffe5703649792de18cbcb31b1a9f37ee72c731cd19341424d62901057f0fde3bad8c54a6924ca3a6,gx-no-cache=1502375316710 HTTP/1.1" 200 30
186.79.169.1 - - [10/Aug/2017:11:27:55 -0300] "POST /cormun/servlet/solicitudotadjuntos?fd6f2a1c905e1f825c40458097511f37,INS,2017,7184,,1,,gx-no-cache=1502375317399 HTTP/1.1" 200 3860
200.54.247.70 - - [10/Aug/2017:11:27:58 -0300] "GET /cormun/static/menuarrow.gif HTTP/1.1" 404 1015
186.79.169.1 - - [10/Aug/2017:11:27:58 -0300] "POST /cormun/servlet/solicitudotadjuntos?gx-no-cache=1502375321075 HTTP/1.1" 200 26
186.79.169.1 - - [10/Aug/2017:11:28:03 -0300] "GET /cormun/servlet/solicitudotadjuntos?71cded99958cbc93ffe5703649792de11211df82774909bdb0b694bba5b984f9,gx-no-cache=1502375326117 HTTP/1.1" 200 30
186.79.169.1 - - [10/Aug/2017:11:28:04 -0300] "GET /cormun/servlet/solicitudotadjuntos?71cded99958cbc93ffe5703649792de11211df82774909bdb0b694bba5b984f9,gx-no-cache=1502375326543 HTTP/1.1" 200 30
186.79.169.1 - - [10/Aug/2017:11:28:19 -0300] "POST /cormun/servlet/solicitudotadjuntos?fd6f2a1c905e1f825c40458097511f37,INS,2017,7184,,1, HTTP/1.1" 200 116
186.79.169.1 - - [10/Aug/2017:11:28:19 -0300] "GET /cormun/servlet/trautorizarsolicitud? HTTP/1.1" 200 6984
186.79.169.1 - - [10/Aug/2017:11:28:20 -0300] "GET /cormun/servlet/trautorizarsolicitud? HTTP/1.1" 200 6984
186.79.169.1 - - [10/Aug/2017:11:28:20 -0300] "GET /cormun/servlet/hpexe_return? HTTP/1.1" 200 1021
186.79.169.1 - - [10/Aug/2017:11:28:21 -0300] "GET /cormun/servlet/trsolicitudadjuntos?2017,7184, HTTP/1.1" 200 8952
186.79.169.1 - - [10/Aug/2017:11:28:23 -0300] "GET /cormun/servlet/trsolicitudadjuntos?2017,7184, HTTP/1.1" 200 8952
186.79.169.1 - - [10/Aug/2017:11:28:26 -0300] "GET /cormun/servlet/solicitudotadjuntos?INS,2017,7184,,1, HTTP/1.1" 200 6109
186.79.169.1 - - [10/Aug/2017:11:28:26 -0300] "GET /cormun/static/about:blank HTTP/1.1" 404 1011
186.79.169.1 - - [10/Aug/2017:11:28:27 -0300] "GET /cormun/servlet/solicitudotadjuntos?INS,2017,7184,,1, HTTP/1.1" 200 6103
186.79.169.1 - - [10/Aug/2017:11:28:27 -0300] "GET /cormun/servlet/solicitudotadjuntos?71cded99958cbc93ffe5703649792de18cbcb31b1a9f37ee72c731cd19341424d62901057f0fde3bad8c54a6924ca3a6,gx-no-cache=1502375350523 HTTP/1.1" 200 30
186.79.169.1 - - [10/Aug/2017:11:28:28 -0300] "POST /cormun/servlet/solicitudotadjuntos?fd6f2a1c905e1f825c40458097511f37,INS,2017,7184,,1,,gx-no-cache=1502375350679 HTTP/1.1" 200 3860
186.79.169.1 - - [10/Aug/2017:11:28:31 -0300] "POST /cormun/servlet/solicitudotadjuntos?gx-no-cache=1502375354409 HTTP/1.1" 200 26
186.79.169.1 - - [10/Aug/2017:11:28:37 -0300] "GET /cormun/servlet/solicitudotadjuntos?71cded99958cbc93ffe5703649792de11211df82774909bdb0b694bba5b984f9,gx-no-cache=1502375360419 HTTP/1.1" 200 30
186.79.169.1 - - [10/Aug/2017:11:28:37 -0300] "GET /cormun/servlet/solicitudotadjuntos?71cded99958cbc93ffe5703649792de11211df82774909bdb0b694bba5b984f9,gx-no-cache=1502375360516 HTTP/1.1" 200 30
200.54.247.70 - - [10/Aug/2017:11:28:38 -0300] "POST /cormun/servlet/trlicencias?6f4d406bfbdc8478225462f3e8fc9aae,,gx-no-cache=1502375365212 HTTP/1.1" 200 5200
200.54.247.70 - - [10/Aug/2017:11:28:42 -0300] "POST /cormun/servlet/trlicencias?6f4d406bfbdc8478225462f3e8fc9aae,,gx-no-cache=1502375368524 HTTP/1.1" 200 20006
200.54.247.70 - - [10/Aug/2017:11:28:43 -0300] "GET /cormun/static/Resources/PXToolsGridNext.gif HTTP/1.1" 200 369
200.54.247.70 - - [10/Aug/2017:11:28:43 -0300] "GET /cormun/static/Resources/PXToolsGridLast.gif HTTP/1.1" 200 370
186.79.3.219 - - [10/Aug/2017:11:28:45 -0300] "GET /cormun/servlet/solicitudotadjuntos?52b7e4ce8f1cb379d0d2375eab6f4f81805e30dedcbf71e1bd29e033ae46c4ad,gx-no-cache=1502375367709 HTTP/1.1" 440 972
186.79.169.1 - - [10/Aug/2017:11:28:49 -0300] "POST /cormun/servlet/solicitudotadjuntos?fd6f2a1c905e1f825c40458097511f37,INS,2017,7184,,1, HTTP/1.1" 200 116
186.79.169.1 - - [10/Aug/2017:11:28:49 -0300] "GET /cormun/servlet/hpexe_return? HTTP/1.1" 200 1021
186.79.3.219 - - [10/Aug/2017:11:28:49 -0300] "GET /cormun/servlet/solicitudotadjuntos?52b7e4ce8f1cb379d0d2375eab6f4f81805e30dedcbf71e1bd29e033ae46c4ad,gx-no-cache=1502375372018 HTTP/1.1" 440 972
186.79.169.1 - - [10/Aug/2017:11:28:50 -0300] "GET /cormun/servlet/trsolicitudadjuntos?2017,7184, HTTP/1.1" 200 9148
186.79.169.1 - - [10/Aug/2017:11:28:51 -0300] "GET /cormun/servlet/trsolicitudadjuntos?2017,7184, HTTP/1.1" 200 9143
186.79.3.219 - - [10/Aug/2017:11:28:53 -0300] "GET /cormun/servlet/solicitudotadjuntos?INS,2017,7187,,1, HTTP/1.1" 200 5265
186.79.3.219 - - [10/Aug/2017:11:28:53 -0300] "POST /cormun/servlet/solicitudotadjuntos?bbd1246b1fd96ff0699a97781c3a1286,INS,2017,7187,,1,,gx-no-cache=1502375375091 HTTP/1.1" 440 972
186.79.3.219 - - [10/Aug/2017:11:28:53 -0300] "GET /cormun/static/about:blank HTTP/1.1" 404 1011
186.79.3.219 - - [10/Aug/2017:11:28:53 -0300] "GET /cormun/servlet/solicitudotadjuntos?INS,2017,7187,,1, HTTP/1.1" 200 5265
186.79.3.219 - - [10/Aug/2017:11:28:53 -0300] "GET /cormun/servlet/hlogin HTTP/1.1" 200 1757
186.79.169.1 - - [10/Aug/2017:11:28:53 -0300] "GET /cormun/servlet/solicitudotadjuntos?INS,2017,7184,,1, HTTP/1.1" 200 6109
186.79.169.1 - - [10/Aug/2017:11:28:54 -0300] "GET /cormun/static/about:blank HTTP/1.1" 404 1011
186.79.169.1 - - [10/Aug/2017:11:28:55 -0300] "GET /cormun/servlet/solicitudotadjuntos?INS,2017,7184,,1, HTTP/1.1" 200 6103
186.79.169.1 - - [10/Aug/2017:11:28:55 -0300] "GET /cormun/servlet/solicitudotadjuntos?71cded99958cbc93ffe5703649792de18cbcb31b1a9f37ee72c731cd19341424d62901057f0fde3bad8c54a6924ca3a6,gx-no-cache=1502375378180 HTTP/1.1" 200 30
186.79.169.1 - - [10/Aug/2017:11:28:55 -0300] "POST /cormun/servlet/solicitudotadjuntos?fd6f2a1c905e1f825c40458097511f37,INS,2017,7184,,1,,gx-no-cache=1502375378385 HTTP/1.1" 200 3860
186.79.169.1 - - [10/Aug/2017:11:28:58 -0300] "POST /cormun/servlet/solicitudotadjuntos?gx-no-cache=1502375381481 HTTP/1.1" 200 26
186.79.169.1 - - [10/Aug/2017:11:29:04 -0300] "GET /cormun/servlet/solicitudotadjuntos?71cded99958cbc93ffe5703649792de11211df82774909bdb0b694bba5b984f9,gx-no-cache=1502375386980 HTTP/1.1" 200 30
186.79.169.1 - - [10/Aug/2017:11:29:04 -0300] "GET /cormun/servlet/solicitudotadjuntos?71cded99958cbc93ffe5703649792de11211df82774909bdb0b694bba5b984f9,gx-no-cache=1502375387179 HTTP/1.1" 200 30
186.79.3.219 - - [10/Aug/2017:11:29:07 -0300] "POST /cormun/servlet/hlogin?1c3dda3bdb017747d3b5c8a12678d44c,gx-no-cache=1502375389843 HTTP/1.1" 200 90
186.79.3.219 - - [10/Aug/2017:11:29:07 -0300] "GET /cormun/servlet/hpexe_link HTTP/1.1" 200 976
186.79.3.219 - - [10/Aug/2017:11:29:08 -0300] "GET /cormun/servlet/solicitudotadjuntos?INS,2017,7187,,1, HTTP/1.1" 200 5906
186.79.3.219 - - [10/Aug/2017:11:29:08 -0300] "GET /cormun/static/about:blank HTTP/1.1" 404 1011
186.79.3.219 - - [10/Aug/2017:11:29:08 -0300] "GET /cormun/servlet/solicitudotadjuntos?INS,2017,7187,,1, HTTP/1.1" 200 5905
186.79.3.219 - - [10/Aug/2017:11:29:09 -0300] "GET /cormun/servlet/solicitudotadjuntos?6716acb5b69a734b303696bef032b7344ca38a7d702fc6c9bec6c177bad9da5ff679239d336cf87a5c3fec5fc2771c28,gx-no-cache=1502375391484 HTTP/1.1" 200 30
186.79.3.219 - - [10/Aug/2017:11:29:10 -0300] "POST /cormun/servlet/solicitudotadjuntos?1c3dda3bdb017747d3b5c8a12678d44c,INS,2017,7187,,1,,gx-no-cache=1502375391724 HTTP/1.1" 200 3560
186.79.169.1 - - [10/Aug/2017:11:29:11 -0300] "POST /cormun/servlet/solicitudotadjuntos?fd6f2a1c905e1f825c40458097511f37,INS,2017,7184,,1, HTTP/1.1" 200 116
186.79.169.1 - - [10/Aug/2017:11:29:11 -0300] "GET /cormun/servlet/hpexe_return? HTTP/1.1" 200 1021
186.79.169.1 - - [10/Aug/2017:11:29:12 -0300] "GET /cormun/servlet/trsolicitudadjuntos?2017,7184, HTTP/1.1" 200 9363
186.79.169.1 - - [10/Aug/2017:11:29:14 -0300] "GET /cormun/servlet/trsolicitudadjuntos?2017,7184, HTTP/1.1" 200 9363
186.79.3.219 - - [10/Aug/2017:11:29:17 -0300] "POST /cormun/servlet/solicitudotadjuntos?gx-no-cache=1502375398995 HTTP/1.1" 200 26
186.79.3.219 - - [10/Aug/2017:11:29:31 -0300] "GET /cormun/servlet/solicitudotadjuntos?6716acb5b69a734b303696bef032b7345e43a6e6699698cf30ab5e144f0931b9,gx-no-cache=1502375413525 HTTP/1.1" 200 30
186.79.3.219 - - [10/Aug/2017:11:29:31 -0300] "GET /cormun/servlet/solicitudotadjuntos?6716acb5b69a734b303696bef032b7345e43a6e6699698cf30ab5e144f0931b9,gx-no-cache=1502375413695 HTTP/1.1" 200 30
186.79.3.219 - - [10/Aug/2017:11:29:49 -0300] "POST /cormun/servlet/solicitudotadjuntos?1c3dda3bdb017747d3b5c8a12678d44c,INS,2017,7187,,1, HTTP/1.1" 200 116
186.79.3.219 - - [10/Aug/2017:11:29:49 -0300] "GET /cormun/servlet/hpexe_return? HTTP/1.1" 200 1021
186.79.3.219 - - [10/Aug/2017:11:29:50 -0300] "GET /cormun/servlet/hhome HTTP/1.1" 200 4027
186.79.3.219 - - [10/Aug/2017:11:29:50 -0300] "GET /cormun/servlet/hhome HTTP/1.1" 200 4021
186.79.169.1 - - [10/Aug/2017:11:29:51 -0300] "POST /cormun/servlet/trsolicitudadjuntos?fd6f2a1c905e1f825c40458097511f37,2017,7184,,gx-no-cache=1502375433387 HTTP/1.1" 200 90
186.79.169.1 - - [10/Aug/2017:11:29:51 -0300] "GET /cormun/servlet/hpexe_link HTTP/1.1" 200 963
186.79.169.1 - - [10/Aug/2017:11:29:51 -0300] "GET /cormun/servlet/trsolicitudot HTTP/1.1" 200 12381
186.79.169.1 - - [10/Aug/2017:11:29:55 -0300] "GET /cormun/servlet/trsolicitudot HTTP/1.1" 200 12380
186.79.3.219 - - [10/Aug/2017:11:29:57 -0300] "GET /cormun/servlet/solicitudotadjuntos?INS,2017,7187,,1, HTTP/1.1" 200 6077
186.79.3.219 - - [10/Aug/2017:11:29:58 -0300] "GET /cormun/servlet/solicitudotadjuntos?INS,2017,7187,,1, HTTP/1.1" 200 6076
200.54.247.70 - - [10/Aug/2017:11:29:58 -0300] "POST /cormun/servlet/trlicencias?6f4d406bfbdc8478225462f3e8fc9aae,,gx-no-cache=1502375444559 HTTP/1.1" 200 10189
186.79.3.219 - - [10/Aug/2017:11:29:58 -0300] "GET /cormun/servlet/solicitudotadjuntos?6716acb5b69a734b303696bef032b7344ca38a7d702fc6c9bec6c177bad9da5ff679239d336cf87a5c3fec5fc2771c28,gx-no-cache=1502375440744 HTTP/1.1" 200 30
200.54.247.70 - - [10/Aug/2017:11:29:58 -0300] "GET /cormun/static/Resources/PXToolsGridFirst.gif HTTP/1.1" 200 379
200.54.247.70 - - [10/Aug/2017:11:29:58 -0300] "GET /cormun/static/Resources/PXToolsGridPrevious.gif HTTP/1.1" 200 369
186.79.169.1 - - [10/Aug/2017:11:30:00 -0300] "POST /cormun/servlet/trsolicitudot?fd6f2a1c905e1f825c40458097511f37,gx-no-cache=1502375442817 HTTP/1.1" 200 9423
186.79.169.1 - - [10/Aug/2017:11:30:01 -0300] "GET /cormun/static/Shared/jqueryui/images/ui-bg_highlight-soft_100_c6c2c8_1x100.png HTTP/1.1" 404 1117
186.79.169.1 - - [10/Aug/2017:11:30:01 -0300] "GET /cormun/static/Shared/jqueryui/images/ui-icons_82798d_256x240.png HTTP/1.1" 404 1089
186.79.169.1 - - [10/Aug/2017:11:30:01 -0300] "GET /cormun/static/Shared/jqueryui/images/ui-bg_flat_55_fafafa_40x100.png HTTP/1.1" 404 1097
186.79.169.1 - - [10/Aug/2017:11:30:01 -0300] "GET /cormun/static/Shared/jqueryui/images/ui-icons_8d78a5_256x240.png HTTP/1.1" 404 1089
186.79.169.1 - - [10/Aug/2017:11:30:02 -0300] "POST /cormun/servlet/trsolicitudot?fd6f2a1c905e1f825c40458097511f37,gx-no-cache=1502375444395 HTTP/1.1" 200 9370
186.79.3.219 - - [10/Aug/2017:11:30:04 -0300] "GET /cormun/servlet/hhome HTTP/1.1" 200 4027
186.79.3.219 - - [10/Aug/2017:11:30:04 -0300] "GET /cormun/servlet/hhome HTTP/1.1" 200 4021
186.79.3.219 - - [10/Aug/2017:11:30:04 -0300] "POST /cormun/servlet/solicitudotadjuntos?1c3dda3bdb017747d3b5c8a12678d44c,INS,2017,7187,,1, HTTP/1.1" 200 6733
186.79.169.1 - - [10/Aug/2017:11:30:29 -0300] "GET /cormun/servlet/trautorizarsolicitud? HTTP/1.1" 200 8275
186.79.169.1 - - [10/Aug/2017:11:30:31 -0300] "GET /cormun/servlet/trautorizarsolicitud? HTTP/1.1" 200 8274
186.79.169.1 - - [10/Aug/2017:11:30:37 -0300] "GET /cormun/servlet/hlogin HTTP/1.1" 200 1740
200.86.165.99 - - [10/Aug/2017:11:30:38 -0300] "POST /cormun/servlet/solicitudot?gx-no-cache=1502375481313 HTTP/1.1" 200 3112
200.86.165.99 - - [10/Aug/2017:11:30:39 -0300] "POST /cormun/servlet/solicitudot?aa45e53762a35494826be71544d4d2ee,INS,0,0,,gx-no-cache=1502375481617 HTTP/1.1" 200 9665
200.86.165.99 - - [10/Aug/2017:11:30:44 -0300] "GET /cormun/servlet/solicitudot?2c0bea68ec6d260a78d8c861195dcbf372b3f9d9c9d4b51a2a3362b1cf097689aad00d6d6653deffae35d8c8fe22ba8c,gx-no-cache=1502375487012 HTTP/1.1" 200 30
186.79.3.219 - - [10/Aug/2017:11:30:59 -0300] "GET /cormun/servlet/solicitudotadjuntos?INS,2017,7187,,1, HTTP/1.1" 200 6078
186.79.3.219 - - [10/Aug/2017:11:31:00 -0300] "GET /cormun/servlet/solicitudotadjuntos?INS,2017,7187,,1, HTTP/1.1" 200 6077
186.79.3.219 - - [10/Aug/2017:11:31:00 -0300] "GET /cormun/servlet/solicitudotadjuntos?6716acb5b69a734b303696bef032b7344ca38a7d702fc6c9bec6c177bad9da5ff679239d336cf87a5c3fec5fc2771c28,gx-no-cache=1502375503055 HTTP/1.1" 200 30
186.79.3.219 - - [10/Aug/2017:11:31:01 -0300] "POST /cormun/servlet/solicitudotadjuntos?1c3dda3bdb017747d3b5c8a12678d44c,INS,2017,7187,,1,,gx-no-cache=1502375503153 HTTP/1.1" 200 3819
186.79.3.219 - - [10/Aug/2017:11:31:11 -0300] "POST /cormun/servlet/solicitudotadjuntos?gx-no-cache=1502375513497 HTTP/1.1" 200 26
186.79.3.219 - - [10/Aug/2017:11:31:16 -0300] "GET /cormun/servlet/solicitudotadjuntos?6716acb5b69a734b303696bef032b7345e43a6e6699698cf30ab5e144f0931b9,gx-no-cache=1502375518451 HTTP/1.1" 200 30
186.79.3.219 - - [10/Aug/2017:11:31:16 -0300] "GET /cormun/servlet/solicitudotadjuntos?6716acb5b69a734b303696bef032b7345e43a6e6699698cf30ab5e144f0931b9,gx-no-cache=1502375518557 HTTP/1.1" 200 30
186.79.3.219 - - [10/Aug/2017:11:31:21 -0300] "POST /cormun/servlet/solicitudotadjuntos?1c3dda3bdb017747d3b5c8a12678d44c,INS,2017,7187,,1, HTTP/1.1" 200 6131
186.79.3.219 - - [10/Aug/2017:11:31:21 -0300] "GET /home/sistema/apache-tomcat-7.0.65/webapps/cormun/PrivateTempStorage/upload_00006765.pdf HTTP/1.1" 404 1135
186.79.3.219 - - [10/Aug/2017:11:31:21 -0300] "GET /cormun/static/Shared/jqueryui/images/ui-icons_82798d_256x240.png HTTP/1.1" 404 1089
186.79.3.219 - - [10/Aug/2017:11:31:21 -0300] "GET /home/sistema/apache-tomcat-7.0.65/webapps/cormun/PrivateTempStorage/upload_00006765.pdf HTTP/1.1" 404 1135
186.79.3.219 - - [10/Aug/2017:11:31:21 -0300] "GET /cormun/static/Shared/jqueryui/images/ui-bg_highlight-soft_100_c6c2c8_1x100.png HTTP/1.1" 404 1117
186.79.3.219 - - [10/Aug/2017:11:31:21 -0300] "GET /cormun/static/Shared/jqueryui/images/ui-bg_flat_55_994d53_40x100.png HTTP/1.1" 404 1097
186.79.3.219 - - [10/Aug/2017:11:31:21 -0300] "GET /cormun/PrivateTempStorage/upload_00006765.pdf HTTP/1.1" 200 16384
186.79.3.219 - - [10/Aug/2017:11:31:21 -0300] "GET /cormun/static/Shared/jqueryui/images/ui-icons_ebccce_256x240.png HTTP/1.1" 404 1089
186.79.3.219 - - [10/Aug/2017:11:31:21 -0300] "GET /cormun/PrivateTempStorage/upload_00006765.pdf HTTP/1.1" 200 297822
186.79.3.219 - - [10/Aug/2017:11:31:22 -0300] "GET /cormun/PrivateTempStorage/upload_00006765.pdf HTTP/1.1" 206 41260
186.79.3.219 - - [10/Aug/2017:11:31:45 -0300] "POST /cormun/servlet/solicitudotadjuntos?gx-no-cache=1502375547266 HTTP/1.1" 200 26
