186.103.159.46 - - [10/Aug/2017:10:35:02 -0300] "GET /cormun/static/Resources/PXToolsFooterBackground2.png HTTP/1.1" 200 1172
186.103.159.46 - - [10/Aug/2017:10:35:02 -0300] "GET /cormun/static/Resources/PXToolsHeaderBackground2.png HTTP/1.1" 200 1174
186.103.159.46 - - [10/Aug/2017:10:35:02 -0300] "GET /cormun/static/Resources/PXToolsDataTitle.png HTTP/1.1" 200 1173
186.103.159.46 - - [10/Aug/2017:10:35:02 -0300] "GET /cormun/static/Resources/PXToolsHeaderActionsBackground.png HTTP/1.1" 200 484
186.103.159.46 - - [10/Aug/2017:10:35:02 -0300] "GET /cormun/static/Resources/logo4.png HTTP/1.1" 200 6582
186.103.159.46 - - [10/Aug/2017:10:35:02 -0300] "GET /cormun/static/Resources/PXToolsHeaderLogin.png HTTP/1.1" 200 4279
186.103.159.46 - - [10/Aug/2017:10:35:02 -0300] "GET /cormun/static/Resources/PXToolsHeaderHome.png HTTP/1.1" 200 4147
186.103.159.46 - - [10/Aug/2017:10:35:02 -0300] "GET /cormun/static/Resources/PXToolsHeaderSecurity.png HTTP/1.1" 200 4166
186.103.159.46 - - [10/Aug/2017:10:35:02 -0300] "GET /cormun/static/Resources/PXToolsHeaderActionsRight.png HTTP/1.1" 200 1201
186.103.132.155 - - [10/Aug/2017:10:35:02 -0300] "POST /cormun/servlet/solicitudotadjuntos?db40b29d1f54ffd9e3b24d23981bd0a7,INS,2017,7182,,1, HTTP/1.1" 200 6149
186.103.159.46 - - [10/Aug/2017:10:35:02 -0300] "GET /cormun/static/Resources/PXToolsHeaderPreferences.png HTTP/1.1" 200 4189
186.103.159.46 - - [10/Aug/2017:10:35:02 -0300] "GET /cormun/static/Shared/jqueryui/jquery-ui.min.js HTTP/1.1" 200 240427
186.103.159.46 - - [10/Aug/2017:10:35:02 -0300] "GET /cormun/static/SmoothNavMenu/resources/ddsmoothmenu.js HTTP/1.1" 200 12712
186.103.159.46 - - [10/Aug/2017:10:35:02 -0300] "GET /cormun/static/SmoothNavMenu/resources/SmoothNavMenuRender.js HTTP/1.1" 200 5951
186.103.159.46 - - [10/Aug/2017:10:35:02 -0300] "GET /cormun/static/scaMessage/js/jquery.pnotify.min.js HTTP/1.1" 200 13038
186.103.159.46 - - [10/Aug/2017:10:35:02 -0300] "GET /cormun/static/Shared/jquery/jquery-1.10.2.min.js HTTP/1.1" 200 273199
186.103.159.46 - - [10/Aug/2017:10:35:02 -0300] "GET /cormun/static/scaMessage/scaMessageRender.js HTTP/1.1" 200 11977
186.103.159.46 - - [10/Aug/2017:10:35:02 -0300] "GET /cormun/static/hmpwkw03.js?20177612122668 HTTP/1.1" 200 3965
186.103.132.155 - - [10/Aug/2017:10:35:02 -0300] "GET /home/sistema/apache-tomcat-7.0.65/webapps/cormun/PrivateTempStorage/upload_00006609.pdf HTTP/1.1" 404 1135
186.103.161.206 - - [10/Aug/2017:10:35:02 -0300] "GET /cormun/static/Shared/jqueryui/images/ui-bg_flat_55_994d53_40x100.png HTTP/1.1" 404 1097
186.103.161.206 - - [10/Aug/2017:10:35:02 -0300] "GET /cormun/static/Shared/jqueryui/images/ui-bg_highlight-soft_100_c6c2c8_1x100.png HTTP/1.1" 404 1117
186.103.161.206 - - [10/Aug/2017:10:35:02 -0300] "GET /cormun/static/Shared/jqueryui/images/ui-icons_ebccce_256x240.png HTTP/1.1" 404 1089
186.103.132.155 - - [10/Aug/2017:10:35:02 -0300] "GET /cormun/static/Shared/jqueryui/images/ui-icons_82798d_256x240.png HTTP/1.1" 404 1089
186.103.161.206 - - [10/Aug/2017:10:35:03 -0300] "GET /cormun/PrivateTempStorage/upload_00006609.pdf HTTP/1.1" 200 433627
186.103.159.46 - - [10/Aug/2017:10:35:04 -0300] "GET /cormun/static/Resources/indicator.gif HTTP/1.1" 200 1553
186.103.159.46 - - [10/Aug/2017:10:35:04 -0300] "GET /cormun/servlet/hhome HTTP/1.1" 200 3380
186.103.159.46 - - [10/Aug/2017:10:35:04 -0300] "GET /cormun/servlet/hlogin HTTP/1.1" 200 1726
186.103.159.46 - - [10/Aug/2017:10:35:04 -0300] "GET /cormun/static/gxcfg.js?20175251213516 HTTP/1.1" 200 953
186.103.159.46 - - [10/Aug/2017:10:35:04 -0300] "GET /cormun/static/hlogin.js?20175251213537 HTTP/1.1" 200 2136
186.103.159.46 - - [10/Aug/2017:10:35:05 -0300] "GET /cormun/static/Resources/ComunLogin.png HTTP/1.1" 200 17326
186.103.159.46 - - [10/Aug/2017:10:35:05 -0300] "GET /cormun/static/Resources/PXToolsLoginTop.png HTTP/1.1" 200 1337
186.103.159.46 - - [10/Aug/2017:10:35:05 -0300] "GET /cormun/static/Resources/PXToolsButtonBackground2.png HTTP/1.1" 200 1181
186.103.159.46 - - [10/Aug/2017:10:35:05 -0300] "GET /cormun/static/Resources/PXToolsLoginBottom.png HTTP/1.1" 200 1389
186.103.159.46 - - [10/Aug/2017:10:35:05 -0300] "GET /cormun/static/Resources/PXToolsLoginBackground.png HTTP/1.1" 200 1164
186.103.159.46 - - [10/Aug/2017:10:35:05 -0300] "GET /cormun/static/Resources/PXToolsButtonLeft21.png HTTP/1.1" 200 1287
186.103.159.46 - - [10/Aug/2017:10:35:05 -0300] "GET /cormun/static/Resources/PXToolsButtonRight21.png HTTP/1.1" 200 1283
186.103.159.46 - - [10/Aug/2017:10:35:05 -0300] "GET /favicon.ico HTTP/1.1" 200 21630
192.168.10.96 - - [10/Aug/2017:10:35:10 -0300] "GET /cormun/servlet/hlogin HTTP/1.1" 200 1714
186.103.132.155 - - [10/Aug/2017:10:35:14 -0300] "GET /cormun/servlet/trsolicitudadjuntos?2017,7182, HTTP/1.1" 200 9127
186.103.132.155 - - [10/Aug/2017:10:35:15 -0300] "GET /cormun/servlet/trsolicitudadjuntos?2017,7182, HTTP/1.1" 200 9126
186.103.159.46 - - [10/Aug/2017:10:35:20 -0300] "POST /cormun/servlet/hlogin?abde3dd4d250037c452f4b77fd5c95a7,gx-no-cache=1502372162291 HTTP/1.1" 200 90
186.103.159.46 - - [10/Aug/2017:10:35:20 -0300] "GET /cormun/servlet/hpexe_link HTTP/1.1" 200 947
186.103.159.46 - - [10/Aug/2017:10:35:20 -0300] "GET /cormun/static/gxcfg.js?20177612121792 HTTP/1.1" 200 953
186.103.159.46 - - [10/Aug/2017:10:35:20 -0300] "GET /cormun/static/hpexe_link.js?20177612121795 HTTP/1.1" 200 625
186.103.159.46 - - [10/Aug/2017:10:35:20 -0300] "GET /cormun/static/Resources/Spanish/PXTools.css?1155365 HTTP/1.1" 200 89042
186.103.159.46 - - [10/Aug/2017:10:35:20 -0300] "GET /cormun/servlet/hhome HTTP/1.1" 200 3791
186.103.159.46 - - [10/Aug/2017:10:35:22 -0300] "GET /cormun/servlet/hhome HTTP/1.1" 200 3788
186.103.159.46 - - [10/Aug/2017:10:35:23 -0300] "GET /cormun/static/SmoothNavMenu/resources/images/down.gif HTTP/1.1" 200 854
186.103.132.155 - - [10/Aug/2017:10:35:23 -0300] "GET /cormun/servlet/solicitudotadjuntos?INS,2017,7182,,1, HTTP/1.1" 200 6079
186.103.132.155 - - [10/Aug/2017:10:35:23 -0300] "GET /cormun/static/about:blank HTTP/1.1" 404 1011
186.103.132.155 - - [10/Aug/2017:10:35:24 -0300] "GET /cormun/servlet/solicitudotadjuntos?INS,2017,7182,,1, HTTP/1.1" 200 6072
186.103.132.155 - - [10/Aug/2017:10:35:24 -0300] "GET /cormun/servlet/solicitudotadjuntos?60efd97933527459cf7c8c71a00b239a302989ae89ac87f866b3d8074e48fc85c377a33820b465190f29b071a3147fa3,gx-no-cache=1502372166372 HTTP/1.1" 200 30
186.103.132.155 - - [10/Aug/2017:10:35:25 -0300] "POST /cormun/servlet/solicitudotadjuntos?db40b29d1f54ffd9e3b24d23981bd0a7,INS,2017,7182,,1,,gx-no-cache=1502372166591 HTTP/1.1" 200 3838
186.103.159.46 - - [10/Aug/2017:10:35:27 -0300] "GET /cormun/servlet/trpermisosgoce? HTTP/1.1" 200 11373
186.103.159.46 - - [10/Aug/2017:10:35:27 -0300] "GET /cormun/static/gxui/gxui-all.css?110300 HTTP/1.1" 200 2179
186.103.159.46 - - [10/Aug/2017:10:35:27 -0300] "GET /cormun/static/calendar-system.css?75620 HTTP/1.1" 200 5572
186.103.159.46 - - [10/Aug/2017:10:35:27 -0300] "GET /cormun/static/gxcfg.js?20177612163875 HTTP/1.1" 200 953
186.103.159.46 - - [10/Aug/2017:10:35:27 -0300] "GET /cormun/static/calendar-setup.js?85251 HTTP/1.1" 200 2588
186.103.159.46 - - [10/Aug/2017:10:35:27 -0300] "GET /cormun/static/calendar-es.js?85251 HTTP/1.1" 200 1901
186.103.159.46 - - [10/Aug/2017:10:35:27 -0300] "GET /cormun/static/calendar.js?85251 HTTP/1.1" 200 26246
186.103.159.46 - - [10/Aug/2017:10:35:27 -0300] "GET /cormun/static/gxdec.js?85251 HTTP/1.1" 200 19579
186.103.159.46 - - [10/Aug/2017:10:35:27 -0300] "GET /cormun/static/trpermisosgoce.js?20177612164335 HTTP/1.1" 200 35904
186.103.159.46 - - [10/Aug/2017:10:35:27 -0300] "GET /cormun/static/Resources/PXTools/calendar.png HTTP/1.1" 200 1306
186.103.159.46 - - [10/Aug/2017:10:35:27 -0300] "GET /cormun/static/Resources/PXToolsDataSearch.png HTTP/1.1" 200 419
186.103.159.46 - - [10/Aug/2017:10:35:28 -0300] "GET /cormun/static/Resources/PXToolsGridFirstDisabled.gif HTTP/1.1" 200 100
186.103.159.46 - - [10/Aug/2017:10:35:28 -0300] "GET /cormun/static/Resources/PXToolsGridPreviousDisabled.gif HTTP/1.1" 200 90
186.103.159.46 - - [10/Aug/2017:10:35:28 -0300] "GET /cormun/static/Resources/PXToolsGridNextDisabled.gif HTTP/1.1" 200 90
186.103.159.46 - - [10/Aug/2017:10:35:28 -0300] "GET /cormun/static/Shared/ext/resources/css/ext-all.css?205870 HTTP/1.1" 200 416045
186.103.159.46 - - [10/Aug/2017:10:35:28 -0300] "GET /cormun/static/Resources/PXToolsGridLastDisabled.gif HTTP/1.1" 200 98
186.103.159.46 - - [10/Aug/2017:10:35:28 -0300] "GET /cormun/static/Resources/PXToolsGridPage.gif HTTP/1.1" 200 725
186.103.159.46 - - [10/Aug/2017:10:35:28 -0300] "GET /cormun/static/Resources/PXToolsActionExcel.png HTTP/1.1" 200 3187
186.103.159.46 - - [10/Aug/2017:10:35:28 -0300] "GET /cormun/static/Resources/PXToolsGridNew.png HTTP/1.1" 200 2949
186.103.132.155 - - [10/Aug/2017:10:35:28 -0300] "POST /cormun/servlet/solicitudotadjuntos?gx-no-cache=1502372170609 HTTP/1.1" 200 26
186.103.159.46 - - [10/Aug/2017:10:35:29 -0300] "GET /cormun/servlet/trpermisosgoce? HTTP/1.1" 200 11366
186.103.159.46 - - [10/Aug/2017:10:35:29 -0300] "GET /cormun/static/Resources/asc.gif HTTP/1.1" 200 67
186.103.159.46 - - [10/Aug/2017:10:35:29 -0300] "GET /cormun/static/Resources/desc.gif HTTP/1.1" 200 65
186.103.159.46 - - [10/Aug/2017:10:35:29 -0300] "GET /cormun//static/Resources/PXToolsGridUpdate.png HTTP/1.1" 200 2984
186.103.159.46 - - [10/Aug/2017:10:35:29 -0300] "GET /cormun//static/Resources/PXToolsGridDisplay.png HTTP/1.1" 200 362
186.103.159.46 - - [10/Aug/2017:10:35:29 -0300] "GET /cormun//static/Resources/PXTools/ActionInsert.png HTTP/1.1" 200 1482
186.103.159.46 - - [10/Aug/2017:10:35:29 -0300] "GET /cormun//static/Resources/PXToolsActionPrint.png HTTP/1.1" 200 3317
186.103.159.46 - - [10/Aug/2017:10:35:29 -0300] "GET /cormun//static/Resources/PXToolsHeaderHelp.png HTTP/1.1" 200 4055
186.103.159.46 - - [10/Aug/2017:10:35:29 -0300] "GET /cormun//static/Resources/PXToolsGridDelete.png HTTP/1.1" 200 357
186.103.159.46 - - [10/Aug/2017:10:35:29 -0300] "GET /cormun//static/Resources/PXToolsHeaderFavorites.png HTTP/1.1" 200 2744
186.103.159.46 - - [10/Aug/2017:10:35:29 -0300] "GET /cormun//static/Resources/PXToolsActionDisabled.gif HTTP/1.1" 200 53
186.103.159.46 - - [10/Aug/2017:10:35:30 -0300] "GET /cormun/static/Shared/ext/resources/themes/images/default/panel/bg-headersPanel.png HTTP/1.1" 200 255
186.103.159.46 - - [10/Aug/2017:10:35:30 -0300] "GET /cormun/static/Shared/ext/resources/themes/images/default/tools/tool-sprites.gif HTTP/1.1" 200 5434
192.168.10.96 - - [10/Aug/2017:10:35:33 -0300] "POST /cormun/servlet/hlogin?90009f9218b70bd4fc771b6b384789bb,gx-no-cache=1502372108712 HTTP/1.1" 200 90
192.168.10.96 - - [10/Aug/2017:10:35:33 -0300] "GET /cormun/servlet/hpexe_link HTTP/1.1" 200 944
192.168.10.96 - - [10/Aug/2017:10:35:33 -0300] "GET /cormun/servlet/hhome HTTP/1.1" 200 3993
186.103.159.46 - - [10/Aug/2017:10:35:34 -0300] "GET /cormun/servlet/trpermisosadjuntos?15731592,20170807114327,P, HTTP/1.1" 200 6099
192.168.10.96 - - [10/Aug/2017:10:35:34 -0300] "GET /cormun/servlet/hhome HTTP/1.1" 200 3989
186.103.159.46 - - [10/Aug/2017:10:35:34 -0300] "GET /cormun/static/gxcfg.js?201762817193957 HTTP/1.1" 200 953
186.103.159.46 - - [10/Aug/2017:10:35:34 -0300] "GET /cormun/static/trpermisosadjuntos.js?201762817194366 HTTP/1.1" 200 20158
186.103.159.46 - - [10/Aug/2017:10:35:34 -0300] "GET /cormun/static/Resources/Spanish/PXTools.css?17315867 HTTP/1.1" 200 89042
186.103.159.46 - - [10/Aug/2017:10:35:35 -0300] "GET /cormun/servlet/trpermisosadjuntos?15731592,20170807114327,P, HTTP/1.1" 200 6099
192.168.10.96 - - [10/Aug/2017:10:35:36 -0300] "GET /cormun/servlet/trsolicitudot? HTTP/1.1" 200 11805
192.168.10.96 - - [10/Aug/2017:10:35:37 -0300] "GET /cormun/servlet/trsolicitudot? HTTP/1.1" 200 11802
186.103.159.46 - - [10/Aug/2017:10:35:37 -0300] "GET /cormun/servlet/permisosadjuntos?INS,15731592,P,20170807114327,, HTTP/1.1" 200 5430
186.103.159.46 - - [10/Aug/2017:10:35:38 -0300] "GET /cormun/static/gxcfg.js?201762717441171 HTTP/1.1" 200 953
186.103.159.46 - - [10/Aug/2017:10:35:38 -0300] "GET /cormun/static/permisosadjuntos.js?201762717441184 HTTP/1.1" 200 8724
186.103.159.46 - - [10/Aug/2017:10:35:38 -0300] "GET /cormun/static/about:blank HTTP/1.1" 404 1011
186.103.159.46 - - [10/Aug/2017:10:35:39 -0300] "GET /cormun/servlet/permisosadjuntos?INS,15731592,P,20170807114327,, HTTP/1.1" 200 5420
192.168.10.96 - - [10/Aug/2017:10:35:40 -0300] "POST /cormun/servlet/trsolicitudot?90009f9218b70bd4fc771b6b384789bb,,gx-no-cache=1502372115449 HTTP/1.1" 200 105
192.168.10.96 - - [10/Aug/2017:10:35:40 -0300] "GET /cormun/servlet/solicitudot?UPD,2017,7183, HTTP/1.1" 200 14643
186.103.161.206 - - [10/Aug/2017:10:35:40 -0300] "GET /cormun/servlet/solicitudotadjuntos?60efd97933527459cf7c8c71a00b239a8f126ee3be2e733d99e0d58834a83036,gx-no-cache=1502372182415 HTTP/1.1" 200 30
186.103.161.206 - - [10/Aug/2017:10:35:40 -0300] "GET /cormun/servlet/solicitudotadjuntos?60efd97933527459cf7c8c71a00b239a8f126ee3be2e733d99e0d58834a83036,gx-no-cache=1502372182722 HTTP/1.1" 200 30
192.168.10.96 - - [10/Aug/2017:10:35:41 -0300] "GET /cormun/servlet/solicitudot?UPD,2017,7183, HTTP/1.1" 200 14652
192.168.10.96 - - [10/Aug/2017:10:35:41 -0300] "POST /cormun/servlet/solicitudot?gx-no-cache=1502372116445 HTTP/1.1" 200 3224
192.168.10.96 - - [10/Aug/2017:10:35:41 -0300] "POST /cormun/servlet/solicitudot?90009f9218b70bd4fc771b6b384789bb,UPD,2017,7183,,gx-no-cache=1502372116570 HTTP/1.1" 200 11206
192.168.10.96 - - [10/Aug/2017:10:35:41 -0300] "GET /cormun/servlet/solicitudot?f4fb08699be14df67d9056991582a4a3e3c5bd31805e4f754571e39f5cb583abab91c91e3f4ddf58900496354e108554,gx-no-cache=1502372116837 HTTP/1.1" 200 30
192.168.10.96 - - [10/Aug/2017:10:35:41 -0300] "POST /cormun/servlet/solicitudot?gx-no-cache=1502372116860 HTTP/1.1" 200 297
192.168.10.96 - - [10/Aug/2017:10:35:41 -0300] "GET /cormun/servlet/solicitudot?f4fb08699be14df67d9056991582a4a3c50f61bebe79404ed19140edf1dd42cecc76cb73929739e637c4aa75a970634eb005a9c3d0365e85f7e8bcdbbed851abbaba06ea6a44e90845866b55f9a61b471a7073ecc7c042b7b20b8cabc30e0c86da831d665cd7b72a652e14496a80dec3eaefffe63273dc0ba60895184887720d419ad3c54a124165e58f7ceb7984d11d2c2fb1623db6290f8b96f8d1627c26fb818d6138e02c25c3c9bf22b6f2b5a6fd1538aaae6c18e1b3d852ab2f9ad21f7e559642cd4d28ed53bde8f27d06d3f4c4ea4acf20a207d4d81274c55840ef9a4e49fb1bdf66088470c06d248ea433c32ebe5987ab6cffc15e1010620c5456880a9bfce8d441f8b8bf4194379ee5ef8bcc440ef0ea32e20ec366295d997214ce05d5c115283f132c66298ee68c18748b18cae03f43a5737a4d9043f0161441837b27995c71960728683bdb2f2f335f4b7ad592dd2546c63cf9526f08408d844aff26c9c779ee0611142f429fed407cbb851d9ec543de610514a227e3629af1d541a2e342f1302773cd9ace87d72dd5a8fb,gx-no-cache=1502372116902 HTTP/1.1" 200 30
192.168.10.96 - - [10/Aug/2017:10:35:41 -0300] "POST /cormun/servlet/solicitudot?gx-no-cache=1502372116926 HTTP/1.1" 200 30
192.168.10.96 - - [10/Aug/2017:10:35:41 -0300] "POST /cormun/servlet/solicitudot?gx-no-cache=1502372116960 HTTP/1.1" 200 1358
192.168.10.96 - - [10/Aug/2017:10:35:42 -0300] "POST /cormun/servlet/solicitudot?gx-no-cache=1502372117012 HTTP/1.1" 200 41
192.168.10.96 - - [10/Aug/2017:10:35:43 -0300] "GET /cormun/servlet/solicitudot?f4fb08699be14df67d9056991582a4a3c1f0977e563094a7020a6aebb2131d8ac83e105f585ab1438215d60d33a73f76df9bb39c2ab7d1d2e0973a050b56731d718fe9d7def9672178bee46672ce7cca5635063e37607a5a76c27ed2295b80329ba8fb5e7cc875e352fa6eee166b4ddc,gx-no-cache=1502372118904 HTTP/1.1" 200 29
192.168.10.96 - - [10/Aug/2017:10:35:43 -0300] "POST /cormun/servlet/solicitudot?gx-no-cache=1502372118928 HTTP/1.1" 200 1337
186.103.161.206 - - [10/Aug/2017:10:35:45 -0300] "POST /cormun/servlet/solicitudotadjuntos?db40b29d1f54ffd9e3b24d23981bd0a7,INS,2017,7182,,1, HTTP/1.1" 200 116
186.103.161.206 - - [10/Aug/2017:10:35:45 -0300] "GET /cormun/servlet/hpexe_return? HTTP/1.1" 200 1023
186.103.161.206 - - [10/Aug/2017:10:35:46 -0300] "GET /cormun/servlet/trsolicitudadjuntos?2017,7182, HTTP/1.1" 200 9339
186.103.161.206 - - [10/Aug/2017:10:35:47 -0300] "GET /cormun/servlet/trsolicitudadjuntos?2017,7182, HTTP/1.1" 200 9336
192.168.10.96 - - [10/Aug/2017:10:35:54 -0300] "POST /cormun/servlet/solicitudot?gx-no-cache=1502372129494 HTTP/1.1" 200 30
192.168.10.96 - - [10/Aug/2017:10:35:54 -0300] "POST /cormun/servlet/solicitudot?90009f9218b70bd4fc771b6b384789bb,UPD,2017,7183,,gx-no-cache=1502372129514 HTTP/1.1" 200 93
192.168.10.96 - - [10/Aug/2017:10:35:54 -0300] "GET /cormun/servlet/hpexe_return? HTTP/1.1" 200 1006
192.168.10.96 - - [10/Aug/2017:10:35:54 -0300] "GET /cormun/servlet/trsolicitudot HTTP/1.1" 200 11807
192.168.10.96 - - [10/Aug/2017:10:35:55 -0300] "GET /cormun/servlet/trsolicitudot HTTP/1.1" 200 11802
192.168.10.96 - - [10/Aug/2017:10:36:03 -0300] "POST /cormun/servlet/trsolicitudot?90009f9218b70bd4fc771b6b384789bb,gx-no-cache=1502372138880 HTTP/1.1" 200 105
192.168.10.96 - - [10/Aug/2017:10:36:04 -0300] "GET /cormun/servlet/solicitudot?UPD,2017,7183, HTTP/1.1" 200 14643
192.168.10.96 - - [10/Aug/2017:10:36:04 -0300] "GET /cormun/servlet/solicitudot?UPD,2017,7183, HTTP/1.1" 200 14652
192.168.10.96 - - [10/Aug/2017:10:36:04 -0300] "POST /cormun/servlet/solicitudot?gx-no-cache=1502372139915 HTTP/1.1" 200 3224
192.168.10.96 - - [10/Aug/2017:10:36:05 -0300] "POST /cormun/servlet/solicitudot?90009f9218b70bd4fc771b6b384789bb,UPD,2017,7183,,gx-no-cache=1502372140056 HTTP/1.1" 200 11206
192.168.10.96 - - [10/Aug/2017:10:36:05 -0300] "GET /cormun/servlet/solicitudot?f4fb08699be14df67d9056991582a4a3e3c5bd31805e4f754571e39f5cb583abab91c91e3f4ddf58900496354e108554,gx-no-cache=1502372140260 HTTP/1.1" 200 30
192.168.10.96 - - [10/Aug/2017:10:36:05 -0300] "POST /cormun/servlet/solicitudot?gx-no-cache=1502372140281 HTTP/1.1" 200 297
192.168.10.96 - - [10/Aug/2017:10:36:05 -0300] "GET /cormun/servlet/solicitudot?f4fb08699be14df67d9056991582a4a3c50f61bebe79404ed19140edf1dd42cecc76cb73929739e637c4aa75a970634eb005a9c3d0365e85f7e8bcdbbed851abbaba06ea6a44e90845866b55f9a61b471a7073ecc7c042b7b20b8cabc30e0c86da831d665cd7b72a652e14496a80dec3eaefffe63273dc0ba60895184887720d419ad3c54a124165e58f7ceb7984d11d2c2fb1623db6290f8b96f8d1627c26fb818d6138e02c25c3c9bf22b6f2b5a6fd1538aaae6c18e1b3d852ab2f9ad21f7e559642cd4d28ed53bde8f27d06d3f4c4ea4acf20a207d4d81274c55840ef9a4e49fb1bdf66088470c06d248ea433c32ebe5987ab6cffc15e1010620c5456880a9bfce8d441f8b8bf4194379ee5ef8bcc440ef0ea32e20ec366295d997214ce05d5c115283f132c66298ee68c18748b18cae03f43a5737a4d9043f0161441837b27995c71960728683bdb2f2f335f4b7ad592dd2546c63cf9526f08408d844aff26c9c779ee0611142f429fed407cbb851d9ec543de610514a227e3629af1d541a2e342f1302773cd9ace87d72dd5a8fb,gx-no-cache=1502372140325 HTTP/1.1" 200 30
192.168.10.96 - - [10/Aug/2017:10:36:05 -0300] "POST /cormun/servlet/solicitudot?gx-no-cache=1502372140346 HTTP/1.1" 200 30
192.168.10.96 - - [10/Aug/2017:10:36:05 -0300] "POST /cormun/servlet/solicitudot?gx-no-cache=1502372140379 HTTP/1.1" 200 1358
192.168.10.96 - - [10/Aug/2017:10:36:05 -0300] "POST /cormun/servlet/solicitudot?gx-no-cache=1502372140426 HTTP/1.1" 200 41
192.168.10.96 - - [10/Aug/2017:10:36:07 -0300] "GET /cormun/servlet/solicitudot?f4fb08699be14df67d9056991582a4a3c1f0977e563094a7020a6aebb2131d8ac83e105f585ab1438215d60d33a73f76df9bb39c2ab7d1d2e0973a050b56731d718fe9d7def9672178bee46672ce7cca5635063e37607a5a76c27ed2295b80329ba8fb5e7cc875e352fa6eee166b4ddc,gx-no-cache=1502372142058 HTTP/1.1" 200 29
192.168.10.96 - - [10/Aug/2017:10:36:07 -0300] "POST /cormun/servlet/solicitudot?gx-no-cache=1502372142079 HTTP/1.1" 200 1337
186.103.161.206 - - [10/Aug/2017:10:36:12 -0300] "GET /cormun/servlet/solicitudotadjuntos?INS,2017,7182,,2, HTTP/1.1" 200 6077
186.103.132.155 - - [10/Aug/2017:10:36:13 -0300] "GET /cormun/static/about:blank HTTP/1.1" 404 1011
186.103.132.155 - - [10/Aug/2017:10:36:13 -0300] "GET /cormun/servlet/solicitudotadjuntos?INS,2017,7182,,2, HTTP/1.1" 200 6071
186.103.132.155 - - [10/Aug/2017:10:36:13 -0300] "GET /cormun/servlet/solicitudotadjuntos?60efd97933527459cf7c8c71a00b239a302989ae89ac87f866b3d8074e48fc85c377a33820b465190f29b071a3147fa3,gx-no-cache=1502372215558 HTTP/1.1" 200 30
186.103.132.155 - - [10/Aug/2017:10:36:14 -0300] "POST /cormun/servlet/solicitudotadjuntos?db40b29d1f54ffd9e3b24d23981bd0a7,INS,2017,7182,,2,,gx-no-cache=1502372215821 HTTP/1.1" 200 4056
192.168.10.96 - - [10/Aug/2017:10:36:16 -0300] "POST /cormun/servlet/solicitudot?gx-no-cache=1502372151798 HTTP/1.1" 200 30
192.168.10.96 - - [10/Aug/2017:10:36:19 -0300] "POST /cormun/servlet/solicitudot?90009f9218b70bd4fc771b6b384789bb,UPD,2017,7183,,gx-no-cache=1502372154048 HTTP/1.1" 200 93
192.168.10.96 - - [10/Aug/2017:10:36:19 -0300] "GET /cormun/servlet/hpexe_return? HTTP/1.1" 200 1006
192.168.10.96 - - [10/Aug/2017:10:36:19 -0300] "GET /cormun/servlet/trsolicitudot HTTP/1.1" 200 11807
192.168.10.96 - - [10/Aug/2017:10:36:19 -0300] "GET /cormun/servlet/trsolicitudot HTTP/1.1" 200 11802
192.168.10.96 - - [10/Aug/2017:10:36:30 -0300] "GET /cormun/servlet/hlogin HTTP/1.1" 200 1731
186.103.159.46 - - [10/Aug/2017:10:36:31 -0300] "POST /cormun/servlet/permisosadjuntos?abde3dd4d250037c452f4b77fd5c95a7,INS,15731592,P,20170807114327,, HTTP/1.1" 200 116
186.103.159.46 - - [10/Aug/2017:10:36:31 -0300] "GET /cormun/servlet/hpexe_return? HTTP/1.1" 200 1034
186.103.159.46 - - [10/Aug/2017:10:36:31 -0300] "GET /cormun/static/gxcfg.js?2016101716175148 HTTP/1.1" 200 953
186.103.159.46 - - [10/Aug/2017:10:36:31 -0300] "GET /cormun/static/hpexe_return.js?2016101716175153 HTTP/1.1" 200 1633
186.103.159.46 - - [10/Aug/2017:10:36:32 -0300] "GET /cormun/static/Resources/Spanish/PXTools.css?167811 HTTP/1.1" 200 89042
186.103.159.46 - - [10/Aug/2017:10:36:32 -0300] "GET /cormun/servlet/trpermisosadjuntos?15731592,20170807114327,P, HTTP/1.1" 200 6575
186.103.159.46 - - [10/Aug/2017:10:36:33 -0300] "GET /cormun/servlet/trpermisosadjuntos?15731592,20170807114327,P, HTTP/1.1" 200 6573
186.103.159.46 - - [10/Aug/2017:10:36:38 -0300] "POST /cormun/servlet/trpermisosadjuntos?abde3dd4d250037c452f4b77fd5c95a7,15731592,20170807114327,P,,gx-no-cache=1502372240292 HTTP/1.1" 200 90
186.103.159.46 - - [10/Aug/2017:10:36:38 -0300] "GET /cormun/servlet/hpexe_link HTTP/1.1" 200 979
186.103.159.46 - - [10/Aug/2017:10:36:38 -0300] "GET /cormun/servlet/trpermisosgoce HTTP/1.1" 200 11369
192.168.10.96 - - [10/Aug/2017:10:36:40 -0300] "POST /cormun/servlet/hlogin?90009f9218b70bd4fc771b6b384789bb,gx-no-cache=1502372175032 HTTP/1.1" 200 90
192.168.10.96 - - [10/Aug/2017:10:36:40 -0300] "GET /cormun/servlet/hpexe_link HTTP/1.1" 200 944
192.168.10.96 - - [10/Aug/2017:10:36:40 -0300] "GET /cormun/servlet/hhome HTTP/1.1" 200 4439
186.103.159.46 - - [10/Aug/2017:10:36:40 -0300] "GET /cormun/servlet/trpermisosgoce HTTP/1.1" 200 11362
192.168.10.96 - - [10/Aug/2017:10:36:40 -0300] "GET /cormun/servlet/hhome HTTP/1.1" 200 4436
186.103.159.46 - - [10/Aug/2017:10:36:44 -0300] "GET /cormun/servlet/trpermisosadjuntos?7798370,20170803133907,P, HTTP/1.1" 200 6102
186.103.159.46 - - [10/Aug/2017:10:36:46 -0300] "GET /cormun/servlet/trpermisosadjuntos?7798370,20170803133907,P, HTTP/1.1" 200 6103
186.103.159.46 - - [10/Aug/2017:10:36:47 -0300] "GET /cormun/servlet/permisosadjuntos?INS,7798370,P,20170803133907,, HTTP/1.1" 200 5432
186.103.159.46 - - [10/Aug/2017:10:36:48 -0300] "GET /cormun/static/about:blank HTTP/1.1" 404 1011
186.103.159.46 - - [10/Aug/2017:10:36:49 -0300] "GET /cormun/servlet/permisosadjuntos?INS,7798370,P,20170803133907,, HTTP/1.1" 200 5422
186.79.169.1 - - [10/Aug/2017:10:36:58 -0300] "GET /cormun/servlet/hlogin HTTP/1.1" 200 1732
186.103.159.46 - - [10/Aug/2017:10:37:02 -0300] "POST /cormun/servlet/permisosadjuntos?abde3dd4d250037c452f4b77fd5c95a7,INS,7798370,P,20170803133907,, HTTP/1.1" 200 116
186.103.159.46 - - [10/Aug/2017:10:37:02 -0300] "GET /cormun/servlet/hpexe_return? HTTP/1.1" 200 1034
186.103.159.46 - - [10/Aug/2017:10:37:02 -0300] "GET /cormun/servlet/trpermisosadjuntos?7798370,20170803133907,P, HTTP/1.1" 200 6587
186.103.159.46 - - [10/Aug/2017:10:37:04 -0300] "GET /cormun/servlet/trpermisosadjuntos?7798370,20170803133907,P, HTTP/1.1" 200 6584
186.103.159.183 - - [10/Aug/2017:10:37:04 -0300] "POST /cormun/servlet/trsolicitudot?e3fa7a962b077343491f281fbd28b0be,gx-no-cache=1502372266714 HTTP/1.1" 200 8950
186.103.159.183 - - [10/Aug/2017:10:37:05 -0300] "GET /cormun/static/Shared/jqueryui/images/ui-bg_highlight-soft_100_c6c2c8_1x100.png HTTP/1.1" 404 1117
186.103.159.183 - - [10/Aug/2017:10:37:05 -0300] "GET /cormun/static/Shared/jqueryui/images/ui-icons_82798d_256x240.png HTTP/1.1" 404 1089
186.103.159.183 - - [10/Aug/2017:10:37:05 -0300] "GET /cormun/static/Shared/jqueryui/images/ui-icons_8d78a5_256x240.png HTTP/1.1" 404 1089
186.103.159.183 - - [10/Aug/2017:10:37:05 -0300] "GET /cormun/static/Shared/jqueryui/images/ui-bg_flat_55_fafafa_40x100.png HTTP/1.1" 404 1097
186.103.159.183 - - [10/Aug/2017:10:37:05 -0300] "POST /cormun/servlet/trsolicitudot?e3fa7a962b077343491f281fbd28b0be,gx-no-cache=1502372267603 HTTP/1.1" 200 8894
186.103.159.46 - - [10/Aug/2017:10:37:06 -0300] "POST /cormun/servlet/trpermisosadjuntos?abde3dd4d250037c452f4b77fd5c95a7,7798370,20170803133907,P,,gx-no-cache=1502372268983 HTTP/1.1" 200 90
186.103.159.46 - - [10/Aug/2017:10:37:06 -0300] "GET /cormun/servlet/hpexe_link HTTP/1.1" 200 979
186.103.159.46 - - [10/Aug/2017:10:37:07 -0300] "GET /cormun/servlet/trpermisosgoce HTTP/1.1" 200 11369
186.103.161.206 - - [10/Aug/2017:10:37:08 -0300] "POST /cormun/servlet/solicitudotadjuntos?db40b29d1f54ffd9e3b24d23981bd0a7,INS,2017,7182,,2,,gx-no-cache=1502372269920 HTTP/1.1" 200 93
186.103.161.206 - - [10/Aug/2017:10:37:08 -0300] "GET /cormun/servlet/hpexe_return? HTTP/1.1" 200 1023
186.103.159.183 - - [10/Aug/2017:10:37:09 -0300] "GET /cormun/servlet/trautorizarsolicitud? HTTP/1.1" 200 8182
186.103.159.46 - - [10/Aug/2017:10:37:09 -0300] "GET /cormun/servlet/trpermisosgoce HTTP/1.1" 200 11365
186.103.161.206 - - [10/Aug/2017:10:37:09 -0300] "GET /cormun/servlet/trsolicitudadjuntos?2017,7182, HTTP/1.1" 200 9340
186.103.159.183 - - [10/Aug/2017:10:37:09 -0300] "GET /cormun/static/Resources/Spanish/PXTools.css?11294912 HTTP/1.1" 200 89042
186.103.159.183 - - [10/Aug/2017:10:37:09 -0300] "GET /cormun/static/gxcfg.js?20174261241362 HTTP/1.1" 200 953
186.103.159.183 - - [10/Aug/2017:10:37:09 -0300] "GET /cormun/static/trautorizarsolicitud.js?201742612414370 HTTP/1.1" 200 53910
186.103.161.206 - - [10/Aug/2017:10:37:10 -0300] "GET /cormun/servlet/trsolicitudadjuntos?2017,7182, HTTP/1.1" 200 9337
186.103.159.183 - - [10/Aug/2017:10:37:10 -0300] "GET /cormun/servlet/trautorizarsolicitud? HTTP/1.1" 200 8182
186.103.159.46 - - [10/Aug/2017:10:37:13 -0300] "GET /cormun/servlet/trpermisosadjuntos?15526249,20170803134311,P, HTTP/1.1" 200 6108
186.103.159.46 - - [10/Aug/2017:10:37:14 -0300] "GET /cormun/servlet/trpermisosadjuntos?15526249,20170803134311,P, HTTP/1.1" 200 6109
186.103.159.46 - - [10/Aug/2017:10:37:16 -0300] "GET /cormun/servlet/permisosadjuntos?INS,15526249,P,20170803134311,, HTTP/1.1" 200 5437
186.103.159.46 - - [10/Aug/2017:10:37:17 -0300] "GET /cormun/static/about:blank HTTP/1.1" 404 1011
186.103.159.46 - - [10/Aug/2017:10:37:18 -0300] "GET /cormun/servlet/permisosadjuntos?INS,15526249,P,20170803134311,, HTTP/1.1" 200 5428
186.103.161.206 - - [10/Aug/2017:10:37:18 -0300] "GET /cormun/servlet/solicitudotadjuntos?INS,2017,7182,,2, HTTP/1.1" 200 6078
186.103.161.206 - - [10/Aug/2017:10:37:19 -0300] "GET /cormun/servlet/solicitudotadjuntos?INS,2017,7182,,2, HTTP/1.1" 200 6072
186.103.161.206 - - [10/Aug/2017:10:37:20 -0300] "GET /cormun/servlet/solicitudotadjuntos?60efd97933527459cf7c8c71a00b239a302989ae89ac87f866b3d8074e48fc85c377a33820b465190f29b071a3147fa3,gx-no-cache=1502372281867 HTTP/1.1" 200 30
186.103.161.206 - - [10/Aug/2017:10:37:20 -0300] "POST /cormun/servlet/solicitudotadjuntos?db40b29d1f54ffd9e3b24d23981bd0a7,INS,2017,7182,,2,,gx-no-cache=1502372282089 HTTP/1.1" 200 4056
186.103.159.183 - - [10/Aug/2017:10:37:21 -0300] "POST /cormun/servlet/trautorizarsolicitud?e3fa7a962b077343491f281fbd28b0be,,gx-no-cache=1502372283922 HTTP/1.1" 200 4330
186.103.159.183 - - [10/Aug/2017:10:37:21 -0300] "GET /cormun/static/Shared/jqueryui/images/ui-bg_flat_55_fafafa_40x100.png HTTP/1.1" 404 1097
186.103.159.183 - - [10/Aug/2017:10:37:21 -0300] "GET /cormun/static/Shared/jqueryui/images/ui-icons_82798d_256x240.png HTTP/1.1" 404 1089
186.103.159.183 - - [10/Aug/2017:10:37:21 -0300] "GET /cormun/static/Shared/jqueryui/images/ui-icons_8d78a5_256x240.png HTTP/1.1" 404 1089
186.103.159.183 - - [10/Aug/2017:10:37:21 -0300] "GET /cormun/static/Shared/jqueryui/images/ui-bg_highlight-soft_100_c6c2c8_1x100.png HTTP/1.1" 404 1117
186.103.159.183 - - [10/Aug/2017:10:37:21 -0300] "POST /cormun/servlet/trautorizarsolicitud?e3fa7a962b077343491f281fbd28b0be,,gx-no-cache=1502372284299 HTTP/1.1" 200 4105
186.103.161.206 - - [10/Aug/2017:10:37:28 -0300] "POST /cormun/servlet/solicitudotadjuntos?db40b29d1f54ffd9e3b24d23981bd0a7,INS,2017,7182,,2,,gx-no-cache=1502372288280 HTTP/1.1" 200 93
186.103.161.206 - - [10/Aug/2017:10:37:28 -0300] "GET /cormun/servlet/hpexe_return? HTTP/1.1" 200 1023
186.103.161.206 - - [10/Aug/2017:10:37:29 -0300] "GET /cormun/servlet/trsolicitudadjuntos?2017,7182, HTTP/1.1" 200 9339
186.103.159.183 - - [10/Aug/2017:10:37:29 -0300] "GET /cormun/servlet/trrenuncias? HTTP/1.1" 200 6878
186.103.159.183 - - [10/Aug/2017:10:37:29 -0300] "GET /cormun/static/gxcfg.js?20175251282642 HTTP/1.1" 200 953
186.103.159.183 - - [10/Aug/2017:10:37:29 -0300] "GET /cormun/static/trrenuncias.js?20175251283179 HTTP/1.1" 200 31174
186.103.161.206 - - [10/Aug/2017:10:37:30 -0300] "GET /cormun/servlet/trsolicitudadjuntos?2017,7182, HTTP/1.1" 200 9338
186.103.159.183 - - [10/Aug/2017:10:37:30 -0300] "GET /cormun/servlet/trrenuncias? HTTP/1.1" 200 6877
186.103.159.183 - - [10/Aug/2017:10:37:31 -0300] "POST /cormun/servlet/acontrolpreferencessavestate?None,PANDRADE,true HTTP/1.1" 200 35
186.103.161.206 - - [10/Aug/2017:10:37:32 -0300] "GET /cormun/servlet/solicitudotadjuntos?INS,2017,7182,,2, HTTP/1.1" 200 6078
186.103.161.206 - - [10/Aug/2017:10:37:33 -0300] "GET /cormun/servlet/solicitudotadjuntos?INS,2017,7182,,2, HTTP/1.1" 200 6072
186.103.161.206 - - [10/Aug/2017:10:37:33 -0300] "GET /cormun/servlet/solicitudotadjuntos?60efd97933527459cf7c8c71a00b239a302989ae89ac87f866b3d8074e48fc85c377a33820b465190f29b071a3147fa3,gx-no-cache=1502372295595 HTTP/1.1" 200 30
186.103.161.206 - - [10/Aug/2017:10:37:34 -0300] "POST /cormun/servlet/solicitudotadjuntos?db40b29d1f54ffd9e3b24d23981bd0a7,INS,2017,7182,,2,,gx-no-cache=1502372295919 HTTP/1.1" 200 4055
186.103.161.206 - - [10/Aug/2017:10:37:35 -0300] "GET /cormun/servlet/trsolicitudadjuntos?2017,7182, HTTP/1.1" 200 9337
186.103.161.206 - - [10/Aug/2017:10:37:36 -0300] "GET /cormun/servlet/trsolicitudadjuntos?2017,7182, HTTP/1.1" 200 9339
186.103.159.183 - - [10/Aug/2017:10:37:38 -0300] "GET /cormun/static/menuarrow.gif HTTP/1.1" 404 1015
186.103.161.206 - - [10/Aug/2017:10:37:39 -0300] "GET /cormun/servlet/solicitudotadjuntos?INS,2017,7182,,1, HTTP/1.1" 200 6079
186.103.161.206 - - [10/Aug/2017:10:37:40 -0300] "GET /cormun/servlet/solicitudotadjuntos?INS,2017,7182,,1, HTTP/1.1" 200 6072
186.103.161.206 - - [10/Aug/2017:10:37:40 -0300] "GET /cormun/servlet/solicitudotadjuntos?60efd97933527459cf7c8c71a00b239a302989ae89ac87f866b3d8074e48fc85c377a33820b465190f29b071a3147fa3,gx-no-cache=1502372302660 HTTP/1.1" 200 30
186.103.161.206 - - [10/Aug/2017:10:37:41 -0300] "POST /cormun/servlet/solicitudotadjuntos?db40b29d1f54ffd9e3b24d23981bd0a7,INS,2017,7182,,1,,gx-no-cache=1502372303002 HTTP/1.1" 200 3837
186.103.159.46 - - [10/Aug/2017:10:37:46 -0300] "POST /cormun/servlet/permisosadjuntos?abde3dd4d250037c452f4b77fd5c95a7,INS,15526249,P,20170803134311,, HTTP/1.1" 200 116
186.103.161.206 - - [10/Aug/2017:10:37:46 -0300] "GET /cormun/servlet/trautorizarsolicitud? HTTP/1.1" 200 6975
186.103.159.46 - - [10/Aug/2017:10:37:46 -0300] "GET /cormun/servlet/hpexe_return? HTTP/1.1" 200 1034
186.103.159.46 - - [10/Aug/2017:10:37:46 -0300] "GET /cormun/servlet/trpermisosadjuntos?15526249,20170803134311,P, HTTP/1.1" 200 6598
186.103.161.206 - - [10/Aug/2017:10:37:47 -0300] "GET /cormun/static/Resources/Spanish/PXTools.css?11294912 HTTP/1.1" 200 89042
186.103.161.206 - - [10/Aug/2017:10:37:48 -0300] "GET /cormun/static/gxcfg.js?20174261241362 HTTP/1.1" 200 953
186.103.159.46 - - [10/Aug/2017:10:37:48 -0300] "GET /cormun/servlet/trpermisosadjuntos?15526249,20170803134311,P, HTTP/1.1" 200 6594
186.103.159.46 - - [10/Aug/2017:10:37:50 -0300] "POST /cormun/servlet/trpermisosadjuntos?abde3dd4d250037c452f4b77fd5c95a7,15526249,20170803134311,P,,gx-no-cache=1502372312712 HTTP/1.1" 200 90
186.103.159.46 - - [10/Aug/2017:10:37:50 -0300] "GET /cormun/servlet/hpexe_link HTTP/1.1" 200 979
186.103.159.46 - - [10/Aug/2017:10:37:51 -0300] "GET /cormun/servlet/trpermisosgoce HTTP/1.1" 200 11364
186.103.159.46 - - [10/Aug/2017:10:37:52 -0300] "GET /cormun/servlet/trpermisosgoce HTTP/1.1" 200 11366
186.103.161.206 - - [10/Aug/2017:10:37:55 -0300] "GET /cormun/static/trautorizarsolicitud.js?201742612414370 HTTP/1.1" 200 53910
186.103.161.206 - - [10/Aug/2017:10:37:56 -0300] "GET /cormun/servlet/trautorizarsolicitud? HTTP/1.1" 200 6956
186.103.159.46 - - [10/Aug/2017:10:38:00 -0300] "GET /cormun/servlet/trpermisosadjuntos?13099025,20170803133058,P, HTTP/1.1" 200 6108
186.103.161.206 - - [10/Aug/2017:10:38:01 -0300] "GET /cormun/servlet/trvisualizadoreventos? HTTP/1.1" 200 6788
186.103.161.206 - - [10/Aug/2017:10:38:02 -0300] "GET /cormun/servlet/trvisualizadoreventos? HTTP/1.1" 200 6787
186.103.159.46 - - [10/Aug/2017:10:38:03 -0300] "GET /cormun/servlet/trpermisosadjuntos?13099025,20170803133058,P, HTTP/1.1" 200 6109
186.103.159.46 - - [10/Aug/2017:10:38:05 -0300] "GET /cormun/servlet/permisosadjuntos?INS,13099025,P,20170803133058,, HTTP/1.1" 200 5438
186.103.159.46 - - [10/Aug/2017:10:38:05 -0300] "GET /cormun/static/about:blank HTTP/1.1" 404 1011
186.103.159.46 - - [10/Aug/2017:10:38:06 -0300] "GET /cormun/servlet/permisosadjuntos?INS,13099025,P,20170803133058,, HTTP/1.1" 200 5429
186.103.132.155 - - [10/Aug/2017:10:38:07 -0300] "GET /cormun/servlet/trsolicitudot? HTTP/1.1" 200 9032
186.103.132.155 - - [10/Aug/2017:10:38:07 -0300] "GET /cormun/servlet/trsolicitudot? HTTP/1.1" 200 9032
186.103.159.46 - - [10/Aug/2017:10:38:16 -0300] "POST /cormun/servlet/permisosadjuntos?abde3dd4d250037c452f4b77fd5c95a7,INS,13099025,P,20170803133058,, HTTP/1.1" 200 116
186.103.159.46 - - [10/Aug/2017:10:38:16 -0300] "GET /cormun/servlet/hpexe_return? HTTP/1.1" 200 1034
186.103.159.46 - - [10/Aug/2017:10:38:16 -0300] "GET /cormun/servlet/trpermisosadjuntos?13099025,20170803133058,P, HTTP/1.1" 200 6594
186.103.159.46 - - [10/Aug/2017:10:38:18 -0300] "GET /cormun/servlet/trpermisosadjuntos?13099025,20170803133058,P, HTTP/1.1" 200 6593
186.103.132.155 - - [10/Aug/2017:10:38:20 -0300] "POST /cormun/servlet/trsolicitudot?db40b29d1f54ffd9e3b24d23981bd0a7,,gx-no-cache=1502372342571 HTTP/1.1" 200 6151
186.103.132.155 - - [10/Aug/2017:10:38:21 -0300] "GET /cormun/static/Shared/jqueryui/images/ui-bg_highlight-soft_100_c6c2c8_1x100.png HTTP/1.1" 404 1117
186.103.132.155 - - [10/Aug/2017:10:38:21 -0300] "GET /cormun/static/Shared/jqueryui/images/ui-icons_82798d_256x240.png HTTP/1.1" 404 1089
186.103.161.206 - - [10/Aug/2017:10:38:21 -0300] "GET /cormun/static/Shared/jqueryui/images/ui-bg_flat_55_fafafa_40x100.png HTTP/1.1" 404 1097
186.103.161.206 - - [10/Aug/2017:10:38:21 -0300] "GET /cormun/static/Shared/jqueryui/images/ui-icons_8d78a5_256x240.png HTTP/1.1" 404 1089
186.103.132.155 - - [10/Aug/2017:10:38:21 -0300] "POST /cormun/servlet/trsolicitudot?db40b29d1f54ffd9e3b24d23981bd0a7,,gx-no-cache=1502372343070 HTTP/1.1" 200 6093
186.103.159.46 - - [10/Aug/2017:10:38:22 -0300] "POST /cormun/servlet/trpermisosadjuntos?abde3dd4d250037c452f4b77fd5c95a7,13099025,20170803133058,P,,gx-no-cache=1502372344852 HTTP/1.1" 200 90
186.103.159.46 - - [10/Aug/2017:10:38:22 -0300] "GET /cormun/servlet/hpexe_link HTTP/1.1" 200 979
186.103.159.46 - - [10/Aug/2017:10:38:23 -0300] "GET /cormun/servlet/trpermisosgoce HTTP/1.1" 200 11357
186.103.159.46 - - [10/Aug/2017:10:38:24 -0300] "GET /cormun/servlet/trpermisosgoce HTTP/1.1" 200 11371
186.103.159.46 - - [10/Aug/2017:10:38:51 -0300] "GET /cormun/servlet/trpermisosadjuntos?12515025,20170803134414,P, HTTP/1.1" 200 6101
186.103.159.46 - - [10/Aug/2017:10:38:53 -0300] "GET /cormun/servlet/trpermisosadjuntos?12515025,20170803134414,P, HTTP/1.1" 200 6102
186.103.132.155 - - [10/Aug/2017:10:38:53 -0300] "POST /cormun/servlet/trsolicitudot?db40b29d1f54ffd9e3b24d23981bd0a7,,gx-no-cache=1502372375332 HTTP/1.1" 200 6092
186.103.159.46 - - [10/Aug/2017:10:38:55 -0300] "GET /cormun/servlet/permisosadjuntos?INS,12515025,P,20170803134414,, HTTP/1.1" 200 5431
186.103.159.46 - - [10/Aug/2017:10:38:56 -0300] "GET /cormun/static/about:blank HTTP/1.1" 404 1011
186.103.159.46 - - [10/Aug/2017:10:38:57 -0300] "GET /cormun/servlet/permisosadjuntos?INS,12515025,P,20170803134414,, HTTP/1.1" 200 5422
186.103.159.183 - - [10/Aug/2017:10:39:06 -0300] "GET /cormun/servlet/trautorizarenuncias? HTTP/1.1" 200 6719
186.103.159.183 - - [10/Aug/2017:10:39:07 -0300] "GET /cormun/static/gxcfg.js?20175251295383 HTTP/1.1" 200 953
186.103.159.183 - - [10/Aug/2017:10:39:07 -0300] "GET /cormun/static/trautorizarenuncias.js?20175251295838 HTTP/1.1" 200 29147
186.103.159.183 - - [10/Aug/2017:10:39:08 -0300] "GET /cormun/servlet/trautorizarenuncias? HTTP/1.1" 200 6719
186.103.159.183 - - [10/Aug/2017:10:39:09 -0300] "POST /cormun/servlet/acontrolpreferencessavestate?None,PANDRADE,true HTTP/1.1" 200 35
186.103.159.46 - - [10/Aug/2017:10:39:22 -0300] "POST /cormun/servlet/permisosadjuntos?abde3dd4d250037c452f4b77fd5c95a7,INS,12515025,P,20170803134414,, HTTP/1.1" 200 116
186.103.159.46 - - [10/Aug/2017:10:39:22 -0300] "GET /cormun/servlet/hpexe_return? HTTP/1.1" 200 1034
186.103.159.46 - - [10/Aug/2017:10:39:22 -0300] "GET /cormun/servlet/trpermisosadjuntos?12515025,20170803134414,P, HTTP/1.1" 200 6584
186.103.161.206 - - [10/Aug/2017:10:39:22 -0300] "GET /cormun/servlet/trsolicitudot? HTTP/1.1" 200 9033
186.103.161.206 - - [10/Aug/2017:10:39:23 -0300] "GET /cormun/servlet/trsolicitudot? HTTP/1.1" 200 9033
186.79.156.255 - - [10/Aug/2017:10:39:23 -0300] "GET /cormun/servlet/hlogin HTTP/1.1" 200 1720
186.103.159.46 - - [10/Aug/2017:10:39:24 -0300] "GET /cormun/servlet/trpermisosadjuntos?12515025,20170803134414,P, HTTP/1.1" 200 6581
186.103.161.206 - - [10/Aug/2017:10:39:26 -0300] "GET /cormun/servlet/solicitudot?INS,0,0, HTTP/1.1" 200 12908
186.103.159.46 - - [10/Aug/2017:10:39:26 -0300] "POST /cormun/servlet/trpermisosadjuntos?abde3dd4d250037c452f4b77fd5c95a7,12515025,20170803134414,P,,gx-no-cache=1502372408843 HTTP/1.1" 200 90
186.103.159.46 - - [10/Aug/2017:10:39:26 -0300] "GET /cormun/servlet/hpexe_link HTTP/1.1" 200 978
186.103.159.46 - - [10/Aug/2017:10:39:27 -0300] "GET /cormun/servlet/trpermisosgoce HTTP/1.1" 200 11363
186.103.161.206 - - [10/Aug/2017:10:39:27 -0300] "GET /cormun/servlet/solicitudot?INS,0,0, HTTP/1.1" 200 12913
186.103.159.46 - - [10/Aug/2017:10:39:28 -0300] "GET /cormun/servlet/trpermisosgoce HTTP/1.1" 200 11366
186.79.156.255 - - [10/Aug/2017:10:39:29 -0300] "POST /cormun/servlet/hlogin?05739e2ab76b9e325ce3b7fe91dfaf3e,gx-no-cache=1502372411120 HTTP/1.1" 200 90
186.79.156.255 - - [10/Aug/2017:10:39:29 -0300] "GET /cormun/servlet/hpexe_link HTTP/1.1" 200 950
186.79.156.255 - - [10/Aug/2017:10:39:29 -0300] "GET /cormun/servlet/hhome HTTP/1.1" 200 3821
186.79.156.255 - - [10/Aug/2017:10:39:30 -0300] "GET /cormun/servlet/hhome HTTP/1.1" 200 3817
186.79.156.255 - - [10/Aug/2017:10:39:33 -0300] "GET /cormun/servlet/trlicencias? HTTP/1.1" 200 13632
186.79.156.255 - - [10/Aug/2017:10:39:34 -0300] "GET /cormun/servlet/trlicencias? HTTP/1.1" 200 13629
186.103.159.46 - - [10/Aug/2017:10:39:36 -0300] "GET /cormun/servlet/trpermisosadjuntos?17458217,20170803131534,P, HTTP/1.1" 200 6100
186.103.159.46 - - [10/Aug/2017:10:39:37 -0300] "GET /cormun/servlet/trpermisosadjuntos?17458217,20170803131534,P, HTTP/1.1" 200 6099
186.103.159.46 - - [10/Aug/2017:10:39:39 -0300] "GET /cormun/servlet/permisosadjuntos?INS,17458217,P,20170803131534,, HTTP/1.1" 200 5432
186.103.159.46 - - [10/Aug/2017:10:39:39 -0300] "GET /cormun/static/about:blank HTTP/1.1" 404 1011
186.103.159.46 - - [10/Aug/2017:10:39:40 -0300] "GET /cormun/servlet/permisosadjuntos?INS,17458217,P,20170803131534,, HTTP/1.1" 200 5422
186.79.156.255 - - [10/Aug/2017:10:39:41 -0300] "GET /cormun/servlet/licenciaspermisos?INS,0,,, HTTP/1.1" 200 7346
186.79.156.255 - - [10/Aug/2017:10:39:42 -0300] "GET /cormun/servlet/licenciaspermisos?INS,0,,, HTTP/1.1" 200 7346
186.79.156.255 - - [10/Aug/2017:10:39:55 -0300] "GET /cormun/servlet/licenciaspermisos?b23857ee83c26fbfdb5e58a265bcb9c371ed94bdfd89469d17c1ed6504d6710b288a816d1effdd093b7f27a1228b600a,gx-no-cache=1502372437184 HTTP/1.1" 200 103
186.79.156.255 - - [10/Aug/2017:10:39:55 -0300] "POST /cormun/servlet/licenciaspermisos?05739e2ab76b9e325ce3b7fe91dfaf3e,INS,0,,,,gx-no-cache=1502372437313 HTTP/1.1" 200 4544
186.103.159.46 - - [10/Aug/2017:10:39:56 -0300] "POST /cormun/servlet/permisosadjuntos?abde3dd4d250037c452f4b77fd5c95a7,INS,17458217,P,20170803131534,, HTTP/1.1" 200 116
186.103.159.46 - - [10/Aug/2017:10:39:56 -0300] "GET /cormun/servlet/hpexe_return? HTTP/1.1" 200 1034
186.103.159.46 - - [10/Aug/2017:10:39:57 -0300] "GET /cormun/servlet/trpermisosadjuntos?17458217,20170803131534,P, HTTP/1.1" 200 6582
186.103.159.46 - - [10/Aug/2017:10:39:58 -0300] "GET /cormun/servlet/trpermisosadjuntos?17458217,20170803131534,P, HTTP/1.1" 200 6578
186.103.159.46 - - [10/Aug/2017:10:40:01 -0300] "POST /cormun/servlet/trpermisosadjuntos?abde3dd4d250037c452f4b77fd5c95a7,17458217,20170803131534,P,,gx-no-cache=1502372443938 HTTP/1.1" 200 90
186.103.159.46 - - [10/Aug/2017:10:40:01 -0300] "GET /cormun/servlet/hpexe_link HTTP/1.1" 200 978
186.103.159.46 - - [10/Aug/2017:10:40:02 -0300] "GET /cormun/servlet/trpermisosgoce HTTP/1.1" 200 11369
186.103.159.46 - - [10/Aug/2017:10:40:03 -0300] "GET /cormun/servlet/trpermisosgoce HTTP/1.1" 200 11371
186.103.159.46 - - [10/Aug/2017:10:40:11 -0300] "POST /cormun/servlet/trpermisosgoce?abde3dd4d250037c452f4b77fd5c95a7,gx-no-cache=1502372452896 HTTP/1.1" 200 8556
186.103.159.46 - - [10/Aug/2017:10:40:11 -0300] "GET /cormun/static/Shared/jqueryui/images/ui-bg_highlight-soft_100_c6c2c8_1x100.png HTTP/1.1" 404 1117
186.103.159.46 - - [10/Aug/2017:10:40:11 -0300] "GET /cormun/static/Shared/jqueryui/images/ui-icons_82798d_256x240.png HTTP/1.1" 404 1089
186.103.159.46 - - [10/Aug/2017:10:40:11 -0300] "GET /cormun/static/Shared/jqueryui/images/ui-bg_flat_55_fafafa_40x100.png HTTP/1.1" 404 1097
186.103.159.46 - - [10/Aug/2017:10:40:11 -0300] "GET /cormun/static/Shared/jqueryui/images/ui-icons_8d78a5_256x240.png HTTP/1.1" 404 1089
186.103.159.46 - - [10/Aug/2017:10:40:14 -0300] "POST /cormun/servlet/trpermisosgoce?abde3dd4d250037c452f4b77fd5c95a7,gx-no-cache=1502372456326 HTTP/1.1" 200 8546
186.103.159.46 - - [10/Aug/2017:10:40:20 -0300] "POST /cormun/servlet/trpermisosgoce?abde3dd4d250037c452f4b77fd5c95a7,gx-no-cache=1502372462374 HTTP/1.1" 200 8539
186.103.159.46 - - [10/Aug/2017:10:40:22 -0300] "POST /cormun/servlet/trpermisosgoce?abde3dd4d250037c452f4b77fd5c95a7,gx-no-cache=1502372464881 HTTP/1.1" 200 8531
186.103.159.46 - - [10/Aug/2017:10:40:25 -0300] "POST /cormun/servlet/trpermisosgoce?abde3dd4d250037c452f4b77fd5c95a7,gx-no-cache=1502372466885 HTTP/1.1" 200 8526
186.103.159.46 - - [10/Aug/2017:10:40:28 -0300] "POST /cormun/servlet/trpermisosgoce?abde3dd4d250037c452f4b77fd5c95a7,gx-no-cache=1502372470547 HTTP/1.1" 200 8460
186.103.161.206 - - [10/Aug/2017:10:40:46 -0300] "POST /cormun/servlet/solicitudot?gx-no-cache=1502372488143 HTTP/1.1" 200 3112
186.103.161.206 - - [10/Aug/2017:10:40:47 -0300] "POST /cormun/servlet/solicitudot?db40b29d1f54ffd9e3b24d23981bd0a7,INS,0,0,,gx-no-cache=1502372488733 HTTP/1.1" 200 9925
186.103.159.183 - - [10/Aug/2017:10:41:04 -0300] "GET /cormun/servlet/hlogin HTTP/1.1" 200 1738
186.103.161.206 - - [10/Aug/2017:10:41:07 -0300] "GET /cormun/servlet/trsolicitudot? HTTP/1.1" 200 9035
186.103.161.206 - - [10/Aug/2017:10:41:08 -0300] "GET /cormun/servlet/trsolicitudot? HTTP/1.1" 200 9033
186.103.161.206 - - [10/Aug/2017:10:41:19 -0300] "GET /cormun/servlet/trsolicitudot? HTTP/1.1" 200 9033
186.103.161.206 - - [10/Aug/2017:10:41:19 -0300] "GET /cormun/servlet/trsolicitudot? HTTP/1.1" 200 9033
186.103.161.206 - - [10/Aug/2017:10:41:24 -0300] "GET /cormun/servlet/solicitudot?INS,0,0, HTTP/1.1" 200 12907
186.103.161.206 - - [10/Aug/2017:10:41:24 -0300] "GET /cormun/servlet/solicitudot?INS,0,0, HTTP/1.1" 200 12913
186.103.161.206 - - [10/Aug/2017:10:41:39 -0300] "POST /cormun/servlet/solicitudot?gx-no-cache=1502372540707 HTTP/1.1" 200 3112
186.103.161.206 - - [10/Aug/2017:10:41:39 -0300] "POST /cormun/servlet/solicitudot?db40b29d1f54ffd9e3b24d23981bd0a7,INS,0,0,,gx-no-cache=1502372541380 HTTP/1.1" 200 9924
186.103.132.155 - - [10/Aug/2017:10:41:48 -0300] "GET /cormun/servlet/solicitudot?60efd97933527459cf7c8c71a00b239ab64cfb3c229ffc94e503c410bc6d73394e62d1b0b35808d9d74141a30b8ca849,gx-no-cache=1502372550135 HTTP/1.1" 200 111
186.103.132.155 - - [10/Aug/2017:10:41:48 -0300] "GET /cormun/static/Shared/jqueryui/images/ui-icons_ebccce_256x240.png HTTP/1.1" 404 1089
186.103.132.155 - - [10/Aug/2017:10:41:48 -0300] "GET /cormun/static/Shared/jqueryui/images/ui-bg_flat_55_994d53_40x100.png HTTP/1.1" 404 1097
186.79.3.219 - - [10/Aug/2017:10:42:01 -0300] "GET /cormun/servlet/solicitudot?INS,0,0, HTTP/1.1" 200 12064
186.79.3.219 - - [10/Aug/2017:10:42:01 -0300] "GET /cormun/static/gxcfg.js?201752522134570 HTTP/1.1" 200 953
186.79.3.219 - - [10/Aug/2017:10:42:01 -0300] "GET /cormun/static/Resources/prompt.gif HTTP/1.1" 200 902
186.79.3.219 - - [10/Aug/2017:10:42:01 -0300] "GET /cormun/static/solicitudot.js?201752522134767 HTTP/1.1" 200 64045
186.79.3.219 - - [10/Aug/2017:10:42:02 -0300] "GET /cormun/servlet/hlogin HTTP/1.1" 200 1745
186.79.3.219 - - [10/Aug/2017:10:42:02 -0300] "GET /cormun/servlet/solicitudot?INS,0,0, HTTP/1.1" 200 12069
186.79.3.219 - - [10/Aug/2017:10:42:21 -0300] "POST /cormun/servlet/hlogin?bbd1246b1fd96ff0699a97781c3a1286,gx-no-cache=1502372583102 HTTP/1.1" 200 90
186.79.3.219 - - [10/Aug/2017:10:42:21 -0300] "GET /cormun/servlet/hpexe_link HTTP/1.1" 200 964
186.79.3.219 - - [10/Aug/2017:10:42:21 -0300] "GET /cormun/servlet/solicitudot?INS,0,0, HTTP/1.1" 200 12728
186.79.3.219 - - [10/Aug/2017:10:42:22 -0300] "GET /cormun/servlet/solicitudot?INS,0,0, HTTP/1.1" 200 12733
186.79.3.219 - - [10/Aug/2017:10:42:26 -0300] "GET /cormun/servlet/hlogin HTTP/1.1" 200 1745
186.79.3.219 - - [10/Aug/2017:10:42:30 -0300] "GET /cormun/servlet/trsolicitudot? HTTP/1.1" 200 6540
186.79.3.219 - - [10/Aug/2017:10:42:31 -0300] "GET /cormun/servlet/trautorizarsolicitud? HTTP/1.1" 200 6269
186.79.3.219 - - [10/Aug/2017:10:42:31 -0300] "GET /cormun/servlet/trautorizarsolicitud? HTTP/1.1" 200 6269
186.79.3.219 - - [10/Aug/2017:10:42:31 -0300] "GET /cormun/servlet/hlogin HTTP/1.1" 200 1745
186.79.3.219 - - [10/Aug/2017:10:42:32 -0300] "GET /cormun/servlet/trautorizarsolicitud? HTTP/1.1" 200 6262
186.103.132.155 - - [10/Aug/2017:10:42:33 -0300] "POST /cormun/servlet/solicitudot?gx-no-cache=1502372594551 HTTP/1.1" 200 3114
186.103.132.155 - - [10/Aug/2017:10:42:34 -0300] "POST /cormun/servlet/solicitudot?db40b29d1f54ffd9e3b24d23981bd0a7,INS,0,0,,gx-no-cache=1502372595679 HTTP/1.1" 200 9977
186.79.156.255 - - [10/Aug/2017:10:42:37 -0300] "GET /cormun/static/menuarrow.gif HTTP/1.1" 404 1015
186.79.3.219 - - [10/Aug/2017:10:42:45 -0300] "GET /cormun/servlet/hlogin HTTP/1.1" 200 1720
186.79.3.219 - - [10/Aug/2017:10:43:07 -0300] "POST /cormun/servlet/hlogin?bbd1246b1fd96ff0699a97781c3a1286,gx-no-cache=1502372629164 HTTP/1.1" 200 90
186.79.3.219 - - [10/Aug/2017:10:43:07 -0300] "GET /cormun/servlet/hpexe_link HTTP/1.1" 200 964
186.79.3.219 - - [10/Aug/2017:10:43:07 -0300] "GET /cormun/servlet/trautorizarsolicitud HTTP/1.1" 200 6963
186.79.3.219 - - [10/Aug/2017:10:43:08 -0300] "GET /cormun/servlet/trautorizarsolicitud HTTP/1.1" 200 6961
186.79.3.219 - - [10/Aug/2017:10:43:12 -0300] "GET /cormun/servlet/trsolicitudot? HTTP/1.1" 200 12389
186.79.3.219 - - [10/Aug/2017:10:43:13 -0300] "GET /cormun/servlet/trsolicitudot? HTTP/1.1" 200 12388
186.79.3.219 - - [10/Aug/2017:10:43:17 -0300] "GET /cormun/servlet/solicitudot?INS,0,0, HTTP/1.1" 200 12727
186.79.3.219 - - [10/Aug/2017:10:43:18 -0300] "GET /cormun/servlet/solicitudot?INS,0,0, HTTP/1.1" 200 12733
186.79.156.255 - - [10/Aug/2017:10:43:19 -0300] "GET /cormun/servlet/licenciaspermisos?b23857ee83c26fbfdb5e58a265bcb9c3e5b54b9c63a9f130af97630d3fc4fee54dd8db80e222fc20d2a3502b0a4da668f6d77d564be91d0592231c5381a92fbfff733e36e4caf9f9dfe5e6d5fae4a99e04601596b1781a3ea2ac22efe7d6bec7b1edbc46fe5f939da19c7f5fc83e52af9946d4415f1e6f52b87d20d18fe1c6144c97a1fad8ca33f6cf567c9aa9aed7d5970d1bb315c9f2abfda9feedf06cb2b4b6835cd325935a17bfc7137a6e41979e,gx-no-cache=1502372641112 HTTP/1.1" 200 30
186.79.156.255 - - [10/Aug/2017:10:43:19 -0300] "GET /cormun/servlet/licenciaspermisos?b23857ee83c26fbfdb5e58a265bcb9c3a34ede3c7a00e22963100572616b4e77c314af1a4f876fbba6e307d8ee412a47ec98de030b5b9e459e30a28d6dcd1bea5cc34c4bda8532b831a178a5fcaf53a2ee5a0b2df592b42201c9a4ed00f7c410ced1e1c2abe391e1df9c466b4cfe5d724a60a489d4ea1f0698d133adfff3a2e3067b4af4cbe02fdd42b8bd7372e761314910ad6332f9c276e445423344cb59dafc58e5157bfc1a1ed600dfe3347cb82f,gx-no-cache=1502372641345 HTTP/1.1" 200 29
186.79.156.255 - - [10/Aug/2017:10:43:19 -0300] "POST /cormun/servlet/licenciaspermisos?05739e2ab76b9e325ce3b7fe91dfaf3e,INS,0,,,,gx-no-cache=1502372641431 HTTP/1.1" 200 93
186.79.156.255 - - [10/Aug/2017:10:43:19 -0300] "GET /cormun/servlet/hpexe_return? HTTP/1.1" 200 1012
186.79.156.255 - - [10/Aug/2017:10:43:20 -0300] "GET /cormun/servlet/trlicencias HTTP/1.1" 200 14003
