186.103.159.183 - - [10/Aug/2017:10:24:31 -0300] "GET /favicon.ico HTTP/1.1" 200 21630
186.103.159.183 - - [10/Aug/2017:10:24:38 -0300] "POST /cormun/servlet/hlogin?e3fa7a962b077343491f281fbd28b0be,gx-no-cache=1502371521168 HTTP/1.1" 200 90
186.103.159.183 - - [10/Aug/2017:10:24:38 -0300] "GET /cormun/servlet/hpexe_link HTTP/1.1" 200 948
186.103.159.183 - - [10/Aug/2017:10:24:39 -0300] "GET /cormun/static/Resources/Spanish/PXTools.css?1155365 HTTP/1.1" 200 89042
186.103.159.183 - - [10/Aug/2017:10:24:39 -0300] "GET /cormun/static/gxcfg.js?20177612121792 HTTP/1.1" 200 953
186.103.159.183 - - [10/Aug/2017:10:24:39 -0300] "GET /cormun/static/hpexe_link.js?20177612121795 HTTP/1.1" 200 625
186.103.159.183 - - [10/Aug/2017:10:24:39 -0300] "GET /cormun/servlet/hhome HTTP/1.1" 200 3999
186.103.159.183 - - [10/Aug/2017:10:24:39 -0300] "GET /cormun/static/Shared/jqueryui/jquery-ui.min.css?1245370 HTTP/1.1" 200 30288
186.103.159.183 - - [10/Aug/2017:10:24:39 -0300] "GET /cormun/static/SmoothNavMenu/resources/ddsmoothmenu.css?1012540 HTTP/1.1" 200 2223
186.103.159.183 - - [10/Aug/2017:10:24:39 -0300] "GET /cormun/static/SmoothNavMenu/resources/ddsmoothmenu-v.css?1012540 HTTP/1.1" 200 1188
186.103.159.183 - - [10/Aug/2017:10:24:39 -0300] "GET /cormun/static/scaMessage/css/jquery.pnotify.default.css?1716380 HTTP/1.1" 200 1707
186.103.159.183 - - [10/Aug/2017:10:24:39 -0300] "GET /cormun/static/gxcfg.js?20175251212442 HTTP/1.1" 200 953
186.103.159.183 - - [10/Aug/2017:10:24:39 -0300] "GET /cormun/static/PXToolsJavascripts/pexe_autoreload.js HTTP/1.1" 200 1762
186.103.159.183 - - [10/Aug/2017:10:24:39 -0300] "GET /cormun/static/PXToolsJavascripts/pexe_windows.js HTTP/1.1" 200 15207
186.103.159.183 - - [10/Aug/2017:10:24:39 -0300] "GET /cormun/static/PXToolsJavascripts/pexe_cookies.js HTTP/1.1" 200 792
186.103.159.183 - - [10/Aug/2017:10:24:39 -0300] "GET /cormun/static/PXToolsJavascripts/pexe_grid.js HTTP/1.1" 200 7559
186.103.159.183 - - [10/Aug/2017:10:24:39 -0300] "GET /cormun/static/PXToolsJavascripts/pexe_griddivfix.js HTTP/1.1" 200 6644
186.103.159.183 - - [10/Aug/2017:10:24:39 -0300] "GET /cormun/static/PXToolsJavascripts/pexe_link.js HTTP/1.1" 200 5671
186.103.159.183 - - [10/Aug/2017:10:24:39 -0300] "GET /cormun/static/PXToolsJavascripts/pexe_menudivfix.js HTTP/1.1" 200 333
186.103.159.183 - - [10/Aug/2017:10:24:39 -0300] "GET /cormun/static/PXToolsJavascripts/pexe_layers.js HTTP/1.1" 200 4114
186.103.159.183 - - [10/Aug/2017:10:24:39 -0300] "GET /cormun/static/PXToolsJavascripts/pexe_menus.js HTTP/1.1" 200 1286
186.103.159.183 - - [10/Aug/2017:10:24:39 -0300] "GET /cormun/static/PXToolsJavascripts/pexe_oavdivfix.js HTTP/1.1" 200 639
186.103.159.183 - - [10/Aug/2017:10:24:39 -0300] "GET /cormun/static/PXToolsJavascripts/pexe_oav.js HTTP/1.1" 200 645
186.103.159.183 - - [10/Aug/2017:10:24:39 -0300] "GET /cormun/static/PXToolsJavascripts/pexe_picture.js HTTP/1.1" 200 689
186.103.159.183 - - [10/Aug/2017:10:24:39 -0300] "GET /cormun/static/PXToolsJavascripts/pexe_popup.js HTTP/1.1" 200 13458
186.103.159.183 - - [10/Aug/2017:10:24:39 -0300] "GET /cormun/static/PXToolsJavascripts/pexe_tabs.js HTTP/1.1" 200 3748
186.103.159.183 - - [10/Aug/2017:10:24:39 -0300] "GET /cormun/static/PXToolsJavascripts/pexe_scrolldiv.js HTTP/1.1" 200 4138
186.103.159.183 - - [10/Aug/2017:10:24:39 -0300] "GET /cormun/static/PXToolsJavascripts/pexe_tabdivfix.js HTTP/1.1" 200 876
186.103.159.183 - - [10/Aug/2017:10:24:39 -0300] "GET /cormun/static/PXToolsJavascripts/PXToolsJavascriptsRender.js HTTP/1.1" 200 367
186.103.159.183 - - [10/Aug/2017:10:24:39 -0300] "GET /cormun/static/RunJS/RunJS.js HTTP/1.1" 200 288
186.103.159.183 - - [10/Aug/2017:10:24:40 -0300] "GET /cormun/static/gxui/gxui-all.js HTTP/1.1" 200 107772
186.103.159.183 - - [10/Aug/2017:10:24:40 -0300] "GET /cormun/static/Shared/ext/locale/ext-lang-en.js HTTP/1.1" 200 10940
186.103.159.183 - - [10/Aug/2017:10:24:40 -0300] "GET /cormun/static/hhome.js?20175251212450 HTTP/1.1" 200 777
186.103.159.183 - - [10/Aug/2017:10:24:40 -0300] "GET /cormun/static/hwchdr01.js?201752511465785 HTTP/1.1" 200 1183
186.103.159.183 - - [10/Aug/2017:10:24:40 -0300] "GET /cormun/static/hpexe_recentlink.js?20177611595044 HTTP/1.1" 200 2144
186.103.159.183 - - [10/Aug/2017:10:24:40 -0300] "GET /cormun/static/hpexe_scripts.js?201752511465715 HTTP/1.1" 200 1544
186.103.159.183 - - [10/Aug/2017:10:24:40 -0300] "GET /cormun/static/hpexe_messagecontroller.js?20177611595012 HTTP/1.1" 200 870
186.103.159.183 - - [10/Aug/2017:10:24:40 -0300] "GET /cormun/static/hpexe_messagepopupcomponent.js?20161017169425 HTTP/1.1" 200 605
186.103.159.183 - - [10/Aug/2017:10:24:40 -0300] "GET /cormun/static/hpexe_messagegenexuscomponent.js?201752511465344 HTTP/1.1" 200 587
186.103.159.183 - - [10/Aug/2017:10:24:40 -0300] "GET /cormun/static/cmcontrolpreferences.js?201752511465670 HTTP/1.1" 200 1375
186.103.159.183 - - [10/Aug/2017:10:24:40 -0300] "GET /cormun/static/Shared/jquery/jquery-1.4.2.min.js HTTP/1.1" 200 72174
186.103.159.183 - - [10/Aug/2017:10:24:40 -0300] "GET /cormun/static/SmoothNavMenu/resources/ddsmoothmenu.js HTTP/1.1" 200 12712
186.103.159.183 - - [10/Aug/2017:10:24:40 -0300] "GET /cormun/static/PXToolsJavascripts/pexe_upload.js HTTP/1.1" 200 1423
186.103.159.183 - - [10/Aug/2017:10:24:40 -0300] "GET /cormun/static/SmoothNavMenu/resources/SmoothNavMenuRender.js HTTP/1.1" 200 5951
186.103.159.183 - - [10/Aug/2017:10:24:40 -0300] "GET /cormun/static/scaMessage/js/jquery.pnotify.min.js HTTP/1.1" 200 13038
186.103.159.183 - - [10/Aug/2017:10:24:40 -0300] "GET /cormun/static/scaMessage/scaMessageRender.js HTTP/1.1" 200 11977
186.103.159.183 - - [10/Aug/2017:10:24:40 -0300] "GET /cormun/static/hmpwkw03.js?20177612122668 HTTP/1.1" 200 3965
186.103.159.183 - - [10/Aug/2017:10:24:40 -0300] "GET /cormun/static/Resources/PXToolsFooterBackground2.png HTTP/1.1" 200 1172
186.103.159.183 - - [10/Aug/2017:10:24:40 -0300] "GET /cormun/static/Resources/PXToolsHeaderBackground2.png HTTP/1.1" 200 1174
186.103.159.183 - - [10/Aug/2017:10:24:40 -0300] "GET /cormun/static/Resources/PXToolsHeaderActionsBackground.png HTTP/1.1" 200 484
186.103.159.183 - - [10/Aug/2017:10:24:40 -0300] "GET /cormun/static/Resources/logo4.png HTTP/1.1" 200 6582
186.103.159.183 - - [10/Aug/2017:10:24:40 -0300] "GET /cormun/static/Resources/PXToolsHeaderActionsLeft.png HTTP/1.1" 200 1118
186.103.159.183 - - [10/Aug/2017:10:24:40 -0300] "GET /cormun/static/Resources/PXToolsHeaderHome.png HTTP/1.1" 200 4147
186.103.159.183 - - [10/Aug/2017:10:24:40 -0300] "GET /cormun/static/Resources/PXToolsHeaderLogin.png HTTP/1.1" 200 4279
186.103.159.183 - - [10/Aug/2017:10:24:40 -0300] "GET /cormun/static/Shared/jquery/jquery-1.10.2.min.js HTTP/1.1" 200 273199
186.103.159.183 - - [10/Aug/2017:10:24:40 -0300] "GET /cormun/static/Resources/PXToolsDataTitle.png HTTP/1.1" 200 1173
186.103.159.183 - - [10/Aug/2017:10:24:40 -0300] "GET /cormun/static/Resources/PXToolsHeaderPreferences.png HTTP/1.1" 200 4189
186.103.159.183 - - [10/Aug/2017:10:24:40 -0300] "GET /cormun/static/Resources/PXToolsHeaderSecurity.png HTTP/1.1" 200 4166
186.103.159.183 - - [10/Aug/2017:10:24:40 -0300] "GET /cormun/static/Resources/PXToolsHeaderActionsRight.png HTTP/1.1" 200 1201
186.103.159.183 - - [10/Aug/2017:10:24:41 -0300] "GET /cormun/static/Shared/ext/ext-all.js HTTP/1.1" 200 1289687
186.103.159.183 - - [10/Aug/2017:10:24:41 -0300] "GET /cormun/static/Shared/jqueryui/jquery-ui.min.js HTTP/1.1" 200 240427
186.103.159.183 - - [10/Aug/2017:10:24:41 -0300] "GET /cormun/static/SmoothNavMenu/resources/images/down.gif HTTP/1.1" 200 854
186.103.159.183 - - [10/Aug/2017:10:24:41 -0300] "GET /cormun/servlet/hhome HTTP/1.1" 200 3995
186.103.159.183 - - [10/Aug/2017:10:24:41 -0300] "GET /cormun/static/SmoothNavMenu/resources/images/right.gif HTTP/1.1" 200 860
186.103.159.183 - - [10/Aug/2017:10:24:44 -0300] "GET /cormun/servlet/trsolicitudot? HTTP/1.1" 200 11481
186.103.159.183 - - [10/Aug/2017:10:24:45 -0300] "GET /cormun/static/calendar-system.css?75620 HTTP/1.1" 200 5572
186.103.159.183 - - [10/Aug/2017:10:24:45 -0300] "GET /cormun/static/gxui/gxui-all.css?110300 HTTP/1.1" 200 2179
186.103.159.183 - - [10/Aug/2017:10:24:45 -0300] "GET /cormun/static/calendar.js?85251 HTTP/1.1" 200 26246
186.103.159.183 - - [10/Aug/2017:10:24:45 -0300] "GET /cormun/static/gxcfg.js?20177612135780 HTTP/1.1" 200 953
186.103.159.183 - - [10/Aug/2017:10:24:45 -0300] "GET /cormun/static/calendar-setup.js?85251 HTTP/1.1" 200 2588
186.103.159.183 - - [10/Aug/2017:10:24:45 -0300] "GET /cormun/static/calendar-es.js?85251 HTTP/1.1" 200 1901
186.103.159.183 - - [10/Aug/2017:10:24:45 -0300] "GET /cormun/static/gxdec.js?85251 HTTP/1.1" 200 19579
186.103.159.183 - - [10/Aug/2017:10:24:45 -0300] "GET /cormun/static/trsolicitudot.js?2017761214480 HTTP/1.1" 200 54041
186.103.159.183 - - [10/Aug/2017:10:24:45 -0300] "GET /cormun/static/Shared/ext/resources/css/ext-all.css?205870 HTTP/1.1" 200 416045
186.103.159.183 - - [10/Aug/2017:10:24:45 -0300] "GET /cormun/static/Resources/PXToolsGridNew.png HTTP/1.1" 200 2949
186.103.159.183 - - [10/Aug/2017:10:24:45 -0300] "GET /cormun/static/Resources/PXTools/calendar.png HTTP/1.1" 200 1306
186.103.159.183 - - [10/Aug/2017:10:24:46 -0300] "GET /cormun/static/Resources/PXToolsDataSearch.png HTTP/1.1" 200 419
186.103.159.183 - - [10/Aug/2017:10:24:46 -0300] "GET /cormun/static/Resources/PXToolsGridPreviousDisabled.gif HTTP/1.1" 200 90
186.103.159.183 - - [10/Aug/2017:10:24:46 -0300] "GET /cormun/static/Resources/PXToolsGridFirstDisabled.gif HTTP/1.1" 200 100
186.103.159.183 - - [10/Aug/2017:10:24:46 -0300] "GET /cormun/static/Resources/PXToolsGridNextDisabled.gif HTTP/1.1" 200 90
186.103.159.183 - - [10/Aug/2017:10:24:46 -0300] "GET /cormun/static/Resources/PXToolsGridLastDisabled.gif HTTP/1.1" 200 98
186.103.159.183 - - [10/Aug/2017:10:24:46 -0300] "GET /cormun/static/Resources/PXToolsGridPage.gif HTTP/1.1" 200 725
186.103.159.183 - - [10/Aug/2017:10:24:46 -0300] "GET /cormun/static/Resources/PXToolsActionExcel.png HTTP/1.1" 200 3187
186.103.159.183 - - [10/Aug/2017:10:24:46 -0300] "GET /cormun/static/Resources/asc.gif HTTP/1.1" 200 67
186.103.159.183 - - [10/Aug/2017:10:24:46 -0300] "GET /cormun/static/Resources/desc.gif HTTP/1.1" 200 65
186.103.159.183 - - [10/Aug/2017:10:24:46 -0300] "GET /cormun//static/Resources/PXToolsGridUpdate.png HTTP/1.1" 200 2984
186.103.159.183 - - [10/Aug/2017:10:24:46 -0300] "GET /cormun//static/Resources/PXToolsGridDelete.png HTTP/1.1" 200 357
186.103.159.183 - - [10/Aug/2017:10:24:46 -0300] "GET /cormun//static/Resources/PXToolsRemoveAllAction.png HTTP/1.1" 200 3558
186.103.159.183 - - [10/Aug/2017:10:24:46 -0300] "GET /cormun//static/Resources/PXToolsActionView.png HTTP/1.1" 200 2995
186.103.159.183 - - [10/Aug/2017:10:24:46 -0300] "GET /cormun//static/Resources/PXTools/ActionInsert.png HTTP/1.1" 200 1482
186.103.159.183 - - [10/Aug/2017:10:24:47 -0300] "GET /cormun/servlet/trsolicitudot? HTTP/1.1" 200 11479
186.103.159.183 - - [10/Aug/2017:10:24:47 -0300] "GET /cormun/static/Shared/ext/resources/themes/images/default/panel/bg-headersPanel.png HTTP/1.1" 200 255
186.103.159.183 - - [10/Aug/2017:10:24:47 -0300] "GET /cormun/static/Shared/ext/resources/themes/images/default/tools/tool-sprites.gif HTTP/1.1" 200 5434
186.103.159.183 - - [10/Aug/2017:10:24:56 -0300] "GET /cormun/servlet/solicitudot?INS,0,0, HTTP/1.1" 200 12870
186.103.159.183 - - [10/Aug/2017:10:24:56 -0300] "GET /cormun/static/gxcfg.js?201752522134570 HTTP/1.1" 200 953
186.103.159.183 - - [10/Aug/2017:10:24:56 -0300] "GET /cormun/static/Resources/prompt.gif HTTP/1.1" 200 902
186.103.159.183 - - [10/Aug/2017:10:24:56 -0300] "GET /cormun/static/solicitudot.js?201752522134767 HTTP/1.1" 200 64045
186.103.159.183 - - [10/Aug/2017:10:24:57 -0300] "GET /cormun/servlet/solicitudot?INS,0,0, HTTP/1.1" 200 12875
186.79.169.1 - - [10/Aug/2017:10:25:09 -0300] "GET /cormun/servlet/licenciaspermisos?ce27b5d62510dc1dd72cdd5c37cabe8ad6aa10eed73cb16872b3a1ea4212a26f54e5c7ee99927691657bc4fb67d8474f,gx-no-cache=1502371551586 HTTP/1.1" 200 185
186.79.169.1 - - [10/Aug/2017:10:25:09 -0300] "GET /cormun/static/Shared/jqueryui/images/ui-bg_highlight-soft_100_c6c2c8_1x100.png HTTP/1.1" 404 1117
186.79.169.1 - - [10/Aug/2017:10:25:09 -0300] "GET /cormun/static/Shared/jqueryui/images/ui-icons_82798d_256x240.png HTTP/1.1" 404 1089
186.79.169.1 - - [10/Aug/2017:10:25:09 -0300] "GET /cormun/static/Shared/jqueryui/images/ui-bg_flat_55_994d53_40x100.png HTTP/1.1" 404 1097
186.79.169.1 - - [10/Aug/2017:10:25:09 -0300] "GET /cormun/static/Shared/jqueryui/images/ui-icons_ebccce_256x240.png HTTP/1.1" 404 1089
186.79.169.1 - - [10/Aug/2017:10:25:24 -0300] "GET /cormun/servlet/trsolicitudot? HTTP/1.1" 200 12094
186.79.169.1 - - [10/Aug/2017:10:25:26 -0300] "GET /cormun/servlet/trsolicitudot? HTTP/1.1" 200 12082
186.79.169.1 - - [10/Aug/2017:10:25:29 -0300] "GET /cormun/servlet/solicitudot?INS,0,0, HTTP/1.1" 200 12921
186.79.169.1 - - [10/Aug/2017:10:25:31 -0300] "GET /cormun/servlet/solicitudot?INS,0,0, HTTP/1.1" 200 12926
186.79.169.1 - - [10/Aug/2017:10:25:40 -0300] "POST /cormun/servlet/solicitudot?gx-no-cache=1502371582773 HTTP/1.1" 200 3112
186.79.169.1 - - [10/Aug/2017:10:25:40 -0300] "POST /cormun/servlet/solicitudot?0f59721729b28d356e64561f81819445,INS,0,0,,gx-no-cache=1502371583339 HTTP/1.1" 200 9915
186.103.159.183 - - [10/Aug/2017:10:25:49 -0300] "POST /cormun/servlet/solicitudot?gx-no-cache=1502371591550 HTTP/1.1" 200 3207
186.103.159.183 - - [10/Aug/2017:10:25:50 -0300] "POST /cormun/servlet/solicitudot?e3fa7a962b077343491f281fbd28b0be,INS,0,0,,gx-no-cache=1502371592657 HTTP/1.1" 200 10036
186.79.169.1 - - [10/Aug/2017:10:25:56 -0300] "GET /cormun/servlet/solicitudot?fcc6d97dc7d33687451cceaa709192184ebc42aef2a374379c565b8dbe3c86ae9f7df93008351401c40f4d27f78c235b,gx-no-cache=1502371598949 HTTP/1.1" 200 30
200.54.247.70 - - [10/Aug/2017:10:25:57 -0300] "POST /cormun/servlet/hlogin?153687a6be3fd21a8a2c59f9bac3e46f,gx-no-cache=1502371603458 HTTP/1.1" 200 90
200.54.247.70 - - [10/Aug/2017:10:25:57 -0300] "GET /cormun/servlet/hpexe_link HTTP/1.1" 200 953
200.54.247.70 - - [10/Aug/2017:10:25:57 -0300] "GET /cormun/servlet/hhome HTTP/1.1" 200 4050
200.54.247.70 - - [10/Aug/2017:10:25:58 -0300] "GET /cormun/servlet/hhome HTTP/1.1" 200 4046
186.103.159.183 - - [10/Aug/2017:10:26:03 -0300] "POST /cormun/servlet/solicitudot?gx-no-cache=1502371605994 HTTP/1.1" 200 3238
186.103.159.183 - - [10/Aug/2017:10:26:03 -0300] "GET /cormun/static/Shared/jqueryui/images/ui-bg_highlight-soft_100_c6c2c8_1x100.png HTTP/1.1" 404 1117
186.103.159.183 - - [10/Aug/2017:10:26:03 -0300] "GET /cormun/static/Shared/jqueryui/images/ui-icons_82798d_256x240.png HTTP/1.1" 404 1089
186.103.159.183 - - [10/Aug/2017:10:26:03 -0300] "GET /cormun/static/Shared/jqueryui/images/ui-icons_ebccce_256x240.png HTTP/1.1" 404 1089
186.103.159.183 - - [10/Aug/2017:10:26:03 -0300] "GET /cormun/static/Shared/jqueryui/images/ui-bg_flat_55_994d53_40x100.png HTTP/1.1" 404 1097
200.54.247.70 - - [10/Aug/2017:10:26:08 -0300] "GET /cormun/servlet/trinasistencia? HTTP/1.1" 200 6951
200.54.247.70 - - [10/Aug/2017:10:26:09 -0300] "GET /cormun/static/gxcfg.js?20175251284522 HTTP/1.1" 200 953
200.54.247.70 - - [10/Aug/2017:10:26:09 -0300] "GET /cormun/static/trinasistencia.js?2017525128510 HTTP/1.1" 200 34455
200.54.247.70 - - [10/Aug/2017:10:26:10 -0300] "GET /cormun/servlet/trinasistencia? HTTP/1.1" 200 6951
200.54.247.70 - - [10/Aug/2017:10:26:11 -0300] "POST /cormun/servlet/acontrolpreferencessavestate?None,MGALVEZ,true HTTP/1.1" 200 35
186.103.159.183 - - [10/Aug/2017:10:26:12 -0300] "POST /cormun/servlet/solicitudot?gx-no-cache=1502371614299 HTTP/1.1" 200 3224
186.103.159.183 - - [10/Aug/2017:10:26:13 -0300] "POST /cormun/servlet/solicitudot?e3fa7a962b077343491f281fbd28b0be,INS,0,0,,gx-no-cache=1502371615072 HTTP/1.1" 200 10104
200.54.247.70 - - [10/Aug/2017:10:26:14 -0300] "GET /cormun/servlet/inasistencia?INS,0, HTTP/1.1" 200 6884
200.54.247.70 - - [10/Aug/2017:10:26:14 -0300] "GET /cormun/static/gxcfg.js?20175251156660 HTTP/1.1" 200 953
200.54.247.70 - - [10/Aug/2017:10:26:14 -0300] "GET /cormun/static/inasistencia.js?20175251156775 HTTP/1.1" 200 27079
186.103.159.183 - - [10/Aug/2017:10:26:20 -0300] "GET /cormun/servlet/solicitudot?301a394050a5d08122fef66a94574eaca8cf8b965ceee00c75ec8dacd9662965fc6cdc125eb27a1a9ddf9c19e22786cb,gx-no-cache=1502371623309 HTTP/1.1" 200 30
186.103.159.183 - - [10/Aug/2017:10:26:21 -0300] "POST /cormun/servlet/solicitudot?gx-no-cache=1502371623447 HTTP/1.1" 200 297
186.103.159.183 - - [10/Aug/2017:10:26:21 -0300] "GET /cormun/servlet/solicitudot?301a394050a5d08122fef66a94574eac85c0e5267ebdb681f18983b3252781c5325e4ac39b224111358e136599fcd485632c50dbf02676d5cb00fe02825ba29f84d9f7ef8e6bb81c73abd30515abcb64065b9a56edebe0beeaa81a0a36cfd865e6ead3a87bc35fcd0879af11df772802b94d8f7c79f970f76735ab4b1f46b4a9910cad124ef5c091b9aac0fd71ed80cb1cd30990f76cc49671381b6d84ec7745062c5cd8979dbe4566c7db9d82584e88c2f52b9ad1dc4297f6c64106e2e2a53da66086450eaa425008d323562db463bf656135957a9b4d4b6c1316e8d5adf610bceba890444a9fd9c193641072bdad9c9a83ace11fcf177435afbc2c6e5afc11bc9e6eb184fbe506cd7ceb77e73f7187b1558594f21eddc7b9446a817de35fc234af0f3290474d94f65bd5b5866956037610e4663d56adb914dbea92a96aa99de838786ed5a3bdac87cb3abd6732dc99e21c393f4420a84131a70c7d7713c74250fb6d60f5f0e235e422b7fb1696b94a4cf98bce2c3a9fa047a7624cc7f3b6803f0adb97e6e7e1fc5cead75051f21c4c,gx-no-cache=1502371623941 HTTP/1.1" 200 30
186.103.159.183 - - [10/Aug/2017:10:26:21 -0300] "POST /cormun/servlet/solicitudot?gx-no-cache=1502371624386 HTTP/1.1" 200 30
186.103.159.183 - - [10/Aug/2017:10:26:22 -0300] "POST /cormun/servlet/solicitudot?gx-no-cache=1502371624637 HTTP/1.1" 200 1358
186.103.159.183 - - [10/Aug/2017:10:26:22 -0300] "POST /cormun/servlet/solicitudot?gx-no-cache=1502371624925 HTTP/1.1" 200 38
186.103.159.183 - - [10/Aug/2017:10:26:30 -0300] "GET /cormun/servlet/solicitudot?301a394050a5d08122fef66a94574eac0af42d28ae75c0bae1f3158505c226066e1d25efc4c7377a10d107e0dd7831d0adf3bad6656b18a37cd657bc7b082bf8060e0ca587ab87cee29ba9bfd4e06ec2dce7118152bbd7a6edeb0be79600332830e85bf7e8a0fbf6780dc6df9048cb94,gx-no-cache=1502371633141 HTTP/1.1" 200 29
200.54.247.70 - - [10/Aug/2017:10:26:31 -0300] "GET /cormun/servlet/inasistencia?INS,0, HTTP/1.1" 200 6884
186.103.159.183 - - [10/Aug/2017:10:26:31 -0300] "POST /cormun/servlet/solicitudot?gx-no-cache=1502371633236 HTTP/1.1" 200 1337
200.54.247.70 - - [10/Aug/2017:10:26:36 -0300] "GET /cormun/servlet/prfichaempleado?,MD,,gxPopupLevel%3D0%3B HTTP/1.1" 200 9346
186.103.159.183 - - [10/Aug/2017:10:26:53 -0300] "GET /cormun/static/menuarrow.gif HTTP/1.1" 404 1015
200.54.247.70 - - [10/Aug/2017:10:26:58 -0300] "POST /cormun/servlet/prfichaempleado?153687a6be3fd21a8a2c59f9bac3e46f,,MD,,gxPopupLevel%3D0%3B,gx-no-cache=1502371665028 HTTP/1.1" 200 4561
200.54.247.70 - - [10/Aug/2017:10:27:03 -0300] "GET /cormun/servlet/inasistencia?269101ca0022dc7485d3a6d5180b022c08185c7a1d4e639026518d5402ef1cd245af23f9f1b04b2b596d63fe17bded15fe1dd0920e86bbe81491be0ec1510e4836d6d57939bc1705cf58241a2c4c6ad8cb62c4bc9b2e5da9b758660e13f8c1620f9fbebfe2edbaff34d9d184dbb8062d348e2006c80d771020df2ef0b9e40119c08ab8ba1ddea04bdd410e158e05e7d1493c9840056040579d778220da83e06d,gx-no-cache=1502371669527 HTTP/1.1" 200 130
186.103.159.183 - - [10/Aug/2017:10:27:04 -0300] "POST /cormun/servlet/solicitudot?gx-no-cache=1502371667050 HTTP/1.1" 200 30
200.54.247.70 - - [10/Aug/2017:10:27:09 -0300] "GET /cormun/servlet/inasistencia?269101ca0022dc7485d3a6d5180b022cbaf215c17010e1f02d2aeabe4f479cf531db46efc10082683121d25f9ed73eda,gx-no-cache=1502371676093 HTTP/1.1" 200 33
186.103.161.206 - - [10/Aug/2017:10:27:11 -0300] "GET /cormun/servlet/solicitudotadjuntos?INS,2017,7182,,1, HTTP/1.1" 200 6079
186.103.161.206 - - [10/Aug/2017:10:27:11 -0300] "GET /cormun/static/about:blank HTTP/1.1" 404 1011
186.103.161.206 - - [10/Aug/2017:10:27:12 -0300] "GET /cormun/servlet/solicitudotadjuntos?INS,2017,7182,,1, HTTP/1.1" 200 6072
186.103.161.206 - - [10/Aug/2017:10:27:12 -0300] "GET /cormun/servlet/solicitudotadjuntos?60efd97933527459cf7c8c71a00b239a302989ae89ac87f866b3d8074e48fc85c377a33820b465190f29b071a3147fa3,gx-no-cache=1502371674352 HTTP/1.1" 200 30
200.54.247.70 - - [10/Aug/2017:10:27:12 -0300] "GET /cormun/servlet/inasistencia?269101ca0022dc7485d3a6d5180b022ca315c793e733263830c2418f157523b06cd551a1945f8df4912e47bc1c1bc047e19cee5ec76a4dd0fec4460471d8d2ade6baa3ebeb5695a486499af051c67546d4cfb98f61bb7f3ac188244cc15fa554e846cd4debc127b3ec59e3a88743ab675ab748b24f7c705df875172e3d9f3dbe2aebc26577955332db0e882ad3f2d8ad,gx-no-cache=1502371679389 HTTP/1.1" 200 46
186.103.132.155 - - [10/Aug/2017:10:27:13 -0300] "POST /cormun/servlet/solicitudotadjuntos?db40b29d1f54ffd9e3b24d23981bd0a7,INS,2017,7182,,1,,gx-no-cache=1502371674565 HTTP/1.1" 200 3838
186.103.161.206 - - [10/Aug/2017:10:27:27 -0300] "POST /cormun/servlet/solicitudotadjuntos?gx-no-cache=1502371689448 HTTP/1.1" 200 26
200.54.247.70 - - [10/Aug/2017:10:27:31 -0300] "GET /cormun/servlet/trpermisosingoce? HTTP/1.1" 200 6966
200.54.247.70 - - [10/Aug/2017:10:27:31 -0300] "GET /cormun/static/gxcfg.js?201742714253516 HTTP/1.1" 200 953
200.54.247.70 - - [10/Aug/2017:10:27:31 -0300] "GET /cormun/static/trpermisosingoce.js?201742714253970 HTTP/1.1" 200 34472
200.54.247.70 - - [10/Aug/2017:10:27:32 -0300] "GET /cormun/static/Resources/Spanish/PXTools.css?11294912 HTTP/1.1" 200 89042
200.54.247.70 - - [10/Aug/2017:10:27:33 -0300] "GET /cormun/servlet/trpermisosingoce? HTTP/1.1" 200 6963
200.54.247.70 - - [10/Aug/2017:10:27:35 -0300] "GET /cormun/servlet/permisosingoce?INS,0, HTTP/1.1" 200 6841
200.54.247.70 - - [10/Aug/2017:10:27:36 -0300] "GET /cormun/static/gxcfg.js?201752511551633 HTTP/1.1" 200 953
200.54.247.70 - - [10/Aug/2017:10:27:36 -0300] "GET /cormun/static/permisosingoce.js?20175251155177 HTTP/1.1" 200 25800
200.54.247.70 - - [10/Aug/2017:10:27:37 -0300] "GET /cormun/servlet/permisosingoce?INS,0, HTTP/1.1" 200 6842
200.54.247.70 - - [10/Aug/2017:10:27:39 -0300] "GET /cormun/servlet/prfichaempleado?,MD,,gxPopupLevel%3D0%3B HTTP/1.1" 200 9351
200.54.247.70 - - [10/Aug/2017:10:27:52 -0300] "POST /cormun/servlet/prfichaempleado?153687a6be3fd21a8a2c59f9bac3e46f,,MD,,gxPopupLevel%3D0%3B,gx-no-cache=1502371718951 HTTP/1.1" 200 3182
200.54.247.70 - - [10/Aug/2017:10:27:56 -0300] "POST /cormun/servlet/prfichaempleado?153687a6be3fd21a8a2c59f9bac3e46f,,MD,,gxPopupLevel%3D0%3B,gx-no-cache=1502371722617 HTTP/1.1" 200 3182
186.103.161.206 - - [10/Aug/2017:10:28:02 -0300] "GET /cormun/servlet/solicitudotadjuntos?60efd97933527459cf7c8c71a00b239a8f126ee3be2e733d99e0d58834a83036,gx-no-cache=1502371723846 HTTP/1.1" 200 30
186.103.161.206 - - [10/Aug/2017:10:28:02 -0300] "GET /cormun/servlet/solicitudotadjuntos?60efd97933527459cf7c8c71a00b239a8f126ee3be2e733d99e0d58834a83036,gx-no-cache=1502371724454 HTTP/1.1" 200 30
200.54.247.70 - - [10/Aug/2017:10:28:05 -0300] "POST /cormun/servlet/prfichaempleado?153687a6be3fd21a8a2c59f9bac3e46f,,MD,,gxPopupLevel%3D0%3B,gx-no-cache=1502371731553 HTTP/1.1" 200 3187
186.103.161.206 - - [10/Aug/2017:10:28:15 -0300] "POST /cormun/servlet/solicitudotadjuntos?db40b29d1f54ffd9e3b24d23981bd0a7,INS,2017,7182,,1, HTTP/1.1" 200 116
186.103.161.206 - - [10/Aug/2017:10:28:15 -0300] "GET /cormun/servlet/hpexe_return? HTTP/1.1" 200 1023
186.103.161.206 - - [10/Aug/2017:10:28:15 -0300] "GET /cormun/servlet/trsolicitudadjuntos?2017,7182, HTTP/1.1" 200 8757
200.54.247.70 - - [10/Aug/2017:10:28:16 -0300] "GET /cormun/servlet/prfichaempleado?,MD,,gxPopupLevel%3D0%3B HTTP/1.1" 200 9351
186.103.161.206 - - [10/Aug/2017:10:28:16 -0300] "GET /cormun/servlet/trsolicitudadjuntos?2017,7182, HTTP/1.1" 200 8754
200.54.247.70 - - [10/Aug/2017:10:28:34 -0300] "POST /cormun/servlet/prfichaempleado?153687a6be3fd21a8a2c59f9bac3e46f,,MD,,gxPopupLevel%3D0%3B,gx-no-cache=1502371754268 HTTP/1.1" 200 4561
200.54.247.70 - - [10/Aug/2017:10:28:38 -0300] "GET /cormun/servlet/permisosingoce?269101ca0022dc7485d3a6d5180b022c08185c7a1d4e639026518d5402ef1cd20a9ea7cfe4e3553bec55be8243b5d776,gx-no-cache=1502371765299 HTTP/1.1" 200 79
200.54.247.70 - - [10/Aug/2017:10:28:44 -0300] "GET /cormun/servlet/permisosingoce?269101ca0022dc7485d3a6d5180b022cbaf215c17010e1f02d2aeabe4f479cf531db46efc10082683121d25f9ed73eda,gx-no-cache=1502371770599 HTTP/1.1" 200 33
200.54.247.70 - - [10/Aug/2017:10:28:47 -0300] "GET /cormun/servlet/permisosingoce?269101ca0022dc7485d3a6d5180b022ca315c793e733263830c2418f157523b0e5d02f911dcea26278fe052bed9e045de19cee5ec76a4dd0fec4460471d8d2ade6baa3ebeb5695a486499af051c67546d4cfb98f61bb7f3ac188244cc15fa554e846cd4debc127b3ec59e3a88743ab675ab748b24f7c705df875172e3d9f3dbed25dc1a5e852c57623998e39b1b92d78,gx-no-cache=1502371773790 HTTP/1.1" 200 41
200.54.247.70 - - [10/Aug/2017:10:28:58 -0300] "POST /cormun/servlet/permisosingoce?153687a6be3fd21a8a2c59f9bac3e46f,INS,0,,gx-no-cache=1502371784234 HTTP/1.1" 200 93
200.54.247.70 - - [10/Aug/2017:10:28:58 -0300] "GET /cormun/servlet/hpexe_return? HTTP/1.1" 200 1011
200.54.247.70 - - [10/Aug/2017:10:28:59 -0300] "GET /cormun/servlet/trpermisosingoce HTTP/1.1" 200 7797
200.54.247.70 - - [10/Aug/2017:10:29:01 -0300] "GET /cormun/servlet/trpermisosingoce HTTP/1.1" 200 7793
186.79.169.1 - - [10/Aug/2017:10:29:22 -0300] "POST /cormun/servlet/solicitudot?gx-no-cache=1502371805271 HTTP/1.1" 200 255
186.79.169.1 - - [10/Aug/2017:10:29:25 -0300] "GET /cormun/servlet/solicitudot?fcc6d97dc7d33687451cceaa70919218916b4be4ef16cdf0874e622937e01687ca4ac957667a4e86e0751f208a5a01e69d106808cf6d998383f626b54c5838a80c2fd990204df5ac2fa00365653de956ea8bfd6c0c1f6ff4ef648c6ceeb55b36855fedb3b073f6de1ae20fff9710632922b74f5c818f711220e0f85a73cc4a9033dad69e216af2dbbfdb9cb7495b38788bfd8bcbb3e4851c0bf5563ba5b2a5a98ca14bfe34d429f2174c93f9336788e6ec86dbcfb24173c980f6f43678a8e175fd6627979fc9aac9437e4a4d9557b0b7e58e135f138adad2c39dc90424f9abf663b7c171c2531e7a3de53a71dac7678adead2d0302c3cde7e94828543f7bef4ed4c8dc8492ade8da16cf079be462a82083e57462b38cd1710b5125a11699e4f67a7941ed9bd3d7d48d1955ef8f860bf9a515bdd41af80f9bb2ebde18a92c3774de2cf27b45a866d49dcfb05909f1fa32117b9ef3815b09e511466635052acd2c7a07a04f6f0e17889a27b51b8299917adf48078d32f27e8333323090196f7a77,gx-no-cache=1502371808366 HTTP/1.1" 200 30
186.103.161.206 - - [10/Aug/2017:10:29:55 -0300] "GET /cormun/servlet/solicitudotadjuntos?INS,2017,7182,,1, HTTP/1.1" 200 6078
186.103.161.206 - - [10/Aug/2017:10:29:55 -0300] "GET /cormun/static/about:blank HTTP/1.1" 404 1011
186.103.161.206 - - [10/Aug/2017:10:29:55 -0300] "GET /cormun/servlet/solicitudotadjuntos?INS,2017,7182,,1, HTTP/1.1" 200 6072
186.79.169.1 - - [10/Aug/2017:10:29:55 -0300] "POST /cormun/servlet/solicitudot?gx-no-cache=1502371838501 HTTP/1.1" 200 30
186.103.161.206 - - [10/Aug/2017:10:29:56 -0300] "GET /cormun/servlet/solicitudotadjuntos?60efd97933527459cf7c8c71a00b239a302989ae89ac87f866b3d8074e48fc85c377a33820b465190f29b071a3147fa3,gx-no-cache=1502371838034 HTTP/1.1" 200 30
186.79.169.1 - - [10/Aug/2017:10:29:57 -0300] "POST /cormun/servlet/solicitudot?gx-no-cache=1502371840519 HTTP/1.1" 200 1355
186.79.169.1 - - [10/Aug/2017:10:29:57 -0300] "POST /cormun/servlet/solicitudot?gx-no-cache=1502371840720 HTTP/1.1" 200 38
186.103.161.206 - - [10/Aug/2017:10:30:01 -0300] "POST /cormun/servlet/solicitudotadjuntos?db40b29d1f54ffd9e3b24d23981bd0a7,INS,2017,7182,,1,,gx-no-cache=1502371841155 HTTP/1.1" 200 3838
186.103.161.206 - - [10/Aug/2017:10:30:08 -0300] "POST /cormun/servlet/solicitudotadjuntos?gx-no-cache=1502371850180 HTTP/1.1" 200 26
186.79.169.1 - - [10/Aug/2017:10:30:15 -0300] "GET /cormun/servlet/solicitudot?fcc6d97dc7d33687451cceaa70919218be8577f1cc31e63b76c5aca73f5a37e526bcf543dee482dd77f883c355277abc36112dfe3232c2ffba2f32cb0da7c9a0f8c45b2b1b0cdab84f07b32d45dd6456024ed187713643601daa1b86543f03191652b5784187966a991622c956b4a0e3,gx-no-cache=1502371858474 HTTP/1.1" 200 29
186.79.169.1 - - [10/Aug/2017:10:30:15 -0300] "POST /cormun/servlet/solicitudot?gx-no-cache=1502371858603 HTTP/1.1" 200 1337
186.79.169.1 - - [10/Aug/2017:10:30:25 -0300] "GET /cormun/static/menuarrow.gif HTTP/1.1" 404 1015
186.103.161.206 - - [10/Aug/2017:10:30:31 -0300] "GET /cormun/servlet/solicitudotadjuntos?60efd97933527459cf7c8c71a00b239a8f126ee3be2e733d99e0d58834a83036,gx-no-cache=1502371872041 HTTP/1.1" 200 30
186.103.161.206 - - [10/Aug/2017:10:30:31 -0300] "GET /cormun/servlet/solicitudotadjuntos?60efd97933527459cf7c8c71a00b239a8f126ee3be2e733d99e0d58834a83036,gx-no-cache=1502371873305 HTTP/1.1" 200 30
186.79.169.1 - - [10/Aug/2017:10:30:37 -0300] "POST /cormun/servlet/solicitudot?gx-no-cache=1502371880101 HTTP/1.1" 200 30
186.103.161.206 - - [10/Aug/2017:10:30:40 -0300] "POST /cormun/servlet/solicitudotadjuntos?db40b29d1f54ffd9e3b24d23981bd0a7,INS,2017,7182,,1, HTTP/1.1" 200 116
186.103.161.206 - - [10/Aug/2017:10:30:40 -0300] "GET /cormun/servlet/hpexe_return? HTTP/1.1" 200 1023
186.103.161.206 - - [10/Aug/2017:10:30:40 -0300] "GET /cormun/servlet/trsolicitudadjuntos?2017,7182, HTTP/1.1" 200 8903
186.103.161.206 - - [10/Aug/2017:10:30:41 -0300] "GET /cormun/servlet/trsolicitudadjuntos?2017,7182, HTTP/1.1" 200 8902
186.103.159.183 - - [10/Aug/2017:10:30:43 -0300] "POST /cormun/servlet/solicitudot?e3fa7a962b077343491f281fbd28b0be,INS,0,0,,gx-no-cache=1502371886041 HTTP/1.1" 200 93
186.103.159.183 - - [10/Aug/2017:10:30:44 -0300] "GET /cormun/servlet/hpexe_return? HTTP/1.1" 200 1004
186.103.159.183 - - [10/Aug/2017:10:30:44 -0300] "GET /cormun/static/gxcfg.js?2016101716175148 HTTP/1.1" 200 953
186.103.159.183 - - [10/Aug/2017:10:30:44 -0300] "GET /cormun/static/hpexe_return.js?2016101716175153 HTTP/1.1" 200 1633
186.103.159.183 - - [10/Aug/2017:10:30:44 -0300] "GET /cormun/static/Resources/Spanish/PXTools.css?167811 HTTP/1.1" 200 89042
186.103.159.183 - - [10/Aug/2017:10:30:44 -0300] "GET /cormun/servlet/trsolicitudot HTTP/1.1" 200 11866
186.103.159.183 - - [10/Aug/2017:10:30:46 -0300] "GET /cormun/servlet/trsolicitudot HTTP/1.1" 200 11862
186.103.159.183 - - [10/Aug/2017:10:31:10 -0300] "POST /cormun/servlet/trsolicitudot?e3fa7a962b077343491f281fbd28b0be,gx-no-cache=1502371909315 HTTP/1.1" 200 105
186.103.159.183 - - [10/Aug/2017:10:31:10 -0300] "GET /cormun/servlet/solicitudot?UPD,2017,7183, HTTP/1.1" 200 14641
186.103.159.183 - - [10/Aug/2017:10:31:11 -0300] "GET /cormun/servlet/solicitudot?UPD,2017,7183, HTTP/1.1" 200 14650
186.103.159.183 - - [10/Aug/2017:10:31:12 -0300] "POST /cormun/servlet/solicitudot?gx-no-cache=1502371914858 HTTP/1.1" 200 3224
186.103.159.183 - - [10/Aug/2017:10:31:12 -0300] "POST /cormun/servlet/solicitudot?e3fa7a962b077343491f281fbd28b0be,UPD,2017,7183,,gx-no-cache=1502371915132 HTTP/1.1" 200 11205
186.103.159.183 - - [10/Aug/2017:10:31:13 -0300] "GET /cormun/servlet/solicitudot?301a394050a5d08122fef66a94574eaca8cf8b965ceee00c75ec8dacd9662965cd6aa600b4a68fb68b007c7a10d7a468,gx-no-cache=1502371915601 HTTP/1.1" 200 30
186.103.159.183 - - [10/Aug/2017:10:31:13 -0300] "POST /cormun/servlet/solicitudot?gx-no-cache=1502371915684 HTTP/1.1" 200 297
186.103.159.183 - - [10/Aug/2017:10:31:13 -0300] "GET /cormun/servlet/solicitudot?301a394050a5d08122fef66a94574eac85c0e5267ebdb681f18983b3252781c5325e4ac39b224111358e136599fcd485632c50dbf02676d5cb00fe02825ba29f84d9f7ef8e6bb81c73abd30515abcb64065b9a56edebe0beeaa81a0a36cfd865e6ead3a87bc35fcd0879af11df772802b94d8f7c79f970f76735ab4b1f46b4a9910cad124ef5c091b9aac0fd71ed80cb1cd30990f76cc49671381b6d84ec7745062c5cd8979dbe4566c7db9d82584e88c2f52b9ad1dc4297f6c64106e2e2a53da66086450eaa425008d323562db463bf656135957a9b4d4b6c1316e8d5adf610bceba890444a9fd9c193641072bdad9c9a83ace11fcf177435afbc2c6e5afc11bc9e6eb184fbe506cd7ceb77e73f7187b1558594f21eddc7b9446a817de35fc234af0f3290474d94f65bd5b5866956037610e4663d56adb914dbea92a96aa99de838786ed5a3bdac87cb3abd6732dc99e21c393f4420a84131a70c7d7713c74250fb6d60f5f0e235e422b7fb1696b94ad3fb3568a217aba6bc67414a6eb4bc633f0adb97e6e7e1fc5cead75051f21c4c,gx-no-cache=1502371915816 HTTP/1.1" 200 30
186.103.159.183 - - [10/Aug/2017:10:31:13 -0300] "POST /cormun/servlet/solicitudot?gx-no-cache=1502371915886 HTTP/1.1" 200 30
186.103.159.183 - - [10/Aug/2017:10:31:13 -0300] "POST /cormun/servlet/solicitudot?gx-no-cache=1502371916042 HTTP/1.1" 200 1358
186.103.159.183 - - [10/Aug/2017:10:31:13 -0300] "POST /cormun/servlet/solicitudot?gx-no-cache=1502371916336 HTTP/1.1" 200 41
186.103.159.183 - - [10/Aug/2017:10:31:17 -0300] "POST /cormun/servlet/solicitudot?gx-no-cache=1502371920223 HTTP/1.1" 200 30
186.103.159.183 - - [10/Aug/2017:10:31:28 -0300] "POST /cormun/servlet/solicitudot?gx-no-cache=1502371931441 HTTP/1.1" 200 1358
186.103.159.183 - - [10/Aug/2017:10:31:29 -0300] "POST /cormun/servlet/solicitudot?gx-no-cache=1502371931663 HTTP/1.1" 200 41
186.103.159.183 - - [10/Aug/2017:10:31:29 -0300] "GET /cormun/servlet/solicitudot?301a394050a5d08122fef66a94574eac4094b0c0a0bbcf382262af97cfbaba2923b64e342e4850d9295ac6705cf13d311a6e4eac7d31533a02d9449cb21ef9889fbc05e3f8fbe801afcc9daff3985d428570649e91ec0383777dde2b94dad187c478d1380a68b981b5d4917cbdc4423d,gx-no-cache=1502371931801 HTTP/1.1" 200 29
186.103.159.183 - - [10/Aug/2017:10:31:29 -0300] "POST /cormun/servlet/solicitudot?gx-no-cache=1502371931901 HTTP/1.1" 200 1337
186.103.159.183 - - [10/Aug/2017:10:31:29 -0300] "POST /cormun/servlet/solicitudot?gx-no-cache=1502371932013 HTTP/1.1" 200 30
186.103.159.183 - - [10/Aug/2017:10:31:29 -0300] "POST /cormun/servlet/solicitudot?e3fa7a962b077343491f281fbd28b0be,UPD,2017,7183,,gx-no-cache=1502371932082 HTTP/1.1" 200 93
186.103.159.183 - - [10/Aug/2017:10:31:29 -0300] "GET /cormun/servlet/hpexe_return? HTTP/1.1" 200 1010
186.103.159.183 - - [10/Aug/2017:10:31:30 -0300] "GET /cormun/servlet/trsolicitudot HTTP/1.1" 200 11809
186.103.159.183 - - [10/Aug/2017:10:31:31 -0300] "GET /cormun/servlet/trsolicitudot HTTP/1.1" 200 11804
200.54.247.70 - - [10/Aug/2017:10:31:32 -0300] "GET /cormun/servlet/trpermisosingoceadjunto?173,7877292, HTTP/1.1" 200 6160
200.54.247.70 - - [10/Aug/2017:10:31:32 -0300] "GET /cormun/static/gxcfg.js?2017761217146 HTTP/1.1" 200 953
200.54.247.70 - - [10/Aug/2017:10:31:33 -0300] "GET /cormun/static/trpermisosingoceadjunto.js?20177612171634 HTTP/1.1" 200 16925
200.54.247.70 - - [10/Aug/2017:10:31:34 -0300] "GET /cormun/servlet/trpermisosingoceadjunto?173,7877292, HTTP/1.1" 200 6160
200.54.247.70 - - [10/Aug/2017:10:31:36 -0300] "GET /cormun/servlet/permisosingoceadjunto?INS,173,, HTTP/1.1" 200 5463
200.54.247.70 - - [10/Aug/2017:10:31:36 -0300] "GET /cormun/static/gxcfg.js?201752511552178 HTTP/1.1" 200 953
200.54.247.70 - - [10/Aug/2017:10:31:36 -0300] "GET /cormun/static/permisosingoceadjunto.js?201752511552188 HTTP/1.1" 200 6883
200.54.247.70 - - [10/Aug/2017:10:31:36 -0300] "GET /cormun/static/about:blank HTTP/1.1" 404 1011
200.54.247.70 - - [10/Aug/2017:10:31:37 -0300] "GET /cormun/servlet/permisosingoceadjunto?INS,173,, HTTP/1.1" 200 5450
200.54.247.70 - - [10/Aug/2017:10:31:37 -0300] "GET /cormun/servlet/permisosingoceadjunto?269101ca0022dc7485d3a6d5180b022c7ce73c309782d2d76560e02de2fb812f,gx-no-cache=1502371944307 HTTP/1.1" 200 26
186.79.169.1 - - [10/Aug/2017:10:31:52 -0300] "POST /cormun/servlet/solicitudot?0f59721729b28d356e64561f81819445,INS,0,0,,gx-no-cache=1502371954922 HTTP/1.1" 200 93
186.79.169.1 - - [10/Aug/2017:10:31:52 -0300] "GET /cormun/servlet/hpexe_return? HTTP/1.1" 200 1002
186.79.169.1 - - [10/Aug/2017:10:31:53 -0300] "GET /cormun/servlet/trsolicitudot HTTP/1.1" 200 12382
186.79.169.1 - - [10/Aug/2017:10:31:55 -0300] "GET /cormun/servlet/trsolicitudot HTTP/1.1" 200 12378
186.103.159.183 - - [10/Aug/2017:10:31:55 -0300] "POST /cormun/servlet/trsolicitudot?e3fa7a962b077343491f281fbd28b0be,gx-no-cache=1502371958072 HTTP/1.1" 200 105
186.103.159.183 - - [10/Aug/2017:10:31:56 -0300] "GET /cormun/servlet/solicitudot?UPD,2017,7183, HTTP/1.1" 200 14643
186.103.159.183 - - [10/Aug/2017:10:31:57 -0300] "GET /cormun/servlet/solicitudot?UPD,2017,7183, HTTP/1.1" 200 14652
186.103.159.183 - - [10/Aug/2017:10:31:57 -0300] "POST /cormun/servlet/solicitudot?gx-no-cache=1502371960309 HTTP/1.1" 200 3224
186.103.159.183 - - [10/Aug/2017:10:31:58 -0300] "POST /cormun/servlet/solicitudot?e3fa7a962b077343491f281fbd28b0be,UPD,2017,7183,,gx-no-cache=1502371960587 HTTP/1.1" 200 11207
186.103.159.183 - - [10/Aug/2017:10:31:58 -0300] "GET /cormun/servlet/solicitudot?301a394050a5d08122fef66a94574eaca8cf8b965ceee00c75ec8dacd9662965cd6aa600b4a68fb68b007c7a10d7a468,gx-no-cache=1502371960941 HTTP/1.1" 200 30
186.103.159.183 - - [10/Aug/2017:10:31:58 -0300] "POST /cormun/servlet/solicitudot?gx-no-cache=1502371961069 HTTP/1.1" 200 297
186.103.159.183 - - [10/Aug/2017:10:31:59 -0300] "GET /cormun/servlet/solicitudot?301a394050a5d08122fef66a94574eac85c0e5267ebdb681f18983b3252781c5325e4ac39b224111358e136599fcd485632c50dbf02676d5cb00fe02825ba29f84d9f7ef8e6bb81c73abd30515abcb64065b9a56edebe0beeaa81a0a36cfd865e6ead3a87bc35fcd0879af11df772802b94d8f7c79f970f76735ab4b1f46b4a9910cad124ef5c091b9aac0fd71ed80cb1cd30990f76cc49671381b6d84ec7745062c5cd8979dbe4566c7db9d82584e88c2f52b9ad1dc4297f6c64106e2e2a53da66086450eaa425008d323562db463bf656135957a9b4d4b6c1316e8d5adf610bceba890444a9fd9c193641072bdad9c9a83ace11fcf177435afbc2c6e5afc11bc9e6eb184fbe506cd7ceb77e73f7187b1558594f21eddc7b9446a817de35fc234af0f3290474d94f65bd5b5866956037610e4663d56adb914dbea92a96aa99de838786ed5a3bdac87cb3abd6732dc99e21c393f4420a84131a70c7d7713c74250fb6d60f5f0e235e422b7fb1696b94ad3fb3568a217aba6bc67414a6eb4bc633f0adb97e6e7e1fc5cead75051f21c4c,gx-no-cache=1502371961210 HTTP/1.1" 200 30
186.103.159.183 - - [10/Aug/2017:10:31:59 -0300] "POST /cormun/servlet/solicitudot?gx-no-cache=1502371961628 HTTP/1.1" 200 30
186.103.159.183 - - [10/Aug/2017:10:31:59 -0300] "POST /cormun/servlet/solicitudot?gx-no-cache=1502371962191 HTTP/1.1" 200 1358
186.103.159.183 - - [10/Aug/2017:10:32:00 -0300] "POST /cormun/servlet/solicitudot?gx-no-cache=1502371962588 HTTP/1.1" 200 41
186.79.169.1 - - [10/Aug/2017:10:32:00 -0300] "GET /cormun/servlet/vesolicitudot?2017,7184,, HTTP/1.1" 200 8262
186.79.169.1 - - [10/Aug/2017:10:32:01 -0300] "GET /cormun/pexe_scrolldiv.js HTTP/1.1" 404 1009
186.79.169.1 - - [10/Aug/2017:10:32:01 -0300] "GET /cormun/pexe_scrolldiv.js HTTP/1.1" 404 1009
186.103.159.183 - - [10/Aug/2017:10:32:01 -0300] "GET /cormun/servlet/solicitudot?301a394050a5d08122fef66a94574eac4094b0c0a0bbcf382262af97cfbaba2923b64e342e4850d9295ac6705cf13d311a6e4eac7d31533a02d9449cb21ef9889fbc05e3f8fbe801afcc9daff3985d428570649e91ec0383777dde2b94dad187c478d1380a68b981b5d4917cbdc4423d,gx-no-cache=1502371964073 HTTP/1.1" 200 29
186.103.159.183 - - [10/Aug/2017:10:32:01 -0300] "POST /cormun/servlet/solicitudot?gx-no-cache=1502371964214 HTTP/1.1" 200 1337
186.79.169.1 - - [10/Aug/2017:10:32:03 -0300] "GET /cormun/servlet/vesolicitudot?2017,7184,, HTTP/1.1" 200 8261
200.54.247.70 - - [10/Aug/2017:10:32:13 -0300] "POST /cormun/servlet/permisosingoceadjunto?153687a6be3fd21a8a2c59f9bac3e46f,INS,173,, HTTP/1.1" 200 116
200.54.247.70 - - [10/Aug/2017:10:32:13 -0300] "GET /cormun/servlet/hpexe_return? HTTP/1.1" 200 1028
200.54.247.70 - - [10/Aug/2017:10:32:14 -0300] "GET /cormun/servlet/trpermisosingoceadjunto?173,7877292, HTTP/1.1" 200 6567
200.54.247.70 - - [10/Aug/2017:10:32:16 -0300] "GET /cormun/servlet/trpermisosingoceadjunto?173,7877292, HTTP/1.1" 200 6566
186.103.159.183 - - [10/Aug/2017:10:32:17 -0300] "POST /cormun/servlet/solicitudot?gx-no-cache=1502371979645 HTTP/1.1" 200 30
186.103.159.183 - - [10/Aug/2017:10:32:17 -0300] "POST /cormun/servlet/solicitudot?e3fa7a962b077343491f281fbd28b0be,UPD,2017,7183,,gx-no-cache=1502371979786 HTTP/1.1" 200 93
186.103.159.183 - - [10/Aug/2017:10:32:17 -0300] "GET /cormun/servlet/hpexe_return? HTTP/1.1" 200 1010
186.103.159.183 - - [10/Aug/2017:10:32:18 -0300] "GET /cormun/servlet/trsolicitudot HTTP/1.1" 200 11809
200.54.247.70 - - [10/Aug/2017:10:32:19 -0300] "POST /cormun/servlet/trpermisosingoceadjunto?153687a6be3fd21a8a2c59f9bac3e46f,173,7877292,,gx-no-cache=1502371985786 HTTP/1.1" 200 90
200.54.247.70 - - [10/Aug/2017:10:32:19 -0300] "GET /cormun/servlet/hpexe_link HTTP/1.1" 200 976
186.103.159.183 - - [10/Aug/2017:10:32:19 -0300] "GET /cormun/servlet/trsolicitudot HTTP/1.1" 200 11804
200.54.247.70 - - [10/Aug/2017:10:32:19 -0300] "GET /cormun/servlet/trpermisosingoce HTTP/1.1" 200 7795
200.54.247.70 - - [10/Aug/2017:10:32:20 -0300] "GET /cormun/servlet/trpermisosingoce HTTP/1.1" 200 7793
186.103.132.155 - - [10/Aug/2017:10:32:22 -0300] "GET /cormun/servlet/solicitudotadjuntos?INS,2017,7182,,1, HTTP/1.1" 200 6078
186.103.161.206 - - [10/Aug/2017:10:32:23 -0300] "GET /cormun/static/about:blank HTTP/1.1" 404 1011
186.103.132.155 - - [10/Aug/2017:10:32:23 -0300] "GET /cormun/servlet/solicitudotadjuntos?INS,2017,7182,,1, HTTP/1.1" 200 6072
186.103.161.206 - - [10/Aug/2017:10:32:23 -0300] "GET /cormun/servlet/solicitudotadjuntos?60efd97933527459cf7c8c71a00b239a302989ae89ac87f866b3d8074e48fc85c377a33820b465190f29b071a3147fa3,gx-no-cache=1502371985361 HTTP/1.1" 200 30
186.103.161.206 - - [10/Aug/2017:10:32:24 -0300] "POST /cormun/servlet/solicitudotadjuntos?db40b29d1f54ffd9e3b24d23981bd0a7,INS,2017,7182,,1,,gx-no-cache=1502371985584 HTTP/1.1" 200 3839
186.103.161.206 - - [10/Aug/2017:10:32:28 -0300] "POST /cormun/servlet/solicitudotadjuntos?gx-no-cache=1502371990510 HTTP/1.1" 200 26
200.54.247.70 - - [10/Aug/2017:10:32:33 -0300] "POST /cormun/servlet/trpermisosingoce?153687a6be3fd21a8a2c59f9bac3e46f,gx-no-cache=1502371999522 HTTP/1.1" 200 5008
200.54.247.70 - - [10/Aug/2017:10:32:33 -0300] "GET /cormun/static/Shared/jqueryui/images/ui-bg_highlight-soft_100_c6c2c8_1x100.png HTTP/1.1" 404 1117
200.54.247.70 - - [10/Aug/2017:10:32:33 -0300] "GET /cormun/static/Shared/jqueryui/images/ui-bg_flat_55_fafafa_40x100.png HTTP/1.1" 404 1097
200.54.247.70 - - [10/Aug/2017:10:32:33 -0300] "GET /cormun/static/Shared/jqueryui/images/ui-icons_82798d_256x240.png HTTP/1.1" 404 1089
200.54.247.70 - - [10/Aug/2017:10:32:33 -0300] "GET /cormun/static/Shared/jqueryui/images/ui-icons_8d78a5_256x240.png HTTP/1.1" 404 1089
186.103.132.155 - - [10/Aug/2017:10:32:46 -0300] "GET /cormun/servlet/solicitudotadjuntos?60efd97933527459cf7c8c71a00b239a8f126ee3be2e733d99e0d58834a83036,gx-no-cache=1502372008419 HTTP/1.1" 200 30
186.103.132.155 - - [10/Aug/2017:10:32:46 -0300] "GET /cormun/servlet/solicitudotadjuntos?60efd97933527459cf7c8c71a00b239a8f126ee3be2e733d99e0d58834a83036,gx-no-cache=1502372008602 HTTP/1.1" 200 30
186.103.132.155 - - [10/Aug/2017:10:32:50 -0300] "POST /cormun/servlet/solicitudotadjuntos?db40b29d1f54ffd9e3b24d23981bd0a7,INS,2017,7182,,1, HTTP/1.1" 200 116
186.103.132.155 - - [10/Aug/2017:10:32:50 -0300] "GET /cormun/servlet/hpexe_return? HTTP/1.1" 200 1023
186.103.132.155 - - [10/Aug/2017:10:32:51 -0300] "GET /cormun/servlet/trsolicitudadjuntos?2017,7182, HTTP/1.1" 200 9127
186.103.132.155 - - [10/Aug/2017:10:32:52 -0300] "GET /cormun/servlet/trsolicitudadjuntos?2017,7182, HTTP/1.1" 200 9124
186.103.161.206 - - [10/Aug/2017:10:33:00 -0300] "GET /cormun/servlet/solicitudotadjuntos?INS,2017,7182,,1, HTTP/1.1" 200 6078
186.103.161.206 - - [10/Aug/2017:10:33:01 -0300] "GET /cormun/static/about:blank HTTP/1.1" 404 1011
186.103.161.206 - - [10/Aug/2017:10:33:01 -0300] "GET /cormun/servlet/solicitudotadjuntos?INS,2017,7182,,1, HTTP/1.1" 200 6071
186.103.161.206 - - [10/Aug/2017:10:33:01 -0300] "GET /cormun/servlet/solicitudotadjuntos?60efd97933527459cf7c8c71a00b239a302989ae89ac87f866b3d8074e48fc85c377a33820b465190f29b071a3147fa3,gx-no-cache=1502372023566 HTTP/1.1" 200 30
186.103.161.206 - - [10/Aug/2017:10:33:02 -0300] "POST /cormun/servlet/solicitudotadjuntos?db40b29d1f54ffd9e3b24d23981bd0a7,INS,2017,7182,,1,,gx-no-cache=1502372023737 HTTP/1.1" 200 3837
186.79.169.1 - - [10/Aug/2017:10:33:30 -0300] "POST /cormun/servlet/vesolicitudot?0f59721729b28d356e64561f81819445,2017,7184,,,gx-no-cache=1502372052827 HTTP/1.1" 200 90
186.79.169.1 - - [10/Aug/2017:10:33:30 -0300] "GET /cormun/servlet/hpexe_link HTTP/1.1" 200 959
186.79.169.1 - - [10/Aug/2017:10:33:31 -0300] "GET /cormun/servlet/trsolicitudot HTTP/1.1" 200 12379
186.79.169.1 - - [10/Aug/2017:10:33:34 -0300] "GET /cormun/servlet/trsolicitudot HTTP/1.1" 200 12378
186.103.161.206 - - [10/Aug/2017:10:34:31 -0300] "POST /cormun/servlet/solicitudotadjuntos?gx-no-cache=1502372113051 HTTP/1.1" 200 26
186.79.169.1 - - [10/Aug/2017:10:34:32 -0300] "GET /cormun/servlet/trlicencias? HTTP/1.1" 200 11612
186.79.169.1 - - [10/Aug/2017:10:34:36 -0300] "GET /cormun/servlet/trlicencias? HTTP/1.1" 200 11613
186.103.132.155 - - [10/Aug/2017:10:34:58 -0300] "GET /cormun/servlet/solicitudotadjuntos?60efd97933527459cf7c8c71a00b239a8f126ee3be2e733d99e0d58834a83036,gx-no-cache=1502372139668 HTTP/1.1" 200 30
186.103.132.155 - - [10/Aug/2017:10:34:58 -0300] "GET /cormun/servlet/solicitudotadjuntos?60efd97933527459cf7c8c71a00b239a8f126ee3be2e733d99e0d58834a83036,gx-no-cache=1502372140065 HTTP/1.1" 200 30
186.103.159.46 - - [10/Aug/2017:10:35:00 -0300] "GET /cormun/servlet/hhome HTTP/1.1" 200 3371
186.103.159.46 - - [10/Aug/2017:10:35:00 -0300] "GET /cormun/static/SmoothNavMenu/resources/ddsmoothmenu.css?1012540 HTTP/1.1" 200 2223
186.103.159.46 - - [10/Aug/2017:10:35:00 -0300] "GET /cormun/static/SmoothNavMenu/resources/ddsmoothmenu-v.css?1012540 HTTP/1.1" 200 1188
186.103.159.46 - - [10/Aug/2017:10:35:00 -0300] "GET /cormun/static/scaMessage/css/jquery.pnotify.default.css?1716380 HTTP/1.1" 200 1707
186.103.159.46 - - [10/Aug/2017:10:35:00 -0300] "GET /cormun/static/gxtimezone.js?85251 HTTP/1.1" 200 5781
186.103.159.46 - - [10/Aug/2017:10:35:00 -0300] "GET /cormun/static/Shared/jqueryui/jquery-ui.min.css?1245370 HTTP/1.1" 200 30288
186.103.159.46 - - [10/Aug/2017:10:35:00 -0300] "GET /cormun/static/Resources/Spanish/PXTools.css?11423723 HTTP/1.1" 200 89042
186.103.159.46 - - [10/Aug/2017:10:35:00 -0300] "GET /cormun/static/gxcfg.js?20175251212442 HTTP/1.1" 200 953
186.103.159.46 - - [10/Aug/2017:10:35:00 -0300] "GET /cormun/static/PXToolsJavascripts/pexe_autoreload.js HTTP/1.1" 200 1762
186.103.159.46 - - [10/Aug/2017:10:35:00 -0300] "GET /cormun/static/PXToolsJavascripts/pexe_windows.js HTTP/1.1" 200 15207
186.103.159.46 - - [10/Aug/2017:10:35:00 -0300] "GET /cormun/static/PXToolsJavascripts/pexe_grid.js HTTP/1.1" 200 7559
186.103.159.46 - - [10/Aug/2017:10:35:00 -0300] "GET /cormun/static/PXToolsJavascripts/pexe_griddivfix.js HTTP/1.1" 200 6644
186.103.159.46 - - [10/Aug/2017:10:35:00 -0300] "GET /cormun/static/PXToolsJavascripts/pexe_link.js HTTP/1.1" 200 5671
186.103.159.46 - - [10/Aug/2017:10:35:00 -0300] "GET /cormun/static/gxgral.js?85251 HTTP/1.1" 200 384558
186.103.159.46 - - [10/Aug/2017:10:35:00 -0300] "GET /cormun/static/PXToolsJavascripts/pexe_menudivfix.js HTTP/1.1" 200 333
186.103.159.46 - - [10/Aug/2017:10:35:00 -0300] "GET /cormun/static/PXToolsJavascripts/pexe_menus.js HTTP/1.1" 200 1286
186.103.159.46 - - [10/Aug/2017:10:35:00 -0300] "GET /cormun/static/PXToolsJavascripts/pexe_cookies.js HTTP/1.1" 200 792
186.103.159.46 - - [10/Aug/2017:10:35:00 -0300] "GET /cormun/static/PXToolsJavascripts/pexe_layers.js HTTP/1.1" 200 4114
186.103.159.46 - - [10/Aug/2017:10:35:00 -0300] "GET /cormun/static/PXToolsJavascripts/pexe_oav.js HTTP/1.1" 200 645
186.103.159.46 - - [10/Aug/2017:10:35:00 -0300] "GET /cormun/static/PXToolsJavascripts/pexe_oavdivfix.js HTTP/1.1" 200 639
186.103.159.46 - - [10/Aug/2017:10:35:00 -0300] "GET /cormun/static/PXToolsJavascripts/pexe_picture.js HTTP/1.1" 200 689
186.103.159.46 - - [10/Aug/2017:10:35:00 -0300] "GET /cormun/static/PXToolsJavascripts/pexe_popup.js HTTP/1.1" 200 13458
186.103.159.46 - - [10/Aug/2017:10:35:00 -0300] "GET /cormun/static/PXToolsJavascripts/pexe_scrolldiv.js HTTP/1.1" 200 4138
186.103.159.46 - - [10/Aug/2017:10:35:00 -0300] "GET /cormun/static/PXToolsJavascripts/pexe_tabdivfix.js HTTP/1.1" 200 876
186.103.159.46 - - [10/Aug/2017:10:35:00 -0300] "GET /cormun/static/PXToolsJavascripts/pexe_tabs.js HTTP/1.1" 200 3748
186.103.159.46 - - [10/Aug/2017:10:35:00 -0300] "GET /cormun/static/PXToolsJavascripts/pexe_upload.js HTTP/1.1" 200 1423
186.103.159.46 - - [10/Aug/2017:10:35:00 -0300] "GET /cormun/static/PXToolsJavascripts/PXToolsJavascriptsRender.js HTTP/1.1" 200 367
186.103.159.46 - - [10/Aug/2017:10:35:01 -0300] "GET /cormun/static/RunJS/RunJS.js HTTP/1.1" 200 288
186.103.159.46 - - [10/Aug/2017:10:35:01 -0300] "GET /cormun/static/messages.spa.js?85251 HTTP/1.1" 200 30736
186.103.159.46 - - [10/Aug/2017:10:35:01 -0300] "GET /cormun/static/hhome.js?20175251212450 HTTP/1.1" 200 777
186.103.159.46 - - [10/Aug/2017:10:35:01 -0300] "GET /cormun/static/hwchdr01.js?201752511465785 HTTP/1.1" 200 1183
186.103.159.46 - - [10/Aug/2017:10:35:01 -0300] "GET /cormun/static/gxui/gxui-all.js HTTP/1.1" 200 107772
186.103.159.46 - - [10/Aug/2017:10:35:01 -0300] "GET /cormun/static/Shared/ext/locale/ext-lang-en.js HTTP/1.1" 200 10940
186.103.159.46 - - [10/Aug/2017:10:35:01 -0300] "GET /cormun/static/hpexe_recentlink.js?20177611595044 HTTP/1.1" 200 2144
186.103.159.46 - - [10/Aug/2017:10:35:01 -0300] "GET /cormun/static/hpexe_scripts.js?201752511465715 HTTP/1.1" 200 1544
186.103.159.46 - - [10/Aug/2017:10:35:01 -0300] "GET /cormun/static/hpexe_messagecontroller.js?20177611595012 HTTP/1.1" 200 870
186.103.159.46 - - [10/Aug/2017:10:35:01 -0300] "GET /cormun/static/Shared/ext/ext-all.js HTTP/1.1" 200 1289687
186.103.159.46 - - [10/Aug/2017:10:35:01 -0300] "GET /cormun/static/hpexe_messagepopupcomponent.js?20161017169425 HTTP/1.1" 200 605
186.103.159.46 - - [10/Aug/2017:10:35:02 -0300] "GET /cormun/static/hpexe_messagegenexuscomponent.js?201752511465344 HTTP/1.1" 200 587
186.103.159.46 - - [10/Aug/2017:10:35:02 -0300] "GET /cormun/static/cmcontrolpreferences.js?201752511465670 HTTP/1.1" 200 1375
186.103.159.46 - - [10/Aug/2017:10:35:02 -0300] "GET /cormun/static/Shared/jquery/jquery-1.4.2.min.js HTTP/1.1" 200 72174
186.103.159.46 - - [10/Aug/2017:10:35:02 -0300] "GET /cormun/static/Resources/PXToolsHeaderActionsLeft.png HTTP/1.1" 200 1118
