192.168.10.62 - - [09/Aug/2017:14:29:18 -0300] "GET /cormun/static/Shared/jqueryui/images/ui-bg_highlight-soft_100_c6c2c8_1x100.png HTTP/1.1" 404 1117
192.168.10.62 - - [09/Aug/2017:14:29:18 -0300] "GET /cormun/static/Shared/jqueryui/images/ui-icons_82798d_256x240.png HTTP/1.1" 404 1089
192.168.10.62 - - [09/Aug/2017:14:29:18 -0300] "GET /cormun/static/Shared/jqueryui/images/ui-bg_flat_55_fafafa_40x100.png HTTP/1.1" 404 1097
192.168.10.62 - - [09/Aug/2017:14:29:18 -0300] "GET /cormun/static/Shared/jqueryui/images/ui-icons_8d78a5_256x240.png HTTP/1.1" 404 1089
192.168.10.62 - - [09/Aug/2017:14:29:18 -0300] "POST /cormun/servlet/vesolicitudgral?a1f5e85a691f5d0678d4c307b4205969,2017,7110,,,gx-no-cache=1502299733546 HTTP/1.1" 200 10476
190.151.100.218 - - [09/Aug/2017:14:30:22 -0300] "POST /cormun/servlet/solicitudot?gx-no-cache=1502299863085 HTTP/1.1" 200 3207
190.151.100.218 - - [09/Aug/2017:14:30:23 -0300] "POST /cormun/servlet/solicitudot?beaccd9a7088de704f0f5f396f022889,INS,0,0,,gx-no-cache=1502299864806 HTTP/1.1" 200 10027
190.151.100.218 - - [09/Aug/2017:14:30:39 -0300] "GET /cormun/servlet/solicitudot?6e31c49be979f3d2952aa1bd5060c4a14f31a1387ba9c0734280ca93f0a379734c24ff9c34ea95828481f81c0fca32b8,gx-no-cache=1502299880799 HTTP/1.1" 200 30
190.151.100.218 - - [09/Aug/2017:14:30:42 -0300] "POST /cormun/servlet/solicitudot?gx-no-cache=1502299881337 HTTP/1.1" 200 255
190.151.100.218 - - [09/Aug/2017:14:30:45 -0300] "GET /cormun/servlet/solicitudot?6e31c49be979f3d2952aa1bd5060c4a1ffe0729446f2af776e0497982c3d2608e3ac48d51fc8c1420f9db247e4cf8283f1aa3ac2e930cf2c1964045841668328f205262185b5c44cfe8dee3523dbfb220e391d8193e3e0e09f5d448dad1ea6b6418d5327fbaabafe860787bb34b5d627e17d3f7b0e0a14d5d7ea05cb62fe3779afac406a156f8c532d0985b2704d1365d97391e71cfae3e45252f8b64985f18a09225a060c4eadd3bfac3db829714679cda37f2570df24852be469d62648b3a062028700e1915fbdde20434caae72b8bbc18d18e25d98d646ac692721c499da9dccb960bb522ac272c08f457c979962c3313268d1af2fec61bfc22f8fb8696d359f7bc4b1be0f613272b1b29af71a85990887120ed29fb561c5a1184109a5e209331e971526afd1a301f2521a900fe9249f2ec852ee1da66617ac475984bc654d4aa22401ae246b9a1f5b16ddad2435bdd883e536d0e6756dbc7c71d300eb24ce6a71b3c73c2763c1e3f5262fc6898573155baa5af409403c875b1c1ffeac4d6,gx-no-cache=1502299884329 HTTP/1.1" 200 30
192.168.10.62 - - [09/Aug/2017:14:30:56 -0300] "GET /cormun/servlet/trconsultaempleado? HTTP/1.1" 200 6035
192.168.10.62 - - [09/Aug/2017:14:30:56 -0300] "GET /cormun/servlet/trconsultaempleado? HTTP/1.1" 200 6024
190.151.100.218 - - [09/Aug/2017:14:31:03 -0300] "POST /cormun/servlet/solicitudot?gx-no-cache=1502299902063 HTTP/1.1" 200 30
192.168.10.62 - - [09/Aug/2017:14:31:04 -0300] "POST /cormun/servlet/trconsultaempleado?a1f5e85a691f5d0678d4c307b4205969,,gx-no-cache=1502299839727 HTTP/1.1" 200 4037
192.168.10.62 - - [09/Aug/2017:14:31:06 -0300] "GET /cormun/servlet/trsolicitudnombre?21754372, HTTP/1.1" 200 8063
192.168.10.62 - - [09/Aug/2017:14:31:06 -0300] "GET /cormun/static/gxcfg.js?20177612153745 HTTP/1.1" 200 953
192.168.10.62 - - [09/Aug/2017:14:31:06 -0300] "GET /cormun/static/trsolicitudnombre.js?20177612154149 HTTP/1.1" 200 43705
192.168.10.62 - - [09/Aug/2017:14:31:06 -0300] "GET /cormun/servlet/trsolicitudnombre?21754372, HTTP/1.1" 200 8066
192.168.10.62 - - [09/Aug/2017:14:31:12 -0300] "GET /cormun/servlet/vesolicitudnombre?2017,4955,, HTTP/1.1" 200 8087
192.168.10.62 - - [09/Aug/2017:14:31:12 -0300] "GET /cormun/static/gxcfg.js?20177612153644 HTTP/1.1" 200 953
192.168.10.62 - - [09/Aug/2017:14:31:12 -0300] "GET /cormun/pexe_scrolldiv.js HTTP/1.1" 404 1009
192.168.10.62 - - [09/Aug/2017:14:31:12 -0300] "GET /cormun/pexe_scrolldiv.js HTTP/1.1" 404 1009
192.168.10.62 - - [09/Aug/2017:14:31:12 -0300] "GET /cormun/static/vesolicitudnombre.js?20177612153699 HTTP/1.1" 200 6119
192.168.10.62 - - [09/Aug/2017:14:31:12 -0300] "GET /cormun/static/tbsolicitudnombre01.js?2017110216261 HTTP/1.1" 200 29097
192.168.10.62 - - [09/Aug/2017:14:31:12 -0300] "GET /cormun/servlet/vesolicitudnombre?2017,4955,, HTTP/1.1" 200 8081
190.151.100.218 - - [09/Aug/2017:14:31:26 -0300] "POST /cormun/servlet/solicitudot?gx-no-cache=1502299928062 HTTP/1.1" 200 1357
190.151.100.218 - - [09/Aug/2017:14:31:26 -0300] "POST /cormun/servlet/solicitudot?gx-no-cache=1502299928441 HTTP/1.1" 200 38
192.168.10.62 - - [09/Aug/2017:14:31:31 -0300] "POST /cormun/servlet/vesolicitudnombre?a1f5e85a691f5d0678d4c307b4205969,2017,4955,,,gx-no-cache=1502299866646 HTTP/1.1" 200 90
192.168.10.62 - - [09/Aug/2017:14:31:31 -0300] "GET /cormun/servlet/hpexe_link HTTP/1.1" 200 976
192.168.10.62 - - [09/Aug/2017:14:31:31 -0300] "GET /cormun/servlet/trsolicitudnombre?21754372, HTTP/1.1" 200 8062
192.168.10.62 - - [09/Aug/2017:14:31:31 -0300] "GET /cormun/servlet/trsolicitudnombre?21754372, HTTP/1.1" 200 8064
192.168.10.62 - - [09/Aug/2017:14:31:33 -0300] "GET /cormun/servlet/vesolicitudnombre?2017,5038,, HTTP/1.1" 200 8026
192.168.10.62 - - [09/Aug/2017:14:31:33 -0300] "GET /cormun/pexe_scrolldiv.js HTTP/1.1" 404 1009
192.168.10.62 - - [09/Aug/2017:14:31:33 -0300] "GET /cormun/pexe_scrolldiv.js HTTP/1.1" 404 1009
192.168.10.62 - - [09/Aug/2017:14:31:33 -0300] "GET /cormun/servlet/vesolicitudnombre?2017,5038,, HTTP/1.1" 200 8020
192.168.10.62 - - [09/Aug/2017:14:32:03 -0300] "POST /cormun/servlet/vesolicitudnombre?a1f5e85a691f5d0678d4c307b4205969,2017,5038,,,gx-no-cache=1502299898590 HTTP/1.1" 200 90
192.168.10.62 - - [09/Aug/2017:14:32:03 -0300] "GET /cormun/servlet/hpexe_link HTTP/1.1" 200 977
192.168.10.62 - - [09/Aug/2017:14:32:03 -0300] "GET /cormun/servlet/trsolicitudnombre?21754372, HTTP/1.1" 200 8062
192.168.10.62 - - [09/Aug/2017:14:32:03 -0300] "GET /cormun/servlet/trsolicitudnombre?21754372, HTTP/1.1" 200 8064
192.168.10.62 - - [09/Aug/2017:14:32:05 -0300] "GET /cormun/servlet/vesolicitudnombre?2017,5039,, HTTP/1.1" 200 8051
192.168.10.62 - - [09/Aug/2017:14:32:05 -0300] "GET /cormun/pexe_scrolldiv.js HTTP/1.1" 404 1009
192.168.10.62 - - [09/Aug/2017:14:32:05 -0300] "GET /cormun/pexe_scrolldiv.js HTTP/1.1" 404 1009
192.168.10.62 - - [09/Aug/2017:14:32:05 -0300] "GET /cormun/servlet/vesolicitudnombre?2017,5039,, HTTP/1.1" 200 8045
91.196.50.33 - - [09/Aug/2017:14:32:09 -0300] "GET /testproxy.php HTTP/1.1" 404 987
192.168.10.62 - - [09/Aug/2017:14:32:16 -0300] "POST /cormun/servlet/vesolicitudnombre?a1f5e85a691f5d0678d4c307b4205969,2017,5039,,,gx-no-cache=1502299912085 HTTP/1.1" 200 90
192.168.10.62 - - [09/Aug/2017:14:32:16 -0300] "GET /cormun/servlet/hpexe_link HTTP/1.1" 200 976
192.168.10.62 - - [09/Aug/2017:14:32:16 -0300] "GET /cormun/servlet/trsolicitudnombre?21754372, HTTP/1.1" 200 8064
192.168.10.62 - - [09/Aug/2017:14:32:17 -0300] "GET /cormun/servlet/trsolicitudnombre?21754372, HTTP/1.1" 200 8065
192.168.10.62 - - [09/Aug/2017:14:32:19 -0300] "GET /cormun/servlet/vesolicitudnombre?2017,7033,, HTTP/1.1" 200 8086
192.168.10.62 - - [09/Aug/2017:14:32:19 -0300] "GET /cormun/pexe_scrolldiv.js HTTP/1.1" 404 1009
192.168.10.62 - - [09/Aug/2017:14:32:19 -0300] "GET /cormun/pexe_scrolldiv.js HTTP/1.1" 404 1009
192.168.10.62 - - [09/Aug/2017:14:32:19 -0300] "GET /cormun/servlet/vesolicitudnombre?2017,7033,, HTTP/1.1" 200 8080
46.174.191.32 - - [09/Aug/2017:14:34:48 -0300] "GET / HTTP/1.0" 200 11197
186.103.161.206 - - [09/Aug/2017:14:35:38 -0300] "GET /cormun/servlet/solicitudot?6e31c49be979f3d2952aa1bd5060c4a1d409f5302c855cdac82d60cd123aabd99e69027f098485f645de03898ae2ebe6348e4642baffe9b5ba7e559610c2fd31fdc34c7ab1c65f40db9dfaca1492f69ae5f2d7e23753e329985e48c12d960cdd643d2472303887b84e12f2cea02a30b74e37bfc281d70e7a3e362c5c5f390900c798e69def39a88fd95fe7004893cd7d795b7be7bde9d412c418ea81016c1b19,gx-no-cache=1502300179404 HTTP/1.1" 200 29
186.103.161.206 - - [09/Aug/2017:14:35:38 -0300] "POST /cormun/servlet/solicitudot?gx-no-cache=1502300179986 HTTP/1.1" 200 1337
186.103.161.206 - - [09/Aug/2017:14:35:39 -0300] "GET /cormun/static/menuarrow.gif HTTP/1.1" 404 1015
192.168.10.62 - - [09/Aug/2017:14:36:07 -0300] "GET /cormun/servlet/vesolicitudnombre?2017,7033,,SolicitudOTLog HTTP/1.1" 200 7008
192.168.10.62 - - [09/Aug/2017:14:36:07 -0300] "GET /cormun/pexe_scrolldiv.js HTTP/1.1" 404 1009
192.168.10.62 - - [09/Aug/2017:14:36:07 -0300] "GET /cormun/static/tbsolicitudnombre03.js?20173171132461 HTTP/1.1" 200 13352
192.168.10.62 - - [09/Aug/2017:14:36:07 -0300] "GET /cormun/pexe_scrolldiv.js HTTP/1.1" 404 1009
192.168.10.62 - - [09/Aug/2017:14:36:07 -0300] "GET /cormun/servlet/vesolicitudnombre?2017,7033,,SolicitudOTLog HTTP/1.1" 200 7008
192.168.10.62 - - [09/Aug/2017:14:36:08 -0300] "POST /cormun/servlet/acontrolpreferencessavestate?None,FGONZALEZG,true HTTP/1.1" 200 35
192.168.10.62 - - [09/Aug/2017:14:36:12 -0300] "GET /cormun/servlet/vesolicitudnombre?2017,7033,,SolicitudOTAdjuntos HTTP/1.1" 200 7026
192.168.10.62 - - [09/Aug/2017:14:36:12 -0300] "GET /cormun/pexe_scrolldiv.js HTTP/1.1" 404 1009
192.168.10.62 - - [09/Aug/2017:14:36:12 -0300] "GET /cormun/static/tbsolicitudnombre02.js?201612218422876 HTTP/1.1" 200 14732
192.168.10.62 - - [09/Aug/2017:14:36:12 -0300] "GET /cormun/pexe_scrolldiv.js HTTP/1.1" 404 1009
192.168.10.62 - - [09/Aug/2017:14:36:13 -0300] "GET /cormun/servlet/vesolicitudnombre?2017,7033,,SolicitudOTAdjuntos HTTP/1.1" 200 7026
192.168.10.62 - - [09/Aug/2017:14:36:13 -0300] "POST /cormun/servlet/acontrolpreferencessavestate?None,FGONZALEZG,true HTTP/1.1" 200 35
192.168.10.62 - - [09/Aug/2017:14:36:15 -0300] "POST /cormun/servlet/vesolicitudnombre?a1f5e85a691f5d0678d4c307b4205969,2017,7033,,SolicitudOTAdjuntos,gx-no-cache=1502300151119 HTTP/1.1" 200 90
192.168.10.62 - - [09/Aug/2017:14:36:15 -0300] "GET /cormun/servlet/hpexe_link HTTP/1.1" 200 988
192.168.10.62 - - [09/Aug/2017:14:36:15 -0300] "GET /cormun/servlet/trsolicitudnombre?21754372, HTTP/1.1" 200 8062
192.168.10.62 - - [09/Aug/2017:14:36:16 -0300] "GET /cormun/servlet/trsolicitudnombre?21754372, HTTP/1.1" 200 8066
192.168.10.62 - - [09/Aug/2017:14:36:19 -0300] "GET /cormun/servlet/vesolicitudnombre?2017,7033,, HTTP/1.1" 200 8086
192.168.10.62 - - [09/Aug/2017:14:36:20 -0300] "GET /cormun/pexe_scrolldiv.js HTTP/1.1" 404 1009
192.168.10.62 - - [09/Aug/2017:14:36:20 -0300] "GET /cormun/pexe_scrolldiv.js HTTP/1.1" 404 1009
192.168.10.62 - - [09/Aug/2017:14:36:20 -0300] "GET /cormun/servlet/vesolicitudnombre?2017,7033,, HTTP/1.1" 200 8080
192.168.10.62 - - [09/Aug/2017:14:36:21 -0300] "POST /cormun/servlet/vesolicitudnombre?a1f5e85a691f5d0678d4c307b4205969,2017,7033,,,gx-no-cache=1502300157149 HTTP/1.1" 200 90
192.168.10.62 - - [09/Aug/2017:14:36:21 -0300] "GET /cormun/servlet/hpexe_link HTTP/1.1" 200 976
192.168.10.62 - - [09/Aug/2017:14:36:22 -0300] "GET /cormun/servlet/trsolicitudnombre?21754372, HTTP/1.1" 200 8063
192.168.10.62 - - [09/Aug/2017:14:36:22 -0300] "GET /cormun/servlet/trsolicitudnombre?21754372, HTTP/1.1" 200 8065
192.168.10.62 - - [09/Aug/2017:14:36:23 -0300] "GET /cormun/servlet/vesolicitudnombre?2017,7073,, HTTP/1.1" 200 8087
192.168.10.62 - - [09/Aug/2017:14:36:23 -0300] "GET /cormun/pexe_scrolldiv.js HTTP/1.1" 404 1009
192.168.10.62 - - [09/Aug/2017:14:36:23 -0300] "GET /cormun/pexe_scrolldiv.js HTTP/1.1" 404 1009
192.168.10.62 - - [09/Aug/2017:14:36:24 -0300] "GET /cormun/servlet/vesolicitudnombre?2017,7073,, HTTP/1.1" 200 8081
192.168.10.62 - - [09/Aug/2017:14:36:26 -0300] "POST /cormun/servlet/vesolicitudnombre?a1f5e85a691f5d0678d4c307b4205969,2017,7073,,,gx-no-cache=1502300162269 HTTP/1.1" 200 90
192.168.10.62 - - [09/Aug/2017:14:36:27 -0300] "GET /cormun/servlet/hpexe_link HTTP/1.1" 200 976
192.168.10.62 - - [09/Aug/2017:14:36:27 -0300] "GET /cormun/servlet/trsolicitudnombre?21754372, HTTP/1.1" 200 8063
192.168.10.62 - - [09/Aug/2017:14:36:27 -0300] "GET /cormun/servlet/trsolicitudnombre?21754372, HTTP/1.1" 200 8066
192.168.10.62 - - [09/Aug/2017:14:36:29 -0300] "GET /cormun/servlet/vesolicitudnombre?2017,7073,, HTTP/1.1" 200 8087
192.168.10.62 - - [09/Aug/2017:14:36:29 -0300] "GET /cormun/pexe_scrolldiv.js HTTP/1.1" 404 1009
192.168.10.62 - - [09/Aug/2017:14:36:29 -0300] "GET /cormun/pexe_scrolldiv.js HTTP/1.1" 404 1009
192.168.10.62 - - [09/Aug/2017:14:36:29 -0300] "GET /cormun/servlet/vesolicitudnombre?2017,7073,, HTTP/1.1" 200 8081
192.168.10.62 - - [09/Aug/2017:14:36:32 -0300] "GET /cormun/servlet/vesolicitudnombre?2017,7073,,SolicitudOTLog HTTP/1.1" 200 8660
192.168.10.62 - - [09/Aug/2017:14:36:32 -0300] "GET /cormun/pexe_scrolldiv.js HTTP/1.1" 404 1009
192.168.10.62 - - [09/Aug/2017:14:36:32 -0300] "GET /cormun/pexe_scrolldiv.js HTTP/1.1" 404 1009
192.168.10.62 - - [09/Aug/2017:14:36:32 -0300] "GET /cormun/servlet/vesolicitudnombre?2017,7073,,SolicitudOTLog HTTP/1.1" 200 8661
192.168.10.62 - - [09/Aug/2017:14:36:33 -0300] "POST /cormun/servlet/acontrolpreferencessavestate?None,FGONZALEZG,true HTTP/1.1" 200 35
192.168.10.62 - - [09/Aug/2017:14:36:39 -0300] "POST /cormun/servlet/vesolicitudnombre?a1f5e85a691f5d0678d4c307b4205969,2017,7073,,SolicitudOTLog,gx-no-cache=1502300174589 HTTP/1.1" 200 90
192.168.10.62 - - [09/Aug/2017:14:36:39 -0300] "GET /cormun/servlet/hpexe_link HTTP/1.1" 200 984
192.168.10.62 - - [09/Aug/2017:14:36:39 -0300] "GET /cormun/servlet/trsolicitudnombre?21754372, HTTP/1.1" 200 8063
192.168.10.62 - - [09/Aug/2017:14:36:39 -0300] "GET /cormun/servlet/trsolicitudnombre?21754372, HTTP/1.1" 200 8065
192.168.10.62 - - [09/Aug/2017:14:36:42 -0300] "GET /cormun/servlet/vesolicitudnombre?2017,7073,, HTTP/1.1" 200 8087
192.168.10.62 - - [09/Aug/2017:14:36:42 -0300] "GET /cormun/pexe_scrolldiv.js HTTP/1.1" 404 1009
192.168.10.62 - - [09/Aug/2017:14:36:42 -0300] "GET /cormun/pexe_scrolldiv.js HTTP/1.1" 404 1009
192.168.10.62 - - [09/Aug/2017:14:36:42 -0300] "GET /cormun/servlet/vesolicitudnombre?2017,7073,, HTTP/1.1" 200 8081
192.168.10.62 - - [09/Aug/2017:14:36:45 -0300] "POST /cormun/servlet/vesolicitudnombre?a1f5e85a691f5d0678d4c307b4205969,2017,7073,,,gx-no-cache=1502300180398 HTTP/1.1" 200 93
192.168.10.62 - - [09/Aug/2017:14:36:45 -0300] "GET /cormun/servlet/hpexe_return? HTTP/1.1" 200 1023
192.168.10.62 - - [09/Aug/2017:14:36:45 -0300] "GET /cormun/servlet/trsolicitudnombre?21754372, HTTP/1.1" 200 8064
192.168.10.62 - - [09/Aug/2017:14:36:45 -0300] "GET /cormun/servlet/trsolicitudnombre?21754372, HTTP/1.1" 200 8064
192.168.10.62 - - [09/Aug/2017:14:36:47 -0300] "GET /cormun/servlet/trsolicitudgral? HTTP/1.1" 200 17975
192.168.10.62 - - [09/Aug/2017:14:36:48 -0300] "GET /cormun/servlet/trsolicitudgral? HTTP/1.1" 200 17966
192.168.10.62 - - [09/Aug/2017:14:36:56 -0300] "POST /cormun/servlet/trsolicitudgral?a1f5e85a691f5d0678d4c307b4205969,,gx-no-cache=1502300191603 HTTP/1.1" 200 14525
192.168.10.62 - - [09/Aug/2017:14:36:56 -0300] "GET /cormun/static/Shared/jqueryui/images/ui-bg_highlight-soft_100_c6c2c8_1x100.png HTTP/1.1" 404 1117
192.168.10.62 - - [09/Aug/2017:14:36:56 -0300] "GET /cormun/static/Shared/jqueryui/images/ui-icons_82798d_256x240.png HTTP/1.1" 404 1089
192.168.10.62 - - [09/Aug/2017:14:36:56 -0300] "GET /cormun/static/Shared/jqueryui/images/ui-bg_flat_55_fafafa_40x100.png HTTP/1.1" 404 1097
192.168.10.62 - - [09/Aug/2017:14:36:56 -0300] "GET /cormun/static/Shared/jqueryui/images/ui-icons_8d78a5_256x240.png HTTP/1.1" 404 1089
186.103.161.206 - - [09/Aug/2017:14:37:13 -0300] "POST /cormun/servlet/solicitudot?gx-no-cache=1502300273423 HTTP/1.1" 200 1337
192.168.10.62 - - [09/Aug/2017:14:37:26 -0300] "GET /cormun/servlet/trconsultaempleado? HTTP/1.1" 200 6269
192.168.10.62 - - [09/Aug/2017:14:37:26 -0300] "GET /cormun/servlet/trconsultaempleado? HTTP/1.1" 200 6269
192.168.10.62 - - [09/Aug/2017:14:37:34 -0300] "POST /cormun/servlet/trconsultaempleado?a1f5e85a691f5d0678d4c307b4205969,,gx-no-cache=1502300230030 HTTP/1.1" 200 3768
200.72.197.82 - - [09/Aug/2017:14:37:38 -0300] "POST /cormun/servlet/solicitudot?gx-no-cache=1502300300063 HTTP/1.1" 200 30
192.168.10.62 - - [09/Aug/2017:14:37:41 -0300] "POST /cormun/servlet/trconsultaempleado?a1f5e85a691f5d0678d4c307b4205969,,gx-no-cache=1502300236964 HTTP/1.1" 200 5457
192.168.10.62 - - [09/Aug/2017:14:37:54 -0300] "POST /cormun/servlet/trconsultaempleado?a1f5e85a691f5d0678d4c307b4205969,,gx-no-cache=1502300249827 HTTP/1.1" 200 7072
192.168.10.62 - - [09/Aug/2017:14:37:54 -0300] "GET /cormun/static/Resources/PXToolsGridNext.gif HTTP/1.1" 200 369
192.168.10.62 - - [09/Aug/2017:14:37:54 -0300] "GET /cormun/static/Resources/PXToolsGridLast.gif HTTP/1.1" 200 370
200.112.49.175 - - [09/Aug/2017:14:38:31 -0300] "GET /cormun/servlet/permisogoce?ef5863f237babb9ff17ef6f0c20b2009e2103c1a9195e935ef38773a865a02e6ef6593098620aa641f4b24c8c18f5beee06dc238542d074721f0f11bda6e8f10,gx-no-cache=1502300355372 HTTP/1.1" 200 86
200.112.49.175 - - [09/Aug/2017:14:38:31 -0300] "GET /cormun/static/menuarrow.gif HTTP/1.1" 404 1015
200.72.197.82 - - [09/Aug/2017:14:39:06 -0300] "POST /cormun/servlet/solicitudot?beaccd9a7088de704f0f5f396f022889,INS,0,0,,gx-no-cache=1502300385478 HTTP/1.1" 200 93
200.72.197.82 - - [09/Aug/2017:14:39:06 -0300] "GET /cormun/servlet/hpexe_return? HTTP/1.1" 200 1004
200.72.197.82 - - [09/Aug/2017:14:39:06 -0300] "GET /cormun/servlet/trsolicitudot HTTP/1.1" 200 9506
200.72.197.82 - - [09/Aug/2017:14:39:08 -0300] "GET /cormun/servlet/trsolicitudot HTTP/1.1" 200 9502
200.72.197.82 - - [09/Aug/2017:14:39:14 -0300] "GET /cormun/servlet/solicitudot?INS,0,0, HTTP/1.1" 200 12872
200.72.197.82 - - [09/Aug/2017:14:39:15 -0300] "GET /cormun/servlet/solicitudot?INS,0,0, HTTP/1.1" 200 12877
186.103.159.187 - - [09/Aug/2017:14:39:20 -0300] "GET /cormun/servlet/hlogin HTTP/1.1" 200 1730
186.103.159.187 - - [09/Aug/2017:14:39:21 -0300] "GET /cormun/servlet/hlogin HTTP/1.1" 200 1736
192.168.10.62 - - [09/Aug/2017:14:39:23 -0300] "GET /cormun/servlet/trsolicitudgral? HTTP/1.1" 200 17570
192.168.10.62 - - [09/Aug/2017:14:39:24 -0300] "GET /cormun/servlet/trsolicitudgral? HTTP/1.1" 200 17570
192.168.10.62 - - [09/Aug/2017:14:39:26 -0300] "GET /cormun/servlet/trconsultaempleado? HTTP/1.1" 200 9461
192.168.10.62 - - [09/Aug/2017:14:39:27 -0300] "GET /cormun/servlet/trconsultaempleado? HTTP/1.1" 200 9460
186.103.159.187 - - [09/Aug/2017:14:39:29 -0300] "POST /cormun/servlet/hlogin?3dcbc473d2c42a84c2887e521cb9b9c5,gx-no-cache=1502300373435 HTTP/1.1" 200 90
186.103.159.187 - - [09/Aug/2017:14:39:30 -0300] "GET /cormun/servlet/hpexe_link HTTP/1.1" 200 955
186.103.159.187 - - [09/Aug/2017:14:39:30 -0300] "GET /cormun/servlet/hhome HTTP/1.1" 200 3762
186.103.159.187 - - [09/Aug/2017:14:39:32 -0300] "GET /cormun/servlet/hhome HTTP/1.1" 200 3758
192.168.10.62 - - [09/Aug/2017:14:39:32 -0300] "POST /cormun/servlet/trconsultaempleado?a1f5e85a691f5d0678d4c307b4205969,,gx-no-cache=1502300348127 HTTP/1.1" 200 4358
186.103.159.187 - - [09/Aug/2017:14:39:36 -0300] "GET /cormun/servlet/trsolicitudot? HTTP/1.1" 200 10710
186.103.159.187 - - [09/Aug/2017:14:39:36 -0300] "GET /cormun/static/gxcfg.js?20177612135780 HTTP/1.1" 304 -
186.103.159.187 - - [09/Aug/2017:14:39:36 -0300] "GET /cormun/static/trsolicitudot.js?2017761214480 HTTP/1.1" 304 -
186.103.159.187 - - [09/Aug/2017:14:39:37 -0300] "GET /cormun/servlet/trsolicitudot? HTTP/1.1" 200 10708
186.103.159.187 - - [09/Aug/2017:14:39:42 -0300] "GET /cormun/servlet/solicitudot?INS,0,0, HTTP/1.1" 200 12642
186.103.159.187 - - [09/Aug/2017:14:39:43 -0300] "GET /cormun/static/solicitudot.js?201752522134767 HTTP/1.1" 304 -
186.103.159.187 - - [09/Aug/2017:14:39:43 -0300] "GET /cormun/static/gxcfg.js?201752522134570 HTTP/1.1" 304 -
186.103.159.187 - - [09/Aug/2017:14:39:44 -0300] "GET /cormun/servlet/solicitudot?INS,0,0, HTTP/1.1" 200 12646
186.103.161.206 - - [09/Aug/2017:14:39:44 -0300] "POST /cormun/servlet/solicitudot?gx-no-cache=1502300423101 HTTP/1.1" 200 3187
186.103.161.206 - - [09/Aug/2017:14:39:46 -0300] "POST /cormun/servlet/solicitudot?beaccd9a7088de704f0f5f396f022889,INS,0,0,,gx-no-cache=1502300426520 HTTP/1.1" 200 10002
192.168.10.62 - - [09/Aug/2017:14:39:53 -0300] "POST /cormun/servlet/trconsultaempleado?a1f5e85a691f5d0678d4c307b4205969,,gx-no-cache=1502300369156 HTTP/1.1" 200 4012
192.168.10.62 - - [09/Aug/2017:14:39:55 -0300] "GET /cormun/servlet/trsolicitudnombre?15123097, HTTP/1.1" 200 7230
192.168.10.62 - - [09/Aug/2017:14:39:55 -0300] "GET /cormun/servlet/trsolicitudnombre?15123097, HTTP/1.1" 200 7230
200.72.197.82 - - [09/Aug/2017:14:39:57 -0300] "GET /cormun/servlet/solicitudot?6e31c49be979f3d2952aa1bd5060c4a16cffca9e2b6806729b78b7cb150913e744ae6d5970c0b5f0d7696f1e4487361e,gx-no-cache=1502300438803 HTTP/1.1" 200 30
200.72.197.82 - - [09/Aug/2017:14:39:57 -0300] "POST /cormun/servlet/solicitudot?gx-no-cache=1502300439025 HTTP/1.1" 200 255
200.72.197.82 - - [09/Aug/2017:14:39:57 -0300] "GET /cormun/servlet/solicitudot?6e31c49be979f3d2952aa1bd5060c4a1ffe0729446f2af776e0497982c3d2608e3ac48d51fc8c1420f9db247e4cf8283f1aa3ac2e930cf2c1964045841668328f205262185b5c44cfe8dee3523dbfb220e391d8193e3e0e09f5d448dad1ea6b6418d5327fbaabafe860787bb34b5d627e17d3f7b0e0a14d5d7ea05cb62fe3779afac406a156f8c532d0985b2704d1365d97391e71cfae3e45252f8b64985f18a09225a060c4eadd3bfac3db829714679cda37f2570df24852be469d62648b3a062028700e1915fbdde20434caae72b8bbc18d18e25d98d646ac692721c499da9dccb960bb522ac272c08f457c979962c3313268d1af2fec61bfc22f8fb8696d359f7bc4b1be0f613272b1b29af71a85990887120ed29fb561c5a1184109a5e209331e971526afd1a301f2521a900fe9249f2ec852ee1da66617ac475984bc654d4aa22401ae246b9a1f5b16ddad2435bdd883e536d0e6756dbc7c71d300eb24ce6a71b3c73c2763c1e3f5262fc6898573155baa5af409403c875b1c1ffeac4d6,gx-no-cache=1502300439576 HTTP/1.1" 200 30
192.168.10.62 - - [09/Aug/2017:14:39:59 -0300] "GET /cormun/servlet/vesolicitudnombre?2017,4792,, HTTP/1.1" 200 8056
192.168.10.62 - - [09/Aug/2017:14:39:59 -0300] "GET /cormun/pexe_scrolldiv.js HTTP/1.1" 404 1009
192.168.10.62 - - [09/Aug/2017:14:39:59 -0300] "GET /cormun/pexe_scrolldiv.js HTTP/1.1" 404 1009
192.168.10.62 - - [09/Aug/2017:14:39:59 -0300] "GET /cormun/servlet/vesolicitudnombre?2017,4792,, HTTP/1.1" 200 8049
192.168.10.62 - - [09/Aug/2017:14:40:02 -0300] "GET /cormun/servlet/vesolicitudnombre?2017,4792,,SolicitudOTLog HTTP/1.1" 200 8807
192.168.10.62 - - [09/Aug/2017:14:40:02 -0300] "GET /cormun/pexe_scrolldiv.js HTTP/1.1" 404 1009
192.168.10.62 - - [09/Aug/2017:14:40:02 -0300] "GET /cormun/pexe_scrolldiv.js HTTP/1.1" 404 1009
192.168.10.62 - - [09/Aug/2017:14:40:02 -0300] "GET /cormun/servlet/vesolicitudnombre?2017,4792,,SolicitudOTLog HTTP/1.1" 200 8808
192.168.10.62 - - [09/Aug/2017:14:40:03 -0300] "POST /cormun/servlet/acontrolpreferencessavestate?None,FGONZALEZG,true HTTP/1.1" 200 35
192.168.10.62 - - [09/Aug/2017:14:40:05 -0300] "GET /cormun/servlet/vesolicitudnombre?2017,4792,,SolicitudOTAdjuntos HTTP/1.1" 200 7026
192.168.10.62 - - [09/Aug/2017:14:40:05 -0300] "GET /cormun/pexe_scrolldiv.js HTTP/1.1" 404 1009
192.168.10.62 - - [09/Aug/2017:14:40:05 -0300] "GET /cormun/pexe_scrolldiv.js HTTP/1.1" 404 1009
192.168.10.62 - - [09/Aug/2017:14:40:05 -0300] "GET /cormun/servlet/vesolicitudnombre?2017,4792,,SolicitudOTAdjuntos HTTP/1.1" 200 7026
192.168.10.62 - - [09/Aug/2017:14:40:06 -0300] "POST /cormun/servlet/acontrolpreferencessavestate?None,FGONZALEZG,true HTTP/1.1" 200 35
192.168.10.62 - - [09/Aug/2017:14:40:08 -0300] "GET /cormun/servlet/vesolicitudnombre?2017,4792,,SolicitudOTLog HTTP/1.1" 200 8808
192.168.10.62 - - [09/Aug/2017:14:40:08 -0300] "GET /cormun/pexe_scrolldiv.js HTTP/1.1" 404 1009
192.168.10.62 - - [09/Aug/2017:14:40:08 -0300] "GET /cormun/pexe_scrolldiv.js HTTP/1.1" 404 1009
192.168.10.62 - - [09/Aug/2017:14:40:08 -0300] "GET /cormun/servlet/vesolicitudnombre?2017,4792,,SolicitudOTLog HTTP/1.1" 200 8808
192.168.10.62 - - [09/Aug/2017:14:40:09 -0300] "POST /cormun/servlet/acontrolpreferencessavestate?None,FGONZALEZG,true HTTP/1.1" 200 35
192.168.10.62 - - [09/Aug/2017:14:40:10 -0300] "GET /cormun/servlet/vesolicitudnombre?2017,4792,,SolicitudOTAdjuntos HTTP/1.1" 200 7026
192.168.10.62 - - [09/Aug/2017:14:40:10 -0300] "GET /cormun/pexe_scrolldiv.js HTTP/1.1" 404 1009
192.168.10.62 - - [09/Aug/2017:14:40:10 -0300] "GET /cormun/pexe_scrolldiv.js HTTP/1.1" 404 1009
192.168.10.62 - - [09/Aug/2017:14:40:10 -0300] "GET /cormun/servlet/vesolicitudnombre?2017,4792,,SolicitudOTAdjuntos HTTP/1.1" 200 7026
192.168.10.62 - - [09/Aug/2017:14:40:11 -0300] "POST /cormun/servlet/acontrolpreferencessavestate?None,FGONZALEZG,true HTTP/1.1" 200 35
192.168.10.62 - - [09/Aug/2017:14:40:11 -0300] "GET /cormun/servlet/vesolicitudnombre?2017,4792,,SolicitudOTLog HTTP/1.1" 200 8808
192.168.10.62 - - [09/Aug/2017:14:40:11 -0300] "GET /cormun/pexe_scrolldiv.js HTTP/1.1" 404 1009
192.168.10.62 - - [09/Aug/2017:14:40:11 -0300] "GET /cormun/pexe_scrolldiv.js HTTP/1.1" 404 1009
192.168.10.62 - - [09/Aug/2017:14:40:11 -0300] "GET /cormun/servlet/vesolicitudnombre?2017,4792,,SolicitudOTLog HTTP/1.1" 200 8808
192.168.10.62 - - [09/Aug/2017:14:40:12 -0300] "POST /cormun/servlet/acontrolpreferencessavestate?None,FGONZALEZG,true HTTP/1.1" 200 35
186.103.159.187 - - [09/Aug/2017:14:40:20 -0300] "POST /cormun/servlet/solicitudot?gx-no-cache=1502300418769 HTTP/1.1" 200 3209
186.103.159.187 - - [09/Aug/2017:14:40:22 -0300] "POST /cormun/servlet/solicitudot?3dcbc473d2c42a84c2887e521cb9b9c5,INS,0,0,,gx-no-cache=1502300424622 HTTP/1.1" 200 9821
186.103.159.187 - - [09/Aug/2017:14:40:23 -0300] "GET /cormun/servlet/prfichaempleado?,MD,,gxPopupLevel%3D0%3B HTTP/1.1" 200 9217
186.103.159.187 - - [09/Aug/2017:14:40:43 -0300] "POST /cormun/servlet/prfichaempleado?3dcbc473d2c42a84c2887e521cb9b9c5,,MD,,gxPopupLevel%3D0%3B,gx-no-cache=1502300443539 HTTP/1.1" 200 3475
186.103.159.187 - - [09/Aug/2017:14:41:11 -0300] "POST /cormun/servlet/solicitudot?gx-no-cache=1502300468124 HTTP/1.1" 200 3209
186.103.159.187 - - [09/Aug/2017:14:41:14 -0300] "POST /cormun/servlet/solicitudot?3dcbc473d2c42a84c2887e521cb9b9c5,INS,0,0,,gx-no-cache=1502300475153 HTTP/1.1" 200 9875
186.103.159.187 - - [09/Aug/2017:14:41:15 -0300] "GET /cormun/servlet/solicitudot?a3eec3eb6497cac6cb111fde0b8240e01a93224b498cfc388c63c17269df23d4a25efcfa04068e81b11d707b64546d40,gx-no-cache=1502300477981 HTTP/1.1" 200 30
186.103.159.187 - - [09/Aug/2017:14:41:15 -0300] "POST /cormun/servlet/solicitudot?gx-no-cache=1502300479058 HTTP/1.1" 200 240
186.103.159.187 - - [09/Aug/2017:14:41:16 -0300] "GET /cormun/servlet/solicitudot?a3eec3eb6497cac6cb111fde0b8240e0a6957e227888a3ddc5393e09b22a1cf90e9f0ec60c5248a8bc3ee5f5590bb042adaa4a03bc1615448b701d9b0df46f05e36bc400d8729f96c88dba00c8750b0df4dc70ad1cdcd71685f19770b8bfca37ed0a84a11dfcc0188415bd7160f6ef6e0eeb0d0a43b92ef3a0dc4ab1c45e86283f615dd08699764095dc31e5dbe9d6b035626a90260fa527b16f35a0d5cd96832aefafa188366981508dc13731b0a42ed730b73a9ddbe7f366d52a33f865055b6486b1e70b82b79fc6c5e92a3cd8c672c7c1384f55fd7c0dad715a085c5c944939342f9d4074be6479a260d10ebe601adc5f790dcc49ef4b43456c4b499248a5e13b05fc6148341b17b336af1157fc4143dc02432842c87753289462656d2a7503fbf4b0a25f76cb0084028b9ff57b6acd0c624276c982b952ac35d819dc04e451494b5462b8ac5a860cd7f5147223c7af1d3231f7b0237545a8eedd64009635d4cde194c4a31b63105b254a52b93fc088e1fe59fe7c89c69fc58aa108888d94,gx-no-cache=1502300479646 HTTP/1.1" 200 30
186.103.159.187 - - [09/Aug/2017:14:41:17 -0300] "POST /cormun/servlet/solicitudot?gx-no-cache=1502300480267 HTTP/1.1" 200 30
186.103.159.187 - - [09/Aug/2017:14:41:18 -0300] "POST /cormun/servlet/solicitudot?gx-no-cache=1502300481475 HTTP/1.1" 200 1357
186.103.159.187 - - [09/Aug/2017:14:41:18 -0300] "POST /cormun/servlet/solicitudot?gx-no-cache=1502300482092 HTTP/1.1" 200 38
186.103.159.187 - - [09/Aug/2017:14:41:21 -0300] "POST /cormun/servlet/solicitudot?gx-no-cache=1502300484489 HTTP/1.1" 200 240
186.103.159.187 - - [09/Aug/2017:14:41:22 -0300] "GET /cormun/servlet/solicitudot?a3eec3eb6497cac6cb111fde0b8240e0a6957e227888a3ddc5393e09b22a1cf90e9f0ec60c5248a8bc3ee5f5590bb042adaa4a03bc1615448b701d9b0df46f05e36bc400d8729f96c88dba00c8750b0df4dc70ad1cdcd71685f19770b8bfca37ed0a84a11dfcc0188415bd7160f6ef6e0eeb0d0a43b92ef3a0dc4ab1c45e86283f615dd08699764095dc31e5dbe9d6b035626a90260fa527b16f35a0d5cd96832aefafa188366981508dc13731b0a42ed730b73a9ddbe7f366d52a33f865055b6486b1e70b82b79fc6c5e92a3cd8c672c7c1384f55fd7c0dad715a085c5c944939342f9d4074be6479a260d10ebe601adc5f790dcc49ef4b43456c4b499248a5e13b05fc6148341b17b336af1157fc4143dc02432842c87753289462656d2a7503fbf4b0a25f76cb0084028b9ff57b6acd0c624276c982b952ac35d819dc04e451494b5462b8ac5a860cd7f5147223c7af1d3231f7b0237545a8eedd64009635d4cde194c4a31b63105b254a52b93fc0dbc5c698eb6b8882335bd2f302979149,gx-no-cache=1502300485617 HTTP/1.1" 200 30
192.168.10.62 - - [09/Aug/2017:14:41:35 -0300] "POST /cormun/servlet/vesolicitudnombre?a1f5e85a691f5d0678d4c307b4205969,2017,4792,,SolicitudOTLog,gx-no-cache=1502300470577 HTTP/1.1" 200 90
192.168.10.62 - - [09/Aug/2017:14:41:35 -0300] "GET /cormun/servlet/hpexe_link HTTP/1.1" 200 985
192.168.10.62 - - [09/Aug/2017:14:41:35 -0300] "GET /cormun/servlet/trsolicitudnombre?15123097, HTTP/1.1" 200 7230
192.168.10.62 - - [09/Aug/2017:14:41:35 -0300] "GET /cormun/servlet/trsolicitudnombre?15123097, HTTP/1.1" 200 7229
192.168.10.62 - - [09/Aug/2017:14:41:37 -0300] "GET /cormun/servlet/vesolicitudnombre?2017,4792,, HTTP/1.1" 200 8056
192.168.10.62 - - [09/Aug/2017:14:41:37 -0300] "GET /cormun/pexe_scrolldiv.js HTTP/1.1" 404 1009
192.168.10.62 - - [09/Aug/2017:14:41:38 -0300] "GET /cormun/pexe_scrolldiv.js HTTP/1.1" 404 1009
192.168.10.62 - - [09/Aug/2017:14:41:38 -0300] "GET /cormun/servlet/vesolicitudnombre?2017,4792,, HTTP/1.1" 200 8049
186.103.159.187 - - [09/Aug/2017:14:41:45 -0300] "POST /cormun/servlet/solicitudot?gx-no-cache=1502300507913 HTTP/1.1" 200 30
186.103.159.187 - - [09/Aug/2017:14:41:46 -0300] "POST /cormun/servlet/solicitudot?gx-no-cache=1502300509003 HTTP/1.1" 200 1357
186.103.159.187 - - [09/Aug/2017:14:41:46 -0300] "POST /cormun/servlet/solicitudot?gx-no-cache=1502300509765 HTTP/1.1" 200 38
190.151.100.218 - - [09/Aug/2017:14:42:10 -0300] "POST /cormun/servlet/solicitudot?gx-no-cache=1502300571595 HTTP/1.1" 200 30
200.72.197.82 - - [09/Aug/2017:14:42:18 -0300] "GET /cormun/static/Resources/resize.gif HTTP/1.1" 200 77
200.72.197.82 - - [09/Aug/2017:14:42:19 -0300] "GET /cormun/servlet/prcontratosol?8141861,,,,,MD,,gxPopupLevel%3D0%3B HTTP/1.1" 200 7461
200.72.197.82 - - [09/Aug/2017:14:42:19 -0300] "GET /cormun/static/gxcfg.js?201761413223964 HTTP/1.1" 200 953
200.72.197.82 - - [09/Aug/2017:14:42:19 -0300] "GET /cormun/static/Resources/PXToolsMenuSearch.png HTTP/1.1" 200 2914
186.103.161.206 - - [09/Aug/2017:14:42:19 -0300] "GET /cormun/static/Resources/PXToolsMenuSearchCancel.png HTTP/1.1" 200 2972
200.72.197.82 - - [09/Aug/2017:14:42:19 -0300] "GET /cormun/static/hmpwkw011.js?20177612121862 HTTP/1.1" 200 1968
186.103.161.206 - - [09/Aug/2017:14:42:21 -0300] "GET /cormun/static/menusearch.js?201610171694467 HTTP/1.1" 200 1424
200.72.197.82 - - [09/Aug/2017:14:42:25 -0300] "GET /cormun/static/prcontratosol.js?201761413224174 HTTP/1.1" 200 15806
192.168.10.62 - - [09/Aug/2017:14:42:41 -0300] "POST /cormun/servlet/vesolicitudnombre?a1f5e85a691f5d0678d4c307b4205969,2017,4792,,,gx-no-cache=1502300536824 HTTP/1.1" 200 90
192.168.10.62 - - [09/Aug/2017:14:42:41 -0300] "GET /cormun/servlet/hpexe_link HTTP/1.1" 200 977
192.168.10.62 - - [09/Aug/2017:14:42:41 -0300] "GET /cormun/servlet/trsolicitudnombre?15123097, HTTP/1.1" 200 7231
192.168.10.62 - - [09/Aug/2017:14:42:42 -0300] "GET /cormun/servlet/trsolicitudnombre?15123097, HTTP/1.1" 200 7230
186.103.132.155 - - [09/Aug/2017:14:42:42 -0300] "POST /cormun/servlet/solicitudot?gx-no-cache=1502300601046 HTTP/1.1" 200 1358
192.168.10.62 - - [09/Aug/2017:14:42:44 -0300] "GET /cormun/servlet/trconsultaempleado? HTTP/1.1" 200 6264
192.168.10.62 - - [09/Aug/2017:14:42:44 -0300] "GET /cormun/servlet/trconsultaempleado? HTTP/1.1" 200 6263
186.103.159.187 - - [09/Aug/2017:14:42:50 -0300] "POST /cormun/servlet/solicitudot?gx-no-cache=1502300573884 HTTP/1.1" 200 30
192.168.10.62 - - [09/Aug/2017:14:42:54 -0300] "POST /cormun/servlet/trconsultaempleado?a1f5e85a691f5d0678d4c307b4205969,,gx-no-cache=1502300549639 HTTP/1.1" 200 4022
186.103.159.187 - - [09/Aug/2017:14:42:54 -0300] "POST /cormun/servlet/solicitudot?gx-no-cache=1502300577208 HTTP/1.1" 200 1357
186.103.132.155 - - [09/Aug/2017:14:42:54 -0300] "POST /cormun/servlet/solicitudot?gx-no-cache=1502300604498 HTTP/1.1" 200 38
186.103.132.155 - - [09/Aug/2017:14:42:54 -0300] "GET /cormun/servlet/solicitudot?6e31c49be979f3d2952aa1bd5060c4a1d409f5302c855cdac82d60cd123aabd99e69027f098485f645de03898ae2ebe6348e4642baffe9b5ba7e559610c2fd31fdc34c7ab1c65f40db9dfaca1492f69ae5f2d7e23753e329985e48c12d960cdd643d2472303887b84e12f2cea02a30b74e37bfc281d70e7a3e362c5c5f390900c798e69def39a88fd95fe7004893cd7d795b7be7bde9d412c418ea81016c1b19,gx-no-cache=1502300616593 HTTP/1.1" 200 29
186.103.159.187 - - [09/Aug/2017:14:42:55 -0300] "POST /cormun/servlet/solicitudot?gx-no-cache=1502300578270 HTTP/1.1" 200 38
186.103.132.155 - - [09/Aug/2017:14:42:55 -0300] "POST /cormun/servlet/solicitudot?gx-no-cache=1502300616708 HTTP/1.1" 200 1337
192.168.10.62 - - [09/Aug/2017:14:42:56 -0300] "GET /cormun/servlet/trsolicitudnombre?18261066, HTTP/1.1" 200 5730
192.168.10.62 - - [09/Aug/2017:14:42:56 -0300] "GET /cormun/servlet/trsolicitudnombre?18261066, HTTP/1.1" 200 5730
186.103.159.187 - - [09/Aug/2017:14:43:16 -0300] "GET /cormun/servlet/solicitudot?a3eec3eb6497cac6cb111fde0b8240e0153b8f88f3ddd2438e12fda5606685efec19d5f8639fc0efb9093f4622016afc253557f0814505c5dcc17a7386f1514fef79b175bab812cc773f673b99c73fa697e99453c9aa65bf0b397e95fdb7ceb44014cd5ea324b80846ee129f8bc84d5ba6db809bffd5ea2b1a610ca93410c1ebccbd5fc6113e8e6f0a3fcfeedef7af5881df699d35cc205320a956a7fa3c4607,gx-no-cache=1502300591894 HTTP/1.1" 200 29
192.168.10.89 - - [09/Aug/2017:14:43:16 -0300] "GET /cormunbeta/servlet/hlogin HTTP/1.1" 200 1716
192.168.10.89 - - [09/Aug/2017:14:43:19 -0300] "GET /cormun/servlet/hlogin HTTP/1.1" 200 1722
186.103.159.187 - - [09/Aug/2017:14:43:27 -0300] "POST /cormun/servlet/solicitudot?gx-no-cache=1502300599802 HTTP/1.1" 200 1336
186.103.159.187 - - [09/Aug/2017:14:43:27 -0300] "GET /cormun/static/menuarrow.gif HTTP/1.1" 404 1015
192.168.10.62 - - [09/Aug/2017:14:43:36 -0300] "POST /cormun/servlet/trsolicitudnombre?a1f5e85a691f5d0678d4c307b4205969,18261066,,gx-no-cache=1502300592054 HTTP/1.1" 200 90
192.168.10.62 - - [09/Aug/2017:14:43:36 -0300] "GET /cormun/servlet/hpexe_link HTTP/1.1" 200 979
192.168.10.62 - - [09/Aug/2017:14:43:36 -0300] "GET /cormun/servlet/trconsultaempleado? HTTP/1.1" 200 6269
192.168.10.62 - - [09/Aug/2017:14:43:37 -0300] "GET /cormun/servlet/trconsultaempleado? HTTP/1.1" 200 6268
186.103.159.187 - - [09/Aug/2017:14:43:39 -0300] "POST /cormun/servlet/solicitudot?gx-no-cache=1502300622660 HTTP/1.1" 200 1336
192.168.10.89 - - [09/Aug/2017:14:43:45 -0300] "POST /cormun/servlet/hlogin?8f5f9fe39ee27b5cca6e5a09d591a0cd,gx-no-cache=1502300600445 HTTP/1.1" 200 90
192.168.10.89 - - [09/Aug/2017:14:43:45 -0300] "GET /cormun/servlet/hpexe_link HTTP/1.1" 200 951
192.168.10.89 - - [09/Aug/2017:14:43:45 -0300] "GET /cormun/servlet/hhome HTTP/1.1" 200 4634
186.103.159.187 - - [09/Aug/2017:14:43:51 -0300] "POST /cormun/servlet/solicitudot?gx-no-cache=1502300634769 HTTP/1.1" 200 30
186.103.159.187 - - [09/Aug/2017:14:44:07 -0300] "POST /cormun/servlet/solicitudot?3dcbc473d2c42a84c2887e521cb9b9c5,INS,0,0,,gx-no-cache=1502300650393 HTTP/1.1" 200 93
186.103.159.187 - - [09/Aug/2017:14:44:08 -0300] "GET /cormun/servlet/hpexe_return? HTTP/1.1" 200 1010
186.103.159.187 - - [09/Aug/2017:14:44:08 -0300] "GET /cormun/servlet/trsolicitudot HTTP/1.1" 200 11088
186.103.159.187 - - [09/Aug/2017:14:44:10 -0300] "GET /cormun/servlet/trsolicitudot HTTP/1.1" 200 11083
186.103.159.187 - - [09/Aug/2017:14:44:22 -0300] "POST /cormun/servlet/trsolicitudot?3dcbc473d2c42a84c2887e521cb9b9c5,gx-no-cache=1502300663558 HTTP/1.1" 200 8284
186.103.159.187 - - [09/Aug/2017:14:44:23 -0300] "GET /cormun/static/Shared/jqueryui/images/ui-icons_82798d_256x240.png HTTP/1.1" 404 1089
186.103.159.187 - - [09/Aug/2017:14:44:23 -0300] "GET /cormun/static/Shared/jqueryui/images/ui-bg_flat_55_fafafa_40x100.png HTTP/1.1" 404 1097
186.103.159.187 - - [09/Aug/2017:14:44:23 -0300] "GET /cormun/static/Shared/jqueryui/images/ui-icons_8d78a5_256x240.png HTTP/1.1" 404 1089
186.103.159.187 - - [09/Aug/2017:14:44:23 -0300] "GET /cormun/static/Shared/jqueryui/images/ui-bg_highlight-soft_100_c6c2c8_1x100.png HTTP/1.1" 404 1117
200.112.49.175 - - [09/Aug/2017:14:44:25 -0300] "GET /cormun/servlet/permisogoce?ef5863f237babb9ff17ef6f0c20b20096615e4e6f28f6a962431aa651fd46b4f37f6518ec66ed7f197b638d55e6ffc95e08112b7e7ab217c281d334884ac75aa,gx-no-cache=1502300709657 HTTP/1.1" 200 47
186.103.159.187 - - [09/Aug/2017:14:44:26 -0300] "POST /cormun/servlet/trsolicitudot?3dcbc473d2c42a84c2887e521cb9b9c5,gx-no-cache=1502300666801 HTTP/1.1" 200 8224
200.112.49.175 - - [09/Aug/2017:14:44:33 -0300] "GET /cormun/servlet/permisogoce?ef5863f237babb9ff17ef6f0c20b20096615e4e6f28f6a962431aa651fd46b4fc5b3e4574c6294659b14c443c1b76c893910e0d8baff49fc77a966e5ea4fae14,gx-no-cache=1502300716058 HTTP/1.1" 200 47
186.103.159.187 - - [09/Aug/2017:14:44:37 -0300] "POST /cormun/servlet/trsolicitudot?3dcbc473d2c42a84c2887e521cb9b9c5,gx-no-cache=1502300675483 HTTP/1.1" 200 90
186.103.159.187 - - [09/Aug/2017:14:45:02 -0300] "GET /cormun/servlet/hlogin HTTP/1.1" 200 1730
200.112.49.175 - - [09/Aug/2017:14:45:14 -0300] "GET /cormun/servlet/permisogoce?ef5863f237babb9ff17ef6f0c20b20096615e4e6f28f6a962431aa651fd46b4f53c06b0b090548d0b77556d538384cd33910e0d8baff49fc77a966e5ea4fae14,gx-no-cache=1502300757216 HTTP/1.1" 200 47
186.103.159.187 - - [09/Aug/2017:14:45:25 -0300] "POST /cormun/servlet/hlogin?3dcbc473d2c42a84c2887e521cb9b9c5,gx-no-cache=1502300720795 HTTP/1.1" 200 435
186.103.159.187 - - [09/Aug/2017:14:45:28 -0300] "POST /cormun/servlet/hlogin?3dcbc473d2c42a84c2887e521cb9b9c5,gx-no-cache=1502300732191 HTTP/1.1" 200 434
192.168.10.62 - - [09/Aug/2017:14:45:32 -0300] "POST /cormun/servlet/trconsultaempleado?a1f5e85a691f5d0678d4c307b4205969,,gx-no-cache=1502300707793 HTTP/1.1" 200 3769
186.103.159.187 - - [09/Aug/2017:14:45:44 -0300] "POST /cormun/servlet/hlogin?3dcbc473d2c42a84c2887e521cb9b9c5,gx-no-cache=1502300747758 HTTP/1.1" 200 90
186.103.159.187 - - [09/Aug/2017:14:45:45 -0300] "GET /cormun/servlet/hpexe_link HTTP/1.1" 200 955
192.168.10.62 - - [09/Aug/2017:14:45:45 -0300] "GET /cormun/servlet/trvisualizadoreventos? HTTP/1.1" 200 6532
192.168.10.62 - - [09/Aug/2017:14:45:45 -0300] "GET /cormun/static/gxcfg.js?20175251251426 HTTP/1.1" 200 953
192.168.10.62 - - [09/Aug/2017:14:45:45 -0300] "GET /cormun/static/trvisualizadoreventos.js?20175251251768 HTTP/1.1" 200 19318
192.168.10.62 - - [09/Aug/2017:14:45:45 -0300] "GET /cormun/static/Resources/PXToolsActionPrint.png HTTP/1.1" 200 3317
192.168.10.62 - - [09/Aug/2017:14:45:46 -0300] "GET /cormun/servlet/trvisualizadoreventos? HTTP/1.1" 200 6532
186.103.159.187 - - [09/Aug/2017:14:45:46 -0300] "GET /cormun/servlet/hhome HTTP/1.1" 200 3963
186.103.159.187 - - [09/Aug/2017:14:45:47 -0300] "GET /cormun/servlet/hhome HTTP/1.1" 200 3959
200.112.49.175 - - [09/Aug/2017:14:46:01 -0300] "POST /cormun/servlet/permisogoce?0fa20c4680352bcf6b64bbf33430c9d8,INS,0,,,,gx-no-cache=1502300803701 HTTP/1.1" 200 93
200.112.49.175 - - [09/Aug/2017:14:46:02 -0300] "GET /cormun/servlet/hpexe_return? HTTP/1.1" 200 1005
192.168.10.62 - - [09/Aug/2017:14:46:02 -0300] "GET /cormun/servlet/trconsultaempleado? HTTP/1.1" 200 6021
192.168.10.62 - - [09/Aug/2017:14:46:03 -0300] "GET /cormun/servlet/trconsultaempleado? HTTP/1.1" 200 6021
192.168.10.89 - - [09/Aug/2017:14:46:03 -0300] "GET /cormun/servlet/trconsultaempleado? HTTP/1.1" 200 10354
200.112.49.175 - - [09/Aug/2017:14:46:03 -0300] "GET /cormun/servlet/trpermisosgoce HTTP/1.1" 200 8645
200.112.49.175 - - [09/Aug/2017:14:46:04 -0300] "GET /cormun/servlet/trpermisosgoce HTTP/1.1" 200 8640
192.168.10.62 - - [09/Aug/2017:14:46:05 -0300] "POST /cormun/servlet/trconsultaempleado?a1f5e85a691f5d0678d4c307b4205969,,gx-no-cache=1502300740449 HTTP/1.1" 200 3769
192.168.10.89 - - [09/Aug/2017:14:46:09 -0300] "POST /cormun/servlet/trconsultaempleado?8f5f9fe39ee27b5cca6e5a09d591a0cd,,gx-no-cache=1502300744270 HTTP/1.1" 200 4310
200.112.49.175 - - [09/Aug/2017:14:46:13 -0300] "GET /cormun/servlet/apermisogoceprn?15102788,P,20170809142752,PU HTTP/1.1" 200 1677
186.103.159.187 - - [09/Aug/2017:14:46:20 -0300] "GET /cormun/servlet/trautorizarsolicitud? HTTP/1.1" 200 8166
186.103.159.187 - - [09/Aug/2017:14:46:21 -0300] "GET /cormun/static/Resources/Spanish/PXTools.css?11294912 HTTP/1.1" 304 -
186.103.159.187 - - [09/Aug/2017:14:46:21 -0300] "GET /cormun/static/trautorizarsolicitud.js?201742612414370 HTTP/1.1" 304 -
186.103.159.187 - - [09/Aug/2017:14:46:21 -0300] "GET /cormun/static/gxcfg.js?20174261241362 HTTP/1.1" 304 -
186.103.159.187 - - [09/Aug/2017:14:46:22 -0300] "GET /cormun/servlet/trautorizarsolicitud? HTTP/1.1" 200 8167
192.168.10.89 - - [09/Aug/2017:14:46:26 -0300] "GET /cormun/servlet/trsolicitudgral? HTTP/1.1" 200 26826
186.103.159.187 - - [09/Aug/2017:14:46:36 -0300] "POST /cormun/servlet/trautorizarsolicitud?3dcbc473d2c42a84c2887e521cb9b9c5,,gx-no-cache=1502300794587 HTTP/1.1" 200 4332
186.103.159.187 - - [09/Aug/2017:14:46:36 -0300] "GET /cormun/static/Shared/jqueryui/images/ui-bg_highlight-soft_100_c6c2c8_1x100.png HTTP/1.1" 404 1117
186.103.159.187 - - [09/Aug/2017:14:46:36 -0300] "GET /cormun/static/Shared/jqueryui/images/ui-icons_82798d_256x240.png HTTP/1.1" 404 1089
186.103.159.187 - - [09/Aug/2017:14:46:36 -0300] "GET /cormun/static/Shared/jqueryui/images/ui-icons_8d78a5_256x240.png HTTP/1.1" 404 1089
186.103.159.187 - - [09/Aug/2017:14:46:37 -0300] "POST /cormun/servlet/trautorizarsolicitud?3dcbc473d2c42a84c2887e521cb9b9c5,,gx-no-cache=1502300799952 HTTP/1.1" 200 4104
186.103.159.187 - - [09/Aug/2017:14:46:39 -0300] "GET /cormun/static/Shared/jqueryui/images/ui-bg_flat_55_fafafa_40x100.png HTTP/1.1" 404 1097
192.168.10.89 - - [09/Aug/2017:14:46:40 -0300] "POST /cormun/servlet/trsolicitudgral?8f5f9fe39ee27b5cca6e5a09d591a0cd,,gx-no-cache=1502300775522 HTTP/1.1" 200 5769
192.168.10.62 - - [09/Aug/2017:14:46:43 -0300] "GET /cormun/servlet/trsolicitudgral? HTTP/1.1" 200 17959
192.168.10.62 - - [09/Aug/2017:14:46:44 -0300] "GET /cormun/servlet/trsolicitudgral? HTTP/1.1" 200 17958
192.168.10.89 - - [09/Aug/2017:14:46:44 -0300] "GET /cormun/static/menuarrow.gif HTTP/1.1" 404 1015
192.168.10.89 - - [09/Aug/2017:14:46:49 -0300] "POST /cormun/servlet/trsolicitudgral?8f5f9fe39ee27b5cca6e5a09d591a0cd,,gx-no-cache=1502300784287 HTTP/1.1" 200 5768
192.168.10.89 - - [09/Aug/2017:14:46:53 -0300] "POST /cormun/servlet/trsolicitudgral?8f5f9fe39ee27b5cca6e5a09d591a0cd,,gx-no-cache=1502300789227 HTTP/1.1" 200 5769
192.168.10.89 - - [09/Aug/2017:14:47:02 -0300] "POST /cormun/servlet/trsolicitudgral?8f5f9fe39ee27b5cca6e5a09d591a0cd,,gx-no-cache=1502300797474 HTTP/1.1" 200 5770
192.168.10.89 - - [09/Aug/2017:14:47:12 -0300] "GET /cormun/servlet/trconsultaempleado? HTTP/1.1" 200 6890
192.168.10.89 - - [09/Aug/2017:14:47:15 -0300] "POST /cormun/servlet/trconsultaempleado?8f5f9fe39ee27b5cca6e5a09d591a0cd,,gx-no-cache=1502300810381 HTTP/1.1" 200 4314
192.168.10.89 - - [09/Aug/2017:14:47:32 -0300] "GET /cormun/servlet/trsolicitudgral? HTTP/1.1" 200 9177
192.168.10.89 - - [09/Aug/2017:14:47:45 -0300] "POST /cormun/servlet/trsolicitudgral?8f5f9fe39ee27b5cca6e5a09d591a0cd,,gx-no-cache=1502300840659 HTTP/1.1" 200 7501
192.168.10.62 - - [09/Aug/2017:14:47:50 -0300] "POST /cormun/servlet/trsolicitudgral?a1f5e85a691f5d0678d4c307b4205969,,gx-no-cache=1502300845716 HTTP/1.1" 200 5148
192.168.10.62 - - [09/Aug/2017:14:47:57 -0300] "POST /cormun/servlet/trsolicitudgral?a1f5e85a691f5d0678d4c307b4205969,,gx-no-cache=1502300852984 HTTP/1.1" 200 5149
192.168.10.62 - - [09/Aug/2017:14:48:09 -0300] "POST /cormun/servlet/trsolicitudgral?a1f5e85a691f5d0678d4c307b4205969,,gx-no-cache=1502300865119 HTTP/1.1" 200 9513
192.168.10.62 - - [09/Aug/2017:14:48:14 -0300] "GET /cormun/servlet/vesolicitudgral?2017,7056,, HTTP/1.1" 200 8163
192.168.10.62 - - [09/Aug/2017:14:48:14 -0300] "GET /cormun/pexe_scrolldiv.js HTTP/1.1" 404 1009
192.168.10.62 - - [09/Aug/2017:14:48:14 -0300] "GET /cormun/pexe_scrolldiv.js HTTP/1.1" 404 1009
192.168.10.62 - - [09/Aug/2017:14:48:14 -0300] "GET /cormun/servlet/vesolicitudgral?2017,7056,, HTTP/1.1" 200 8163
192.168.10.62 - - [09/Aug/2017:14:48:25 -0300] "GET /cormun/servlet/vesolicitudgral?2017,7056,,SolicitudOTLog HTTP/1.1" 200 9267
192.168.10.62 - - [09/Aug/2017:14:48:25 -0300] "GET /cormun/pexe_scrolldiv.js HTTP/1.1" 404 1009
192.168.10.62 - - [09/Aug/2017:14:48:25 -0300] "GET /cormun/pexe_scrolldiv.js HTTP/1.1" 404 1009
192.168.10.62 - - [09/Aug/2017:14:48:25 -0300] "GET /cormun/servlet/vesolicitudgral?2017,7056,,SolicitudOTLog HTTP/1.1" 200 9267
192.168.10.62 - - [09/Aug/2017:14:48:26 -0300] "POST /cormun/servlet/acontrolpreferencessavestate?None,FGONZALEZG,true HTTP/1.1" 200 35
192.168.10.89 - - [09/Aug/2017:14:48:26 -0300] "GET /cormun/servlet/vesolicitudgral?2017,7056,, HTTP/1.1" 200 9015
192.168.10.89 - - [09/Aug/2017:14:48:26 -0300] "GET /cormun/pexe_scrolldiv.js HTTP/1.1" 404 1009
192.168.10.89 - - [09/Aug/2017:14:48:33 -0300] "GET /cormun/servlet/trsolicitudgral? HTTP/1.1" 200 10877
192.168.10.89 - - [09/Aug/2017:14:48:36 -0300] "GET /cormun/servlet/vesolicitudgral?2017,7055,, HTTP/1.1" 200 9057
192.168.10.89 - - [09/Aug/2017:14:48:36 -0300] "GET /cormun/pexe_scrolldiv.js HTTP/1.1" 404 1009
192.168.10.89 - - [09/Aug/2017:14:48:38 -0300] "GET /cormun/servlet/vesolicitudgral?2017,7055,,SolicitudOTLog HTTP/1.1" 200 10021
192.168.10.89 - - [09/Aug/2017:14:48:38 -0300] "GET /cormun/pexe_scrolldiv.js HTTP/1.1" 404 1009
192.168.10.89 - - [09/Aug/2017:14:48:38 -0300] "GET /cormun/static/Resources/PXToolsTabLastSelected.png HTTP/1.1" 304 -
192.168.10.89 - - [09/Aug/2017:14:48:38 -0300] "GET /cormun/static/tbsolicitudgral03.js?201762721402510 HTTP/1.1" 200 13342
192.168.10.89 - - [09/Aug/2017:14:48:40 -0300] "POST /cormun/servlet/acontrolpreferencessavestate?None,CDROGUETT,true HTTP/1.1" 200 35
192.168.10.62 - - [09/Aug/2017:14:48:48 -0300] "POST /cormun/servlet/vesolicitudgral?a1f5e85a691f5d0678d4c307b4205969,2017,7056,,SolicitudOTLog,gx-no-cache=1502300903843 HTTP/1.1" 200 90
192.168.10.62 - - [09/Aug/2017:14:48:48 -0300] "GET /cormun/servlet/hpexe_link HTTP/1.1" 200 976
192.168.10.62 - - [09/Aug/2017:14:48:48 -0300] "GET /cormun/servlet/trsolicitudgral? HTTP/1.1" 200 12582
192.168.10.62 - - [09/Aug/2017:14:48:49 -0300] "GET /cormun/servlet/trsolicitudgral? HTTP/1.1" 200 12581
192.168.10.62 - - [09/Aug/2017:14:48:54 -0300] "GET /cormun/servlet/vesolicitudgral?2017,7056,, HTTP/1.1" 200 8163
192.168.10.62 - - [09/Aug/2017:14:48:54 -0300] "GET /cormun/pexe_scrolldiv.js HTTP/1.1" 404 1009
192.168.10.62 - - [09/Aug/2017:14:48:54 -0300] "GET /cormun/pexe_scrolldiv.js HTTP/1.1" 404 1009
192.168.10.62 - - [09/Aug/2017:14:48:54 -0300] "GET /cormun/servlet/vesolicitudgral?2017,7056,, HTTP/1.1" 200 8163
192.168.10.89 - - [09/Aug/2017:14:49:01 -0300] "POST /cormun/servlet/vesolicitudgral?8f5f9fe39ee27b5cca6e5a09d591a0cd,2017,7055,,SolicitudOTLog,gx-no-cache=1502300917033 HTTP/1.1" 200 90
192.168.10.89 - - [09/Aug/2017:14:49:01 -0300] "GET /cormun/servlet/hpexe_link HTTP/1.1" 200 973
192.168.10.89 - - [09/Aug/2017:14:49:02 -0300] "GET /cormun/servlet/trsolicitudgral HTTP/1.1" 200 10878
192.168.10.89 - - [09/Aug/2017:14:49:08 -0300] "GET /cormun/servlet/vesolicitudgral?2017,7056,, HTTP/1.1" 200 9015
192.168.10.89 - - [09/Aug/2017:14:49:08 -0300] "GET /cormun/pexe_scrolldiv.js HTTP/1.1" 404 1009
192.168.10.89 - - [09/Aug/2017:14:49:11 -0300] "GET /cormun/servlet/vesolicitudgral?2017,7056,,SolicitudOTAdjuntos HTTP/1.1" 200 7888
192.168.10.89 - - [09/Aug/2017:14:49:11 -0300] "GET /cormun/pexe_scrolldiv.js HTTP/1.1" 404 1009
192.168.10.89 - - [09/Aug/2017:14:49:13 -0300] "POST /cormun/servlet/acontrolpreferencessavestate?None,CDROGUETT,true HTTP/1.1" 200 35
192.168.10.89 - - [09/Aug/2017:14:49:13 -0300] "GET /cormun/servlet/vesolicitudgral?2017,7056,,SolicitudOTLog HTTP/1.1" 200 10155
192.168.10.89 - - [09/Aug/2017:14:49:13 -0300] "GET /cormun/pexe_scrolldiv.js HTTP/1.1" 404 1009
192.168.10.89 - - [09/Aug/2017:14:49:15 -0300] "POST /cormun/servlet/acontrolpreferencessavestate?None,CDROGUETT,true HTTP/1.1" 200 35
192.168.10.62 - - [09/Aug/2017:14:49:19 -0300] "GET /cormun/servlet/vesolicitudgral?2017,7056,,SolicitudOTLog HTTP/1.1" 200 9267
192.168.10.62 - - [09/Aug/2017:14:49:19 -0300] "GET /cormun/pexe_scrolldiv.js HTTP/1.1" 404 1009
192.168.10.62 - - [09/Aug/2017:14:49:19 -0300] "GET /cormun/pexe_scrolldiv.js HTTP/1.1" 404 1009
192.168.10.62 - - [09/Aug/2017:14:49:19 -0300] "GET /cormun/servlet/vesolicitudgral?2017,7056,,SolicitudOTLog HTTP/1.1" 200 9267
192.168.10.62 - - [09/Aug/2017:14:49:20 -0300] "POST /cormun/servlet/acontrolpreferencessavestate?None,FGONZALEZG,true HTTP/1.1" 200 35
186.103.157.98 - - [09/Aug/2017:14:51:06 -0300] "GET /cormun/servlet/hpexe_return? HTTP/1.1" 200 983
186.103.157.98 - - [09/Aug/2017:14:51:06 -0300] "GET /cormun/servlet/hpexe_return? HTTP/1.1" 200 981
186.103.157.98 - - [09/Aug/2017:14:51:06 -0300] "GET /cormun/servlet/hhome HTTP/1.1" 200 3385
186.103.157.98 - - [09/Aug/2017:14:51:07 -0300] "GET /cormun/servlet/hhome HTTP/1.1" 200 3380
186.103.157.98 - - [09/Aug/2017:14:51:07 -0300] "GET /cormun/servlet/hlogin HTTP/1.1" 200 1727
186.103.157.98 - - [09/Aug/2017:14:51:09 -0300] "POST /cormun/servlet/hlogin?3bf41d5c1c8f1e98b73a1dd2f012a14c,gx-no-cache=1502301113023 HTTP/1.1" 200 90
186.103.157.98 - - [09/Aug/2017:14:51:09 -0300] "GET /cormun/servlet/hpexe_link HTTP/1.1" 200 948
186.103.157.98 - - [09/Aug/2017:14:51:09 -0300] "GET /cormun/static/hpexe_link.js?20177612121795 HTTP/1.1" 200 625
186.103.157.98 - - [09/Aug/2017:14:51:11 -0300] "GET /cormun/servlet/hhome HTTP/1.1" 200 4037
186.103.157.98 - - [09/Aug/2017:14:51:14 -0300] "GET /cormun/servlet/trsolicitudot? HTTP/1.1" 200 10545
186.103.157.98 - - [09/Aug/2017:14:51:14 -0300] "GET /cormun/static/gxcfg.js?20177612135780 HTTP/1.1" 304 -
