186.103.159.183 - - [09/Aug/2017:16:52:32 -0300] "GET /cormun/static/PXToolsJavascripts/pexe_tabs.js HTTP/1.1" 200 3748
186.103.159.183 - - [09/Aug/2017:16:52:32 -0300] "GET /cormun/static/PXToolsJavascripts/pexe_upload.js HTTP/1.1" 200 1423
186.103.159.183 - - [09/Aug/2017:16:52:32 -0300] "GET /cormun/static/RunJS/RunJS.js HTTP/1.1" 200 288
186.103.159.183 - - [09/Aug/2017:16:52:32 -0300] "GET /cormun/static/Shared/ext/locale/ext-lang-en.js HTTP/1.1" 200 10940
186.103.159.183 - - [09/Aug/2017:16:52:32 -0300] "GET /cormun/static/hhome.js?20175251212450 HTTP/1.1" 200 777
186.103.159.183 - - [09/Aug/2017:16:52:32 -0300] "GET /cormun/static/hwchdr01.js?201752511465785 HTTP/1.1" 200 1183
186.103.159.183 - - [09/Aug/2017:16:52:32 -0300] "GET /cormun/static/hpexe_recentlink.js?20177611595044 HTTP/1.1" 200 2144
186.103.159.183 - - [09/Aug/2017:16:52:32 -0300] "GET /cormun/static/hpexe_messagecontroller.js?20177611595012 HTTP/1.1" 200 870
186.103.159.183 - - [09/Aug/2017:16:52:32 -0300] "GET /cormun/static/gxui/gxui-all.js HTTP/1.1" 200 107772
186.103.159.183 - - [09/Aug/2017:16:52:33 -0300] "GET /cormun/static/hpexe_messagepopupcomponent.js?20161017169425 HTTP/1.1" 200 605
186.103.159.183 - - [09/Aug/2017:16:52:33 -0300] "GET /cormun/static/PXToolsJavascripts/PXToolsJavascriptsRender.js HTTP/1.1" 200 367
186.103.159.183 - - [09/Aug/2017:16:52:33 -0300] "GET /cormun/static/PXToolsJavascripts/pexe_popup.js HTTP/1.1" 200 13458
186.103.159.183 - - [09/Aug/2017:16:52:33 -0300] "GET /cormun/static/hpexe_messagegenexuscomponent.js?201752511465344 HTTP/1.1" 200 587
186.103.159.183 - - [09/Aug/2017:16:52:33 -0300] "GET /cormun/static/cmcontrolpreferences.js?201752511465670 HTTP/1.1" 200 1375
186.103.159.183 - - [09/Aug/2017:16:52:33 -0300] "GET /cormun/static/Shared/jquery/jquery-1.4.2.min.js HTTP/1.1" 200 72174
186.103.159.183 - - [09/Aug/2017:16:52:33 -0300] "GET /cormun/static/hpexe_scripts.js?201752511465715 HTTP/1.1" 200 1544
186.103.159.183 - - [09/Aug/2017:16:52:33 -0300] "GET /cormun/static/SmoothNavMenu/resources/ddsmoothmenu.js HTTP/1.1" 200 12712
186.103.159.183 - - [09/Aug/2017:16:52:33 -0300] "GET /cormun/static/SmoothNavMenu/resources/SmoothNavMenuRender.js HTTP/1.1" 200 5951
186.103.159.183 - - [09/Aug/2017:16:52:33 -0300] "GET /cormun/static/scaMessage/js/jquery.pnotify.min.js HTTP/1.1" 200 13038
186.103.159.183 - - [09/Aug/2017:16:52:33 -0300] "GET /cormun/static/Shared/jqueryui/jquery-ui.min.js HTTP/1.1" 200 240427
186.103.159.183 - - [09/Aug/2017:16:52:33 -0300] "GET /cormun/static/scaMessage/scaMessageRender.js HTTP/1.1" 200 11977
186.103.159.183 - - [09/Aug/2017:16:52:33 -0300] "GET /cormun/static/hmpwkw03.js?20177612122668 HTTP/1.1" 200 3965
186.103.159.183 - - [09/Aug/2017:16:52:33 -0300] "GET /cormun/static/Resources/PXToolsHeaderBackground2.png HTTP/1.1" 200 1174
186.103.159.183 - - [09/Aug/2017:16:52:33 -0300] "GET /cormun/static/Resources/PXToolsHeaderActionsBackground.png HTTP/1.1" 200 484
186.103.159.183 - - [09/Aug/2017:16:52:33 -0300] "GET /cormun/static/Shared/jquery/jquery-1.10.2.min.js HTTP/1.1" 200 273199
186.103.159.183 - - [09/Aug/2017:16:52:33 -0300] "GET /cormun/static/Resources/PXToolsDataTitle.png HTTP/1.1" 200 1173
186.103.159.183 - - [09/Aug/2017:16:52:33 -0300] "GET /cormun/static/Resources/logo4.png HTTP/1.1" 200 6582
186.103.159.183 - - [09/Aug/2017:16:52:33 -0300] "GET /cormun/static/Resources/PXToolsHeaderActionsLeft.png HTTP/1.1" 200 1118
186.103.159.183 - - [09/Aug/2017:16:52:33 -0300] "GET /cormun/static/Resources/PXToolsHeaderHome.png HTTP/1.1" 200 4147
186.103.159.183 - - [09/Aug/2017:16:52:33 -0300] "GET /cormun/static/Resources/PXToolsHeaderLogin.png HTTP/1.1" 200 4279
186.103.159.183 - - [09/Aug/2017:16:52:33 -0300] "GET /cormun/static/Resources/PXToolsHeaderPreferences.png HTTP/1.1" 200 4189
186.103.159.183 - - [09/Aug/2017:16:52:33 -0300] "GET /cormun/static/Resources/PXToolsHeaderSecurity.png HTTP/1.1" 200 4166
186.103.159.183 - - [09/Aug/2017:16:52:33 -0300] "GET /cormun/static/Resources/PXToolsHeaderActionsRight.png HTTP/1.1" 200 1201
186.103.159.183 - - [09/Aug/2017:16:52:33 -0300] "GET /cormun/static/Resources/PXToolsFooterBackground2.png HTTP/1.1" 200 1172
186.103.159.183 - - [09/Aug/2017:16:52:37 -0300] "GET /cormun/static/Shared/ext/ext-all.js HTTP/1.1" 200 1289687
186.103.159.183 - - [09/Aug/2017:16:52:38 -0300] "GET /cormun/static/SmoothNavMenu/resources/images/down.gif HTTP/1.1" 200 854
186.103.159.183 - - [09/Aug/2017:16:52:38 -0300] "GET /cormun/servlet/hhome HTTP/1.1" 200 3991
186.103.159.183 - - [09/Aug/2017:16:52:38 -0300] "GET /cormun/static/SmoothNavMenu/resources/images/right.gif HTTP/1.1" 200 860
186.103.159.183 - - [09/Aug/2017:16:54:00 -0300] "GET /cormun/servlet/trsolicitudot? HTTP/1.1" 200 11478
186.103.159.183 - - [09/Aug/2017:16:54:00 -0300] "GET /cormun/static/gxui/gxui-all.css?110300 HTTP/1.1" 200 2179
186.103.159.183 - - [09/Aug/2017:16:54:00 -0300] "GET /cormun/static/gxcfg.js?20177612135780 HTTP/1.1" 200 953
186.103.159.183 - - [09/Aug/2017:16:54:00 -0300] "GET /cormun/static/calendar-setup.js?85251 HTTP/1.1" 200 2588
186.103.159.183 - - [09/Aug/2017:16:54:01 -0300] "GET /cormun/static/calendar.js?85251 HTTP/1.1" 200 26246
186.103.159.183 - - [09/Aug/2017:16:54:01 -0300] "GET /cormun/static/calendar-es.js?85251 HTTP/1.1" 200 1901
186.103.159.183 - - [09/Aug/2017:16:54:01 -0300] "GET /cormun/static/gxdec.js?85251 HTTP/1.1" 200 19579
186.103.159.183 - - [09/Aug/2017:16:54:01 -0300] "GET /cormun/static/trsolicitudot.js?2017761214480 HTTP/1.1" 200 54041
186.103.159.183 - - [09/Aug/2017:16:54:01 -0300] "GET /cormun/static/Shared/ext/resources/css/ext-all.css?205870 HTTP/1.1" 200 416045
186.103.159.183 - - [09/Aug/2017:16:54:01 -0300] "GET /cormun/static/calendar-system.css?75620 HTTP/1.1" 200 5572
186.103.159.183 - - [09/Aug/2017:16:54:01 -0300] "GET /cormun/static/Resources/PXToolsGridNew.png HTTP/1.1" 200 2949
186.103.159.183 - - [09/Aug/2017:16:54:01 -0300] "GET /cormun/static/Resources/PXTools/calendar.png HTTP/1.1" 200 1306
186.103.159.183 - - [09/Aug/2017:16:54:02 -0300] "GET /cormun/static/Resources/PXToolsDataSearch.png HTTP/1.1" 200 419
186.103.159.183 - - [09/Aug/2017:16:54:02 -0300] "GET /cormun/static/Resources/PXToolsGridNextDisabled.gif HTTP/1.1" 200 90
186.103.159.183 - - [09/Aug/2017:16:54:02 -0300] "GET /cormun/static/Resources/PXToolsGridFirstDisabled.gif HTTP/1.1" 200 100
186.103.159.183 - - [09/Aug/2017:16:54:02 -0300] "GET /cormun/static/Resources/PXToolsGridPreviousDisabled.gif HTTP/1.1" 200 90
186.103.159.183 - - [09/Aug/2017:16:54:02 -0300] "GET /cormun/static/Resources/PXToolsGridLastDisabled.gif HTTP/1.1" 200 98
186.103.159.183 - - [09/Aug/2017:16:54:02 -0300] "GET /cormun/static/Resources/asc.gif HTTP/1.1" 200 67
186.103.159.183 - - [09/Aug/2017:16:54:02 -0300] "GET /cormun/static/Resources/PXToolsGridPage.gif HTTP/1.1" 200 725
186.103.159.183 - - [09/Aug/2017:16:54:02 -0300] "GET /cormun/static/Resources/PXToolsActionExcel.png HTTP/1.1" 200 3187
186.103.159.183 - - [09/Aug/2017:16:54:02 -0300] "GET /cormun/static/Resources/desc.gif HTTP/1.1" 200 65
186.103.159.183 - - [09/Aug/2017:16:54:02 -0300] "GET /cormun/static/Resources/asc.gif HTTP/1.1" 200 67
186.103.159.183 - - [09/Aug/2017:16:54:02 -0300] "GET /cormun//static/Resources/PXToolsGridUpdate.png HTTP/1.1" 200 2984
186.103.159.183 - - [09/Aug/2017:16:54:03 -0300] "GET /cormun//static/Resources/PXToolsActionView.png HTTP/1.1" 200 2995
186.103.159.183 - - [09/Aug/2017:16:54:03 -0300] "GET /cormun//static/Resources/PXToolsRemoveAllAction.png HTTP/1.1" 200 3558
186.103.159.183 - - [09/Aug/2017:16:54:03 -0300] "GET /cormun//static/Resources/PXTools/ActionInsert.png HTTP/1.1" 200 1482
186.103.159.183 - - [09/Aug/2017:16:54:03 -0300] "GET /cormun/servlet/trsolicitudot? HTTP/1.1" 200 11476
186.103.159.183 - - [09/Aug/2017:16:54:03 -0300] "GET /cormun/static/Shared/ext/resources/themes/images/default/tools/tool-sprites.gif HTTP/1.1" 200 5434
186.103.159.183 - - [09/Aug/2017:16:54:03 -0300] "GET /cormun/static/Shared/ext/resources/themes/images/default/panel/bg-headersPanel.png HTTP/1.1" 200 255
186.103.159.183 - - [09/Aug/2017:16:54:03 -0300] "GET /cormun//static/Resources/PXToolsGridDelete.png HTTP/1.1" 200 357
192.168.10.96 - - [09/Aug/2017:16:54:11 -0300] "GET /cormun/servlet/licenciaspermisos?4b12555e170bd300f2cf1863509c4a6ba986808a23687bbe72c58c6f28c657b1fa87ca9e7276ba60dc629b3e69d150d09d3352444ba39960c6ccbf75caf9b713ae450ce8aaafd7be32fbb173d05ab83cd16799990eed040e47df0129f5de32e50b0f58f33b6ea619a0df5f00fbb65bc6eab9af9cd5029121050546b97a4f970eeb92221e06a3e4fea868ac1e3f8094d84e96330b9e82a9f3b6b42a2d6d0e5604ef89bd74ca4cde15706d628f6c7db85b,gx-no-cache=1502308427044 HTTP/1.1" 200 30
192.168.10.96 - - [09/Aug/2017:16:54:11 -0300] "GET /cormun/servlet/licenciaspermisos?4b12555e170bd300f2cf1863509c4a6bb91f7e0b49c5ff59c091a55b9229f2166c30c79d90e748f1729167e3f0956830611fdc18759976211ce0c6d09d634fa38afc94b44142834bb8ae4fcff4a97b8413587a5541b11f46621c3cc5698fb2185deb4583af63a477862cd23b1360fc1f7f255dd901150b6e319ac02049b958a0d4c853f8dc79616b9770594494537f3e3b29ca8995d558d17d20b313ee0c266f17cbd74e304bf12b92027ebe0b49a54d,gx-no-cache=1502308427059 HTTP/1.1" 200 29
192.168.10.96 - - [09/Aug/2017:16:54:11 -0300] "POST /cormun/servlet/licenciaspermisos?48a5cba3d5bb93abae57de6beff50c7b,INS,0,,,,gx-no-cache=1502308427071 HTTP/1.1" 200 93
192.168.10.96 - - [09/Aug/2017:16:54:11 -0300] "GET /cormun/servlet/hpexe_return? HTTP/1.1" 200 1011
192.168.10.96 - - [09/Aug/2017:16:54:12 -0300] "GET /cormun/servlet/trlicencias HTTP/1.1" 200 9121
192.168.10.96 - - [09/Aug/2017:16:54:12 -0300] "GET /cormun/servlet/trlicencias HTTP/1.1" 200 9117
186.103.157.235 - - [09/Aug/2017:16:54:16 -0300] "POST /cormun/servlet/trcontratosolicitud?12df0ec3050f324aa3526cda0bab806d,,gx-no-cache=1502308494742 HTTP/1.1" 200 12327
207.46.13.126 - - [09/Aug/2017:16:54:19 -0300] "GET /cormun/static/trcontratounov2.js?201752512125146 HTTP/1.1" 200 38486
192.168.10.96 - - [09/Aug/2017:16:54:24 -0300] "GET /cormun/servlet/trlicenciaspermisosadjuntos?15691727,20170809000000,L, HTTP/1.1" 200 6373
192.168.10.96 - - [09/Aug/2017:16:54:24 -0300] "GET /cormun/static/gxcfg.js?20177612163414 HTTP/1.1" 200 953
192.168.10.96 - - [09/Aug/2017:16:54:24 -0300] "GET /cormun/static/trlicenciaspermisosadjuntos.js?20177612163719 HTTP/1.1" 200 21036
192.168.10.96 - - [09/Aug/2017:16:54:25 -0300] "GET /cormun/servlet/trlicenciaspermisosadjuntos?15691727,20170809000000,L, HTTP/1.1" 200 6373
192.168.10.96 - - [09/Aug/2017:16:54:38 -0300] "GET /cormun/servlet/licenciaspermisosadjuntos?INS,15691727,L,20170809000000,, HTTP/1.1" 200 5671
192.168.10.96 - - [09/Aug/2017:16:54:38 -0300] "GET /cormun/static/gxcfg.js?2017761263592 HTTP/1.1" 200 953
192.168.10.96 - - [09/Aug/2017:16:54:38 -0300] "GET /cormun/static/licenciaspermisosadjuntos.js?201776126362 HTTP/1.1" 200 8760
192.168.10.96 - - [09/Aug/2017:16:54:38 -0300] "GET /cormun/static/about:blank HTTP/1.1" 404 1011
186.103.159.43 - - [09/Aug/2017:16:54:38 -0300] "GET /cormun/servlet/hlogin HTTP/1.1" 200 1720
192.168.10.96 - - [09/Aug/2017:16:54:38 -0300] "GET /cormun/servlet/licenciaspermisosadjuntos?INS,15691727,L,20170809000000,, HTTP/1.1" 200 5660
186.103.159.43 - - [09/Aug/2017:16:54:40 -0300] "POST /cormun/servlet/hlogin?c7633ed250d3af43819bc1bb503113d4,gx-no-cache=1502304920540 HTTP/1.1" 200 90
186.103.159.43 - - [09/Aug/2017:16:54:40 -0300] "GET /cormun/servlet/hpexe_link HTTP/1.1" 200 951
186.103.159.43 - - [09/Aug/2017:16:54:40 -0300] "GET /cormun/servlet/hhome HTTP/1.1" 200 3774
186.103.159.43 - - [09/Aug/2017:16:54:41 -0300] "GET /cormun/servlet/hhome HTTP/1.1" 200 3771
186.103.159.43 - - [09/Aug/2017:16:54:45 -0300] "GET /cormun/servlet/trsolicitudot? HTTP/1.1" 200 10767
186.103.159.43 - - [09/Aug/2017:16:54:45 -0300] "GET /cormun/servlet/trsolicitudot? HTTP/1.1" 200 10764
186.103.157.235 - - [09/Aug/2017:16:55:31 -0300] "POST /cormun/servlet/trcontratosolicitud?12df0ec3050f324aa3526cda0bab806d,,gx-no-cache=1502308570694 HTTP/1.1" 200 9737
186.103.157.98 - - [09/Aug/2017:16:55:58 -0300] "POST /cormun/servlet/trautorizarsolicitud?3e25151ac48355eabfa78e48f6921330,,gx-no-cache=1502308600988 HTTP/1.1" 440 972
192.168.10.96 - - [09/Aug/2017:16:55:59 -0300] "POST /cormun/servlet/licenciaspermisosadjuntos?48a5cba3d5bb93abae57de6beff50c7b,INS,15691727,L,20170809000000,, HTTP/1.1" 200 116
192.168.10.96 - - [09/Aug/2017:16:55:59 -0300] "GET /cormun/servlet/hpexe_return? HTTP/1.1" 200 1043
192.168.10.96 - - [09/Aug/2017:16:55:59 -0300] "GET /cormun/servlet/trlicenciaspermisosadjuntos?15691727,20170809000000,L, HTTP/1.1" 200 6861
192.168.10.96 - - [09/Aug/2017:16:55:59 -0300] "GET /cormun/servlet/trlicenciaspermisosadjuntos?15691727,20170809000000,L, HTTP/1.1" 200 6860
192.168.10.96 - - [09/Aug/2017:16:56:02 -0300] "GET /cormun/PublicTempStorage/201708100404141125.pdf HTTP/1.1" 200 268634
186.103.157.235 - - [09/Aug/2017:16:56:03 -0300] "GET /cormun/servlet/trsolicitudot? HTTP/1.1" 200 9753
192.168.10.96 - - [09/Aug/2017:16:56:06 -0300] "GET /cormun/servlet/trlicenciaspermisosadjuntos?15691727,20170809000000,L, HTTP/1.1" 200 6862
186.103.157.98 - - [09/Aug/2017:16:56:06 -0300] "GET /cormun/servlet/trautorizarsolicitud? HTTP/1.1" 200 6088
192.168.10.96 - - [09/Aug/2017:16:56:06 -0300] "GET /cormun/servlet/trlicenciaspermisosadjuntos?15691727,20170809000000,L, HTTP/1.1" 200 6860
186.103.157.98 - - [09/Aug/2017:16:56:07 -0300] "GET /cormun/servlet/trautorizarsolicitud? HTTP/1.1" 200 6088
186.103.157.98 - - [09/Aug/2017:16:56:07 -0300] "GET /cormun/servlet/hlogin HTTP/1.1" 200 1744
192.168.10.96 - - [09/Aug/2017:16:56:09 -0300] "POST /cormun/servlet/trlicenciaspermisosadjuntos?48a5cba3d5bb93abae57de6beff50c7b,15691727,20170809000000,L,,gx-no-cache=1502308544705 HTTP/1.1" 200 90
192.168.10.96 - - [09/Aug/2017:16:56:09 -0300] "GET /cormun/servlet/hpexe_link HTTP/1.1" 200 986
192.168.10.96 - - [09/Aug/2017:16:56:09 -0300] "GET /cormun/servlet/trlicencias HTTP/1.1" 200 9119
192.168.10.96 - - [09/Aug/2017:16:56:09 -0300] "GET /cormun/servlet/trlicencias HTTP/1.1" 200 9117
192.168.10.96 - - [09/Aug/2017:16:56:20 -0300] "GET /cormun/servlet/alicenciaprn?15691727,L,20170809000000,PU HTTP/1.1" 200 1537
186.103.157.235 - - [09/Aug/2017:16:56:23 -0300] "GET /cormun/servlet/trsolicitudot? HTTP/1.1" 200 9750
192.168.10.96 - - [09/Aug/2017:16:56:57 -0300] "POST /cormun/servlet/trlicencias?48a5cba3d5bb93abae57de6beff50c7b,gx-no-cache=1502308592928 HTTP/1.1" 200 6390
192.168.10.96 - - [09/Aug/2017:16:56:57 -0300] "GET /cormun/static/Shared/jqueryui/images/ui-bg_highlight-soft_100_c6c2c8_1x100.png HTTP/1.1" 404 1117
192.168.10.96 - - [09/Aug/2017:16:56:57 -0300] "GET /cormun/static/Shared/jqueryui/images/ui-icons_82798d_256x240.png HTTP/1.1" 404 1089
192.168.10.96 - - [09/Aug/2017:16:56:57 -0300] "GET /cormun/static/Shared/jqueryui/images/ui-icons_8d78a5_256x240.png HTTP/1.1" 404 1089
192.168.10.96 - - [09/Aug/2017:16:56:57 -0300] "GET /cormun/static/Shared/jqueryui/images/ui-bg_flat_55_fafafa_40x100.png HTTP/1.1" 404 1097
186.103.157.235 - - [09/Aug/2017:16:57:00 -0300] "GET /cormun/servlet/solicitudot?INS,0,0, HTTP/1.1" 200 12905
186.103.157.235 - - [09/Aug/2017:16:57:01 -0300] "GET /cormun/servlet/solicitudot?INS,0,0, HTTP/1.1" 200 12910
186.103.157.235 - - [09/Aug/2017:16:57:11 -0300] "POST /cormun/servlet/solicitudot?gx-no-cache=1502308673637 HTTP/1.1" 200 3195
186.103.157.235 - - [09/Aug/2017:16:57:12 -0300] "POST /cormun/servlet/solicitudot?12df0ec3050f324aa3526cda0bab806d,INS,0,0,,gx-no-cache=1502308674462 HTTP/1.1" 200 10012
186.103.157.235 - - [09/Aug/2017:16:57:17 -0300] "GET /cormun/servlet/solicitudot?1b33d6b11e2266053e495114b38c9a2fab21d9aa6cf6b5c786460d816febde101d8c9c3aa6ce4a14968667fe28911066,gx-no-cache=1502308679620 HTTP/1.1" 200 30
186.103.157.235 - - [09/Aug/2017:16:57:17 -0300] "POST /cormun/servlet/solicitudot?gx-no-cache=1502308679707 HTTP/1.1" 200 255
186.103.157.235 - - [09/Aug/2017:16:57:18 -0300] "GET /cormun/servlet/solicitudot?1b33d6b11e2266053e495114b38c9a2f6d8cb027377b15dbdd5fd916df99ebdcc9ee20bd8e9b10812326651b3eb8fbcc0cf40e36c543831ffcd1448f9bb7a117fb6f17dda5eb4118c79162c21e4d76444137eacc5ad84d26410b9bdbf18d2e8e2c17537bf5d68a165676b297fb82739b784f7147667d39a25d2404f21609c7801fab52dec0ff73f27525e49247761f6a27f64651bc8dbaf74dbd3ec456cee1b55da38cd9455b8c174b62769bb8102501bccd3a22f21f56590e1432645abf411e4bd0bc419c5c575f0e6fe20200f63f8f660bfc40f841c2faee12a73bf722bb1807afd5eb6faad686ceb06a54eccd7ea46367a3105da506b7d81d006e65f1df16952b96d6be64d8ea8864a8aed6918de97f0e249e706830909f0df455cb5c7fff444ac3c8ef62b28ab99cdf6f62731feec527b2c6a4020e59f4528d468904d9da180b2790fbda911af9c03dcaadcccf9f7bd8a5675cf2441776fd0de31cada8268e14e03b93c28d9fb1efd0f0fc07e1bc0e13d92b288fa5bf1ff01ea2315815c4,gx-no-cache=1502308679846 HTTP/1.1" 200 30
186.103.157.235 - - [09/Aug/2017:16:57:22 -0300] "POST /cormun/servlet/solicitudot?gx-no-cache=1502308684570 HTTP/1.1" 200 30
186.103.157.235 - - [09/Aug/2017:16:57:31 -0300] "GET /cormun/servlet/prsolicitudot?14024644,,,,,MD,,gxPopupLevel%3D0%3B HTTP/1.1" 200 6187
186.103.157.235 - - [09/Aug/2017:16:57:31 -0300] "GET /cormun/static/gxcfg.js?2017761215935 HTTP/1.1" 200 953
186.103.157.235 - - [09/Aug/2017:16:57:31 -0300] "GET /cormun/static/prsolicitudot.js?20177612151099 HTTP/1.1" 200 13680
186.103.157.235 - - [09/Aug/2017:16:57:35 -0300] "POST /cormun/servlet/solicitudot?gx-no-cache=1502308698276 HTTP/1.1" 200 1357
186.103.157.235 - - [09/Aug/2017:16:57:36 -0300] "POST /cormun/servlet/solicitudot?gx-no-cache=1502308698419 HTTP/1.1" 200 38
186.103.157.235 - - [09/Aug/2017:16:57:36 -0300] "GET /cormun/servlet/solicitudot?1b33d6b11e2266053e495114b38c9a2ffba8c975a95051e1e457a316d11623184c54323df9902953ed3cf61e97c08e626fe10ecd90a1c79038b86349daf35dbd8a7f4ef8315fb6be01b9b9a72571dc1487e379bb54af17b47065e7e1da555e18352612c976eb06abe2f5148938ce83510baf6016b53447f757869967a78d075774f0c1e71c803f6807d303648e82ba2873a196caa38151071dd310ce6e0349d1,gx-no-cache=1502308698493 HTTP/1.1" 200 29
186.103.157.235 - - [09/Aug/2017:16:57:36 -0300] "POST /cormun/servlet/solicitudot?gx-no-cache=1502308698562 HTTP/1.1" 200 1337
186.103.157.235 - - [09/Aug/2017:16:57:38 -0300] "GET /cormun/servlet/prcontratosol?14024644,,,,,MD,,gxPopupLevel%3D0%3B HTTP/1.1" 200 7503
186.103.157.235 - - [09/Aug/2017:16:57:39 -0300] "GET /cormun/static/gxcfg.js?201761413223964 HTTP/1.1" 200 953
186.103.157.235 - - [09/Aug/2017:16:57:39 -0300] "GET /cormun/static/prcontratosol.js?201761413224174 HTTP/1.1" 200 15806
186.103.157.235 - - [09/Aug/2017:16:57:47 -0300] "POST /cormun/servlet/solicitudot?gx-no-cache=1502308709646 HTTP/1.1" 200 1357
186.103.157.235 - - [09/Aug/2017:16:57:47 -0300] "POST /cormun/servlet/solicitudot?gx-no-cache=1502308710036 HTTP/1.1" 200 38
186.103.157.235 - - [09/Aug/2017:16:57:47 -0300] "POST /cormun/servlet/solicitudot?gx-no-cache=1502308710165 HTTP/1.1" 200 1337
186.103.157.235 - - [09/Aug/2017:16:58:15 -0300] "POST /cormun/servlet/solicitudot?gx-no-cache=1502308737662 HTTP/1.1" 200 1336
186.103.157.235 - - [09/Aug/2017:16:58:15 -0300] "GET /cormun/static/menuarrow.gif HTTP/1.1" 404 1015
186.103.157.235 - - [09/Aug/2017:16:58:20 -0300] "POST /cormun/servlet/solicitudot?gx-no-cache=1502308742545 HTTP/1.1" 200 1336
186.103.157.235 - - [09/Aug/2017:16:58:57 -0300] "POST /cormun/servlet/solicitudot?gx-no-cache=1502308779942 HTTP/1.1" 200 33
192.168.10.96 - - [09/Aug/2017:16:59:17 -0300] "GET /cormun/servlet/trsolicitudot? HTTP/1.1" 200 11785
192.168.10.96 - - [09/Aug/2017:16:59:18 -0300] "GET /cormun/servlet/trsolicitudot? HTTP/1.1" 200 11785
192.168.10.96 - - [09/Aug/2017:16:59:22 -0300] "GET /cormun/servlet/solicitudot?INS,0,0, HTTP/1.1" 200 12895
192.168.10.96 - - [09/Aug/2017:16:59:22 -0300] "GET /cormun/static/gxcfg.js?201752522134570 HTTP/1.1" 200 953
192.168.10.96 - - [09/Aug/2017:16:59:22 -0300] "GET /cormun/static/solicitudot.js?201752522134767 HTTP/1.1" 200 64045
192.168.10.96 - - [09/Aug/2017:16:59:22 -0300] "GET /cormun/servlet/solicitudot?INS,0,0, HTTP/1.1" 200 12900
192.168.10.96 - - [09/Aug/2017:16:59:37 -0300] "POST /cormun/servlet/solicitudot?gx-no-cache=1502308752920 HTTP/1.1" 200 3222
192.168.10.96 - - [09/Aug/2017:16:59:37 -0300] "POST /cormun/servlet/solicitudot?48a5cba3d5bb93abae57de6beff50c7b,INS,0,0,,gx-no-cache=1502308753025 HTTP/1.1" 200 10025
186.103.157.235 - - [09/Aug/2017:16:59:37 -0300] "POST /cormun/servlet/solicitudot?12df0ec3050f324aa3526cda0bab806d,INS,0,0,,gx-no-cache=1502308815320 HTTP/1.1" 200 93
186.103.157.235 - - [09/Aug/2017:16:59:38 -0300] "GET /cormun/servlet/hpexe_return? HTTP/1.1" 200 1008
186.103.157.235 - - [09/Aug/2017:16:59:38 -0300] "GET /cormun/static/gxcfg.js?2016101716175148 HTTP/1.1" 200 953
186.103.157.235 - - [09/Aug/2017:16:59:38 -0300] "GET /cormun/static/hpexe_return.js?2016101716175153 HTTP/1.1" 200 1633
186.103.157.235 - - [09/Aug/2017:16:59:38 -0300] "GET /cormun/static/Resources/Spanish/PXTools.css?167811 HTTP/1.1" 200 89042
186.103.157.235 - - [09/Aug/2017:16:59:39 -0300] "GET /cormun/servlet/trsolicitudot HTTP/1.1" 200 10179
186.103.157.235 - - [09/Aug/2017:16:59:39 -0300] "GET /cormun/servlet/trsolicitudot HTTP/1.1" 200 10175
192.168.10.96 - - [09/Aug/2017:16:59:41 -0300] "GET /cormun/servlet/solicitudot?5ab3bca1ee748b78f8739bdfcac02fe40aa8de4ed3f35a97fc980e897ea6f06c0ca044d61dee0c317203254781692332,gx-no-cache=1502308756819 HTTP/1.1" 200 30
192.168.10.96 - - [09/Aug/2017:16:59:45 -0300] "POST /cormun/servlet/solicitudot?gx-no-cache=1502308761183 HTTP/1.1" 200 240
192.168.10.96 - - [09/Aug/2017:16:59:45 -0300] "GET /cormun/servlet/solicitudot?5ab3bca1ee748b78f8739bdfcac02fe4e48b454090516f9b828dcf94170c8829b5710e294f6eeb32c54e69909ae13211936a9bbd9ad0a1d04e76d348ea256c34c2fc8112b84f0d72f1c9b141e2fc62976fdd55f8e4d1abff76569816e9e733b143f5f52564bbc360d09b17b2a036365bfc43ee9b977a2d9c12e29f367c675826d61a95787e5688c18f51b8ccbc2d9c46779acd380f2ca4174e1011bf112a9bf1dacd6db336a31fa419655cb8f0229af03024dcc91d11208b4ff7752825be25855cc3ba4361241562fddbc9367992b65985729f39cede68c59905788f23a41126d6a327d2950b7561d237799261595c9f3c4e6c2cd4411e36ffc69f5a072d60499d3352444ba39960c6ccbf75caf9b713bba31141639cc5c9427043338c242e12d1ab9fed580a79b69d48a48cbb8d74ab6cc3f29dd58a020e661e4e0fd898642e9d583572f148590594de1497d9efa40f7d95be7d0415324cfc2b592edd781f3fab3628e1cd9e2ad0c2f491604a72ac2e3883902a672e09583dea6578ef809d63,gx-no-cache=1502308761214 HTTP/1.1" 200 30
192.168.10.96 - - [09/Aug/2017:16:59:57 -0300] "POST /cormun/servlet/solicitudot?gx-no-cache=1502308772761 HTTP/1.1" 200 30
192.168.10.96 - - [09/Aug/2017:16:59:59 -0300] "POST /cormun/servlet/solicitudot?gx-no-cache=1502308775177 HTTP/1.1" 200 30
186.103.157.235 - - [09/Aug/2017:17:00:01 -0300] "POST /cormun/servlet/trsolicitudot?12df0ec3050f324aa3526cda0bab806d,gx-no-cache=1502308840870 HTTP/1.1" 200 7320
186.103.157.235 - - [09/Aug/2017:17:00:01 -0300] "GET /cormun/static/Shared/jqueryui/images/ui-bg_highlight-soft_100_c6c2c8_1x100.png HTTP/1.1" 404 1117
186.103.157.235 - - [09/Aug/2017:17:00:01 -0300] "GET /cormun/static/Shared/jqueryui/images/ui-icons_8d78a5_256x240.png HTTP/1.1" 404 1089
186.103.157.235 - - [09/Aug/2017:17:00:02 -0300] "GET /cormun/static/Shared/jqueryui/images/ui-bg_flat_55_fafafa_40x100.png HTTP/1.1" 404 1097
186.103.157.235 - - [09/Aug/2017:17:00:04 -0300] "GET /cormun/static/Shared/jqueryui/images/ui-icons_82798d_256x240.png HTTP/1.1" 404 1089
186.103.157.235 - - [09/Aug/2017:17:00:08 -0300] "POST /cormun/servlet/trsolicitudot?12df0ec3050f324aa3526cda0bab806d,gx-no-cache=1502308844086 HTTP/1.1" 200 7266
192.168.10.96 - - [09/Aug/2017:17:00:18 -0300] "POST /cormun/servlet/solicitudot?gx-no-cache=1502308793413 HTTP/1.1" 200 1357
186.103.157.235 - - [09/Aug/2017:17:00:19 -0300] "GET /cormun/servlet/trsolicitudot? HTTP/1.1" 200 10173
186.103.157.235 - - [09/Aug/2017:17:00:20 -0300] "GET /cormun/servlet/trsolicitudot? HTTP/1.1" 200 10173
192.168.10.96 - - [09/Aug/2017:17:00:23 -0300] "GET /cormun/static/Resources/resize.gif HTTP/1.1" 200 77
192.168.10.96 - - [09/Aug/2017:17:00:23 -0300] "GET /cormun/servlet/prlicenciaspermisos?15691727,L,,MD,,gxPopupLevel%3D0%3B HTTP/1.1" 200 6085
192.168.10.96 - - [09/Aug/2017:17:00:23 -0300] "GET /cormun/static/gxcfg.js?20176272053834 HTTP/1.1" 200 953
192.168.10.96 - - [09/Aug/2017:17:00:23 -0300] "GET /cormun/static/prlicenciaspermisos.js?20176272054050 HTTP/1.1" 200 13379
192.168.10.96 - - [09/Aug/2017:17:00:23 -0300] "GET /cormun/static/hmpwkw011.js?20177612121862 HTTP/1.1" 200 1968
192.168.10.96 - - [09/Aug/2017:17:00:23 -0300] "GET /cormun/static/menusearch.js?201610171694467 HTTP/1.1" 200 1424
192.168.10.96 - - [09/Aug/2017:17:00:23 -0300] "GET /cormun/static/Resources/PXToolsMenuSearch.png HTTP/1.1" 200 2914
192.168.10.96 - - [09/Aug/2017:17:00:23 -0300] "GET /cormun/static/Resources/PXToolsMenuSearchCancel.png HTTP/1.1" 200 2972
186.103.157.235 - - [09/Aug/2017:17:00:25 -0300] "GET /cormun/servlet/solicitudot?INS,0,0, HTTP/1.1" 200 12903
186.103.157.235 - - [09/Aug/2017:17:00:26 -0300] "GET /cormun/servlet/solicitudot?INS,0,0, HTTP/1.1" 200 12908
192.168.10.96 - - [09/Aug/2017:17:00:34 -0300] "POST /cormun/servlet/solicitudot?gx-no-cache=1502308809338 HTTP/1.1" 200 41
186.103.159.183 - - [09/Aug/2017:17:01:53 -0300] "GET /cormun/servlet/hlogin HTTP/1.1" 200 1731
192.168.10.96 - - [09/Aug/2017:17:02:52 -0300] "GET /cormun/servlet/solicitudot?5ab3bca1ee748b78f8739bdfcac02fe466bfb986016eb1e233f075ce3c52fc5f54338617bfd891ad3d4282545ca6583fcb863df29fee6e3d0162ea55819b6633b5e5dfc0c44795d035b07042c3ca24d1d4a42714a738b69b0c6fbbbf486cc2cd852673fb0041bb733f59f4b681af60632b98cce7c9fe90b68a9b6bdfee72760339cd668b699b3b01fbf7f421c624809fb3367b5a317c4ff551ffd4898eaae4c3,gx-no-cache=1502308948058 HTTP/1.1" 200 29
192.168.10.96 - - [09/Aug/2017:17:02:53 -0300] "POST /cormun/servlet/solicitudot?gx-no-cache=1502308948083 HTTP/1.1" 200 1337
192.168.10.96 - - [09/Aug/2017:17:03:14 -0300] "POST /cormun/servlet/solicitudot?gx-no-cache=1502308969898 HTTP/1.1" 200 34
192.168.10.96 - - [09/Aug/2017:17:03:24 -0300] "POST /cormun/servlet/solicitudot?48a5cba3d5bb93abae57de6beff50c7b,INS,0,0,,gx-no-cache=1502308979477 HTTP/1.1" 200 93
192.168.10.96 - - [09/Aug/2017:17:03:24 -0300] "GET /cormun/servlet/hpexe_return? HTTP/1.1" 200 1007
192.168.10.96 - - [09/Aug/2017:17:03:24 -0300] "GET /cormun/servlet/trsolicitudot HTTP/1.1" 200 12384
192.168.10.96 - - [09/Aug/2017:17:03:25 -0300] "GET /cormun/servlet/trsolicitudot HTTP/1.1" 200 12380
192.168.10.96 - - [09/Aug/2017:17:03:45 -0300] "POST /cormun/servlet/trsolicitudot?48a5cba3d5bb93abae57de6beff50c7b,gx-no-cache=1502309001059 HTTP/1.1" 200 105
192.168.10.96 - - [09/Aug/2017:17:03:45 -0300] "GET /cormun/servlet/solicitudot?UPD,2017,7175, HTTP/1.1" 200 14574
192.168.10.96 - - [09/Aug/2017:17:03:46 -0300] "GET /cormun/servlet/solicitudot?UPD,2017,7175, HTTP/1.1" 200 14583
192.168.10.96 - - [09/Aug/2017:17:03:46 -0300] "POST /cormun/servlet/solicitudot?gx-no-cache=1502309002155 HTTP/1.1" 200 3222
192.168.10.96 - - [09/Aug/2017:17:03:47 -0300] "POST /cormun/servlet/solicitudot?48a5cba3d5bb93abae57de6beff50c7b,UPD,2017,7175,,gx-no-cache=1502309002260 HTTP/1.1" 200 11152
192.168.10.96 - - [09/Aug/2017:17:03:47 -0300] "GET /cormun/servlet/solicitudot?5ab3bca1ee748b78f8739bdfcac02fe40aa8de4ed3f35a97fc980e897ea6f06c13cb877c0169411391eddf006c6e82af,gx-no-cache=1502309002426 HTTP/1.1" 200 30
192.168.10.96 - - [09/Aug/2017:17:03:47 -0300] "POST /cormun/servlet/solicitudot?gx-no-cache=1502309002452 HTTP/1.1" 200 240
192.168.10.96 - - [09/Aug/2017:17:03:47 -0300] "GET /cormun/servlet/solicitudot?5ab3bca1ee748b78f8739bdfcac02fe4e48b454090516f9b828dcf94170c8829b5710e294f6eeb32c54e69909ae13211936a9bbd9ad0a1d04e76d348ea256c34c2fc8112b84f0d72f1c9b141e2fc62976fdd55f8e4d1abff76569816e9e733b143f5f52564bbc360d09b17b2a036365bfc43ee9b977a2d9c12e29f367c675826d61a95787e5688c18f51b8ccbc2d9c46779acd380f2ca4174e1011bf112a9bf1dacd6db336a31fa419655cb8f0229af03024dcc91d11208b4ff7752825be25855cc3ba4361241562fddbc9367992b65985729f39cede68c59905788f23a41126d6a327d2950b7561d237799261595c9f3c4e6c2cd4411e36ffc69f5a072d60499d3352444ba39960c6ccbf75caf9b713bba31141639cc5c9427043338c242e12d1ab9fed580a79b69d48a48cbb8d74ab6cc3f29dd58a020e661e4e0fd898642e9d583572f148590594de1497d9efa40f7d95be7d0415324cfc2b592edd781f3fab3628e1cd9e2ad0c2f491604a72ac2eec0ef809ef0ded42d2b05a7766c3821d,gx-no-cache=1502309002481 HTTP/1.1" 200 30
192.168.10.96 - - [09/Aug/2017:17:03:47 -0300] "POST /cormun/servlet/solicitudot?gx-no-cache=1502309002500 HTTP/1.1" 200 30
192.168.10.96 - - [09/Aug/2017:17:03:47 -0300] "POST /cormun/servlet/solicitudot?gx-no-cache=1502309002521 HTTP/1.1" 200 1357
192.168.10.96 - - [09/Aug/2017:17:03:47 -0300] "POST /cormun/servlet/solicitudot?gx-no-cache=1502309002588 HTTP/1.1" 200 41
192.168.10.96 - - [09/Aug/2017:17:04:11 -0300] "GET /cormun/servlet/solicitudot?5ab3bca1ee748b78f8739bdfcac02fe431d1aea7fe334dd915d8a9d98a5fffececa95487f64cb77adb63de6389c3cc68c11904362751ad81ed95b36d36dee0a3e41dba1a8ae354b40314d2b2dac912f4b392cf0ecd5256ef4f82c7313820a20a7869ca4c4e58dfb1e8d5e42196aca7cb8baa5afbdce5b7207f3ab4a08355ce413afee9a7a4dde9030e412f2116eab70acce1fff67c5f0f577a42bc4f17ed7e78,gx-no-cache=1502309026309 HTTP/1.1" 200 29
192.168.10.96 - - [09/Aug/2017:17:04:11 -0300] "POST /cormun/servlet/solicitudot?gx-no-cache=1502309026327 HTTP/1.1" 200 1337
192.168.10.96 - - [09/Aug/2017:17:04:11 -0300] "POST /cormun/servlet/solicitudot?gx-no-cache=1502309026359 HTTP/1.1" 200 34
192.168.10.96 - - [09/Aug/2017:17:04:11 -0300] "POST /cormun/servlet/solicitudot?48a5cba3d5bb93abae57de6beff50c7b,UPD,2017,7175,,gx-no-cache=1502309026382 HTTP/1.1" 200 93
192.168.10.96 - - [09/Aug/2017:17:04:11 -0300] "GET /cormun/servlet/hpexe_return? HTTP/1.1" 200 1012
192.168.10.96 - - [09/Aug/2017:17:04:11 -0300] "GET /cormun/servlet/trsolicitudot HTTP/1.1" 200 12406
192.168.10.96 - - [09/Aug/2017:17:04:12 -0300] "GET /cormun/servlet/trsolicitudot HTTP/1.1" 200 12402
200.72.197.82 - - [09/Aug/2017:17:04:26 -0300] "GET /cormun/servlet/hlogin HTTP/1.1" 200 1718
200.72.197.82 - - [09/Aug/2017:17:04:43 -0300] "POST /cormun/servlet/hlogin?8840a824e5000dd685522a998f81eedd,gx-no-cache=1502309123334 HTTP/1.1" 200 90
200.72.197.82 - - [09/Aug/2017:17:04:44 -0300] "GET /cormun/servlet/hpexe_link HTTP/1.1" 200 950
200.72.197.82 - - [09/Aug/2017:17:04:44 -0300] "GET /cormun/servlet/hhome HTTP/1.1" 200 3986
186.103.157.235 - - [09/Aug/2017:17:04:45 -0300] "POST /cormun/servlet/solicitudot?gx-no-cache=1502309126550 HTTP/1.1" 200 3215
200.72.197.82 - - [09/Aug/2017:17:04:46 -0300] "GET /cormun/servlet/hhome HTTP/1.1" 200 3982
186.103.157.235 - - [09/Aug/2017:17:04:47 -0300] "POST /cormun/servlet/solicitudot?12df0ec3050f324aa3526cda0bab806d,INS,0,0,,gx-no-cache=1502309127816 HTTP/1.1" 200 10040
200.72.197.82 - - [09/Aug/2017:17:04:51 -0300] "GET /cormun/servlet/trsolicitudot? HTTP/1.1" 200 9775
186.103.157.235 - - [09/Aug/2017:17:04:52 -0300] "GET /cormun/servlet/solicitudot?1b33d6b11e2266053e495114b38c9a2f9652dbfafd6c237d43b6d5b5c72e0bd11d8c9c3aa6ce4a14968667fe28911066,gx-no-cache=1502309135325 HTTP/1.1" 200 30
200.72.197.82 - - [09/Aug/2017:17:04:53 -0300] "GET /cormun/servlet/trsolicitudot? HTTP/1.1" 200 9772
186.103.157.235 - - [09/Aug/2017:17:04:53 -0300] "POST /cormun/servlet/solicitudot?gx-no-cache=1502309135456 HTTP/1.1" 200 256
186.103.157.235 - - [09/Aug/2017:17:04:54 -0300] "GET /cormun/servlet/solicitudot?1b33d6b11e2266053e495114b38c9a2f6d8cb027377b15dbdd5fd916df99ebdc205839528a9b5265d72b58d2930c93c70cf40e36c543831ffcd1448f9bb7a117fb6f17dda5eb4118c79162c21e4d76444137eacc5ad84d26410b9bdbf18d2e8e2c17537bf5d68a165676b297fb82739b784f7147667d39a25d2404f21609c7801fab52dec0ff73f27525e49247761f6a27f64651bc8dbaf74dbd3ec456cee1b55da38cd9455b8c174b62769bb8102501bccd3a22f21f56590e1432645abf411e4bd0bc419c5c575f0e6fe20200f63f8f660bfc40f841c2faee12a73bf722bb1807afd5eb6faad686ceb06a54eccd7ea46367a3105da506b7d81d006e65f1df16952b96d6be64d8ea8864a8aed6918de9255985c4695d28e525c04c0967c48115d44618f11e3f128fd96463ca8f593b28cfe852ce45b2386a738b15b4cb3f14d17a271d44749160748139b0f63acb536f82ccb9103fc1b3b247c0a0ff48116cba271bb4b8348c8b7500f3edb66f31d97b8d578e66a3b20dcd77e71ac4a30a1924,gx-no-cache=1502309136193 HTTP/1.1" 200 30
186.103.157.235 - - [09/Aug/2017:17:04:58 -0300] "POST /cormun/servlet/solicitudot?gx-no-cache=1502309140961 HTTP/1.1" 200 30
200.72.197.82 - - [09/Aug/2017:17:04:59 -0300] "GET /cormun/servlet/solicitudot?INS,0,0, HTTP/1.1" 200 12864
186.103.157.235 - - [09/Aug/2017:17:05:00 -0300] "GET /cormun/servlet/prcontratosol?16881106,,,,,MD,,gxPopupLevel%3D0%3B HTTP/1.1" 200 7499
200.72.197.82 - - [09/Aug/2017:17:05:01 -0300] "GET /cormun/servlet/solicitudot?INS,0,0, HTTP/1.1" 200 12869
186.103.157.235 - - [09/Aug/2017:17:05:02 -0300] "POST /cormun/servlet/solicitudot?gx-no-cache=1502309145184 HTTP/1.1" 200 1356
190.151.100.218 - - [09/Aug/2017:17:05:04 -0300] "GET /cormun/servlet/prfichaempleado?,MD,,gxPopupLevel%3D0%3B HTTP/1.1" 200 9256
186.103.157.235 - - [09/Aug/2017:17:05:04 -0300] "POST /cormun/servlet/solicitudot?gx-no-cache=1502309145339 HTTP/1.1" 200 38
186.103.157.235 - - [09/Aug/2017:17:05:04 -0300] "GET /cormun/servlet/solicitudot?1b33d6b11e2266053e495114b38c9a2ffba8c975a95051e1e457a316d11623184c54323df9902953ed3cf61e97c08e626fe10ecd90a1c79038b86349daf35dbd8a7f4ef8315fb6be01b9b9a72571dc1487e379bb54af17b47065e7e1da555e18352612c976eb06abe2f5148938ce83510baf6016b53447f757869967a78d075774f0c1e71c803f6807d303648e82ba2873a196caa38151071dd310ce6e0349d1,gx-no-cache=1502309146812 HTTP/1.1" 200 29
186.103.157.235 - - [09/Aug/2017:17:05:04 -0300] "POST /cormun/servlet/solicitudot?gx-no-cache=1502309146882 HTTP/1.1" 200 1336
186.103.157.235 - - [09/Aug/2017:17:05:24 -0300] "POST /cormun/servlet/solicitudot?gx-no-cache=1502309166748 HTTP/1.1" 200 1336
190.151.100.218 - - [09/Aug/2017:17:05:25 -0300] "POST /cormun/servlet/prfichaempleado?8840a824e5000dd685522a998f81eedd,,MD,,gxPopupLevel%3D0%3B,gx-no-cache=1502309157801 HTTP/1.1" 200 3425
186.103.157.235 - - [09/Aug/2017:17:05:26 -0300] "GET /cormun/static/menuarrow.gif HTTP/1.1" 404 1015
190.151.100.218 - - [09/Aug/2017:17:05:37 -0300] "POST /cormun/servlet/solicitudot?gx-no-cache=1502309172625 HTTP/1.1" 200 3218
186.103.157.235 - - [09/Aug/2017:17:05:38 -0300] "POST /cormun/servlet/solicitudot?gx-no-cache=1502309171147 HTTP/1.1" 200 1336
186.103.157.235 - - [09/Aug/2017:17:05:56 -0300] "POST /cormun/servlet/solicitudot?gx-no-cache=1502309198346 HTTP/1.1" 200 33
190.151.100.218 - - [09/Aug/2017:17:06:07 -0300] "POST /cormun/servlet/solicitudot?8840a824e5000dd685522a998f81eedd,INS,0,0,,gx-no-cache=1502309178399 HTTP/1.1" 200 10025
186.103.161.206 - - [09/Aug/2017:17:06:17 -0300] "GET /cormun/servlet/hlogin HTTP/1.1" 200 1718
186.103.157.235 - - [09/Aug/2017:17:06:18 -0300] "POST /cormun/servlet/solicitudot?12df0ec3050f324aa3526cda0bab806d,INS,0,0,,gx-no-cache=1502309217409 HTTP/1.1" 200 93
186.103.157.235 - - [09/Aug/2017:17:06:24 -0300] "GET /cormun/servlet/hpexe_return? HTTP/1.1" 200 1008
186.103.157.235 - - [09/Aug/2017:17:06:25 -0300] "GET /cormun/servlet/trsolicitudot HTTP/1.1" 200 10589
186.103.157.235 - - [09/Aug/2017:17:06:26 -0300] "GET /cormun/servlet/trsolicitudot HTTP/1.1" 200 10584
186.103.157.235 - - [09/Aug/2017:17:06:38 -0300] "POST /cormun/servlet/trsolicitudot?12df0ec3050f324aa3526cda0bab806d,gx-no-cache=1502309236341 HTTP/1.1" 200 7735
186.103.157.235 - - [09/Aug/2017:17:06:38 -0300] "GET /cormun/static/Shared/jqueryui/images/ui-bg_flat_55_fafafa_40x100.png HTTP/1.1" 404 1097
192.168.10.96 - - [09/Aug/2017:17:06:38 -0300] "POST /cormun/servlet/trsolicitudot?48a5cba3d5bb93abae57de6beff50c7b,gx-no-cache=1502309174254 HTTP/1.1" 200 106
192.168.10.96 - - [09/Aug/2017:17:06:39 -0300] "GET /cormun/servlet/trsolicitudadjuntos?2017,7175, HTTP/1.1" 200 6123
192.168.10.96 - - [09/Aug/2017:17:06:39 -0300] "GET /cormun/static/gxcfg.js?20177612135366 HTTP/1.1" 200 953
192.168.10.96 - - [09/Aug/2017:17:06:39 -0300] "GET /cormun/static/trsolicitudadjuntos.js?20177612135632 HTTP/1.1" 200 17922
186.103.157.235 - - [09/Aug/2017:17:06:39 -0300] "GET /cormun/static/Shared/jqueryui/images/ui-icons_82798d_256x240.png HTTP/1.1" 404 1089
192.168.10.96 - - [09/Aug/2017:17:06:39 -0300] "GET /cormun/servlet/trsolicitudadjuntos?2017,7175, HTTP/1.1" 200 6123
186.103.157.235 - - [09/Aug/2017:17:06:39 -0300] "GET /cormun/static/Shared/jqueryui/images/ui-icons_8d78a5_256x240.png HTTP/1.1" 404 1089
186.103.157.235 - - [09/Aug/2017:17:06:40 -0300] "GET /cormun/static/Shared/jqueryui/images/ui-bg_highlight-soft_100_c6c2c8_1x100.png HTTP/1.1" 404 1117
186.103.132.155 - - [09/Aug/2017:17:06:42 -0300] "POST /cormun/servlet/hlogin?8840a824e5000dd685522a998f81eedd,gx-no-cache=1502309242709 HTTP/1.1" 200 90
186.103.132.155 - - [09/Aug/2017:17:06:43 -0300] "GET /cormun/servlet/hpexe_link HTTP/1.1" 200 962
186.103.132.155 - - [09/Aug/2017:17:06:43 -0300] "GET /cormun/servlet/solicitudot?INS,0,0, HTTP/1.1" 200 12864
186.103.157.235 - - [09/Aug/2017:17:06:45 -0300] "POST /cormun/servlet/trsolicitudot?12df0ec3050f324aa3526cda0bab806d,gx-no-cache=1502309241280 HTTP/1.1" 200 7680
186.103.132.155 - - [09/Aug/2017:17:06:45 -0300] "GET /cormun/servlet/solicitudot?INS,0,0, HTTP/1.1" 200 12868
192.168.10.96 - - [09/Aug/2017:17:06:46 -0300] "GET /cormun/servlet/solicitudotadjuntos?INS,2017,7175,,1, HTTP/1.1" 200 6076
192.168.10.96 - - [09/Aug/2017:17:06:46 -0300] "GET /cormun/static/gxcfg.js?201752511522888 HTTP/1.1" 200 953
192.168.10.96 - - [09/Aug/2017:17:06:46 -0300] "GET /cormun/static/solicitudotadjuntos.js?20175251152299 HTTP/1.1" 200 11771
192.168.10.96 - - [09/Aug/2017:17:06:46 -0300] "GET /cormun/static/about:blank HTTP/1.1" 404 1011
192.168.10.96 - - [09/Aug/2017:17:06:46 -0300] "GET /cormun/servlet/solicitudotadjuntos?INS,2017,7175,,1, HTTP/1.1" 200 6070
192.168.10.96 - - [09/Aug/2017:17:06:46 -0300] "GET /cormun/servlet/solicitudotadjuntos?5ab3bca1ee748b78f8739bdfcac02fe4c6e86d0bbb833bf5781a742410d00685fc95e43ba4c45b20682fe74f82beadd9,gx-no-cache=1502309182160 HTTP/1.1" 200 30
192.168.10.96 - - [09/Aug/2017:17:06:46 -0300] "POST /cormun/servlet/solicitudotadjuntos?48a5cba3d5bb93abae57de6beff50c7b,INS,2017,7175,,1,,gx-no-cache=1502309182176 HTTP/1.1" 200 3858
186.103.132.155 - - [09/Aug/2017:17:06:50 -0300] "GET /cormun/servlet/trsolicitudot? HTTP/1.1" 200 9778
192.168.10.96 - - [09/Aug/2017:17:06:51 -0300] "POST /cormun/servlet/solicitudotadjuntos?gx-no-cache=1502309187027 HTTP/1.1" 200 26
186.103.132.155 - - [09/Aug/2017:17:06:56 -0300] "GET /cormun/servlet/trsolicitudot? HTTP/1.1" 200 9772
192.168.10.96 - - [09/Aug/2017:17:06:56 -0300] "GET /cormun/servlet/solicitudotadjuntos?5ab3bca1ee748b78f8739bdfcac02fe4561c9bb7bd28e93d3b3ce28f093ab511,gx-no-cache=1502309192228 HTTP/1.1" 200 30
192.168.10.96 - - [09/Aug/2017:17:06:56 -0300] "GET /cormun/servlet/solicitudotadjuntos?5ab3bca1ee748b78f8739bdfcac02fe4561c9bb7bd28e93d3b3ce28f093ab511,gx-no-cache=1502309192234 HTTP/1.1" 200 30
192.168.10.96 - - [09/Aug/2017:17:06:57 -0300] "POST /cormun/servlet/solicitudotadjuntos?48a5cba3d5bb93abae57de6beff50c7b,INS,2017,7175,,1, HTTP/1.1" 200 116
192.168.10.96 - - [09/Aug/2017:17:06:57 -0300] "GET /cormun/servlet/hpexe_return? HTTP/1.1" 200 1025
192.168.10.96 - - [09/Aug/2017:17:06:57 -0300] "GET /cormun/servlet/trsolicitudadjuntos?2017,7175, HTTP/1.1" 200 8407
192.168.10.96 - - [09/Aug/2017:17:06:57 -0300] "GET /cormun/servlet/trsolicitudadjuntos?2017,7175, HTTP/1.1" 200 8402
190.151.100.218 - - [09/Aug/2017:17:06:58 -0300] "GET /cormun/servlet/solicitudot?INS,0,0, HTTP/1.1" 200 12863
190.151.100.218 - - [09/Aug/2017:17:06:59 -0300] "GET /cormun/servlet/solicitudot?INS,0,0, HTTP/1.1" 200 12868
192.168.10.96 - - [09/Aug/2017:17:07:01 -0300] "GET /cormun/servlet/solicitudotadjuntos?INS,2017,7175,,2, HTTP/1.1" 200 6074
192.168.10.96 - - [09/Aug/2017:17:07:01 -0300] "GET /cormun/static/about:blank HTTP/1.1" 404 1011
192.168.10.96 - - [09/Aug/2017:17:07:01 -0300] "GET /cormun/servlet/solicitudotadjuntos?INS,2017,7175,,2, HTTP/1.1" 200 6067
192.168.10.96 - - [09/Aug/2017:17:07:01 -0300] "GET /cormun/servlet/solicitudotadjuntos?5ab3bca1ee748b78f8739bdfcac02fe4c6e86d0bbb833bf5781a742410d00685fc95e43ba4c45b20682fe74f82beadd9,gx-no-cache=1502309197212 HTTP/1.1" 200 30
192.168.10.96 - - [09/Aug/2017:17:07:01 -0300] "POST /cormun/servlet/solicitudotadjuntos?48a5cba3d5bb93abae57de6beff50c7b,INS,2017,7175,,2,,gx-no-cache=1502309197225 HTTP/1.1" 200 4000
190.151.100.218 - - [09/Aug/2017:17:07:04 -0300] "GET /cormun/servlet/prfichaempleado?,MD,,gxPopupLevel%3D0%3B HTTP/1.1" 200 9256
192.168.10.96 - - [09/Aug/2017:17:07:05 -0300] "POST /cormun/servlet/solicitudotadjuntos?gx-no-cache=1502309201259 HTTP/1.1" 200 26
192.168.10.96 - - [09/Aug/2017:17:07:11 -0300] "GET /cormun/servlet/solicitudotadjuntos?5ab3bca1ee748b78f8739bdfcac02fe4561c9bb7bd28e93d3b3ce28f093ab511,gx-no-cache=1502309207100 HTTP/1.1" 200 30
192.168.10.96 - - [09/Aug/2017:17:07:11 -0300] "GET /cormun/servlet/solicitudotadjuntos?5ab3bca1ee748b78f8739bdfcac02fe4561c9bb7bd28e93d3b3ce28f093ab511,gx-no-cache=1502309207106 HTTP/1.1" 200 30
192.168.10.96 - - [09/Aug/2017:17:07:11 -0300] "POST /cormun/servlet/solicitudotadjuntos?48a5cba3d5bb93abae57de6beff50c7b,INS,2017,7175,,2, HTTP/1.1" 200 116
192.168.10.96 - - [09/Aug/2017:17:07:11 -0300] "GET /cormun/servlet/hpexe_return? HTTP/1.1" 200 1025
192.168.10.96 - - [09/Aug/2017:17:07:12 -0300] "GET /cormun/servlet/trsolicitudadjuntos?2017,7175, HTTP/1.1" 200 8593
192.168.10.96 - - [09/Aug/2017:17:07:12 -0300] "GET /cormun/servlet/trsolicitudadjuntos?2017,7175, HTTP/1.1" 200 8591
192.168.10.96 - - [09/Aug/2017:17:07:14 -0300] "GET /cormun/servlet/solicitudotadjuntos?INS,2017,7175,,1, HTTP/1.1" 200 6076
192.168.10.96 - - [09/Aug/2017:17:07:14 -0300] "GET /cormun/static/about:blank HTTP/1.1" 404 1011
192.168.10.96 - - [09/Aug/2017:17:07:14 -0300] "GET /cormun/servlet/solicitudotadjuntos?INS,2017,7175,,1, HTTP/1.1" 200 6070
192.168.10.96 - - [09/Aug/2017:17:07:15 -0300] "GET /cormun/servlet/solicitudotadjuntos?5ab3bca1ee748b78f8739bdfcac02fe4c6e86d0bbb833bf5781a742410d00685fc95e43ba4c45b20682fe74f82beadd9,gx-no-cache=1502309210752 HTTP/1.1" 200 30
192.168.10.96 - - [09/Aug/2017:17:07:15 -0300] "POST /cormun/servlet/solicitudotadjuntos?48a5cba3d5bb93abae57de6beff50c7b,INS,2017,7175,,1,,gx-no-cache=1502309210763 HTTP/1.1" 200 3858
186.103.157.235 - - [09/Aug/2017:17:07:21 -0300] "GET /cormun/servlet/trautorizarsolicitud? HTTP/1.1" 200 9688
186.103.157.235 - - [09/Aug/2017:17:07:22 -0300] "GET /cormun/static/Resources/Spanish/PXTools.css?11294912 HTTP/1.1" 200 89042
186.103.157.235 - - [09/Aug/2017:17:07:23 -0300] "GET /cormun/static/gxcfg.js?20174261241362 HTTP/1.1" 200 953
186.103.157.235 - - [09/Aug/2017:17:07:23 -0300] "GET /cormun/static/trautorizarsolicitud.js?201742612414370 HTTP/1.1" 200 53910
190.151.100.218 - - [09/Aug/2017:17:07:24 -0300] "POST /cormun/servlet/prfichaempleado?8840a824e5000dd685522a998f81eedd,,MD,,gxPopupLevel%3D0%3B,gx-no-cache=1502309281088 HTTP/1.1" 200 3425
186.103.157.235 - - [09/Aug/2017:17:07:26 -0300] "GET /cormun/servlet/trautorizarsolicitud? HTTP/1.1" 200 9688
192.168.10.96 - - [09/Aug/2017:17:07:29 -0300] "POST /cormun/servlet/solicitudotadjuntos?gx-no-cache=1502309224338 HTTP/1.1" 200 26
190.151.100.218 - - [09/Aug/2017:17:07:32 -0300] "POST /cormun/servlet/solicitudot?gx-no-cache=1502309292284 HTTP/1.1" 200 3218
192.168.10.96 - - [09/Aug/2017:17:07:34 -0300] "GET /cormun/servlet/solicitudotadjuntos?5ab3bca1ee748b78f8739bdfcac02fe4561c9bb7bd28e93d3b3ce28f093ab511,gx-no-cache=1502309229627 HTTP/1.1" 200 30
192.168.10.96 - - [09/Aug/2017:17:07:34 -0300] "GET /cormun/servlet/solicitudotadjuntos?5ab3bca1ee748b78f8739bdfcac02fe4561c9bb7bd28e93d3b3ce28f093ab511,gx-no-cache=1502309229633 HTTP/1.1" 200 30
192.168.10.96 - - [09/Aug/2017:17:07:34 -0300] "POST /cormun/servlet/solicitudotadjuntos?48a5cba3d5bb93abae57de6beff50c7b,INS,2017,7175,,1, HTTP/1.1" 200 6097
192.168.10.96 - - [09/Aug/2017:17:07:34 -0300] "GET /home/sistema/apache-tomcat-7.0.65/webapps/cormun/PrivateTempStorage/upload_00006379.pdf HTTP/1.1" 404 1135
192.168.10.96 - - [09/Aug/2017:17:07:34 -0300] "GET /home/sistema/apache-tomcat-7.0.65/webapps/cormun/PrivateTempStorage/upload_00006379.pdf HTTP/1.1" 404 1135
192.168.10.96 - - [09/Aug/2017:17:07:34 -0300] "GET /cormun/PrivateTempStorage/upload_00006379.pdf HTTP/1.1" 200 161781
192.168.10.96 - - [09/Aug/2017:17:07:34 -0300] "GET /cormun/static/Shared/jqueryui/images/ui-bg_highlight-soft_100_c6c2c8_1x100.png HTTP/1.1" 404 1117
192.168.10.96 - - [09/Aug/2017:17:07:34 -0300] "GET /cormun/static/Shared/jqueryui/images/ui-icons_82798d_256x240.png HTTP/1.1" 404 1089
192.168.10.96 - - [09/Aug/2017:17:07:34 -0300] "GET /cormun/static/Shared/jqueryui/images/ui-icons_ebccce_256x240.png HTTP/1.1" 404 1089
192.168.10.96 - - [09/Aug/2017:17:07:34 -0300] "GET /cormun/static/Shared/jqueryui/images/ui-bg_flat_55_994d53_40x100.png HTTP/1.1" 404 1097
192.168.10.96 - - [09/Aug/2017:17:07:34 -0300] "GET /cormun/PrivateTempStorage/upload_00006379.pdf HTTP/1.1" 304 -
192.168.10.96 - - [09/Aug/2017:17:07:40 -0300] "POST /cormun/servlet/solicitudotadjuntos?gx-no-cache=1502309235482 HTTP/1.1" 200 26
190.151.100.218 - - [09/Aug/2017:17:07:41 -0300] "POST /cormun/servlet/solicitudot?8840a824e5000dd685522a998f81eedd,INS,0,0,,gx-no-cache=1502309293690 HTTP/1.1" 200 10025
190.151.100.218 - - [09/Aug/2017:17:07:42 -0300] "GET /cormun/servlet/solicitudot?56fd4f5f4f9a0106af2a1d0b39cca7eeeafe4a8e048915e1826acb3936adec33de06a0760dffff341d53ed0b5fde146b,gx-no-cache=1502309302598 HTTP/1.1" 200 30
192.168.10.96 - - [09/Aug/2017:17:07:46 -0300] "GET /cormun/servlet/solicitudotadjuntos?5ab3bca1ee748b78f8739bdfcac02fe4ead3dfe7d7a0803dfd902f8768548712ef89bd74ca4cde15706d628f6c7db85b,gx-no-cache=1502309241402 HTTP/1.1" 200 30
192.168.10.96 - - [09/Aug/2017:17:07:46 -0300] "GET /cormun/servlet/solicitudotadjuntos?5ab3bca1ee748b78f8739bdfcac02fe44ee8bf59eee709aca168331d4ec3111bef89bd74ca4cde15706d628f6c7db85b,gx-no-cache=1502309241409 HTTP/1.1" 200 30
192.168.10.96 - - [09/Aug/2017:17:07:46 -0300] "POST /cormun/servlet/solicitudotadjuntos?48a5cba3d5bb93abae57de6beff50c7b,INS,2017,7175,,1, HTTP/1.1" 200 116
192.168.10.96 - - [09/Aug/2017:17:07:46 -0300] "GET /cormun/servlet/hpexe_return? HTTP/1.1" 200 1025
192.168.10.96 - - [09/Aug/2017:17:07:46 -0300] "GET /cormun/servlet/trsolicitudadjuntos?2017,7175, HTTP/1.1" 200 8768
192.168.10.96 - - [09/Aug/2017:17:07:46 -0300] "GET /cormun/servlet/trsolicitudadjuntos?2017,7175, HTTP/1.1" 200 8767
186.103.157.235 - - [09/Aug/2017:17:07:48 -0300] "POST /cormun/servlet/trautorizarsolicitud?12df0ec3050f324aa3526cda0bab806d,,gx-no-cache=1502309308993 HTTP/1.1" 200 6571
186.103.157.235 - - [09/Aug/2017:17:07:49 -0300] "GET /cormun/static/Shared/jqueryui/images/ui-icons_82798d_256x240.png HTTP/1.1" 404 1089
186.103.157.235 - - [09/Aug/2017:17:07:49 -0300] "GET /cormun/static/Shared/jqueryui/images/ui-bg_flat_55_fafafa_40x100.png HTTP/1.1" 404 1097
186.103.157.235 - - [09/Aug/2017:17:07:49 -0300] "GET /cormun/static/Shared/jqueryui/images/ui-bg_highlight-soft_100_c6c2c8_1x100.png HTTP/1.1" 404 1117
186.103.157.235 - - [09/Aug/2017:17:07:49 -0300] "GET /cormun/static/Shared/jqueryui/images/ui-icons_8d78a5_256x240.png HTTP/1.1" 404 1089
192.168.10.96 - - [09/Aug/2017:17:07:51 -0300] "GET /cormun/servlet/solicitudotadjuntos?INS,2017,7175,,1, HTTP/1.1" 200 6077
192.168.10.96 - - [09/Aug/2017:17:07:51 -0300] "GET /cormun/static/about:blank HTTP/1.1" 404 1011
192.168.10.96 - - [09/Aug/2017:17:07:51 -0300] "GET /cormun/servlet/solicitudotadjuntos?INS,2017,7175,,1, HTTP/1.1" 200 6071
192.168.10.96 - - [09/Aug/2017:17:07:52 -0300] "GET /cormun/servlet/solicitudotadjuntos?5ab3bca1ee748b78f8739bdfcac02fe4c6e86d0bbb833bf5781a742410d00685fc95e43ba4c45b20682fe74f82beadd9,gx-no-cache=1502309247755 HTTP/1.1" 200 30
192.168.10.96 - - [09/Aug/2017:17:07:52 -0300] "POST /cormun/servlet/solicitudotadjuntos?48a5cba3d5bb93abae57de6beff50c7b,INS,2017,7175,,1,,gx-no-cache=1502309247768 HTTP/1.1" 200 3859
186.103.157.235 - - [09/Aug/2017:17:07:54 -0300] "POST /cormun/servlet/trautorizarsolicitud?12df0ec3050f324aa3526cda0bab806d,,gx-no-cache=1502309311426 HTTP/1.1" 200 6515
192.168.10.96 - - [09/Aug/2017:17:07:54 -0300] "POST /cormun/servlet/solicitudotadjuntos?gx-no-cache=1502309250114 HTTP/1.1" 200 26
192.168.10.96 - - [09/Aug/2017:17:08:00 -0300] "GET /cormun/servlet/solicitudotadjuntos?5ab3bca1ee748b78f8739bdfcac02fe4561c9bb7bd28e93d3b3ce28f093ab511,gx-no-cache=1502309255691 HTTP/1.1" 200 30
192.168.10.96 - - [09/Aug/2017:17:08:00 -0300] "GET /cormun/servlet/solicitudotadjuntos?5ab3bca1ee748b78f8739bdfcac02fe4561c9bb7bd28e93d3b3ce28f093ab511,gx-no-cache=1502309255697 HTTP/1.1" 200 30
192.168.10.96 - - [09/Aug/2017:17:08:00 -0300] "POST /cormun/servlet/solicitudotadjuntos?48a5cba3d5bb93abae57de6beff50c7b,INS,2017,7175,,1, HTTP/1.1" 200 116
192.168.10.96 - - [09/Aug/2017:17:08:00 -0300] "GET /cormun/servlet/hpexe_return? HTTP/1.1" 200 1025
186.103.157.235 - - [09/Aug/2017:17:08:00 -0300] "POST /cormun/servlet/trautorizarsolicitud?12df0ec3050f324aa3526cda0bab806d,,gx-no-cache=1502309320008 HTTP/1.1" 200 6179
192.168.10.96 - - [09/Aug/2017:17:08:00 -0300] "GET /cormun/servlet/trsolicitudadjuntos?2017,7175, HTTP/1.1" 200 8927
192.168.10.96 - - [09/Aug/2017:17:08:01 -0300] "GET /cormun/servlet/trsolicitudadjuntos?2017,7175, HTTP/1.1" 200 8922
192.168.10.96 - - [09/Aug/2017:17:08:02 -0300] "GET /cormun/servlet/solicitudotadjuntos?INS,2017,7175,,1, HTTP/1.1" 200 6077
192.168.10.96 - - [09/Aug/2017:17:08:02 -0300] "GET /cormun/static/about:blank HTTP/1.1" 404 1011
192.168.10.96 - - [09/Aug/2017:17:08:02 -0300] "GET /cormun/servlet/solicitudotadjuntos?INS,2017,7175,,1, HTTP/1.1" 200 6071
192.168.10.96 - - [09/Aug/2017:17:08:03 -0300] "GET /cormun/servlet/solicitudotadjuntos?5ab3bca1ee748b78f8739bdfcac02fe4c6e86d0bbb833bf5781a742410d00685fc95e43ba4c45b20682fe74f82beadd9,gx-no-cache=1502309258713 HTTP/1.1" 200 30
