186.103.161.206 - - [08/Aug/2017:12:01:56 -0300] "POST /cormun/servlet/licenciaspermisos?ef0d4def2b0c700feef8012e72532bb1,UPD,17235020,L,20170808000000,,gx-no-cache=1502204557162 HTTP/1.1" 200 93
186.103.161.206 - - [08/Aug/2017:12:01:56 -0300] "GET /cormun/servlet/hpexe_return? HTTP/1.1" 200 1028
186.103.161.206 - - [08/Aug/2017:12:01:56 -0300] "GET /cormun/servlet/trlicencias HTTP/1.1" 200 10718
186.103.161.206 - - [08/Aug/2017:12:01:57 -0300] "GET /cormun/servlet/trlicencias HTTP/1.1" 200 10715
186.67.172.234 - - [08/Aug/2017:12:01:57 -0300] "POST /cormun/servlet/permisosadjuntos?add0e04b9196b31aafe7b3df4a3de2a6,INS,17137328,P,20170808115932,, HTTP/1.1" 200 116
192.168.10.96 - - [08/Aug/2017:12:01:57 -0300] "POST /cormun/servlet/hlogin?22485cc6ce61dbccfcb72d629cbd12a7,gx-no-cache=1502204493705 HTTP/1.1" 200 90
192.168.10.96 - - [08/Aug/2017:12:01:57 -0300] "GET /cormun/servlet/hpexe_link HTTP/1.1" 200 956
186.67.172.234 - - [08/Aug/2017:12:01:58 -0300] "GET /cormun/servlet/hpexe_return? HTTP/1.1" 200 1041
192.168.10.96 - - [08/Aug/2017:12:01:58 -0300] "GET /cormun/servlet/hhome HTTP/1.1" 200 4450
186.67.172.234 - - [08/Aug/2017:12:01:58 -0300] "GET /cormun/servlet/trpermisosadjuntos?17137328,20170808115932,P, HTTP/1.1" 200 6855
192.168.10.96 - - [08/Aug/2017:12:01:58 -0300] "GET /cormun/servlet/hhome HTTP/1.1" 200 4446
186.67.172.234 - - [08/Aug/2017:12:01:58 -0300] "GET /cormun/servlet/trpermisosadjuntos?17137328,20170808115932,P, HTTP/1.1" 200 6849
200.111.191.210 - - [08/Aug/2017:12:02:02 -0300] "POST /cormun/servlet/hlogin?d9e54e0a9cfd92c4ffaf93d82009ac20,gx-no-cache=1502204568427 HTTP/1.1" 200 90
200.86.95.220 - - [08/Aug/2017:12:02:02 -0300] "POST /cormun/servlet/trlicenciaspermisosadjuntos?a53e2d2f9af5313214e90d3f7088260b,15106697,20170808000000,L,,gx-no-cache=1502204566178 HTTP/1.1" 200 90
200.86.95.220 - - [08/Aug/2017:12:02:02 -0300] "GET /cormun/servlet/hpexe_link HTTP/1.1" 200 985
200.111.191.210 - - [08/Aug/2017:12:02:02 -0300] "GET /cormun/servlet/hpexe_link HTTP/1.1" 200 954
200.111.191.210 - - [08/Aug/2017:12:02:02 -0300] "GET /cormun/servlet/trlicencias HTTP/1.1" 200 12586
200.86.95.220 - - [08/Aug/2017:12:02:02 -0300] "GET /cormun/servlet/trlicencias? HTTP/1.1" 200 12268
200.111.191.210 - - [08/Aug/2017:12:02:03 -0300] "GET /cormun/servlet/trlicencias HTTP/1.1" 200 12597
200.111.191.210 - - [08/Aug/2017:12:02:05 -0300] "GET /cormun/servlet/trlicencias? HTTP/1.1" 200 12584
200.111.191.210 - - [08/Aug/2017:12:02:06 -0300] "GET /cormun/servlet/trlicencias? HTTP/1.1" 200 12597
186.67.172.234 - - [08/Aug/2017:12:02:08 -0300] "POST /cormun/servlet/trpermisosadjuntos?add0e04b9196b31aafe7b3df4a3de2a6,17137328,20170808115932,P,,gx-no-cache=1502200927601 HTTP/1.1" 200 90
186.67.172.234 - - [08/Aug/2017:12:02:08 -0300] "GET /cormun/servlet/hpexe_link HTTP/1.1" 200 985
186.67.172.234 - - [08/Aug/2017:12:02:09 -0300] "GET /cormun/servlet/trpermisosgoce HTTP/1.1" 200 10489
200.86.95.220 - - [08/Aug/2017:12:02:09 -0300] "POST /cormun/servlet/trlicencias?a53e2d2f9af5313214e90d3f7088260b,,gx-no-cache=1502204572589 HTTP/1.1" 200 9575
186.67.172.234 - - [08/Aug/2017:12:02:09 -0300] "GET /cormun/servlet/trpermisosgoce HTTP/1.1" 200 10485
200.86.95.220 - - [08/Aug/2017:12:02:10 -0300] "GET /cormun/static/Shared/jqueryui/images/ui-bg_flat_55_fafafa_40x100.png HTTP/1.1" 404 1097
200.86.95.220 - - [08/Aug/2017:12:02:10 -0300] "GET /cormun/static/Shared/jqueryui/images/ui-bg_highlight-soft_100_c6c2c8_1x100.png HTTP/1.1" 404 1117
200.86.95.220 - - [08/Aug/2017:12:02:10 -0300] "GET /cormun/static/Shared/jqueryui/images/ui-icons_82798d_256x240.png HTTP/1.1" 404 1089
200.86.95.220 - - [08/Aug/2017:12:02:10 -0300] "GET /cormun/static/Shared/jqueryui/images/ui-icons_8d78a5_256x240.png HTTP/1.1" 404 1089
186.103.157.235 - - [08/Aug/2017:12:02:12 -0300] "GET /cormun/servlet/trlicencias? HTTP/1.1" 200 9785
192.168.10.96 - - [08/Aug/2017:12:02:12 -0300] "GET /cormun/servlet/trsolicitudgral? HTTP/1.1" 200 28687
186.103.157.235 - - [08/Aug/2017:12:02:12 -0300] "GET /cormun/static/Resources/Spanish/PXTools.css?17315867 HTTP/1.1" 304 -
192.168.10.96 - - [08/Aug/2017:12:02:13 -0300] "GET /cormun/servlet/trsolicitudgral? HTTP/1.1" 200 28684
186.103.157.235 - - [08/Aug/2017:12:02:13 -0300] "GET /cormun/static/gxcfg.js?20176272054169 HTTP/1.1" 304 -
186.103.157.235 - - [08/Aug/2017:12:02:13 -0300] "GET /cormun/static/calendar.js?85251 HTTP/1.1" 304 -
186.103.157.235 - - [08/Aug/2017:12:02:13 -0300] "GET /cormun/static/calendar-setup.js?85251 HTTP/1.1" 304 -
186.103.157.235 - - [08/Aug/2017:12:02:14 -0300] "GET /cormun/static/calendar-es.js?85251 HTTP/1.1" 304 -
186.67.172.234 - - [08/Aug/2017:12:02:15 -0300] "POST /cormun/servlet/trpermisosgoce?add0e04b9196b31aafe7b3df4a3de2a6,gx-no-cache=1502200935610 HTTP/1.1" 200 7668
186.67.172.234 - - [08/Aug/2017:12:02:16 -0300] "GET /cormun/static/Shared/jqueryui/images/ui-bg_highlight-soft_100_c6c2c8_1x100.png HTTP/1.1" 404 1117
186.67.172.234 - - [08/Aug/2017:12:02:16 -0300] "GET /cormun/static/Shared/jqueryui/images/ui-icons_82798d_256x240.png HTTP/1.1" 404 1089
186.67.172.234 - - [08/Aug/2017:12:02:16 -0300] "GET /cormun/static/Shared/jqueryui/images/ui-bg_flat_55_fafafa_40x100.png HTTP/1.1" 404 1097
186.67.172.234 - - [08/Aug/2017:12:02:16 -0300] "GET /cormun/static/Shared/jqueryui/images/ui-icons_8d78a5_256x240.png HTTP/1.1" 404 1089
186.103.157.235 - - [08/Aug/2017:12:02:16 -0300] "GET /cormun/static/trlicencias.js?20176272054837 HTTP/1.1" 304 -
200.86.95.220 - - [08/Aug/2017:12:02:17 -0300] "GET /cormun/servlet/trlicenciaspermisosadjuntos?8851094,20170808000000,L, HTTP/1.1" 200 6137
186.103.157.235 - - [08/Aug/2017:12:02:17 -0300] "GET /cormun/static/gxdec.js?85251 HTTP/1.1" 304 -
186.103.157.235 - - [08/Aug/2017:12:02:18 -0300] "GET /cormun/servlet/trlicencias? HTTP/1.1" 200 9783
200.111.191.210 - - [08/Aug/2017:12:02:20 -0300] "GET /cormun/servlet/trlicenciaspermisosadjuntos?11287416,20170808000000,L, HTTP/1.1" 200 6132
200.111.191.210 - - [08/Aug/2017:12:02:20 -0300] "GET /cormun/static/gxcfg.js?20177612163414 HTTP/1.1" 304 -
200.111.191.210 - - [08/Aug/2017:12:02:20 -0300] "GET /cormun/static/trlicenciaspermisosadjuntos.js?20177612163719 HTTP/1.1" 304 -
186.67.172.234 - - [08/Aug/2017:12:02:20 -0300] "GET /cormun/servlet/trautorizarpermisogoce? HTTP/1.1" 200 7735
200.111.191.210 - - [08/Aug/2017:12:02:20 -0300] "GET /cormun/servlet/trlicenciaspermisosadjuntos?11287416,20170808000000,L, HTTP/1.1" 200 6133
186.67.172.234 - - [08/Aug/2017:12:02:21 -0300] "GET /cormun/servlet/trautorizarpermisogoce? HTTP/1.1" 200 7734
200.86.95.220 - - [08/Aug/2017:12:02:21 -0300] "GET /cormun/servlet/licenciaspermisosadjuntos?INS,8851094,L,20170808000000,, HTTP/1.1" 200 5431
200.86.95.220 - - [08/Aug/2017:12:02:22 -0300] "HEAD /cormun/static/about:blank HTTP/1.1" 404 -
200.111.191.210 - - [08/Aug/2017:12:02:22 -0300] "GET /cormun/servlet/licenciaspermisosadjuntos?INS,11287416,L,20170808000000,, HTTP/1.1" 200 5427
200.111.191.210 - - [08/Aug/2017:12:02:22 -0300] "GET /cormun/static/gxcfg.js?2017761263592 HTTP/1.1" 304 -
200.111.191.210 - - [08/Aug/2017:12:02:22 -0300] "GET /cormun/static/licenciaspermisosadjuntos.js?201776126362 HTTP/1.1" 304 -
200.111.191.210 - - [08/Aug/2017:12:02:22 -0300] "GET /cormun/static/about:blank HTTP/1.1" 404 1011
200.111.191.210 - - [08/Aug/2017:12:02:22 -0300] "GET /cormun/servlet/licenciaspermisosadjuntos?INS,11287416,L,20170808000000,, HTTP/1.1" 200 5416
186.67.172.234 - - [08/Aug/2017:12:02:25 -0300] "POST /cormun/servlet/trautorizarpermisogoce?add0e04b9196b31aafe7b3df4a3de2a6,,gx-no-cache=1502200944762 HTTP/1.1" 200 4204
186.67.172.234 - - [08/Aug/2017:12:02:25 -0300] "GET /cormun/static/Shared/jqueryui/images/ui-bg_highlight-soft_100_c6c2c8_1x100.png HTTP/1.1" 404 1117
186.67.172.234 - - [08/Aug/2017:12:02:25 -0300] "GET /cormun/static/Shared/jqueryui/images/ui-icons_82798d_256x240.png HTTP/1.1" 404 1089
186.67.172.234 - - [08/Aug/2017:12:02:25 -0300] "GET /cormun/static/Shared/jqueryui/images/ui-bg_flat_55_fafafa_40x100.png HTTP/1.1" 404 1097
186.67.172.234 - - [08/Aug/2017:12:02:25 -0300] "GET /cormun/static/Shared/jqueryui/images/ui-icons_8d78a5_256x240.png HTTP/1.1" 404 1089
200.72.197.82 - - [08/Aug/2017:12:02:26 -0300] "GET /cormun/servlet/trlicenciaspermisosadjuntos?17235020,20170808000000,L, HTTP/1.1" 200 6329
200.72.197.82 - - [08/Aug/2017:12:02:26 -0300] "GET /cormun/static/gxcfg.js?20177612163414 HTTP/1.1" 200 953
200.72.197.82 - - [08/Aug/2017:12:02:27 -0300] "GET /cormun/static/trlicenciaspermisosadjuntos.js?20177612163719 HTTP/1.1" 200 21036
200.72.197.82 - - [08/Aug/2017:12:02:28 -0300] "GET /cormun/servlet/trlicenciaspermisosadjuntos?17235020,20170808000000,L, HTTP/1.1" 200 6329
190.151.100.218 - - [08/Aug/2017:12:02:30 -0300] "GET /cormun/servlet/licenciaspermisosadjuntos?INS,17235020,L,20170808000000,, HTTP/1.1" 200 5624
190.151.100.218 - - [08/Aug/2017:12:02:31 -0300] "GET /cormun/static/gxcfg.js?2017761263592 HTTP/1.1" 200 953
190.151.100.218 - - [08/Aug/2017:12:02:31 -0300] "GET /cormun/static/licenciaspermisosadjuntos.js?201776126362 HTTP/1.1" 200 8760
190.151.100.218 - - [08/Aug/2017:12:02:31 -0300] "GET /cormun/static/about:blank HTTP/1.1" 404 1011
190.151.100.218 - - [08/Aug/2017:12:02:31 -0300] "GET /cormun/servlet/licenciaspermisosadjuntos?INS,17235020,L,20170808000000,, HTTP/1.1" 200 5613
200.111.191.210 - - [08/Aug/2017:12:02:32 -0300] "POST /cormun/servlet/licenciaspermisosadjuntos?d9e54e0a9cfd92c4ffaf93d82009ac20,INS,11287416,L,20170808000000,, HTTP/1.1" 200 116
200.111.191.210 - - [08/Aug/2017:12:02:32 -0300] "GET /cormun/servlet/hpexe_return? HTTP/1.1" 200 1040
200.111.191.210 - - [08/Aug/2017:12:02:32 -0300] "GET /cormun/servlet/trlicenciaspermisosadjuntos?11287416,20170808000000,L, HTTP/1.1" 200 6590
200.111.191.210 - - [08/Aug/2017:12:02:33 -0300] "GET /cormun/servlet/trlicenciaspermisosadjuntos?11287416,20170808000000,L, HTTP/1.1" 200 6587
200.111.191.210 - - [08/Aug/2017:12:02:36 -0300] "GET /cormun/PublicTempStorage/1123277512.pdf HTTP/1.1" 200 21002
200.111.191.210 - - [08/Aug/2017:12:02:39 -0300] "GET /cormun/servlet/trlicenciaspermisosadjuntos?11287416,20170808000000,L, HTTP/1.1" 200 6590
200.111.191.210 - - [08/Aug/2017:12:02:39 -0300] "GET /cormun/servlet/trlicenciaspermisosadjuntos?11287416,20170808000000,L, HTTP/1.1" 200 6585
200.111.191.210 - - [08/Aug/2017:12:02:42 -0300] "GET /cormun/servlet/trlicencias? HTTP/1.1" 200 12586
200.111.191.210 - - [08/Aug/2017:12:02:42 -0300] "GET /cormun/servlet/trlicencias? HTTP/1.1" 200 12597
200.111.191.210 - - [08/Aug/2017:12:02:46 -0300] "POST /cormun/servlet/trlicencias?d9e54e0a9cfd92c4ffaf93d82009ac20,,gx-no-cache=1502204611827 HTTP/1.1" 200 9859
200.111.191.210 - - [08/Aug/2017:12:02:46 -0300] "GET /cormun/static/Shared/jqueryui/images/ui-icons_82798d_256x240.png HTTP/1.1" 404 1089
200.111.191.210 - - [08/Aug/2017:12:02:46 -0300] "GET /cormun/static/Shared/jqueryui/images/ui-bg_flat_55_fafafa_40x100.png HTTP/1.1" 404 1097
200.111.191.210 - - [08/Aug/2017:12:02:46 -0300] "GET /cormun/static/Shared/jqueryui/images/ui-icons_8d78a5_256x240.png HTTP/1.1" 404 1089
200.111.191.210 - - [08/Aug/2017:12:02:47 -0300] "GET /cormun/static/Shared/jqueryui/images/ui-bg_highlight-soft_100_c6c2c8_1x100.png HTTP/1.1" 404 1117
186.103.161.206 - - [08/Aug/2017:12:03:07 -0300] "POST /cormun/servlet/licenciaspermisosadjuntos?ef0d4def2b0c700feef8012e72532bb1,INS,17235020,L,20170808000000,, HTTP/1.1" 200 116
186.103.161.206 - - [08/Aug/2017:12:03:08 -0300] "GET /cormun/servlet/hpexe_return? HTTP/1.1" 200 1042
186.103.161.206 - - [08/Aug/2017:12:03:08 -0300] "GET /cormun/servlet/trlicenciaspermisosadjuntos?17235020,20170808000000,L, HTTP/1.1" 200 6830
186.103.161.206 - - [08/Aug/2017:12:03:10 -0300] "GET /cormun/servlet/trlicenciaspermisosadjuntos?17235020,20170808000000,L, HTTP/1.1" 200 6826
200.111.191.210 - - [08/Aug/2017:12:03:33 -0300] "GET /cormun/servlet/trsolicitudot? HTTP/1.1" 200 11895
200.111.191.210 - - [08/Aug/2017:12:03:33 -0300] "GET /cormun/servlet/trsolicitudot? HTTP/1.1" 200 11896
190.151.100.218 - - [08/Aug/2017:12:03:40 -0300] "POST /cormun/servlet/trlicenciaspermisosadjuntos?ef0d4def2b0c700feef8012e72532bb1,17235020,20170808000000,L,,gx-no-cache=1502204660938 HTTP/1.1" 200 90
190.151.100.218 - - [08/Aug/2017:12:03:40 -0300] "GET /cormun/servlet/hpexe_link HTTP/1.1" 200 983
190.151.100.218 - - [08/Aug/2017:12:03:41 -0300] "GET /cormun/servlet/trlicencias HTTP/1.1" 200 10717
190.151.100.218 - - [08/Aug/2017:12:03:42 -0300] "GET /cormun/servlet/trlicencias HTTP/1.1" 200 10715
200.111.191.210 - - [08/Aug/2017:12:03:42 -0300] "GET /cormun/servlet/treventos?2017,7002, HTTP/1.1" 200 7866
200.111.191.210 - - [08/Aug/2017:12:03:43 -0300] "GET /cormun/servlet/treventos?2017,7002, HTTP/1.1" 200 7871
200.111.191.210 - - [08/Aug/2017:12:03:47 -0300] "GET /cormun/servlet/trsolicitudot? HTTP/1.1" 200 11895
200.111.191.210 - - [08/Aug/2017:12:03:48 -0300] "GET /cormun/servlet/trsolicitudot? HTTP/1.1" 200 11896
190.151.100.218 - - [08/Aug/2017:12:04:07 -0300] "POST /cormun/servlet/trlicencias?ef0d4def2b0c700feef8012e72532bb1,gx-no-cache=1502204678973 HTTP/1.1" 200 8090
190.151.100.218 - - [08/Aug/2017:12:04:07 -0300] "GET /cormun/static/Shared/jqueryui/images/ui-bg_highlight-soft_100_c6c2c8_1x100.png HTTP/1.1" 404 1117
190.151.100.218 - - [08/Aug/2017:12:04:07 -0300] "GET /cormun/static/Shared/jqueryui/images/ui-bg_flat_55_fafafa_40x100.png HTTP/1.1" 404 1097
200.72.197.82 - - [08/Aug/2017:12:04:08 -0300] "GET /cormun/static/Shared/jqueryui/images/ui-icons_8d78a5_256x240.png HTTP/1.1" 404 1089
186.103.161.206 - - [08/Aug/2017:12:04:08 -0300] "GET /cormun/static/Shared/jqueryui/images/ui-icons_82798d_256x240.png HTTP/1.1" 404 1089
200.111.191.210 - - [08/Aug/2017:12:04:11 -0300] "GET /cormun/servlet/solicitudot?INS,0,0, HTTP/1.1" 200 12657
200.111.191.210 - - [08/Aug/2017:12:04:11 -0300] "GET /cormun/static/gxcfg.js?201752522134570 HTTP/1.1" 304 -
200.111.191.210 - - [08/Aug/2017:12:04:11 -0300] "GET /cormun/static/solicitudot.js?201752522134767 HTTP/1.1" 304 -
186.103.161.206 - - [08/Aug/2017:12:04:12 -0300] "GET /cormun/servlet/alicenciaprn?17235020,L,20170808000000,PU HTTP/1.1" 200 1589
200.111.191.210 - - [08/Aug/2017:12:04:12 -0300] "GET /cormun/servlet/solicitudot?INS,0,0, HTTP/1.1" 200 12661
200.111.191.210 - - [08/Aug/2017:12:04:20 -0300] "POST /cormun/servlet/solicitudot?gx-no-cache=1502204706443 HTTP/1.1" 200 3210
200.111.191.210 - - [08/Aug/2017:12:04:20 -0300] "POST /cormun/servlet/solicitudot?d9e54e0a9cfd92c4ffaf93d82009ac20,INS,0,0,,gx-no-cache=1502204706700 HTTP/1.1" 200 9809
200.86.95.220 - - [08/Aug/2017:12:04:23 -0300] "POST /cormun/servlet/licenciaspermisosadjuntos?a53e2d2f9af5313214e90d3f7088260b,INS,8851094,L,20170808000000,, HTTP/1.1" 200 116
200.86.95.220 - - [08/Aug/2017:12:04:23 -0300] "GET /cormun/servlet/hpexe_return? HTTP/1.1" 200 1043
200.111.191.210 - - [08/Aug/2017:12:04:24 -0300] "GET /cormun/servlet/solicitudot?077e9c466e88d9548dcc02cbec2affe6f3008a4e19919195dd6b30ffc2fe0dec6543d2be9105555feeb18346105d0a71,gx-no-cache=1502204710459 HTTP/1.1" 200 30
200.86.95.220 - - [08/Aug/2017:12:04:24 -0300] "GET /cormun/servlet/trlicenciaspermisosadjuntos?8851094,20170808000000,L, HTTP/1.1" 200 6599
200.111.191.210 - - [08/Aug/2017:12:04:24 -0300] "POST /cormun/servlet/solicitudot?gx-no-cache=1502204710817 HTTP/1.1" 200 240
200.111.191.210 - - [08/Aug/2017:12:04:25 -0300] "GET /cormun/servlet/solicitudot?077e9c466e88d9548dcc02cbec2affe6a3b51bee62b0e543ae6c10ab5ac436a359a20a7c5638d3fbc21fa8adc9cfe66fdeac136a4fa3c59159d97522b5b681c19cc72ec2d114e7da0bab81aabba5a57854d5407341292880f17aec10528d796524eecdb7adb93c5b5e77e1bc34e0f646955d67a7e31d1e12845592a8612afd46291e9957d220e5ebee3ede8c1e16bdbbca6ec9c8ff81e9d61394f7d55a2960d96df5c1cdcd22b5b94a59e4ded9b2629d9357e4848bea6dda26c2945c4eb2d9f74a673030d4310beccbd01aedb620ae6c0a01cd42c5c533dd947c15efb53876d4c6edc8cfea7d002b07e2eab5c8262b9c7b8d89a5bdf60ba56343865b4c61554093a797a26e3db33b96002e6c87aaa77d8eac7340eab2c1bf1ce2988ba03d5b92ba3a7861593a21dedb6a1cbbc14e5338f4379b79762422a81dcb40d66d50191730048fdb10e23fd303a44f151edfe72171046f02420c57afeb33253a09c625d8991072e28e69f28b7d2d5b714498556a54e2969007279ebfebf4f954c565867f,gx-no-cache=1502204711269 HTTP/1.1" 200 30
200.86.95.220 - - [08/Aug/2017:12:04:30 -0300] "POST /cormun/servlet/trlicenciaspermisosadjuntos?a53e2d2f9af5313214e90d3f7088260b,8851094,20170808000000,L,,gx-no-cache=1502204714266 HTTP/1.1" 200 90
200.86.95.220 - - [08/Aug/2017:12:04:30 -0300] "GET /cormun/servlet/hpexe_link HTTP/1.1" 200 985
200.86.95.220 - - [08/Aug/2017:12:04:31 -0300] "GET /cormun/servlet/trlicencias? HTTP/1.1" 200 12177
200.86.95.220 - - [08/Aug/2017:12:04:39 -0300] "POST /cormun/servlet/trlicencias?a53e2d2f9af5313214e90d3f7088260b,,gx-no-cache=1502204722012 HTTP/1.1" 200 9528
200.86.95.220 - - [08/Aug/2017:12:04:41 -0300] "GET /cormun/static/Shared/jqueryui/images/ui-icons_8d78a5_256x240.png HTTP/1.1" 404 1089
200.86.95.220 - - [08/Aug/2017:12:04:41 -0300] "GET /cormun/static/Shared/jqueryui/images/ui-bg_flat_55_fafafa_40x100.png HTTP/1.1" 404 1097
200.86.95.220 - - [08/Aug/2017:12:04:41 -0300] "GET /cormun/static/Shared/jqueryui/images/ui-bg_highlight-soft_100_c6c2c8_1x100.png HTTP/1.1" 404 1117
200.86.95.220 - - [08/Aug/2017:12:04:42 -0300] "GET /cormun/static/Shared/jqueryui/images/ui-icons_82798d_256x240.png HTTP/1.1" 404 1089
200.111.191.210 - - [08/Aug/2017:12:04:43 -0300] "POST /cormun/servlet/solicitudot?gx-no-cache=1502204730346 HTTP/1.1" 200 30
200.111.191.210 - - [08/Aug/2017:12:04:45 -0300] "POST /cormun/servlet/solicitudot?gx-no-cache=1502204731673 HTTP/1.1" 200 1357
200.111.191.210 - - [08/Aug/2017:12:04:45 -0300] "POST /cormun/servlet/solicitudot?gx-no-cache=1502204731777 HTTP/1.1" 200 38
200.111.191.210 - - [08/Aug/2017:12:04:54 -0300] "GET /cormun/servlet/solicitudot?077e9c466e88d9548dcc02cbec2affe6a14ee3ffedaedbe141f2df578d3af988f6e1268debad3ebd0298c0076bc0e4410776cc62b7d28ca9df80f3d5e147892fb261e00212a27e47055eb88d2669c557494fd2ea942cb41351c78c887038873cfc62ca85e30fd81d6c276fae0482b27d4ebd5c2f7379edb2ab84416a151373f0e5cb11b6962747d324b04a6768054cf1ec5aba6ae3e56092e70aa04a89b11221,gx-no-cache=1502204741151 HTTP/1.1" 200 29
200.111.191.210 - - [08/Aug/2017:12:04:55 -0300] "POST /cormun/servlet/solicitudot?gx-no-cache=1502204741221 HTTP/1.1" 200 1336
186.103.157.235 - - [08/Aug/2017:12:04:55 -0300] "GET /cormun/servlet/licenciaspermisos?INS,0,,, HTTP/1.1" 200 7558
186.103.157.235 - - [08/Aug/2017:12:04:56 -0300] "GET /cormun/static/gxcfg.js?201762917281167 HTTP/1.1" 304 -
186.103.157.235 - - [08/Aug/2017:12:04:56 -0300] "GET /cormun/static/licenciaspermisos.js?201762917281260 HTTP/1.1" 304 -
186.103.157.235 - - [08/Aug/2017:12:04:57 -0300] "GET /cormun/servlet/licenciaspermisos?INS,0,,, HTTP/1.1" 200 7566
200.111.191.210 - - [08/Aug/2017:12:05:03 -0300] "POST /cormun/servlet/solicitudot?d9e54e0a9cfd92c4ffaf93d82009ac20,INS,0,0,,gx-no-cache=1502204749437 HTTP/1.1" 200 11231
200.111.191.210 - - [08/Aug/2017:12:05:03 -0300] "GET /cormun/static/Shared/jqueryui/images/ui-bg_highlight-soft_100_c6c2c8_1x100.png HTTP/1.1" 404 1117
200.111.191.210 - - [08/Aug/2017:12:05:03 -0300] "GET /cormun/static/Shared/jqueryui/images/ui-icons_82798d_256x240.png HTTP/1.1" 404 1089
200.111.191.210 - - [08/Aug/2017:12:05:03 -0300] "GET /cormun/static/Shared/jqueryui/images/ui-icons_ebccce_256x240.png HTTP/1.1" 404 1089
200.111.191.210 - - [08/Aug/2017:12:05:03 -0300] "GET /cormun/static/Shared/jqueryui/images/ui-bg_flat_55_994d53_40x100.png HTTP/1.1" 404 1097
200.111.191.210 - - [08/Aug/2017:12:05:21 -0300] "POST /cormun/servlet/solicitudot?gx-no-cache=1502204766960 HTTP/1.1" 200 30
186.103.157.235 - - [08/Aug/2017:12:05:23 -0300] "GET /cormun/servlet/prfichaempleado?,MD,,gxPopupLevel%3D0%3B HTTP/1.1" 200 9319
186.103.157.235 - - [08/Aug/2017:12:05:23 -0300] "GET /cormun/static/gxcfg.js?20177612134814 HTTP/1.1" 304 -
186.103.157.235 - - [08/Aug/2017:12:05:23 -0300] "GET /cormun/static/prfichaempleado.js?20177612134999 HTTP/1.1" 304 -
186.103.157.235 - - [08/Aug/2017:12:05:23 -0300] "GET /cormun/static/menusearch.js?201610171694467 HTTP/1.1" 304 -
186.103.157.235 - - [08/Aug/2017:12:05:24 -0300] "GET /cormun/static/hmpwkw011.js?20177612121862 HTTP/1.1" 304 -
200.111.191.210 - - [08/Aug/2017:12:05:44 -0300] "POST /cormun/servlet/solicitudot?d9e54e0a9cfd92c4ffaf93d82009ac20,INS,0,0,,gx-no-cache=1502204786141 HTTP/1.1" 200 93
200.111.191.210 - - [08/Aug/2017:12:05:44 -0300] "GET /cormun/servlet/hpexe_return? HTTP/1.1" 200 1005
200.111.191.210 - - [08/Aug/2017:12:05:44 -0300] "GET /cormun/servlet/trsolicitudot HTTP/1.1" 200 12235
200.111.191.210 - - [08/Aug/2017:12:05:45 -0300] "GET /cormun/servlet/trsolicitudot HTTP/1.1" 200 12230
200.111.191.210 - - [08/Aug/2017:12:05:54 -0300] "POST /cormun/servlet/trsolicitudot?d9e54e0a9cfd92c4ffaf93d82009ac20,gx-no-cache=1502204799425 HTTP/1.1" 200 9319
200.111.191.210 - - [08/Aug/2017:12:05:54 -0300] "GET /cormun/static/Shared/jqueryui/images/ui-bg_highlight-soft_100_c6c2c8_1x100.png HTTP/1.1" 404 1117
200.111.191.210 - - [08/Aug/2017:12:05:54 -0300] "GET /cormun/static/Shared/jqueryui/images/ui-icons_82798d_256x240.png HTTP/1.1" 404 1089
200.111.191.210 - - [08/Aug/2017:12:05:54 -0300] "GET /cormun/static/Shared/jqueryui/images/ui-icons_8d78a5_256x240.png HTTP/1.1" 404 1089
200.111.191.210 - - [08/Aug/2017:12:05:54 -0300] "GET /cormun/static/Shared/jqueryui/images/ui-bg_flat_55_fafafa_40x100.png HTTP/1.1" 404 1097
200.111.191.210 - - [08/Aug/2017:12:05:55 -0300] "POST /cormun/servlet/trsolicitudot?d9e54e0a9cfd92c4ffaf93d82009ac20,gx-no-cache=1502204800864 HTTP/1.1" 200 9263
200.111.191.210 - - [08/Aug/2017:12:05:57 -0300] "GET /cormun/servlet/solicitudot?INS,0,0, HTTP/1.1" 200 12657
200.111.191.210 - - [08/Aug/2017:12:05:58 -0300] "GET /cormun/servlet/solicitudot?INS,0,0, HTTP/1.1" 200 12661
200.111.191.210 - - [08/Aug/2017:12:06:00 -0300] "GET /cormun/servlet/prfichaempleado?,MD,,gxPopupLevel%3D0%3B HTTP/1.1" 200 9262
200.111.191.210 - - [08/Aug/2017:12:06:00 -0300] "GET /cormun/static/gxcfg.js?20177612134814 HTTP/1.1" 304 -
200.111.191.210 - - [08/Aug/2017:12:06:00 -0300] "GET /cormun/static/menusearch.js?201610171694467 HTTP/1.1" 304 -
186.103.157.235 - - [08/Aug/2017:12:06:00 -0300] "GET /cormun/servlet/licenciaspermisos?7476aaa0d8a561adbdbf5ca445ccbfb017d75b798581720861f1e91811075ab07f71b87d407ebad025b5ae803ae61ffb,gx-no-cache=1502204798321 HTTP/1.1" 200 101
200.111.191.210 - - [08/Aug/2017:12:06:01 -0300] "GET /cormun/static/hmpwkw011.js?20177612121862 HTTP/1.1" 304 -
200.111.191.210 - - [08/Aug/2017:12:06:01 -0300] "GET /cormun/static/prfichaempleado.js?20177612134999 HTTP/1.1" 304 -
186.103.157.235 - - [08/Aug/2017:12:06:04 -0300] "POST /cormun/servlet/licenciaspermisos?91421a69b4be7259467fd8b2ea56abef,INS,0,,,,gx-no-cache=1502204799905 HTTP/1.1" 200 4725
200.111.191.210 - - [08/Aug/2017:12:06:06 -0300] "POST /cormun/servlet/prfichaempleado?d9e54e0a9cfd92c4ffaf93d82009ac20,,MD,,gxPopupLevel%3D0%3B,gx-no-cache=1502204812395 HTTP/1.1" 200 6271
192.168.10.89 - - [08/Aug/2017:12:06:09 -0300] "POST /cormun/servlet/trsolicitudgral?4f3293c96b8b312f5f39379cbe813dd4,,gx-no-cache=1502204745157 HTTP/1.1" 200 7179
200.112.49.175 - - [08/Aug/2017:12:06:10 -0300] "POST /cormun/servlet/trsolicitudot?36343d0fbf86238bb78511f90ca0e618,gx-no-cache=1502204812846 HTTP/1.1" 200 8725
192.168.10.89 - - [08/Aug/2017:12:06:13 -0300] "POST /cormun/servlet/trsolicitudgral?4f3293c96b8b312f5f39379cbe813dd4,,gx-no-cache=1502204749756 HTTP/1.1" 200 115
192.168.10.89 - - [08/Aug/2017:12:06:14 -0300] "GET /cormun/servlet/solicitudotlog?INS,2017,7149,0,REC, HTTP/1.1" 200 6423
192.168.10.89 - - [08/Aug/2017:12:06:15 -0300] "GET /cormun/servlet/solicitudotlog?a37328f93f767cf37ba70d6b4ab3e70c0591a6095a1ae202158eb619d2308b704235b531adad5a7e1e782c26349aba579ce62100066bd0a5f6ff8e65ea4059efff54df81b32d00086ffa091437d6f7d5c943d9b56ea07c0dff47200b6554b17990d5d1bba8819b52457fbd9a94785e49c3b72eba62c9c75272bfa44fa4bdfd563d51da1c624ae0d2705c3e16760a91c2e74a640f773a1c3441dffe27c770fb30,gx-no-cache=1502204750924 HTTP/1.1" 200 94
200.111.191.210 - - [08/Aug/2017:12:06:16 -0300] "POST /cormun/servlet/solicitudot?gx-no-cache=1502204821449 HTTP/1.1" 200 3208
200.111.191.210 - - [08/Aug/2017:12:06:17 -0300] "POST /cormun/servlet/solicitudot?d9e54e0a9cfd92c4ffaf93d82009ac20,INS,0,0,,gx-no-cache=1502204822836 HTTP/1.1" 200 9840
200.112.49.175 - - [08/Aug/2017:12:06:18 -0300] "POST /cormun/servlet/trsolicitudot?36343d0fbf86238bb78511f90ca0e618,gx-no-cache=1502204818879 HTTP/1.1" 200 8727
192.168.10.89 - - [08/Aug/2017:12:06:18 -0300] "POST /cormun/servlet/solicitudotlog?4f3293c96b8b312f5f39379cbe813dd4,INS,2017,7149,0,REC,,gx-no-cache=1502204754566 HTTP/1.1" 200 93
192.168.10.89 - - [08/Aug/2017:12:06:18 -0300] "GET /cormun/servlet/hpexe_return? HTTP/1.1" 200 1017
192.168.10.89 - - [08/Aug/2017:12:06:19 -0300] "GET /cormun/servlet/trsolicitudgral? HTTP/1.1" 200 9153
200.111.191.210 - - [08/Aug/2017:12:06:20 -0300] "GET /cormun/servlet/solicitudot?077e9c466e88d9548dcc02cbec2affe6fd47e08249fd0a8d18fbec2c9d2171256543d2be9105555feeb18346105d0a71,gx-no-cache=1502204826670 HTTP/1.1" 200 30
200.111.191.210 - - [08/Aug/2017:12:06:20 -0300] "POST /cormun/servlet/solicitudot?gx-no-cache=1502204826740 HTTP/1.1" 200 255
200.111.191.210 - - [08/Aug/2017:12:06:20 -0300] "GET /cormun/servlet/solicitudot?077e9c466e88d9548dcc02cbec2affe6a3b51bee62b0e543ae6c10ab5ac436a3d58b33d1726c701e773c004c86521821deac136a4fa3c59159d97522b5b681c19cc72ec2d114e7da0bab81aabba5a57854d5407341292880f17aec10528d796524eecdb7adb93c5b5e77e1bc34e0f646955d67a7e31d1e12845592a8612afd46291e9957d220e5ebee3ede8c1e16bdbbca6ec9c8ff81e9d61394f7d55a2960d96df5c1cdcd22b5b94a59e4ded9b2629d9357e4848bea6dda26c2945c4eb2d9f74a673030d4310beccbd01aedb620ae6c0a01cd42c5c533dd947c15efb53876d4c6edc8cfea7d002b07e2eab5c8262b9c7b8d89a5bdf60ba56343865b4c61554093a797a26e3db33b96002e6c87aaa77d75c3ef623424f3c4598985f20f97d33aac380d53db7c32c80113fe8be0c84005c70d67b990a648d78ee8bfcad982ccd954f37cfdc0eea5a0c781997dc50e3d82ee0d7428249ac03f223274a4b7c54adaa7fa8ddd14b0cbb449831069b53bf51fadd2aff243840ffd634c1f45fbf8d7b8,gx-no-cache=1502204826811 HTTP/1.1" 200 30
200.111.191.210 - - [08/Aug/2017:12:06:25 -0300] "POST /cormun/servlet/solicitudot?gx-no-cache=1502204830399 HTTP/1.1" 200 30
200.112.49.175 - - [08/Aug/2017:12:06:25 -0300] "POST /cormun/servlet/trsolicitudot?36343d0fbf86238bb78511f90ca0e618,gx-no-cache=1502204827878 HTTP/1.1" 200 8728
200.111.191.210 - - [08/Aug/2017:12:06:29 -0300] "GET /cormun/servlet/prcontratosol?13501824,,,,,MD,,gxPopupLevel%3D0%3B HTTP/1.1" 200 7442
200.111.191.210 - - [08/Aug/2017:12:06:29 -0300] "GET /cormun/static/gxcfg.js?201761413223964 HTTP/1.1" 304 -
200.111.191.210 - - [08/Aug/2017:12:06:29 -0300] "GET /cormun/static/prcontratosol.js?201761413224174 HTTP/1.1" 304 -
200.111.191.210 - - [08/Aug/2017:12:06:31 -0300] "POST /cormun/servlet/solicitudot?gx-no-cache=1502204838268 HTTP/1.1" 200 1357
200.111.191.210 - - [08/Aug/2017:12:06:31 -0300] "POST /cormun/servlet/solicitudot?gx-no-cache=1502204838366 HTTP/1.1" 200 38
200.111.191.210 - - [08/Aug/2017:12:06:32 -0300] "GET /cormun/servlet/solicitudot?077e9c466e88d9548dcc02cbec2affe6a14ee3ffedaedbe141f2df578d3af988f6e1268debad3ebd0298c0076bc0e4410776cc62b7d28ca9df80f3d5e147892fb261e00212a27e47055eb88d2669c557494fd2ea942cb41351c78c887038873cfc62ca85e30fd81d6c276fae0482b27d4ebd5c2f7379edb2ab84416a151373f0e5cb11b6962747d324b04a6768054cf1ec5aba6ae3e56092e70aa04a89b11221,gx-no-cache=1502204838443 HTTP/1.1" 200 29
200.111.191.210 - - [08/Aug/2017:12:06:32 -0300] "POST /cormun/servlet/solicitudot?gx-no-cache=1502204838789 HTTP/1.1" 200 1336
200.111.191.210 - - [08/Aug/2017:12:06:43 -0300] "POST /cormun/servlet/solicitudot?gx-no-cache=1502204850309 HTTP/1.1" 200 1336
200.111.191.210 - - [08/Aug/2017:12:06:49 -0300] "POST /cormun/servlet/solicitudot?gx-no-cache=1502204855502 HTTP/1.1" 200 137
200.111.191.210 - - [08/Aug/2017:12:06:49 -0300] "GET /cormun/static/Shared/jqueryui/images/ui-bg_highlight-soft_100_c6c2c8_1x100.png HTTP/1.1" 404 1117
200.111.191.210 - - [08/Aug/2017:12:06:49 -0300] "GET /cormun/static/Shared/jqueryui/images/ui-icons_82798d_256x240.png HTTP/1.1" 404 1089
200.111.191.210 - - [08/Aug/2017:12:06:49 -0300] "GET /cormun/static/Shared/jqueryui/images/ui-bg_flat_55_994d53_40x100.png HTTP/1.1" 404 1097
200.111.191.210 - - [08/Aug/2017:12:06:49 -0300] "GET /cormun/static/Shared/jqueryui/images/ui-icons_ebccce_256x240.png HTTP/1.1" 404 1089
200.111.191.210 - - [08/Aug/2017:12:06:57 -0300] "POST /cormun/servlet/solicitudot?gx-no-cache=1502204863591 HTTP/1.1" 200 33
200.111.191.210 - - [08/Aug/2017:12:07:12 -0300] "POST /cormun/servlet/solicitudot?d9e54e0a9cfd92c4ffaf93d82009ac20,INS,0,0,,gx-no-cache=1502204877399 HTTP/1.1" 200 93
200.111.191.210 - - [08/Aug/2017:12:07:12 -0300] "GET /cormun/servlet/hpexe_return? HTTP/1.1" 200 1027
200.111.191.210 - - [08/Aug/2017:12:07:12 -0300] "GET /cormun/servlet/trsolicitudot?gx-no-cache=1502204800864 HTTP/1.1" 200 12651
200.111.191.210 - - [08/Aug/2017:12:07:13 -0300] "GET /cormun/servlet/trsolicitudot?gx-no-cache=1502204800864 HTTP/1.1" 200 12666
200.111.191.210 - - [08/Aug/2017:12:07:17 -0300] "POST /cormun/servlet/trsolicitudot?d9e54e0a9cfd92c4ffaf93d82009ac20,gx-no-cache=1502204800864,gx-no-cache=1502204882697 HTTP/1.1" 200 9763
200.111.191.210 - - [08/Aug/2017:12:07:17 -0300] "GET /cormun/static/Shared/jqueryui/images/ui-bg_highlight-soft_100_c6c2c8_1x100.png HTTP/1.1" 404 1117
200.111.191.210 - - [08/Aug/2017:12:07:17 -0300] "GET /cormun/static/Shared/jqueryui/images/ui-bg_flat_55_fafafa_40x100.png HTTP/1.1" 404 1097
200.111.191.210 - - [08/Aug/2017:12:07:17 -0300] "GET /cormun/static/Shared/jqueryui/images/ui-icons_8d78a5_256x240.png HTTP/1.1" 404 1089
200.111.191.210 - - [08/Aug/2017:12:07:17 -0300] "GET /cormun/static/Shared/jqueryui/images/ui-icons_82798d_256x240.png HTTP/1.1" 404 1089
200.111.191.210 - - [08/Aug/2017:12:07:25 -0300] "POST /cormun/servlet/trsolicitudot?d9e54e0a9cfd92c4ffaf93d82009ac20,gx-no-cache=1502204800864,gx-no-cache=1502204884176 HTTP/1.1" 200 9706
200.111.191.210 - - [08/Aug/2017:12:07:29 -0300] "GET /cormun/servlet/trpermisosgoce? HTTP/1.1" 200 12392
200.111.191.210 - - [08/Aug/2017:12:07:30 -0300] "GET /cormun/servlet/trpermisosgoce? HTTP/1.1" 200 12370
200.111.191.210 - - [08/Aug/2017:12:07:30 -0300] "GET /cormun/servlet/hlogin HTTP/1.1" 200 1737
200.111.191.210 - - [08/Aug/2017:12:07:36 -0300] "POST /cormun/servlet/hlogin?d9e54e0a9cfd92c4ffaf93d82009ac20,gx-no-cache=1502204902460 HTTP/1.1" 200 90
200.111.191.210 - - [08/Aug/2017:12:07:36 -0300] "GET /cormun/servlet/hpexe_link HTTP/1.1" 200 949
200.111.191.210 - - [08/Aug/2017:12:07:36 -0300] "GET /cormun/servlet/hhome HTTP/1.1" 200 3973
200.111.191.210 - - [08/Aug/2017:12:07:36 -0300] "GET /cormun/servlet/hhome HTTP/1.1" 200 3970
200.111.191.210 - - [08/Aug/2017:12:07:42 -0300] "GET /cormun/servlet/trautorizarsolicitud? HTTP/1.1" 200 8622
200.111.191.210 - - [08/Aug/2017:12:07:42 -0300] "GET /cormun/static/Resources/Spanish/PXTools.css?11294912 HTTP/1.1" 304 -
200.111.191.210 - - [08/Aug/2017:12:07:42 -0300] "GET /cormun/static/gxcfg.js?20174261241362 HTTP/1.1" 304 -
200.111.191.210 - - [08/Aug/2017:12:07:42 -0300] "GET /cormun/static/trautorizarsolicitud.js?201742612414370 HTTP/1.1" 304 -
200.111.191.210 - - [08/Aug/2017:12:07:42 -0300] "GET /cormun/servlet/trautorizarsolicitud? HTTP/1.1" 200 8620
192.168.10.89 - - [08/Aug/2017:12:07:51 -0300] "POST /cormun/servlet/trsolicitudgral?4f3293c96b8b312f5f39379cbe813dd4,,gx-no-cache=1502204847297 HTTP/1.1" 200 7151
186.103.157.235 - - [08/Aug/2017:12:07:52 -0300] "GET /cormun/static/menuarrow.gif HTTP/1.1" 404 1015
200.111.191.210 - - [08/Aug/2017:12:07:57 -0300] "POST /cormun/servlet/trautorizarsolicitud?d9e54e0a9cfd92c4ffaf93d82009ac20,,gx-no-cache=1502204923482 HTTP/1.1" 200 5458
200.111.191.210 - - [08/Aug/2017:12:07:57 -0300] "GET /cormun/static/Shared/jqueryui/images/ui-bg_highlight-soft_100_c6c2c8_1x100.png HTTP/1.1" 404 1117
200.111.191.210 - - [08/Aug/2017:12:07:57 -0300] "GET /cormun/static/Shared/jqueryui/images/ui-icons_8d78a5_256x240.png HTTP/1.1" 404 1089
200.111.191.210 - - [08/Aug/2017:12:07:57 -0300] "GET /cormun/static/Shared/jqueryui/images/ui-bg_flat_55_fafafa_40x100.png HTTP/1.1" 404 1097
200.111.191.210 - - [08/Aug/2017:12:07:57 -0300] "GET /cormun/static/Shared/jqueryui/images/ui-icons_82798d_256x240.png HTTP/1.1" 404 1089
192.168.10.89 - - [08/Aug/2017:12:07:58 -0300] "GET /cormun/servlet/solicitudgral2?UPD,2017,7097, HTTP/1.1" 200 12682
192.168.10.89 - - [08/Aug/2017:12:07:58 -0300] "GET /cormun/static/gxcfg.js?20176271749511 HTTP/1.1" 304 -
200.111.191.210 - - [08/Aug/2017:12:07:58 -0300] "POST /cormun/servlet/trautorizarsolicitud?d9e54e0a9cfd92c4ffaf93d82009ac20,,gx-no-cache=1502204923769 HTTP/1.1" 200 5403
192.168.10.89 - - [08/Aug/2017:12:07:58 -0300] "GET /cormun/static/solicitudgral2.js?201762717495177 HTTP/1.1" 304 -
192.168.10.89 - - [08/Aug/2017:12:07:59 -0300] "POST /cormun/servlet/solicitudgral2?gx-no-cache=1502204855454 HTTP/1.1" 200 3224
192.168.10.89 - - [08/Aug/2017:12:07:59 -0300] "GET /cormun/servlet/solicitudgral2?a37328f93f767cf37ba70d6b4ab3e70c66cd953e6b938b8a61e37b6317866b030cb1e0d654c65c81a228b5c77014fa16edfdbb9b9675b1ceb185f8b52f8ac5f966669b52f25b7a466f06b950f40228f8bb55dfec77fafa975177530c609582eb0e20db53a44dad7020bbe2077f511dfb50df97a6fdae69e407e61fedac1bbde2e52f5974f20dc79d2b80b7647068c9487b18e6303ad897e1f845aba41e8ca1173caa397cf8d368e6b1e54d22cbb13f8cfc124ca43ea57388fedf02d74e5d94b9eab0448a7f2d2072c0d778db14232b0c71a259b9bb86c5eba734492de29aeb3ff2e8a443cbba48131e38f22bdd3b513db26eeffb3cc253463f5d8c31663fc88768f97c6a6ddd6ca122eb2fa8f3356e404a734b826829e328b70d64b6036691889297acaced4caa8563618cf643b9f2ffeb91324ce138382bfe6730e736cd63aab0e39eb87e6703ed7de920a3726d5005,gx-no-cache=1502204855687 HTTP/1.1" 200 298
192.168.10.89 - - [08/Aug/2017:12:07:59 -0300] "POST /cormun/servlet/solicitudgral2?gx-no-cache=1502204855716 HTTP/1.1" 200 1413
192.168.10.89 - - [08/Aug/2017:12:07:59 -0300] "GET /cormun/servlet/solicitudgral2?a37328f93f767cf37ba70d6b4ab3e70c3d134199cdff0b922be81f15e32d017b82a6a7b1dc3a6b30ebfc6ceaa73af3f4edfdbb9b9675b1ceb185f8b52f8ac5f9f61383792b0d9ebe68e667bd3f2548f0f638879ab84afd72982d76a44590c612b88056cd791066c52cd5214bb90d16ae,gx-no-cache=1502204855770 HTTP/1.1" 200 41
192.168.10.89 - - [08/Aug/2017:12:08:03 -0300] "POST /cormun/servlet/solicitudgral2?4f3293c96b8b312f5f39379cbe813dd4,UPD,2017,7097,,gx-no-cache=1502204859061 HTTP/1.1" 200 10904
192.168.10.89 - - [08/Aug/2017:12:08:04 -0300] "GET /cormun/servlet/solicitudgral2?a37328f93f767cf37ba70d6b4ab3e70c09c86d3ada2e4999c4a6542c34473bbd857eef68896ee6b824021ad7922ee8c3971a7345d2d707af4b384b93696804d2dae213fbaf2286cc3c0d7eb784a8f046992ab65e2723921396ac7beba89c9100c4c27c655f9f66a12a4ba1bed8f63be8,gx-no-cache=1502204860431 HTTP/1.1" 200 29
192.168.10.89 - - [08/Aug/2017:12:08:04 -0300] "POST /cormun/servlet/solicitudgral2?gx-no-cache=1502204860457 HTTP/1.1" 200 1312
192.168.10.89 - - [08/Aug/2017:12:08:04 -0300] "POST /cormun/servlet/solicitudgral2?gx-no-cache=1502204860491 HTTP/1.1" 200 1215
192.168.10.89 - - [08/Aug/2017:12:08:08 -0300] "GET /cormun/servlet/solicitudgral2?a37328f93f767cf37ba70d6b4ab3e70ce103c5bb9f6b79024935215cbf397835acec9e2e2184ca1113b59f4432b32d8f479c404212bb27c0031a1e9ebd0b60c2464b4a7398408a059e545e0b94a722e32b41aadd2df5f4711cf3ad9086627251ba78b9523e5b7629a0158c6fbca9686671062e1a009de77a18ab3901079ca9ce,gx-no-cache=1502204864667 HTTP/1.1" 200 30
200.111.191.210 - - [08/Aug/2017:12:08:10 -0300] "POST /cormun/servlet/trautorizarsolicitud?d9e54e0a9cfd92c4ffaf93d82009ac20,,gx-no-cache=1502204931636 HTTP/1.1" 200 4333
200.111.191.210 - - [08/Aug/2017:12:08:11 -0300] "POST /cormun/servlet/trautorizarsolicitud?d9e54e0a9cfd92c4ffaf93d82009ac20,,gx-no-cache=1502204936963 HTTP/1.1" 200 4099
192.168.10.89 - - [08/Aug/2017:12:08:12 -0300] "POST /cormun/servlet/solicitudgral2?4f3293c96b8b312f5f39379cbe813dd4,UPD,2017,7097,,gx-no-cache=1502204868114 HTTP/1.1" 200 93
192.168.10.89 - - [08/Aug/2017:12:08:12 -0300] "GET /cormun/servlet/hpexe_return? HTTP/1.1" 200 1010
192.168.10.89 - - [08/Aug/2017:12:08:12 -0300] "GET /cormun/servlet/trsolicitudgral? HTTP/1.1" 200 10556
192.168.10.89 - - [08/Aug/2017:12:08:18 -0300] "POST /cormun/servlet/trsolicitudgral?4f3293c96b8b312f5f39379cbe813dd4,,gx-no-cache=1502204874493 HTTP/1.1" 200 5977
192.168.10.89 - - [08/Aug/2017:12:08:18 -0300] "GET /cormun/static/Shared/jqueryui/images/ui-bg_highlight-soft_100_c6c2c8_1x100.png HTTP/1.1" 404 1117
192.168.10.89 - - [08/Aug/2017:12:08:18 -0300] "GET /cormun/static/Shared/jqueryui/images/ui-icons_82798d_256x240.png HTTP/1.1" 404 1089
192.168.10.89 - - [08/Aug/2017:12:08:18 -0300] "GET /cormun/static/Shared/jqueryui/images/ui-bg_flat_55_fafafa_40x100.png HTTP/1.1" 404 1097
192.168.10.89 - - [08/Aug/2017:12:08:18 -0300] "GET /cormun/static/Shared/jqueryui/images/ui-icons_8d78a5_256x240.png HTTP/1.1" 404 1089
186.103.157.235 - - [08/Aug/2017:12:09:58 -0300] "GET /cormun/servlet/licenciaspermisos?7476aaa0d8a561adbdbf5ca445ccbfb0c86674fb7ee0e340ea4a962cd390cc0198a8114277803801e64d6ebae72ee5fb9ddbf31812c118fe56745254aa301802258569fa726f09834c459bc406d9a0888615e65bdceb9886cf10b2f2c9a6ce72219a86f134f28d937e3e63624cdfdac4e8b04fb913196e435c38d9ba0b6430531490121980de195d871450c5b36b143485442d32bacb96844e6cc3e58d5d39f4fd82b8c414ebb1798a0662ddc3bc0bdc,gx-no-cache=1502205031769 HTTP/1.1" 200 30
186.103.157.235 - - [08/Aug/2017:12:09:59 -0300] "GET /cormun/servlet/licenciaspermisos?7476aaa0d8a561adbdbf5ca445ccbfb0cb74f156e59a7429b5a8b5f762c5bb64c10c2822acc6d154839493134feaa1bfb6e5e7fe9ae37304318c10f298bb05526047145b7be4f1b6f6f3531e8b97b2f48ef144e8322adbedc883df1c289a58c6b107c5c7259bf61b9a390748ec0544ab24bded67be92fa3f7352c8e4d0eb006daab2d8a1116d7cc61f54e48910c230ad44e260c52b95288808f11abb240802cefaad29e4a680c1db69e7bae393418938,gx-no-cache=1502205037857 HTTP/1.1" 200 29
186.103.157.235 - - [08/Aug/2017:12:10:04 -0300] "POST /cormun/servlet/licenciaspermisos?91421a69b4be7259467fd8b2ea56abef,INS,0,,,,gx-no-cache=1502205038434 HTTP/1.1" 200 4911
186.103.157.235 - - [08/Aug/2017:12:10:05 -0300] "GET /cormun/static/Shared/jqueryui/images/ui-icons_82798d_256x240.png HTTP/1.1" 404 1089
186.103.157.235 - - [08/Aug/2017:12:10:05 -0300] "GET /cormun/static/Shared/jqueryui/images/ui-icons_ebccce_256x240.png HTTP/1.1" 404 1089
186.103.157.235 - - [08/Aug/2017:12:10:05 -0300] "GET /cormun/static/Shared/jqueryui/images/ui-bg_flat_55_994d53_40x100.png HTTP/1.1" 404 1097
186.103.157.235 - - [08/Aug/2017:12:10:07 -0300] "GET /cormun/static/Shared/jqueryui/images/ui-bg_highlight-soft_100_c6c2c8_1x100.png HTTP/1.1" 404 1117
186.103.157.235 - - [08/Aug/2017:12:10:21 -0300] "GET /cormun/servlet/licenciaspermisos?7476aaa0d8a561adbdbf5ca445ccbfb0c86674fb7ee0e340ea4a962cd390cc0198a8114277803801e64d6ebae72ee5fb9ddbf31812c118fe56745254aa301802258569fa726f09834c459bc406d9a0888615e65bdceb9886cf10b2f2c9a6ce724d3d69d81dc780270d9d442bb535e87be8b04fb913196e435c38d9ba0b643053d100a25f12db0144772b60230cf45a18895e9f4ad8bb1d650ebc40d701935e8168c38c0b21356827b6ff7bfce6b839a990b30953b743f0ddc2a7fb2b2300a4885e94709d1f964682d604d5eee81377349c35a8e659a0d06eae4e57e1239e8f3f,gx-no-cache=1502205060446 HTTP/1.1" 200 30
186.103.157.235 - - [08/Aug/2017:12:10:22 -0300] "GET /cormun/servlet/licenciaspermisos?7476aaa0d8a561adbdbf5ca445ccbfb0cb74f156e59a7429b5a8b5f762c5bb64c10c2822acc6d154839493134feaa1bfb6e5e7fe9ae37304318c10f298bb05526047145b7be4f1b6f6f3531e8b97b2f48ef144e8322adbedc883df1c289a58c61ebcfbbb930309b67b6f084d4d970fef24bded67be92fa3f7352c8e4d0eb006d16c8b0aee7257f2dcbd5f550a207d97ab5f2868f16335145d24b9244bff6b60885ccd2ed5319f7f29ea65f872412483feb0a714955f17191235e9b7ce05f538a5a10fd1ab2b11e2d1acd5c9e1446df330baa309611e8c0e028fe3af0125b9a4b,gx-no-cache=1502205060612 HTTP/1.1" 200 29
186.103.157.235 - - [08/Aug/2017:12:10:27 -0300] "POST /cormun/servlet/licenciaspermisos?91421a69b4be7259467fd8b2ea56abef,INS,0,,,,gx-no-cache=1502205061698 HTTP/1.1" 200 93
186.103.157.235 - - [08/Aug/2017:12:10:28 -0300] "GET /cormun/servlet/hpexe_return? HTTP/1.1" 200 1014
186.103.157.235 - - [08/Aug/2017:12:10:29 -0300] "GET /cormun/static/hpexe_return.js?2016101716175153 HTTP/1.1" 304 -
186.103.157.235 - - [08/Aug/2017:12:10:29 -0300] "GET /cormun/static/Resources/Spanish/PXTools.css?167811 HTTP/1.1" 304 -
186.103.157.235 - - [08/Aug/2017:12:10:30 -0300] "GET /cormun/static/gxcfg.js?2016101716175148 HTTP/1.1" 304 -
186.103.157.235 - - [08/Aug/2017:12:10:30 -0300] "GET /cormun/servlet/trlicencias HTTP/1.1" 200 10209
186.103.157.235 - - [08/Aug/2017:12:10:32 -0300] "GET /cormun/servlet/trlicencias HTTP/1.1" 200 10205
186.103.157.235 - - [08/Aug/2017:12:10:46 -0300] "GET /cormun/servlet/alicenciaprn?15111610,L,20170808000000,PU HTTP/1.1" 200 1529
186.67.172.234 - - [08/Aug/2017:12:11:11 -0300] "GET /cormun/servlet/licenciaspermisos?INS,0,,, HTTP/1.1" 200 6718
186.67.172.234 - - [08/Aug/2017:12:11:11 -0300] "GET /cormun/static/gxcfg.js?201762917281167 HTTP/1.1" 200 953
186.67.172.234 - - [08/Aug/2017:12:11:11 -0300] "GET /cormun/static/licenciaspermisos.js?201762917281260 HTTP/1.1" 200 37491
186.67.172.234 - - [08/Aug/2017:12:11:11 -0300] "GET /cormun/static/Resources/prompt.gif HTTP/1.1" 200 902
186.67.172.234 - - [08/Aug/2017:12:11:12 -0300] "GET /cormun/servlet/hlogin HTTP/1.1" 200 1741
186.67.172.234 - - [08/Aug/2017:12:11:12 -0300] "GET /cormun/servlet/licenciaspermisos?INS,0,,, HTTP/1.1" 200 6716
186.67.172.234 - - [08/Aug/2017:12:11:26 -0300] "POST /cormun/servlet/hlogin?67269aa6c29ca376e123759ea023a093,gx-no-cache=1502205127914 HTTP/1.1" 200 90
186.67.172.234 - - [08/Aug/2017:12:11:26 -0300] "GET /cormun/servlet/hpexe_link HTTP/1.1" 200 964
186.67.172.234 - - [08/Aug/2017:12:11:27 -0300] "GET /cormun/servlet/licenciaspermisos?INS,0,,, HTTP/1.1" 200 7140
186.67.172.234 - - [08/Aug/2017:12:11:27 -0300] "GET /cormun/servlet/licenciaspermisos?INS,0,,, HTTP/1.1" 200 7138
186.67.172.234 - - [08/Aug/2017:12:12:14 -0300] "GET /cormun/static/Resources/resize.gif HTTP/1.1" 200 77
186.67.172.234 - - [08/Aug/2017:12:12:14 -0300] "GET /cormun/servlet/prfichaempleado?,MD,,gxPopupLevel%3D0%3B HTTP/1.1" 200 9230
186.67.172.234 - - [08/Aug/2017:12:12:14 -0300] "GET /cormun/static/gxcfg.js?20177612134814 HTTP/1.1" 200 953
186.67.172.234 - - [08/Aug/2017:12:12:14 -0300] "GET /cormun/static/Resources/PXToolsMenuSearch.png HTTP/1.1" 200 2914
186.67.172.234 - - [08/Aug/2017:12:12:14 -0300] "GET /cormun/static/prfichaempleado.js?20177612134999 HTTP/1.1" 200 16006
186.67.172.234 - - [08/Aug/2017:12:12:14 -0300] "GET /cormun/static/hmpwkw011.js?20177612121862 HTTP/1.1" 200 1968
186.67.172.234 - - [08/Aug/2017:12:12:14 -0300] "GET /cormun/static/Resources/PXToolsMenuSearchCancel.png HTTP/1.1" 200 2972
186.67.172.234 - - [08/Aug/2017:12:12:15 -0300] "GET /cormun/static/menusearch.js?201610171694467 HTTP/1.1" 200 1424
186.67.172.234 - - [08/Aug/2017:12:12:43 -0300] "POST /cormun/servlet/prfichaempleado?67269aa6c29ca376e123759ea023a093,,MD,,gxPopupLevel%3D0%3B,gx-no-cache=1502205204476 HTTP/1.1" 200 3425
186.67.172.234 - - [08/Aug/2017:12:12:48 -0300] "GET /cormun/servlet/licenciaspermisos?cda8c35beddd6d9519ddae1c29891131c9ffc286cab634efa861a61ffa339de3750ada2793e3b293ddb7726425c881c4,gx-no-cache=1502205209223 HTTP/1.1" 200 98
186.67.172.234 - - [08/Aug/2017:12:12:49 -0300] "POST /cormun/servlet/licenciaspermisos?67269aa6c29ca376e123759ea023a093,INS,0,,,,gx-no-cache=1502205209314 HTTP/1.1" 200 4265
192.168.10.89 - - [08/Aug/2017:12:13:21 -0300] "POST /cormun/servlet/trsolicitudgral?4f3293c96b8b312f5f39379cbe813dd4,,gx-no-cache=1502205177300 HTTP/1.1" 200 7430
186.67.172.234 - - [08/Aug/2017:12:13:23 -0300] "GET /cormun/static/menuarrow.gif HTTP/1.1" 404 1015
192.168.10.89 - - [08/Aug/2017:12:13:25 -0300] "POST /cormun/servlet/trsolicitudgral?4f3293c96b8b312f5f39379cbe813dd4,,gx-no-cache=1502205181228 HTTP/1.1" 200 5967
200.111.191.210 - - [08/Aug/2017:12:14:14 -0300] "GET /cormun/servlet/trautorizarpermisogoce? HTTP/1.1" 200 6787
200.111.191.210 - - [08/Aug/2017:12:14:15 -0300] "GET /cormun/servlet/trautorizarpermisogoce? HTTP/1.1" 200 6786
200.111.191.210 - - [08/Aug/2017:12:14:20 -0300] "GET /cormun/servlet/hlogin HTTP/1.1" 200 1742
200.111.191.210 - - [08/Aug/2017:12:14:27 -0300] "POST /cormun/servlet/hlogin?d9e54e0a9cfd92c4ffaf93d82009ac20,gx-no-cache=1502205314108 HTTP/1.1" 200 90
200.111.191.210 - - [08/Aug/2017:12:14:27 -0300] "GET /cormun/servlet/hpexe_link HTTP/1.1" 200 949
200.111.191.210 - - [08/Aug/2017:12:14:27 -0300] "GET /cormun/servlet/hhome HTTP/1.1" 200 3790
200.111.191.210 - - [08/Aug/2017:12:14:28 -0300] "GET /cormun/servlet/hhome HTTP/1.1" 200 3786
200.111.191.210 - - [08/Aug/2017:12:14:30 -0300] "GET /cormun/servlet/trpermisosgoce? HTTP/1.1" 200 12365
200.111.191.210 - - [08/Aug/2017:12:14:30 -0300] "GET /cormun/servlet/trpermisosgoce? HTTP/1.1" 200 12363
200.111.191.210 - - [08/Aug/2017:12:14:32 -0300] "GET /cormun/servlet/trpermisosadjuntos?14546010,20170808111407,P, HTTP/1.1" 200 6101
200.111.191.210 - - [08/Aug/2017:12:14:33 -0300] "GET /cormun/servlet/trpermisosadjuntos?14546010,20170808111407,P, HTTP/1.1" 200 6101
200.111.191.210 - - [08/Aug/2017:12:14:35 -0300] "GET /cormun/servlet/permisosadjuntos?INS,14546010,P,20170808111407,, HTTP/1.1" 200 5427
200.111.191.210 - - [08/Aug/2017:12:14:35 -0300] "GET /cormun/static/about:blank HTTP/1.1" 404 1011
200.111.191.210 - - [08/Aug/2017:12:14:35 -0300] "GET /cormun/servlet/permisosadjuntos?INS,14546010,P,20170808111407,, HTTP/1.1" 200 5417
200.111.191.210 - - [08/Aug/2017:12:14:41 -0300] "POST /cormun/servlet/permisosadjuntos?d9e54e0a9cfd92c4ffaf93d82009ac20,INS,14546010,P,20170808111407,, HTTP/1.1" 200 116
200.111.191.210 - - [08/Aug/2017:12:14:41 -0300] "GET /cormun/servlet/hpexe_return? HTTP/1.1" 200 1037
200.111.191.210 - - [08/Aug/2017:12:14:41 -0300] "GET /cormun/servlet/trpermisosadjuntos?14546010,20170808111407,P, HTTP/1.1" 200 6555
200.111.191.210 - - [08/Aug/2017:12:14:42 -0300] "GET /cormun/servlet/trpermisosadjuntos?14546010,20170808111407,P, HTTP/1.1" 200 6552
200.111.191.210 - - [08/Aug/2017:12:14:43 -0300] "GET /cormun/servlet/permisosadjuntos?INS,14546010,P,20170808111407,, HTTP/1.1" 200 5427
200.111.191.210 - - [08/Aug/2017:12:14:43 -0300] "GET /cormun/static/about:blank HTTP/1.1" 404 1011
200.111.191.210 - - [08/Aug/2017:12:14:44 -0300] "GET /cormun/servlet/permisosadjuntos?INS,14546010,P,20170808111407,, HTTP/1.1" 200 5416
200.111.191.210 - - [08/Aug/2017:12:14:53 -0300] "POST /cormun/servlet/permisosadjuntos?d9e54e0a9cfd92c4ffaf93d82009ac20,INS,14546010,P,20170808111407,, HTTP/1.1" 200 116
200.111.191.210 - - [08/Aug/2017:12:14:53 -0300] "GET /cormun/servlet/hpexe_return? HTTP/1.1" 200 1037
200.111.191.210 - - [08/Aug/2017:12:14:53 -0300] "GET /cormun/servlet/trpermisosadjuntos?14546010,20170808111407,P, HTTP/1.1" 200 6648
200.111.191.210 - - [08/Aug/2017:12:14:53 -0300] "GET /cormun/servlet/trpermisosadjuntos?14546010,20170808111407,P, HTTP/1.1" 200 6642
200.111.191.210 - - [08/Aug/2017:12:14:57 -0300] "GET /cormun/PublicTempStorage/100379909.pdf HTTP/1.1" 200 24972
200.111.191.210 - - [08/Aug/2017:12:15:00 -0300] "GET /cormun/servlet/trpermisosadjuntos?14546010,20170808111407,P, HTTP/1.1" 200 6648
200.111.191.210 - - [08/Aug/2017:12:15:01 -0300] "GET /cormun/servlet/trpermisosadjuntos?14546010,20170808111407,P, HTTP/1.1" 200 6646
200.111.191.210 - - [08/Aug/2017:12:15:03 -0300] "GET /cormun/servlet/permisosadjuntos?DLT,14546010,P,20170808111407,20170808121419, HTTP/1.1" 200 5445
200.111.191.210 - - [08/Aug/2017:12:15:03 -0300] "GET /cormun/PublicTempStorage/998211759.pdf HTTP/1.1" 200 29896
200.111.191.210 - - [08/Aug/2017:12:15:03 -0300] "GET /cormun/static/Shared/jqueryui/images/ui-bg_highlight-soft_100_c6c2c8_1x100.png HTTP/1.1" 404 1117
200.111.191.210 - - [08/Aug/2017:12:15:03 -0300] "GET /cormun/static/Shared/jqueryui/images/ui-icons_82798d_256x240.png HTTP/1.1" 404 1089
200.111.191.210 - - [08/Aug/2017:12:15:03 -0300] "GET /cormun/static/Shared/jqueryui/images/ui-icons_8d78a5_256x240.png HTTP/1.1" 404 1089
200.111.191.210 - - [08/Aug/2017:12:15:03 -0300] "GET /cormun/static/Shared/jqueryui/images/ui-bg_flat_55_fafafa_40x100.png HTTP/1.1" 404 1097
200.111.191.210 - - [08/Aug/2017:12:15:03 -0300] "GET /cormun/servlet/permisosadjuntos?DLT,14546010,P,20170808111407,20170808121419, HTTP/1.1" 200 5434
200.111.191.210 - - [08/Aug/2017:12:15:06 -0300] "GET /cormun/servlet/trpermisosgoce? HTTP/1.1" 200 12376
200.111.191.210 - - [08/Aug/2017:12:15:06 -0300] "GET /cormun/servlet/trpermisosgoce? HTTP/1.1" 200 12363
200.111.191.210 - - [08/Aug/2017:12:15:09 -0300] "POST /cormun/servlet/trpermisosgoce?d9e54e0a9cfd92c4ffaf93d82009ac20,,gx-no-cache=1502205355600 HTTP/1.1" 200 9493
200.111.191.210 - - [08/Aug/2017:12:15:09 -0300] "GET /cormun/static/Shared/jqueryui/images/ui-bg_highlight-soft_100_c6c2c8_1x100.png HTTP/1.1" 404 1117
200.111.191.210 - - [08/Aug/2017:12:15:09 -0300] "GET /cormun/static/Shared/jqueryui/images/ui-icons_82798d_256x240.png HTTP/1.1" 404 1089
200.111.191.210 - - [08/Aug/2017:12:15:09 -0300] "GET /cormun/static/Shared/jqueryui/images/ui-bg_flat_55_fafafa_40x100.png HTTP/1.1" 404 1097
200.111.191.210 - - [08/Aug/2017:12:15:09 -0300] "GET /cormun/static/Shared/jqueryui/images/ui-icons_8d78a5_256x240.png HTTP/1.1" 404 1089
200.111.191.210 - - [08/Aug/2017:12:15:11 -0300] "GET /cormun/servlet/trpermisosadjuntos?16364189,20170807132209,P, HTTP/1.1" 200 6100
200.111.191.210 - - [08/Aug/2017:12:15:11 -0300] "GET /cormun/servlet/trpermisosadjuntos?16364189,20170807132209,P, HTTP/1.1" 200 6101
200.111.191.210 - - [08/Aug/2017:12:15:12 -0300] "GET /cormun/servlet/permisosadjuntos?INS,16364189,P,20170807132209,, HTTP/1.1" 200 5426
200.111.191.210 - - [08/Aug/2017:12:15:13 -0300] "GET /cormun/static/about:blank HTTP/1.1" 404 1011
200.111.191.210 - - [08/Aug/2017:12:15:13 -0300] "GET /cormun/servlet/permisosadjuntos?INS,16364189,P,20170807132209,, HTTP/1.1" 200 5416
