186.103.156.24 - - [08/Aug/2017:13:26:44 -0300] "GET /cormun/servlet/licenciaspermisos?INS,0,,, HTTP/1.1" 200 7588
186.103.156.24 - - [08/Aug/2017:13:26:47 -0300] "GET /cormun/servlet/prfichaempleado?,MD,,gxPopupLevel%3D0%3B HTTP/1.1" 200 9336
186.103.159.43 - - [08/Aug/2017:13:26:58 -0300] "POST /cormun/servlet/trautorizarsolicitud?51154d255c695b8254664fe0a758eacd,,gx-no-cache=1502209660087 HTTP/1.1" 200 4335
186.103.159.43 - - [08/Aug/2017:13:26:58 -0300] "GET /cormun/static/Shared/jqueryui/images/ui-icons_82798d_256x240.png HTTP/1.1" 404 1089
186.103.159.43 - - [08/Aug/2017:13:26:58 -0300] "GET /cormun/static/Shared/jqueryui/images/ui-bg_flat_55_fafafa_40x100.png HTTP/1.1" 404 1097
186.103.159.43 - - [08/Aug/2017:13:26:58 -0300] "GET /cormun/static/Shared/jqueryui/images/ui-icons_8d78a5_256x240.png HTTP/1.1" 404 1089
186.103.159.43 - - [08/Aug/2017:13:26:58 -0300] "POST /cormun/servlet/trautorizarsolicitud?51154d255c695b8254664fe0a758eacd,,gx-no-cache=1502209662487 HTTP/1.1" 200 4101
186.103.159.43 - - [08/Aug/2017:13:26:59 -0300] "GET /cormun/static/Shared/jqueryui/images/ui-bg_highlight-soft_100_c6c2c8_1x100.png HTTP/1.1" 404 1117
186.103.156.24 - - [08/Aug/2017:13:27:33 -0300] "POST /cormun/servlet/prfichaempleado?42a53e8bb2bb6685db365d45a1baf89c,,MD,,gxPopupLevel%3D0%3B,gx-no-cache=1502209697302 HTTP/1.1" 200 3425
186.103.159.182 - - [08/Aug/2017:13:27:46 -0300] "POST /cormun/servlet/prfichaempleado?4009eef0bc2d9582f7e258592afb44e4,,MD,,gxPopupLevel%3D0%3B,gx-no-cache=1502209709694 HTTP/1.1" 200 3866
186.103.156.24 - - [08/Aug/2017:13:27:47 -0300] "GET /cormun/servlet/prfichaempleado?,MD,,gxPopupLevel%3D0%3B HTTP/1.1" 200 9336
186.103.156.24 - - [08/Aug/2017:13:28:02 -0300] "POST /cormun/servlet/prfichaempleado?42a53e8bb2bb6685db365d45a1baf89c,,MD,,gxPopupLevel%3D0%3B,gx-no-cache=1502209726742 HTTP/1.1" 200 3425
186.103.156.24 - - [08/Aug/2017:13:28:17 -0300] "GET /cormun/servlet/licenciaspermisos?81e68b55a045cf592e1980a4e3529e4de22e93db8d5451d749d0047d37654321661bec06cb854769fad301d3bf4a2b58,gx-no-cache=1502209741663 HTTP/1.1" 200 73
186.103.156.24 - - [08/Aug/2017:13:28:17 -0300] "POST /cormun/servlet/licenciaspermisos?42a53e8bb2bb6685db365d45a1baf89c,INS,0,,,,gx-no-cache=1502209741719 HTTP/1.1" 200 4711
186.103.156.24 - - [08/Aug/2017:13:28:48 -0300] "GET /cormun/static/menuarrow.gif HTTP/1.1" 404 1015
186.103.159.182 - - [08/Aug/2017:13:28:55 -0300] "GET /cormun/servlet/permisogoce?a9a59c294c4d454584a44ae69e635c412f46a0b67fa3fb7da7fe92507c1357bd1576d468a1053a04afc09f55d1e5cf0d56d64edc512a9598c8843929963e25f1,gx-no-cache=1502209778711 HTTP/1.1" 200 75
186.103.159.182 - - [08/Aug/2017:13:28:55 -0300] "GET /cormun/static/menuarrow.gif HTTP/1.1" 404 1015
186.103.159.182 - - [08/Aug/2017:13:29:37 -0300] "GET /cormun/servlet/permisogoce?a9a59c294c4d454584a44ae69e635c410f300501ff2cb646f9b8e447b305aa220f54a791bbc30a21fa0b1ac570abd0d028754fae27b80507bd840c37fdbd938d,gx-no-cache=1502209821026 HTTP/1.1" 200 46
186.103.159.46 - - [08/Aug/2017:13:29:40 -0300] "GET /cormun/servlet/solicitudot?INS,0,0, HTTP/1.1" 200 12656
186.103.159.46 - - [08/Aug/2017:13:29:43 -0300] "GET /cormun/servlet/solicitudot?INS,0,0, HTTP/1.1" 200 12661
186.103.159.182 - - [08/Aug/2017:13:29:48 -0300] "POST /cormun/servlet/permisogoce?4009eef0bc2d9582f7e258592afb44e4,INS,0,,,,gx-no-cache=1502209831317 HTTP/1.1" 200 93
186.103.159.182 - - [08/Aug/2017:13:29:48 -0300] "GET /cormun/servlet/hpexe_return? HTTP/1.1" 200 1010
186.103.159.182 - - [08/Aug/2017:13:29:48 -0300] "GET /cormun/servlet/trpermisosgoce HTTP/1.1" 200 9090
186.103.159.182 - - [08/Aug/2017:13:29:50 -0300] "GET /cormun/servlet/trpermisosgoce HTTP/1.1" 200 9090
186.103.159.46 - - [08/Aug/2017:13:29:58 -0300] "POST /cormun/servlet/solicitudot?gx-no-cache=1502209841139 HTTP/1.1" 200 3112
186.103.159.46 - - [08/Aug/2017:13:29:59 -0300] "POST /cormun/servlet/solicitudot?d4514897ed73c6707d33e65c9be04000,INS,0,0,,gx-no-cache=1502209841376 HTTP/1.1" 200 9720
186.103.159.46 - - [08/Aug/2017:13:30:08 -0300] "GET /cormun/servlet/solicitudot?1e7edb8e37dfb906122f45b13e0d87550aaef2d8be7bee1e7540a59450b2eea543a01d58e82d24c77321a5ad6a02bb87,gx-no-cache=1502209850802 HTTP/1.1" 200 30
190.45.55.254 - - [08/Aug/2017:13:30:25 -0300] "GET /cormun/servlet/hlogin HTTP/1.1" 200 1717
190.45.55.254 - - [08/Aug/2017:13:30:39 -0300] "POST /cormun/servlet/hlogin?4d4dd78c6a1ecfa5cf668e7b00aeb502,gx-no-cache=1502209882282 HTTP/1.1" 200 90
190.45.55.254 - - [08/Aug/2017:13:30:39 -0300] "GET /cormun/servlet/hpexe_link HTTP/1.1" 200 947
190.45.55.254 - - [08/Aug/2017:13:30:39 -0300] "GET /cormun/servlet/hhome HTTP/1.1" 200 4128
190.45.55.254 - - [08/Aug/2017:13:30:40 -0300] "GET /cormun/servlet/hhome HTTP/1.1" 200 4124
190.45.55.254 - - [08/Aug/2017:13:30:43 -0300] "GET /cormun/servlet/trsolicitudot? HTTP/1.1" 200 12241
190.45.55.254 - - [08/Aug/2017:13:30:44 -0300] "GET /cormun/servlet/trsolicitudot? HTTP/1.1" 200 12239
190.45.55.254 - - [08/Aug/2017:13:30:47 -0300] "GET /cormun/servlet/solicitudot?INS,0,0, HTTP/1.1" 200 13010
190.45.55.254 - - [08/Aug/2017:13:30:48 -0300] "GET /cormun/servlet/solicitudot?INS,0,0, HTTP/1.1" 200 13015
186.103.156.24 - - [08/Aug/2017:13:31:51 -0300] "GET /cormun/servlet/licenciaspermisos?81e68b55a045cf592e1980a4e3529e4dfdfa54e0163ca6994c9b0d67a2e5c934ad34af1ed3efda4b61c23e62523b85d9490a2067aec4e73592eed5e3b8d5cb0ba973157b297d18ef59163aed8004d095eb8a88227ca88fbf44720cc68652502fd1cb5a30209cb9ea21ef853983905bc1773ab85c08c7f01d4732e1e9604258f1e1f3de0b668e86baa1fa823c5fd372eccdad6e0cf2db2200dc1cf36553a744abb5513f4a751794098fe3653bae75d476e69c14f5d668ffc5a3ec18c868f85b21fc0f3b07285928faae58f05c0ea5a52da13f792f66ff88b149fc7936e9f631d5,gx-no-cache=1502209955691 HTTP/1.1" 200 30
186.103.156.24 - - [08/Aug/2017:13:31:51 -0300] "POST /cormun/servlet/licenciaspermisos?42a53e8bb2bb6685db365d45a1baf89c,INS,0,,,,gx-no-cache=1502209955799 HTTP/1.1" 200 4805
186.103.156.24 - - [08/Aug/2017:13:31:52 -0300] "GET /cormun/servlet/licenciaspermisos?81e68b55a045cf592e1980a4e3529e4de22e93db8d5451d749d0047d37654321d64a11fe24532a9afb0582510dff12788bbbf1730eba2fb105031a58fde4867e5879572d4193e0f6296188049ed34264235767a46d6d456b8b8a576299abb0c655955c77339c88c26e9b2d44904f864f3d2cb2549728a13c3c9f5788caf5f43b,gx-no-cache=1502209956750 HTTP/1.1" 200 97
186.103.156.24 - - [08/Aug/2017:13:31:53 -0300] "POST /cormun/servlet/licenciaspermisos?42a53e8bb2bb6685db365d45a1baf89c,INS,0,,,,gx-no-cache=1502209957155 HTTP/1.1" 200 4805
186.103.156.24 - - [08/Aug/2017:13:32:41 -0300] "GET /cormun/servlet/licenciaspermisos?81e68b55a045cf592e1980a4e3529e4dcacd89ef474193c4c3cf8c5d9f9cd29ec37e417c2a41ad9f71a206b01606123b6414a465eda53ff02d478d522651eae0a382ff5b74880e91e9f06c09dd9706a8239d185ccc14e9afa07e32d09bed742a20cdbb2b2661b296368b5ab818be0ad6ff7997cb9c08e32bb0a5496713702661a50bf50423c4c69da8c9f024d4f95b195d2136f39fb3fbac40159faabc6b77eff2027d3a065725a6a7b969d0f026850ae3506e7dd31707c19f3a3fdd40a69de3cb66d06e30169696e73e0e5fa646368de69cc69f0775e0677145df84e124b6a55bdb976652569621d7307c34bc734444,gx-no-cache=1502210006011 HTTP/1.1" 200 58
186.103.156.24 - - [08/Aug/2017:13:32:42 -0300] "POST /cormun/servlet/licenciaspermisos?42a53e8bb2bb6685db365d45a1baf89c,INS,0,,,,gx-no-cache=1502210006046 HTTP/1.1" 200 93
186.103.156.24 - - [08/Aug/2017:13:32:42 -0300] "GET /cormun/servlet/hpexe_return? HTTP/1.1" 200 1030
186.103.156.24 - - [08/Aug/2017:13:32:42 -0300] "GET /cormun/servlet/trlicencias?gx-no-cache=1502209642462 HTTP/1.1" 200 11494
186.103.156.24 - - [08/Aug/2017:13:32:43 -0300] "GET /cormun/servlet/trlicencias?gx-no-cache=1502209642462 HTTP/1.1" 200 11507
186.103.156.24 - - [08/Aug/2017:13:32:48 -0300] "GET /cormun/servlet/trlicenciaspermisosadjuntos?12516208,20170808000000,L, HTTP/1.1" 200 6412
186.103.156.24 - - [08/Aug/2017:13:32:49 -0300] "GET /cormun/servlet/trlicenciaspermisosadjuntos?12516208,20170808000000,L, HTTP/1.1" 200 6393
186.103.156.24 - - [08/Aug/2017:13:32:51 -0300] "GET /cormun/servlet/licenciaspermisosadjuntos?INS,12516208,L,20170808000000,, HTTP/1.1" 200 5689
186.103.156.24 - - [08/Aug/2017:13:32:51 -0300] "GET /cormun/static/about:blank HTTP/1.1" 404 1011
186.103.156.24 - - [08/Aug/2017:13:32:52 -0300] "GET /cormun/servlet/licenciaspermisosadjuntos?INS,12516208,L,20170808000000,, HTTP/1.1" 200 5679
200.112.49.175 - - [08/Aug/2017:13:32:57 -0300] "GET /cormun/servlet/trpermisosgoce? HTTP/1.1" 200 6085
200.112.49.175 - - [08/Aug/2017:13:32:58 -0300] "GET /cormun/servlet/trpermisosgoce? HTTP/1.1" 200 6071
200.112.49.175 - - [08/Aug/2017:13:32:58 -0300] "GET /cormun/servlet/hlogin HTTP/1.1" 200 1741
186.103.156.24 - - [08/Aug/2017:13:33:01 -0300] "POST /cormun/servlet/licenciaspermisosadjuntos?42a53e8bb2bb6685db365d45a1baf89c,INS,12516208,L,20170808000000,, HTTP/1.1" 200 116
186.103.156.24 - - [08/Aug/2017:13:33:02 -0300] "GET /cormun/servlet/hpexe_return? HTTP/1.1" 200 1037
186.103.156.24 - - [08/Aug/2017:13:33:02 -0300] "GET /cormun/servlet/trlicenciaspermisosadjuntos?12516208,20170808000000,L, HTTP/1.1" 200 6909
186.103.156.24 - - [08/Aug/2017:13:33:02 -0300] "GET /cormun/servlet/trlicenciaspermisosadjuntos?12516208,20170808000000,L, HTTP/1.1" 200 6906
186.103.156.24 - - [08/Aug/2017:13:33:02 -0300] "GET /cormun/PublicTempStorage/any_08_de_agosto_20171336842.jpeg HTTP/1.1" 200 393659
186.103.156.24 - - [08/Aug/2017:13:33:05 -0300] "POST /cormun/servlet/trlicenciaspermisosadjuntos?42a53e8bb2bb6685db365d45a1baf89c,12516208,20170808000000,L,,gx-no-cache=1502210029677 HTTP/1.1" 200 90
186.103.156.24 - - [08/Aug/2017:13:33:05 -0300] "GET /cormun/servlet/hpexe_link HTTP/1.1" 200 999
186.103.156.24 - - [08/Aug/2017:13:33:05 -0300] "GET /cormun/servlet/trlicencias?gx-no-cache=1502209642462 HTTP/1.1" 200 11475
186.103.156.24 - - [08/Aug/2017:13:33:06 -0300] "GET /cormun/servlet/trlicencias?gx-no-cache=1502209642462 HTTP/1.1" 200 11564
186.103.156.24 - - [08/Aug/2017:13:33:09 -0300] "GET /cormun/servlet/alicenciaprn?12516208,L,20170808000000,PU HTTP/1.1" 200 1592
200.112.49.175 - - [08/Aug/2017:13:33:11 -0300] "POST /cormun/servlet/hlogin?6c689f60feea35dc55269e336eb20861,gx-no-cache=1502210034868 HTTP/1.1" 200 90
200.112.49.175 - - [08/Aug/2017:13:33:11 -0300] "GET /cormun/servlet/hpexe_link HTTP/1.1" 200 958
200.112.49.175 - - [08/Aug/2017:13:33:11 -0300] "GET /cormun/servlet/trpermisosgoce HTTP/1.1" 200 8269
200.112.49.175 - - [08/Aug/2017:13:33:12 -0300] "GET /cormun/servlet/trpermisosgoce HTTP/1.1" 200 8268
190.45.55.254 - - [08/Aug/2017:13:33:14 -0300] "POST /cormun/servlet/solicitudot?gx-no-cache=1502210036930 HTTP/1.1" 200 3112
190.45.55.254 - - [08/Aug/2017:13:33:14 -0300] "POST /cormun/servlet/solicitudot?4d4dd78c6a1ecfa5cf668e7b00aeb502,INS,0,0,,gx-no-cache=1502210037177 HTTP/1.1" 200 9921
190.45.55.254 - - [08/Aug/2017:13:33:18 -0300] "GET /cormun/servlet/solicitudot?bf10715658f1993090d55f73dee350817817742415f9fb07995a70b855990a3ae34e13cf862bcb98c01a7dfb712ceb3d,gx-no-cache=1502210041465 HTTP/1.1" 200 30
200.112.49.175 - - [08/Aug/2017:13:33:19 -0300] "GET /cormun/servlet/trpermisosadjuntos?18378268,20170807175013,P, HTTP/1.1" 200 6107
200.112.49.175 - - [08/Aug/2017:13:33:19 -0300] "GET /cormun/static/gxcfg.js?201762817193957 HTTP/1.1" 200 953
200.112.49.175 - - [08/Aug/2017:13:33:19 -0300] "GET /cormun/static/trpermisosadjuntos.js?201762817194366 HTTP/1.1" 200 20158
200.112.49.175 - - [08/Aug/2017:13:33:20 -0300] "GET /cormun/servlet/trpermisosadjuntos?18378268,20170807175013,P, HTTP/1.1" 200 6107
200.112.49.175 - - [08/Aug/2017:13:33:21 -0300] "GET /cormun/servlet/permisosadjuntos?INS,18378268,P,20170807175013,, HTTP/1.1" 200 5431
200.112.49.175 - - [08/Aug/2017:13:33:21 -0300] "GET /cormun/static/gxcfg.js?201762717441171 HTTP/1.1" 200 953
200.112.49.175 - - [08/Aug/2017:13:33:21 -0300] "GET /cormun/static/permisosadjuntos.js?201762717441184 HTTP/1.1" 200 8724
200.112.49.175 - - [08/Aug/2017:13:33:21 -0300] "GET /cormun/static/about:blank HTTP/1.1" 404 1011
200.112.49.175 - - [08/Aug/2017:13:33:22 -0300] "GET /cormun/servlet/permisosadjuntos?INS,18378268,P,20170807175013,, HTTP/1.1" 200 5421
190.45.55.254 - - [08/Aug/2017:13:33:24 -0300] "POST /cormun/servlet/solicitudot?gx-no-cache=1502210046607 HTTP/1.1" 200 256
190.45.55.254 - - [08/Aug/2017:13:33:25 -0300] "GET /cormun/servlet/solicitudot?bf10715658f1993090d55f73dee3508176e555ef2c912e0a2de3072f0d349270dd69492943bca4295f2184183c005f97b49644c15403a53c51d6c25c233883ee91da49f89945d3e4b3e75e744093fe8b0ed3c371dd11492ffb3a76c2408515ed62a939630483c78fb1c343149dcab236696ef0fc37a81265bf34c81b2ca4bfd8617a1a4629a80bd03e8f8837701bc46199e87c431f545ae44ef08cb67a6d60a8e4431777b19626bbd89d005eead8b29e8dfd9911794d40f66d08eea5fead6941087f74c8460a3a35bb0d5fccdc90bb2efe2298e6892a8eebefddf6e8d489e08b21b0856c729a5671c9c625c1bec3c0d99dc297da04851315155dd34427d156e592887cbf9dab33eb8a3257210617f92240aa4b0301a21e428c89af4fdd50814fa23211f3b493004d425ff0141cfe9a096ef9cdd38029357177af499a10b92d8180aa63b2bdf70df473c616534f0723f7d524e317945e13670c14244adfccbb0347eb70e93d3c03b378f4a34b8513230ffd6e0b3cde56f41d685139081fd75eb7,gx-no-cache=1502210047832 HTTP/1.1" 200 30
190.45.55.254 - - [08/Aug/2017:13:33:41 -0300] "POST /cormun/servlet/solicitudot?gx-no-cache=1502210064365 HTTP/1.1" 200 256
190.45.55.254 - - [08/Aug/2017:13:33:42 -0300] "GET /cormun/servlet/solicitudot?bf10715658f1993090d55f73dee3508176e555ef2c912e0a2de3072f0d349270b2c46e08c246351ada6654356723c87bb49644c15403a53c51d6c25c233883ee91da49f89945d3e4b3e75e744093fe8b0ed3c371dd11492ffb3a76c2408515ed62a939630483c78fb1c343149dcab236696ef0fc37a81265bf34c81b2ca4bfd8617a1a4629a80bd03e8f8837701bc46199e87c431f545ae44ef08cb67a6d60a8e4431777b19626bbd89d005eead8b29e8dfd9911794d40f66d08eea5fead6941087f74c8460a3a35bb0d5fccdc90bb2efe2298e6892a8eebefddf6e8d489e08b21b0856c729a5671c9c625c1bec3c0d9c7e9d4ddc04421aa67dc8dfe989e0ca092887cbf9dab33eb8a3257210617f9224e02e6b48b00cc301cfd731e16445ffd61d29aeb9bd49801c17b6f9b6e18a1adc36c3762e958757adce352d001524f3e03ddc5aef9f08a6bd9c75ffdc5e93fbf8b7e4e2b145cb68ab4fb526f293b41b9c97eddaf2ba0d288a4b8e0efcf60879ca02ab71dedd688b8a9d635817280ae5c,gx-no-cache=1502210065437 HTTP/1.1" 200 30
200.112.49.175 - - [08/Aug/2017:13:33:52 -0300] "POST /cormun/servlet/permisosadjuntos?6c689f60feea35dc55269e336eb20861,INS,18378268,P,20170807175013,, HTTP/1.1" 200 116
200.112.49.175 - - [08/Aug/2017:13:33:52 -0300] "GET /cormun/servlet/hpexe_return? HTTP/1.1" 200 1039
200.112.49.175 - - [08/Aug/2017:13:33:53 -0300] "GET /cormun/servlet/trpermisosadjuntos?18378268,20170807175013,P, HTTP/1.1" 200 6599
200.112.49.175 - - [08/Aug/2017:13:33:53 -0300] "GET /cormun/servlet/trpermisosadjuntos?18378268,20170807175013,P, HTTP/1.1" 200 6598
200.112.49.175 - - [08/Aug/2017:13:33:53 -0300] "GET /cormun/PublicTempStorage/francisca_salazar_09-8-20178373821.jpg HTTP/1.1" 200 299307
200.112.49.175 - - [08/Aug/2017:13:33:56 -0300] "GET /cormun/servlet/trpermisosgoce? HTTP/1.1" 200 8269
200.112.49.175 - - [08/Aug/2017:13:33:57 -0300] "GET /cormun/servlet/trpermisosgoce? HTTP/1.1" 200 8268
200.112.49.175 - - [08/Aug/2017:13:34:01 -0300] "POST /cormun/servlet/trpermisosgoce?6c689f60feea35dc55269e336eb20861,,gx-no-cache=1502210084275 HTTP/1.1" 200 5390
200.112.49.175 - - [08/Aug/2017:13:34:01 -0300] "GET /cormun/static/Shared/jqueryui/images/ui-bg_highlight-soft_100_c6c2c8_1x100.png HTTP/1.1" 404 1117
200.112.49.175 - - [08/Aug/2017:13:34:01 -0300] "GET /cormun/static/Shared/jqueryui/images/ui-icons_82798d_256x240.png HTTP/1.1" 404 1089
200.112.49.175 - - [08/Aug/2017:13:34:01 -0300] "GET /cormun/static/Shared/jqueryui/images/ui-bg_flat_55_fafafa_40x100.png HTTP/1.1" 404 1097
200.112.49.175 - - [08/Aug/2017:13:34:01 -0300] "GET /cormun/static/Shared/jqueryui/images/ui-icons_8d78a5_256x240.png HTTP/1.1" 404 1089
190.45.55.254 - - [08/Aug/2017:13:34:04 -0300] "GET /cormun/servlet/solicitudot?bf10715658f1993090d55f73dee3508176e555ef2c912e0a2de3072f0d349270b2c46e08c246351ada6654356723c87bb49644c15403a53c51d6c25c233883ee91da49f89945d3e4b3e75e744093fe8b0ed3c371dd11492ffb3a76c2408515ed62a939630483c78fb1c343149dcab236696ef0fc37a81265bf34c81b2ca4bfd8617a1a4629a80bd03e8f8837701bc46199e87c431f545ae44ef08cb67a6d60a8e4431777b19626bbd89d005eead8b29e8dfd9911794d40f66d08eea5fead6941087f74c8460a3a35bb0d5fccdc90bb2efe2298e6892a8eebefddf6e8d489e08b21b0856c729a5671c9c625c1bec3c0d95b298ac0ead5d5d494a644b154c8c74b92887cbf9dab33eb8a3257210617f9224e02e6b48b00cc301cfd731e16445ffd61d29aeb9bd49801c17b6f9b6e18a1adc36c3762e958757adce352d001524f3e03ddc5aef9f08a6bd9c75ffdc5e93fbf8b7e4e2b145cb68ab4fb526f293b41b9c97eddaf2ba0d288a4b8e0efcf60879ca02ab71dedd688b8a9d635817280ae5c,gx-no-cache=1502210087046 HTTP/1.1" 200 30
190.45.55.254 - - [08/Aug/2017:13:34:26 -0300] "POST /cormun/servlet/solicitudot?gx-no-cache=1502210108954 HTTP/1.1" 200 30
190.45.55.254 - - [08/Aug/2017:13:34:26 -0300] "POST /cormun/servlet/solicitudot?gx-no-cache=1502210109111 HTTP/1.1" 200 1355
190.45.55.254 - - [08/Aug/2017:13:34:26 -0300] "POST /cormun/servlet/solicitudot?gx-no-cache=1502210109221 HTTP/1.1" 200 38
190.45.55.254 - - [08/Aug/2017:13:34:33 -0300] "POST /cormun/servlet/solicitudot?gx-no-cache=1502210116169 HTTP/1.1" 200 30
190.45.55.254 - - [08/Aug/2017:13:34:36 -0300] "POST /cormun/servlet/solicitudot?gx-no-cache=1502210119248 HTTP/1.1" 200 30
190.45.55.254 - - [08/Aug/2017:13:34:44 -0300] "POST /cormun/servlet/solicitudot?gx-no-cache=1502210126923 HTTP/1.1" 200 1355
190.45.55.254 - - [08/Aug/2017:13:34:44 -0300] "POST /cormun/servlet/solicitudot?gx-no-cache=1502210127017 HTTP/1.1" 200 38
186.103.159.46 - - [08/Aug/2017:13:34:51 -0300] "POST /cormun/servlet/solicitudot?gx-no-cache=1502210134272 HTTP/1.1" 200 297
190.45.55.254 - - [08/Aug/2017:13:34:55 -0300] "GET /cormun/servlet/solicitudot?bf10715658f1993090d55f73dee35081679ca2360061c60f125ee6532137679a88fec4b62f2351247d1f322c6db5cbcbe43c60438d7ebc1a882607f0b93117b3f7d10cb86e8e30db890659d2944e12b3c987fb5233690034bc570b24d7c3c4cbe1dc2aa280a9006c9e12207584c93e27,gx-no-cache=1502210138317 HTTP/1.1" 200 29
190.45.55.254 - - [08/Aug/2017:13:34:55 -0300] "POST /cormun/servlet/solicitudot?gx-no-cache=1502210138372 HTTP/1.1" 200 1336
186.103.159.46 - - [08/Aug/2017:13:35:06 -0300] "GET /cormun/servlet/solicitudot?1e7edb8e37dfb906122f45b13e0d875559df06b18a6409bc2fb60a2b3b67dd8d6ff640d52588dce74eeb80af1f178cc682324927118b9599415943fbf762b6c19543b0541d5c0681ecbddaeaaac1aa7865379b14b3a0d22c40bc2c49c798b282f6e165535ac3af331d05d58fe16362f6ddd1a63affe2f526c7b68d66787eab96d01b503f92558bdba19d39c4a8ef908f439fc01d4c88df0f6a7f2d8c7926506777e515d08a3882afa71aa5577664b31f9098258cbacad445a3cc23e92f7c417318f367c030800d5c78d14bd6f2649e0816e2c8f8be7bb314467e4e746a93197d37d7254563a5edfa2aa2a3fcd06a7977762867a6a3476dc2bd5e2faa02cc7fef21cb8c5c2ca7a60e8d82f25c4755419881afaa62e7ff0f51d9fafc93a01960d0728b5a2a5875a7fc9b9bc6e109b4c6d685a5edebea6885dec64e2c3ae08712f82eb83eefe55acb224068a2fcc50d384a1c53ff617ed95bec687e8f86726ce33efb676fb9e6b392a1607fa60f0d3c554e9633b261511155753577d18a0bdbab74f2dff8dbef60df1d7cf57885f5c41c6b,gx-no-cache=1502210148151 HTTP/1.1" 200 30
186.103.159.46 - - [08/Aug/2017:13:35:11 -0300] "GET /cormun/servlet/solicitudot?1e7edb8e37dfb906122f45b13e0d875559df06b18a6409bc2fb60a2b3b67dd8d6ff640d52588dce74eeb80af1f178cc682324927118b9599415943fbf762b6c19543b0541d5c0681ecbddaeaaac1aa7865379b14b3a0d22c40bc2c49c798b282f6e165535ac3af331d05d58fe16362f6ddd1a63affe2f526c7b68d66787eab96d01b503f92558bdba19d39c4a8ef908f439fc01d4c88df0f6a7f2d8c7926506777e515d08a3882afa71aa5577664b31f9098258cbacad445a3cc23e92f7c417318f367c030800d5c78d14bd6f2649e0816e2c8f8be7bb314467e4e746a93197d37d7254563a5edfa2aa2a3fcd06a7977c22405b04fd23156788ad7900b3908b821cb8c5c2ca7a60e8d82f25c4755419881afaa62e7ff0f51d9fafc93a01960d0728b5a2a5875a7fc9b9bc6e109b4c6d685a5edebea6885dec64e2c3ae08712f82eb83eefe55acb224068a2fcc50d384a1c53ff617ed95bec687e8f86726ce33efb676fb9e6b392a1607fa60f0d3c554eac6a8449fb85e21777bf28ffe33be59ef2dff8dbef60df1d7cf57885f5c41c6b,gx-no-cache=1502210153337 HTTP/1.1" 200 30
186.103.159.46 - - [08/Aug/2017:13:35:15 -0300] "POST /cormun/servlet/solicitudot?gx-no-cache=1502210158231 HTTP/1.1" 200 30
186.103.159.46 - - [08/Aug/2017:13:35:18 -0300] "POST /cormun/servlet/solicitudot?gx-no-cache=1502210160611 HTTP/1.1" 200 1355
186.103.159.46 - - [08/Aug/2017:13:35:18 -0300] "POST /cormun/servlet/solicitudot?gx-no-cache=1502210160741 HTTP/1.1" 200 38
186.103.159.46 - - [08/Aug/2017:13:35:37 -0300] "GET /cormun/servlet/solicitudot?1e7edb8e37dfb906122f45b13e0d8755411368a503b99c44f4ec66e507d7e257e2b9c82d4b2c63055659b2cf0a0f88336ceb5e997866906233c2ec7325560c146de151227e05e4ca6f2f63786ffb4e290c10120ab70aa53b2b8a54c6d63763661dd78c45ca0107a89f3292a4a0b98898,gx-no-cache=1502210180010 HTTP/1.1" 200 29
186.103.159.46 - - [08/Aug/2017:13:35:37 -0300] "POST /cormun/servlet/solicitudot?gx-no-cache=1502210180071 HTTP/1.1" 200 1337
186.79.251.39 - - [08/Aug/2017:13:35:45 -0300] "GET /cormun/servlet/trsolicitudot? HTTP/1.1" 200 6366
186.79.251.39 - - [08/Aug/2017:13:35:46 -0300] "GET /cormun/servlet/hlogin HTTP/1.1" 200 1740
186.79.251.39 - - [08/Aug/2017:13:35:46 -0300] "GET /cormun/servlet/trsolicitudot? HTTP/1.1" 200 6365
190.45.55.254 - - [08/Aug/2017:13:35:53 -0300] "POST /cormun/servlet/solicitudot?gx-no-cache=1502210195765 HTTP/1.1" 200 1337
190.45.55.254 - - [08/Aug/2017:13:35:53 -0300] "GET /cormun/static/menuarrow.gif HTTP/1.1" 404 1015
190.45.55.254 - - [08/Aug/2017:13:35:55 -0300] "POST /cormun/servlet/solicitudot?gx-no-cache=1502210198511 HTTP/1.1" 200 1337
190.45.55.254 - - [08/Aug/2017:13:36:04 -0300] "POST /cormun/servlet/solicitudot?gx-no-cache=1502210207211 HTTP/1.1" 200 30
186.103.159.182 - - [08/Aug/2017:13:36:30 -0300] "GET /cormun/servlet/apermisogoceprn?12516879,P,20170808132229,PU HTTP/1.1" 200 1642
186.79.251.39 - - [08/Aug/2017:13:36:38 -0300] "GET /cormun/servlet/hlogin HTTP/1.1" 200 1740
186.79.251.39 - - [08/Aug/2017:13:36:39 -0300] "GET /cormun/servlet/hlogin HTTP/1.1" 200 1735
186.79.251.39 - - [08/Aug/2017:13:36:39 -0300] "GET /cormun/servlet/hlogin HTTP/1.1" 200 1722
186.103.159.46 - - [08/Aug/2017:13:36:47 -0300] "GET /cormun/static/menuarrow.gif HTTP/1.1" 404 1015
186.79.251.39 - - [08/Aug/2017:13:36:49 -0300] "GET /cormun/servlet/hlogin HTTP/1.1" 200 1722
186.103.159.46 - - [08/Aug/2017:13:37:11 -0300] "POST /cormun/servlet/solicitudot?gx-no-cache=1502210274269 HTTP/1.1" 200 30
186.79.251.39 - - [08/Aug/2017:13:37:33 -0300] "POST /cormun/servlet/hlogin?cf54854e3427771f6fc4287518705321,gx-no-cache=1502210294694 HTTP/1.1" 200 90
186.79.251.39 - - [08/Aug/2017:13:37:33 -0300] "GET /cormun/servlet/hpexe_link HTTP/1.1" 200 958
186.79.251.39 - - [08/Aug/2017:13:37:33 -0300] "GET /cormun/servlet/trsolicitudot HTTP/1.1" 200 11609
186.79.251.39 - - [08/Aug/2017:13:37:34 -0300] "GET /cormun/servlet/trsolicitudot HTTP/1.1" 200 11608
186.103.159.46 - - [08/Aug/2017:13:37:54 -0300] "GET /cormun/servlet/solicitudot?1e7edb8e37dfb906122f45b13e0d875559df06b18a6409bc2fb60a2b3b67dd8d6ff640d52588dce74eeb80af1f178cc682324927118b9599415943fbf762b6c19543b0541d5c0681ecbddaeaaac1aa7865379b14b3a0d22c40bc2c49c798b282f6e165535ac3af331d05d58fe16362f6ddd1a63affe2f526c7b68d66787eab96d01b503f92558bdba19d39c4a8ef908f439fc01d4c88df0f6a7f2d8c7926506777e515d08a3882afa71aa5577664b31f9098258cbacad445a3cc23e92f7c417318f367c030800d5c78d14bd6f2649e0816e2c8f8be7bb314467e4e746a93197d37d7254563a5edfa2aa2a3fcd06a7977c22405b04fd23156788ad7900b3908b821cb8c5c2ca7a60e8d82f25c4755419881afaa62e7ff0f51d9fafc93a01960d0728b5a2a5875a7fc9b9bc6e109b4c6d685a5edebea6885dec64e2c3ae08712f82eb83eefe55acb224068a2fcc50d384a1c53ff617ed95bec687e8f86726ce33efb676fb9e6b392a1607fa60f0d3c554eac6a8449fb85e21777bf28ffe33be59ef2dff8dbef60df1d7cf57885f5c41c6b,gx-no-cache=1502210316107 HTTP/1.1" 200 30
186.103.159.46 - - [08/Aug/2017:13:37:54 -0300] "POST /cormun/servlet/solicitudot?gx-no-cache=1502210316517 HTTP/1.1" 200 30
186.103.159.46 - - [08/Aug/2017:13:37:54 -0300] "POST /cormun/servlet/solicitudot?gx-no-cache=1502210316604 HTTP/1.1" 200 1355
186.103.159.46 - - [08/Aug/2017:13:37:54 -0300] "POST /cormun/servlet/solicitudot?gx-no-cache=1502210316738 HTTP/1.1" 200 41
186.103.159.46 - - [08/Aug/2017:13:37:54 -0300] "POST /cormun/servlet/solicitudot?gx-no-cache=1502210316838 HTTP/1.1" 200 1337
186.103.159.46 - - [08/Aug/2017:13:37:54 -0300] "POST /cormun/servlet/solicitudot?gx-no-cache=1502210316992 HTTP/1.1" 200 30
186.103.159.46 - - [08/Aug/2017:13:37:54 -0300] "POST /cormun/servlet/solicitudot?d4514897ed73c6707d33e65c9be04000,INS,0,0,,gx-no-cache=1502210317092 HTTP/1.1" 200 93
186.103.159.46 - - [08/Aug/2017:13:37:54 -0300] "GET /cormun/servlet/hpexe_return? HTTP/1.1" 200 1021
186.103.159.46 - - [08/Aug/2017:13:37:55 -0300] "GET /cormun/servlet/trsolicitudot?gx-no-cache=1502209263219 HTTP/1.1" 200 9689
186.103.159.46 - - [08/Aug/2017:13:37:57 -0300] "GET /cormun/servlet/trsolicitudot?gx-no-cache=1502209263219 HTTP/1.1" 200 9706
186.79.251.39 - - [08/Aug/2017:13:38:13 -0300] "GET /cormun/servlet/hlogin HTTP/1.1" 200 1722
186.103.159.46 - - [08/Aug/2017:13:38:54 -0300] "POST /cormun/servlet/trsolicitudot?d4514897ed73c6707d33e65c9be04000,gx-no-cache=1502209263219,gx-no-cache=1502210376541 HTTP/1.1" 200 106
186.103.159.46 - - [08/Aug/2017:13:38:54 -0300] "GET /cormun/servlet/trsolicitudadjuntos?2017,7159, HTTP/1.1" 200 5902
186.103.159.46 - - [08/Aug/2017:13:38:54 -0300] "GET /cormun/static/gxcfg.js?20177612135366 HTTP/1.1" 200 953
186.103.159.46 - - [08/Aug/2017:13:38:54 -0300] "GET /cormun/static/trsolicitudadjuntos.js?20177612135632 HTTP/1.1" 200 17922
186.103.159.46 - - [08/Aug/2017:13:38:56 -0300] "GET /cormun/servlet/trsolicitudadjuntos?2017,7159, HTTP/1.1" 200 5881
186.103.159.46 - - [08/Aug/2017:13:38:59 -0300] "GET /cormun/servlet/solicitudotadjuntos?INS,2017,7159,,1, HTTP/1.1" 200 5836
186.103.159.46 - - [08/Aug/2017:13:38:59 -0300] "GET /cormun/static/gxcfg.js?201752511522888 HTTP/1.1" 200 953
186.103.159.46 - - [08/Aug/2017:13:38:59 -0300] "GET /cormun/static/solicitudotadjuntos.js?20175251152299 HTTP/1.1" 200 11771
186.103.159.46 - - [08/Aug/2017:13:38:59 -0300] "GET /cormun/static/about:blank HTTP/1.1" 404 1011
186.103.159.46 - - [08/Aug/2017:13:39:00 -0300] "GET /cormun/servlet/solicitudotadjuntos?INS,2017,7159,,1, HTTP/1.1" 200 5829
186.103.159.46 - - [08/Aug/2017:13:39:00 -0300] "GET /cormun/servlet/solicitudotadjuntos?1e7edb8e37dfb906122f45b13e0d87559a217f5f7c8712944d0013cd154d145cccc9b20aa72e551759ae08e5f031518c,gx-no-cache=1502210383367 HTTP/1.1" 200 30
186.103.159.46 - - [08/Aug/2017:13:39:01 -0300] "POST /cormun/servlet/solicitudotadjuntos?d4514897ed73c6707d33e65c9be04000,INS,2017,7159,,1,,gx-no-cache=1502210383438 HTTP/1.1" 200 3631
186.103.159.46 - - [08/Aug/2017:13:39:04 -0300] "POST /cormun/servlet/solicitudotadjuntos?gx-no-cache=1502210387398 HTTP/1.1" 200 26
186.103.159.46 - - [08/Aug/2017:13:39:39 -0300] "GET /cormun/servlet/solicitudotadjuntos?1e7edb8e37dfb906122f45b13e0d8755594ed0336b765148c1b855fbfb71b9d9,gx-no-cache=1502210421544 HTTP/1.1" 200 30
186.103.159.46 - - [08/Aug/2017:13:39:39 -0300] "GET /cormun/servlet/solicitudotadjuntos?1e7edb8e37dfb906122f45b13e0d8755594ed0336b765148c1b855fbfb71b9d9,gx-no-cache=1502210421595 HTTP/1.1" 200 30
186.103.159.46 - - [08/Aug/2017:13:39:39 -0300] "POST /cormun/servlet/solicitudotadjuntos?d4514897ed73c6707d33e65c9be04000,INS,2017,7159,,1, HTTP/1.1" 200 116
186.103.159.46 - - [08/Aug/2017:13:39:39 -0300] "GET /cormun/servlet/hpexe_return? HTTP/1.1" 200 1020
186.103.159.46 - - [08/Aug/2017:13:39:39 -0300] "GET /cormun/servlet/trsolicitudadjuntos?2017,7159, HTTP/1.1" 200 8146
186.103.159.46 - - [08/Aug/2017:13:39:41 -0300] "GET /cormun/servlet/trsolicitudadjuntos?2017,7159, HTTP/1.1" 200 8141
186.103.159.46 - - [08/Aug/2017:13:39:43 -0300] "GET /cormun/servlet/solicitudotadjuntos?INS,2017,7159,,1, HTTP/1.1" 200 5835
186.103.159.46 - - [08/Aug/2017:13:39:43 -0300] "GET /cormun/static/about:blank HTTP/1.1" 404 1011
186.103.159.46 - - [08/Aug/2017:13:39:44 -0300] "GET /cormun/servlet/solicitudotadjuntos?INS,2017,7159,,1, HTTP/1.1" 200 5828
186.103.159.46 - - [08/Aug/2017:13:39:45 -0300] "GET /cormun/servlet/solicitudotadjuntos?1e7edb8e37dfb906122f45b13e0d87559a217f5f7c8712944d0013cd154d145cccc9b20aa72e551759ae08e5f031518c,gx-no-cache=1502210427821 HTTP/1.1" 200 30
186.103.159.46 - - [08/Aug/2017:13:39:45 -0300] "POST /cormun/servlet/solicitudotadjuntos?d4514897ed73c6707d33e65c9be04000,INS,2017,7159,,1,,gx-no-cache=1502210427883 HTTP/1.1" 200 3630
186.103.159.46 - - [08/Aug/2017:13:39:51 -0300] "POST /cormun/servlet/solicitudotadjuntos?gx-no-cache=1502210433713 HTTP/1.1" 200 26
186.103.159.46 - - [08/Aug/2017:13:40:08 -0300] "GET /cormun/servlet/solicitudotadjuntos?1e7edb8e37dfb906122f45b13e0d8755594ed0336b765148c1b855fbfb71b9d9,gx-no-cache=1502210451273 HTTP/1.1" 200 30
186.103.159.46 - - [08/Aug/2017:13:40:08 -0300] "GET /cormun/servlet/solicitudotadjuntos?1e7edb8e37dfb906122f45b13e0d8755594ed0336b765148c1b855fbfb71b9d9,gx-no-cache=1502210451323 HTTP/1.1" 200 30
186.103.159.46 - - [08/Aug/2017:13:40:09 -0300] "POST /cormun/servlet/solicitudotadjuntos?d4514897ed73c6707d33e65c9be04000,INS,2017,7159,,1, HTTP/1.1" 200 116
186.103.159.46 - - [08/Aug/2017:13:40:09 -0300] "GET /cormun/servlet/hpexe_return? HTTP/1.1" 200 1020
186.103.159.46 - - [08/Aug/2017:13:40:10 -0300] "GET /cormun/servlet/trsolicitudadjuntos?2017,7159, HTTP/1.1" 200 8391
186.103.159.46 - - [08/Aug/2017:13:40:11 -0300] "GET /cormun/servlet/trsolicitudadjuntos?2017,7159, HTTP/1.1" 200 8387
186.103.159.46 - - [08/Aug/2017:13:40:14 -0300] "GET /cormun/servlet/solicitudotadjuntos?INS,2017,7159,,1, HTTP/1.1" 200 5835
186.103.159.46 - - [08/Aug/2017:13:40:14 -0300] "GET /cormun/static/about:blank HTTP/1.1" 404 1011
186.103.159.46 - - [08/Aug/2017:13:40:15 -0300] "GET /cormun/servlet/solicitudotadjuntos?INS,2017,7159,,1, HTTP/1.1" 200 5828
186.103.159.46 - - [08/Aug/2017:13:40:16 -0300] "GET /cormun/servlet/solicitudotadjuntos?1e7edb8e37dfb906122f45b13e0d87559a217f5f7c8712944d0013cd154d145cccc9b20aa72e551759ae08e5f031518c,gx-no-cache=1502210458684 HTTP/1.1" 200 30
186.103.159.46 - - [08/Aug/2017:13:40:16 -0300] "POST /cormun/servlet/solicitudotadjuntos?d4514897ed73c6707d33e65c9be04000,INS,2017,7159,,1,,gx-no-cache=1502210458736 HTTP/1.1" 200 3630
186.103.156.24 - - [08/Aug/2017:13:40:23 -0300] "POST /cormun/servlet/trlicencias?42a53e8bb2bb6685db365d45a1baf89c,gx-no-cache=1502209642462,gx-no-cache=1502210467830 HTTP/1.1" 200 8791
186.103.156.24 - - [08/Aug/2017:13:40:23 -0300] "GET /cormun/static/Shared/jqueryui/images/ui-bg_highlight-soft_100_c6c2c8_1x100.png HTTP/1.1" 404 1117
186.103.156.24 - - [08/Aug/2017:13:40:23 -0300] "GET /cormun/static/Shared/jqueryui/images/ui-icons_82798d_256x240.png HTTP/1.1" 404 1089
186.103.156.24 - - [08/Aug/2017:13:40:23 -0300] "GET /cormun/static/Shared/jqueryui/images/ui-bg_flat_55_fafafa_40x100.png HTTP/1.1" 404 1097
186.103.156.24 - - [08/Aug/2017:13:40:23 -0300] "GET /cormun/static/Shared/jqueryui/images/ui-icons_8d78a5_256x240.png HTTP/1.1" 404 1089
186.103.159.46 - - [08/Aug/2017:13:40:24 -0300] "POST /cormun/servlet/solicitudotadjuntos?gx-no-cache=1502210467121 HTTP/1.1" 200 26
186.103.159.46 - - [08/Aug/2017:13:40:58 -0300] "GET /cormun/servlet/solicitudotadjuntos?1e7edb8e37dfb906122f45b13e0d8755594ed0336b765148c1b855fbfb71b9d9,gx-no-cache=1502210500902 HTTP/1.1" 200 30
186.103.159.46 - - [08/Aug/2017:13:40:58 -0300] "GET /cormun/servlet/solicitudotadjuntos?1e7edb8e37dfb906122f45b13e0d8755594ed0336b765148c1b855fbfb71b9d9,gx-no-cache=1502210500979 HTTP/1.1" 200 30
186.103.159.46 - - [08/Aug/2017:13:40:58 -0300] "POST /cormun/servlet/solicitudotadjuntos?d4514897ed73c6707d33e65c9be04000,INS,2017,7159,,1, HTTP/1.1" 200 116
186.103.159.46 - - [08/Aug/2017:13:40:58 -0300] "GET /cormun/servlet/hpexe_return? HTTP/1.1" 200 1020
186.103.159.46 - - [08/Aug/2017:13:40:59 -0300] "GET /cormun/servlet/trsolicitudadjuntos?2017,7159, HTTP/1.1" 200 8587
186.103.159.46 - - [08/Aug/2017:13:41:01 -0300] "GET /cormun/servlet/trsolicitudadjuntos?2017,7159, HTTP/1.1" 200 8585
186.103.159.46 - - [08/Aug/2017:13:41:06 -0300] "GET /cormun/servlet/solicitudotadjuntos?INS,2017,7159,,1, HTTP/1.1" 200 5836
186.103.159.46 - - [08/Aug/2017:13:41:06 -0300] "GET /cormun/static/about:blank HTTP/1.1" 404 1011
186.103.159.46 - - [08/Aug/2017:13:41:07 -0300] "GET /cormun/servlet/solicitudotadjuntos?INS,2017,7159,,1, HTTP/1.1" 200 5830
186.103.159.46 - - [08/Aug/2017:13:41:07 -0300] "GET /cormun/servlet/solicitudotadjuntos?1e7edb8e37dfb906122f45b13e0d87559a217f5f7c8712944d0013cd154d145cccc9b20aa72e551759ae08e5f031518c,gx-no-cache=1502210510343 HTTP/1.1" 200 30
186.103.159.46 - - [08/Aug/2017:13:41:08 -0300] "POST /cormun/servlet/solicitudotadjuntos?d4514897ed73c6707d33e65c9be04000,INS,2017,7159,,1,,gx-no-cache=1502210510409 HTTP/1.1" 200 3631
186.103.159.46 - - [08/Aug/2017:13:41:15 -0300] "POST /cormun/servlet/solicitudotadjuntos?gx-no-cache=1502210518196 HTTP/1.1" 200 26
186.103.159.46 - - [08/Aug/2017:13:41:22 -0300] "GET /cormun/servlet/solicitudotadjuntos?1e7edb8e37dfb906122f45b13e0d8755594ed0336b765148c1b855fbfb71b9d9,gx-no-cache=1502210525040 HTTP/1.1" 200 30
186.103.159.46 - - [08/Aug/2017:13:41:22 -0300] "GET /cormun/servlet/solicitudotadjuntos?1e7edb8e37dfb906122f45b13e0d8755594ed0336b765148c1b855fbfb71b9d9,gx-no-cache=1502210525074 HTTP/1.1" 200 30
186.103.159.46 - - [08/Aug/2017:13:41:22 -0300] "POST /cormun/servlet/solicitudotadjuntos?d4514897ed73c6707d33e65c9be04000,INS,2017,7159,,1,,gx-no-cache=1502210525123 HTTP/1.1" 200 3474
186.103.159.46 - - [08/Aug/2017:13:41:22 -0300] "GET /cormun/static/Shared/jqueryui/images/ui-bg_highlight-soft_100_c6c2c8_1x100.png HTTP/1.1" 404 1117
186.103.159.46 - - [08/Aug/2017:13:41:22 -0300] "GET /cormun/static/Shared/jqueryui/images/ui-icons_82798d_256x240.png HTTP/1.1" 404 1089
186.103.159.46 - - [08/Aug/2017:13:41:22 -0300] "GET /cormun/static/Shared/jqueryui/images/ui-bg_flat_55_994d53_40x100.png HTTP/1.1" 404 1097
186.103.159.46 - - [08/Aug/2017:13:41:22 -0300] "GET /cormun/static/Shared/jqueryui/images/ui-icons_ebccce_256x240.png HTTP/1.1" 404 1089
186.103.159.46 - - [08/Aug/2017:13:41:28 -0300] "POST /cormun/servlet/solicitudotadjuntos?gx-no-cache=1502210530488 HTTP/1.1" 200 26
186.103.132.155 - - [08/Aug/2017:13:42:10 -0300] "GET /cormun/servlet/licenciaspermisos?9ea6e22556a662d330946ff90925fa85faeae4a2cfcc3e4b212808e6e760a1bf557bc014ffbf9e550c86720bc142a082,gx-no-cache=1502210571591 HTTP/1.1" 440 972
186.103.132.155 - - [08/Aug/2017:13:42:12 -0300] "POST /cormun/servlet/licenciaspermisos?026eb36ae45a632bee2f70bbc4b7e64d,INS,0,,,,gx-no-cache=1502210573321 HTTP/1.1" 440 972
186.103.132.155 - - [08/Aug/2017:13:42:14 -0300] "GET /cormun/servlet/licenciaspermisos?INS,0,,, HTTP/1.1" 200 6724
186.103.161.206 - - [08/Aug/2017:13:42:15 -0300] "GET /cormun/servlet/hlogin HTTP/1.1" 200 1749
186.103.132.155 - - [08/Aug/2017:13:42:15 -0300] "GET /cormun/servlet/licenciaspermisos?INS,0,,, HTTP/1.1" 200 6724
186.103.159.46 - - [08/Aug/2017:13:42:17 -0300] "GET /cormun/servlet/solicitudotadjuntos?1e7edb8e37dfb906122f45b13e0d8755594ed0336b765148c1b855fbfb71b9d9,gx-no-cache=1502210580319 HTTP/1.1" 200 30
186.103.159.46 - - [08/Aug/2017:13:42:17 -0300] "GET /cormun/servlet/solicitudotadjuntos?1e7edb8e37dfb906122f45b13e0d8755594ed0336b765148c1b855fbfb71b9d9,gx-no-cache=1502210580379 HTTP/1.1" 200 30
186.103.159.46 - - [08/Aug/2017:13:42:18 -0300] "POST /cormun/servlet/solicitudotadjuntos?d4514897ed73c6707d33e65c9be04000,INS,2017,7159,,1, HTTP/1.1" 200 116
186.103.159.46 - - [08/Aug/2017:13:42:18 -0300] "GET /cormun/servlet/hpexe_return? HTTP/1.1" 200 1020
186.103.159.46 - - [08/Aug/2017:13:42:19 -0300] "GET /cormun/servlet/trsolicitudadjuntos?2017,7159, HTTP/1.1" 200 8752
186.103.159.46 - - [08/Aug/2017:13:42:20 -0300] "GET /cormun/servlet/trsolicitudadjuntos?2017,7159, HTTP/1.1" 200 8751
186.103.159.46 - - [08/Aug/2017:13:42:23 -0300] "GET /cormun/servlet/solicitudotadjuntos?INS,2017,7159,,1, HTTP/1.1" 200 5835
186.103.159.46 - - [08/Aug/2017:13:42:24 -0300] "GET /cormun/static/about:blank HTTP/1.1" 404 1011
186.103.159.46 - - [08/Aug/2017:13:42:25 -0300] "GET /cormun/servlet/solicitudotadjuntos?INS,2017,7159,,1, HTTP/1.1" 200 5829
186.103.159.46 - - [08/Aug/2017:13:42:25 -0300] "GET /cormun/servlet/solicitudotadjuntos?1e7edb8e37dfb906122f45b13e0d87559a217f5f7c8712944d0013cd154d145cccc9b20aa72e551759ae08e5f031518c,gx-no-cache=1502210588104 HTTP/1.1" 200 30
186.103.159.46 - - [08/Aug/2017:13:42:25 -0300] "POST /cormun/servlet/solicitudotadjuntos?d4514897ed73c6707d33e65c9be04000,INS,2017,7159,,1,,gx-no-cache=1502210588193 HTTP/1.1" 200 3631
186.103.159.46 - - [08/Aug/2017:13:42:30 -0300] "POST /cormun/servlet/solicitudotadjuntos?gx-no-cache=1502210593082 HTTP/1.1" 200 26
186.103.132.155 - - [08/Aug/2017:13:42:48 -0300] "POST /cormun/servlet/hlogin?e05add511d40d0f4f1420ca795a65342,gx-no-cache=1502210609971 HTTP/1.1" 200 90
186.103.132.155 - - [08/Aug/2017:13:42:49 -0300] "GET /cormun/servlet/hpexe_link HTTP/1.1" 200 969
186.103.132.155 - - [08/Aug/2017:13:42:49 -0300] "GET /cormun/servlet/licenciaspermisos?INS,0,,, HTTP/1.1" 200 7401
186.103.132.155 - - [08/Aug/2017:13:42:49 -0300] "GET /cormun/servlet/licenciaspermisos?INS,0,,, HTTP/1.1" 200 7408
186.103.159.46 - - [08/Aug/2017:13:42:54 -0300] "GET /cormun/servlet/solicitudotadjuntos?1e7edb8e37dfb906122f45b13e0d8755594ed0336b765148c1b855fbfb71b9d9,gx-no-cache=1502210616782 HTTP/1.1" 200 30
186.103.159.46 - - [08/Aug/2017:13:42:54 -0300] "GET /cormun/servlet/solicitudotadjuntos?1e7edb8e37dfb906122f45b13e0d8755594ed0336b765148c1b855fbfb71b9d9,gx-no-cache=1502210616891 HTTP/1.1" 200 30
186.103.159.46 - - [08/Aug/2017:13:42:54 -0300] "POST /cormun/servlet/solicitudotadjuntos?d4514897ed73c6707d33e65c9be04000,INS,2017,7159,,1, HTTP/1.1" 200 116
186.103.159.46 - - [08/Aug/2017:13:42:55 -0300] "GET /cormun/servlet/hpexe_return? HTTP/1.1" 200 1020
186.103.159.46 - - [08/Aug/2017:13:42:55 -0300] "GET /cormun/servlet/trsolicitudadjuntos?2017,7159, HTTP/1.1" 200 9002
186.103.159.46 - - [08/Aug/2017:13:42:57 -0300] "GET /cormun/servlet/trsolicitudadjuntos?2017,7159, HTTP/1.1" 200 9001
186.103.159.46 - - [08/Aug/2017:13:42:59 -0300] "GET /cormun/servlet/solicitudotadjuntos?INS,2017,7159,,1, HTTP/1.1" 200 5835
186.103.159.46 - - [08/Aug/2017:13:43:00 -0300] "GET /cormun/static/about:blank HTTP/1.1" 404 1011
186.103.159.46 - - [08/Aug/2017:13:43:01 -0300] "GET /cormun/servlet/solicitudotadjuntos?INS,2017,7159,,1, HTTP/1.1" 200 5829
186.103.159.46 - - [08/Aug/2017:13:43:01 -0300] "GET /cormun/servlet/solicitudotadjuntos?1e7edb8e37dfb906122f45b13e0d87559a217f5f7c8712944d0013cd154d145cccc9b20aa72e551759ae08e5f031518c,gx-no-cache=1502210624123 HTTP/1.1" 200 30
186.103.159.46 - - [08/Aug/2017:13:43:01 -0300] "POST /cormun/servlet/solicitudotadjuntos?d4514897ed73c6707d33e65c9be04000,INS,2017,7159,,1,,gx-no-cache=1502210624183 HTTP/1.1" 200 3630
186.103.159.46 - - [08/Aug/2017:13:43:05 -0300] "POST /cormun/servlet/solicitudotadjuntos?gx-no-cache=1502210627879 HTTP/1.1" 200 26
186.103.132.155 - - [08/Aug/2017:13:43:05 -0300] "GET /cormun/servlet/licenciaspermisos?b1439acd9b559dedf89942cd446d0446b2c8633bb9fc1a2bfdfbcb863b6ded26ca06722b61d5eb0d8ce29f7dd458608b,gx-no-cache=1502210626591 HTTP/1.1" 200 185
186.103.132.155 - - [08/Aug/2017:13:43:05 -0300] "GET /cormun/static/Shared/jqueryui/images/ui-bg_highlight-soft_100_c6c2c8_1x100.png HTTP/1.1" 404 1117
190.151.100.218 - - [08/Aug/2017:13:43:05 -0300] "GET /cormun/static/Shared/jqueryui/images/ui-icons_82798d_256x240.png HTTP/1.1" 404 1089
200.72.197.82 - - [08/Aug/2017:13:43:05 -0300] "GET /cormun/static/Shared/jqueryui/images/ui-bg_flat_55_994d53_40x100.png HTTP/1.1" 404 1097
200.72.197.82 - - [08/Aug/2017:13:43:05 -0300] "GET /cormun/static/Shared/jqueryui/images/ui-icons_ebccce_256x240.png HTTP/1.1" 404 1089
186.103.159.46 - - [08/Aug/2017:13:43:18 -0300] "GET /cormun/servlet/solicitudotadjuntos?1e7edb8e37dfb906122f45b13e0d8755594ed0336b765148c1b855fbfb71b9d9,gx-no-cache=1502210640458 HTTP/1.1" 200 30
186.103.159.46 - - [08/Aug/2017:13:43:18 -0300] "GET /cormun/servlet/solicitudotadjuntos?1e7edb8e37dfb906122f45b13e0d8755594ed0336b765148c1b855fbfb71b9d9,gx-no-cache=1502210640498 HTTP/1.1" 200 30
186.103.159.46 - - [08/Aug/2017:13:43:18 -0300] "POST /cormun/servlet/solicitudotadjuntos?d4514897ed73c6707d33e65c9be04000,INS,2017,7159,,1, HTTP/1.1" 200 116
186.103.159.46 - - [08/Aug/2017:13:43:18 -0300] "GET /cormun/servlet/hpexe_return? HTTP/1.1" 200 1020
186.103.159.46 - - [08/Aug/2017:13:43:19 -0300] "GET /cormun/servlet/trsolicitudadjuntos?2017,7159, HTTP/1.1" 200 9229
186.103.159.46 - - [08/Aug/2017:13:43:20 -0300] "GET /cormun/servlet/trsolicitudadjuntos?2017,7159, HTTP/1.1" 200 9228
186.103.159.46 - - [08/Aug/2017:13:43:23 -0300] "POST /cormun/servlet/trsolicitudadjuntos?d4514897ed73c6707d33e65c9be04000,2017,7159,,gx-no-cache=1502210645998 HTTP/1.1" 200 90
186.103.159.46 - - [08/Aug/2017:13:43:23 -0300] "GET /cormun/servlet/hpexe_link HTTP/1.1" 200 981
186.103.159.46 - - [08/Aug/2017:13:43:23 -0300] "GET /cormun/servlet/trsolicitudot?gx-no-cache=1502209263219 HTTP/1.1" 200 9686
186.103.159.46 - - [08/Aug/2017:13:43:25 -0300] "GET /cormun/servlet/trsolicitudot?gx-no-cache=1502209263219 HTTP/1.1" 200 9706
186.103.159.46 - - [08/Aug/2017:13:43:40 -0300] "POST /cormun/servlet/trsolicitudot?d4514897ed73c6707d33e65c9be04000,gx-no-cache=1502209263219,gx-no-cache=1502210662778 HTTP/1.1" 200 6871
186.103.159.46 - - [08/Aug/2017:13:43:40 -0300] "GET /cormun/static/Shared/jqueryui/images/ui-bg_highlight-soft_100_c6c2c8_1x100.png HTTP/1.1" 404 1117
186.103.159.46 - - [08/Aug/2017:13:43:40 -0300] "GET /cormun/static/Shared/jqueryui/images/ui-icons_82798d_256x240.png HTTP/1.1" 404 1089
186.103.159.46 - - [08/Aug/2017:13:43:40 -0300] "GET /cormun/static/Shared/jqueryui/images/ui-bg_flat_55_fafafa_40x100.png HTTP/1.1" 404 1097
186.103.159.46 - - [08/Aug/2017:13:43:40 -0300] "GET /cormun/static/Shared/jqueryui/images/ui-icons_8d78a5_256x240.png HTTP/1.1" 404 1089
186.103.159.46 - - [08/Aug/2017:13:43:41 -0300] "POST /cormun/servlet/trsolicitudot?d4514897ed73c6707d33e65c9be04000,gx-no-cache=1502209263219,gx-no-cache=1502210663466 HTTP/1.1" 200 6815
186.103.161.206 - - [08/Aug/2017:13:44:35 -0300] "GET /cormun/servlet/licenciaspermisos?b1439acd9b559dedf89942cd446d04460f181d4511d25546bc6874539bf1f1fdca06722b61d5eb0d8ce29f7dd458608b,gx-no-cache=1502210716278 HTTP/1.1" 200 93
186.103.161.206 - - [08/Aug/2017:13:44:35 -0300] "POST /cormun/servlet/licenciaspermisos?e05add511d40d0f4f1420ca795a65342,INS,0,,,,gx-no-cache=1502210716394 HTTP/1.1" 200 4472
186.103.161.206 - - [08/Aug/2017:13:44:47 -0300] "GET /cormun/static/menuarrow.gif HTTP/1.1" 404 1015
200.112.49.175 - - [08/Aug/2017:13:45:42 -0300] "GET /cormun/servlet/trlicencias? HTTP/1.1" 200 9654
200.112.49.175 - - [08/Aug/2017:13:45:42 -0300] "GET /cormun/servlet/trlicencias? HTTP/1.1" 200 9654
200.112.49.175 - - [08/Aug/2017:13:45:47 -0300] "GET /cormun/servlet/trlicencias? HTTP/1.1" 200 9654
200.112.49.175 - - [08/Aug/2017:13:45:48 -0300] "GET /cormun/servlet/trlicencias? HTTP/1.1" 200 9654
200.112.49.175 - - [08/Aug/2017:13:45:50 -0300] "GET /cormun/servlet/licenciaspermisos?INS,0,,, HTTP/1.1" 200 7326
200.112.49.175 - - [08/Aug/2017:13:45:50 -0300] "GET /cormun/static/gxcfg.js?201762917281167 HTTP/1.1" 304 -
200.112.49.175 - - [08/Aug/2017:13:45:50 -0300] "GET /cormun/static/licenciaspermisos.js?201762917281260 HTTP/1.1" 304 -
200.112.49.175 - - [08/Aug/2017:13:45:50 -0300] "GET /cormun/servlet/licenciaspermisos?INS,0,,, HTTP/1.1" 200 7326
200.112.49.175 - - [08/Aug/2017:13:45:53 -0300] "GET /cormun/servlet/prfichaempleado?,MD,,gxPopupLevel%3D0%3B HTTP/1.1" 200 9260
200.112.49.175 - - [08/Aug/2017:13:46:02 -0300] "POST /cormun/servlet/prfichaempleado?6c689f60feea35dc55269e336eb20861,,MD,,gxPopupLevel%3D0%3B,gx-no-cache=1502210805504 HTTP/1.1" 200 3493
200.112.49.175 - - [08/Aug/2017:13:46:06 -0300] "GET /cormun/servlet/licenciaspermisos?fb4677bd6494dd8c7e594f914c483f9f4f3362dbbb2143e49085734d723befaa084f4fc57d57485976537f0ab3cde286,gx-no-cache=1502210809662 HTTP/1.1" 200 101
200.112.49.175 - - [08/Aug/2017:13:46:06 -0300] "POST /cormun/servlet/licenciaspermisos?6c689f60feea35dc55269e336eb20861,INS,0,,,,gx-no-cache=1502210809779 HTTP/1.1" 200 4533
200.72.197.82 - - [08/Aug/2017:13:46:08 -0300] "GET /cormun/servlet/licenciaspermisos?b1439acd9b559dedf89942cd446d0446653b333c06c6c4439b5a4fb23750dac6a926e038d84199d73abde9e6e981284175384c1d048fb7dc6becb781d3004f87706d25272c695eb67745a6806fef761427008f82cab4408fe14699daea89dff49c15016180e1ca7245e82ae242f7538c1a8ff736dc0f4971d7efd2b5f73dd25ded0174ae715dfc06e9ed6e9c3b694719b227657d0124fa6e221eda4c9a7f0a140df06d9433b04fc4d54780400e9af8cf,gx-no-cache=1502210809289 HTTP/1.1" 200 30
200.72.197.82 - - [08/Aug/2017:13:46:08 -0300] "GET /cormun/servlet/licenciaspermisos?b1439acd9b559dedf89942cd446d0446f15203affa6243a9d091291b4c30b6608d3139f2a0e10859323143e2925c0f3e7b8ecf85faedef8c81daa55e2189b0484ce89fc4dd5424a7d7e00fbfd8a1135f24cccad70748ea3188d3785361592dca271a2f55abc8c539c7c0124dc2f088a5bba0ef1520872c639e9ac80d80ca235fcc873cffce31e4d9cc0fd955bc450ef9279e9285f3e69f3ff09f9c2aaef49e48a7a9d0af65016942f3068f0565a27f2c,gx-no-cache=1502210809466 HTTP/1.1" 200 29
200.72.197.82 - - [08/Aug/2017:13:46:08 -0300] "POST /cormun/servlet/licenciaspermisos?e05add511d40d0f4f1420ca795a65342,INS,0,,,,gx-no-cache=1502210809563 HTTP/1.1" 200 4645
200.112.49.175 - - [08/Aug/2017:13:46:40 -0300] "GET /cormun/static/menuarrow.gif HTTP/1.1" 404 1015
190.151.100.218 - - [08/Aug/2017:13:46:49 -0300] "GET /cormun/servlet/licenciaspermisos?b1439acd9b559dedf89942cd446d0446653b333c06c6c4439b5a4fb23750dac6a926e038d84199d73abde9e6e981284175384c1d048fb7dc6becb781d3004f87706d25272c695eb67745a6806fef761427008f82cab4408fe14699daea89dff449edef3ff90845295b45973f7e0b63981a8ff736dc0f4971d7efd2b5f73dd25d838cd63298f0d0d01225fd9292ce04ad0a9b7b0001505a2511efb20b038ce14a042ff53e009550fb93729a92282c3a2e0ae1d51ed68f06fe1d63ff5544972537d12c2529d3dfcbb46ffb709312c7fe7bea08debe031bee4d4e96085d2006629a,gx-no-cache=1502210850304 HTTP/1.1" 200 30
157.55.39.104 - - [08/Aug/2017:13:47:13 -0300] "GET /cormun/servlet/hpexe_link HTTP/1.1" 200 921
190.151.100.218 - - [08/Aug/2017:13:47:20 -0300] "GET /cormun/servlet/licenciaspermisos?b1439acd9b559dedf89942cd446d0446f15203affa6243a9d091291b4c30b6608d3139f2a0e10859323143e2925c0f3e7b8ecf85faedef8c81daa55e2189b0484ce89fc4dd5424a7d7e00fbfd8a1135f24cccad70748ea3188d3785361592dca09aefbe870e81218601680a989e2db11bba0ef1520872c639e9ac80d80ca235ff36146fe8560347a9fdc40dec184a2497d7f7d5a5c3be189c45c36052c5d6c77e1ec9b039b7070df99e3c18c285deeb80db56b28c2f1b056e82287d6d169a750deb664ae7c522ad78dfbb087299d1b961a5df350d195310a22530474b7ec4219a7a9d0af65016942f3068f0565a27f2c,gx-no-cache=1502210881266 HTTP/1.1" 200 62
190.151.100.218 - - [08/Aug/2017:13:47:20 -0300] "POST /cormun/servlet/licenciaspermisos?e05add511d40d0f4f1420ca795a65342,INS,0,,,,gx-no-cache=1502210881782 HTTP/1.1" 200 93
190.151.100.218 - - [08/Aug/2017:13:47:20 -0300] "GET /cormun/servlet/hpexe_return? HTTP/1.1" 200 1013
190.151.100.218 - - [08/Aug/2017:13:47:21 -0300] "GET /cormun/servlet/hhome HTTP/1.1" 200 4038
190.151.100.218 - - [08/Aug/2017:13:47:21 -0300] "GET /cormun/servlet/hhome HTTP/1.1" 200 4032
190.151.100.218 - - [08/Aug/2017:13:47:26 -0300] "GET /cormun/servlet/trlicencias? HTTP/1.1" 200 10369
190.151.100.218 - - [08/Aug/2017:13:47:26 -0300] "GET /cormun/servlet/trlicencias? HTTP/1.1" 200 10366
190.151.100.218 - - [08/Aug/2017:13:47:46 -0300] "GET /cormun/servlet/alicenciaprn?12694048,L,20170808000000,PU HTTP/1.1" 200 1587
200.112.49.175 - - [08/Aug/2017:13:48:18 -0300] "GET /cormun/servlet/licenciaspermisos?fb4677bd6494dd8c7e594f914c483f9fee5deee4fa2cc7e7aac9bec333554cceafb1800bf1e22aaee66fef16caddfd799ca7e5adad76d817822c7880971c84a94e824f0289cce822148aa58e078a7da838f6433d400d3d82f5d2164947d364413fa821e48d1e48783e96bc46ff7a568f3f12c4902c92affa17392c1828378c8898f3c2e973c6173f05d5e6901802fc37e77bf9a2cafa0aa5cdd2066a30d35a25c2aa55577e5e4399662165e4c226796a,gx-no-cache=1502210942530 HTTP/1.1" 200 30
200.112.49.175 - - [08/Aug/2017:13:48:20 -0300] "GET /cormun/servlet/licenciaspermisos?fb4677bd6494dd8c7e594f914c483f9f2343ef9194fcbe95cd86368bafa60ff5c2b78186ad94c51cdfb94f0b45d164463e985e1d083d9bee238cd723c96a7958a5aaf50afff588d9d9f623d69ea2368f69c45197c62ff2a6ae1798f6c8d3a8e4687eb94ee942c6784bebc7175f2dfa8c0560d3d278f76fa4703b89a4a8c1f27fd47db955efd73aa5511d0d1b25d62c5f2b971cf215f512b659ec6867631f066cb60c0d7af9f28cf25bb4f9d8fc97fe46,gx-no-cache=1502210944595 HTTP/1.1" 200 29
200.112.49.175 - - [08/Aug/2017:13:48:21 -0300] "POST /cormun/servlet/licenciaspermisos?6c689f60feea35dc55269e336eb20861,INS,0,,,,gx-no-cache=1502210944680 HTTP/1.1" 200 93
200.112.49.175 - - [08/Aug/2017:13:48:21 -0300] "GET /cormun/servlet/hpexe_return? HTTP/1.1" 200 1014
200.112.49.175 - - [08/Aug/2017:13:48:21 -0300] "GET /cormun/servlet/trlicencias HTTP/1.1" 200 10136
200.112.49.175 - - [08/Aug/2017:13:48:22 -0300] "GET /cormun/servlet/trlicencias HTTP/1.1" 200 10131
200.112.49.175 - - [08/Aug/2017:13:48:25 -0300] "GET /cormun/servlet/alicenciaprn?15102788,L,20170808000000,PU HTTP/1.1" 200 1543
200.72.197.82 - - [08/Aug/2017:13:50:30 -0300] "GET /cormun/servlet/trlicenciaspermisosadjuntos?12694048,20170808000000,L, HTTP/1.1" 200 6377
200.72.197.82 - - [08/Aug/2017:13:50:31 -0300] "GET /cormun/servlet/trlicenciaspermisosadjuntos?12694048,20170808000000,L, HTTP/1.1" 200 6377
200.72.197.82 - - [08/Aug/2017:13:50:33 -0300] "GET /cormun/servlet/licenciaspermisosadjuntos?INS,12694048,L,20170808000000,, HTTP/1.1" 200 5670
200.72.197.82 - - [08/Aug/2017:13:50:34 -0300] "GET /cormun/static/about:blank HTTP/1.1" 404 1011
200.72.197.82 - - [08/Aug/2017:13:50:34 -0300] "GET /cormun/servlet/licenciaspermisosadjuntos?INS,12694048,L,20170808000000,, HTTP/1.1" 200 5659
186.103.161.206 - - [08/Aug/2017:13:51:03 -0300] "POST /cormun/servlet/licenciaspermisosadjuntos?e05add511d40d0f4f1420ca795a65342,INS,12694048,L,20170808000000,, HTTP/1.1" 200 116
