186.103.158.250 - - [03/Aug/2017:13:03:07 -0300] "GET /cormun/servlet/solicitudotadjuntos?DLT,2017,7130,CERTIF5,0, HTTP/1.1" 200 5907
186.103.158.250 - - [03/Aug/2017:13:03:07 -0300] "GET /cormun/static/about:blank HTTP/1.1" 404 1011
186.103.158.250 - - [03/Aug/2017:13:03:08 -0300] "GET /cormun/static/Shared/jqueryui/images/ui-bg_highlight-soft_100_c6c2c8_1x100.png HTTP/1.1" 404 1117
186.103.158.250 - - [03/Aug/2017:13:03:08 -0300] "GET /cormun/static/Shared/jqueryui/images/ui-icons_82798d_256x240.png HTTP/1.1" 404 1089
186.103.158.250 - - [03/Aug/2017:13:03:08 -0300] "GET /cormun/static/Shared/jqueryui/images/ui-bg_flat_55_fafafa_40x100.png HTTP/1.1" 404 1097
186.103.158.250 - - [03/Aug/2017:13:03:08 -0300] "GET /cormun/servlet/solicitudotadjuntos?DLT,2017,7130,CERTIF5,0, HTTP/1.1" 200 5900
186.103.158.250 - - [03/Aug/2017:13:03:08 -0300] "GET /cormun/static/Shared/jqueryui/images/ui-icons_8d78a5_256x240.png HTTP/1.1" 404 1089
186.103.158.250 - - [03/Aug/2017:13:03:15 -0300] "POST /cormun/servlet/solicitudotadjuntos?25152dbf8e26b42b75150f5f4d0de570,DLT,2017,7130,CERTIF5,0,,gx-no-cache=1501776234417 HTTP/1.1" 200 93
186.103.158.250 - - [03/Aug/2017:13:03:16 -0300] "GET /cormun/servlet/hpexe_return? HTTP/1.1" 200 1028
192.168.10.89 - - [03/Aug/2017:13:03:22 -0300] "GET /cormunbeta/servlet/hlogin HTTP/1.1" 200 1721
186.103.158.250 - - [03/Aug/2017:13:03:23 -0300] "GET /cormun/servlet/trsolicitudadjuntos?2017,7130, HTTP/1.1" 200 8919
186.103.158.250 - - [03/Aug/2017:13:03:24 -0300] "GET /cormun/servlet/trsolicitudadjuntos?2017,7130, HTTP/1.1" 200 8915
186.103.159.46 - - [03/Aug/2017:13:03:26 -0300] "POST /cormun/servlet/permisosadjuntos?302236d3537d9dea7a38475efdd79849,INS,8926740,P,20170803123954,, HTTP/1.1" 200 116
186.103.159.46 - - [03/Aug/2017:13:03:26 -0300] "GET /cormun/servlet/hpexe_return? HTTP/1.1" 200 1038
192.168.10.89 - - [03/Aug/2017:13:03:26 -0300] "GET /cormun/servlet/hlogin HTTP/1.1" 200 1713
186.103.159.46 - - [03/Aug/2017:13:03:26 -0300] "GET /cormun/servlet/trpermisosadjuntos?8926740,20170803123954,P, HTTP/1.1" 200 6587
186.103.158.250 - - [03/Aug/2017:13:03:27 -0300] "GET /cormun/servlet/solicitudotadjuntos?INS,2017,7130,,1, HTTP/1.1" 200 6030
186.103.158.250 - - [03/Aug/2017:13:03:27 -0300] "GET /cormun/static/about:blank HTTP/1.1" 404 1011
186.103.159.46 - - [03/Aug/2017:13:03:27 -0300] "GET /cormun/servlet/trpermisosadjuntos?8926740,20170803123954,P, HTTP/1.1" 200 6584
186.103.158.250 - - [03/Aug/2017:13:03:28 -0300] "GET /cormun/servlet/solicitudotadjuntos?INS,2017,7130,,1, HTTP/1.1" 200 6023
186.103.158.250 - - [03/Aug/2017:13:03:29 -0300] "GET /cormun/servlet/solicitudotadjuntos?6a294270f68e939a875ca4e61044775d073a444bf1cda5480f9a64962c2655371e76a0bf378074041912372af36566bc,gx-no-cache=1501776252492 HTTP/1.1" 200 30
186.103.158.250 - - [03/Aug/2017:13:03:29 -0300] "POST /cormun/servlet/solicitudotadjuntos?25152dbf8e26b42b75150f5f4d0de570,INS,2017,7130,,1,,gx-no-cache=1501776252573 HTTP/1.1" 200 3859
186.103.158.250 - - [03/Aug/2017:13:03:33 -0300] "POST /cormun/servlet/solicitudotadjuntos?gx-no-cache=1501776256562 HTTP/1.1" 200 26
186.103.159.46 - - [03/Aug/2017:13:03:33 -0300] "POST /cormun/servlet/trpermisosadjuntos?302236d3537d9dea7a38475efdd79849,8926740,20170803123954,P,,gx-no-cache=1501776256550 HTTP/1.1" 200 90
186.103.159.46 - - [03/Aug/2017:13:03:33 -0300] "GET /cormun/servlet/hpexe_link HTTP/1.1" 200 983
192.168.10.89 - - [03/Aug/2017:13:03:33 -0300] "POST /cormun/servlet/hlogin?86c260a7ba691341fdb43ee9bf2741d4,gx-no-cache=1501776191185 HTTP/1.1" 200 90
192.168.10.89 - - [03/Aug/2017:13:03:33 -0300] "GET /cormun/servlet/hpexe_link HTTP/1.1" 200 945
192.168.10.89 - - [03/Aug/2017:13:03:33 -0300] "GET /cormun/servlet/hhome HTTP/1.1" 200 4626
186.103.159.46 - - [03/Aug/2017:13:03:33 -0300] "GET /cormun/servlet/trpermisosgoce HTTP/1.1" 200 10282
186.103.159.46 - - [03/Aug/2017:13:03:35 -0300] "GET /cormun/servlet/trpermisosgoce HTTP/1.1" 200 10280
192.168.10.89 - - [03/Aug/2017:13:03:37 -0300] "GET /cormun/servlet/trsolicitudgral? HTTP/1.1" 200 25879
192.168.10.89 - - [03/Aug/2017:13:03:42 -0300] "GET /cormun/static/menuarrow.gif HTTP/1.1" 404 1015
186.103.158.250 - - [03/Aug/2017:13:03:42 -0300] "GET /cormun/servlet/solicitudotadjuntos?6a294270f68e939a875ca4e61044775d2095a7eff574a049eccdece1b98424af,gx-no-cache=1501776266056 HTTP/1.1" 200 30
186.103.158.250 - - [03/Aug/2017:13:03:42 -0300] "GET /cormun/servlet/solicitudotadjuntos?6a294270f68e939a875ca4e61044775d2095a7eff574a049eccdece1b98424af,gx-no-cache=1501776266119 HTTP/1.1" 200 30
186.103.159.46 - - [03/Aug/2017:13:03:44 -0300] "POST /cormun/servlet/trpermisosgoce?302236d3537d9dea7a38475efdd79849,gx-no-cache=1501776267217 HTTP/1.1" 200 7452
186.103.159.46 - - [03/Aug/2017:13:03:44 -0300] "GET /cormun/static/Shared/jqueryui/images/ui-icons_82798d_256x240.png HTTP/1.1" 404 1089
186.103.159.46 - - [03/Aug/2017:13:03:44 -0300] "GET /cormun/static/Shared/jqueryui/images/ui-bg_flat_55_fafafa_40x100.png HTTP/1.1" 404 1097
186.103.159.46 - - [03/Aug/2017:13:03:44 -0300] "GET /cormun/static/Shared/jqueryui/images/ui-icons_8d78a5_256x240.png HTTP/1.1" 404 1089
186.103.159.46 - - [03/Aug/2017:13:03:44 -0300] "GET /cormun/static/Shared/jqueryui/images/ui-bg_highlight-soft_100_c6c2c8_1x100.png HTTP/1.1" 404 1117
186.103.158.250 - - [03/Aug/2017:13:03:45 -0300] "POST /cormun/servlet/solicitudotadjuntos?25152dbf8e26b42b75150f5f4d0de570,INS,2017,7130,,1, HTTP/1.1" 200 116
186.103.158.250 - - [03/Aug/2017:13:03:45 -0300] "GET /cormun/servlet/hpexe_return? HTTP/1.1" 200 1022
186.103.158.250 - - [03/Aug/2017:13:03:45 -0300] "GET /cormun/servlet/trsolicitudadjuntos?2017,7130, HTTP/1.1" 200 9175
186.103.158.250 - - [03/Aug/2017:13:03:47 -0300] "GET /cormun/servlet/trsolicitudadjuntos?2017,7130, HTTP/1.1" 200 9171
192.168.10.89 - - [03/Aug/2017:13:03:49 -0300] "POST /cormun/servlet/trsolicitudgral?86c260a7ba691341fdb43ee9bf2741d4,,gx-no-cache=1501776206600 HTTP/1.1" 200 23176
186.103.159.46 - - [03/Aug/2017:13:03:49 -0300] "POST /cormun/servlet/trpermisosgoce?302236d3537d9dea7a38475efdd79849,gx-no-cache=1501776272700 HTTP/1.1" 200 7451
186.103.158.250 - - [03/Aug/2017:13:03:52 -0300] "GET /cormun/servlet/solicitudotadjuntos?INS,2017,7130,,1, HTTP/1.1" 200 6030
186.103.158.250 - - [03/Aug/2017:13:03:52 -0300] "GET /cormun/static/about:blank HTTP/1.1" 404 1011
186.103.158.250 - - [03/Aug/2017:13:03:53 -0300] "GET /cormun/servlet/solicitudotadjuntos?INS,2017,7130,,1, HTTP/1.1" 200 6023
186.103.158.250 - - [03/Aug/2017:13:03:53 -0300] "GET /cormun/servlet/solicitudotadjuntos?6a294270f68e939a875ca4e61044775d073a444bf1cda5480f9a64962c2655371e76a0bf378074041912372af36566bc,gx-no-cache=1501776276976 HTTP/1.1" 200 30
186.103.158.250 - - [03/Aug/2017:13:03:53 -0300] "POST /cormun/servlet/solicitudotadjuntos?25152dbf8e26b42b75150f5f4d0de570,INS,2017,7130,,1,,gx-no-cache=1501776277057 HTTP/1.1" 200 3859
186.103.159.46 - - [03/Aug/2017:13:03:55 -0300] "POST /cormun/servlet/trpermisosgoce?302236d3537d9dea7a38475efdd79849,gx-no-cache=1501776277856 HTTP/1.1" 200 7447
186.103.158.250 - - [03/Aug/2017:13:03:58 -0300] "POST /cormun/servlet/solicitudotadjuntos?gx-no-cache=1501776281689 HTTP/1.1" 200 26
192.168.10.89 - - [03/Aug/2017:13:03:58 -0300] "POST /cormun/servlet/trsolicitudgral?86c260a7ba691341fdb43ee9bf2741d4,,gx-no-cache=1501776216405 HTTP/1.1" 200 5753
186.103.159.46 - - [03/Aug/2017:13:03:59 -0300] "POST /cormun/servlet/trpermisosgoce?302236d3537d9dea7a38475efdd79849,gx-no-cache=1501776281703 HTTP/1.1" 200 7446
186.103.159.46 - - [03/Aug/2017:13:04:03 -0300] "POST /cormun/servlet/trpermisosgoce?302236d3537d9dea7a38475efdd79849,gx-no-cache=1501776286058 HTTP/1.1" 200 7443
186.103.159.46 - - [03/Aug/2017:13:04:05 -0300] "POST /cormun/servlet/trpermisosgoce?302236d3537d9dea7a38475efdd79849,gx-no-cache=1501776288943 HTTP/1.1" 200 7435
186.103.159.46 - - [03/Aug/2017:13:04:08 -0300] "POST /cormun/servlet/trpermisosgoce?302236d3537d9dea7a38475efdd79849,gx-no-cache=1501776291578 HTTP/1.1" 200 7396
186.103.158.250 - - [03/Aug/2017:13:04:09 -0300] "GET /cormun/servlet/solicitudotadjuntos?6a294270f68e939a875ca4e61044775d2095a7eff574a049eccdece1b98424af,gx-no-cache=1501776293124 HTTP/1.1" 200 30
186.103.158.250 - - [03/Aug/2017:13:04:09 -0300] "GET /cormun/servlet/solicitudotadjuntos?6a294270f68e939a875ca4e61044775d2095a7eff574a049eccdece1b98424af,gx-no-cache=1501776293155 HTTP/1.1" 200 30
186.103.158.250 - - [03/Aug/2017:13:04:10 -0300] "POST /cormun/servlet/solicitudotadjuntos?25152dbf8e26b42b75150f5f4d0de570,INS,2017,7130,,1, HTTP/1.1" 200 116
186.103.158.250 - - [03/Aug/2017:13:04:10 -0300] "GET /cormun/servlet/hpexe_return? HTTP/1.1" 200 1022
186.103.158.250 - - [03/Aug/2017:13:04:10 -0300] "GET /cormun/servlet/trsolicitudadjuntos?2017,7130, HTTP/1.1" 200 9389
186.103.158.250 - - [03/Aug/2017:13:04:12 -0300] "GET /cormun/servlet/trsolicitudadjuntos?2017,7130, HTTP/1.1" 200 9389
186.103.158.250 - - [03/Aug/2017:13:04:22 -0300] "GET /cormun/servlet/trautorizarsolicitud? HTTP/1.1" 200 6914
186.103.158.250 - - [03/Aug/2017:13:04:22 -0300] "GET /cormun/static/gxcfg.js?20174261241362 HTTP/1.1" 200 953
186.103.158.250 - - [03/Aug/2017:13:04:22 -0300] "GET /cormun/static/Resources/Spanish/PXTools.css?11294912 HTTP/1.1" 200 89042
186.103.158.250 - - [03/Aug/2017:13:04:22 -0300] "GET /cormun/static/trautorizarsolicitud.js?201742612414370 HTTP/1.1" 200 53910
186.103.158.250 - - [03/Aug/2017:13:04:23 -0300] "GET /cormun/servlet/trautorizarsolicitud? HTTP/1.1" 200 6902
186.103.158.250 - - [03/Aug/2017:13:04:30 -0300] "POST /cormun/servlet/trautorizarsolicitud?25152dbf8e26b42b75150f5f4d0de570,,gx-no-cache=1501776313249 HTTP/1.1" 200 4131
186.103.158.250 - - [03/Aug/2017:13:04:32 -0300] "POST /cormun/servlet/trautorizarsolicitud?25152dbf8e26b42b75150f5f4d0de570,,gx-no-cache=1501776315009 HTTP/1.1" 200 4130
186.103.158.250 - - [03/Aug/2017:13:04:40 -0300] "GET /cormun/static/menuarrow.gif HTTP/1.1" 404 1015
186.103.158.250 - - [03/Aug/2017:13:04:59 -0300] "POST /cormun/servlet/trautorizarsolicitud?25152dbf8e26b42b75150f5f4d0de570,,gx-no-cache=1501776341981 HTTP/1.1" 200 4128
186.103.158.250 - - [03/Aug/2017:13:05:03 -0300] "POST /cormun/servlet/trautorizarsolicitud?25152dbf8e26b42b75150f5f4d0de570,,gx-no-cache=1501776344966 HTTP/1.1" 200 4128
186.103.158.250 - - [03/Aug/2017:13:05:06 -0300] "GET /cormun/servlet/trsolicitudot? HTTP/1.1" 200 9571
186.103.158.250 - - [03/Aug/2017:13:05:08 -0300] "GET /cormun/servlet/trsolicitudot? HTTP/1.1" 200 9571
186.103.158.250 - - [03/Aug/2017:13:05:18 -0300] "POST /cormun/servlet/trsolicitudot?25152dbf8e26b42b75150f5f4d0de570,,gx-no-cache=1501776361366 HTTP/1.1" 200 6745
186.103.158.250 - - [03/Aug/2017:13:05:18 -0300] "GET /cormun/static/Shared/jqueryui/images/ui-bg_highlight-soft_100_c6c2c8_1x100.png HTTP/1.1" 404 1117
186.103.158.250 - - [03/Aug/2017:13:05:18 -0300] "GET /cormun/static/Shared/jqueryui/images/ui-icons_82798d_256x240.png HTTP/1.1" 404 1089
186.103.158.250 - - [03/Aug/2017:13:05:18 -0300] "GET /cormun/static/Shared/jqueryui/images/ui-bg_flat_55_fafafa_40x100.png HTTP/1.1" 404 1097
186.103.158.250 - - [03/Aug/2017:13:05:18 -0300] "GET /cormun/static/Shared/jqueryui/images/ui-icons_8d78a5_256x240.png HTTP/1.1" 404 1089
186.103.158.250 - - [03/Aug/2017:13:05:19 -0300] "POST /cormun/servlet/trsolicitudot?25152dbf8e26b42b75150f5f4d0de570,,gx-no-cache=1501776362380 HTTP/1.1" 200 6689
186.103.158.250 - - [03/Aug/2017:13:05:26 -0300] "GET /cormun/servlet/trautorizarsolicitud? HTTP/1.1" 200 8245
186.103.158.250 - - [03/Aug/2017:13:05:27 -0300] "GET /cormun/servlet/trautorizarsolicitud? HTTP/1.1" 200 8245
186.103.158.250 - - [03/Aug/2017:13:05:36 -0300] "POST /cormun/servlet/trautorizarsolicitud?25152dbf8e26b42b75150f5f4d0de570,,gx-no-cache=1501776378576 HTTP/1.1" 200 4362
186.103.158.250 - - [03/Aug/2017:13:05:37 -0300] "GET /cormun/static/Shared/jqueryui/images/ui-bg_flat_55_fafafa_40x100.png HTTP/1.1" 404 1097
186.103.158.250 - - [03/Aug/2017:13:05:37 -0300] "GET /cormun/static/Shared/jqueryui/images/ui-bg_highlight-soft_100_c6c2c8_1x100.png HTTP/1.1" 404 1117
186.103.158.250 - - [03/Aug/2017:13:05:37 -0300] "GET /cormun/static/Shared/jqueryui/images/ui-icons_82798d_256x240.png HTTP/1.1" 404 1089
186.103.158.250 - - [03/Aug/2017:13:05:37 -0300] "GET /cormun/static/Shared/jqueryui/images/ui-icons_8d78a5_256x240.png HTTP/1.1" 404 1089
186.103.158.250 - - [03/Aug/2017:13:05:37 -0300] "POST /cormun/servlet/trautorizarsolicitud?25152dbf8e26b42b75150f5f4d0de570,,gx-no-cache=1501776380393 HTTP/1.1" 200 4102
186.103.158.250 - - [03/Aug/2017:13:05:41 -0300] "GET /cormun/servlet/trsolicitudot? HTTP/1.1" 200 9568
186.103.158.250 - - [03/Aug/2017:13:05:43 -0300] "GET /cormun/servlet/trsolicitudot? HTTP/1.1" 200 9567
186.79.153.12 - - [03/Aug/2017:13:05:45 -0300] "POST /cormun/servlet/permisosadjuntos?4d9eff7e05978642abdac0deddaa8a00,INS,18798822,P,20170726110803,, HTTP/1.1" 200 116
186.79.153.12 - - [03/Aug/2017:13:05:45 -0300] "GET /cormun/servlet/hpexe_return? HTTP/1.1" 200 1034
186.79.153.12 - - [03/Aug/2017:13:05:48 -0300] "GET /cormun/servlet/trpermisosadjuntos?18798822,20170726110803,P, HTTP/1.1" 200 6998
186.103.158.250 - - [03/Aug/2017:13:05:52 -0300] "GET /cormun/servlet/solicitudot?INS,0,0, HTTP/1.1" 200 12856
186.79.153.12 - - [03/Aug/2017:13:05:52 -0300] "GET /cormun/servlet/trpermisosadjuntos?18798822,20170726110803,P, HTTP/1.1" 200 6994
186.103.158.250 - - [03/Aug/2017:13:05:53 -0300] "GET /cormun/servlet/solicitudot?INS,0,0, HTTP/1.1" 200 12861
186.79.153.12 - - [03/Aug/2017:13:05:54 -0300] "GET /cormun/servlet/permisosadjuntos?INS,18798822,P,20170726110803,, HTTP/1.1" 200 5457
186.79.153.12 - - [03/Aug/2017:13:05:54 -0300] "GET /cormun/static/about:blank HTTP/1.1" 404 1011
186.79.153.12 - - [03/Aug/2017:13:05:55 -0300] "GET /cormun/servlet/permisosadjuntos?INS,18798822,P,20170726110803,, HTTP/1.1" 200 5445
186.103.158.250 - - [03/Aug/2017:13:06:11 -0300] "POST /cormun/servlet/solicitudot?gx-no-cache=1501776414557 HTTP/1.1" 200 3226
186.103.158.250 - - [03/Aug/2017:13:06:11 -0300] "POST /cormun/servlet/solicitudot?25152dbf8e26b42b75150f5f4d0de570,INS,0,0,,gx-no-cache=1501776414814 HTTP/1.1" 200 10031
186.79.153.12 - - [03/Aug/2017:13:06:17 -0300] "POST /cormun/servlet/permisosadjuntos?4d9eff7e05978642abdac0deddaa8a00,INS,18798822,P,20170726110803,, HTTP/1.1" 200 116
186.79.153.12 - - [03/Aug/2017:13:06:18 -0300] "GET /cormun/servlet/hpexe_return? HTTP/1.1" 200 1034
186.79.153.12 - - [03/Aug/2017:13:06:21 -0300] "GET /cormun/servlet/trpermisosadjuntos?18798822,20170726110803,P, HTTP/1.1" 200 6998
186.103.158.250 - - [03/Aug/2017:13:06:22 -0300] "GET /cormun/servlet/solicitudot?6a294270f68e939a875ca4e61044775d594d441bab7e257c124da5dcb94a3d4dfc7cedcd2f35d2eed641340188d8bee6,gx-no-cache=1501776425497 HTTP/1.1" 200 30
186.103.158.250 - - [03/Aug/2017:13:06:22 -0300] "POST /cormun/servlet/solicitudot?gx-no-cache=1501776425623 HTTP/1.1" 200 240
186.103.158.250 - - [03/Aug/2017:13:06:22 -0300] "GET /cormun/servlet/solicitudot?6a294270f68e939a875ca4e61044775d65995fe761d6a59b2a393e47f4873ab576272e5a68366449222259ae55dda5bd4bd717bd4cb68c77bef22357d851c0815d21587d70af1e8f78e0145e7dae399a7d0b2884c6423ec4b98d39c4b89ee0ad25e282a1df8f35fc7d203879ee7214df0bd0c412ab0b5682c096b7068a571aeddda84e41c68aafb54a519e3ed838cb495b83501fedfe763ab67c7c398702c03420ce0c7afcd750080ad42374df058b6f41967ff9a3f94713a4a76cdac57b755685485cc38419f60efccb55b28a1bb06f8d905eb35ec0d317ccd19b303276ae277e1f3bc43a79b626b5cbc63c342e742ca951c814f9710e52a016d33dd8e1164b2e09083e70999741c477ac5e7cd9373126119ff167588002dc1264c0fce8c8f2f67b7b8f0724f5f19880d8678b437ea790cb8bcf60a5f90b5904f35d800afba68a22467b25f2c55caf3ba7c6718d0c4daf1bf02358fc03764718a37207604d67fe5b4220bb6524df1a3d783239e9f4766be76d34f04738c2659483c0f4eb9a65,gx-no-cache=1501776425706 HTTP/1.1" 200 30
186.79.153.12 - - [03/Aug/2017:13:06:25 -0300] "GET /cormun/servlet/trpermisosadjuntos?18798822,20170726110803,P, HTTP/1.1" 200 6990
186.103.158.250 - - [03/Aug/2017:13:06:30 -0300] "POST /cormun/servlet/solicitudot?gx-no-cache=1501776433602 HTTP/1.1" 200 30
186.103.158.250 - - [03/Aug/2017:13:07:19 -0300] "POST /cormun/servlet/solicitudot?gx-no-cache=1501776482634 HTTP/1.1" 200 30
186.79.153.12 - - [03/Aug/2017:13:07:19 -0300] "GET /cormun/PublicTempStorage/isabel_lobvosky7886663.bmp HTTP/1.1" 200 24023814
186.103.158.250 - - [03/Aug/2017:13:07:46 -0300] "POST /cormun/servlet/solicitudot?gx-no-cache=1501776509766 HTTP/1.1" 200 1492
186.103.158.250 - - [03/Aug/2017:13:07:46 -0300] "GET /cormun/static/Shared/jqueryui/images/ui-bg_highlight-soft_100_c6c2c8_1x100.png HTTP/1.1" 404 1117
186.103.158.250 - - [03/Aug/2017:13:07:46 -0300] "GET /cormun/static/Shared/jqueryui/images/ui-icons_ebccce_256x240.png HTTP/1.1" 404 1089
186.103.158.250 - - [03/Aug/2017:13:07:46 -0300] "GET /cormun/static/Shared/jqueryui/images/ui-icons_82798d_256x240.png HTTP/1.1" 404 1089
186.103.158.250 - - [03/Aug/2017:13:07:46 -0300] "GET /cormun/static/Shared/jqueryui/images/ui-bg_flat_55_994d53_40x100.png HTTP/1.1" 404 1097
186.103.158.250 - - [03/Aug/2017:13:08:00 -0300] "POST /cormun/servlet/solicitudot?gx-no-cache=1501776523630 HTTP/1.1" 200 1355
186.103.158.250 - - [03/Aug/2017:13:08:05 -0300] "GET /cormun/static/menuarrow.gif HTTP/1.1" 404 1015
40.77.167.128 - - [03/Aug/2017:13:08:21 -0300] "GET /cormun/servlet/licenciaspermisos?INS,0,,, HTTP/1.1" 200 6707
186.79.153.12 - - [03/Aug/2017:13:08:24 -0300] "GET /cormun/servlet/permisosadjuntos?INS,18798822,P,20170726110803,, HTTP/1.1" 200 5455
186.79.153.12 - - [03/Aug/2017:13:08:24 -0300] "GET /cormun/static/about:blank HTTP/1.1" 404 1011
186.79.153.12 - - [03/Aug/2017:13:08:25 -0300] "GET /cormun/servlet/permisosadjuntos?INS,18798822,P,20170726110803,, HTTP/1.1" 200 5443
186.103.159.46 - - [03/Aug/2017:13:08:29 -0300] "GET /cormun/servlet/trpermisosadjuntos?9638570,20170726110236,P, HTTP/1.1" 200 6112
186.103.158.250 - - [03/Aug/2017:13:08:30 -0300] "POST /cormun/servlet/solicitudot?gx-no-cache=1501776553908 HTTP/1.1" 200 41
186.103.159.46 - - [03/Aug/2017:13:08:31 -0300] "GET /cormun/servlet/trpermisosadjuntos?9638570,20170726110236,P, HTTP/1.1" 200 6112
186.103.159.46 - - [03/Aug/2017:13:08:31 -0300] "GET /cormun/servlet/trpermisosadjuntos?9638570,20170726110236,P, HTTP/1.1" 200 6112
186.103.159.46 - - [03/Aug/2017:13:08:32 -0300] "GET /cormun/servlet/trpermisosadjuntos?9638570,20170726110236,P, HTTP/1.1" 200 6112
186.79.153.12 - - [03/Aug/2017:13:08:40 -0300] "POST /cormun/servlet/permisosadjuntos?4d9eff7e05978642abdac0deddaa8a00,INS,18798822,P,20170726110803,, HTTP/1.1" 200 116
186.79.153.12 - - [03/Aug/2017:13:08:40 -0300] "GET /cormun/servlet/hpexe_return? HTTP/1.1" 200 1034
186.103.158.250 - - [03/Aug/2017:13:08:43 -0300] "GET /cormun/servlet/solicitudot?6a294270f68e939a875ca4e61044775dd635f56d9e106f2bdb9fc63faf564543c57178bf5cb71d5b41d80e4ad588ed8da4da4dfdca46bdf94086fe25643522a9c50cb798a740a818d035bbfdd03e74305e7bf1e16d325d5bdb7d9bb696db5293147b7898c5d664e1cd7478fcd3ee41bce0aa614b2a10920e819759cb7c88658114e30848b0de8aa8484a3262e80a73f2e795ea13675e1da70b8b2e68a17d1b33,gx-no-cache=1501776565184 HTTP/1.1" 200 29
186.103.158.250 - - [03/Aug/2017:13:08:43 -0300] "POST /cormun/servlet/solicitudot?gx-no-cache=1501776566637 HTTP/1.1" 200 1337
186.79.153.12 - - [03/Aug/2017:13:08:43 -0300] "GET /cormun/servlet/trpermisosadjuntos?18798822,20170726110803,P, HTTP/1.1" 200 7079
186.79.153.12 - - [03/Aug/2017:13:08:47 -0300] "GET /cormun/servlet/trpermisosadjuntos?18798822,20170726110803,P, HTTP/1.1" 200 7077
186.103.158.250 - - [03/Aug/2017:13:08:50 -0300] "POST /cormun/servlet/solicitudot?gx-no-cache=1501776574268 HTTP/1.1" 200 34
186.103.158.250 - - [03/Aug/2017:13:09:00 -0300] "POST /cormun/servlet/solicitudot?25152dbf8e26b42b75150f5f4d0de570,INS,0,0,,gx-no-cache=1501776582828 HTTP/1.1" 200 93
186.103.158.250 - - [03/Aug/2017:13:09:00 -0300] "GET /cormun/servlet/hpexe_return? HTTP/1.1" 200 1003
186.103.158.250 - - [03/Aug/2017:13:09:00 -0300] "GET /cormun/servlet/trsolicitudot HTTP/1.1" 200 9846
186.103.158.250 - - [03/Aug/2017:13:09:02 -0300] "GET /cormun/servlet/trsolicitudot HTTP/1.1" 200 9842
186.103.158.250 - - [03/Aug/2017:13:09:11 -0300] "POST /cormun/servlet/trsolicitudot?25152dbf8e26b42b75150f5f4d0de570,gx-no-cache=1501776594456 HTTP/1.1" 200 7027
186.103.158.250 - - [03/Aug/2017:13:09:12 -0300] "GET /cormun/static/Shared/jqueryui/images/ui-bg_highlight-soft_100_c6c2c8_1x100.png HTTP/1.1" 404 1117
186.103.158.250 - - [03/Aug/2017:13:09:12 -0300] "GET /cormun/static/Shared/jqueryui/images/ui-bg_flat_55_fafafa_40x100.png HTTP/1.1" 404 1097
186.103.158.250 - - [03/Aug/2017:13:09:12 -0300] "GET /cormun/static/Shared/jqueryui/images/ui-icons_8d78a5_256x240.png HTTP/1.1" 404 1089
186.103.158.250 - - [03/Aug/2017:13:09:12 -0300] "GET /cormun/static/Shared/jqueryui/images/ui-icons_82798d_256x240.png HTTP/1.1" 404 1089
186.103.158.250 - - [03/Aug/2017:13:09:12 -0300] "POST /cormun/servlet/trsolicitudot?25152dbf8e26b42b75150f5f4d0de570,gx-no-cache=1501776595604 HTTP/1.1" 200 6971
186.103.159.46 - - [03/Aug/2017:13:09:17 -0300] "GET /cormun/servlet/permisosadjuntos?INS,9638570,P,20170726110236,, HTTP/1.1" 200 5443
186.103.159.46 - - [03/Aug/2017:13:09:18 -0300] "GET /cormun/static/about:blank HTTP/1.1" 404 1011
186.103.159.46 - - [03/Aug/2017:13:09:18 -0300] "GET /cormun/servlet/permisosadjuntos?INS,9638570,P,20170726110236,, HTTP/1.1" 200 5433
186.103.158.250 - - [03/Aug/2017:13:09:20 -0300] "GET /cormun/servlet/trautorizarsolicitud? HTTP/1.1" 200 8249
186.103.158.250 - - [03/Aug/2017:13:09:21 -0300] "GET /cormun/servlet/trautorizarsolicitud? HTTP/1.1" 200 8249
186.103.158.250 - - [03/Aug/2017:13:09:26 -0300] "POST /cormun/servlet/trautorizarsolicitud?25152dbf8e26b42b75150f5f4d0de570,,gx-no-cache=1501776608759 HTTP/1.1" 200 4367
186.103.158.250 - - [03/Aug/2017:13:09:26 -0300] "GET /cormun/static/Shared/jqueryui/images/ui-icons_82798d_256x240.png HTTP/1.1" 404 1089
186.103.158.250 - - [03/Aug/2017:13:09:26 -0300] "GET /cormun/static/Shared/jqueryui/images/ui-bg_highlight-soft_100_c6c2c8_1x100.png HTTP/1.1" 404 1117
186.103.158.250 - - [03/Aug/2017:13:09:26 -0300] "GET /cormun/static/Shared/jqueryui/images/ui-bg_flat_55_fafafa_40x100.png HTTP/1.1" 404 1097
186.103.158.250 - - [03/Aug/2017:13:09:26 -0300] "GET /cormun/static/Shared/jqueryui/images/ui-icons_8d78a5_256x240.png HTTP/1.1" 404 1089
186.103.158.250 - - [03/Aug/2017:13:09:26 -0300] "POST /cormun/servlet/trautorizarsolicitud?25152dbf8e26b42b75150f5f4d0de570,,gx-no-cache=1501776610038 HTTP/1.1" 200 4105
186.103.158.250 - - [03/Aug/2017:13:09:30 -0300] "GET /cormun/servlet/trsolicitudot? HTTP/1.1" 200 9839
186.79.153.12 - - [03/Aug/2017:13:09:31 -0300] "GET /cormun/PublicTempStorage/isabel_lobvosky9667093.bmp HTTP/1.1" 200 24023814
186.103.158.250 - - [03/Aug/2017:13:09:31 -0300] "GET /cormun/servlet/trsolicitudot? HTTP/1.1" 200 9838
186.103.159.46 - - [03/Aug/2017:13:09:32 -0300] "POST /cormun/servlet/permisosadjuntos?302236d3537d9dea7a38475efdd79849,INS,9638570,P,20170726110236,, HTTP/1.1" 200 116
186.103.159.46 - - [03/Aug/2017:13:09:32 -0300] "GET /cormun/servlet/hpexe_return? HTTP/1.1" 200 1039
186.103.159.46 - - [03/Aug/2017:13:09:32 -0300] "GET /cormun/servlet/trpermisosadjuntos?9638570,20170726110236,P, HTTP/1.1" 200 6597
186.103.159.46 - - [03/Aug/2017:13:09:33 -0300] "GET /cormun/servlet/trpermisosadjuntos?9638570,20170726110236,P, HTTP/1.1" 200 6595
186.103.158.250 - - [03/Aug/2017:13:09:38 -0300] "GET /cormun/servlet/solicitudot?INS,0,0, HTTP/1.1" 200 12857
186.103.158.250 - - [03/Aug/2017:13:09:39 -0300] "GET /cormun/servlet/solicitudot?INS,0,0, HTTP/1.1" 200 12861
186.103.159.46 - - [03/Aug/2017:13:09:40 -0300] "POST /cormun/servlet/trpermisosadjuntos?302236d3537d9dea7a38475efdd79849,9638570,20170726110236,P,,gx-no-cache=1501776624287 HTTP/1.1" 200 90
186.103.159.46 - - [03/Aug/2017:13:09:41 -0300] "GET /cormun/servlet/hpexe_link HTTP/1.1" 200 1003
186.103.159.46 - - [03/Aug/2017:13:09:41 -0300] "GET /cormun/servlet/trpermisosgoce?gx-no-cache=1501776291578 HTTP/1.1" 200 10224
186.103.159.46 - - [03/Aug/2017:13:09:42 -0300] "GET /cormun/servlet/trpermisosgoce?gx-no-cache=1501776291578 HTTP/1.1" 200 10243
186.103.159.46 - - [03/Aug/2017:13:09:47 -0300] "GET /cormun/servlet/permisogoce?UPD,9638570,P,20170726110236, HTTP/1.1" 200 6721
186.103.159.46 - - [03/Aug/2017:13:09:48 -0300] "GET /cormun/servlet/permisogoce?UPD,9638570,P,20170726110236, HTTP/1.1" 200 6701
186.103.158.250 - - [03/Aug/2017:13:09:49 -0300] "POST /cormun/servlet/solicitudot?gx-no-cache=1501776632597 HTTP/1.1" 200 3226
186.103.159.46 - - [03/Aug/2017:13:09:49 -0300] "GET /cormun/servlet/permisogoce?d9d0cdb2bb6cc591d3de6d12b4032f440b9418186d6517b99156bb4efa0d67c24437a6e07ec8ad36f9e8a30b5459577e6c1e015e765ad6914197bfdd93f57fb8,gx-no-cache=1501776632756 HTTP/1.1" 200 86
186.103.158.250 - - [03/Aug/2017:13:09:49 -0300] "POST /cormun/servlet/solicitudot?25152dbf8e26b42b75150f5f4d0de570,INS,0,0,,gx-no-cache=1501776632908 HTTP/1.1" 200 10032
186.79.153.12 - - [03/Aug/2017:13:09:52 -0300] "GET /cormun/servlet/hlogin HTTP/1.1" 200 1719
186.103.158.250 - - [03/Aug/2017:13:09:54 -0300] "GET /cormun/servlet/solicitudot?6a294270f68e939a875ca4e61044775d594d441bab7e257c124da5dcb94a3d4dfc7cedcd2f35d2eed641340188d8bee6,gx-no-cache=1501776637524 HTTP/1.1" 200 30
186.103.158.250 - - [03/Aug/2017:13:09:54 -0300] "POST /cormun/servlet/solicitudot?gx-no-cache=1501776637624 HTTP/1.1" 200 240
186.103.158.250 - - [03/Aug/2017:13:09:54 -0300] "GET /cormun/servlet/solicitudot?6a294270f68e939a875ca4e61044775d65995fe761d6a59b2a393e47f4873ab576272e5a68366449222259ae55dda5bd4bd717bd4cb68c77bef22357d851c0815d21587d70af1e8f78e0145e7dae399a7d0b2884c6423ec4b98d39c4b89ee0ad25e282a1df8f35fc7d203879ee7214df0bd0c412ab0b5682c096b7068a571aeddda84e41c68aafb54a519e3ed838cb495b83501fedfe763ab67c7c398702c03420ce0c7afcd750080ad42374df058b6f41967ff9a3f94713a4a76cdac57b755685485cc38419f60efccb55b28a1bb06f8d905eb35ec0d317ccd19b303276ae277e1f3bc43a79b626b5cbc63c342e742ca951c814f9710e52a016d33dd8e1164b2e09083e70999741c477ac5e7cd9373126119ff167588002dc1264c0fce8c8f2f67b7b8f0724f5f19880d8678b437ea790cb8bcf60a5f90b5904f35d800afba68a22467b25f2c55caf3ba7c6718d0c4daf1bf02358fc03764718a37207604d67fe5b4220bb6524df1a3d783239e9f4766be76d34f04738c2659483c0f4eb9a65,gx-no-cache=1501776637762 HTTP/1.1" 200 30
186.103.159.46 - - [03/Aug/2017:13:09:58 -0300] "POST /cormun/servlet/permisogoce?302236d3537d9dea7a38475efdd79849,UPD,9638570,P,20170726110236,,gx-no-cache=1501776641935 HTTP/1.1" 200 90
186.103.158.250 - - [03/Aug/2017:13:09:58 -0300] "POST /cormun/servlet/solicitudot?gx-no-cache=1501776641971 HTTP/1.1" 200 30
186.103.159.46 - - [03/Aug/2017:13:09:58 -0300] "GET /cormun/servlet/hpexe_link HTTP/1.1" 200 1002
186.103.159.46 - - [03/Aug/2017:13:09:58 -0300] "GET /cormun/servlet/trpermisosgoce?gx-no-cache=1501776291578 HTTP/1.1" 200 10224
186.103.159.46 - - [03/Aug/2017:13:10:00 -0300] "GET /cormun/servlet/trpermisosgoce?gx-no-cache=1501776291578 HTTP/1.1" 200 10243
186.103.159.46 - - [03/Aug/2017:13:10:07 -0300] "POST /cormun/servlet/trpermisosgoce?302236d3537d9dea7a38475efdd79849,gx-no-cache=1501776291578,gx-no-cache=1501776650895 HTTP/1.1" 200 7360
186.103.159.46 - - [03/Aug/2017:13:10:08 -0300] "GET /cormun/static/Shared/jqueryui/images/ui-bg_highlight-soft_100_c6c2c8_1x100.png HTTP/1.1" 404 1117
186.103.159.46 - - [03/Aug/2017:13:10:08 -0300] "GET /cormun/static/Shared/jqueryui/images/ui-icons_82798d_256x240.png HTTP/1.1" 404 1089
186.103.159.46 - - [03/Aug/2017:13:10:08 -0300] "GET /cormun/static/Shared/jqueryui/images/ui-icons_8d78a5_256x240.png HTTP/1.1" 404 1089
186.103.159.46 - - [03/Aug/2017:13:10:08 -0300] "GET /cormun/static/Shared/jqueryui/images/ui-bg_flat_55_fafafa_40x100.png HTTP/1.1" 404 1097
186.103.158.250 - - [03/Aug/2017:13:10:10 -0300] "POST /cormun/servlet/solicitudot?gx-no-cache=1501776653357 HTTP/1.1" 200 1357
186.103.158.250 - - [03/Aug/2017:13:10:12 -0300] "GET /cormun/static/menuarrow.gif HTTP/1.1" 404 1015
186.103.158.250 - - [03/Aug/2017:13:10:18 -0300] "POST /cormun/servlet/solicitudot?gx-no-cache=1501776662201 HTTP/1.1" 200 41
186.103.158.250 - - [03/Aug/2017:13:10:27 -0300] "GET /cormun/servlet/solicitudot?6a294270f68e939a875ca4e61044775dd635f56d9e106f2bdb9fc63faf564543c57178bf5cb71d5b41d80e4ad588ed8da4da4dfdca46bdf94086fe25643522a9c50cb798a740a818d035bbfdd03e74305e7bf1e16d325d5bdb7d9bb696db5293147b7898c5d664e1cd7478fcd3ee41bce0aa614b2a10920e819759cb7c88658114e30848b0de8aa8484a3262e80a73f2e795ea13675e1da70b8b2e68a17d1b33,gx-no-cache=1501776670724 HTTP/1.1" 200 29
186.103.158.250 - - [03/Aug/2017:13:10:27 -0300] "POST /cormun/servlet/solicitudot?gx-no-cache=1501776670825 HTTP/1.1" 200 1335
186.103.158.250 - - [03/Aug/2017:13:10:29 -0300] "POST /cormun/servlet/solicitudot?gx-no-cache=1501776672451 HTTP/1.1" 200 1335
186.103.158.250 - - [03/Aug/2017:13:10:32 -0300] "POST /cormun/servlet/solicitudot?gx-no-cache=1501776676100 HTTP/1.1" 200 34
186.103.158.250 - - [03/Aug/2017:13:10:38 -0300] "POST /cormun/servlet/solicitudot?25152dbf8e26b42b75150f5f4d0de570,INS,0,0,,gx-no-cache=1501776681807 HTTP/1.1" 200 93
186.103.158.250 - - [03/Aug/2017:13:10:38 -0300] "GET /cormun/servlet/hpexe_return? HTTP/1.1" 200 1003
186.103.158.250 - - [03/Aug/2017:13:10:39 -0300] "GET /cormun/servlet/trsolicitudot HTTP/1.1" 200 10107
186.103.158.250 - - [03/Aug/2017:13:10:40 -0300] "GET /cormun/servlet/trsolicitudot HTTP/1.1" 200 10103
186.103.158.250 - - [03/Aug/2017:13:10:46 -0300] "POST /cormun/servlet/trsolicitudot?25152dbf8e26b42b75150f5f4d0de570,gx-no-cache=1501776689569 HTTP/1.1" 200 7291
186.103.158.250 - - [03/Aug/2017:13:10:46 -0300] "GET /cormun/static/Shared/jqueryui/images/ui-bg_highlight-soft_100_c6c2c8_1x100.png HTTP/1.1" 404 1117
186.103.158.250 - - [03/Aug/2017:13:10:46 -0300] "GET /cormun/static/Shared/jqueryui/images/ui-icons_82798d_256x240.png HTTP/1.1" 404 1089
186.103.158.250 - - [03/Aug/2017:13:10:46 -0300] "GET /cormun/static/Shared/jqueryui/images/ui-bg_flat_55_fafafa_40x100.png HTTP/1.1" 404 1097
186.103.158.250 - - [03/Aug/2017:13:10:46 -0300] "GET /cormun/static/Shared/jqueryui/images/ui-icons_8d78a5_256x240.png HTTP/1.1" 404 1089
186.103.158.250 - - [03/Aug/2017:13:10:47 -0300] "POST /cormun/servlet/trsolicitudot?25152dbf8e26b42b75150f5f4d0de570,gx-no-cache=1501776690256 HTTP/1.1" 200 7234
186.103.158.250 - - [03/Aug/2017:13:10:47 -0300] "POST /cormun/servlet/trsolicitudot?25152dbf8e26b42b75150f5f4d0de570,gx-no-cache=1501776690893 HTTP/1.1" 200 7234
186.103.158.250 - - [03/Aug/2017:13:10:52 -0300] "GET /cormun/servlet/trautorizarsolicitud? HTTP/1.1" 200 8250
186.103.158.250 - - [03/Aug/2017:13:10:53 -0300] "GET /cormun/servlet/trautorizarsolicitud? HTTP/1.1" 200 8249
186.103.158.250 - - [03/Aug/2017:13:10:56 -0300] "POST /cormun/servlet/trautorizarsolicitud?25152dbf8e26b42b75150f5f4d0de570,,gx-no-cache=1501776699356 HTTP/1.1" 200 4364
186.103.158.250 - - [03/Aug/2017:13:10:56 -0300] "GET /cormun/static/Shared/jqueryui/images/ui-bg_highlight-soft_100_c6c2c8_1x100.png HTTP/1.1" 404 1117
186.103.158.250 - - [03/Aug/2017:13:10:56 -0300] "GET /cormun/static/Shared/jqueryui/images/ui-bg_flat_55_fafafa_40x100.png HTTP/1.1" 404 1097
186.103.158.250 - - [03/Aug/2017:13:10:56 -0300] "GET /cormun/static/Shared/jqueryui/images/ui-icons_8d78a5_256x240.png HTTP/1.1" 404 1089
186.103.158.250 - - [03/Aug/2017:13:10:57 -0300] "POST /cormun/servlet/trautorizarsolicitud?25152dbf8e26b42b75150f5f4d0de570,,gx-no-cache=1501776700263 HTTP/1.1" 200 4105
186.103.159.46 - - [03/Aug/2017:13:10:57 -0300] "GET /cormun/servlet/trlicencias? HTTP/1.1" 200 11012
186.103.158.250 - - [03/Aug/2017:13:10:59 -0300] "GET /cormun/static/Shared/jqueryui/images/ui-icons_82798d_256x240.png HTTP/1.1" 404 1089
186.103.159.46 - - [03/Aug/2017:13:11:00 -0300] "GET /cormun/servlet/trlicencias? HTTP/1.1" 200 10992
186.103.158.250 - - [03/Aug/2017:13:11:08 -0300] "GET /cormun/servlet/trsolicitudot? HTTP/1.1" 200 10098
186.103.158.250 - - [03/Aug/2017:13:11:09 -0300] "GET /cormun/servlet/trsolicitudot? HTTP/1.1" 200 10098
186.79.153.12 - - [03/Aug/2017:13:11:13 -0300] "POST /cormun/servlet/hlogin?4d9eff7e05978642abdac0deddaa8a00,gx-no-cache=1501776722590 HTTP/1.1" 200 90
186.79.153.12 - - [03/Aug/2017:13:11:13 -0300] "GET /cormun/servlet/hpexe_link HTTP/1.1" 200 948
186.79.153.12 - - [03/Aug/2017:13:11:13 -0300] "GET /cormun/servlet/hhome HTTP/1.1" 200 3985
186.79.153.12 - - [03/Aug/2017:13:11:15 -0300] "GET /cormun/servlet/hhome HTTP/1.1" 200 3982
186.79.153.12 - - [03/Aug/2017:13:11:28 -0300] "GET /cormun/servlet/trautorizarpermisogoce? HTTP/1.1" 200 6805
186.79.153.12 - - [03/Aug/2017:13:11:29 -0300] "GET /cormun/servlet/trautorizarpermisogoce? HTTP/1.1" 200 6804
186.103.159.46 - - [03/Aug/2017:13:11:45 -0300] "GET /cormun/servlet/trpermisosgoce? HTTP/1.1" 200 10185
186.103.159.46 - - [03/Aug/2017:13:11:47 -0300] "GET /cormun/servlet/trpermisosgoce? HTTP/1.1" 200 10186
186.79.153.12 - - [03/Aug/2017:13:11:48 -0300] "GET /cormun/servlet/trpermisosgoce? HTTP/1.1" 200 9302
186.79.153.12 - - [03/Aug/2017:13:11:50 -0300] "GET /cormun/servlet/trpermisosgoce? HTTP/1.1" 200 9302
186.79.153.12 - - [03/Aug/2017:13:11:58 -0300] "GET /cormun/servlet/trpermisosadjuntos?18798822,20170726110803,P, HTTP/1.1" 200 7255
186.79.153.12 - - [03/Aug/2017:13:12:00 -0300] "GET /cormun/servlet/trpermisosadjuntos?18798822,20170726110803,P, HTTP/1.1" 200 7253
186.79.153.12 - - [03/Aug/2017:13:12:04 -0300] "GET /cormun/servlet/permisosadjuntos?INS,18798822,P,20170726110803,, HTTP/1.1" 200 5630
186.79.153.12 - - [03/Aug/2017:13:12:04 -0300] "GET /cormun/servlet/trpermisosadjuntos?18798822,20170726110803,P, HTTP/1.1" 200 7194
186.79.153.12 - - [03/Aug/2017:13:12:05 -0300] "GET /cormun/static/about:blank HTTP/1.1" 404 1011
186.79.153.12 - - [03/Aug/2017:13:12:05 -0300] "GET /cormun/servlet/permisosadjuntos?INS,18798822,P,20170726110803,, HTTP/1.1" 200 5619
186.79.153.12 - - [03/Aug/2017:13:12:19 -0300] "POST /cormun/servlet/permisosadjuntos?4d9eff7e05978642abdac0deddaa8a00,INS,18798822,P,20170726110803,, HTTP/1.1" 200 116
186.79.153.12 - - [03/Aug/2017:13:12:20 -0300] "GET /cormun/servlet/hpexe_return? HTTP/1.1" 200 1034
186.79.153.12 - - [03/Aug/2017:13:12:23 -0300] "GET /cormun/servlet/trpermisosadjuntos?18798822,20170726110803,P, HTTP/1.1" 200 7339
186.79.153.12 - - [03/Aug/2017:13:12:27 -0300] "GET /cormun/servlet/trpermisosadjuntos?18798822,20170726110803,P, HTTP/1.1" 200 7341
186.79.153.12 - - [03/Aug/2017:13:12:33 -0300] "POST /cormun/servlet/trpermisosadjuntos?4d9eff7e05978642abdac0deddaa8a00,18798822,20170726110803,P,,gx-no-cache=1501776802603 HTTP/1.1" 200 90
186.79.153.12 - - [03/Aug/2017:13:12:33 -0300] "GET /cormun/servlet/hpexe_link HTTP/1.1" 200 979
186.79.153.12 - - [03/Aug/2017:13:12:34 -0300] "GET /cormun/servlet/trpermisosgoce HTTP/1.1" 200 9303
186.79.153.12 - - [03/Aug/2017:13:12:35 -0300] "GET /cormun/servlet/trpermisosgoce HTTP/1.1" 200 9302
186.79.153.12 - - [03/Aug/2017:13:12:38 -0300] "POST /cormun/servlet/trpermisosgoce?4d9eff7e05978642abdac0deddaa8a00,gx-no-cache=1501776807417 HTTP/1.1" 200 6520
186.79.153.12 - - [03/Aug/2017:13:12:38 -0300] "GET /cormun/static/Shared/jqueryui/images/ui-bg_highlight-soft_100_c6c2c8_1x100.png HTTP/1.1" 404 1117
186.79.153.12 - - [03/Aug/2017:13:12:38 -0300] "GET /cormun/static/Shared/jqueryui/images/ui-icons_82798d_256x240.png HTTP/1.1" 404 1089
186.79.153.12 - - [03/Aug/2017:13:12:38 -0300] "GET /cormun/static/Shared/jqueryui/images/ui-bg_flat_55_fafafa_40x100.png HTTP/1.1" 404 1097
186.79.153.12 - - [03/Aug/2017:13:12:38 -0300] "GET /cormun/static/Shared/jqueryui/images/ui-icons_8d78a5_256x240.png HTTP/1.1" 404 1089
186.79.153.12 - - [03/Aug/2017:13:12:48 -0300] "POST /cormun/servlet/trpermisosgoce?4d9eff7e05978642abdac0deddaa8a00,gx-no-cache=1501776816872 HTTP/1.1" 200 6520
186.79.153.12 - - [03/Aug/2017:13:12:50 -0300] "POST /cormun/servlet/trpermisosgoce?4d9eff7e05978642abdac0deddaa8a00,gx-no-cache=1501776819890 HTTP/1.1" 200 6521
186.79.153.12 - - [03/Aug/2017:13:12:55 -0300] "POST /cormun/servlet/trpermisosgoce?4d9eff7e05978642abdac0deddaa8a00,gx-no-cache=1501776824263 HTTP/1.1" 200 6520
186.79.153.12 - - [03/Aug/2017:13:13:00 -0300] "GET /cormun/servlet/trpermisosadjuntos?11364882,20170727095209,P, HTTP/1.1" 200 6797
186.79.153.12 - - [03/Aug/2017:13:13:01 -0300] "GET /cormun/servlet/trpermisosadjuntos?11364882,20170727095209,P, HTTP/1.1" 200 6798
192.168.10.62 - - [03/Aug/2017:13:13:05 -0300] "GET /cormun/servlet/hlogin HTTP/1.1" 200 1745
186.79.153.12 - - [03/Aug/2017:13:13:25 -0300] "POST /cormun/servlet/trpermisosadjuntos?4d9eff7e05978642abdac0deddaa8a00,11364882,20170727095209,P,,gx-no-cache=1501776854924 HTTP/1.1" 200 90
186.79.153.12 - - [03/Aug/2017:13:13:25 -0300] "GET /cormun/servlet/hpexe_link HTTP/1.1" 200 999
186.79.153.12 - - [03/Aug/2017:13:13:26 -0300] "GET /cormun/servlet/trpermisosgoce?gx-no-cache=1501776824263 HTTP/1.1" 200 9275
186.79.153.12 - - [03/Aug/2017:13:13:27 -0300] "GET /cormun/servlet/trpermisosgoce?gx-no-cache=1501776824263 HTTP/1.1" 200 9294
186.79.153.12 - - [03/Aug/2017:13:13:33 -0300] "POST /cormun/servlet/trpermisosgoce?4d9eff7e05978642abdac0deddaa8a00,gx-no-cache=1501776824263,gx-no-cache=1501776862250 HTTP/1.1" 200 6520
186.79.153.12 - - [03/Aug/2017:13:13:33 -0300] "GET /cormun/static/Shared/jqueryui/images/ui-bg_highlight-soft_100_c6c2c8_1x100.png HTTP/1.1" 404 1117
186.79.153.12 - - [03/Aug/2017:13:13:33 -0300] "GET /cormun/static/Shared/jqueryui/images/ui-icons_82798d_256x240.png HTTP/1.1" 404 1089
186.79.153.12 - - [03/Aug/2017:13:13:33 -0300] "GET /cormun/static/Shared/jqueryui/images/ui-bg_flat_55_fafafa_40x100.png HTTP/1.1" 404 1097
186.79.153.12 - - [03/Aug/2017:13:13:33 -0300] "GET /cormun/static/Shared/jqueryui/images/ui-icons_8d78a5_256x240.png HTTP/1.1" 404 1089
186.79.153.12 - - [03/Aug/2017:13:13:40 -0300] "POST /cormun/servlet/trpermisosgoce?4d9eff7e05978642abdac0deddaa8a00,gx-no-cache=1501776824263,gx-no-cache=1501776869665 HTTP/1.1" 200 6520
186.79.153.12 - - [03/Aug/2017:13:13:46 -0300] "POST /cormun/servlet/trpermisosgoce?4d9eff7e05978642abdac0deddaa8a00,gx-no-cache=1501776824263,gx-no-cache=1501776875102 HTTP/1.1" 200 6520
186.79.153.12 - - [03/Aug/2017:13:13:51 -0300] "POST /cormun/servlet/trpermisosgoce?4d9eff7e05978642abdac0deddaa8a00,gx-no-cache=1501776824263,gx-no-cache=1501776880232 HTTP/1.1" 200 6520
186.79.153.12 - - [03/Aug/2017:13:13:54 -0300] "POST /cormun/servlet/trpermisosgoce?4d9eff7e05978642abdac0deddaa8a00,gx-no-cache=1501776824263,gx-no-cache=1501776882968 HTTP/1.1" 200 6520
186.79.153.12 - - [03/Aug/2017:13:13:56 -0300] "POST /cormun/servlet/trpermisosgoce?4d9eff7e05978642abdac0deddaa8a00,gx-no-cache=1501776824263,gx-no-cache=1501776885594 HTTP/1.1" 200 6520
186.79.153.12 - - [03/Aug/2017:13:13:59 -0300] "POST /cormun/servlet/trpermisosgoce?4d9eff7e05978642abdac0deddaa8a00,gx-no-cache=1501776824263,gx-no-cache=1501776888633 HTTP/1.1" 200 6520
186.79.153.12 - - [03/Aug/2017:13:14:02 -0300] "POST /cormun/servlet/trpermisosgoce?4d9eff7e05978642abdac0deddaa8a00,gx-no-cache=1501776824263,gx-no-cache=1501776891396 HTTP/1.1" 200 6520
186.79.153.12 - - [03/Aug/2017:13:14:05 -0300] "POST /cormun/servlet/trpermisosgoce?4d9eff7e05978642abdac0deddaa8a00,gx-no-cache=1501776824263,gx-no-cache=1501776894080 HTTP/1.1" 200 6520
186.79.153.12 - - [03/Aug/2017:13:14:07 -0300] "GET /cormun/servlet/trpermisosadjuntos?17134446,20170704182508,P, HTTP/1.1" 200 6799
186.79.153.12 - - [03/Aug/2017:13:14:09 -0300] "GET /cormun/servlet/trpermisosadjuntos?17134446,20170704182508,P, HTTP/1.1" 200 6779
186.79.153.12 - - [03/Aug/2017:13:14:14 -0300] "POST /cormun/servlet/trpermisosadjuntos?4d9eff7e05978642abdac0deddaa8a00,17134446,20170704182508,P,,gx-no-cache=1501776903292 HTTP/1.1" 200 90
186.79.153.12 - - [03/Aug/2017:13:14:14 -0300] "GET /cormun/servlet/hpexe_link HTTP/1.1" 200 1001
186.79.153.12 - - [03/Aug/2017:13:14:14 -0300] "GET /cormun/servlet/trpermisosgoce?gx-no-cache=1501776824263 HTTP/1.1" 200 9275
186.79.153.12 - - [03/Aug/2017:13:14:15 -0300] "GET /cormun/servlet/trpermisosgoce?gx-no-cache=1501776824263 HTTP/1.1" 200 9294
186.79.153.12 - - [03/Aug/2017:13:14:20 -0300] "GET /cormun/servlet/trpermisosadjuntos?13225459,20170704181051,P, HTTP/1.1" 200 6801
186.79.153.12 - - [03/Aug/2017:13:14:21 -0300] "GET /cormun/servlet/trpermisosadjuntos?13225459,20170704181051,P, HTTP/1.1" 200 6781
186.79.153.12 - - [03/Aug/2017:13:14:25 -0300] "POST /cormun/servlet/trpermisosadjuntos?4d9eff7e05978642abdac0deddaa8a00,13225459,20170704181051,P,,gx-no-cache=1501776914491 HTTP/1.1" 200 90
186.79.153.12 - - [03/Aug/2017:13:14:25 -0300] "GET /cormun/servlet/hpexe_link HTTP/1.1" 200 1000
186.79.153.12 - - [03/Aug/2017:13:14:25 -0300] "GET /cormun/servlet/trpermisosgoce?gx-no-cache=1501776824263 HTTP/1.1" 200 9275
186.79.153.12 - - [03/Aug/2017:13:14:26 -0300] "GET /cormun/servlet/trpermisosgoce?gx-no-cache=1501776824263 HTTP/1.1" 200 9294
186.79.153.12 - - [03/Aug/2017:13:14:33 -0300] "GET /cormun/servlet/trpermisosadjuntos?13302577,20170802092739,P, HTTP/1.1" 200 6792
186.79.153.12 - - [03/Aug/2017:13:14:34 -0300] "GET /cormun/servlet/trpermisosadjuntos?13302577,20170802092739,P, HTTP/1.1" 200 6773
186.79.153.12 - - [03/Aug/2017:13:14:37 -0300] "POST /cormun/servlet/trpermisosadjuntos?4d9eff7e05978642abdac0deddaa8a00,13302577,20170802092739,P,,gx-no-cache=1501776926766 HTTP/1.1" 200 90
186.79.153.12 - - [03/Aug/2017:13:14:37 -0300] "GET /cormun/servlet/hpexe_link HTTP/1.1" 200 1001
186.79.153.12 - - [03/Aug/2017:13:14:38 -0300] "GET /cormun/servlet/trpermisosgoce?gx-no-cache=1501776824263 HTTP/1.1" 200 9275
186.79.153.12 - - [03/Aug/2017:13:14:39 -0300] "GET /cormun/servlet/trpermisosgoce?gx-no-cache=1501776824263 HTTP/1.1" 200 9294
186.79.153.12 - - [03/Aug/2017:13:14:42 -0300] "GET /cormun/servlet/trpermisosadjuntos?11364882,20170727095209,P, HTTP/1.1" 200 6819
186.79.153.12 - - [03/Aug/2017:13:14:43 -0300] "GET /cormun/servlet/trpermisosadjuntos?11364882,20170727095209,P, HTTP/1.1" 200 6798
186.79.153.12 - - [03/Aug/2017:13:14:46 -0300] "POST /cormun/servlet/trpermisosadjuntos?4d9eff7e05978642abdac0deddaa8a00,11364882,20170727095209,P,,gx-no-cache=1501776935869 HTTP/1.1" 200 90
186.79.153.12 - - [03/Aug/2017:13:14:46 -0300] "GET /cormun/servlet/hpexe_link HTTP/1.1" 200 999
186.79.153.12 - - [03/Aug/2017:13:14:47 -0300] "GET /cormun/servlet/trpermisosgoce?gx-no-cache=1501776824263 HTTP/1.1" 200 9275
186.79.153.12 - - [03/Aug/2017:13:14:48 -0300] "GET /cormun/servlet/trpermisosgoce?gx-no-cache=1501776824263 HTTP/1.1" 200 9294
186.79.153.12 - - [03/Aug/2017:13:14:53 -0300] "GET /cormun/servlet/trpermisosadjuntos?18798822,20170726110803,P, HTTP/1.1" 200 7355
186.79.153.12 - - [03/Aug/2017:13:14:57 -0300] "GET /cormun/servlet/trpermisosadjuntos?18798822,20170726110803,P, HTTP/1.1" 200 7347
186.79.153.12 - - [03/Aug/2017:13:14:57 -0300] "GET /cormun/servlet/permisosadjuntos?INS,18798822,P,20170726110803,, HTTP/1.1" 200 5630
186.79.153.12 - - [03/Aug/2017:13:14:58 -0300] "GET /cormun/static/about:blank HTTP/1.1" 404 1011
186.79.153.12 - - [03/Aug/2017:13:14:59 -0300] "GET /cormun/servlet/permisosadjuntos?INS,18798822,P,20170726110803,, HTTP/1.1" 200 5620
186.79.153.12 - - [03/Aug/2017:13:15:44 -0300] "POST /cormun/servlet/permisosadjuntos?4d9eff7e05978642abdac0deddaa8a00,INS,18798822,P,20170726110803,, HTTP/1.1" 200 116
186.79.153.12 - - [03/Aug/2017:13:15:44 -0300] "GET /cormun/servlet/hpexe_return? HTTP/1.1" 200 1034
186.79.153.12 - - [03/Aug/2017:13:15:47 -0300] "GET /cormun/servlet/trpermisosadjuntos?18798822,20170726110803,P, HTTP/1.1" 200 7408
186.79.153.12 - - [03/Aug/2017:13:15:50 -0300] "GET /cormun/servlet/trpermisosadjuntos?18798822,20170726110803,P, HTTP/1.1" 200 7414
186.103.159.46 - - [03/Aug/2017:13:15:52 -0300] "GET /cormun/servlet/trpermisosgoce? HTTP/1.1" 200 10186
186.103.159.46 - - [03/Aug/2017:13:15:54 -0300] "GET /cormun/servlet/trpermisosgoce? HTTP/1.1" 200 10186
186.103.159.46 - - [03/Aug/2017:13:15:56 -0300] "GET /cormun/servlet/permisogoce?INS,0,,, HTTP/1.1" 200 6629
186.79.153.12 - - [03/Aug/2017:13:15:57 -0300] "POST /cormun/servlet/trpermisosadjuntos?4d9eff7e05978642abdac0deddaa8a00,18798822,20170726110803,P,,gx-no-cache=1501777005313 HTTP/1.1" 200 90
186.79.153.12 - - [03/Aug/2017:13:15:57 -0300] "GET /cormun/servlet/hpexe_link HTTP/1.1" 200 1000
186.79.153.12 - - [03/Aug/2017:13:15:57 -0300] "GET /cormun/servlet/trpermisosgoce?gx-no-cache=1501776824263 HTTP/1.1" 200 9275
186.103.159.46 - - [03/Aug/2017:13:15:58 -0300] "GET /cormun/servlet/permisogoce?INS,0,,, HTTP/1.1" 200 6629
186.79.153.12 - - [03/Aug/2017:13:15:58 -0300] "GET /cormun/servlet/trpermisosgoce?gx-no-cache=1501776824263 HTTP/1.1" 200 9294
186.79.153.12 - - [03/Aug/2017:13:16:10 -0300] "GET /cormun/servlet/trautorizarpermisogoce? HTTP/1.1" 200 7681
186.79.153.12 - - [03/Aug/2017:13:16:11 -0300] "GET /cormun/servlet/trautorizarpermisogoce? HTTP/1.1" 200 7658
186.79.153.12 - - [03/Aug/2017:13:16:20 -0300] "POST /cormun/servlet/trautorizarpermisogoce?4d9eff7e05978642abdac0deddaa8a00,,gx-no-cache=1501777029243 HTTP/1.1" 200 4209
186.79.153.12 - - [03/Aug/2017:13:16:20 -0300] "GET /cormun/static/Shared/jqueryui/images/ui-bg_highlight-soft_100_c6c2c8_1x100.png HTTP/1.1" 404 1117
186.79.153.12 - - [03/Aug/2017:13:16:20 -0300] "GET /cormun/static/Shared/jqueryui/images/ui-bg_flat_55_fafafa_40x100.png HTTP/1.1" 404 1097
186.79.153.12 - - [03/Aug/2017:13:16:20 -0300] "GET /cormun/static/Shared/jqueryui/images/ui-icons_8d78a5_256x240.png HTTP/1.1" 404 1089
186.79.153.12 - - [03/Aug/2017:13:16:20 -0300] "GET /cormun/static/Shared/jqueryui/images/ui-icons_82798d_256x240.png HTTP/1.1" 404 1089
186.103.159.46 - - [03/Aug/2017:13:16:31 -0300] "GET /cormun/servlet/permisogoce?d9d0cdb2bb6cc591d3de6d12b4032f44b78cfc86afc94e1208c9e0caa6234a82158a4051195ee06e7091023c5f824849588e425782c364c5dd5fbea83d03a536,gx-no-cache=1501777034333 HTTP/1.1" 200 82
186.103.159.46 - - [03/Aug/2017:13:16:31 -0300] "GET /cormun/static/menuarrow.gif HTTP/1.1" 404 1015
186.103.159.46 - - [03/Aug/2017:13:29:40 -0300] "GET /cormun/servlet/permisogoce?d9d0cdb2bb6cc591d3de6d12b4032f448c95ae16da4e414495df37d919c8d49ad2b559ef4fdcede102b85921faa4f4ff22c03889412d3977e509cb037db80338,gx-no-cache=1501777821681 HTTP/1.1" 200 48
186.103.159.46 - - [03/Aug/2017:13:29:47 -0300] "POST /cormun/servlet/permisogoce?302236d3537d9dea7a38475efdd79849,INS,0,,,,gx-no-cache=1501777830406 HTTP/1.1" 200 93
186.103.159.46 - - [03/Aug/2017:13:29:48 -0300] "GET /cormun/servlet/hpexe_return? HTTP/1.1" 200 1011
186.103.159.46 - - [03/Aug/2017:13:29:48 -0300] "GET /cormun/servlet/trpermisosgoce HTTP/1.1" 200 10490
186.103.159.46 - - [03/Aug/2017:13:29:50 -0300] "GET /cormun/servlet/trpermisosgoce HTTP/1.1" 200 10485
186.103.159.46 - - [03/Aug/2017:13:29:55 -0300] "GET /cormun/servlet/apermisogoceprn?17458217,P,20170803131534,PU HTTP/1.1" 200 1653
186.103.159.46 - - [03/Aug/2017:13:31:21 -0300] "GET /cormun/servlet/permisogoce?INS,0,,, HTTP/1.1" 200 6628
186.103.159.46 - - [03/Aug/2017:13:31:23 -0300] "GET /cormun/servlet/permisogoce?INS,0,,, HTTP/1.1" 200 6628
192.168.10.96 - - [03/Aug/2017:13:31:28 -0300] "GET /cormun/servlet/trsolicitudgral? HTTP/1.1" 500 10
192.168.10.96 - - [03/Aug/2017:13:31:33 -0300] "GET /cormun/servlet/hlogin HTTP/1.1" 200 1719
192.168.10.96 - - [03/Aug/2017:13:31:40 -0300] "POST /cormun/servlet/hlogin?b3a8088781139ba11fdddc14cb11edd2,gx-no-cache=1501777878437 HTTP/1.1" 200 90
192.168.10.96 - - [03/Aug/2017:13:31:40 -0300] "GET /cormun/servlet/hpexe_link HTTP/1.1" 200 952
192.168.10.96 - - [03/Aug/2017:13:31:40 -0300] "GET /cormun/servlet/hhome HTTP/1.1" 200 4448
192.168.10.96 - - [03/Aug/2017:13:31:41 -0300] "GET /cormun/servlet/hhome HTTP/1.1" 200 4445
192.168.10.96 - - [03/Aug/2017:13:31:57 -0300] "GET /cormun/servlet/trsolicitudgral? HTTP/1.1" 200 26709
192.168.10.96 - - [03/Aug/2017:13:31:58 -0300] "GET /cormun/servlet/trsolicitudgral? HTTP/1.1" 200 26706
192.168.10.96 - - [03/Aug/2017:13:32:03 -0300] "POST /cormun/servlet/trsolicitudgral?b3a8088781139ba11fdddc14cb11edd2,,gx-no-cache=1501777900623 HTTP/1.1" 200 7588
192.168.10.96 - - [03/Aug/2017:13:32:10 -0300] "POST /cormun/servlet/trsolicitudgral?b3a8088781139ba11fdddc14cb11edd2,,gx-no-cache=1501777907839 HTTP/1.1" 200 5761
192.168.10.96 - - [03/Aug/2017:13:32:13 -0300] "POST /cormun/servlet/trsolicitudgral?b3a8088781139ba11fdddc14cb11edd2,,gx-no-cache=1501777910767 HTTP/1.1" 200 8323
192.168.10.96 - - [03/Aug/2017:13:32:17 -0300] "POST /cormun/servlet/trsolicitudgral?b3a8088781139ba11fdddc14cb11edd2,,gx-no-cache=1501777914647 HTTP/1.1" 200 5757
192.168.10.96 - - [03/Aug/2017:13:32:19 -0300] "POST /cormun/servlet/trsolicitudgral?b3a8088781139ba11fdddc14cb11edd2,,gx-no-cache=1501777916911 HTTP/1.1" 200 5758
192.168.10.96 - - [03/Aug/2017:13:33:30 -0300] "GET /cormun/servlet/trsolicitudgral? HTTP/1.1" 200 8973
192.168.10.96 - - [03/Aug/2017:13:33:30 -0300] "GET /cormun/servlet/trsolicitudgral? HTTP/1.1" 200 8973
186.103.159.46 - - [03/Aug/2017:13:34:25 -0300] "GET /cormun/servlet/permisogoce?d9d0cdb2bb6cc591d3de6d12b4032f44f8fa982087754a9a80bc941e110a155d223e86ff6f41acb6da33cedeb75810ca,gx-no-cache=1501778108556 HTTP/1.1" 200 226
186.103.159.46 - - [03/Aug/2017:13:34:25 -0300] "GET /cormun/static/Shared/jqueryui/images/ui-bg_flat_55_994d53_40x100.png HTTP/1.1" 404 1097
186.103.159.46 - - [03/Aug/2017:13:34:25 -0300] "GET /cormun/static/Shared/jqueryui/images/ui-icons_ebccce_256x240.png HTTP/1.1" 404 1089
200.111.191.210 - - [03/Aug/2017:13:34:28 -0300] "GET /cormun/servlet/trlicencias? HTTP/1.1" 200 6092
200.111.191.210 - - [03/Aug/2017:13:34:28 -0300] "GET /cormun/servlet/trlicencias? HTTP/1.1" 200 6082
200.111.191.210 - - [03/Aug/2017:13:34:28 -0300] "GET /cormun/servlet/hlogin HTTP/1.1" 200 1737
200.111.191.210 - - [03/Aug/2017:13:34:34 -0300] "POST /cormun/servlet/hlogin?3be8904284f135dc38809ae9438e63f6,gx-no-cache=1501778118065 HTTP/1.1" 200 90
200.111.191.210 - - [03/Aug/2017:13:34:34 -0300] "GET /cormun/servlet/hpexe_link HTTP/1.1" 200 952
