186.79.153.12 - - [03/Aug/2017:12:46:36 -0300] "GET /cormun/servlet/licenciaspermisos?INS,0,,, HTTP/1.1" 200 7343
186.79.153.12 - - [03/Aug/2017:12:46:51 -0300] "GET /cormun/servlet/licenciaspermisos?46a4d155db7e2858e07ae235b1f95bcb524bc26e7b3a2f202c04c28ca122288513b9f999a83c0a1dddf86d751e6caece,gx-no-cache=1501775261028 HTTP/1.1" 200 100
186.79.153.12 - - [03/Aug/2017:12:46:52 -0300] "POST /cormun/servlet/licenciaspermisos?4d9eff7e05978642abdac0deddaa8a00,INS,0,,,,gx-no-cache=1501775261309 HTTP/1.1" 200 4527
186.79.153.12 - - [03/Aug/2017:12:47:41 -0300] "GET /cormun/static/menuarrow.gif HTTP/1.1" 404 1015
186.79.153.12 - - [03/Aug/2017:12:48:47 -0300] "GET /cormun/servlet/licenciaspermisos?46a4d155db7e2858e07ae235b1f95bcb369ba5aa24438b3878f37e000bdc235ecfedb3325125fbe0088ff731fc568eeb399e84636d7e2245a1307abadc135b46493edbff73d6125e69f9f4031fbedc56bc20dac6103a453f45329df92b73c3c79f7ad8d83f6e3202314e0ba6aa5d1937d8a523295c164af08db27a8c1c4a8552f5e7e2cdb385c54ff24a435c373410375a20b4adc027dd71280a3f70c3e8b30e50ce003e787050575108f4ad58370c61,gx-no-cache=1501775377046 HTTP/1.1" 200 30
186.79.153.12 - - [03/Aug/2017:12:48:47 -0300] "GET /cormun/servlet/licenciaspermisos?46a4d155db7e2858e07ae235b1f95bcb0a18016d11001e40d269b6e8445b034ce689bb3b213a94c613c1dbec101434b9f4f435540617bf2df1015b74710b23da4b1d4d0ddb48ca0306003b1ff126a58f151f84e47aa5fdd85e90c1ffe767be5d4a40df0ede0154201321c7c1efdd21a1c050eb9c4e168ea9fe8bb559fc54bb4d9ff3f6dd17869f345029a294f4775ff5ea5af1010c9447fb9aec51ce1e69a5d6559f932843f253906b24623b092ff30d,gx-no-cache=1501775377156 HTTP/1.1" 200 29
186.79.153.12 - - [03/Aug/2017:12:48:48 -0300] "POST /cormun/servlet/licenciaspermisos?4d9eff7e05978642abdac0deddaa8a00,INS,0,,,,gx-no-cache=1501775377277 HTTP/1.1" 200 93
186.79.153.12 - - [03/Aug/2017:12:48:48 -0300] "GET /cormun/servlet/hpexe_return? HTTP/1.1" 200 1009
186.79.153.12 - - [03/Aug/2017:12:48:48 -0300] "GET /cormun/servlet/trlicencias HTTP/1.1" 200 10211
186.79.153.12 - - [03/Aug/2017:12:48:50 -0300] "GET /cormun/servlet/trlicencias HTTP/1.1" 200 10205
186.79.153.12 - - [03/Aug/2017:12:48:52 -0300] "GET /cormun/servlet/alicenciaprn?15105259,L,20170803000000,PU HTTP/1.1" 200 1536
186.103.159.204 - - [03/Aug/2017:12:48:57 -0300] "GET /cormun/servlet/hlogin HTTP/1.1" 200 1725
186.103.159.204 - - [03/Aug/2017:12:48:57 -0300] "GET /cormun/servlet/hlogin HTTP/1.1" 200 1728
186.103.158.250 - - [03/Aug/2017:12:49:29 -0300] "POST /cormun/servlet/solicitudot?gx-no-cache=1501775413208 HTTP/1.1" 200 1492
186.103.158.250 - - [03/Aug/2017:12:49:30 -0300] "GET /cormun/static/Shared/jqueryui/images/ui-bg_highlight-soft_100_c6c2c8_1x100.png HTTP/1.1" 404 1117
186.103.158.250 - - [03/Aug/2017:12:49:30 -0300] "GET /cormun/static/Shared/jqueryui/images/ui-bg_flat_55_994d53_40x100.png HTTP/1.1" 404 1097
186.103.158.250 - - [03/Aug/2017:12:49:30 -0300] "GET /cormun/static/Shared/jqueryui/images/ui-icons_ebccce_256x240.png HTTP/1.1" 404 1089
186.103.158.250 - - [03/Aug/2017:12:49:30 -0300] "GET /cormun/static/Shared/jqueryui/images/ui-icons_82798d_256x240.png HTTP/1.1" 404 1089
186.103.158.250 - - [03/Aug/2017:12:49:30 -0300] "POST /cormun/servlet/solicitudot?gx-no-cache=1501775413642 HTTP/1.1" 200 117
186.103.158.250 - - [03/Aug/2017:12:49:30 -0300] "GET /cormun/servlet/solicitudot?6a294270f68e939a875ca4e61044775dd635f56d9e106f2bdb9fc63faf564543c57178bf5cb71d5b41d80e4ad588ed8da4da4dfdca46bdf94086fe25643522a9c50cb798a740a818d035bbfdd03e74305e7bf1e16d325d5bdb7d9bb696db5293147b7898c5d664e1cd7478fcd3ee41bce0aa614b2a10920e819759cb7c88658114e30848b0de8aa8484a3262e80a73f2e795ea13675e1da70b8b2e68a17d1b33,gx-no-cache=1501775414123 HTTP/1.1" 200 29
186.103.158.250 - - [03/Aug/2017:12:49:31 -0300] "GET /cormun/servlet/solicitudot?6a294270f68e939a875ca4e61044775d973715960985c0336b5aa19e00dec36f0ce5af40e4063d725cc3268df603c1d7deacc0bc1085ee52e7921535c94b32252949436bc35039563ed3b442b94eb667eca57519db49e72305683cfe1d463b2cc57024d5341f380b88ee67371742b32ab4451df51a6dcb345326de913f4de26166f99789089c0ed5a410d1c0967ba863a63a311b768ce26356f87f930083917f23f1b2a7600d7da92370689862e874632ca504cc11bb371d000d9bac87ab51ec,gx-no-cache=1501775414228 HTTP/1.1" 200 62
186.103.158.250 - - [03/Aug/2017:12:50:00 -0300] "GET /cormun/servlet/solicitudot?6a294270f68e939a875ca4e61044775d973715960985c0336b5aa19e00dec36f0ce5af40e4063d725cc3268df603c1d7deacc0bc1085ee52e7921535c94b32252949436bc35039563ed3b442b94eb667eca57519db49e72305683cfe1d463b2cc57024d5341f380b88ee67371742b32ab4451df51a6dcb345326de913f4de26166f99789089c0ed5a410d1c0967ba863a63a311b768ce26356f87f930083917f23f1b2a7600d7da92370689862e874632ca504cc11bb371d000d9bac87ab51ec,gx-no-cache=1501775444166 HTTP/1.1" 200 62
186.103.158.250 - - [03/Aug/2017:12:50:10 -0300] "GET /cormun/servlet/solicitudot?6a294270f68e939a875ca4e61044775d973715960985c0336b5aa19e00dec36f0ce5af40e4063d725cc3268df603c1d7deacc0bc1085ee52e7921535c94b32252949436bc35039563ed3b442b94eb667eca57519db49e72305683cfe1d463b2cc57024d5341f380b88ee67371742b32ab4451df51a6dcb345326de913f4de26166f99789089c0ed5a410d1c0967ba863a63a311b768ce26356f87f930083917f23f1b2a7600d7da92370689862e874632ca504cc11bb371d000d9bac87ab51ec,gx-no-cache=1501775454167 HTTP/1.1" 200 62
186.103.158.250 - - [03/Aug/2017:12:50:47 -0300] "POST /cormun/servlet/solicitudot?gx-no-cache=1501775490892 HTTP/1.1" 200 1492
186.103.158.250 - - [03/Aug/2017:12:51:13 -0300] "GET /cormun/static/Resources/resize.gif HTTP/1.1" 200 77
186.103.158.250 - - [03/Aug/2017:12:51:14 -0300] "GET /cormun/servlet/prfichaempleado?,MD,,gxPopupLevel%3D0%3B HTTP/1.1" 200 9255
186.103.158.250 - - [03/Aug/2017:12:51:14 -0300] "GET /cormun/static/gxcfg.js?20177612134814 HTTP/1.1" 200 953
186.103.158.250 - - [03/Aug/2017:12:51:14 -0300] "GET /cormun/static/Resources/PXToolsMenuSearch.png HTTP/1.1" 200 2914
186.103.158.250 - - [03/Aug/2017:12:51:14 -0300] "GET /cormun/static/prfichaempleado.js?20177612134999 HTTP/1.1" 200 16006
186.103.158.250 - - [03/Aug/2017:12:51:14 -0300] "GET /cormun/static/menusearch.js?201610171694467 HTTP/1.1" 200 1424
186.103.158.250 - - [03/Aug/2017:12:51:14 -0300] "GET /cormun/static/hmpwkw011.js?20177612121862 HTTP/1.1" 200 1968
186.103.158.250 - - [03/Aug/2017:12:51:14 -0300] "GET /cormun/static/Resources/PXToolsMenuSearchCancel.png HTTP/1.1" 200 2972
186.79.153.12 - - [03/Aug/2017:12:51:17 -0300] "GET /cormun/servlet/trlicenciaspermisosadjuntos?15105259,20170803000000,L, HTTP/1.1" 200 6160
186.79.153.12 - - [03/Aug/2017:12:51:18 -0300] "GET /cormun/servlet/trlicenciaspermisosadjuntos?15105259,20170803000000,L, HTTP/1.1" 200 6160
186.79.153.12 - - [03/Aug/2017:12:51:21 -0300] "GET /cormun/servlet/licenciaspermisosadjuntos?INS,15105259,L,20170803000000,, HTTP/1.1" 200 5457
186.79.153.12 - - [03/Aug/2017:12:51:21 -0300] "GET /cormun/static/about:blank HTTP/1.1" 404 1011
186.79.153.12 - - [03/Aug/2017:12:51:22 -0300] "GET /cormun/servlet/licenciaspermisosadjuntos?INS,15105259,L,20170803000000,, HTTP/1.1" 200 5444
186.103.158.250 - - [03/Aug/2017:12:51:30 -0300] "POST /cormun/servlet/solicitudot?gx-no-cache=1501775533953 HTTP/1.1" 200 1357
200.111.191.210 - - [03/Aug/2017:12:51:43 -0300] "GET /cormun/servlet/trlicencias? HTTP/1.1" 200 12031
200.111.191.210 - - [03/Aug/2017:12:51:44 -0300] "GET /cormun/servlet/trlicencias? HTTP/1.1" 200 12030
186.103.158.250 - - [03/Aug/2017:12:51:44 -0300] "GET /cormun/static/menuarrow.gif HTTP/1.1" 404 1015
200.111.191.210 - - [03/Aug/2017:12:51:45 -0300] "GET /cormun/servlet/licenciaspermisos?INS,0,,, HTTP/1.1" 200 7319
200.111.191.210 - - [03/Aug/2017:12:51:46 -0300] "GET /cormun/servlet/licenciaspermisos?INS,0,,, HTTP/1.1" 200 7318
200.111.191.210 - - [03/Aug/2017:12:51:53 -0300] "GET /cormun/servlet/licenciaspermisos?18e4ba88d48470804019cb4eb9d47a73aaf1a977b0e2040e219021ef069c538aaa772d01df3b4f17a4c6b1a6725616c9,gx-no-cache=1501775556812 HTTP/1.1" 200 105
200.111.191.210 - - [03/Aug/2017:12:51:53 -0300] "POST /cormun/servlet/licenciaspermisos?747cd52a4e86869f9ced88a0fcb571f8,INS,0,,,,gx-no-cache=1501775556879 HTTP/1.1" 200 4517
186.103.158.250 - - [03/Aug/2017:12:52:05 -0300] "POST /cormun/servlet/solicitudot?gx-no-cache=1501775569138 HTTP/1.1" 200 41
186.79.153.12 - - [03/Aug/2017:12:52:34 -0300] "POST /cormun/servlet/licenciaspermisosadjuntos?4d9eff7e05978642abdac0deddaa8a00,INS,15105259,L,20170803000000,, HTTP/1.1" 200 116
186.79.153.12 - - [03/Aug/2017:12:52:34 -0300] "GET /cormun/servlet/hpexe_return? HTTP/1.1" 200 1040
186.79.153.12 - - [03/Aug/2017:12:52:35 -0300] "GET /cormun/servlet/trlicenciaspermisosadjuntos?15105259,20170803000000,L, HTTP/1.1" 200 6691
186.79.153.12 - - [03/Aug/2017:12:52:36 -0300] "GET /cormun/servlet/trlicenciaspermisosadjuntos?15105259,20170803000000,L, HTTP/1.1" 200 6686
186.79.153.12 - - [03/Aug/2017:12:52:54 -0300] "POST /cormun/servlet/trlicenciaspermisosadjuntos?4d9eff7e05978642abdac0deddaa8a00,15105259,20170803000000,L,,gx-no-cache=1501775624006 HTTP/1.1" 200 90
186.79.153.12 - - [03/Aug/2017:12:52:54 -0300] "GET /cormun/servlet/hpexe_link HTTP/1.1" 200 982
186.79.153.12 - - [03/Aug/2017:12:52:55 -0300] "GET /cormun/servlet/trlicencias HTTP/1.1" 200 10207
186.79.153.12 - - [03/Aug/2017:12:52:56 -0300] "GET /cormun/servlet/trlicencias HTTP/1.1" 200 10205
186.79.153.12 - - [03/Aug/2017:12:52:59 -0300] "GET /cormun/servlet/trlicenciaspermisosadjuntos?18952078,20170802000000,L, HTTP/1.1" 200 6601
186.79.153.12 - - [03/Aug/2017:12:53:00 -0300] "GET /cormun/servlet/trlicenciaspermisosadjuntos?18952078,20170802000000,L, HTTP/1.1" 200 6601
186.79.153.12 - - [03/Aug/2017:12:53:06 -0300] "POST /cormun/servlet/trlicenciaspermisosadjuntos?4d9eff7e05978642abdac0deddaa8a00,18952078,20170802000000,L,,gx-no-cache=1501775635345 HTTP/1.1" 200 90
186.79.153.12 - - [03/Aug/2017:12:53:06 -0300] "GET /cormun/servlet/hpexe_link HTTP/1.1" 200 982
186.79.153.12 - - [03/Aug/2017:12:53:06 -0300] "GET /cormun/servlet/trlicencias HTTP/1.1" 200 10207
186.79.153.12 - - [03/Aug/2017:12:53:07 -0300] "GET /cormun/servlet/trlicencias HTTP/1.1" 200 10205
186.79.153.12 - - [03/Aug/2017:12:53:10 -0300] "GET /cormun/servlet/trlicenciaspermisosadjuntos?15996249,20170801000000,L, HTTP/1.1" 200 6142
186.79.153.12 - - [03/Aug/2017:12:53:11 -0300] "GET /cormun/servlet/trlicenciaspermisosadjuntos?15996249,20170801000000,L, HTTP/1.1" 200 6142
186.79.153.12 - - [03/Aug/2017:12:53:13 -0300] "POST /cormun/servlet/trlicenciaspermisosadjuntos?4d9eff7e05978642abdac0deddaa8a00,15996249,20170801000000,L,,gx-no-cache=1501775643047 HTTP/1.1" 200 3856
186.103.159.46 - - [03/Aug/2017:12:53:18 -0300] "GET /cormun/servlet/trlicenciaspermisosadjuntos?11142601,20170803000000,L, HTTP/1.1" 200 6140
186.103.159.46 - - [03/Aug/2017:12:53:20 -0300] "GET /cormun/servlet/trlicenciaspermisosadjuntos?11142601,20170803000000,L, HTTP/1.1" 200 6141
186.79.153.12 - - [03/Aug/2017:12:53:21 -0300] "POST /cormun/servlet/trlicenciaspermisosadjuntos?4d9eff7e05978642abdac0deddaa8a00,15996249,20170801000000,L,,gx-no-cache=1501775649792 HTTP/1.1" 200 90
186.79.153.12 - - [03/Aug/2017:12:53:21 -0300] "GET /cormun/servlet/hpexe_link HTTP/1.1" 200 982
186.79.153.12 - - [03/Aug/2017:12:53:21 -0300] "GET /cormun/servlet/trlicencias HTTP/1.1" 200 10207
186.79.153.12 - - [03/Aug/2017:12:53:22 -0300] "GET /cormun/servlet/trlicencias HTTP/1.1" 200 10205
186.103.159.46 - - [03/Aug/2017:12:53:23 -0300] "GET /cormun/servlet/licenciaspermisosadjuntos?INS,11142601,L,20170803000000,, HTTP/1.1" 200 5440
186.103.159.46 - - [03/Aug/2017:12:53:23 -0300] "GET /cormun/static/about:blank HTTP/1.1" 404 1011
186.103.159.46 - - [03/Aug/2017:12:53:24 -0300] "GET /cormun/servlet/licenciaspermisosadjuntos?INS,11142601,L,20170803000000,, HTTP/1.1" 200 5428
200.111.191.210 - - [03/Aug/2017:12:53:24 -0300] "GET /cormun/servlet/licenciaspermisos?18e4ba88d48470804019cb4eb9d47a733d0429cddbc02c192c979b08643413fdf5f7f93c53ef0f82a44e66cebc2e20483928ab6c2884cb748697a02239cd266a420cb8abdaa85add3dead5ff47515b42d5a96bc2d0418b5835a5c2bf862a2f1267e202b58019e4ca623c7659bfa1d0b1dd0f92c1c929e8764491a63042be7f7a49c8062da96783b2a517b7ce3a1333326f4fe920649602d7727eb5dd097d438217c346163d22fda6ceb02be5db2ba1c1,gx-no-cache=1501775648461 HTTP/1.1" 200 30
200.111.191.210 - - [03/Aug/2017:12:53:24 -0300] "GET /cormun/servlet/licenciaspermisos?18e4ba88d48470804019cb4eb9d47a735e12f47ef72a1dee4988270d45afcf4d4399bccb55a95d6349f67e61d292c82631ff14b83398506993a0c1b408037cf7a151e0daa4e3fdddc61251c54440fbd56f47b18941ace593b0dbc4c1972936b9c00201f59f5becb3a54b863b77afe0f9736ad0c4792fcd0880cbce58de4e610340351ac68d35fa011a843a21dcee4a67ca1efaf9420c269132656cd78bd827c7b208f7c280114994ced50177250447d5,gx-no-cache=1501775648586 HTTP/1.1" 200 29
186.79.153.12 - - [03/Aug/2017:12:53:26 -0300] "GET /cormun/servlet/trlicenciaspermisosadjuntos?7178861,20170731000000,L, HTTP/1.1" 200 6134
200.111.191.210 - - [03/Aug/2017:12:53:27 -0300] "POST /cormun/servlet/licenciaspermisos?747cd52a4e86869f9ced88a0fcb571f8,INS,0,,,,gx-no-cache=1501775650236 HTTP/1.1" 200 93
200.111.191.210 - - [03/Aug/2017:12:53:27 -0300] "GET /cormun/servlet/hpexe_return? HTTP/1.1" 200 1014
186.79.153.12 - - [03/Aug/2017:12:53:27 -0300] "GET /cormun/servlet/trlicenciaspermisosadjuntos?7178861,20170731000000,L, HTTP/1.1" 200 6134
200.111.191.210 - - [03/Aug/2017:12:53:27 -0300] "GET /cormun/servlet/trlicencias HTTP/1.1" 200 12432
200.111.191.210 - - [03/Aug/2017:12:53:27 -0300] "GET /cormun/servlet/trlicencias HTTP/1.1" 200 12426
200.111.191.210 - - [03/Aug/2017:12:53:29 -0300] "GET /cormun/servlet/alicenciaprn?8265182,L,20170803000000,PU HTTP/1.1" 200 1531
186.79.153.12 - - [03/Aug/2017:12:53:30 -0300] "POST /cormun/servlet/trlicenciaspermisosadjuntos?4d9eff7e05978642abdac0deddaa8a00,7178861,20170731000000,L,,gx-no-cache=1501775659476 HTTP/1.1" 200 90
186.79.153.12 - - [03/Aug/2017:12:53:30 -0300] "GET /cormun/servlet/hpexe_link HTTP/1.1" 200 981
186.79.153.12 - - [03/Aug/2017:12:53:30 -0300] "GET /cormun/servlet/trlicencias HTTP/1.1" 200 10207
186.79.153.12 - - [03/Aug/2017:12:53:31 -0300] "GET /cormun/servlet/trlicencias HTTP/1.1" 200 10205
186.79.153.12 - - [03/Aug/2017:12:53:36 -0300] "POST /cormun/servlet/trlicencias?4d9eff7e05978642abdac0deddaa8a00,gx-no-cache=1501775665307 HTTP/1.1" 200 7563
186.79.153.12 - - [03/Aug/2017:12:53:36 -0300] "GET /cormun/static/Shared/jqueryui/images/ui-bg_highlight-soft_100_c6c2c8_1x100.png HTTP/1.1" 404 1117
186.79.153.12 - - [03/Aug/2017:12:53:36 -0300] "GET /cormun/static/Shared/jqueryui/images/ui-icons_82798d_256x240.png HTTP/1.1" 404 1089
186.79.153.12 - - [03/Aug/2017:12:53:36 -0300] "GET /cormun/static/Shared/jqueryui/images/ui-bg_flat_55_fafafa_40x100.png HTTP/1.1" 404 1097
186.79.153.12 - - [03/Aug/2017:12:53:36 -0300] "GET /cormun/static/Shared/jqueryui/images/ui-icons_8d78a5_256x240.png HTTP/1.1" 404 1089
186.103.159.46 - - [03/Aug/2017:12:53:38 -0300] "POST /cormun/servlet/licenciaspermisosadjuntos?302236d3537d9dea7a38475efdd79849,INS,11142601,L,20170803000000,, HTTP/1.1" 200 116
186.103.159.46 - - [03/Aug/2017:12:53:38 -0300] "GET /cormun/servlet/hpexe_return? HTTP/1.1" 200 1043
186.103.159.46 - - [03/Aug/2017:12:53:39 -0300] "GET /cormun/servlet/trlicenciaspermisosadjuntos?11142601,20170803000000,L, HTTP/1.1" 200 6623
186.103.159.46 - - [03/Aug/2017:12:53:40 -0300] "GET /cormun/servlet/trlicenciaspermisosadjuntos?11142601,20170803000000,L, HTTP/1.1" 200 6619
186.79.153.12 - - [03/Aug/2017:12:53:41 -0300] "POST /cormun/servlet/trlicencias?4d9eff7e05978642abdac0deddaa8a00,gx-no-cache=1501775669664 HTTP/1.1" 200 7527
186.103.159.46 - - [03/Aug/2017:12:53:42 -0300] "POST /cormun/servlet/trlicenciaspermisosadjuntos?302236d3537d9dea7a38475efdd79849,11142601,20170803000000,L,,gx-no-cache=1501775666214 HTTP/1.1" 200 90
186.103.159.46 - - [03/Aug/2017:12:53:42 -0300] "GET /cormun/servlet/hpexe_link HTTP/1.1" 200 985
186.103.159.46 - - [03/Aug/2017:12:53:43 -0300] "GET /cormun/servlet/trlicencias HTTP/1.1" 200 11104
186.79.153.12 - - [03/Aug/2017:12:53:44 -0300] "POST /cormun/servlet/trlicencias?4d9eff7e05978642abdac0deddaa8a00,gx-no-cache=1501775673528 HTTP/1.1" 200 7526
186.103.159.46 - - [03/Aug/2017:12:53:44 -0300] "GET /cormun/servlet/trlicencias HTTP/1.1" 200 11102
186.79.153.12 - - [03/Aug/2017:12:53:47 -0300] "POST /cormun/servlet/trlicencias?4d9eff7e05978642abdac0deddaa8a00,gx-no-cache=1501775676228 HTTP/1.1" 200 7527
186.103.159.46 - - [03/Aug/2017:12:53:48 -0300] "POST /cormun/servlet/trlicencias?302236d3537d9dea7a38475efdd79849,gx-no-cache=1501775671666 HTTP/1.1" 200 8410
186.103.159.46 - - [03/Aug/2017:12:53:48 -0300] "GET /cormun/static/Shared/jqueryui/images/ui-bg_highlight-soft_100_c6c2c8_1x100.png HTTP/1.1" 404 1117
186.103.159.46 - - [03/Aug/2017:12:53:48 -0300] "GET /cormun/static/Shared/jqueryui/images/ui-icons_82798d_256x240.png HTTP/1.1" 404 1089
186.103.159.46 - - [03/Aug/2017:12:53:49 -0300] "GET /cormun/static/Shared/jqueryui/images/ui-bg_flat_55_fafafa_40x100.png HTTP/1.1" 404 1097
186.103.159.46 - - [03/Aug/2017:12:53:49 -0300] "GET /cormun/static/Shared/jqueryui/images/ui-icons_8d78a5_256x240.png HTTP/1.1" 404 1089
186.103.158.250 - - [03/Aug/2017:12:54:58 -0300] "POST /cormun/servlet/solicitudot?gx-no-cache=1501775741547 HTTP/1.1" 200 1337
85.242.222.242 - - [03/Aug/2017:12:55:15 -0300] "GET / HTTP/1.0" 200 11197
186.79.153.12 - - [03/Aug/2017:12:55:36 -0300] "GET /cormun/servlet/trpermisosgoce? HTTP/1.1" 200 9130
186.79.153.12 - - [03/Aug/2017:12:55:38 -0300] "GET /cormun/servlet/trpermisosgoce? HTTP/1.1" 200 9130
186.103.158.250 - - [03/Aug/2017:12:55:39 -0300] "POST /cormun/servlet/solicitudot?gx-no-cache=1501775782713 HTTP/1.1" 200 34
186.79.153.12 - - [03/Aug/2017:12:55:41 -0300] "GET /cormun/servlet/trpermisosadjuntos?13302577,20170802092739,P, HTTP/1.1" 200 6603
186.79.153.12 - - [03/Aug/2017:12:55:42 -0300] "GET /cormun/servlet/trpermisosadjuntos?13302577,20170802092739,P, HTTP/1.1" 200 6603
186.79.153.12 - - [03/Aug/2017:12:55:46 -0300] "POST /cormun/servlet/trpermisosadjuntos?4d9eff7e05978642abdac0deddaa8a00,13302577,20170802092739,P,,gx-no-cache=1501775796053 HTTP/1.1" 200 90
186.79.153.12 - - [03/Aug/2017:12:55:47 -0300] "GET /cormun/servlet/hpexe_link HTTP/1.1" 200 980
186.79.153.12 - - [03/Aug/2017:12:55:47 -0300] "GET /cormun/servlet/trpermisosgoce HTTP/1.1" 200 9132
186.79.153.12 - - [03/Aug/2017:12:55:48 -0300] "GET /cormun/servlet/trpermisosgoce HTTP/1.1" 200 9130
186.79.153.12 - - [03/Aug/2017:12:55:53 -0300] "GET /cormun/servlet/trpermisosadjuntos?18798822,20170726110803,P, HTTP/1.1" 200 6889
186.103.158.250 - - [03/Aug/2017:12:55:53 -0300] "POST /cormun/servlet/solicitudot?25152dbf8e26b42b75150f5f4d0de570,INS,0,0,,gx-no-cache=1501775794936 HTTP/1.1" 200 93
186.103.158.250 - - [03/Aug/2017:12:55:53 -0300] "GET /cormun/servlet/hpexe_return? HTTP/1.1" 200 1003
186.103.158.250 - - [03/Aug/2017:12:55:53 -0300] "GET /cormun/static/gxcfg.js?2016101716175148 HTTP/1.1" 200 953
186.103.158.250 - - [03/Aug/2017:12:55:53 -0300] "GET /cormun/static/hpexe_return.js?2016101716175153 HTTP/1.1" 200 1633
186.103.158.250 - - [03/Aug/2017:12:55:54 -0300] "GET /cormun/static/Resources/Spanish/PXTools.css?167811 HTTP/1.1" 200 89042
186.103.158.250 - - [03/Aug/2017:12:55:54 -0300] "GET /cormun/servlet/trsolicitudot HTTP/1.1" 200 9575
186.103.158.250 - - [03/Aug/2017:12:55:56 -0300] "GET /cormun/servlet/trsolicitudot HTTP/1.1" 200 9571
186.79.153.12 - - [03/Aug/2017:12:55:57 -0300] "GET /cormun/servlet/trpermisosadjuntos?18798822,20170726110803,P, HTTP/1.1" 200 6904
186.79.153.12 - - [03/Aug/2017:12:55:57 -0300] "GET /cormun/servlet/permisosadjuntos?INS,18798822,P,20170726110803,, HTTP/1.1" 200 5457
186.79.153.12 - - [03/Aug/2017:12:55:58 -0300] "GET /cormun/static/about:blank HTTP/1.1" 404 1011
186.79.153.12 - - [03/Aug/2017:12:55:59 -0300] "GET /cormun/servlet/permisosadjuntos?INS,18798822,P,20170726110803,, HTTP/1.1" 200 5447
186.103.158.250 - - [03/Aug/2017:12:56:02 -0300] "GET /cormun/servlet/trsolicitudot? HTTP/1.1" 200 9571
186.103.158.250 - - [03/Aug/2017:12:56:04 -0300] "GET /cormun/servlet/trsolicitudot? HTTP/1.1" 200 9571
186.103.158.250 - - [03/Aug/2017:12:56:31 -0300] "POST /cormun/servlet/trsolicitudot?25152dbf8e26b42b75150f5f4d0de570,,gx-no-cache=1501775835067 HTTP/1.1" 200 106
186.103.158.250 - - [03/Aug/2017:12:56:32 -0300] "GET /cormun/servlet/trsolicitudadjuntos?2017,7130, HTTP/1.1" 200 6074
186.103.158.250 - - [03/Aug/2017:12:56:32 -0300] "GET /cormun/static/gxcfg.js?20177612135366 HTTP/1.1" 200 953
186.103.158.250 - - [03/Aug/2017:12:56:32 -0300] "GET /cormun/static/trsolicitudadjuntos.js?20177612135632 HTTP/1.1" 200 17922
186.103.158.250 - - [03/Aug/2017:12:56:33 -0300] "GET /cormun/servlet/trsolicitudadjuntos?2017,7130, HTTP/1.1" 200 6074
186.103.158.250 - - [03/Aug/2017:12:56:37 -0300] "GET /cormun/servlet/solicitudotadjuntos?INS,2017,7130,,2, HTTP/1.1" 200 6028
186.103.158.250 - - [03/Aug/2017:12:56:37 -0300] "GET /cormun/static/gxcfg.js?201752511522888 HTTP/1.1" 200 953
186.103.158.250 - - [03/Aug/2017:12:56:37 -0300] "GET /cormun/static/solicitudotadjuntos.js?20175251152299 HTTP/1.1" 200 11771
186.103.158.250 - - [03/Aug/2017:12:56:38 -0300] "GET /cormun/static/about:blank HTTP/1.1" 404 1011
186.103.158.250 - - [03/Aug/2017:12:56:38 -0300] "GET /cormun/servlet/solicitudotadjuntos?INS,2017,7130,,2, HTTP/1.1" 200 6021
186.103.158.250 - - [03/Aug/2017:12:56:39 -0300] "GET /cormun/servlet/solicitudotadjuntos?6a294270f68e939a875ca4e61044775d073a444bf1cda5480f9a64962c2655371e76a0bf378074041912372af36566bc,gx-no-cache=1501775842734 HTTP/1.1" 200 30
186.103.158.250 - - [03/Aug/2017:12:56:39 -0300] "POST /cormun/servlet/solicitudotadjuntos?25152dbf8e26b42b75150f5f4d0de570,INS,2017,7130,,2,,gx-no-cache=1501775842801 HTTP/1.1" 200 4002
200.111.191.210 - - [03/Aug/2017:12:57:35 -0300] "GET /cormun/servlet/trpermisosgoce? HTTP/1.1" 200 12340
200.111.191.210 - - [03/Aug/2017:12:57:36 -0300] "GET /cormun/servlet/trpermisosgoce? HTTP/1.1" 200 12340
200.111.191.210 - - [03/Aug/2017:12:57:39 -0300] "GET /cormun/servlet/trpermisosadjuntos?15991789,20170803103027,P, HTTP/1.1" 200 6105
200.111.191.210 - - [03/Aug/2017:12:57:39 -0300] "GET /cormun/servlet/trpermisosadjuntos?15991789,20170803103027,P, HTTP/1.1" 200 6105
200.111.191.210 - - [03/Aug/2017:12:57:40 -0300] "GET /cormun/servlet/permisosadjuntos?INS,15991789,P,20170803103027,, HTTP/1.1" 200 5430
200.111.191.210 - - [03/Aug/2017:12:57:40 -0300] "GET /cormun/static/about:blank HTTP/1.1" 404 1011
200.111.191.210 - - [03/Aug/2017:12:57:40 -0300] "GET /cormun/servlet/permisosadjuntos?INS,15991789,P,20170803103027,, HTTP/1.1" 200 5420
200.111.191.210 - - [03/Aug/2017:12:57:48 -0300] "POST /cormun/servlet/permisosadjuntos?747cd52a4e86869f9ced88a0fcb571f8,INS,15991789,P,20170803103027,, HTTP/1.1" 200 116
200.111.191.210 - - [03/Aug/2017:12:57:48 -0300] "GET /cormun/servlet/hpexe_return? HTTP/1.1" 200 1040
200.111.191.210 - - [03/Aug/2017:12:57:48 -0300] "GET /cormun/servlet/trpermisosadjuntos?15991789,20170803103027,P, HTTP/1.1" 200 6560
200.111.191.210 - - [03/Aug/2017:12:57:48 -0300] "GET /cormun/servlet/trpermisosadjuntos?15991789,20170803103027,P, HTTP/1.1" 200 6557
200.111.191.210 - - [03/Aug/2017:12:57:50 -0300] "GET /cormun/PublicTempStorage/965460474.pdf HTTP/1.1" 200 24244
200.111.191.210 - - [03/Aug/2017:12:58:22 -0300] "GET /cormun/servlet/hlogin HTTP/1.1" 200 1720
200.111.191.210 - - [03/Aug/2017:12:58:27 -0300] "POST /cormun/servlet/hlogin?747cd52a4e86869f9ced88a0fcb571f8,gx-no-cache=1501775951507 HTTP/1.1" 200 426
200.111.191.210 - - [03/Aug/2017:12:58:30 -0300] "POST /cormun/servlet/hlogin?747cd52a4e86869f9ced88a0fcb571f8,gx-no-cache=1501775954248 HTTP/1.1" 200 426
200.111.191.210 - - [03/Aug/2017:12:58:38 -0300] "POST /cormun/servlet/hlogin?747cd52a4e86869f9ced88a0fcb571f8,gx-no-cache=1501775962488 HTTP/1.1" 200 90
200.111.191.210 - - [03/Aug/2017:12:58:38 -0300] "GET /cormun/servlet/hpexe_link HTTP/1.1" 200 984
200.111.191.210 - - [03/Aug/2017:12:58:38 -0300] "GET /cormun/servlet/trpermisosadjuntos?15991789,20170803103027,P, HTTP/1.1" 200 6557
200.111.191.210 - - [03/Aug/2017:12:58:39 -0300] "GET /cormun/servlet/trpermisosadjuntos?15991789,20170803103027,P, HTTP/1.1" 200 6556
200.111.191.210 - - [03/Aug/2017:12:58:42 -0300] "GET /cormun/servlet/trpermisosgoce? HTTP/1.1" 200 12340
200.111.191.210 - - [03/Aug/2017:12:58:42 -0300] "GET /cormun/servlet/trpermisosgoce? HTTP/1.1" 200 12340
200.111.191.210 - - [03/Aug/2017:12:58:46 -0300] "POST /cormun/servlet/trpermisosgoce?747cd52a4e86869f9ced88a0fcb571f8,,gx-no-cache=1501775969614 HTTP/1.1" 200 9244
200.111.191.210 - - [03/Aug/2017:12:58:46 -0300] "GET /cormun/static/Shared/jqueryui/images/ui-bg_highlight-soft_100_c6c2c8_1x100.png HTTP/1.1" 404 1117
200.111.191.210 - - [03/Aug/2017:12:58:46 -0300] "GET /cormun/static/Shared/jqueryui/images/ui-icons_82798d_256x240.png HTTP/1.1" 404 1089
200.111.191.210 - - [03/Aug/2017:12:58:46 -0300] "GET /cormun/static/Shared/jqueryui/images/ui-icons_8d78a5_256x240.png HTTP/1.1" 404 1089
200.111.191.210 - - [03/Aug/2017:12:58:46 -0300] "GET /cormun/static/Shared/jqueryui/images/ui-bg_flat_55_fafafa_40x100.png HTTP/1.1" 404 1097
200.111.191.210 - - [03/Aug/2017:12:58:48 -0300] "GET /cormun/servlet/trpermisosgoce? HTTP/1.1" 200 12283
200.111.191.210 - - [03/Aug/2017:12:58:48 -0300] "GET /cormun/servlet/trpermisosgoce? HTTP/1.1" 200 12283
200.111.191.210 - - [03/Aug/2017:12:58:49 -0300] "GET /cormun/servlet/hlogin HTTP/1.1" 200 1741
200.111.191.210 - - [03/Aug/2017:12:58:57 -0300] "POST /cormun/servlet/hlogin?747cd52a4e86869f9ced88a0fcb571f8,gx-no-cache=1501775981433 HTTP/1.1" 200 90
200.111.191.210 - - [03/Aug/2017:12:58:57 -0300] "GET /cormun/servlet/hpexe_link HTTP/1.1" 200 952
200.111.191.210 - - [03/Aug/2017:12:58:57 -0300] "GET /cormun/servlet/hhome HTTP/1.1" 200 3975
200.111.191.210 - - [03/Aug/2017:12:58:58 -0300] "GET /cormun/servlet/hhome HTTP/1.1" 200 3972
186.103.158.250 - - [03/Aug/2017:12:59:00 -0300] "POST /cormun/servlet/solicitudotadjuntos?gx-no-cache=1501775984280 HTTP/1.1" 200 26
200.111.191.210 - - [03/Aug/2017:12:59:01 -0300] "GET /cormun/servlet/trautorizarpermisogoce? HTTP/1.1" 200 7674
200.111.191.210 - - [03/Aug/2017:12:59:01 -0300] "GET /cormun/servlet/trautorizarpermisogoce? HTTP/1.1" 200 7672
200.111.191.210 - - [03/Aug/2017:12:59:03 -0300] "POST /cormun/servlet/trautorizarpermisogoce?747cd52a4e86869f9ced88a0fcb571f8,,gx-no-cache=1501775987192 HTTP/1.1" 200 4224
200.111.191.210 - - [03/Aug/2017:12:59:03 -0300] "GET /cormun/static/Shared/jqueryui/images/ui-bg_highlight-soft_100_c6c2c8_1x100.png HTTP/1.1" 404 1117
200.111.191.210 - - [03/Aug/2017:12:59:03 -0300] "GET /cormun/static/Shared/jqueryui/images/ui-icons_82798d_256x240.png HTTP/1.1" 404 1089
200.111.191.210 - - [03/Aug/2017:12:59:03 -0300] "GET /cormun/static/Shared/jqueryui/images/ui-bg_flat_55_fafafa_40x100.png HTTP/1.1" 404 1097
200.111.191.210 - - [03/Aug/2017:12:59:03 -0300] "GET /cormun/static/Shared/jqueryui/images/ui-icons_8d78a5_256x240.png HTTP/1.1" 404 1089
186.103.159.46 - - [03/Aug/2017:12:59:17 -0300] "GET /cormun/servlet/trpermisosgoce? HTTP/1.1" 200 10280
186.103.159.46 - - [03/Aug/2017:12:59:19 -0300] "GET /cormun/servlet/trpermisosgoce? HTTP/1.1" 200 10280
186.103.159.46 - - [03/Aug/2017:12:59:29 -0300] "GET /cormun/servlet/trpermisosadjuntos?8915413,20170801135254,P, HTTP/1.1" 200 6106
186.103.159.46 - - [03/Aug/2017:12:59:31 -0300] "GET /cormun/servlet/trpermisosadjuntos?8915413,20170801135254,P, HTTP/1.1" 200 6106
186.103.159.46 - - [03/Aug/2017:12:59:34 -0300] "GET /cormun/servlet/permisosadjuntos?INS,8915413,P,20170801135254,, HTTP/1.1" 200 5435
186.103.159.46 - - [03/Aug/2017:12:59:34 -0300] "GET /cormun/static/about:blank HTTP/1.1" 404 1011
186.103.159.46 - - [03/Aug/2017:12:59:35 -0300] "GET /cormun/servlet/permisosadjuntos?INS,8915413,P,20170801135254,, HTTP/1.1" 200 5425
186.103.159.46 - - [03/Aug/2017:12:59:46 -0300] "POST /cormun/servlet/permisosadjuntos?302236d3537d9dea7a38475efdd79849,INS,8915413,P,20170801135254,, HTTP/1.1" 200 116
186.103.159.46 - - [03/Aug/2017:12:59:46 -0300] "GET /cormun/servlet/hpexe_return? HTTP/1.1" 200 1036
186.103.159.46 - - [03/Aug/2017:12:59:47 -0300] "GET /cormun/servlet/trpermisosadjuntos?8915413,20170801135254,P, HTTP/1.1" 200 6582
186.103.159.46 - - [03/Aug/2017:12:59:48 -0300] "GET /cormun/servlet/trpermisosadjuntos?8915413,20170801135254,P, HTTP/1.1" 200 6580
186.103.159.46 - - [03/Aug/2017:12:59:51 -0300] "POST /cormun/servlet/trpermisosadjuntos?302236d3537d9dea7a38475efdd79849,8915413,20170801135254,P,,gx-no-cache=1501776034348 HTTP/1.1" 200 90
186.103.159.46 - - [03/Aug/2017:12:59:51 -0300] "GET /cormun/servlet/hpexe_link HTTP/1.1" 200 982
186.103.159.46 - - [03/Aug/2017:12:59:51 -0300] "GET /cormun/servlet/trpermisosgoce HTTP/1.1" 200 10282
186.103.159.46 - - [03/Aug/2017:12:59:53 -0300] "GET /cormun/servlet/trpermisosgoce HTTP/1.1" 200 10280
186.103.159.46 - - [03/Aug/2017:12:59:59 -0300] "GET /cormun/servlet/trpermisosadjuntos?9999971,20170801135524,P, HTTP/1.1" 200 6103
186.103.159.46 - - [03/Aug/2017:13:00:01 -0300] "GET /cormun/servlet/trpermisosadjuntos?9999971,20170801135524,P, HTTP/1.1" 200 6102
186.103.159.46 - - [03/Aug/2017:13:00:03 -0300] "GET /cormun/servlet/permisosadjuntos?INS,9999971,P,20170801135524,, HTTP/1.1" 200 5433
186.103.159.46 - - [03/Aug/2017:13:00:03 -0300] "GET /cormun/static/about:blank HTTP/1.1" 404 1011
186.103.159.46 - - [03/Aug/2017:13:00:04 -0300] "GET /cormun/servlet/permisosadjuntos?INS,9999971,P,20170801135524,, HTTP/1.1" 200 5423
186.103.158.250 - - [03/Aug/2017:13:00:16 -0300] "GET /cormun/servlet/solicitudotadjuntos?6a294270f68e939a875ca4e61044775d2095a7eff574a049eccdece1b98424af,gx-no-cache=1501776059290 HTTP/1.1" 200 30
186.103.158.250 - - [03/Aug/2017:13:00:16 -0300] "GET /cormun/servlet/solicitudotadjuntos?6a294270f68e939a875ca4e61044775d2095a7eff574a049eccdece1b98424af,gx-no-cache=1501776059502 HTTP/1.1" 200 30
186.103.159.46 - - [03/Aug/2017:13:00:17 -0300] "POST /cormun/servlet/permisosadjuntos?302236d3537d9dea7a38475efdd79849,INS,9999971,P,20170801135524,, HTTP/1.1" 200 116
186.103.158.250 - - [03/Aug/2017:13:00:18 -0300] "POST /cormun/servlet/solicitudotadjuntos?25152dbf8e26b42b75150f5f4d0de570,INS,2017,7130,,2, HTTP/1.1" 200 116
186.103.159.46 - - [03/Aug/2017:13:00:18 -0300] "GET /cormun/servlet/hpexe_return? HTTP/1.1" 200 1038
186.103.159.46 - - [03/Aug/2017:13:00:18 -0300] "GET /cormun/servlet/trpermisosadjuntos?9999971,20170801135524,P, HTTP/1.1" 200 6585
186.103.158.250 - - [03/Aug/2017:13:00:18 -0300] "GET /cormun/servlet/hpexe_return? HTTP/1.1" 200 1022
186.103.158.250 - - [03/Aug/2017:13:00:19 -0300] "GET /cormun/servlet/trsolicitudadjuntos?2017,7130, HTTP/1.1" 200 8387
186.103.159.46 - - [03/Aug/2017:13:00:19 -0300] "GET /cormun/servlet/trpermisosadjuntos?9999971,20170801135524,P, HTTP/1.1" 200 6582
186.103.158.250 - - [03/Aug/2017:13:00:20 -0300] "GET /cormun/servlet/trsolicitudadjuntos?2017,7130, HTTP/1.1" 200 8382
186.103.159.46 - - [03/Aug/2017:13:00:22 -0300] "POST /cormun/servlet/trpermisosadjuntos?302236d3537d9dea7a38475efdd79849,9999971,20170801135524,P,,gx-no-cache=1501776065960 HTTP/1.1" 200 90
186.103.159.46 - - [03/Aug/2017:13:00:22 -0300] "GET /cormun/servlet/hpexe_link HTTP/1.1" 200 982
186.103.159.46 - - [03/Aug/2017:13:00:23 -0300] "GET /cormun/servlet/trpermisosgoce HTTP/1.1" 200 10282
186.103.159.46 - - [03/Aug/2017:13:00:24 -0300] "GET /cormun/servlet/trpermisosgoce HTTP/1.1" 200 10280
186.103.158.250 - - [03/Aug/2017:13:00:24 -0300] "GET /cormun/servlet/solicitudotadjuntos?INS,2017,7130,,2, HTTP/1.1" 200 6027
186.103.158.250 - - [03/Aug/2017:13:00:25 -0300] "GET /cormun/static/about:blank HTTP/1.1" 404 1011
186.103.158.250 - - [03/Aug/2017:13:00:25 -0300] "GET /cormun/servlet/solicitudotadjuntos?INS,2017,7130,,2, HTTP/1.1" 200 6020
186.103.158.250 - - [03/Aug/2017:13:00:26 -0300] "GET /cormun/servlet/solicitudotadjuntos?6a294270f68e939a875ca4e61044775d073a444bf1cda5480f9a64962c2655371e76a0bf378074041912372af36566bc,gx-no-cache=1501776069753 HTTP/1.1" 200 30
186.103.158.250 - - [03/Aug/2017:13:00:26 -0300] "POST /cormun/servlet/solicitudotadjuntos?25152dbf8e26b42b75150f5f4d0de570,INS,2017,7130,,2,,gx-no-cache=1501776069859 HTTP/1.1" 200 4001
186.103.159.46 - - [03/Aug/2017:13:00:29 -0300] "GET /cormun/servlet/trpermisosadjuntos?9772273,20170801135124,P, HTTP/1.1" 200 6113
186.103.159.46 - - [03/Aug/2017:13:00:31 -0300] "GET /cormun/servlet/trpermisosadjuntos?9772273,20170801135124,P, HTTP/1.1" 200 6113
186.103.159.46 - - [03/Aug/2017:13:00:33 -0300] "GET /cormun/servlet/permisosadjuntos?INS,9772273,P,20170801135124,, HTTP/1.1" 200 5439
186.103.159.46 - - [03/Aug/2017:13:00:33 -0300] "GET /cormun/static/about:blank HTTP/1.1" 404 1011
186.103.159.46 - - [03/Aug/2017:13:00:34 -0300] "GET /cormun/servlet/permisosadjuntos?INS,9772273,P,20170801135124,, HTTP/1.1" 200 5430
186.103.159.46 - - [03/Aug/2017:13:00:50 -0300] "POST /cormun/servlet/permisosadjuntos?302236d3537d9dea7a38475efdd79849,INS,9772273,P,20170801135124,, HTTP/1.1" 200 116
186.103.159.46 - - [03/Aug/2017:13:00:51 -0300] "GET /cormun/servlet/hpexe_return? HTTP/1.1" 200 1039
186.103.159.46 - - [03/Aug/2017:13:00:51 -0300] "GET /cormun/servlet/trpermisosadjuntos?9772273,20170801135124,P, HTTP/1.1" 200 6595
186.103.158.250 - - [03/Aug/2017:13:00:51 -0300] "POST /cormun/servlet/solicitudotadjuntos?25152dbf8e26b42b75150f5f4d0de570,INS,2017,7130,,2,,gx-no-cache=1501776094969 HTTP/1.1" 200 93
186.103.158.250 - - [03/Aug/2017:13:00:51 -0300] "GET /cormun/servlet/hpexe_return? HTTP/1.1" 200 1022
186.103.158.250 - - [03/Aug/2017:13:00:51 -0300] "GET /cormun/servlet/trsolicitudadjuntos?2017,7130, HTTP/1.1" 200 8386
186.103.159.46 - - [03/Aug/2017:13:00:52 -0300] "GET /cormun/servlet/trpermisosadjuntos?9772273,20170801135124,P, HTTP/1.1" 200 6591
186.103.158.250 - - [03/Aug/2017:13:00:53 -0300] "GET /cormun/servlet/trsolicitudadjuntos?2017,7130, HTTP/1.1" 200 8382
186.103.159.46 - - [03/Aug/2017:13:00:55 -0300] "POST /cormun/servlet/trpermisosadjuntos?302236d3537d9dea7a38475efdd79849,9772273,20170801135124,P,,gx-no-cache=1501776098796 HTTP/1.1" 200 90
186.103.159.46 - - [03/Aug/2017:13:00:55 -0300] "GET /cormun/servlet/hpexe_link HTTP/1.1" 200 984
186.103.159.46 - - [03/Aug/2017:13:00:55 -0300] "GET /cormun/servlet/trpermisosgoce HTTP/1.1" 200 10282
186.103.159.46 - - [03/Aug/2017:13:00:57 -0300] "GET /cormun/servlet/trpermisosgoce HTTP/1.1" 200 10280
186.103.158.250 - - [03/Aug/2017:13:00:59 -0300] "GET /cormun/servlet/solicitudotadjuntos?INS,2017,7130,,2, HTTP/1.1" 200 6027
186.103.158.250 - - [03/Aug/2017:13:00:59 -0300] "GET /cormun/static/about:blank HTTP/1.1" 404 1011
186.103.158.250 - - [03/Aug/2017:13:01:00 -0300] "GET /cormun/servlet/solicitudotadjuntos?INS,2017,7130,,2, HTTP/1.1" 200 6020
186.103.158.250 - - [03/Aug/2017:13:01:00 -0300] "GET /cormun/servlet/solicitudotadjuntos?6a294270f68e939a875ca4e61044775d073a444bf1cda5480f9a64962c2655371e76a0bf378074041912372af36566bc,gx-no-cache=1501776104037 HTTP/1.1" 200 30
186.103.158.250 - - [03/Aug/2017:13:01:00 -0300] "POST /cormun/servlet/solicitudotadjuntos?25152dbf8e26b42b75150f5f4d0de570,INS,2017,7130,,2,,gx-no-cache=1501776104094 HTTP/1.1" 200 4001
186.103.159.46 - - [03/Aug/2017:13:01:02 -0300] "GET /cormun/servlet/trpermisosadjuntos?17296081,20170802133843,P, HTTP/1.1" 200 6105
186.103.159.46 - - [03/Aug/2017:13:01:03 -0300] "GET /cormun/servlet/trpermisosadjuntos?17296081,20170802133843,P, HTTP/1.1" 200 6106
186.103.159.46 - - [03/Aug/2017:13:01:06 -0300] "GET /cormun/servlet/permisosadjuntos?INS,17296081,P,20170802133843,, HTTP/1.1" 200 5435
186.103.159.46 - - [03/Aug/2017:13:01:06 -0300] "GET /cormun/static/about:blank HTTP/1.1" 404 1011
186.103.159.46 - - [03/Aug/2017:13:01:07 -0300] "GET /cormun/servlet/permisosadjuntos?INS,17296081,P,20170802133843,, HTTP/1.1" 200 5425
186.103.158.250 - - [03/Aug/2017:13:01:15 -0300] "POST /cormun/servlet/solicitudotadjuntos?25152dbf8e26b42b75150f5f4d0de570,INS,2017,7130,,2,,gx-no-cache=1501776118562 HTTP/1.1" 200 93
186.103.158.250 - - [03/Aug/2017:13:01:15 -0300] "GET /cormun/servlet/hpexe_return? HTTP/1.1" 200 1022
186.103.158.250 - - [03/Aug/2017:13:01:15 -0300] "GET /cormun/servlet/trsolicitudadjuntos?2017,7130, HTTP/1.1" 200 8387
186.103.158.250 - - [03/Aug/2017:13:01:16 -0300] "GET /cormun/servlet/trsolicitudadjuntos?2017,7130, HTTP/1.1" 200 8382
186.103.159.46 - - [03/Aug/2017:13:01:17 -0300] "POST /cormun/servlet/permisosadjuntos?302236d3537d9dea7a38475efdd79849,INS,17296081,P,20170802133843,, HTTP/1.1" 200 116
186.103.159.46 - - [03/Aug/2017:13:01:17 -0300] "GET /cormun/servlet/hpexe_return? HTTP/1.1" 200 1039
186.103.159.46 - - [03/Aug/2017:13:01:17 -0300] "GET /cormun/servlet/trpermisosadjuntos?17296081,20170802133843,P, HTTP/1.1" 200 6587
186.103.159.46 - - [03/Aug/2017:13:01:19 -0300] "GET /cormun/servlet/trpermisosadjuntos?17296081,20170802133843,P, HTTP/1.1" 200 6583
186.103.158.250 - - [03/Aug/2017:13:01:19 -0300] "GET /cormun/servlet/solicitudotadjuntos?INS,2017,7130,,1, HTTP/1.1" 200 6029
186.103.158.250 - - [03/Aug/2017:13:01:19 -0300] "GET /cormun/static/about:blank HTTP/1.1" 404 1011
186.103.158.250 - - [03/Aug/2017:13:01:20 -0300] "GET /cormun/servlet/solicitudotadjuntos?INS,2017,7130,,1, HTTP/1.1" 200 6022
186.103.158.250 - - [03/Aug/2017:13:01:21 -0300] "GET /cormun/servlet/solicitudotadjuntos?6a294270f68e939a875ca4e61044775d073a444bf1cda5480f9a64962c2655371e76a0bf378074041912372af36566bc,gx-no-cache=1501776124532 HTTP/1.1" 200 30
186.103.158.250 - - [03/Aug/2017:13:01:21 -0300] "POST /cormun/servlet/solicitudotadjuntos?25152dbf8e26b42b75150f5f4d0de570,INS,2017,7130,,1,,gx-no-cache=1501776124595 HTTP/1.1" 200 3860
186.103.159.46 - - [03/Aug/2017:13:01:21 -0300] "POST /cormun/servlet/trpermisosadjuntos?302236d3537d9dea7a38475efdd79849,17296081,20170802133843,P,,gx-no-cache=1501776124857 HTTP/1.1" 200 90
186.103.159.46 - - [03/Aug/2017:13:01:21 -0300] "GET /cormun/servlet/hpexe_link HTTP/1.1" 200 984
186.103.159.46 - - [03/Aug/2017:13:01:21 -0300] "GET /cormun/servlet/trpermisosgoce HTTP/1.1" 200 10282
186.103.159.46 - - [03/Aug/2017:13:01:23 -0300] "GET /cormun/servlet/trpermisosgoce HTTP/1.1" 200 10280
186.103.159.46 - - [03/Aug/2017:13:01:28 -0300] "GET /cormun/servlet/trpermisosadjuntos?16535529,20170802133150,P, HTTP/1.1" 200 6120
186.103.159.46 - - [03/Aug/2017:13:01:29 -0300] "GET /cormun/servlet/trpermisosadjuntos?16535529,20170802133150,P, HTTP/1.1" 200 6119
186.103.159.46 - - [03/Aug/2017:13:01:31 -0300] "GET /cormun/servlet/permisosadjuntos?INS,16535529,P,20170802133150,, HTTP/1.1" 200 5449
186.103.159.46 - - [03/Aug/2017:13:01:31 -0300] "GET /cormun/static/about:blank HTTP/1.1" 404 1011
186.103.159.46 - - [03/Aug/2017:13:01:32 -0300] "GET /cormun/servlet/permisosadjuntos?INS,16535529,P,20170802133150,, HTTP/1.1" 200 5438
186.103.158.250 - - [03/Aug/2017:13:01:33 -0300] "POST /cormun/servlet/solicitudotadjuntos?gx-no-cache=1501776136455 HTTP/1.1" 200 26
186.103.158.250 - - [03/Aug/2017:13:01:39 -0300] "GET /cormun/servlet/solicitudotadjuntos?6a294270f68e939a875ca4e61044775d2095a7eff574a049eccdece1b98424af,gx-no-cache=1501776143326 HTTP/1.1" 200 30
186.103.158.250 - - [03/Aug/2017:13:01:40 -0300] "GET /cormun/servlet/solicitudotadjuntos?6a294270f68e939a875ca4e61044775d2095a7eff574a049eccdece1b98424af,gx-no-cache=1501776143391 HTTP/1.1" 200 30
186.103.158.250 - - [03/Aug/2017:13:01:41 -0300] "POST /cormun/servlet/solicitudotadjuntos?25152dbf8e26b42b75150f5f4d0de570,INS,2017,7130,,1, HTTP/1.1" 200 116
186.103.158.250 - - [03/Aug/2017:13:01:42 -0300] "GET /cormun/servlet/hpexe_return? HTTP/1.1" 200 1022
186.103.158.250 - - [03/Aug/2017:13:01:43 -0300] "GET /cormun/servlet/trsolicitudadjuntos?2017,7130, HTTP/1.1" 200 8614
186.103.158.250 - - [03/Aug/2017:13:01:44 -0300] "GET /cormun/servlet/trsolicitudadjuntos?2017,7130, HTTP/1.1" 200 8612
186.103.159.46 - - [03/Aug/2017:13:01:46 -0300] "POST /cormun/servlet/permisosadjuntos?302236d3537d9dea7a38475efdd79849,INS,16535529,P,20170802133150,, HTTP/1.1" 200 116
186.103.159.46 - - [03/Aug/2017:13:01:46 -0300] "GET /cormun/servlet/hpexe_return? HTTP/1.1" 200 1039
186.103.159.46 - - [03/Aug/2017:13:01:47 -0300] "GET /cormun/servlet/trpermisosadjuntos?16535529,20170802133150,P, HTTP/1.1" 200 6601
186.103.159.46 - - [03/Aug/2017:13:01:48 -0300] "GET /cormun/servlet/trpermisosadjuntos?16535529,20170802133150,P, HTTP/1.1" 200 6598
186.103.158.250 - - [03/Aug/2017:13:01:49 -0300] "GET /cormun/servlet/solicitudotadjuntos?INS,2017,7130,,1, HTTP/1.1" 200 6030
186.103.158.250 - - [03/Aug/2017:13:01:50 -0300] "GET /cormun/static/about:blank HTTP/1.1" 404 1011
186.103.158.250 - - [03/Aug/2017:13:01:50 -0300] "GET /cormun/servlet/solicitudotadjuntos?INS,2017,7130,,1, HTTP/1.1" 200 6023
186.103.158.250 - - [03/Aug/2017:13:01:51 -0300] "GET /cormun/servlet/solicitudotadjuntos?6a294270f68e939a875ca4e61044775d073a444bf1cda5480f9a64962c2655371e76a0bf378074041912372af36566bc,gx-no-cache=1501776154729 HTTP/1.1" 200 30
186.103.159.46 - - [03/Aug/2017:13:01:51 -0300] "POST /cormun/servlet/trpermisosadjuntos?302236d3537d9dea7a38475efdd79849,16535529,20170802133150,P,,gx-no-cache=1501776154725 HTTP/1.1" 200 90
186.103.159.46 - - [03/Aug/2017:13:01:51 -0300] "GET /cormun/servlet/hpexe_link HTTP/1.1" 200 984
186.103.158.250 - - [03/Aug/2017:13:01:51 -0300] "POST /cormun/servlet/solicitudotadjuntos?25152dbf8e26b42b75150f5f4d0de570,INS,2017,7130,,1,,gx-no-cache=1501776154787 HTTP/1.1" 200 3860
186.103.159.46 - - [03/Aug/2017:13:01:51 -0300] "GET /cormun/servlet/trpermisosgoce HTTP/1.1" 200 10282
186.103.159.46 - - [03/Aug/2017:13:01:53 -0300] "GET /cormun/servlet/trpermisosgoce HTTP/1.1" 200 10280
186.103.158.250 - - [03/Aug/2017:13:01:55 -0300] "POST /cormun/servlet/solicitudotadjuntos?gx-no-cache=1501776159130 HTTP/1.1" 200 26
186.103.159.46 - - [03/Aug/2017:13:02:01 -0300] "GET /cormun/servlet/trpermisosadjuntos?12912142,20170802133019,P, HTTP/1.1" 200 6112
186.103.159.46 - - [03/Aug/2017:13:02:03 -0300] "GET /cormun/servlet/trpermisosadjuntos?12912142,20170802133019,P, HTTP/1.1" 200 6113
186.103.159.46 - - [03/Aug/2017:13:02:04 -0300] "GET /cormun/servlet/permisosadjuntos?INS,12912142,P,20170802133019,, HTTP/1.1" 200 5441
186.103.159.46 - - [03/Aug/2017:13:02:05 -0300] "GET /cormun/static/about:blank HTTP/1.1" 404 1011
186.103.159.46 - - [03/Aug/2017:13:02:06 -0300] "GET /cormun/servlet/permisosadjuntos?INS,12912142,P,20170802133019,, HTTP/1.1" 200 5431
186.103.158.250 - - [03/Aug/2017:13:02:06 -0300] "GET /cormun/servlet/solicitudotadjuntos?6a294270f68e939a875ca4e61044775d2095a7eff574a049eccdece1b98424af,gx-no-cache=1501776169872 HTTP/1.1" 200 30
186.103.158.250 - - [03/Aug/2017:13:02:06 -0300] "GET /cormun/servlet/solicitudotadjuntos?6a294270f68e939a875ca4e61044775d2095a7eff574a049eccdece1b98424af,gx-no-cache=1501776169945 HTTP/1.1" 200 30
186.103.158.250 - - [03/Aug/2017:13:02:07 -0300] "POST /cormun/servlet/solicitudotadjuntos?25152dbf8e26b42b75150f5f4d0de570,INS,2017,7130,,1, HTTP/1.1" 200 116
186.103.158.250 - - [03/Aug/2017:13:02:07 -0300] "GET /cormun/servlet/hpexe_return? HTTP/1.1" 200 1022
186.103.158.250 - - [03/Aug/2017:13:02:08 -0300] "GET /cormun/servlet/trsolicitudadjuntos?2017,7130, HTTP/1.1" 200 8767
186.103.158.250 - - [03/Aug/2017:13:02:09 -0300] "GET /cormun/servlet/trsolicitudadjuntos?2017,7130, HTTP/1.1" 200 8765
186.103.158.250 - - [03/Aug/2017:13:02:13 -0300] "GET /cormun/servlet/solicitudotadjuntos?INS,2017,7130,,1, HTTP/1.1" 200 6030
186.103.158.250 - - [03/Aug/2017:13:02:13 -0300] "GET /cormun/static/about:blank HTTP/1.1" 404 1011
186.103.158.250 - - [03/Aug/2017:13:02:14 -0300] "GET /cormun/servlet/solicitudotadjuntos?INS,2017,7130,,1, HTTP/1.1" 200 6023
186.103.158.250 - - [03/Aug/2017:13:02:14 -0300] "GET /cormun/servlet/solicitudotadjuntos?6a294270f68e939a875ca4e61044775d073a444bf1cda5480f9a64962c2655371e76a0bf378074041912372af36566bc,gx-no-cache=1501776178124 HTTP/1.1" 200 30
186.103.158.250 - - [03/Aug/2017:13:02:14 -0300] "POST /cormun/servlet/solicitudotadjuntos?25152dbf8e26b42b75150f5f4d0de570,INS,2017,7130,,1,,gx-no-cache=1501776178227 HTTP/1.1" 200 3860
186.103.159.46 - - [03/Aug/2017:13:02:17 -0300] "POST /cormun/servlet/permisosadjuntos?302236d3537d9dea7a38475efdd79849,INS,12912142,P,20170802133019,, HTTP/1.1" 200 116
186.103.159.46 - - [03/Aug/2017:13:02:17 -0300] "GET /cormun/servlet/hpexe_return? HTTP/1.1" 200 1039
186.103.159.46 - - [03/Aug/2017:13:02:17 -0300] "GET /cormun/servlet/trpermisosadjuntos?12912142,20170802133019,P, HTTP/1.1" 200 6594
186.103.159.46 - - [03/Aug/2017:13:02:19 -0300] "GET /cormun/servlet/trpermisosadjuntos?12912142,20170802133019,P, HTTP/1.1" 200 6590
186.103.158.250 - - [03/Aug/2017:13:02:19 -0300] "POST /cormun/servlet/solicitudotadjuntos?gx-no-cache=1501776182559 HTTP/1.1" 200 26
186.103.159.46 - - [03/Aug/2017:13:02:22 -0300] "POST /cormun/servlet/trpermisosadjuntos?302236d3537d9dea7a38475efdd79849,12912142,20170802133019,P,,gx-no-cache=1501776185789 HTTP/1.1" 200 90
186.103.159.46 - - [03/Aug/2017:13:02:22 -0300] "GET /cormun/servlet/hpexe_link HTTP/1.1" 200 984
186.103.159.46 - - [03/Aug/2017:13:02:22 -0300] "GET /cormun/servlet/trpermisosgoce HTTP/1.1" 200 10282
186.103.159.46 - - [03/Aug/2017:13:02:24 -0300] "GET /cormun/servlet/trpermisosgoce HTTP/1.1" 200 10280
186.103.158.250 - - [03/Aug/2017:13:02:26 -0300] "GET /cormun/servlet/solicitudotadjuntos?6a294270f68e939a875ca4e61044775d2095a7eff574a049eccdece1b98424af,gx-no-cache=1501776189616 HTTP/1.1" 200 30
186.103.158.250 - - [03/Aug/2017:13:02:26 -0300] "GET /cormun/servlet/solicitudotadjuntos?6a294270f68e939a875ca4e61044775d2095a7eff574a049eccdece1b98424af,gx-no-cache=1501776189642 HTTP/1.1" 200 30
186.103.158.250 - - [03/Aug/2017:13:02:26 -0300] "POST /cormun/servlet/solicitudotadjuntos?25152dbf8e26b42b75150f5f4d0de570,INS,2017,7130,,1, HTTP/1.1" 200 116
186.103.158.250 - - [03/Aug/2017:13:02:26 -0300] "GET /cormun/servlet/hpexe_return? HTTP/1.1" 200 1022
186.103.158.250 - - [03/Aug/2017:13:02:27 -0300] "GET /cormun/servlet/trsolicitudadjuntos?2017,7130, HTTP/1.1" 200 8918
186.103.158.250 - - [03/Aug/2017:13:02:28 -0300] "GET /cormun/servlet/trsolicitudadjuntos?2017,7130, HTTP/1.1" 200 8916
186.103.158.250 - - [03/Aug/2017:13:02:31 -0300] "GET /cormun/servlet/solicitudotadjuntos?INS,2017,7130,,1, HTTP/1.1" 200 6030
186.103.158.250 - - [03/Aug/2017:13:02:32 -0300] "GET /cormun/static/about:blank HTTP/1.1" 404 1011
186.103.158.250 - - [03/Aug/2017:13:02:32 -0300] "GET /cormun/servlet/solicitudotadjuntos?INS,2017,7130,,1, HTTP/1.1" 200 6023
186.103.158.250 - - [03/Aug/2017:13:02:33 -0300] "GET /cormun/servlet/solicitudotadjuntos?6a294270f68e939a875ca4e61044775d073a444bf1cda5480f9a64962c2655371e76a0bf378074041912372af36566bc,gx-no-cache=1501776196689 HTTP/1.1" 200 30
186.103.158.250 - - [03/Aug/2017:13:02:33 -0300] "POST /cormun/servlet/solicitudotadjuntos?25152dbf8e26b42b75150f5f4d0de570,INS,2017,7130,,1,,gx-no-cache=1501776196743 HTTP/1.1" 200 3860
186.103.158.250 - - [03/Aug/2017:13:02:40 -0300] "POST /cormun/servlet/solicitudotadjuntos?gx-no-cache=1501776203650 HTTP/1.1" 200 26
186.103.158.250 - - [03/Aug/2017:13:02:42 -0300] "GET /cormun/servlet/solicitudotadjuntos?6a294270f68e939a875ca4e61044775d2095a7eff574a049eccdece1b98424af,gx-no-cache=1501776205627 HTTP/1.1" 200 30
186.103.158.250 - - [03/Aug/2017:13:02:42 -0300] "GET /cormun/servlet/solicitudotadjuntos?6a294270f68e939a875ca4e61044775d2095a7eff574a049eccdece1b98424af,gx-no-cache=1501776205664 HTTP/1.1" 200 30
186.103.158.250 - - [03/Aug/2017:13:02:42 -0300] "POST /cormun/servlet/solicitudotadjuntos?25152dbf8e26b42b75150f5f4d0de570,INS,2017,7130,,1,,gx-no-cache=1501776205707 HTTP/1.1" 200 93
186.103.158.250 - - [03/Aug/2017:13:02:42 -0300] "GET /cormun/servlet/hpexe_return? HTTP/1.1" 200 1022
186.103.158.250 - - [03/Aug/2017:13:02:42 -0300] "GET /cormun/servlet/trsolicitudadjuntos?2017,7130, HTTP/1.1" 200 9069
186.103.158.250 - - [03/Aug/2017:13:02:44 -0300] "GET /cormun/servlet/trsolicitudadjuntos?2017,7130, HTTP/1.1" 200 9071
186.103.158.250 - - [03/Aug/2017:13:02:50 -0300] "GET /cormun/servlet/solicitudotadjuntos?DLT,2017,7130,CERTIF5,0, HTTP/1.1" 200 5907
186.103.158.250 - - [03/Aug/2017:13:02:51 -0300] "GET /cormun/static/about:blank HTTP/1.1" 404 1011
186.103.158.250 - - [03/Aug/2017:13:02:51 -0300] "GET /cormun/static/Shared/jqueryui/images/ui-icons_82798d_256x240.png HTTP/1.1" 404 1089
186.103.158.250 - - [03/Aug/2017:13:02:51 -0300] "GET /cormun/static/Shared/jqueryui/images/ui-bg_highlight-soft_100_c6c2c8_1x100.png HTTP/1.1" 404 1117
186.103.158.250 - - [03/Aug/2017:13:02:51 -0300] "GET /cormun/static/Shared/jqueryui/images/ui-bg_flat_55_fafafa_40x100.png HTTP/1.1" 404 1097
186.103.158.250 - - [03/Aug/2017:13:02:51 -0300] "GET /cormun/static/Shared/jqueryui/images/ui-icons_8d78a5_256x240.png HTTP/1.1" 404 1089
186.103.158.250 - - [03/Aug/2017:13:02:51 -0300] "GET /cormun/servlet/solicitudotadjuntos?DLT,2017,7130,CERTIF5,0, HTTP/1.1" 200 5900
186.103.158.250 - - [03/Aug/2017:13:02:55 -0300] "POST /cormun/servlet/solicitudotadjuntos?25152dbf8e26b42b75150f5f4d0de570,DLT,2017,7130,CERTIF5,0,,gx-no-cache=1501776218334 HTTP/1.1" 200 93
186.103.158.250 - - [03/Aug/2017:13:02:55 -0300] "GET /cormun/servlet/hpexe_return? HTTP/1.1" 200 1028
186.103.159.46 - - [03/Aug/2017:13:02:55 -0300] "GET /cormun/servlet/trpermisosadjuntos?8926740,20170803123954,P, HTTP/1.1" 200 6111
186.103.158.250 - - [03/Aug/2017:13:02:55 -0300] "GET /cormun/servlet/trsolicitudadjuntos?2017,7130, HTTP/1.1" 200 9070
186.103.159.46 - - [03/Aug/2017:13:02:56 -0300] "GET /cormun/servlet/trpermisosadjuntos?8926740,20170803123954,P, HTTP/1.1" 200 6111
186.103.158.250 - - [03/Aug/2017:13:02:56 -0300] "GET /cormun/servlet/trsolicitudadjuntos?2017,7130, HTTP/1.1" 200 9065
186.103.159.46 - - [03/Aug/2017:13:02:57 -0300] "GET /cormun/servlet/permisosadjuntos?INS,8926740,P,20170803123954,, HTTP/1.1" 200 5441
186.103.159.46 - - [03/Aug/2017:13:02:58 -0300] "GET /cormun/static/about:blank HTTP/1.1" 404 1011
186.103.159.46 - - [03/Aug/2017:13:02:59 -0300] "GET /cormun/servlet/permisosadjuntos?INS,8926740,P,20170803123954,, HTTP/1.1" 200 5431
