186.67.172.234 - - [02/Aug/2017:12:30:27 -0300] "GET /cormun/servlet/licenciaspermisos?9bfa47428648a573a261a98f42f72deb137483dc070af7981d5ce9859323331be1a3406829c8abd81ce98b16a6acb5eb16970c0ed87e21227a757aef69689d1872a3f8c7efaf5c51b7b4b63eae70bd75f25ad85e06509eb146f3bb9c9dc3eab0b1108aa917b087b5f36ffa418ef5013e,gx-no-cache=1501687870277 HTTP/1.1" 200 83
186.67.172.234 - - [02/Aug/2017:12:30:27 -0300] "POST /cormun/servlet/licenciaspermisos?1347ed5ea0270332130fc59b807383c2,INS,0,,,,gx-no-cache=1501687870301 HTTP/1.1" 200 4596
186.67.172.234 - - [02/Aug/2017:12:30:27 -0300] "GET /cormun/servlet/licenciaspermisos?9bfa47428648a573a261a98f42f72debf05b321278ad6a9a8ae4571e1cd5653e60b7df1a9c8d4e99e6ac0abe2d1058df1232c8493ea826b9afa89f8dbceaaab2e58432ddd3c90c47ab59d71613c640d01f69a123e046195af2dbe689cc84cda15d3d81064e2eb6caebc3d36acd051b1caeb3a4e676c75c05526dbfc50709f651c52a378fcc4bafd4deca5d64fdc9d28c0a6c0661f0ed0f15f69d2e5939302169ffb075fa67265d0e6a05904c44851a6b,gx-no-cache=1501687870419 HTTP/1.1" 200 30
186.67.172.234 - - [02/Aug/2017:12:30:27 -0300] "GET /cormun/servlet/licenciaspermisos?9bfa47428648a573a261a98f42f72deb50872e6a82d56fefa6a6e725cebb0ca2fc9acaf31868082d87831bd976a6a7e5f2f8745502db5c38b2057a0ba41ff4bfd37bb763da5483857da2160dd97b343d15799e38977df126ef5b98666f39f293ce606aeea925bb0eb39805fc6a9425b84a8121e08c82604a9ad818f182c69af433edc4d6b40a98a86c03e4416f85472d0fdea8c9fc29799a967e0ee0d68c2488a01042b7033472be3ba35cea7aa92ee0,gx-no-cache=1501687870438 HTTP/1.1" 200 29
186.67.172.234 - - [02/Aug/2017:12:30:27 -0300] "POST /cormun/servlet/licenciaspermisos?1347ed5ea0270332130fc59b807383c2,INS,0,,,,gx-no-cache=1501687870457 HTTP/1.1" 200 4656
186.79.87.59 - - [02/Aug/2017:12:30:27 -0300] "POST /cormun/servlet/solicitudot?ed5727c76287142535f397b1ff90a09f,INS,0,0,,gx-no-cache=1501687868255 HTTP/1.1" 200 11470
186.79.87.59 - - [02/Aug/2017:12:30:38 -0300] "POST /cormun/servlet/solicitudot?gx-no-cache=1501687879631 HTTP/1.1" 200 120
186.79.87.59 - - [02/Aug/2017:12:30:39 -0300] "POST /cormun/servlet/solicitudot?ed5727c76287142535f397b1ff90a09f,INS,0,0,,gx-no-cache=1501687879784 HTTP/1.1" 200 11509
186.67.172.234 - - [02/Aug/2017:12:30:46 -0300] "GET /cormun/servlet/licenciaspermisos?9bfa47428648a573a261a98f42f72deb137483dc070af7981d5ce9859323331be1a3406829c8abd81ce98b16a6acb5eb16970c0ed87e21227a757aef69689d1872a3f8c7efaf5c51b7b4b63eae70bd75f25ad85e06509eb146f3bb9c9dc3eab0b1108aa917b087b5f36ffa418ef5013e,gx-no-cache=1501687889557 HTTP/1.1" 200 83
186.67.172.234 - - [02/Aug/2017:12:30:46 -0300] "POST /cormun/servlet/licenciaspermisos?1347ed5ea0270332130fc59b807383c2,INS,0,,,,gx-no-cache=1501687889625 HTTP/1.1" 200 4596
186.67.172.234 - - [02/Aug/2017:12:30:46 -0300] "GET /cormun/servlet/licenciaspermisos?9bfa47428648a573a261a98f42f72debf05b321278ad6a9a8ae4571e1cd5653e60b7df1a9c8d4e99e6ac0abe2d1058df1232c8493ea826b9afa89f8dbceaaab2e58432ddd3c90c47ab59d71613c640d01f69a123e046195af2dbe689cc84cda15d3d81064e2eb6caebc3d36acd051b1caeb3a4e676c75c05526dbfc50709f651c52a378fcc4bafd4deca5d64fdc9d28c0a6c0661f0ed0f15f69d2e5939302169ffb075fa67265d0e6a05904c44851a6b,gx-no-cache=1501687889731 HTTP/1.1" 200 30
186.67.172.234 - - [02/Aug/2017:12:30:46 -0300] "GET /cormun/servlet/licenciaspermisos?9bfa47428648a573a261a98f42f72deb50872e6a82d56fefa6a6e725cebb0ca2fc9acaf31868082d87831bd976a6a7e5f2f8745502db5c38b2057a0ba41ff4bfd37bb763da5483857da2160dd97b343d15799e38977df126ef5b98666f39f293ce606aeea925bb0eb39805fc6a9425b84a8121e08c82604a9ad818f182c69af433edc4d6b40a98a86c03e4416f85472d0fdea8c9fc29799a967e0ee0d68c2488a01042b7033472be3ba35cea7aa92ee0,gx-no-cache=1501687889754 HTTP/1.1" 200 29
186.67.172.234 - - [02/Aug/2017:12:30:46 -0300] "POST /cormun/servlet/licenciaspermisos?1347ed5ea0270332130fc59b807383c2,INS,0,,,,gx-no-cache=1501687889777 HTTP/1.1" 200 4656
186.67.172.234 - - [02/Aug/2017:12:30:48 -0300] "GET /cormun/servlet/licenciaspermisos?9bfa47428648a573a261a98f42f72deb137483dc070af7981d5ce9859323331be1a3406829c8abd81ce98b16a6acb5eb16970c0ed87e21227a757aef69689d1872a3f8c7efaf5c51b7b4b63eae70bd75f25ad85e06509eb146f3bb9c9dc3eab0b1108aa917b087b5f36ffa418ef5013e,gx-no-cache=1501687891957 HTTP/1.1" 200 83
186.67.172.234 - - [02/Aug/2017:12:30:48 -0300] "POST /cormun/servlet/licenciaspermisos?1347ed5ea0270332130fc59b807383c2,INS,0,,,,gx-no-cache=1501687891983 HTTP/1.1" 200 4596
186.67.172.234 - - [02/Aug/2017:12:30:48 -0300] "GET /cormun/servlet/licenciaspermisos?9bfa47428648a573a261a98f42f72debf05b321278ad6a9a8ae4571e1cd5653e60b7df1a9c8d4e99e6ac0abe2d1058df1232c8493ea826b9afa89f8dbceaaab2e58432ddd3c90c47ab59d71613c640d01f69a123e046195af2dbe689cc84cda15d3d81064e2eb6caebc3d36acd051b1caeb3a4e676c75c05526dbfc50709f651c52a378fcc4bafd4deca5d64fdc9d28c0a6c0661f0ed0f15f69d2e5939302169ffb075fa67265d0e6a05904c44851a6b,gx-no-cache=1501687892080 HTTP/1.1" 200 30
186.67.172.234 - - [02/Aug/2017:12:30:48 -0300] "GET /cormun/servlet/licenciaspermisos?9bfa47428648a573a261a98f42f72deb50872e6a82d56fefa6a6e725cebb0ca2fc9acaf31868082d87831bd976a6a7e5f2f8745502db5c38b2057a0ba41ff4bfd37bb763da5483857da2160dd97b343d15799e38977df126ef5b98666f39f293ce606aeea925bb0eb39805fc6a9425b84a8121e08c82604a9ad818f182c69af433edc4d6b40a98a86c03e4416f85472d0fdea8c9fc29799a967e0ee0d68c2488a01042b7033472be3ba35cea7aa92ee0,gx-no-cache=1501687892095 HTTP/1.1" 200 29
186.67.172.234 - - [02/Aug/2017:12:30:49 -0300] "POST /cormun/servlet/licenciaspermisos?1347ed5ea0270332130fc59b807383c2,INS,0,,,,gx-no-cache=1501687892116 HTTP/1.1" 200 4656
186.67.172.234 - - [02/Aug/2017:12:30:50 -0300] "GET /cormun/servlet/licenciaspermisos?9bfa47428648a573a261a98f42f72deb137483dc070af7981d5ce9859323331be1a3406829c8abd81ce98b16a6acb5eb16970c0ed87e21227a757aef69689d1872a3f8c7efaf5c51b7b4b63eae70bd75f25ad85e06509eb146f3bb9c9dc3eab0b1108aa917b087b5f36ffa418ef5013e,gx-no-cache=1501687893381 HTTP/1.1" 200 83
186.67.172.234 - - [02/Aug/2017:12:30:50 -0300] "POST /cormun/servlet/licenciaspermisos?1347ed5ea0270332130fc59b807383c2,INS,0,,,,gx-no-cache=1501687893402 HTTP/1.1" 200 4596
186.67.172.234 - - [02/Aug/2017:12:30:50 -0300] "GET /cormun/servlet/licenciaspermisos?9bfa47428648a573a261a98f42f72debf05b321278ad6a9a8ae4571e1cd5653e60b7df1a9c8d4e99e6ac0abe2d1058df1232c8493ea826b9afa89f8dbceaaab2e58432ddd3c90c47ab59d71613c640d01f69a123e046195af2dbe689cc84cda15d3d81064e2eb6caebc3d36acd051b1caeb3a4e676c75c05526dbfc50709f651c52a378fcc4bafd4deca5d64fdc9d28c0a6c0661f0ed0f15f69d2e5939302169ffb075fa67265d0e6a05904c44851a6b,gx-no-cache=1501687893506 HTTP/1.1" 200 30
186.67.172.234 - - [02/Aug/2017:12:30:50 -0300] "GET /cormun/servlet/licenciaspermisos?9bfa47428648a573a261a98f42f72deb50872e6a82d56fefa6a6e725cebb0ca2fc9acaf31868082d87831bd976a6a7e5f2f8745502db5c38b2057a0ba41ff4bfd37bb763da5483857da2160dd97b343d15799e38977df126ef5b98666f39f293ce606aeea925bb0eb39805fc6a9425b84a8121e08c82604a9ad818f182c69af433edc4d6b40a98a86c03e4416f85472d0fdea8c9fc29799a967e0ee0d68c2488a01042b7033472be3ba35cea7aa92ee0,gx-no-cache=1501687893558 HTTP/1.1" 200 29
186.67.172.234 - - [02/Aug/2017:12:30:50 -0300] "POST /cormun/servlet/licenciaspermisos?1347ed5ea0270332130fc59b807383c2,INS,0,,,,gx-no-cache=1501687893614 HTTP/1.1" 200 4656
186.67.172.234 - - [02/Aug/2017:12:30:53 -0300] "GET /cormun/servlet/trlicencias? HTTP/1.1" 200 11270
186.67.172.234 - - [02/Aug/2017:12:30:54 -0300] "GET /cormun/servlet/trlicencias? HTTP/1.1" 200 11261
186.67.172.234 - - [02/Aug/2017:12:31:01 -0300] "GET /cormun/servlet/trlicenciaspermisosadjuntos?15569821,20170802000000,L, HTTP/1.1" 200 6118
186.67.172.234 - - [02/Aug/2017:12:31:01 -0300] "GET /cormun/servlet/trlicenciaspermisosadjuntos?15569821,20170802000000,L, HTTP/1.1" 200 6118
186.67.172.234 - - [02/Aug/2017:12:31:03 -0300] "GET /cormun/servlet/licenciaspermisosadjuntos?INS,15569821,L,20170802000000,, HTTP/1.1" 200 5417
186.67.172.234 - - [02/Aug/2017:12:31:03 -0300] "GET /cormun/static/about:blank HTTP/1.1" 404 1011
186.67.172.234 - - [02/Aug/2017:12:31:03 -0300] "GET /cormun/servlet/licenciaspermisosadjuntos?INS,15569821,L,20170802000000,, HTTP/1.1" 200 5406
186.79.87.59 - - [02/Aug/2017:12:31:04 -0300] "POST /cormun/servlet/solicitudot?gx-no-cache=1501687906261 HTTP/1.1" 200 41
186.79.87.59 - - [02/Aug/2017:12:31:05 -0300] "POST /cormun/servlet/solicitudot?gx-no-cache=1501687906395 HTTP/1.1" 200 1336
186.79.87.59 - - [02/Aug/2017:12:31:05 -0300] "POST /cormun/servlet/solicitudot?gx-no-cache=1501687906591 HTTP/1.1" 200 34
186.79.87.59 - - [02/Aug/2017:12:31:06 -0300] "POST /cormun/servlet/solicitudot?ed5727c76287142535f397b1ff90a09f,INS,0,0,,gx-no-cache=1501687906689 HTTP/1.1" 200 93
186.79.87.59 - - [02/Aug/2017:12:31:06 -0300] "GET /cormun/servlet/hpexe_return? HTTP/1.1" 200 1001
186.79.87.59 - - [02/Aug/2017:12:31:06 -0300] "GET /cormun/static/gxcfg.js?2016101716175148 HTTP/1.1" 200 953
186.79.87.59 - - [02/Aug/2017:12:31:06 -0300] "GET /cormun/static/hpexe_return.js?2016101716175153 HTTP/1.1" 200 1633
186.79.87.59 - - [02/Aug/2017:12:31:06 -0300] "GET /cormun/static/Resources/Spanish/PXTools.css?167811 HTTP/1.1" 200 89042
186.79.87.59 - - [02/Aug/2017:12:31:06 -0300] "GET /cormun/servlet/trsolicitudot HTTP/1.1" 200 12076
186.79.87.59 - - [02/Aug/2017:12:31:07 -0300] "GET /cormun/servlet/trsolicitudot HTTP/1.1" 200 12072
186.67.172.234 - - [02/Aug/2017:12:31:12 -0300] "POST /cormun/servlet/licenciaspermisosadjuntos?1347ed5ea0270332130fc59b807383c2,INS,15569821,L,20170802000000,, HTTP/1.1" 200 116
186.67.172.234 - - [02/Aug/2017:12:31:12 -0300] "GET /cormun/servlet/hpexe_return? HTTP/1.1" 200 1044
186.67.172.234 - - [02/Aug/2017:12:31:13 -0300] "GET /cormun/servlet/trlicenciaspermisosadjuntos?15569821,20170802000000,L, HTTP/1.1" 200 6591
186.67.172.234 - - [02/Aug/2017:12:31:13 -0300] "GET /cormun/servlet/trlicenciaspermisosadjuntos?15569821,20170802000000,L, HTTP/1.1" 200 6588
186.79.87.59 - - [02/Aug/2017:12:31:16 -0300] "GET /cormun/servlet/trautorizarsolicitud? HTTP/1.1" 200 6956
186.79.87.59 - - [02/Aug/2017:12:31:16 -0300] "GET /cormun/static/gxcfg.js?20174261241362 HTTP/1.1" 200 953
186.79.87.59 - - [02/Aug/2017:12:31:16 -0300] "GET /cormun/static/trautorizarsolicitud.js?201742612414370 HTTP/1.1" 200 53910
186.79.87.59 - - [02/Aug/2017:12:31:16 -0300] "GET /cormun/static/Resources/Spanish/PXTools.css?11294912 HTTP/1.1" 200 89042
186.79.87.59 - - [02/Aug/2017:12:31:16 -0300] "GET /cormun/servlet/trautorizarsolicitud? HTTP/1.1" 200 6956
186.79.128.127 - - [02/Aug/2017:12:31:17 -0300] "GET /cormun/servlet/trvisualizadoreventos? HTTP/1.1" 200 6545
186.79.128.127 - - [02/Aug/2017:12:31:18 -0300] "GET /cormun/static/gxcfg.js?20175251251426 HTTP/1.1" 200 953
186.79.128.127 - - [02/Aug/2017:12:31:18 -0300] "GET /cormun/static/Resources/PXToolsActionPrint.png HTTP/1.1" 200 3317
186.79.128.127 - - [02/Aug/2017:12:31:18 -0300] "GET /cormun/static/trvisualizadoreventos.js?20175251251768 HTTP/1.1" 200 19318
186.67.172.234 - - [02/Aug/2017:12:31:19 -0300] "POST /cormun/servlet/trlicenciaspermisosadjuntos?1347ed5ea0270332130fc59b807383c2,15569821,20170802000000,L,,gx-no-cache=1501687922306 HTTP/1.1" 200 90
186.67.172.234 - - [02/Aug/2017:12:31:19 -0300] "GET /cormun/servlet/hpexe_link HTTP/1.1" 200 985
186.67.172.234 - - [02/Aug/2017:12:31:19 -0300] "GET /cormun/servlet/trlicencias HTTP/1.1" 200 11263
186.67.172.234 - - [02/Aug/2017:12:31:19 -0300] "GET /cormun/servlet/trlicencias HTTP/1.1" 200 11261
186.79.128.127 - - [02/Aug/2017:12:31:20 -0300] "GET /cormun/servlet/trvisualizadoreventos? HTTP/1.1" 200 6545
186.79.87.59 - - [02/Aug/2017:12:31:21 -0300] "GET /cormun/servlet/trsolicitudot HTTP/1.1" 200 12076
186.79.87.59 - - [02/Aug/2017:12:31:21 -0300] "GET /cormun/servlet/trsolicitudot HTTP/1.1" 200 12072
186.79.87.59 - - [02/Aug/2017:12:31:38 -0300] "POST /cormun/servlet/trsolicitudot?ed5727c76287142535f397b1ff90a09f,gx-no-cache=1501687938898 HTTP/1.1" 200 9396
186.79.87.59 - - [02/Aug/2017:12:31:38 -0300] "GET /cormun/static/Shared/jqueryui/images/ui-bg_highlight-soft_100_c6c2c8_1x100.png HTTP/1.1" 404 1117
186.79.87.59 - - [02/Aug/2017:12:31:38 -0300] "GET /cormun/static/Shared/jqueryui/images/ui-icons_82798d_256x240.png HTTP/1.1" 404 1089
186.79.87.59 - - [02/Aug/2017:12:31:38 -0300] "GET /cormun/static/Shared/jqueryui/images/ui-bg_flat_55_fafafa_40x100.png HTTP/1.1" 404 1097
186.79.87.59 - - [02/Aug/2017:12:31:38 -0300] "GET /cormun/static/Shared/jqueryui/images/ui-icons_8d78a5_256x240.png HTTP/1.1" 404 1089
186.67.172.234 - - [02/Aug/2017:12:31:45 -0300] "GET /cormun/servlet/alicenciaprn?15569821,L,20170802000000,PU HTTP/1.1" 200 1538
186.79.87.59 - - [02/Aug/2017:12:31:49 -0300] "POST /cormun/servlet/trsolicitudot?ed5727c76287142535f397b1ff90a09f,gx-no-cache=1501687950089 HTTP/1.1" 200 106
186.79.87.59 - - [02/Aug/2017:12:31:49 -0300] "GET /cormun/servlet/trsolicitudadjuntos?2017,7108, HTTP/1.1" 200 6116
186.79.87.59 - - [02/Aug/2017:12:31:49 -0300] "GET /cormun/static/gxcfg.js?20177612135366 HTTP/1.1" 200 953
186.79.87.59 - - [02/Aug/2017:12:31:49 -0300] "GET /cormun/static/trsolicitudadjuntos.js?20177612135632 HTTP/1.1" 200 17922
186.79.87.59 - - [02/Aug/2017:12:31:50 -0300] "GET /cormun/servlet/trsolicitudadjuntos?2017,7108, HTTP/1.1" 200 6116
186.79.87.59 - - [02/Aug/2017:12:31:55 -0300] "GET /cormun/servlet/trsolicitudot HTTP/1.1" 200 12076
186.79.87.59 - - [02/Aug/2017:12:31:56 -0300] "GET /cormun/servlet/trsolicitudot HTTP/1.1" 200 12072
186.79.87.59 - - [02/Aug/2017:12:32:00 -0300] "POST /cormun/servlet/trsolicitudot?ed5727c76287142535f397b1ff90a09f,gx-no-cache=1501687961341 HTTP/1.1" 200 106
186.79.87.59 - - [02/Aug/2017:12:32:00 -0300] "GET /cormun/servlet/trsolicitudadjuntos?2017,7108, HTTP/1.1" 200 6116
186.79.87.59 - - [02/Aug/2017:12:32:01 -0300] "GET /cormun/servlet/trsolicitudadjuntos?2017,7108, HTTP/1.1" 200 6116
186.79.87.59 - - [02/Aug/2017:12:32:09 -0300] "GET /cormun/servlet/solicitudotadjuntos?INS,2017,7108,,1, HTTP/1.1" 200 6069
186.79.87.59 - - [02/Aug/2017:12:32:09 -0300] "GET /cormun/static/gxcfg.js?201752511522888 HTTP/1.1" 200 953
186.79.87.59 - - [02/Aug/2017:12:32:09 -0300] "GET /cormun/static/solicitudotadjuntos.js?20175251152299 HTTP/1.1" 200 11771
186.79.87.59 - - [02/Aug/2017:12:32:09 -0300] "GET /cormun/static/about:blank HTTP/1.1" 404 1011
186.79.87.59 - - [02/Aug/2017:12:32:10 -0300] "GET /cormun/servlet/solicitudotadjuntos?INS,2017,7108,,1, HTTP/1.1" 200 6062
186.79.87.59 - - [02/Aug/2017:12:32:10 -0300] "GET /cormun/servlet/solicitudotadjuntos?3c6f0b50db5e81377fbf34456b3a53f89f33a58e186618c86dc4f22a2cbd4856041bcffc59e98839a26bcb5839d7dad6,gx-no-cache=1501687971903 HTTP/1.1" 200 30
186.79.87.59 - - [02/Aug/2017:12:32:10 -0300] "POST /cormun/servlet/solicitudotadjuntos?ed5727c76287142535f397b1ff90a09f,INS,2017,7108,,1,,gx-no-cache=1501687972032 HTTP/1.1" 200 3819
186.79.87.59 - - [02/Aug/2017:12:32:16 -0300] "POST /cormun/servlet/solicitudotadjuntos?gx-no-cache=1501687977577 HTTP/1.1" 200 26
190.45.55.254 - - [02/Aug/2017:12:32:29 -0300] "GET /cormun/servlet/hlogin HTTP/1.1" 200 1731
190.45.55.254 - - [02/Aug/2017:12:32:29 -0300] "GET /cormun/static/Resources/Spanish/PXTools.css?11423723 HTTP/1.1" 304 -
190.45.55.254 - - [02/Aug/2017:12:32:29 -0300] "GET /cormun/static/gxcfg.js?20175251213516 HTTP/1.1" 304 -
190.45.55.254 - - [02/Aug/2017:12:32:29 -0300] "GET /cormun/static/gxtimezone.js?85251 HTTP/1.1" 304 -
190.45.55.254 - - [02/Aug/2017:12:32:29 -0300] "GET /cormun/static/messages.spa.js?85251 HTTP/1.1" 304 -
190.45.55.254 - - [02/Aug/2017:12:32:29 -0300] "GET /cormun/static/hlogin.js?20175251213537 HTTP/1.1" 304 -
190.45.55.254 - - [02/Aug/2017:12:32:30 -0300] "GET /cormun/servlet/hlogin HTTP/1.1" 200 1734
192.168.10.96 - - [02/Aug/2017:12:33:44 -0300] "GET /cormun/servlet/trconsultaempleado? HTTP/1.1" 200 10153
192.168.10.96 - - [02/Aug/2017:12:33:44 -0300] "GET /cormun/static/gxcfg.js?201762717543265 HTTP/1.1" 200 953
192.168.10.96 - - [02/Aug/2017:12:33:44 -0300] "GET /cormun/static/trconsultaempleado.js?201762717543549 HTTP/1.1" 304 -
192.168.10.96 - - [02/Aug/2017:12:33:45 -0300] "GET /cormun/servlet/trconsultaempleado? HTTP/1.1" 200 10153
192.168.10.96 - - [02/Aug/2017:12:33:50 -0300] "POST /cormun/servlet/trconsultaempleado?89f2d685f87d7aad7b2cbe44e6e1d47b,,gx-no-cache=1501688008961 HTTP/1.1" 200 4561
192.168.10.96 - - [02/Aug/2017:12:33:52 -0300] "GET /cormun/servlet/trsolicitudnombre?17546590, HTTP/1.1" 200 7833
192.168.10.96 - - [02/Aug/2017:12:33:52 -0300] "GET /cormun/static/gxcfg.js?20177612153745 HTTP/1.1" 200 953
192.168.10.96 - - [02/Aug/2017:12:33:52 -0300] "GET /cormun/static/trsolicitudnombre.js?20177612154149 HTTP/1.1" 200 43705
192.168.10.96 - - [02/Aug/2017:12:33:52 -0300] "GET /cormun/servlet/trsolicitudnombre?17546590, HTTP/1.1" 200 7836
192.168.10.96 - - [02/Aug/2017:12:33:59 -0300] "GET /cormun/servlet/vesolicitudnombre?2017,4835,, HTTP/1.1" 200 8734
192.168.10.96 - - [02/Aug/2017:12:33:59 -0300] "GET /cormun/static/gxcfg.js?20177612153644 HTTP/1.1" 200 953
192.168.10.96 - - [02/Aug/2017:12:33:59 -0300] "GET /cormun/pexe_scrolldiv.js HTTP/1.1" 404 1009
192.168.10.96 - - [02/Aug/2017:12:33:59 -0300] "GET /cormun/static/tbsolicitudnombre01.js?2017110216261 HTTP/1.1" 200 29097
192.168.10.96 - - [02/Aug/2017:12:33:59 -0300] "GET /cormun/static/vesolicitudnombre.js?20177612153699 HTTP/1.1" 200 6119
192.168.10.96 - - [02/Aug/2017:12:33:59 -0300] "GET /cormun/pexe_scrolldiv.js HTTP/1.1" 404 1009
192.168.10.96 - - [02/Aug/2017:12:34:00 -0300] "GET /cormun/servlet/vesolicitudnombre?2017,4835,, HTTP/1.1" 200 8727
192.168.10.96 - - [02/Aug/2017:12:34:02 -0300] "GET /cormun/servlet/vesolicitudnombre?2017,4835,,SolicitudOTAdjuntos HTTP/1.1" 200 10955
192.168.10.96 - - [02/Aug/2017:12:34:02 -0300] "GET /cormun/pexe_scrolldiv.js HTTP/1.1" 404 1009
192.168.10.96 - - [02/Aug/2017:12:34:02 -0300] "GET /cormun/static/tbsolicitudnombre02.js?201612218422876 HTTP/1.1" 200 14732
192.168.10.96 - - [02/Aug/2017:12:34:02 -0300] "GET /cormun/pexe_scrolldiv.js HTTP/1.1" 404 1009
192.168.10.96 - - [02/Aug/2017:12:34:02 -0300] "GET /cormun/servlet/vesolicitudnombre?2017,4835,,SolicitudOTAdjuntos HTTP/1.1" 200 10956
192.168.10.96 - - [02/Aug/2017:12:34:03 -0300] "POST /cormun/servlet/acontrolpreferencessavestate?None,DZAMUDIO,true HTTP/1.1" 200 35
192.168.10.96 - - [02/Aug/2017:12:34:04 -0300] "GET /cormun/PublicTempStorage/titulo5009490.jpeg HTTP/1.1" 200 238736
192.168.10.96 - - [02/Aug/2017:12:36:29 -0300] "GET /cormun/servlet/vesolicitudnombre?2017,4835,,SolicitudOTAdjuntos HTTP/1.1" 200 10952
192.168.10.96 - - [02/Aug/2017:12:36:30 -0300] "GET /cormun/servlet/vesolicitudnombre?2017,4835,,SolicitudOTAdjuntos HTTP/1.1" 200 10956
192.168.10.96 - - [02/Aug/2017:12:36:31 -0300] "POST /cormun/servlet/acontrolpreferencessavestate?None,DZAMUDIO,true HTTP/1.1" 200 35
192.168.10.96 - - [02/Aug/2017:12:36:31 -0300] "GET /cormun/servlet/trconsultaempleado? HTTP/1.1" 200 6961
192.168.10.96 - - [02/Aug/2017:12:36:31 -0300] "GET /cormun/servlet/trconsultaempleado? HTTP/1.1" 200 6941
192.168.10.96 - - [02/Aug/2017:12:36:37 -0300] "POST /cormun/servlet/trconsultaempleado?89f2d685f87d7aad7b2cbe44e6e1d47b,,gx-no-cache=1501688175542 HTTP/1.1" 200 4578
192.168.10.96 - - [02/Aug/2017:12:36:38 -0300] "GET /cormun/servlet/trsolicitudnombre?16494691, HTTP/1.1" 200 8255
192.168.10.96 - - [02/Aug/2017:12:36:38 -0300] "GET /cormun/servlet/trsolicitudnombre?16494691, HTTP/1.1" 200 8258
192.168.10.96 - - [02/Aug/2017:12:36:40 -0300] "GET /cormun/servlet/vesolicitudnombre?2016,1431,, HTTP/1.1" 200 8685
192.168.10.96 - - [02/Aug/2017:12:36:40 -0300] "GET /cormun/pexe_scrolldiv.js HTTP/1.1" 404 1009
192.168.10.96 - - [02/Aug/2017:12:36:40 -0300] "GET /cormun/pexe_scrolldiv.js HTTP/1.1" 404 1009
192.168.10.96 - - [02/Aug/2017:12:36:41 -0300] "GET /cormun/servlet/vesolicitudnombre?2016,1431,, HTTP/1.1" 200 8679
186.67.172.234 - - [02/Aug/2017:12:36:42 -0300] "POST /cormun/servlet/trlicencias?1347ed5ea0270332130fc59b807383c2,gx-no-cache=1501688245042 HTTP/1.1" 200 8613
186.67.172.234 - - [02/Aug/2017:12:36:42 -0300] "GET /cormun/static/Shared/jqueryui/images/ui-bg_highlight-soft_100_c6c2c8_1x100.png HTTP/1.1" 404 1117
186.67.172.234 - - [02/Aug/2017:12:36:42 -0300] "GET /cormun/static/Shared/jqueryui/images/ui-icons_82798d_256x240.png HTTP/1.1" 404 1089
186.67.172.234 - - [02/Aug/2017:12:36:42 -0300] "GET /cormun/static/Shared/jqueryui/images/ui-bg_flat_55_fafafa_40x100.png HTTP/1.1" 404 1097
186.67.172.234 - - [02/Aug/2017:12:36:42 -0300] "GET /cormun/static/Shared/jqueryui/images/ui-icons_8d78a5_256x240.png HTTP/1.1" 404 1089
192.168.10.96 - - [02/Aug/2017:12:36:42 -0300] "GET /cormun/servlet/vesolicitudnombre?2016,1431,,SolicitudOTAdjuntos HTTP/1.1" 200 10616
192.168.10.96 - - [02/Aug/2017:12:36:42 -0300] "GET /cormun/pexe_scrolldiv.js HTTP/1.1" 404 1009
192.168.10.96 - - [02/Aug/2017:12:36:42 -0300] "GET /cormun/pexe_scrolldiv.js HTTP/1.1" 404 1009
192.168.10.96 - - [02/Aug/2017:12:36:43 -0300] "GET /cormun/servlet/vesolicitudnombre?2016,1431,,SolicitudOTAdjuntos HTTP/1.1" 200 10617
192.168.10.96 - - [02/Aug/2017:12:36:44 -0300] "POST /cormun/servlet/acontrolpreferencessavestate?None,DZAMUDIO,true HTTP/1.1" 200 35
186.67.172.234 - - [02/Aug/2017:12:36:47 -0300] "GET /cormun/servlet/licenciaspermisos?INS,0,,, HTTP/1.1" 200 7318
192.168.10.96 - - [02/Aug/2017:12:36:47 -0300] "POST /cormun/servlet/vesolicitudnombre?89f2d685f87d7aad7b2cbe44e6e1d47b,2016,1431,,SolicitudOTAdjuntos,gx-no-cache=1501688185317 HTTP/1.1" 200 90
192.168.10.96 - - [02/Aug/2017:12:36:47 -0300] "GET /cormun/servlet/hpexe_link HTTP/1.1" 200 991
192.168.10.96 - - [02/Aug/2017:12:36:47 -0300] "GET /cormun/servlet/trsolicitudnombre?16494691, HTTP/1.1" 200 8256
186.67.172.234 - - [02/Aug/2017:12:36:47 -0300] "GET /cormun/servlet/licenciaspermisos?INS,0,,, HTTP/1.1" 200 7318
192.168.10.96 - - [02/Aug/2017:12:36:47 -0300] "GET /cormun/servlet/trsolicitudnombre?16494691, HTTP/1.1" 200 8258
192.168.10.96 - - [02/Aug/2017:12:36:50 -0300] "GET /cormun/servlet/vesolicitudnombre?2017,6183,, HTTP/1.1" 200 8680
192.168.10.96 - - [02/Aug/2017:12:36:50 -0300] "GET /cormun/pexe_scrolldiv.js HTTP/1.1" 404 1009
192.168.10.96 - - [02/Aug/2017:12:36:50 -0300] "GET /cormun/pexe_scrolldiv.js HTTP/1.1" 404 1009
192.168.10.96 - - [02/Aug/2017:12:36:50 -0300] "GET /cormun/servlet/vesolicitudnombre?2017,6183,, HTTP/1.1" 200 8673
192.168.10.96 - - [02/Aug/2017:12:36:52 -0300] "GET /cormun/servlet/vesolicitudnombre?2017,6183,,SolicitudOTAdjuntos HTTP/1.1" 200 7673
192.168.10.96 - - [02/Aug/2017:12:36:52 -0300] "GET /cormun/pexe_scrolldiv.js HTTP/1.1" 404 1009
192.168.10.96 - - [02/Aug/2017:12:36:52 -0300] "GET /cormun/pexe_scrolldiv.js HTTP/1.1" 404 1009
192.168.10.96 - - [02/Aug/2017:12:36:52 -0300] "GET /cormun/servlet/vesolicitudnombre?2017,6183,,SolicitudOTAdjuntos HTTP/1.1" 200 7673
192.168.10.96 - - [02/Aug/2017:12:36:53 -0300] "POST /cormun/servlet/acontrolpreferencessavestate?None,DZAMUDIO,true HTTP/1.1" 200 35
192.168.10.96 - - [02/Aug/2017:12:36:54 -0300] "POST /cormun/servlet/vesolicitudnombre?89f2d685f87d7aad7b2cbe44e6e1d47b,2017,6183,,SolicitudOTAdjuntos,gx-no-cache=1501688192204 HTTP/1.1" 200 90
192.168.10.96 - - [02/Aug/2017:12:36:54 -0300] "GET /cormun/servlet/hpexe_link HTTP/1.1" 200 989
192.168.10.96 - - [02/Aug/2017:12:36:54 -0300] "GET /cormun/servlet/trsolicitudnombre?16494691, HTTP/1.1" 200 8256
192.168.10.96 - - [02/Aug/2017:12:36:54 -0300] "GET /cormun/servlet/trsolicitudnombre?16494691, HTTP/1.1" 200 8258
192.168.10.96 - - [02/Aug/2017:12:36:55 -0300] "GET /cormun/servlet/vesolicitudnombre?2017,6376,, HTTP/1.1" 200 8713
192.168.10.96 - - [02/Aug/2017:12:36:55 -0300] "GET /cormun/pexe_scrolldiv.js HTTP/1.1" 404 1009
192.168.10.96 - - [02/Aug/2017:12:36:56 -0300] "GET /cormun/pexe_scrolldiv.js HTTP/1.1" 404 1009
192.168.10.96 - - [02/Aug/2017:12:36:56 -0300] "GET /cormun/servlet/vesolicitudnombre?2017,6376,, HTTP/1.1" 200 8706
192.168.10.96 - - [02/Aug/2017:12:36:57 -0300] "GET /cormun/servlet/vesolicitudnombre?2017,6376,,SolicitudOTAdjuntos HTTP/1.1" 200 7673
192.168.10.96 - - [02/Aug/2017:12:36:57 -0300] "GET /cormun/pexe_scrolldiv.js HTTP/1.1" 404 1009
192.168.10.96 - - [02/Aug/2017:12:36:58 -0300] "GET /cormun/pexe_scrolldiv.js HTTP/1.1" 404 1009
192.168.10.96 - - [02/Aug/2017:12:36:58 -0300] "GET /cormun/servlet/vesolicitudnombre?2017,6376,,SolicitudOTAdjuntos HTTP/1.1" 200 7673
192.168.10.96 - - [02/Aug/2017:12:36:59 -0300] "POST /cormun/servlet/acontrolpreferencessavestate?None,DZAMUDIO,true HTTP/1.1" 200 35
192.168.10.96 - - [02/Aug/2017:12:37:00 -0300] "POST /cormun/servlet/vesolicitudnombre?89f2d685f87d7aad7b2cbe44e6e1d47b,2017,6376,,SolicitudOTAdjuntos,gx-no-cache=1501688198106 HTTP/1.1" 200 90
192.168.10.96 - - [02/Aug/2017:12:37:00 -0300] "GET /cormun/servlet/hpexe_link HTTP/1.1" 200 990
192.168.10.96 - - [02/Aug/2017:12:37:00 -0300] "GET /cormun/servlet/trsolicitudnombre?16494691, HTTP/1.1" 200 8255
192.168.10.96 - - [02/Aug/2017:12:37:00 -0300] "GET /cormun/servlet/trsolicitudnombre?16494691, HTTP/1.1" 200 8257
192.168.10.96 - - [02/Aug/2017:12:37:01 -0300] "POST /cormun/servlet/trsolicitudnombre?89f2d685f87d7aad7b2cbe44e6e1d47b,16494691,,gx-no-cache=1501688199208 HTTP/1.1" 200 90
192.168.10.96 - - [02/Aug/2017:12:37:01 -0300] "GET /cormun/servlet/hpexe_link HTTP/1.1" 200 980
192.168.10.96 - - [02/Aug/2017:12:37:01 -0300] "GET /cormun/servlet/trconsultaempleado? HTTP/1.1" 200 6941
192.168.10.96 - - [02/Aug/2017:12:37:01 -0300] "GET /cormun/servlet/trconsultaempleado? HTTP/1.1" 200 6939
192.168.10.96 - - [02/Aug/2017:12:37:05 -0300] "POST /cormun/servlet/trconsultaempleado?89f2d685f87d7aad7b2cbe44e6e1d47b,,gx-no-cache=1501688203078 HTTP/1.1" 200 90
192.168.10.96 - - [02/Aug/2017:12:37:05 -0300] "GET /cormun/servlet/hpexe_link HTTP/1.1" 200 969
192.168.10.96 - - [02/Aug/2017:12:37:05 -0300] "GET /cormun/servlet/trsolicitudgral? HTTP/1.1" 200 8975
192.168.10.96 - - [02/Aug/2017:12:37:05 -0300] "GET /cormun/servlet/trsolicitudgral? HTTP/1.1" 200 8974
186.67.172.234 - - [02/Aug/2017:12:37:08 -0300] "GET /cormun/servlet/prfichaempleado?,MD,,gxPopupLevel%3D0%3B HTTP/1.1" 200 9232
192.168.10.96 - - [02/Aug/2017:12:37:11 -0300] "GET /cormun/servlet/trconsultaempleado? HTTP/1.1" 200 6940
192.168.10.96 - - [02/Aug/2017:12:37:11 -0300] "GET /cormun/servlet/trconsultaempleado? HTTP/1.1" 200 6939
192.168.10.89 - - [02/Aug/2017:12:37:34 -0300] "GET /cormun/servlet/hlogin HTTP/1.1" 200 1734
186.67.172.234 - - [02/Aug/2017:12:38:48 -0300] "POST /cormun/servlet/prfichaempleado?1347ed5ea0270332130fc59b807383c2,,MD,,gxPopupLevel%3D0%3B,gx-no-cache=1501688371418 HTTP/1.1" 200 3493
192.168.10.89 - - [02/Aug/2017:12:39:19 -0300] "POST /cormun/servlet/hlogin?648f144cb2c523a2d11b163344134edf,gx-no-cache=1501688337080 HTTP/1.1" 200 90
192.168.10.89 - - [02/Aug/2017:12:39:19 -0300] "GET /cormun/servlet/hpexe_link HTTP/1.1" 200 943
192.168.10.89 - - [02/Aug/2017:12:39:19 -0300] "GET /cormun/servlet/hhome HTTP/1.1" 200 4624
192.168.10.89 - - [02/Aug/2017:12:39:22 -0300] "GET /cormun/servlet/trsolicitudgral? HTTP/1.1" 200 28349
192.168.10.89 - - [02/Aug/2017:12:39:29 -0300] "GET /cormun/static/menuarrow.gif HTTP/1.1" 404 1015
192.168.10.89 - - [02/Aug/2017:12:39:35 -0300] "POST /cormun/servlet/trsolicitudgral?648f144cb2c523a2d11b163344134edf,,gx-no-cache=1501688352957 HTTP/1.1" 200 26192
192.168.10.89 - - [02/Aug/2017:12:40:06 -0300] "POST /cormun/servlet/trsolicitudgral?648f144cb2c523a2d11b163344134edf,,gx-no-cache=1501688383729 HTTP/1.1" 200 25779
192.168.10.89 - - [02/Aug/2017:12:40:08 -0300] "GET /cormun/static/Shared/jqueryui/images/ui-icons_82798d_256x240.png HTTP/1.1" 404 1089
192.168.10.89 - - [02/Aug/2017:12:40:08 -0300] "GET /cormun/static/Shared/jqueryui/images/ui-bg_highlight-soft_100_c6c2c8_1x100.png HTTP/1.1" 404 1117
192.168.10.89 - - [02/Aug/2017:12:40:08 -0300] "GET /cormun/static/Shared/jqueryui/images/ui-icons_8d78a5_256x240.png HTTP/1.1" 404 1089
192.168.10.89 - - [02/Aug/2017:12:40:08 -0300] "GET /cormun/static/Shared/jqueryui/images/ui-bg_flat_55_fafafa_40x100.png HTTP/1.1" 404 1097
192.168.10.89 - - [02/Aug/2017:12:40:43 -0300] "POST /cormun/servlet/trsolicitudgral?648f144cb2c523a2d11b163344134edf,,gx-no-cache=1501688421387 HTTP/1.1" 200 16193
192.168.10.89 - - [02/Aug/2017:12:41:13 -0300] "POST /cormun/servlet/trsolicitudgral?648f144cb2c523a2d11b163344134edf,,gx-no-cache=1501688451641 HTTP/1.1" 200 15768
192.168.10.89 - - [02/Aug/2017:12:42:24 -0300] "POST /cormun/servlet/trsolicitudgral?648f144cb2c523a2d11b163344134edf,,gx-no-cache=1501688522561 HTTP/1.1" 200 15016
186.79.87.59 - - [02/Aug/2017:12:42:30 -0300] "GET /cormun/servlet/solicitudotadjuntos?3c6f0b50db5e81377fbf34456b3a53f804c0ad3b2dde4aff37d2fe406e00f9a5,gx-no-cache=1501688591786 HTTP/1.1" 200 30
186.79.87.59 - - [02/Aug/2017:12:42:30 -0300] "GET /cormun/servlet/solicitudotadjuntos?3c6f0b50db5e81377fbf34456b3a53f804c0ad3b2dde4aff37d2fe406e00f9a5,gx-no-cache=1501688592037 HTTP/1.1" 200 30
186.79.87.59 - - [02/Aug/2017:12:42:36 -0300] "POST /cormun/servlet/solicitudotadjuntos?ed5727c76287142535f397b1ff90a09f,INS,2017,7108,,1, HTTP/1.1" 200 116
186.79.87.59 - - [02/Aug/2017:12:42:36 -0300] "GET /cormun/servlet/hpexe_return? HTTP/1.1" 200 1020
186.79.87.59 - - [02/Aug/2017:12:42:36 -0300] "GET /cormun/servlet/trsolicitudadjuntos?2017,7108, HTTP/1.1" 200 8394
186.79.87.59 - - [02/Aug/2017:12:42:37 -0300] "GET /cormun/servlet/trsolicitudadjuntos?2017,7108, HTTP/1.1" 200 8391
186.79.87.59 - - [02/Aug/2017:12:42:39 -0300] "GET /cormun/servlet/solicitudotadjuntos?INS,2017,7108,,1, HTTP/1.1" 200 6068
186.79.87.59 - - [02/Aug/2017:12:42:39 -0300] "GET /cormun/static/about:blank HTTP/1.1" 404 1011
186.79.87.59 - - [02/Aug/2017:12:42:40 -0300] "GET /cormun/servlet/solicitudotadjuntos?INS,2017,7108,,1, HTTP/1.1" 200 6062
186.79.87.59 - - [02/Aug/2017:12:42:40 -0300] "GET /cormun/servlet/solicitudotadjuntos?3c6f0b50db5e81377fbf34456b3a53f89f33a58e186618c86dc4f22a2cbd4856041bcffc59e98839a26bcb5839d7dad6,gx-no-cache=1501688601939 HTTP/1.1" 200 30
186.79.87.59 - - [02/Aug/2017:12:42:41 -0300] "POST /cormun/servlet/solicitudotadjuntos?ed5727c76287142535f397b1ff90a09f,INS,2017,7108,,1,,gx-no-cache=1501688602086 HTTP/1.1" 200 3818
186.79.87.59 - - [02/Aug/2017:12:42:43 -0300] "POST /cormun/servlet/solicitudotadjuntos?gx-no-cache=1501688605012 HTTP/1.1" 200 26
186.79.87.59 - - [02/Aug/2017:12:42:57 -0300] "GET /cormun/servlet/solicitudotadjuntos?3c6f0b50db5e81377fbf34456b3a53f804c0ad3b2dde4aff37d2fe406e00f9a5,gx-no-cache=1501688618934 HTTP/1.1" 200 30
186.79.87.59 - - [02/Aug/2017:12:42:57 -0300] "GET /cormun/servlet/solicitudotadjuntos?3c6f0b50db5e81377fbf34456b3a53f804c0ad3b2dde4aff37d2fe406e00f9a5,gx-no-cache=1501688619040 HTTP/1.1" 200 30
192.168.10.89 - - [02/Aug/2017:12:43:02 -0300] "POST /cormun/servlet/trsolicitudgral?648f144cb2c523a2d11b163344134edf,,gx-no-cache=1501688560426 HTTP/1.1" 200 14326
186.79.87.59 - - [02/Aug/2017:12:43:06 -0300] "POST /cormun/servlet/solicitudotadjuntos?ed5727c76287142535f397b1ff90a09f,INS,2017,7108,,1, HTTP/1.1" 200 116
186.79.87.59 - - [02/Aug/2017:12:43:07 -0300] "GET /cormun/servlet/hpexe_return? HTTP/1.1" 200 1020
186.79.87.59 - - [02/Aug/2017:12:43:07 -0300] "GET /cormun/servlet/trsolicitudadjuntos?2017,7108, HTTP/1.1" 200 8581
186.79.87.59 - - [02/Aug/2017:12:43:08 -0300] "GET /cormun/servlet/trsolicitudadjuntos?2017,7108, HTTP/1.1" 200 8580
186.79.87.59 - - [02/Aug/2017:12:43:10 -0300] "GET /cormun/servlet/solicitudotadjuntos?INS,2017,7108,,1, HTTP/1.1" 200 6068
186.79.87.59 - - [02/Aug/2017:12:43:10 -0300] "GET /cormun/static/about:blank HTTP/1.1" 404 1011
186.79.87.59 - - [02/Aug/2017:12:43:11 -0300] "GET /cormun/servlet/solicitudotadjuntos?INS,2017,7108,,1, HTTP/1.1" 200 6062
186.79.87.59 - - [02/Aug/2017:12:43:11 -0300] "GET /cormun/servlet/solicitudotadjuntos?3c6f0b50db5e81377fbf34456b3a53f89f33a58e186618c86dc4f22a2cbd4856041bcffc59e98839a26bcb5839d7dad6,gx-no-cache=1501688632934 HTTP/1.1" 200 30
186.79.87.59 - - [02/Aug/2017:12:43:12 -0300] "POST /cormun/servlet/solicitudotadjuntos?ed5727c76287142535f397b1ff90a09f,INS,2017,7108,,1,,gx-no-cache=1501688633071 HTTP/1.1" 200 3818
186.79.87.59 - - [02/Aug/2017:12:43:14 -0300] "POST /cormun/servlet/solicitudotadjuntos?gx-no-cache=1501688635518 HTTP/1.1" 200 26
186.79.128.127 - - [02/Aug/2017:12:43:15 -0300] "GET /cormun/servlet/hlogin HTTP/1.1" 200 1719
186.79.87.59 - - [02/Aug/2017:12:43:19 -0300] "GET /cormun/servlet/solicitudotadjuntos?3c6f0b50db5e81377fbf34456b3a53f804c0ad3b2dde4aff37d2fe406e00f9a5,gx-no-cache=1501688641012 HTTP/1.1" 200 30
186.79.87.59 - - [02/Aug/2017:12:43:19 -0300] "GET /cormun/servlet/solicitudotadjuntos?3c6f0b50db5e81377fbf34456b3a53f804c0ad3b2dde4aff37d2fe406e00f9a5,gx-no-cache=1501688641230 HTTP/1.1" 200 30
192.168.10.89 - - [02/Aug/2017:12:43:22 -0300] "POST /cormun/servlet/trsolicitudgral?648f144cb2c523a2d11b163344134edf,,gx-no-cache=1501688580838 HTTP/1.1" 200 13862
186.79.87.59 - - [02/Aug/2017:12:43:25 -0300] "POST /cormun/servlet/solicitudotadjuntos?ed5727c76287142535f397b1ff90a09f,INS,2017,7108,,1, HTTP/1.1" 200 116
186.79.87.59 - - [02/Aug/2017:12:43:25 -0300] "GET /cormun/servlet/hpexe_return? HTTP/1.1" 200 1020
186.79.87.59 - - [02/Aug/2017:12:43:26 -0300] "GET /cormun/servlet/trsolicitudadjuntos?2017,7108, HTTP/1.1" 200 8747
186.79.87.59 - - [02/Aug/2017:12:43:26 -0300] "GET /cormun/servlet/trsolicitudadjuntos?2017,7108, HTTP/1.1" 200 8746
186.79.87.59 - - [02/Aug/2017:12:43:29 -0300] "GET /cormun/servlet/solicitudotadjuntos?INS,2017,7108,,1, HTTP/1.1" 200 6068
186.79.87.59 - - [02/Aug/2017:12:43:29 -0300] "GET /cormun/static/about:blank HTTP/1.1" 404 1011
186.79.87.59 - - [02/Aug/2017:12:43:30 -0300] "GET /cormun/servlet/solicitudotadjuntos?INS,2017,7108,,1, HTTP/1.1" 200 6062
186.79.87.59 - - [02/Aug/2017:12:43:30 -0300] "GET /cormun/servlet/solicitudotadjuntos?3c6f0b50db5e81377fbf34456b3a53f89f33a58e186618c86dc4f22a2cbd4856041bcffc59e98839a26bcb5839d7dad6,gx-no-cache=1501688651856 HTTP/1.1" 200 30
186.79.87.59 - - [02/Aug/2017:12:43:30 -0300] "POST /cormun/servlet/solicitudotadjuntos?ed5727c76287142535f397b1ff90a09f,INS,2017,7108,,1,,gx-no-cache=1501688651969 HTTP/1.1" 200 3818
186.79.128.127 - - [02/Aug/2017:12:43:31 -0300] "POST /cormun/servlet/hlogin?fe9cdf459bfd1aca0b314fda68b6bae4,gx-no-cache=1501688649486 HTTP/1.1" 200 425
186.79.87.59 - - [02/Aug/2017:12:43:42 -0300] "POST /cormun/servlet/solicitudotadjuntos?gx-no-cache=1501688664160 HTTP/1.1" 200 26
186.79.87.59 - - [02/Aug/2017:12:43:47 -0300] "GET /cormun/servlet/solicitudotadjuntos?3c6f0b50db5e81377fbf34456b3a53f804c0ad3b2dde4aff37d2fe406e00f9a5,gx-no-cache=1501688669185 HTTP/1.1" 200 30
186.79.87.59 - - [02/Aug/2017:12:43:47 -0300] "GET /cormun/servlet/solicitudotadjuntos?3c6f0b50db5e81377fbf34456b3a53f804c0ad3b2dde4aff37d2fe406e00f9a5,gx-no-cache=1501688669299 HTTP/1.1" 200 30
186.79.128.127 - - [02/Aug/2017:12:43:50 -0300] "POST /cormun/servlet/hlogin?fe9cdf459bfd1aca0b314fda68b6bae4,gx-no-cache=1501688668698 HTTP/1.1" 200 425
186.79.87.59 - - [02/Aug/2017:12:43:52 -0300] "POST /cormun/servlet/solicitudotadjuntos?ed5727c76287142535f397b1ff90a09f,INS,2017,7108,,1, HTTP/1.1" 200 116
186.79.87.59 - - [02/Aug/2017:12:43:52 -0300] "GET /cormun/servlet/hpexe_return? HTTP/1.1" 200 1020
186.79.87.59 - - [02/Aug/2017:12:43:53 -0300] "GET /cormun/servlet/trsolicitudadjuntos?2017,7108, HTTP/1.1" 200 8899
186.79.87.59 - - [02/Aug/2017:12:43:54 -0300] "GET /cormun/servlet/trsolicitudadjuntos?2017,7108, HTTP/1.1" 200 8898
186.79.87.59 - - [02/Aug/2017:12:43:57 -0300] "GET /cormun/servlet/solicitudotadjuntos?INS,2017,7108,,1, HTTP/1.1" 200 6068
186.79.87.59 - - [02/Aug/2017:12:43:57 -0300] "GET /cormun/static/about:blank HTTP/1.1" 404 1011
186.79.87.59 - - [02/Aug/2017:12:43:58 -0300] "GET /cormun/servlet/solicitudotadjuntos?INS,2017,7108,,1, HTTP/1.1" 200 6062
186.79.87.59 - - [02/Aug/2017:12:43:58 -0300] "GET /cormun/servlet/solicitudotadjuntos?3c6f0b50db5e81377fbf34456b3a53f89f33a58e186618c86dc4f22a2cbd4856041bcffc59e98839a26bcb5839d7dad6,gx-no-cache=1501688680077 HTTP/1.1" 200 30
186.79.87.59 - - [02/Aug/2017:12:43:59 -0300] "POST /cormun/servlet/solicitudotadjuntos?ed5727c76287142535f397b1ff90a09f,INS,2017,7108,,1,,gx-no-cache=1501688680225 HTTP/1.1" 200 3818
186.79.87.59 - - [02/Aug/2017:12:44:01 -0300] "POST /cormun/servlet/solicitudotadjuntos?gx-no-cache=1501688683213 HTTP/1.1" 200 26
186.79.128.127 - - [02/Aug/2017:12:44:07 -0300] "POST /cormun/servlet/hlogin?fe9cdf459bfd1aca0b314fda68b6bae4,gx-no-cache=1501688685502 HTTP/1.1" 200 90
186.79.128.127 - - [02/Aug/2017:12:44:07 -0300] "GET /cormun/servlet/hpexe_link HTTP/1.1" 200 948
186.79.128.127 - - [02/Aug/2017:12:44:07 -0300] "GET /cormun/servlet/hhome HTTP/1.1" 200 3811
186.79.128.127 - - [02/Aug/2017:12:44:09 -0300] "GET /cormun/servlet/hhome HTTP/1.1" 200 3809
186.79.87.59 - - [02/Aug/2017:12:44:10 -0300] "GET /cormun/servlet/solicitudotadjuntos?3c6f0b50db5e81377fbf34456b3a53f804c0ad3b2dde4aff37d2fe406e00f9a5,gx-no-cache=1501688691954 HTTP/1.1" 200 30
186.79.87.59 - - [02/Aug/2017:12:44:10 -0300] "GET /cormun/servlet/solicitudotadjuntos?3c6f0b50db5e81377fbf34456b3a53f804c0ad3b2dde4aff37d2fe406e00f9a5,gx-no-cache=1501688692100 HTTP/1.1" 200 30
192.168.10.89 - - [02/Aug/2017:12:44:16 -0300] "POST /cormun/servlet/trsolicitudgral?648f144cb2c523a2d11b163344134edf,,gx-no-cache=1501688634754 HTTP/1.1" 200 13364
186.79.87.59 - - [02/Aug/2017:12:44:16 -0300] "POST /cormun/servlet/solicitudotadjuntos?ed5727c76287142535f397b1ff90a09f,INS,2017,7108,,1, HTTP/1.1" 200 116
186.79.87.59 - - [02/Aug/2017:12:44:17 -0300] "GET /cormun/servlet/hpexe_return? HTTP/1.1" 200 1020
186.79.87.59 - - [02/Aug/2017:12:44:17 -0300] "GET /cormun/servlet/trsolicitudadjuntos?2017,7108, HTTP/1.1" 200 9090
186.79.87.59 - - [02/Aug/2017:12:44:18 -0300] "GET /cormun/servlet/trsolicitudadjuntos?2017,7108, HTTP/1.1" 200 9090
186.79.87.59 - - [02/Aug/2017:12:44:20 -0300] "GET /cormun/servlet/solicitudotadjuntos?INS,2017,7108,,1, HTTP/1.1" 200 6068
186.79.87.59 - - [02/Aug/2017:12:44:20 -0300] "GET /cormun/static/about:blank HTTP/1.1" 404 1011
186.79.87.59 - - [02/Aug/2017:12:44:20 -0300] "GET /cormun/servlet/solicitudotadjuntos?INS,2017,7108,,1, HTTP/1.1" 200 6062
186.79.87.59 - - [02/Aug/2017:12:44:21 -0300] "GET /cormun/servlet/solicitudotadjuntos?3c6f0b50db5e81377fbf34456b3a53f89f33a58e186618c86dc4f22a2cbd4856041bcffc59e98839a26bcb5839d7dad6,gx-no-cache=1501688702751 HTTP/1.1" 200 30
186.79.87.59 - - [02/Aug/2017:12:44:21 -0300] "POST /cormun/servlet/solicitudotadjuntos?ed5727c76287142535f397b1ff90a09f,INS,2017,7108,,1,,gx-no-cache=1501688702824 HTTP/1.1" 200 3818
186.79.87.59 - - [02/Aug/2017:12:44:23 -0300] "POST /cormun/servlet/solicitudotadjuntos?gx-no-cache=1501688704947 HTTP/1.1" 200 26
186.79.87.59 - - [02/Aug/2017:12:44:29 -0300] "GET /cormun/servlet/solicitudotadjuntos?3c6f0b50db5e81377fbf34456b3a53f804c0ad3b2dde4aff37d2fe406e00f9a5,gx-no-cache=1501688710380 HTTP/1.1" 200 30
186.79.87.59 - - [02/Aug/2017:12:44:29 -0300] "GET /cormun/servlet/solicitudotadjuntos?3c6f0b50db5e81377fbf34456b3a53f804c0ad3b2dde4aff37d2fe406e00f9a5,gx-no-cache=1501688710479 HTTP/1.1" 200 30
192.168.10.89 - - [02/Aug/2017:12:44:50 -0300] "POST /cormun/servlet/trsolicitudgral?648f144cb2c523a2d11b163344134edf,,gx-no-cache=1501688668802 HTTP/1.1" 200 12850
186.79.87.59 - - [02/Aug/2017:12:44:57 -0300] "POST /cormun/servlet/solicitudotadjuntos?ed5727c76287142535f397b1ff90a09f,INS,2017,7108,,1, HTTP/1.1" 200 116
186.79.87.59 - - [02/Aug/2017:12:44:58 -0300] "GET /cormun/servlet/hpexe_return? HTTP/1.1" 200 1020
186.79.87.59 - - [02/Aug/2017:12:44:58 -0300] "GET /cormun/servlet/trsolicitudadjuntos?2017,7108, HTTP/1.1" 200 9318
186.79.87.59 - - [02/Aug/2017:12:44:59 -0300] "GET /cormun/servlet/trsolicitudadjuntos?2017,7108, HTTP/1.1" 200 9314
192.168.10.89 - - [02/Aug/2017:12:45:19 -0300] "POST /cormun/servlet/trsolicitudgral?648f144cb2c523a2d11b163344134edf,,gx-no-cache=1501688697147 HTTP/1.1" 200 5748
186.79.87.59 - - [02/Aug/2017:12:45:20 -0300] "GET /cormun/servlet/solicitudotadjuntos?INS,2017,7108,,2, HTTP/1.1" 200 6068
186.79.87.59 - - [02/Aug/2017:12:45:20 -0300] "GET /cormun/static/about:blank HTTP/1.1" 404 1011
186.79.87.59 - - [02/Aug/2017:12:45:20 -0300] "GET /cormun/servlet/solicitudotadjuntos?INS,2017,7108,,2, HTTP/1.1" 200 6061
186.79.87.59 - - [02/Aug/2017:12:45:21 -0300] "GET /cormun/servlet/solicitudotadjuntos?3c6f0b50db5e81377fbf34456b3a53f89f33a58e186618c86dc4f22a2cbd4856041bcffc59e98839a26bcb5839d7dad6,gx-no-cache=1501688762672 HTTP/1.1" 200 30
186.79.87.59 - - [02/Aug/2017:12:45:21 -0300] "POST /cormun/servlet/solicitudotadjuntos?ed5727c76287142535f397b1ff90a09f,INS,2017,7108,,2,,gx-no-cache=1501688762805 HTTP/1.1" 200 4035
186.79.87.59 - - [02/Aug/2017:12:45:26 -0300] "POST /cormun/servlet/solicitudotadjuntos?ed5727c76287142535f397b1ff90a09f,INS,2017,7108,,2,,gx-no-cache=1501688767143 HTTP/1.1" 200 93
186.79.87.59 - - [02/Aug/2017:12:45:26 -0300] "GET /cormun/servlet/hpexe_return? HTTP/1.1" 200 1020
186.79.87.59 - - [02/Aug/2017:12:45:26 -0300] "GET /cormun/servlet/trsolicitudadjuntos?2017,7108, HTTP/1.1" 200 9318
186.79.87.59 - - [02/Aug/2017:12:45:27 -0300] "GET /cormun/servlet/trsolicitudadjuntos?2017,7108, HTTP/1.1" 200 9316
186.79.87.59 - - [02/Aug/2017:12:45:32 -0300] "POST /cormun/servlet/trsolicitudadjuntos?ed5727c76287142535f397b1ff90a09f,2017,7108,,gx-no-cache=1501688773736 HTTP/1.1" 200 90
186.79.87.59 - - [02/Aug/2017:12:45:32 -0300] "GET /cormun/servlet/hpexe_link HTTP/1.1" 200 961
186.79.87.59 - - [02/Aug/2017:12:45:33 -0300] "GET /cormun/static/gxcfg.js?20177612121792 HTTP/1.1" 200 953
186.79.87.59 - - [02/Aug/2017:12:45:33 -0300] "GET /cormun/static/hpexe_link.js?20177612121795 HTTP/1.1" 200 625
186.79.87.59 - - [02/Aug/2017:12:45:33 -0300] "GET /cormun/servlet/trsolicitudot HTTP/1.1" 200 12073
186.79.87.59 - - [02/Aug/2017:12:45:33 -0300] "GET /cormun/servlet/trsolicitudot HTTP/1.1" 200 12072
186.79.87.59 - - [02/Aug/2017:12:45:46 -0300] "GET /cormun/servlet/vesolicitudot?2017,7108,, HTTP/1.1" 200 8175
186.79.87.59 - - [02/Aug/2017:12:45:46 -0300] "GET /cormun/static/gxcfg.js?20175251244132 HTTP/1.1" 200 953
186.79.87.59 - - [02/Aug/2017:12:45:46 -0300] "GET /cormun/pexe_scrolldiv.js HTTP/1.1" 404 1009
186.79.87.59 - - [02/Aug/2017:12:45:46 -0300] "GET /cormun/static/vesolicitudot.js?2017525124424 HTTP/1.1" 200 6091
186.79.87.59 - - [02/Aug/2017:12:45:46 -0300] "GET /cormun/static/hwcviewtabs.js?20177611594913 HTTP/1.1" 200 1074
186.79.87.59 - - [02/Aug/2017:12:45:46 -0300] "GET /cormun/static/Resources/PXToolsTabNext.gif HTTP/1.1" 200 168
186.79.87.59 - - [02/Aug/2017:12:45:46 -0300] "GET /cormun/static/Resources/PXToolsTabPrevious.gif HTTP/1.1" 200 172
186.79.87.59 - - [02/Aug/2017:12:45:46 -0300] "GET /cormun/static/hpexe_tabsview.js?201610171694228 HTTP/1.1" 200 1661
186.79.87.59 - - [02/Aug/2017:12:45:46 -0300] "GET /cormun/static/Resources/PXToolsTabFirstSelected.png HTTP/1.1" 200 1259
186.79.87.59 - - [02/Aug/2017:12:45:46 -0300] "GET /cormun/static/Resources/PXToolsTabLastUnselected.png HTTP/1.1" 200 1291
186.79.87.59 - - [02/Aug/2017:12:45:46 -0300] "GET /cormun/static/tbsolicitudot01.js?201752511462191 HTTP/1.1" 200 28466
186.79.87.59 - - [02/Aug/2017:12:45:47 -0300] "GET /cormun/static/calendar-system.css HTTP/1.1" 200 5572
186.79.87.59 - - [02/Aug/2017:12:45:47 -0300] "GET /cormun/static/Resources/PXToolsTabBackSelected.png HTTP/1.1" 200 1157
186.79.87.59 - - [02/Aug/2017:12:45:47 -0300] "GET /cormun/static/Resources/PXToolsTabBackUnselected.png HTTP/1.1" 200 1175
186.79.87.59 - - [02/Aug/2017:12:45:47 -0300] "GET /cormun/static/Resources/PXToolsTabSelectedUnselected.png HTTP/1.1" 200 1428
186.79.87.59 - - [02/Aug/2017:12:45:47 -0300] "GET /cormun/static/Resources/PXToolsTabUnselectedUnselected.png HTTP/1.1" 200 1459
186.79.87.59 - - [02/Aug/2017:12:45:47 -0300] "GET /cormun/servlet/vesolicitudot?2017,7108,, HTTP/1.1" 200 8174
192.168.10.89 - - [02/Aug/2017:12:45:50 -0300] "POST /cormun/servlet/trsolicitudgral?648f144cb2c523a2d11b163344134edf,,gx-no-cache=1501688728190 HTTP/1.1" 200 22736
186.79.87.59 - - [02/Aug/2017:12:46:15 -0300] "GET /cormun/servlet/vesolicitudot?2017,7108,,SolicitudOTAdjuntos HTTP/1.1" 200 10689
186.79.87.59 - - [02/Aug/2017:12:46:15 -0300] "GET /cormun/pexe_scrolldiv.js HTTP/1.1" 404 1009
186.79.87.59 - - [02/Aug/2017:12:46:15 -0300] "GET /cormun/static/tbsolicitudot02.js?201752511523978 HTTP/1.1" 200 15626
186.79.87.59 - - [02/Aug/2017:12:46:15 -0300] "GET /cormun/static/gxui/gxui-all.css HTTP/1.1" 200 2179
186.79.87.59 - - [02/Aug/2017:12:46:15 -0300] "GET /cormun/static/Resources/PXToolsTabFirstUnselected.png HTTP/1.1" 200 1264
186.79.87.59 - - [02/Aug/2017:12:46:15 -0300] "GET /cormun/static/Resources/PXToolsTabUnselectedSelected.png HTTP/1.1" 200 1444
186.79.87.59 - - [02/Aug/2017:12:46:16 -0300] "GET /cormun/servlet/vesolicitudot?2017,7108,,SolicitudOTAdjuntos HTTP/1.1" 200 10688
186.79.87.59 - - [02/Aug/2017:12:46:16 -0300] "GET /cormun/static/Shared/ext/resources/css/ext-all.css HTTP/1.1" 200 416045
186.79.87.59 - - [02/Aug/2017:12:46:16 -0300] "POST /cormun/servlet/acontrolpreferencessavestate?None,GVALDES,true HTTP/1.1" 200 35
186.79.87.59 - - [02/Aug/2017:12:46:18 -0300] "GET /cormun/servlet/vesolicitudot?2017,7108,,SolicitudOTLog HTTP/1.1" 200 7219
186.79.87.59 - - [02/Aug/2017:12:46:18 -0300] "GET /cormun/pexe_scrolldiv.js HTTP/1.1" 404 1009
186.79.87.59 - - [02/Aug/2017:12:46:18 -0300] "GET /cormun/static/tbsolicitudot03.js?20177611592012 HTTP/1.1" 200 13332
186.79.87.59 - - [02/Aug/2017:12:46:18 -0300] "GET /cormun/static/Resources/PXToolsTabLastSelected.png HTTP/1.1" 200 1262
186.79.87.59 - - [02/Aug/2017:12:46:18 -0300] "GET /cormun/servlet/vesolicitudot?2017,7108,,SolicitudOTLog HTTP/1.1" 200 7219
186.79.87.59 - - [02/Aug/2017:12:46:19 -0300] "POST /cormun/servlet/acontrolpreferencessavestate?None,GVALDES,true HTTP/1.1" 200 35
186.79.128.127 - - [02/Aug/2017:12:46:20 -0300] "GET /cormun/servlet/trpermisosgoce? HTTP/1.1" 200 9152
186.79.128.127 - - [02/Aug/2017:12:46:21 -0300] "GET /cormun/servlet/trpermisosgoce? HTTP/1.1" 200 9151
186.79.87.59 - - [02/Aug/2017:12:46:22 -0300] "GET /cormun/servlet/vesolicitudot?2017,7108,,General HTTP/1.1" 200 8180
186.79.87.59 - - [02/Aug/2017:12:46:22 -0300] "GET /cormun/pexe_scrolldiv.js HTTP/1.1" 404 1009
186.79.87.59 - - [02/Aug/2017:12:46:22 -0300] "GET /cormun/servlet/vesolicitudot?2017,7108,,General HTTP/1.1" 200 8180
186.79.128.127 - - [02/Aug/2017:12:46:25 -0300] "GET /cormun/servlet/trpermisosadjuntos?13302577,20170802092739,P, HTTP/1.1" 200 6126
186.79.128.127 - - [02/Aug/2017:12:46:26 -0300] "GET /cormun/static/gxcfg.js?201762817193957 HTTP/1.1" 200 953
186.79.128.127 - - [02/Aug/2017:12:46:26 -0300] "GET /cormun/static/trpermisosadjuntos.js?201762817194366 HTTP/1.1" 200 20158
186.79.128.127 - - [02/Aug/2017:12:46:26 -0300] "GET /cormun/servlet/trpermisosadjuntos?13302577,20170802092739,P, HTTP/1.1" 200 6126
186.79.128.127 - - [02/Aug/2017:12:46:29 -0300] "GET /cormun/servlet/permisosadjuntos?INS,13302577,P,20170802092739,, HTTP/1.1" 200 5451
186.79.128.127 - - [02/Aug/2017:12:46:29 -0300] "GET /cormun/static/gxcfg.js?201762717441171 HTTP/1.1" 200 953
186.79.128.127 - - [02/Aug/2017:12:46:29 -0300] "GET /cormun/static/permisosadjuntos.js?201762717441184 HTTP/1.1" 200 8724
186.79.128.127 - - [02/Aug/2017:12:46:29 -0300] "GET /cormun/static/about:blank HTTP/1.1" 404 1011
186.79.128.127 - - [02/Aug/2017:12:46:30 -0300] "GET /cormun/servlet/permisosadjuntos?INS,13302577,P,20170802092739,, HTTP/1.1" 200 5441
186.79.87.59 - - [02/Aug/2017:12:46:37 -0300] "POST /cormun/servlet/vesolicitudot?ed5727c76287142535f397b1ff90a09f,2017,7108,,General,gx-no-cache=1501688838390 HTTP/1.1" 200 93
186.79.87.59 - - [02/Aug/2017:12:46:37 -0300] "GET /cormun/servlet/hpexe_return? HTTP/1.1" 200 1009
186.79.87.59 - - [02/Aug/2017:12:46:37 -0300] "GET /cormun/servlet/trsolicitudot HTTP/1.1" 200 12076
186.79.87.59 - - [02/Aug/2017:12:46:38 -0300] "GET /cormun/servlet/trsolicitudot HTTP/1.1" 200 12072
186.79.87.59 - - [02/Aug/2017:12:46:43 -0300] "POST /cormun/servlet/trsolicitudot?ed5727c76287142535f397b1ff90a09f,gx-no-cache=1501688844055 HTTP/1.1" 200 105
186.79.87.59 - - [02/Aug/2017:12:46:43 -0300] "GET /cormun/servlet/solicitudot?UPD,2017,7108, HTTP/1.1" 200 14580
186.79.87.59 - - [02/Aug/2017:12:46:44 -0300] "GET /cormun/servlet/solicitudot?UPD,2017,7108, HTTP/1.1" 200 14589
186.79.87.59 - - [02/Aug/2017:12:46:44 -0300] "POST /cormun/servlet/solicitudot?gx-no-cache=1501688845909 HTTP/1.1" 200 3186
186.79.87.59 - - [02/Aug/2017:12:46:45 -0300] "POST /cormun/servlet/solicitudot?ed5727c76287142535f397b1ff90a09f,UPD,2017,7108,,gx-no-cache=1501688846432 HTTP/1.1" 200 11085
186.79.87.59 - - [02/Aug/2017:12:46:45 -0300] "GET /cormun/servlet/solicitudot?3c6f0b50db5e81377fbf34456b3a53f80b4d018306a11783073314b04b5eecde8c594b13df3713e42bbcbd7d7dd730b2,gx-no-cache=1501688847019 HTTP/1.1" 200 30
186.79.87.59 - - [02/Aug/2017:12:46:45 -0300] "POST /cormun/servlet/solicitudot?gx-no-cache=1501688847103 HTTP/1.1" 200 238
186.79.87.59 - - [02/Aug/2017:12:46:45 -0300] "GET /cormun/servlet/solicitudot?3c6f0b50db5e81377fbf34456b3a53f8efb76579a59768dbc07d0f8d7d41b608db5b37f28529fae1b2192ae01a4ce8b3200bc9c4232b508474fae284a357f798d295b0d576b7f30719c7d89ae1de21c9f214eaf879f4c107b6ffa83357f044fef95932ea32c682c0dea65b763ae5aeedd62aa80fccdbe2bcfd1cc766a369e591b7bd592f17764a47f1e3716b9a32978d48ff2f5f5b12add7707b55c121ac32900d0dc5a31b263425e8f5b93dfb977ccde3e3a93a97a10abbd8f4d4595c8e9cc817b98777bc1a0032e9a2c6d0f3833abedcb4f43d0743016da4144863bed8474c6ace0c22a98b06248ed5a7617cb20b66552aa07d07ef3f019b5db47c920663d245a73cb05c3ce511766c0affffa2bdaf840bdc53b81fbeb02580614844b1f3af2b381e5c20dc4cda3368728ed1ae320c1b7d475b3e2706d4e274bcdbba50a28bde6a3cfaa03039c284538cef4b258a90639c7e7fa78167d27467447721b0fad138bb58c9d26d34191d0203ffe65b6ab25b73f50dee2173035117983b0cfda5d6,gx-no-cache=1501688847214 HTTP/1.1" 200 30
186.79.87.59 - - [02/Aug/2017:12:46:45 -0300] "POST /cormun/servlet/solicitudot?gx-no-cache=1501688847304 HTTP/1.1" 200 30
