200.86.95.220 - - [02/Aug/2017:13:37:29 -0300] "GET /cormun/servlet/solicitudotadjuntos?fa1f7c567904d82d61096683457098541b076c1e2dd56ea518dbe2ad387835b4f618b810ccb95a7d9d49afc623e72550,gx-no-cache=1501691894953 HTTP/1.1" 200 30
200.86.95.220 - - [02/Aug/2017:13:37:30 -0300] "POST /cormun/servlet/solicitudotadjuntos?497a62464da5d1898c3fc404ac954615,INS,2017,7110,,1,,gx-no-cache=1501691895074 HTTP/1.1" 200 3643
186.79.102.48 - - [02/Aug/2017:13:37:30 -0300] "POST /cormun/servlet/solicitudot?gx-no-cache=1501691894364 HTTP/1.1" 200 3209
186.79.102.48 - - [02/Aug/2017:13:37:31 -0300] "POST /cormun/servlet/solicitudot?4663fd9a0a71f543ac810cc7cde36e6c,INS,0,0,,gx-no-cache=1501691895806 HTTP/1.1" 200 10026
192.168.10.62 - - [02/Aug/2017:13:37:31 -0300] "POST /cormun/servlet/hlogin?1fbcad2eb17b3779e127b9ab103b6d20,gx-no-cache=1501691829881 HTTP/1.1" 200 453
200.86.95.220 - - [02/Aug/2017:13:37:35 -0300] "POST /cormun/servlet/solicitudotadjuntos?gx-no-cache=1501691900114 HTTP/1.1" 200 26
186.103.159.46 - - [02/Aug/2017:13:37:38 -0300] "GET /cormun/servlet/licenciaspermisos?64fb44f69e28dfe916f045bba62039ef4b4e937f0755553ba525d4e3a756493868d91350a467f13f30150c0f138f01cac1af176ae0dbb6e0736eadadbbabbb4fffd2733fbf9bd62d731524534255827ae988db8f3941f683161434c5c33fbd6f36a47ea1f2d60d6bbf7f9bf21b667daafb753f6e43cdefbb406774ae4cc32952373b3d99badeab0fc7a9ff87acfb382e8bad8202f58efb4fff0c600c145b6d302308664f398708985dafa84c6c5c3897,gx-no-cache=1501691902270 HTTP/1.1" 200 30
186.103.159.46 - - [02/Aug/2017:13:37:38 -0300] "GET /cormun/servlet/licenciaspermisos?64fb44f69e28dfe916f045bba62039efb173635b4549a1d2600959e5bd4dc233ef6bb1aa85b46663ee1f87e98680e7bac39eaf3e348a60e59906ced54420a06b77480b00fe11fc41a7a8952ec0e721d9bdc3793f7c6d6dd01ac2bb073ce365ebb55bf43d5954ca7a7d8c648b58c295e9973184b7c810f618264b792f3f2d8ccddf215eddb77129893ac6655779a82d7cf5455e8a3ffcc033dcb6f5ee6cd076313ca8e41966cdb490aa4c8b42aa66caa3,gx-no-cache=1501691902362 HTTP/1.1" 200 29
186.103.159.46 - - [02/Aug/2017:13:37:38 -0300] "POST /cormun/servlet/licenciaspermisos?3c8f6238882da4b5d8c9432f4e69273f,INS,0,,,,gx-no-cache=1501691902419 HTTP/1.1" 200 4673
200.86.95.220 - - [02/Aug/2017:13:37:45 -0300] "GET /cormun/servlet/solicitudotadjuntos?fa1f7c567904d82d6109668345709854df76cceb9fc8e37106232d6b5a394f01,gx-no-cache=1501691910950 HTTP/1.1" 200 30
200.86.95.220 - - [02/Aug/2017:13:37:45 -0300] "GET /cormun/servlet/solicitudotadjuntos?fa1f7c567904d82d6109668345709854df76cceb9fc8e37106232d6b5a394f01,gx-no-cache=1501691910996 HTTP/1.1" 200 30
200.86.95.220 - - [02/Aug/2017:13:37:49 -0300] "POST /cormun/servlet/solicitudotadjuntos?497a62464da5d1898c3fc404ac954615,INS,2017,7110,,1, HTTP/1.1" 200 116
200.86.95.220 - - [02/Aug/2017:13:37:49 -0300] "GET /cormun/servlet/hpexe_return? HTTP/1.1" 200 1026
200.86.95.220 - - [02/Aug/2017:13:37:50 -0300] "GET /cormun/servlet/trsolicitudadjuntos?2017,7110, HTTP/1.1" 200 8337
200.86.95.220 - - [02/Aug/2017:13:37:51 -0300] "GET /cormun/servlet/trsolicitudadjuntos?2017,7110, HTTP/1.1" 200 8336
192.168.10.62 - - [02/Aug/2017:13:37:56 -0300] "POST /cormun/servlet/hlogin?1fbcad2eb17b3779e127b9ab103b6d20,gx-no-cache=1501691854292 HTTP/1.1" 200 90
192.168.10.62 - - [02/Aug/2017:13:37:56 -0300] "GET /cormun/servlet/hpexe_link HTTP/1.1" 200 957
192.168.10.62 - - [02/Aug/2017:13:37:56 -0300] "GET /cormun/servlet/hhome HTTP/1.1" 200 3813
192.168.10.62 - - [02/Aug/2017:13:37:56 -0300] "GET /cormun/static/Resources/PXToolsHeaderLogin.png HTTP/1.1" 304 -
192.168.10.62 - - [02/Aug/2017:13:37:56 -0300] "GET /cormun/static/Resources/PXToolsDataTitle.png HTTP/1.1" 304 -
192.168.10.62 - - [02/Aug/2017:13:37:56 -0300] "GET /cormun/static/Resources/PXToolsHeaderActionsBackground.png HTTP/1.1" 304 -
192.168.10.62 - - [02/Aug/2017:13:37:56 -0300] "GET /cormun/static/Resources/PXToolsHeaderPreferences.png HTTP/1.1" 304 -
192.168.10.62 - - [02/Aug/2017:13:37:56 -0300] "GET /cormun/static/Resources/PXToolsHeaderSecurity.png HTTP/1.1" 304 -
192.168.10.62 - - [02/Aug/2017:13:37:56 -0300] "GET /cormun/static/Resources/PXToolsHeaderHome.png HTTP/1.1" 304 -
192.168.10.62 - - [02/Aug/2017:13:37:56 -0300] "GET /cormun/static/Resources/PXToolsHeaderActionsLeft.png HTTP/1.1" 304 -
192.168.10.62 - - [02/Aug/2017:13:37:56 -0300] "GET /cormun/static/Resources/PXToolsHeaderActionsRight.png HTTP/1.1" 304 -
192.168.10.62 - - [02/Aug/2017:13:37:57 -0300] "GET /cormun/servlet/hhome HTTP/1.1" 200 3810
186.103.159.46 - - [02/Aug/2017:13:37:59 -0300] "GET /cormun/servlet/licenciaspermisos?64fb44f69e28dfe916f045bba62039ef4b4e937f0755553ba525d4e3a756493868d91350a467f13f30150c0f138f01cac1af176ae0dbb6e0736eadadbbabbb4fffd2733fbf9bd62d731524534255827ae988db8f3941f683161434c5c33fbd6fcde4064fd13dcaace7821768de99bb61fb753f6e43cdefbb406774ae4cc329521d5879991214c59b095d54776289da50fa754a304f3f20158e2fd986cdbb74b6b49bd8312b9602c4960bff26335e374dfdc167758ab37b17827e2f93e52d84a4d544a6f646cd6ae3988d8915a0352f3e67c739178c1d4e1d6b9900526db08306,gx-no-cache=1501691923155 HTTP/1.1" 200 30
186.103.159.46 - - [02/Aug/2017:13:38:00 -0300] "GET /cormun/servlet/licenciaspermisos?64fb44f69e28dfe916f045bba62039efb173635b4549a1d2600959e5bd4dc233ef6bb1aa85b46663ee1f87e98680e7bac39eaf3e348a60e59906ced54420a06b77480b00fe11fc41a7a8952ec0e721d9bdc3793f7c6d6dd01ac2bb073ce365ebfbacfff57ca52ad777e9bad274be08af973184b7c810f618264b792f3f2d8ccd4156e9b4100b642620471d1add0deced0ae55b27eafc40585305499adc35e8cb6f09cf165d524c1fedb562afd875f390f8a120a09ad261d6b1045ffd431cfd1602bf358ca2045ceb9e646aea04ab2f30196343d0e0ec7e84b41f26a4144da4de,gx-no-cache=1501691923601 HTTP/1.1" 200 29
200.86.95.220 - - [02/Aug/2017:13:38:02 -0300] "GET /cormun/servlet/solicitudotadjuntos?INS,2017,7110,,1, HTTP/1.1" 200 5842
200.86.95.220 - - [02/Aug/2017:13:38:02 -0300] "GET /cormun/static/about:blank HTTP/1.1" 404 1011
200.86.95.220 - - [02/Aug/2017:13:38:03 -0300] "GET /cormun/servlet/solicitudotadjuntos?INS,2017,7110,,1, HTTP/1.1" 200 5836
186.103.159.46 - - [02/Aug/2017:13:38:03 -0300] "POST /cormun/servlet/licenciaspermisos?3c8f6238882da4b5d8c9432f4e69273f,INS,0,,,,gx-no-cache=1501691924563 HTTP/1.1" 200 93
200.86.95.220 - - [02/Aug/2017:13:38:03 -0300] "GET /cormun/servlet/solicitudotadjuntos?fa1f7c567904d82d61096683457098541b076c1e2dd56ea518dbe2ad387835b4f618b810ccb95a7d9d49afc623e72550,gx-no-cache=1501691928910 HTTP/1.1" 200 30
186.103.159.46 - - [02/Aug/2017:13:38:03 -0300] "GET /cormun/servlet/hpexe_return? HTTP/1.1" 200 1006
200.86.95.220 - - [02/Aug/2017:13:38:04 -0300] "POST /cormun/servlet/solicitudotadjuntos?497a62464da5d1898c3fc404ac954615,INS,2017,7110,,1,,gx-no-cache=1501691929013 HTTP/1.1" 200 3643
186.103.159.46 - - [02/Aug/2017:13:38:04 -0300] "GET /cormun/servlet/trlicencias HTTP/1.1" 200 10434
186.103.159.46 - - [02/Aug/2017:13:38:06 -0300] "GET /cormun/servlet/trlicencias HTTP/1.1" 200 10429
200.86.95.220 - - [02/Aug/2017:13:38:09 -0300] "POST /cormun/servlet/solicitudotadjuntos?gx-no-cache=1501691934811 HTTP/1.1" 200 26
186.103.159.46 - - [02/Aug/2017:13:38:12 -0300] "GET /cormun/servlet/alicenciaprn?9638570,L,20170802000000,PU HTTP/1.1" 200 1541
200.86.95.220 - - [02/Aug/2017:13:38:20 -0300] "GET /cormun/servlet/solicitudotadjuntos?fa1f7c567904d82d6109668345709854df76cceb9fc8e37106232d6b5a394f01,gx-no-cache=1501691945862 HTTP/1.1" 200 30
200.86.95.220 - - [02/Aug/2017:13:38:20 -0300] "GET /cormun/servlet/solicitudotadjuntos?fa1f7c567904d82d6109668345709854df76cceb9fc8e37106232d6b5a394f01,gx-no-cache=1501691945902 HTTP/1.1" 200 30
200.86.95.220 - - [02/Aug/2017:13:38:21 -0300] "POST /cormun/servlet/solicitudotadjuntos?497a62464da5d1898c3fc404ac954615,INS,2017,7110,,1, HTTP/1.1" 200 116
200.86.95.220 - - [02/Aug/2017:13:38:21 -0300] "GET /cormun/servlet/hpexe_return? HTTP/1.1" 200 1026
200.86.95.220 - - [02/Aug/2017:13:38:22 -0300] "GET /cormun/servlet/trsolicitudadjuntos?2017,7110, HTTP/1.1" 200 8489
200.86.95.220 - - [02/Aug/2017:13:38:23 -0300] "GET /cormun/servlet/trsolicitudadjuntos?2017,7110, HTTP/1.1" 200 8488
200.86.95.220 - - [02/Aug/2017:13:38:26 -0300] "GET /cormun/servlet/solicitudotadjuntos?INS,2017,7110,,1, HTTP/1.1" 200 5842
200.86.95.220 - - [02/Aug/2017:13:38:26 -0300] "GET /cormun/static/about:blank HTTP/1.1" 404 1011
200.86.95.220 - - [02/Aug/2017:13:38:27 -0300] "GET /cormun/servlet/solicitudotadjuntos?INS,2017,7110,,1, HTTP/1.1" 200 5836
200.86.95.220 - - [02/Aug/2017:13:38:27 -0300] "GET /cormun/servlet/solicitudotadjuntos?fa1f7c567904d82d61096683457098541b076c1e2dd56ea518dbe2ad387835b4f618b810ccb95a7d9d49afc623e72550,gx-no-cache=1501691952675 HTTP/1.1" 200 30
200.86.95.220 - - [02/Aug/2017:13:38:27 -0300] "POST /cormun/servlet/solicitudotadjuntos?497a62464da5d1898c3fc404ac954615,INS,2017,7110,,1,,gx-no-cache=1501691952775 HTTP/1.1" 200 3643
200.86.95.220 - - [02/Aug/2017:13:38:31 -0300] "POST /cormun/servlet/solicitudotadjuntos?gx-no-cache=1501691956190 HTTP/1.1" 200 26
186.79.102.48 - - [02/Aug/2017:13:38:31 -0300] "GET /cormun/servlet/solicitudot?92cde5fa868a5d913793e4bb57e17e506f72a0b8c7a5c3e1e1ae842139584e09ecf24f392bae06b854eb2f7e2adb149edc5f5509987d8fa8d3fc7fc20bbb1c74021e44e0f5501b150837b109c84a9dd42ca9d4d0ddfcec789a71372e3a20bb02462a6bba664d0a632346cb8df063104753603cba0f9e841299e40a8a3b50a3c5182928c21090253b65e951c0513d8596b9993c4c4636273128c1f40e71104c6c7ab4fd2925e1c5929326afd00deff812f363a410fb775e70bed774747e4869acdffccb91951e0482db6fe8bf71105cf12aa48c0bc73fa18977ae0c077eda5eb1009a3ce8039b7102a92c632156f7de1901fec2a6b35cfc92070757a49fbebc4d9f8bd020e883225e47994528db865055560cdb72d9ef68adcdcd6fdbcc724d0717dfe94c23e8e55159070dbd099385f448213e6b89aa61a78a451260b074f45d988368b0793588041a7f69f9f61c15b6250285110047e761acfbd4d659cebd9bf3f7d0935772e3b8aca75c25413808b997407a65616b4a192907e1a900366c23d22adc3ed4946d72a9f7e966a1cd1b6a,gx-no-cache=1501691956505 HTTP/1.1" 200 30
186.79.102.48 - - [02/Aug/2017:13:38:33 -0300] "GET /cormun/servlet/solicitudot?INS,0,0, HTTP/1.1" 200 12927
186.79.102.48 - - [02/Aug/2017:13:38:38 -0300] "GET /cormun/servlet/hlogin HTTP/1.1" 200 1716
200.86.95.220 - - [02/Aug/2017:13:38:42 -0300] "GET /cormun/servlet/solicitudotadjuntos?fa1f7c567904d82d6109668345709854df76cceb9fc8e37106232d6b5a394f01,gx-no-cache=1501691967487 HTTP/1.1" 200 30
200.86.95.220 - - [02/Aug/2017:13:38:42 -0300] "GET /cormun/servlet/solicitudotadjuntos?fa1f7c567904d82d6109668345709854df76cceb9fc8e37106232d6b5a394f01,gx-no-cache=1501691967523 HTTP/1.1" 200 30
200.86.95.220 - - [02/Aug/2017:13:38:43 -0300] "POST /cormun/servlet/solicitudotadjuntos?497a62464da5d1898c3fc404ac954615,INS,2017,7110,,1, HTTP/1.1" 200 116
200.86.95.220 - - [02/Aug/2017:13:38:43 -0300] "GET /cormun/servlet/hpexe_return? HTTP/1.1" 200 1026
200.86.95.220 - - [02/Aug/2017:13:38:43 -0300] "GET /cormun/servlet/trsolicitudadjuntos?2017,7110, HTTP/1.1" 200 8631
200.86.95.220 - - [02/Aug/2017:13:38:45 -0300] "GET /cormun/servlet/trsolicitudadjuntos?2017,7110, HTTP/1.1" 200 8628
186.79.102.48 - - [02/Aug/2017:13:38:45 -0300] "POST /cormun/servlet/hlogin?4663fd9a0a71f543ac810cc7cde36e6c,gx-no-cache=1501691970954 HTTP/1.1" 200 90
186.79.102.48 - - [02/Aug/2017:13:38:45 -0300] "GET /cormun/servlet/hpexe_link HTTP/1.1" 200 961
186.79.102.48 - - [02/Aug/2017:13:38:46 -0300] "GET /cormun/servlet/solicitudot?INS,0,0, HTTP/1.1" 200 12924
186.79.102.48 - - [02/Aug/2017:13:38:48 -0300] "GET /cormun/servlet/solicitudot?INS,0,0, HTTP/1.1" 200 12927
200.86.95.220 - - [02/Aug/2017:13:38:51 -0300] "GET /cormun/servlet/solicitudotadjuntos?INS,2017,7110,,1, HTTP/1.1" 200 5842
200.86.95.220 - - [02/Aug/2017:13:38:51 -0300] "GET /cormun/static/about:blank HTTP/1.1" 404 1011
200.86.95.220 - - [02/Aug/2017:13:38:52 -0300] "GET /cormun/servlet/solicitudotadjuntos?INS,2017,7110,,1, HTTP/1.1" 200 5836
200.86.95.220 - - [02/Aug/2017:13:38:52 -0300] "GET /cormun/servlet/solicitudotadjuntos?fa1f7c567904d82d61096683457098541b076c1e2dd56ea518dbe2ad387835b4f618b810ccb95a7d9d49afc623e72550,gx-no-cache=1501691977683 HTTP/1.1" 200 30
200.86.95.220 - - [02/Aug/2017:13:38:52 -0300] "POST /cormun/servlet/solicitudotadjuntos?497a62464da5d1898c3fc404ac954615,INS,2017,7110,,1,,gx-no-cache=1501691977741 HTTP/1.1" 200 3643
200.86.95.220 - - [02/Aug/2017:13:38:57 -0300] "POST /cormun/servlet/solicitudotadjuntos?gx-no-cache=1501691982173 HTTP/1.1" 200 26
186.103.159.46 - - [02/Aug/2017:13:38:59 -0300] "GET /cormun/servlet/trpermisosgoce? HTTP/1.1" 200 9972
186.79.102.48 - - [02/Aug/2017:13:39:00 -0300] "POST /cormun/servlet/solicitudot?gx-no-cache=1501691985249 HTTP/1.1" 200 3209
186.79.102.48 - - [02/Aug/2017:13:39:01 -0300] "POST /cormun/servlet/solicitudot?4663fd9a0a71f543ac810cc7cde36e6c,INS,0,0,,gx-no-cache=1501691986092 HTTP/1.1" 200 10026
186.103.159.46 - - [02/Aug/2017:13:39:01 -0300] "GET /cormun/servlet/trpermisosgoce? HTTP/1.1" 200 9973
186.79.102.48 - - [02/Aug/2017:13:39:03 -0300] "GET /cormun/servlet/solicitudot?92cde5fa868a5d913793e4bb57e17e503c9dd5339e1a9952dc4ecd03d7fe16594e4d5ef50a7d44d047988a1cb0bedd97,gx-no-cache=1501691989153 HTTP/1.1" 200 30
186.79.102.48 - - [02/Aug/2017:13:39:04 -0300] "POST /cormun/servlet/solicitudot?gx-no-cache=1501691989410 HTTP/1.1" 200 297
186.79.102.48 - - [02/Aug/2017:13:39:04 -0300] "GET /cormun/servlet/solicitudot?92cde5fa868a5d913793e4bb57e17e506f72a0b8c7a5c3e1e1ae842139584e09ecf24f392bae06b854eb2f7e2adb149edc5f5509987d8fa8d3fc7fc20bbb1c74021e44e0f5501b150837b109c84a9dd42ca9d4d0ddfcec789a71372e3a20bb02462a6bba664d0a632346cb8df063104753603cba0f9e841299e40a8a3b50a3c5182928c21090253b65e951c0513d8596b9993c4c4636273128c1f40e71104c6c7ab4fd2925e1c5929326afd00deff812f363a410fb775e70bed774747e4869acdffccb91951e0482db6fe8bf71105cf12aa48c0bc73fa18977ae0c077eda5eb1009a3ce8039b7102a92c632156f7de1901fec2a6b35cfc92070757a49fbebc4d9f8bd020e883225e47994528db865055560cdb72d9ef68adcdcd6fdbcc724d0717dfe94c23e8e55159070dbd099385f448213e6b89aa61a78a451260b074f45d988368b0793588041a7f69f9f61c15b6250285110047e761acfbd4d659cebd9bf3f7d0935772e3b8aca75c25413808b997407a65616b4a192907e1a900366c23d22adc3ed4946d72a9f7e966a1cd1b6a,gx-no-cache=1501691989655 HTTP/1.1" 200 30
186.103.159.46 - - [02/Aug/2017:13:39:04 -0300] "GET /cormun/servlet/permisogoce?INS,0,,, HTTP/1.1" 200 6623
186.103.159.46 - - [02/Aug/2017:13:39:06 -0300] "GET /cormun/servlet/permisogoce?INS,0,,, HTTP/1.1" 200 6623
200.86.95.220 - - [02/Aug/2017:13:39:07 -0300] "GET /cormun/servlet/solicitudotadjuntos?fa1f7c567904d82d6109668345709854df76cceb9fc8e37106232d6b5a394f01,gx-no-cache=1501691992802 HTTP/1.1" 200 30
200.86.95.220 - - [02/Aug/2017:13:39:07 -0300] "GET /cormun/servlet/solicitudotadjuntos?fa1f7c567904d82d6109668345709854df76cceb9fc8e37106232d6b5a394f01,gx-no-cache=1501691992836 HTTP/1.1" 200 30
186.79.102.48 - - [02/Aug/2017:13:39:08 -0300] "POST /cormun/servlet/solicitudot?gx-no-cache=1501691993977 HTTP/1.1" 200 30
200.86.95.220 - - [02/Aug/2017:13:39:08 -0300] "POST /cormun/servlet/solicitudotadjuntos?497a62464da5d1898c3fc404ac954615,INS,2017,7110,,1, HTTP/1.1" 200 116
200.86.95.220 - - [02/Aug/2017:13:39:08 -0300] "GET /cormun/servlet/hpexe_return? HTTP/1.1" 200 1026
200.86.95.220 - - [02/Aug/2017:13:39:09 -0300] "GET /cormun/servlet/trsolicitudadjuntos?2017,7110, HTTP/1.1" 200 8807
200.86.95.220 - - [02/Aug/2017:13:39:11 -0300] "GET /cormun/servlet/trsolicitudadjuntos?2017,7110, HTTP/1.1" 200 8807
186.79.102.48 - - [02/Aug/2017:13:39:11 -0300] "POST /cormun/servlet/solicitudot?gx-no-cache=1501691996676 HTTP/1.1" 200 1355
186.79.102.48 - - [02/Aug/2017:13:39:11 -0300] "POST /cormun/servlet/solicitudot?gx-no-cache=1501691996985 HTTP/1.1" 200 38
200.86.95.220 - - [02/Aug/2017:13:39:13 -0300] "GET /cormun/servlet/solicitudotadjuntos?INS,2017,7110,,1, HTTP/1.1" 200 5842
200.86.95.220 - - [02/Aug/2017:13:39:13 -0300] "GET /cormun/static/about:blank HTTP/1.1" 404 1011
200.86.95.220 - - [02/Aug/2017:13:39:13 -0300] "GET /cormun/servlet/solicitudotadjuntos?INS,2017,7110,,1, HTTP/1.1" 200 5836
200.86.95.220 - - [02/Aug/2017:13:39:14 -0300] "GET /cormun/servlet/solicitudotadjuntos?fa1f7c567904d82d61096683457098541b076c1e2dd56ea518dbe2ad387835b4f618b810ccb95a7d9d49afc623e72550,gx-no-cache=1501691999494 HTTP/1.1" 200 30
200.86.95.220 - - [02/Aug/2017:13:39:14 -0300] "POST /cormun/servlet/solicitudotadjuntos?497a62464da5d1898c3fc404ac954615,INS,2017,7110,,1,,gx-no-cache=1501691999536 HTTP/1.1" 200 3643
200.86.95.220 - - [02/Aug/2017:13:39:16 -0300] "POST /cormun/servlet/solicitudotadjuntos?gx-no-cache=1501692001629 HTTP/1.1" 200 26
186.103.159.46 - - [02/Aug/2017:13:39:19 -0300] "GET /cormun/servlet/permisogoce?64fb44f69e28dfe916f045bba62039ef8cf4efdadba3c25426783d4cccf2c0cd71fc2b2bf9df7dbe4179c2a92cd6286c2308664f398708985dafa84c6c5c3897,gx-no-cache=1501692002946 HTTP/1.1" 200 76
186.103.159.46 - - [02/Aug/2017:13:39:19 -0300] "GET /cormun/static/menuarrow.gif HTTP/1.1" 404 1015
186.79.102.48 - - [02/Aug/2017:13:39:25 -0300] "GET /cormun/servlet/solicitudot?92cde5fa868a5d913793e4bb57e17e50c46f3f33c9076f177b44ec2d82348f204c1a20e9d2aeb0d44b286e5644306ea332ece4c121d1d7092239c5e5a945fdd166437b41390106b2d7859a78f49c65d468d7fb4aae9eb7d95110179e7f060a9a8f9bf6dfaf80d546efb592fe563824e3,gx-no-cache=1501692011254 HTTP/1.1" 200 29
200.86.95.220 - - [02/Aug/2017:13:39:27 -0300] "GET /cormun/servlet/solicitudotadjuntos?fa1f7c567904d82d6109668345709854df76cceb9fc8e37106232d6b5a394f01,gx-no-cache=1501692012173 HTTP/1.1" 200 30
200.86.95.220 - - [02/Aug/2017:13:39:27 -0300] "GET /cormun/servlet/solicitudotadjuntos?fa1f7c567904d82d6109668345709854df76cceb9fc8e37106232d6b5a394f01,gx-no-cache=1501692012224 HTTP/1.1" 200 30
186.79.102.48 - - [02/Aug/2017:13:39:27 -0300] "POST /cormun/servlet/solicitudot?gx-no-cache=1501692012434 HTTP/1.1" 200 1336
200.86.95.220 - - [02/Aug/2017:13:39:28 -0300] "POST /cormun/servlet/solicitudotadjuntos?497a62464da5d1898c3fc404ac954615,INS,2017,7110,,1, HTTP/1.1" 200 116
200.86.95.220 - - [02/Aug/2017:13:39:28 -0300] "GET /cormun/servlet/hpexe_return? HTTP/1.1" 200 1026
200.86.95.220 - - [02/Aug/2017:13:39:28 -0300] "GET /cormun/servlet/trsolicitudadjuntos?2017,7110, HTTP/1.1" 200 9050
200.86.95.220 - - [02/Aug/2017:13:39:30 -0300] "GET /cormun/servlet/trsolicitudadjuntos?2017,7110, HTTP/1.1" 200 9045
186.103.159.46 - - [02/Aug/2017:13:39:35 -0300] "GET /cormun/servlet/permisogoce?64fb44f69e28dfe916f045bba62039ef0432d6e7ad859268a89c51ec87871dcc6082fc821a5537013ee31943c84a8fa81de713e1afaddecdf1967743690ade7a,gx-no-cache=1501692019392 HTTP/1.1" 200 47
186.103.159.46 - - [02/Aug/2017:13:39:39 -0300] "POST /cormun/servlet/permisogoce?3c8f6238882da4b5d8c9432f4e69273f,INS,0,,,,gx-no-cache=1501692022463 HTTP/1.1" 200 93
186.103.159.46 - - [02/Aug/2017:13:39:39 -0300] "GET /cormun/servlet/hpexe_return? HTTP/1.1" 200 1004
200.86.95.220 - - [02/Aug/2017:13:39:39 -0300] "POST /cormun/servlet/trsolicitudadjuntos?497a62464da5d1898c3fc404ac954615,2017,7110,,gx-no-cache=1501692024443 HTTP/1.1" 200 90
186.79.102.48 - - [02/Aug/2017:13:39:39 -0300] "GET /cormun/static/menuarrow.gif HTTP/1.1" 404 1015
200.86.95.220 - - [02/Aug/2017:13:39:39 -0300] "GET /cormun/servlet/hpexe_link HTTP/1.1" 200 967
186.103.159.46 - - [02/Aug/2017:13:39:39 -0300] "GET /cormun/servlet/trpermisosgoce HTTP/1.1" 200 10181
200.86.95.220 - - [02/Aug/2017:13:39:39 -0300] "GET /cormun/servlet/trsolicitudot HTTP/1.1" 200 8405
200.86.95.220 - - [02/Aug/2017:13:39:40 -0300] "GET /cormun/servlet/trsolicitudot HTTP/1.1" 200 8404
186.103.159.46 - - [02/Aug/2017:13:39:41 -0300] "GET /cormun/servlet/trpermisosgoce HTTP/1.1" 200 10175
186.79.102.48 - - [02/Aug/2017:13:39:50 -0300] "POST /cormun/servlet/solicitudot?gx-no-cache=1501692035954 HTTP/1.1" 200 30
186.103.159.46 - - [02/Aug/2017:13:39:51 -0300] "GET /cormun/servlet/apermisogoceprn?17296081,P,20170802133843,PU HTTP/1.1" 200 1656
200.86.95.220 - - [02/Aug/2017:13:40:10 -0300] "POST /cormun/servlet/trsolicitudot?497a62464da5d1898c3fc404ac954615,gx-no-cache=1501692055183 HTTP/1.1" 200 5543
200.86.95.220 - - [02/Aug/2017:13:40:10 -0300] "GET /cormun/static/Shared/jqueryui/images/ui-icons_82798d_256x240.png HTTP/1.1" 404 1089
200.86.95.220 - - [02/Aug/2017:13:40:10 -0300] "GET /cormun/static/Shared/jqueryui/images/ui-bg_highlight-soft_100_c6c2c8_1x100.png HTTP/1.1" 404 1117
200.86.95.220 - - [02/Aug/2017:13:40:10 -0300] "GET /cormun/static/Shared/jqueryui/images/ui-bg_flat_55_fafafa_40x100.png HTTP/1.1" 404 1097
200.86.95.220 - - [02/Aug/2017:13:40:10 -0300] "GET /cormun/static/Shared/jqueryui/images/ui-icons_8d78a5_256x240.png HTTP/1.1" 404 1089
200.86.95.220 - - [02/Aug/2017:13:40:10 -0300] "POST /cormun/servlet/trsolicitudot?497a62464da5d1898c3fc404ac954615,gx-no-cache=1501692055736 HTTP/1.1" 200 5487
200.86.95.220 - - [02/Aug/2017:13:40:18 -0300] "GET /cormun/servlet/hlogin HTTP/1.1" 200 1724
186.79.102.48 - - [02/Aug/2017:13:40:20 -0300] "POST /cormun/servlet/solicitudot?4663fd9a0a71f543ac810cc7cde36e6c,INS,0,0,,gx-no-cache=1501692065150 HTTP/1.1" 200 93
186.79.102.48 - - [02/Aug/2017:13:40:21 -0300] "GET /cormun/servlet/hpexe_return? HTTP/1.1" 200 1005
186.79.102.48 - - [02/Aug/2017:13:40:21 -0300] "GET /cormun/servlet/trsolicitudot HTTP/1.1" 200 11468
186.79.102.48 - - [02/Aug/2017:13:40:25 -0300] "GET /cormun/servlet/trsolicitudot HTTP/1.1" 200 11464
200.86.95.220 - - [02/Aug/2017:13:40:27 -0300] "POST /cormun/servlet/hlogin?497a62464da5d1898c3fc404ac954615,gx-no-cache=1501692071972 HTTP/1.1" 200 90
200.86.95.220 - - [02/Aug/2017:13:40:27 -0300] "GET /cormun/servlet/hpexe_link HTTP/1.1" 200 951
200.86.95.220 - - [02/Aug/2017:13:40:27 -0300] "GET /cormun/servlet/hhome HTTP/1.1" 200 3968
186.103.157.98 - - [02/Aug/2017:13:40:28 -0300] "GET /cormun/servlet/hpexe_return? HTTP/1.1" 200 983
186.103.157.98 - - [02/Aug/2017:13:40:28 -0300] "GET /cormun/servlet/hhome HTTP/1.1" 200 3386
200.86.95.220 - - [02/Aug/2017:13:40:28 -0300] "GET /cormun/servlet/hhome HTTP/1.1" 200 3965
186.103.157.98 - - [02/Aug/2017:13:40:28 -0300] "GET /cormun/servlet/hlogin HTTP/1.1" 200 1730
186.103.157.98 - - [02/Aug/2017:13:40:28 -0300] "GET /cormun/servlet/hhome HTTP/1.1" 200 3381
200.86.95.220 - - [02/Aug/2017:13:40:32 -0300] "GET /cormun/servlet/trautorizarsolicitud? HTTP/1.1" 200 8176
200.86.95.220 - - [02/Aug/2017:13:40:32 -0300] "GET /cormun/static/gxcfg.js?20174261241362 HTTP/1.1" 200 953
200.86.95.220 - - [02/Aug/2017:13:40:32 -0300] "GET /cormun/static/Resources/Spanish/PXTools.css?11294912 HTTP/1.1" 200 89042
200.86.95.220 - - [02/Aug/2017:13:40:32 -0300] "GET /cormun/static/trautorizarsolicitud.js?201742612414370 HTTP/1.1" 200 53910
200.86.95.220 - - [02/Aug/2017:13:40:33 -0300] "GET /cormun/servlet/trautorizarsolicitud? HTTP/1.1" 200 8174
186.79.102.48 - - [02/Aug/2017:13:40:36 -0300] "POST /cormun/servlet/trsolicitudot?4663fd9a0a71f543ac810cc7cde36e6c,gx-no-cache=1501692080638 HTTP/1.1" 200 106
186.79.102.48 - - [02/Aug/2017:13:40:37 -0300] "GET /cormun/servlet/trsolicitudadjuntos?2017,7111, HTTP/1.1" 200 6153
186.79.102.48 - - [02/Aug/2017:13:40:37 -0300] "GET /cormun/static/gxcfg.js?20177612135366 HTTP/1.1" 200 953
186.79.102.48 - - [02/Aug/2017:13:40:39 -0300] "GET /cormun/static/trsolicitudadjuntos.js?20177612135632 HTTP/1.1" 200 17922
186.79.102.48 - - [02/Aug/2017:13:40:40 -0300] "GET /cormun/servlet/trsolicitudadjuntos?2017,7111, HTTP/1.1" 200 6153
186.79.102.48 - - [02/Aug/2017:13:40:43 -0300] "GET /cormun/servlet/solicitudotadjuntos?INS,2017,7111,,1, HTTP/1.1" 200 6109
186.79.102.48 - - [02/Aug/2017:13:40:43 -0300] "GET /cormun/static/gxcfg.js?201752511522888 HTTP/1.1" 200 953
186.79.102.48 - - [02/Aug/2017:13:40:43 -0300] "GET /cormun/static/solicitudotadjuntos.js?20175251152299 HTTP/1.1" 200 11771
186.79.102.48 - - [02/Aug/2017:13:40:44 -0300] "GET /cormun/static/about:blank HTTP/1.1" 404 1011
186.79.102.48 - - [02/Aug/2017:13:40:45 -0300] "GET /cormun/servlet/solicitudotadjuntos?INS,2017,7111,,1, HTTP/1.1" 200 6103
186.79.102.48 - - [02/Aug/2017:13:40:46 -0300] "GET /cormun/servlet/solicitudotadjuntos?92cde5fa868a5d913793e4bb57e17e50d38a93e017f04e14c3393b42a8ad8b588846ec2e49843d7d67068c7d21763c2a,gx-no-cache=1501692090799 HTTP/1.1" 200 30
186.79.102.48 - - [02/Aug/2017:13:40:46 -0300] "POST /cormun/servlet/solicitudotadjuntos?4663fd9a0a71f543ac810cc7cde36e6c,INS,2017,7111,,1,,gx-no-cache=1501692091642 HTTP/1.1" 200 3826
200.86.95.220 - - [02/Aug/2017:13:40:48 -0300] "POST /cormun/servlet/trautorizarsolicitud?497a62464da5d1898c3fc404ac954615,,gx-no-cache=1501692093048 HTTP/1.1" 200 4348
200.86.95.220 - - [02/Aug/2017:13:40:48 -0300] "GET /cormun/static/Shared/jqueryui/images/ui-bg_highlight-soft_100_c6c2c8_1x100.png HTTP/1.1" 404 1117
200.86.95.220 - - [02/Aug/2017:13:40:48 -0300] "GET /cormun/static/Shared/jqueryui/images/ui-icons_82798d_256x240.png HTTP/1.1" 404 1089
200.86.95.220 - - [02/Aug/2017:13:40:48 -0300] "GET /cormun/static/Shared/jqueryui/images/ui-bg_flat_55_fafafa_40x100.png HTTP/1.1" 404 1097
200.86.95.220 - - [02/Aug/2017:13:40:48 -0300] "GET /cormun/static/Shared/jqueryui/images/ui-icons_8d78a5_256x240.png HTTP/1.1" 404 1089
200.86.95.220 - - [02/Aug/2017:13:40:48 -0300] "POST /cormun/servlet/trautorizarsolicitud?497a62464da5d1898c3fc404ac954615,,gx-no-cache=1501692093558 HTTP/1.1" 200 4108
186.79.102.48 - - [02/Aug/2017:13:40:48 -0300] "POST /cormun/servlet/solicitudotadjuntos?gx-no-cache=1501692093910 HTTP/1.1" 200 26
186.79.102.48 - - [02/Aug/2017:13:41:05 -0300] "GET /cormun/servlet/solicitudotadjuntos?92cde5fa868a5d913793e4bb57e17e505bf7e86130734c4ae622264f01865b12,gx-no-cache=1501692110190 HTTP/1.1" 200 30
186.79.102.48 - - [02/Aug/2017:13:41:07 -0300] "GET /cormun/servlet/solicitudotadjuntos?92cde5fa868a5d913793e4bb57e17e505bf7e86130734c4ae622264f01865b12,gx-no-cache=1501692112355 HTTP/1.1" 200 30
186.79.102.48 - - [02/Aug/2017:13:41:17 -0300] "POST /cormun/servlet/solicitudotadjuntos?4663fd9a0a71f543ac810cc7cde36e6c,INS,2017,7111,,1, HTTP/1.1" 200 116
186.79.102.48 - - [02/Aug/2017:13:41:17 -0300] "GET /cormun/servlet/hpexe_return? HTTP/1.1" 200 1023
186.79.102.48 - - [02/Aug/2017:13:41:19 -0300] "GET /cormun/servlet/trsolicitudadjuntos?2017,7111, HTTP/1.1" 200 8425
186.79.102.48 - - [02/Aug/2017:13:41:20 -0300] "GET /cormun/servlet/trsolicitudadjuntos?2017,7111, HTTP/1.1" 200 8422
186.79.102.48 - - [02/Aug/2017:13:41:23 -0300] "GET /cormun/servlet/solicitudotadjuntos?INS,2017,7111,,1, HTTP/1.1" 200 6107
186.79.102.48 - - [02/Aug/2017:13:41:23 -0300] "GET /cormun/static/about:blank HTTP/1.1" 404 1011
186.79.102.48 - - [02/Aug/2017:13:41:25 -0300] "GET /cormun/servlet/solicitudotadjuntos?INS,2017,7111,,1, HTTP/1.1" 200 6101
186.79.102.48 - - [02/Aug/2017:13:41:25 -0300] "GET /cormun/servlet/solicitudotadjuntos?92cde5fa868a5d913793e4bb57e17e50d38a93e017f04e14c3393b42a8ad8b588846ec2e49843d7d67068c7d21763c2a,gx-no-cache=1501692130784 HTTP/1.1" 200 30
186.79.102.48 - - [02/Aug/2017:13:41:25 -0300] "POST /cormun/servlet/solicitudotadjuntos?4663fd9a0a71f543ac810cc7cde36e6c,INS,2017,7111,,1,,gx-no-cache=1501692131000 HTTP/1.1" 200 3826
186.79.102.48 - - [02/Aug/2017:13:41:28 -0300] "POST /cormun/servlet/solicitudotadjuntos?gx-no-cache=1501692134113 HTTP/1.1" 200 26
186.79.102.48 - - [02/Aug/2017:13:41:35 -0300] "GET /cormun/servlet/solicitudotadjuntos?92cde5fa868a5d913793e4bb57e17e505bf7e86130734c4ae622264f01865b12,gx-no-cache=1501692140331 HTTP/1.1" 200 30
186.79.102.48 - - [02/Aug/2017:13:41:35 -0300] "GET /cormun/servlet/solicitudotadjuntos?92cde5fa868a5d913793e4bb57e17e505bf7e86130734c4ae622264f01865b12,gx-no-cache=1501692140613 HTTP/1.1" 200 30
186.79.102.48 - - [02/Aug/2017:13:41:47 -0300] "POST /cormun/servlet/solicitudotadjuntos?4663fd9a0a71f543ac810cc7cde36e6c,INS,2017,7111,,1, HTTP/1.1" 200 116
186.79.102.48 - - [02/Aug/2017:13:41:48 -0300] "GET /cormun/servlet/hpexe_return? HTTP/1.1" 200 1023
186.79.102.48 - - [02/Aug/2017:13:41:48 -0300] "GET /cormun/servlet/trsolicitudadjuntos?2017,7111, HTTP/1.1" 200 8619
186.79.102.48 - - [02/Aug/2017:13:41:50 -0300] "GET /cormun/servlet/trsolicitudadjuntos?2017,7111, HTTP/1.1" 200 8617
186.79.102.48 - - [02/Aug/2017:13:41:52 -0300] "GET /cormun/servlet/solicitudotadjuntos?INS,2017,7111,,1, HTTP/1.1" 200 6107
186.79.102.48 - - [02/Aug/2017:13:41:53 -0300] "GET /cormun/static/about:blank HTTP/1.1" 404 1011
186.79.102.48 - - [02/Aug/2017:13:41:54 -0300] "GET /cormun/servlet/solicitudotadjuntos?INS,2017,7111,,1, HTTP/1.1" 200 6101
186.79.102.48 - - [02/Aug/2017:13:41:55 -0300] "GET /cormun/servlet/solicitudotadjuntos?92cde5fa868a5d913793e4bb57e17e50d38a93e017f04e14c3393b42a8ad8b588846ec2e49843d7d67068c7d21763c2a,gx-no-cache=1501692160277 HTTP/1.1" 200 30
186.79.102.48 - - [02/Aug/2017:13:41:55 -0300] "POST /cormun/servlet/solicitudotadjuntos?4663fd9a0a71f543ac810cc7cde36e6c,INS,2017,7111,,1,,gx-no-cache=1501692160532 HTTP/1.1" 200 3826
186.79.102.48 - - [02/Aug/2017:13:42:01 -0300] "POST /cormun/servlet/solicitudotadjuntos?gx-no-cache=1501692166609 HTTP/1.1" 200 26
200.86.95.220 - - [02/Aug/2017:13:42:05 -0300] "GET /cormun/servlet/hlogin HTTP/1.1" 200 1724
186.79.102.48 - - [02/Aug/2017:13:42:10 -0300] "GET /cormun/servlet/solicitudotadjuntos?92cde5fa868a5d913793e4bb57e17e505bf7e86130734c4ae622264f01865b12,gx-no-cache=1501692175147 HTTP/1.1" 200 30
186.79.102.48 - - [02/Aug/2017:13:42:10 -0300] "GET /cormun/servlet/solicitudotadjuntos?92cde5fa868a5d913793e4bb57e17e505bf7e86130734c4ae622264f01865b12,gx-no-cache=1501692175598 HTTP/1.1" 200 30
200.86.95.220 - - [02/Aug/2017:13:42:13 -0300] "POST /cormun/servlet/hlogin?497a62464da5d1898c3fc404ac954615,gx-no-cache=1501692178263 HTTP/1.1" 200 90
200.86.95.220 - - [02/Aug/2017:13:42:13 -0300] "GET /cormun/servlet/hpexe_link HTTP/1.1" 200 951
200.86.95.220 - - [02/Aug/2017:13:42:13 -0300] "GET /cormun/servlet/hhome HTTP/1.1" 200 3791
200.86.95.220 - - [02/Aug/2017:13:42:14 -0300] "GET /cormun/servlet/hhome HTTP/1.1" 200 3788
186.79.102.48 - - [02/Aug/2017:13:43:08 -0300] "POST /cormun/servlet/solicitudotadjuntos?4663fd9a0a71f543ac810cc7cde36e6c,INS,2017,7111,,1, HTTP/1.1" 200 6850
186.79.102.48 - - [02/Aug/2017:13:44:00 -0300] "POST /cormun/servlet/solicitudotadjuntos?4663fd9a0a71f543ac810cc7cde36e6c,INS,2017,7111,,1, HTTP/1.1" 200 116
186.79.102.48 - - [02/Aug/2017:13:44:00 -0300] "GET /cormun/servlet/hpexe_return? HTTP/1.1" 200 1023
186.79.102.48 - - [02/Aug/2017:13:44:03 -0300] "GET /cormun/servlet/trsolicitudadjuntos?2017,7111, HTTP/1.1" 200 8786
186.79.102.48 - - [02/Aug/2017:13:44:06 -0300] "GET /cormun/servlet/trsolicitudadjuntos?2017,7111, HTTP/1.1" 200 8785
186.79.102.48 - - [02/Aug/2017:13:44:08 -0300] "GET /cormun/servlet/solicitudotadjuntos?INS,2017,7111,,1, HTTP/1.1" 200 6108
186.79.102.48 - - [02/Aug/2017:13:44:11 -0300] "GET /cormun/static/about:blank HTTP/1.1" 404 1011
186.79.102.48 - - [02/Aug/2017:13:44:15 -0300] "GET /cormun/servlet/solicitudotadjuntos?INS,2017,7111,,1, HTTP/1.1" 200 6102
186.79.102.48 - - [02/Aug/2017:13:44:15 -0300] "GET /cormun/servlet/solicitudotadjuntos?92cde5fa868a5d913793e4bb57e17e50d38a93e017f04e14c3393b42a8ad8b588846ec2e49843d7d67068c7d21763c2a,gx-no-cache=1501692301165 HTTP/1.1" 200 30
186.79.102.48 - - [02/Aug/2017:13:44:16 -0300] "POST /cormun/servlet/solicitudotadjuntos?4663fd9a0a71f543ac810cc7cde36e6c,INS,2017,7111,,1,,gx-no-cache=1501692301393 HTTP/1.1" 200 3827
186.79.102.48 - - [02/Aug/2017:13:44:57 -0300] "GET /cormun/servlet/hlogin HTTP/1.1" 200 1716
186.79.102.48 - - [02/Aug/2017:13:45:05 -0300] "POST /cormun/servlet/hlogin?4663fd9a0a71f543ac810cc7cde36e6c,gx-no-cache=1501692350439 HTTP/1.1" 200 90
186.79.102.48 - - [02/Aug/2017:13:45:06 -0300] "GET /cormun/servlet/hpexe_link HTTP/1.1" 200 974
186.79.102.48 - - [02/Aug/2017:13:45:06 -0300] "GET /cormun/servlet/solicitudotadjuntos?INS,2017,7111,,1, HTTP/1.1" 200 6103
186.79.102.48 - - [02/Aug/2017:13:45:07 -0300] "GET /cormun/static/about:blank HTTP/1.1" 404 1011
186.79.102.48 - - [02/Aug/2017:13:45:08 -0300] "GET /cormun/servlet/solicitudotadjuntos?INS,2017,7111,,1, HTTP/1.1" 200 6102
186.79.102.48 - - [02/Aug/2017:13:45:09 -0300] "GET /cormun/servlet/solicitudotadjuntos?92cde5fa868a5d913793e4bb57e17e50d38a93e017f04e14c3393b42a8ad8b588846ec2e49843d7d67068c7d21763c2a,gx-no-cache=1501692354539 HTTP/1.1" 200 30
186.79.102.48 - - [02/Aug/2017:13:45:12 -0300] "POST /cormun/servlet/solicitudotadjuntos?4663fd9a0a71f543ac810cc7cde36e6c,INS,2017,7111,,1,,gx-no-cache=1501692355354 HTTP/1.1" 200 3817
186.79.102.48 - - [02/Aug/2017:13:45:16 -0300] "POST /cormun/servlet/solicitudotadjuntos?gx-no-cache=1501692361328 HTTP/1.1" 200 26
186.103.159.46 - - [02/Aug/2017:13:45:17 -0300] "GET /cormun/servlet/apermisogoceprn?17296081,P,20170802133843,PU HTTP/1.1" 200 1659
186.79.102.48 - - [02/Aug/2017:13:45:22 -0300] "GET /cormun/servlet/solicitudotadjuntos?92cde5fa868a5d913793e4bb57e17e505bf7e86130734c4ae622264f01865b12,gx-no-cache=1501692367434 HTTP/1.1" 200 30
186.79.102.48 - - [02/Aug/2017:13:45:22 -0300] "GET /cormun/servlet/solicitudotadjuntos?92cde5fa868a5d913793e4bb57e17e505bf7e86130734c4ae622264f01865b12,gx-no-cache=1501692367845 HTTP/1.1" 200 30
186.79.102.48 - - [02/Aug/2017:13:46:01 -0300] "POST /cormun/servlet/solicitudotadjuntos?4663fd9a0a71f543ac810cc7cde36e6c,INS,2017,7111,,1, HTTP/1.1" 200 116
186.79.102.48 - - [02/Aug/2017:13:46:01 -0300] "GET /cormun/servlet/hpexe_return? HTTP/1.1" 200 1023
186.79.102.48 - - [02/Aug/2017:13:46:02 -0300] "GET /cormun/servlet/trsolicitudadjuntos?2017,7111, HTTP/1.1" 200 8950
186.79.102.48 - - [02/Aug/2017:13:46:04 -0300] "GET /cormun/servlet/trsolicitudadjuntos?2017,7111, HTTP/1.1" 200 8948
186.79.102.48 - - [02/Aug/2017:13:46:07 -0300] "GET /cormun/servlet/solicitudotadjuntos?INS,2017,7111,,1, HTTP/1.1" 200 6108
186.79.102.48 - - [02/Aug/2017:13:46:07 -0300] "GET /cormun/static/about:blank HTTP/1.1" 404 1011
186.79.102.48 - - [02/Aug/2017:13:46:08 -0300] "GET /cormun/servlet/solicitudotadjuntos?INS,2017,7111,,1, HTTP/1.1" 200 6102
186.79.102.48 - - [02/Aug/2017:13:46:09 -0300] "GET /cormun/servlet/solicitudotadjuntos?92cde5fa868a5d913793e4bb57e17e50d38a93e017f04e14c3393b42a8ad8b588846ec2e49843d7d67068c7d21763c2a,gx-no-cache=1501692413930 HTTP/1.1" 200 30
186.79.102.48 - - [02/Aug/2017:13:46:09 -0300] "POST /cormun/servlet/solicitudotadjuntos?4663fd9a0a71f543ac810cc7cde36e6c,INS,2017,7111,,1,,gx-no-cache=1501692414541 HTTP/1.1" 200 3827
186.79.102.48 - - [02/Aug/2017:13:46:13 -0300] "POST /cormun/servlet/solicitudotadjuntos?gx-no-cache=1501692418467 HTTP/1.1" 200 26
186.79.102.48 - - [02/Aug/2017:13:46:20 -0300] "GET /cormun/servlet/solicitudotadjuntos?92cde5fa868a5d913793e4bb57e17e505bf7e86130734c4ae622264f01865b12,gx-no-cache=1501692425372 HTTP/1.1" 200 30
186.79.102.48 - - [02/Aug/2017:13:46:20 -0300] "GET /cormun/servlet/solicitudotadjuntos?92cde5fa868a5d913793e4bb57e17e505bf7e86130734c4ae622264f01865b12,gx-no-cache=1501692425657 HTTP/1.1" 200 30
200.86.95.220 - - [02/Aug/2017:13:46:34 -0300] "GET /cormun/servlet/trsolicitudot? HTTP/1.1" 200 8406
200.86.95.220 - - [02/Aug/2017:13:46:36 -0300] "GET /cormun/servlet/trsolicitudot? HTTP/1.1" 200 8402
192.168.10.96 - - [02/Aug/2017:13:46:39 -0300] "GET /cormun/servlet/vesolicitudnombre?2017,4859,,SolicitudOTAdjuntos HTTP/1.1" 200 11009
192.168.10.96 - - [02/Aug/2017:13:46:39 -0300] "GET /cormun/servlet/vesolicitudnombre?2017,4859,,SolicitudOTAdjuntos HTTP/1.1" 200 11010
192.168.10.96 - - [02/Aug/2017:13:46:40 -0300] "POST /cormun/servlet/acontrolpreferencessavestate?None,DZAMUDIO,true HTTP/1.1" 200 35
192.168.10.96 - - [02/Aug/2017:13:46:40 -0300] "GET /cormun/servlet/trconsultaempleado? HTTP/1.1" 200 6971
192.168.10.96 - - [02/Aug/2017:13:46:41 -0300] "GET /cormun/servlet/trconsultaempleado? HTTP/1.1" 200 6953
186.79.102.48 - - [02/Aug/2017:13:46:41 -0300] "POST /cormun/servlet/solicitudotadjuntos?4663fd9a0a71f543ac810cc7cde36e6c,INS,2017,7111,,1, HTTP/1.1" 200 116
186.79.102.48 - - [02/Aug/2017:13:46:42 -0300] "GET /cormun/servlet/hpexe_return? HTTP/1.1" 200 1023
186.79.102.48 - - [02/Aug/2017:13:46:42 -0300] "GET /cormun/servlet/trsolicitudadjuntos?2017,7111, HTTP/1.1" 200 9140
186.79.102.48 - - [02/Aug/2017:13:46:44 -0300] "GET /cormun/servlet/trsolicitudadjuntos?2017,7111, HTTP/1.1" 200 9158
186.79.102.48 - - [02/Aug/2017:13:46:47 -0300] "GET /cormun/servlet/solicitudotadjuntos?INS,2017,7111,,1, HTTP/1.1" 200 6108
186.79.102.48 - - [02/Aug/2017:13:46:47 -0300] "GET /cormun/static/about:blank HTTP/1.1" 404 1011
186.79.102.48 - - [02/Aug/2017:13:46:48 -0300] "GET /cormun/servlet/solicitudotadjuntos?INS,2017,7111,,1, HTTP/1.1" 200 6102
186.79.102.48 - - [02/Aug/2017:13:46:48 -0300] "GET /cormun/servlet/solicitudotadjuntos?92cde5fa868a5d913793e4bb57e17e50d38a93e017f04e14c3393b42a8ad8b588846ec2e49843d7d67068c7d21763c2a,gx-no-cache=1501692454105 HTTP/1.1" 200 30
186.79.102.48 - - [02/Aug/2017:13:46:49 -0300] "POST /cormun/servlet/solicitudotadjuntos?4663fd9a0a71f543ac810cc7cde36e6c,INS,2017,7111,,1,,gx-no-cache=1501692454495 HTTP/1.1" 200 3827
200.86.95.220 - - [02/Aug/2017:13:46:50 -0300] "GET /cormun/servlet/solicitudot?INS,0,0, HTTP/1.1" 200 12662
200.86.95.220 - - [02/Aug/2017:13:46:51 -0300] "GET /cormun/servlet/solicitudot?INS,0,0, HTTP/1.1" 200 12667
192.168.10.96 - - [02/Aug/2017:13:46:52 -0300] "POST /cormun/servlet/trconsultaempleado?89f2d685f87d7aad7b2cbe44e6e1d47b,,gx-no-cache=1501692390221 HTTP/1.1" 200 4573
186.79.102.48 - - [02/Aug/2017:13:46:52 -0300] "POST /cormun/servlet/solicitudotadjuntos?gx-no-cache=1501692457826 HTTP/1.1" 200 26
192.168.10.96 - - [02/Aug/2017:13:46:53 -0300] "GET /cormun/servlet/trsolicitudnombre?17504649, HTTP/1.1" 200 7610
192.168.10.96 - - [02/Aug/2017:13:46:53 -0300] "GET /cormun/servlet/trsolicitudnombre?17504649, HTTP/1.1" 200 7613
192.168.10.96 - - [02/Aug/2017:13:46:55 -0300] "GET /cormun/servlet/vesolicitudnombre?2017,5310,, HTTP/1.1" 200 8750
192.168.10.96 - - [02/Aug/2017:13:46:55 -0300] "GET /cormun/pexe_scrolldiv.js HTTP/1.1" 404 1009
192.168.10.96 - - [02/Aug/2017:13:46:55 -0300] "GET /cormun/pexe_scrolldiv.js HTTP/1.1" 404 1009
192.168.10.96 - - [02/Aug/2017:13:46:55 -0300] "GET /cormun/servlet/vesolicitudnombre?2017,5310,, HTTP/1.1" 200 8743
186.79.102.48 - - [02/Aug/2017:13:46:59 -0300] "GET /cormun/servlet/solicitudotadjuntos?92cde5fa868a5d913793e4bb57e17e505bf7e86130734c4ae622264f01865b12,gx-no-cache=1501692465156 HTTP/1.1" 200 30
186.79.102.48 - - [02/Aug/2017:13:47:00 -0300] "GET /cormun/servlet/solicitudotadjuntos?92cde5fa868a5d913793e4bb57e17e505bf7e86130734c4ae622264f01865b12,gx-no-cache=1501692465308 HTTP/1.1" 200 30
192.168.10.96 - - [02/Aug/2017:13:47:03 -0300] "GET /cormun/servlet/trsolicitudgral? HTTP/1.1" 200 24221
192.168.10.96 - - [02/Aug/2017:13:47:04 -0300] "GET /cormun/servlet/trsolicitudgral? HTTP/1.1" 200 24210
186.79.102.48 - - [02/Aug/2017:13:47:09 -0300] "POST /cormun/servlet/solicitudotadjuntos?4663fd9a0a71f543ac810cc7cde36e6c,INS,2017,7111,,1, HTTP/1.1" 200 116
186.79.102.48 - - [02/Aug/2017:13:47:09 -0300] "GET /cormun/servlet/hpexe_return? HTTP/1.1" 200 1023
186.79.102.48 - - [02/Aug/2017:13:47:09 -0300] "GET /cormun/servlet/trsolicitudadjuntos?2017,7111, HTTP/1.1" 200 9358
186.79.102.48 - - [02/Aug/2017:13:47:11 -0300] "GET /cormun/servlet/trsolicitudadjuntos?2017,7111, HTTP/1.1" 200 9359
186.103.159.46 - - [02/Aug/2017:13:47:12 -0300] "GET /cormun/servlet/trlicencias? HTTP/1.1" 200 10430
186.103.159.46 - - [02/Aug/2017:13:47:14 -0300] "GET /cormun/servlet/trlicencias? HTTP/1.1" 200 10429
186.103.159.46 - - [02/Aug/2017:13:47:19 -0300] "GET /cormun/servlet/trlicenciaspermisosadjuntos?9638570,20170802000000,L, HTTP/1.1" 200 6141
186.103.159.46 - - [02/Aug/2017:13:47:19 -0300] "GET /cormun/static/gxcfg.js?20177612163414 HTTP/1.1" 200 953
186.103.159.46 - - [02/Aug/2017:13:47:19 -0300] "GET /cormun/static/trlicenciaspermisosadjuntos.js?20177612163719 HTTP/1.1" 200 21036
186.103.159.46 - - [02/Aug/2017:13:47:20 -0300] "GET /cormun/servlet/trlicenciaspermisosadjuntos?9638570,20170802000000,L, HTTP/1.1" 200 6141
200.86.95.220 - - [02/Aug/2017:13:47:21 -0300] "POST /cormun/servlet/solicitudot?gx-no-cache=1501692486425 HTTP/1.1" 200 3229
200.86.95.220 - - [02/Aug/2017:13:47:21 -0300] "POST /cormun/servlet/solicitudot?497a62464da5d1898c3fc404ac954615,INS,0,0,,gx-no-cache=1501692486749 HTTP/1.1" 200 9869
186.103.159.46 - - [02/Aug/2017:13:47:21 -0300] "GET /cormun/servlet/licenciaspermisosadjuntos?INS,9638570,L,20170802000000,, HTTP/1.1" 200 5431
186.103.159.46 - - [02/Aug/2017:13:47:22 -0300] "GET /cormun/static/gxcfg.js?2017761263592 HTTP/1.1" 200 953
186.103.159.46 - - [02/Aug/2017:13:47:22 -0300] "GET /cormun/static/licenciaspermisosadjuntos.js?201776126362 HTTP/1.1" 200 8760
186.103.159.46 - - [02/Aug/2017:13:47:22 -0300] "GET /cormun/static/about:blank HTTP/1.1" 404 1011
186.79.102.48 - - [02/Aug/2017:13:47:22 -0300] "POST /cormun/servlet/trsolicitudadjuntos?4663fd9a0a71f543ac810cc7cde36e6c,2017,7111,,gx-no-cache=1501692487498 HTTP/1.1" 200 90
186.79.102.48 - - [02/Aug/2017:13:47:22 -0300] "GET /cormun/servlet/hpexe_link HTTP/1.1" 200 965
186.79.102.48 - - [02/Aug/2017:13:47:23 -0300] "GET /cormun/servlet/trsolicitudot HTTP/1.1" 200 11465
186.103.159.46 - - [02/Aug/2017:13:47:23 -0300] "GET /cormun/servlet/licenciaspermisosadjuntos?INS,9638570,L,20170802000000,, HTTP/1.1" 200 5424
186.79.102.48 - - [02/Aug/2017:13:47:24 -0300] "GET /cormun/servlet/trsolicitudot HTTP/1.1" 200 11464
200.86.95.220 - - [02/Aug/2017:13:47:24 -0300] "GET /cormun/servlet/solicitudot?fa1f7c567904d82d610966834570985497b0a4d4e23eb304e13745673a7427226791e9bf51bd8639975a9590aa3cb0dc,gx-no-cache=1501692489740 HTTP/1.1" 200 30
200.86.95.220 - - [02/Aug/2017:13:47:24 -0300] "POST /cormun/servlet/solicitudot?gx-no-cache=1501692489891 HTTP/1.1" 200 255
200.86.95.220 - - [02/Aug/2017:13:47:24 -0300] "GET /cormun/servlet/solicitudot?fa1f7c567904d82d6109668345709854eb31d6f494eee6eeffc4aa9dc8882d08a037c938050566afa8f6e1cb16c2866f5dacb90f7ad3b27481aedb6ff9dcd3cc47526f96b7c0ecb9329ab86d783362a90dc10de7b48387d2a85651fabd32f740b36ea5565aaea8b142ec774cc8e212b6c5d66a3f2431a2a8415ac508be30708e4448092c38571ddcefa39953efe0139418cc5e2e6a6f7c445d8f68974279aed72f112a68f258de9903e94fbb7549762e5fe0c709b0dfe4606ff52336e98566ec39fda0a43a79639d1bb0831564578d23a54db1194c5972280d3be637715e916219713373ed92ea344e0e8678b5fa3ee6d1e7c324fa481b82b63cd4ed1142702557fa2c96506473f1ffd75748eb008ad0968781c8eabc9fb9491eab61a79e5274bc6d3d7cfcf9a2a1ed33a141fb1ea340caf6604bee3985c503eff0848596772457df734d387146ec65841736f72b44d635374badc85847cfd0d20f552b815e0f911ef4a536f8a5c8fe5bfaab0489a8dcdb6e935de2a0f34f8c5330e59d4e2785,gx-no-cache=1501692489983 HTTP/1.1" 200 30
192.168.10.96 - - [02/Aug/2017:13:47:25 -0300] "POST /cormun/servlet/trsolicitudgral?89f2d685f87d7aad7b2cbe44e6e1d47b,,gx-no-cache=1501692422314 HTTP/1.1" 200 24479
200.86.95.220 - - [02/Aug/2017:13:47:27 -0300] "POST /cormun/servlet/solicitudot?gx-no-cache=1501692492790 HTTP/1.1" 200 30
200.86.95.220 - - [02/Aug/2017:13:47:32 -0300] "GET /cormun/static/Resources/resize.gif HTTP/1.1" 200 77
200.86.95.220 - - [02/Aug/2017:13:47:32 -0300] "GET /cormun/servlet/prcontratosol?17129131,,,,,MD,,gxPopupLevel%3D0%3B HTTP/1.1" 200 7429
200.86.95.220 - - [02/Aug/2017:13:47:32 -0300] "GET /cormun/static/gxcfg.js?201761413223964 HTTP/1.1" 200 953
200.86.95.220 - - [02/Aug/2017:13:47:32 -0300] "GET /cormun/static/Resources/PXToolsMenuSearch.png HTTP/1.1" 200 2914
200.86.95.220 - - [02/Aug/2017:13:47:32 -0300] "GET /cormun/static/Resources/PXToolsMenuSearchCancel.png HTTP/1.1" 200 2972
200.86.95.220 - - [02/Aug/2017:13:47:32 -0300] "GET /cormun/static/menusearch.js?201610171694467 HTTP/1.1" 200 1424
200.86.95.220 - - [02/Aug/2017:13:47:32 -0300] "GET /cormun/static/hmpwkw011.js?20177612121862 HTTP/1.1" 200 1968
200.86.95.220 - - [02/Aug/2017:13:47:32 -0300] "GET /cormun/static/prcontratosol.js?201761413224174 HTTP/1.1" 200 15806
186.79.102.48 - - [02/Aug/2017:13:47:36 -0300] "GET /cormun/servlet/vesolicitudot?2017,7111,, HTTP/1.1" 200 8281
186.79.102.48 - - [02/Aug/2017:13:47:36 -0300] "GET /cormun/static/gxcfg.js?20175251244132 HTTP/1.1" 200 953
186.79.102.48 - - [02/Aug/2017:13:47:37 -0300] "GET /cormun/pexe_scrolldiv.js HTTP/1.1" 404 1009
186.79.102.48 - - [02/Aug/2017:13:47:37 -0300] "GET /cormun/static/vesolicitudot.js?2017525124424 HTTP/1.1" 200 6091
186.79.102.48 - - [02/Aug/2017:13:47:38 -0300] "GET /cormun/static/Resources/PXToolsTabPrevious.gif HTTP/1.1" 200 172
186.79.102.48 - - [02/Aug/2017:13:47:38 -0300] "GET /cormun/static/Resources/PXToolsTabNext.gif HTTP/1.1" 200 168
200.86.95.220 - - [02/Aug/2017:13:47:38 -0300] "POST /cormun/servlet/solicitudot?gx-no-cache=1501692503826 HTTP/1.1" 200 1357
200.86.95.220 - - [02/Aug/2017:13:47:38 -0300] "POST /cormun/servlet/solicitudot?gx-no-cache=1501692503960 HTTP/1.1" 200 38
186.79.102.48 - - [02/Aug/2017:13:47:38 -0300] "GET /cormun/static/Resources/PXToolsTabLastUnselected.png HTTP/1.1" 200 1291
200.86.95.220 - - [02/Aug/2017:13:47:38 -0300] "GET /cormun/servlet/solicitudot?fa1f7c567904d82d6109668345709854e0f68f86b26cbe79ac9edd1584b87ab4e02fe39c73cd7af4c6830b247c13ba5fecdd8e9e1726cc16f79cbc16a933228ef8c994f76a74f6fc6a093053757cefb7970dab18a60933cef703e3e1f0c0b79dad435e4d0142194339ba3435ef973aca356d55ed00ff581ae3ad0d3968c18763e51878e810f36a8222667486ffbb1766160c34d952a24c25b7b401b4c8c5f7ea05689fb8a0bbc46bc4dee150fa4c78de12639c8533d83693692253c9aea808f29ab4391fd51350c9d55267a34b6a0141,gx-no-cache=1501692504014 HTTP/1.1" 200 29
200.86.95.220 - - [02/Aug/2017:13:47:39 -0300] "POST /cormun/servlet/solicitudot?gx-no-cache=1501692504074 HTTP/1.1" 200 1337
186.79.102.48 - - [02/Aug/2017:13:47:39 -0300] "GET /cormun/static/tbsolicitudot01.js?201752511462191 HTTP/1.1" 200 28466
186.79.102.48 - - [02/Aug/2017:13:47:39 -0300] "GET /cormun/static/hwcviewtabs.js?20177611594913 HTTP/1.1" 200 1074
192.168.10.96 - - [02/Aug/2017:13:47:40 -0300] "GET /cormun/servlet/vesolicitudgral?2017,5778,, HTTP/1.1" 200 8800
192.168.10.96 - - [02/Aug/2017:13:47:40 -0300] "GET /cormun/pexe_scrolldiv.js HTTP/1.1" 404 1009
192.168.10.96 - - [02/Aug/2017:13:47:40 -0300] "GET /cormun/pexe_scrolldiv.js HTTP/1.1" 404 1009
186.79.102.48 - - [02/Aug/2017:13:47:40 -0300] "GET /cormun/static/hpexe_tabsview.js?201610171694228 HTTP/1.1" 200 1661
186.79.102.48 - - [02/Aug/2017:13:47:40 -0300] "GET /cormun/static/Resources/PXToolsTabFirstSelected.png HTTP/1.1" 200 1259
192.168.10.96 - - [02/Aug/2017:13:47:40 -0300] "GET /cormun/servlet/vesolicitudgral?2017,5778,, HTTP/1.1" 200 8799
186.79.102.48 - - [02/Aug/2017:13:47:42 -0300] "GET /cormun/static/calendar-system.css HTTP/1.1" 200 5572
186.79.102.48 - - [02/Aug/2017:13:47:42 -0300] "GET /cormun/static/Resources/PXToolsTabBackSelected.png HTTP/1.1" 200 1157
186.79.102.48 - - [02/Aug/2017:13:47:42 -0300] "GET /cormun/static/Resources/PXToolsTabBackUnselected.png HTTP/1.1" 200 1175
186.79.102.48 - - [02/Aug/2017:13:47:42 -0300] "GET /cormun/static/Resources/PXToolsTabSelectedUnselected.png HTTP/1.1" 200 1428
186.79.102.48 - - [02/Aug/2017:13:47:42 -0300] "GET /cormun/static/Resources/PXToolsTabUnselectedUnselected.png HTTP/1.1" 200 1459
192.168.10.96 - - [02/Aug/2017:13:47:42 -0300] "GET /cormun/servlet/vesolicitudgral?2017,5778,,SolicitudOTAdjuntos HTTP/1.1" 200 10704
186.79.102.48 - - [02/Aug/2017:13:47:42 -0300] "GET /cormun/servlet/vesolicitudot?2017,7111,, HTTP/1.1" 200 8281
192.168.10.96 - - [02/Aug/2017:13:47:42 -0300] "GET /cormun/pexe_scrolldiv.js HTTP/1.1" 404 1009
186.103.159.46 - - [02/Aug/2017:13:47:42 -0300] "POST /cormun/servlet/licenciaspermisosadjuntos?3c8f6238882da4b5d8c9432f4e69273f,INS,9638570,L,20170802000000,, HTTP/1.1" 200 116
192.168.10.96 - - [02/Aug/2017:13:47:42 -0300] "GET /cormun/pexe_scrolldiv.js HTTP/1.1" 404 1009
186.103.159.46 - - [02/Aug/2017:13:47:42 -0300] "GET /cormun/servlet/hpexe_return? HTTP/1.1" 200 1036
192.168.10.96 - - [02/Aug/2017:13:47:43 -0300] "GET /cormun/servlet/vesolicitudgral?2017,5778,,SolicitudOTAdjuntos HTTP/1.1" 200 10703
186.103.159.46 - - [02/Aug/2017:13:47:43 -0300] "GET /cormun/servlet/trlicenciaspermisosadjuntos?9638570,20170802000000,L, HTTP/1.1" 200 6624
192.168.10.96 - - [02/Aug/2017:13:47:43 -0300] "POST /cormun/servlet/acontrolpreferencessavestate?None,DZAMUDIO,true HTTP/1.1" 200 35
186.103.159.46 - - [02/Aug/2017:13:47:44 -0300] "GET /cormun/servlet/trlicenciaspermisosadjuntos?9638570,20170802000000,L, HTTP/1.1" 200 6620
192.168.10.96 - - [02/Aug/2017:13:47:45 -0300] "GET /cormun/PublicTempStorage/eduardo_rebolledo_rebolledo_titulo6813295.jpg HTTP/1.1" 200 198058
186.103.159.46 - - [02/Aug/2017:13:47:46 -0300] "POST /cormun/servlet/trlicenciaspermisosadjuntos?3c8f6238882da4b5d8c9432f4e69273f,9638570,20170802000000,L,,gx-no-cache=1501692510455 HTTP/1.1" 200 90
186.103.159.46 - - [02/Aug/2017:13:47:46 -0300] "GET /cormun/servlet/hpexe_link HTTP/1.1" 200 979
186.103.159.46 - - [02/Aug/2017:13:47:47 -0300] "GET /cormun/servlet/trlicencias HTTP/1.1" 200 10431
186.103.159.46 - - [02/Aug/2017:13:47:48 -0300] "GET /cormun/servlet/trlicencias HTTP/1.1" 200 10429
200.86.95.220 - - [02/Aug/2017:13:47:50 -0300] "GET /cormun/servlet/solicitudot?fa1f7c567904d82d6109668345709854e0f68f86b26cbe79ac9edd1584b87ab4e02fe39c73cd7af4c6830b247c13ba5ffdde7c262b67df19abf3c62b02854eabf8c994f76a74f6fc6a093053757cefb7970dab18a60933cef703e3e1f0c0b79dad435e4d0142194339ba3435ef973aca356d55ed00ff581ae3ad0d3968c18763e51878e810f36a8222667486ffbb1766160c34d952a24c25b7b401b4c8c5f7ea05689fb8a0bbc46bc4dee150fa4c78de12639c8533d83693692253c9aea808f29ab4391fd51350c9d55267a34b6a0141,gx-no-cache=1501692515914 HTTP/1.1" 200 29
186.103.159.46 - - [02/Aug/2017:13:47:56 -0300] "POST /cormun/servlet/trlicencias?3c8f6238882da4b5d8c9432f4e69273f,gx-no-cache=1501692519441 HTTP/1.1" 200 7813
186.103.159.46 - - [02/Aug/2017:13:47:56 -0300] "GET /cormun/static/Shared/jqueryui/images/ui-bg_highlight-soft_100_c6c2c8_1x100.png HTTP/1.1" 404 1117
186.103.159.46 - - [02/Aug/2017:13:47:56 -0300] "GET /cormun/static/Shared/jqueryui/images/ui-icons_82798d_256x240.png HTTP/1.1" 404 1089
186.103.159.46 - - [02/Aug/2017:13:47:56 -0300] "GET /cormun/static/Shared/jqueryui/images/ui-bg_flat_55_fafafa_40x100.png HTTP/1.1" 404 1097
186.103.159.46 - - [02/Aug/2017:13:47:56 -0300] "GET /cormun/static/Shared/jqueryui/images/ui-icons_8d78a5_256x240.png HTTP/1.1" 404 1089
