186.103.159.46 - - [02/Aug/2017:13:18:59 -0300] "GET /cormun/servlet/trpermisosadjuntos?10842330,20170726105447,P, HTTP/1.1" 200 6585
186.103.159.46 - - [02/Aug/2017:13:19:00 -0300] "GET /cormun/servlet/trpermisosadjuntos?10842330,20170726105447,P, HTTP/1.1" 200 6582
186.103.159.46 - - [02/Aug/2017:13:19:25 -0300] "POST /cormun/servlet/trpermisosadjuntos?3c8f6238882da4b5d8c9432f4e69273f,10842330,20170726105447,P,,gx-no-cache=1501690808514 HTTP/1.1" 200 90
186.103.159.46 - - [02/Aug/2017:13:19:25 -0300] "GET /cormun/servlet/hpexe_link HTTP/1.1" 200 977
200.83.223.210 - - [02/Aug/2017:13:19:26 -0300] "GET /cormun/servlet/licenciaspermisos?INS,0,,, HTTP/1.1" 200 7320
186.103.159.46 - - [02/Aug/2017:13:19:26 -0300] "GET /cormun/servlet/trpermisosgoce HTTP/1.1" 200 9506
200.83.223.210 - - [02/Aug/2017:13:19:26 -0300] "GET /cormun/servlet/licenciaspermisos?INS,0,,, HTTP/1.1" 200 7319
186.103.159.46 - - [02/Aug/2017:13:19:27 -0300] "GET /cormun/servlet/trpermisosgoce HTTP/1.1" 200 9505
186.103.159.46 - - [02/Aug/2017:13:19:35 -0300] "POST /cormun/servlet/trpermisosgoce?3c8f6238882da4b5d8c9432f4e69273f,gx-no-cache=1501690818189 HTTP/1.1" 200 6747
186.103.159.46 - - [02/Aug/2017:13:19:35 -0300] "GET /cormun/static/Shared/jqueryui/images/ui-bg_highlight-soft_100_c6c2c8_1x100.png HTTP/1.1" 404 1117
186.103.159.46 - - [02/Aug/2017:13:19:35 -0300] "GET /cormun/static/Shared/jqueryui/images/ui-icons_82798d_256x240.png HTTP/1.1" 404 1089
186.103.159.46 - - [02/Aug/2017:13:19:36 -0300] "GET /cormun/static/Shared/jqueryui/images/ui-bg_flat_55_fafafa_40x100.png HTTP/1.1" 404 1097
186.103.159.46 - - [02/Aug/2017:13:19:36 -0300] "GET /cormun/static/Shared/jqueryui/images/ui-icons_8d78a5_256x240.png HTTP/1.1" 404 1089
200.83.223.210 - - [02/Aug/2017:13:19:36 -0300] "GET /cormun/servlet/prfichaempleado?,MD,,gxPopupLevel%3D0%3B HTTP/1.1" 200 9250
186.67.172.234 - - [02/Aug/2017:13:19:39 -0300] "GET /cormun/servlet/trautorizarsolicitud? HTTP/1.1" 200 6973
186.67.172.234 - - [02/Aug/2017:13:19:39 -0300] "GET /cormun/servlet/trautorizarsolicitud? HTTP/1.1" 200 6972
186.79.102.48 - - [02/Aug/2017:13:19:41 -0300] "GET /cormun/servlet/trautorizarsolicitud? HTTP/1.1" 200 6086
186.79.102.48 - - [02/Aug/2017:13:19:42 -0300] "GET /cormun/servlet/hlogin HTTP/1.1" 200 1744
200.83.223.210 - - [02/Aug/2017:13:19:45 -0300] "POST /cormun/servlet/prfichaempleado?520c4446745dcb09dd59830c8dba547f,,MD,,gxPopupLevel%3D0%3B,gx-no-cache=1501690828333 HTTP/1.1" 200 3193
200.83.223.210 - - [02/Aug/2017:13:19:51 -0300] "POST /cormun/servlet/prfichaempleado?520c4446745dcb09dd59830c8dba547f,,MD,,gxPopupLevel%3D0%3B,gx-no-cache=1501690835207 HTTP/1.1" 200 3430
200.83.223.210 - - [02/Aug/2017:13:19:56 -0300] "GET /cormun/servlet/licenciaspermisos?8dc12f7fa653a04231841716e8baab1483282862ff9bded26e350f6d880b5182e60b09dd6c395141b36fdcdfa9a76c6e,gx-no-cache=1501690840417 HTTP/1.1" 200 90
200.83.223.210 - - [02/Aug/2017:13:19:57 -0300] "POST /cormun/servlet/licenciaspermisos?520c4446745dcb09dd59830c8dba547f,INS,0,,,,gx-no-cache=1501690840506 HTTP/1.1" 200 4528
186.79.102.48 - - [02/Aug/2017:13:20:12 -0300] "POST /cormun/servlet/hlogin?f9ff91d4dea90011c9d878c39bc52c5b,gx-no-cache=1501690852914 HTTP/1.1" 200 90
186.79.102.48 - - [02/Aug/2017:13:20:12 -0300] "GET /cormun/servlet/hpexe_link HTTP/1.1" 200 964
186.79.102.48 - - [02/Aug/2017:13:20:12 -0300] "GET /cormun/servlet/trautorizarsolicitud HTTP/1.1" 200 9130
186.79.102.48 - - [02/Aug/2017:13:20:13 -0300] "GET /cormun/servlet/trautorizarsolicitud HTTP/1.1" 200 9129
186.79.102.48 - - [02/Aug/2017:13:20:14 -0300] "GET /cormun//static/Resources/PXTools/ActionInsert.png HTTP/1.1" 200 1482
186.79.102.48 - - [02/Aug/2017:13:20:14 -0300] "GET /cormun//static/Resources/PXToolsActionView.png HTTP/1.1" 200 2995
186.79.102.48 - - [02/Aug/2017:13:20:14 -0300] "GET /cormun//static/Resources/PXToolsRemoveAllAction.png HTTP/1.1" 200 3558
186.79.102.48 - - [02/Aug/2017:13:20:16 -0300] "GET /cormun//static/Resources/PXToolsGridUpdate.png HTTP/1.1" 200 2984
186.79.102.48 - - [02/Aug/2017:13:20:16 -0300] "GET /cormun//static/Resources/PXToolsGridDelete.png HTTP/1.1" 200 357
186.79.102.48 - - [02/Aug/2017:13:20:24 -0300] "POST /cormun/servlet/trautorizarsolicitud?f9ff91d4dea90011c9d878c39bc52c5b,gx-no-cache=1501690867094 HTTP/1.1" 200 6186
200.83.223.210 - - [02/Aug/2017:13:20:37 -0300] "GET /cormun/static/menuarrow.gif HTTP/1.1" 404 1015
186.103.156.24 - - [02/Aug/2017:13:20:48 -0300] "POST /cormun/servlet/trlicencias?be86e83ddbac9e73a740d627084bbecb,,gx-no-cache=1501690892938 HTTP/1.1" 200 7884
186.103.156.24 - - [02/Aug/2017:13:20:48 -0300] "GET /cormun/static/Shared/jqueryui/images/ui-bg_highlight-soft_100_c6c2c8_1x100.png HTTP/1.1" 404 1117
186.103.156.24 - - [02/Aug/2017:13:20:48 -0300] "GET /cormun/static/Shared/jqueryui/images/ui-icons_82798d_256x240.png HTTP/1.1" 404 1089
186.103.156.24 - - [02/Aug/2017:13:20:48 -0300] "GET /cormun/static/Shared/jqueryui/images/ui-bg_flat_55_fafafa_40x100.png HTTP/1.1" 404 1097
186.103.156.24 - - [02/Aug/2017:13:20:48 -0300] "GET /cormun/static/Shared/jqueryui/images/ui-icons_8d78a5_256x240.png HTTP/1.1" 404 1089
186.67.172.234 - - [02/Aug/2017:13:20:59 -0300] "GET /cormun/servlet/trrenuncias? HTTP/1.1" 200 6925
186.67.172.234 - - [02/Aug/2017:13:20:59 -0300] "GET /cormun/static/gxcfg.js?20175251282642 HTTP/1.1" 200 953
186.67.172.234 - - [02/Aug/2017:13:21:00 -0300] "GET /cormun/static/trrenuncias.js?20175251283179 HTTP/1.1" 200 31174
186.67.172.234 - - [02/Aug/2017:13:21:00 -0300] "GET /cormun/servlet/trrenuncias? HTTP/1.1" 200 6924
186.67.172.234 - - [02/Aug/2017:13:21:01 -0300] "POST /cormun/servlet/acontrolpreferencessavestate?None,CSILVIA,true HTTP/1.1" 200 35
186.103.159.183 - - [02/Aug/2017:13:21:02 -0300] "POST /cormun/servlet/hlogin?82a829d433f2a69e382ea15d85933ce6,gx-no-cache=1501690906169 HTTP/1.1" 440 972
186.103.159.183 - - [02/Aug/2017:13:21:04 -0300] "GET /cormun/servlet/hlogin HTTP/1.1" 200 1734
186.67.172.234 - - [02/Aug/2017:13:21:07 -0300] "GET /cormun/servlet/renuncias?INS,0, HTTP/1.1" 200 6195
186.67.172.234 - - [02/Aug/2017:13:21:07 -0300] "GET /cormun/static/renuncias.js?201742692287 HTTP/1.1" 200 14762
186.67.172.234 - - [02/Aug/2017:13:21:07 -0300] "GET /cormun/static/gxcfg.js?2017426922787 HTTP/1.1" 200 953
186.67.172.234 - - [02/Aug/2017:13:21:08 -0300] "GET /cormun/servlet/renuncias?INS,0, HTTP/1.1" 200 6196
186.103.159.183 - - [02/Aug/2017:13:21:11 -0300] "POST /cormun/servlet/hlogin?352efe71093fe3c3dd3536079cc7a155,gx-no-cache=1501690915201 HTTP/1.1" 200 90
186.103.159.183 - - [02/Aug/2017:13:21:11 -0300] "GET /cormun/servlet/hpexe_link HTTP/1.1" 200 952
192.168.10.96 - - [02/Aug/2017:13:21:11 -0300] "GET /cormun/servlet/vesolicitudnombre?2017,5348,,SolicitudOTAdjuntos HTTP/1.1" 200 10689
186.103.159.183 - - [02/Aug/2017:13:21:12 -0300] "GET /cormun/servlet/hhome HTTP/1.1" 200 4000
192.168.10.96 - - [02/Aug/2017:13:21:12 -0300] "GET /cormun/servlet/vesolicitudnombre?2017,5348,,SolicitudOTAdjuntos HTTP/1.1" 200 10691
192.168.10.96 - - [02/Aug/2017:13:21:13 -0300] "POST /cormun/servlet/acontrolpreferencessavestate?None,DZAMUDIO,true HTTP/1.1" 200 35
186.103.159.183 - - [02/Aug/2017:13:21:13 -0300] "GET /cormun/servlet/hhome HTTP/1.1" 200 3997
192.168.10.96 - - [02/Aug/2017:13:21:14 -0300] "GET /cormun/servlet/trsolicitudgral? HTTP/1.1" 200 11462
192.168.10.96 - - [02/Aug/2017:13:21:15 -0300] "GET /cormun/servlet/trsolicitudgral? HTTP/1.1" 200 11445
186.67.172.234 - - [02/Aug/2017:13:21:16 -0300] "GET /cormun/servlet/trrenuncias? HTTP/1.1" 200 6929
186.67.172.234 - - [02/Aug/2017:13:21:16 -0300] "GET /cormun/servlet/trrenuncias? HTTP/1.1" 200 6928
186.103.159.183 - - [02/Aug/2017:13:21:17 -0300] "GET /cormun/servlet/trlicencias? HTTP/1.1" 200 9505
186.103.159.183 - - [02/Aug/2017:13:21:18 -0300] "GET /cormun/servlet/trlicencias? HTTP/1.1" 200 9503
200.83.223.210 - - [02/Aug/2017:13:21:20 -0300] "POST /cormun/servlet/licenciaspermisos?520c4446745dcb09dd59830c8dba547f,INS,0,,,,gx-no-cache=1501690923502 HTTP/1.1" 200 4707
200.83.223.210 - - [02/Aug/2017:13:21:20 -0300] "GET /cormun/static/Shared/jqueryui/images/ui-bg_highlight-soft_100_c6c2c8_1x100.png HTTP/1.1" 404 1117
200.83.223.210 - - [02/Aug/2017:13:21:20 -0300] "GET /cormun/static/Shared/jqueryui/images/ui-icons_82798d_256x240.png HTTP/1.1" 404 1089
200.83.223.210 - - [02/Aug/2017:13:21:20 -0300] "GET /cormun/static/Shared/jqueryui/images/ui-bg_flat_55_994d53_40x100.png HTTP/1.1" 404 1097
200.83.223.210 - - [02/Aug/2017:13:21:20 -0300] "GET /cormun/static/Shared/jqueryui/images/ui-icons_ebccce_256x240.png HTTP/1.1" 404 1089
186.79.102.48 - - [02/Aug/2017:13:21:20 -0300] "POST /cormun/servlet/trautorizarsolicitud?f9ff91d4dea90011c9d878c39bc52c5b,gx-no-cache=1501690922852 HTTP/1.1" 200 5868
186.79.102.48 - - [02/Aug/2017:13:21:20 -0300] "GET /cormun/static/Shared/jqueryui/images/ui-bg_highlight-soft_100_c6c2c8_1x100.png HTTP/1.1" 404 1117
186.79.102.48 - - [02/Aug/2017:13:21:20 -0300] "GET /cormun/static/Shared/jqueryui/images/ui-icons_82798d_256x240.png HTTP/1.1" 404 1089
186.79.102.48 - - [02/Aug/2017:13:21:21 -0300] "GET /cormun/static/Shared/jqueryui/images/ui-bg_flat_55_fafafa_40x100.png HTTP/1.1" 404 1097
186.79.102.48 - - [02/Aug/2017:13:21:21 -0300] "GET /cormun/static/Shared/jqueryui/images/ui-icons_8d78a5_256x240.png HTTP/1.1" 404 1089
186.79.102.48 - - [02/Aug/2017:13:21:21 -0300] "POST /cormun/servlet/trautorizarsolicitud?f9ff91d4dea90011c9d878c39bc52c5b,gx-no-cache=1501690924325 HTTP/1.1" 200 5813
186.103.159.183 - - [02/Aug/2017:13:21:24 -0300] "GET /cormun/servlet/trlicenciaspermisosadjuntos?17507861,20170802000000,L, HTTP/1.1" 200 6346
186.103.159.183 - - [02/Aug/2017:13:21:24 -0300] "GET /cormun/static/gxcfg.js?20177612163414 HTTP/1.1" 200 953
186.103.159.183 - - [02/Aug/2017:13:21:24 -0300] "GET /cormun/static/trlicenciaspermisosadjuntos.js?20177612163719 HTTP/1.1" 200 21036
186.103.159.183 - - [02/Aug/2017:13:21:25 -0300] "GET /cormun/servlet/trlicenciaspermisosadjuntos?17507861,20170802000000,L, HTTP/1.1" 200 6346
186.103.159.183 - - [02/Aug/2017:13:21:27 -0300] "GET /cormun/servlet/licenciaspermisosadjuntos?INS,17507861,L,20170802000000,, HTTP/1.1" 200 5643
186.103.159.183 - - [02/Aug/2017:13:21:27 -0300] "GET /cormun/static/licenciaspermisosadjuntos.js?201776126362 HTTP/1.1" 200 8760
186.103.159.183 - - [02/Aug/2017:13:21:28 -0300] "GET /cormun/static/gxcfg.js?2017761263592 HTTP/1.1" 200 953
186.103.159.183 - - [02/Aug/2017:13:21:28 -0300] "GET /cormun/static/about:blank HTTP/1.1" 404 1011
186.103.159.183 - - [02/Aug/2017:13:21:29 -0300] "GET /cormun/servlet/licenciaspermisosadjuntos?INS,17507861,L,20170802000000,, HTTP/1.1" 200 5632
186.79.102.48 - - [02/Aug/2017:13:21:31 -0300] "POST /cormun/servlet/trautorizarsolicitud?f9ff91d4dea90011c9d878c39bc52c5b,gx-no-cache=1501690933626 HTTP/1.1" 200 5545
186.79.102.48 - - [02/Aug/2017:13:21:34 -0300] "POST /cormun/servlet/trautorizarsolicitud?f9ff91d4dea90011c9d878c39bc52c5b,gx-no-cache=1501690935566 HTTP/1.1" 200 5489
200.83.223.210 - - [02/Aug/2017:13:21:37 -0300] "GET /cormun/servlet/licenciaspermisos?8dc12f7fa653a04231841716e8baab145da3ce5bbd5cb0f0dd0d8dc8fef18b39fad78c00c45a7c4b2dccaab87ef4603d56151630e72f153826b4de37100165001a563cadcc70e2af3446ed773636f83d1d53d1468944874d2bdce05f38953c1049dd1dd08b67232d06dc33959d3ab3963c3ab8148105ed78819c272bd55dc89c7c4c7ef4dbbcf3b19ffa17dfa765000cf5fed6dae60bc209961b9dc09746d44d3a29750a6c134436d7bb91472757a7470dcc8e18a931bd3e9cf5d26b6efe60bb246e2d65ebf730341df837433f30570142e52d6c741fea77a4231517347c9974,gx-no-cache=1501690940955 HTTP/1.1" 200 30
200.83.223.210 - - [02/Aug/2017:13:21:38 -0300] "POST /cormun/servlet/licenciaspermisos?520c4446745dcb09dd59830c8dba547f,INS,0,,,,gx-no-cache=1501690941328 HTTP/1.1" 200 4615
186.79.102.48 - - [02/Aug/2017:13:21:50 -0300] "POST /cormun/servlet/trautorizarsolicitud?f9ff91d4dea90011c9d878c39bc52c5b,gx-no-cache=1501690950737 HTTP/1.1" 200 5232
200.83.223.210 - - [02/Aug/2017:13:21:52 -0300] "GET /cormun/servlet/prfichaempleado?,MD,,gxPopupLevel%3D0%3B HTTP/1.1" 200 9250
186.103.159.183 - - [02/Aug/2017:13:21:54 -0300] "POST /cormun/servlet/licenciaspermisosadjuntos?352efe71093fe3c3dd3536079cc7a155,INS,17507861,L,20170802000000,, HTTP/1.1" 200 116
186.103.159.183 - - [02/Aug/2017:13:21:54 -0300] "GET /cormun/servlet/hpexe_return? HTTP/1.1" 200 1044
186.103.159.183 - - [02/Aug/2017:13:21:54 -0300] "GET /cormun/servlet/trlicenciaspermisosadjuntos?17507861,20170802000000,L, HTTP/1.1" 200 6814
186.79.102.48 - - [02/Aug/2017:13:21:55 -0300] "POST /cormun/servlet/trautorizarsolicitud?f9ff91d4dea90011c9d878c39bc52c5b,gx-no-cache=1501690955460 HTTP/1.1" 200 5177
186.103.159.183 - - [02/Aug/2017:13:21:56 -0300] "GET /cormun/servlet/trlicenciaspermisosadjuntos?17507861,20170802000000,L, HTTP/1.1" 200 6809
186.103.159.183 - - [02/Aug/2017:13:21:56 -0300] "GET /cormun/PublicTempStorage/marisela3262037.pdf HTTP/1.1" 200 201188
186.103.159.183 - - [02/Aug/2017:13:21:59 -0300] "GET /cormun/servlet/trlicencias? HTTP/1.1" 200 9504
192.168.10.96 - - [02/Aug/2017:13:22:00 -0300] "POST /cormun/servlet/trsolicitudgral?89f2d685f87d7aad7b2cbe44e6e1d47b,,gx-no-cache=1501690897799 HTTP/1.1" 200 24487
186.103.159.183 - - [02/Aug/2017:13:22:01 -0300] "GET /cormun/servlet/trlicencias? HTTP/1.1" 200 9503
200.83.223.210 - - [02/Aug/2017:13:22:03 -0300] "POST /cormun/servlet/prfichaempleado?520c4446745dcb09dd59830c8dba547f,,MD,,gxPopupLevel%3D0%3B,gx-no-cache=1501690966842 HTTP/1.1" 200 3433
186.79.102.48 - - [02/Aug/2017:13:22:03 -0300] "POST /cormun/servlet/trautorizarsolicitud?f9ff91d4dea90011c9d878c39bc52c5b,gx-no-cache=1501690965464 HTTP/1.1" 200 4059
186.79.102.48 - - [02/Aug/2017:13:22:04 -0300] "POST /cormun/servlet/trautorizarsolicitud?f9ff91d4dea90011c9d878c39bc52c5b,gx-no-cache=1501690967443 HTTP/1.1" 200 3845
186.103.159.183 - - [02/Aug/2017:13:22:06 -0300] "POST /cormun/servlet/trlicencias?352efe71093fe3c3dd3536079cc7a155,,gx-no-cache=1501690969307 HTTP/1.1" 200 6823
186.103.159.183 - - [02/Aug/2017:13:22:06 -0300] "GET /cormun/static/Shared/jqueryui/images/ui-bg_highlight-soft_100_c6c2c8_1x100.png HTTP/1.1" 404 1117
186.103.159.183 - - [02/Aug/2017:13:22:06 -0300] "GET /cormun/static/Shared/jqueryui/images/ui-icons_82798d_256x240.png HTTP/1.1" 404 1089
186.103.159.183 - - [02/Aug/2017:13:22:06 -0300] "GET /cormun/static/Shared/jqueryui/images/ui-bg_flat_55_fafafa_40x100.png HTTP/1.1" 404 1097
186.103.159.183 - - [02/Aug/2017:13:22:06 -0300] "GET /cormun/static/Shared/jqueryui/images/ui-icons_8d78a5_256x240.png HTTP/1.1" 404 1089
200.83.223.210 - - [02/Aug/2017:13:22:08 -0300] "GET /cormun/servlet/licenciaspermisos?8dc12f7fa653a04231841716e8baab144b131a65e75adaa5465a27e0d3b5001ca49390b3ae9457d0a7c490fdbf15adb31c5a3b2f9a6950eefd23d8fdf75702f32a6f52ef1d4299f42f8548aa4b6152f24f9695a304e4c5183ab75ab9cffdd444e34a527abb954b753a976ec7f94a10b30f7f5e5d81a258012b279b6297f772f590177dff7ed0a21db03aadb91ee9431beff5f000fa122fc526c9a52ae3daddeb1bf3ec6205d61ff1ee5179d656074e58ef843659f763203bc84ec0233bda009c26355ceb3e6e4dff94293680005e2be078e45ebd35467ff5291078a7ee855ae156b0f759adb3f3dc71a12c591395eb1f,gx-no-cache=1501690972456 HTTP/1.1" 200 60
200.83.223.210 - - [02/Aug/2017:13:22:09 -0300] "POST /cormun/servlet/licenciaspermisos?520c4446745dcb09dd59830c8dba547f,INS,0,,,,gx-no-cache=1501690972560 HTTP/1.1" 200 93
200.83.223.210 - - [02/Aug/2017:13:22:09 -0300] "GET /cormun/servlet/hpexe_return? HTTP/1.1" 200 1017
200.83.223.210 - - [02/Aug/2017:13:22:09 -0300] "GET /cormun/servlet/trlicencias HTTP/1.1" 200 12549
200.83.223.210 - - [02/Aug/2017:13:22:10 -0300] "GET /cormun/servlet/trlicencias HTTP/1.1" 200 12543
200.83.223.210 - - [02/Aug/2017:13:22:13 -0300] "GET /cormun/servlet/alicenciaprn?16491293,L,20170802000000,PU HTTP/1.1" 200 1589
186.103.159.183 - - [02/Aug/2017:13:22:14 -0300] "GET /cormun/servlet/trautorizarsolicitud? HTTP/1.1" 200 6926
186.103.159.183 - - [02/Aug/2017:13:22:14 -0300] "GET /cormun/static/gxcfg.js?20174261241362 HTTP/1.1" 200 953
186.103.159.183 - - [02/Aug/2017:13:22:15 -0300] "GET /cormun/static/Resources/Spanish/PXTools.css?11294912 HTTP/1.1" 200 89042
186.103.159.183 - - [02/Aug/2017:13:22:15 -0300] "GET /cormun/static/trautorizarsolicitud.js?201742612414370 HTTP/1.1" 200 53910
186.103.159.183 - - [02/Aug/2017:13:22:15 -0300] "GET /cormun/servlet/trautorizarsolicitud? HTTP/1.1" 200 6926
192.168.10.96 - - [02/Aug/2017:13:23:03 -0300] "POST /cormun/servlet/trsolicitudgral?89f2d685f87d7aad7b2cbe44e6e1d47b,,gx-no-cache=1501690960425 HTTP/1.1" 200 21324
192.168.10.96 - - [02/Aug/2017:13:23:03 -0300] "GET /cormun/static/Resources/PXToolsGridFirst.gif HTTP/1.1" 200 379
192.168.10.96 - - [02/Aug/2017:13:23:03 -0300] "GET /cormun/static/Resources/PXToolsGridPrevious.gif HTTP/1.1" 200 369
186.103.159.183 - - [02/Aug/2017:13:23:05 -0300] "GET /cormun/servlet/trsolicitudot? HTTP/1.1" 200 11162
186.103.159.183 - - [02/Aug/2017:13:23:05 -0300] "GET /cormun/static/gxcfg.js?20177612135780 HTTP/1.1" 200 953
186.103.159.183 - - [02/Aug/2017:13:23:06 -0300] "GET /cormun/static/trsolicitudot.js?2017761214480 HTTP/1.1" 200 54041
186.103.159.183 - - [02/Aug/2017:13:23:06 -0300] "GET /cormun//static/Resources/PXToolsRemoveAllAction.png HTTP/1.1" 200 3558
186.103.159.183 - - [02/Aug/2017:13:23:06 -0300] "GET /cormun//static/Resources/PXToolsActionView.png HTTP/1.1" 200 2995
186.103.159.183 - - [02/Aug/2017:13:23:07 -0300] "GET /cormun/servlet/trsolicitudot? HTTP/1.1" 200 11161
186.79.102.48 - - [02/Aug/2017:13:25:27 -0300] "GET /cormun/servlet/hlogin HTTP/1.1" 200 1716
186.79.102.48 - - [02/Aug/2017:13:25:39 -0300] "POST /cormun/servlet/hlogin?4663fd9a0a71f543ac810cc7cde36e6c,gx-no-cache=1501691185057 HTTP/1.1" 200 90
186.79.102.48 - - [02/Aug/2017:13:25:40 -0300] "GET /cormun/servlet/hpexe_link HTTP/1.1" 200 954
186.79.102.48 - - [02/Aug/2017:13:25:40 -0300] "GET /cormun/servlet/trlicencias HTTP/1.1" 200 11353
186.79.102.48 - - [02/Aug/2017:13:25:42 -0300] "GET /cormun/servlet/trlicencias HTTP/1.1" 200 11350
186.79.102.48 - - [02/Aug/2017:13:25:47 -0300] "GET /cormun/servlet/trsolicitudot? HTTP/1.1" 200 10971
186.79.102.48 - - [02/Aug/2017:13:25:47 -0300] "GET /cormun/static/gxcfg.js?20177612135780 HTTP/1.1" 200 953
186.79.102.48 - - [02/Aug/2017:13:25:49 -0300] "GET /cormun/static/trsolicitudot.js?2017761214480 HTTP/1.1" 200 54041
186.79.102.48 - - [02/Aug/2017:13:25:50 -0300] "GET /cormun//static/Resources/PXToolsActionView.png HTTP/1.1" 200 2995
186.79.102.48 - - [02/Aug/2017:13:25:50 -0300] "GET /cormun/servlet/trsolicitudot? HTTP/1.1" 200 10971
186.79.102.48 - - [02/Aug/2017:13:25:50 -0300] "GET /cormun//static/Resources/PXToolsRemoveAllAction.png HTTP/1.1" 200 3558
186.79.102.48 - - [02/Aug/2017:13:26:03 -0300] "GET /cormun/servlet/solicitudot?INS,0,0, HTTP/1.1" 200 12923
186.79.102.48 - - [02/Aug/2017:13:26:03 -0300] "GET /cormun/static/gxcfg.js?201752522134570 HTTP/1.1" 200 953
186.79.102.48 - - [02/Aug/2017:13:26:10 -0300] "GET /cormun/static/solicitudot.js?201752522134767 HTTP/1.1" 200 64045
186.79.102.48 - - [02/Aug/2017:13:26:13 -0300] "GET /cormun/servlet/solicitudot?INS,0,0, HTTP/1.1" 200 12927
186.79.102.48 - - [02/Aug/2017:13:26:23 -0300] "POST /cormun/servlet/solicitudot?gx-no-cache=1501691228626 HTTP/1.1" 200 3290
186.79.102.48 - - [02/Aug/2017:13:26:23 -0300] "GET /cormun/static/Shared/jqueryui/images/ui-bg_highlight-soft_100_c6c2c8_1x100.png HTTP/1.1" 404 1117
186.79.102.48 - - [02/Aug/2017:13:26:24 -0300] "GET /cormun/static/Shared/jqueryui/images/ui-icons_82798d_256x240.png HTTP/1.1" 404 1089
186.79.102.48 - - [02/Aug/2017:13:26:24 -0300] "GET /cormun/static/Shared/jqueryui/images/ui-bg_flat_55_994d53_40x100.png HTTP/1.1" 404 1097
186.79.102.48 - - [02/Aug/2017:13:26:24 -0300] "GET /cormun/static/Shared/jqueryui/images/ui-icons_ebccce_256x240.png HTTP/1.1" 404 1089
186.79.102.48 - - [02/Aug/2017:13:27:07 -0300] "POST /cormun/servlet/solicitudot?4663fd9a0a71f543ac810cc7cde36e6c,INS,0,0,,gx-no-cache=1501691272142 HTTP/1.1" 200 93
186.79.102.48 - - [02/Aug/2017:13:27:08 -0300] "GET /cormun/servlet/hpexe_return? HTTP/1.1" 200 1005
186.79.102.48 - - [02/Aug/2017:13:27:08 -0300] "GET /cormun/servlet/trsolicitudot HTTP/1.1" 200 10975
186.79.102.48 - - [02/Aug/2017:13:27:10 -0300] "GET /cormun/servlet/trsolicitudot HTTP/1.1" 200 10971
186.79.102.48 - - [02/Aug/2017:13:27:14 -0300] "GET /cormun/servlet/trautorizarsolicitud? HTTP/1.1" 200 6994
186.79.102.48 - - [02/Aug/2017:13:27:14 -0300] "GET /cormun/static/gxcfg.js?20174261241362 HTTP/1.1" 200 953
186.79.102.48 - - [02/Aug/2017:13:27:15 -0300] "GET /cormun/servlet/trautorizarsolicitud? HTTP/1.1" 200 6994
186.79.102.48 - - [02/Aug/2017:13:27:19 -0300] "GET /cormun/servlet/trlicencias? HTTP/1.1" 200 11352
186.79.102.48 - - [02/Aug/2017:13:27:21 -0300] "GET /cormun/servlet/trlicencias? HTTP/1.1" 200 11350
186.79.102.48 - - [02/Aug/2017:13:27:29 -0300] "GET /cormun/servlet/trsolicitudot? HTTP/1.1" 200 10971
186.79.102.48 - - [02/Aug/2017:13:27:30 -0300] "GET /cormun/servlet/trsolicitudot? HTTP/1.1" 200 10971
186.79.102.48 - - [02/Aug/2017:13:27:44 -0300] "GET /cormun/servlet/solicitudot?INS,0,0, HTTP/1.1" 200 12921
186.79.102.48 - - [02/Aug/2017:13:27:47 -0300] "GET /cormun/servlet/solicitudot?INS,0,0, HTTP/1.1" 200 12926
192.168.10.96 - - [02/Aug/2017:13:27:47 -0300] "GET /cormun/servlet/vesolicitudgral?2017,5041,, HTTP/1.1" 200 8747
192.168.10.96 - - [02/Aug/2017:13:27:47 -0300] "GET /cormun/pexe_scrolldiv.js HTTP/1.1" 404 1009
192.168.10.96 - - [02/Aug/2017:13:27:48 -0300] "GET /cormun/pexe_scrolldiv.js HTTP/1.1" 404 1009
192.168.10.96 - - [02/Aug/2017:13:27:48 -0300] "GET /cormun/servlet/vesolicitudgral?2017,5041,, HTTP/1.1" 200 8746
192.168.10.96 - - [02/Aug/2017:13:27:49 -0300] "GET /cormun/servlet/vesolicitudgral?2017,5041,,SolicitudOTAdjuntos HTTP/1.1" 200 7589
192.168.10.96 - - [02/Aug/2017:13:27:50 -0300] "GET /cormun/pexe_scrolldiv.js HTTP/1.1" 404 1009
192.168.10.96 - - [02/Aug/2017:13:27:50 -0300] "GET /cormun/pexe_scrolldiv.js HTTP/1.1" 404 1009
192.168.10.96 - - [02/Aug/2017:13:27:50 -0300] "GET /cormun/servlet/vesolicitudgral?2017,5041,,SolicitudOTAdjuntos HTTP/1.1" 200 7589
192.168.10.96 - - [02/Aug/2017:13:27:51 -0300] "POST /cormun/servlet/acontrolpreferencessavestate?None,DZAMUDIO,true HTTP/1.1" 200 35
186.79.102.48 - - [02/Aug/2017:13:27:56 -0300] "POST /cormun/servlet/solicitudot?gx-no-cache=1501691321306 HTTP/1.1" 200 3290
186.79.102.48 - - [02/Aug/2017:13:27:57 -0300] "GET /cormun/static/Shared/jqueryui/images/ui-bg_highlight-soft_100_c6c2c8_1x100.png HTTP/1.1" 404 1117
186.79.102.48 - - [02/Aug/2017:13:27:57 -0300] "GET /cormun/static/Shared/jqueryui/images/ui-icons_82798d_256x240.png HTTP/1.1" 404 1089
186.79.102.48 - - [02/Aug/2017:13:27:57 -0300] "GET /cormun/static/Shared/jqueryui/images/ui-icons_ebccce_256x240.png HTTP/1.1" 404 1089
186.79.102.48 - - [02/Aug/2017:13:27:57 -0300] "GET /cormun/static/Shared/jqueryui/images/ui-bg_flat_55_994d53_40x100.png HTTP/1.1" 404 1097
192.168.10.96 - - [02/Aug/2017:13:28:09 -0300] "GET /cormun/servlet/vesolicitudgral?2017,5041,, HTTP/1.1" 200 8747
192.168.10.96 - - [02/Aug/2017:13:28:10 -0300] "GET /cormun/servlet/vesolicitudgral?2017,5041,, HTTP/1.1" 200 8746
192.168.10.96 - - [02/Aug/2017:13:28:13 -0300] "GET /cormun/servlet/trsolicitudgral? HTTP/1.1" 200 24227
192.168.10.96 - - [02/Aug/2017:13:28:14 -0300] "GET /cormun/servlet/trsolicitudgral? HTTP/1.1" 200 24210
192.168.10.96 - - [02/Aug/2017:13:28:24 -0300] "GET /cormun/servlet/vesolicitudgral?2017,5042,, HTTP/1.1" 200 8764
192.168.10.96 - - [02/Aug/2017:13:28:24 -0300] "GET /cormun/pexe_scrolldiv.js HTTP/1.1" 404 1009
192.168.10.96 - - [02/Aug/2017:13:28:24 -0300] "GET /cormun/pexe_scrolldiv.js HTTP/1.1" 404 1009
192.168.10.96 - - [02/Aug/2017:13:28:24 -0300] "GET /cormun/servlet/vesolicitudgral?2017,5042,, HTTP/1.1" 200 8763
192.168.10.96 - - [02/Aug/2017:13:28:25 -0300] "GET /cormun/servlet/vesolicitudgral?2017,5042,,SolicitudOTAdjuntos HTTP/1.1" 200 7589
192.168.10.96 - - [02/Aug/2017:13:28:25 -0300] "GET /cormun/pexe_scrolldiv.js HTTP/1.1" 404 1009
192.168.10.96 - - [02/Aug/2017:13:28:25 -0300] "GET /cormun/pexe_scrolldiv.js HTTP/1.1" 404 1009
192.168.10.96 - - [02/Aug/2017:13:28:25 -0300] "GET /cormun/servlet/vesolicitudgral?2017,5042,,SolicitudOTAdjuntos HTTP/1.1" 200 7590
192.168.10.96 - - [02/Aug/2017:13:28:26 -0300] "POST /cormun/servlet/acontrolpreferencessavestate?None,DZAMUDIO,true HTTP/1.1" 200 35
192.168.10.96 - - [02/Aug/2017:13:28:37 -0300] "GET /cormun/servlet/trconsultaempleado? HTTP/1.1" 200 6973
192.168.10.96 - - [02/Aug/2017:13:28:37 -0300] "GET /cormun/servlet/trconsultaempleado? HTTP/1.1" 200 6956
200.83.223.210 - - [02/Aug/2017:13:28:45 -0300] "GET /cormun/servlet/trlicenciaspermisosadjuntos?16491293,20170802000000,L, HTTP/1.1" 200 6138
200.83.223.210 - - [02/Aug/2017:13:28:45 -0300] "GET /cormun/servlet/trlicenciaspermisosadjuntos?16491293,20170802000000,L, HTTP/1.1" 200 6139
200.83.223.210 - - [02/Aug/2017:13:28:47 -0300] "GET /cormun/servlet/licenciaspermisosadjuntos?INS,16491293,L,20170802000000,, HTTP/1.1" 200 5434
200.83.223.210 - - [02/Aug/2017:13:28:47 -0300] "GET /cormun/static/about:blank HTTP/1.1" 404 1011
200.83.223.210 - - [02/Aug/2017:13:28:47 -0300] "GET /cormun/servlet/licenciaspermisosadjuntos?INS,16491293,L,20170802000000,, HTTP/1.1" 200 5424
192.168.10.96 - - [02/Aug/2017:13:28:47 -0300] "POST /cormun/servlet/trconsultaempleado?89f2d685f87d7aad7b2cbe44e6e1d47b,,gx-no-cache=1501691305470 HTTP/1.1" 200 4591
192.168.10.96 - - [02/Aug/2017:13:28:49 -0300] "GET /cormun/servlet/trsolicitudnombre?15792774, HTTP/1.1" 200 8443
192.168.10.96 - - [02/Aug/2017:13:28:49 -0300] "GET /cormun/servlet/trsolicitudnombre?15792774, HTTP/1.1" 200 8446
192.168.10.96 - - [02/Aug/2017:13:28:51 -0300] "GET /cormun/servlet/vesolicitudnombre?2017,4859,, HTTP/1.1" 200 8731
192.168.10.96 - - [02/Aug/2017:13:28:51 -0300] "GET /cormun/pexe_scrolldiv.js HTTP/1.1" 404 1009
192.168.10.96 - - [02/Aug/2017:13:28:51 -0300] "GET /cormun/pexe_scrolldiv.js HTTP/1.1" 404 1009
192.168.10.96 - - [02/Aug/2017:13:28:51 -0300] "GET /cormun/servlet/vesolicitudnombre?2017,4859,, HTTP/1.1" 200 8725
192.168.10.96 - - [02/Aug/2017:13:28:53 -0300] "GET /cormun/servlet/vesolicitudnombre?2017,4859,,SolicitudOTAdjuntos HTTP/1.1" 200 11008
192.168.10.96 - - [02/Aug/2017:13:28:53 -0300] "GET /cormun/pexe_scrolldiv.js HTTP/1.1" 404 1009
192.168.10.96 - - [02/Aug/2017:13:28:53 -0300] "GET /cormun/pexe_scrolldiv.js HTTP/1.1" 404 1009
192.168.10.96 - - [02/Aug/2017:13:28:53 -0300] "GET /cormun/servlet/vesolicitudnombre?2017,4859,,SolicitudOTAdjuntos HTTP/1.1" 200 11013
192.168.10.96 - - [02/Aug/2017:13:28:54 -0300] "POST /cormun/servlet/acontrolpreferencessavestate?None,DZAMUDIO,true HTTP/1.1" 200 35
192.168.10.96 - - [02/Aug/2017:13:28:56 -0300] "GET /cormun/PublicTempStorage/laura_andrea_mancilla_alvarez_titulo979321.jpg HTTP/1.1" 200 163003
200.83.223.210 - - [02/Aug/2017:13:29:03 -0300] "POST /cormun/servlet/licenciaspermisosadjuntos?520c4446745dcb09dd59830c8dba547f,INS,16491293,L,20170802000000,, HTTP/1.1" 200 116
200.83.223.210 - - [02/Aug/2017:13:29:03 -0300] "GET /cormun/servlet/hpexe_return? HTTP/1.1" 200 1048
200.83.223.210 - - [02/Aug/2017:13:29:03 -0300] "GET /cormun/servlet/trlicenciaspermisosadjuntos?16491293,20170802000000,L, HTTP/1.1" 200 6625
200.83.223.210 - - [02/Aug/2017:13:29:03 -0300] "GET /cormun/servlet/trlicenciaspermisosadjuntos?16491293,20170802000000,L, HTTP/1.1" 200 6621
200.83.223.210 - - [02/Aug/2017:13:29:05 -0300] "GET /cormun/servlet/hhome HTTP/1.1" 200 3819
200.83.223.210 - - [02/Aug/2017:13:29:05 -0300] "GET /cormun/servlet/hhome HTTP/1.1" 200 3789
200.83.223.210 - - [02/Aug/2017:13:29:08 -0300] "GET /cormun/servlet/trlicencias? HTTP/1.1" 200 12546
200.83.223.210 - - [02/Aug/2017:13:29:08 -0300] "GET /cormun/servlet/trlicencias? HTTP/1.1" 200 12543
200.83.223.210 - - [02/Aug/2017:13:29:11 -0300] "GET /cormun/servlet/trlicenciaspermisosadjuntos?15102666,20170802000000,L, HTTP/1.1" 200 6147
200.83.223.210 - - [02/Aug/2017:13:29:12 -0300] "GET /cormun/servlet/trlicenciaspermisosadjuntos?15102666,20170802000000,L, HTTP/1.1" 200 6147
200.83.223.210 - - [02/Aug/2017:13:29:13 -0300] "GET /cormun/servlet/licenciaspermisosadjuntos?INS,15102666,L,20170802000000,, HTTP/1.1" 200 5445
200.83.223.210 - - [02/Aug/2017:13:29:13 -0300] "GET /cormun/static/about:blank HTTP/1.1" 404 1011
200.83.223.210 - - [02/Aug/2017:13:29:13 -0300] "GET /cormun/servlet/licenciaspermisosadjuntos?INS,15102666,L,20170802000000,, HTTP/1.1" 200 5435
200.83.223.210 - - [02/Aug/2017:13:29:24 -0300] "POST /cormun/servlet/licenciaspermisosadjuntos?520c4446745dcb09dd59830c8dba547f,INS,15102666,L,20170802000000,, HTTP/1.1" 200 116
200.83.223.210 - - [02/Aug/2017:13:29:24 -0300] "GET /cormun/servlet/hpexe_return? HTTP/1.1" 200 1047
200.83.223.210 - - [02/Aug/2017:13:29:24 -0300] "GET /cormun/servlet/trlicenciaspermisosadjuntos?15102666,20170802000000,L, HTTP/1.1" 200 6629
200.83.223.210 - - [02/Aug/2017:13:29:24 -0300] "GET /cormun/servlet/trlicenciaspermisosadjuntos?15102666,20170802000000,L, HTTP/1.1" 200 6624
186.103.159.46 - - [02/Aug/2017:13:30:41 -0300] "GET /cormun/servlet/permisogoce?INS,0,,, HTTP/1.1" 200 6623
186.103.159.46 - - [02/Aug/2017:13:30:41 -0300] "GET /cormun/static/gxcfg.js?201776126440 HTTP/1.1" 200 953
186.103.159.46 - - [02/Aug/2017:13:30:41 -0300] "GET /cormun/static/permisogoce.js?2017761264459 HTTP/1.1" 200 27897
186.103.159.46 - - [02/Aug/2017:13:30:41 -0300] "GET /cormun/static/Resources/prompt.gif HTTP/1.1" 200 902
186.103.159.46 - - [02/Aug/2017:13:30:43 -0300] "GET /cormun/servlet/permisogoce?INS,0,,, HTTP/1.1" 200 6623
186.103.159.46 - - [02/Aug/2017:13:31:17 -0300] "GET /cormun/servlet/permisogoce?64fb44f69e28dfe916f045bba62039efca52351423be19d055a83360a5a2945671fc2b2bf9df7dbe4179c2a92cd6286c2308664f398708985dafa84c6c5c3897,gx-no-cache=1501691520660 HTTP/1.1" 200 83
186.103.159.46 - - [02/Aug/2017:13:31:17 -0300] "GET /cormun/static/menuarrow.gif HTTP/1.1" 404 1015
186.103.159.46 - - [02/Aug/2017:13:31:32 -0300] "GET /cormun/servlet/permisogoce?64fb44f69e28dfe916f045bba62039efe388171360947b146ba5a9e1f1667fb5ebd5000f87b87dbc6293ec23094572532817f9817d0c52fcefe4a96f0f24ea25,gx-no-cache=1501691536192 HTTP/1.1" 200 48
186.103.159.46 - - [02/Aug/2017:13:31:36 -0300] "POST /cormun/servlet/permisogoce?3c8f6238882da4b5d8c9432f4e69273f,INS,0,,,,gx-no-cache=1501691539655 HTTP/1.1" 200 93
186.103.159.46 - - [02/Aug/2017:13:31:37 -0300] "GET /cormun/servlet/hpexe_return? HTTP/1.1" 200 1024
186.103.159.46 - - [02/Aug/2017:13:31:37 -0300] "GET /cormun/servlet/trpermisosgoce?gx-no-cache=1501690818189 HTTP/1.1" 200 9753
186.103.159.46 - - [02/Aug/2017:13:31:39 -0300] "GET /cormun/servlet/trpermisosgoce?gx-no-cache=1501690818189 HTTP/1.1" 200 9768
186.103.159.46 - - [02/Aug/2017:13:31:45 -0300] "GET /cormun/servlet/apermisogoceprn?12912142,P,20170802133019,PU HTTP/1.1" 200 1662
186.103.159.46 - - [02/Aug/2017:13:32:11 -0300] "GET /cormun/servlet/permisogoce?INS,0,,, HTTP/1.1" 200 6643
186.103.159.46 - - [02/Aug/2017:13:32:13 -0300] "GET /cormun/servlet/permisogoce?INS,0,,, HTTP/1.1" 200 6623
186.103.159.46 - - [02/Aug/2017:13:32:39 -0300] "GET /cormun/servlet/permisogoce?64fb44f69e28dfe916f045bba62039efb4413b54534d3519e56aa3585f632fe071fc2b2bf9df7dbe4179c2a92cd6286c2308664f398708985dafa84c6c5c3897,gx-no-cache=1501691602648 HTTP/1.1" 200 89
186.103.159.46 - - [02/Aug/2017:13:32:39 -0300] "GET /cormun/static/menuarrow.gif HTTP/1.1" 404 1015
186.79.198.69 - - [02/Aug/2017:13:33:01 -0300] "GET /cormun/servlet/hlogin HTTP/1.1" 200 1718
186.103.159.46 - - [02/Aug/2017:13:33:04 -0300] "GET /cormun/servlet/permisogoce?64fb44f69e28dfe916f045bba62039eff741f99fab1621a52f3350ecc65af6dae834bcd39129da756e5b42973e34bc1b2817f9817d0c52fcefe4a96f0f24ea25,gx-no-cache=1501691628005 HTTP/1.1" 200 48
186.103.159.46 - - [02/Aug/2017:13:33:08 -0300] "POST /cormun/servlet/permisogoce?3c8f6238882da4b5d8c9432f4e69273f,INS,0,,,,gx-no-cache=1501691631503 HTTP/1.1" 200 93
186.103.159.46 - - [02/Aug/2017:13:33:08 -0300] "GET /cormun/servlet/hpexe_return? HTTP/1.1" 200 1024
186.103.159.46 - - [02/Aug/2017:13:33:08 -0300] "GET /cormun/servlet/trpermisosgoce?gx-no-cache=1501690818189 HTTP/1.1" 200 9977
186.103.159.46 - - [02/Aug/2017:13:33:10 -0300] "GET /cormun/servlet/trpermisosgoce?gx-no-cache=1501690818189 HTTP/1.1" 200 9992
186.103.159.46 - - [02/Aug/2017:13:33:16 -0300] "GET /cormun/servlet/apermisogoceprn?16535529,P,20170802133150,PU HTTP/1.1" 200 1674
186.79.198.69 - - [02/Aug/2017:13:33:16 -0300] "POST /cormun/servlet/hlogin?4e64cd8c2bd227f04e98523e44916db4,gx-no-cache=1501691639120 HTTP/1.1" 200 90
186.79.198.69 - - [02/Aug/2017:13:33:16 -0300] "GET /cormun/servlet/hpexe_link HTTP/1.1" 200 950
186.79.198.69 - - [02/Aug/2017:13:33:16 -0300] "GET /cormun/servlet/hhome HTTP/1.1" 200 3750
186.79.198.69 - - [02/Aug/2017:13:33:18 -0300] "GET /cormun/servlet/hhome HTTP/1.1" 200 3747
200.86.95.220 - - [02/Aug/2017:13:33:21 -0300] "GET /cormun/servlet/hlogin HTTP/1.1" 200 1724
200.86.95.220 - - [02/Aug/2017:13:33:22 -0300] "GET /cormun/servlet/hlogin HTTP/1.1" 200 1734
186.79.198.69 - - [02/Aug/2017:13:33:23 -0300] "GET /cormun/servlet/trpermisosgoce? HTTP/1.1" 200 7826
186.79.198.69 - - [02/Aug/2017:13:33:24 -0300] "GET /cormun/servlet/trpermisosgoce? HTTP/1.1" 200 7824
186.79.198.69 - - [02/Aug/2017:13:33:31 -0300] "GET /cormun/servlet/trpermisosadjuntos?9299678,20170707121043,P, HTTP/1.1" 200 6060
200.86.95.220 - - [02/Aug/2017:13:33:31 -0300] "POST /cormun/servlet/hlogin?497a62464da5d1898c3fc404ac954615,gx-no-cache=1501691656534 HTTP/1.1" 200 90
200.86.95.220 - - [02/Aug/2017:13:33:31 -0300] "GET /cormun/servlet/hpexe_link HTTP/1.1" 200 951
200.86.95.220 - - [02/Aug/2017:13:33:31 -0300] "GET /cormun/servlet/hhome HTTP/1.1" 200 3791
186.79.198.69 - - [02/Aug/2017:13:33:32 -0300] "GET /cormun/servlet/trpermisosadjuntos?9299678,20170707121043,P, HTTP/1.1" 200 6060
200.86.95.220 - - [02/Aug/2017:13:33:33 -0300] "GET /cormun/servlet/hhome HTTP/1.1" 200 3788
200.86.95.220 - - [02/Aug/2017:13:33:37 -0300] "GET /cormun/servlet/trsolicitudot? HTTP/1.1" 200 6994
200.86.95.220 - - [02/Aug/2017:13:33:37 -0300] "GET /cormun/static/gxcfg.js?20177612135780 HTTP/1.1" 200 953
200.86.95.220 - - [02/Aug/2017:13:33:37 -0300] "GET /cormun/static/trsolicitudot.js?2017761214480 HTTP/1.1" 200 54041
200.86.95.220 - - [02/Aug/2017:13:33:38 -0300] "GET /cormun/servlet/trsolicitudot? HTTP/1.1" 200 6995
200.86.95.220 - - [02/Aug/2017:13:33:46 -0300] "GET /cormun/servlet/solicitudot?INS,0,0, HTTP/1.1" 200 12662
200.86.95.220 - - [02/Aug/2017:13:33:46 -0300] "GET /cormun/static/gxcfg.js?201752522134570 HTTP/1.1" 200 953
200.86.95.220 - - [02/Aug/2017:13:33:46 -0300] "GET /cormun/static/solicitudot.js?201752522134767 HTTP/1.1" 200 64045
200.86.95.220 - - [02/Aug/2017:13:33:47 -0300] "GET /cormun/servlet/solicitudot?INS,0,0, HTTP/1.1" 200 12667
186.79.198.69 - - [02/Aug/2017:13:33:50 -0300] "GET /cormun/servlet/permisosadjuntos?INS,9299678,P,20170707121043,, HTTP/1.1" 200 5392
186.79.198.69 - - [02/Aug/2017:13:33:50 -0300] "GET /cormun/static/gxcfg.js?201762717441171 HTTP/1.1" 200 953
186.79.198.69 - - [02/Aug/2017:13:33:50 -0300] "GET /cormun/static/about:blank HTTP/1.1" 404 1011
186.79.198.69 - - [02/Aug/2017:13:33:51 -0300] "GET /cormun/servlet/permisosadjuntos?INS,9299678,P,20170707121043,, HTTP/1.1" 200 5380
200.86.95.220 - - [02/Aug/2017:13:33:58 -0300] "POST /cormun/servlet/solicitudot?gx-no-cache=1501691683266 HTTP/1.1" 200 3112
200.86.95.220 - - [02/Aug/2017:13:33:58 -0300] "POST /cormun/servlet/solicitudot?497a62464da5d1898c3fc404ac954615,INS,0,0,,gx-no-cache=1501691683638 HTTP/1.1" 200 9733
200.86.95.220 - - [02/Aug/2017:13:34:02 -0300] "GET /cormun/servlet/solicitudot?fa1f7c567904d82d6109668345709854a5d753c5db06b9415e58b7fc43128d836791e9bf51bd8639975a9590aa3cb0dc,gx-no-cache=1501691687764 HTTP/1.1" 200 30
186.103.159.46 - - [02/Aug/2017:13:34:31 -0300] "GET /cormun/servlet/trlicencias? HTTP/1.1" 200 10010
186.103.159.46 - - [02/Aug/2017:13:34:31 -0300] "GET /cormun/static/gxcfg.js?20176272054169 HTTP/1.1" 200 953
186.103.159.46 - - [02/Aug/2017:13:34:31 -0300] "GET /cormun/static/trlicencias.js?20176272054837 HTTP/1.1" 200 41883
186.103.159.46 - - [02/Aug/2017:13:34:33 -0300] "GET /cormun/servlet/trlicencias? HTTP/1.1" 200 9990
186.79.198.69 - - [02/Aug/2017:13:34:33 -0300] "POST /cormun/servlet/permisosadjuntos?4e64cd8c2bd227f04e98523e44916db4,INS,9299678,P,20170707121043,, HTTP/1.1" 200 116
186.79.198.69 - - [02/Aug/2017:13:34:34 -0300] "GET /cormun/servlet/hpexe_return? HTTP/1.1" 200 1037
186.79.198.69 - - [02/Aug/2017:13:34:34 -0300] "GET /cormun/servlet/trpermisosadjuntos?9299678,20170707121043,P, HTTP/1.1" 200 6534
186.79.198.69 - - [02/Aug/2017:13:34:36 -0300] "GET /cormun/servlet/trpermisosadjuntos?9299678,20170707121043,P, HTTP/1.1" 200 6531
186.79.198.69 - - [02/Aug/2017:13:34:37 -0300] "GET /cormun/PublicTempStorage/rigo_permiso5074875.jpg HTTP/1.1" 200 1142183
186.103.159.46 - - [02/Aug/2017:13:34:38 -0300] "GET /cormun/servlet/licenciaspermisos?INS,0,,, HTTP/1.1" 200 7317
186.103.159.46 - - [02/Aug/2017:13:34:38 -0300] "GET /cormun/static/gxcfg.js?201762917281167 HTTP/1.1" 200 953
186.103.159.46 - - [02/Aug/2017:13:34:38 -0300] "GET /cormun/static/licenciaspermisos.js?201762917281260 HTTP/1.1" 200 37491
186.103.159.46 - - [02/Aug/2017:13:34:40 -0300] "GET /cormun/servlet/licenciaspermisos?INS,0,,, HTTP/1.1" 200 7317
186.103.159.46 - - [02/Aug/2017:13:34:41 -0300] "GET /cormun/servlet/licenciaspermisos?64fb44f69e28dfe916f045bba62039efc89345fb41e047a531a2af68b1975fb6f8ef2af8f76ac5693631943bb9c16185,gx-no-cache=1501691725026 HTTP/1.1" 200 180
186.103.159.46 - - [02/Aug/2017:13:34:41 -0300] "GET /cormun/static/Shared/jqueryui/images/ui-bg_highlight-soft_100_c6c2c8_1x100.png HTTP/1.1" 404 1117
186.103.159.46 - - [02/Aug/2017:13:34:41 -0300] "GET /cormun/static/Shared/jqueryui/images/ui-icons_82798d_256x240.png HTTP/1.1" 404 1089
186.103.159.46 - - [02/Aug/2017:13:34:41 -0300] "GET /cormun/static/Shared/jqueryui/images/ui-bg_flat_55_994d53_40x100.png HTTP/1.1" 404 1097
186.103.159.46 - - [02/Aug/2017:13:34:41 -0300] "GET /cormun/static/Shared/jqueryui/images/ui-icons_ebccce_256x240.png HTTP/1.1" 404 1089
186.79.198.69 - - [02/Aug/2017:13:34:41 -0300] "GET /cormun/servlet/trpermisosgoce? HTTP/1.1" 200 7826
186.79.198.69 - - [02/Aug/2017:13:34:43 -0300] "GET /cormun/servlet/trpermisosgoce? HTTP/1.1" 200 7824
186.79.198.69 - - [02/Aug/2017:13:34:48 -0300] "POST /cormun/servlet/trpermisosgoce?4e64cd8c2bd227f04e98523e44916db4,,gx-no-cache=1501691731028 HTTP/1.1" 200 5112
186.79.198.69 - - [02/Aug/2017:13:34:48 -0300] "GET /cormun/static/Shared/jqueryui/images/ui-bg_highlight-soft_100_c6c2c8_1x100.png HTTP/1.1" 404 1117
186.79.198.69 - - [02/Aug/2017:13:34:48 -0300] "GET /cormun/static/Shared/jqueryui/images/ui-icons_82798d_256x240.png HTTP/1.1" 404 1089
186.79.198.69 - - [02/Aug/2017:13:34:48 -0300] "GET /cormun/static/Shared/jqueryui/images/ui-bg_flat_55_fafafa_40x100.png HTTP/1.1" 404 1097
186.79.198.69 - - [02/Aug/2017:13:34:48 -0300] "GET /cormun/static/Shared/jqueryui/images/ui-icons_8d78a5_256x240.png HTTP/1.1" 404 1089
186.79.198.69 - - [02/Aug/2017:13:34:57 -0300] "GET /cormun/servlet/hlogin HTTP/1.1" 200 1718
186.103.159.46 - - [02/Aug/2017:13:34:58 -0300] "GET /cormun/servlet/licenciaspermisos?64fb44f69e28dfe916f045bba62039ef31fae267e8f8eb13b4988baca7c94dfe1127ca7f9cf563006dba927c19aa6f74,gx-no-cache=1501691742333 HTTP/1.1" 200 81
186.103.159.46 - - [02/Aug/2017:13:34:59 -0300] "POST /cormun/servlet/licenciaspermisos?3c8f6238882da4b5d8c9432f4e69273f,INS,0,,,,gx-no-cache=1501691742576 HTTP/1.1" 200 4510
186.79.198.69 - - [02/Aug/2017:13:35:06 -0300] "POST /cormun/servlet/hlogin?4e64cd8c2bd227f04e98523e44916db4,gx-no-cache=1501691749410 HTTP/1.1" 200 90
186.79.198.69 - - [02/Aug/2017:13:35:06 -0300] "GET /cormun/servlet/hpexe_link HTTP/1.1" 200 950
186.79.198.69 - - [02/Aug/2017:13:35:06 -0300] "GET /cormun/servlet/hhome HTTP/1.1" 200 3952
186.79.198.69 - - [02/Aug/2017:13:35:08 -0300] "GET /cormun/servlet/hhome HTTP/1.1" 200 3948
186.79.198.69 - - [02/Aug/2017:13:35:19 -0300] "GET /cormun/servlet/trautorizarpermisogoce? HTTP/1.1" 200 7625
186.79.198.69 - - [02/Aug/2017:13:35:20 -0300] "GET /cormun/static/gxcfg.js?20176272062650 HTTP/1.1" 200 953
186.79.198.69 - - [02/Aug/2017:13:35:21 -0300] "GET /cormun/servlet/trautorizarpermisogoce? HTTP/1.1" 200 7623
186.79.198.69 - - [02/Aug/2017:13:35:24 -0300] "POST /cormun/servlet/trautorizarpermisogoce?4e64cd8c2bd227f04e98523e44916db4,,gx-no-cache=1501691767467 HTTP/1.1" 200 4199
186.79.198.69 - - [02/Aug/2017:13:35:25 -0300] "GET /cormun/static/Shared/jqueryui/images/ui-bg_highlight-soft_100_c6c2c8_1x100.png HTTP/1.1" 404 1117
186.79.198.69 - - [02/Aug/2017:13:35:25 -0300] "GET /cormun/static/Shared/jqueryui/images/ui-icons_82798d_256x240.png HTTP/1.1" 404 1089
186.79.198.69 - - [02/Aug/2017:13:35:25 -0300] "GET /cormun/static/Shared/jqueryui/images/ui-bg_flat_55_fafafa_40x100.png HTTP/1.1" 404 1097
186.79.198.69 - - [02/Aug/2017:13:35:25 -0300] "GET /cormun/static/Shared/jqueryui/images/ui-icons_8d78a5_256x240.png HTTP/1.1" 404 1089
186.103.159.46 - - [02/Aug/2017:13:35:27 -0300] "GET /cormun/static/menuarrow.gif HTTP/1.1" 404 1015
200.86.95.220 - - [02/Aug/2017:13:35:32 -0300] "POST /cormun/servlet/solicitudot?gx-no-cache=1501691777561 HTTP/1.1" 200 297
200.86.95.220 - - [02/Aug/2017:13:35:32 -0300] "GET /cormun/servlet/solicitudot?fa1f7c567904d82d6109668345709854eb31d6f494eee6eeffc4aa9dc8882d08efb150456319e54f6663aaa20b43f90b5dacb90f7ad3b27481aedb6ff9dcd3cc47526f96b7c0ecb9329ab86d783362a90dc10de7b48387d2a85651fabd32f740b36ea5565aaea8b142ec774cc8e212b6c5d66a3f2431a2a8415ac508be30708e4448092c38571ddcefa39953efe0139418cc5e2e6a6f7c445d8f68974279aed72f112a68f258de9903e94fbb7549762e5fe0c709b0dfe4606ff52336e98566ec39fda0a43a79639d1bb0831564578d23a54db1194c5972280d3be637715e916219713373ed92ea344e0e8678b5fa3ee620cab9d0fc9055d39b92ea4a436d6cb757fa2c96506473f1ffd75748eb008ad076c0e1bf80627dd3bc3723fac52165862db1bc9aa9da44423b09f0660b2bf5102e7acf416f35a963bd788bbd070f27d3c622bef2f9b9f8f384cc894dbf9a1dd8c7bf82d721d300fff70375c743f4169729f2b4cff74846196d24d14389e2358651ed57fc0ca53d84fc01c7f1f31c80abd52e602e48032af81c24f6f6803684f7,gx-no-cache=1501691777707 HTTP/1.1" 200 30
200.86.95.220 - - [02/Aug/2017:13:35:37 -0300] "POST /cormun/servlet/solicitudot?gx-no-cache=1501691782112 HTTP/1.1" 200 30
200.86.95.220 - - [02/Aug/2017:13:35:39 -0300] "POST /cormun/servlet/solicitudot?gx-no-cache=1501691784503 HTTP/1.1" 200 1355
200.86.95.220 - - [02/Aug/2017:13:35:39 -0300] "POST /cormun/servlet/solicitudot?gx-no-cache=1501691784673 HTTP/1.1" 200 38
200.86.95.220 - - [02/Aug/2017:13:35:59 -0300] "GET /cormun/servlet/solicitudot?fa1f7c567904d82d6109668345709854e0f68f86b26cbe79ac9edd1584b87ab4e02fe39c73cd7af4c6830b247c13ba5f45e8890122b41fb89ea6e67cb62297f4036ab5dbd928c055a8b8abbc832fe2a187ec20cd3164eebfc353fd23f5dd68b293159f3c26e7bfbea7115fad52a0f895,gx-no-cache=1501691804323 HTTP/1.1" 200 29
200.86.95.220 - - [02/Aug/2017:13:35:59 -0300] "POST /cormun/servlet/solicitudot?gx-no-cache=1501691804444 HTTP/1.1" 200 1336
200.86.95.220 - - [02/Aug/2017:13:36:19 -0300] "GET /cormun/static/menuarrow.gif HTTP/1.1" 404 1015
200.86.95.220 - - [02/Aug/2017:13:36:35 -0300] "POST /cormun/servlet/solicitudot?gx-no-cache=1501691840259 HTTP/1.1" 200 30
192.168.10.62 - - [02/Aug/2017:13:36:49 -0300] "GET /cormun/servlet/hlogin HTTP/1.1" 200 1728
192.168.10.62 - - [02/Aug/2017:13:36:49 -0300] "GET /cormun/static/Resources/ComunLogin.png HTTP/1.1" 304 -
192.168.10.62 - - [02/Aug/2017:13:36:49 -0300] "GET /cormun/static/Resources/PXToolsLoginTop.png HTTP/1.1" 304 -
192.168.10.62 - - [02/Aug/2017:13:36:49 -0300] "GET /cormun/static/Resources/PXToolsLoginBackground.png HTTP/1.1" 304 -
192.168.10.62 - - [02/Aug/2017:13:36:49 -0300] "GET /cormun/static/Resources/PXToolsLoginBottom.png HTTP/1.1" 304 -
192.168.10.62 - - [02/Aug/2017:13:36:49 -0300] "GET /cormun/static/Resources/indicator.gif HTTP/1.1" 304 -
192.168.10.62 - - [02/Aug/2017:13:36:49 -0300] "GET /cormun/servlet/hlogin HTTP/1.1" 200 1739
200.86.95.220 - - [02/Aug/2017:13:36:52 -0300] "POST /cormun/servlet/solicitudot?497a62464da5d1898c3fc404ac954615,INS,0,0,,gx-no-cache=1501691856833 HTTP/1.1" 200 93
200.86.95.220 - - [02/Aug/2017:13:36:52 -0300] "GET /cormun/servlet/hpexe_return? HTTP/1.1" 200 1007
186.103.159.183 - - [02/Aug/2017:13:36:52 -0300] "GET /cormun/servlet/trsolicitudot? HTTP/1.1" 200 11161
200.86.95.220 - - [02/Aug/2017:13:36:52 -0300] "GET /cormun/servlet/trsolicitudot HTTP/1.1" 200 8408
200.86.95.220 - - [02/Aug/2017:13:36:53 -0300] "GET /cormun/servlet/trsolicitudot HTTP/1.1" 200 8404
200.86.95.220 - - [02/Aug/2017:13:36:53 -0300] "GET /cormun//static/Resources/PXToolsActionView.png HTTP/1.1" 200 2995
186.103.159.183 - - [02/Aug/2017:13:36:53 -0300] "GET /cormun/servlet/trsolicitudot? HTTP/1.1" 200 11161
200.86.95.220 - - [02/Aug/2017:13:36:53 -0300] "GET /cormun//static/Resources/PXToolsRemoveAllAction.png HTTP/1.1" 200 3558
186.103.159.183 - - [02/Aug/2017:13:36:56 -0300] "GET /cormun/servlet/solicitudot?INS,0,0, HTTP/1.1" 200 12878
186.103.159.183 - - [02/Aug/2017:13:36:57 -0300] "GET /cormun/static/gxcfg.js?201752522134570 HTTP/1.1" 200 953
200.86.95.220 - - [02/Aug/2017:13:36:57 -0300] "POST /cormun/servlet/trsolicitudot?497a62464da5d1898c3fc404ac954615,gx-no-cache=1501691862329 HTTP/1.1" 200 106
186.103.159.183 - - [02/Aug/2017:13:36:57 -0300] "GET /cormun/static/solicitudot.js?201752522134767 HTTP/1.1" 200 64045
200.86.95.220 - - [02/Aug/2017:13:36:57 -0300] "GET /cormun/servlet/trsolicitudadjuntos?2017,7110, HTTP/1.1" 200 5886
200.86.95.220 - - [02/Aug/2017:13:36:57 -0300] "GET /cormun/static/gxcfg.js?20177612135366 HTTP/1.1" 200 953
200.86.95.220 - - [02/Aug/2017:13:36:57 -0300] "GET /cormun/static/trsolicitudadjuntos.js?20177612135632 HTTP/1.1" 200 17922
186.79.102.48 - - [02/Aug/2017:13:36:58 -0300] "GET /cormun/servlet/hlogin HTTP/1.1" 200 1716
200.86.95.220 - - [02/Aug/2017:13:36:58 -0300] "GET /cormun/servlet/trsolicitudadjuntos?2017,7110, HTTP/1.1" 200 5886
186.103.159.183 - - [02/Aug/2017:13:36:58 -0300] "GET /cormun/servlet/solicitudot?INS,0,0, HTTP/1.1" 200 12883
192.168.10.62 - - [02/Aug/2017:13:37:02 -0300] "POST /cormun/servlet/hlogin?1fbcad2eb17b3779e127b9ab103b6d20,gx-no-cache=1501691800649 HTTP/1.1" 200 452
200.86.95.220 - - [02/Aug/2017:13:37:04 -0300] "GET /cormun/servlet/solicitudotadjuntos?INS,2017,7110,,1, HTTP/1.1" 200 5843
200.86.95.220 - - [02/Aug/2017:13:37:04 -0300] "GET /cormun/static/gxcfg.js?201752511522888 HTTP/1.1" 200 953
200.86.95.220 - - [02/Aug/2017:13:37:04 -0300] "GET /cormun/static/solicitudotadjuntos.js?20175251152299 HTTP/1.1" 200 11771
200.86.95.220 - - [02/Aug/2017:13:37:04 -0300] "GET /cormun/static/about:blank HTTP/1.1" 404 1011
200.86.95.220 - - [02/Aug/2017:13:37:05 -0300] "GET /cormun/servlet/solicitudotadjuntos?INS,2017,7110,,1, HTTP/1.1" 200 5837
200.86.95.220 - - [02/Aug/2017:13:37:05 -0300] "GET /cormun/servlet/solicitudotadjuntos?fa1f7c567904d82d61096683457098541b076c1e2dd56ea518dbe2ad387835b4f618b810ccb95a7d9d49afc623e72550,gx-no-cache=1501691870660 HTTP/1.1" 200 30
200.86.95.220 - - [02/Aug/2017:13:37:05 -0300] "POST /cormun/servlet/solicitudotadjuntos?497a62464da5d1898c3fc404ac954615,INS,2017,7110,,1,,gx-no-cache=1501691870782 HTTP/1.1" 200 3644
186.79.102.48 - - [02/Aug/2017:13:37:06 -0300] "POST /cormun/servlet/hlogin?4663fd9a0a71f543ac810cc7cde36e6c,gx-no-cache=1501691870897 HTTP/1.1" 200 90
186.79.102.48 - - [02/Aug/2017:13:37:07 -0300] "GET /cormun/servlet/hpexe_link HTTP/1.1" 200 961
186.79.102.48 - - [02/Aug/2017:13:37:09 -0300] "GET /cormun/servlet/solicitudot?INS,0,0, HTTP/1.1" 200 12924
192.168.10.62 - - [02/Aug/2017:13:37:10 -0300] "POST /cormun/servlet/hlogin?1fbcad2eb17b3779e127b9ab103b6d20,gx-no-cache=1501691808083 HTTP/1.1" 200 452
200.86.95.220 - - [02/Aug/2017:13:37:13 -0300] "POST /cormun/servlet/solicitudotadjuntos?gx-no-cache=1501691877655 HTTP/1.1" 200 26
192.168.10.62 - - [02/Aug/2017:13:37:15 -0300] "POST /cormun/servlet/hlogin?1fbcad2eb17b3779e127b9ab103b6d20,gx-no-cache=1501691813496 HTTP/1.1" 200 452
192.168.10.62 - - [02/Aug/2017:13:37:17 -0300] "POST /cormun/servlet/hlogin?1fbcad2eb17b3779e127b9ab103b6d20,gx-no-cache=1501691815453 HTTP/1.1" 200 451
186.79.102.48 - - [02/Aug/2017:13:37:19 -0300] "GET /cormun/servlet/solicitudot?INS,0,0, HTTP/1.1" 200 12927
200.86.95.220 - - [02/Aug/2017:13:37:23 -0300] "GET /cormun/servlet/solicitudotadjuntos?fa1f7c567904d82d6109668345709854df76cceb9fc8e37106232d6b5a394f01,gx-no-cache=1501691888399 HTTP/1.1" 200 30
200.86.95.220 - - [02/Aug/2017:13:37:23 -0300] "GET /cormun/servlet/solicitudotadjuntos?fa1f7c567904d82d6109668345709854df76cceb9fc8e37106232d6b5a394f01,gx-no-cache=1501691888432 HTTP/1.1" 200 30
200.86.95.220 - - [02/Aug/2017:13:37:24 -0300] "POST /cormun/servlet/solicitudotadjuntos?497a62464da5d1898c3fc404ac954615,INS,2017,7110,,1, HTTP/1.1" 200 116
200.86.95.220 - - [02/Aug/2017:13:37:24 -0300] "GET /cormun/servlet/hpexe_return? HTTP/1.1" 200 1026
200.86.95.220 - - [02/Aug/2017:13:37:25 -0300] "GET /cormun/servlet/trsolicitudadjuntos?2017,7110, HTTP/1.1" 200 8115
200.86.95.220 - - [02/Aug/2017:13:37:26 -0300] "GET /cormun/servlet/trsolicitudadjuntos?2017,7110, HTTP/1.1" 200 8112
192.168.10.62 - - [02/Aug/2017:13:37:26 -0300] "POST /cormun/servlet/hlogin?1fbcad2eb17b3779e127b9ab103b6d20,gx-no-cache=1501691824541 HTTP/1.1" 200 453
200.86.95.220 - - [02/Aug/2017:13:37:28 -0300] "GET /cormun/servlet/solicitudotadjuntos?INS,2017,7110,,1, HTTP/1.1" 200 5842
200.86.95.220 - - [02/Aug/2017:13:37:28 -0300] "GET /cormun/static/about:blank HTTP/1.1" 404 1011
200.86.95.220 - - [02/Aug/2017:13:37:29 -0300] "GET /cormun/servlet/solicitudotadjuntos?INS,2017,7110,,1, HTTP/1.1" 200 5836
