200.112.4.30 - - [01/Aug/2017:12:48:31 -0300] "GET /cormun/servlet/licenciaspermisos?dce36de04fe69962d2aaaee0ba4f3f0e0b29755c5d6414fc9117c5e8cad7d246e3514fabc57f21d0e789b3174336dc4fa9d207c506852d0e7d3a43c5f4ab511a3cd88ceb0eebe9c13dcee9ad977f68483d4c0b7b5556f8fbb732abf9a1d93ba6204fa2e43298ccaf2e5c90678654c6c645193b971909ff24f05ff3b23df76d6b74c79c6b5bba70313f651da73114b754d4620802ba2b3a8260b9e483f5123be20588ae0ea31432f628be2d5fad731b23bc6ba1da790e3c5e0e4486d857ece4479457be8a07e67e4572dc7fc48ddcd189feb40c814747253352001657f42a9cb0,gx-no-cache=1501602554662 HTTP/1.1" 200 30
200.112.4.30 - - [01/Aug/2017:12:48:31 -0300] "POST /cormun/servlet/licenciaspermisos?243940bdedd5b7e9428d0653732e2541,INS,0,,,,gx-no-cache=1501602554742 HTTP/1.1" 200 4599
192.168.10.62 - - [01/Aug/2017:12:48:32 -0300] "POST /cormun/servlet/trconsultaempleado?12fb8af6f5671d01aba89fd40cbe0a74,,gx-no-cache=1501602491156 HTTP/1.1" 200 3767
200.112.4.30 - - [01/Aug/2017:12:48:33 -0300] "GET /cormun/servlet/licenciaspermisos?dce36de04fe69962d2aaaee0ba4f3f0e3ab84223e4778d00bfb4b32f3863a97f4e5681c96b03c413352e70ea6bf6f5388a619cfd1f019031bd4b627cffc74a1f46cf4ca53fcf9fb93ea9c2f4d90d6d3b0fccc0813a7b5abfa320db57cac743a81fd38f2f7dc4fe9cf957a6e9101d41314359baad6cdb5b2fc0c12121d6a52afc,gx-no-cache=1501602556368 HTTP/1.1" 200 97
200.112.4.30 - - [01/Aug/2017:12:48:33 -0300] "POST /cormun/servlet/licenciaspermisos?243940bdedd5b7e9428d0653732e2541,INS,0,,,,gx-no-cache=1501602556632 HTTP/1.1" 200 4599
200.112.4.30 - - [01/Aug/2017:12:48:45 -0300] "GET /cormun/servlet/licenciaspermisos?dce36de04fe69962d2aaaee0ba4f3f0e944d229c2d01df790455291f87c398e1d151dfed75fac1dccb1d64db1ef503b12322d2b3a576408a881251fa788d398663066035649d5fd05bdd22c16a08cfd7a0e1b59b1cbc8dd7522a1ea873f7b003e4084b5e4ef3d1c7b21c577865363d996224201c8c551fe502a6efed5e5ddac049d6cc748537274399bbaae52a7f6f714b5d65b5c023e4471471b34503b340888ea42c9b4da680837835e2e642c8af314a33220d4e299cd2ccc81ae87ed5453c56489411aadc8b712f7dc6d22bd1ef1c0fcb87ecaf2f486e350ed8059ee47c04b18dcc566a8d6e1a3f6304d0424977db,gx-no-cache=1501602569343 HTTP/1.1" 200 29
200.112.4.30 - - [01/Aug/2017:12:48:46 -0300] "POST /cormun/servlet/licenciaspermisos?243940bdedd5b7e9428d0653732e2541,INS,0,,,,gx-no-cache=1501602569430 HTTP/1.1" 200 4655
200.112.4.30 - - [01/Aug/2017:12:48:46 -0300] "GET /cormun/static/Shared/jqueryui/images/ui-bg_highlight-soft_100_c6c2c8_1x100.png HTTP/1.1" 404 1117
200.112.4.30 - - [01/Aug/2017:12:48:46 -0300] "GET /cormun/static/Shared/jqueryui/images/ui-icons_82798d_256x240.png HTTP/1.1" 404 1089
200.112.4.30 - - [01/Aug/2017:12:48:46 -0300] "GET /cormun/static/Shared/jqueryui/images/ui-bg_flat_55_994d53_40x100.png HTTP/1.1" 404 1097
200.112.4.30 - - [01/Aug/2017:12:48:46 -0300] "GET /cormun/static/Shared/jqueryui/images/ui-icons_ebccce_256x240.png HTTP/1.1" 404 1089
200.112.4.30 - - [01/Aug/2017:12:48:51 -0300] "GET /cormun/servlet/trlicencias? HTTP/1.1" 200 9473
200.112.4.30 - - [01/Aug/2017:12:48:52 -0300] "GET /cormun/servlet/trlicencias? HTTP/1.1" 200 9465
200.112.4.30 - - [01/Aug/2017:12:49:06 -0300] "GET /cormun/servlet/licenciaspermisos?UPD,15035086,L,20170801000000, HTTP/1.1" 200 7548
200.112.4.30 - - [01/Aug/2017:12:49:07 -0300] "GET /cormun/servlet/licenciaspermisos?UPD,15035086,L,20170801000000, HTTP/1.1" 200 7550
200.112.4.30 - - [01/Aug/2017:12:49:08 -0300] "GET /cormun/servlet/licenciaspermisos?dce36de04fe69962d2aaaee0ba4f3f0e3ab84223e4778d00bfb4b32f3863a97f02e0ba8ee0eaf2769e42b84192f3e63bf5d1ca57a07164e5e67c0623a20aca6713818f027f2c0fd89a3906653c02cefba35476537556b9c00b305e229baf1ab8,gx-no-cache=1501602591508 HTTP/1.1" 200 97
200.112.4.30 - - [01/Aug/2017:12:49:19 -0300] "GET /cormun/servlet/licenciaspermisos?dce36de04fe69962d2aaaee0ba4f3f0e855cea51339322fc6744593c94aaef06e3514fabc57f21d0e789b3174336dc4fa9d207c506852d0e7d3a43c5f4ab511a3cd88ceb0eebe9c13dcee9ad977f68483d4c0b7b5556f8fbb732abf9a1d93ba6204fa2e43298ccaf2e5c90678654c6c645193b971909ff24f05ff3b23df76d6b74c79c6b5bba70313f651da73114b754d4620802ba2b3a8260b9e483f5123be20588ae0ea31432f628be2d5fad731b23bc6ba1da790e3c5e0e4486d857ece4479457be8a07e67e4572dc7fc48ddcd189feb40c814747253352001657f42a9cb0,gx-no-cache=1501602603411 HTTP/1.1" 200 30
200.112.4.30 - - [01/Aug/2017:12:49:33 -0300] "GET /cormun/servlet/prfichaempleado?,MD,,gxPopupLevel%3D0%3B HTTP/1.1" 200 9278
200.112.4.30 - - [01/Aug/2017:12:50:04 -0300] "POST /cormun/servlet/prfichaempleado?243940bdedd5b7e9428d0653732e2541,,MD,,gxPopupLevel%3D0%3B,gx-no-cache=1501602647852 HTTP/1.1" 200 3215
186.79.175.221 - - [01/Aug/2017:12:50:21 -0300] "GET /cormun/servlet/alicenciaprn?17134446,L,20170727000000,PU HTTP/1.1" 200 1554
192.168.10.96 - - [01/Aug/2017:12:51:07 -0300] "GET /cormun/servlet/trsolicitudgral? HTTP/1.1" 200 11920
192.168.10.96 - - [01/Aug/2017:12:51:07 -0300] "GET /cormun/servlet/trsolicitudgral? HTTP/1.1" 200 11920
192.168.10.96 - - [01/Aug/2017:12:51:20 -0300] "POST /cormun/servlet/trsolicitudgral?425f17a4665c155416cf5d7f201bf758,,gx-no-cache=1501602659218 HTTP/1.1" 200 5760
192.168.10.96 - - [01/Aug/2017:12:51:28 -0300] "POST /cormun/servlet/trsolicitudgral?425f17a4665c155416cf5d7f201bf758,,gx-no-cache=1501602666422 HTTP/1.1" 200 7141
192.168.10.96 - - [01/Aug/2017:12:51:34 -0300] "POST /cormun/servlet/trsolicitudgral?425f17a4665c155416cf5d7f201bf758,,gx-no-cache=1501602672837 HTTP/1.1" 200 5756
192.168.10.96 - - [01/Aug/2017:12:51:37 -0300] "POST /cormun/servlet/trsolicitudgral?425f17a4665c155416cf5d7f201bf758,,gx-no-cache=1501602675810 HTTP/1.1" 200 5760
192.168.10.96 - - [01/Aug/2017:12:51:53 -0300] "POST /cormun/servlet/trsolicitudgral?425f17a4665c155416cf5d7f201bf758,,gx-no-cache=1501602691439 HTTP/1.1" 200 5759
192.168.10.96 - - [01/Aug/2017:12:51:58 -0300] "POST /cormun/servlet/trsolicitudgral?425f17a4665c155416cf5d7f201bf758,,gx-no-cache=1501602697256 HTTP/1.1" 200 5760
200.112.4.30 - - [01/Aug/2017:12:51:58 -0300] "GET /cormun/servlet/trsolicitudot? HTTP/1.1" 200 10536
200.112.4.30 - - [01/Aug/2017:12:51:59 -0300] "GET /cormun/static/gxcfg.js?20177612135780 HTTP/1.1" 304 -
200.112.4.30 - - [01/Aug/2017:12:51:59 -0300] "GET /cormun/static/trsolicitudot.js?2017761214480 HTTP/1.1" 304 -
200.112.4.30 - - [01/Aug/2017:12:51:59 -0300] "GET /cormun/servlet/trsolicitudot? HTTP/1.1" 200 10514
192.168.10.96 - - [01/Aug/2017:12:52:04 -0300] "POST /cormun/servlet/trsolicitudgral?425f17a4665c155416cf5d7f201bf758,,gx-no-cache=1501602702813 HTTP/1.1" 200 7203
186.79.175.221 - - [01/Aug/2017:12:52:22 -0300] "GET /cormun/servlet/trpermisosgoce? HTTP/1.1" 200 8929
186.79.175.221 - - [01/Aug/2017:12:52:23 -0300] "GET /cormun/static/gxcfg.js?20177612163875 HTTP/1.1" 200 953
186.79.175.221 - - [01/Aug/2017:12:52:24 -0300] "GET /cormun/static/trpermisosgoce.js?20177612164335 HTTP/1.1" 200 35904
186.79.175.221 - - [01/Aug/2017:12:52:27 -0300] "GET /cormun/servlet/trpermisosgoce? HTTP/1.1" 200 8929
186.79.175.221 - - [01/Aug/2017:12:52:31 -0300] "GET /cormun/servlet/trpermisosadjuntos?18952078,20170725173907,P, HTTP/1.1" 200 6118
186.79.175.221 - - [01/Aug/2017:12:52:31 -0300] "GET /cormun/static/gxcfg.js?201762817193957 HTTP/1.1" 200 953
186.79.175.221 - - [01/Aug/2017:12:52:32 -0300] "GET /cormun/static/trpermisosadjuntos.js?201762817194366 HTTP/1.1" 200 20158
200.112.4.30 - - [01/Aug/2017:12:52:33 -0300] "GET /cormun/servlet/trlicencias? HTTP/1.1" 200 9466
186.79.175.221 - - [01/Aug/2017:12:52:33 -0300] "GET /cormun/servlet/trpermisosadjuntos?18952078,20170725173907,P, HTTP/1.1" 200 6119
200.112.4.30 - - [01/Aug/2017:12:52:33 -0300] "GET /cormun/servlet/trlicencias? HTTP/1.1" 200 9465
186.79.175.221 - - [01/Aug/2017:12:52:37 -0300] "GET /cormun/servlet/permisosadjuntos?INS,18952078,P,20170725173907,, HTTP/1.1" 200 5451
186.79.175.221 - - [01/Aug/2017:12:52:37 -0300] "GET /cormun/servlet/permisosadjuntos?INS,18952078,P,20170725173907,, HTTP/1.1" 200 5451
186.79.175.221 - - [01/Aug/2017:12:52:38 -0300] "GET /cormun/static/gxcfg.js?201762717441171 HTTP/1.1" 200 953
186.79.175.221 - - [01/Aug/2017:12:52:39 -0300] "GET /cormun/static/permisosadjuntos.js?201762717441184 HTTP/1.1" 200 8724
186.79.175.221 - - [01/Aug/2017:12:52:39 -0300] "GET /cormun/static/about:blank HTTP/1.1" 404 1011
186.79.175.221 - - [01/Aug/2017:12:52:40 -0300] "GET /cormun/servlet/permisosadjuntos?INS,18952078,P,20170725173907,, HTTP/1.1" 200 5441
192.168.10.96 - - [01/Aug/2017:12:52:54 -0300] "POST /cormun/servlet/trsolicitudgral?425f17a4665c155416cf5d7f201bf758,,gx-no-cache=1501602752908 HTTP/1.1" 200 7203
192.168.10.96 - - [01/Aug/2017:12:52:58 -0300] "GET /cormun/servlet/trcontratoobservaciongral? HTTP/1.1" 200 17793
192.168.10.96 - - [01/Aug/2017:12:52:58 -0300] "GET /cormun/static/gxcfg.js?2017761216251 HTTP/1.1" 304 -
192.168.10.96 - - [01/Aug/2017:12:52:58 -0300] "GET /cormun/static/trcontratoobservaciongral.js?2017761216635 HTTP/1.1" 304 -
192.168.10.96 - - [01/Aug/2017:12:52:59 -0300] "GET /cormun/servlet/trcontratoobservaciongral? HTTP/1.1" 200 17793
186.79.175.221 - - [01/Aug/2017:12:53:27 -0300] "POST /cormun/servlet/permisosadjuntos?de7a26b6875c9226d9151961d28d63a1,INS,18952078,P,20170725173907,, HTTP/1.1" 200 116
186.79.175.221 - - [01/Aug/2017:12:53:28 -0300] "GET /cormun/servlet/hpexe_return? HTTP/1.1" 200 1032
186.103.159.204 - - [01/Aug/2017:12:53:29 -0300] "POST /cormun/servlet/hlogin?1fdbc06c69f92ae2ca330bc91b9cc14d,gx-no-cache=1501602850875 HTTP/1.1" 200 437
186.79.175.221 - - [01/Aug/2017:12:53:29 -0300] "GET /cormun/servlet/trpermisosadjuntos?18952078,20170725173907,P, HTTP/1.1" 200 6608
186.79.175.221 - - [01/Aug/2017:12:53:32 -0300] "GET /cormun/servlet/trpermisosadjuntos?18952078,20170725173907,P, HTTP/1.1" 200 6605
186.79.175.221 - - [01/Aug/2017:12:53:37 -0300] "GET /cormun/servlet/trpermisosgoce? HTTP/1.1" 200 8929
186.79.175.221 - - [01/Aug/2017:12:53:39 -0300] "GET /cormun/servlet/trpermisosgoce? HTTP/1.1" 200 8929
186.79.175.221 - - [01/Aug/2017:12:53:47 -0300] "POST /cormun/servlet/trpermisosgoce?de7a26b6875c9226d9151961d28d63a1,,gx-no-cache=1501602549732 HTTP/1.1" 200 6158
186.79.175.221 - - [01/Aug/2017:12:53:48 -0300] "GET /cormun/static/Shared/jqueryui/images/ui-bg_highlight-soft_100_c6c2c8_1x100.png HTTP/1.1" 404 1117
186.79.175.221 - - [01/Aug/2017:12:53:48 -0300] "GET /cormun/static/Shared/jqueryui/images/ui-icons_82798d_256x240.png HTTP/1.1" 404 1089
186.79.175.221 - - [01/Aug/2017:12:53:48 -0300] "GET /cormun/static/Shared/jqueryui/images/ui-bg_flat_55_fafafa_40x100.png HTTP/1.1" 404 1097
186.79.175.221 - - [01/Aug/2017:12:53:48 -0300] "GET /cormun/static/Shared/jqueryui/images/ui-icons_8d78a5_256x240.png HTTP/1.1" 404 1089
186.103.159.204 - - [01/Aug/2017:12:54:01 -0300] "POST /cormun/servlet/hlogin?1fdbc06c69f92ae2ca330bc91b9cc14d,gx-no-cache=1501602883220 HTTP/1.1" 200 90
186.103.159.204 - - [01/Aug/2017:12:54:01 -0300] "GET /cormun/servlet/hpexe_link HTTP/1.1" 200 956
186.103.159.204 - - [01/Aug/2017:12:54:01 -0300] "GET /cormun/servlet/trlicencias HTTP/1.1" 200 9556
186.103.159.204 - - [01/Aug/2017:12:54:02 -0300] "GET /cormun/servlet/trlicencias HTTP/1.1" 200 9554
186.79.175.221 - - [01/Aug/2017:12:54:04 -0300] "GET /cormun/servlet/trpermisosadjuntos?11364882,20170727095209,P, HTTP/1.1" 200 6129
186.79.175.221 - - [01/Aug/2017:12:54:06 -0300] "GET /cormun/servlet/trpermisosadjuntos?11364882,20170727095209,P, HTTP/1.1" 200 6130
186.79.175.221 - - [01/Aug/2017:12:54:08 -0300] "GET /cormun/servlet/permisosadjuntos?INS,11364882,P,20170727095209,, HTTP/1.1" 200 5459
186.79.175.221 - - [01/Aug/2017:12:54:09 -0300] "GET /cormun/static/about:blank HTTP/1.1" 404 1011
186.79.175.221 - - [01/Aug/2017:12:54:10 -0300] "GET /cormun/servlet/permisosadjuntos?INS,11364882,P,20170727095209,, HTTP/1.1" 200 5448
186.103.159.204 - - [01/Aug/2017:12:54:11 -0300] "POST /cormun/servlet/trlicencias?1fdbc06c69f92ae2ca330bc91b9cc14d,gx-no-cache=1501602892937 HTTP/1.1" 200 6853
186.103.159.204 - - [01/Aug/2017:12:54:11 -0300] "GET /cormun/static/Shared/jqueryui/images/ui-bg_highlight-soft_100_c6c2c8_1x100.png HTTP/1.1" 404 1117
186.103.159.204 - - [01/Aug/2017:12:54:11 -0300] "GET /cormun/static/Shared/jqueryui/images/ui-icons_82798d_256x240.png HTTP/1.1" 404 1089
186.103.159.204 - - [01/Aug/2017:12:54:11 -0300] "GET /cormun/static/Shared/jqueryui/images/ui-bg_flat_55_fafafa_40x100.png HTTP/1.1" 404 1097
186.103.159.204 - - [01/Aug/2017:12:54:11 -0300] "GET /cormun/static/Shared/jqueryui/images/ui-icons_8d78a5_256x240.png HTTP/1.1" 404 1089
186.79.175.221 - - [01/Aug/2017:12:55:14 -0300] "POST /cormun/servlet/permisosadjuntos?de7a26b6875c9226d9151961d28d63a1,INS,11364882,P,20170727095209,, HTTP/1.1" 200 116
186.79.175.221 - - [01/Aug/2017:12:55:15 -0300] "GET /cormun/servlet/hpexe_return? HTTP/1.1" 200 1032
186.79.175.221 - - [01/Aug/2017:12:55:16 -0300] "GET /cormun/servlet/trpermisosadjuntos?11364882,20170727095209,P, HTTP/1.1" 200 6630
186.79.175.221 - - [01/Aug/2017:12:55:19 -0300] "GET /cormun/servlet/trpermisosadjuntos?11364882,20170727095209,P, HTTP/1.1" 200 6627
207.46.13.160 - - [01/Aug/2017:12:55:59 -0300] "GET /cormun/servlet/trautorizarsolicitud?_escaped_fragment_= HTTP/1.1" 200 6065
200.112.4.30 - - [01/Aug/2017:12:56:08 -0300] "GET /cormun/servlet/alicenciaprn?15035086,L,20170801000000,PU HTTP/1.1" 200 1599
186.79.175.221 - - [01/Aug/2017:12:56:53 -0300] "GET /cormun/servlet/permisosadjuntos?INS,11364882,P,20170727095209,, HTTP/1.1" 200 5459
186.79.175.221 - - [01/Aug/2017:12:56:54 -0300] "GET /cormun/static/about:blank HTTP/1.1" 404 1011
186.79.175.221 - - [01/Aug/2017:12:56:56 -0300] "GET /cormun/servlet/permisosadjuntos?INS,11364882,P,20170727095209,, HTTP/1.1" 200 5449
186.79.175.221 - - [01/Aug/2017:12:56:58 -0300] "GET /cormun/servlet/trpermisosadjuntos?11364882,20170727095209,P, HTTP/1.1" 200 6630
186.79.175.221 - - [01/Aug/2017:12:57:00 -0300] "GET /cormun/servlet/trpermisosadjuntos?11364882,20170727095209,P, HTTP/1.1" 200 6565
186.79.175.221 - - [01/Aug/2017:12:57:00 -0300] "GET /cormun/servlet/permisosadjuntos?INS,11364882,P,20170727095209,, HTTP/1.1" 200 5459
186.79.175.221 - - [01/Aug/2017:12:57:03 -0300] "GET /cormun/servlet/permisosadjuntos?INS,11364882,P,20170727095209,, HTTP/1.1" 200 5449
186.79.175.221 - - [01/Aug/2017:12:57:07 -0300] "POST /cormun/servlet/permisosadjuntos?de7a26b6875c9226d9151961d28d63a1,INS,11364882,P,20170727095209,,,gx-no-cache=1501602750186 HTTP/1.1" 200 90
186.79.175.221 - - [01/Aug/2017:12:57:08 -0300] "GET /cormun/servlet/hpexe_link HTTP/1.1" 200 985
186.79.175.221 - - [01/Aug/2017:12:57:10 -0300] "GET /cormun/servlet/trpermisosadjuntos?11364882,20170727095209,P, HTTP/1.1" 200 6628
186.79.175.221 - - [01/Aug/2017:12:57:13 -0300] "GET /cormun/servlet/trpermisosadjuntos?11364882,20170727095209,P, HTTP/1.1" 200 6627
186.79.175.221 - - [01/Aug/2017:12:57:19 -0300] "POST /cormun/servlet/trpermisosadjuntos?de7a26b6875c9226d9151961d28d63a1,11364882,20170727095209,P,,gx-no-cache=1501602760079 HTTP/1.1" 200 90
186.79.175.221 - - [01/Aug/2017:12:57:20 -0300] "GET /cormun/servlet/hpexe_link HTTP/1.1" 200 978
186.79.175.221 - - [01/Aug/2017:12:57:21 -0300] "GET /cormun/servlet/trpermisosgoce? HTTP/1.1" 200 8931
186.79.175.221 - - [01/Aug/2017:12:57:24 -0300] "GET /cormun/servlet/trpermisosgoce? HTTP/1.1" 200 8930
200.112.4.30 - - [01/Aug/2017:12:57:26 -0300] "GET /cormun/servlet/licenciaspermisos?UPD,15035086,L,20170801000000, HTTP/1.1" 200 7548
200.112.4.30 - - [01/Aug/2017:12:57:27 -0300] "GET /cormun/servlet/licenciaspermisos?UPD,15035086,L,20170801000000, HTTP/1.1" 200 7550
200.112.4.30 - - [01/Aug/2017:12:57:28 -0300] "GET /cormun/servlet/licenciaspermisos?dce36de04fe69962d2aaaee0ba4f3f0e3ab84223e4778d00bfb4b32f3863a97f02e0ba8ee0eaf2769e42b84192f3e63bf5d1ca57a07164e5e67c0623a20aca6713818f027f2c0fd89a3906653c02cefba35476537556b9c00b305e229baf1ab8,gx-no-cache=1501603091434 HTTP/1.1" 200 97
186.79.175.221 - - [01/Aug/2017:12:59:52 -0300] "POST /cormun/servlet/trpermisosgoce?de7a26b6875c9226d9151961d28d63a1,,gx-no-cache=1501602914737 HTTP/1.1" 200 6130
186.79.175.221 - - [01/Aug/2017:12:59:52 -0300] "GET /cormun/static/Shared/jqueryui/images/ui-bg_highlight-soft_100_c6c2c8_1x100.png HTTP/1.1" 404 1117
186.79.175.221 - - [01/Aug/2017:12:59:52 -0300] "GET /cormun/static/Shared/jqueryui/images/ui-icons_82798d_256x240.png HTTP/1.1" 404 1089
186.79.175.221 - - [01/Aug/2017:12:59:52 -0300] "GET /cormun/static/Shared/jqueryui/images/ui-bg_flat_55_fafafa_40x100.png HTTP/1.1" 404 1097
186.79.175.221 - - [01/Aug/2017:12:59:52 -0300] "GET /cormun/static/Shared/jqueryui/images/ui-icons_8d78a5_256x240.png HTTP/1.1" 404 1089
207.46.13.160 - - [01/Aug/2017:13:00:15 -0300] "GET /cormun/servlet/trsolicitudot?_escaped_fragment_= HTTP/1.1" 200 6326
186.79.175.221 - - [01/Aug/2017:13:00:43 -0300] "GET /cormun/servlet/hlogin HTTP/1.1" 200 1716
186.79.175.221 - - [01/Aug/2017:13:01:11 -0300] "POST /cormun/servlet/hlogin?de7a26b6875c9226d9151961d28d63a1,gx-no-cache=1501602993524 HTTP/1.1" 200 90
186.79.175.221 - - [01/Aug/2017:13:01:12 -0300] "GET /cormun/servlet/hpexe_link HTTP/1.1" 200 945
186.79.175.221 - - [01/Aug/2017:13:01:13 -0300] "GET /cormun/servlet/hhome HTTP/1.1" 200 3980
186.79.175.221 - - [01/Aug/2017:13:01:16 -0300] "GET /cormun/servlet/hhome HTTP/1.1" 200 3976
186.79.175.221 - - [01/Aug/2017:13:01:16 -0300] "GET /cormun/static/SmoothNavMenu/resources/images/right.gif HTTP/1.1" 200 860
186.79.175.221 - - [01/Aug/2017:13:01:38 -0300] "GET /cormun/servlet/trautorizarpermisogoce? HTTP/1.1" 200 7978
186.79.175.221 - - [01/Aug/2017:13:01:39 -0300] "GET /cormun/static/gxcfg.js?20176272062650 HTTP/1.1" 200 953
186.79.175.221 - - [01/Aug/2017:13:01:40 -0300] "GET /cormun/static/trautorizarpermisogoce.js?2017627206316 HTTP/1.1" 200 34948
186.79.175.221 - - [01/Aug/2017:13:01:43 -0300] "GET /cormun/servlet/trautorizarpermisogoce? HTTP/1.1" 200 7976
186.79.175.221 - - [01/Aug/2017:13:01:53 -0300] "POST /cormun/servlet/trautorizarpermisogoce?de7a26b6875c9226d9151961d28d63a1,,gx-no-cache=1501603033504 HTTP/1.1" 200 4947
186.79.175.221 - - [01/Aug/2017:13:01:54 -0300] "GET /cormun/static/Shared/jqueryui/images/ui-bg_highlight-soft_100_c6c2c8_1x100.png HTTP/1.1" 404 1117
186.79.175.221 - - [01/Aug/2017:13:01:55 -0300] "GET /cormun/static/Shared/jqueryui/images/ui-icons_82798d_256x240.png HTTP/1.1" 404 1089
186.79.175.221 - - [01/Aug/2017:13:01:55 -0300] "GET /cormun/static/Shared/jqueryui/images/ui-bg_flat_55_fafafa_40x100.png HTTP/1.1" 404 1097
186.79.175.221 - - [01/Aug/2017:13:01:55 -0300] "GET /cormun/static/Shared/jqueryui/images/ui-icons_8d78a5_256x240.png HTTP/1.1" 404 1089
186.79.175.221 - - [01/Aug/2017:13:02:00 -0300] "POST /cormun/servlet/trautorizarpermisogoce?de7a26b6875c9226d9151961d28d63a1,,gx-no-cache=1501603041217 HTTP/1.1" 200 4191
186.79.175.221 - - [01/Aug/2017:13:02:10 -0300] "GET /cormun/servlet/trlicencias? HTTP/1.1" 200 9706
186.79.175.221 - - [01/Aug/2017:13:02:12 -0300] "GET /cormun/servlet/trlicencias? HTTP/1.1" 200 9704
186.103.157.235 - - [01/Aug/2017:13:05:07 -0300] "GET /cormun/servlet/licenciaspermisos?INS,0,,, HTTP/1.1" 200 7551
186.103.157.235 - - [01/Aug/2017:13:05:10 -0300] "GET /cormun/servlet/licenciaspermisos?INS,0,,, HTTP/1.1" 200 7558
200.83.223.210 - - [01/Aug/2017:13:05:24 -0300] "GET /cormun/servlet/hlogin HTTP/1.1" 200 1723
200.83.223.210 - - [01/Aug/2017:13:05:32 -0300] "POST /cormun/servlet/hlogin?9bd7d1387330e7b8a48df311f5ceec15,gx-no-cache=1501603575687 HTTP/1.1" 200 90
200.83.223.210 - - [01/Aug/2017:13:05:32 -0300] "GET /cormun/servlet/hpexe_link HTTP/1.1" 200 950
200.83.223.210 - - [01/Aug/2017:13:05:32 -0300] "GET /cormun/servlet/hhome HTTP/1.1" 200 3789
200.83.223.210 - - [01/Aug/2017:13:05:32 -0300] "GET /cormun/servlet/hhome HTTP/1.1" 200 3785
200.83.223.210 - - [01/Aug/2017:13:05:38 -0300] "GET /cormun/servlet/trpermisosgoce? HTTP/1.1" 200 8100
200.83.223.210 - - [01/Aug/2017:13:05:38 -0300] "GET /cormun/servlet/trpermisosgoce? HTTP/1.1" 200 8099
200.83.223.210 - - [01/Aug/2017:13:05:42 -0300] "GET /cormun/servlet/trpermisosadjuntos?12365931,20170801091420,P, HTTP/1.1" 200 6102
200.83.223.210 - - [01/Aug/2017:13:05:42 -0300] "GET /cormun/servlet/trpermisosadjuntos?12365931,20170801091420,P, HTTP/1.1" 200 6103
200.83.223.210 - - [01/Aug/2017:13:05:44 -0300] "GET /cormun/servlet/permisosadjuntos?INS,12365931,P,20170801091420,, HTTP/1.1" 200 5433
200.83.223.210 - - [01/Aug/2017:13:05:44 -0300] "GET /cormun/static/about:blank HTTP/1.1" 404 1011
200.83.223.210 - - [01/Aug/2017:13:05:44 -0300] "GET /cormun/servlet/permisosadjuntos?INS,12365931,P,20170801091420,, HTTP/1.1" 200 5423
200.83.223.210 - - [01/Aug/2017:13:06:00 -0300] "POST /cormun/servlet/permisosadjuntos?9bd7d1387330e7b8a48df311f5ceec15,INS,12365931,P,20170801091420,, HTTP/1.1" 200 116
200.83.223.210 - - [01/Aug/2017:13:06:00 -0300] "GET /cormun/servlet/hpexe_return? HTTP/1.1" 200 1037
200.83.223.210 - - [01/Aug/2017:13:06:01 -0300] "GET /cormun/servlet/trpermisosadjuntos?12365931,20170801091420,P, HTTP/1.1" 200 6575
200.83.223.210 - - [01/Aug/2017:13:06:01 -0300] "GET /cormun/servlet/trpermisosadjuntos?12365931,20170801091420,P, HTTP/1.1" 200 6571
200.83.223.210 - - [01/Aug/2017:13:06:06 -0300] "GET /cormun/servlet/trpermisosgoce? HTTP/1.1" 200 8099
200.83.223.210 - - [01/Aug/2017:13:06:06 -0300] "GET /cormun/servlet/trpermisosgoce? HTTP/1.1" 200 8099
200.83.223.210 - - [01/Aug/2017:13:06:11 -0300] "POST /cormun/servlet/trpermisosgoce?9bd7d1387330e7b8a48df311f5ceec15,,gx-no-cache=1501603614824 HTTP/1.1" 200 5338
200.83.223.210 - - [01/Aug/2017:13:06:11 -0300] "GET /cormun/static/Shared/jqueryui/images/ui-bg_highlight-soft_100_c6c2c8_1x100.png HTTP/1.1" 404 1117
200.83.223.210 - - [01/Aug/2017:13:06:11 -0300] "GET /cormun/static/Shared/jqueryui/images/ui-icons_82798d_256x240.png HTTP/1.1" 404 1089
200.83.223.210 - - [01/Aug/2017:13:06:11 -0300] "GET /cormun/static/Shared/jqueryui/images/ui-bg_flat_55_fafafa_40x100.png HTTP/1.1" 404 1097
200.83.223.210 - - [01/Aug/2017:13:06:11 -0300] "GET /cormun/static/Shared/jqueryui/images/ui-icons_8d78a5_256x240.png HTTP/1.1" 404 1089
186.103.157.235 - - [01/Aug/2017:13:06:12 -0300] "GET /cormun/servlet/licenciaspermisos?adbd58a7f725bb598baf104f9c8ca6b6ee2202ea01aa0db765a5b0ae475180621c6f0b34efb64773bcf4ffdd79f633d6,gx-no-cache=1501599998301 HTTP/1.1" 200 92
186.103.157.235 - - [01/Aug/2017:13:06:14 -0300] "POST /cormun/servlet/licenciaspermisos?2907f9436a47fc0640b3304a606d36c8,INS,0,,,,gx-no-cache=1501600000100 HTTP/1.1" 200 4729
5.188.10.250 - - [01/Aug/2017:13:06:47 -0300] "GET / HTTP/1.1" 200 11217
5.188.10.250 - - [01/Aug/2017:13:06:54 -0300] "GET /index.action HTTP/1.1" 404 985
5.188.10.250 - - [01/Aug/2017:13:07:00 -0300] "GET /login.action HTTP/1.1" 404 985
5.188.10.250 - - [01/Aug/2017:13:07:07 -0300] "GET /struts2-showcase/person/editPerson.action HTTP/1.1" 404 1043
5.188.10.250 - - [01/Aug/2017:13:07:13 -0300] "GET /struts2-showcase/showcase.action HTTP/1.1" 404 1025
5.188.10.250 - - [01/Aug/2017:13:07:19 -0300] "GET /struts-cookbook/processSimple.do HTTP/1.1" 404 1025
5.188.10.250 - - [01/Aug/2017:13:07:25 -0300] "GET /portal/client/cms/viewcmspage.action HTTP/1.1" 404 1033
5.188.10.250 - - [01/Aug/2017:13:07:32 -0300] "GET /admin/agent/default.action HTTP/1.1" 404 1013
5.188.10.250 - - [01/Aug/2017:13:07:39 -0300] "GET /index.do HTTP/1.1" 404 977
5.188.10.250 - - [01/Aug/2017:13:07:45 -0300] "GET /Dashboard.action HTTP/1.1" 404 993
5.188.10.250 - - [01/Aug/2017:13:07:52 -0300] "GET /admin/login_login.action HTTP/1.1" 404 1009
5.188.10.250 - - [01/Aug/2017:13:07:57 -0300] "GET /login.jsp HTTP/1.1" 404 979
5.188.10.250 - - [01/Aug/2017:13:08:03 -0300] "GET /struts/login.action HTTP/1.1" 404 999
5.188.10.250 - - [01/Aug/2017:13:08:10 -0300] "GET /home.action HTTP/1.1" 404 983
190.45.55.254 - - [01/Aug/2017:13:08:14 -0300] "POST /cormun/servlet/solicitudot?4ca1ecc903218a61b82012f9b1196b32,INS,0,0,,gx-no-cache=1501603739794 HTTP/1.1" 440 972
190.45.55.254 - - [01/Aug/2017:13:08:16 -0300] "GET /cormun/servlet/solicitudot?INS,0,0, HTTP/1.1" 200 12068
190.45.55.254 - - [01/Aug/2017:13:08:17 -0300] "GET /cormun/servlet/hlogin HTTP/1.1" 200 1742
190.45.55.254 - - [01/Aug/2017:13:08:17 -0300] "GET /cormun/servlet/solicitudot?INS,0,0, HTTP/1.1" 200 12068
5.188.10.250 - - [01/Aug/2017:13:08:17 -0300] "GET /Homepage.action HTTP/1.1" 404 991
190.45.55.254 - - [01/Aug/2017:13:08:18 -0300] "POST /cormun/servlet/hlogin?f7eb9c1e2fec192f816b1a13afea844b,gx-no-cache=1501603744159 HTTP/1.1" 200 90
190.45.55.254 - - [01/Aug/2017:13:08:18 -0300] "GET /cormun/servlet/hpexe_link HTTP/1.1" 200 963
190.45.55.254 - - [01/Aug/2017:13:08:19 -0300] "GET /cormun/servlet/solicitudot?INS,0,0, HTTP/1.1" 200 12843
190.45.55.254 - - [01/Aug/2017:13:08:19 -0300] "GET /cormun/servlet/solicitudot?INS,0,0, HTTP/1.1" 200 12848
5.188.10.250 - - [01/Aug/2017:13:08:24 -0300] "GET /main.action HTTP/1.1" 404 983
5.188.10.250 - - [01/Aug/2017:13:08:31 -0300] "GET /default.action HTTP/1.1" 404 989
5.188.10.250 - - [01/Aug/2017:13:08:39 -0300] "GET /welcome.action HTTP/1.1" 404 989
5.188.10.250 - - [01/Aug/2017:13:08:45 -0300] "GET /contact.action HTTP/1.1" 404 989
186.103.157.235 - - [01/Aug/2017:13:10:34 -0300] "GET /cormun/static/menuarrow.gif HTTP/1.1" 404 1015
200.86.95.220 - - [01/Aug/2017:13:11:11 -0300] "GET /cormun/servlet/hlogin HTTP/1.1" 200 1723
200.86.95.220 - - [01/Aug/2017:13:11:11 -0300] "GET /cormun/servlet/hlogin HTTP/1.1" 200 1734
200.86.95.220 - - [01/Aug/2017:13:11:20 -0300] "POST /cormun/servlet/hlogin?1f69ac4bcb97ed69be09a2583a54cfd0,gx-no-cache=1501603924770 HTTP/1.1" 200 90
200.86.95.220 - - [01/Aug/2017:13:11:20 -0300] "GET /cormun/servlet/hpexe_link HTTP/1.1" 200 953
200.86.95.220 - - [01/Aug/2017:13:11:20 -0300] "GET /cormun/servlet/hhome HTTP/1.1" 200 3795
186.79.176.114 - - [01/Aug/2017:13:11:21 -0300] "GET /cormun/servlet/hhome HTTP/1.1" 200 3374
200.86.95.220 - - [01/Aug/2017:13:11:21 -0300] "GET /cormun/servlet/hhome HTTP/1.1" 200 3791
186.79.176.114 - - [01/Aug/2017:13:11:22 -0300] "GET /cormun/static/gxtimezone.js?85251 HTTP/1.1" 304 -
186.79.176.114 - - [01/Aug/2017:13:11:24 -0300] "GET /cormun/servlet/hhome HTTP/1.1" 200 3384
186.79.176.114 - - [01/Aug/2017:13:11:24 -0300] "GET /cormun/servlet/hlogin HTTP/1.1" 200 1735
200.86.95.220 - - [01/Aug/2017:13:11:24 -0300] "GET /cormun/servlet/trlicencias? HTTP/1.1" 200 11115
200.86.95.220 - - [01/Aug/2017:13:11:25 -0300] "GET /cormun/servlet/trlicencias? HTTP/1.1" 200 11112
186.79.176.114 - - [01/Aug/2017:13:11:34 -0300] "POST /cormun/servlet/hlogin?ca4ab57a578639c7f201dc5718d1036b,gx-no-cache=1501603939651 HTTP/1.1" 200 90
200.86.95.220 - - [01/Aug/2017:13:11:39 -0300] "GET /cormun/servlet/licenciaspermisos?INS,0,,, HTTP/1.1" 200 7321
200.86.95.220 - - [01/Aug/2017:13:11:40 -0300] "GET /cormun/servlet/licenciaspermisos?INS,0,,, HTTP/1.1" 200 7321
186.79.176.114 - - [01/Aug/2017:13:11:47 -0300] "GET /cormun/servlet/hpexe_link HTTP/1.1" 200 952
186.79.176.114 - - [01/Aug/2017:13:11:48 -0300] "GET /cormun/servlet/hhome HTTP/1.1" 200 3757
186.79.176.114 - - [01/Aug/2017:13:11:49 -0300] "GET /cormun/servlet/hhome HTTP/1.1" 200 3753
200.86.95.220 - - [01/Aug/2017:13:11:52 -0300] "GET /cormun/servlet/licenciaspermisos?020d95b7aacb9cc4b0a97570cb7f8e10da741bcb383a71bb4b0c4d910e32e7e9656b18fe7044d2eb40fe580e5dac3c72,gx-no-cache=1501603956798 HTTP/1.1" 200 98
200.86.95.220 - - [01/Aug/2017:13:11:52 -0300] "POST /cormun/servlet/licenciaspermisos?1f69ac4bcb97ed69be09a2583a54cfd0,INS,0,,,,gx-no-cache=1501603956879 HTTP/1.1" 200 4525
200.86.95.220 - - [01/Aug/2017:13:12:22 -0300] "GET /cormun/static/menuarrow.gif HTTP/1.1" 404 1015
186.79.176.114 - - [01/Aug/2017:13:12:43 -0300] "GET /cormun/servlet/trlicencias? HTTP/1.1" 200 8453
186.79.176.114 - - [01/Aug/2017:13:12:44 -0300] "GET /cormun/static/gxcfg.js?20176272054169 HTTP/1.1" 200 953
186.79.176.114 - - [01/Aug/2017:13:12:44 -0300] "GET /cormun/static/calendar.js?85251 HTTP/1.1" 304 -
186.79.176.114 - - [01/Aug/2017:13:12:44 -0300] "GET /cormun/static/calendar-setup.js?85251 HTTP/1.1" 304 -
186.79.176.114 - - [01/Aug/2017:13:12:44 -0300] "GET /cormun/static/calendar-es.js?85251 HTTP/1.1" 304 -
186.79.176.114 - - [01/Aug/2017:13:12:44 -0300] "GET /cormun/static/gxdec.js?85251 HTTP/1.1" 304 -
186.79.176.114 - - [01/Aug/2017:13:12:44 -0300] "GET /cormun/static/trlicencias.js?20176272054837 HTTP/1.1" 200 41883
186.79.176.114 - - [01/Aug/2017:13:12:45 -0300] "GET /cormun/servlet/trlicencias? HTTP/1.1" 200 8451
186.79.176.114 - - [01/Aug/2017:13:12:49 -0300] "GET /cormun/servlet/licenciaspermisos?INS,0,,, HTTP/1.1" 200 7290
186.79.176.114 - - [01/Aug/2017:13:12:49 -0300] "GET /cormun/static/gxcfg.js?201762917281167 HTTP/1.1" 200 953
186.79.176.114 - - [01/Aug/2017:13:12:49 -0300] "GET /cormun/static/licenciaspermisos.js?201762917281260 HTTP/1.1" 200 37491
186.79.176.114 - - [01/Aug/2017:13:12:50 -0300] "GET /cormun/servlet/licenciaspermisos?INS,0,,, HTTP/1.1" 200 7290
186.79.176.114 - - [01/Aug/2017:13:12:54 -0300] "GET /cormun/servlet/prfichaempleado?,MD,,gxPopupLevel%3D0%3B HTTP/1.1" 200 9218
186.79.176.114 - - [01/Aug/2017:13:12:54 -0300] "GET /cormun/static/gxcfg.js?20177612134814 HTTP/1.1" 304 -
186.79.176.114 - - [01/Aug/2017:13:12:54 -0300] "GET /cormun/static/prfichaempleado.js?20177612134999 HTTP/1.1" 304 -
186.79.176.114 - - [01/Aug/2017:13:12:54 -0300] "GET /cormun/static/menusearch.js?201610171694467 HTTP/1.1" 304 -
186.79.176.114 - - [01/Aug/2017:13:12:54 -0300] "GET /cormun/static/hmpwkw011.js?20177612121862 HTTP/1.1" 304 -
186.103.157.42 - - [01/Aug/2017:13:12:55 -0300] "GET /cormun/servlet/hlogin HTTP/1.1" 200 1724
186.103.157.42 - - [01/Aug/2017:13:13:03 -0300] "GET /cormun/servlet/hlogin HTTP/1.1" 200 1724
186.79.176.114 - - [01/Aug/2017:13:13:07 -0300] "POST /cormun/servlet/prfichaempleado?ca4ab57a578639c7f201dc5718d1036b,,MD,,gxPopupLevel%3D0%3B,gx-no-cache=1501604032110 HTTP/1.1" 200 3496
186.79.176.114 - - [01/Aug/2017:13:13:12 -0300] "GET /cormun/servlet/licenciaspermisos?ede88729fb9dc9465435eceaaacc1d355f73640a5a3cc539ee40f4e54b3109ed381719d95aefc75e1b668cc4c7f19060,gx-no-cache=1501604037233 HTTP/1.1" 200 109
186.79.176.114 - - [01/Aug/2017:13:13:12 -0300] "POST /cormun/servlet/licenciaspermisos?ca4ab57a578639c7f201dc5718d1036b,INS,0,,,,gx-no-cache=1501604037308 HTTP/1.1" 200 4547
186.103.157.42 - - [01/Aug/2017:13:13:19 -0300] "POST /cormun/servlet/hlogin?58d341f8ce09df95743ccd807254733d,gx-no-cache=1501604043708 HTTP/1.1" 200 90
186.103.157.42 - - [01/Aug/2017:13:13:19 -0300] "GET /cormun/servlet/hpexe_link HTTP/1.1" 200 950
186.103.157.42 - - [01/Aug/2017:13:13:19 -0300] "GET /cormun/servlet/hhome HTTP/1.1" 200 4076
186.103.157.42 - - [01/Aug/2017:13:13:20 -0300] "GET /cormun/servlet/hhome HTTP/1.1" 200 4072
186.79.176.114 - - [01/Aug/2017:13:13:27 -0300] "POST /cormun/servlet/licenciaspermisos?ca4ab57a578639c7f201dc5718d1036b,INS,0,,,,gx-no-cache=1501604052114 HTTP/1.1" 200 93
186.79.176.114 - - [01/Aug/2017:13:13:27 -0300] "GET /cormun/servlet/hpexe_return? HTTP/1.1" 200 1014
186.79.176.114 - - [01/Aug/2017:13:13:28 -0300] "GET /cormun/servlet/trlicencias HTTP/1.1" 200 8455
186.79.176.114 - - [01/Aug/2017:13:13:28 -0300] "GET /cormun/servlet/trlicencias HTTP/1.1" 200 8451
186.103.157.42 - - [01/Aug/2017:13:13:34 -0300] "GET /cormun/servlet/trpermisosgoce? HTTP/1.1" 200 8370
186.103.157.42 - - [01/Aug/2017:13:13:34 -0300] "GET /cormun/static/gxcfg.js?20177612163875 HTTP/1.1" 200 953
186.103.157.42 - - [01/Aug/2017:13:13:34 -0300] "GET /cormun/static/trpermisosgoce.js?20177612164335 HTTP/1.1" 200 35904
186.103.157.42 - - [01/Aug/2017:13:13:35 -0300] "GET /cormun/servlet/trpermisosgoce? HTTP/1.1" 200 8368
186.103.157.42 - - [01/Aug/2017:13:13:42 -0300] "POST /cormun/servlet/trpermisosgoce?58d341f8ce09df95743ccd807254733d,,gx-no-cache=1501604067434 HTTP/1.1" 200 5005
186.103.157.42 - - [01/Aug/2017:13:13:43 -0300] "POST /cormun/servlet/trpermisosgoce?58d341f8ce09df95743ccd807254733d,,gx-no-cache=1501604067718 HTTP/1.1" 200 4987
186.103.157.42 - - [01/Aug/2017:13:13:50 -0300] "POST /cormun/servlet/trpermisosgoce?58d341f8ce09df95743ccd807254733d,,gx-no-cache=1501604074609 HTTP/1.1" 200 5010
186.103.157.42 - - [01/Aug/2017:13:14:20 -0300] "GET /cormun/servlet/hlogin HTTP/1.1" 200 1724
186.103.157.42 - - [01/Aug/2017:13:14:30 -0300] "POST /cormun/servlet/hlogin?58d341f8ce09df95743ccd807254733d,gx-no-cache=1501604114651 HTTP/1.1" 200 90
186.103.157.42 - - [01/Aug/2017:13:14:30 -0300] "GET /cormun/servlet/hpexe_link HTTP/1.1" 200 958
186.103.157.42 - - [01/Aug/2017:13:14:30 -0300] "GET /cormun/servlet/trpermisosgoce? HTTP/1.1" 200 7858
186.103.157.42 - - [01/Aug/2017:13:14:31 -0300] "GET /cormun/servlet/trpermisosgoce? HTTP/1.1" 200 7857
186.103.157.42 - - [01/Aug/2017:13:14:36 -0300] "GET /cormun/servlet/permisogoce?INS,0,,, HTTP/1.1" 200 6909
186.103.157.42 - - [01/Aug/2017:13:14:37 -0300] "GET /cormun/static/gxcfg.js?201776126440 HTTP/1.1" 200 953
186.103.157.42 - - [01/Aug/2017:13:14:37 -0300] "GET /cormun/static/permisogoce.js?2017761264459 HTTP/1.1" 200 27897
186.103.157.42 - - [01/Aug/2017:13:14:38 -0300] "GET /cormun/servlet/permisogoce?INS,0,,, HTTP/1.1" 200 6909
200.86.95.220 - - [01/Aug/2017:13:14:52 -0300] "GET /cormun/servlet/licenciaspermisos?020d95b7aacb9cc4b0a97570cb7f8e101a15a0d68fde0bba7d68246b3ade7ba7b0fe8545c1d488d73b703372332b4f0c82b37268be63eef2d26f8fdbf4317ca6600778212b544c7a82f048d267ae0ad612e497690689d00994b5f7ccb32001ca442db79642a68c41724af2a314c704ac18bdb4e20e0f6dc600ec8a4cc708710c53d8b02abfe94cf20b83fb754294d2fa3409172f9db1e4438a376c804561e900fb268947d80b63c91f1988c3e9752c36,gx-no-cache=1501604137162 HTTP/1.1" 200 30
200.86.95.220 - - [01/Aug/2017:13:14:52 -0300] "GET /cormun/servlet/licenciaspermisos?020d95b7aacb9cc4b0a97570cb7f8e104b0125f23e2fe3b4fed6130e64ea59bf000dbfa68073c30b03e699accaee50a8edaedde3f9867e8c65fda6b318d7ed31dad3921cdfaf2e92fe7e94e15a1f631fdb9158ad6080459add9b11fa3c6a36cb67c80b9e9410fff1ac8d90cfa656892900dc18f5bbebd3d215607d4625f4b3f5e36e4c2a19511377a64f1c6e46005b0399837f47b69091c6511bf3d4062d568f5a8acff9d1c1dabc9a0582e001c8d218,gx-no-cache=1501604137279 HTTP/1.1" 200 29
200.86.95.220 - - [01/Aug/2017:13:14:53 -0300] "POST /cormun/servlet/licenciaspermisos?1f69ac4bcb97ed69be09a2583a54cfd0,INS,0,,,,gx-no-cache=1501604137374 HTTP/1.1" 200 4699
200.86.95.220 - - [01/Aug/2017:13:14:53 -0300] "GET /cormun/static/Shared/jqueryui/images/ui-bg_highlight-soft_100_c6c2c8_1x100.png HTTP/1.1" 404 1117
200.86.95.220 - - [01/Aug/2017:13:14:53 -0300] "GET /cormun/static/Shared/jqueryui/images/ui-icons_82798d_256x240.png HTTP/1.1" 404 1089
200.86.95.220 - - [01/Aug/2017:13:14:53 -0300] "GET /cormun/static/Shared/jqueryui/images/ui-bg_flat_55_994d53_40x100.png HTTP/1.1" 404 1097
200.86.95.220 - - [01/Aug/2017:13:14:53 -0300] "GET /cormun/static/Shared/jqueryui/images/ui-icons_ebccce_256x240.png HTTP/1.1" 404 1089
186.103.157.42 - - [01/Aug/2017:13:15:02 -0300] "GET /cormun/servlet/permisogoce?645c3f97033ffef59f2021899e168b8a288326cb570fc20bab45de1fef6dc608fa7d17ccf8879d90c90b04ee59ab417e1793bd50857f91480473621bebc7a983,gx-no-cache=1501604147259 HTTP/1.1" 200 84
186.103.157.42 - - [01/Aug/2017:13:15:04 -0300] "GET /cormun/static/menuarrow.gif HTTP/1.1" 404 1015
186.103.157.42 - - [01/Aug/2017:13:15:16 -0300] "GET /cormun/servlet/permisogoce?645c3f97033ffef59f2021899e168b8a026f2347506bac8824357bc39e219d71070db56be9303d4d295b8eafd7de4947621a9bcd5af2c7e190c8b9a96ef92b62,gx-no-cache=1501604161325 HTTP/1.1" 200 47
186.103.157.42 - - [01/Aug/2017:13:15:17 -0300] "POST /cormun/servlet/permisogoce?58d341f8ce09df95743ccd807254733d,INS,0,,,,gx-no-cache=1501604161376 HTTP/1.1" 200 93
186.103.157.42 - - [01/Aug/2017:13:15:17 -0300] "GET /cormun/servlet/hpexe_return? HTTP/1.1" 200 1010
186.103.157.42 - - [01/Aug/2017:13:15:17 -0300] "GET /cormun/servlet/trpermisosgoce HTTP/1.1" 200 8184
186.103.157.42 - - [01/Aug/2017:13:15:18 -0300] "GET /cormun/servlet/trpermisosgoce HTTP/1.1" 200 8180
186.103.157.42 - - [01/Aug/2017:13:15:22 -0300] "GET /cormun/servlet/trautorizarpermisogoce? HTTP/1.1" 200 6898
186.103.157.42 - - [01/Aug/2017:13:15:22 -0300] "GET /cormun/static/gxcfg.js?20176272062650 HTTP/1.1" 200 953
186.103.157.42 - - [01/Aug/2017:13:15:22 -0300] "GET /cormun/static/trautorizarpermisogoce.js?2017627206316 HTTP/1.1" 200 34948
186.103.157.42 - - [01/Aug/2017:13:15:23 -0300] "GET /cormun/servlet/trautorizarpermisogoce? HTTP/1.1" 200 6898
200.86.95.220 - - [01/Aug/2017:13:15:26 -0300] "GET /cormun/servlet/licenciaspermisos?020d95b7aacb9cc4b0a97570cb7f8e101a15a0d68fde0bba7d68246b3ade7ba7b0fe8545c1d488d73b703372332b4f0c82b37268be63eef2d26f8fdbf4317ca6600778212b544c7a82f048d267ae0ad612e497690689d00994b5f7ccb32001ca09f84fa400464e31080a3d6003834bec18bdb4e20e0f6dc600ec8a4cc708710c28f088566ab8ceee0bd2ccc5461b269777468479928ef0af57b3a36e041f81e8ad97458aa751f4148015c4cec4cbce560ec8d946071b853fb1830b209725f7c6354c50dd74070769da89d3e3b59a2134f298484a9e344da997a1aaea99dc812f,gx-no-cache=1501604170534 HTTP/1.1" 200 30
200.86.95.220 - - [01/Aug/2017:13:15:26 -0300] "GET /cormun/servlet/licenciaspermisos?020d95b7aacb9cc4b0a97570cb7f8e104b0125f23e2fe3b4fed6130e64ea59bf000dbfa68073c30b03e699accaee50a8edaedde3f9867e8c65fda6b318d7ed31dad3921cdfaf2e92fe7e94e15a1f631fdb9158ad6080459add9b11fa3c6a36cbfd3117be1117b3dd5c3574ae4469ad9f00dc18f5bbebd3d215607d4625f4b3f5be989d9eff9332130d0e1dc0821ea1c2a749f6d093d7e1035090125ed0d52ab53c4c584fe5945cd22a88577e1bf8dc9b8136fedf1298b01f3f286b42d9b9239da08043be063985dab47c6802c51c9755befc71b4d7ac4e5d9d4ac8a464ffc868,gx-no-cache=1501604170649 HTTP/1.1" 200 29
200.86.95.220 - - [01/Aug/2017:13:15:26 -0300] "POST /cormun/servlet/licenciaspermisos?1f69ac4bcb97ed69be09a2583a54cfd0,INS,0,,,,gx-no-cache=1501604170694 HTTP/1.1" 200 93
200.86.95.220 - - [01/Aug/2017:13:15:26 -0300] "GET /cormun/servlet/hpexe_return? HTTP/1.1" 200 1015
200.86.95.220 - - [01/Aug/2017:13:15:26 -0300] "GET /cormun/servlet/trlicencias HTTP/1.1" 200 11597
200.86.95.220 - - [01/Aug/2017:13:15:28 -0300] "GET /cormun/servlet/trlicencias HTTP/1.1" 200 11592
200.86.95.220 - - [01/Aug/2017:13:15:41 -0300] "GET /cormun/servlet/trlicenciaspermisosadjuntos?8851094,20170801000000,L, HTTP/1.1" 200 6139
200.86.95.220 - - [01/Aug/2017:13:15:42 -0300] "GET /cormun/servlet/trlicenciaspermisosadjuntos?8851094,20170801000000,L, HTTP/1.1" 200 6139
200.86.95.220 - - [01/Aug/2017:13:15:44 -0300] "GET /cormun/servlet/licenciaspermisosadjuntos?INS,8851094,L,20170801000000,, HTTP/1.1" 200 5434
200.86.95.220 - - [01/Aug/2017:13:15:44 -0300] "GET /cormun/static/about:blank HTTP/1.1" 404 1011
200.86.95.220 - - [01/Aug/2017:13:15:45 -0300] "GET /cormun/servlet/licenciaspermisosadjuntos?INS,8851094,L,20170801000000,, HTTP/1.1" 200 5423
200.86.95.220 - - [01/Aug/2017:13:15:59 -0300] "POST /cormun/servlet/licenciaspermisosadjuntos?1f69ac4bcb97ed69be09a2583a54cfd0,INS,8851094,L,20170801000000,, HTTP/1.1" 200 116
200.86.95.220 - - [01/Aug/2017:13:15:59 -0300] "GET /cormun/servlet/hpexe_return? HTTP/1.1" 200 1044
200.86.95.220 - - [01/Aug/2017:13:15:59 -0300] "GET /cormun/servlet/trlicenciaspermisosadjuntos?8851094,20170801000000,L, HTTP/1.1" 200 6600
200.86.95.220 - - [01/Aug/2017:13:16:00 -0300] "GET /cormun/servlet/trlicenciaspermisosadjuntos?8851094,20170801000000,L, HTTP/1.1" 200 6598
200.86.95.220 - - [01/Aug/2017:13:16:01 -0300] "GET /cormun/PublicTempStorage/img5659500372.jpg HTTP/1.1" 200 1968982
186.103.159.46 - - [01/Aug/2017:13:16:02 -0300] "GET /cormun/servlet/tratrazos? HTTP/1.1" 200 6035
186.103.159.46 - - [01/Aug/2017:13:16:02 -0300] "GET /cormun/static/gxcfg.js?201742714211359 HTTP/1.1" 200 953
186.103.159.46 - - [01/Aug/2017:13:16:02 -0300] "GET /cormun/static/tratrazos.js?201742714211843 HTTP/1.1" 200 33389
200.86.95.220 - - [01/Aug/2017:13:16:02 -0300] "POST /cormun/servlet/trlicenciaspermisosadjuntos?1f69ac4bcb97ed69be09a2583a54cfd0,8851094,20170801000000,L,,gx-no-cache=1501604207381 HTTP/1.1" 200 90
200.86.95.220 - - [01/Aug/2017:13:16:03 -0300] "GET /cormun/servlet/hpexe_link HTTP/1.1" 200 985
200.86.95.220 - - [01/Aug/2017:13:16:03 -0300] "GET /cormun/servlet/trlicencias HTTP/1.1" 200 11594
186.103.159.46 - - [01/Aug/2017:13:16:03 -0300] "GET /cormun/servlet/hlogin HTTP/1.1" 200 1728
186.103.159.46 - - [01/Aug/2017:13:16:03 -0300] "GET /cormun/servlet/tratrazos? HTTP/1.1" 200 6032
200.86.95.220 - - [01/Aug/2017:13:16:04 -0300] "GET /cormun/servlet/trlicencias HTTP/1.1" 200 11592
200.86.95.220 - - [01/Aug/2017:13:16:09 -0300] "GET /cormun/servlet/alicenciaprn?8851094,L,20170801000000,PU HTTP/1.1" 200 1544
186.103.159.46 - - [01/Aug/2017:13:16:15 -0300] "POST /cormun/servlet/hlogin?f75296065fd30d9c08072dc7117dc4f8,gx-no-cache=1501604217610 HTTP/1.1" 200 90
186.103.159.46 - - [01/Aug/2017:13:16:15 -0300] "GET /cormun/servlet/hpexe_link HTTP/1.1" 200 945
186.103.159.46 - - [01/Aug/2017:13:16:15 -0300] "GET /cormun/servlet/tratrazos HTTP/1.1" 200 6709
186.103.159.46 - - [01/Aug/2017:13:16:16 -0300] "GET /cormun/servlet/tratrazos HTTP/1.1" 200 6707
186.103.159.46 - - [01/Aug/2017:13:16:21 -0300] "GET /cormun/servlet/tratrazos? HTTP/1.1" 200 6707
186.103.159.46 - - [01/Aug/2017:13:16:21 -0300] "GET /cormun/servlet/tratrazos? HTTP/1.1" 200 6706
200.86.95.220 - - [01/Aug/2017:13:16:28 -0300] "POST /cormun/servlet/trlicencias?1f69ac4bcb97ed69be09a2583a54cfd0,gx-no-cache=1501604232322 HTTP/1.1" 200 8875
200.86.95.220 - - [01/Aug/2017:13:16:28 -0300] "GET /cormun/static/Shared/jqueryui/images/ui-bg_highlight-soft_100_c6c2c8_1x100.png HTTP/1.1" 404 1117
200.86.95.220 - - [01/Aug/2017:13:16:28 -0300] "GET /cormun/static/Shared/jqueryui/images/ui-icons_82798d_256x240.png HTTP/1.1" 404 1089
200.86.95.220 - - [01/Aug/2017:13:16:28 -0300] "GET /cormun/static/Shared/jqueryui/images/ui-icons_8d78a5_256x240.png HTTP/1.1" 404 1089
200.86.95.220 - - [01/Aug/2017:13:16:28 -0300] "GET /cormun/static/Shared/jqueryui/images/ui-bg_flat_55_fafafa_40x100.png HTTP/1.1" 404 1097
190.45.55.254 - - [01/Aug/2017:13:16:36 -0300] "POST /cormun/servlet/solicitudot?gx-no-cache=1501604241750 HTTP/1.1" 200 3112
190.45.55.254 - - [01/Aug/2017:13:16:36 -0300] "POST /cormun/servlet/solicitudot?f7eb9c1e2fec192f816b1a13afea844b,INS,0,0,,gx-no-cache=1501604242049 HTTP/1.1" 200 9659
190.45.55.254 - - [01/Aug/2017:13:16:51 -0300] "POST /cormun/servlet/solicitudot?gx-no-cache=1501604257137 HTTP/1.1" 200 3208
190.45.55.254 - - [01/Aug/2017:13:16:52 -0300] "POST /cormun/servlet/solicitudot?f7eb9c1e2fec192f816b1a13afea844b,INS,0,0,,gx-no-cache=1501604257389 HTTP/1.1" 200 9789
190.45.55.254 - - [01/Aug/2017:13:16:52 -0300] "GET /cormun/servlet/solicitudot?df62ede98bd3c30ae6c52b902d3bfe92d07d6c4f0dcceec6aac0f43d2dc89c6c52cab4944e883d60414d0d394e4638d0,gx-no-cache=1501604258242 HTTP/1.1" 200 30
190.45.55.254 - - [01/Aug/2017:13:16:54 -0300] "POST /cormun/servlet/solicitudot?gx-no-cache=1501604260091 HTTP/1.1" 200 240
190.45.55.254 - - [01/Aug/2017:13:16:54 -0300] "GET /cormun/servlet/solicitudot?df62ede98bd3c30ae6c52b902d3bfe9233e3f8ea9d20cd35545175edf7745a14bfe362b9e730a69ccc0e00e61227529b4b527218baf9a09c45cb47650bfbc87cae4dc3a46e288dac563444a5ae96aaf45045abed7aa8fca9e5a2c90244fcfc2b7a6e702bbe6c0302c75991d6034ce15dbe1cc7d36c1260219b2e190ac66cc98c4dfaf8864475a8e87474a19a4665b45a7f050a8660e02ea39e943ae62ee33d55f8484d0962d8f8bca1b1f91f1ab174eba4d2bd941675555f570d9d487fa8e8eed3d84cfea0c832301a439362e85e9c709e50823d15f413973e22a0c376d0529035762b71bc063d77e43880841d9d1771131a8b84bd68e073c12821538dec4b180ad6f61e6f487d9fe5014673e4076723f0da43add1dd84a8d0f229bee6ebf5b47c7109149ad69659a4cce2043220f5e77642caf52bb95156073558aed4766a76dd387a3407fbafd11f5004679a070cdb21cd6ff280c6c85da4acc19f6b6436420d7fd2718ae3abfee13acb4ad9f68b6a50dfaa9e38f57825cc36b805416f0498,gx-no-cache=1501604260165 HTTP/1.1" 200 30
190.45.55.254 - - [01/Aug/2017:13:16:58 -0300] "POST /cormun/servlet/solicitudot?gx-no-cache=1501604263880 HTTP/1.1" 200 30
190.45.55.254 - - [01/Aug/2017:13:17:15 -0300] "GET /cormun/servlet/prlicenciaspermisos?15986634,L,,MD,,gxPopupLevel%3D0%3B HTTP/1.1" 200 5668
190.45.55.254 - - [01/Aug/2017:13:17:18 -0300] "POST /cormun/servlet/solicitudot?gx-no-cache=1501604283996 HTTP/1.1" 200 1355
192.168.10.89 - - [01/Aug/2017:13:17:20 -0300] "POST /cormun/servlet/hlogin?4251bf92a00a73e76a691c061b8b8820,gx-no-cache=1501604219253 HTTP/1.1" 440 972
192.168.10.89 - - [01/Aug/2017:13:17:21 -0300] "GET /cormun/servlet/hlogin HTTP/1.1" 200 1728
190.45.55.254 - - [01/Aug/2017:13:17:28 -0300] "POST /cormun/servlet/solicitudot?gx-no-cache=1501604293361 HTTP/1.1" 200 41
192.168.10.89 - - [01/Aug/2017:13:17:28 -0300] "POST /cormun/servlet/hlogin?448cc7bc77e809919f412ebf6e551433,gx-no-cache=1501604227005 HTTP/1.1" 200 90
192.168.10.89 - - [01/Aug/2017:13:17:28 -0300] "GET /cormun/servlet/hpexe_link HTTP/1.1" 200 949
192.168.10.89 - - [01/Aug/2017:13:17:28 -0300] "GET /cormun/servlet/hhome HTTP/1.1" 200 4630
192.168.10.89 - - [01/Aug/2017:13:17:31 -0300] "GET /cormun/servlet/trsolicitudgral? HTTP/1.1" 200 26258
190.45.55.254 - - [01/Aug/2017:13:17:36 -0300] "GET /cormun/servlet/solicitudot?df62ede98bd3c30ae6c52b902d3bfe925d561851f2cff378d079a2ee950eceb7c3e7138e62babbea081355c9309f14c2c829738b2d7d32b9320acd5f1823bb063a1c26fc259928f4b97b48110974b102b70e56c342e5180bd543d6bb6b73ef5707c1057a9df50399b6cf86443b0e7555dc9c38c34983f1a56d4daceee7c5beea966d465cf6cfdb0b9d4ff02f7272e901d6574ec9dabf5d7cd366908476f80241,gx-no-cache=1501604302146 HTTP/1.1" 200 29
192.168.10.89 - - [01/Aug/2017:13:17:37 -0300] "GET /cormun/static/menuarrow.gif HTTP/1.1" 404 1015
190.45.55.254 - - [01/Aug/2017:13:17:39 -0300] "POST /cormun/servlet/solicitudot?gx-no-cache=1501604304625 HTTP/1.1" 200 1337
190.45.55.254 - - [01/Aug/2017:13:17:39 -0300] "GET /cormun/static/menuarrow.gif HTTP/1.1" 404 1015
190.45.55.254 - - [01/Aug/2017:13:17:40 -0300] "POST /cormun/servlet/solicitudot?gx-no-cache=1501604305789 HTTP/1.1" 200 1337
190.45.55.254 - - [01/Aug/2017:13:17:43 -0300] "POST /cormun/servlet/solicitudot?gx-no-cache=1501604308892 HTTP/1.1" 200 34
192.168.10.89 - - [01/Aug/2017:13:17:44 -0300] "POST /cormun/servlet/trsolicitudgral?448cc7bc77e809919f412ebf6e551433,,gx-no-cache=1501604242916 HTTP/1.1" 200 5749
200.111.191.210 - - [01/Aug/2017:13:17:45 -0300] "GET /cormun/servlet/trpermisosgoce? HTTP/1.1" 200 6078
200.111.191.210 - - [01/Aug/2017:13:17:45 -0300] "GET /cormun/servlet/hlogin HTTP/1.1" 200 1743
200.111.191.210 - - [01/Aug/2017:13:17:45 -0300] "GET /cormun/servlet/trpermisosgoce? HTTP/1.1" 200 6074
200.111.191.210 - - [01/Aug/2017:13:17:51 -0300] "POST /cormun/servlet/hlogin?8554a5aa51f2b54c62ed3f3b99010ec5,gx-no-cache=1501604317171 HTTP/1.1" 200 90
200.111.191.210 - - [01/Aug/2017:13:17:51 -0300] "GET /cormun/servlet/hpexe_link HTTP/1.1" 200 960
200.111.191.210 - - [01/Aug/2017:13:17:52 -0300] "GET /cormun/servlet/trpermisosgoce HTTP/1.1" 200 10908
200.111.191.210 - - [01/Aug/2017:13:17:52 -0300] "GET /cormun/servlet/trpermisosgoce HTTP/1.1" 200 10907
192.168.10.89 - - [01/Aug/2017:13:17:53 -0300] "GET /cormun/servlet/trconsultaempleado? HTTP/1.1" 200 10346
190.45.55.254 - - [01/Aug/2017:13:17:53 -0300] "POST /cormun/servlet/solicitudot?f7eb9c1e2fec192f816b1a13afea844b,INS,0,0,,gx-no-cache=1501604318748 HTTP/1.1" 200 93
190.45.55.254 - - [01/Aug/2017:13:17:53 -0300] "GET /cormun/servlet/hpexe_return? HTTP/1.1" 200 1006
190.45.55.254 - - [01/Aug/2017:13:17:54 -0300] "GET /cormun/servlet/hhome HTTP/1.1" 200 4130
190.45.55.254 - - [01/Aug/2017:13:17:54 -0300] "GET /cormun/servlet/hhome HTTP/1.1" 200 4124
200.111.191.210 - - [01/Aug/2017:13:17:58 -0300] "GET /cormun/servlet/permisogoce?INS,0,,, HTTP/1.1" 200 6627
200.111.191.210 - - [01/Aug/2017:13:17:58 -0300] "GET /cormun/servlet/permisogoce?INS,0,,, HTTP/1.1" 200 6626
190.45.55.254 - - [01/Aug/2017:13:17:59 -0300] "GET /cormun/servlet/trsolicitudot? HTTP/1.1" 200 12241
190.45.55.254 - - [01/Aug/2017:13:17:59 -0300] "GET /cormun/servlet/trsolicitudot? HTTP/1.1" 200 12239
192.168.10.89 - - [01/Aug/2017:13:18:00 -0300] "POST /cormun/servlet/trconsultaempleado?448cc7bc77e809919f412ebf6e551433,,gx-no-cache=1501604258469 HTTP/1.1" 200 4549
192.168.10.89 - - [01/Aug/2017:13:18:01 -0300] "GET /cormun/servlet/trsolicitudnombre?15103953, HTTP/1.1" 200 8811
186.103.159.46 - - [01/Aug/2017:13:18:09 -0300] "POST /cormun/servlet/tratrazos?f75296065fd30d9c08072dc7117dc4f8,,gx-no-cache=1501604332204 HTTP/1.1" 200 3861
186.103.159.46 - - [01/Aug/2017:13:18:11 -0300] "POST /cormun/servlet/tratrazos?f75296065fd30d9c08072dc7117dc4f8,,gx-no-cache=1501604334289 HTTP/1.1" 200 3862
190.45.55.254 - - [01/Aug/2017:13:18:15 -0300] "GET /cormun/servlet/trcontratounov2? HTTP/1.1" 200 17364
190.45.55.254 - - [01/Aug/2017:13:18:16 -0300] "GET /cormun/servlet/trcontratounov2? HTTP/1.1" 200 17364
190.45.55.254 - - [01/Aug/2017:13:18:20 -0300] "POST /cormun/servlet/trcontratounov2?f7eb9c1e2fec192f816b1a13afea844b,,gx-no-cache=1501604346047 HTTP/1.1" 200 7511
186.103.159.46 - - [01/Aug/2017:13:18:23 -0300] "POST /cormun/servlet/tratrazos?f75296065fd30d9c08072dc7117dc4f8,,gx-no-cache=1501604345632 HTTP/1.1" 200 3863
200.111.191.210 - - [01/Aug/2017:13:18:28 -0300] "GET /cormun/servlet/permisogoce?ceca767ccc3daddd7012e0274d0f1a973ff7d9b7bfff2bf6cb6e9795426e040556e58c75cf83eca48078623cb5cb89dbfa904b9f3c38319af4a252c618a9e4f5,gx-no-cache=1501604353995 HTTP/1.1" 200 77
190.45.55.254 - - [01/Aug/2017:13:18:30 -0300] "GET /cormun/servlet/trcontratounov2? HTTP/1.1" 200 8451
190.45.55.254 - - [01/Aug/2017:13:18:31 -0300] "GET /cormun/servlet/trcontratounov2? HTTP/1.1" 200 8437
186.103.159.46 - - [01/Aug/2017:13:18:35 -0300] "GET /cormun/servlet/tratrazos? HTTP/1.1" 200 6715
190.45.55.254 - - [01/Aug/2017:13:18:35 -0300] "GET /cormun/servlet/trautorizarsolicitud? HTTP/1.1" 200 7052
190.45.55.254 - - [01/Aug/2017:13:18:35 -0300] "GET /cormun/static/gxcfg.js?20174261241362 HTTP/1.1" 200 953
190.45.55.254 - - [01/Aug/2017:13:18:35 -0300] "GET /cormun/static/Resources/Spanish/PXTools.css?11294912 HTTP/1.1" 200 89042
190.45.55.254 - - [01/Aug/2017:13:18:35 -0300] "GET /cormun/static/trautorizarsolicitud.js?201742612414370 HTTP/1.1" 200 53910
190.45.55.254 - - [01/Aug/2017:13:18:36 -0300] "GET /cormun/servlet/trautorizarsolicitud? HTTP/1.1" 200 7051
