186.103.159.187 - - [27/Jul/2017:14:33:02 -0300] "POST /cormun/servlet/solicitudot?gx-no-cache=1501176792329 HTTP/1.1" 200 122
200.54.247.70 - - [27/Jul/2017:14:33:07 -0300] "GET /cormun/servlet/licenciaspermisos?INS,0,,, HTTP/1.1" 200 7582
200.54.247.70 - - [27/Jul/2017:14:33:10 -0300] "GET /cormun/servlet/licenciaspermisos?INS,0,,, HTTP/1.1" 200 7590
200.54.247.70 - - [27/Jul/2017:14:33:12 -0300] "GET /cormun/servlet/prfichaempleado?,MD,,gxPopupLevel%3D0%3B HTTP/1.1" 200 9330
200.54.247.70 - - [27/Jul/2017:14:33:22 -0300] "POST /cormun/servlet/prfichaempleado?739657c744b7e2b6241b8c0493f87056,,MD,,gxPopupLevel%3D0%3B,gx-no-cache=1501176846986 HTTP/1.1" 200 3180
200.54.247.70 - - [27/Jul/2017:14:33:27 -0300] "POST /cormun/servlet/prfichaempleado?739657c744b7e2b6241b8c0493f87056,,MD,,gxPopupLevel%3D0%3B,gx-no-cache=1501176852411 HTTP/1.1" 200 4093
186.103.159.187 - - [27/Jul/2017:14:33:29 -0300] "POST /cormun/servlet/solicitudot?gx-no-cache=1501176819513 HTTP/1.1" 200 1337
186.103.159.187 - - [27/Jul/2017:14:33:29 -0300] "POST /cormun/servlet/solicitudot?gx-no-cache=1501176819632 HTTP/1.1" 200 120
186.103.159.187 - - [27/Jul/2017:14:33:29 -0300] "POST /cormun/servlet/solicitudot?f78b7402adf0976453558daa8623287d,INS,0,0,,gx-no-cache=1501176819682 HTTP/1.1" 200 11352
200.54.247.70 - - [27/Jul/2017:14:33:36 -0300] "GET /cormun/servlet/licenciaspermisos?7a671460ab46ee3d626ecd1635c3120975966d945ef7f197f51df26ad33bd356d5e1fc1461d44c3a910b752564b02768,gx-no-cache=1501176861019 HTTP/1.1" 200 107
200.54.247.70 - - [27/Jul/2017:14:33:36 -0300] "POST /cormun/servlet/licenciaspermisos?739657c744b7e2b6241b8c0493f87056,INS,0,,,,gx-no-cache=1501176861117 HTTP/1.1" 200 4729
200.54.247.70 - - [27/Jul/2017:14:33:44 -0300] "GET /cormun/servlet/trpermisosgoce? HTTP/1.1" 200 9072
200.54.247.70 - - [27/Jul/2017:14:33:44 -0300] "GET /cormun/servlet/trpermisosgoce? HTTP/1.1" 200 9061
200.54.247.70 - - [27/Jul/2017:14:34:46 -0300] "GET /cormun/static/Shared/jqueryui/images/ui-bg_highlight-soft_100_eae6ea_1x100.png HTTP/1.1" 404 1117
186.103.159.187 - - [27/Jul/2017:14:35:07 -0300] "POST /cormun/servlet/solicitudot?gx-no-cache=1501176917604 HTTP/1.1" 200 122
186.103.159.187 - - [27/Jul/2017:14:35:07 -0300] "POST /cormun/servlet/solicitudot?gx-no-cache=1501176917960 HTTP/1.1" 200 1337
186.103.159.187 - - [27/Jul/2017:14:35:07 -0300] "POST /cormun/servlet/solicitudot?gx-no-cache=1501176918081 HTTP/1.1" 200 120
186.103.159.187 - - [27/Jul/2017:14:35:08 -0300] "POST /cormun/servlet/solicitudot?f78b7402adf0976453558daa8623287d,INS,0,0,,gx-no-cache=1501176918163 HTTP/1.1" 200 11395
200.54.247.70 - - [27/Jul/2017:14:35:20 -0300] "GET /cormun/servlet/permisogoce?INS,0,,, HTTP/1.1" 200 6895
200.54.247.70 - - [27/Jul/2017:14:35:21 -0300] "GET /cormun/servlet/permisogoce?INS,0,,, HTTP/1.1" 200 6874
200.54.247.70 - - [27/Jul/2017:14:35:24 -0300] "GET /cormun/servlet/prfichaempleado?,MD,,gxPopupLevel%3D0%3B HTTP/1.1" 200 9329
200.54.247.70 - - [27/Jul/2017:14:35:32 -0300] "POST /cormun/servlet/prfichaempleado?739657c744b7e2b6241b8c0493f87056,,MD,,gxPopupLevel%3D0%3B,gx-no-cache=1501176976934 HTTP/1.1" 200 3413
200.54.247.70 - - [27/Jul/2017:14:35:34 -0300] "GET /cormun/servlet/permisogoce?7a671460ab46ee3d626ecd1635c3120975966d945ef7f197f51df26ad33bd3569596a65bc5cf1ed98f7d15ea01c42fc849a9bc6a7314f93bad7edbcab58377e9,gx-no-cache=1501176979660 HTTP/1.1" 200 81
200.54.247.70 - - [27/Jul/2017:14:35:40 -0300] "GET /cormun/servlet/permisogoce?7a671460ab46ee3d626ecd1635c31209d6c279e6766b5a8dc99452a07bfffbedea5ce538bd3d506eb188689ef40380d0922d37f239c210b1f18fa6508e6bdd7e,gx-no-cache=1501176985456 HTTP/1.1" 200 47
200.54.247.70 - - [27/Jul/2017:14:35:42 -0300] "POST /cormun/servlet/permisogoce?739657c744b7e2b6241b8c0493f87056,INS,0,,,,gx-no-cache=1501176986981 HTTP/1.1" 200 93
200.54.247.70 - - [27/Jul/2017:14:35:42 -0300] "GET /cormun/servlet/hpexe_return? HTTP/1.1" 200 1003
200.54.247.70 - - [27/Jul/2017:14:35:42 -0300] "GET /cormun/servlet/trpermisosgoce HTTP/1.1" 200 9316
200.54.247.70 - - [27/Jul/2017:14:35:43 -0300] "GET /cormun/servlet/trpermisosgoce HTTP/1.1" 200 9319
186.103.159.187 - - [27/Jul/2017:14:35:54 -0300] "POST /cormun/servlet/solicitudot?gx-no-cache=1501176964300 HTTP/1.1" 200 1337
186.103.159.187 - - [27/Jul/2017:14:35:54 -0300] "POST /cormun/servlet/solicitudot?gx-no-cache=1501176964669 HTTP/1.1" 200 120
186.103.159.187 - - [27/Jul/2017:14:35:54 -0300] "POST /cormun/servlet/solicitudot?f78b7402adf0976453558daa8623287d,INS,0,0,,gx-no-cache=1501176964771 HTTP/1.1" 200 11438
186.103.159.187 - - [27/Jul/2017:14:36:18 -0300] "GET /cormun/servlet/prfichaempleado?,MD,,gxPopupLevel%3D0%3B HTTP/1.1" 200 9221
186.103.159.187 - - [27/Jul/2017:14:36:30 -0300] "POST /cormun/servlet/prfichaempleado?f78b7402adf0976453558daa8623287d,,MD,,gxPopupLevel%3D0%3B,gx-no-cache=1501177000355 HTTP/1.1" 200 3427
186.103.159.187 - - [27/Jul/2017:14:36:35 -0300] "POST /cormun/servlet/solicitudot?gx-no-cache=1501177005256 HTTP/1.1" 200 1357
186.103.159.187 - - [27/Jul/2017:14:36:44 -0300] "POST /cormun/servlet/solicitudot?gx-no-cache=1501177014419 HTTP/1.1" 200 122
186.103.159.187 - - [27/Jul/2017:14:36:44 -0300] "POST /cormun/servlet/solicitudot?gx-no-cache=1501177014486 HTTP/1.1" 200 1337
186.103.159.187 - - [27/Jul/2017:14:36:44 -0300] "POST /cormun/servlet/solicitudot?gx-no-cache=1501177014563 HTTP/1.1" 200 120
186.103.159.187 - - [27/Jul/2017:14:36:44 -0300] "POST /cormun/servlet/solicitudot?f78b7402adf0976453558daa8623287d,INS,0,0,,gx-no-cache=1501177014635 HTTP/1.1" 200 11511
200.112.2.111 - - [27/Jul/2017:14:36:45 -0300] "GET /cormun/servlet/hlogin HTTP/1.1" 200 1728
200.112.2.111 - - [27/Jul/2017:14:36:45 -0300] "GET /cormun/static/gxtimezone.js?85251 HTTP/1.1" 304 -
200.112.2.111 - - [27/Jul/2017:14:36:45 -0300] "GET /cormun/static/gxcfg.js?20175251213516 HTTP/1.1" 200 953
200.112.2.111 - - [27/Jul/2017:14:36:46 -0300] "GET /cormun/static/Resources/Spanish/PXTools.css?11423723 HTTP/1.1" 200 89042
200.112.2.111 - - [27/Jul/2017:14:36:46 -0300] "GET /cormun/static/messages.spa.js?85251 HTTP/1.1" 200 30736
200.112.2.111 - - [27/Jul/2017:14:36:46 -0300] "GET /cormun/static/hlogin.js?20175251213537 HTTP/1.1" 200 2136
200.112.2.111 - - [27/Jul/2017:14:36:46 -0300] "GET /cormun/static/Resources/ComunLogin.png HTTP/1.1" 304 -
200.112.2.111 - - [27/Jul/2017:14:36:46 -0300] "GET /cormun/static/Resources/PXToolsButtonBackground2.png HTTP/1.1" 304 -
200.112.2.111 - - [27/Jul/2017:14:36:46 -0300] "GET /cormun/static/Resources/PXToolsLoginBottom.png HTTP/1.1" 304 -
200.112.2.111 - - [27/Jul/2017:14:36:46 -0300] "GET /cormun/static/Resources/PXToolsLoginTop.png HTTP/1.1" 304 -
200.112.2.111 - - [27/Jul/2017:14:36:46 -0300] "GET /cormun/static/Resources/PXToolsLoginBackground.png HTTP/1.1" 304 -
200.112.2.111 - - [27/Jul/2017:14:36:46 -0300] "GET /cormun/static/Resources/PXToolsButtonLeft21.png HTTP/1.1" 304 -
200.112.2.111 - - [27/Jul/2017:14:36:46 -0300] "GET /cormun/static/Resources/PXToolsButtonRight21.png HTTP/1.1" 304 -
200.112.2.111 - - [27/Jul/2017:14:36:46 -0300] "GET /cormun/servlet/hlogin HTTP/1.1" 200 1731
200.112.2.111 - - [27/Jul/2017:14:36:46 -0300] "GET /cormun/static/Resources/indicator.gif HTTP/1.1" 304 -
200.112.2.111 - - [27/Jul/2017:14:36:46 -0300] "GET /cormun/static/Resources/indicator.gif HTTP/1.1" 200 1553
186.79.6.236 - - [27/Jul/2017:14:36:56 -0300] "GET /cormun/servlet/hlogin HTTP/1.1" 200 1724
200.112.2.111 - - [27/Jul/2017:14:36:57 -0300] "POST /cormun/servlet/hlogin?76605481b7e315602cd833d06ae52570,gx-no-cache=1501177064904 HTTP/1.1" 200 90
200.112.2.111 - - [27/Jul/2017:14:36:57 -0300] "GET /cormun/servlet/hpexe_link HTTP/1.1" 200 953
200.112.2.111 - - [27/Jul/2017:14:36:57 -0300] "GET /cormun/static/gxcfg.js?20177612121792 HTTP/1.1" 200 953
200.112.2.111 - - [27/Jul/2017:14:36:57 -0300] "GET /cormun/static/hpexe_link.js?20177612121795 HTTP/1.1" 200 625
200.112.2.111 - - [27/Jul/2017:14:36:57 -0300] "GET /cormun/static/Resources/Spanish/PXTools.css?1155365 HTTP/1.1" 200 89042
200.112.2.111 - - [27/Jul/2017:14:36:57 -0300] "GET /cormun/servlet/hhome HTTP/1.1" 200 4017
200.112.2.111 - - [27/Jul/2017:14:36:58 -0300] "GET /cormun/static/gxcfg.js?20175251212442 HTTP/1.1" 200 953
200.112.2.111 - - [27/Jul/2017:14:36:58 -0300] "GET /cormun/static/PXToolsJavascripts/pexe_windows.js HTTP/1.1" 304 -
200.112.2.111 - - [27/Jul/2017:14:36:58 -0300] "GET /cormun/static/PXToolsJavascripts/pexe_griddivfix.js HTTP/1.1" 304 -
200.112.2.111 - - [27/Jul/2017:14:36:58 -0300] "GET /cormun/static/PXToolsJavascripts/pexe_link.js HTTP/1.1" 304 -
200.112.2.111 - - [27/Jul/2017:14:36:58 -0300] "GET /cormun/static/PXToolsJavascripts/pexe_layers.js HTTP/1.1" 304 -
200.112.2.111 - - [27/Jul/2017:14:36:58 -0300] "GET /cormun/static/PXToolsJavascripts/pexe_popup.js HTTP/1.1" 304 -
200.112.2.111 - - [27/Jul/2017:14:36:58 -0300] "GET /cormun/static/PXToolsJavascripts/pexe_tabdivfix.js HTTP/1.1" 304 -
200.112.2.111 - - [27/Jul/2017:14:36:58 -0300] "GET /cormun/static/PXToolsJavascripts/pexe_tabs.js HTTP/1.1" 304 -
200.112.2.111 - - [27/Jul/2017:14:36:58 -0300] "GET /cormun/static/Shared/jqueryui/jquery-ui.min.css?1245370 HTTP/1.1" 304 -
200.112.2.111 - - [27/Jul/2017:14:36:58 -0300] "GET /cormun/static/hhome.js?20175251212450 HTTP/1.1" 200 777
200.112.2.111 - - [27/Jul/2017:14:36:58 -0300] "GET /cormun/static/hwchdr01.js?201752511465785 HTTP/1.1" 200 1183
200.112.2.111 - - [27/Jul/2017:14:36:58 -0300] "GET /cormun/static/hpexe_recentlink.js?20177611595044 HTTP/1.1" 200 2144
200.112.2.111 - - [27/Jul/2017:14:36:58 -0300] "GET /cormun/static/hpexe_messagecontroller.js?20177611595012 HTTP/1.1" 200 870
200.112.2.111 - - [27/Jul/2017:14:36:58 -0300] "GET /cormun/static/hpexe_messagepopupcomponent.js?20161017169425 HTTP/1.1" 200 605
200.112.2.111 - - [27/Jul/2017:14:36:58 -0300] "GET /cormun/static/hpexe_scripts.js?201752511465715 HTTP/1.1" 200 1544
200.112.2.111 - - [27/Jul/2017:14:36:58 -0300] "GET /cormun/static/hpexe_messagegenexuscomponent.js?201752511465344 HTTP/1.1" 200 587
200.112.2.111 - - [27/Jul/2017:14:36:58 -0300] "GET /cormun/static/cmcontrolpreferences.js?201752511465670 HTTP/1.1" 200 1375
200.112.2.111 - - [27/Jul/2017:14:36:58 -0300] "GET /cormun/static/scaMessage/scaMessageRender.js HTTP/1.1" 304 -
200.112.2.111 - - [27/Jul/2017:14:36:58 -0300] "GET /cormun/static/hmpwkw03.js?20177612122668 HTTP/1.1" 200 3965
200.112.2.111 - - [27/Jul/2017:14:36:58 -0300] "GET /cormun/static/Resources/logo4.png HTTP/1.1" 304 -
200.112.2.111 - - [27/Jul/2017:14:36:58 -0300] "GET /cormun/static/Resources/PXToolsHeaderActionsLeft.png HTTP/1.1" 304 -
200.112.2.111 - - [27/Jul/2017:14:36:58 -0300] "GET /cormun/static/Resources/PXToolsHeaderHome.png HTTP/1.1" 304 -
200.112.2.111 - - [27/Jul/2017:14:36:58 -0300] "GET /cormun/static/Resources/PXToolsHeaderLogin.png HTTP/1.1" 304 -
200.112.2.111 - - [27/Jul/2017:14:36:58 -0300] "GET /cormun/static/Resources/PXToolsHeaderPreferences.png HTTP/1.1" 304 -
200.112.2.111 - - [27/Jul/2017:14:36:58 -0300] "GET /cormun/static/Resources/PXToolsHeaderSecurity.png HTTP/1.1" 304 -
200.112.2.111 - - [27/Jul/2017:14:36:58 -0300] "GET /cormun/static/Resources/PXToolsHeaderActionsRight.png HTTP/1.1" 304 -
200.112.2.111 - - [27/Jul/2017:14:36:58 -0300] "GET /cormun/static/Resources/PXToolsFooterBackground2.png HTTP/1.1" 304 -
200.112.2.111 - - [27/Jul/2017:14:36:58 -0300] "GET /cormun/static/Resources/PXToolsHeaderBackground2.png HTTP/1.1" 304 -
200.112.2.111 - - [27/Jul/2017:14:36:58 -0300] "GET /cormun/static/Resources/PXToolsHeaderActionsBackground.png HTTP/1.1" 304 -
200.112.2.111 - - [27/Jul/2017:14:36:58 -0300] "GET /cormun/static/Resources/PXToolsDataTitle.png HTTP/1.1" 304 -
200.112.2.111 - - [27/Jul/2017:14:36:58 -0300] "GET /cormun/servlet/hhome HTTP/1.1" 200 4013
200.112.2.111 - - [27/Jul/2017:14:37:04 -0300] "GET /cormun/servlet/trcontratosolicitud? HTTP/1.1" 200 14094
200.112.2.111 - - [27/Jul/2017:14:37:04 -0300] "GET /cormun/static/gxcfg.js?20177612214014 HTTP/1.1" 200 953
200.112.2.111 - - [27/Jul/2017:14:37:04 -0300] "GET /cormun/static/calendar-es.js?85251 HTTP/1.1" 304 -
200.112.2.111 - - [27/Jul/2017:14:37:04 -0300] "GET /cormun/static/calendar-setup.js?85251 HTTP/1.1" 304 -
200.112.2.111 - - [27/Jul/2017:14:37:04 -0300] "GET /cormun/static/calendar.js?85251 HTTP/1.1" 304 -
200.112.2.111 - - [27/Jul/2017:14:37:04 -0300] "GET /cormun/static/gxdec.js?85251 HTTP/1.1" 304 -
200.112.2.111 - - [27/Jul/2017:14:37:04 -0300] "GET /cormun/static/trcontratosolicitud.js?20177612214349 HTTP/1.1" 200 28237
200.112.2.111 - - [27/Jul/2017:14:37:04 -0300] "GET /cormun/static/Resources/PXToolsDataSearch.png HTTP/1.1" 304 -
200.112.2.111 - - [27/Jul/2017:14:37:04 -0300] "GET /cormun/static/Resources/PXToolsGridPage.gif HTTP/1.1" 304 -
200.112.2.111 - - [27/Jul/2017:14:37:05 -0300] "GET /cormun/static/Resources/asc.gif HTTP/1.1" 304 -
200.112.2.111 - - [27/Jul/2017:14:37:05 -0300] "GET /cormun/static/Resources/desc.gif HTTP/1.1" 304 -
200.112.2.111 - - [27/Jul/2017:14:37:05 -0300] "GET /cormun//static/Resources/PXToolsActionDisabled.gif HTTP/1.1" 304 -
200.112.2.111 - - [27/Jul/2017:14:37:05 -0300] "GET /cormun//static/Resources/PXToolsGridNew.png HTTP/1.1" 304 -
200.112.2.111 - - [27/Jul/2017:14:37:05 -0300] "GET /cormun/servlet/trcontratosolicitud? HTTP/1.1" 200 14087
186.79.6.236 - - [27/Jul/2017:14:37:13 -0300] "POST /cormun/servlet/hlogin?60c7ae4a536fd22c174069341e8fbe99,gx-no-cache=1501176763751 HTTP/1.1" 200 90
186.79.6.236 - - [27/Jul/2017:14:37:13 -0300] "GET /cormun/servlet/hpexe_link HTTP/1.1" 200 952
186.79.6.236 - - [27/Jul/2017:14:37:13 -0300] "GET /cormun/servlet/hhome HTTP/1.1" 200 3815
186.79.6.236 - - [27/Jul/2017:14:37:15 -0300] "GET /cormun/servlet/hhome HTTP/1.1" 200 3811
200.112.2.111 - - [27/Jul/2017:14:37:16 -0300] "GET /cormun/servlet/trcontratounov2? HTTP/1.1" 200 16929
200.112.2.111 - - [27/Jul/2017:14:37:16 -0300] "GET /cormun/static/gxcfg.js?201752512124396 HTTP/1.1" 200 953
200.112.2.111 - - [27/Jul/2017:14:37:16 -0300] "GET /cormun/static/trcontratounov2.js?201752512125146 HTTP/1.1" 200 38486
200.112.2.111 - - [27/Jul/2017:14:37:17 -0300] "GET /cormun/static/Resources/PXToolsActionExcel.png HTTP/1.1" 304 -
200.112.2.111 - - [27/Jul/2017:14:37:17 -0300] "GET /cormun/static/Resources/PXToolsGridNew.png HTTP/1.1" 304 -
200.112.2.111 - - [27/Jul/2017:14:37:17 -0300] "GET /cormun/servlet/trcontratounov2? HTTP/1.1" 200 16913
200.112.2.111 - - [27/Jul/2017:14:37:21 -0300] "POST /cormun/servlet/trcontratounov2?76605481b7e315602cd833d06ae52570,,gx-no-cache=1501177087528 HTTP/1.1" 200 105
200.112.2.111 - - [27/Jul/2017:14:37:21 -0300] "GET /cormun/ContratoUnoV3-2647.xls HTTP/1.1" 200 20480
186.103.159.187 - - [27/Jul/2017:14:37:26 -0300] "POST /cormun/servlet/solicitudot?gx-no-cache=1501177056282 HTTP/1.1" 200 30
186.103.159.187 - - [27/Jul/2017:14:37:31 -0300] "POST /cormun/servlet/solicitudot?gx-no-cache=1501177061865 HTTP/1.1" 200 1357
186.103.159.187 - - [27/Jul/2017:14:37:31 -0300] "POST /cormun/servlet/solicitudot?gx-no-cache=1501177062064 HTTP/1.1" 200 41
186.79.6.236 - - [27/Jul/2017:14:37:40 -0300] "GET /cormun/servlet/trlicencias? HTTP/1.1" 200 8767
186.79.6.236 - - [27/Jul/2017:14:37:42 -0300] "GET /cormun/servlet/trlicencias? HTTP/1.1" 200 8764
186.79.6.236 - - [27/Jul/2017:14:37:55 -0300] "GET /cormun/servlet/alicenciaprn?17134446,L,20170727000000,PU HTTP/1.1" 200 1554
186.103.159.187 - - [27/Jul/2017:14:37:57 -0300] "POST /cormun/servlet/solicitudot?gx-no-cache=1501177087588 HTTP/1.1" 200 30
186.103.159.187 - - [27/Jul/2017:14:38:02 -0300] "GET /cormun/servlet/prcontratosol?15125209,,,,,MD,,gxPopupLevel%3D0%3B HTTP/1.1" 200 7403
186.103.159.187 - - [27/Jul/2017:14:38:02 -0300] "GET /cormun/static/gxcfg.js?201761413223964 HTTP/1.1" 304 -
186.103.159.187 - - [27/Jul/2017:14:38:02 -0300] "GET /cormun/static/prcontratosol.js?201761413224174 HTTP/1.1" 304 -
186.103.159.187 - - [27/Jul/2017:14:38:13 -0300] "POST /cormun/servlet/solicitudot?gx-no-cache=1501177103273 HTTP/1.1" 200 1357
186.103.159.187 - - [27/Jul/2017:14:38:13 -0300] "POST /cormun/servlet/solicitudot?gx-no-cache=1501177103447 HTTP/1.1" 200 122
186.103.159.187 - - [27/Jul/2017:14:38:13 -0300] "POST /cormun/servlet/solicitudot?gx-no-cache=1501177103518 HTTP/1.1" 200 1337
186.103.159.187 - - [27/Jul/2017:14:38:20 -0300] "POST /cormun/servlet/solicitudot?gx-no-cache=1501177110679 HTTP/1.1" 200 30
186.103.159.187 - - [27/Jul/2017:14:38:35 -0300] "POST /cormun/servlet/solicitudot?gx-no-cache=1501177125267 HTTP/1.1" 200 30
186.103.159.187 - - [27/Jul/2017:14:38:48 -0300] "POST /cormun/servlet/solicitudot?gx-no-cache=1501177138697 HTTP/1.1" 200 1357
186.103.159.187 - - [27/Jul/2017:14:38:48 -0300] "POST /cormun/servlet/solicitudot?gx-no-cache=1501177138799 HTTP/1.1" 200 41
186.103.159.187 - - [27/Jul/2017:14:38:48 -0300] "POST /cormun/servlet/solicitudot?gx-no-cache=1501177138842 HTTP/1.1" 200 1337
186.103.159.187 - - [27/Jul/2017:14:38:48 -0300] "POST /cormun/servlet/solicitudot?gx-no-cache=1501177138901 HTTP/1.1" 200 30
186.103.159.187 - - [27/Jul/2017:14:38:48 -0300] "POST /cormun/servlet/solicitudot?f78b7402adf0976453558daa8623287d,INS,0,0,,gx-no-cache=1501177138951 HTTP/1.1" 200 11549
186.103.159.187 - - [27/Jul/2017:14:39:04 -0300] "POST /cormun/servlet/solicitudot?gx-no-cache=1501177154813 HTTP/1.1" 200 30
186.103.159.187 - - [27/Jul/2017:14:39:07 -0300] "GET /cormun/servlet/prcontratosol?15125209,,,,,MD,,gxPopupLevel%3D0%3B HTTP/1.1" 200 7403
186.103.159.187 - - [27/Jul/2017:14:39:11 -0300] "POST /cormun/servlet/solicitudot?gx-no-cache=1501177161706 HTTP/1.1" 200 1357
186.103.159.187 - - [27/Jul/2017:14:39:11 -0300] "POST /cormun/servlet/solicitudot?gx-no-cache=1501177161890 HTTP/1.1" 200 122
186.103.159.187 - - [27/Jul/2017:14:39:11 -0300] "POST /cormun/servlet/solicitudot?gx-no-cache=1501177161938 HTTP/1.1" 200 1337
186.103.159.187 - - [27/Jul/2017:14:39:22 -0300] "POST /cormun/servlet/solicitudot?gx-no-cache=1501177172989 HTTP/1.1" 200 122
186.103.159.187 - - [27/Jul/2017:14:39:23 -0300] "POST /cormun/servlet/solicitudot?f78b7402adf0976453558daa8623287d,INS,0,0,,gx-no-cache=1501177173088 HTTP/1.1" 200 11630
186.103.159.187 - - [27/Jul/2017:14:40:15 -0300] "POST /cormun/servlet/solicitudot?f78b7402adf0976453558daa8623287d,INS,0,0,,gx-no-cache=1501177225633 HTTP/1.1" 200 93
186.103.159.187 - - [27/Jul/2017:14:40:15 -0300] "GET /cormun/servlet/hpexe_return? HTTP/1.1" 200 1011
186.103.159.187 - - [27/Jul/2017:14:40:16 -0300] "GET /cormun/servlet/trsolicitudot HTTP/1.1" 200 10486
186.103.159.187 - - [27/Jul/2017:14:40:17 -0300] "GET /cormun/servlet/trsolicitudot HTTP/1.1" 200 10481
200.54.247.70 - - [27/Jul/2017:14:40:21 -0300] "GET /cormun/servlet/trpermisosgoce? HTTP/1.1" 200 9319
200.54.247.70 - - [27/Jul/2017:14:40:22 -0300] "GET /cormun/servlet/trpermisosgoce? HTTP/1.1" 200 9312
200.54.247.70 - - [27/Jul/2017:14:40:24 -0300] "GET /cormun/servlet/permisogoce?INS,0,,, HTTP/1.1" 200 6874
200.54.247.70 - - [27/Jul/2017:14:40:24 -0300] "GET /cormun/servlet/permisogoce?INS,0,,, HTTP/1.1" 200 6874
200.54.247.70 - - [27/Jul/2017:14:40:26 -0300] "GET /cormun/servlet/prfichaempleado?,MD,,gxPopupLevel%3D0%3B HTTP/1.1" 200 9329
200.54.247.70 - - [27/Jul/2017:14:40:35 -0300] "POST /cormun/servlet/prfichaempleado?739657c744b7e2b6241b8c0493f87056,,MD,,gxPopupLevel%3D0%3B,gx-no-cache=1501177280677 HTTP/1.1" 200 3179
200.54.247.70 - - [27/Jul/2017:14:40:47 -0300] "POST /cormun/servlet/prfichaempleado?739657c744b7e2b6241b8c0493f87056,,MD,,gxPopupLevel%3D0%3B,gx-no-cache=1501177292650 HTTP/1.1" 200 3472
200.54.247.70 - - [27/Jul/2017:14:40:51 -0300] "GET /cormun/servlet/permisogoce?7a671460ab46ee3d626ecd1635c312099aba35a2315d7283945e04024312fd6c6d3b357429a1eaca6923720a2a8162b5,gx-no-cache=1501177296419 HTTP/1.1" 200 79
200.54.247.70 - - [27/Jul/2017:14:40:57 -0300] "GET /cormun/servlet/permisogoce?7a671460ab46ee3d626ecd1635c31209807386bd89cb509e8dcda65903df29ef35c3b16fe7cc2dc0079891144b55ba5e8a3b8a869b745e4c49fa6d5aa76ed4fc,gx-no-cache=1501177302375 HTTP/1.1" 200 47
186.103.159.187 - - [27/Jul/2017:14:41:05 -0300] "GET /cormun/servlet/trsolicitudot? HTTP/1.1" 200 10481
200.54.247.70 - - [27/Jul/2017:14:41:05 -0300] "POST /cormun/servlet/permisogoce?739657c744b7e2b6241b8c0493f87056,INS,0,,,,gx-no-cache=1501177309740 HTTP/1.1" 200 93
200.54.247.70 - - [27/Jul/2017:14:41:05 -0300] "GET /cormun/servlet/hpexe_return? HTTP/1.1" 200 1003
200.54.247.70 - - [27/Jul/2017:14:41:05 -0300] "GET /cormun/servlet/trpermisosgoce HTTP/1.1" 200 9552
200.54.247.70 - - [27/Jul/2017:14:41:06 -0300] "GET /cormun/servlet/trpermisosgoce HTTP/1.1" 200 9543
186.103.159.187 - - [27/Jul/2017:14:41:06 -0300] "GET /cormun/servlet/trsolicitudot? HTTP/1.1" 200 10481
200.54.247.70 - - [27/Jul/2017:14:41:11 -0300] "GET /cormun/servlet/trpermisosadjuntos?14524948,20170727142643,P, HTTP/1.1" 200 6832
186.103.159.187 - - [27/Jul/2017:14:41:11 -0300] "GET /cormun/servlet/solicitudot?INS,0,0, HTTP/1.1" 200 12642
200.54.247.70 - - [27/Jul/2017:14:41:12 -0300] "GET /cormun/servlet/trpermisosadjuntos?14524948,20170727142643,P, HTTP/1.1" 200 6833
186.103.159.187 - - [27/Jul/2017:14:41:12 -0300] "GET /cormun/servlet/solicitudot?INS,0,0, HTTP/1.1" 200 12647
200.54.247.70 - - [27/Jul/2017:14:41:17 -0300] "GET /cormun/servlet/trpermisosgoce HTTP/1.1" 200 9540
200.54.247.70 - - [27/Jul/2017:14:41:17 -0300] "GET /cormun/servlet/trpermisosgoce HTTP/1.1" 200 9548
200.54.247.70 - - [27/Jul/2017:14:41:22 -0300] "GET /cormun/servlet/trpermisosadjuntos?7909623,20170727144005,P, HTTP/1.1" 200 6349
200.54.247.70 - - [27/Jul/2017:14:41:22 -0300] "GET /cormun/servlet/trpermisosadjuntos?7909623,20170727144005,P, HTTP/1.1" 200 6349
200.54.247.70 - - [27/Jul/2017:14:41:24 -0300] "GET /cormun/servlet/permisosadjuntos?INS,7909623,P,20170727144005,, HTTP/1.1" 200 5674
200.54.247.70 - - [27/Jul/2017:14:41:24 -0300] "GET /cormun/static/about:blank HTTP/1.1" 404 1011
200.54.247.70 - - [27/Jul/2017:14:41:25 -0300] "GET /cormun/servlet/permisosadjuntos?INS,7909623,P,20170727144005,, HTTP/1.1" 200 5664
186.103.159.187 - - [27/Jul/2017:14:41:28 -0300] "POST /cormun/servlet/solicitudot?gx-no-cache=1501177298059 HTTP/1.1" 200 3209
186.103.159.187 - - [27/Jul/2017:14:41:28 -0300] "POST /cormun/servlet/solicitudot?f78b7402adf0976453558daa8623287d,INS,0,0,,gx-no-cache=1501177298459 HTTP/1.1" 200 9820
186.103.159.187 - - [27/Jul/2017:14:41:31 -0300] "GET /cormun/servlet/solicitudot?2ba2c0b07640a0d1f6ef771bd6cb7a2acd3bd5eac7c0813f6783ce226eec58baadc9a57da7a2ae8001cea7f911641b8c,gx-no-cache=1501177301721 HTTP/1.1" 200 30
186.103.159.187 - - [27/Jul/2017:14:41:31 -0300] "POST /cormun/servlet/solicitudot?gx-no-cache=1501177301789 HTTP/1.1" 200 240
186.103.159.187 - - [27/Jul/2017:14:41:31 -0300] "GET /cormun/servlet/solicitudot?2ba2c0b07640a0d1f6ef771bd6cb7a2a7008987d74e6332e55c547a3feee046e624b0fcc258f25ba8e1fdc97c21ab58184803e0c0172461936c3cbf4785d685c75fa58ed903a70acf8774fea37a799fb63fbfada48eddaf2f9bf41263a6a21f762d81fc20ca7635af02cbd94ac1de3abd0a7f3092109c8259c1efefd3434da537d70ee132bb837af4e6b6716012ba699d6b6dc70ad18a31c980129e2afa746d5c71f8d9486b4b825f5f2c749a3ce67ef266961f1ae7ad313a99792dc96cb7ed32fead37bf6d3d94c122bbde72eafcbd7e8f3d4a48e39d7270d8f88c25ee49a787f76a38f1a3c7aebbdf7f3064ce2acce4f3886004a3570c2c6171e08667cf8be777767be3d5d5ee168d365dd8b4a7ca41f283e73e7cd0f7527989bc01f97a848b7f0bf154649f8f39f274e86ef6ca714ab7115f82664cac14def0d9fdd867a703e46860c65e2b5d4ed84051b67351dd632250540a9ef86cfb70341aea9df8f946077873f06c74a8dbd7b61369b1143ef9735d8db3f08f836d44c484ac7403417,gx-no-cache=1501177301843 HTTP/1.1" 200 30
186.103.159.187 - - [27/Jul/2017:14:41:41 -0300] "POST /cormun/servlet/solicitudot?gx-no-cache=1501177312121 HTTP/1.1" 200 30
186.103.159.187 - - [27/Jul/2017:14:41:58 -0300] "GET /cormun/servlet/prfichaempleado?,MD,,gxPopupLevel%3D0%3B HTTP/1.1" 200 9221
200.54.247.70 - - [27/Jul/2017:14:42:09 -0300] "POST /cormun/servlet/permisosadjuntos?739657c744b7e2b6241b8c0493f87056,INS,7909623,P,20170727144005,, HTTP/1.1" 200 116
200.54.247.70 - - [27/Jul/2017:14:42:09 -0300] "GET /cormun/servlet/hpexe_return? HTTP/1.1" 200 1030
200.54.247.70 - - [27/Jul/2017:14:42:10 -0300] "GET /cormun/servlet/trpermisosadjuntos?7909623,20170727144005,P, HTTP/1.1" 200 6810
200.54.247.70 - - [27/Jul/2017:14:42:12 -0300] "GET /cormun/servlet/trpermisosadjuntos?7909623,20170727144005,P, HTTP/1.1" 200 6807
186.103.159.187 - - [27/Jul/2017:14:42:17 -0300] "POST /cormun/servlet/prfichaempleado?f78b7402adf0976453558daa8623287d,,MD,,gxPopupLevel%3D0%3B,gx-no-cache=1501177347380 HTTP/1.1" 200 3427
200.54.247.70 - - [27/Jul/2017:14:42:20 -0300] "POST /cormun/servlet/trpermisosadjuntos?739657c744b7e2b6241b8c0493f87056,7909623,20170727144005,P,,gx-no-cache=1501177385103 HTTP/1.1" 200 90
200.54.247.70 - - [27/Jul/2017:14:42:20 -0300] "GET /cormun/servlet/hpexe_link HTTP/1.1" 200 975
200.54.247.70 - - [27/Jul/2017:14:42:20 -0300] "GET /cormun/servlet/trpermisosgoce HTTP/1.1" 200 9550
200.54.247.70 - - [27/Jul/2017:14:42:21 -0300] "GET /cormun/servlet/trpermisosgoce HTTP/1.1" 200 9536
186.103.159.187 - - [27/Jul/2017:14:42:21 -0300] "POST /cormun/servlet/solicitudot?gx-no-cache=1501177351651 HTTP/1.1" 200 1357
186.103.159.187 - - [27/Jul/2017:14:42:21 -0300] "GET /cormun/static/menuarrow.gif HTTP/1.1" 404 1015
200.54.247.70 - - [27/Jul/2017:14:42:24 -0300] "POST /cormun/servlet/trpermisosgoce?739657c744b7e2b6241b8c0493f87056,gx-no-cache=1501177389559 HTTP/1.1" 200 6713
200.54.247.70 - - [27/Jul/2017:14:42:24 -0300] "GET /cormun/static/Shared/jqueryui/images/ui-icons_82798d_256x240.png HTTP/1.1" 404 1089
200.54.247.70 - - [27/Jul/2017:14:42:24 -0300] "GET /cormun/static/Shared/jqueryui/images/ui-bg_highlight-soft_100_c6c2c8_1x100.png HTTP/1.1" 404 1117
200.54.247.70 - - [27/Jul/2017:14:42:24 -0300] "GET /cormun/static/Shared/jqueryui/images/ui-icons_8d78a5_256x240.png HTTP/1.1" 404 1089
200.54.247.70 - - [27/Jul/2017:14:42:24 -0300] "GET /cormun/static/Shared/jqueryui/images/ui-bg_flat_55_fafafa_40x100.png HTTP/1.1" 404 1097
186.103.159.187 - - [27/Jul/2017:14:42:25 -0300] "POST /cormun/servlet/solicitudot?gx-no-cache=1501177356042 HTTP/1.1" 200 118
186.103.159.187 - - [27/Jul/2017:14:42:25 -0300] "GET /cormun/static/Shared/jqueryui/images/ui-bg_highlight-soft_100_c6c2c8_1x100.png HTTP/1.1" 404 1117
186.103.159.187 - - [27/Jul/2017:14:42:25 -0300] "GET /cormun/static/Shared/jqueryui/images/ui-icons_82798d_256x240.png HTTP/1.1" 404 1089
186.103.159.187 - - [27/Jul/2017:14:42:25 -0300] "GET /cormun/static/Shared/jqueryui/images/ui-icons_ebccce_256x240.png HTTP/1.1" 404 1089
186.103.159.187 - - [27/Jul/2017:14:42:25 -0300] "GET /cormun/static/Shared/jqueryui/images/ui-bg_flat_55_994d53_40x100.png HTTP/1.1" 404 1097
186.79.6.236 - - [27/Jul/2017:14:42:53 -0300] "GET /cormun/servlet/alicenciaprn?17134446,L,20170727000000,PU HTTP/1.1" 200 1552
157.55.2.165 - - [27/Jul/2017:14:42:55 -0300] "GET /cormun/static/gxtimezone.js?85251 HTTP/1.1" 200 5781
157.55.2.165 - - [27/Jul/2017:14:42:56 -0300] "GET /cormun/static/cmcontrolpreferences.js?201752511465670 HTTP/1.1" 200 1375
157.55.2.165 - - [27/Jul/2017:14:42:57 -0300] "GET /cormun/static/Resources/asc.gif HTTP/1.1" 200 67
157.55.2.165 - - [27/Jul/2017:14:42:58 -0300] "GET /cormun/static/Resources/desc.gif HTTP/1.1" 200 65
186.103.159.187 - - [27/Jul/2017:14:43:02 -0300] "POST /cormun/servlet/solicitudot?gx-no-cache=1501177392435 HTTP/1.1" 200 118
186.103.159.187 - - [27/Jul/2017:14:43:02 -0300] "GET /cormun/servlet/solicitudot?2ba2c0b07640a0d1f6ef771bd6cb7a2a3bc0ff27779b9a383d055441a73a2d8123f338456c54168cb9febbae9860926088c8234ab0b9b95c73d80d9bb91f53837b339732b5d4013fed2757b2d5f834d07e7cb46b0a240c24892b6063b6a42c4f79f2445d52d48c3a4cca6f4fa059c7cc63f7483eef8b3ad8e6840c6760c9908234faa880e13b1e75a6b6b50c76528276fa445587f6d9f992bf345d2c97f0c20c,gx-no-cache=1501177392581 HTTP/1.1" 200 29
186.103.159.187 - - [27/Jul/2017:14:43:02 -0300] "POST /cormun/servlet/solicitudot?gx-no-cache=1501177392660 HTTP/1.1" 200 1337
186.103.159.187 - - [27/Jul/2017:14:43:06 -0300] "POST /cormun/servlet/solicitudot?gx-no-cache=1501177396517 HTTP/1.1" 200 118
186.103.159.187 - - [27/Jul/2017:14:43:06 -0300] "POST /cormun/servlet/solicitudot?gx-no-cache=1501177396587 HTTP/1.1" 200 1337
186.103.159.187 - - [27/Jul/2017:14:43:19 -0300] "POST /cormun/servlet/solicitudot?gx-no-cache=1501177409510 HTTP/1.1" 200 120
186.103.159.187 - - [27/Jul/2017:14:43:52 -0300] "POST /cormun/servlet/solicitudot?f78b7402adf0976453558daa8623287d,INS,0,0,,gx-no-cache=1501177442347 HTTP/1.1" 200 11245
186.103.159.187 - - [27/Jul/2017:14:44:01 -0300] "POST /cormun/servlet/solicitudot?gx-no-cache=1501177452183 HTTP/1.1" 200 122
186.103.159.187 - - [27/Jul/2017:14:44:02 -0300] "POST /cormun/servlet/solicitudot?gx-no-cache=1501177452239 HTTP/1.1" 200 1337
186.103.159.187 - - [27/Jul/2017:14:44:02 -0300] "POST /cormun/servlet/solicitudot?gx-no-cache=1501177452322 HTTP/1.1" 200 120
186.103.159.187 - - [27/Jul/2017:14:44:02 -0300] "POST /cormun/servlet/solicitudot?f78b7402adf0976453558daa8623287d,INS,0,0,,gx-no-cache=1501177452394 HTTP/1.1" 200 11292
186.103.159.187 - - [27/Jul/2017:14:44:09 -0300] "POST /cormun/servlet/solicitudot?gx-no-cache=1501177459685 HTTP/1.1" 200 122
186.103.159.187 - - [27/Jul/2017:14:44:09 -0300] "POST /cormun/servlet/solicitudot?gx-no-cache=1501177459784 HTTP/1.1" 200 1337
186.103.159.187 - - [27/Jul/2017:14:44:10 -0300] "POST /cormun/servlet/solicitudot?gx-no-cache=1501177460284 HTTP/1.1" 200 120
186.103.159.187 - - [27/Jul/2017:14:44:10 -0300] "POST /cormun/servlet/solicitudot?f78b7402adf0976453558daa8623287d,INS,0,0,,gx-no-cache=1501177460364 HTTP/1.1" 200 11348
200.54.247.70 - - [27/Jul/2017:14:44:16 -0300] "GET /cormun/servlet/permisogoce?INS,0,,, HTTP/1.1" 200 6875
200.54.247.70 - - [27/Jul/2017:14:44:17 -0300] "GET /cormun/servlet/permisogoce?INS,0,,, HTTP/1.1" 200 6873
186.103.159.187 - - [27/Jul/2017:14:44:33 -0300] "POST /cormun/servlet/solicitudot?gx-no-cache=1501177484052 HTTP/1.1" 200 122
186.103.159.187 - - [27/Jul/2017:14:44:33 -0300] "POST /cormun/servlet/solicitudot?gx-no-cache=1501177484224 HTTP/1.1" 200 1337
186.103.159.187 - - [27/Jul/2017:14:44:34 -0300] "POST /cormun/servlet/solicitudot?gx-no-cache=1501177484287 HTTP/1.1" 200 120
186.103.159.187 - - [27/Jul/2017:14:44:34 -0300] "POST /cormun/servlet/solicitudot?f78b7402adf0976453558daa8623287d,INS,0,0,,gx-no-cache=1501177484341 HTTP/1.1" 200 11391
200.54.247.70 - - [27/Jul/2017:14:44:49 -0300] "GET /cormun/servlet/prfichaempleado?,MD,,gxPopupLevel%3D0%3B HTTP/1.1" 200 9329
200.54.247.70 - - [27/Jul/2017:14:44:56 -0300] "POST /cormun/servlet/prfichaempleado?739657c744b7e2b6241b8c0493f87056,,MD,,gxPopupLevel%3D0%3B,gx-no-cache=1501177541509 HTTP/1.1" 200 4553
200.54.247.70 - - [27/Jul/2017:14:45:01 -0300] "GET /cormun/servlet/permisogoce?7a671460ab46ee3d626ecd1635c31209eec5c4c07ed50d746e8f0591a786d64f9596a65bc5cf1ed98f7d15ea01c42fc849a9bc6a7314f93bad7edbcab58377e9,gx-no-cache=1501177545788 HTTP/1.1" 200 86
200.54.247.70 - - [27/Jul/2017:14:45:08 -0300] "GET /cormun/servlet/permisogoce?7a671460ab46ee3d626ecd1635c3120983a32d766d9b5cc8fd0744fdb569240533f5a7e42b48807c0bed7755d2aac5b2922d37f239c210b1f18fa6508e6bdd7e,gx-no-cache=1501177553648 HTTP/1.1" 200 46
186.103.157.98 - - [27/Jul/2017:14:45:11 -0300] "GET /cormun/servlet/hpexe_return? HTTP/1.1" 200 985
186.103.157.98 - - [27/Jul/2017:14:45:11 -0300] "GET /cormun/servlet/hpexe_return? HTTP/1.1" 200 985
186.103.157.98 - - [27/Jul/2017:14:45:11 -0300] "GET /cormun/servlet/hhome HTTP/1.1" 200 3391
186.103.157.98 - - [27/Jul/2017:14:45:12 -0300] "GET /cormun/servlet/hlogin HTTP/1.1" 200 1733
186.103.157.98 - - [27/Jul/2017:14:45:12 -0300] "GET /cormun/servlet/hhome HTTP/1.1" 200 3386
186.103.157.98 - - [27/Jul/2017:14:45:13 -0300] "POST /cormun/servlet/hlogin?97fa87fd272279bfdc5fc7aed74a55c7,gx-no-cache=1501177560787 HTTP/1.1" 200 90
186.103.157.98 - - [27/Jul/2017:14:45:13 -0300] "GET /cormun/servlet/hpexe_link HTTP/1.1" 200 952
186.103.157.98 - - [27/Jul/2017:14:45:13 -0300] "GET /cormun/servlet/hhome HTTP/1.1" 200 4040
186.103.157.98 - - [27/Jul/2017:14:45:14 -0300] "GET /cormun/servlet/hhome HTTP/1.1" 200 4037
200.54.247.70 - - [27/Jul/2017:14:45:16 -0300] "POST /cormun/servlet/permisogoce?739657c744b7e2b6241b8c0493f87056,INS,0,,,,gx-no-cache=1501177561365 HTTP/1.1" 200 93
200.54.247.70 - - [27/Jul/2017:14:45:16 -0300] "GET /cormun/servlet/hpexe_return? HTTP/1.1" 200 1025
200.54.247.70 - - [27/Jul/2017:14:45:17 -0300] "GET /cormun/servlet/trpermisosgoce?gx-no-cache=1501177389559 HTTP/1.1" 200 9757
200.54.247.70 - - [27/Jul/2017:14:45:17 -0300] "GET /cormun/servlet/trpermisosgoce?gx-no-cache=1501177389559 HTTP/1.1" 200 9787
186.103.157.98 - - [27/Jul/2017:14:45:22 -0300] "GET /cormun/servlet/trpermisosgoce? HTTP/1.1" 200 10160
186.103.157.98 - - [27/Jul/2017:14:45:23 -0300] "GET /cormun/servlet/trpermisosgoce? HTTP/1.1" 200 10158
200.54.247.70 - - [27/Jul/2017:14:45:25 -0300] "GET /cormun/servlet/trpermisosadjuntos?10142483,20170727142801,P, HTTP/1.1" 200 6980
200.54.247.70 - - [27/Jul/2017:14:45:26 -0300] "GET /cormun/servlet/trpermisosadjuntos?10142483,20170727142801,P, HTTP/1.1" 200 6959
186.103.157.98 - - [27/Jul/2017:14:45:27 -0300] "GET /cormun/servlet/permisogoce?INS,0,,, HTTP/1.1" 200 6882
186.103.157.98 - - [27/Jul/2017:14:45:28 -0300] "GET /cormun/servlet/permisogoce?INS,0,,, HTTP/1.1" 200 6882
200.54.247.70 - - [27/Jul/2017:14:45:29 -0300] "GET /cormun/servlet/trpermisosgoce?gx-no-cache=1501177389559 HTTP/1.1" 200 9765
200.54.247.70 - - [27/Jul/2017:14:45:29 -0300] "GET /cormun/servlet/trpermisosgoce?gx-no-cache=1501177389559 HTTP/1.1" 200 9793
200.54.247.70 - - [27/Jul/2017:14:45:32 -0300] "GET /cormun/servlet/trpermisosadjuntos?15124809,20170727144357,P, HTTP/1.1" 200 6375
200.54.247.70 - - [27/Jul/2017:14:45:33 -0300] "GET /cormun/servlet/trpermisosadjuntos?15124809,20170727144357,P, HTTP/1.1" 200 6354
200.54.247.70 - - [27/Jul/2017:14:45:34 -0300] "GET /cormun/servlet/permisosadjuntos?INS,15124809,P,20170727144357,, HTTP/1.1" 200 5676
200.54.247.70 - - [27/Jul/2017:14:45:34 -0300] "GET /cormun/static/about:blank HTTP/1.1" 404 1011
200.54.247.70 - - [27/Jul/2017:14:45:35 -0300] "GET /cormun/servlet/permisosadjuntos?INS,15124809,P,20170727144357,, HTTP/1.1" 200 5667
200.54.247.70 - - [27/Jul/2017:14:45:59 -0300] "POST /cormun/servlet/permisosadjuntos?739657c744b7e2b6241b8c0493f87056,INS,15124809,P,20170727144357,, HTTP/1.1" 200 116
200.54.247.70 - - [27/Jul/2017:14:45:59 -0300] "GET /cormun/servlet/hpexe_return? HTTP/1.1" 200 1031
200.54.247.70 - - [27/Jul/2017:14:46:00 -0300] "GET /cormun/servlet/trpermisosadjuntos?15124809,20170727144357,P, HTTP/1.1" 200 6840
200.54.247.70 - - [27/Jul/2017:14:46:02 -0300] "GET /cormun/servlet/trpermisosadjuntos?15124809,20170727144357,P, HTTP/1.1" 200 6837
200.54.247.70 - - [27/Jul/2017:14:46:07 -0300] "POST /cormun/servlet/trpermisosadjuntos?739657c744b7e2b6241b8c0493f87056,15124809,20170727144357,P,,gx-no-cache=1501177612095 HTTP/1.1" 200 90
200.54.247.70 - - [27/Jul/2017:14:46:07 -0300] "GET /cormun/servlet/hpexe_link HTTP/1.1" 200 997
200.54.247.70 - - [27/Jul/2017:14:46:07 -0300] "GET /cormun/servlet/trpermisosgoce?gx-no-cache=1501177389559 HTTP/1.1" 200 9755
200.54.247.70 - - [27/Jul/2017:14:46:08 -0300] "GET /cormun/servlet/trpermisosgoce?gx-no-cache=1501177389559 HTTP/1.1" 200 9775
200.54.247.70 - - [27/Jul/2017:14:46:12 -0300] "POST /cormun/servlet/trpermisosgoce?739657c744b7e2b6241b8c0493f87056,gx-no-cache=1501177389559,gx-no-cache=1501177617398 HTTP/1.1" 200 6931
200.54.247.70 - - [27/Jul/2017:14:46:12 -0300] "GET /cormun/static/Shared/jqueryui/images/ui-bg_highlight-soft_100_c6c2c8_1x100.png HTTP/1.1" 404 1117
200.54.247.70 - - [27/Jul/2017:14:46:12 -0300] "GET /cormun/static/Shared/jqueryui/images/ui-bg_flat_55_fafafa_40x100.png HTTP/1.1" 404 1097
200.54.247.70 - - [27/Jul/2017:14:46:12 -0300] "GET /cormun/static/Shared/jqueryui/images/ui-icons_82798d_256x240.png HTTP/1.1" 404 1089
200.54.247.70 - - [27/Jul/2017:14:46:12 -0300] "GET /cormun/static/Shared/jqueryui/images/ui-icons_8d78a5_256x240.png HTTP/1.1" 404 1089
186.103.159.187 - - [27/Jul/2017:14:47:35 -0300] "POST /cormun/servlet/solicitudot?gx-no-cache=1501177665772 HTTP/1.1" 200 122
186.103.159.187 - - [27/Jul/2017:14:47:35 -0300] "POST /cormun/servlet/solicitudot?gx-no-cache=1501177666093 HTTP/1.1" 200 1337
186.103.159.187 - - [27/Jul/2017:14:47:35 -0300] "POST /cormun/servlet/solicitudot?gx-no-cache=1501177666162 HTTP/1.1" 200 120
186.103.159.187 - - [27/Jul/2017:14:47:36 -0300] "POST /cormun/servlet/solicitudot?f78b7402adf0976453558daa8623287d,INS,0,0,,gx-no-cache=1501177666210 HTTP/1.1" 200 11432
200.54.247.70 - - [27/Jul/2017:14:47:48 -0300] "GET /cormun/servlet/trpermisosgoce? HTTP/1.1" 200 9761
200.54.247.70 - - [27/Jul/2017:14:47:49 -0300] "GET /cormun/servlet/trpermisosgoce? HTTP/1.1" 200 9748
200.54.247.70 - - [27/Jul/2017:14:47:51 -0300] "GET /cormun/servlet/permisogoce?INS,0,,, HTTP/1.1" 200 6875
200.54.247.70 - - [27/Jul/2017:14:47:51 -0300] "GET /cormun/servlet/permisogoce?INS,0,,, HTTP/1.1" 200 6875
186.103.159.187 - - [27/Jul/2017:14:47:52 -0300] "GET /cormun/servlet/prlicenciaspermisos?9543879,L,,MD,,gxPopupLevel%3D0%3B HTTP/1.1" 200 7675
186.103.159.187 - - [27/Jul/2017:14:47:52 -0300] "GET /cormun/static/gxcfg.js?20176272053834 HTTP/1.1" 304 -
186.103.159.187 - - [27/Jul/2017:14:47:52 -0300] "GET /cormun/static/prlicenciaspermisos.js?20176272054050 HTTP/1.1" 304 -
200.54.247.70 - - [27/Jul/2017:14:47:54 -0300] "GET /cormun/servlet/prfichaempleado?,MD,,gxPopupLevel%3D0%3B HTTP/1.1" 200 9329
186.79.33.198 - - [27/Jul/2017:14:48:00 -0300] "POST /cormun/servlet/trrenuncias?206958165ee6fa6eb82800a6bfcd7e48,,gx-no-cache=1501177723129 HTTP/1.1" 200 5012
186.103.159.187 - - [27/Jul/2017:14:48:01 -0300] "POST /cormun/servlet/solicitudot?gx-no-cache=1501177691891 HTTP/1.1" 200 41
200.54.247.70 - - [27/Jul/2017:14:48:03 -0300] "POST /cormun/servlet/prfichaempleado?739657c744b7e2b6241b8c0493f87056,,MD,,gxPopupLevel%3D0%3B,gx-no-cache=1501177727716 HTTP/1.1" 200 5829
200.54.247.70 - - [27/Jul/2017:14:48:07 -0300] "GET /cormun/servlet/permisogoce?7a671460ab46ee3d626ecd1635c3120987c9e642c3556a4002e096798eef7dc09596a65bc5cf1ed98f7d15ea01c42fc849a9bc6a7314f93bad7edbcab58377e9,gx-no-cache=1501177732682 HTTP/1.1" 200 86
200.54.247.70 - - [27/Jul/2017:14:48:19 -0300] "GET /cormun/servlet/permisogoce?7a671460ab46ee3d626ecd1635c31209133b326f95e6fa290ad6ad659f178e2f68775e59d9656583b60c125c819f3ad5922d37f239c210b1f18fa6508e6bdd7e,gx-no-cache=1501177744438 HTTP/1.1" 200 47
200.54.247.70 - - [27/Jul/2017:14:48:22 -0300] "POST /cormun/servlet/permisogoce?739657c744b7e2b6241b8c0493f87056,INS,0,,,,gx-no-cache=1501177747163 HTTP/1.1" 200 93
200.54.247.70 - - [27/Jul/2017:14:48:22 -0300] "GET /cormun/servlet/hpexe_return? HTTP/1.1" 200 1003
200.54.247.70 - - [27/Jul/2017:14:48:23 -0300] "GET /cormun/servlet/trpermisosgoce HTTP/1.1" 200 9991
200.54.247.70 - - [27/Jul/2017:14:48:23 -0300] "GET /cormun/servlet/trpermisosgoce HTTP/1.1" 200 10003
186.79.6.236 - - [27/Jul/2017:14:48:24 -0300] "GET /cormun/servlet/trpermisosgoce? HTTP/1.1" 200 9155
186.103.159.187 - - [27/Jul/2017:14:48:26 -0300] "POST /cormun/servlet/solicitudot?gx-no-cache=1501177716445 HTTP/1.1" 200 1337
186.103.159.187 - - [27/Jul/2017:14:48:26 -0300] "POST /cormun/servlet/solicitudot?gx-no-cache=1501177716729 HTTP/1.1" 200 34
186.79.6.236 - - [27/Jul/2017:14:48:26 -0300] "GET /cormun/servlet/trpermisosgoce? HTTP/1.1" 200 9150
186.103.159.187 - - [27/Jul/2017:14:48:26 -0300] "POST /cormun/servlet/solicitudot?f78b7402adf0976453558daa8623287d,INS,0,0,,gx-no-cache=1501177716832 HTTP/1.1" 200 93
186.103.159.187 - - [27/Jul/2017:14:48:27 -0300] "GET /cormun/servlet/hpexe_return? HTTP/1.1" 200 1011
200.54.247.70 - - [27/Jul/2017:14:48:27 -0300] "GET /cormun/servlet/trpermisosadjuntos?10049006,20170727144732,P, HTTP/1.1" 200 6356
186.103.159.187 - - [27/Jul/2017:14:48:27 -0300] "GET /cormun/servlet/trsolicitudot HTTP/1.1" 200 10841
200.54.247.70 - - [27/Jul/2017:14:48:28 -0300] "GET /cormun/servlet/trpermisosadjuntos?10049006,20170727144732,P, HTTP/1.1" 200 6356
186.103.159.187 - - [27/Jul/2017:14:48:29 -0300] "GET /cormun/servlet/trsolicitudot HTTP/1.1" 200 10836
200.54.247.70 - - [27/Jul/2017:14:48:29 -0300] "GET /cormun/servlet/permisosadjuntos?INS,10049006,P,20170727144732,, HTTP/1.1" 200 5681
200.54.247.70 - - [27/Jul/2017:14:48:29 -0300] "GET /cormun/static/about:blank HTTP/1.1" 404 1011
200.54.247.70 - - [27/Jul/2017:14:48:30 -0300] "GET /cormun/servlet/permisosadjuntos?INS,10049006,P,20170727144732,, HTTP/1.1" 200 5671
186.103.159.187 - - [27/Jul/2017:14:48:51 -0300] "GET /cormun/servlet/solicitudot?INS,0,0, HTTP/1.1" 200 12644
200.54.247.70 - - [27/Jul/2017:14:48:51 -0300] "POST /cormun/servlet/permisosadjuntos?739657c744b7e2b6241b8c0493f87056,INS,10049006,P,20170727144732,, HTTP/1.1" 200 116
200.54.247.70 - - [27/Jul/2017:14:48:51 -0300] "GET /cormun/servlet/hpexe_return? HTTP/1.1" 200 1030
200.54.247.70 - - [27/Jul/2017:14:48:52 -0300] "GET /cormun/servlet/trpermisosadjuntos?10049006,20170727144732,P, HTTP/1.1" 200 6821
186.103.159.187 - - [27/Jul/2017:14:48:52 -0300] "GET /cormun/servlet/solicitudot?INS,0,0, HTTP/1.1" 200 12649
200.54.247.70 - - [27/Jul/2017:14:48:54 -0300] "GET /cormun/servlet/trpermisosadjuntos?10049006,20170727144732,P, HTTP/1.1" 200 6818
186.79.33.198 - - [27/Jul/2017:14:49:06 -0300] "POST /cormun/servlet/trrenuncias?206958165ee6fa6eb82800a6bfcd7e48,,gx-no-cache=1501177789770 HTTP/1.1" 200 5012
186.103.159.187 - - [27/Jul/2017:14:49:07 -0300] "POST /cormun/servlet/solicitudot?gx-no-cache=1501177757073 HTTP/1.1" 200 3209
186.103.159.187 - - [27/Jul/2017:14:49:07 -0300] "POST /cormun/servlet/solicitudot?f78b7402adf0976453558daa8623287d,INS,0,0,,gx-no-cache=1501177757633 HTTP/1.1" 200 9821
186.79.33.198 - - [27/Jul/2017:14:49:08 -0300] "GET /cormun/servlet/hlogin HTTP/1.1" 200 1738
200.54.247.70 - - [27/Jul/2017:14:49:13 -0300] "POST /cormun/servlet/trpermisosadjuntos?739657c744b7e2b6241b8c0493f87056,10049006,20170727144732,P,,gx-no-cache=1501177798019 HTTP/1.1" 200 90
200.54.247.70 - - [27/Jul/2017:14:49:13 -0300] "GET /cormun/servlet/hpexe_link HTTP/1.1" 200 974
200.54.247.70 - - [27/Jul/2017:14:49:13 -0300] "GET /cormun/servlet/trpermisosgoce HTTP/1.1" 200 10005
200.54.247.70 - - [27/Jul/2017:14:49:14 -0300] "GET /cormun/servlet/trpermisosgoce HTTP/1.1" 200 9999
186.103.159.187 - - [27/Jul/2017:14:49:14 -0300] "GET /cormun/servlet/solicitudot?2ba2c0b07640a0d1f6ef771bd6cb7a2acd3bd5eac7c0813f6783ce226eec58baadc9a57da7a2ae8001cea7f911641b8c,gx-no-cache=1501177764594 HTTP/1.1" 200 30
186.103.159.187 - - [27/Jul/2017:14:49:14 -0300] "POST /cormun/servlet/solicitudot?gx-no-cache=1501177764693 HTTP/1.1" 200 240
186.103.159.187 - - [27/Jul/2017:14:49:14 -0300] "GET /cormun/servlet/solicitudot?2ba2c0b07640a0d1f6ef771bd6cb7a2a7008987d74e6332e55c547a3feee046e624b0fcc258f25ba8e1fdc97c21ab58184803e0c0172461936c3cbf4785d685c75fa58ed903a70acf8774fea37a799fb63fbfada48eddaf2f9bf41263a6a21f762d81fc20ca7635af02cbd94ac1de3abd0a7f3092109c8259c1efefd3434da537d70ee132bb837af4e6b6716012ba699d6b6dc70ad18a31c980129e2afa746d5c71f8d9486b4b825f5f2c749a3ce67ef266961f1ae7ad313a99792dc96cb7ed32fead37bf6d3d94c122bbde72eafcbd7e8f3d4a48e39d7270d8f88c25ee49a787f76a38f1a3c7aebbdf7f3064ce2acce4f3886004a3570c2c6171e08667cf8be777767be3d5d5ee168d365dd8b4a7ca41f283e73e7cd0f7527989bc01f97a848b7f0bf154649f8f39f274e86ef6ca714ab7115f82664cac14def0d9fdd867a703e46860c65e2b5d4ed84051b67351dd632250540a9ef86cfb70341aea9df8f946077873f06c74a8dbd7b61369b1143ef9735d8db3f08f836d44c484ac7403417,gx-no-cache=1501177764777 HTTP/1.1" 200 30
186.103.159.187 - - [27/Jul/2017:14:49:14 -0300] "POST /cormun/servlet/solicitudot?gx-no-cache=1501177764843 HTTP/1.1" 200 30
186.103.159.187 - - [27/Jul/2017:14:49:14 -0300] "POST /cormun/servlet/solicitudot?gx-no-cache=1501177764925 HTTP/1.1" 200 1357
186.103.159.187 - - [27/Jul/2017:14:49:14 -0300] "POST /cormun/servlet/solicitudot?gx-no-cache=1501177765036 HTTP/1.1" 200 38
200.54.247.70 - - [27/Jul/2017:14:49:17 -0300] "POST /cormun/servlet/trpermisosgoce?739657c744b7e2b6241b8c0493f87056,gx-no-cache=1501177802217 HTTP/1.1" 200 7204
200.54.247.70 - - [27/Jul/2017:14:49:17 -0300] "GET /cormun/static/Shared/jqueryui/images/ui-bg_highlight-soft_100_c6c2c8_1x100.png HTTP/1.1" 404 1117
200.54.247.70 - - [27/Jul/2017:14:49:17 -0300] "GET /cormun/static/Shared/jqueryui/images/ui-bg_flat_55_fafafa_40x100.png HTTP/1.1" 404 1097
200.54.247.70 - - [27/Jul/2017:14:49:17 -0300] "GET /cormun/static/Shared/jqueryui/images/ui-icons_8d78a5_256x240.png HTTP/1.1" 404 1089
200.54.247.70 - - [27/Jul/2017:14:49:17 -0300] "GET /cormun/static/Shared/jqueryui/images/ui-icons_82798d_256x240.png HTTP/1.1" 404 1089
186.103.159.187 - - [27/Jul/2017:14:50:33 -0300] "GET /cormun/servlet/trsolicitudot HTTP/1.1" 200 10841
186.103.159.187 - - [27/Jul/2017:14:50:34 -0300] "GET /cormun/servlet/trsolicitudot HTTP/1.1" 200 10836
186.103.159.187 - - [27/Jul/2017:14:50:41 -0300] "GET /cormun/servlet/solicitudot?INS,0,0, HTTP/1.1" 200 12642
186.103.159.187 - - [27/Jul/2017:14:50:42 -0300] "GET /cormun/servlet/solicitudot?INS,0,0, HTTP/1.1" 200 12647
186.103.159.187 - - [27/Jul/2017:14:50:58 -0300] "POST /cormun/servlet/solicitudot?gx-no-cache=1501177868186 HTTP/1.1" 200 3112
186.103.159.187 - - [27/Jul/2017:14:50:58 -0300] "POST /cormun/servlet/solicitudot?f78b7402adf0976453558daa8623287d,INS,0,0,,gx-no-cache=1501177868784 HTTP/1.1" 200 9741
186.103.159.187 - - [27/Jul/2017:14:51:00 -0300] "GET /cormun/servlet/solicitudot?2ba2c0b07640a0d1f6ef771bd6cb7a2a81022f120fa4bf7d1c7e50246b0f645badc9a57da7a2ae8001cea7f911641b8c,gx-no-cache=1501177871048 HTTP/1.1" 200 111
186.103.159.187 - - [27/Jul/2017:14:51:00 -0300] "GET /cormun/static/Shared/jqueryui/images/ui-bg_highlight-soft_100_c6c2c8_1x100.png HTTP/1.1" 404 1117
186.103.159.187 - - [27/Jul/2017:14:51:00 -0300] "GET /cormun/static/Shared/jqueryui/images/ui-icons_82798d_256x240.png HTTP/1.1" 404 1089
186.103.159.187 - - [27/Jul/2017:14:51:00 -0300] "GET /cormun/static/Shared/jqueryui/images/ui-bg_flat_55_994d53_40x100.png HTTP/1.1" 404 1097
186.103.159.187 - - [27/Jul/2017:14:51:00 -0300] "GET /cormun/static/Shared/jqueryui/images/ui-icons_ebccce_256x240.png HTTP/1.1" 404 1089
186.103.159.187 - - [27/Jul/2017:14:51:00 -0300] "POST /cormun/servlet/solicitudot?gx-no-cache=1501177871154 HTTP/1.1" 200 297
186.103.159.187 - - [27/Jul/2017:14:51:00 -0300] "GET /cormun/servlet/solicitudot?2ba2c0b07640a0d1f6ef771bd6cb7a2a7008987d74e6332e55c547a3feee046e246099a02f4e2ec53d5876d6018192a784803e0c0172461936c3cbf4785d685c75fa58ed903a70acf8774fea37a799fb63fbfada48eddaf2f9bf41263a6a21f762d81fc20ca7635af02cbd94ac1de3abd0a7f3092109c8259c1efefd3434da537d70ee132bb837af4e6b6716012ba699d6b6dc70ad18a31c980129e2afa746d5c71f8d9486b4b825f5f2c749a3ce67ef266961f1ae7ad313a99792dc96cb7ed32fead37bf6d3d94c122bbde72eafcbd7e8f3d4a48e39d7270d8f88c25ee49a787f76a38f1a3c7aebbdf7f3064ce2acce8d680f6abde96a45b3afde0edc621ef3777767be3d5d5ee168d365dd8b4a7ca41f283e73e7cd0f7527989bc01f97a848b7f0bf154649f8f39f274e86ef6ca714ab7115f82664cac14def0d9fdd867a70d2774a784251d1a07c2d534cc44b062e7bcca722f8a7228b8b0acd39ff1b2ad0785108aa1922b8722803916e8c9db9e076ea3cccdf8fe53010d7313e1ad51de1a6bbd920c2b78a71961048b1f6255e79,gx-no-cache=1501177871221 HTTP/1.1" 200 30
186.103.159.187 - - [27/Jul/2017:14:51:03 -0300] "POST /cormun/servlet/solicitudot?gx-no-cache=1501177873970 HTTP/1.1" 200 30
186.103.159.187 - - [27/Jul/2017:14:51:11 -0300] "GET /cormun/servlet/prfichaempleado?,MD,,gxPopupLevel%3D0%3B HTTP/1.1" 200 9221
186.103.159.187 - - [27/Jul/2017:14:51:26 -0300] "POST /cormun/servlet/prfichaempleado?f78b7402adf0976453558daa8623287d,,MD,,gxPopupLevel%3D0%3B,gx-no-cache=1501177896959 HTTP/1.1" 200 3474
186.103.159.187 - - [27/Jul/2017:14:51:41 -0300] "POST /cormun/servlet/solicitudot?gx-no-cache=1501177911248 HTTP/1.1" 200 3209
186.103.159.187 - - [27/Jul/2017:14:51:41 -0300] "POST /cormun/servlet/solicitudot?f78b7402adf0976453558daa8623287d,INS,0,0,,gx-no-cache=1501177911411 HTTP/1.1" 200 9875
186.103.159.187 - - [27/Jul/2017:14:51:41 -0300] "GET /cormun/servlet/solicitudot?2ba2c0b07640a0d1f6ef771bd6cb7a2acd3bd5eac7c0813f6783ce226eec58baadc9a57da7a2ae8001cea7f911641b8c,gx-no-cache=1501177911644 HTTP/1.1" 200 30
186.103.159.187 - - [27/Jul/2017:14:51:45 -0300] "POST /cormun/servlet/solicitudot?gx-no-cache=1501177915357 HTTP/1.1" 200 240
186.103.159.187 - - [27/Jul/2017:14:51:45 -0300] "GET /cormun/servlet/solicitudot?2ba2c0b07640a0d1f6ef771bd6cb7a2a7008987d74e6332e55c547a3feee046e624b0fcc258f25ba8e1fdc97c21ab58184803e0c0172461936c3cbf4785d685c75fa58ed903a70acf8774fea37a799fb63fbfada48eddaf2f9bf41263a6a21f762d81fc20ca7635af02cbd94ac1de3abd0a7f3092109c8259c1efefd3434da537d70ee132bb837af4e6b6716012ba699d6b6dc70ad18a31c980129e2afa746d5c71f8d9486b4b825f5f2c749a3ce67ef266961f1ae7ad313a99792dc96cb7ed32fead37bf6d3d94c122bbde72eafcbd7e8f3d4a48e39d7270d8f88c25ee49a787f76a38f1a3c7aebbdf7f3064ce2acce4f3886004a3570c2c6171e08667cf8be777767be3d5d5ee168d365dd8b4a7ca41f283e73e7cd0f7527989bc01f97a848b7f0bf154649f8f39f274e86ef6ca714ab7115f82664cac14def0d9fdd867a703e46860c65e2b5d4ed84051b67351dd632250540a9ef86cfb70341aea9df8f946077873f06c74a8dbd7b61369b1143ef84d0c90048f214dd1e9ebd9504771491,gx-no-cache=1501177915447 HTTP/1.1" 200 30
186.103.159.187 - - [27/Jul/2017:14:51:45 -0300] "POST /cormun/servlet/solicitudot?gx-no-cache=1501177915513 HTTP/1.1" 200 30
186.103.159.187 - - [27/Jul/2017:14:51:45 -0300] "POST /cormun/servlet/solicitudot?gx-no-cache=1501177915588 HTTP/1.1" 200 1438
186.103.159.187 - - [27/Jul/2017:14:51:45 -0300] "POST /cormun/servlet/solicitudot?gx-no-cache=1501177915689 HTTP/1.1" 200 117
200.54.247.70 - - [27/Jul/2017:14:51:50 -0300] "GET /cormun/servlet/permisogoce?INS,0,,, HTTP/1.1" 200 6874
200.54.247.70 - - [27/Jul/2017:14:51:51 -0300] "GET /cormun/servlet/permisogoce?INS,0,,, HTTP/1.1" 200 6875
200.54.247.70 - - [27/Jul/2017:14:51:53 -0300] "GET /cormun/servlet/prfichaempleado?,MD,,gxPopupLevel%3D0%3B HTTP/1.1" 200 9329
