186.79.74.80 - - [26/Jul/2017:09:30:57 -0300] "GET /cormun/static/gxgral.js?85251 HTTP/1.1" 200 384558
192.168.10.89 - - [26/Jul/2017:09:30:58 -0300] "POST /cormun/servlet/prfichaempleado?d97ea88718cecabceaad26cb7991e2c6,,MD,,gxPopupLevel%3D0%3B,gx-no-cache=1501072238971 HTTP/1.1" 200 3184
192.168.10.89 - - [26/Jul/2017:09:31:08 -0300] "POST /cormun/servlet/prfichaempleado?d97ea88718cecabceaad26cb7991e2c6,,MD,,gxPopupLevel%3D0%3B,gx-no-cache=1501072248976 HTTP/1.1" 200 3817
186.79.193.215 - - [26/Jul/2017:09:31:20 -0300] "GET /cormun/servlet/licenciaspermisos?ac4a8e73f2a0eb8d64dff261c91fca2442a4be5113c20bfe2e1c4332719e690dbb50d1e9dab84c5fdcf7fcadddf1261f39c81438501b58d383c8dcda4ba70c196f1370c766540b95638d13bca3329d9238c82248efba4639738e7bc012080d7ac13e9c2f454fa6b1304c0e6e0003eabe6abc7a02dc449aa05add568be76c202c3059700d032127d3e15f52aa772a73ceb19b408cadadc5bee13b0e12282dec3e63ae9d2a614189f7a6c063375177dfc752b27201b572c66596666d801b30d9e883b83e6fd05ddc6857ffd7f049a127fcb5d1c169fcf6ce6e2471434e1ccc2ff7,gx-no-cache=1501072326192 HTTP/1.1" 200 30
186.79.193.215 - - [26/Jul/2017:09:31:20 -0300] "GET /cormun/servlet/licenciaspermisos?ac4a8e73f2a0eb8d64dff261c91fca246d9e92e20ea82082a49a6482f628dd8906cc54975b13e437829d969a15f35dbaaec751f0f319d26636b23c4a7dd9ba111d913d547df3a703ed111781a40abde6d18aca8a1f6d786722dc388ab4da261878a3a26d76e6b9fab369934b385204051109d2eb16a239ad3c0385d58cb8c7c8892c34f7158f004dec1ee86e9187e4a7d52ff89806398165dc93748252dec4fa360a68e6bbba8c7f442a2d2f07db14afe63f7cd65650a0728bdc13de99777aa1d3d79c0d43301b92d6a2f9cae71d78607a0158e702c6eae1dd6ee0476139965a,gx-no-cache=1501072326468 HTTP/1.1" 200 29
186.79.193.215 - - [26/Jul/2017:09:31:21 -0300] "POST /cormun/servlet/licenciaspermisos?27ad6db5f4912bd7d11e7f1c7c82f162,INS,0,,,,gx-no-cache=1501072326604 HTTP/1.1" 200 93
186.79.193.215 - - [26/Jul/2017:09:31:21 -0300] "GET /cormun/servlet/hpexe_return? HTTP/1.1" 200 1012
186.79.193.215 - - [26/Jul/2017:09:31:22 -0300] "GET /cormun/static/gxcfg.js?2016101716175148 HTTP/1.1" 200 953
186.79.193.215 - - [26/Jul/2017:09:31:22 -0300] "GET /cormun/static/hpexe_return.js?2016101716175153 HTTP/1.1" 200 1633
186.79.193.215 - - [26/Jul/2017:09:31:22 -0300] "GET /cormun/static/Resources/Spanish/PXTools.css?167811 HTTP/1.1" 200 89042
186.79.193.215 - - [26/Jul/2017:09:31:22 -0300] "GET /cormun/servlet/trlicencias HTTP/1.1" 200 12509
192.168.10.89 - - [26/Jul/2017:09:31:24 -0300] "POST /cormun/servlet/solicitudot?gx-no-cache=1501072265364 HTTP/1.1" 200 3208
192.168.10.89 - - [26/Jul/2017:09:31:24 -0300] "POST /cormun/servlet/solicitudot?d97ea88718cecabceaad26cb7991e2c6,INS,0,0,,gx-no-cache=1501072265585 HTTP/1.1" 200 10023
186.79.193.215 - - [26/Jul/2017:09:31:24 -0300] "GET /cormun//static/Resources/PXToolsGridUpdate.png HTTP/1.1" 200 2984
186.79.193.215 - - [26/Jul/2017:09:31:24 -0300] "GET /cormun//static/Resources/PXToolsGridDelete.png HTTP/1.1" 200 357
186.79.193.215 - - [26/Jul/2017:09:31:25 -0300] "GET /cormun/servlet/trlicencias HTTP/1.1" 200 12504
192.168.10.89 - - [26/Jul/2017:09:31:31 -0300] "GET /cormun/servlet/solicitudot?a337c1614aa9219fb539e8e6803f4a66d21681bbfe15d9d3e2f530209570243d41409721a68c53032799c649d2ba0f0f,gx-no-cache=1501072272093 HTTP/1.1" 200 30
192.168.10.89 - - [26/Jul/2017:09:31:31 -0300] "POST /cormun/servlet/solicitudot?gx-no-cache=1501072272134 HTTP/1.1" 200 255
192.168.10.89 - - [26/Jul/2017:09:31:31 -0300] "GET /cormun/servlet/solicitudot?a337c1614aa9219fb539e8e6803f4a6627b17309ba42b53c4c14ab08ac56121e7f49f27809d15f71c37632092f3f2c8d9d2715eb47975592bc2df97e4820b2c11d330f49beca7d65ff5a95399d124e9b3c61067c81d17c60c07138d0f3b926800ea0a8eb179ac240c6709f46afba7e15cbb5cdbc3ae961c6f1278037f9b556235a93edaa7c5f526c7d611ce275e692b929754c4474a0b70cb98bf1aae9b2ba45f1f9069f9c0618befb6c33f6f5d83f1ea0a0664d5cf33106c58b59520c899c73f99c2a93b4ac06e11c3721ddba89f2862142ddcf43e2c332c798df33d80b20ad35024fb62e7c6cf57f12a9defc7d609e631174efc96c918f0a6ad757c297222c069e38b8c7fa40cae96542b1ed7b81954a4be52d3b12a1dd0765c5476c412e7fb5a0d714638b247290f767f2a8b1e1c6abbe10caf2962f8141825c498ac465e72a2a6de105a53e678f4564569c9d01a4e834233e23ce5030476869c6cb299367d55abc4ac681ffe9eb775923bac04b532724c1d5a669b62c3cdaca08b3dd9b7f,gx-no-cache=1501072272168 HTTP/1.1" 200 30
192.168.10.89 - - [26/Jul/2017:09:31:33 -0300] "POST /cormun/servlet/solicitudot?gx-no-cache=1501072274154 HTTP/1.1" 200 30
186.79.74.80 - - [26/Jul/2017:09:31:39 -0300] "GET /cormun/static/Resources/PXToolsLoginTop.png HTTP/1.1" 200 1337
186.79.74.80 - - [26/Jul/2017:09:31:39 -0300] "GET /cormun/static/Resources/PXToolsLoginBackground.png HTTP/1.1" 200 1164
186.79.74.80 - - [26/Jul/2017:09:31:39 -0300] "GET /cormun/static/Resources/PXToolsButtonLeft21.png HTTP/1.1" 200 1287
186.79.74.80 - - [26/Jul/2017:09:31:39 -0300] "GET /cormun/static/Resources/PXToolsButtonRight21.png HTTP/1.1" 200 1283
186.79.74.80 - - [26/Jul/2017:09:31:39 -0300] "GET /cormun/static/Resources/PXToolsButtonBackground2.png HTTP/1.1" 200 1181
186.79.74.80 - - [26/Jul/2017:09:31:39 -0300] "GET /cormun/static/Resources/PXToolsLoginBottom.png HTTP/1.1" 200 1389
186.79.74.80 - - [26/Jul/2017:09:31:39 -0300] "GET /cormun/static/Resources/indicator.gif HTTP/1.1" 200 1553
186.79.74.80 - - [26/Jul/2017:09:31:39 -0300] "GET /cormun/servlet/hlogin HTTP/1.1" 200 1727
186.79.74.80 - - [26/Jul/2017:09:31:40 -0300] "GET /favicon.ico HTTP/1.1" 200 21630
192.168.10.89 - - [26/Jul/2017:09:31:41 -0300] "POST /cormun/servlet/solicitudot?gx-no-cache=1501072282135 HTTP/1.1" 200 1355
192.168.10.89 - - [26/Jul/2017:09:31:41 -0300] "POST /cormun/servlet/solicitudot?gx-no-cache=1501072282281 HTTP/1.1" 200 38
186.79.193.215 - - [26/Jul/2017:09:31:43 -0300] "GET /cormun/servlet/trlicenciaspermisosadjuntos?14332921,20170726000000,L, HTTP/1.1" 200 6407
186.79.193.215 - - [26/Jul/2017:09:31:43 -0300] "GET /cormun/static/gxcfg.js?20177612163414 HTTP/1.1" 200 953
186.79.193.215 - - [26/Jul/2017:09:31:43 -0300] "GET /cormun/static/trlicenciaspermisosadjuntos.js?20177612163719 HTTP/1.1" 200 21036
186.79.74.80 - - [26/Jul/2017:09:31:44 -0300] "POST /cormun/servlet/hlogin?d584ba7200e83fcefc332906c28de79c,gx-no-cache=1501072369763 HTTP/1.1" 200 90
186.79.74.80 - - [26/Jul/2017:09:31:44 -0300] "GET /cormun/servlet/hpexe_link HTTP/1.1" 200 947
186.79.74.80 - - [26/Jul/2017:09:31:44 -0300] "GET /cormun/static/gxcfg.js?20177612121792 HTTP/1.1" 200 953
186.79.74.80 - - [26/Jul/2017:09:31:44 -0300] "GET /cormun/static/hpexe_link.js?20177612121795 HTTP/1.1" 200 625
186.79.74.80 - - [26/Jul/2017:09:31:44 -0300] "GET /cormun/static/Resources/Spanish/PXTools.css?1155365 HTTP/1.1" 200 89042
186.79.74.80 - - [26/Jul/2017:09:31:44 -0300] "GET /cormun/servlet/hhome HTTP/1.1" 200 3976
186.79.74.80 - - [26/Jul/2017:09:31:45 -0300] "GET /cormun/static/PXToolsJavascripts/pexe_autoreload.js HTTP/1.1" 200 1762
186.79.74.80 - - [26/Jul/2017:09:31:45 -0300] "GET /cormun/static/PXToolsJavascripts/pexe_cookies.js HTTP/1.1" 200 792
186.79.74.80 - - [26/Jul/2017:09:31:45 -0300] "GET /cormun/static/PXToolsJavascripts/pexe_windows.js HTTP/1.1" 200 15207
186.79.74.80 - - [26/Jul/2017:09:31:45 -0300] "GET /cormun/static/PXToolsJavascripts/pexe_grid.js HTTP/1.1" 200 7559
186.79.74.80 - - [26/Jul/2017:09:31:45 -0300] "GET /cormun/static/PXToolsJavascripts/pexe_link.js HTTP/1.1" 200 5671
186.79.74.80 - - [26/Jul/2017:09:31:45 -0300] "GET /cormun/static/PXToolsJavascripts/pexe_menudivfix.js HTTP/1.1" 200 333
186.79.74.80 - - [26/Jul/2017:09:31:45 -0300] "GET /cormun/static/PXToolsJavascripts/pexe_menus.js HTTP/1.1" 200 1286
186.79.74.80 - - [26/Jul/2017:09:31:45 -0300] "GET /cormun/static/PXToolsJavascripts/pexe_layers.js HTTP/1.1" 200 4114
186.79.74.80 - - [26/Jul/2017:09:31:45 -0300] "GET /cormun/static/PXToolsJavascripts/pexe_oav.js HTTP/1.1" 200 645
186.79.193.215 - - [26/Jul/2017:09:31:45 -0300] "GET /cormun/servlet/trlicenciaspermisosadjuntos?14332921,20170726000000,L, HTTP/1.1" 200 6407
186.79.74.80 - - [26/Jul/2017:09:31:45 -0300] "GET /cormun/static/PXToolsJavascripts/pexe_oavdivfix.js HTTP/1.1" 200 639
186.79.74.80 - - [26/Jul/2017:09:31:45 -0300] "GET /cormun/static/PXToolsJavascripts/pexe_picture.js HTTP/1.1" 200 689
186.79.74.80 - - [26/Jul/2017:09:31:45 -0300] "GET /cormun/static/gxcfg.js?20175251212442 HTTP/1.1" 200 953
186.79.74.80 - - [26/Jul/2017:09:31:45 -0300] "GET /cormun/static/PXToolsJavascripts/pexe_popup.js HTTP/1.1" 200 13458
186.79.74.80 - - [26/Jul/2017:09:31:45 -0300] "GET /cormun/static/PXToolsJavascripts/pexe_scrolldiv.js HTTP/1.1" 200 4138
186.79.74.80 - - [26/Jul/2017:09:31:45 -0300] "GET /cormun/static/PXToolsJavascripts/pexe_tabdivfix.js HTTP/1.1" 200 876
186.79.74.80 - - [26/Jul/2017:09:31:45 -0300] "GET /cormun/static/PXToolsJavascripts/pexe_tabs.js HTTP/1.1" 200 3748
186.79.74.80 - - [26/Jul/2017:09:31:45 -0300] "GET /cormun/static/PXToolsJavascripts/pexe_upload.js HTTP/1.1" 200 1423
186.79.74.80 - - [26/Jul/2017:09:31:45 -0300] "GET /cormun/static/PXToolsJavascripts/PXToolsJavascriptsRender.js HTTP/1.1" 200 367
186.79.74.80 - - [26/Jul/2017:09:31:45 -0300] "GET /cormun/static/PXToolsJavascripts/pexe_griddivfix.js HTTP/1.1" 200 6644
186.79.74.80 - - [26/Jul/2017:09:31:45 -0300] "GET /cormun/static/RunJS/RunJS.js HTTP/1.1" 200 288
186.79.74.80 - - [26/Jul/2017:09:31:45 -0300] "GET /cormun/static/Shared/ext/locale/ext-lang-en.js HTTP/1.1" 200 10940
186.79.74.80 - - [26/Jul/2017:09:31:45 -0300] "GET /cormun/static/hwchdr01.js?201752511465785 HTTP/1.1" 200 1183
186.79.74.80 - - [26/Jul/2017:09:31:45 -0300] "GET /cormun/static/hhome.js?20175251212450 HTTP/1.1" 200 777
186.79.74.80 - - [26/Jul/2017:09:31:45 -0300] "GET /cormun/static/hpexe_recentlink.js?20177611595044 HTTP/1.1" 200 2144
186.79.74.80 - - [26/Jul/2017:09:31:45 -0300] "GET /cormun/static/Resources/PXToolsHeaderBackground2.png HTTP/1.1" 200 1174
186.79.74.80 - - [26/Jul/2017:09:31:45 -0300] "GET /cormun/static/Resources/PXToolsFooterBackground2.png HTTP/1.1" 200 1172
186.79.74.80 - - [26/Jul/2017:09:31:45 -0300] "GET /cormun/static/Resources/PXToolsDataTitle.png HTTP/1.1" 200 1173
186.79.74.80 - - [26/Jul/2017:09:31:45 -0300] "GET /cormun/static/Resources/PXToolsHeaderActionsBackground.png HTTP/1.1" 200 484
186.79.74.80 - - [26/Jul/2017:09:31:45 -0300] "GET /cormun/static/Resources/PXToolsHeaderActionsLeft.png HTTP/1.1" 200 1118
186.79.74.80 - - [26/Jul/2017:09:31:45 -0300] "GET /cormun/static/gxui/gxui-all.js HTTP/1.1" 200 107772
186.79.74.80 - - [26/Jul/2017:09:31:45 -0300] "GET /cormun/static/Resources/logo4.png HTTP/1.1" 200 6582
186.79.74.80 - - [26/Jul/2017:09:31:45 -0300] "GET /cormun/static/Resources/PXToolsHeaderLogin.png HTTP/1.1" 200 4279
186.79.74.80 - - [26/Jul/2017:09:31:45 -0300] "GET /cormun/static/Resources/PXToolsHeaderHome.png HTTP/1.1" 200 4147
186.79.74.80 - - [26/Jul/2017:09:31:45 -0300] "GET /cormun/static/Resources/PXToolsHeaderSecurity.png HTTP/1.1" 200 4166
186.79.74.80 - - [26/Jul/2017:09:31:45 -0300] "GET /cormun/static/Resources/PXToolsHeaderActionsRight.png HTTP/1.1" 200 1201
186.79.74.80 - - [26/Jul/2017:09:31:46 -0300] "GET /cormun/static/Resources/PXToolsHeaderPreferences.png HTTP/1.1" 200 4189
186.79.74.80 - - [26/Jul/2017:09:31:46 -0300] "GET /cormun/static/hpexe_scripts.js?201752511465715 HTTP/1.1" 200 1544
186.79.74.80 - - [26/Jul/2017:09:31:46 -0300] "GET /cormun/static/hpexe_messagecontroller.js?20177611595012 HTTP/1.1" 200 870
186.79.74.80 - - [26/Jul/2017:09:31:46 -0300] "GET /cormun/static/hpexe_messagepopupcomponent.js?20161017169425 HTTP/1.1" 200 605
186.79.74.80 - - [26/Jul/2017:09:31:46 -0300] "GET /cormun/static/hpexe_messagegenexuscomponent.js?201752511465344 HTTP/1.1" 200 587
186.79.74.80 - - [26/Jul/2017:09:31:46 -0300] "GET /cormun/static/cmcontrolpreferences.js?201752511465670 HTTP/1.1" 200 1375
186.79.74.80 - - [26/Jul/2017:09:31:46 -0300] "GET /cormun/static/Shared/jquery/jquery-1.4.2.min.js HTTP/1.1" 200 72174
186.79.74.80 - - [26/Jul/2017:09:31:46 -0300] "GET /cormun/static/SmoothNavMenu/resources/ddsmoothmenu.js HTTP/1.1" 200 12712
186.79.74.80 - - [26/Jul/2017:09:31:46 -0300] "GET /cormun/static/SmoothNavMenu/resources/SmoothNavMenuRender.js HTTP/1.1" 200 5951
186.79.74.80 - - [26/Jul/2017:09:31:46 -0300] "GET /cormun/static/scaMessage/js/jquery.pnotify.min.js HTTP/1.1" 200 13038
186.79.74.80 - - [26/Jul/2017:09:31:47 -0300] "GET /cormun/static/scaMessage/scaMessageRender.js HTTP/1.1" 200 11977
186.79.74.80 - - [26/Jul/2017:09:31:47 -0300] "GET /cormun/static/hmpwkw03.js?20177612122668 HTTP/1.1" 200 3965
186.79.193.215 - - [26/Jul/2017:09:31:47 -0300] "GET /cormun/servlet/licenciaspermisosadjuntos?INS,14332921,L,20170726000000,, HTTP/1.1" 200 5706
186.79.193.215 - - [26/Jul/2017:09:31:47 -0300] "GET /cormun/static/gxcfg.js?2017761263592 HTTP/1.1" 200 953
186.79.193.215 - - [26/Jul/2017:09:31:47 -0300] "GET /cormun/static/licenciaspermisosadjuntos.js?201776126362 HTTP/1.1" 200 8760
186.79.193.215 - - [26/Jul/2017:09:31:47 -0300] "GET /cormun/static/about:blank HTTP/1.1" 404 1011
186.79.74.80 - - [26/Jul/2017:09:31:47 -0300] "GET /cormun/static/Shared/jqueryui/jquery-ui.min.js HTTP/1.1" 200 240427
186.79.193.215 - - [26/Jul/2017:09:31:48 -0300] "GET /cormun/servlet/licenciaspermisosadjuntos?INS,14332921,L,20170726000000,, HTTP/1.1" 200 5694
186.79.74.80 - - [26/Jul/2017:09:31:48 -0300] "GET /cormun/static/Shared/jquery/jquery-1.10.2.min.js HTTP/1.1" 200 273199
186.79.74.80 - - [26/Jul/2017:09:31:49 -0300] "GET /cormun/static/Shared/ext/ext-all.js HTTP/1.1" 200 1289687
186.79.74.80 - - [26/Jul/2017:09:31:50 -0300] "GET /cormun/servlet/hhome HTTP/1.1" 200 3972
186.79.74.80 - - [26/Jul/2017:09:31:50 -0300] "GET /cormun/static/SmoothNavMenu/resources/images/down.gif HTTP/1.1" 200 854
186.79.74.80 - - [26/Jul/2017:09:31:50 -0300] "GET /cormun/static/SmoothNavMenu/resources/images/right.gif HTTP/1.1" 200 860
186.79.74.80 - - [26/Jul/2017:09:31:57 -0300] "GET /cormun/servlet/trautorizarsolicitud? HTTP/1.1" 200 10257
186.79.74.80 - - [26/Jul/2017:09:31:58 -0300] "GET /cormun/static/gxcfg.js?20174261241362 HTTP/1.1" 200 953
186.79.74.80 - - [26/Jul/2017:09:31:58 -0300] "GET /cormun/static/calendar.js?85251 HTTP/1.1" 200 26246
186.79.74.80 - - [26/Jul/2017:09:31:58 -0300] "GET /cormun/static/calendar-setup.js?85251 HTTP/1.1" 200 2588
186.79.74.80 - - [26/Jul/2017:09:31:58 -0300] "GET /cormun/static/calendar-es.js?85251 HTTP/1.1" 200 1901
186.79.74.80 - - [26/Jul/2017:09:31:58 -0300] "GET /cormun/static/Resources/Spanish/PXTools.css?11294912 HTTP/1.1" 200 89042
186.79.74.80 - - [26/Jul/2017:09:31:58 -0300] "GET /cormun/static/gxdec.js?85251 HTTP/1.1" 200 19579
186.79.74.80 - - [26/Jul/2017:09:31:59 -0300] "GET /cormun/static/trautorizarsolicitud.js?201742612414370 HTTP/1.1" 200 53910
186.79.74.80 - - [26/Jul/2017:09:31:59 -0300] "GET /cormun/static/Resources/PXTools/calendar.png HTTP/1.1" 200 1306
186.79.74.80 - - [26/Jul/2017:09:31:59 -0300] "GET /cormun/static/Resources/PXToolsGridFirstDisabled.gif HTTP/1.1" 200 100
186.79.74.80 - - [26/Jul/2017:09:31:59 -0300] "GET /cormun/static/Resources/PXToolsDataSearch.png HTTP/1.1" 200 419
186.79.74.80 - - [26/Jul/2017:09:31:59 -0300] "GET /cormun/static/Resources/PXToolsGridPreviousDisabled.gif HTTP/1.1" 200 90
186.79.74.80 - - [26/Jul/2017:09:31:59 -0300] "GET /cormun/static/Resources/PXToolsGridNextDisabled.gif HTTP/1.1" 200 90
186.79.74.80 - - [26/Jul/2017:09:31:59 -0300] "GET /cormun/static/Resources/PXToolsGridLastDisabled.gif HTTP/1.1" 200 98
186.79.74.80 - - [26/Jul/2017:09:31:59 -0300] "GET /cormun/static/Resources/PXToolsActionExcel.png HTTP/1.1" 200 3187
186.79.74.80 - - [26/Jul/2017:09:32:00 -0300] "GET /cormun/static/Resources/asc.gif HTTP/1.1" 200 67
186.79.74.80 - - [26/Jul/2017:09:32:00 -0300] "GET /cormun/static/Resources/desc.gif HTTP/1.1" 200 65
186.79.74.80 - - [26/Jul/2017:09:32:00 -0300] "GET /cormun//static/Resources/PXToolsActionView.png HTTP/1.1" 200 2995
186.79.74.80 - - [26/Jul/2017:09:32:00 -0300] "GET /cormun//static/Resources/PXToolsRemoveAllAction.png HTTP/1.1" 200 3558
186.79.74.80 - - [26/Jul/2017:09:32:00 -0300] "GET /cormun/servlet/trautorizarsolicitud? HTTP/1.1" 200 10255
186.79.74.80 - - [26/Jul/2017:09:32:00 -0300] "GET /cormun/static/Resources/PXToolsGridPage.gif HTTP/1.1" 200 725
186.79.74.80 - - [26/Jul/2017:09:32:00 -0300] "GET /cormun//static/Resources/PXToolsGridUpdate.png HTTP/1.1" 200 2984
186.79.74.80 - - [26/Jul/2017:09:32:00 -0300] "GET /cormun//static/Resources/PXToolsGridDelete.png HTTP/1.1" 200 357
186.79.74.80 - - [26/Jul/2017:09:32:00 -0300] "GET /cormun//static/Resources/PXTools/ActionInsert.png HTTP/1.1" 200 1482
186.79.74.80 - - [26/Jul/2017:09:32:00 -0300] "GET /cormun/static/Shared/ext/resources/themes/images/default/panel/bg-headersPanel.png HTTP/1.1" 200 255
186.79.74.80 - - [26/Jul/2017:09:32:00 -0300] "GET /cormun/static/Shared/ext/resources/themes/images/default/tools/tool-sprites.gif HTTP/1.1" 200 5434
192.168.10.89 - - [26/Jul/2017:09:32:10 -0300] "GET /cormun/servlet/solicitudot?a337c1614aa9219fb539e8e6803f4a66409f5ed61e93e05e3f002fa12a8292faaef5a1a570c77fc8a906a6065a586f74f3f523b79c305f1f893ece8d7d61346a0432dc60c3ac709ae9c7a2693ed4d608b3ddf5e02afd9ef5b4da97c07388a693a2a3fd439f9092c9e1173530f43258e6c8926ddd012e46f88050a2469988167204d0f614d185751c0eed927ba33fe1388d3669e465ae8206cdbd4b766a2c22e5,gx-no-cache=1501072311223 HTTP/1.1" 200 29
192.168.10.89 - - [26/Jul/2017:09:32:10 -0300] "POST /cormun/servlet/solicitudot?gx-no-cache=1501072311259 HTTP/1.1" 200 1336
186.79.74.80 - - [26/Jul/2017:09:32:11 -0300] "POST /cormun/servlet/trautorizarsolicitud?d584ba7200e83fcefc332906c28de79c,,gx-no-cache=1501072396881 HTTP/1.1" 200 7254
186.79.74.80 - - [26/Jul/2017:09:32:11 -0300] "GET /cormun/static/Shared/jqueryui/images/ui-bg_highlight-soft_100_c6c2c8_1x100.png HTTP/1.1" 404 1117
186.79.74.80 - - [26/Jul/2017:09:32:11 -0300] "GET /cormun/static/Shared/jqueryui/images/ui-icons_82798d_256x240.png HTTP/1.1" 404 1089
186.79.74.80 - - [26/Jul/2017:09:32:11 -0300] "GET /cormun/static/Shared/jqueryui/images/ui-bg_flat_55_fafafa_40x100.png HTTP/1.1" 404 1097
186.79.74.80 - - [26/Jul/2017:09:32:11 -0300] "GET /cormun/static/Shared/jqueryui/images/ui-icons_8d78a5_256x240.png HTTP/1.1" 404 1089
186.79.74.80 - - [26/Jul/2017:09:32:12 -0300] "POST /cormun/servlet/trautorizarsolicitud?d584ba7200e83fcefc332906c28de79c,,gx-no-cache=1501072397856 HTTP/1.1" 200 7192
186.79.193.215 - - [26/Jul/2017:09:32:16 -0300] "POST /cormun/servlet/licenciaspermisosadjuntos?27ad6db5f4912bd7d11e7f1c7c82f162,INS,14332921,L,20170726000000,, HTTP/1.1" 200 116
186.79.193.215 - - [26/Jul/2017:09:32:16 -0300] "GET /cormun/servlet/hpexe_return? HTTP/1.1" 200 1043
186.79.193.215 - - [26/Jul/2017:09:32:16 -0300] "GET /cormun/servlet/trlicenciaspermisosadjuntos?14332921,20170726000000,L, HTTP/1.1" 200 6906
186.79.74.80 - - [26/Jul/2017:09:32:17 -0300] "POST /cormun/servlet/trautorizarsolicitud?d584ba7200e83fcefc332906c28de79c,,gx-no-cache=1501072402946 HTTP/1.1" 200 6962
186.79.193.215 - - [26/Jul/2017:09:32:18 -0300] "GET /cormun/servlet/trlicenciaspermisosadjuntos?14332921,20170726000000,L, HTTP/1.1" 200 6904
186.79.74.80 - - [26/Jul/2017:09:32:18 -0300] "POST /cormun/servlet/trautorizarsolicitud?d584ba7200e83fcefc332906c28de79c,,gx-no-cache=1501072403892 HTTP/1.1" 200 6906
186.79.74.80 - - [26/Jul/2017:09:32:20 -0300] "POST /cormun/servlet/trautorizarsolicitud?d584ba7200e83fcefc332906c28de79c,,gx-no-cache=1501072406099 HTTP/1.1" 200 6572
186.79.74.80 - - [26/Jul/2017:09:32:21 -0300] "POST /cormun/servlet/trautorizarsolicitud?d584ba7200e83fcefc332906c28de79c,,gx-no-cache=1501072406913 HTTP/1.1" 200 6516
186.79.193.215 - - [26/Jul/2017:09:32:22 -0300] "POST /cormun/servlet/trlicenciaspermisosadjuntos?27ad6db5f4912bd7d11e7f1c7c82f162,14332921,20170726000000,L,,gx-no-cache=1501072387998 HTTP/1.1" 200 90
186.79.193.215 - - [26/Jul/2017:09:32:22 -0300] "GET /cormun/servlet/hpexe_link HTTP/1.1" 200 985
186.79.193.215 - - [26/Jul/2017:09:32:23 -0300] "GET /cormun/servlet/trlicencias HTTP/1.1" 200 12506
186.79.74.80 - - [26/Jul/2017:09:32:23 -0300] "POST /cormun/servlet/trautorizarsolicitud?d584ba7200e83fcefc332906c28de79c,,gx-no-cache=1501072409210 HTTP/1.1" 200 6207
186.79.74.80 - - [26/Jul/2017:09:32:24 -0300] "POST /cormun/servlet/trautorizarsolicitud?d584ba7200e83fcefc332906c28de79c,,gx-no-cache=1501072409947 HTTP/1.1" 200 6149
186.79.74.80 - - [26/Jul/2017:09:32:26 -0300] "POST /cormun/servlet/trautorizarsolicitud?d584ba7200e83fcefc332906c28de79c,,gx-no-cache=1501072412154 HTTP/1.1" 200 5817
186.79.74.80 - - [26/Jul/2017:09:32:27 -0300] "POST /cormun/servlet/trautorizarsolicitud?d584ba7200e83fcefc332906c28de79c,,gx-no-cache=1501072412909 HTTP/1.1" 200 5762
186.79.74.80 - - [26/Jul/2017:09:32:29 -0300] "POST /cormun/servlet/trautorizarsolicitud?d584ba7200e83fcefc332906c28de79c,,gx-no-cache=1501072414678 HTTP/1.1" 200 5517
186.79.74.80 - - [26/Jul/2017:09:32:29 -0300] "POST /cormun/servlet/trautorizarsolicitud?d584ba7200e83fcefc332906c28de79c,,gx-no-cache=1501072415410 HTTP/1.1" 200 5462
186.79.74.80 - - [26/Jul/2017:09:32:31 -0300] "POST /cormun/servlet/trautorizarsolicitud?d584ba7200e83fcefc332906c28de79c,,gx-no-cache=1501072417334 HTTP/1.1" 200 4362
186.79.74.80 - - [26/Jul/2017:09:32:32 -0300] "POST /cormun/servlet/trautorizarsolicitud?d584ba7200e83fcefc332906c28de79c,,gx-no-cache=1501072417923 HTTP/1.1" 200 4107
186.79.193.215 - - [26/Jul/2017:09:32:37 -0300] "GET /cormun/servlet/trlicencias HTTP/1.1" 200 12501
192.168.10.89 - - [26/Jul/2017:09:32:40 -0300] "POST /cormun/servlet/solicitudot?gx-no-cache=1501072341777 HTTP/1.1" 200 30
186.79.193.215 - - [26/Jul/2017:09:32:41 -0300] "GET /cormun/servlet/alicenciaprn?14332921,L,20170726000000,PU HTTP/1.1" 200 1532
192.168.10.89 - - [26/Jul/2017:09:32:49 -0300] "POST /cormun/servlet/solicitudot?d97ea88718cecabceaad26cb7991e2c6,INS,0,0,,gx-no-cache=1501072350146 HTTP/1.1" 200 93
192.168.10.89 - - [26/Jul/2017:09:32:49 -0300] "GET /cormun/servlet/hpexe_return? HTTP/1.1" 200 1006
192.168.10.89 - - [26/Jul/2017:09:32:49 -0300] "GET /cormun/static/Resources/Spanish/PXTools.css?167811 HTTP/1.1" 304 -
192.168.10.89 - - [26/Jul/2017:09:32:49 -0300] "GET /cormun/static/gxcfg.js?2016101716175148 HTTP/1.1" 304 -
192.168.10.89 - - [26/Jul/2017:09:32:49 -0300] "GET /cormun/static/hpexe_return.js?2016101716175153 HTTP/1.1" 304 -
192.168.10.89 - - [26/Jul/2017:09:32:49 -0300] "GET /cormun/servlet/trsolicitudot HTTP/1.1" 200 9896
186.79.193.215 - - [26/Jul/2017:09:33:57 -0300] "POST /cormun/servlet/trlicencias?27ad6db5f4912bd7d11e7f1c7c82f162,gx-no-cache=1501072481830 HTTP/1.1" 200 9965
186.79.193.215 - - [26/Jul/2017:09:33:57 -0300] "GET /cormun/static/Shared/jqueryui/images/ui-bg_highlight-soft_100_c6c2c8_1x100.png HTTP/1.1" 404 1117
186.79.193.215 - - [26/Jul/2017:09:33:57 -0300] "GET /cormun/static/Shared/jqueryui/images/ui-icons_82798d_256x240.png HTTP/1.1" 404 1089
186.79.193.215 - - [26/Jul/2017:09:33:58 -0300] "GET /cormun/static/Shared/jqueryui/images/ui-bg_flat_55_fafafa_40x100.png HTTP/1.1" 404 1097
186.79.193.215 - - [26/Jul/2017:09:33:58 -0300] "GET /cormun/static/Shared/jqueryui/images/ui-icons_8d78a5_256x240.png HTTP/1.1" 404 1089
186.79.193.215 - - [26/Jul/2017:09:34:01 -0300] "GET /cormun/servlet/licenciaspermisos?INS,0,,, HTTP/1.1" 200 7595
186.79.193.215 - - [26/Jul/2017:09:34:04 -0300] "GET /cormun/servlet/licenciaspermisos?INS,0,,, HTTP/1.1" 200 7602
192.168.10.89 - - [26/Jul/2017:09:34:17 -0300] "GET /cormun/servlet/solicitudot?INS,0,0, HTTP/1.1" 200 12833
186.79.193.215 - - [26/Jul/2017:09:34:18 -0300] "GET /cormun/servlet/licenciaspermisos?ac4a8e73f2a0eb8d64dff261c91fca242cc1d8b5403251bbebd63d0995f8678fa568ec24a2d3cd97fff66af147704890,gx-no-cache=1501072504433 HTTP/1.1" 200 74
186.79.193.215 - - [26/Jul/2017:09:34:19 -0300] "POST /cormun/servlet/licenciaspermisos?27ad6db5f4912bd7d11e7f1c7c82f162,INS,0,,,,gx-no-cache=1501072504672 HTTP/1.1" 200 4714
192.168.10.89 - - [26/Jul/2017:09:34:29 -0300] "POST /cormun/servlet/solicitudot?gx-no-cache=1501072450588 HTTP/1.1" 200 3208
192.168.10.89 - - [26/Jul/2017:09:34:30 -0300] "POST /cormun/servlet/solicitudot?d97ea88718cecabceaad26cb7991e2c6,INS,0,0,,gx-no-cache=1501072450821 HTTP/1.1" 200 10023
192.168.10.96 - - [26/Jul/2017:09:34:31 -0300] "POST /cormun/servlet/hlogin?89fd3da077d7c6f7c087556f3019c7c1,gx-no-cache=1501072452258 HTTP/1.1" 200 90
192.168.10.96 - - [26/Jul/2017:09:34:31 -0300] "GET /cormun/servlet/hpexe_link HTTP/1.1" 200 948
192.168.10.96 - - [26/Jul/2017:09:34:31 -0300] "GET /cormun/static/hpexe_link.js?20177612121795 HTTP/1.1" 304 -
192.168.10.96 - - [26/Jul/2017:09:34:31 -0300] "GET /cormun/static/gxcfg.js?20177612121792 HTTP/1.1" 304 -
192.168.10.96 - - [26/Jul/2017:09:34:31 -0300] "GET /cormun/static/Resources/Spanish/PXTools.css?1155365 HTTP/1.1" 304 -
192.168.10.96 - - [26/Jul/2017:09:34:31 -0300] "GET /cormun/servlet/hhome HTTP/1.1" 200 4445
192.168.10.96 - - [26/Jul/2017:09:34:31 -0300] "GET /cormun/static/gxcfg.js?20175251212442 HTTP/1.1" 304 -
192.168.10.89 - - [26/Jul/2017:09:34:31 -0300] "GET /cormun/servlet/solicitudot?a337c1614aa9219fb539e8e6803f4a66d21681bbfe15d9d3e2f530209570243d41409721a68c53032799c649d2ba0f0f,gx-no-cache=1501072452577 HTTP/1.1" 200 30
192.168.10.96 - - [26/Jul/2017:09:34:31 -0300] "GET /cormun/static/hpexe_recentlink.js?20177611595044 HTTP/1.1" 304 -
192.168.10.96 - - [26/Jul/2017:09:34:31 -0300] "GET /cormun/static/hhome.js?20175251212450 HTTP/1.1" 304 -
192.168.10.96 - - [26/Jul/2017:09:34:31 -0300] "GET /cormun/static/hwchdr01.js?201752511465785 HTTP/1.1" 304 -
192.168.10.89 - - [26/Jul/2017:09:34:31 -0300] "POST /cormun/servlet/solicitudot?gx-no-cache=1501072452617 HTTP/1.1" 200 255
192.168.10.89 - - [26/Jul/2017:09:34:31 -0300] "GET /cormun/servlet/solicitudot?a337c1614aa9219fb539e8e6803f4a6627b17309ba42b53c4c14ab08ac56121e7f49f27809d15f71c37632092f3f2c8d9d2715eb47975592bc2df97e4820b2c11d330f49beca7d65ff5a95399d124e9b3c61067c81d17c60c07138d0f3b926800ea0a8eb179ac240c6709f46afba7e15cbb5cdbc3ae961c6f1278037f9b556235a93edaa7c5f526c7d611ce275e692b929754c4474a0b70cb98bf1aae9b2ba45f1f9069f9c0618befb6c33f6f5d83f1ea0a0664d5cf33106c58b59520c899c73f99c2a93b4ac06e11c3721ddba89f2862142ddcf43e2c332c798df33d80b20ad35024fb62e7c6cf57f12a9defc7d609e631174efc96c918f0a6ad757c297222c069e38b8c7fa40cae96542b1ed7b81954a4be52d3b12a1dd0765c5476c412e7fb5a0d714638b247290f767f2a8b1e1c6abbe10caf2962f8141825c498ac465e72a2a6de105a53e678f4564569c9d01a4e834233e23ce5030476869c6cb299367d55abc4ac681ffe9eb775923bac04b532724c1d5a669b62c3cdaca08b3dd9b7f,gx-no-cache=1501072452651 HTTP/1.1" 200 30
192.168.10.96 - - [26/Jul/2017:09:34:31 -0300] "GET /cormun/static/hpexe_messagecontroller.js?20177611595012 HTTP/1.1" 304 -
192.168.10.96 - - [26/Jul/2017:09:34:31 -0300] "GET /cormun/static/hpexe_messagepopupcomponent.js?20161017169425 HTTP/1.1" 304 -
192.168.10.96 - - [26/Jul/2017:09:34:31 -0300] "GET /cormun/static/hpexe_messagegenexuscomponent.js?201752511465344 HTTP/1.1" 304 -
192.168.10.96 - - [26/Jul/2017:09:34:31 -0300] "GET /cormun/static/cmcontrolpreferences.js?201752511465670 HTTP/1.1" 304 -
192.168.10.96 - - [26/Jul/2017:09:34:31 -0300] "GET /cormun/static/hpexe_scripts.js?201752511465715 HTTP/1.1" 304 -
192.168.10.96 - - [26/Jul/2017:09:34:31 -0300] "GET /cormun/static/hmpwkw03.js?20177612122668 HTTP/1.1" 304 -
192.168.10.96 - - [26/Jul/2017:09:34:32 -0300] "GET /cormun/servlet/hhome HTTP/1.1" 200 4442
192.168.10.89 - - [26/Jul/2017:09:34:33 -0300] "POST /cormun/servlet/solicitudot?gx-no-cache=1501072454026 HTTP/1.1" 200 30
186.79.193.215 - - [26/Jul/2017:09:34:34 -0300] "GET /cormun/static/menuarrow.gif HTTP/1.1" 404 1015
192.168.10.89 - - [26/Jul/2017:09:34:38 -0300] "POST /cormun/servlet/solicitudot?gx-no-cache=1501072459618 HTTP/1.1" 200 1355
192.168.10.89 - - [26/Jul/2017:09:34:38 -0300] "POST /cormun/servlet/solicitudot?gx-no-cache=1501072459772 HTTP/1.1" 200 38
192.168.10.89 - - [26/Jul/2017:09:34:44 -0300] "GET /cormun/servlet/solicitudot?a337c1614aa9219fb539e8e6803f4a66409f5ed61e93e05e3f002fa12a8292faaef5a1a570c77fc8a906a6065a586f74f3f523b79c305f1f893ece8d7d61346a0432dc60c3ac709ae9c7a2693ed4d608b3ddf5e02afd9ef5b4da97c07388a693a2a3fd439f9092c9e1173530f43258e6c8926ddd012e46f88050a2469988167204d0f614d185751c0eed927ba33fe1388d3669e465ae8206cdbd4b766a2c22e5,gx-no-cache=1501072465456 HTTP/1.1" 200 29
192.168.10.89 - - [26/Jul/2017:09:34:44 -0300] "POST /cormun/servlet/solicitudot?gx-no-cache=1501072465486 HTTP/1.1" 200 1336
192.168.10.89 - - [26/Jul/2017:09:34:55 -0300] "POST /cormun/servlet/solicitudot?gx-no-cache=1501072476624 HTTP/1.1" 200 30
192.168.10.89 - - [26/Jul/2017:09:35:00 -0300] "POST /cormun/servlet/solicitudot?d97ea88718cecabceaad26cb7991e2c6,INS,0,0,,gx-no-cache=1501072480674 HTTP/1.1" 200 93
192.168.10.89 - - [26/Jul/2017:09:35:00 -0300] "GET /cormun/servlet/hpexe_return? HTTP/1.1" 200 1006
192.168.10.89 - - [26/Jul/2017:09:35:00 -0300] "GET /cormun/servlet/trsolicitudot HTTP/1.1" 200 10185
192.168.10.89 - - [26/Jul/2017:09:35:06 -0300] "POST /cormun/servlet/trsolicitudot?d97ea88718cecabceaad26cb7991e2c6,gx-no-cache=1501072487395 HTTP/1.1" 200 7402
192.168.10.89 - - [26/Jul/2017:09:35:07 -0300] "POST /cormun/servlet/trsolicitudot?d97ea88718cecabceaad26cb7991e2c6,gx-no-cache=1501072487903 HTTP/1.1" 200 7347
192.168.10.89 - - [26/Jul/2017:09:35:07 -0300] "GET /cormun/static/Shared/jqueryui/images/ui-icons_8d78a5_256x240.png HTTP/1.1" 404 1089
192.168.10.89 - - [26/Jul/2017:09:35:07 -0300] "GET /cormun/static/Shared/jqueryui/images/ui-icons_82798d_256x240.png HTTP/1.1" 404 1089
192.168.10.89 - - [26/Jul/2017:09:35:07 -0300] "GET /cormun/static/Shared/jqueryui/images/ui-bg_highlight-soft_100_c6c2c8_1x100.png HTTP/1.1" 404 1117
192.168.10.89 - - [26/Jul/2017:09:35:07 -0300] "GET /cormun/static/Shared/jqueryui/images/ui-bg_flat_55_fafafa_40x100.png HTTP/1.1" 404 1097
192.168.10.89 - - [26/Jul/2017:09:35:08 -0300] "POST /cormun/servlet/trsolicitudot?d97ea88718cecabceaad26cb7991e2c6,gx-no-cache=1501072489209 HTTP/1.1" 200 7396
192.168.10.89 - - [26/Jul/2017:09:35:09 -0300] "POST /cormun/servlet/trsolicitudot?d97ea88718cecabceaad26cb7991e2c6,gx-no-cache=1501072489913 HTTP/1.1" 200 7341
192.168.10.89 - - [26/Jul/2017:09:35:14 -0300] "GET /cormun/servlet/trautorizarsolicitud? HTTP/1.1" 200 8509
192.168.10.89 - - [26/Jul/2017:09:35:14 -0300] "GET /cormun/static/Resources/Spanish/PXTools.css?11294912 HTTP/1.1" 304 -
192.168.10.89 - - [26/Jul/2017:09:35:14 -0300] "GET /cormun/static/gxcfg.js?20174261241362 HTTP/1.1" 304 -
192.168.10.89 - - [26/Jul/2017:09:35:14 -0300] "GET /cormun/static/trautorizarsolicitud.js?201742612414370 HTTP/1.1" 304 -
192.168.10.89 - - [26/Jul/2017:09:35:18 -0300] "POST /cormun/servlet/trautorizarsolicitud?d97ea88718cecabceaad26cb7991e2c6,,gx-no-cache=1501072499186 HTTP/1.1" 200 5468
192.168.10.89 - - [26/Jul/2017:09:35:18 -0300] "POST /cormun/servlet/trautorizarsolicitud?d97ea88718cecabceaad26cb7991e2c6,,gx-no-cache=1501072499517 HTTP/1.1" 200 5414
192.168.10.89 - - [26/Jul/2017:09:35:18 -0300] "GET /cormun/static/Shared/jqueryui/images/ui-icons_82798d_256x240.png HTTP/1.1" 404 1089
192.168.10.89 - - [26/Jul/2017:09:35:18 -0300] "GET /cormun/static/Shared/jqueryui/images/ui-bg_highlight-soft_100_c6c2c8_1x100.png HTTP/1.1" 404 1117
192.168.10.89 - - [26/Jul/2017:09:35:18 -0300] "GET /cormun/static/Shared/jqueryui/images/ui-icons_8d78a5_256x240.png HTTP/1.1" 404 1089
192.168.10.89 - - [26/Jul/2017:09:35:18 -0300] "GET /cormun/static/Shared/jqueryui/images/ui-bg_flat_55_fafafa_40x100.png HTTP/1.1" 404 1097
192.168.10.89 - - [26/Jul/2017:09:35:19 -0300] "POST /cormun/servlet/trautorizarsolicitud?d97ea88718cecabceaad26cb7991e2c6,,gx-no-cache=1501072500586 HTTP/1.1" 200 4334
192.168.10.89 - - [26/Jul/2017:09:35:20 -0300] "POST /cormun/servlet/trautorizarsolicitud?d97ea88718cecabceaad26cb7991e2c6,,gx-no-cache=1501072500932 HTTP/1.1" 200 4102
192.168.10.89 - - [26/Jul/2017:09:35:30 -0300] "GET /cormun/servlet/hlogin HTTP/1.1" 200 1740
192.168.10.89 - - [26/Jul/2017:09:35:42 -0300] "POST /cormun/servlet/hlogin?d97ea88718cecabceaad26cb7991e2c6,gx-no-cache=1501072523337 HTTP/1.1" 200 90
192.168.10.89 - - [26/Jul/2017:09:35:42 -0300] "GET /cormun/servlet/hpexe_link HTTP/1.1" 200 949
192.168.10.89 - - [26/Jul/2017:09:35:42 -0300] "GET /cormun/servlet/hhome HTTP/1.1" 200 4631
192.168.10.89 - - [26/Jul/2017:09:35:54 -0300] "GET /cormun/servlet/trsolicitudgral? HTTP/1.1" 200 9156
186.79.193.215 - - [26/Jul/2017:09:35:55 -0300] "GET /cormun/servlet/licenciaspermisos?ac4a8e73f2a0eb8d64dff261c91fca2442a4be5113c20bfe2e1c4332719e690dbb50d1e9dab84c5fdcf7fcadddf1261f39c81438501b58d383c8dcda4ba70c196f1370c766540b95638d13bca3329d9238c82248efba4639738e7bc012080d7ac13e9c2f454fa6b1304c0e6e0003eabe6abc7a02dc449aa05add568be76c202c3059700d032127d3e15f52aa772a73ceb19b408cadadc5bee13b0e12282dec3e63ae9d2a614189f7a6c063375177dfc752b27201b572c66596666d801b30d9e883b83e6fd05ddc6857ffd7f049a127fc2f3f40b67105bc6bde9caf1d90b84865,gx-no-cache=1501072601721 HTTP/1.1" 200 30
186.79.193.215 - - [26/Jul/2017:09:35:56 -0300] "GET /cormun/servlet/licenciaspermisos?ac4a8e73f2a0eb8d64dff261c91fca246d9e92e20ea82082a49a6482f628dd8906cc54975b13e437829d969a15f35dbaaec751f0f319d26636b23c4a7dd9ba111d913d547df3a703ed111781a40abde6d18aca8a1f6d786722dc388ab4da261878a3a26d76e6b9fab369934b385204051109d2eb16a239ad3c0385d58cb8c7c8892c34f7158f004dec1ee86e9187e4a7d52ff89806398165dc93748252dec4fa360a68e6bbba8c7f442a2d2f07db14afe63f7cd65650a0728bdc13de99777aa1d3d79c0d43301b92d6a2f9cae71d78608c975c8439c10a8e21246acdc1bd29d0,gx-no-cache=1501072601843 HTTP/1.1" 200 29
186.79.193.215 - - [26/Jul/2017:09:35:56 -0300] "POST /cormun/servlet/licenciaspermisos?27ad6db5f4912bd7d11e7f1c7c82f162,INS,0,,,,gx-no-cache=1501072601952 HTTP/1.1" 200 93
186.79.193.215 - - [26/Jul/2017:09:35:56 -0300] "GET /cormun/servlet/hpexe_return? HTTP/1.1" 200 1034
186.79.193.215 - - [26/Jul/2017:09:35:57 -0300] "GET /cormun/servlet/trlicencias?gx-no-cache=1501072481830 HTTP/1.1" 200 12792
186.79.193.215 - - [26/Jul/2017:09:35:59 -0300] "GET /cormun/servlet/trlicencias?gx-no-cache=1501072481830 HTTP/1.1" 200 12809
186.103.159.46 - - [26/Jul/2017:09:36:01 -0300] "POST /cormun/servlet/trsolicitudot?751848762c709202eae7f7376951fc72,gx-no-cache=1501072606463 HTTP/1.1" 200 6675
186.103.159.46 - - [26/Jul/2017:09:36:01 -0300] "GET /cormun/static/Shared/jqueryui/images/ui-bg_highlight-soft_100_c6c2c8_1x100.png HTTP/1.1" 404 1117
186.103.159.46 - - [26/Jul/2017:09:36:01 -0300] "GET /cormun/static/Shared/jqueryui/images/ui-icons_82798d_256x240.png HTTP/1.1" 404 1089
186.103.159.46 - - [26/Jul/2017:09:36:02 -0300] "GET /cormun/static/Shared/jqueryui/images/ui-icons_8d78a5_256x240.png HTTP/1.1" 404 1089
186.103.159.46 - - [26/Jul/2017:09:36:02 -0300] "GET /cormun/static/Shared/jqueryui/images/ui-bg_flat_55_fafafa_40x100.png HTTP/1.1" 404 1097
186.79.193.215 - - [26/Jul/2017:09:36:03 -0300] "GET /cormun/servlet/trlicenciaspermisosadjuntos?10613676,20170726000000,L, HTTP/1.1" 200 6427
186.79.193.215 - - [26/Jul/2017:09:36:05 -0300] "GET /cormun/servlet/trlicenciaspermisosadjuntos?10613676,20170726000000,L, HTTP/1.1" 200 6407
186.79.193.215 - - [26/Jul/2017:09:36:08 -0300] "GET /cormun/servlet/licenciaspermisosadjuntos?INS,10613676,L,20170726000000,, HTTP/1.1" 200 5704
186.79.193.215 - - [26/Jul/2017:09:36:09 -0300] "GET /cormun/static/about:blank HTTP/1.1" 404 1011
186.79.193.215 - - [26/Jul/2017:09:36:11 -0300] "GET /cormun/servlet/licenciaspermisosadjuntos?INS,10613676,L,20170726000000,, HTTP/1.1" 200 5694
192.168.10.96 - - [26/Jul/2017:09:36:12 -0300] "GET /cormun/servlet/trsolicitudgral? HTTP/1.1" 200 28277
192.168.10.96 - - [26/Jul/2017:09:36:12 -0300] "GET /cormun/static/Resources/Spanish/PXTools.css?17315867 HTTP/1.1" 304 -
192.168.10.96 - - [26/Jul/2017:09:36:12 -0300] "GET /cormun/static/gxcfg.js?201762916363890 HTTP/1.1" 304 -
192.168.10.96 - - [26/Jul/2017:09:36:12 -0300] "GET /cormun/static/trsolicitudgral.js?201762916364981 HTTP/1.1" 304 -
192.168.10.96 - - [26/Jul/2017:09:36:13 -0300] "GET /cormun/servlet/trsolicitudgral? HTTP/1.1" 200 28276
192.168.10.89 - - [26/Jul/2017:09:36:34 -0300] "POST /cormun/servlet/trsolicitudgral?d97ea88718cecabceaad26cb7991e2c6,,gx-no-cache=1501072574786 HTTP/1.1" 200 25727
186.79.193.215 - - [26/Jul/2017:09:36:36 -0300] "POST /cormun/servlet/licenciaspermisosadjuntos?27ad6db5f4912bd7d11e7f1c7c82f162,INS,10613676,L,20170726000000,, HTTP/1.1" 200 116
186.79.193.215 - - [26/Jul/2017:09:36:36 -0300] "GET /cormun/servlet/hpexe_return? HTTP/1.1" 200 1043
186.79.193.215 - - [26/Jul/2017:09:36:37 -0300] "GET /cormun/servlet/trlicenciaspermisosadjuntos?10613676,20170726000000,L, HTTP/1.1" 200 6904
186.79.193.215 - - [26/Jul/2017:09:36:39 -0300] "GET /cormun/servlet/trlicenciaspermisosadjuntos?10613676,20170726000000,L, HTTP/1.1" 200 6902
186.103.159.46 - - [26/Jul/2017:09:36:41 -0300] "POST /cormun/servlet/trsolicitudot?751848762c709202eae7f7376951fc72,gx-no-cache=1501072646024 HTTP/1.1" 200 105
186.103.159.46 - - [26/Jul/2017:09:36:41 -0300] "GET /cormun/servlet/trsolicitudadjuntos?2017,7017, HTTP/1.1" 200 9158
186.79.193.215 - - [26/Jul/2017:09:36:42 -0300] "POST /cormun/servlet/trlicenciaspermisosadjuntos?27ad6db5f4912bd7d11e7f1c7c82f162,10613676,20170726000000,L,,gx-no-cache=1501072648289 HTTP/1.1" 200 90
186.79.193.215 - - [26/Jul/2017:09:36:42 -0300] "GET /cormun/servlet/hpexe_link HTTP/1.1" 200 1004
186.79.193.215 - - [26/Jul/2017:09:36:43 -0300] "GET /cormun/servlet/trlicencias?gx-no-cache=1501072481830 HTTP/1.1" 200 12792
186.103.159.46 - - [26/Jul/2017:09:36:43 -0300] "GET /cormun/servlet/trsolicitudadjuntos?2017,7017, HTTP/1.1" 200 9154
192.168.10.89 - - [26/Jul/2017:09:36:45 -0300] "POST /cormun/servlet/trsolicitudgral?d97ea88718cecabceaad26cb7991e2c6,,gx-no-cache=1501072585466 HTTP/1.1" 200 25006
186.79.193.215 - - [26/Jul/2017:09:36:46 -0300] "GET /cormun/servlet/trlicencias?gx-no-cache=1501072481830 HTTP/1.1" 200 12809
192.168.10.89 - - [26/Jul/2017:09:36:47 -0300] "GET /cormun/static/Shared/jqueryui/images/ui-icons_82798d_256x240.png HTTP/1.1" 404 1089
192.168.10.89 - - [26/Jul/2017:09:36:47 -0300] "GET /cormun/static/Shared/jqueryui/images/ui-bg_highlight-soft_100_c6c2c8_1x100.png HTTP/1.1" 404 1117
192.168.10.89 - - [26/Jul/2017:09:36:47 -0300] "GET /cormun/static/Shared/jqueryui/images/ui-icons_8d78a5_256x240.png HTTP/1.1" 404 1089
192.168.10.89 - - [26/Jul/2017:09:36:47 -0300] "GET /cormun/static/Shared/jqueryui/images/ui-bg_flat_55_fafafa_40x100.png HTTP/1.1" 404 1097
192.168.10.89 - - [26/Jul/2017:09:36:54 -0300] "POST /cormun/servlet/trsolicitudgral?d97ea88718cecabceaad26cb7991e2c6,,gx-no-cache=1501072595538 HTTP/1.1" 200 9677
186.79.193.215 - - [26/Jul/2017:09:36:55 -0300] "GET /cormun/servlet/alicenciaprn?10613676,L,20170726000000,PU HTTP/1.1" 200 1552
186.103.159.46 - - [26/Jul/2017:09:37:10 -0300] "GET /cormun/servlet/solicitudotadjuntos?INS,2017,7017,,1, HTTP/1.1" 200 5835
186.103.159.46 - - [26/Jul/2017:09:37:11 -0300] "GET /cormun/static/about:blank HTTP/1.1" 404 1011
186.103.159.46 - - [26/Jul/2017:09:37:12 -0300] "GET /cormun/servlet/solicitudotadjuntos?INS,2017,7017,,1, HTTP/1.1" 200 5829
186.103.159.46 - - [26/Jul/2017:09:37:13 -0300] "GET /cormun/servlet/solicitudotadjuntos?c3c265b1391dc1b7214be5f9f09609e1d5f91e0a621a411045232654b085d009e6b197c6ab31777889052f20c1d7970f,gx-no-cache=1501072677912 HTTP/1.1" 200 30
186.103.159.46 - - [26/Jul/2017:09:37:13 -0300] "POST /cormun/servlet/solicitudotadjuntos?751848762c709202eae7f7376951fc72,INS,2017,7017,,1,,gx-no-cache=1501072677980 HTTP/1.1" 200 3667
186.103.159.46 - - [26/Jul/2017:09:37:29 -0300] "POST /cormun/servlet/solicitudotadjuntos?751848762c709202eae7f7376951fc72,INS,2017,7017,,1,,gx-no-cache=1501072694197 HTTP/1.1" 200 90
186.103.159.46 - - [26/Jul/2017:09:37:29 -0300] "GET /cormun/servlet/hpexe_link HTTP/1.1" 200 973
186.103.159.46 - - [26/Jul/2017:09:37:30 -0300] "GET /cormun/servlet/trsolicitudadjuntos?2017,7017, HTTP/1.1" 200 9157
186.103.159.46 - - [26/Jul/2017:09:37:31 -0300] "GET /cormun/servlet/trsolicitudadjuntos?2017,7017, HTTP/1.1" 200 9158
186.103.159.46 - - [26/Jul/2017:09:37:34 -0300] "POST /cormun/servlet/trsolicitudadjuntos?751848762c709202eae7f7376951fc72,2017,7017,,gx-no-cache=1501072699746 HTTP/1.1" 200 90
186.103.159.46 - - [26/Jul/2017:09:37:35 -0300] "GET /cormun/servlet/hpexe_link HTTP/1.1" 200 983
186.103.159.46 - - [26/Jul/2017:09:37:35 -0300] "GET /cormun/servlet/trsolicitudot?gx-no-cache=1501072606463 HTTP/1.1" 200 9446
186.103.159.46 - - [26/Jul/2017:09:37:36 -0300] "GET /cormun/servlet/trsolicitudot?gx-no-cache=1501072606463 HTTP/1.1" 200 9466
192.168.10.89 - - [26/Jul/2017:09:37:40 -0300] "POST /cormun/servlet/trsolicitudgral?d97ea88718cecabceaad26cb7991e2c6,,gx-no-cache=1501072640967 HTTP/1.1" 200 8993
192.168.10.89 - - [26/Jul/2017:09:37:43 -0300] "POST /cormun/servlet/trsolicitudgral?d97ea88718cecabceaad26cb7991e2c6,,gx-no-cache=1501072644573 HTTP/1.1" 200 8548
186.103.159.46 - - [26/Jul/2017:09:37:45 -0300] "GET /cormun/servlet/treventos?2017,7017, HTTP/1.1" 200 7641
186.103.159.46 - - [26/Jul/2017:09:37:45 -0300] "GET /cormun/static/calendar-system.css?85620 HTTP/1.1" 200 5572
186.103.159.46 - - [26/Jul/2017:09:37:45 -0300] "GET /cormun/static/gxui/gxui-all.css?120300 HTTP/1.1" 200 2179
186.103.159.46 - - [26/Jul/2017:09:37:45 -0300] "GET /cormun/static/gxcfg.js?2016101716195975 HTTP/1.1" 200 953
186.103.159.46 - - [26/Jul/2017:09:37:45 -0300] "GET /cormun/static/treventos.js?201610171620222 HTTP/1.1" 200 16064
186.103.159.46 - - [26/Jul/2017:09:37:46 -0300] "GET /cormun/static/Shared/ext/resources/css/ext-all.css?215870 HTTP/1.1" 200 416045
186.103.159.46 - - [26/Jul/2017:09:37:47 -0300] "GET /cormun/servlet/treventos?2017,7017, HTTP/1.1" 200 7626
186.79.193.215 - - [26/Jul/2017:09:38:02 -0300] "POST /cormun/servlet/trlicencias?27ad6db5f4912bd7d11e7f1c7c82f162,gx-no-cache=1501072481830,gx-no-cache=1501072727292 HTTP/1.1" 200 10300
186.79.193.215 - - [26/Jul/2017:09:38:03 -0300] "GET /cormun/static/Shared/jqueryui/images/ui-bg_highlight-soft_100_c6c2c8_1x100.png HTTP/1.1" 404 1117
186.79.193.215 - - [26/Jul/2017:09:38:03 -0300] "GET /cormun/static/Shared/jqueryui/images/ui-icons_82798d_256x240.png HTTP/1.1" 404 1089
186.79.193.215 - - [26/Jul/2017:09:38:03 -0300] "GET /cormun/static/Shared/jqueryui/images/ui-icons_8d78a5_256x240.png HTTP/1.1" 404 1089
186.79.193.215 - - [26/Jul/2017:09:38:04 -0300] "GET /cormun/static/Shared/jqueryui/images/ui-bg_flat_55_fafafa_40x100.png HTTP/1.1" 404 1097
186.103.159.46 - - [26/Jul/2017:09:38:07 -0300] "GET /cormun/servlet/trsolicitudot?gx-no-cache=1501072606463 HTTP/1.1" 200 9446
186.103.159.46 - - [26/Jul/2017:09:38:09 -0300] "GET /cormun/servlet/trsolicitudot?gx-no-cache=1501072606463 HTTP/1.1" 200 9466
192.168.10.89 - - [26/Jul/2017:09:38:15 -0300] "POST /cormun/servlet/trsolicitudgral?d97ea88718cecabceaad26cb7991e2c6,,gx-no-cache=1501072676241 HTTP/1.1" 200 115
192.168.10.89 - - [26/Jul/2017:09:38:15 -0300] "GET /cormun/servlet/solicitudotlog?INS,2017,7027,0,REC, HTTP/1.1" 200 6429
192.168.10.89 - - [26/Jul/2017:09:38:15 -0300] "GET /cormun/static/gxcfg.js?201752511524564 HTTP/1.1" 304 -
192.168.10.89 - - [26/Jul/2017:09:38:15 -0300] "GET /cormun/static/solicitudotlog.js?201752511524577 HTTP/1.1" 304 -
192.168.10.89 - - [26/Jul/2017:09:38:16 -0300] "GET /cormun/servlet/solicitudotlog?a337c1614aa9219fb539e8e6803f4a6657b9176db1784d2de072e7033d335731aef5a1a570c77fc8a906a6065a586f7403abbba81664c2606d86b497babf17cefdd525c1934f64b4a9aefbf823a64d866ae080a8336a700459acc8d02d5817b9fafa352132ac80f7e90c06d4ecb52a72cdc0f68995fa1c162ad9460c08f88c03d8171c3a702beae5fc8e6399ba6b3bab45a282860140ebd68ee65330e9c6a322,gx-no-cache=1501072677512 HTTP/1.1" 200 94
192.168.10.89 - - [26/Jul/2017:09:38:19 -0300] "POST /cormun/servlet/solicitudotlog?d97ea88718cecabceaad26cb7991e2c6,INS,2017,7027,0,REC,,gx-no-cache=1501072679936 HTTP/1.1" 200 93
192.168.10.89 - - [26/Jul/2017:09:38:19 -0300] "GET /cormun/servlet/hpexe_return? HTTP/1.1" 200 1022
192.168.10.89 - - [26/Jul/2017:09:38:19 -0300] "GET /cormun/servlet/trsolicitudgral? HTTP/1.1" 200 11625
186.103.159.46 - - [26/Jul/2017:09:38:24 -0300] "POST /cormun/servlet/trsolicitudot?751848762c709202eae7f7376951fc72,gx-no-cache=1501072606463,gx-no-cache=1501072749372 HTTP/1.1" 200 103
186.103.159.46 - - [26/Jul/2017:09:38:24 -0300] "GET /cormun/servlet/solicitudot?UPD,2017,7017, HTTP/1.1" 200 14356
186.103.159.46 - - [26/Jul/2017:09:38:26 -0300] "GET /cormun/servlet/solicitudot?UPD,2017,7017, HTTP/1.1" 200 14344
186.103.159.46 - - [26/Jul/2017:09:38:27 -0300] "POST /cormun/servlet/solicitudot?gx-no-cache=1501072751806 HTTP/1.1" 200 3175
186.103.159.46 - - [26/Jul/2017:09:38:28 -0300] "POST /cormun/servlet/solicitudot?751848762c709202eae7f7376951fc72,UPD,2017,7017,,gx-no-cache=1501072752474 HTTP/1.1" 200 10925
186.103.159.46 - - [26/Jul/2017:09:38:28 -0300] "GET /cormun/servlet/solicitudot?c3c265b1391dc1b7214be5f9f09609e15f77ed24e6f9761d3624961c0a18b978579f8753670c57b3716c50007417bdfa,gx-no-cache=1501072753284 HTTP/1.1" 200 30
186.103.159.46 - - [26/Jul/2017:09:38:28 -0300] "POST /cormun/servlet/solicitudot?gx-no-cache=1501072753365 HTTP/1.1" 200 240
186.103.159.46 - - [26/Jul/2017:09:38:28 -0300] "GET /cormun/servlet/solicitudot?c3c265b1391dc1b7214be5f9f09609e1a0a66d6348f9ad789f24d1a2e1c221b5004b48eabb59407936c30df97ab82e9d2334ef92c1700e20011fa2ce578337d7b73f69c173509e5ba8b79c23d4b0d4b863832bc79e0dd07113bc58b162f5a187f9a56c49af8ae56cfd13cf1bd2c1330a23798d3003a74c3c10003094197a659a64bdfe7cbe13c74e41875458938c7e8d4fed678930c6b5b33a3a0c02117205461b956066d76d7b00daca5986296caeeaa04da80d598be8536345e8f0c07c41106f65d95cf546825a1caa8282dbf083ece17c0d999eadc5e3c00287c0cca2d6c0b70782847259d9364f659561f5517d19be5aa4f0679497841cc1c5d7c9486bfd7a1452e40c5b503cee3844d0365a4123cefe3f4a64d35c049a4f404f43e7c49c7af683c69339f40d1737b6131f1f0b8bb7731f31fd75d60c6a1db19517e442bff5bc34fdf6c31728b25bd14606ff3d62578646ec0881057a51ea38fb9c105b86c50422473b7488b92d2260b9050746f21442c173cf721f9ebe9ad105920f097e,gx-no-cache=1501072753467 HTTP/1.1" 200 30
186.103.159.46 - - [26/Jul/2017:09:38:28 -0300] "POST /cormun/servlet/solicitudot?gx-no-cache=1501072753539 HTTP/1.1" 200 30
186.103.159.46 - - [26/Jul/2017:09:38:28 -0300] "POST /cormun/servlet/solicitudot?gx-no-cache=1501072753649 HTTP/1.1" 200 1356
186.103.159.46 - - [26/Jul/2017:09:38:28 -0300] "POST /cormun/servlet/solicitudot?gx-no-cache=1501072753841 HTTP/1.1" 200 41
192.168.10.89 - - [26/Jul/2017:09:38:34 -0300] "POST /cormun/servlet/trsolicitudgral?d97ea88718cecabceaad26cb7991e2c6,,gx-no-cache=1501072694910 HTTP/1.1" 200 115
192.168.10.89 - - [26/Jul/2017:09:38:34 -0300] "GET /cormun/servlet/solicitudotlog?INS,2017,7026,0,REC, HTTP/1.1" 200 6429
192.168.10.89 - - [26/Jul/2017:09:38:35 -0300] "GET /cormun/servlet/solicitudotlog?a337c1614aa9219fb539e8e6803f4a664523da951728989ca23a007d3e2547c9aef5a1a570c77fc8a906a6065a586f7403abbba81664c2606d86b497babf17cefdd525c1934f64b4a9aefbf823a64d866ae080a8336a700459acc8d02d5817b9fafa352132ac80f7e90c06d4ecb52a72cdc0f68995fa1c162ad9460c08f88c03d8171c3a702beae5fc8e6399ba6b3bab45a282860140ebd68ee65330e9c6a322,gx-no-cache=1501072696208 HTTP/1.1" 200 94
192.168.10.89 - - [26/Jul/2017:09:38:38 -0300] "POST /cormun/servlet/solicitudotlog?d97ea88718cecabceaad26cb7991e2c6,INS,2017,7026,0,REC,,gx-no-cache=1501072699181 HTTP/1.1" 200 93
192.168.10.89 - - [26/Jul/2017:09:38:38 -0300] "GET /cormun/servlet/hpexe_return? HTTP/1.1" 200 1021
192.168.10.89 - - [26/Jul/2017:09:38:38 -0300] "GET /cormun/servlet/trsolicitudgral HTTP/1.1" 200 11380
186.103.159.46 - - [26/Jul/2017:09:38:38 -0300] "POST /cormun/servlet/solicitudot?751848762c709202eae7f7376951fc72,UPD,2017,7017,,gx-no-cache=1501072763708 HTTP/1.1" 200 90
186.103.159.46 - - [26/Jul/2017:09:38:39 -0300] "GET /cormun/servlet/hpexe_link HTTP/1.1" 200 982
186.103.159.46 - - [26/Jul/2017:09:38:39 -0300] "GET /cormun/servlet/trsolicitudot?gx-no-cache=1501072606463 HTTP/1.1" 200 9446
186.103.159.46 - - [26/Jul/2017:09:38:40 -0300] "GET /cormun/servlet/trsolicitudot?gx-no-cache=1501072606463 HTTP/1.1" 200 9466
192.168.10.89 - - [26/Jul/2017:09:38:51 -0300] "POST /cormun/servlet/trsolicitudgral?d97ea88718cecabceaad26cb7991e2c6,gx-no-cache=1501072712662 HTTP/1.1" 200 7642
192.168.10.89 - - [26/Jul/2017:09:38:52 -0300] "GET /cormun/static/Shared/jqueryui/images/ui-bg_highlight-soft_100_c6c2c8_1x100.png HTTP/1.1" 404 1117
192.168.10.89 - - [26/Jul/2017:09:38:52 -0300] "GET /cormun/static/Shared/jqueryui/images/ui-icons_82798d_256x240.png HTTP/1.1" 404 1089
192.168.10.89 - - [26/Jul/2017:09:38:52 -0300] "GET /cormun/static/Shared/jqueryui/images/ui-icons_8d78a5_256x240.png HTTP/1.1" 404 1089
192.168.10.89 - - [26/Jul/2017:09:38:52 -0300] "GET /cormun/static/Shared/jqueryui/images/ui-bg_flat_55_fafafa_40x100.png HTTP/1.1" 404 1097
186.67.172.234 - - [26/Jul/2017:09:40:15 -0300] "GET /cormun/static/Resources/resize.gif HTTP/1.1" 200 77
186.67.172.234 - - [26/Jul/2017:09:40:16 -0300] "GET /cormun/servlet/prfichaempleado?,MD,,gxPopupLevel%3D0%3B HTTP/1.1" 200 9232
186.67.172.234 - - [26/Jul/2017:09:40:16 -0300] "GET /cormun/static/gxcfg.js?20177612134814 HTTP/1.1" 200 953
186.67.172.234 - - [26/Jul/2017:09:40:16 -0300] "GET /cormun/static/Resources/PXToolsMenuSearch.png HTTP/1.1" 200 2914
186.67.172.234 - - [26/Jul/2017:09:40:16 -0300] "GET /cormun/static/Resources/PXToolsMenuSearchCancel.png HTTP/1.1" 200 2972
186.67.172.234 - - [26/Jul/2017:09:40:16 -0300] "GET /cormun/static/menusearch.js?201610171694467 HTTP/1.1" 200 1424
186.67.172.234 - - [26/Jul/2017:09:40:16 -0300] "GET /cormun/static/hmpwkw011.js?20177612121862 HTTP/1.1" 200 1968
186.67.172.234 - - [26/Jul/2017:09:40:16 -0300] "GET /cormun/static/prfichaempleado.js?20177612134999 HTTP/1.1" 200 16006
186.67.172.234 - - [26/Jul/2017:09:41:12 -0300] "POST /cormun/servlet/prfichaempleado?aebc82caa2a6843aaf9796639470313e,,MD,,gxPopupLevel%3D0%3B,gx-no-cache=1501072912607 HTTP/1.1" 200 3424
