186.103.157.235 - - [25/Jul/2017:19:47:31 -0300] "GET /cormun/servlet/trvisualizadoreventos? HTTP/1.1" 200 6778
186.103.157.235 - - [25/Jul/2017:19:47:31 -0300] "GET /cormun/static/gxcfg.js?20175251251426 HTTP/1.1" 200 953
186.103.157.235 - - [25/Jul/2017:19:47:32 -0300] "GET /cormun/static/Resources/PXToolsActionPrint.png HTTP/1.1" 200 3317
186.103.157.235 - - [25/Jul/2017:19:47:32 -0300] "GET /cormun/static/trvisualizadoreventos.js?20175251251768 HTTP/1.1" 200 19318
186.103.157.235 - - [25/Jul/2017:19:47:33 -0300] "GET /cormun/servlet/trvisualizadoreventos? HTTP/1.1" 200 6773
186.103.157.235 - - [25/Jul/2017:19:47:52 -0300] "GET /cormun/servlet/trautorizarsolicitud? HTTP/1.1" 200 8212
186.103.157.235 - - [25/Jul/2017:19:47:52 -0300] "GET /cormun/static/gxcfg.js?20174261241362 HTTP/1.1" 200 953
186.103.157.235 - - [25/Jul/2017:19:47:53 -0300] "GET /cormun/static/Resources/Spanish/PXTools.css?11294912 HTTP/1.1" 200 89042
186.103.157.235 - - [25/Jul/2017:19:47:55 -0300] "GET /cormun/static/trautorizarsolicitud.js?201742612414370 HTTP/1.1" 200 53910
186.103.157.235 - - [25/Jul/2017:19:47:56 -0300] "GET /cormun/servlet/trautorizarsolicitud? HTTP/1.1" 200 8211
186.103.157.235 - - [25/Jul/2017:19:48:14 -0300] "POST /cormun/servlet/trautorizarsolicitud?68f08b510520e326ed86e982961e5fcd,,gx-no-cache=1501022940105 HTTP/1.1" 200 4328
186.103.157.235 - - [25/Jul/2017:19:48:15 -0300] "POST /cormun/servlet/trautorizarsolicitud?68f08b510520e326ed86e982961e5fcd,,gx-no-cache=1501022940932 HTTP/1.1" 200 4095
192.168.10.96 - - [25/Jul/2017:19:48:24 -0300] "POST /cormun/servlet/trsolicitudgral?c79a41b58ebfb59463304e8db954d1e5,,gx-no-cache=1501022885257 HTTP/1.1" 200 8535
186.103.157.235 - - [25/Jul/2017:19:48:25 -0300] "GET /cormun/servlet/trvisualizadoreventos? HTTP/1.1" 200 6774
186.103.157.235 - - [25/Jul/2017:19:48:27 -0300] "GET /cormun/servlet/trvisualizadoreventos? HTTP/1.1" 200 6773
192.168.10.96 - - [25/Jul/2017:19:48:31 -0300] "POST /cormun/servlet/trsolicitudgral?c79a41b58ebfb59463304e8db954d1e5,,gx-no-cache=1501022892241 HTTP/1.1" 200 8179
186.103.157.235 - - [25/Jul/2017:19:48:35 -0300] "GET /cormun/servlet/trautorizarsolicitud? HTTP/1.1" 200 6932
186.103.157.235 - - [25/Jul/2017:19:48:37 -0300] "GET /cormun/servlet/trautorizarsolicitud? HTTP/1.1" 200 6932
186.103.157.235 - - [25/Jul/2017:19:48:58 -0300] "GET /cormun/servlet/trcontratoobservaciondir? HTTP/1.1" 200 6221
186.103.157.235 - - [25/Jul/2017:19:48:59 -0300] "GET /cormun/servlet/trcontratoobservaciondir? HTTP/1.1" 200 6221
186.103.157.235 - - [25/Jul/2017:19:49:28 -0300] "POST /cormun/servlet/trcontratoobservaciondir?68f08b510520e326ed86e982961e5fcd,,gx-no-cache=1501023013856 HTTP/1.1" 200 3813
186.103.157.235 - - [25/Jul/2017:19:49:32 -0300] "POST /cormun/servlet/trcontratoobservaciondir?68f08b510520e326ed86e982961e5fcd,,gx-no-cache=1501023017600 HTTP/1.1" 200 3812
192.168.10.96 - - [25/Jul/2017:19:49:38 -0300] "POST /cormun/servlet/trsolicitudgral?c79a41b58ebfb59463304e8db954d1e5,,gx-no-cache=1501022959149 HTTP/1.1" 200 7140
186.103.157.235 - - [25/Jul/2017:19:49:39 -0300] "GET /cormun/servlet/trcontratounov2? HTTP/1.1" 200 17562
186.103.157.235 - - [25/Jul/2017:19:49:41 -0300] "GET /cormun/servlet/trcontratounov2? HTTP/1.1" 200 17556
192.168.10.96 - - [25/Jul/2017:19:49:42 -0300] "POST /cormun/servlet/trsolicitudgral?c79a41b58ebfb59463304e8db954d1e5,,gx-no-cache=1501022963645 HTTP/1.1" 200 12343
186.103.157.246 - - [25/Jul/2017:19:49:58 -0300] "GET /cormun/servlet/licenciaspermisos?INS,0,,, HTTP/1.1" 200 6714
186.103.157.246 - - [25/Jul/2017:19:49:59 -0300] "GET /cormun/servlet/licenciaspermisos?INS,0,,, HTTP/1.1" 200 6725
186.103.157.246 - - [25/Jul/2017:19:49:59 -0300] "GET /cormun/servlet/hlogin HTTP/1.1" 200 1750
186.103.157.246 - - [25/Jul/2017:19:50:16 -0300] "POST /cormun/servlet/hlogin?067488e935fbb2d8514f384b464b6929,gx-no-cache=1501023063490 HTTP/1.1" 200 90
186.103.157.246 - - [25/Jul/2017:19:50:16 -0300] "GET /cormun/servlet/hpexe_link HTTP/1.1" 200 970
186.103.157.246 - - [25/Jul/2017:19:50:16 -0300] "GET /cormun/servlet/licenciaspermisos?INS,0,,, HTTP/1.1" 200 7339
186.103.157.246 - - [25/Jul/2017:19:50:18 -0300] "GET /cormun/servlet/licenciaspermisos?INS,0,,, HTTP/1.1" 200 7335
186.103.157.235 - - [25/Jul/2017:19:50:28 -0300] "POST /cormun/servlet/trcontratounov2?68f08b510520e326ed86e982961e5fcd,,gx-no-cache=1501023071449 HTTP/1.1" 200 16559
186.103.157.235 - - [25/Jul/2017:19:50:45 -0300] "GET /cormun/servlet/trautorizarsolicitud? HTTP/1.1" 200 6931
186.103.157.246 - - [25/Jul/2017:19:50:47 -0300] "GET /cormun/servlet/licenciaspermisos?619f5c4bdbc026d20f48c8fcdbf5117f09a5fae30149c86bdacf7ce5e56f00c8cc0f42e77a332fc60f22c81133f3b612,gx-no-cache=1501023094074 HTTP/1.1" 200 103
186.103.157.246 - - [25/Jul/2017:19:50:47 -0300] "POST /cormun/servlet/licenciaspermisos?067488e935fbb2d8514f384b464b6929,INS,0,,,,gx-no-cache=1501023094209 HTTP/1.1" 200 4466
186.103.157.235 - - [25/Jul/2017:19:50:47 -0300] "GET /cormun/servlet/trautorizarsolicitud? HTTP/1.1" 200 6931
186.103.157.235 - - [25/Jul/2017:19:51:06 -0300] "POST /cormun/servlet/trautorizarsolicitud?68f08b510520e326ed86e982961e5fcd,,gx-no-cache=1501023111206 HTTP/1.1" 200 5901
186.103.157.246 - - [25/Jul/2017:19:51:16 -0300] "GET /cormun/static/menuarrow.gif HTTP/1.1" 404 1015
192.168.10.96 - - [25/Jul/2017:19:51:46 -0300] "POST /cormun/servlet/trsolicitudgral?c79a41b58ebfb59463304e8db954d1e5,,gx-no-cache=1501023087113 HTTP/1.1" 200 15321
186.103.157.235 - - [25/Jul/2017:19:53:25 -0300] "GET /cormun/servlet/trcontratounov2? HTTP/1.1" 200 16764
186.103.157.235 - - [25/Jul/2017:19:53:27 -0300] "GET /cormun/servlet/trcontratounov2? HTTP/1.1" 200 16798
186.103.157.235 - - [25/Jul/2017:19:53:35 -0300] "GET /cormun/servlet/trcontratoobservaciondir? HTTP/1.1" 200 6229
186.103.157.235 - - [25/Jul/2017:19:53:37 -0300] "GET /cormun/servlet/trcontratoobservaciondir? HTTP/1.1" 200 6229
186.103.157.235 - - [25/Jul/2017:19:53:55 -0300] "GET /cormun/servlet/trautorizarsolicitud? HTTP/1.1" 200 8704
186.103.157.235 - - [25/Jul/2017:19:53:56 -0300] "GET /cormun/servlet/trautorizarsolicitud? HTTP/1.1" 200 8704
186.103.157.235 - - [25/Jul/2017:19:54:30 -0300] "POST /cormun/servlet/trautorizarsolicitud?68f08b510520e326ed86e982961e5fcd,,gx-no-cache=1501023316114 HTTP/1.1" 200 4119
186.103.157.235 - - [25/Jul/2017:19:54:46 -0300] "POST /cormun/servlet/trautorizarsolicitud?68f08b510520e326ed86e982961e5fcd,,gx-no-cache=1501023331951 HTTP/1.1" 200 5905
186.103.157.235 - - [25/Jul/2017:19:54:58 -0300] "GET /cormun/servlet/trsolicitudot? HTTP/1.1" 200 8619
186.103.157.235 - - [25/Jul/2017:19:55:00 -0300] "GET /cormun/servlet/trsolicitudot? HTTP/1.1" 200 8619
186.103.157.246 - - [25/Jul/2017:19:55:10 -0300] "GET /cormun/servlet/licenciaspermisos?619f5c4bdbc026d20f48c8fcdbf5117fe5126a5f4ea266115fb7c8f5f1f3b69068d59db58452a25f4ae5a8ddf647434b1b4e146d60dd0827390b9258ab0bbb71a2dddc914f2f7e2d7b2754af4e03492fbf44c872b7c0e2ee19e406b8b01c53d111fcd9f42e5c48f3c87d9e9cf67c16bfd2e136b4af758ee780ed40ec84d5681c859451270a534904aa3cdfb9db7f411b000a2138a3534097326ea27ab04a18879fee068d5aa923d47781c69227cca71f,gx-no-cache=1501023356762 HTTP/1.1" 200 30
186.103.157.246 - - [25/Jul/2017:19:55:10 -0300] "GET /cormun/servlet/licenciaspermisos?619f5c4bdbc026d20f48c8fcdbf5117f65ab89300b0f2b7a3f24fc610fe6726920a5b27fa6eb19898627094ac844a30b564eac1ee26d9e478665d76bf29b4cc032b0746bfc3386724f51b174e631030738bb3e6699d90377fe18bb33e197e882cf49d92aa840c862f31aa5cc1b6bc2f342ea29b1f79e89d81e59458e7329c629eb114199c658ecc1b78420b2c1bee88f88ea890cc77a529b8856275d006155b7c11898fd49da2df041232ff8996e97cd,gx-no-cache=1501023356854 HTTP/1.1" 200 29
186.103.157.246 - - [25/Jul/2017:19:55:10 -0300] "POST /cormun/servlet/licenciaspermisos?067488e935fbb2d8514f384b464b6929,INS,0,,,,gx-no-cache=1501023356932 HTTP/1.1" 200 93
186.103.157.246 - - [25/Jul/2017:19:55:10 -0300] "GET /cormun/servlet/hpexe_return? HTTP/1.1" 200 1013
186.103.157.246 - - [25/Jul/2017:19:55:10 -0300] "GET /cormun/servlet/hhome HTTP/1.1" 200 3963
186.103.157.246 - - [25/Jul/2017:19:55:11 -0300] "GET /cormun/servlet/hhome HTTP/1.1" 200 3957
186.103.157.235 - - [25/Jul/2017:19:55:30 -0300] "POST /cormun/servlet/trsolicitudot?68f08b510520e326ed86e982961e5fcd,,gx-no-cache=1501023376317 HTTP/1.1" 200 4329
186.103.157.235 - - [25/Jul/2017:19:55:43 -0300] "GET /cormun/servlet/trsolicitudot? HTTP/1.1" 200 7252
186.103.157.235 - - [25/Jul/2017:19:55:45 -0300] "GET /cormun/servlet/trsolicitudot? HTTP/1.1" 200 7252
186.103.157.235 - - [25/Jul/2017:19:55:53 -0300] "GET /cormun/servlet/solicitudot?INS,0,0, HTTP/1.1" 200 12879
186.103.157.235 - - [25/Jul/2017:19:55:54 -0300] "GET /cormun/servlet/solicitudot?INS,0,0, HTTP/1.1" 200 12884
186.103.157.235 - - [25/Jul/2017:19:56:13 -0300] "POST /cormun/servlet/solicitudot?gx-no-cache=1501023419379 HTTP/1.1" 200 3179
186.103.157.235 - - [25/Jul/2017:19:56:14 -0300] "POST /cormun/servlet/solicitudot?68f08b510520e326ed86e982961e5fcd,INS,0,0,,gx-no-cache=1501023419972 HTTP/1.1" 200 9996
186.103.157.235 - - [25/Jul/2017:19:56:18 -0300] "GET /cormun/servlet/solicitudot?45345d9b0a004f89b69fe03f05a52a66d43784d0f332b6317a242b6312b9b823662ff3e8439894c9737b3a3cc643d118,gx-no-cache=1501023424855 HTTP/1.1" 200 30
186.103.157.235 - - [25/Jul/2017:19:56:18 -0300] "POST /cormun/servlet/solicitudot?gx-no-cache=1501023424949 HTTP/1.1" 200 255
186.103.157.235 - - [25/Jul/2017:19:56:19 -0300] "GET /cormun/servlet/solicitudot?45345d9b0a004f89b69fe03f05a52a6644cc6c5455f2bd0bd4c2b45f6342a206373673d2b83d2acc8da527a4675897a84530a6e57bcaa4c581b325417bcf91449333e1fe300b57645fdb9cda0c90dcd29150c77fc19c73d27fdc9b6fa72070afd4de38260fb721bdd200b5d7207c44beb1139c79213a1b98e553ca0a2601e53ce09ce3a784f18adc7df01e3eaa519d90393a41a374e7e6fca2c9ae27e5995e9124cee7069a2691ebb0fc4d21b1c64a2d488b2ebc1a2fd117b75166e5e985a77f891178c903fbf70b4fcbc3c321d2a5d2dfc2ff007db3523a7d0ff75f1d81e7ed753fc70848fa9d5183e2c03ea09919cf7d0dd2fa15d99aea96a63347ed23c4d343d587132ace96847b65156f7a51a1f069fabc0cbbaa82eeb9146d9931a0f36fec467dd3fb7c9b874c5fa77fcc6f5d5e32f01d3e2fc4cd1715cefc2b1cb4b19fce6b6e7c791d78fad0f5805f24016832b3b43a7f5e414777bc2ff570a8e67a303bb81a3bde63567c3cf7d3217da2ae9923c7233855d088a73f98c2bc57facc5d,gx-no-cache=1501023425042 HTTP/1.1" 200 30
186.103.157.235 - - [25/Jul/2017:19:56:21 -0300] "POST /cormun/servlet/solicitudot?gx-no-cache=1501023427070 HTTP/1.1" 200 30
186.103.157.235 - - [25/Jul/2017:19:56:41 -0300] "POST /cormun/servlet/solicitudot?gx-no-cache=1501023447553 HTTP/1.1" 200 1357
186.103.157.235 - - [25/Jul/2017:19:56:41 -0300] "POST /cormun/servlet/solicitudot?gx-no-cache=1501023447756 HTTP/1.1" 200 38
186.103.157.235 - - [25/Jul/2017:19:56:52 -0300] "GET /cormun/servlet/solicitudot?45345d9b0a004f89b69fe03f05a52a668c7d084a26674166b4130225699e25a985b2327318177618d00b0fc76a7a3c716bceb27d2e2ecacff4f17364848b6a59b1d862f6e04dac227874115e73efcc963333e97709cf5207015d1ad74d072ec57d576ffc7a840c5b03bd601ba8b945a3e9f0942af38e7de4e001c34398bba4479053fbd546691b6ee3557819dfdc6473335f0ef216fdae7bb4ff3d9d40d9fb1b,gx-no-cache=1501023458354 HTTP/1.1" 200 29
186.103.157.235 - - [25/Jul/2017:19:56:52 -0300] "POST /cormun/servlet/solicitudot?gx-no-cache=1501023458417 HTTP/1.1" 200 1336
186.103.157.235 - - [25/Jul/2017:19:56:55 -0300] "POST /cormun/servlet/solicitudot?gx-no-cache=1501023460959 HTTP/1.1" 200 1336
186.103.157.235 - - [25/Jul/2017:19:57:08 -0300] "POST /cormun/servlet/solicitudot?gx-no-cache=1501023474500 HTTP/1.1" 200 30
186.103.157.235 - - [25/Jul/2017:19:57:24 -0300] "POST /cormun/servlet/solicitudot?68f08b510520e326ed86e982961e5fcd,INS,0,0,,gx-no-cache=1501023489383 HTTP/1.1" 200 93
186.103.157.235 - - [25/Jul/2017:19:57:24 -0300] "GET /cormun/servlet/hpexe_return? HTTP/1.1" 200 1000
186.103.157.235 - - [25/Jul/2017:19:57:24 -0300] "GET /cormun/servlet/trsolicitudot HTTP/1.1" 200 7255
186.103.157.235 - - [25/Jul/2017:19:57:25 -0300] "GET /cormun/servlet/trsolicitudot HTTP/1.1" 200 7252
186.103.157.235 - - [25/Jul/2017:19:57:48 -0300] "GET /cormun/servlet/trautorizarsolicitud? HTTP/1.1" 200 8704
186.103.157.235 - - [25/Jul/2017:19:57:49 -0300] "GET /cormun/servlet/trautorizarsolicitud? HTTP/1.1" 200 8704
186.103.157.246 - - [25/Jul/2017:20:00:27 -0300] "GET /cormun/servlet/hlogin HTTP/1.1" 200 1717
186.103.157.246 - - [25/Jul/2017:20:00:43 -0300] "POST /cormun/servlet/hlogin?0506817b30f63e4866ab7f9d4f70cebe,gx-no-cache=1501023689946 HTTP/1.1" 200 90
186.103.157.246 - - [25/Jul/2017:20:00:43 -0300] "GET /cormun/servlet/hpexe_link HTTP/1.1" 200 943
186.103.157.246 - - [25/Jul/2017:20:00:43 -0300] "GET /cormun/servlet/hhome HTTP/1.1" 200 3950
186.103.157.246 - - [25/Jul/2017:20:00:44 -0300] "GET /cormun/servlet/hhome HTTP/1.1" 200 3946
186.103.157.246 - - [25/Jul/2017:20:00:47 -0300] "GET /cormun/servlet/trlicencias? HTTP/1.1" 200 11042
186.103.157.246 - - [25/Jul/2017:20:00:48 -0300] "GET /cormun/servlet/trlicencias? HTTP/1.1" 200 11039
186.103.157.246 - - [25/Jul/2017:20:01:42 -0300] "GET /cormun/servlet/trlicenciaspermisosadjuntos?12914803,20170725000000,L, HTTP/1.1" 200 6301
186.103.157.246 - - [25/Jul/2017:20:01:43 -0300] "GET /cormun/servlet/trlicenciaspermisosadjuntos?12914803,20170725000000,L, HTTP/1.1" 200 6302
186.103.157.246 - - [25/Jul/2017:20:01:46 -0300] "GET /cormun/servlet/licenciaspermisosadjuntos?INS,12914803,L,20170725000000,, HTTP/1.1" 200 5599
186.103.157.246 - - [25/Jul/2017:20:01:46 -0300] "GET /cormun/static/about:blank HTTP/1.1" 404 1011
186.103.157.246 - - [25/Jul/2017:20:01:47 -0300] "GET /cormun/servlet/licenciaspermisosadjuntos?INS,12914803,L,20170725000000,, HTTP/1.1" 200 5588
186.103.157.246 - - [25/Jul/2017:20:02:31 -0300] "POST /cormun/servlet/licenciaspermisosadjuntos?0506817b30f63e4866ab7f9d4f70cebe,INS,12914803,L,20170725000000,, HTTP/1.1" 200 116
186.103.157.246 - - [25/Jul/2017:20:02:31 -0300] "GET /cormun/servlet/hpexe_return? HTTP/1.1" 200 1034
186.103.157.246 - - [25/Jul/2017:20:02:31 -0300] "GET /cormun/servlet/trlicenciaspermisosadjuntos?12914803,20170725000000,L, HTTP/1.1" 200 6795
186.103.157.246 - - [25/Jul/2017:20:02:32 -0300] "GET /cormun/servlet/trlicenciaspermisosadjuntos?12914803,20170725000000,L, HTTP/1.1" 200 6792
186.103.157.246 - - [25/Jul/2017:20:02:40 -0300] "POST /cormun/servlet/trlicenciaspermisosadjuntos?0506817b30f63e4866ab7f9d4f70cebe,12914803,20170725000000,L,,gx-no-cache=1501023807265 HTTP/1.1" 200 90
186.103.157.246 - - [25/Jul/2017:20:02:40 -0300] "GET /cormun/servlet/hpexe_link HTTP/1.1" 200 977
186.103.157.246 - - [25/Jul/2017:20:02:40 -0300] "GET /cormun/servlet/trlicencias HTTP/1.1" 200 11041
186.103.157.246 - - [25/Jul/2017:20:02:41 -0300] "GET /cormun/servlet/trlicencias HTTP/1.1" 200 11039
186.103.157.246 - - [25/Jul/2017:20:02:59 -0300] "POST /cormun/servlet/trlicencias?0506817b30f63e4866ab7f9d4f70cebe,gx-no-cache=1501023826423 HTTP/1.1" 200 8486
186.103.157.246 - - [25/Jul/2017:20:03:00 -0300] "GET /cormun/static/Shared/jqueryui/images/ui-bg_highlight-soft_100_c6c2c8_1x100.png HTTP/1.1" 404 1117
186.103.157.246 - - [25/Jul/2017:20:03:00 -0300] "GET /cormun/static/Shared/jqueryui/images/ui-icons_82798d_256x240.png HTTP/1.1" 404 1089
186.103.157.246 - - [25/Jul/2017:20:03:00 -0300] "GET /cormun/static/Shared/jqueryui/images/ui-bg_flat_55_fafafa_40x100.png HTTP/1.1" 404 1097
186.103.157.246 - - [25/Jul/2017:20:03:00 -0300] "GET /cormun/static/Shared/jqueryui/images/ui-icons_8d78a5_256x240.png HTTP/1.1" 404 1089
186.103.157.246 - - [25/Jul/2017:20:03:37 -0300] "GET /cormun/servlet/trlicenciaspermisoslog?18044187,L,20170725000000, HTTP/1.1" 200 6597
186.103.157.246 - - [25/Jul/2017:20:03:37 -0300] "GET /cormun/static/gxcfg.js?20176271755511 HTTP/1.1" 200 953
186.103.157.246 - - [25/Jul/2017:20:03:37 -0300] "GET /cormun/static/trlicenciaspermisoslog.js?201762717555393 HTTP/1.1" 200 20074
186.103.157.246 - - [25/Jul/2017:20:03:38 -0300] "GET /cormun/servlet/trlicenciaspermisoslog?18044187,L,20170725000000, HTTP/1.1" 200 6597
186.103.157.246 - - [25/Jul/2017:20:03:39 -0300] "POST /cormun/servlet/acontrolpreferencessavestate?None,CANGELEV,true HTTP/1.1" 200 35
186.103.157.246 - - [25/Jul/2017:20:03:50 -0300] "GET /cormun/servlet/trlicencias HTTP/1.1" 200 10981
186.103.157.246 - - [25/Jul/2017:20:03:51 -0300] "GET /cormun/servlet/trlicencias HTTP/1.1" 200 10979
186.103.157.246 - - [25/Jul/2017:20:03:58 -0300] "GET /cormun/servlet/trlicenciaspermisoslog?15122983,L,20170724000000, HTTP/1.1" 200 6602
186.103.157.246 - - [25/Jul/2017:20:03:59 -0300] "GET /cormun/servlet/trlicenciaspermisoslog?15122983,L,20170724000000, HTTP/1.1" 200 6603
186.103.157.246 - - [25/Jul/2017:20:04:13 -0300] "GET /cormun/servlet/trlicencias HTTP/1.1" 200 10981
186.103.157.246 - - [25/Jul/2017:20:04:14 -0300] "GET /cormun/servlet/trlicencias HTTP/1.1" 200 10979
186.103.157.246 - - [25/Jul/2017:20:04:17 -0300] "GET /cormun/servlet/trlicenciaspermisoslog?12914803,L,20170725000000, HTTP/1.1" 200 6498
186.103.157.246 - - [25/Jul/2017:20:04:18 -0300] "GET /cormun/servlet/trlicenciaspermisoslog?12914803,L,20170725000000, HTTP/1.1" 200 6498
186.103.157.246 - - [25/Jul/2017:20:04:25 -0300] "GET /cormun/servlet/trlicencias HTTP/1.1" 200 10989
186.103.157.246 - - [25/Jul/2017:20:04:26 -0300] "GET /cormun/servlet/trlicencias HTTP/1.1" 200 10979
192.168.10.89 - - [25/Jul/2017:20:58:45 -0300] "GET /cormun/servlet/hlogin HTTP/1.1" 200 1740
157.55.39.125 - - [25/Jul/2017:21:08:35 -0300] "GET /cormun/servlet/veautorizarsolicitud?2017,5671,_escaped_fragment_%3D,SolicitudOTLog&_escaped_fragment_= HTTP/1.1" 200 7018
46.174.191.30 - - [25/Jul/2017:22:27:10 -0300] "GET / HTTP/1.0" 200 11197
5.188.10.250 - - [25/Jul/2017:23:37:50 -0300] "GET / HTTP/1.1" 200 11217