186.103.159.183 - - [25/Jul/2017:15:00:22 -0300] "GET /cormun/servlet/solicitudotadjuntos?afb88124497af17fe548a5bc8aa9c75f469f8877b707ef4c652142030033f1dc0a205a983fb011a4863c1546402ab594,gx-no-cache=1501005665321 HTTP/1.1" 200 30
186.103.159.183 - - [25/Jul/2017:15:00:22 -0300] "POST /cormun/servlet/solicitudotadjuntos?826a4994b3349aa2a1a3fcd29f83f11d,INS,2017,7022,,1,,gx-no-cache=1501005665433 HTTP/1.1" 200 3859
186.79.255.99 - - [25/Jul/2017:15:00:23 -0300] "POST /cormun/servlet/prfichaempleado?48279492ea98531d00fd837f22b359ce,,MD,,gxPopupLevel%3D0%3B,gx-no-cache=1501005668362 HTTP/1.1" 200 3417
186.103.159.183 - - [25/Jul/2017:15:00:26 -0300] "POST /cormun/servlet/solicitudotadjuntos?gx-no-cache=1501005669389 HTTP/1.1" 200 26
186.79.255.99 - - [25/Jul/2017:15:00:30 -0300] "GET /cormun/servlet/permisogoce?8d545791a054752b947b17e21ecc6eaf5c81ea737d82baea5ffac04a8f70d2b91e1d15426cab076dce5fe5c38eb5b04d374d9176ce96806a70a74916cf4c0463,gx-no-cache=1501005676457 HTTP/1.1" 200 81
186.79.255.99 - - [25/Jul/2017:15:00:30 -0300] "GET /cormun/static/menuarrow.gif HTTP/1.1" 404 1015
200.83.223.210 - - [25/Jul/2017:15:00:32 -0300] "GET /cormun/servlet/alicenciaprn?16491293,L,20170704000000,PU HTTP/1.1" 200 1589
186.103.159.183 - - [25/Jul/2017:15:00:36 -0300] "GET /cormun/servlet/solicitudotadjuntos?afb88124497af17fe548a5bc8aa9c75f66744616f5b18d05257f195345853fba,gx-no-cache=1501005679265 HTTP/1.1" 200 30
186.103.159.183 - - [25/Jul/2017:15:00:36 -0300] "GET /cormun/servlet/solicitudotadjuntos?afb88124497af17fe548a5bc8aa9c75f66744616f5b18d05257f195345853fba,gx-no-cache=1501005679356 HTTP/1.1" 200 30
186.103.159.183 - - [25/Jul/2017:15:00:39 -0300] "POST /cormun/servlet/solicitudotadjuntos?826a4994b3349aa2a1a3fcd29f83f11d,INS,2017,7022,,1, HTTP/1.1" 200 116
186.103.159.183 - - [25/Jul/2017:15:00:39 -0300] "GET /cormun/servlet/hpexe_return? HTTP/1.1" 200 1027
186.103.159.183 - - [25/Jul/2017:15:00:39 -0300] "GET /cormun/servlet/trsolicitudadjuntos?2017,7022, HTTP/1.1" 200 8362
186.103.159.183 - - [25/Jul/2017:15:00:41 -0300] "GET /cormun/servlet/trsolicitudadjuntos?2017,7022, HTTP/1.1" 200 8357
186.79.255.99 - - [25/Jul/2017:15:00:42 -0300] "GET /cormun/servlet/permisogoce?8d545791a054752b947b17e21ecc6eaf1d0e27e30a1fe5adcdf66926fdd5d5c700388e4e0cef49b0c72175f219d11f5c4cba0e753f56a95dff7f54827471efdf,gx-no-cache=1501005688022 HTTP/1.1" 200 48
186.103.159.183 - - [25/Jul/2017:15:00:48 -0300] "GET /cormun/servlet/solicitudotadjuntos?INS,2017,7022,,1, HTTP/1.1" 200 6050
186.103.159.183 - - [25/Jul/2017:15:00:48 -0300] "GET /cormun/static/about:blank HTTP/1.1" 404 1011
186.103.159.183 - - [25/Jul/2017:15:00:49 -0300] "GET /cormun/servlet/solicitudotadjuntos?INS,2017,7022,,1, HTTP/1.1" 200 6043
186.103.159.183 - - [25/Jul/2017:15:00:49 -0300] "GET /cormun/servlet/solicitudotadjuntos?afb88124497af17fe548a5bc8aa9c75f469f8877b707ef4c652142030033f1dc0a205a983fb011a4863c1546402ab594,gx-no-cache=1501005692678 HTTP/1.1" 200 30
186.79.255.99 - - [25/Jul/2017:15:00:50 -0300] "POST /cormun/servlet/permisogoce?48279492ea98531d00fd837f22b359ce,INS,0,,,,gx-no-cache=1501005695390 HTTP/1.1" 200 93
186.79.255.99 - - [25/Jul/2017:15:00:50 -0300] "GET /cormun/servlet/hpexe_return? HTTP/1.1" 200 1010
186.103.159.183 - - [25/Jul/2017:15:00:50 -0300] "POST /cormun/servlet/solicitudotadjuntos?826a4994b3349aa2a1a3fcd29f83f11d,INS,2017,7022,,1,,gx-no-cache=1501005692768 HTTP/1.1" 200 3859
186.79.255.99 - - [25/Jul/2017:15:00:50 -0300] "GET /cormun/static/hpexe_return.js?2016101716175153 HTTP/1.1" 200 1633
186.79.255.99 - - [25/Jul/2017:15:00:50 -0300] "GET /cormun/static/Resources/Spanish/PXTools.css?167811 HTTP/1.1" 200 89042
186.79.255.99 - - [25/Jul/2017:15:00:50 -0300] "GET /cormun/static/gxcfg.js?2016101716175148 HTTP/1.1" 200 953
186.79.255.99 - - [25/Jul/2017:15:00:51 -0300] "GET /cormun/servlet/trpermisosgoce HTTP/1.1" 200 8652
186.79.255.99 - - [25/Jul/2017:15:00:52 -0300] "GET /cormun//static/Resources/PXToolsGridUpdate.png HTTP/1.1" 200 2984
186.79.255.99 - - [25/Jul/2017:15:00:53 -0300] "GET /cormun/servlet/trpermisosgoce HTTP/1.1" 200 8647
186.79.255.99 - - [25/Jul/2017:15:00:56 -0300] "GET /cormun/servlet/apermisogoceprn?12914254,P,20170725145947,PU HTTP/1.1" 200 1653
186.103.159.183 - - [25/Jul/2017:15:00:57 -0300] "POST /cormun/servlet/solicitudotadjuntos?gx-no-cache=1501005700627 HTTP/1.1" 200 26
200.83.223.210 - - [25/Jul/2017:15:01:02 -0300] "GET /cormun/servlet/alicenciaprn?15102666,L,20170701000000,PU HTTP/1.1" 200 1541
186.103.159.183 - - [25/Jul/2017:15:01:04 -0300] "GET /cormun/servlet/solicitudotadjuntos?afb88124497af17fe548a5bc8aa9c75f66744616f5b18d05257f195345853fba,gx-no-cache=1501005707526 HTTP/1.1" 200 30
186.103.159.183 - - [25/Jul/2017:15:01:04 -0300] "GET /cormun/servlet/solicitudotadjuntos?afb88124497af17fe548a5bc8aa9c75f66744616f5b18d05257f195345853fba,gx-no-cache=1501005707610 HTTP/1.1" 200 30
186.103.159.183 - - [25/Jul/2017:15:01:05 -0300] "POST /cormun/servlet/solicitudotadjuntos?826a4994b3349aa2a1a3fcd29f83f11d,INS,2017,7022,,1, HTTP/1.1" 200 116
186.103.159.183 - - [25/Jul/2017:15:01:05 -0300] "GET /cormun/servlet/hpexe_return? HTTP/1.1" 200 1027
186.103.159.183 - - [25/Jul/2017:15:01:06 -0300] "GET /cormun/servlet/trsolicitudadjuntos?2017,7022, HTTP/1.1" 200 8547
186.103.159.183 - - [25/Jul/2017:15:01:07 -0300] "GET /cormun/servlet/trsolicitudadjuntos?2017,7022, HTTP/1.1" 200 8543
186.103.159.183 - - [25/Jul/2017:15:01:11 -0300] "GET /cormun/servlet/solicitudotadjuntos?INS,2017,7022,,1, HTTP/1.1" 200 6050
186.103.159.183 - - [25/Jul/2017:15:01:12 -0300] "GET /cormun/static/about:blank HTTP/1.1" 404 1011
186.103.159.183 - - [25/Jul/2017:15:01:12 -0300] "GET /cormun/servlet/solicitudotadjuntos?INS,2017,7022,,1, HTTP/1.1" 200 6043
186.103.159.183 - - [25/Jul/2017:15:01:13 -0300] "GET /cormun/servlet/solicitudotadjuntos?afb88124497af17fe548a5bc8aa9c75f469f8877b707ef4c652142030033f1dc0a205a983fb011a4863c1546402ab594,gx-no-cache=1501005716092 HTTP/1.1" 200 30
186.103.159.183 - - [25/Jul/2017:15:01:13 -0300] "POST /cormun/servlet/solicitudotadjuntos?826a4994b3349aa2a1a3fcd29f83f11d,INS,2017,7022,,1,,gx-no-cache=1501005716196 HTTP/1.1" 200 3859
186.103.159.183 - - [25/Jul/2017:15:01:17 -0300] "POST /cormun/servlet/solicitudotadjuntos?gx-no-cache=1501005720478 HTTP/1.1" 200 26
186.103.159.183 - - [25/Jul/2017:15:01:23 -0300] "GET /cormun/servlet/solicitudotadjuntos?afb88124497af17fe548a5bc8aa9c75f66744616f5b18d05257f195345853fba,gx-no-cache=1501005726358 HTTP/1.1" 200 30
186.103.159.183 - - [25/Jul/2017:15:01:23 -0300] "GET /cormun/servlet/solicitudotadjuntos?afb88124497af17fe548a5bc8aa9c75f66744616f5b18d05257f195345853fba,gx-no-cache=1501005726448 HTTP/1.1" 200 30
186.103.159.183 - - [25/Jul/2017:15:01:24 -0300] "POST /cormun/servlet/solicitudotadjuntos?826a4994b3349aa2a1a3fcd29f83f11d,INS,2017,7022,,1, HTTP/1.1" 200 116
186.103.159.183 - - [25/Jul/2017:15:01:24 -0300] "GET /cormun/servlet/hpexe_return? HTTP/1.1" 200 1027
186.103.159.183 - - [25/Jul/2017:15:01:24 -0300] "GET /cormun/servlet/trsolicitudadjuntos?2017,7022, HTTP/1.1" 200 8711
186.103.159.183 - - [25/Jul/2017:15:01:26 -0300] "GET /cormun/servlet/trsolicitudadjuntos?2017,7022, HTTP/1.1" 200 8708
200.83.223.210 - - [25/Jul/2017:15:01:30 -0300] "GET /cormun/servlet/alicenciaprn?15102666,L,20170716000000,PU HTTP/1.1" 200 1542
186.103.159.183 - - [25/Jul/2017:15:01:38 -0300] "GET /cormun/servlet/solicitudotadjuntos?INS,2017,7022,,1, HTTP/1.1" 200 6050
186.103.159.183 - - [25/Jul/2017:15:01:38 -0300] "GET /cormun/static/about:blank HTTP/1.1" 404 1011
186.103.159.183 - - [25/Jul/2017:15:01:39 -0300] "GET /cormun/servlet/solicitudotadjuntos?INS,2017,7022,,1, HTTP/1.1" 200 6043
186.103.159.183 - - [25/Jul/2017:15:01:40 -0300] "GET /cormun/servlet/solicitudotadjuntos?afb88124497af17fe548a5bc8aa9c75f469f8877b707ef4c652142030033f1dc0a205a983fb011a4863c1546402ab594,gx-no-cache=1501005742863 HTTP/1.1" 200 30
186.103.159.183 - - [25/Jul/2017:15:01:40 -0300] "POST /cormun/servlet/solicitudotadjuntos?826a4994b3349aa2a1a3fcd29f83f11d,INS,2017,7022,,1,,gx-no-cache=1501005742944 HTTP/1.1" 200 3861
186.103.159.183 - - [25/Jul/2017:15:01:43 -0300] "POST /cormun/servlet/solicitudotadjuntos?gx-no-cache=1501005746410 HTTP/1.1" 200 26
186.103.159.183 - - [25/Jul/2017:15:01:50 -0300] "GET /cormun/servlet/solicitudotadjuntos?afb88124497af17fe548a5bc8aa9c75f66744616f5b18d05257f195345853fba,gx-no-cache=1501005753348 HTTP/1.1" 200 30
186.103.159.183 - - [25/Jul/2017:15:01:50 -0300] "GET /cormun/servlet/solicitudotadjuntos?afb88124497af17fe548a5bc8aa9c75f66744616f5b18d05257f195345853fba,gx-no-cache=1501005753449 HTTP/1.1" 200 30
186.103.159.183 - - [25/Jul/2017:15:01:51 -0300] "POST /cormun/servlet/solicitudotadjuntos?826a4994b3349aa2a1a3fcd29f83f11d,INS,2017,7022,,1, HTTP/1.1" 200 116
186.103.159.183 - - [25/Jul/2017:15:01:51 -0300] "GET /cormun/servlet/hpexe_return? HTTP/1.1" 200 1027
186.103.159.183 - - [25/Jul/2017:15:01:51 -0300] "GET /cormun/servlet/trsolicitudadjuntos?2017,7022, HTTP/1.1" 200 8841
186.103.159.183 - - [25/Jul/2017:15:01:53 -0300] "GET /cormun/servlet/trsolicitudadjuntos?2017,7022, HTTP/1.1" 200 8840
186.103.159.183 - - [25/Jul/2017:15:02:01 -0300] "GET /cormun/servlet/solicitudotadjuntos?INS,2017,7022,,1, HTTP/1.1" 200 6050
186.103.159.183 - - [25/Jul/2017:15:02:01 -0300] "GET /cormun/static/about:blank HTTP/1.1" 404 1011
186.103.159.183 - - [25/Jul/2017:15:02:02 -0300] "GET /cormun/servlet/solicitudotadjuntos?INS,2017,7022,,1, HTTP/1.1" 200 6043
186.103.159.183 - - [25/Jul/2017:15:02:02 -0300] "GET /cormun/servlet/solicitudotadjuntos?afb88124497af17fe548a5bc8aa9c75f469f8877b707ef4c652142030033f1dc0a205a983fb011a4863c1546402ab594,gx-no-cache=1501005765565 HTTP/1.1" 200 30
186.103.159.183 - - [25/Jul/2017:15:02:02 -0300] "POST /cormun/servlet/solicitudotadjuntos?826a4994b3349aa2a1a3fcd29f83f11d,INS,2017,7022,,1,,gx-no-cache=1501005765639 HTTP/1.1" 200 3861
186.103.159.183 - - [25/Jul/2017:15:02:05 -0300] "POST /cormun/servlet/solicitudotadjuntos?gx-no-cache=1501005768742 HTTP/1.1" 200 26
186.103.159.183 - - [25/Jul/2017:15:02:20 -0300] "GET /cormun/servlet/solicitudotadjuntos?afb88124497af17fe548a5bc8aa9c75f66744616f5b18d05257f195345853fba,gx-no-cache=1501005783753 HTTP/1.1" 200 30
186.103.159.183 - - [25/Jul/2017:15:02:21 -0300] "GET /cormun/servlet/solicitudotadjuntos?afb88124497af17fe548a5bc8aa9c75f66744616f5b18d05257f195345853fba,gx-no-cache=1501005783841 HTTP/1.1" 200 30
186.103.159.183 - - [25/Jul/2017:15:02:22 -0300] "POST /cormun/servlet/solicitudotadjuntos?826a4994b3349aa2a1a3fcd29f83f11d,INS,2017,7022,,1, HTTP/1.1" 200 116
186.103.159.183 - - [25/Jul/2017:15:02:22 -0300] "GET /cormun/servlet/hpexe_return? HTTP/1.1" 200 1027
186.103.159.183 - - [25/Jul/2017:15:02:23 -0300] "GET /cormun/servlet/trsolicitudadjuntos?2017,7022, HTTP/1.1" 200 9049
186.103.159.183 - - [25/Jul/2017:15:02:24 -0300] "GET /cormun/servlet/trsolicitudadjuntos?2017,7022, HTTP/1.1" 200 9048
186.103.159.183 - - [25/Jul/2017:15:02:28 -0300] "GET /cormun/servlet/solicitudotadjuntos?INS,2017,7022,,1, HTTP/1.1" 200 6049
186.103.159.183 - - [25/Jul/2017:15:02:29 -0300] "GET /cormun/static/about:blank HTTP/1.1" 404 1011
186.103.159.183 - - [25/Jul/2017:15:02:29 -0300] "GET /cormun/servlet/solicitudotadjuntos?INS,2017,7022,,1, HTTP/1.1" 200 6043
186.103.159.183 - - [25/Jul/2017:15:02:30 -0300] "GET /cormun/servlet/solicitudotadjuntos?afb88124497af17fe548a5bc8aa9c75f469f8877b707ef4c652142030033f1dc0a205a983fb011a4863c1546402ab594,gx-no-cache=1501005793218 HTTP/1.1" 200 30
186.103.159.183 - - [25/Jul/2017:15:02:30 -0300] "POST /cormun/servlet/solicitudotadjuntos?826a4994b3349aa2a1a3fcd29f83f11d,INS,2017,7022,,1,,gx-no-cache=1501005793289 HTTP/1.1" 200 3860
186.79.238.81 - - [25/Jul/2017:15:02:35 -0300] "GET /cormun/servlet/hlogin HTTP/1.1" 200 1747
186.103.159.183 - - [25/Jul/2017:15:03:13 -0300] "POST /cormun/servlet/solicitudotadjuntos?gx-no-cache=1501005836186 HTTP/1.1" 200 26
186.103.159.183 - - [25/Jul/2017:15:03:24 -0300] "GET /cormun/servlet/solicitudotadjuntos?afb88124497af17fe548a5bc8aa9c75f66744616f5b18d05257f195345853fba,gx-no-cache=1501005847019 HTTP/1.1" 200 30
186.103.159.183 - - [25/Jul/2017:15:03:24 -0300] "GET /cormun/servlet/solicitudotadjuntos?afb88124497af17fe548a5bc8aa9c75f66744616f5b18d05257f195345853fba,gx-no-cache=1501005847144 HTTP/1.1" 200 30
186.103.159.183 - - [25/Jul/2017:15:03:24 -0300] "POST /cormun/servlet/solicitudotadjuntos?826a4994b3349aa2a1a3fcd29f83f11d,INS,2017,7022,,1, HTTP/1.1" 200 116
186.103.159.183 - - [25/Jul/2017:15:03:24 -0300] "GET /cormun/servlet/hpexe_return? HTTP/1.1" 200 1027
186.103.159.183 - - [25/Jul/2017:15:03:25 -0300] "GET /cormun/servlet/trsolicitudadjuntos?2017,7022, HTTP/1.1" 200 9281
186.103.159.183 - - [25/Jul/2017:15:03:26 -0300] "GET /cormun/servlet/trsolicitudadjuntos?2017,7022, HTTP/1.1" 200 9275
186.103.159.183 - - [25/Jul/2017:15:04:04 -0300] "GET /cormun/servlet/trsolicitudot? HTTP/1.1" 200 11261
186.103.159.183 - - [25/Jul/2017:15:04:05 -0300] "GET /cormun/servlet/trsolicitudot? HTTP/1.1" 200 11255
186.103.159.183 - - [25/Jul/2017:15:04:48 -0300] "POST /cormun/servlet/trsolicitudot?826a4994b3349aa2a1a3fcd29f83f11d,,gx-no-cache=1501005930769 HTTP/1.1" 200 8388
186.103.159.183 - - [25/Jul/2017:15:04:48 -0300] "GET /cormun/static/Shared/jqueryui/images/ui-bg_highlight-soft_100_c6c2c8_1x100.png HTTP/1.1" 404 1117
186.103.159.183 - - [25/Jul/2017:15:04:48 -0300] "GET /cormun/static/Shared/jqueryui/images/ui-icons_82798d_256x240.png HTTP/1.1" 404 1089
186.103.159.183 - - [25/Jul/2017:15:04:48 -0300] "GET /cormun/static/Shared/jqueryui/images/ui-bg_flat_55_fafafa_40x100.png HTTP/1.1" 404 1097
186.103.159.183 - - [25/Jul/2017:15:04:48 -0300] "GET /cormun/static/Shared/jqueryui/images/ui-icons_8d78a5_256x240.png HTTP/1.1" 404 1089
186.103.159.183 - - [25/Jul/2017:15:04:49 -0300] "POST /cormun/servlet/trsolicitudot?826a4994b3349aa2a1a3fcd29f83f11d,,gx-no-cache=1501005931531 HTTP/1.1" 200 8330
190.45.55.254 - - [25/Jul/2017:15:05:26 -0300] "GET /cormun/servlet/hlogin HTTP/1.1" 200 1718
190.45.55.254 - - [25/Jul/2017:15:05:43 -0300] "POST /cormun/servlet/hlogin?f0498a12949567c4375da95a5a425c4e,gx-no-cache=1501005989307 HTTP/1.1" 200 432
186.79.238.81 - - [25/Jul/2017:15:05:47 -0300] "GET /cormun/servlet/hlogin HTTP/1.1" 200 1723
186.103.159.183 - - [25/Jul/2017:15:05:48 -0300] "GET /cormun/servlet/trautorizarsolicitud? HTTP/1.1" 200 8229
186.103.159.183 - - [25/Jul/2017:15:05:49 -0300] "GET /cormun/static/gxcfg.js?20174261241362 HTTP/1.1" 200 953
186.103.159.183 - - [25/Jul/2017:15:05:49 -0300] "GET /cormun/static/Resources/Spanish/PXTools.css?11294912 HTTP/1.1" 200 89042
186.103.159.183 - - [25/Jul/2017:15:05:49 -0300] "GET /cormun/static/trautorizarsolicitud.js?201742612414370 HTTP/1.1" 200 53910
186.103.159.183 - - [25/Jul/2017:15:05:50 -0300] "GET /cormun/servlet/trautorizarsolicitud? HTTP/1.1" 200 8229
190.45.55.254 - - [25/Jul/2017:15:05:51 -0300] "POST /cormun/servlet/hlogin?f0498a12949567c4375da95a5a425c4e,gx-no-cache=1501005996569 HTTP/1.1" 200 90
190.45.55.254 - - [25/Jul/2017:15:05:51 -0300] "GET /cormun/servlet/hpexe_link HTTP/1.1" 200 950
190.45.55.254 - - [25/Jul/2017:15:05:51 -0300] "GET /cormun/servlet/hhome HTTP/1.1" 200 4125
190.45.55.254 - - [25/Jul/2017:15:05:51 -0300] "GET /cormun/servlet/hhome HTTP/1.1" 200 4121
186.79.238.81 - - [25/Jul/2017:15:05:54 -0300] "POST /cormun/servlet/hlogin?c61ec0007512eec9336f07d0e2f575b7,gx-no-cache=1501005998230 HTTP/1.1" 200 90
186.79.238.81 - - [25/Jul/2017:15:05:54 -0300] "GET /cormun/servlet/hpexe_link HTTP/1.1" 200 965
186.79.238.81 - - [25/Jul/2017:15:05:55 -0300] "GET /cormun/servlet/trautorizarsolicitud? HTTP/1.1" 200 6964
190.45.55.254 - - [25/Jul/2017:15:05:55 -0300] "GET /cormun/servlet/trsolicitudot? HTTP/1.1" 200 11291
186.79.238.81 - - [25/Jul/2017:15:05:55 -0300] "GET /cormun/servlet/trautorizarsolicitud? HTTP/1.1" 200 6962
190.45.55.254 - - [25/Jul/2017:15:05:55 -0300] "GET /cormun/servlet/trsolicitudot? HTTP/1.1" 200 11290
186.79.238.81 - - [25/Jul/2017:15:06:03 -0300] "GET /cormun/servlet/trsolicitudot? HTTP/1.1" 200 10257
186.79.238.81 - - [25/Jul/2017:15:06:03 -0300] "GET /cormun/servlet/trsolicitudot? HTTP/1.1" 200 10256
186.103.159.183 - - [25/Jul/2017:15:06:03 -0300] "POST /cormun/servlet/trautorizarsolicitud?826a4994b3349aa2a1a3fcd29f83f11d,,gx-no-cache=1501006006457 HTTP/1.1" 200 4336
186.103.159.183 - - [25/Jul/2017:15:06:03 -0300] "GET /cormun/static/Shared/jqueryui/images/ui-bg_highlight-soft_100_c6c2c8_1x100.png HTTP/1.1" 404 1117
186.103.159.183 - - [25/Jul/2017:15:06:03 -0300] "GET /cormun/static/Shared/jqueryui/images/ui-icons_82798d_256x240.png HTTP/1.1" 404 1089
186.103.159.183 - - [25/Jul/2017:15:06:03 -0300] "GET /cormun/static/Shared/jqueryui/images/ui-bg_flat_55_fafafa_40x100.png HTTP/1.1" 404 1097
186.103.159.183 - - [25/Jul/2017:15:06:03 -0300] "GET /cormun/static/Shared/jqueryui/images/ui-icons_8d78a5_256x240.png HTTP/1.1" 404 1089
186.103.159.183 - - [25/Jul/2017:15:06:04 -0300] "POST /cormun/servlet/trautorizarsolicitud?826a4994b3349aa2a1a3fcd29f83f11d,,gx-no-cache=1501006006796 HTTP/1.1" 200 4109
186.79.238.81 - - [25/Jul/2017:15:06:05 -0300] "GET /cormun/servlet/solicitudot?INS,0,0, HTTP/1.1" 200 12900
186.79.238.81 - - [25/Jul/2017:15:06:06 -0300] "GET /cormun/servlet/solicitudot?INS,0,0, HTTP/1.1" 200 12905
190.45.55.254 - - [25/Jul/2017:15:06:09 -0300] "POST /cormun/servlet/trsolicitudot?f0498a12949567c4375da95a5a425c4e,,gx-no-cache=1501006014754 HTTP/1.1" 200 105
190.45.55.254 - - [25/Jul/2017:15:06:09 -0300] "GET /cormun/servlet/solicitudot?UPD,2017,7009, HTTP/1.1" 200 14765
190.45.55.254 - - [25/Jul/2017:15:06:09 -0300] "GET /cormun/servlet/solicitudot?UPD,2017,7009, HTTP/1.1" 200 14775
190.45.55.254 - - [25/Jul/2017:15:06:10 -0300] "POST /cormun/servlet/solicitudot?gx-no-cache=1501006016033 HTTP/1.1" 200 3215
190.45.55.254 - - [25/Jul/2017:15:06:10 -0300] "POST /cormun/servlet/solicitudot?f0498a12949567c4375da95a5a425c4e,UPD,2017,7009,,gx-no-cache=1501006016439 HTTP/1.1" 200 11188
190.45.55.254 - - [25/Jul/2017:15:06:11 -0300] "GET /cormun/servlet/solicitudot?bef4534e3ca8c0c65a9b28c3dd12aa8dd46691bb6afd6e308f4452977a83b4a5dc57450060cddcc98b322002edcbb863,gx-no-cache=1501006016667 HTTP/1.1" 200 30
190.45.55.254 - - [25/Jul/2017:15:06:11 -0300] "POST /cormun/servlet/solicitudot?gx-no-cache=1501006016771 HTTP/1.1" 200 257
190.45.55.254 - - [25/Jul/2017:15:06:11 -0300] "GET /cormun/servlet/solicitudot?bef4534e3ca8c0c65a9b28c3dd12aa8dfd57a0a8aefa142a48ddd2b08a14e4e7c7d44a3652e2df8b9e41cfaa130c5cbb16dbb0e0984dbbe0062d9f80acb3f1c0d067f78e38d4aa5a3f07492039f380e19eee3ed85cde006919f66e6a033bf62d31d48211c99b93bc27f89f642b97b362740e03fa1adf06059d2ac8032a1b168bb726b7b2caa306eac86c8dc266ac31af2de14cd87e7a5bb24e854ba0adb6a237d54572eb207b5268a549f8c61fcd2a43ac108f2b82cb5cd7622d636892cac050383efae09081aae9e0c9d5f3d8a4e02d96d80b85a2da2e5fd6c23e9ef123ac364244ac0711bfe68d846073ff43063dafa358b7931211cdc577371fdd76518eed960f61675e4857292f1429d771cee4d8a137be04d9f0e5cf3abef9ae43f5b8b07120e51a090225fd6e2bbcb363a6c1ca47e76a86d84fdcb34de4708e1d26c9279c9d39c4619581110a2772c6e254fbd56f92ab38f7e3e00f8d2aa73cffd4eee403ab0a1992e476929db5e0457911858177ef973fa1dc8cf22b9987331faf5cca,gx-no-cache=1501006016870 HTTP/1.1" 200 30
190.45.55.254 - - [25/Jul/2017:15:06:11 -0300] "POST /cormun/servlet/solicitudot?gx-no-cache=1501006016934 HTTP/1.1" 200 30
190.45.55.254 - - [25/Jul/2017:15:06:11 -0300] "POST /cormun/servlet/solicitudot?gx-no-cache=1501006017027 HTTP/1.1" 200 1356
190.45.55.254 - - [25/Jul/2017:15:06:12 -0300] "POST /cormun/servlet/solicitudot?gx-no-cache=1501006017621 HTTP/1.1" 200 41
186.103.159.183 - - [25/Jul/2017:15:06:13 -0300] "GET /cormun/servlet/trsolicitudot? HTTP/1.1" 200 11251
190.45.55.254 - - [25/Jul/2017:15:06:13 -0300] "GET /cormun/servlet/solicitudot?bef4534e3ca8c0c65a9b28c3dd12aa8d754db51a0d1fb74134d15fa70127f03c371ceec2852a3483390875a7e8cb80bdfec3c5ff233f2bd55a79171c0857c56cf4dfdb8e36a03a8b3d4ca64051f32d5bd023471951db1ea146d6e198c856b67e1955fae5fe3fc1a7d8c27735a72ce637202965f0bd68ab7e7bdcf075d4997090c00a9ccb4beac1a5c1dd923465c4a64c7bc4b6b08d2b9d233f12489d5fb1f1b3,gx-no-cache=1501006019229 HTTP/1.1" 200 29
190.45.55.254 - - [25/Jul/2017:15:06:13 -0300] "POST /cormun/servlet/solicitudot?gx-no-cache=1501006019343 HTTP/1.1" 200 1336
186.103.159.183 - - [25/Jul/2017:15:06:14 -0300] "GET /cormun/servlet/trsolicitudot? HTTP/1.1" 200 11250
186.79.48.208 - - [25/Jul/2017:15:06:17 -0300] "GET /cormun/servlet/hlogin HTTP/1.1" 200 1725
190.45.55.254 - - [25/Jul/2017:15:06:20 -0300] "POST /cormun/servlet/solicitudot?gx-no-cache=1501006026438 HTTP/1.1" 200 30
186.103.159.183 - - [25/Jul/2017:15:06:21 -0300] "GET /cormun/servlet/hlogin HTTP/1.1" 200 1739
190.45.55.254 - - [25/Jul/2017:15:06:21 -0300] "POST /cormun/servlet/solicitudot?f0498a12949567c4375da95a5a425c4e,UPD,2017,7009,,gx-no-cache=1501006026598 HTTP/1.1" 200 93
190.45.55.254 - - [25/Jul/2017:15:06:21 -0300] "GET /cormun/servlet/hpexe_return? HTTP/1.1" 200 1011
190.45.55.254 - - [25/Jul/2017:15:06:22 -0300] "GET /cormun/servlet/trsolicitudot HTTP/1.1" 200 11294
186.79.238.81 - - [25/Jul/2017:15:06:22 -0300] "GET /cormun/servlet/prfichaempleado?,MD,,gxPopupLevel%3D0%3B HTTP/1.1" 200 9308
190.45.55.254 - - [25/Jul/2017:15:06:22 -0300] "GET /cormun/servlet/trsolicitudot HTTP/1.1" 200 11290
186.79.48.208 - - [25/Jul/2017:15:06:31 -0300] "POST /cormun/servlet/hlogin?0344e1b6ee55672b01583c5d1181f8cf,gx-no-cache=1501006035623 HTTP/1.1" 200 90
186.79.48.208 - - [25/Jul/2017:15:06:31 -0300] "GET /cormun/servlet/hpexe_link HTTP/1.1" 200 957
186.79.48.208 - - [25/Jul/2017:15:06:31 -0300] "GET /cormun/servlet/hhome HTTP/1.1" 200 3756
186.79.238.81 - - [25/Jul/2017:15:06:31 -0300] "POST /cormun/servlet/prfichaempleado?c61ec0007512eec9336f07d0e2f575b7,,MD,,gxPopupLevel%3D0%3B,gx-no-cache=1501006034569 HTTP/1.1" 200 3417
186.79.48.208 - - [25/Jul/2017:15:06:33 -0300] "GET /cormun/servlet/hhome HTTP/1.1" 200 3752
190.45.55.254 - - [25/Jul/2017:15:06:38 -0300] "POST /cormun/servlet/trsolicitudot?f0498a12949567c4375da95a5a425c4e,gx-no-cache=1501006043313 HTTP/1.1" 200 8235
186.79.238.81 - - [25/Jul/2017:15:06:38 -0300] "POST /cormun/servlet/prfichaempleado?c61ec0007512eec9336f07d0e2f575b7,,MD,,gxPopupLevel%3D0%3B,gx-no-cache=1501006041749 HTTP/1.1" 200 3418
186.79.48.208 - - [25/Jul/2017:15:06:38 -0300] "GET /cormun/servlet/trlicencias? HTTP/1.1" 200 8850
186.79.48.208 - - [25/Jul/2017:15:06:40 -0300] "GET /cormun/servlet/trlicencias? HTTP/1.1" 200 8847
186.79.238.81 - - [25/Jul/2017:15:06:44 -0300] "POST /cormun/servlet/solicitudot?gx-no-cache=1501006048048 HTTP/1.1" 200 3219
190.45.55.254 - - [25/Jul/2017:15:06:44 -0300] "GET /cormun/servlet/trautorizarsolicitud? HTTP/1.1" 200 8365
190.45.55.254 - - [25/Jul/2017:15:06:45 -0300] "GET /cormun/servlet/trautorizarsolicitud? HTTP/1.1" 200 8364
186.79.238.81 - - [25/Jul/2017:15:06:46 -0300] "POST /cormun/servlet/solicitudot?c61ec0007512eec9336f07d0e2f575b7,INS,0,0,,gx-no-cache=1501006048502 HTTP/1.1" 200 10029
186.79.238.81 - - [25/Jul/2017:15:06:46 -0300] "GET /cormun/servlet/solicitudot?75f33a266b6f4bb245384f4e1610c6d3129c1ff5968e0eab825a7a860b7bf50bee64d513ef7bd832c194833c107605fc,gx-no-cache=1501006049892 HTTP/1.1" 200 30
186.79.48.208 - - [25/Jul/2017:15:06:46 -0300] "GET /cormun/servlet/licenciaspermisos?INS,0,,, HTTP/1.1" 200 7278
186.79.48.208 - - [25/Jul/2017:15:06:47 -0300] "GET /cormun/static/gxcfg.js?201762917281167 HTTP/1.1" 200 953
190.45.55.254 - - [25/Jul/2017:15:06:47 -0300] "POST /cormun/servlet/trautorizarsolicitud?f0498a12949567c4375da95a5a425c4e,,gx-no-cache=1501006053410 HTTP/1.1" 200 115
190.45.55.254 - - [25/Jul/2017:15:06:48 -0300] "GET /cormun/servlet/solicitudotlog?INS,2017,7008,0,REC, HTTP/1.1" 200 5934
186.79.48.208 - - [25/Jul/2017:15:06:48 -0300] "GET /cormun/servlet/licenciaspermisos?INS,0,,, HTTP/1.1" 200 7278
190.45.55.254 - - [25/Jul/2017:15:06:48 -0300] "GET /cormun/servlet/solicitudotlog?INS,2017,7008,0,REC, HTTP/1.1" 200 5934
190.45.55.254 - - [25/Jul/2017:15:06:48 -0300] "GET /cormun/servlet/solicitudotlog?bef4534e3ca8c0c65a9b28c3dd12aa8d02ba4f8276edea3f07e3d6db6507f47f709d2986460e683bda68a99da41f5ef90f669fef5168e6b459ff29c467c526372c48cba8c118cd92e965240f71a8abb8dc1f954a4cef6f0efac0725db03a843cdc00acdefbc4e5eaadeb6b6c2dfa18b0b6c08593253cfc20b55fbe2125e6170c15f0fe3ff6fd20b63e004acfc5c474021be81be4193e0a87466a94e2350cfa0e,gx-no-cache=1501006054391 HTTP/1.1" 200 94
186.79.48.208 - - [25/Jul/2017:15:07:04 -0300] "GET /cormun/servlet/prfichaempleado?,MD,,gxPopupLevel%3D0%3B HTTP/1.1" 200 9217
190.45.55.254 - - [25/Jul/2017:15:07:05 -0300] "POST /cormun/servlet/solicitudotlog?f0498a12949567c4375da95a5a425c4e,INS,2017,7008,0,REC,,gx-no-cache=1501006071076 HTTP/1.1" 200 93
190.45.55.254 - - [25/Jul/2017:15:07:05 -0300] "GET /cormun/servlet/hpexe_return? HTTP/1.1" 200 1027
190.45.55.254 - - [25/Jul/2017:15:07:05 -0300] "GET /cormun/servlet/trautorizarsolicitud HTTP/1.1" 200 7059
190.45.55.254 - - [25/Jul/2017:15:07:06 -0300] "GET /cormun/servlet/trautorizarsolicitud HTTP/1.1" 200 7054
186.79.238.81 - - [25/Jul/2017:15:07:06 -0300] "POST /cormun/servlet/solicitudot?gx-no-cache=1501006070330 HTTP/1.1" 200 256
186.79.238.81 - - [25/Jul/2017:15:07:06 -0300] "GET /cormun/servlet/solicitudot?75f33a266b6f4bb245384f4e1610c6d3c56654457291aa027ac6986f8ac55d10a6f94fc6c531f381cb5609c4e2a00e4b235c2889c9ce84ef419bb307efa20d06f55ceaa77babee6a0ff31d7ea4b01f50a9710888382159ddf10c67cd0b6ae27ac0453cd9c9debd312685107f935a9f2140abcf166158138304c02f782fadbbd6977e5c7db6cf953d1b882e46302a7c265f3b222affa7a7cc43dff6318204f492a3cedd6bf04d1a4c6b416d20327f23e1b4258a6a1b9f200e022b97375c552ff08d3559303ebd64c1d3fa62abe2ad5dbb4de83462c7d3bfd9b14634a351ae6294b5bcec85dd98930553dda441b65e052fcf2153711cbc1d93767fa6e1726743dbfed646d9e24ea8626d8de0896a1026fadd059d51d8c80f7a0aa05d479bead056bbb303522cd535fa55010052307863262f9b07c1984af84c27e814f936bde8dabeefc1dae355e7df4aa4a10fccd273b314d13c74b478c26b62363a2b324afb63ec74fb345d363ece091f6839ccc7f0ea9e7486c035dd5b4e3870a876753eb442,gx-no-cache=1501006070541 HTTP/1.1" 200 30
190.45.55.254 - - [25/Jul/2017:15:07:09 -0300] "GET /cormun/servlet/trsolicitudot? HTTP/1.1" 200 11289
190.45.55.254 - - [25/Jul/2017:15:07:09 -0300] "GET /cormun/servlet/trsolicitudot? HTTP/1.1" 200 11288
190.45.55.254 - - [25/Jul/2017:15:07:14 -0300] "POST /cormun/servlet/trsolicitudot?f0498a12949567c4375da95a5a425c4e,,gx-no-cache=1501006079723 HTTP/1.1" 200 105
190.45.55.254 - - [25/Jul/2017:15:07:14 -0300] "GET /cormun/servlet/solicitudot?UPD,2017,7008, HTTP/1.1" 200 14726
190.45.55.254 - - [25/Jul/2017:15:07:14 -0300] "GET /cormun/servlet/solicitudot?UPD,2017,7008, HTTP/1.1" 200 14735
190.45.55.254 - - [25/Jul/2017:15:07:15 -0300] "POST /cormun/servlet/solicitudot?gx-no-cache=1501006080991 HTTP/1.1" 200 3205
190.45.55.254 - - [25/Jul/2017:15:07:15 -0300] "POST /cormun/servlet/solicitudot?f0498a12949567c4375da95a5a425c4e,UPD,2017,7008,,gx-no-cache=1501006081395 HTTP/1.1" 200 11163
190.45.55.254 - - [25/Jul/2017:15:07:16 -0300] "GET /cormun/servlet/solicitudot?bef4534e3ca8c0c65a9b28c3dd12aa8db0951aa440eb12b177b38b7ed705bdfddc57450060cddcc98b322002edcbb863,gx-no-cache=1501006081655 HTTP/1.1" 200 30
190.45.55.254 - - [25/Jul/2017:15:07:16 -0300] "POST /cormun/servlet/solicitudot?gx-no-cache=1501006081752 HTTP/1.1" 200 257
190.45.55.254 - - [25/Jul/2017:15:07:16 -0300] "GET /cormun/servlet/solicitudot?bef4534e3ca8c0c65a9b28c3dd12aa8dfd57a0a8aefa142a48ddd2b08a14e4e7c7d44a3652e2df8b9e41cfaa130c5cbb16dbb0e0984dbbe0062d9f80acb3f1c0d067f78e38d4aa5a3f07492039f380e19eee3ed85cde006919f66e6a033bf62d31d48211c99b93bc27f89f642b97b362740e03fa1adf06059d2ac8032a1b168bb726b7b2caa306eac86c8dc266ac31af2de14cd87e7a5bb24e854ba0adb6a237d54572eb207b5268a549f8c61fcd2a43ac108f2b82cb5cd7622d636892cac050383efae09081aae9e0c9d5f3d8a4e02d96d80b85a2da2e5fd6c23e9ef123ac364244ac0711bfe68d846073ff43063dafa358b7931211cdc577371fdd76518eed960f61675e4857292f1429d771cee4d8a137be04d9f0e5cf3abef9ae43f5b8b07120e51a090225fd6e2bbcb363a6c1ca47e76a86d84fdcb34de4708e1d26c9279c9d39c4619581110a2772c6e254fbd56f92ab38f7e3e00f8d2aa73cffd4eee403ab0a1992e476929db5e0457911858177ef973fa1dc8cf22b9987331faf5cca,gx-no-cache=1501006081850 HTTP/1.1" 200 30
190.45.55.254 - - [25/Jul/2017:15:07:16 -0300] "POST /cormun/servlet/solicitudot?gx-no-cache=1501006081923 HTTP/1.1" 200 30
190.45.55.254 - - [25/Jul/2017:15:07:16 -0300] "POST /cormun/servlet/solicitudot?gx-no-cache=1501006082012 HTTP/1.1" 200 1355
190.45.55.254 - - [25/Jul/2017:15:07:16 -0300] "POST /cormun/servlet/solicitudot?gx-no-cache=1501006082125 HTTP/1.1" 200 41
186.79.48.208 - - [25/Jul/2017:15:07:17 -0300] "POST /cormun/servlet/prfichaempleado?0344e1b6ee55672b01583c5d1181f8cf,,MD,,gxPopupLevel%3D0%3B,gx-no-cache=1501006082269 HTTP/1.1" 200 3420
190.45.55.254 - - [25/Jul/2017:15:07:18 -0300] "GET /cormun/servlet/solicitudot?bef4534e3ca8c0c65a9b28c3dd12aa8d754db51a0d1fb74134d15fa70127f03c371ceec2852a3483390875a7e8cb80bdfec3c5ff233f2bd55a79171c0857c56cf4dfdb8e36a03a8b3d4ca64051f32d5bd023471951db1ea146d6e198c856b67e1955fae5fe3fc1a7d8c27735a72ce637202965f0bd68ab7e7bdcf075d4997090c00a9ccb4beac1a5c1dd923465c4a64c7bc4b6b08d2b9d233f12489d5fb1f1b3,gx-no-cache=1501006083821 HTTP/1.1" 200 29
190.45.55.254 - - [25/Jul/2017:15:07:18 -0300] "POST /cormun/servlet/solicitudot?gx-no-cache=1501006083940 HTTP/1.1" 200 1337
186.79.48.208 - - [25/Jul/2017:15:07:23 -0300] "GET /cormun/servlet/licenciaspermisos?5dd4dc8c9a1d3ce653a8f6693cb64b6b5a038208073968312aa8629a45060b30c123d2e1ecb53832fe9358d62df4f019,gx-no-cache=1501006088260 HTTP/1.1" 200 98
186.79.48.208 - - [25/Jul/2017:15:07:24 -0300] "POST /cormun/servlet/licenciaspermisos?0344e1b6ee55672b01583c5d1181f8cf,INS,0,,,,gx-no-cache=1501006088737 HTTP/1.1" 200 4523
186.79.48.208 - - [25/Jul/2017:15:08:10 -0300] "GET /cormun/static/menuarrow.gif HTTP/1.1" 404 1015
186.79.238.81 - - [25/Jul/2017:15:09:16 -0300] "POST /cormun/servlet/solicitudot?gx-no-cache=1501006199501 HTTP/1.1" 200 30
186.79.48.208 - - [25/Jul/2017:15:10:33 -0300] "GET /cormun/servlet/licenciaspermisos?5dd4dc8c9a1d3ce653a8f6693cb64b6b46dbcee9be856837335849beaf2d605fc0a74b8eaa1323ba6b09f28f080a9015f3631ef1503c08bdbe2ebb87ddda320df1cab7a7b2ea140c8759503b3beae56c2325f7c6ecc54a1556c510b2daa02f25a0a4fb3624ed4323c82c8b819329614e2db149d420ab9ab818de1572a744bd2f4868c0535807ec3599c213232584fb58bf8c0b893344618827d0c85aa5f7905c1ab780de59e68af507419f7c2c91c54d,gx-no-cache=1501006278388 HTTP/1.1" 200 30
186.79.48.208 - - [25/Jul/2017:15:10:34 -0300] "POST /cormun/servlet/licenciaspermisos?0344e1b6ee55672b01583c5d1181f8cf,INS,0,,,,gx-no-cache=1501006278612 HTTP/1.1" 200 4605
186.79.48.208 - - [25/Jul/2017:15:10:37 -0300] "GET /cormun/servlet/licenciaspermisos?5dd4dc8c9a1d3ce653a8f6693cb64b6b15cafacaefd0685f4da2b1c7d5a7fbfd289b1fbdfe4d355839efbbd0e094cc8012abb4ce0252771e1b9620af9750a31f4fece69cdcc37f00f3ad2ca12c85d6e349f606a88659570a690285f72c54abc0efcbbd2eef3589822f3f014bddfa2847f4060a7c7ccb3c7c888e785072f9317658f8fecafa26cda7353dfddd1f228f2c7094527448662d3fd7fb5db9c0e211edae028cf391523532b48a6431b4ff3388a002f64e7ce154edc930c7797c9a7c8d49b15742519557773408e8b42072cf08c2832e74d5f28d808e5fc4a0a0581e6e,gx-no-cache=1501006282131 HTTP/1.1" 200 108
186.79.48.208 - - [25/Jul/2017:15:10:37 -0300] "GET /cormun/static/Shared/jqueryui/images/ui-bg_highlight-soft_100_c6c2c8_1x100.png HTTP/1.1" 404 1117
186.79.48.208 - - [25/Jul/2017:15:10:37 -0300] "GET /cormun/static/Shared/jqueryui/images/ui-icons_82798d_256x240.png HTTP/1.1" 404 1089
186.79.48.208 - - [25/Jul/2017:15:10:37 -0300] "GET /cormun/static/Shared/jqueryui/images/ui-bg_flat_55_994d53_40x100.png HTTP/1.1" 404 1097
186.79.48.208 - - [25/Jul/2017:15:10:37 -0300] "GET /cormun/static/Shared/jqueryui/images/ui-icons_ebccce_256x240.png HTTP/1.1" 404 1089
186.79.48.208 - - [25/Jul/2017:15:10:38 -0300] "POST /cormun/servlet/licenciaspermisos?0344e1b6ee55672b01583c5d1181f8cf,INS,0,,,,gx-no-cache=1501006282420 HTTP/1.1" 200 4708
186.79.238.81 - - [25/Jul/2017:15:10:40 -0300] "GET /cormun/servlet/trcontratounov2? HTTP/1.1" 200 15786
186.79.238.81 - - [25/Jul/2017:15:10:41 -0300] "GET /cormun/servlet/trcontratounov2? HTTP/1.1" 200 15770
190.45.55.254 - - [25/Jul/2017:15:10:42 -0300] "POST /cormun/servlet/solicitudot?gx-no-cache=1501006287764 HTTP/1.1" 200 30
190.45.55.254 - - [25/Jul/2017:15:10:42 -0300] "POST /cormun/servlet/solicitudot?f0498a12949567c4375da95a5a425c4e,UPD,2017,7008,,gx-no-cache=1501006288076 HTTP/1.1" 200 93
190.45.55.254 - - [25/Jul/2017:15:10:43 -0300] "GET /cormun/servlet/hpexe_return? HTTP/1.1" 200 1011
190.45.55.254 - - [25/Jul/2017:15:10:43 -0300] "GET /cormun/servlet/trsolicitudot HTTP/1.1" 200 11289
190.45.55.254 - - [25/Jul/2017:15:10:43 -0300] "GET /cormun/servlet/trsolicitudot HTTP/1.1" 200 11285
186.79.238.81 - - [25/Jul/2017:15:11:00 -0300] "GET /cormun/servlet/trcontratosolicitud? HTTP/1.1" 200 12903
186.79.238.81 - - [25/Jul/2017:15:11:00 -0300] "GET /cormun/static/gxcfg.js?20177612214014 HTTP/1.1" 200 953
186.79.238.81 - - [25/Jul/2017:15:11:01 -0300] "GET /cormun/static/trcontratosolicitud.js?20177612214349 HTTP/1.1" 200 28237
186.79.238.81 - - [25/Jul/2017:15:11:01 -0300] "GET /cormun//static/Resources/PXToolsGridNew.png HTTP/1.1" 200 2949
186.79.238.81 - - [25/Jul/2017:15:11:01 -0300] "GET /cormun/servlet/trcontratosolicitud? HTTP/1.1" 200 12900
186.79.238.81 - - [25/Jul/2017:15:11:44 -0300] "GET /cormun/servlet/trsolicitudot? HTTP/1.1" 200 10255
186.79.238.81 - - [25/Jul/2017:15:11:45 -0300] "GET /cormun/servlet/trsolicitudot? HTTP/1.1" 200 10254
186.79.238.81 - - [25/Jul/2017:15:11:49 -0300] "GET /cormun/servlet/solicitudot?INS,0,0, HTTP/1.1" 200 12900
186.79.238.81 - - [25/Jul/2017:15:11:49 -0300] "GET /cormun/servlet/solicitudot?INS,0,0, HTTP/1.1" 200 12905
186.79.238.81 - - [25/Jul/2017:15:11:53 -0300] "GET /cormun/servlet/prfichaempleado?,MD,,gxPopupLevel%3D0%3B HTTP/1.1" 200 9308
191.119.234.71 - - [25/Jul/2017:15:12:02 -0300] "GET /cormun/servlet/hlogin HTTP/1.1" 200 1714
191.119.234.71 - - [25/Jul/2017:15:12:02 -0300] "GET /cormun/static/gxtimezone.js?85251 HTTP/1.1" 200 5781
191.119.234.71 - - [25/Jul/2017:15:12:02 -0300] "GET /cormun/static/gxcfg.js?20175251213516 HTTP/1.1" 200 953
191.119.234.71 - - [25/Jul/2017:15:12:03 -0300] "GET /cormun/static/Resources/Spanish/PXTools.css?11423723 HTTP/1.1" 200 89042
191.119.234.71 - - [25/Jul/2017:15:12:03 -0300] "GET /cormun/static/messages.spa.js?85251 HTTP/1.1" 200 30736
191.119.234.71 - - [25/Jul/2017:15:12:03 -0300] "GET /cormun/static/hlogin.js?20175251213537 HTTP/1.1" 200 2136
191.119.234.71 - - [25/Jul/2017:15:12:03 -0300] "GET /cormun/static/Resources/ComunLogin.png HTTP/1.1" 200 17326
191.119.234.71 - - [25/Jul/2017:15:12:04 -0300] "GET /cormun/static/gxgral.js?85251 HTTP/1.1" 200 384558
191.119.234.71 - - [25/Jul/2017:15:12:04 -0300] "GET /cormun/static/Resources/PXToolsLoginTop.png HTTP/1.1" 200 1337
191.119.234.71 - - [25/Jul/2017:15:12:04 -0300] "GET /cormun/static/Resources/PXToolsLoginBackground.png HTTP/1.1" 200 1164
191.119.234.71 - - [25/Jul/2017:15:12:04 -0300] "GET /cormun/static/Resources/PXToolsButtonLeft21.png HTTP/1.1" 200 1287
191.119.234.71 - - [25/Jul/2017:15:12:04 -0300] "GET /cormun/static/Resources/PXToolsButtonRight21.png HTTP/1.1" 200 1283
191.119.234.71 - - [25/Jul/2017:15:12:04 -0300] "GET /cormun/static/Resources/PXToolsButtonBackground2.png HTTP/1.1" 200 1181
191.119.234.71 - - [25/Jul/2017:15:12:04 -0300] "GET /cormun/static/Resources/PXToolsLoginBottom.png HTTP/1.1" 200 1389
191.119.234.71 - - [25/Jul/2017:15:12:04 -0300] "GET /cormun/static/Resources/indicator.gif HTTP/1.1" 200 1553
186.79.238.81 - - [25/Jul/2017:15:12:07 -0300] "POST /cormun/servlet/prfichaempleado?c61ec0007512eec9336f07d0e2f575b7,,MD,,gxPopupLevel%3D0%3B,gx-no-cache=1501006368356 HTTP/1.1" 200 3418
186.79.238.81 - - [25/Jul/2017:15:12:14 -0300] "POST /cormun/servlet/solicitudot?gx-no-cache=1501006378207 HTTP/1.1" 200 3219
191.119.234.71 - - [25/Jul/2017:15:12:19 -0300] "POST /cormun/servlet/hlogin?467368edc17e89e0a209514b9bbf20de,gx-no-cache=1501006363137 HTTP/1.1" 200 90
191.119.234.71 - - [25/Jul/2017:15:12:19 -0300] "GET /cormun/servlet/hpexe_link HTTP/1.1" 200 945
191.119.234.71 - - [25/Jul/2017:15:12:19 -0300] "GET /cormun/static/gxcfg.js?20177612121792 HTTP/1.1" 200 953
191.119.234.71 - - [25/Jul/2017:15:12:19 -0300] "GET /cormun/static/hpexe_link.js?20177612121795 HTTP/1.1" 200 625
191.119.234.71 - - [25/Jul/2017:15:12:19 -0300] "GET /cormun/static/Resources/Spanish/PXTools.css?1155365 HTTP/1.1" 200 89042
191.119.234.71 - - [25/Jul/2017:15:12:20 -0300] "GET /cormun/servlet/hhome HTTP/1.1" 200 3979
191.119.234.71 - - [25/Jul/2017:15:12:21 -0300] "GET /cormun/static/SmoothNavMenu/resources/ddsmoothmenu.css?1012540 HTTP/1.1" 200 2223
191.119.234.71 - - [25/Jul/2017:15:12:21 -0300] "GET /cormun/static/scaMessage/css/jquery.pnotify.default.css?1716380 HTTP/1.1" 200 1707
191.119.234.71 - - [25/Jul/2017:15:12:21 -0300] "GET /cormun/static/SmoothNavMenu/resources/ddsmoothmenu-v.css?1012540 HTTP/1.1" 200 1188
191.119.234.71 - - [25/Jul/2017:15:12:21 -0300] "GET /cormun/static/gxcfg.js?20175251212442 HTTP/1.1" 200 953
191.119.234.71 - - [25/Jul/2017:15:12:21 -0300] "GET /cormun/static/PXToolsJavascripts/pexe_autoreload.js HTTP/1.1" 200 1762
191.119.234.71 - - [25/Jul/2017:15:12:21 -0300] "GET /cormun/static/PXToolsJavascripts/pexe_windows.js HTTP/1.1" 200 15207
191.119.234.71 - - [25/Jul/2017:15:12:21 -0300] "GET /cormun/static/PXToolsJavascripts/pexe_grid.js HTTP/1.1" 200 7559
191.119.234.71 - - [25/Jul/2017:15:12:21 -0300] "GET /cormun/static/PXToolsJavascripts/pexe_griddivfix.js HTTP/1.1" 200 6644
191.119.234.71 - - [25/Jul/2017:15:12:21 -0300] "GET /cormun/static/PXToolsJavascripts/pexe_link.js HTTP/1.1" 200 5671
191.119.234.71 - - [25/Jul/2017:15:12:21 -0300] "GET /cormun/static/PXToolsJavascripts/pexe_menudivfix.js HTTP/1.1" 200 333
191.119.234.71 - - [25/Jul/2017:15:12:21 -0300] "GET /cormun/static/PXToolsJavascripts/pexe_menus.js HTTP/1.1" 200 1286
191.119.234.71 - - [25/Jul/2017:15:12:21 -0300] "GET /cormun/static/PXToolsJavascripts/pexe_layers.js HTTP/1.1" 200 4114
191.119.234.71 - - [25/Jul/2017:15:12:21 -0300] "GET /cormun/static/Shared/jqueryui/jquery-ui.min.css?1245370 HTTP/1.1" 200 30288
191.119.234.71 - - [25/Jul/2017:15:12:21 -0300] "GET /cormun/static/PXToolsJavascripts/pexe_oavdivfix.js HTTP/1.1" 200 639
191.119.234.71 - - [25/Jul/2017:15:12:21 -0300] "GET /cormun/static/PXToolsJavascripts/pexe_picture.js HTTP/1.1" 200 689
191.119.234.71 - - [25/Jul/2017:15:12:21 -0300] "GET /cormun/static/PXToolsJavascripts/pexe_popup.js HTTP/1.1" 200 13458
191.119.234.71 - - [25/Jul/2017:15:12:21 -0300] "GET /cormun/static/PXToolsJavascripts/pexe_scrolldiv.js HTTP/1.1" 200 4138
191.119.234.71 - - [25/Jul/2017:15:12:21 -0300] "GET /cormun/static/PXToolsJavascripts/pexe_tabdivfix.js HTTP/1.1" 200 876
191.119.234.71 - - [25/Jul/2017:15:12:21 -0300] "GET /cormun/static/PXToolsJavascripts/pexe_cookies.js HTTP/1.1" 200 792
191.119.234.71 - - [25/Jul/2017:15:12:21 -0300] "GET /cormun/static/PXToolsJavascripts/pexe_oav.js HTTP/1.1" 200 645
191.119.234.71 - - [25/Jul/2017:15:12:21 -0300] "GET /cormun/static/PXToolsJavascripts/pexe_tabs.js HTTP/1.1" 200 3748
191.119.234.71 - - [25/Jul/2017:15:12:21 -0300] "GET /cormun/static/PXToolsJavascripts/pexe_upload.js HTTP/1.1" 200 1423
191.119.234.71 - - [25/Jul/2017:15:12:21 -0300] "GET /cormun/static/PXToolsJavascripts/PXToolsJavascriptsRender.js HTTP/1.1" 200 367
186.79.238.81 - - [25/Jul/2017:15:12:22 -0300] "POST /cormun/servlet/solicitudot?c61ec0007512eec9336f07d0e2f575b7,INS,0,0,,gx-no-cache=1501006378759 HTTP/1.1" 200 10030
191.119.234.71 - - [25/Jul/2017:15:12:22 -0300] "GET /cormun/static/RunJS/RunJS.js HTTP/1.1" 200 288
186.79.238.81 - - [25/Jul/2017:15:12:22 -0300] "GET /cormun/servlet/solicitudot?75f33a266b6f4bb245384f4e1610c6d3129c1ff5968e0eab825a7a860b7bf50bee64d513ef7bd832c194833c107605fc,gx-no-cache=1501006385831 HTTP/1.1" 200 30
191.119.234.71 - - [25/Jul/2017:15:12:22 -0300] "GET /cormun/static/Shared/ext/locale/ext-lang-en.js HTTP/1.1" 200 10940
191.119.234.71 - - [25/Jul/2017:15:12:22 -0300] "GET /cormun/static/hhome.js?20175251212450 HTTP/1.1" 200 777
191.119.234.71 - - [25/Jul/2017:15:12:22 -0300] "GET /cormun/static/hwchdr01.js?201752511465785 HTTP/1.1" 200 1183
191.119.234.71 - - [25/Jul/2017:15:12:22 -0300] "GET /cormun/static/Resources/PXToolsHeaderBackground2.png HTTP/1.1" 200 1174
191.119.234.71 - - [25/Jul/2017:15:12:22 -0300] "GET /cormun/static/Resources/PXToolsDataTitle.png HTTP/1.1" 200 1173
191.119.234.71 - - [25/Jul/2017:15:12:22 -0300] "GET /cormun/static/Resources/PXToolsHeaderActionsLeft.png HTTP/1.1" 200 1118
191.119.234.71 - - [25/Jul/2017:15:12:22 -0300] "GET /cormun/static/Resources/logo4.png HTTP/1.1" 200 6582
191.119.234.71 - - [25/Jul/2017:15:12:22 -0300] "GET /cormun/static/Resources/PXToolsHeaderLogin.png HTTP/1.1" 200 4279
191.119.234.71 - - [25/Jul/2017:15:12:22 -0300] "GET /cormun/static/Resources/PXToolsHeaderActionsBackground.png HTTP/1.1" 200 484
191.119.234.71 - - [25/Jul/2017:15:12:22 -0300] "GET /cormun/static/Resources/PXToolsFooterBackground2.png HTTP/1.1" 200 1172
191.119.234.71 - - [25/Jul/2017:15:12:22 -0300] "GET /cormun/static/Resources/PXToolsHeaderHome.png HTTP/1.1" 200 4147
191.119.234.71 - - [25/Jul/2017:15:12:22 -0300] "GET /cormun/static/Resources/PXToolsHeaderSecurity.png HTTP/1.1" 200 4166
191.119.234.71 - - [25/Jul/2017:15:12:22 -0300] "GET /cormun/static/Resources/PXToolsHeaderActionsRight.png HTTP/1.1" 200 1201
191.119.234.71 - - [25/Jul/2017:15:12:22 -0300] "GET /cormun/static/Resources/PXToolsHeaderPreferences.png HTTP/1.1" 200 4189
191.119.234.71 - - [25/Jul/2017:15:12:22 -0300] "GET /cormun/static/hpexe_recentlink.js?20177611595044 HTTP/1.1" 200 2144
191.119.234.71 - - [25/Jul/2017:15:12:22 -0300] "GET /cormun/static/hpexe_scripts.js?201752511465715 HTTP/1.1" 200 1544
191.119.234.71 - - [25/Jul/2017:15:12:22 -0300] "GET /cormun/static/hpexe_messagecontroller.js?20177611595012 HTTP/1.1" 200 870
191.119.234.71 - - [25/Jul/2017:15:12:22 -0300] "GET /cormun/static/hpexe_messagepopupcomponent.js?20161017169425 HTTP/1.1" 200 605
191.119.234.71 - - [25/Jul/2017:15:12:23 -0300] "GET /cormun/static/cmcontrolpreferences.js?201752511465670 HTTP/1.1" 200 1375
191.119.234.71 - - [25/Jul/2017:15:12:23 -0300] "GET /cormun/static/hpexe_messagegenexuscomponent.js?201752511465344 HTTP/1.1" 200 587
191.119.234.71 - - [25/Jul/2017:15:12:23 -0300] "GET /cormun/static/SmoothNavMenu/resources/ddsmoothmenu.js HTTP/1.1" 200 12712
191.119.234.71 - - [25/Jul/2017:15:12:23 -0300] "GET /cormun/static/gxui/gxui-all.js HTTP/1.1" 200 107772
191.119.234.71 - - [25/Jul/2017:15:12:23 -0300] "GET /cormun/static/Shared/jquery/jquery-1.4.2.min.js HTTP/1.1" 200 72174
191.119.234.71 - - [25/Jul/2017:15:12:23 -0300] "GET /cormun/static/SmoothNavMenu/resources/SmoothNavMenuRender.js HTTP/1.1" 200 5951
191.119.234.71 - - [25/Jul/2017:15:12:23 -0300] "GET /cormun/static/scaMessage/js/jquery.pnotify.min.js HTTP/1.1" 200 13038
191.119.234.71 - - [25/Jul/2017:15:12:23 -0300] "GET /cormun/static/scaMessage/scaMessageRender.js HTTP/1.1" 200 11977
191.119.234.71 - - [25/Jul/2017:15:12:23 -0300] "GET /cormun/static/hmpwkw03.js?20177612122668 HTTP/1.1" 200 3965
191.119.234.71 - - [25/Jul/2017:15:12:25 -0300] "GET /cormun/static/Shared/jquery/jquery-1.10.2.min.js HTTP/1.1" 200 273199
186.79.238.81 - - [25/Jul/2017:15:12:25 -0300] "POST /cormun/servlet/solicitudot?gx-no-cache=1501006388725 HTTP/1.1" 200 256
191.119.234.71 - - [25/Jul/2017:15:12:25 -0300] "GET /cormun/static/Shared/jqueryui/jquery-ui.min.js HTTP/1.1" 200 240427
186.79.238.81 - - [25/Jul/2017:15:12:30 -0300] "GET /cormun/servlet/solicitudot?75f33a266b6f4bb245384f4e1610c6d3c56654457291aa027ac6986f8ac55d10a6f94fc6c531f381cb5609c4e2a00e4b235c2889c9ce84ef419bb307efa20d06f55ceaa77babee6a0ff31d7ea4b01f50a9710888382159ddf10c67cd0b6ae27ac0453cd9c9debd312685107f935a9f2140abcf166158138304c02f782fadbbd6977e5c7db6cf953d1b882e46302a7c265f3b222affa7a7cc43dff6318204f492a3cedd6bf04d1a4c6b416d20327f23e1b4258a6a1b9f200e022b97375c552ff08d3559303ebd64c1d3fa62abe2ad5dbb4de83462c7d3bfd9b14634a351ae6294b5bcec85dd98930553dda441b65e052fcf2153711cbc1d93767fa6e1726743dbfed646d9e24ea8626d8de0896a1026fadd059d51d8c80f7a0aa05d479bead056bbb303522cd535fa55010052307863262f9b07c1984af84c27e814f936bde8dabeefc1dae355e7df4aa4a10fccd273b314d13c74b478c26b62363a2b324afb63ec74fb345d363ece091f6839ccc7f0ea9e7486c035dd5b4e3870a876753eb442,gx-no-cache=1501006388871 HTTP/1.1" 200 30
191.119.234.71 - - [25/Jul/2017:15:12:36 -0300] "GET /cormun/static/Shared/ext/ext-all.js HTTP/1.1" 200 1289687
186.79.238.81 - - [25/Jul/2017:15:12:37 -0300] "POST /cormun/servlet/solicitudot?gx-no-cache=1501006400827 HTTP/1.1" 200 30
191.119.234.71 - - [25/Jul/2017:15:12:38 -0300] "GET /cormun/servlet/hhome HTTP/1.1" 200 3976
191.119.234.71 - - [25/Jul/2017:15:12:38 -0300] "GET /cormun/static/SmoothNavMenu/resources/images/down.gif HTTP/1.1" 200 854
191.119.234.71 - - [25/Jul/2017:15:12:38 -0300] "GET /cormun/static/SmoothNavMenu/resources/images/right.gif HTTP/1.1" 200 860
191.119.234.71 - - [25/Jul/2017:15:12:44 -0300] "GET /cormun/servlet/trlicencias? HTTP/1.1" 200 11229
191.119.234.71 - - [25/Jul/2017:15:12:44 -0300] "GET /cormun/static/gxui/gxui-all.css?110300 HTTP/1.1" 200 2179
191.119.234.71 - - [25/Jul/2017:15:12:44 -0300] "GET /cormun/static/calendar-system.css?75620 HTTP/1.1" 200 5572
191.119.234.71 - - [25/Jul/2017:15:12:44 -0300] "GET /cormun/static/gxcfg.js?20176272054169 HTTP/1.1" 200 953
191.119.234.71 - - [25/Jul/2017:15:12:44 -0300] "GET /cormun/static/calendar-setup.js?85251 HTTP/1.1" 200 2588
191.119.234.71 - - [25/Jul/2017:15:12:44 -0300] "GET /cormun/static/calendar-es.js?85251 HTTP/1.1" 200 1901
191.119.234.71 - - [25/Jul/2017:15:12:44 -0300] "GET /cormun/static/calendar.js?85251 HTTP/1.1" 200 26246
191.119.234.71 - - [25/Jul/2017:15:12:45 -0300] "GET /cormun/static/Resources/Spanish/PXTools.css?17315867 HTTP/1.1" 200 89042
191.119.234.71 - - [25/Jul/2017:15:12:45 -0300] "GET /cormun/static/gxdec.js?85251 HTTP/1.1" 200 19579
191.119.234.71 - - [25/Jul/2017:15:12:45 -0300] "GET /cormun/static/trlicencias.js?20176272054837 HTTP/1.1" 200 41883
191.119.234.71 - - [25/Jul/2017:15:12:45 -0300] "GET /cormun/static/Shared/ext/resources/css/ext-all.css?205870 HTTP/1.1" 200 416045
191.119.234.71 - - [25/Jul/2017:15:12:45 -0300] "GET /cormun/static/Resources/PXTools/calendar.png HTTP/1.1" 200 1306
191.119.234.71 - - [25/Jul/2017:15:12:46 -0300] "GET /cormun/static/Resources/PXToolsDataSearch.png HTTP/1.1" 200 419
191.119.234.71 - - [25/Jul/2017:15:12:46 -0300] "GET /cormun/static/Resources/PXToolsGridFirstDisabled.gif HTTP/1.1" 200 100
191.119.234.71 - - [25/Jul/2017:15:12:46 -0300] "GET /cormun/static/Resources/PXToolsGridPreviousDisabled.gif HTTP/1.1" 200 90
191.119.234.71 - - [25/Jul/2017:15:12:46 -0300] "GET /cormun/static/Resources/PXToolsGridNextDisabled.gif HTTP/1.1" 200 90
191.119.234.71 - - [25/Jul/2017:15:12:46 -0300] "GET /cormun/static/Resources/PXToolsGridLastDisabled.gif HTTP/1.1" 200 98
191.119.234.71 - - [25/Jul/2017:15:12:46 -0300] "GET /cormun/static/Resources/PXToolsGridPage.gif HTTP/1.1" 200 725
191.119.234.71 - - [25/Jul/2017:15:12:46 -0300] "GET /cormun/static/Resources/PXToolsActionExcel.png HTTP/1.1" 200 3187
191.119.234.71 - - [25/Jul/2017:15:12:46 -0300] "GET /cormun/static/Resources/PXToolsGridNew.png HTTP/1.1" 200 2949
191.119.234.71 - - [25/Jul/2017:15:12:47 -0300] "GET /cormun/static/Resources/asc.gif HTTP/1.1" 200 67
191.119.234.71 - - [25/Jul/2017:15:12:47 -0300] "GET /cormun/static/Resources/desc.gif HTTP/1.1" 200 65
191.119.234.71 - - [25/Jul/2017:15:12:47 -0300] "GET /cormun//static/Resources/PXToolsActionDisabled.gif HTTP/1.1" 200 53
191.119.234.71 - - [25/Jul/2017:15:12:47 -0300] "GET /cormun//static/Resources/PXTools/ActionInsert.png HTTP/1.1" 200 1482
191.119.234.71 - - [25/Jul/2017:15:12:47 -0300] "GET /cormun//static/Resources/PXToolsGridDisplay.png HTTP/1.1" 200 362
191.119.234.71 - - [25/Jul/2017:15:12:47 -0300] "GET /cormun/servlet/trlicencias? HTTP/1.1" 200 11232
191.119.234.71 - - [25/Jul/2017:15:12:47 -0300] "GET /cormun//static/Resources/PXToolsActionPrint.png HTTP/1.1" 200 3317
191.119.234.71 - - [25/Jul/2017:15:12:47 -0300] "GET /cormun//static/Resources/PXToolsHeaderHelp.png HTTP/1.1" 200 4055
191.119.234.71 - - [25/Jul/2017:15:12:47 -0300] "GET /cormun//static/Resources/PXToolsHeaderFavorites.png HTTP/1.1" 200 2744
191.119.234.71 - - [25/Jul/2017:15:12:48 -0300] "GET /cormun/static/Shared/ext/resources/themes/images/default/panel/bg-headersPanel.png HTTP/1.1" 200 255
191.119.234.71 - - [25/Jul/2017:15:12:48 -0300] "GET /cormun/static/Shared/ext/resources/themes/images/default/tools/tool-sprites.gif HTTP/1.1" 200 5434
186.79.238.81 - - [25/Jul/2017:15:12:48 -0300] "POST /cormun/servlet/solicitudot?gx-no-cache=1501006411685 HTTP/1.1" 200 1357
186.79.238.81 - - [25/Jul/2017:15:12:48 -0300] "POST /cormun/servlet/solicitudot?gx-no-cache=1501006411861 HTTP/1.1" 200 38
191.119.234.71 - - [25/Jul/2017:15:13:02 -0300] "GET /cormun/servlet/licenciaspermisos?INS,0,,, HTTP/1.1" 200 7517
191.119.234.71 - - [25/Jul/2017:15:13:02 -0300] "GET /cormun/static/gxcfg.js?201762917281167 HTTP/1.1" 200 953
191.119.234.71 - - [25/Jul/2017:15:13:02 -0300] "GET /cormun/static/Resources/prompt.gif HTTP/1.1" 200 902
191.119.234.71 - - [25/Jul/2017:15:13:02 -0300] "GET /cormun/static/licenciaspermisos.js?201762917281260 HTTP/1.1" 200 37491
191.119.234.71 - - [25/Jul/2017:15:13:03 -0300] "GET /cormun/servlet/licenciaspermisos?INS,0,,, HTTP/1.1" 200 7523
191.119.234.71 - - [25/Jul/2017:15:13:06 -0300] "GET /cormun/static/Resources/resize.gif HTTP/1.1" 200 77
191.119.234.71 - - [25/Jul/2017:15:13:07 -0300] "GET /cormun/servlet/prfichaempleado?,MD,,gxPopupLevel%3D0%3B HTTP/1.1" 200 9260
191.119.234.71 - - [25/Jul/2017:15:13:07 -0300] "GET /cormun/static/gxcfg.js?20177612134814 HTTP/1.1" 200 953
