186.103.157.246 - - [25/Jul/2017:13:36:26 -0300] "GET /cormun/servlet/licenciaspermisos?INS,0,,, HTTP/1.1" 200 7508
186.103.159.43 - - [25/Jul/2017:13:37:26 -0300] "GET /cormun/servlet/solicitudot?637ef073b54d253390dd6fb9ff5eab9d7579329d02bf5182b5b5da60387d9dad114ed072c9035acc0949ea60129e3b38,gx-no-cache=1501000692828 HTTP/1.1" 200 30
186.103.159.43 - - [25/Jul/2017:13:37:26 -0300] "POST /cormun/servlet/solicitudot?gx-no-cache=1501000692932 HTTP/1.1" 200 255
186.103.159.43 - - [25/Jul/2017:13:37:27 -0300] "GET /cormun/servlet/solicitudot?637ef073b54d253390dd6fb9ff5eab9ddafcfd51594630a23e30c64461a9fc89f731a1a150df1d918da5f42cd9e367f14833abadca33c2cbd24d4a6f6aa0ee565079be2d6e391761aa5d94d5d570d4133b593421934e32d95aa115f8dac8e36016501c99a9c4a1a9870e3930263c677adc99740b962474be318ad61b86374c54031b4e9f3cda667b3deb7fb5dc8bedcc53e5984660f9f9b6af7715cee8c13f3d7253c8ce88fa6a6e66129312abb824b8cb0b6bbe3d5d7e2808e4561a7095d3b320cf2aec07735938ab2a14b1f523733f146395aaf1a90f8c59a8a7965ea33f2bc6a5e551ca66a6b8b8e1f499bbdc88b722c54cbcacfc57f377d7ddd702655f1c7c901ceec2b01b99cf819bd48283a57561e16b4692a3d4c3b5d0251edfbc28d94793ad9f2793570de3406789c622af4bbb6a707f15224c8b5e59015d6e0dceaa5b6cebb02e52c110e919f17796a4cf55ebc9b0f741f8303ee9a1b84d90e8c69453f4fa95e918b9d3895507fe6fc014585a657bd454605016c6782b71b0ce3315,gx-no-cache=1501000693056 HTTP/1.1" 200 30
186.103.159.43 - - [25/Jul/2017:13:37:27 -0300] "POST /cormun/servlet/solicitudot?gx-no-cache=1501000693091 HTTP/1.1" 200 30
186.103.159.43 - - [25/Jul/2017:13:37:27 -0300] "POST /cormun/servlet/solicitudot?gx-no-cache=1501000693139 HTTP/1.1" 200 1357
186.103.159.43 - - [25/Jul/2017:13:37:27 -0300] "POST /cormun/servlet/solicitudot?gx-no-cache=1501000693255 HTTP/1.1" 200 38
186.103.157.246 - - [25/Jul/2017:13:39:02 -0300] "GET /cormun/servlet/licenciaspermisos?c778977b3c97939dd332a6c27abcb5f6316c39240a25b846f611419e20e7dec7418a3802ff5f53af54428605de29f16a,gx-no-cache=1501000788738 HTTP/1.1" 200 95
186.103.157.246 - - [25/Jul/2017:13:39:03 -0300] "POST /cormun/servlet/licenciaspermisos?d1af6ed9f0a5c4718453d30ddf536994,INS,0,,,,gx-no-cache=1501000789631 HTTP/1.1" 200 4733
186.103.159.43 - - [25/Jul/2017:13:39:07 -0300] "POST /cormun/servlet/solicitudot?gx-no-cache=1501000793306 HTTP/1.1" 200 1356
186.103.159.43 - - [25/Jul/2017:13:39:07 -0300] "POST /cormun/servlet/solicitudot?gx-no-cache=1501000793446 HTTP/1.1" 200 38
186.103.159.43 - - [25/Jul/2017:13:39:26 -0300] "GET /cormun/servlet/solicitudot?637ef073b54d253390dd6fb9ff5eab9d7e04068b77045b7b9c79731bceec00db5652d7499549f2df754ce109e1a7921c6bc23389630bf1e79822d575bf618c360f0d8ec8554538fcf3612de3fc03029f13ecd13aa4046e5ac40795836ba5ebf4486c8f0d17e735ef00538a9ae72653dd0e248a9e0bde973ac9bf2330644bed2b909b4e2dcea4b16dc2508850bc3d85b5a43e5ff663b83ccb2ec0e599829e7571,gx-no-cache=1501000812868 HTTP/1.1" 200 29
186.103.159.43 - - [25/Jul/2017:13:39:27 -0300] "POST /cormun/servlet/solicitudot?gx-no-cache=1501000812988 HTTP/1.1" 200 1336
186.103.157.246 - - [25/Jul/2017:13:40:30 -0300] "GET /cormun/static/menuarrow.gif HTTP/1.1" 404 1015
186.103.159.43 - - [25/Jul/2017:13:41:44 -0300] "POST /cormun/servlet/solicitudot?gx-no-cache=1501000950887 HTTP/1.1" 200 30
40.77.167.4 - - [25/Jul/2017:13:41:49 -0300] "GET /cormun/servlet/hlogin HTTP/1.1" 200 1709
190.45.55.254 - - [25/Jul/2017:13:43:34 -0300] "GET /cormun/servlet/trsolicitudot? HTTP/1.1" 200 6380
190.45.55.254 - - [25/Jul/2017:13:43:35 -0300] "GET /cormun/servlet/hlogin HTTP/1.1" 200 1745
190.45.55.254 - - [25/Jul/2017:13:43:35 -0300] "GET /cormun/servlet/trsolicitudot? HTTP/1.1" 200 6367
190.45.55.254 - - [25/Jul/2017:13:43:49 -0300] "POST /cormun/servlet/hlogin?63bd6473940a79a5b67c3139d3062f22,gx-no-cache=1501001074555 HTTP/1.1" 200 90
190.45.55.254 - - [25/Jul/2017:13:43:49 -0300] "GET /cormun/servlet/hpexe_link HTTP/1.1" 200 963
190.45.55.254 - - [25/Jul/2017:13:43:49 -0300] "GET /cormun/servlet/trsolicitudot HTTP/1.1" 200 10520
190.45.55.254 - - [25/Jul/2017:13:43:50 -0300] "GET /cormun/servlet/trsolicitudot HTTP/1.1" 200 10519
190.45.55.254 - - [25/Jul/2017:13:43:56 -0300] "GET /cormun/servlet/solicitudot?INS,0,0, HTTP/1.1" 200 13013
190.45.55.254 - - [25/Jul/2017:13:43:56 -0300] "GET /cormun/servlet/solicitudot?INS,0,0, HTTP/1.1" 200 13018
186.103.159.43 - - [25/Jul/2017:13:44:04 -0300] "POST /cormun/servlet/solicitudot?gx-no-cache=1501001090853 HTTP/1.1" 200 30
186.103.159.43 - - [25/Jul/2017:13:44:33 -0300] "POST /cormun/servlet/solicitudot?gx-no-cache=1501001119189 HTTP/1.1" 200 1356
186.103.159.43 - - [25/Jul/2017:13:44:33 -0300] "POST /cormun/servlet/solicitudot?gx-no-cache=1501001119484 HTTP/1.1" 200 41
186.103.159.43 - - [25/Jul/2017:13:44:33 -0300] "POST /cormun/servlet/solicitudot?gx-no-cache=1501001119579 HTTP/1.1" 200 1336
186.103.159.43 - - [25/Jul/2017:13:44:33 -0300] "POST /cormun/servlet/solicitudot?gx-no-cache=1501001119682 HTTP/1.1" 200 30
186.103.159.43 - - [25/Jul/2017:13:44:34 -0300] "POST /cormun/servlet/solicitudot?1602ccf37e9e42de73e53cafa931c173,INS,0,0,,gx-no-cache=1501001119769 HTTP/1.1" 200 93
186.103.159.43 - - [25/Jul/2017:13:44:34 -0300] "GET /cormun/servlet/hpexe_return? HTTP/1.1" 200 1003
186.103.159.43 - - [25/Jul/2017:13:44:34 -0300] "GET /cormun/static/hpexe_return.js?2016101716175153 HTTP/1.1" 200 1633
186.103.159.43 - - [25/Jul/2017:13:44:34 -0300] "GET /cormun/static/gxcfg.js?2016101716175148 HTTP/1.1" 200 953
186.103.159.43 - - [25/Jul/2017:13:44:34 -0300] "GET /cormun/static/Resources/Spanish/PXTools.css?167811 HTTP/1.1" 200 89042
186.103.159.43 - - [25/Jul/2017:13:44:34 -0300] "GET /cormun/servlet/trsolicitudot HTTP/1.1" 200 8892
190.45.55.254 - - [25/Jul/2017:13:44:34 -0300] "POST /cormun/servlet/solicitudot?gx-no-cache=1501001120113 HTTP/1.1" 200 3206
190.45.55.254 - - [25/Jul/2017:13:44:35 -0300] "POST /cormun/servlet/solicitudot?63bd6473940a79a5b67c3139d3062f22,INS,0,0,,gx-no-cache=1501001120644 HTTP/1.1" 200 10043
186.103.159.43 - - [25/Jul/2017:13:44:35 -0300] "GET /cormun/servlet/trsolicitudot HTTP/1.1" 200 8888
190.45.55.254 - - [25/Jul/2017:13:44:39 -0300] "GET /cormun/servlet/solicitudot?96b4847089281eab5f88185a53c7b23603463f255ffcc51abf50badd9adfc5183b9dfd714b39a2e9ff913796f2950d2d,gx-no-cache=1501001124693 HTTP/1.1" 200 30
190.45.55.254 - - [25/Jul/2017:13:44:39 -0300] "POST /cormun/servlet/solicitudot?gx-no-cache=1501001124811 HTTP/1.1" 200 255
190.45.55.254 - - [25/Jul/2017:13:44:39 -0300] "GET /cormun/servlet/solicitudot?96b4847089281eab5f88185a53c7b236c974ffd97b409362462c9d039ec9c6d661df3359685816cc364e7f20b196e68449044a05c9868dd817471d0079e2219df4a2ff3b482e7be97563c5b0864bfa2dceb277088ddf3bfe5797aa089dbd4a44a8c04cbf40ff3cd16c3b01ce524c80720e5a281ec966b2571904e12de1424e369dea232fc3628c719dfc71cfc43bc4c4a03d9dca819daaa062e81f4aba6ea5a8fcaa4d6a105433ea1d88360abdd5c9b3eed8f081609568976ecc040a39a4252c6aef06e8df1a018eb8737cd931a258276c8b0006168054b58e7ade7863f47c1bda129df95b63b452ed0c024da7e7fa518f661e7480d228232e44501a94e916b63de0f568031970be48cb2fe822923eeeb960fdb9cd1c1892f870a1d354fb5eb24380e5ed434315d582cc7d0c4f50fd14e5fdde83d9e6abc01af2b5dc5f00966da1b93bee16d766dd5405df689b1275d6db67876215df711882ffce552b5613a52451fda870c4189fc7fdf6eda9c1ea513d60f8fe85c657820e41fff2e991d5a0,gx-no-cache=1501001124929 HTTP/1.1" 200 30
190.45.55.254 - - [25/Jul/2017:13:44:41 -0300] "POST /cormun/servlet/solicitudot?gx-no-cache=1501001127554 HTTP/1.1" 200 30
190.45.55.254 - - [25/Jul/2017:13:44:59 -0300] "POST /cormun/servlet/solicitudot?gx-no-cache=1501001145131 HTTP/1.1" 200 1357
190.45.55.254 - - [25/Jul/2017:13:44:59 -0300] "POST /cormun/servlet/solicitudot?gx-no-cache=1501001145226 HTTP/1.1" 200 38
186.103.159.43 - - [25/Jul/2017:13:45:08 -0300] "GET /cormun/servlet/solicitudot?INS,0,0, HTTP/1.1" 200 12654
186.103.159.43 - - [25/Jul/2017:13:45:08 -0300] "GET /cormun/servlet/solicitudot?INS,0,0, HTTP/1.1" 200 12659
190.45.55.254 - - [25/Jul/2017:13:45:10 -0300] "GET /cormun/servlet/solicitudot?96b4847089281eab5f88185a53c7b2362ee6a5811b0935bf637730ba9d2c5666ecde84d957a405892cce41510f9a74e67d2ddfa7e2107fb37d9bf11eb049a98178c4f1a416d91e785b3e477e868c94b389da369fe26d2b624058d1a506ddf5a98f10b472320f801ddf88a95afbdf99400df0a9f982901022d80b3f01cb13c536037335cb9699bf38deda536241af1d1296f6f6fc580fd8c36b0823956ca1a823,gx-no-cache=1501001155801 HTTP/1.1" 200 29
190.45.55.254 - - [25/Jul/2017:13:45:10 -0300] "POST /cormun/servlet/solicitudot?gx-no-cache=1501001155916 HTTP/1.1" 200 1336
186.103.159.43 - - [25/Jul/2017:13:45:28 -0300] "POST /cormun/servlet/solicitudot?gx-no-cache=1501001174750 HTTP/1.1" 200 3206
186.103.159.43 - - [25/Jul/2017:13:45:29 -0300] "POST /cormun/servlet/solicitudot?1602ccf37e9e42de73e53cafa931c173,INS,0,0,,gx-no-cache=1501001175019 HTTP/1.1" 200 9842
186.103.159.43 - - [25/Jul/2017:13:45:48 -0300] "GET /cormun/servlet/solicitudot?637ef073b54d253390dd6fb9ff5eab9d7579329d02bf5182b5b5da60387d9dad114ed072c9035acc0949ea60129e3b38,gx-no-cache=1501001194932 HTTP/1.1" 200 30
186.103.159.43 - - [25/Jul/2017:13:45:49 -0300] "POST /cormun/servlet/solicitudot?gx-no-cache=1501001195054 HTTP/1.1" 200 255
186.103.159.43 - - [25/Jul/2017:13:45:49 -0300] "GET /cormun/servlet/solicitudot?637ef073b54d253390dd6fb9ff5eab9ddafcfd51594630a23e30c64461a9fc89f731a1a150df1d918da5f42cd9e367f14833abadca33c2cbd24d4a6f6aa0ee565079be2d6e391761aa5d94d5d570d4133b593421934e32d95aa115f8dac8e36016501c99a9c4a1a9870e3930263c677adc99740b962474be318ad61b86374c54031b4e9f3cda667b3deb7fb5dc8bedcc53e5984660f9f9b6af7715cee8c13f3d7253c8ce88fa6a6e66129312abb824b8cb0b6bbe3d5d7e2808e4561a7095d3b320cf2aec07735938ab2a14b1f523733f146395aaf1a90f8c59a8a7965ea33f2bc6a5e551ca66a6b8b8e1f499bbdc88b722c54cbcacfc57f377d7ddd702655f1c7c901ceec2b01b99cf819bd48283a57561e16b4692a3d4c3b5d0251edfbc28d94793ad9f2793570de3406789c622af4bbb6a707f15224c8b5e59015d6e0dceaa5b6cebb02e52c110e919f17796a4cf55ebc9b0f741f8303ee9a1b84d90e8c69453f4fa95e918b9d3895507fe6fc014585a657bd454605016c6782b71b0ce3315,gx-no-cache=1501001195468 HTTP/1.1" 200 30
186.103.159.43 - - [25/Jul/2017:13:45:52 -0300] "POST /cormun/servlet/solicitudot?gx-no-cache=1501001198459 HTTP/1.1" 200 30
190.45.55.254 - - [25/Jul/2017:13:45:57 -0300] "GET /cormun/static/menuarrow.gif HTTP/1.1" 404 1015
190.45.55.254 - - [25/Jul/2017:13:46:25 -0300] "POST /cormun/servlet/solicitudot?gx-no-cache=1501001230524 HTTP/1.1" 200 30
186.103.159.43 - - [25/Jul/2017:13:46:44 -0300] "POST /cormun/servlet/solicitudot?gx-no-cache=1501001250370 HTTP/1.1" 200 1357
186.103.159.43 - - [25/Jul/2017:13:46:44 -0300] "POST /cormun/servlet/solicitudot?gx-no-cache=1501001250596 HTTP/1.1" 200 38
190.45.55.254 - - [25/Jul/2017:13:47:02 -0300] "POST /cormun/servlet/solicitudot?63bd6473940a79a5b67c3139d3062f22,INS,0,0,,gx-no-cache=1501001266889 HTTP/1.1" 200 93
190.45.55.254 - - [25/Jul/2017:13:47:02 -0300] "GET /cormun/servlet/hpexe_return? HTTP/1.1" 200 1012
190.45.55.254 - - [25/Jul/2017:13:47:02 -0300] "GET /cormun/servlet/trsolicitudot HTTP/1.1" 200 10861
190.45.55.254 - - [25/Jul/2017:13:47:03 -0300] "GET /cormun/servlet/trsolicitudot HTTP/1.1" 200 10856
190.45.55.254 - - [25/Jul/2017:13:47:15 -0300] "POST /cormun/servlet/trsolicitudot?63bd6473940a79a5b67c3139d3062f22,gx-no-cache=1501001280302 HTTP/1.1" 200 7696
190.45.55.254 - - [25/Jul/2017:13:47:21 -0300] "POST /cormun/servlet/trsolicitudot?63bd6473940a79a5b67c3139d3062f22,gx-no-cache=1501001287020 HTTP/1.1" 200 7697
190.45.55.254 - - [25/Jul/2017:13:47:29 -0300] "POST /cormun/servlet/trsolicitudot?63bd6473940a79a5b67c3139d3062f22,gx-no-cache=1501001294887 HTTP/1.1" 200 7697
89.248.167.131 - - [25/Jul/2017:13:48:06 -0300] "GET / HTTP/1.1" 200 11217
186.103.159.43 - - [25/Jul/2017:13:48:13 -0300] "POST /cormun/servlet/solicitudot?gx-no-cache=1501001339140 HTTP/1.1" 200 1356
186.103.159.43 - - [25/Jul/2017:13:48:13 -0300] "POST /cormun/servlet/solicitudot?gx-no-cache=1501001339232 HTTP/1.1" 200 38
186.103.159.43 - - [25/Jul/2017:13:48:13 -0300] "GET /cormun/servlet/solicitudot?637ef073b54d253390dd6fb9ff5eab9d7e04068b77045b7b9c79731bceec00db5652d7499549f2df754ce109e1a7921c6bc23389630bf1e79822d575bf618c360f0d8ec8554538fcf3612de3fc03029f13ecd13aa4046e5ac40795836ba5ebf4486c8f0d17e735ef00538a9ae72653dd0e248a9e0bde973ac9bf2330644bed2b909b4e2dcea4b16dc2508850bc3d85b5a43e5ff663b83ccb2ec0e599829e7571,gx-no-cache=1501001339276 HTTP/1.1" 200 29
186.103.159.43 - - [25/Jul/2017:13:48:13 -0300] "POST /cormun/servlet/solicitudot?gx-no-cache=1501001339314 HTTP/1.1" 200 1336
186.103.159.46 - - [25/Jul/2017:13:48:31 -0300] "GET /cormun/servlet/hhome HTTP/1.1" 200 3378
186.103.159.46 - - [25/Jul/2017:13:48:33 -0300] "GET /cormun/servlet/hhome HTTP/1.1" 200 3387
186.103.159.46 - - [25/Jul/2017:13:48:34 -0300] "GET /cormun/servlet/hlogin HTTP/1.1" 200 1734
186.103.159.43 - - [25/Jul/2017:13:48:39 -0300] "POST /cormun/servlet/solicitudot?gx-no-cache=1501001365556 HTTP/1.1" 200 30
186.103.159.46 - - [25/Jul/2017:13:48:46 -0300] "POST /cormun/servlet/hlogin?e350c3fbed0e90de713bb892754c1aeb,gx-no-cache=1501001370977 HTTP/1.1" 200 90
186.103.159.46 - - [25/Jul/2017:13:48:46 -0300] "GET /cormun/servlet/hpexe_link HTTP/1.1" 200 954
186.103.159.46 - - [25/Jul/2017:13:48:46 -0300] "GET /cormun/servlet/hhome HTTP/1.1" 200 3800
186.103.159.46 - - [25/Jul/2017:13:48:47 -0300] "GET /cormun/servlet/hhome HTTP/1.1" 200 3796
186.103.159.46 - - [25/Jul/2017:13:48:54 -0300] "GET /cormun/servlet/trsolicitudot? HTTP/1.1" 200 8895
186.103.159.46 - - [25/Jul/2017:13:48:55 -0300] "GET /cormun/servlet/trsolicitudot? HTTP/1.1" 200 8892
186.103.159.46 - - [25/Jul/2017:13:48:59 -0300] "GET /cormun/servlet/solicitudot?INS,0,0, HTTP/1.1" 200 12669
186.103.159.46 - - [25/Jul/2017:13:48:59 -0300] "GET /cormun/static/gxcfg.js?201752522134570 HTTP/1.1" 200 953
186.103.159.46 - - [25/Jul/2017:13:48:59 -0300] "GET /cormun/static/solicitudot.js?201752522134767 HTTP/1.1" 200 64045
186.103.159.46 - - [25/Jul/2017:13:49:01 -0300] "GET /cormun/servlet/solicitudot?INS,0,0, HTTP/1.1" 200 12674
186.103.159.46 - - [25/Jul/2017:13:49:23 -0300] "POST /cormun/servlet/solicitudot?gx-no-cache=1501001408631 HTTP/1.1" 200 3112
186.103.159.46 - - [25/Jul/2017:13:49:23 -0300] "POST /cormun/servlet/solicitudot?e350c3fbed0e90de713bb892754c1aeb,INS,0,0,,gx-no-cache=1501001408909 HTTP/1.1" 200 9732
186.103.159.43 - - [25/Jul/2017:13:49:24 -0300] "POST /cormun/servlet/solicitudot?1602ccf37e9e42de73e53cafa931c173,INS,0,0,,gx-no-cache=1501001410325 HTTP/1.1" 200 93
186.103.159.43 - - [25/Jul/2017:13:49:24 -0300] "GET /cormun/servlet/hpexe_return? HTTP/1.1" 200 1003
186.103.159.43 - - [25/Jul/2017:13:49:25 -0300] "GET /cormun/servlet/trsolicitudot HTTP/1.1" 200 9174
186.103.159.43 - - [25/Jul/2017:13:49:25 -0300] "GET /cormun/servlet/trsolicitudot HTTP/1.1" 200 9170
186.103.159.46 - - [25/Jul/2017:13:49:26 -0300] "GET /cormun/servlet/solicitudot?62a3ed96d728a48cea8e6295d34bd6cd38753d51f703bc22b860cdea13b451ec8ed300b0934c5880490813098b896b61,gx-no-cache=1501001411330 HTTP/1.1" 200 111
186.103.159.46 - - [25/Jul/2017:13:49:26 -0300] "GET /cormun/static/Shared/jqueryui/images/ui-bg_highlight-soft_100_c6c2c8_1x100.png HTTP/1.1" 404 1117
186.103.159.46 - - [25/Jul/2017:13:49:26 -0300] "GET /cormun/static/Shared/jqueryui/images/ui-icons_82798d_256x240.png HTTP/1.1" 404 1089
186.103.159.46 - - [25/Jul/2017:13:49:26 -0300] "GET /cormun/static/Shared/jqueryui/images/ui-bg_flat_55_994d53_40x100.png HTTP/1.1" 404 1097
186.103.159.46 - - [25/Jul/2017:13:49:26 -0300] "GET /cormun/static/Shared/jqueryui/images/ui-icons_ebccce_256x240.png HTTP/1.1" 404 1089
186.103.159.43 - - [25/Jul/2017:13:49:35 -0300] "POST /cormun/servlet/trsolicitudot?1602ccf37e9e42de73e53cafa931c173,gx-no-cache=1501001420910 HTTP/1.1" 200 105
186.103.159.43 - - [25/Jul/2017:13:49:35 -0300] "GET /cormun/servlet/solicitudot?UPD,2017,7014, HTTP/1.1" 200 14405
186.103.159.43 - - [25/Jul/2017:13:49:35 -0300] "GET /cormun/servlet/solicitudot?UPD,2017,7014, HTTP/1.1" 200 14414
186.103.159.43 - - [25/Jul/2017:13:49:36 -0300] "POST /cormun/servlet/solicitudot?gx-no-cache=1501001422429 HTTP/1.1" 200 3206
186.103.159.43 - - [25/Jul/2017:13:49:36 -0300] "POST /cormun/servlet/solicitudot?1602ccf37e9e42de73e53cafa931c173,UPD,2017,7014,,gx-no-cache=1501001422700 HTTP/1.1" 200 11003
186.103.159.43 - - [25/Jul/2017:13:49:36 -0300] "GET /cormun/servlet/solicitudot?637ef073b54d253390dd6fb9ff5eab9d7579329d02bf5182b5b5da60387d9dad619a9fe43c0414594c0cbc32e5cadc05,gx-no-cache=1501001422991 HTTP/1.1" 200 30
186.103.159.43 - - [25/Jul/2017:13:49:37 -0300] "POST /cormun/servlet/solicitudot?gx-no-cache=1501001423089 HTTP/1.1" 200 257
186.103.159.43 - - [25/Jul/2017:13:49:37 -0300] "GET /cormun/servlet/solicitudot?637ef073b54d253390dd6fb9ff5eab9ddafcfd51594630a23e30c64461a9fc89f731a1a150df1d918da5f42cd9e367f14833abadca33c2cbd24d4a6f6aa0ee565079be2d6e391761aa5d94d5d570d4133b593421934e32d95aa115f8dac8e36016501c99a9c4a1a9870e3930263c677adc99740b962474be318ad61b86374c54031b4e9f3cda667b3deb7fb5dc8bedcc53e5984660f9f9b6af7715cee8c13f3d7253c8ce88fa6a6e66129312abb824b8cb0b6bbe3d5d7e2808e4561a7095d3b320cf2aec07735938ab2a14b1f523733f146395aaf1a90f8c59a8a7965ea33f2bc6a5e551ca66a6b8b8e1f499bbdc88b722c54cbcacfc57f377d7ddd702655f1c7c901ceec2b01b99cf819bd48283a57561e16b4692a3d4c3b5d0251edfbc28d94793ad9f2793570de3406789c622af4bbb6a707f15224c8b5e59015d6e0dceaa5b6cebb02e52c110e919f17796a4cf55ebc9b0f741f8303ee9a1b84d90e8c69453f4fa95e918b9d3895507fe6fc01458bee2f484e8d715c32f304a42faadb97e,gx-no-cache=1501001423224 HTTP/1.1" 200 30
186.103.159.43 - - [25/Jul/2017:13:49:37 -0300] "POST /cormun/servlet/solicitudot?gx-no-cache=1501001423265 HTTP/1.1" 200 30
186.103.159.43 - - [25/Jul/2017:13:49:37 -0300] "POST /cormun/servlet/solicitudot?gx-no-cache=1501001423313 HTTP/1.1" 200 1356
186.103.159.43 - - [25/Jul/2017:13:49:37 -0300] "POST /cormun/servlet/solicitudot?gx-no-cache=1501001423407 HTTP/1.1" 200 41
186.103.159.43 - - [25/Jul/2017:13:49:43 -0300] "GET /cormun/servlet/solicitudot?637ef073b54d253390dd6fb9ff5eab9d709b4e4d3fa75ac24d7d276100b15ec25b1122167ba947080ccd55b2f29fc932aa12120b218d3d2d9d9458479ad5de7620592df086bd53c3462c49795fb47dd01e309a5c055bad9ca63dc2db8e08fb33a0d1981094415c113576f5c9e0800bcebdaa9593f3ce77e7fe430e99cd1549825d0fb265d89a0560df10868b1e35d2412ea1dbbd458286dc9b93c523a75da92e,gx-no-cache=1501001429592 HTTP/1.1" 200 29
186.103.159.43 - - [25/Jul/2017:13:49:43 -0300] "POST /cormun/servlet/solicitudot?gx-no-cache=1501001429644 HTTP/1.1" 200 1336
186.103.159.46 - - [25/Jul/2017:13:49:49 -0300] "POST /cormun/servlet/solicitudot?gx-no-cache=1501001434793 HTTP/1.1" 200 3114
186.103.159.46 - - [25/Jul/2017:13:49:50 -0300] "POST /cormun/servlet/solicitudot?e350c3fbed0e90de713bb892754c1aeb,INS,0,0,,gx-no-cache=1501001435106 HTTP/1.1" 200 9788
186.103.159.46 - - [25/Jul/2017:13:49:50 -0300] "GET /cormun/servlet/solicitudot?62a3ed96d728a48cea8e6295d34bd6cd4f7479846407bb08e35564de2b89e08d8ed300b0934c5880490813098b896b61,gx-no-cache=1501001435482 HTTP/1.1" 200 30
190.45.55.254 - - [25/Jul/2017:13:49:53 -0300] "POST /cormun/servlet/trsolicitudot?63bd6473940a79a5b67c3139d3062f22,gx-no-cache=1501001438391 HTTP/1.1" 200 7696
186.103.159.43 - - [25/Jul/2017:13:49:59 -0300] "POST /cormun/servlet/solicitudot?gx-no-cache=1501001445432 HTTP/1.1" 200 30
186.103.159.43 - - [25/Jul/2017:13:49:59 -0300] "POST /cormun/servlet/solicitudot?1602ccf37e9e42de73e53cafa931c173,UPD,2017,7014,,gx-no-cache=1501001445572 HTTP/1.1" 200 93
186.103.159.43 - - [25/Jul/2017:13:49:59 -0300] "GET /cormun/servlet/hpexe_return? HTTP/1.1" 200 1010
190.45.55.254 - - [25/Jul/2017:13:49:59 -0300] "POST /cormun/servlet/trsolicitudot?63bd6473940a79a5b67c3139d3062f22,gx-no-cache=1501001445232 HTTP/1.1" 200 7697
186.103.159.43 - - [25/Jul/2017:13:50:00 -0300] "GET /cormun/servlet/trsolicitudot HTTP/1.1" 200 9170
186.103.159.43 - - [25/Jul/2017:13:50:01 -0300] "GET /cormun/servlet/trsolicitudot HTTP/1.1" 200 9166
190.45.55.254 - - [25/Jul/2017:13:50:05 -0300] "POST /cormun/servlet/trsolicitudot?63bd6473940a79a5b67c3139d3062f22,gx-no-cache=1501001451156 HTTP/1.1" 200 7697
190.45.55.254 - - [25/Jul/2017:13:50:20 -0300] "POST /cormun/servlet/trsolicitudot?63bd6473940a79a5b67c3139d3062f22,gx-no-cache=1501001465568 HTTP/1.1" 200 7697
190.45.55.254 - - [25/Jul/2017:13:50:30 -0300] "GET /cormun/servlet/hlogin HTTP/1.1" 200 1727
186.103.159.43 - - [25/Jul/2017:13:50:34 -0300] "GET /cormun/servlet/solicitudot?INS,0,0, HTTP/1.1" 200 12652
186.103.159.43 - - [25/Jul/2017:13:50:34 -0300] "GET /cormun/servlet/solicitudot?INS,0,0, HTTP/1.1" 200 12657
186.103.159.43 - - [25/Jul/2017:13:50:55 -0300] "POST /cormun/servlet/solicitudot?gx-no-cache=1501001500963 HTTP/1.1" 200 3220
186.103.159.43 - - [25/Jul/2017:13:50:55 -0300] "POST /cormun/servlet/solicitudot?1602ccf37e9e42de73e53cafa931c173,INS,0,0,,gx-no-cache=1501001501215 HTTP/1.1" 200 9854
190.45.55.254 - - [25/Jul/2017:13:50:58 -0300] "POST /cormun/servlet/hlogin?63bd6473940a79a5b67c3139d3062f22,gx-no-cache=1501001503623 HTTP/1.1" 200 90
190.45.55.254 - - [25/Jul/2017:13:50:58 -0300] "GET /cormun/servlet/hpexe_link HTTP/1.1" 200 982
190.45.55.254 - - [25/Jul/2017:13:50:58 -0300] "GET /cormun/servlet/trsolicitudot?gx-no-cache=1501001465568 HTTP/1.1" 200 10858
190.45.55.254 - - [25/Jul/2017:13:50:59 -0300] "GET /cormun/servlet/trsolicitudot?gx-no-cache=1501001465568 HTTP/1.1" 200 10877
186.103.159.43 - - [25/Jul/2017:13:51:09 -0300] "GET /cormun/servlet/solicitudot?637ef073b54d253390dd6fb9ff5eab9d019fb29b88021173e30768fba077ddbd114ed072c9035acc0949ea60129e3b38,gx-no-cache=1501001515350 HTTP/1.1" 200 30
186.103.159.43 - - [25/Jul/2017:13:51:09 -0300] "POST /cormun/servlet/solicitudot?gx-no-cache=1501001515526 HTTP/1.1" 200 297
186.103.159.43 - - [25/Jul/2017:13:51:09 -0300] "GET /cormun/servlet/solicitudot?637ef073b54d253390dd6fb9ff5eab9ddafcfd51594630a23e30c64461a9fc89298c0853ac6dacc5d9135cacabc4e06f4833abadca33c2cbd24d4a6f6aa0ee565079be2d6e391761aa5d94d5d570d4133b593421934e32d95aa115f8dac8e36016501c99a9c4a1a9870e3930263c677adc99740b962474be318ad61b86374c54031b4e9f3cda667b3deb7fb5dc8bedcc53e5984660f9f9b6af7715cee8c13f3d7253c8ce88fa6a6e66129312abb824b8cb0b6bbe3d5d7e2808e4561a7095d3b320cf2aec07735938ab2a14b1f523733f146395aaf1a90f8c59a8a7965ea33f2bc6a5e551ca66a6b8b8e1f499bbdc88b77fad56353bcdf8a6796762e524f8ff037c901ceec2b01b99cf819bd48283a575268aeb5e167504a46bc8f5d7b2ccdb73b5ebe9250c168ddcc6d5631f556dab6ea60056f89142d1346601103bff9c83773acd50ca5d01f8fc060063717cdd0670d9f82d62a46d83fa0488bc46934641b06bbc4571d2473208b3e7265a3c81d0ba9cace0ee0f227aaa2951697f81ea510cb28ab459b2a281fa9959d0cf38cbcc82,gx-no-cache=1501001515629 HTTP/1.1" 200 30
186.103.159.43 - - [25/Jul/2017:13:51:22 -0300] "POST /cormun/servlet/solicitudot?gx-no-cache=1501001528091 HTTP/1.1" 200 30
186.103.159.46 - - [25/Jul/2017:13:52:58 -0300] "POST /cormun/servlet/solicitudot?gx-no-cache=1501001623630 HTTP/1.1" 200 297
186.103.159.46 - - [25/Jul/2017:13:52:58 -0300] "GET /cormun/servlet/solicitudot?62a3ed96d728a48cea8e6295d34bd6cd05447345eefefdc258db9c670842123669422471b819bc663a7d21572cd513023aa889adeca3fcd7bd8a37376f17035d3363ee3f4e1fbbe7e4064060b92695f9fa8970b1e208a5ca14a2ede588b33f93d0aa843e144c52d2926957bb2d23e212a67d3820139b67462f265eed2ac3f91bb76e6bfc323ae29445423e86bcff332c544b03828ab1c9e2cfb6146137f9a0064b9f5e4f61f14ee057c2fe6758dfc718f8a147a96f1a3af6e3af4d9fc8e0934f1815854d78275d55e8ea6ddc4c8b1345da2983dd9a083d83ff51028cccf650240ad5c949a9cc3dd7f5bb99b66dfc8ad6e8e19c0e1520e7dae15905b247503920b84c818c1c0a3f10abb4e2922302edbb998b7ddacb9dc756a64df3969394600e42e856894d7914c2a97fad0579167fba8cad516bdd257844480d9f0ddb59a509cca79188df348fea0f877d39de0d53df2fa454f61dbe583b79cf7db968f9a040304148a6e258ac604c1e9775215e077a1538a1701acf1c69bed880d96aacaa6f870e5b992e132a963af56360d1a84a65,gx-no-cache=1501001623805 HTTP/1.1" 200 30
186.103.159.46 - - [25/Jul/2017:13:53:13 -0300] "POST /cormun/servlet/solicitudot?gx-no-cache=1501001638555 HTTP/1.1" 200 30
186.103.159.43 - - [25/Jul/2017:13:53:43 -0300] "POST /cormun/servlet/solicitudot?1602ccf37e9e42de73e53cafa931c173,INS,0,0,,gx-no-cache=1501001669041 HTTP/1.1" 200 10107
186.103.159.43 - - [25/Jul/2017:13:53:43 -0300] "GET /cormun/static/Shared/jqueryui/images/ui-bg_highlight-soft_100_c6c2c8_1x100.png HTTP/1.1" 404 1117
186.103.159.43 - - [25/Jul/2017:13:53:43 -0300] "GET /cormun/static/Shared/jqueryui/images/ui-icons_82798d_256x240.png HTTP/1.1" 404 1089
186.103.159.43 - - [25/Jul/2017:13:53:43 -0300] "GET /cormun/static/Shared/jqueryui/images/ui-bg_flat_55_994d53_40x100.png HTTP/1.1" 404 1097
186.103.159.43 - - [25/Jul/2017:13:53:43 -0300] "GET /cormun/static/Shared/jqueryui/images/ui-icons_ebccce_256x240.png HTTP/1.1" 404 1089
186.103.159.43 - - [25/Jul/2017:13:53:43 -0300] "POST /cormun/servlet/solicitudot?1602ccf37e9e42de73e53cafa931c173,INS,0,0,,gx-no-cache=1501001669529 HTTP/1.1" 200 10152
186.103.159.43 - - [25/Jul/2017:13:53:44 -0300] "POST /cormun/servlet/solicitudot?1602ccf37e9e42de73e53cafa931c173,INS,0,0,,gx-no-cache=1501001669799 HTTP/1.1" 200 10212
186.103.159.43 - - [25/Jul/2017:13:53:45 -0300] "POST /cormun/servlet/solicitudot?1602ccf37e9e42de73e53cafa931c173,INS,0,0,,gx-no-cache=1501001671215 HTTP/1.1" 200 10263
186.103.159.46 - - [25/Jul/2017:13:54:08 -0300] "POST /cormun/servlet/solicitudot?gx-no-cache=1501001693337 HTTP/1.1" 200 1356
186.103.159.46 - - [25/Jul/2017:13:54:13 -0300] "GET /cormun/static/menuarrow.gif HTTP/1.1" 404 1015
186.103.159.46 - - [25/Jul/2017:13:54:22 -0300] "POST /cormun/servlet/solicitudot?gx-no-cache=1501001707070 HTTP/1.1" 200 41
186.103.159.43 - - [25/Jul/2017:13:54:36 -0300] "POST /cormun/servlet/solicitudot?gx-no-cache=1501001722676 HTTP/1.1" 200 30
186.103.159.43 - - [25/Jul/2017:13:55:00 -0300] "POST /cormun/servlet/solicitudot?gx-no-cache=1501001746562 HTTP/1.1" 200 79
186.103.159.43 - - [25/Jul/2017:13:55:00 -0300] "POST /cormun/servlet/solicitudot?gx-no-cache=1501001746642 HTTP/1.1" 200 38
186.103.157.246 - - [25/Jul/2017:13:55:20 -0300] "GET /cormun/servlet/licenciaspermisos?c778977b3c97939dd332a6c27abcb5f66576285adcf070f65a62e4b662e0bd995557d6e95d87e305ed597340be7011ec591595df3a25bfb1153caf0dca11259dca93b7dec27dc01db254f4fc9a8002740c89dde8f839f2f2985e0873261974e357af934d7c816c4031d960993c558d78a2310bef2b4c841b4d55225d7981c5785d4620355fad8c0b67cfde4a182ebbdfb2d682c2c04d77592fe0a236b5982202eaf2c295c7bd060df97018dcf0fbd8a827344463bfcea3e880843ba8ff17ea32436102664f2908397991c1ef89d2614a7b45a92a4d5083b929623f6748e90b0e,gx-no-cache=1501001767755 HTTP/1.1" 200 30
186.103.159.43 - - [25/Jul/2017:13:55:20 -0300] "GET /cormun/servlet/hlogin HTTP/1.1" 200 1717
186.103.157.246 - - [25/Jul/2017:13:55:21 -0300] "POST /cormun/servlet/licenciaspermisos?d1af6ed9f0a5c4718453d30ddf536994,INS,0,,,,gx-no-cache=1501001768152 HTTP/1.1" 200 4826
186.103.159.43 - - [25/Jul/2017:13:55:23 -0300] "POST /cormun/servlet/hlogin?684c4818aaa082b4af0bf7ebf0f6a890,gx-no-cache=1501001768972 HTTP/1.1" 200 90
186.103.159.43 - - [25/Jul/2017:13:55:23 -0300] "GET /cormun/servlet/hpexe_link HTTP/1.1" 200 952
186.103.159.43 - - [25/Jul/2017:13:55:23 -0300] "GET /cormun/servlet/hhome HTTP/1.1" 200 3773
186.103.159.43 - - [25/Jul/2017:13:55:24 -0300] "GET /cormun/servlet/hhome HTTP/1.1" 200 3770
186.103.159.43 - - [25/Jul/2017:13:55:27 -0300] "GET /cormun/servlet/trsolicitudot? HTTP/1.1" 200 9167
186.103.159.43 - - [25/Jul/2017:13:55:27 -0300] "GET /cormun/servlet/trsolicitudot? HTTP/1.1" 200 9164
186.103.159.43 - - [25/Jul/2017:13:55:31 -0300] "GET /cormun/servlet/solicitudot?INS,0,0, HTTP/1.1" 200 12654
186.103.159.43 - - [25/Jul/2017:13:55:32 -0300] "GET /cormun/servlet/solicitudot?INS,0,0, HTTP/1.1" 200 12659
186.103.159.43 - - [25/Jul/2017:13:55:45 -0300] "POST /cormun/servlet/solicitudot?gx-no-cache=1501001791497 HTTP/1.1" 200 3220
186.103.159.43 - - [25/Jul/2017:13:55:45 -0300] "POST /cormun/servlet/solicitudot?684c4818aaa082b4af0bf7ebf0f6a890,INS,0,0,,gx-no-cache=1501001791727 HTTP/1.1" 200 9856
186.103.159.43 - - [25/Jul/2017:13:55:48 -0300] "GET /cormun/servlet/solicitudot?3f13921aceaa02b34d11bc5f153519e4fc14fdd0e9531ca194ba39e59fb3a7765bf7ba7c429e0d734f00e700d0a6b9e4,gx-no-cache=1501001794517 HTTP/1.1" 200 30
186.103.159.43 - - [25/Jul/2017:13:55:48 -0300] "POST /cormun/servlet/solicitudot?gx-no-cache=1501001794632 HTTP/1.1" 200 297
186.103.159.43 - - [25/Jul/2017:13:55:48 -0300] "GET /cormun/servlet/solicitudot?3f13921aceaa02b34d11bc5f153519e4897b46bff181eb0514e0a1ece47bfd911ce4df9557359738977a5fd5c7d254e4c42977f747acaeb47823ff290f7db93066a890a8b46a64a09713870d9c4e48a07543b288cd3c1b956c93349022823caf9d5a8fe3a0e83281bd834d67080a7905169072265521a973a8f2101bb218bd3c7aa010f446fcb86501448597279955502abd7ad763f9c96b3c756179d30e406cb24787a7be0eb93b0b331a964b940ddb3b7639ee7d50c550ac5f6c49f6f7dd4fce80e4caf6bf9b73f3f706d21b36e42df403d5bd9d266ea665722b300d0654ced89063efd9211179a49d88dbc11a666efccdccaf7fbd332577f5a0b92809c1be52b7ac7e3d4cdead7b90830d3eb1fb671d5a086c7017b2f77ed3190608226af2e8ef2187b07a66d7f19f6298a2f2efb66394545903985652d3d3a8fb2dda849cb7a935c44352350a8938d2738e7d08975755da9d9f7812353f80316388ddee90d940b7ae51ca227424d2d04bb3dde539cec1c3aabcef4a827927068ea4a88a380d4e1bd9cf8dc01b653e4416ec300e55,gx-no-cache=1501001794755 HTTP/1.1" 200 30
186.103.159.46 - - [25/Jul/2017:13:56:37 -0300] "GET /cormun/servlet/solicitudot?62a3ed96d728a48cea8e6295d34bd6cd692b8ad9f1ef9ee170241d5089adf5283add5e2691d013c71bef9c42afdb0aa50bc4b6e861e82384a623020af448e7c001ec897aaef32e8afbf6bae449a2c82807bd9b811a665f670cf8e9545add35f1d31929ec7366a8bb044a6535d4daefbe,gx-no-cache=1501001842660 HTTP/1.1" 200 29
186.103.159.46 - - [25/Jul/2017:13:56:37 -0300] "POST /cormun/servlet/solicitudot?gx-no-cache=1501001842772 HTTP/1.1" 200 1337
186.103.159.43 - - [25/Jul/2017:13:56:40 -0300] "POST /cormun/servlet/solicitudot?gx-no-cache=1501001846341 HTTP/1.1" 200 30
186.103.159.46 - - [25/Jul/2017:13:56:42 -0300] "POST /cormun/servlet/solicitudot?gx-no-cache=1501001847216 HTTP/1.1" 200 1337
186.103.159.43 - - [25/Jul/2017:13:56:55 -0300] "POST /cormun/servlet/solicitudot?gx-no-cache=1501001861619 HTTP/1.1" 200 1355
186.103.159.43 - - [25/Jul/2017:13:56:55 -0300] "POST /cormun/servlet/solicitudot?gx-no-cache=1501001861728 HTTP/1.1" 200 38
186.103.157.246 - - [25/Jul/2017:13:57:04 -0300] "GET /cormun/servlet/licenciaspermisos?c778977b3c97939dd332a6c27abcb5f6e998b97ccb2974e15f2658df1528809ae6cc2119858897fa66c931019d2baa95698dcc32fabc5443ff2f93802cd2de46e889f3417d5a9166c8cc4e6a3cf3a4f5978570de61a02ab86c196cdf9ed1f6b6b6505631ec56459c78aa84d17e74a97a2f422bbe171296f40e549bb2e1fa1b884e6409d8c5f42d53fddd390e05b95fdd56a0e048efa46a8a9492d6256e5d1cbbb25ed481017a607c4e9a1dd6f1a3d45f54cb3c4745b6c71a9f78f857a870034ff65a2039bb67b68a8b3a4f5c01b6c01e9a13de18612084d0a50a1ab61a92af592b1a71d811b7f4633dea68afeb9e9759,gx-no-cache=1501001871557 HTTP/1.1" 200 65
186.103.157.246 - - [25/Jul/2017:13:57:05 -0300] "POST /cormun/servlet/licenciaspermisos?d1af6ed9f0a5c4718453d30ddf536994,INS,0,,,,gx-no-cache=1501001872053 HTTP/1.1" 200 93
186.103.157.246 - - [25/Jul/2017:13:57:05 -0300] "GET /cormun/servlet/hpexe_return? HTTP/1.1" 200 1010
186.103.157.246 - - [25/Jul/2017:13:57:05 -0300] "GET /cormun/static/gxcfg.js?2016101716175148 HTTP/1.1" 200 953
186.103.157.246 - - [25/Jul/2017:13:57:05 -0300] "GET /cormun/static/hpexe_return.js?2016101716175153 HTTP/1.1" 200 1633
186.103.157.246 - - [25/Jul/2017:13:57:05 -0300] "GET /cormun/static/Resources/Spanish/PXTools.css?167811 HTTP/1.1" 200 89042
186.103.157.246 - - [25/Jul/2017:13:57:06 -0300] "GET /cormun/servlet/trlicencias HTTP/1.1" 200 10849
186.103.157.246 - - [25/Jul/2017:13:57:07 -0300] "GET /cormun//static/Resources/PXToolsGridUpdate.png HTTP/1.1" 200 2984
186.103.157.246 - - [25/Jul/2017:13:57:07 -0300] "GET /cormun/servlet/trlicencias HTTP/1.1" 200 10844
186.103.157.246 - - [25/Jul/2017:13:57:07 -0300] "GET /cormun//static/Resources/PXToolsGridDelete.png HTTP/1.1" 200 357
186.103.159.43 - - [25/Jul/2017:13:57:18 -0300] "GET /cormun/servlet/solicitudot?3f13921aceaa02b34d11bc5f153519e4486d63406d181d01e410f3a02402eaf48a60d070bbab56f65bcbdfbe68f92f853b2305d6f92075de6f88c72c72608921f417a0a6fafd2c0af25e52da960bcc13ca8f47176c8fe7bd12615babd512186fee888d80da781549cb710e0a53d584b4,gx-no-cache=1501001884704 HTTP/1.1" 200 29
186.103.159.43 - - [25/Jul/2017:13:57:18 -0300] "POST /cormun/servlet/solicitudot?gx-no-cache=1501001884823 HTTP/1.1" 200 1336
186.103.159.46 - - [25/Jul/2017:13:57:22 -0300] "POST /cormun/servlet/solicitudot?gx-no-cache=1501001887236 HTTP/1.1" 200 34
186.103.157.246 - - [25/Jul/2017:13:57:31 -0300] "GET /cormun/servlet/trlicenciaspermisosadjuntos?18044187,20170725000000,L, HTTP/1.1" 200 6303
186.103.157.246 - - [25/Jul/2017:13:57:31 -0300] "GET /cormun/static/gxcfg.js?20177612163414 HTTP/1.1" 200 953
186.103.157.246 - - [25/Jul/2017:13:57:31 -0300] "GET /cormun/static/trlicenciaspermisosadjuntos.js?20177612163719 HTTP/1.1" 200 21036
186.103.157.246 - - [25/Jul/2017:13:57:32 -0300] "GET /cormun/servlet/trlicenciaspermisosadjuntos?18044187,20170725000000,L, HTTP/1.1" 200 6303
186.103.157.246 - - [25/Jul/2017:13:57:36 -0300] "GET /cormun/servlet/licenciaspermisosadjuntos?INS,18044187,L,20170725000000,, HTTP/1.1" 200 5601
186.103.157.246 - - [25/Jul/2017:13:57:36 -0300] "GET /cormun/static/gxcfg.js?2017761263592 HTTP/1.1" 200 953
186.103.157.246 - - [25/Jul/2017:13:57:36 -0300] "GET /cormun/static/licenciaspermisosadjuntos.js?201776126362 HTTP/1.1" 200 8760
186.103.157.246 - - [25/Jul/2017:13:57:36 -0300] "GET /cormun/static/about:blank HTTP/1.1" 404 1011
186.103.157.246 - - [25/Jul/2017:13:57:36 -0300] "GET /cormun/servlet/licenciaspermisosadjuntos?INS,18044187,L,20170725000000,, HTTP/1.1" 200 5590
186.103.159.46 - - [25/Jul/2017:13:57:51 -0300] "POST /cormun/servlet/solicitudot?e350c3fbed0e90de713bb892754c1aeb,INS,0,0,,gx-no-cache=1501001916429 HTTP/1.1" 200 93
186.103.159.46 - - [25/Jul/2017:13:57:51 -0300] "GET /cormun/servlet/hpexe_return? HTTP/1.1" 200 1008
186.103.159.46 - - [25/Jul/2017:13:57:52 -0300] "GET /cormun/servlet/trsolicitudot HTTP/1.1" 200 9424
186.103.159.46 - - [25/Jul/2017:13:57:54 -0300] "GET /cormun/servlet/trsolicitudot HTTP/1.1" 200 9421
186.103.159.46 - - [25/Jul/2017:13:58:00 -0300] "POST /cormun/servlet/trsolicitudot?e350c3fbed0e90de713bb892754c1aeb,gx-no-cache=1501001924579 HTTP/1.1" 200 105
186.103.159.46 - - [25/Jul/2017:13:58:00 -0300] "GET /cormun/servlet/trsolicitudadjuntos?2017,7017, HTTP/1.1" 200 5888
186.103.159.46 - - [25/Jul/2017:13:58:01 -0300] "GET /cormun/static/trsolicitudadjuntos.js?20177612135632 HTTP/1.1" 200 17922
186.103.159.46 - - [25/Jul/2017:13:58:01 -0300] "GET /cormun/static/gxcfg.js?20177612135366 HTTP/1.1" 200 953
186.103.159.46 - - [25/Jul/2017:13:58:02 -0300] "GET /cormun/servlet/trsolicitudadjuntos?2017,7017, HTTP/1.1" 200 5888
186.103.159.46 - - [25/Jul/2017:13:58:05 -0300] "GET /cormun/servlet/solicitudotadjuntos?INS,2017,7017,,1, HTTP/1.1" 200 5843
186.103.159.46 - - [25/Jul/2017:13:58:05 -0300] "GET /cormun/static/solicitudotadjuntos.js?20175251152299 HTTP/1.1" 200 11771
186.103.159.46 - - [25/Jul/2017:13:58:06 -0300] "GET /cormun/static/gxcfg.js?201752511522888 HTTP/1.1" 200 953
186.103.159.46 - - [25/Jul/2017:13:58:06 -0300] "GET /cormun/static/about:blank HTTP/1.1" 404 1011
186.103.159.46 - - [25/Jul/2017:13:58:07 -0300] "GET /cormun/servlet/solicitudotadjuntos?INS,2017,7017,,1, HTTP/1.1" 200 5837
186.103.159.46 - - [25/Jul/2017:13:58:07 -0300] "GET /cormun/servlet/solicitudotadjuntos?62a3ed96d728a48cea8e6295d34bd6cd605d6cc6d74424c405a1a015c0a3dcee8f05fa14f6360f6f0f2ee25656256c16,gx-no-cache=1501001932668 HTTP/1.1" 200 30
186.103.159.46 - - [25/Jul/2017:13:58:07 -0300] "POST /cormun/servlet/solicitudotadjuntos?e350c3fbed0e90de713bb892754c1aeb,INS,2017,7017,,1,,gx-no-cache=1501001932757 HTTP/1.1" 200 3639
186.103.159.46 - - [25/Jul/2017:13:58:12 -0300] "POST /cormun/servlet/solicitudotadjuntos?gx-no-cache=1501001937304 HTTP/1.1" 200 26
186.103.157.246 - - [25/Jul/2017:13:58:22 -0300] "POST /cormun/servlet/licenciaspermisosadjuntos?d1af6ed9f0a5c4718453d30ddf536994,INS,18044187,L,20170725000000,, HTTP/1.1" 200 116
186.103.157.246 - - [25/Jul/2017:13:58:22 -0300] "GET /cormun/servlet/hpexe_return? HTTP/1.1" 200 1042
186.103.157.246 - - [25/Jul/2017:13:58:22 -0300] "GET /cormun/servlet/trlicenciaspermisosadjuntos?18044187,20170725000000,L, HTTP/1.1" 200 6790
186.103.157.246 - - [25/Jul/2017:13:58:23 -0300] "GET /cormun/servlet/trlicenciaspermisosadjuntos?18044187,20170725000000,L, HTTP/1.1" 200 6786
186.103.157.246 - - [25/Jul/2017:13:58:30 -0300] "POST /cormun/servlet/trlicenciaspermisosadjuntos?d1af6ed9f0a5c4718453d30ddf536994,18044187,20170725000000,L,,gx-no-cache=1501001956849 HTTP/1.1" 200 90
186.103.157.246 - - [25/Jul/2017:13:58:30 -0300] "GET /cormun/servlet/hpexe_link HTTP/1.1" 200 984
186.103.157.246 - - [25/Jul/2017:13:58:30 -0300] "GET /cormun/servlet/trlicencias HTTP/1.1" 200 10846
186.103.157.246 - - [25/Jul/2017:13:58:31 -0300] "GET /cormun/servlet/trlicencias HTTP/1.1" 200 10844
186.103.159.46 - - [25/Jul/2017:13:58:39 -0300] "GET /cormun/servlet/solicitudotadjuntos?62a3ed96d728a48cea8e6295d34bd6cd9278731d91fdb158e920001745ac4017,gx-no-cache=1501001964410 HTTP/1.1" 200 30
186.103.159.46 - - [25/Jul/2017:13:58:39 -0300] "GET /cormun/servlet/solicitudotadjuntos?62a3ed96d728a48cea8e6295d34bd6cd9278731d91fdb158e920001745ac4017,gx-no-cache=1501001964537 HTTP/1.1" 200 30
186.103.159.46 - - [25/Jul/2017:13:58:39 -0300] "POST /cormun/servlet/solicitudotadjuntos?e350c3fbed0e90de713bb892754c1aeb,INS,2017,7017,,1, HTTP/1.1" 200 116
186.103.159.46 - - [25/Jul/2017:13:58:40 -0300] "GET /cormun/servlet/hpexe_return? HTTP/1.1" 200 1025
186.103.159.46 - - [25/Jul/2017:13:58:40 -0300] "GET /cormun/servlet/trsolicitudadjuntos?2017,7017, HTTP/1.1" 200 8150
186.103.157.246 - - [25/Jul/2017:13:58:40 -0300] "POST /cormun/servlet/trlicencias?d1af6ed9f0a5c4718453d30ddf536994,gx-no-cache=1501001967439 HTTP/1.1" 200 8258
186.103.157.246 - - [25/Jul/2017:13:58:40 -0300] "GET /cormun/static/Shared/jqueryui/images/ui-bg_highlight-soft_100_c6c2c8_1x100.png HTTP/1.1" 404 1117
186.103.157.246 - - [25/Jul/2017:13:58:41 -0300] "GET /cormun/static/Shared/jqueryui/images/ui-icons_82798d_256x240.png HTTP/1.1" 404 1089
186.103.157.246 - - [25/Jul/2017:13:58:41 -0300] "GET /cormun/static/Shared/jqueryui/images/ui-bg_flat_55_fafafa_40x100.png HTTP/1.1" 404 1097
186.103.157.246 - - [25/Jul/2017:13:58:41 -0300] "GET /cormun/static/Shared/jqueryui/images/ui-icons_8d78a5_256x240.png HTTP/1.1" 404 1089
186.103.159.46 - - [25/Jul/2017:13:58:41 -0300] "GET /cormun/servlet/trsolicitudadjuntos?2017,7017, HTTP/1.1" 200 8147
186.103.159.43 - - [25/Jul/2017:13:58:42 -0300] "POST /cormun/servlet/solicitudot?gx-no-cache=1501001968502 HTTP/1.1" 200 30
186.103.159.46 - - [25/Jul/2017:13:58:44 -0300] "GET /cormun/servlet/solicitudotadjuntos?INS,2017,7017,,1, HTTP/1.1" 200 5843
186.103.159.46 - - [25/Jul/2017:13:58:45 -0300] "GET /cormun/static/about:blank HTTP/1.1" 404 1011
186.103.159.46 - - [25/Jul/2017:13:58:46 -0300] "GET /cormun/servlet/solicitudotadjuntos?INS,2017,7017,,1, HTTP/1.1" 200 5837
186.103.159.46 - - [25/Jul/2017:13:58:46 -0300] "GET /cormun/servlet/solicitudotadjuntos?62a3ed96d728a48cea8e6295d34bd6cd605d6cc6d74424c405a1a015c0a3dcee8f05fa14f6360f6f0f2ee25656256c16,gx-no-cache=1501001971631 HTTP/1.1" 200 30
186.103.159.46 - - [25/Jul/2017:13:58:46 -0300] "POST /cormun/servlet/solicitudotadjuntos?e350c3fbed0e90de713bb892754c1aeb,INS,2017,7017,,1,,gx-no-cache=1501001971713 HTTP/1.1" 200 3640
186.103.159.46 - - [25/Jul/2017:13:58:52 -0300] "POST /cormun/servlet/solicitudotadjuntos?gx-no-cache=1501001977491 HTTP/1.1" 200 26
186.103.159.46 - - [25/Jul/2017:13:59:10 -0300] "GET /cormun/servlet/solicitudotadjuntos?62a3ed96d728a48cea8e6295d34bd6cd9278731d91fdb158e920001745ac4017,gx-no-cache=1501001995901 HTTP/1.1" 200 30
186.103.159.46 - - [25/Jul/2017:13:59:10 -0300] "GET /cormun/servlet/solicitudotadjuntos?62a3ed96d728a48cea8e6295d34bd6cd9278731d91fdb158e920001745ac4017,gx-no-cache=1501001995977 HTTP/1.1" 200 30
186.103.159.46 - - [25/Jul/2017:13:59:11 -0300] "POST /cormun/servlet/solicitudotadjuntos?e350c3fbed0e90de713bb892754c1aeb,INS,2017,7017,,1, HTTP/1.1" 200 116
186.103.159.46 - - [25/Jul/2017:13:59:11 -0300] "GET /cormun/servlet/hpexe_return? HTTP/1.1" 200 1025
186.103.159.46 - - [25/Jul/2017:13:59:12 -0300] "GET /cormun/servlet/trsolicitudadjuntos?2017,7017, HTTP/1.1" 200 8389
186.103.159.46 - - [25/Jul/2017:13:59:13 -0300] "GET /cormun/servlet/trsolicitudadjuntos?2017,7017, HTTP/1.1" 200 8389
186.103.159.46 - - [25/Jul/2017:13:59:16 -0300] "GET /cormun/servlet/solicitudotadjuntos?INS,2017,7017,,1, HTTP/1.1" 200 5843
186.103.159.46 - - [25/Jul/2017:13:59:16 -0300] "GET /cormun/static/about:blank HTTP/1.1" 404 1011
186.103.159.46 - - [25/Jul/2017:13:59:17 -0300] "GET /cormun/servlet/solicitudotadjuntos?INS,2017,7017,,1, HTTP/1.1" 200 5837
186.103.159.46 - - [25/Jul/2017:13:59:17 -0300] "GET /cormun/servlet/solicitudotadjuntos?62a3ed96d728a48cea8e6295d34bd6cd605d6cc6d74424c405a1a015c0a3dcee8f05fa14f6360f6f0f2ee25656256c16,gx-no-cache=1501002002791 HTTP/1.1" 200 30
186.103.159.46 - - [25/Jul/2017:13:59:17 -0300] "POST /cormun/servlet/solicitudotadjuntos?e350c3fbed0e90de713bb892754c1aeb,INS,2017,7017,,1,,gx-no-cache=1501002002853 HTTP/1.1" 200 3640
186.103.159.46 - - [25/Jul/2017:13:59:27 -0300] "POST /cormun/servlet/solicitudotadjuntos?gx-no-cache=1501002012520 HTTP/1.1" 200 26
186.103.159.46 - - [25/Jul/2017:13:59:46 -0300] "GET /cormun/servlet/solicitudotadjuntos?62a3ed96d728a48cea8e6295d34bd6cd9278731d91fdb158e920001745ac4017,gx-no-cache=1501002031258 HTTP/1.1" 200 30
186.103.159.46 - - [25/Jul/2017:13:59:46 -0300] "GET /cormun/servlet/solicitudotadjuntos?62a3ed96d728a48cea8e6295d34bd6cd9278731d91fdb158e920001745ac4017,gx-no-cache=1501002031316 HTTP/1.1" 200 30
186.103.159.46 - - [25/Jul/2017:13:59:46 -0300] "POST /cormun/servlet/solicitudotadjuntos?e350c3fbed0e90de713bb892754c1aeb,INS,2017,7017,,1, HTTP/1.1" 200 116
186.103.159.46 - - [25/Jul/2017:13:59:46 -0300] "GET /cormun/servlet/hpexe_return? HTTP/1.1" 200 1025
186.103.159.46 - - [25/Jul/2017:13:59:47 -0300] "GET /cormun/servlet/trsolicitudadjuntos?2017,7017, HTTP/1.1" 200 8559
186.103.159.43 - - [25/Jul/2017:13:59:47 -0300] "POST /cormun/servlet/solicitudot?684c4818aaa082b4af0bf7ebf0f6a890,INS,0,0,,gx-no-cache=1501002033538 HTTP/1.1" 200 93
186.103.159.43 - - [25/Jul/2017:13:59:47 -0300] "GET /cormun/servlet/hpexe_return? HTTP/1.1" 200 1006
186.103.159.43 - - [25/Jul/2017:13:59:48 -0300] "GET /cormun/servlet/trsolicitudot HTTP/1.1" 200 9566
186.103.159.46 - - [25/Jul/2017:13:59:48 -0300] "GET /cormun/servlet/trsolicitudadjuntos?2017,7017, HTTP/1.1" 200 8558
186.103.159.43 - - [25/Jul/2017:13:59:48 -0300] "GET /cormun/servlet/trsolicitudot HTTP/1.1" 200 9562
186.103.159.46 - - [25/Jul/2017:13:59:51 -0300] "GET /cormun/servlet/solicitudotadjuntos?INS,2017,7017,,1, HTTP/1.1" 200 5844
186.103.159.46 - - [25/Jul/2017:13:59:52 -0300] "GET /cormun/static/about:blank HTTP/1.1" 404 1011
186.103.159.46 - - [25/Jul/2017:13:59:52 -0300] "GET /cormun/servlet/solicitudotadjuntos?INS,2017,7017,,1, HTTP/1.1" 200 5838
186.103.159.46 - - [25/Jul/2017:13:59:52 -0300] "GET /cormun/servlet/solicitudotadjuntos?62a3ed96d728a48cea8e6295d34bd6cd605d6cc6d74424c405a1a015c0a3dcee8f05fa14f6360f6f0f2ee25656256c16,gx-no-cache=1501002037862 HTTP/1.1" 200 30
186.103.159.46 - - [25/Jul/2017:13:59:52 -0300] "POST /cormun/servlet/solicitudotadjuntos?e350c3fbed0e90de713bb892754c1aeb,INS,2017,7017,,1,,gx-no-cache=1501002037948 HTTP/1.1" 200 3640
186.103.159.46 - - [25/Jul/2017:13:59:57 -0300] "POST /cormun/servlet/solicitudotadjuntos?gx-no-cache=1501002042707 HTTP/1.1" 200 26
186.103.159.46 - - [25/Jul/2017:14:00:35 -0300] "GET /cormun/servlet/solicitudotadjuntos?62a3ed96d728a48cea8e6295d34bd6cd9278731d91fdb158e920001745ac4017,gx-no-cache=1501002080395 HTTP/1.1" 200 30
186.103.159.46 - - [25/Jul/2017:14:00:35 -0300] "GET /cormun/servlet/solicitudotadjuntos?62a3ed96d728a48cea8e6295d34bd6cd9278731d91fdb158e920001745ac4017,gx-no-cache=1501002080571 HTTP/1.1" 200 30
186.103.159.46 - - [25/Jul/2017:14:00:36 -0300] "POST /cormun/servlet/solicitudotadjuntos?e350c3fbed0e90de713bb892754c1aeb,INS,2017,7017,,1, HTTP/1.1" 200 116
186.103.159.46 - - [25/Jul/2017:14:00:36 -0300] "GET /cormun/servlet/hpexe_return? HTTP/1.1" 200 1025
186.103.159.46 - - [25/Jul/2017:14:00:36 -0300] "GET /cormun/servlet/trsolicitudadjuntos?2017,7017, HTTP/1.1" 200 8712
186.103.159.46 - - [25/Jul/2017:14:00:38 -0300] "GET /cormun/servlet/trsolicitudadjuntos?2017,7017, HTTP/1.1" 200 8709
186.103.159.46 - - [25/Jul/2017:14:00:41 -0300] "GET /cormun/servlet/solicitudotadjuntos?INS,2017,7017,,1, HTTP/1.1" 200 5844
186.103.159.46 - - [25/Jul/2017:14:00:41 -0300] "GET /cormun/static/about:blank HTTP/1.1" 404 1011
186.103.159.46 - - [25/Jul/2017:14:00:42 -0300] "GET /cormun/servlet/solicitudotadjuntos?INS,2017,7017,,1, HTTP/1.1" 200 5837
186.103.159.46 - - [25/Jul/2017:14:00:43 -0300] "GET /cormun/servlet/solicitudotadjuntos?62a3ed96d728a48cea8e6295d34bd6cd605d6cc6d74424c405a1a015c0a3dcee8f05fa14f6360f6f0f2ee25656256c16,gx-no-cache=1501002088119 HTTP/1.1" 200 30
186.103.159.46 - - [25/Jul/2017:14:00:43 -0300] "POST /cormun/servlet/solicitudotadjuntos?e350c3fbed0e90de713bb892754c1aeb,INS,2017,7017,,1,,gx-no-cache=1501002088216 HTTP/1.1" 200 3638
186.103.159.46 - - [25/Jul/2017:14:00:48 -0300] "POST /cormun/servlet/solicitudotadjuntos?gx-no-cache=1501002093687 HTTP/1.1" 200 26
186.103.159.46 - - [25/Jul/2017:14:00:58 -0300] "GET /cormun/servlet/solicitudotadjuntos?62a3ed96d728a48cea8e6295d34bd6cd9278731d91fdb158e920001745ac4017,gx-no-cache=1501002103788 HTTP/1.1" 200 30
186.103.159.46 - - [25/Jul/2017:14:00:58 -0300] "GET /cormun/servlet/solicitudotadjuntos?62a3ed96d728a48cea8e6295d34bd6cd9278731d91fdb158e920001745ac4017,gx-no-cache=1501002103863 HTTP/1.1" 200 30
186.103.159.46 - - [25/Jul/2017:14:01:00 -0300] "POST /cormun/servlet/solicitudotadjuntos?e350c3fbed0e90de713bb892754c1aeb,INS,2017,7017,,1, HTTP/1.1" 200 116
186.103.159.46 - - [25/Jul/2017:14:01:00 -0300] "GET /cormun/servlet/hpexe_return? HTTP/1.1" 200 1025
186.103.159.46 - - [25/Jul/2017:14:01:00 -0300] "GET /cormun/servlet/trsolicitudadjuntos?2017,7017, HTTP/1.1" 200 8925
186.103.159.46 - - [25/Jul/2017:14:01:02 -0300] "GET /cormun/servlet/trsolicitudadjuntos?2017,7017, HTTP/1.1" 200 8924
186.103.159.46 - - [25/Jul/2017:14:01:05 -0300] "GET /cormun/servlet/solicitudotadjuntos?INS,2017,7017,,1, HTTP/1.1" 200 5844
186.103.159.46 - - [25/Jul/2017:14:01:07 -0300] "GET /cormun/static/about:blank HTTP/1.1" 404 1011
186.103.159.46 - - [25/Jul/2017:14:01:08 -0300] "GET /cormun/servlet/solicitudotadjuntos?INS,2017,7017,,1, HTTP/1.1" 200 5837
186.103.159.46 - - [25/Jul/2017:14:01:09 -0300] "GET /cormun/servlet/solicitudotadjuntos?62a3ed96d728a48cea8e6295d34bd6cd605d6cc6d74424c405a1a015c0a3dcee8f05fa14f6360f6f0f2ee25656256c16,gx-no-cache=1501002114052 HTTP/1.1" 200 30
186.103.159.46 - - [25/Jul/2017:14:01:11 -0300] "POST /cormun/servlet/solicitudotadjuntos?e350c3fbed0e90de713bb892754c1aeb,INS,2017,7017,,1,,gx-no-cache=1501002116608 HTTP/1.1" 200 3638
186.103.159.46 - - [25/Jul/2017:14:01:17 -0300] "POST /cormun/servlet/solicitudotadjuntos?gx-no-cache=1501002122345 HTTP/1.1" 200 26
186.103.159.46 - - [25/Jul/2017:14:01:43 -0300] "POST /cormun/servlet/solicitudotadjuntos?e350c3fbed0e90de713bb892754c1aeb,INS,2017,7017,,1, HTTP/1.1" 200 116
186.103.159.46 - - [25/Jul/2017:14:01:43 -0300] "GET /cormun/servlet/hpexe_return? HTTP/1.1" 200 1025
186.103.159.43 - - [25/Jul/2017:14:01:43 -0300] "POST /cormun/servlet/trsolicitudot?684c4818aaa082b4af0bf7ebf0f6a890,gx-no-cache=1501002149155 HTTP/1.1" 200 6702
186.103.159.46 - - [25/Jul/2017:14:01:43 -0300] "GET /cormun/servlet/trsolicitudadjuntos?2017,7017, HTTP/1.1" 200 8926
186.103.159.46 - - [25/Jul/2017:14:01:45 -0300] "GET /cormun/servlet/trsolicitudadjuntos?2017,7017, HTTP/1.1" 200 8925
186.103.159.46 - - [25/Jul/2017:14:01:47 -0300] "GET /cormun/servlet/solicitudotadjuntos?INS,2017,7017,,1, HTTP/1.1" 200 5844
186.103.159.46 - - [25/Jul/2017:14:01:48 -0300] "GET /cormun/static/about:blank HTTP/1.1" 404 1011
186.103.159.46 - - [25/Jul/2017:14:01:49 -0300] "GET /cormun/servlet/solicitudotadjuntos?INS,2017,7017,,1, HTTP/1.1" 200 5837
186.103.159.46 - - [25/Jul/2017:14:01:49 -0300] "GET /cormun/servlet/solicitudotadjuntos?62a3ed96d728a48cea8e6295d34bd6cd605d6cc6d74424c405a1a015c0a3dcee8f05fa14f6360f6f0f2ee25656256c16,gx-no-cache=1501002154694 HTTP/1.1" 200 30
186.103.159.46 - - [25/Jul/2017:14:01:49 -0300] "POST /cormun/servlet/solicitudotadjuntos?e350c3fbed0e90de713bb892754c1aeb,INS,2017,7017,,1,,gx-no-cache=1501002154782 HTTP/1.1" 200 3640
186.103.159.46 - - [25/Jul/2017:14:01:54 -0300] "POST /cormun/servlet/solicitudotadjuntos?gx-no-cache=1501002159717 HTTP/1.1" 200 26
186.103.159.46 - - [25/Jul/2017:14:02:08 -0300] "GET /cormun/servlet/solicitudotadjuntos?62a3ed96d728a48cea8e6295d34bd6cd9278731d91fdb158e920001745ac4017,gx-no-cache=1501002173077 HTTP/1.1" 200 30
186.103.159.46 - - [25/Jul/2017:14:02:08 -0300] "GET /cormun/servlet/solicitudotadjuntos?62a3ed96d728a48cea8e6295d34bd6cd9278731d91fdb158e920001745ac4017,gx-no-cache=1501002173147 HTTP/1.1" 200 30
186.103.159.46 - - [25/Jul/2017:14:02:09 -0300] "POST /cormun/servlet/solicitudotadjuntos?e350c3fbed0e90de713bb892754c1aeb,INS,2017,7017,,1, HTTP/1.1" 200 116
186.103.159.46 - - [25/Jul/2017:14:02:09 -0300] "GET /cormun/servlet/hpexe_return? HTTP/1.1" 200 1025
186.103.159.46 - - [25/Jul/2017:14:02:09 -0300] "GET /cormun/servlet/trsolicitudadjuntos?2017,7017, HTTP/1.1" 200 9167
186.103.159.46 - - [25/Jul/2017:14:02:11 -0300] "GET /cormun/servlet/trsolicitudadjuntos?2017,7017, HTTP/1.1" 200 9165
186.103.159.43 - - [25/Jul/2017:14:02:12 -0300] "POST /cormun/servlet/trsolicitudot?684c4818aaa082b4af0bf7ebf0f6a890,gx-no-cache=1501002178172 HTTP/1.1" 200 6701
186.103.159.46 - - [25/Jul/2017:14:02:15 -0300] "POST /cormun/servlet/trsolicitudadjuntos?e350c3fbed0e90de713bb892754c1aeb,2017,7017,,gx-no-cache=1501002180065 HTTP/1.1" 200 90
