200.83.223.210 - - [25/Jul/2017:19:31:56 -0300] "GET /cormun/static/Shared/jqueryui/images/ui-bg_highlight-soft_100_c6c2c8_1x100.png HTTP/1.1" 404 1117
200.83.223.210 - - [25/Jul/2017:19:31:56 -0300] "GET /cormun/static/Shared/jqueryui/images/ui-icons_82798d_256x240.png HTTP/1.1" 404 1089
200.83.223.210 - - [25/Jul/2017:19:31:56 -0300] "GET /cormun/static/Shared/jqueryui/images/ui-icons_8d78a5_256x240.png HTTP/1.1" 404 1089
200.83.223.210 - - [25/Jul/2017:19:31:56 -0300] "GET /cormun/static/Shared/jqueryui/images/ui-bg_flat_55_fafafa_40x100.png HTTP/1.1" 404 1097
200.83.223.210 - - [25/Jul/2017:19:31:56 -0300] "POST /cormun/servlet/trautorizarsolicitud?893d184bf09c98a71c14f200a98dae5a,,gx-no-cache=1501021986394 HTTP/1.1" 200 5722
200.83.223.210 - - [25/Jul/2017:19:31:58 -0300] "POST /cormun/servlet/trautorizarsolicitud?893d184bf09c98a71c14f200a98dae5a,,gx-no-cache=1501021988015 HTTP/1.1" 200 5423
200.83.223.210 - - [25/Jul/2017:19:31:58 -0300] "POST /cormun/servlet/trautorizarsolicitud?893d184bf09c98a71c14f200a98dae5a,,gx-no-cache=1501021988231 HTTP/1.1" 200 5368
200.83.223.210 - - [25/Jul/2017:19:32:00 -0300] "POST /cormun/servlet/trautorizarsolicitud?893d184bf09c98a71c14f200a98dae5a,,gx-no-cache=1501021990403 HTTP/1.1" 200 4327
200.83.223.210 - - [25/Jul/2017:19:32:00 -0300] "POST /cormun/servlet/trautorizarsolicitud?893d184bf09c98a71c14f200a98dae5a,,gx-no-cache=1501021990560 HTTP/1.1" 200 4108
186.103.157.235 - - [25/Jul/2017:19:32:09 -0300] "GET /cormun/servlet/solicitudot?45345d9b0a004f89b69fe03f05a52a668c7d084a26674166b4130225699e25a985b2327318177618d00b0fc76a7a3c7152d6f21c3289cb9a96c8ae6e9c7b9fac7f0c6062ce68e1f5edcfa344fdb0a7cb2c9619d0f7946849f2e9941e148092acffc3f0101fc39a3962a6e2815342feaf,gx-no-cache=1501021975568 HTTP/1.1" 200 29
186.103.157.235 - - [25/Jul/2017:19:32:10 -0300] "POST /cormun/servlet/solicitudot?gx-no-cache=1501021975880 HTTP/1.1" 200 1336
186.103.157.235 - - [25/Jul/2017:19:32:11 -0300] "GET /cormun/static/menuarrow.gif HTTP/1.1" 404 1015
186.79.25.151 - - [25/Jul/2017:19:33:19 -0300] "POST /cormun/servlet/solicitudot?gx-no-cache=1501022044296 HTTP/1.1" 200 30
186.79.25.151 - - [25/Jul/2017:19:33:19 -0300] "POST /cormun/servlet/solicitudot?3869410b8aa33c149fe5e5653fcf4ef0,INS,0,0,,gx-no-cache=1501022044407 HTTP/1.1" 200 93
186.79.25.151 - - [25/Jul/2017:19:33:19 -0300] "GET /cormun/servlet/hpexe_return? HTTP/1.1" 200 1000
186.79.25.151 - - [25/Jul/2017:19:33:19 -0300] "GET /cormun/static/Resources/Spanish/PXTools.css?167811 HTTP/1.1" 304 -
186.79.25.151 - - [25/Jul/2017:19:33:19 -0300] "GET /cormun/static/gxcfg.js?2016101716175148 HTTP/1.1" 304 -
186.79.25.151 - - [25/Jul/2017:19:33:19 -0300] "GET /cormun/static/hpexe_return.js?2016101716175153 HTTP/1.1" 304 -
186.79.25.151 - - [25/Jul/2017:19:33:19 -0300] "GET /cormun/servlet/trsolicitudot? HTTP/1.1" 200 8922
186.79.25.151 - - [25/Jul/2017:19:33:20 -0300] "GET /cormun/servlet/trsolicitudot? HTTP/1.1" 200 8918
186.103.157.235 - - [25/Jul/2017:19:33:53 -0300] "POST /cormun/servlet/solicitudot?gx-no-cache=1501022078774 HTTP/1.1" 200 1356
186.103.157.235 - - [25/Jul/2017:19:33:53 -0300] "POST /cormun/servlet/solicitudot?gx-no-cache=1501022079304 HTTP/1.1" 200 38
186.103.157.235 - - [25/Jul/2017:19:33:53 -0300] "POST /cormun/servlet/solicitudot?gx-no-cache=1501022079429 HTTP/1.1" 200 1336
186.79.25.151 - - [25/Jul/2017:19:33:54 -0300] "POST /cormun/servlet/trsolicitudot?3869410b8aa33c149fe5e5653fcf4ef0,,gx-no-cache=1501022079156 HTTP/1.1" 200 105
186.79.25.151 - - [25/Jul/2017:19:33:54 -0300] "GET /cormun/servlet/solicitudot?UPD,2017,7033, HTTP/1.1" 200 14406
186.79.25.151 - - [25/Jul/2017:19:33:55 -0300] "GET /cormun/servlet/solicitudot?UPD,2017,7033, HTTP/1.1" 200 14415
186.79.25.151 - - [25/Jul/2017:19:33:56 -0300] "POST /cormun/servlet/solicitudot?gx-no-cache=1501022081086 HTTP/1.1" 200 3230
186.79.25.151 - - [25/Jul/2017:19:33:56 -0300] "POST /cormun/servlet/solicitudot?3869410b8aa33c149fe5e5653fcf4ef0,UPD,2017,7033,,gx-no-cache=1501022081597 HTTP/1.1" 200 10983
186.79.25.151 - - [25/Jul/2017:19:33:56 -0300] "GET /cormun/servlet/solicitudot?5865f41a7da391e84cc60682f2dac5e04f5a54d2ec1cabb82b13d512b2f79c66665883ea68c48807fa8934a1ec75eaf6,gx-no-cache=1501022082120 HTTP/1.1" 200 30
186.79.25.151 - - [25/Jul/2017:19:33:56 -0300] "POST /cormun/servlet/solicitudot?gx-no-cache=1501022082244 HTTP/1.1" 200 238
186.79.25.151 - - [25/Jul/2017:19:33:57 -0300] "GET /cormun/servlet/solicitudot?5865f41a7da391e84cc60682f2dac5e027836cfcc3c906922e718744c5143236aa489a2b757221b080d1957090aaea91a0896a869b44ccf0b09c0df9008386b5adc8ceda4e65791a6dcb09adc22c130ff5e3ab5ec2046fe209bdde9f53162faa64d072b8438473c9c87460ba66dc6c41c84d7e696397f519734dc6d00d58fe2d3d053b14cc9ca1ac9291b0068529802c9c6e3c219769da92ec798a7d9a2cd0eb8dddcc840134107a4d05eeac4e5e0a30c6a9c7b38be4b3fa3fb9355e1d35fdcb7cb0044adfbfe9fd5e8849135245c7801b57884d5db9fe44e05966427395e26e35decd348479ba5a526eb03ea0b84beddeb5b27101f5195258d00fea560027ac6eb47e5ecbca8a81350fe0320902389d0febeb6a3b9341c493115b3dc928300148030d21609c96dfe5d8aeb27a5faed4699820cddd3115692a6a5aa329cca1e39a7dd6702c2808a6cc11f4949a2c3c96deecc21ac897ff7a4b1910aa766524641cf5d0bb68b5d16d730ba66e17920014d21211bf68729da5a46c4136d50ec0eb,gx-no-cache=1501022082397 HTTP/1.1" 200 30
186.79.25.151 - - [25/Jul/2017:19:33:57 -0300] "POST /cormun/servlet/solicitudot?gx-no-cache=1501022082537 HTTP/1.1" 200 30
186.79.25.151 - - [25/Jul/2017:19:33:57 -0300] "POST /cormun/servlet/solicitudot?gx-no-cache=1501022082711 HTTP/1.1" 200 1357
186.79.25.151 - - [25/Jul/2017:19:33:57 -0300] "POST /cormun/servlet/solicitudot?gx-no-cache=1501022082928 HTTP/1.1" 200 41
186.103.157.235 - - [25/Jul/2017:19:34:06 -0300] "POST /cormun/servlet/solicitudot?gx-no-cache=1501022092346 HTTP/1.1" 200 30
186.79.25.151 - - [25/Jul/2017:19:34:22 -0300] "POST /cormun/servlet/solicitudot?gx-no-cache=1501022107280 HTTP/1.1" 200 238
186.79.25.151 - - [25/Jul/2017:19:34:22 -0300] "GET /cormun/servlet/solicitudot?5865f41a7da391e84cc60682f2dac5e027836cfcc3c906922e718744c5143236aa489a2b757221b080d1957090aaea91a0896a869b44ccf0b09c0df9008386b5adc8ceda4e65791a6dcb09adc22c130ff5e3ab5ec2046fe209bdde9f53162faa64d072b8438473c9c87460ba66dc6c41c84d7e696397f519734dc6d00d58fe2d3d053b14cc9ca1ac9291b0068529802c9c6e3c219769da92ec798a7d9a2cd0eb8dddcc840134107a4d05eeac4e5e0a30c6a9c7b38be4b3fa3fb9355e1d35fdcb7cb0044adfbfe9fd5e8849135245c7801b57884d5db9fe44e05966427395e26e35decd348479ba5a526eb03ea0b84beddeb5b27101f5195258d00fea560027ac6eb47e5ecbca8a81350fe0320902389d0febeb6a3b9341c493115b3dc928300148030d21609c96dfe5d8aeb27a5faed4699820cddd3115692a6a5aa329cca1e39a7dd6702c2808a6cc11f4949a2c3c96deecc21ac897ff7a4b1910aa766524641cf5d0bb68b5d16d730ba66e17920014d21211bf68729da5a46c4136d50ec0eb,gx-no-cache=1501022107446 HTTP/1.1" 200 30
186.79.25.151 - - [25/Jul/2017:19:34:22 -0300] "POST /cormun/servlet/solicitudot?gx-no-cache=1501022107535 HTTP/1.1" 200 30
186.79.25.151 - - [25/Jul/2017:19:34:22 -0300] "POST /cormun/servlet/solicitudot?gx-no-cache=1501022107646 HTTP/1.1" 200 1357
186.79.25.151 - - [25/Jul/2017:19:34:22 -0300] "POST /cormun/servlet/solicitudot?gx-no-cache=1501022107840 HTTP/1.1" 200 41
186.79.25.151 - - [25/Jul/2017:19:34:22 -0300] "GET /cormun/servlet/solicitudot?5865f41a7da391e84cc60682f2dac5e06abfd84f98c7b20d97d0ba3d35d1b307bfa00b40141dc9b9df271d47bf514e3da920988d10e768f876544ddc482ef7e625ee85da6a794c73c23d0777f46226608b01a1ec416e29f78785af7292382ce196758925655ff06385280513a75b6fde978abd849150031ce5f1cf9a3b396a65a2a1683f42d33715bb2341ccb9e357091fa22980b0664fea846776536b915e79d3b1194765600b4e800a5f9eb8cc94375eca0a487a1254e4d9e6e713c3f4152b65ddadeec7ab6a81f21de4d981524232,gx-no-cache=1501022107942 HTTP/1.1" 200 29
186.79.25.151 - - [25/Jul/2017:19:34:22 -0300] "POST /cormun/servlet/solicitudot?gx-no-cache=1501022108041 HTTP/1.1" 200 1336
186.79.25.151 - - [25/Jul/2017:19:34:30 -0300] "POST /cormun/servlet/solicitudot?gx-no-cache=1501022115408 HTTP/1.1" 200 30
186.79.25.151 - - [25/Jul/2017:19:34:30 -0300] "POST /cormun/servlet/solicitudot?3869410b8aa33c149fe5e5653fcf4ef0,UPD,2017,7033,,gx-no-cache=1501022115506 HTTP/1.1" 200 93
186.79.25.151 - - [25/Jul/2017:19:34:30 -0300] "GET /cormun/servlet/hpexe_return? HTTP/1.1" 200 1006
186.79.25.151 - - [25/Jul/2017:19:34:30 -0300] "GET /cormun/servlet/trsolicitudot HTTP/1.1" 200 8922
186.79.25.151 - - [25/Jul/2017:19:34:31 -0300] "GET /cormun/servlet/trsolicitudot HTTP/1.1" 200 8918
186.103.157.235 - - [25/Jul/2017:19:34:56 -0300] "POST /cormun/servlet/solicitudot?68f08b510520e326ed86e982961e5fcd,INS,0,0,,gx-no-cache=1501022141576 HTTP/1.1" 200 93
186.103.157.235 - - [25/Jul/2017:19:34:56 -0300] "GET /cormun/servlet/hpexe_return? HTTP/1.1" 200 1000
186.103.157.235 - - [25/Jul/2017:19:34:57 -0300] "GET /cormun/static/gxcfg.js?2016101716175148 HTTP/1.1" 200 953
186.103.157.235 - - [25/Jul/2017:19:34:57 -0300] "GET /cormun/static/hpexe_return.js?2016101716175153 HTTP/1.1" 200 1633
186.103.157.235 - - [25/Jul/2017:19:34:58 -0300] "GET /cormun/static/Resources/Spanish/PXTools.css?167811 HTTP/1.1" 200 89042
186.103.157.235 - - [25/Jul/2017:19:35:01 -0300] "GET /cormun/servlet/trsolicitudot? HTTP/1.1" 200 8621
186.103.157.235 - - [25/Jul/2017:19:35:03 -0300] "GET /cormun/servlet/trsolicitudot? HTTP/1.1" 200 8617
186.103.157.235 - - [25/Jul/2017:19:35:26 -0300] "POST /cormun/servlet/trsolicitudot?68f08b510520e326ed86e982961e5fcd,,gx-no-cache=1501022171482 HTTP/1.1" 200 5727
186.103.157.235 - - [25/Jul/2017:19:35:29 -0300] "GET /cormun/static/Shared/jqueryui/images/ui-bg_highlight-soft_100_c6c2c8_1x100.png HTTP/1.1" 404 1117
186.103.157.235 - - [25/Jul/2017:19:35:29 -0300] "GET /cormun/static/Shared/jqueryui/images/ui-icons_82798d_256x240.png HTTP/1.1" 404 1089
186.103.157.235 - - [25/Jul/2017:19:35:29 -0300] "GET /cormun/static/Shared/jqueryui/images/ui-bg_flat_55_fafafa_40x100.png HTTP/1.1" 404 1097
186.103.157.235 - - [25/Jul/2017:19:35:29 -0300] "GET /cormun/static/Shared/jqueryui/images/ui-icons_8d78a5_256x240.png HTTP/1.1" 404 1089
186.103.157.235 - - [25/Jul/2017:19:35:29 -0300] "POST /cormun/servlet/trsolicitudot?68f08b510520e326ed86e982961e5fcd,,gx-no-cache=1501022175413 HTTP/1.1" 200 5672
186.103.157.235 - - [25/Jul/2017:19:35:42 -0300] "GET /cormun/servlet/trsolicitudot? HTTP/1.1" 200 8619
186.103.157.235 - - [25/Jul/2017:19:35:44 -0300] "GET /cormun/servlet/trsolicitudot? HTTP/1.1" 200 8619
186.103.157.235 - - [25/Jul/2017:19:35:53 -0300] "GET /cormun/servlet/trsolicitudot? HTTP/1.1" 200 8619
186.103.157.235 - - [25/Jul/2017:19:35:55 -0300] "GET /cormun/servlet/trsolicitudot? HTTP/1.1" 200 8619
186.103.157.235 - - [25/Jul/2017:19:36:00 -0300] "GET /cormun/servlet/solicitudot?INS,0,0, HTTP/1.1" 200 12879
186.103.157.235 - - [25/Jul/2017:19:36:02 -0300] "GET /cormun/servlet/solicitudot?INS,0,0, HTTP/1.1" 200 12884
186.79.25.151 - - [25/Jul/2017:19:36:14 -0300] "GET /cormun/servlet/solicitudot?INS,0,0, HTTP/1.1" 200 12687
186.79.25.151 - - [25/Jul/2017:19:36:15 -0300] "GET /cormun/servlet/solicitudot?INS,0,0, HTTP/1.1" 200 12691
186.103.157.235 - - [25/Jul/2017:19:36:30 -0300] "POST /cormun/servlet/solicitudot?gx-no-cache=1501022235471 HTTP/1.1" 200 3179
186.79.25.151 - - [25/Jul/2017:19:36:30 -0300] "POST /cormun/servlet/solicitudot?gx-no-cache=1501022235677 HTTP/1.1" 200 3223
186.103.157.235 - - [25/Jul/2017:19:36:30 -0300] "POST /cormun/servlet/solicitudot?68f08b510520e326ed86e982961e5fcd,INS,0,0,,gx-no-cache=1501022236454 HTTP/1.1" 200 9996
186.79.25.151 - - [25/Jul/2017:19:36:31 -0300] "POST /cormun/servlet/solicitudot?3869410b8aa33c149fe5e5653fcf4ef0,INS,0,0,,gx-no-cache=1501022236160 HTTP/1.1" 200 9848
186.79.25.151 - - [25/Jul/2017:19:36:31 -0300] "GET /cormun/servlet/solicitudot?5865f41a7da391e84cc60682f2dac5e038a78077ac2f1d180d7024a3a74bcdd3cae45840aa1491853fc32a9e55bab119,gx-no-cache=1501022236672 HTTP/1.1" 200 30
192.168.10.96 - - [25/Jul/2017:19:36:34 -0300] "GET /cormun/servlet/hlogin HTTP/1.1" 200 1713
186.79.25.151 - - [25/Jul/2017:19:36:38 -0300] "POST /cormun/servlet/solicitudot?gx-no-cache=1501022243657 HTTP/1.1" 200 255
186.79.25.151 - - [25/Jul/2017:19:36:38 -0300] "GET /cormun/servlet/solicitudot?5865f41a7da391e84cc60682f2dac5e027836cfcc3c906922e718744c514323673ab5fe46cfcca3c8e0a44be1fd03587a0896a869b44ccf0b09c0df9008386b5adc8ceda4e65791a6dcb09adc22c130ff5e3ab5ec2046fe209bdde9f53162faa64d072b8438473c9c87460ba66dc6c41c84d7e696397f519734dc6d00d58fe2d3d053b14cc9ca1ac9291b0068529802c9c6e3c219769da92ec798a7d9a2cd0eb8dddcc840134107a4d05eeac4e5e0a30c6a9c7b38be4b3fa3fb9355e1d35fdcb7cb0044adfbfe9fd5e8849135245c7801b57884d5db9fe44e05966427395e26e35decd348479ba5a526eb03ea0b84beddeb5b27101f5195258d00fea560027ac6eb47e5ecbca8a81350fe0320902389d500574868b9609fea694d1f8e8a688ea92be0ce95785d111757acc58b90089a834cf44bb1010e369043f922cab9350e5db07fc53ee43b7ef24c9f41f5b079752f4ce963a30990e252470da8768123dfa8c2ea6af9e613cb0f7f5e2d27f2d115520109be64d2a32a81b76d66cd20bde8f,gx-no-cache=1501022243772 HTTP/1.1" 200 30
192.168.10.96 - - [25/Jul/2017:19:36:40 -0300] "POST /cormun/servlet/hlogin?c79a41b58ebfb59463304e8db954d1e5,gx-no-cache=1501022181329 HTTP/1.1" 200 90
192.168.10.96 - - [25/Jul/2017:19:36:40 -0300] "GET /cormun/servlet/hpexe_link HTTP/1.1" 200 944
192.168.10.96 - - [25/Jul/2017:19:36:40 -0300] "GET /cormun/servlet/hhome HTTP/1.1" 200 4439
192.168.10.96 - - [25/Jul/2017:19:36:40 -0300] "GET /cormun/servlet/hhome HTTP/1.1" 200 4435
186.103.157.235 - - [25/Jul/2017:19:36:44 -0300] "GET /cormun/servlet/solicitudot?45345d9b0a004f89b69fe03f05a52a66d43784d0f332b6317a242b6312b9b823662ff3e8439894c9737b3a3cc643d118,gx-no-cache=1501022250323 HTTP/1.1" 200 30
192.168.10.96 - - [25/Jul/2017:19:36:45 -0300] "GET /cormun/servlet/trsolicitudgral? HTTP/1.1" 200 28495
192.168.10.96 - - [25/Jul/2017:19:36:46 -0300] "GET /cormun/servlet/trsolicitudgral? HTTP/1.1" 200 28492
192.168.10.96 - - [25/Jul/2017:19:37:27 -0300] "POST /cormun/servlet/trsolicitudgral?c79a41b58ebfb59463304e8db954d1e5,,gx-no-cache=1501022228406 HTTP/1.1" 200 25868
192.168.10.96 - - [25/Jul/2017:19:37:36 -0300] "POST /cormun/servlet/trsolicitudgral?c79a41b58ebfb59463304e8db954d1e5,,gx-no-cache=1501022237126 HTTP/1.1" 200 5745
192.168.10.96 - - [25/Jul/2017:19:37:39 -0300] "POST /cormun/servlet/trsolicitudgral?c79a41b58ebfb59463304e8db954d1e5,,gx-no-cache=1501022240152 HTTP/1.1" 200 25869
186.79.25.151 - - [25/Jul/2017:19:37:40 -0300] "POST /cormun/servlet/solicitudot?gx-no-cache=1501022305609 HTTP/1.1" 200 30
192.168.10.96 - - [25/Jul/2017:19:38:05 -0300] "POST /cormun/servlet/trsolicitudgral?c79a41b58ebfb59463304e8db954d1e5,,gx-no-cache=1501022266079 HTTP/1.1" 200 14614
186.79.25.151 - - [25/Jul/2017:19:38:08 -0300] "POST /cormun/servlet/solicitudot?gx-no-cache=1501022333314 HTTP/1.1" 200 1357
186.79.25.151 - - [25/Jul/2017:19:38:08 -0300] "POST /cormun/servlet/solicitudot?gx-no-cache=1501022333474 HTTP/1.1" 200 38
186.103.157.235 - - [25/Jul/2017:19:38:10 -0300] "POST /cormun/servlet/solicitudot?gx-no-cache=1501022335667 HTTP/1.1" 200 255
186.103.157.235 - - [25/Jul/2017:19:38:10 -0300] "GET /cormun/servlet/solicitudot?45345d9b0a004f89b69fe03f05a52a6644cc6c5455f2bd0bd4c2b45f6342a206373673d2b83d2acc8da527a4675897a84530a6e57bcaa4c581b325417bcf91449333e1fe300b57645fdb9cda0c90dcd29150c77fc19c73d27fdc9b6fa72070afd4de38260fb721bdd200b5d7207c44beb1139c79213a1b98e553ca0a2601e53ce09ce3a784f18adc7df01e3eaa519d90393a41a374e7e6fca2c9ae27e5995e9124cee7069a2691ebb0fc4d21b1c64a2d488b2ebc1a2fd117b75166e5e985a77f891178c903fbf70b4fcbc3c321d2a5d2dfc2ff007db3523a7d0ff75f1d81e7ed753fc70848fa9d5183e2c03ea09919cf7d0dd2fa15d99aea96a63347ed23c4d343d587132ace96847b65156f7a51a1f069fabc0cbbaa82eeb9146d9931a0f36fec467dd3fb7c9b874c5fa77fcc6f5d5e32f01d3e2fc4cd1715cefc2b1cb4b19fce6b6e7c791d78fad0f5805f24016832b3b43a7f5e414777bc2ff570a8e67a303bb81a3bde63567c3cf7d3217da2ae9923c7233855d088a73f98c2bc57facc5d,gx-no-cache=1501022336353 HTTP/1.1" 200 30
186.103.157.235 - - [25/Jul/2017:19:38:14 -0300] "POST /cormun/servlet/solicitudot?gx-no-cache=1501022340409 HTTP/1.1" 200 30
186.79.25.151 - - [25/Jul/2017:19:38:28 -0300] "GET /cormun/servlet/solicitudot?5865f41a7da391e84cc60682f2dac5e0a58bdb9d70dc6ad0c5924e5d41036b81cc080676bc108f5e00db74e9b4841fc94bd056946bafe583fa3fb1ffdc8c48980e708bdb2540360908a6fdd9a6715dd5f975e74f90bd85cda0b608baabcc972dd327567f750a2f5f8e34fca1b4021856f4640ca9d592f5b3f7a28f50dfa77569d89b412dfbe7d6069fe3f7d3f843c88fb67050e4ff07530fea9b238d5bdd72bfa068cafe848067dbe4a0e698ac7525eaa51ad13f9e44f7ffd8ad2e52c6c746551e25c65ca1dc06c96800752be8fefa60,gx-no-cache=1501022353320 HTTP/1.1" 200 29
186.79.25.151 - - [25/Jul/2017:19:38:28 -0300] "POST /cormun/servlet/solicitudot?gx-no-cache=1501022353398 HTTP/1.1" 200 1336
186.79.25.151 - - [25/Jul/2017:19:38:28 -0300] "GET /cormun/static/menuarrow.gif HTTP/1.1" 404 1015
186.79.25.151 - - [25/Jul/2017:19:38:29 -0300] "POST /cormun/servlet/solicitudot?gx-no-cache=1501022355143 HTTP/1.1" 200 1336
186.79.25.151 - - [25/Jul/2017:19:38:39 -0300] "POST /cormun/servlet/solicitudot?gx-no-cache=1501022365110 HTTP/1.1" 200 30
186.103.157.235 - - [25/Jul/2017:19:38:53 -0300] "POST /cormun/servlet/solicitudot?gx-no-cache=1501022379387 HTTP/1.1" 200 257
186.103.157.235 - - [25/Jul/2017:19:38:53 -0300] "GET /cormun/servlet/solicitudot?45345d9b0a004f89b69fe03f05a52a6644cc6c5455f2bd0bd4c2b45f6342a206373673d2b83d2acc8da527a4675897a84530a6e57bcaa4c581b325417bcf91449333e1fe300b57645fdb9cda0c90dcd29150c77fc19c73d27fdc9b6fa72070afd4de38260fb721bdd200b5d7207c44beb1139c79213a1b98e553ca0a2601e53ce09ce3a784f18adc7df01e3eaa519d90393a41a374e7e6fca2c9ae27e5995e9124cee7069a2691ebb0fc4d21b1c64a2d488b2ebc1a2fd117b75166e5e985a77f891178c903fbf70b4fcbc3c321d2a5d2dfc2ff007db3523a7d0ff75f1d81e7ed753fc70848fa9d5183e2c03ea09919cf7d0dd2fa15d99aea96a63347ed23c4d343d587132ace96847b65156f7a51a1f069fabc0cbbaa82eeb9146d9931a0f36fec467dd3fb7c9b874c5fa77fcc6f5d5e32f01d3e2fc4cd1715cefc2b1cb4b19fce6b6e7c791d78fad0f5805f24016832b3b43a7f5e414777bc2ff570a8e67a303bb81a3bde63567c3cf7d3217da2ae998a4e52ef1ddbe9481833a73edb5c9da6,gx-no-cache=1501022379652 HTTP/1.1" 200 30
186.103.157.235 - - [25/Jul/2017:19:38:53 -0300] "POST /cormun/servlet/solicitudot?gx-no-cache=1501022379730 HTTP/1.1" 200 30
186.79.25.151 - - [25/Jul/2017:19:38:56 -0300] "POST /cormun/servlet/solicitudot?3869410b8aa33c149fe5e5653fcf4ef0,INS,0,0,,gx-no-cache=1501022381718 HTTP/1.1" 200 93
186.79.25.151 - - [25/Jul/2017:19:38:57 -0300] "GET /cormun/servlet/hpexe_return? HTTP/1.1" 200 1000
186.79.25.151 - - [25/Jul/2017:19:38:57 -0300] "GET /cormun/servlet/trsolicitudot HTTP/1.1" 200 9370
186.79.25.151 - - [25/Jul/2017:19:38:57 -0300] "GET /cormun/servlet/trsolicitudot HTTP/1.1" 200 9366
186.79.25.151 - - [25/Jul/2017:19:39:01 -0300] "GET /cormun/servlet/solicitudot?INS,0,0, HTTP/1.1" 200 12687
186.79.25.151 - - [25/Jul/2017:19:39:01 -0300] "GET /cormun/servlet/solicitudot?INS,0,0, HTTP/1.1" 200 12691
186.103.157.235 - - [25/Jul/2017:19:39:10 -0300] "POST /cormun/servlet/solicitudot?gx-no-cache=1501022396781 HTTP/1.1" 200 1357
186.103.157.235 - - [25/Jul/2017:19:39:11 -0300] "POST /cormun/servlet/solicitudot?gx-no-cache=1501022397109 HTTP/1.1" 200 38
186.79.25.151 - - [25/Jul/2017:19:39:11 -0300] "POST /cormun/servlet/solicitudot?gx-no-cache=1501022396816 HTTP/1.1" 200 3233
186.79.25.151 - - [25/Jul/2017:19:39:12 -0300] "POST /cormun/servlet/solicitudot?3869410b8aa33c149fe5e5653fcf4ef0,INS,0,0,,gx-no-cache=1501022397408 HTTP/1.1" 200 9857
186.79.25.151 - - [25/Jul/2017:19:39:12 -0300] "GET /cormun/servlet/solicitudot?5865f41a7da391e84cc60682f2dac5e0433d6ba4b450dbf4c768111c044efc37cae45840aa1491853fc32a9e55bab119,gx-no-cache=1501022397920 HTTP/1.1" 200 30
186.79.25.151 - - [25/Jul/2017:19:39:16 -0300] "POST /cormun/servlet/solicitudot?gx-no-cache=1501022401528 HTTP/1.1" 200 297
186.79.25.151 - - [25/Jul/2017:19:39:16 -0300] "GET /cormun/servlet/solicitudot?5865f41a7da391e84cc60682f2dac5e027836cfcc3c906922e718744c51432360f2a2be43802000b320027adb63513dda0896a869b44ccf0b09c0df9008386b5adc8ceda4e65791a6dcb09adc22c130ff5e3ab5ec2046fe209bdde9f53162faa64d072b8438473c9c87460ba66dc6c41c84d7e696397f519734dc6d00d58fe2d3d053b14cc9ca1ac9291b0068529802c9c6e3c219769da92ec798a7d9a2cd0eb8dddcc840134107a4d05eeac4e5e0a30c6a9c7b38be4b3fa3fb9355e1d35fdcb7cb0044adfbfe9fd5e8849135245c7801b57884d5db9fe44e05966427395e26e35decd348479ba5a526eb03ea0b84bedd2ac82a2d89353ab8725b0c0fae8564e6eb47e5ecbca8a81350fe0320902389d0febeb6a3b9341c493115b3dc928300148030d21609c96dfe5d8aeb27a5faed4699820cddd3115692a6a5aa329cca1e3124fcbee6f86005e4635747bd4dc5daaed4e040ae5da3f075f430e948dd68fc68d3f80f6632fa343aa7eab32f08bcc81fb668521b0c5ce121d5e067896bbace242033544ba667c78ceb4485b8a8946fd,gx-no-cache=1501022401661 HTTP/1.1" 200 30
186.79.25.151 - - [25/Jul/2017:19:39:19 -0300] "POST /cormun/servlet/solicitudot?gx-no-cache=1501022404978 HTTP/1.1" 200 30
186.79.25.151 - - [25/Jul/2017:19:39:32 -0300] "POST /cormun/servlet/solicitudot?gx-no-cache=1501022417394 HTTP/1.1" 200 1357
186.79.25.151 - - [25/Jul/2017:19:39:32 -0300] "POST /cormun/servlet/solicitudot?gx-no-cache=1501022417529 HTTP/1.1" 200 38
186.103.157.235 - - [25/Jul/2017:19:39:40 -0300] "GET /cormun/servlet/solicitudot?45345d9b0a004f89b69fe03f05a52a668c7d084a26674166b4130225699e25a985b2327318177618d00b0fc76a7a3c716bceb27d2e2ecacff4f17364848b6a59b1d862f6e04dac227874115e73efcc963333e97709cf5207015d1ad74d072ec57d576ffc7a840c5b03bd601ba8b945a3e9f0942af38e7de4e001c34398bba4479053fbd546691b6ee3557819dfdc6473335f0ef216fdae7bb4ff3d9d40d9fb1b,gx-no-cache=1501022425827 HTTP/1.1" 200 29
186.103.157.235 - - [25/Jul/2017:19:39:40 -0300] "POST /cormun/servlet/solicitudot?gx-no-cache=1501022426248 HTTP/1.1" 200 1336
186.103.157.235 - - [25/Jul/2017:19:39:43 -0300] "POST /cormun/servlet/solicitudot?gx-no-cache=1501022428978 HTTP/1.1" 200 1336
186.79.25.151 - - [25/Jul/2017:19:39:45 -0300] "GET /cormun/servlet/solicitudot?5865f41a7da391e84cc60682f2dac5e0a58bdb9d70dc6ad0c5924e5d41036b81cc080676bc108f5e00db74e9b4841fc9e28444c2451f3570711283ec534dda5fc6eb7bd1e075a49bd8cbe30d5102724c684734b095077af5cfa8fcf310e09c11af8b00cffeb005c5df165b47da11938d,gx-no-cache=1501022430845 HTTP/1.1" 200 29
186.79.25.151 - - [25/Jul/2017:19:39:45 -0300] "POST /cormun/servlet/solicitudot?gx-no-cache=1501022430923 HTTP/1.1" 200 1336
186.79.25.151 - - [25/Jul/2017:19:39:45 -0300] "GET /cormun/static/menuarrow.gif HTTP/1.1" 404 1015
186.79.25.151 - - [25/Jul/2017:19:39:47 -0300] "POST /cormun/servlet/solicitudot?gx-no-cache=1501022432585 HTTP/1.1" 200 1336
186.79.25.151 - - [25/Jul/2017:19:39:56 -0300] "POST /cormun/servlet/solicitudot?gx-no-cache=1501022441690 HTTP/1.1" 200 30
186.103.157.235 - - [25/Jul/2017:19:39:59 -0300] "POST /cormun/servlet/solicitudot?gx-no-cache=1501022445280 HTTP/1.1" 200 30
186.79.25.151 - - [25/Jul/2017:19:40:05 -0300] "POST /cormun/servlet/solicitudot?3869410b8aa33c149fe5e5653fcf4ef0,INS,0,0,,gx-no-cache=1501022450709 HTTP/1.1" 200 93
186.79.25.151 - - [25/Jul/2017:19:40:05 -0300] "GET /cormun/servlet/hpexe_return? HTTP/1.1" 200 1000
186.79.25.151 - - [25/Jul/2017:19:40:06 -0300] "GET /cormun/servlet/trsolicitudot HTTP/1.1" 200 9766
186.79.25.151 - - [25/Jul/2017:19:40:06 -0300] "GET /cormun/servlet/trsolicitudot HTTP/1.1" 200 9761
186.79.25.151 - - [25/Jul/2017:19:40:09 -0300] "GET /cormun/servlet/solicitudot?INS,0,0, HTTP/1.1" 200 12687
186.79.25.151 - - [25/Jul/2017:19:40:10 -0300] "GET /cormun/servlet/solicitudot?INS,0,0, HTTP/1.1" 200 12691
186.79.25.151 - - [25/Jul/2017:19:40:23 -0300] "POST /cormun/servlet/solicitudot?gx-no-cache=1501022468382 HTTP/1.1" 200 3209
186.79.25.151 - - [25/Jul/2017:19:40:23 -0300] "POST /cormun/servlet/solicitudot?3869410b8aa33c149fe5e5653fcf4ef0,INS,0,0,,gx-no-cache=1501022468864 HTTP/1.1" 200 9830
186.79.25.151 - - [25/Jul/2017:19:40:24 -0300] "GET /cormun/servlet/solicitudot?5865f41a7da391e84cc60682f2dac5e071cb21a0d1fefc3cf1546716ca2b63efcae45840aa1491853fc32a9e55bab119,gx-no-cache=1501022469380 HTTP/1.1" 200 30
186.79.25.151 - - [25/Jul/2017:19:40:26 -0300] "POST /cormun/servlet/solicitudot?gx-no-cache=1501022471407 HTTP/1.1" 200 255
186.79.25.151 - - [25/Jul/2017:19:40:26 -0300] "GET /cormun/servlet/solicitudot?5865f41a7da391e84cc60682f2dac5e027836cfcc3c906922e718744c514323673ab5fe46cfcca3c8e0a44be1fd03587a0896a869b44ccf0b09c0df9008386b5adc8ceda4e65791a6dcb09adc22c130ff5e3ab5ec2046fe209bdde9f53162faa64d072b8438473c9c87460ba66dc6c41c84d7e696397f519734dc6d00d58fe2d3d053b14cc9ca1ac9291b0068529802c9c6e3c219769da92ec798a7d9a2cd0eb8dddcc840134107a4d05eeac4e5e0a30c6a9c7b38be4b3fa3fb9355e1d35fdcb7cb0044adfbfe9fd5e8849135245c7801b57884d5db9fe44e05966427395e26e35decd348479ba5a526eb03ea0b84beddeb5b27101f5195258d00fea560027ac6eb47e5ecbca8a81350fe0320902389d500574868b9609fea694d1f8e8a688ea92be0ce95785d111757acc58b90089a834cf44bb1010e369043f922cab9350e5db07fc53ee43b7ef24c9f41f5b079752f4ce963a30990e252470da8768123dfa8c2ea6af9e613cb0f7f5e2d27f2d115520109be64d2a32a81b76d66cd20bde8f,gx-no-cache=1501022471523 HTTP/1.1" 200 30
186.79.25.151 - - [25/Jul/2017:19:40:30 -0300] "POST /cormun/servlet/solicitudot?gx-no-cache=1501022475914 HTTP/1.1" 200 30
186.103.157.235 - - [25/Jul/2017:19:40:37 -0300] "POST /cormun/servlet/solicitudot?68f08b510520e326ed86e982961e5fcd,INS,0,0,,gx-no-cache=1501022482189 HTTP/1.1" 200 93
186.103.157.235 - - [25/Jul/2017:19:40:37 -0300] "GET /cormun/servlet/hpexe_return? HTTP/1.1" 200 1000
186.103.157.235 - - [25/Jul/2017:19:40:38 -0300] "GET /cormun/servlet/trsolicitudot HTTP/1.1" 200 8623
186.79.25.151 - - [25/Jul/2017:19:40:39 -0300] "POST /cormun/servlet/solicitudot?gx-no-cache=1501022484355 HTTP/1.1" 200 1357
186.79.25.151 - - [25/Jul/2017:19:40:39 -0300] "POST /cormun/servlet/solicitudot?gx-no-cache=1501022484475 HTTP/1.1" 200 38
186.103.157.235 - - [25/Jul/2017:19:40:40 -0300] "GET /cormun/servlet/trsolicitudot HTTP/1.1" 200 8619
186.79.25.151 - - [25/Jul/2017:19:40:53 -0300] "GET /cormun/servlet/solicitudot?5865f41a7da391e84cc60682f2dac5e0a58bdb9d70dc6ad0c5924e5d41036b81cc080676bc108f5e00db74e9b4841fc94bd056946bafe583fa3fb1ffdc8c48980e708bdb2540360908a6fdd9a6715dd5f975e74f90bd85cda0b608baabcc972dd327567f750a2f5f8e34fca1b4021856f4640ca9d592f5b3f7a28f50dfa77569d89b412dfbe7d6069fe3f7d3f843c88fb67050e4ff07530fea9b238d5bdd72bfa068cafe848067dbe4a0e698ac7525eaa51ad13f9e44f7ffd8ad2e52c6c746551e25c65ca1dc06c96800752be8fefa60,gx-no-cache=1501022499103 HTTP/1.1" 200 29
186.79.25.151 - - [25/Jul/2017:19:40:53 -0300] "POST /cormun/servlet/solicitudot?gx-no-cache=1501022499180 HTTP/1.1" 200 1336
186.79.25.151 - - [25/Jul/2017:19:40:54 -0300] "GET /cormun/static/menuarrow.gif HTTP/1.1" 404 1015
186.79.25.151 - - [25/Jul/2017:19:40:55 -0300] "POST /cormun/servlet/solicitudot?gx-no-cache=1501022500704 HTTP/1.1" 200 1336
186.103.157.235 - - [25/Jul/2017:19:41:01 -0300] "GET /cormun/servlet/solicitudot?INS,0,0, HTTP/1.1" 200 12878
186.103.157.235 - - [25/Jul/2017:19:41:03 -0300] "GET /cormun/servlet/solicitudot?INS,0,0, HTTP/1.1" 200 12882
186.79.25.151 - - [25/Jul/2017:19:41:04 -0300] "POST /cormun/servlet/solicitudot?gx-no-cache=1501022509872 HTTP/1.1" 200 30
186.79.25.151 - - [25/Jul/2017:19:41:14 -0300] "POST /cormun/servlet/solicitudot?3869410b8aa33c149fe5e5653fcf4ef0,INS,0,0,,gx-no-cache=1501022519078 HTTP/1.1" 200 93
186.79.25.151 - - [25/Jul/2017:19:41:14 -0300] "GET /cormun/servlet/hpexe_return? HTTP/1.1" 200 1000
186.79.25.151 - - [25/Jul/2017:19:41:14 -0300] "GET /cormun/servlet/trsolicitudot HTTP/1.1" 200 10126
186.79.25.151 - - [25/Jul/2017:19:41:15 -0300] "GET /cormun/servlet/trsolicitudot HTTP/1.1" 200 10121
186.79.25.151 - - [25/Jul/2017:19:41:17 -0300] "GET /cormun/servlet/solicitudot?INS,0,0, HTTP/1.1" 200 12685
186.79.25.151 - - [25/Jul/2017:19:41:18 -0300] "GET /cormun/servlet/solicitudot?INS,0,0, HTTP/1.1" 200 12690
186.79.25.151 - - [25/Jul/2017:19:41:24 -0300] "POST /cormun/servlet/solicitudot?gx-no-cache=1501022529980 HTTP/1.1" 200 3209
186.79.25.151 - - [25/Jul/2017:19:41:25 -0300] "POST /cormun/servlet/solicitudot?3869410b8aa33c149fe5e5653fcf4ef0,INS,0,0,,gx-no-cache=1501022530420 HTTP/1.1" 200 9829
186.79.25.151 - - [25/Jul/2017:19:41:25 -0300] "GET /cormun/servlet/solicitudot?5865f41a7da391e84cc60682f2dac5e071cb21a0d1fefc3cf1546716ca2b63efcae45840aa1491853fc32a9e55bab119,gx-no-cache=1501022530936 HTTP/1.1" 200 30
186.79.25.151 - - [25/Jul/2017:19:41:27 -0300] "POST /cormun/servlet/solicitudot?gx-no-cache=1501022533209 HTTP/1.1" 200 255
186.79.25.151 - - [25/Jul/2017:19:41:28 -0300] "GET /cormun/servlet/solicitudot?5865f41a7da391e84cc60682f2dac5e027836cfcc3c906922e718744c514323673ab5fe46cfcca3c8e0a44be1fd03587a0896a869b44ccf0b09c0df9008386b5adc8ceda4e65791a6dcb09adc22c130ff5e3ab5ec2046fe209bdde9f53162faa64d072b8438473c9c87460ba66dc6c41c84d7e696397f519734dc6d00d58fe2d3d053b14cc9ca1ac9291b0068529802c9c6e3c219769da92ec798a7d9a2cd0eb8dddcc840134107a4d05eeac4e5e0a30c6a9c7b38be4b3fa3fb9355e1d35fdcb7cb0044adfbfe9fd5e8849135245c7801b57884d5db9fe44e05966427395e26e35decd348479ba5a526eb03ea0b84beddeb5b27101f5195258d00fea560027ac6eb47e5ecbca8a81350fe0320902389d500574868b9609fea694d1f8e8a688ea92be0ce95785d111757acc58b90089a834cf44bb1010e369043f922cab9350e5db07fc53ee43b7ef24c9f41f5b079752f4ce963a30990e252470da8768123dfa8c2ea6af9e613cb0f7f5e2d27f2d115520109be64d2a32a81b76d66cd20bde8f,gx-no-cache=1501022533323 HTTP/1.1" 200 30
186.79.25.151 - - [25/Jul/2017:19:41:32 -0300] "POST /cormun/servlet/solicitudot?gx-no-cache=1501022537689 HTTP/1.1" 200 30
186.103.157.235 - - [25/Jul/2017:19:41:40 -0300] "POST /cormun/servlet/solicitudot?gx-no-cache=1501022545545 HTTP/1.1" 200 3215
186.103.157.235 - - [25/Jul/2017:19:41:41 -0300] "POST /cormun/servlet/solicitudot?68f08b510520e326ed86e982961e5fcd,INS,0,0,,gx-no-cache=1501022546544 HTTP/1.1" 200 10043
186.79.25.151 - - [25/Jul/2017:19:41:41 -0300] "POST /cormun/servlet/solicitudot?gx-no-cache=1501022546706 HTTP/1.1" 200 1357
186.79.25.151 - - [25/Jul/2017:19:41:41 -0300] "POST /cormun/servlet/solicitudot?gx-no-cache=1501022546834 HTTP/1.1" 200 38
186.103.157.235 - - [25/Jul/2017:19:41:49 -0300] "GET /cormun/servlet/solicitudot?45345d9b0a004f89b69fe03f05a52a66dac261da19debe364b9c66f536d7c3f1662ff3e8439894c9737b3a3cc643d118,gx-no-cache=1501022555514 HTTP/1.1" 200 30
186.103.157.235 - - [25/Jul/2017:19:41:49 -0300] "POST /cormun/servlet/solicitudot?gx-no-cache=1501022555686 HTTP/1.1" 200 297
186.103.157.235 - - [25/Jul/2017:19:41:49 -0300] "GET /cormun/servlet/solicitudot?45345d9b0a004f89b69fe03f05a52a6644cc6c5455f2bd0bd4c2b45f6342a206578223c8e82d8a9bb5a7d3ca11379af44530a6e57bcaa4c581b325417bcf91449333e1fe300b57645fdb9cda0c90dcd29150c77fc19c73d27fdc9b6fa72070afd4de38260fb721bdd200b5d7207c44beb1139c79213a1b98e553ca0a2601e53ce09ce3a784f18adc7df01e3eaa519d90393a41a374e7e6fca2c9ae27e5995e9124cee7069a2691ebb0fc4d21b1c64a2d488b2ebc1a2fd117b75166e5e985a77f891178c903fbf70b4fcbc3c321d2a5d2dfc2ff007db3523a7d0ff75f1d81e7ed753fc70848fa9d5183e2c03ea09919cfb7c20b5519dcb4ac0cb802af6d06885a43d587132ace96847b65156f7a51a1f015efdf69892dab501965417779d18430887405768d341e1ab6342e8e396cfa92bdca08dcc053962b44f2380415922cfcb42ef25e89415f9ce71e0c286fecdb75b9a976d2fb234adf20ad7c34518782a78be8fd07a0fb5c492eee0aff28e97413f7668fb54484ff93ad7753696b0e66f27f2aa4d19b20f9a57d5b79147d123482,gx-no-cache=1501022555826 HTTP/1.1" 200 30
186.79.25.151 - - [25/Jul/2017:19:41:50 -0300] "GET /cormun/servlet/solicitudot?5865f41a7da391e84cc60682f2dac5e0a58bdb9d70dc6ad0c5924e5d41036b81cc080676bc108f5e00db74e9b4841fc94bd056946bafe583fa3fb1ffdc8c48980e708bdb2540360908a6fdd9a6715dd5f975e74f90bd85cda0b608baabcc972dd327567f750a2f5f8e34fca1b4021856f4640ca9d592f5b3f7a28f50dfa77569d89b412dfbe7d6069fe3f7d3f843c88fb67050e4ff07530fea9b238d5bdd72bfa068cafe848067dbe4a0e698ac7525eaa51ad13f9e44f7ffd8ad2e52c6c746551e25c65ca1dc06c96800752be8fefa60,gx-no-cache=1501022556119 HTTP/1.1" 200 29
186.79.25.151 - - [25/Jul/2017:19:41:50 -0300] "POST /cormun/servlet/solicitudot?gx-no-cache=1501022556193 HTTP/1.1" 200 1336
186.79.25.151 - - [25/Jul/2017:19:41:51 -0300] "GET /cormun/static/menuarrow.gif HTTP/1.1" 404 1015
186.103.157.235 - - [25/Jul/2017:19:41:52 -0300] "POST /cormun/servlet/solicitudot?gx-no-cache=1501022558166 HTTP/1.1" 200 30
186.79.25.151 - - [25/Jul/2017:19:41:52 -0300] "POST /cormun/servlet/solicitudot?gx-no-cache=1501022557984 HTTP/1.1" 200 1336
186.79.25.151 - - [25/Jul/2017:19:41:59 -0300] "POST /cormun/servlet/solicitudot?gx-no-cache=1501022565140 HTTP/1.1" 200 30
186.103.157.235 - - [25/Jul/2017:19:42:09 -0300] "POST /cormun/servlet/solicitudot?gx-no-cache=1501022575232 HTTP/1.1" 200 1358
186.103.157.235 - - [25/Jul/2017:19:42:09 -0300] "POST /cormun/servlet/solicitudot?gx-no-cache=1501022575435 HTTP/1.1" 200 38
186.79.25.151 - - [25/Jul/2017:19:42:11 -0300] "POST /cormun/servlet/solicitudot?3869410b8aa33c149fe5e5653fcf4ef0,INS,0,0,,gx-no-cache=1501022575820 HTTP/1.1" 200 93
186.79.25.151 - - [25/Jul/2017:19:42:11 -0300] "GET /cormun/servlet/hpexe_return? HTTP/1.1" 200 1000
186.79.25.151 - - [25/Jul/2017:19:42:11 -0300] "GET /cormun/servlet/trsolicitudot HTTP/1.1" 200 10378
186.79.25.151 - - [25/Jul/2017:19:42:12 -0300] "GET /cormun/servlet/trsolicitudot HTTP/1.1" 200 10373
186.79.25.151 - - [25/Jul/2017:19:42:14 -0300] "GET /cormun/servlet/solicitudot?INS,0,0, HTTP/1.1" 200 12686
186.79.25.151 - - [25/Jul/2017:19:42:14 -0300] "GET /cormun/servlet/solicitudot?INS,0,0, HTTP/1.1" 200 12691
186.103.157.235 - - [25/Jul/2017:19:42:21 -0300] "GET /cormun/servlet/solicitudot?45345d9b0a004f89b69fe03f05a52a668c7d084a26674166b4130225699e25a985b2327318177618d00b0fc76a7a3c7152d6f21c3289cb9a96c8ae6e9c7b9fac7f0c6062ce68e1f5edcfa344fdb0a7cb2c9619d0f7946849f2e9941e148092acffc3f0101fc39a3962a6e2815342feaf,gx-no-cache=1501022587650 HTTP/1.1" 200 29
186.103.157.235 - - [25/Jul/2017:19:42:21 -0300] "POST /cormun/servlet/solicitudot?gx-no-cache=1501022587806 HTTP/1.1" 200 1336
186.103.157.235 - - [25/Jul/2017:19:42:24 -0300] "POST /cormun/servlet/solicitudot?gx-no-cache=1501022590193 HTTP/1.1" 200 1336
186.79.25.151 - - [25/Jul/2017:19:42:26 -0300] "POST /cormun/servlet/solicitudot?gx-no-cache=1501022591197 HTTP/1.1" 200 3210
186.79.25.151 - - [25/Jul/2017:19:42:26 -0300] "POST /cormun/servlet/solicitudot?3869410b8aa33c149fe5e5653fcf4ef0,INS,0,0,,gx-no-cache=1501022591627 HTTP/1.1" 200 9844
186.79.25.151 - - [25/Jul/2017:19:42:26 -0300] "GET /cormun/servlet/solicitudot?5865f41a7da391e84cc60682f2dac5e0e109790d8ee45307f17c6a011af96d5ecae45840aa1491853fc32a9e55bab119,gx-no-cache=1501022592133 HTTP/1.1" 200 30
186.79.25.151 - - [25/Jul/2017:19:42:30 -0300] "POST /cormun/servlet/solicitudot?gx-no-cache=1501022596136 HTTP/1.1" 200 255
186.79.25.151 - - [25/Jul/2017:19:42:30 -0300] "GET /cormun/servlet/solicitudot?5865f41a7da391e84cc60682f2dac5e027836cfcc3c906922e718744c514323673ab5fe46cfcca3c8e0a44be1fd03587a0896a869b44ccf0b09c0df9008386b5adc8ceda4e65791a6dcb09adc22c130ff5e3ab5ec2046fe209bdde9f53162faa64d072b8438473c9c87460ba66dc6c41c84d7e696397f519734dc6d00d58fe2d3d053b14cc9ca1ac9291b0068529802c9c6e3c219769da92ec798a7d9a2cd0eb8dddcc840134107a4d05eeac4e5e0a30c6a9c7b38be4b3fa3fb9355e1d35fdcb7cb0044adfbfe9fd5e8849135245c7801b57884d5db9fe44e05966427395e26e35decd348479ba5a526eb03ea0b84beddeb5b27101f5195258d00fea560027ac6eb47e5ecbca8a81350fe0320902389d500574868b9609fea694d1f8e8a688ea92be0ce95785d111757acc58b90089a834cf44bb1010e369043f922cab9350e5db07fc53ee43b7ef24c9f41f5b079752f4ce963a30990e252470da8768123dfa8c2ea6af9e613cb0f7f5e2d27f2d115520109be64d2a32a81b76d66cd20bde8f,gx-no-cache=1501022596241 HTTP/1.1" 200 30
186.79.25.151 - - [25/Jul/2017:19:42:32 -0300] "POST /cormun/servlet/solicitudot?gx-no-cache=1501022597936 HTTP/1.1" 200 30
186.79.25.151 - - [25/Jul/2017:19:42:41 -0300] "POST /cormun/servlet/solicitudot?gx-no-cache=1501022606697 HTTP/1.1" 200 1357
186.79.25.151 - - [25/Jul/2017:19:42:41 -0300] "POST /cormun/servlet/solicitudot?gx-no-cache=1501022606807 HTTP/1.1" 200 38
186.79.25.151 - - [25/Jul/2017:19:43:02 -0300] "GET /cormun/servlet/solicitudot?5865f41a7da391e84cc60682f2dac5e0a58bdb9d70dc6ad0c5924e5d41036b81cc080676bc108f5e00db74e9b4841fc94bd056946bafe583fa3fb1ffdc8c48980e708bdb2540360908a6fdd9a6715dd5f975e74f90bd85cda0b608baabcc972dd327567f750a2f5f8e34fca1b4021856f4640ca9d592f5b3f7a28f50dfa77569d89b412dfbe7d6069fe3f7d3f843c88fb67050e4ff07530fea9b238d5bdd72bfa068cafe848067dbe4a0e698ac7525eaa51ad13f9e44f7ffd8ad2e52c6c746551e25c65ca1dc06c96800752be8fefa60,gx-no-cache=1501022627826 HTTP/1.1" 200 29
186.79.25.151 - - [25/Jul/2017:19:43:02 -0300] "POST /cormun/servlet/solicitudot?gx-no-cache=1501022627980 HTTP/1.1" 200 1336
186.79.25.151 - - [25/Jul/2017:19:43:21 -0300] "GET /cormun/static/menuarrow.gif HTTP/1.1" 404 1015
186.79.25.151 - - [25/Jul/2017:19:43:30 -0300] "POST /cormun/servlet/solicitudot?gx-no-cache=1501022655666 HTTP/1.1" 200 30
186.79.25.151 - - [25/Jul/2017:19:44:11 -0300] "POST /cormun/servlet/solicitudot?3869410b8aa33c149fe5e5653fcf4ef0,INS,0,0,,gx-no-cache=1501022696253 HTTP/1.1" 200 93
186.79.25.151 - - [25/Jul/2017:19:44:11 -0300] "GET /cormun/servlet/hpexe_return? HTTP/1.1" 200 1000
186.79.25.151 - - [25/Jul/2017:19:44:11 -0300] "GET /cormun/servlet/trsolicitudot HTTP/1.1" 200 10744
186.79.25.151 - - [25/Jul/2017:19:44:12 -0300] "GET /cormun/servlet/trsolicitudot HTTP/1.1" 200 10739
186.79.25.151 - - [25/Jul/2017:19:44:19 -0300] "GET /cormun/servlet/solicitudot?INS,0,0, HTTP/1.1" 200 12687
186.79.25.151 - - [25/Jul/2017:19:44:20 -0300] "GET /cormun/servlet/solicitudot?INS,0,0, HTTP/1.1" 200 12691
186.79.25.151 - - [25/Jul/2017:19:44:26 -0300] "POST /cormun/servlet/solicitudot?gx-no-cache=1501022711525 HTTP/1.1" 200 3226
186.79.25.151 - - [25/Jul/2017:19:44:27 -0300] "POST /cormun/servlet/solicitudot?3869410b8aa33c149fe5e5653fcf4ef0,INS,0,0,,gx-no-cache=1501022712013 HTTP/1.1" 200 9855
186.79.25.151 - - [25/Jul/2017:19:44:27 -0300] "GET /cormun/servlet/solicitudot?5865f41a7da391e84cc60682f2dac5e059b5a6755a2df4e62558cf3497d3c4d3cae45840aa1491853fc32a9e55bab119,gx-no-cache=1501022712522 HTTP/1.1" 200 30
186.79.25.151 - - [25/Jul/2017:19:44:30 -0300] "POST /cormun/servlet/solicitudot?gx-no-cache=1501022715891 HTTP/1.1" 200 255
186.79.25.151 - - [25/Jul/2017:19:44:30 -0300] "GET /cormun/servlet/solicitudot?5865f41a7da391e84cc60682f2dac5e027836cfcc3c906922e718744c514323673ab5fe46cfcca3c8e0a44be1fd03587a0896a869b44ccf0b09c0df9008386b5adc8ceda4e65791a6dcb09adc22c130ff5e3ab5ec2046fe209bdde9f53162faa64d072b8438473c9c87460ba66dc6c41c84d7e696397f519734dc6d00d58fe2d3d053b14cc9ca1ac9291b0068529802c9c6e3c219769da92ec798a7d9a2cd0eb8dddcc840134107a4d05eeac4e5e0a30c6a9c7b38be4b3fa3fb9355e1d35fdcb7cb0044adfbfe9fd5e8849135245c7801b57884d5db9fe44e05966427395e26e35decd348479ba5a526eb03ea0b84beddeb5b27101f5195258d00fea560027ac6eb47e5ecbca8a81350fe0320902389d500574868b9609fea694d1f8e8a688ea92be0ce95785d111757acc58b90089a834cf44bb1010e369043f922cab9350e5db07fc53ee43b7ef24c9f41f5b079752f4ce963a30990e252470da8768123dfa8c2ea6af9e613cb0f7f5e2d27f2d115520109be64d2a32a81b76d66cd20bde8f,gx-no-cache=1501022716001 HTTP/1.1" 200 30
186.79.25.151 - - [25/Jul/2017:19:44:32 -0300] "POST /cormun/servlet/solicitudot?gx-no-cache=1501022717370 HTTP/1.1" 200 30
186.103.157.235 - - [25/Jul/2017:19:44:41 -0300] "POST /cormun/servlet/solicitudot?gx-no-cache=1501022726965 HTTP/1.1" 200 30
186.79.25.151 - - [25/Jul/2017:19:45:01 -0300] "POST /cormun/servlet/solicitudot?gx-no-cache=1501022746469 HTTP/1.1" 200 1357
186.79.25.151 - - [25/Jul/2017:19:45:01 -0300] "POST /cormun/servlet/solicitudot?gx-no-cache=1501022746654 HTTP/1.1" 200 38
186.79.25.151 - - [25/Jul/2017:19:45:11 -0300] "GET /cormun/servlet/solicitudot?5865f41a7da391e84cc60682f2dac5e0a58bdb9d70dc6ad0c5924e5d41036b81cc080676bc108f5e00db74e9b4841fc9607dceaf4211fa1dd576f0b98e66d22d0e708bdb2540360908a6fdd9a6715dd5f975e74f90bd85cda0b608baabcc972dd327567f750a2f5f8e34fca1b4021856f4640ca9d592f5b3f7a28f50dfa77569d89b412dfbe7d6069fe3f7d3f843c88fb67050e4ff07530fea9b238d5bdd72bfa068cafe848067dbe4a0e698ac7525eaa51ad13f9e44f7ffd8ad2e52c6c746551e25c65ca1dc06c96800752be8fefa60,gx-no-cache=1501022756716 HTTP/1.1" 200 29
186.79.25.151 - - [25/Jul/2017:19:45:14 -0300] "POST /cormun/servlet/solicitudot?gx-no-cache=1501022759407 HTTP/1.1" 200 1336
186.79.25.151 - - [25/Jul/2017:19:45:14 -0300] "GET /cormun/static/menuarrow.gif HTTP/1.1" 404 1015
186.79.25.151 - - [25/Jul/2017:19:45:15 -0300] "POST /cormun/servlet/solicitudot?gx-no-cache=1501022760889 HTTP/1.1" 200 1336
186.79.25.151 - - [25/Jul/2017:19:45:23 -0300] "POST /cormun/servlet/solicitudot?gx-no-cache=1501022768353 HTTP/1.1" 200 30
186.103.157.235 - - [25/Jul/2017:19:45:25 -0300] "POST /cormun/servlet/solicitudot?68f08b510520e326ed86e982961e5fcd,INS,0,0,,gx-no-cache=1501022770758 HTTP/1.1" 200 93
186.103.157.235 - - [25/Jul/2017:19:45:25 -0300] "GET /cormun/servlet/hpexe_return? HTTP/1.1" 200 1000
186.103.157.235 - - [25/Jul/2017:19:45:26 -0300] "GET /cormun/servlet/trsolicitudot HTTP/1.1" 200 8623
186.103.157.235 - - [25/Jul/2017:19:45:28 -0300] "GET /cormun/servlet/trsolicitudot HTTP/1.1" 200 8619
186.79.25.151 - - [25/Jul/2017:19:45:32 -0300] "POST /cormun/servlet/solicitudot?3869410b8aa33c149fe5e5653fcf4ef0,INS,0,0,,gx-no-cache=1501022777799 HTTP/1.1" 200 93
186.79.25.151 - - [25/Jul/2017:19:45:33 -0300] "GET /cormun/servlet/hpexe_return? HTTP/1.1" 200 1000
186.79.25.151 - - [25/Jul/2017:19:45:33 -0300] "GET /cormun/servlet/trsolicitudot HTTP/1.1" 200 11237
186.79.25.151 - - [25/Jul/2017:19:45:34 -0300] "GET /cormun/servlet/trsolicitudot HTTP/1.1" 200 11232
186.79.25.151 - - [25/Jul/2017:19:45:35 -0300] "GET /cormun/servlet/solicitudot?INS,0,0, HTTP/1.1" 200 12687
186.79.25.151 - - [25/Jul/2017:19:45:36 -0300] "GET /cormun/servlet/solicitudot?INS,0,0, HTTP/1.1" 200 12691
186.103.157.235 - - [25/Jul/2017:19:45:40 -0300] "GET /cormun/servlet/solicitudot?INS,0,0, HTTP/1.1" 200 12879
192.168.10.96 - - [25/Jul/2017:19:45:40 -0300] "POST /cormun/servlet/trsolicitudgral?c79a41b58ebfb59463304e8db954d1e5,,gx-no-cache=1501022721433 HTTP/1.1" 200 9646
192.168.10.96 - - [25/Jul/2017:19:45:40 -0300] "GET /cormun/static/Shared/jqueryui/images/ui-bg_highlight-soft_100_c6c2c8_1x100.png HTTP/1.1" 404 1117
192.168.10.96 - - [25/Jul/2017:19:45:40 -0300] "GET /cormun/static/Shared/jqueryui/images/ui-icons_82798d_256x240.png HTTP/1.1" 404 1089
192.168.10.96 - - [25/Jul/2017:19:45:40 -0300] "GET /cormun/static/Shared/jqueryui/images/ui-bg_flat_55_fafafa_40x100.png HTTP/1.1" 404 1097
192.168.10.96 - - [25/Jul/2017:19:45:40 -0300] "GET /cormun/static/Shared/jqueryui/images/ui-icons_8d78a5_256x240.png HTTP/1.1" 404 1089
186.103.157.235 - - [25/Jul/2017:19:45:41 -0300] "GET /cormun/servlet/solicitudot?INS,0,0, HTTP/1.1" 200 12884
186.79.25.151 - - [25/Jul/2017:19:45:43 -0300] "POST /cormun/servlet/solicitudot?gx-no-cache=1501022788308 HTTP/1.1" 200 3226
186.79.25.151 - - [25/Jul/2017:19:45:43 -0300] "POST /cormun/servlet/solicitudot?3869410b8aa33c149fe5e5653fcf4ef0,INS,0,0,,gx-no-cache=1501022788731 HTTP/1.1" 200 9855
186.79.25.151 - - [25/Jul/2017:19:45:43 -0300] "GET /cormun/servlet/solicitudot?5865f41a7da391e84cc60682f2dac5e059b5a6755a2df4e62558cf3497d3c4d3cae45840aa1491853fc32a9e55bab119,gx-no-cache=1501022789231 HTTP/1.1" 200 30
186.79.25.151 - - [25/Jul/2017:19:45:46 -0300] "POST /cormun/servlet/solicitudot?gx-no-cache=1501022791345 HTTP/1.1" 200 255
186.79.25.151 - - [25/Jul/2017:19:45:46 -0300] "GET /cormun/servlet/solicitudot?5865f41a7da391e84cc60682f2dac5e027836cfcc3c906922e718744c514323673ab5fe46cfcca3c8e0a44be1fd03587a0896a869b44ccf0b09c0df9008386b5adc8ceda4e65791a6dcb09adc22c130ff5e3ab5ec2046fe209bdde9f53162faa64d072b8438473c9c87460ba66dc6c41c84d7e696397f519734dc6d00d58fe2d3d053b14cc9ca1ac9291b0068529802c9c6e3c219769da92ec798a7d9a2cd0eb8dddcc840134107a4d05eeac4e5e0a30c6a9c7b38be4b3fa3fb9355e1d35fdcb7cb0044adfbfe9fd5e8849135245c7801b57884d5db9fe44e05966427395e26e35decd348479ba5a526eb03ea0b84beddeb5b27101f5195258d00fea560027ac6eb47e5ecbca8a81350fe0320902389d500574868b9609fea694d1f8e8a688ea92be0ce95785d111757acc58b90089a834cf44bb1010e369043f922cab9350e5db07fc53ee43b7ef24c9f41f5b079752f4ce963a30990e252470da8768123dfa8c2ea6af9e613cb0f7f5e2d27f2d115520109be64d2a32a81b76d66cd20bde8f,gx-no-cache=1501022791455 HTTP/1.1" 200 30
186.79.25.151 - - [25/Jul/2017:19:45:47 -0300] "POST /cormun/servlet/solicitudot?gx-no-cache=1501022792825 HTTP/1.1" 200 30
186.79.25.151 - - [25/Jul/2017:19:45:59 -0300] "POST /cormun/servlet/solicitudot?gx-no-cache=1501022804723 HTTP/1.1" 200 1357
186.79.25.151 - - [25/Jul/2017:19:45:59 -0300] "POST /cormun/servlet/solicitudot?gx-no-cache=1501022804856 HTTP/1.1" 200 38
192.168.10.96 - - [25/Jul/2017:19:46:06 -0300] "POST /cormun/servlet/trsolicitudgral?c79a41b58ebfb59463304e8db954d1e5,,gx-no-cache=1501022747200 HTTP/1.1" 200 25855
186.79.25.151 - - [25/Jul/2017:19:46:07 -0300] "GET /cormun/servlet/solicitudot?5865f41a7da391e84cc60682f2dac5e0a58bdb9d70dc6ad0c5924e5d41036b81cc080676bc108f5e00db74e9b4841fc9607dceaf4211fa1dd576f0b98e66d22d0e708bdb2540360908a6fdd9a6715dd5f975e74f90bd85cda0b608baabcc972dd327567f750a2f5f8e34fca1b4021856f4640ca9d592f5b3f7a28f50dfa77569d89b412dfbe7d6069fe3f7d3f843c88fb67050e4ff07530fea9b238d5bdd72bfa068cafe848067dbe4a0e698ac7525eaa51ad13f9e44f7ffd8ad2e52c6c746551e25c65ca1dc06c96800752be8fefa60,gx-no-cache=1501022812463 HTTP/1.1" 200 29
186.79.25.151 - - [25/Jul/2017:19:46:10 -0300] "POST /cormun/servlet/solicitudot?gx-no-cache=1501022815934 HTTP/1.1" 200 1336
186.79.25.151 - - [25/Jul/2017:19:46:10 -0300] "GET /cormun/static/menuarrow.gif HTTP/1.1" 404 1015
186.103.157.235 - - [25/Jul/2017:19:46:11 -0300] "POST /cormun/servlet/solicitudot?gx-no-cache=1501022816637 HTTP/1.1" 200 3294
186.103.157.235 - - [25/Jul/2017:19:46:11 -0300] "GET /cormun/static/Shared/jqueryui/images/ui-bg_flat_55_994d53_40x100.png HTTP/1.1" 404 1097
186.103.157.235 - - [25/Jul/2017:19:46:11 -0300] "GET /cormun/static/Shared/jqueryui/images/ui-icons_ebccce_256x240.png HTTP/1.1" 404 1089
186.79.25.151 - - [25/Jul/2017:19:46:12 -0300] "POST /cormun/servlet/solicitudot?gx-no-cache=1501022817342 HTTP/1.1" 200 1336
192.168.10.96 - - [25/Jul/2017:19:46:17 -0300] "POST /cormun/servlet/trsolicitudgral?c79a41b58ebfb59463304e8db954d1e5,,gx-no-cache=1501022757694 HTTP/1.1" 200 105
192.168.10.96 - - [25/Jul/2017:19:46:17 -0300] "GET /cormun/SolicitudGral-2983.xls HTTP/1.1" 200 30720
186.79.25.151 - - [25/Jul/2017:19:46:19 -0300] "POST /cormun/servlet/solicitudot?gx-no-cache=1501022825064 HTTP/1.1" 200 30
186.103.157.235 - - [25/Jul/2017:19:46:22 -0300] "GET /cormun/servlet/solicitudot?45345d9b0a004f89b69fe03f05a52a66c8b69ab9d530529df36f47f4da553a2f662ff3e8439894c9737b3a3cc643d118,gx-no-cache=1501022828915 HTTP/1.1" 200 30
186.79.25.151 - - [25/Jul/2017:19:46:25 -0300] "POST /cormun/servlet/solicitudot?3869410b8aa33c149fe5e5653fcf4ef0,INS,0,0,,gx-no-cache=1501022829941 HTTP/1.1" 200 93
186.79.25.151 - - [25/Jul/2017:19:46:25 -0300] "GET /cormun/servlet/hpexe_return? HTTP/1.1" 200 1000
186.79.25.151 - - [25/Jul/2017:19:46:25 -0300] "GET /cormun/servlet/trsolicitudot HTTP/1.1" 200 11572
186.79.25.151 - - [25/Jul/2017:19:46:26 -0300] "GET /cormun/servlet/trsolicitudot HTTP/1.1" 200 11567
186.79.25.151 - - [25/Jul/2017:19:46:41 -0300] "POST /cormun/servlet/trsolicitudot?3869410b8aa33c149fe5e5653fcf4ef0,gx-no-cache=1501022846583 HTTP/1.1" 200 8681
186.79.25.151 - - [25/Jul/2017:19:46:41 -0300] "GET /cormun/static/Shared/jqueryui/images/ui-bg_highlight-soft_100_c6c2c8_1x100.png HTTP/1.1" 404 1117
186.79.25.151 - - [25/Jul/2017:19:46:42 -0300] "GET /cormun/static/Shared/jqueryui/images/ui-icons_82798d_256x240.png HTTP/1.1" 404 1089
186.79.25.151 - - [25/Jul/2017:19:46:42 -0300] "GET /cormun/static/Shared/jqueryui/images/ui-bg_flat_55_fafafa_40x100.png HTTP/1.1" 404 1097
186.79.25.151 - - [25/Jul/2017:19:46:42 -0300] "GET /cormun/static/Shared/jqueryui/images/ui-icons_8d78a5_256x240.png HTTP/1.1" 404 1089
186.79.25.151 - - [25/Jul/2017:19:46:42 -0300] "POST /cormun/servlet/trsolicitudot?3869410b8aa33c149fe5e5653fcf4ef0,gx-no-cache=1501022847453 HTTP/1.1" 200 8624
186.79.25.151 - - [25/Jul/2017:19:46:44 -0300] "POST /cormun/servlet/trsolicitudot?3869410b8aa33c149fe5e5653fcf4ef0,gx-no-cache=1501022849209 HTTP/1.1" 200 8624
186.79.25.151 - - [25/Jul/2017:19:46:56 -0300] "POST /cormun/servlet/trsolicitudot?3869410b8aa33c149fe5e5653fcf4ef0,gx-no-cache=1501022860743 HTTP/1.1" 200 8677
186.79.25.151 - - [25/Jul/2017:19:46:56 -0300] "POST /cormun/servlet/trsolicitudot?3869410b8aa33c149fe5e5653fcf4ef0,gx-no-cache=1501022861619 HTTP/1.1" 200 8620
186.79.25.151 - - [25/Jul/2017:19:47:02 -0300] "POST /cormun/servlet/trsolicitudot?3869410b8aa33c149fe5e5653fcf4ef0,gx-no-cache=1501022867361 HTTP/1.1" 200 8680
186.79.25.151 - - [25/Jul/2017:19:47:03 -0300] "POST /cormun/servlet/trsolicitudot?3869410b8aa33c149fe5e5653fcf4ef0,gx-no-cache=1501022868276 HTTP/1.1" 200 8624
186.79.25.151 - - [25/Jul/2017:19:47:06 -0300] "POST /cormun/servlet/trsolicitudot?3869410b8aa33c149fe5e5653fcf4ef0,gx-no-cache=1501022870869 HTTP/1.1" 200 8679
186.79.25.151 - - [25/Jul/2017:19:47:07 -0300] "POST /cormun/servlet/trsolicitudot?3869410b8aa33c149fe5e5653fcf4ef0,gx-no-cache=1501022871831 HTTP/1.1" 200 8623
186.79.25.151 - - [25/Jul/2017:19:47:09 -0300] "POST /cormun/servlet/trsolicitudot?3869410b8aa33c149fe5e5653fcf4ef0,gx-no-cache=1501022874288 HTTP/1.1" 200 8681
186.79.25.151 - - [25/Jul/2017:19:47:10 -0300] "POST /cormun/servlet/trsolicitudot?3869410b8aa33c149fe5e5653fcf4ef0,gx-no-cache=1501022875347 HTTP/1.1" 200 8623
186.79.25.151 - - [25/Jul/2017:19:47:13 -0300] "POST /cormun/servlet/trsolicitudot?3869410b8aa33c149fe5e5653fcf4ef0,gx-no-cache=1501022878193 HTTP/1.1" 200 8680
186.79.25.151 - - [25/Jul/2017:19:47:14 -0300] "POST /cormun/servlet/trsolicitudot?3869410b8aa33c149fe5e5653fcf4ef0,gx-no-cache=1501022879245 HTTP/1.1" 200 8624
186.79.25.151 - - [25/Jul/2017:19:47:16 -0300] "POST /cormun/servlet/trsolicitudot?3869410b8aa33c149fe5e5653fcf4ef0,gx-no-cache=1501022881221 HTTP/1.1" 200 8678
186.79.25.151 - - [25/Jul/2017:19:47:17 -0300] "POST /cormun/servlet/trsolicitudot?3869410b8aa33c149fe5e5653fcf4ef0,gx-no-cache=1501022882309 HTTP/1.1" 200 8621
