191.119.91.10 - - [24/Jul/2017:18:02:43 -0300] "GET /cormun/servlet/licenciaspermisos?d02e896f3577b5224c0b11c3c51df1f63043693b80447ac487546b7dbca4364cdde5077c23e79c12cc9ab74fc6323ef5b2c328c397bc5c5f9e948d85b45f7ed42ddbfcae6fa714b8b224a0d9f1f103856262ec45f48c5c209d6f1577a1b64fe4727a08a24bdf0f489679da3cb3a6b02658c2cb915be24918864b1fdb6c89831bbe20b5d84833ae8e5a617f5529b7dfa0bb01435930dc328b6f9804ff05c13c6e4ea98fe96d90f95ec7dd45d5fb4c53587d05d6803d403179da6068a4c7b678a295207dd03b1c9c69ba48c34a76b0bf74d1a5e2217be0e55a5f02fd86c721a214,gx-no-cache=1500930190056 HTTP/1.1" 200 29
191.119.91.10 - - [24/Jul/2017:18:02:44 -0300] "POST /cormun/servlet/licenciaspermisos?881ad746b81b055d818d82e5e32435af,INS,0,,,,gx-no-cache=1500930190229 HTTP/1.1" 200 93
191.119.91.10 - - [24/Jul/2017:18:02:44 -0300] "GET /cormun/servlet/hpexe_return? HTTP/1.1" 200 1015
191.119.91.10 - - [24/Jul/2017:18:02:44 -0300] "GET /cormun/servlet/trlicencias HTTP/1.1" 200 11347
186.79.130.232 - - [24/Jul/2017:18:02:46 -0300] "GET /cormun/servlet/trcontratoobservacion? HTTP/1.1" 200 9679
191.119.91.10 - - [24/Jul/2017:18:02:46 -0300] "GET /cormun/servlet/trlicencias HTTP/1.1" 200 11355
186.79.130.232 - - [24/Jul/2017:18:02:46 -0300] "GET /cormun/static/gxcfg.js?2017525126861 HTTP/1.1" 200 953
186.79.130.232 - - [24/Jul/2017:18:02:46 -0300] "GET /cormun/static/trcontratoobservacion.js?20175251261223 HTTP/1.1" 200 25148
186.79.130.232 - - [24/Jul/2017:18:02:46 -0300] "GET /cormun/servlet/trcontratoobservacion? HTTP/1.1" 200 9679
186.103.159.187 - - [24/Jul/2017:18:02:50 -0300] "POST /cormun/servlet/hlogin?c1d99b85a4d12bfb5586c07672ff8d3d,gx-no-cache=1500930181768 HTTP/1.1" 200 433
191.119.91.10 - - [24/Jul/2017:18:02:53 -0300] "GET /cormun/servlet/trlicenciaspermisosadjuntos?11554288,20170724000000,L, HTTP/1.1" 200 6329
191.119.91.10 - - [24/Jul/2017:18:02:53 -0300] "GET /cormun/static/gxcfg.js?20177612163414 HTTP/1.1" 200 953
191.119.91.10 - - [24/Jul/2017:18:02:53 -0300] "GET /cormun/static/trlicenciaspermisosadjuntos.js?20177612163719 HTTP/1.1" 200 21036
191.119.91.10 - - [24/Jul/2017:18:02:54 -0300] "GET /cormun/servlet/trlicenciaspermisosadjuntos?11554288,20170724000000,L, HTTP/1.1" 200 6330
186.103.159.187 - - [24/Jul/2017:18:02:55 -0300] "POST /cormun/servlet/hlogin?c1d99b85a4d12bfb5586c07672ff8d3d,gx-no-cache=1500930186913 HTTP/1.1" 200 90
186.103.159.187 - - [24/Jul/2017:18:02:55 -0300] "GET /cormun/servlet/hpexe_link HTTP/1.1" 200 952
186.103.159.187 - - [24/Jul/2017:18:02:55 -0300] "GET /cormun/servlet/hhome HTTP/1.1" 200 3760
191.119.91.10 - - [24/Jul/2017:18:02:56 -0300] "GET /cormun/servlet/licenciaspermisosadjuntos?INS,11554288,L,20170724000000,, HTTP/1.1" 200 5627
191.119.91.10 - - [24/Jul/2017:18:02:56 -0300] "GET /cormun/static/gxcfg.js?2017761263592 HTTP/1.1" 200 953
191.119.91.10 - - [24/Jul/2017:18:02:56 -0300] "GET /cormun/static/licenciaspermisosadjuntos.js?201776126362 HTTP/1.1" 200 8760
186.103.159.187 - - [24/Jul/2017:18:02:56 -0300] "GET /cormun/servlet/hhome HTTP/1.1" 200 3757
191.119.91.10 - - [24/Jul/2017:18:02:56 -0300] "GET /cormun/static/about:blank HTTP/1.1" 404 1011
191.119.91.10 - - [24/Jul/2017:18:02:57 -0300] "GET /cormun/servlet/licenciaspermisosadjuntos?INS,11554288,L,20170724000000,, HTTP/1.1" 200 5617
186.103.159.187 - - [24/Jul/2017:18:03:00 -0300] "GET /cormun/servlet/trsolicitudot? HTTP/1.1" 200 8780
186.103.159.187 - - [24/Jul/2017:18:03:01 -0300] "GET /cormun/servlet/trsolicitudot? HTTP/1.1" 200 8777
186.79.130.232 - - [24/Jul/2017:18:03:02 -0300] "GET /cormun/servlet/trvisualizadoreventos? HTTP/1.1" 200 6556
186.79.130.232 - - [24/Jul/2017:18:03:02 -0300] "GET /cormun/static/gxcfg.js?20175251251426 HTTP/1.1" 200 953
186.79.130.232 - - [24/Jul/2017:18:03:02 -0300] "GET /cormun/static/Resources/PXToolsActionPrint.png HTTP/1.1" 200 3317
186.79.130.232 - - [24/Jul/2017:18:03:03 -0300] "GET /cormun/static/trvisualizadoreventos.js?20175251251768 HTTP/1.1" 200 19318
186.79.130.232 - - [24/Jul/2017:18:03:03 -0300] "GET /cormun/servlet/trvisualizadoreventos? HTTP/1.1" 200 6556
186.103.159.187 - - [24/Jul/2017:18:03:03 -0300] "GET /cormun/servlet/solicitudot?INS,0,0, HTTP/1.1" 200 12640
186.103.159.187 - - [24/Jul/2017:18:03:04 -0300] "GET /cormun/servlet/solicitudot?INS,0,0, HTTP/1.1" 200 12645
186.79.130.232 - - [24/Jul/2017:18:03:09 -0300] "GET /cormun/servlet/trsolicitudot? HTTP/1.1" 200 9624
186.79.130.232 - - [24/Jul/2017:18:03:09 -0300] "GET /cormun/servlet/trsolicitudot? HTTP/1.1" 200 9623
186.103.159.187 - - [24/Jul/2017:18:03:20 -0300] "POST /cormun/servlet/solicitudot?gx-no-cache=1500930211260 HTTP/1.1" 200 3207
186.103.159.187 - - [24/Jul/2017:18:03:20 -0300] "POST /cormun/servlet/solicitudot?c1d99b85a4d12bfb5586c07672ff8d3d,INS,0,0,,gx-no-cache=1500930211838 HTTP/1.1" 200 9842
191.119.91.10 - - [24/Jul/2017:18:03:21 -0300] "POST /cormun/servlet/licenciaspermisosadjuntos?881ad746b81b055d818d82e5e32435af,INS,11554288,L,20170724000000,, HTTP/1.1" 200 116
191.119.91.10 - - [24/Jul/2017:18:03:21 -0300] "GET /cormun/servlet/hpexe_return? HTTP/1.1" 200 1046
191.119.91.10 - - [24/Jul/2017:18:03:22 -0300] "GET /cormun/servlet/trlicenciaspermisosadjuntos?11554288,20170724000000,L, HTTP/1.1" 200 6829
191.119.91.10 - - [24/Jul/2017:18:03:23 -0300] "GET /cormun/servlet/trlicenciaspermisosadjuntos?11554288,20170724000000,L, HTTP/1.1" 200 6826
186.103.159.187 - - [24/Jul/2017:18:03:25 -0300] "GET /cormun/servlet/solicitudot?1a611a28dc0e5d95c5abbf474b91116f04c779f813e1d2a3c435a20b174d3dee6050a3b60e1cd1a28a2bc0228005e387,gx-no-cache=1500930216820 HTTP/1.1" 200 30
186.103.159.187 - - [24/Jul/2017:18:03:25 -0300] "POST /cormun/servlet/solicitudot?gx-no-cache=1500930216926 HTTP/1.1" 200 255
186.103.159.187 - - [24/Jul/2017:18:03:25 -0300] "GET /cormun/servlet/solicitudot?1a611a28dc0e5d95c5abbf474b91116fb3d2fc4b90bdf9087d34d5aba9cd004b4141efb9d3798a5542d3af3bcb0fd88167c0a2ea620054cc8db15b8c07f1e4af7636071e88e97272d428b29c7303e0dec9243bdc429e2ca964cf511bd5118b659bb4a8d2ed98174179a6c01ac21b23a59fa141fb4fb8760dea699726538b0e77a22acdb038e5ab9679ee95e4b7c9efb0baad5b883669a1cacdaea41110898373045e43ad15510891aa0f65b8ac776fb1c040bcf4da60d47418bbe8786506dd6d343f65ed414ed76882187e524a53508e1d760bdb5d23aa427e8acfdcd21a8daa8ffe3691a5d751130d49157175874b1db3b5b11726ae3d68fdc93e20c2a99ad8eac71aaf8367e6834f9cc0530974661b929432696375bdb6382575d93fd5ba217b9f0e9bea8a4e989ef40d013bf4b308e7fd18cccd95bd2db6def2f5015108fefd931be639d972d5059a98f49d68b43994eaf9e9d2734db4e4fa6fa4aac9ec5eb94691c20569cfcc2c1ed11e4d7c61f3b1e0c97757a49bb1b8c6115e6b3d5011,gx-no-cache=1500930217018 HTTP/1.1" 200 30
191.119.91.10 - - [24/Jul/2017:18:03:31 -0300] "POST /cormun/servlet/trlicenciaspermisosadjuntos?881ad746b81b055d818d82e5e32435af,11554288,20170724000000,L,,gx-no-cache=1500930236849 HTTP/1.1" 200 90
191.119.91.10 - - [24/Jul/2017:18:03:31 -0300] "GET /cormun/servlet/hpexe_link HTTP/1.1" 200 985
191.119.91.10 - - [24/Jul/2017:18:03:32 -0300] "GET /cormun/servlet/trlicencias HTTP/1.1" 200 11357
191.119.91.10 - - [24/Jul/2017:18:03:33 -0300] "GET /cormun/servlet/trlicencias HTTP/1.1" 200 11342
186.79.130.232 - - [24/Jul/2017:18:03:51 -0300] "GET /cormun/static/menuarrow.gif HTTP/1.1" 404 1015
186.103.159.187 - - [24/Jul/2017:18:03:55 -0300] "POST /cormun/servlet/solicitudot?gx-no-cache=1500930246778 HTTP/1.1" 200 30
186.79.130.232 - - [24/Jul/2017:18:04:03 -0300] "POST /cormun/servlet/trsolicitudot?fea9327947733a3152390cc5b0ee9b11,,gx-no-cache=1500926687081 HTTP/1.1" 200 4160
186.103.159.182 - - [24/Jul/2017:18:04:03 -0300] "GET /cormun/servlet/licenciaspermisos?INS,0,,, HTTP/1.1" 200 6770
191.119.91.10 - - [24/Jul/2017:18:04:04 -0300] "POST /cormun/servlet/trlicencias?881ad746b81b055d818d82e5e32435af,gx-no-cache=1500930270424 HTTP/1.1" 200 8714
191.119.91.10 - - [24/Jul/2017:18:04:04 -0300] "GET /cormun/static/Shared/jqueryui/images/ui-bg_highlight-soft_100_c6c2c8_1x100.png HTTP/1.1" 404 1117
191.119.91.10 - - [24/Jul/2017:18:04:05 -0300] "GET /cormun/static/Shared/jqueryui/images/ui-icons_82798d_256x240.png HTTP/1.1" 404 1089
191.119.91.10 - - [24/Jul/2017:18:04:05 -0300] "GET /cormun/static/Shared/jqueryui/images/ui-bg_flat_55_fafafa_40x100.png HTTP/1.1" 404 1097
191.119.91.10 - - [24/Jul/2017:18:04:05 -0300] "GET /cormun/static/Shared/jqueryui/images/ui-icons_8d78a5_256x240.png HTTP/1.1" 404 1089
186.103.159.182 - - [24/Jul/2017:18:04:05 -0300] "GET /cormun/servlet/licenciaspermisos?INS,0,,, HTTP/1.1" 200 6728
186.103.159.182 - - [24/Jul/2017:18:04:06 -0300] "GET /cormun/servlet/hlogin HTTP/1.1" 200 1750
191.119.91.10 - - [24/Jul/2017:18:04:09 -0300] "GET /cormun/servlet/alicenciaprn?11554288,L,20170724000000,PU HTTP/1.1" 200 1556
72.11.140.74 - - [24/Jul/2017:18:04:14 -0300] "GET / HTTP/1.1" 200 11217
186.79.130.232 - - [24/Jul/2017:18:04:15 -0300] "GET /cormun/servlet/trsolicitudot? HTTP/1.1" 200 7073
186.79.130.232 - - [24/Jul/2017:18:04:16 -0300] "GET /cormun/servlet/trsolicitudot? HTTP/1.1" 200 7073
186.103.159.182 - - [24/Jul/2017:18:04:22 -0300] "POST /cormun/servlet/hlogin?28c70ad5eaf2a4a5c971dd7c08a554ec,gx-no-cache=1500930308277 HTTP/1.1" 200 90
186.103.159.182 - - [24/Jul/2017:18:04:22 -0300] "GET /cormun/servlet/hpexe_link HTTP/1.1" 200 970
186.103.159.182 - - [24/Jul/2017:18:04:23 -0300] "GET /cormun/servlet/licenciaspermisos?INS,0,,, HTTP/1.1" 200 7452
186.103.159.182 - - [24/Jul/2017:18:04:24 -0300] "GET /cormun/servlet/licenciaspermisos?INS,0,,, HTTP/1.1" 200 7459
186.79.130.232 - - [24/Jul/2017:18:04:33 -0300] "GET /cormun/servlet/trvisualizadoreventos? HTTP/1.1" 200 6565
186.79.130.232 - - [24/Jul/2017:18:04:34 -0300] "GET /cormun/servlet/trvisualizadoreventos? HTTP/1.1" 200 6565
186.103.159.187 - - [24/Jul/2017:18:04:34 -0300] "POST /cormun/servlet/solicitudot?gx-no-cache=1500930285828 HTTP/1.1" 200 30
186.103.159.187 - - [24/Jul/2017:18:04:38 -0300] "GET /cormun/static/Resources/resize.gif HTTP/1.1" 200 77
186.103.159.187 - - [24/Jul/2017:18:04:38 -0300] "GET /cormun/servlet/prcontratosol?8448797,,,,,MD,,gxPopupLevel%3D0%3B HTTP/1.1" 200 7402
186.103.159.187 - - [24/Jul/2017:18:04:38 -0300] "GET /cormun/static/gxcfg.js?201761413223964 HTTP/1.1" 200 953
186.103.159.187 - - [24/Jul/2017:18:04:38 -0300] "GET /cormun/static/Resources/PXToolsMenuSearch.png HTTP/1.1" 200 2914
186.103.159.187 - - [24/Jul/2017:18:04:38 -0300] "GET /cormun/static/Resources/PXToolsMenuSearchCancel.png HTTP/1.1" 200 2972
186.103.159.187 - - [24/Jul/2017:18:04:38 -0300] "GET /cormun/static/menusearch.js?201610171694467 HTTP/1.1" 200 1424
186.103.159.187 - - [24/Jul/2017:18:04:38 -0300] "GET /cormun/static/hmpwkw011.js?20177612121862 HTTP/1.1" 200 1968
186.103.159.187 - - [24/Jul/2017:18:04:38 -0300] "GET /cormun/static/prcontratosol.js?201761413224174 HTTP/1.1" 200 15806
186.103.159.187 - - [24/Jul/2017:18:04:44 -0300] "POST /cormun/servlet/solicitudot?gx-no-cache=1500930296582 HTTP/1.1" 200 1438
186.103.159.187 - - [24/Jul/2017:18:04:44 -0300] "GET /cormun/static/Shared/jqueryui/images/ui-bg_flat_55_994d53_40x100.png HTTP/1.1" 404 1097
186.103.159.187 - - [24/Jul/2017:18:04:44 -0300] "GET /cormun/static/Shared/jqueryui/images/ui-icons_ebccce_256x240.png HTTP/1.1" 404 1089
186.103.159.187 - - [24/Jul/2017:18:04:45 -0300] "POST /cormun/servlet/solicitudot?gx-no-cache=1500930296717 HTTP/1.1" 200 117
186.103.159.187 - - [24/Jul/2017:18:04:45 -0300] "GET /cormun/servlet/solicitudot?1a611a28dc0e5d95c5abbf474b91116f8853424ad310c8b29a722cd9e3a4a174d370a2690bec2131fb89f634597dd40dcf1f9bbeee400ed313853e627f165f6cc6f1eb57ae9d797ff118e79690ef8f573c8a588e54b72a4f62e187b94f1bdf2ecf35834c35521093b0dd07f736e43113d49e1520a4251b74b093fe31e3d543734a5dc75c351e4b5c273a9532426acf95fe4c5e0d9136920cc53478c046dc2a9d,gx-no-cache=1500930296773 HTTP/1.1" 200 29
186.103.159.187 - - [24/Jul/2017:18:04:45 -0300] "GET /cormun/servlet/solicitudot?1a611a28dc0e5d95c5abbf474b91116f72fc6a26ec08f785c5abfe5cf9f4ea3ddb722853f48ad0d2560ea055f9e4d04be7f05460c57b78ad0ccfa96f14fbca3f44219a8b8dc25b3ffd0afc8ebdb09d3f99c524634361f2f4fbfaf4b363cf855d84e6c49a79ad487984274ac30c4c00024be7b636e0a50abea1baa1694489dbd66b45d990f71017deb18480143476f1d65765ce77c7cd74ca77e4015d831ad7f35b07c592b6fd10b54ae0f56270d9de3da4d553efb6713b1a41817a4be15a637e,gx-no-cache=1500930296813 HTTP/1.1" 200 62
186.103.159.187 - - [24/Jul/2017:18:04:45 -0300] "GET /cormun/static/Shared/jqueryui/images/ui-icons_82798d_256x240.png HTTP/1.1" 404 1089
186.103.159.187 - - [24/Jul/2017:18:04:45 -0300] "GET /cormun/static/Shared/jqueryui/images/ui-bg_highlight-soft_100_c6c2c8_1x100.png HTTP/1.1" 404 1117
186.103.156.24 - - [24/Jul/2017:18:04:54 -0300] "GET /cormun/servlet/hlogin HTTP/1.1" 200 1714
186.79.130.232 - - [24/Jul/2017:18:05:07 -0300] "GET /cormun/static/menuarrow.gif HTTP/1.1" 404 1015
186.103.156.24 - - [24/Jul/2017:18:05:07 -0300] "POST /cormun/servlet/hlogin?fd957d062716800a7d9c65f659006e49,gx-no-cache=1500930354300 HTTP/1.1" 200 90
186.103.156.24 - - [24/Jul/2017:18:05:07 -0300] "GET /cormun/servlet/hpexe_link HTTP/1.1" 200 945
186.103.156.24 - - [24/Jul/2017:18:05:07 -0300] "GET /cormun/servlet/hhome HTTP/1.1" 200 4044
186.103.156.24 - - [24/Jul/2017:18:05:07 -0300] "GET /cormun/servlet/hhome HTTP/1.1" 200 4040
186.103.159.187 - - [24/Jul/2017:18:05:08 -0300] "POST /cormun/servlet/solicitudot?gx-no-cache=1500930320495 HTTP/1.1" 200 1451
186.103.159.187 - - [24/Jul/2017:18:05:11 -0300] "GET /cormun/servlet/prlicenciaspermisos?8448797,L,,MD,,gxPopupLevel%3D0%3B HTTP/1.1" 200 5486
186.103.156.24 - - [24/Jul/2017:18:05:11 -0300] "GET /cormun/servlet/trsolicitudot? HTTP/1.1" 200 9212
186.103.156.24 - - [24/Jul/2017:18:05:11 -0300] "GET /cormun/static/gxcfg.js?20177612135780 HTTP/1.1" 304 -
186.103.159.187 - - [24/Jul/2017:18:05:11 -0300] "GET /cormun/static/gxcfg.js?20176272053834 HTTP/1.1" 200 953
186.103.156.24 - - [24/Jul/2017:18:05:11 -0300] "GET /cormun/static/trsolicitudot.js?2017761214480 HTTP/1.1" 304 -
186.103.159.187 - - [24/Jul/2017:18:05:11 -0300] "GET /cormun/static/prlicenciaspermisos.js?20176272054050 HTTP/1.1" 200 13379
186.103.159.187 - - [24/Jul/2017:18:05:11 -0300] "GET /cormun/static/Resources/Spanish/PXTools.css?17315867 HTTP/1.1" 200 89042
186.103.156.24 - - [24/Jul/2017:18:05:11 -0300] "GET /cormun/servlet/trsolicitudot? HTTP/1.1" 200 9209
186.103.159.182 - - [24/Jul/2017:18:05:13 -0300] "GET /cormun/servlet/trsolicitudot? HTTP/1.1" 200 9470
186.103.159.182 - - [24/Jul/2017:18:05:13 -0300] "GET /cormun/static/gxcfg.js?20177612135780 HTTP/1.1" 200 953
186.103.159.182 - - [24/Jul/2017:18:05:14 -0300] "GET /cormun/static/trsolicitudot.js?2017761214480 HTTP/1.1" 200 54041
186.79.130.232 - - [24/Jul/2017:18:05:15 -0300] "POST /cormun/servlet/trvisualizadoreventos?fea9327947733a3152390cc5b0ee9b11,,gx-no-cache=1500926759065 HTTP/1.1" 200 3794
186.103.159.182 - - [24/Jul/2017:18:05:15 -0300] "GET /cormun/servlet/trsolicitudot? HTTP/1.1" 200 9458
186.103.159.182 - - [24/Jul/2017:18:05:15 -0300] "GET /cormun//static/Resources/PXToolsActionView.png HTTP/1.1" 200 2995
186.103.159.182 - - [24/Jul/2017:18:05:15 -0300] "GET /cormun//static/Resources/PXToolsRemoveAllAction.png HTTP/1.1" 200 3558
186.103.159.187 - - [24/Jul/2017:18:05:22 -0300] "POST /cormun/servlet/solicitudot?gx-no-cache=1500930334227 HTTP/1.1" 200 1451
186.103.156.24 - - [24/Jul/2017:18:05:23 -0300] "GET /cormun/servlet/trsolicitudot? HTTP/1.1" 200 9209
186.103.156.24 - - [24/Jul/2017:18:05:24 -0300] "GET /cormun/servlet/trsolicitudot? HTTP/1.1" 200 9209
186.103.156.24 - - [24/Jul/2017:18:05:26 -0300] "GET /cormun/servlet/solicitudot?INS,0,0, HTTP/1.1" 200 12918
186.103.156.24 - - [24/Jul/2017:18:05:26 -0300] "GET /cormun/static/gxcfg.js?201752522134570 HTTP/1.1" 304 -
186.103.156.24 - - [24/Jul/2017:18:05:26 -0300] "GET /cormun/static/solicitudot.js?201752522134767 HTTP/1.1" 304 -
186.103.156.24 - - [24/Jul/2017:18:05:27 -0300] "GET /cormun/servlet/solicitudot?INS,0,0, HTTP/1.1" 200 12923
186.103.159.187 - - [24/Jul/2017:18:05:27 -0300] "POST /cormun/servlet/solicitudot?gx-no-cache=1500930339662 HTTP/1.1" 200 41
186.103.156.24 - - [24/Jul/2017:18:05:31 -0300] "GET /cormun/servlet/prfichaempleado?,MD,,gxPopupLevel%3D0%3B HTTP/1.1" 200 9326
186.103.156.24 - - [24/Jul/2017:18:05:31 -0300] "GET /cormun/static/gxcfg.js?20177612134814 HTTP/1.1" 304 -
186.103.156.24 - - [24/Jul/2017:18:05:31 -0300] "GET /cormun/static/prfichaempleado.js?20177612134999 HTTP/1.1" 304 -
186.103.156.24 - - [24/Jul/2017:18:05:31 -0300] "GET /cormun/static/hmpwkw011.js?20177612121862 HTTP/1.1" 304 -
186.103.156.24 - - [24/Jul/2017:18:05:31 -0300] "GET /cormun/static/menusearch.js?201610171694467 HTTP/1.1" 304 -
186.103.156.24 - - [24/Jul/2017:18:05:45 -0300] "POST /cormun/servlet/prfichaempleado?fd957d062716800a7d9c65f659006e49,,MD,,gxPopupLevel%3D0%3B,gx-no-cache=1500930392749 HTTP/1.1" 200 3415
186.103.159.187 - - [24/Jul/2017:18:05:47 -0300] "POST /cormun/servlet/solicitudot?c1d99b85a4d12bfb5586c07672ff8d3d,INS,0,0,,gx-no-cache=1500930358578 HTTP/1.1" 200 93
186.103.159.187 - - [24/Jul/2017:18:05:47 -0300] "GET /cormun/servlet/hpexe_return? HTTP/1.1" 200 1007
186.103.159.187 - - [24/Jul/2017:18:05:47 -0300] "GET /cormun/servlet/trsolicitudot HTTP/1.1" 200 8782
186.103.159.187 - - [24/Jul/2017:18:05:48 -0300] "GET /cormun/servlet/trsolicitudot HTTP/1.1" 200 8777
186.103.159.187 - - [24/Jul/2017:18:05:51 -0300] "GET /cormun/servlet/solicitudot?INS,0,0, HTTP/1.1" 200 12640
186.103.159.187 - - [24/Jul/2017:18:05:52 -0300] "GET /cormun/servlet/solicitudot?INS,0,0, HTTP/1.1" 200 12645
186.103.159.182 - - [24/Jul/2017:18:05:57 -0300] "POST /cormun/servlet/trsolicitudot?28c70ad5eaf2a4a5c971dd7c08a554ec,,gx-no-cache=1500930402866 HTTP/1.1" 200 6485
186.103.156.24 - - [24/Jul/2017:18:05:59 -0300] "POST /cormun/servlet/solicitudot?gx-no-cache=1500930406438 HTTP/1.1" 200 3221
186.103.156.24 - - [24/Jul/2017:18:05:59 -0300] "POST /cormun/servlet/solicitudot?fd957d062716800a7d9c65f659006e49,INS,0,0,,gx-no-cache=1500930406566 HTTP/1.1" 200 10037
186.103.156.24 - - [24/Jul/2017:18:05:59 -0300] "GET /cormun/servlet/solicitudot?c0634300b9c29e24d539c135e34400b23dc8b68898d6d9c71c2e57b2ad8fb6a9cabd44e405be6372baea20497e9043a8,gx-no-cache=1500930406761 HTTP/1.1" 200 30
186.103.159.182 - - [24/Jul/2017:18:06:02 -0300] "POST /cormun/servlet/trsolicitudot?28c70ad5eaf2a4a5c971dd7c08a554ec,,gx-no-cache=1500930407526 HTTP/1.1" 200 6485
186.103.159.182 - - [24/Jul/2017:18:06:04 -0300] "POST /cormun/servlet/trsolicitudot?28c70ad5eaf2a4a5c971dd7c08a554ec,,gx-no-cache=1500930409512 HTTP/1.1" 200 6484
186.103.159.182 - - [24/Jul/2017:18:06:10 -0300] "GET /cormun/servlet/trvisualizadoreventos? HTTP/1.1" 200 6844
186.103.159.182 - - [24/Jul/2017:18:06:11 -0300] "GET /cormun/static/gxcfg.js?20175251251426 HTTP/1.1" 200 953
186.103.159.182 - - [24/Jul/2017:18:06:11 -0300] "GET /cormun/static/Resources/PXToolsActionPrint.png HTTP/1.1" 200 3317
186.103.159.187 - - [24/Jul/2017:18:06:11 -0300] "GET /cormun/servlet/prfichaempleado?,MD,,gxPopupLevel%3D0%3B HTTP/1.1" 200 9218
186.103.159.182 - - [24/Jul/2017:18:06:11 -0300] "GET /cormun/static/trvisualizadoreventos.js?20175251251768 HTTP/1.1" 200 19318
186.103.159.187 - - [24/Jul/2017:18:06:11 -0300] "GET /cormun/static/gxcfg.js?20177612134814 HTTP/1.1" 200 953
186.103.159.187 - - [24/Jul/2017:18:06:11 -0300] "GET /cormun/static/prfichaempleado.js?20177612134999 HTTP/1.1" 200 16006
186.103.159.182 - - [24/Jul/2017:18:06:13 -0300] "GET /cormun/servlet/trvisualizadoreventos? HTTP/1.1" 200 6844
186.103.159.182 - - [24/Jul/2017:18:06:15 -0300] "GET /cormun/servlet/trautorizarsolicitud? HTTP/1.1" 200 7002
186.103.159.182 - - [24/Jul/2017:18:06:15 -0300] "GET /cormun/static/Resources/Spanish/PXTools.css?11294912 HTTP/1.1" 200 89042
186.103.159.182 - - [24/Jul/2017:18:06:15 -0300] "GET /cormun/static/gxcfg.js?20174261241362 HTTP/1.1" 200 953
186.103.159.182 - - [24/Jul/2017:18:06:15 -0300] "GET /cormun/static/trautorizarsolicitud.js?201742612414370 HTTP/1.1" 200 53910
186.103.159.182 - - [24/Jul/2017:18:06:16 -0300] "GET /cormun/servlet/trautorizarsolicitud? HTTP/1.1" 200 7001
186.103.159.187 - - [24/Jul/2017:18:06:30 -0300] "POST /cormun/servlet/prfichaempleado?c1d99b85a4d12bfb5586c07672ff8d3d,,MD,,gxPopupLevel%3D0%3B,gx-no-cache=1500930401725 HTTP/1.1" 200 3472
186.103.159.182 - - [24/Jul/2017:18:06:34 -0300] "GET /cormun/servlet/trsolicitudot? HTTP/1.1" 200 9459
186.103.159.182 - - [24/Jul/2017:18:06:36 -0300] "GET /cormun/servlet/trsolicitudot? HTTP/1.1" 200 9458
186.103.159.187 - - [24/Jul/2017:18:06:38 -0300] "POST /cormun/servlet/solicitudot?gx-no-cache=1500930410338 HTTP/1.1" 200 3209
186.103.159.187 - - [24/Jul/2017:18:06:38 -0300] "POST /cormun/servlet/solicitudot?c1d99b85a4d12bfb5586c07672ff8d3d,INS,0,0,,gx-no-cache=1500930410563 HTTP/1.1" 200 9820
186.103.159.187 - - [24/Jul/2017:18:06:42 -0300] "GET /cormun/servlet/solicitudot?1a611a28dc0e5d95c5abbf474b91116f6a6dd57568fba70d5bcc6e19a85bdd94aefcc34cb1c32441105ff2c558186e6b,gx-no-cache=1500930414391 HTTP/1.1" 200 30
186.103.159.187 - - [24/Jul/2017:18:06:42 -0300] "POST /cormun/servlet/solicitudot?gx-no-cache=1500930414452 HTTP/1.1" 200 240
186.103.159.187 - - [24/Jul/2017:18:06:42 -0300] "GET /cormun/servlet/solicitudot?1a611a28dc0e5d95c5abbf474b91116fb3d2fc4b90bdf9087d34d5aba9cd004becacce082d7e00659a0e67775799da8e67c0a2ea620054cc8db15b8c07f1e4af7636071e88e97272d428b29c7303e0dec9243bdc429e2ca964cf511bd5118b659bb4a8d2ed98174179a6c01ac21b23a59fa141fb4fb8760dea699726538b0e77a22acdb038e5ab9679ee95e4b7c9efb0baad5b883669a1cacdaea41110898373045e43ad15510891aa0f65b8ac776fb1c040bcf4da60d47418bbe8786506dd6d343f65ed414ed76882187e524a53508e1d760bdb5d23aa427e8acfdcd21a8daa8ffe3691a5d751130d49157175874b1db3b5b11726ae3d68fdc93e20c2a99ad8eac71aaf8367e6834f9cc0530974661b15e34bc3da19161df91a999f8713c49f905cef754dfcef7f5cbc779cf18da908102e839f8216a31256d20017285d24be4d96542c8b984e677a4ae6f2f545a0dfa4ef494a8a9a7c09ef2870dd5259f6f01acdabe8ae441453921610b6d0f49457700f0becc06b84c2a8787dfbf73c2c71,gx-no-cache=1500930414518 HTTP/1.1" 200 30
186.103.159.187 - - [24/Jul/2017:18:06:47 -0300] "POST /cormun/servlet/solicitudot?gx-no-cache=1500930418986 HTTP/1.1" 200 30
186.103.159.187 - - [24/Jul/2017:18:06:50 -0300] "GET /cormun/servlet/prcontratosol?15125209,,,,,MD,,gxPopupLevel%3D0%3B HTTP/1.1" 200 7400
186.103.156.24 - - [24/Jul/2017:18:06:51 -0300] "POST /cormun/servlet/solicitudot?gx-no-cache=1500930458327 HTTP/1.1" 200 240
186.103.156.24 - - [24/Jul/2017:18:06:51 -0300] "GET /cormun/servlet/solicitudot?c0634300b9c29e24d539c135e34400b2e196fd50eecb5e670d944f43d7c8ab8efb0863ac1602216dd830241e1d13a1dbfd98f19ab27019b000b6482ff8f1f921664538ec4ed3421683b8eab4669a3030e4828bd1b5650cc9d1aee066b89bc284d0cbfa1d7ecfa0e46d314f1abd3b0d7b77536e9a9f32c88847834adcd3d3e82c49637c72735f127d2ff7fb9f3c91527e7a3d23fe2ab1f0eb33f5262a5ed9bd22120670c8fed28b7759ce857b277e83128ca5f3f1515a9f84b6eade5f45b52602a9ff59c2788a52bad37e45e119805e4cbc420fc6fa89d98b3ecfffcd0666f58ff82bd1c1aac0f59fa8845924a5ba18108b8193331e46af8b3e4fffcf9a50edbb9a24f577d8d2cacd4aba6c37aae60d266358027e29d6cd442d9faf9d475d2d4f382076103ecdb43abaab3650c26ab63bc426535dcd95aca48e495e9c9bd1685b4f38c112b41729d8cc0e413495e38b27b14e2cfcd373719f09c005314520525e4e56411768a3687ebf1489cc28bf4088c5117b358c3dcdead1a1a259e3014694,gx-no-cache=1500930458376 HTTP/1.1" 200 30
186.103.156.24 - - [24/Jul/2017:18:06:51 -0300] "POST /cormun/servlet/solicitudot?gx-no-cache=1500930458721 HTTP/1.1" 200 30
186.103.156.24 - - [24/Jul/2017:18:06:51 -0300] "POST /cormun/servlet/solicitudot?gx-no-cache=1500930458761 HTTP/1.1" 200 1357
186.103.156.24 - - [24/Jul/2017:18:06:51 -0300] "POST /cormun/servlet/solicitudot?gx-no-cache=1500930458816 HTTP/1.1" 200 38
186.103.159.182 - - [24/Jul/2017:18:07:01 -0300] "GET /cormun/servlet/trautorizarsolicitud? HTTP/1.1" 200 7010
186.103.159.182 - - [24/Jul/2017:18:07:02 -0300] "GET /cormun/servlet/trautorizarsolicitud? HTTP/1.1" 200 7010
186.103.159.187 - - [24/Jul/2017:18:07:03 -0300] "POST /cormun/servlet/solicitudot?gx-no-cache=1500930434862 HTTP/1.1" 200 1438
186.103.159.187 - - [24/Jul/2017:18:07:03 -0300] "GET /cormun/static/Shared/jqueryui/images/ui-bg_highlight-soft_100_c6c2c8_1x100.png HTTP/1.1" 404 1117
186.103.159.187 - - [24/Jul/2017:18:07:03 -0300] "GET /cormun/static/Shared/jqueryui/images/ui-icons_82798d_256x240.png HTTP/1.1" 404 1089
186.103.159.187 - - [24/Jul/2017:18:07:03 -0300] "GET /cormun/static/Shared/jqueryui/images/ui-bg_flat_55_994d53_40x100.png HTTP/1.1" 404 1097
186.103.159.187 - - [24/Jul/2017:18:07:03 -0300] "GET /cormun/static/Shared/jqueryui/images/ui-icons_ebccce_256x240.png HTTP/1.1" 404 1089
186.103.159.187 - - [24/Jul/2017:18:07:03 -0300] "POST /cormun/servlet/solicitudot?gx-no-cache=1500930434966 HTTP/1.1" 200 117
186.103.159.187 - - [24/Jul/2017:18:07:03 -0300] "GET /cormun/servlet/solicitudot?1a611a28dc0e5d95c5abbf474b91116f8853424ad310c8b29a722cd9e3a4a174d370a2690bec2131fb89f634597dd40dcf1f9bbeee400ed313853e627f165f6cc6f1eb57ae9d797ff118e79690ef8f573c8a588e54b72a4f62e187b94f1bdf2ecf35834c35521093b0dd07f736e43113d49e1520a4251b74b093fe31e3d543734a5dc75c351e4b5c273a9532426acf95fe4c5e0d9136920cc53478c046dc2a9d,gx-no-cache=1500930435075 HTTP/1.1" 200 29
186.103.159.187 - - [24/Jul/2017:18:07:03 -0300] "GET /cormun/servlet/solicitudot?1a611a28dc0e5d95c5abbf474b91116f72fc6a26ec08f785c5abfe5cf9f4ea3ddb722853f48ad0d2560ea055f9e4d04be7f05460c57b78ad0ccfa96f14fbca3f44219a8b8dc25b3ffd0afc8ebdb09d3f99c524634361f2f4fbfaf4b363cf855d84e6c49a79ad487984274ac30c4c00024be7b636e0a50abea1baa1694489dbd66b45d990f71017deb18480143476f1d65765ce77c7cd74ca77e4015d831ad7f35b07c592b6fd10b54ae0f56270d9de3da4d553efb6713b1a41817a4be15a637e,gx-no-cache=1500930435135 HTTP/1.1" 200 62
186.79.130.232 - - [24/Jul/2017:18:07:03 -0300] "POST /cormun/servlet/trvisualizadoreventos?fea9327947733a3152390cc5b0ee9b11,,gx-no-cache=1500926866798 HTTP/1.1" 200 5061
186.79.130.232 - - [24/Jul/2017:18:07:22 -0300] "POST /cormun/servlet/trvisualizadoreventos?fea9327947733a3152390cc5b0ee9b11,,gx-no-cache=1500926885976 HTTP/1.1" 200 3794
186.79.130.232 - - [24/Jul/2017:18:07:24 -0300] "POST /cormun/servlet/trvisualizadoreventos?fea9327947733a3152390cc5b0ee9b11,,gx-no-cache=1500926888405 HTTP/1.1" 200 3792
186.103.159.182 - - [24/Jul/2017:18:07:25 -0300] "POST /cormun/servlet/trautorizarsolicitud?28c70ad5eaf2a4a5c971dd7c08a554ec,,gx-no-cache=1500930490735 HTTP/1.1" 200 5443
186.79.130.232 - - [24/Jul/2017:18:07:27 -0300] "POST /cormun/servlet/trvisualizadoreventos?fea9327947733a3152390cc5b0ee9b11,,gx-no-cache=1500926891124 HTTP/1.1" 200 3792
186.79.130.232 - - [24/Jul/2017:18:07:30 -0300] "GET /cormun/servlet/avisualizareventos?2017,0,ING,20170501,20170724,PU HTTP/1.1" 200 1026
186.103.159.187 - - [24/Jul/2017:18:07:33 -0300] "GET /cormun/servlet/prfichaempleado?,MD,,gxPopupLevel%3D0%3B HTTP/1.1" 200 9218
186.103.156.24 - - [24/Jul/2017:18:07:38 -0300] "POST /cormun/servlet/solicitudot?gx-no-cache=1500930505737 HTTP/1.1" 200 30
186.103.156.24 - - [24/Jul/2017:18:07:42 -0300] "GET /cormun/servlet/prfichaempleado?,MD,,gxPopupLevel%3D0%3B HTTP/1.1" 200 9326
186.103.159.187 - - [24/Jul/2017:18:07:51 -0300] "POST /cormun/servlet/prfichaempleado?c1d99b85a4d12bfb5586c07672ff8d3d,,MD,,gxPopupLevel%3D0%3B,gx-no-cache=1500930483222 HTTP/1.1" 200 3419
186.103.156.24 - - [24/Jul/2017:18:07:58 -0300] "POST /cormun/servlet/prfichaempleado?fd957d062716800a7d9c65f659006e49,,MD,,gxPopupLevel%3D0%3B,gx-no-cache=1500930525188 HTTP/1.1" 200 3478
186.103.159.187 - - [24/Jul/2017:18:07:58 -0300] "POST /cormun/servlet/solicitudot?gx-no-cache=1500930490216 HTTP/1.1" 200 1357
186.103.159.187 - - [24/Jul/2017:18:07:58 -0300] "GET /cormun/static/menuarrow.gif HTTP/1.1" 404 1015
186.103.159.182 - - [24/Jul/2017:18:08:00 -0300] "POST /cormun/servlet/trautorizarsolicitud?28c70ad5eaf2a4a5c971dd7c08a554ec,,gx-no-cache=1500930525508 HTTP/1.1" 200 4136
186.103.159.187 - - [24/Jul/2017:18:08:03 -0300] "GET /cormun/servlet/prlicenciaspermisos?8448797,L,,MD,,gxPopupLevel%3D0%3B HTTP/1.1" 200 5486
186.103.159.182 - - [24/Jul/2017:18:08:09 -0300] "POST /cormun/servlet/trautorizarsolicitud?28c70ad5eaf2a4a5c971dd7c08a554ec,,gx-no-cache=1500930535130 HTTP/1.1" 200 4135
186.103.156.24 - - [24/Jul/2017:18:08:10 -0300] "GET /cormun/servlet/prlicenciaspermisos?17485418,L,,MD,,gxPopupLevel%3D0%3B HTTP/1.1" 200 5656
186.103.156.24 - - [24/Jul/2017:18:08:10 -0300] "GET /cormun/static/gxcfg.js?20176272053834 HTTP/1.1" 200 953
186.103.156.24 - - [24/Jul/2017:18:08:10 -0300] "GET /cormun/static/prlicenciaspermisos.js?20176272054050 HTTP/1.1" 200 13379
186.103.159.187 - - [24/Jul/2017:18:08:14 -0300] "POST /cormun/servlet/solicitudot?gx-no-cache=1500930505957 HTTP/1.1" 200 41
186.103.159.182 - - [24/Jul/2017:18:08:16 -0300] "POST /cormun/servlet/trautorizarsolicitud?28c70ad5eaf2a4a5c971dd7c08a554ec,,gx-no-cache=1500930541751 HTTP/1.1" 200 4135
186.103.159.182 - - [24/Jul/2017:18:08:22 -0300] "POST /cormun/servlet/trautorizarsolicitud?28c70ad5eaf2a4a5c971dd7c08a554ec,,gx-no-cache=1500930547355 HTTP/1.1" 200 4135
186.103.156.24 - - [24/Jul/2017:18:08:22 -0300] "POST /cormun/servlet/solicitudot?gx-no-cache=1500930549748 HTTP/1.1" 200 1357
186.103.156.24 - - [24/Jul/2017:18:08:31 -0300] "POST /cormun/servlet/solicitudot?gx-no-cache=1500930558305 HTTP/1.1" 200 41
186.103.156.24 - - [24/Jul/2017:18:08:31 -0300] "GET /cormun/servlet/solicitudot?c0634300b9c29e24d539c135e34400b2057ac769044c87746528f4597f9d6789216036cf194955dc59a165d2fc0f428a1564f71b85e373160b8532ff868d46024085d243ccd8a4c187c8cde8242bffbb66ec6ead1da182ad2cd5144d85de3d7196bbbe2191db9c1e922775bda16e263f08d79282f97bde2bc7931e1ec6ebb5f57a7564f0e935f9e272f0e743b501585e2e9a4a205f4e01ef68cbb0468255688a2a3cded5822b5fbc57f60db922c8624f48463b0c3f48124ec00e23899ec87ba2e54d42e658e7ba90290e893e5b1e714a,gx-no-cache=1500930558357 HTTP/1.1" 200 29
186.103.156.24 - - [24/Jul/2017:18:08:31 -0300] "POST /cormun/servlet/solicitudot?gx-no-cache=1500930558410 HTTP/1.1" 200 1336
186.103.156.24 - - [24/Jul/2017:18:08:31 -0300] "GET /cormun/static/menuarrow.gif HTTP/1.1" 404 1015
186.103.159.182 - - [24/Jul/2017:18:08:32 -0300] "POST /cormun/servlet/trautorizarsolicitud?28c70ad5eaf2a4a5c971dd7c08a554ec,,gx-no-cache=1500930557276 HTTP/1.1" 200 5443
186.103.156.24 - - [24/Jul/2017:18:08:36 -0300] "POST /cormun/servlet/solicitudot?gx-no-cache=1500930563727 HTTP/1.1" 200 1336
186.103.159.182 - - [24/Jul/2017:18:08:45 -0300] "POST /cormun/servlet/trautorizarsolicitud?28c70ad5eaf2a4a5c971dd7c08a554ec,,gx-no-cache=1500930570257 HTTP/1.1" 200 5455
186.103.159.182 - - [24/Jul/2017:18:08:45 -0300] "GET /cormun/static/Shared/jqueryui/images/ui-bg_highlight-soft_100_c6c2c8_1x100.png HTTP/1.1" 404 1117
186.103.159.182 - - [24/Jul/2017:18:08:45 -0300] "GET /cormun/static/Shared/jqueryui/images/ui-icons_82798d_256x240.png HTTP/1.1" 404 1089
186.103.159.182 - - [24/Jul/2017:18:08:45 -0300] "GET /cormun/static/Shared/jqueryui/images/ui-bg_flat_55_fafafa_40x100.png HTTP/1.1" 404 1097
186.103.159.182 - - [24/Jul/2017:18:08:45 -0300] "GET /cormun/static/Shared/jqueryui/images/ui-icons_8d78a5_256x240.png HTTP/1.1" 404 1089
186.103.156.24 - - [24/Jul/2017:18:08:45 -0300] "POST /cormun/servlet/solicitudot?gx-no-cache=1500930573207 HTTP/1.1" 200 34
186.103.159.187 - - [24/Jul/2017:18:08:51 -0300] "POST /cormun/servlet/solicitudot?gx-no-cache=1500930543348 HTTP/1.1" 200 1337
186.103.159.187 - - [24/Jul/2017:18:08:53 -0300] "POST /cormun/servlet/solicitudot?gx-no-cache=1500930545413 HTTP/1.1" 200 1337
186.103.159.187 - - [24/Jul/2017:18:09:01 -0300] "POST /cormun/servlet/solicitudot?gx-no-cache=1500930553653 HTTP/1.1" 200 135
186.103.156.24 - - [24/Jul/2017:18:09:05 -0300] "POST /cormun/servlet/solicitudot?fd957d062716800a7d9c65f659006e49,INS,0,0,,gx-no-cache=1500930592139 HTTP/1.1" 200 93
186.103.156.24 - - [24/Jul/2017:18:09:05 -0300] "GET /cormun/servlet/hpexe_return? HTTP/1.1" 200 1002
186.103.156.24 - - [24/Jul/2017:18:09:05 -0300] "GET /cormun/static/Resources/Spanish/PXTools.css?167811 HTTP/1.1" 304 -
186.103.156.24 - - [24/Jul/2017:18:09:05 -0300] "GET /cormun/static/gxcfg.js?2016101716175148 HTTP/1.1" 304 -
186.103.156.24 - - [24/Jul/2017:18:09:05 -0300] "GET /cormun/static/hpexe_return.js?2016101716175153 HTTP/1.1" 304 -
186.103.156.24 - - [24/Jul/2017:18:09:05 -0300] "GET /cormun/servlet/trsolicitudot HTTP/1.1" 200 9747
186.103.156.24 - - [24/Jul/2017:18:09:06 -0300] "GET /cormun/servlet/trsolicitudot HTTP/1.1" 200 9743
186.103.159.182 - - [24/Jul/2017:18:09:23 -0300] "GET /cormun/servlet/trsolicitudot? HTTP/1.1" 200 9459
186.103.159.182 - - [24/Jul/2017:18:09:25 -0300] "GET /cormun/servlet/trsolicitudot? HTTP/1.1" 200 9458
186.103.159.182 - - [24/Jul/2017:18:09:30 -0300] "POST /cormun/servlet/trsolicitudot?28c70ad5eaf2a4a5c971dd7c08a554ec,,gx-no-cache=1500930615442 HTTP/1.1" 200 6481
186.103.159.182 - - [24/Jul/2017:18:09:31 -0300] "POST /cormun/servlet/trsolicitudot?28c70ad5eaf2a4a5c971dd7c08a554ec,,gx-no-cache=1500930617300 HTTP/1.1" 200 6481
186.103.159.182 - - [24/Jul/2017:18:09:33 -0300] "POST /cormun/servlet/trsolicitudot?28c70ad5eaf2a4a5c971dd7c08a554ec,,gx-no-cache=1500930619062 HTTP/1.1" 200 6480
186.103.159.187 - - [24/Jul/2017:18:09:43 -0300] "POST /cormun/servlet/solicitudot?gx-no-cache=1500930595449 HTTP/1.1" 200 135
186.103.159.187 - - [24/Jul/2017:18:09:44 -0300] "POST /cormun/servlet/solicitudot?c1d99b85a4d12bfb5586c07672ff8d3d,INS,0,0,,gx-no-cache=1500930595626 HTTP/1.1" 200 11223
186.103.156.24 - - [24/Jul/2017:18:09:58 -0300] "POST /cormun/servlet/trsolicitudot?fd957d062716800a7d9c65f659006e49,gx-no-cache=1500930644888 HTTP/1.1" 200 6862
186.103.156.24 - - [24/Jul/2017:18:09:58 -0300] "GET /cormun/static/Shared/jqueryui/images/ui-bg_highlight-soft_100_c6c2c8_1x100.png HTTP/1.1" 404 1117
186.103.156.24 - - [24/Jul/2017:18:09:58 -0300] "GET /cormun/static/Shared/jqueryui/images/ui-icons_82798d_256x240.png HTTP/1.1" 404 1089
186.103.156.24 - - [24/Jul/2017:18:09:58 -0300] "GET /cormun/static/Shared/jqueryui/images/ui-bg_flat_55_fafafa_40x100.png HTTP/1.1" 404 1097
186.103.156.24 - - [24/Jul/2017:18:09:58 -0300] "GET /cormun/static/Shared/jqueryui/images/ui-icons_8d78a5_256x240.png HTTP/1.1" 404 1089
186.103.156.24 - - [24/Jul/2017:18:09:58 -0300] "POST /cormun/servlet/trsolicitudot?fd957d062716800a7d9c65f659006e49,gx-no-cache=1500930645499 HTTP/1.1" 200 6804
186.103.156.24 - - [24/Jul/2017:18:10:02 -0300] "POST /cormun/servlet/trsolicitudot?fd957d062716800a7d9c65f659006e49,gx-no-cache=1500930649723 HTTP/1.1" 200 6805
186.103.156.24 - - [24/Jul/2017:18:10:04 -0300] "POST /cormun/servlet/trsolicitudot?fd957d062716800a7d9c65f659006e49,gx-no-cache=1500930651204 HTTP/1.1" 200 6804
186.103.156.24 - - [24/Jul/2017:18:10:05 -0300] "POST /cormun/servlet/trsolicitudot?fd957d062716800a7d9c65f659006e49,gx-no-cache=1500930652698 HTTP/1.1" 200 6805
186.103.156.24 - - [24/Jul/2017:18:10:09 -0300] "GET /cormun/servlet/trautorizarsolicitud? HTTP/1.1" 200 8346
186.103.156.24 - - [24/Jul/2017:18:10:09 -0300] "GET /cormun/static/Resources/Spanish/PXTools.css?11294912 HTTP/1.1" 304 -
186.103.156.24 - - [24/Jul/2017:18:10:09 -0300] "GET /cormun/static/gxcfg.js?20174261241362 HTTP/1.1" 304 -
186.103.156.24 - - [24/Jul/2017:18:10:09 -0300] "GET /cormun/static/trautorizarsolicitud.js?201742612414370 HTTP/1.1" 304 -
186.103.156.24 - - [24/Jul/2017:18:10:10 -0300] "GET /cormun/servlet/trautorizarsolicitud? HTTP/1.1" 200 8346
186.103.156.24 - - [24/Jul/2017:18:10:15 -0300] "POST /cormun/servlet/trautorizarsolicitud?fd957d062716800a7d9c65f659006e49,,gx-no-cache=1500930662319 HTTP/1.1" 200 4362
186.103.156.24 - - [24/Jul/2017:18:10:15 -0300] "GET /cormun/static/Shared/jqueryui/images/ui-icons_82798d_256x240.png HTTP/1.1" 404 1089
186.103.156.24 - - [24/Jul/2017:18:10:15 -0300] "GET /cormun/static/Shared/jqueryui/images/ui-bg_flat_55_fafafa_40x100.png HTTP/1.1" 404 1097
186.103.156.24 - - [24/Jul/2017:18:10:15 -0300] "GET /cormun/static/Shared/jqueryui/images/ui-icons_8d78a5_256x240.png HTTP/1.1" 404 1089
186.103.156.24 - - [24/Jul/2017:18:10:15 -0300] "POST /cormun/servlet/trautorizarsolicitud?fd957d062716800a7d9c65f659006e49,,gx-no-cache=1500930662674 HTTP/1.1" 200 4101
186.103.156.24 - - [24/Jul/2017:18:10:15 -0300] "GET /cormun/static/Shared/jqueryui/images/ui-bg_highlight-soft_100_c6c2c8_1x100.png HTTP/1.1" 404 1117
186.103.159.204 - - [24/Jul/2017:18:10:19 -0300] "GET /cormun/servlet/hlogin HTTP/1.1" 200 1725
186.103.159.204 - - [24/Jul/2017:18:10:19 -0300] "GET /cormun/static/gxtimezone.js?85251 HTTP/1.1" 200 5781
186.103.159.204 - - [24/Jul/2017:18:10:19 -0300] "GET /cormun/static/gxcfg.js?20175251213516 HTTP/1.1" 200 953
186.103.159.204 - - [24/Jul/2017:18:10:19 -0300] "GET /cormun/static/Resources/Spanish/PXTools.css?11423723 HTTP/1.1" 200 89042
186.103.159.204 - - [24/Jul/2017:18:10:19 -0300] "GET /cormun/static/messages.spa.js?85251 HTTP/1.1" 200 30736
186.103.159.204 - - [24/Jul/2017:18:10:19 -0300] "GET /cormun/static/hlogin.js?20175251213537 HTTP/1.1" 200 2136
186.103.159.204 - - [24/Jul/2017:18:10:19 -0300] "GET /cormun/static/Resources/ComunLogin.png HTTP/1.1" 200 17326
186.103.159.204 - - [24/Jul/2017:18:10:19 -0300] "GET /cormun/static/gxgral.js?85251 HTTP/1.1" 200 384558
186.103.159.204 - - [24/Jul/2017:18:10:19 -0300] "GET /cormun/static/Resources/PXToolsLoginTop.png HTTP/1.1" 200 1337
186.103.159.204 - - [24/Jul/2017:18:10:19 -0300] "GET /cormun/static/Resources/PXToolsLoginBackground.png HTTP/1.1" 200 1164
186.103.159.204 - - [24/Jul/2017:18:10:19 -0300] "GET /cormun/static/Resources/PXToolsButtonLeft21.png HTTP/1.1" 200 1287
186.103.159.204 - - [24/Jul/2017:18:10:19 -0300] "GET /cormun/static/Resources/PXToolsButtonRight21.png HTTP/1.1" 200 1283
186.103.159.204 - - [24/Jul/2017:18:10:19 -0300] "GET /cormun/static/Resources/PXToolsLoginBottom.png HTTP/1.1" 200 1389
186.103.159.204 - - [24/Jul/2017:18:10:19 -0300] "GET /cormun/static/Resources/PXToolsButtonBackground2.png HTTP/1.1" 200 1181
186.103.159.204 - - [24/Jul/2017:18:10:19 -0300] "GET /cormun/static/Resources/indicator.gif HTTP/1.1" 200 1553
186.103.159.204 - - [24/Jul/2017:18:10:19 -0300] "GET /cormun/servlet/hlogin HTTP/1.1" 200 1732
186.103.159.204 - - [24/Jul/2017:18:10:20 -0300] "GET /favicon.ico HTTP/1.1" 200 21630
186.103.159.182 - - [24/Jul/2017:18:10:31 -0300] "GET /cormun/servlet/trautorizarsolicitud? HTTP/1.1" 200 8320
186.103.159.182 - - [24/Jul/2017:18:10:34 -0300] "GET /cormun/servlet/trautorizarsolicitud? HTTP/1.1" 200 8319
186.103.159.204 - - [24/Jul/2017:18:10:36 -0300] "POST /cormun/servlet/hlogin?6c3efc686b97fe939b3f16931cd33e6d,gx-no-cache=1500930680597 HTTP/1.1" 200 90
186.103.159.204 - - [24/Jul/2017:18:10:36 -0300] "GET /cormun/servlet/hpexe_link HTTP/1.1" 200 954
186.103.159.204 - - [24/Jul/2017:18:10:36 -0300] "GET /cormun/static/gxcfg.js?20177612121792 HTTP/1.1" 200 953
186.103.159.204 - - [24/Jul/2017:18:10:36 -0300] "GET /cormun/static/hpexe_link.js?20177612121795 HTTP/1.1" 200 625
186.103.159.204 - - [24/Jul/2017:18:10:36 -0300] "GET /cormun/static/Resources/Spanish/PXTools.css?1155365 HTTP/1.1" 200 89042
186.103.159.204 - - [24/Jul/2017:18:10:36 -0300] "GET /cormun/servlet/hhome HTTP/1.1" 200 4023
186.103.159.204 - - [24/Jul/2017:18:10:36 -0300] "GET /cormun/static/gxcfg.js?20175251212442 HTTP/1.1" 200 953
186.103.159.204 - - [24/Jul/2017:18:10:36 -0300] "GET /cormun/static/SmoothNavMenu/resources/ddsmoothmenu-v.css?1012540 HTTP/1.1" 200 1188
186.103.159.204 - - [24/Jul/2017:18:10:36 -0300] "GET /cormun/static/SmoothNavMenu/resources/ddsmoothmenu.css?1012540 HTTP/1.1" 200 2223
186.103.159.204 - - [24/Jul/2017:18:10:36 -0300] "GET /cormun/static/Shared/jqueryui/jquery-ui.min.css?1245370 HTTP/1.1" 200 30288
186.103.159.204 - - [24/Jul/2017:18:10:36 -0300] "GET /cormun/static/PXToolsJavascripts/pexe_autoreload.js HTTP/1.1" 200 1762
186.103.159.204 - - [24/Jul/2017:18:10:36 -0300] "GET /cormun/static/scaMessage/css/jquery.pnotify.default.css?1716380 HTTP/1.1" 200 1707
186.103.159.204 - - [24/Jul/2017:18:10:36 -0300] "GET /cormun/static/PXToolsJavascripts/pexe_cookies.js HTTP/1.1" 200 792
186.103.159.204 - - [24/Jul/2017:18:10:36 -0300] "GET /cormun/static/PXToolsJavascripts/pexe_windows.js HTTP/1.1" 200 15207
186.103.159.204 - - [24/Jul/2017:18:10:36 -0300] "GET /cormun/static/PXToolsJavascripts/pexe_grid.js HTTP/1.1" 200 7559
186.103.159.204 - - [24/Jul/2017:18:10:36 -0300] "GET /cormun/static/PXToolsJavascripts/pexe_griddivfix.js HTTP/1.1" 200 6644
186.103.159.204 - - [24/Jul/2017:18:10:36 -0300] "GET /cormun/static/PXToolsJavascripts/pexe_link.js HTTP/1.1" 200 5671
186.103.159.204 - - [24/Jul/2017:18:10:36 -0300] "GET /cormun/static/PXToolsJavascripts/pexe_layers.js HTTP/1.1" 200 4114
186.103.159.204 - - [24/Jul/2017:18:10:36 -0300] "GET /cormun/static/PXToolsJavascripts/pexe_menudivfix.js HTTP/1.1" 200 333
186.103.159.204 - - [24/Jul/2017:18:10:36 -0300] "GET /cormun/static/PXToolsJavascripts/pexe_menus.js HTTP/1.1" 200 1286
186.103.159.204 - - [24/Jul/2017:18:10:36 -0300] "GET /cormun/static/PXToolsJavascripts/pexe_oavdivfix.js HTTP/1.1" 200 639
186.103.159.204 - - [24/Jul/2017:18:10:36 -0300] "GET /cormun/static/PXToolsJavascripts/pexe_picture.js HTTP/1.1" 200 689
186.103.159.204 - - [24/Jul/2017:18:10:36 -0300] "GET /cormun/static/PXToolsJavascripts/pexe_oav.js HTTP/1.1" 200 645
186.103.159.204 - - [24/Jul/2017:18:10:36 -0300] "GET /cormun/static/PXToolsJavascripts/pexe_scrolldiv.js HTTP/1.1" 200 4138
186.103.159.204 - - [24/Jul/2017:18:10:36 -0300] "GET /cormun/static/PXToolsJavascripts/pexe_popup.js HTTP/1.1" 200 13458
186.103.159.204 - - [24/Jul/2017:18:10:36 -0300] "GET /cormun/static/PXToolsJavascripts/pexe_upload.js HTTP/1.1" 200 1423
186.103.159.204 - - [24/Jul/2017:18:10:36 -0300] "GET /cormun/static/PXToolsJavascripts/PXToolsJavascriptsRender.js HTTP/1.1" 200 367
186.103.159.204 - - [24/Jul/2017:18:10:36 -0300] "GET /cormun/static/PXToolsJavascripts/pexe_tabdivfix.js HTTP/1.1" 200 876
186.103.159.204 - - [24/Jul/2017:18:10:36 -0300] "GET /cormun/static/PXToolsJavascripts/pexe_tabs.js HTTP/1.1" 200 3748
186.103.159.204 - - [24/Jul/2017:18:10:36 -0300] "GET /cormun/static/RunJS/RunJS.js HTTP/1.1" 200 288
186.103.159.204 - - [24/Jul/2017:18:10:36 -0300] "GET /cormun/static/hhome.js?20175251212450 HTTP/1.1" 200 777
186.103.159.204 - - [24/Jul/2017:18:10:36 -0300] "GET /cormun/static/Shared/ext/locale/ext-lang-en.js HTTP/1.1" 200 10940
186.103.159.204 - - [24/Jul/2017:18:10:36 -0300] "GET /cormun/static/hwchdr01.js?201752511465785 HTTP/1.1" 200 1183
186.103.159.204 - - [24/Jul/2017:18:10:36 -0300] "GET /cormun/static/hpexe_recentlink.js?20177611595044 HTTP/1.1" 200 2144
186.103.159.204 - - [24/Jul/2017:18:10:36 -0300] "GET /cormun/static/gxui/gxui-all.js HTTP/1.1" 200 107772
186.103.159.204 - - [24/Jul/2017:18:10:36 -0300] "GET /cormun/static/Resources/PXToolsHeaderActionsLeft.png HTTP/1.1" 200 1118
186.103.159.204 - - [24/Jul/2017:18:10:36 -0300] "GET /cormun/static/Resources/PXToolsFooterBackground2.png HTTP/1.1" 200 1172
186.103.159.204 - - [24/Jul/2017:18:10:36 -0300] "GET /cormun/static/Resources/PXToolsHeaderBackground2.png HTTP/1.1" 200 1174
186.103.159.204 - - [24/Jul/2017:18:10:36 -0300] "GET /cormun/static/Resources/PXToolsDataTitle.png HTTP/1.1" 200 1173
186.103.159.204 - - [24/Jul/2017:18:10:36 -0300] "GET /cormun/static/Resources/PXToolsHeaderActionsBackground.png HTTP/1.1" 200 484
186.103.159.204 - - [24/Jul/2017:18:10:36 -0300] "GET /cormun/static/Resources/logo4.png HTTP/1.1" 200 6582
186.103.159.204 - - [24/Jul/2017:18:10:36 -0300] "GET /cormun/static/Resources/PXToolsHeaderLogin.png HTTP/1.1" 200 4279
186.103.159.204 - - [24/Jul/2017:18:10:36 -0300] "GET /cormun/static/Resources/PXToolsHeaderHome.png HTTP/1.1" 200 4147
186.103.159.204 - - [24/Jul/2017:18:10:36 -0300] "GET /cormun/static/Resources/PXToolsHeaderSecurity.png HTTP/1.1" 200 4166
186.103.159.204 - - [24/Jul/2017:18:10:36 -0300] "GET /cormun/static/Resources/PXToolsHeaderActionsRight.png HTTP/1.1" 200 1201
186.103.159.204 - - [24/Jul/2017:18:10:36 -0300] "GET /cormun/static/Resources/PXToolsHeaderPreferences.png HTTP/1.1" 200 4189
186.103.159.204 - - [24/Jul/2017:18:10:36 -0300] "GET /cormun/static/hpexe_scripts.js?201752511465715 HTTP/1.1" 200 1544
186.103.159.204 - - [24/Jul/2017:18:10:36 -0300] "GET /cormun/static/hpexe_messagepopupcomponent.js?20161017169425 HTTP/1.1" 200 605
186.103.159.204 - - [24/Jul/2017:18:10:36 -0300] "GET /cormun/static/hpexe_messagegenexuscomponent.js?201752511465344 HTTP/1.1" 200 587
186.103.159.204 - - [24/Jul/2017:18:10:36 -0300] "GET /cormun/static/hpexe_messagecontroller.js?20177611595012 HTTP/1.1" 200 870
186.103.159.204 - - [24/Jul/2017:18:10:36 -0300] "GET /cormun/static/cmcontrolpreferences.js?201752511465670 HTTP/1.1" 200 1375
186.103.159.204 - - [24/Jul/2017:18:10:36 -0300] "GET /cormun/static/SmoothNavMenu/resources/ddsmoothmenu.js HTTP/1.1" 200 12712
186.103.159.204 - - [24/Jul/2017:18:10:36 -0300] "GET /cormun/static/SmoothNavMenu/resources/SmoothNavMenuRender.js HTTP/1.1" 200 5951
186.103.159.204 - - [24/Jul/2017:18:10:36 -0300] "GET /cormun/static/scaMessage/js/jquery.pnotify.min.js HTTP/1.1" 200 13038
186.103.159.204 - - [24/Jul/2017:18:10:37 -0300] "GET /cormun/static/Shared/jquery/jquery-1.4.2.min.js HTTP/1.1" 200 72174
186.103.159.204 - - [24/Jul/2017:18:10:37 -0300] "GET /cormun/static/scaMessage/scaMessageRender.js HTTP/1.1" 200 11977
186.103.159.204 - - [24/Jul/2017:18:10:37 -0300] "GET /cormun/static/hmpwkw03.js?20177612122668 HTTP/1.1" 200 3965
186.103.159.204 - - [24/Jul/2017:18:10:37 -0300] "GET /cormun/static/Shared/jquery/jquery-1.10.2.min.js HTTP/1.1" 200 273199
186.103.159.204 - - [24/Jul/2017:18:10:37 -0300] "GET /cormun/static/Shared/jqueryui/jquery-ui.min.js HTTP/1.1" 200 240427
186.103.159.204 - - [24/Jul/2017:18:10:37 -0300] "GET /cormun/static/Shared/ext/ext-all.js HTTP/1.1" 200 1289687
186.103.159.204 - - [24/Jul/2017:18:10:37 -0300] "GET /cormun/static/SmoothNavMenu/resources/images/down.gif HTTP/1.1" 200 854
186.103.159.204 - - [24/Jul/2017:18:10:37 -0300] "GET /cormun/static/SmoothNavMenu/resources/images/right.gif HTTP/1.1" 200 860
186.103.159.204 - - [24/Jul/2017:18:10:37 -0300] "GET /cormun/servlet/hhome HTTP/1.1" 200 4021
186.79.130.232 - - [24/Jul/2017:18:10:44 -0300] "GET /cormun/servlet/hlogin HTTP/1.1" 200 1741
186.103.159.182 - - [24/Jul/2017:18:10:47 -0300] "POST /cormun/servlet/trautorizarsolicitud?28c70ad5eaf2a4a5c971dd7c08a554ec,,gx-no-cache=1500930692397 HTTP/1.1" 200 5454
186.103.159.182 - - [24/Jul/2017:18:10:47 -0300] "GET /cormun/static/Shared/jqueryui/images/ui-bg_highlight-soft_100_c6c2c8_1x100.png HTTP/1.1" 404 1117
186.103.159.182 - - [24/Jul/2017:18:10:47 -0300] "GET /cormun/static/Shared/jqueryui/images/ui-icons_82798d_256x240.png HTTP/1.1" 404 1089
186.103.159.182 - - [24/Jul/2017:18:10:47 -0300] "GET /cormun/static/Shared/jqueryui/images/ui-bg_flat_55_fafafa_40x100.png HTTP/1.1" 404 1097
186.103.159.182 - - [24/Jul/2017:18:10:47 -0300] "GET /cormun/static/Shared/jqueryui/images/ui-icons_8d78a5_256x240.png HTTP/1.1" 404 1089
186.103.159.187 - - [24/Jul/2017:18:10:49 -0300] "GET /cormun/servlet/prlicenciaspermisos?8448797,L,,MD,,gxPopupLevel%3D0%3B HTTP/1.1" 200 5486
186.103.159.187 - - [24/Jul/2017:18:11:03 -0300] "POST /cormun/servlet/solicitudot?gx-no-cache=1500930675157 HTTP/1.1" 200 41
186.103.159.182 - - [24/Jul/2017:18:11:03 -0300] "GET /cormun/servlet/veautorizarsolicitud?2017,6961,, HTTP/1.1" 200 8300
186.103.159.187 - - [24/Jul/2017:18:11:04 -0300] "POST /cormun/servlet/solicitudot?gx-no-cache=1500930675259 HTTP/1.1" 200 1337
186.103.159.182 - - [24/Jul/2017:18:11:04 -0300] "GET /cormun/static/gxcfg.js?201742612414795 HTTP/1.1" 200 953
186.103.159.182 - - [24/Jul/2017:18:11:04 -0300] "GET /cormun/static/hpexe_tabsview.js?201610171694228 HTTP/1.1" 200 1661
186.103.159.182 - - [24/Jul/2017:18:11:04 -0300] "GET /cormun/pexe_scrolldiv.js HTTP/1.1" 404 1009
186.103.159.182 - - [24/Jul/2017:18:11:04 -0300] "GET /cormun/static/tbautorizarsolicitud01.js?20174261238367 HTTP/1.1" 200 28481
186.103.159.182 - - [24/Jul/2017:18:11:04 -0300] "GET /cormun/static/Resources/PXToolsTabFirstSelected.png HTTP/1.1" 200 1259
186.103.159.182 - - [24/Jul/2017:18:11:04 -0300] "GET /cormun/static/Resources/PXToolsTabNext.gif HTTP/1.1" 200 168
186.103.159.182 - - [24/Jul/2017:18:11:04 -0300] "GET /cormun/static/Resources/PXToolsTabLastUnselected.png HTTP/1.1" 200 1291
186.103.159.182 - - [24/Jul/2017:18:11:04 -0300] "GET /cormun/static/Resources/PXToolsTabPrevious.gif HTTP/1.1" 200 172
186.103.159.182 - - [24/Jul/2017:18:11:04 -0300] "GET /cormun/static/veautorizarsolicitud.js?201742612414866 HTTP/1.1" 200 6140
186.103.159.182 - - [24/Jul/2017:18:11:04 -0300] "GET /cormun/static/hwcviewtabs.js?20177611594913 HTTP/1.1" 200 1074
186.103.159.182 - - [24/Jul/2017:18:11:05 -0300] "GET /cormun/static/calendar-system.css HTTP/1.1" 200 5572
186.103.159.182 - - [24/Jul/2017:18:11:06 -0300] "GET /cormun/static/Resources/PXToolsTabBackSelected.png HTTP/1.1" 200 1157
186.103.159.182 - - [24/Jul/2017:18:11:06 -0300] "GET /cormun/static/Resources/PXToolsTabBackUnselected.png HTTP/1.1" 200 1175
186.103.159.182 - - [24/Jul/2017:18:11:06 -0300] "GET /cormun/static/Resources/PXToolsTabSelectedUnselected.png HTTP/1.1" 200 1428
186.103.159.182 - - [24/Jul/2017:18:11:06 -0300] "GET /cormun/static/Resources/PXToolsTabUnselectedUnselected.png HTTP/1.1" 200 1459
186.103.159.182 - - [24/Jul/2017:18:11:06 -0300] "GET /cormun/servlet/veautorizarsolicitud?2017,6961,, HTTP/1.1" 200 8299
186.103.159.187 - - [24/Jul/2017:18:11:07 -0300] "POST /cormun/servlet/solicitudot?gx-no-cache=1500930679583 HTTP/1.1" 200 135
186.103.159.187 - - [24/Jul/2017:18:11:08 -0300] "POST /cormun/servlet/solicitudot?c1d99b85a4d12bfb5586c07672ff8d3d,INS,0,0,,gx-no-cache=1500930679700 HTTP/1.1" 200 11274
186.103.159.204 - - [24/Jul/2017:18:11:12 -0300] "GET /cormun/servlet/trlicencias? HTTP/1.1" 200 8460
186.103.159.204 - - [24/Jul/2017:18:11:12 -0300] "GET /cormun/servlet/trlicencias? HTTP/1.1" 200 8460
186.103.159.204 - - [24/Jul/2017:18:11:12 -0300] "GET /cormun/static/gxui/gxui-all.css?110300 HTTP/1.1" 200 2179
