186.103.159.43 - - [04/Jul/2017:17:27:25 -0300] "GET /cormun/static/about:blank HTTP/1.1" 404 1011
186.103.159.43 - - [04/Jul/2017:17:27:25 -0300] "GET /cormun/servlet/licenciaspermisosadjuntos?INS,19854422,L,20170704000000,, HTTP/1.1" 200 5401
186.67.172.234 - - [04/Jul/2017:17:27:29 -0300] "POST /cormun/servlet/trcontratosolicitud?270ec3b4277ea88a130cfbb0b61f97bc,,gx-no-cache=1499200121499 HTTP/1.1" 200 11809
186.67.172.234 - - [04/Jul/2017:17:27:33 -0300] "POST /cormun/servlet/trcontratosolicitud?270ec3b4277ea88a130cfbb0b61f97bc,,gx-no-cache=1499200125311 HTTP/1.1" 200 12265
186.67.172.234 - - [04/Jul/2017:17:27:38 -0300] "POST /cormun/servlet/trcontratosolicitud?270ec3b4277ea88a130cfbb0b61f97bc,,gx-no-cache=1499200130536 HTTP/1.1" 200 11846
186.67.172.234 - - [04/Jul/2017:17:27:55 -0300] "GET /cormun/servlet/trcontratounov2? HTTP/1.1" 200 16941
186.67.172.234 - - [04/Jul/2017:17:27:56 -0300] "GET /cormun/servlet/trcontratounov2? HTTP/1.1" 200 16917
186.103.159.43 - - [04/Jul/2017:17:28:58 -0300] "POST /cormun/servlet/licenciaspermisosadjuntos?ffff6868bd0e45db04fde34c1dbfc579,INS,19854422,L,20170704000000,, HTTP/1.1" 200 116
186.103.159.43 - - [04/Jul/2017:17:28:58 -0300] "GET /cormun/servlet/hpexe_return? HTTP/1.1" 200 1042
186.103.159.43 - - [04/Jul/2017:17:28:58 -0300] "GET /cormun/servlet/trlicenciaspermisosadjuntos?19854422,20170704000000,L, HTTP/1.1" 200 6606
186.103.159.43 - - [04/Jul/2017:17:28:59 -0300] "GET /cormun/servlet/trlicenciaspermisosadjuntos?19854422,20170704000000,L, HTTP/1.1" 200 6603
186.103.159.43 - - [04/Jul/2017:17:29:03 -0300] "GET /cormun/servlet/licenciaspermisosadjuntos?INS,19854422,L,20170704000000,, HTTP/1.1" 200 5410
186.103.159.43 - - [04/Jul/2017:17:29:03 -0300] "GET /cormun/static/about:blank HTTP/1.1" 404 1011
186.103.159.43 - - [04/Jul/2017:17:29:03 -0300] "GET /cormun/servlet/licenciaspermisosadjuntos?INS,19854422,L,20170704000000,, HTTP/1.1" 200 5400
186.103.159.43 - - [04/Jul/2017:17:29:06 -0300] "POST /cormun/servlet/licenciaspermisosadjuntos?ffff6868bd0e45db04fde34c1dbfc579,INS,19854422,L,20170704000000,,,gx-no-cache=1499200195755 HTTP/1.1" 200 93
186.103.159.43 - - [04/Jul/2017:17:29:06 -0300] "GET /cormun/servlet/hpexe_return? HTTP/1.1" 200 1042
186.103.159.43 - - [04/Jul/2017:17:29:06 -0300] "GET /cormun/servlet/trlicenciaspermisosadjuntos?19854422,20170704000000,L, HTTP/1.1" 200 6605
186.103.159.43 - - [04/Jul/2017:17:29:07 -0300] "GET /cormun/servlet/trlicenciaspermisosadjuntos?19854422,20170704000000,L, HTTP/1.1" 200 6602
186.67.172.234 - - [04/Jul/2017:17:29:26 -0300] "POST /cormun/servlet/trcontratounov2?270ec3b4277ea88a130cfbb0b61f97bc,,gx-no-cache=1499200237444 HTTP/1.1" 200 7052
186.67.172.234 - - [04/Jul/2017:17:29:45 -0300] "GET /cormun/servlet/trcontratounov2? HTTP/1.1" 200 8067
186.103.159.43 - - [04/Jul/2017:17:29:45 -0300] "GET /cormun/servlet/hlogin HTTP/1.1" 200 1721
186.67.172.234 - - [04/Jul/2017:17:29:46 -0300] "GET /cormun/servlet/trcontratounov2? HTTP/1.1" 200 8067
186.103.159.43 - - [04/Jul/2017:17:29:49 -0300] "POST /cormun/servlet/hlogin?6500902ba219f35d286b700042fac18f,gx-no-cache=1499200238955 HTTP/1.1" 200 90
186.103.159.43 - - [04/Jul/2017:17:29:49 -0300] "GET /cormun/servlet/hpexe_link HTTP/1.1" 200 953
186.103.159.43 - - [04/Jul/2017:17:29:49 -0300] "GET /cormun/servlet/hhome HTTP/1.1" 200 3765
186.103.159.43 - - [04/Jul/2017:17:29:50 -0300] "GET /cormun/servlet/hhome HTTP/1.1" 200 3761
186.67.172.234 - - [04/Jul/2017:17:29:53 -0300] "GET /cormun/servlet/trsolicitudot? HTTP/1.1" 200 12699
186.67.172.234 - - [04/Jul/2017:17:29:53 -0300] "GET /cormun/static/gxcfg.js?20175251233261 HTTP/1.1" 200 953
186.67.172.234 - - [04/Jul/2017:17:29:53 -0300] "GET /cormun/static/trsolicitudot.js?20175251234175 HTTP/1.1" 200 54041
186.67.172.234 - - [04/Jul/2017:17:29:54 -0300] "GET /cormun//static/Resources/PXToolsActionView.png HTTP/1.1" 200 2995
186.67.172.234 - - [04/Jul/2017:17:29:54 -0300] "GET /cormun//static/Resources/PXToolsGridUpdate.png HTTP/1.1" 200 2984
186.67.172.234 - - [04/Jul/2017:17:29:54 -0300] "GET /cormun//static/Resources/PXToolsGridDelete.png HTTP/1.1" 200 357
186.67.172.234 - - [04/Jul/2017:17:29:54 -0300] "GET /cormun//static/Resources/PXToolsRemoveAllAction.png HTTP/1.1" 200 3558
186.67.172.234 - - [04/Jul/2017:17:29:54 -0300] "GET /cormun//static/Resources/PXTools/ActionInsert.png HTTP/1.1" 200 1482
186.67.172.234 - - [04/Jul/2017:17:29:54 -0300] "GET /cormun/servlet/trsolicitudot? HTTP/1.1" 200 12698
186.103.159.43 - - [04/Jul/2017:17:29:54 -0300] "GET /cormun/servlet/trlicencias? HTTP/1.1" 200 12858
186.103.159.43 - - [04/Jul/2017:17:29:55 -0300] "GET /cormun/servlet/trlicencias? HTTP/1.1" 200 12847
186.67.172.234 - - [04/Jul/2017:17:30:03 -0300] "GET /cormun/servlet/treventos?2017,6842, HTTP/1.1" 200 8115
186.103.159.43 - - [04/Jul/2017:17:30:03 -0300] "POST /cormun/servlet/trlicencias?6500902ba219f35d286b700042fac18f,,gx-no-cache=1499200252587 HTTP/1.1" 200 10301
186.67.172.234 - - [04/Jul/2017:17:30:03 -0300] "GET /cormun/static/gxui/gxui-all.css?120300 HTTP/1.1" 200 2179
186.67.172.234 - - [04/Jul/2017:17:30:03 -0300] "GET /cormun/static/calendar-system.css?85620 HTTP/1.1" 200 5572
186.67.172.234 - - [04/Jul/2017:17:30:03 -0300] "GET /cormun/static/gxcfg.js?2016101716195975 HTTP/1.1" 200 953
186.67.172.234 - - [04/Jul/2017:17:30:03 -0300] "GET /cormun/static/Resources/Spanish/PXTools.css?167811 HTTP/1.1" 200 89042
186.67.172.234 - - [04/Jul/2017:17:30:03 -0300] "GET /cormun/static/treventos.js?201610171620222 HTTP/1.1" 200 16064
186.67.172.234 - - [04/Jul/2017:17:30:03 -0300] "GET /cormun/static/Shared/ext/resources/css/ext-all.css?215870 HTTP/1.1" 200 416045
186.103.159.43 - - [04/Jul/2017:17:30:03 -0300] "GET /cormun/static/Shared/jqueryui/images/ui-bg_highlight-soft_100_c6c2c8_1x100.png HTTP/1.1" 404 1117
186.103.159.43 - - [04/Jul/2017:17:30:03 -0300] "GET /cormun/static/Shared/jqueryui/images/ui-icons_82798d_256x240.png HTTP/1.1" 404 1089
186.103.159.43 - - [04/Jul/2017:17:30:03 -0300] "GET /cormun/static/Shared/jqueryui/images/ui-bg_flat_55_fafafa_40x100.png HTTP/1.1" 404 1097
186.103.159.43 - - [04/Jul/2017:17:30:03 -0300] "GET /cormun/static/Shared/jqueryui/images/ui-icons_8d78a5_256x240.png HTTP/1.1" 404 1089
186.67.172.234 - - [04/Jul/2017:17:30:04 -0300] "GET /cormun/servlet/treventos?2017,6842, HTTP/1.1" 200 8122
186.67.172.234 - - [04/Jul/2017:17:30:13 -0300] "GET /cormun/servlet/trsolicitudot? HTTP/1.1" 200 12699
186.67.172.234 - - [04/Jul/2017:17:30:13 -0300] "GET /cormun/servlet/trsolicitudot? HTTP/1.1" 200 12698
186.67.172.234 - - [04/Jul/2017:17:30:30 -0300] "POST /cormun/servlet/trsolicitudot?270ec3b4277ea88a130cfbb0b61f97bc,,gx-no-cache=1499200302503 HTTP/1.1" 200 107
186.67.172.234 - - [04/Jul/2017:17:30:30 -0300] "GET /cormun/servlet/trsolicitudadjuntos?2017,6843, HTTP/1.1" 200 6094
186.67.172.234 - - [04/Jul/2017:17:30:30 -0300] "GET /cormun/static/gxcfg.js?20175251232679 HTTP/1.1" 200 953
186.67.172.234 - - [04/Jul/2017:17:30:30 -0300] "GET /cormun/static/trsolicitudadjuntos.js?20175251233082 HTTP/1.1" 200 17922
186.67.172.234 - - [04/Jul/2017:17:30:31 -0300] "GET /cormun/servlet/trsolicitudadjuntos?2017,6843, HTTP/1.1" 200 6094
186.67.172.234 - - [04/Jul/2017:17:30:44 -0300] "POST /cormun/servlet/acontrolpreferencessavestate?None,CSILVIA,true HTTP/1.1" 200 35
186.67.172.234 - - [04/Jul/2017:17:30:45 -0300] "POST /cormun/servlet/acontrolpreferencessavestate?None,CSILVIA,true HTTP/1.1" 200 35
186.67.172.234 - - [04/Jul/2017:17:30:54 -0300] "GET /cormun/servlet/trautorizarsolicitud? HTTP/1.1" 200 6983
186.67.172.234 - - [04/Jul/2017:17:30:54 -0300] "GET /cormun/servlet/trautorizarsolicitud? HTTP/1.1" 200 6970
186.67.172.234 - - [04/Jul/2017:17:31:00 -0300] "GET /cormun/servlet/trvisualizadoreventos? HTTP/1.1" 200 6805
186.103.156.24 - - [04/Jul/2017:17:31:00 -0300] "GET /cormun/servlet/trlicencias? HTTP/1.1" 200 6075
186.67.172.234 - - [04/Jul/2017:17:31:00 -0300] "GET /cormun/servlet/trvisualizadoreventos? HTTP/1.1" 200 6804
186.103.156.24 - - [04/Jul/2017:17:31:00 -0300] "GET /cormun/servlet/hlogin HTTP/1.1" 200 1732
186.103.156.24 - - [04/Jul/2017:17:31:01 -0300] "GET /cormun/servlet/trlicencias? HTTP/1.1" 200 6070
186.103.156.24 - - [04/Jul/2017:17:31:13 -0300] "POST /cormun/servlet/hlogin?dce406265c4f5b4210ff0384e638f98d,gx-no-cache=1499200323321 HTTP/1.1" 200 90
186.103.156.24 - - [04/Jul/2017:17:31:13 -0300] "GET /cormun/servlet/hpexe_link HTTP/1.1" 200 951
186.103.156.24 - - [04/Jul/2017:17:31:13 -0300] "GET /cormun/servlet/trlicencias HTTP/1.1" 200 12039
186.103.156.24 - - [04/Jul/2017:17:31:14 -0300] "GET /cormun/servlet/trlicencias HTTP/1.1" 200 12037
186.67.172.234 - - [04/Jul/2017:17:32:04 -0300] "GET /cormun/servlet/trcontratounov2? HTTP/1.1" 200 8067
186.67.172.234 - - [04/Jul/2017:17:32:04 -0300] "GET /cormun/servlet/trcontratounov2? HTTP/1.1" 200 8067
186.67.172.234 - - [04/Jul/2017:17:32:14 -0300] "GET /cormun/servlet/trcontratosolicitud? HTTP/1.1" 200 14236
186.67.172.234 - - [04/Jul/2017:17:32:15 -0300] "GET /cormun/servlet/trcontratosolicitud? HTTP/1.1" 200 14248
46.174.191.29 - - [04/Jul/2017:17:33:49 -0300] "GET / HTTP/1.0" 200 11197
186.67.172.234 - - [04/Jul/2017:17:34:15 -0300] "GET /cormun/servlet/trcontratounov2? HTTP/1.1" 200 8067
186.67.172.234 - - [04/Jul/2017:17:34:15 -0300] "GET /cormun/servlet/trcontratounov2? HTTP/1.1" 200 8067
186.67.172.234 - - [04/Jul/2017:17:34:17 -0300] "GET /cormun/servlet/trvisualizadoreventos? HTTP/1.1" 200 6807
186.67.172.234 - - [04/Jul/2017:17:34:18 -0300] "GET /cormun/servlet/trvisualizadoreventos? HTTP/1.1" 200 6806
186.67.172.234 - - [04/Jul/2017:17:34:21 -0300] "GET /cormun/servlet/trautorizarsolicitud? HTTP/1.1" 200 6986
186.67.172.234 - - [04/Jul/2017:17:34:21 -0300] "GET /cormun/servlet/trautorizarsolicitud? HTTP/1.1" 200 6973
186.67.172.234 - - [04/Jul/2017:17:34:59 -0300] "GET /cormun/servlet/trsolicitudadjuntos?2017,6843, HTTP/1.1" 200 6085
186.67.172.234 - - [04/Jul/2017:17:34:59 -0300] "GET /cormun/servlet/trsolicitudadjuntos?2017,6843, HTTP/1.1" 200 6085
186.67.172.234 - - [04/Jul/2017:17:35:02 -0300] "GET /cormun/servlet/trsolicitudot? HTTP/1.1" 200 12692
186.67.172.234 - - [04/Jul/2017:17:35:02 -0300] "GET /cormun/servlet/trsolicitudot? HTTP/1.1" 200 12691
186.67.172.234 - - [04/Jul/2017:17:35:11 -0300] "POST /cormun/servlet/trsolicitudot?270ec3b4277ea88a130cfbb0b61f97bc,,gx-no-cache=1499200583156 HTTP/1.1" 200 107
186.67.172.234 - - [04/Jul/2017:17:35:11 -0300] "GET /cormun/servlet/trsolicitudadjuntos?2017,6842, HTTP/1.1" 200 6085
186.67.172.234 - - [04/Jul/2017:17:35:11 -0300] "GET /cormun/servlet/trsolicitudadjuntos?2017,6842, HTTP/1.1" 200 6085
186.67.172.234 - - [04/Jul/2017:17:35:14 -0300] "GET /cormun/servlet/trsolicitudot? HTTP/1.1" 200 12692
186.67.172.234 - - [04/Jul/2017:17:35:14 -0300] "GET /cormun/servlet/trsolicitudot? HTTP/1.1" 200 12691
186.67.172.234 - - [04/Jul/2017:17:35:18 -0300] "POST /cormun/servlet/trsolicitudot?270ec3b4277ea88a130cfbb0b61f97bc,,gx-no-cache=1499200590528 HTTP/1.1" 200 107
186.67.172.234 - - [04/Jul/2017:17:35:18 -0300] "GET /cormun/servlet/trsolicitudadjuntos?2017,6842, HTTP/1.1" 200 6085
186.67.172.234 - - [04/Jul/2017:17:35:18 -0300] "GET /cormun/servlet/trsolicitudadjuntos?2017,6842, HTTP/1.1" 200 6085
186.67.172.234 - - [04/Jul/2017:17:35:23 -0300] "GET /cormun/servlet/trsolicitudot? HTTP/1.1" 200 12692
186.67.172.234 - - [04/Jul/2017:17:35:23 -0300] "GET /cormun/servlet/trsolicitudot? HTTP/1.1" 200 12691
186.67.172.234 - - [04/Jul/2017:17:35:31 -0300] "POST /cormun/servlet/trsolicitudot?270ec3b4277ea88a130cfbb0b61f97bc,,gx-no-cache=1499200603370 HTTP/1.1" 200 107
186.67.172.234 - - [04/Jul/2017:17:35:31 -0300] "GET /cormun/servlet/trsolicitudadjuntos?2017,6917, HTTP/1.1" 200 9248
186.67.172.234 - - [04/Jul/2017:17:35:32 -0300] "GET /cormun/servlet/trsolicitudadjuntos?2017,6917, HTTP/1.1" 200 9260
186.67.172.234 - - [04/Jul/2017:17:35:45 -0300] "GET /cormun/servlet/trsolicitudot? HTTP/1.1" 200 12692
186.67.172.234 - - [04/Jul/2017:17:35:45 -0300] "GET /cormun/servlet/trsolicitudot? HTTP/1.1" 200 12691
186.67.172.234 - - [04/Jul/2017:17:35:50 -0300] "GET /cormun/servlet/treventos?2017,6842, HTTP/1.1" 200 8115
186.67.172.234 - - [04/Jul/2017:17:35:50 -0300] "GET /cormun/servlet/treventos?2017,6842, HTTP/1.1" 200 8122
186.67.172.234 - - [04/Jul/2017:17:36:10 -0300] "GET /cormun/servlet/trsolicitudot? HTTP/1.1" 200 12692
186.67.172.234 - - [04/Jul/2017:17:36:11 -0300] "GET /cormun/servlet/trsolicitudot? HTTP/1.1" 200 12691
186.67.172.234 - - [04/Jul/2017:17:36:16 -0300] "POST /cormun/servlet/trsolicitudot?270ec3b4277ea88a130cfbb0b61f97bc,,gx-no-cache=1499200648443 HTTP/1.1" 200 9728
186.67.172.234 - - [04/Jul/2017:17:36:16 -0300] "GET /cormun/static/Shared/jqueryui/images/ui-bg_highlight-soft_100_c6c2c8_1x100.png HTTP/1.1" 404 1117
186.67.172.234 - - [04/Jul/2017:17:36:16 -0300] "GET /cormun/static/Shared/jqueryui/images/ui-icons_82798d_256x240.png HTTP/1.1" 404 1089
186.67.172.234 - - [04/Jul/2017:17:36:16 -0300] "GET /cormun/static/Shared/jqueryui/images/ui-bg_flat_55_fafafa_40x100.png HTTP/1.1" 404 1097
186.67.172.234 - - [04/Jul/2017:17:36:16 -0300] "GET /cormun/static/Shared/jqueryui/images/ui-icons_8d78a5_256x240.png HTTP/1.1" 404 1089
186.67.172.234 - - [04/Jul/2017:17:36:18 -0300] "POST /cormun/servlet/trsolicitudot?270ec3b4277ea88a130cfbb0b61f97bc,,gx-no-cache=1499200650574 HTTP/1.1" 200 9728
186.67.172.234 - - [04/Jul/2017:17:36:21 -0300] "POST /cormun/servlet/trsolicitudot?270ec3b4277ea88a130cfbb0b61f97bc,,gx-no-cache=1499200653352 HTTP/1.1" 200 9727
186.67.172.234 - - [04/Jul/2017:17:36:23 -0300] "POST /cormun/servlet/trsolicitudot?270ec3b4277ea88a130cfbb0b61f97bc,,gx-no-cache=1499200655055 HTTP/1.1" 200 9729
186.67.172.234 - - [04/Jul/2017:17:36:24 -0300] "POST /cormun/servlet/trsolicitudot?270ec3b4277ea88a130cfbb0b61f97bc,,gx-no-cache=1499200656261 HTTP/1.1" 200 9728
192.168.10.96 - - [04/Jul/2017:17:38:09 -0300] "GET /cormun/servlet/trsolicitudgral? HTTP/1.1" 200 8303
192.168.10.96 - - [04/Jul/2017:17:38:10 -0300] "GET /cormun/servlet/hlogin HTTP/1.1" 200 1730
192.168.10.96 - - [04/Jul/2017:17:38:10 -0300] "GET /cormun/servlet/trsolicitudgral? HTTP/1.1" 200 8303
192.168.10.96 - - [04/Jul/2017:17:38:18 -0300] "POST /cormun/servlet/hlogin?e0cf27775c3b5f2dd9a0b55a3d8025e2,gx-no-cache=1499200687622 HTTP/1.1" 200 90
192.168.10.96 - - [04/Jul/2017:17:38:18 -0300] "GET /cormun/servlet/hpexe_link HTTP/1.1" 200 950
192.168.10.96 - - [04/Jul/2017:17:38:18 -0300] "GET /cormun/servlet/trsolicitudgral HTTP/1.1" 200 19053
192.168.10.96 - - [04/Jul/2017:17:38:19 -0300] "GET /cormun/servlet/trsolicitudgral HTTP/1.1" 200 19052
192.168.10.96 - - [04/Jul/2017:17:38:25 -0300] "POST /cormun/servlet/trsolicitudgral?e0cf27775c3b5f2dd9a0b55a3d8025e2,gx-no-cache=1499200694492 HTTP/1.1" 200 5364
192.168.10.96 - - [04/Jul/2017:17:38:28 -0300] "POST /cormun/servlet/trsolicitudgral?e0cf27775c3b5f2dd9a0b55a3d8025e2,gx-no-cache=1499200697468 HTTP/1.1" 200 5363
192.168.10.96 - - [04/Jul/2017:17:38:30 -0300] "POST /cormun/servlet/trsolicitudgral?e0cf27775c3b5f2dd9a0b55a3d8025e2,gx-no-cache=1499200699782 HTTP/1.1" 200 5365
192.168.10.96 - - [04/Jul/2017:17:38:33 -0300] "POST /cormun/servlet/trsolicitudgral?e0cf27775c3b5f2dd9a0b55a3d8025e2,gx-no-cache=1499200702827 HTTP/1.1" 200 5364
200.86.95.220 - - [04/Jul/2017:17:39:32 -0300] "GET /cormun/servlet/permisogoce?INS,0,,, HTTP/1.1" 200 6045
200.86.95.220 - - [04/Jul/2017:17:39:34 -0300] "GET /cormun/servlet/permisogoce?INS,0,,, HTTP/1.1" 200 6040
200.86.95.220 - - [04/Jul/2017:17:39:34 -0300] "GET /cormun/servlet/hlogin HTTP/1.1" 200 1747
200.86.95.220 - - [04/Jul/2017:17:39:44 -0300] "POST /cormun/servlet/hlogin?81cc4cecdc4ad3e8fe7cee85fce5ba49,gx-no-cache=1499200835438 HTTP/1.1" 200 90
200.86.95.220 - - [04/Jul/2017:17:39:44 -0300] "GET /cormun/servlet/hpexe_link HTTP/1.1" 200 964
200.86.95.220 - - [04/Jul/2017:17:39:44 -0300] "GET /cormun/servlet/permisogoce?INS,0,,, HTTP/1.1" 200 6453
200.86.95.220 - - [04/Jul/2017:17:39:45 -0300] "GET /cormun/servlet/permisogoce?INS,0,,, HTTP/1.1" 200 6451
200.86.95.220 - - [04/Jul/2017:17:39:56 -0300] "GET /cormun/servlet/permisogoce?af0b8a5889dfa4abfdfef9e0aa079322224f68ab45caf0ba025ba2c63899600e27a528f7593fc06b30a9952019271cca9d9751e123b64f35e044cac8eca4d68a,gx-no-cache=1499200847548 HTTP/1.1" 200 73
200.86.95.220 - - [04/Jul/2017:17:39:56 -0300] "GET /cormun/static/menuarrow.gif HTTP/1.1" 404 1015
192.168.10.96 - - [04/Jul/2017:17:40:17 -0300] "POST /cormun/servlet/trsolicitudgral?e0cf27775c3b5f2dd9a0b55a3d8025e2,gx-no-cache=1499200806873 HTTP/1.1" 200 5365
192.168.10.96 - - [04/Jul/2017:17:40:27 -0300] "POST /cormun/servlet/trsolicitudgral?e0cf27775c3b5f2dd9a0b55a3d8025e2,gx-no-cache=1499200817081 HTTP/1.1" 200 5364
192.168.10.96 - - [04/Jul/2017:17:40:30 -0300] "POST /cormun/servlet/trsolicitudgral?e0cf27775c3b5f2dd9a0b55a3d8025e2,gx-no-cache=1499200819919 HTTP/1.1" 200 5365
192.168.10.96 - - [04/Jul/2017:17:40:33 -0300] "POST /cormun/servlet/trsolicitudgral?e0cf27775c3b5f2dd9a0b55a3d8025e2,gx-no-cache=1499200822390 HTTP/1.1" 200 5365
192.168.10.96 - - [04/Jul/2017:17:40:34 -0300] "POST /cormun/servlet/trsolicitudgral?e0cf27775c3b5f2dd9a0b55a3d8025e2,gx-no-cache=1499200823206 HTTP/1.1" 200 5364
192.168.10.96 - - [04/Jul/2017:17:40:34 -0300] "POST /cormun/servlet/trsolicitudgral?e0cf27775c3b5f2dd9a0b55a3d8025e2,gx-no-cache=1499200824086 HTTP/1.1" 200 5365
192.168.10.96 - - [04/Jul/2017:17:40:35 -0300] "POST /cormun/servlet/trsolicitudgral?e0cf27775c3b5f2dd9a0b55a3d8025e2,gx-no-cache=1499200824522 HTTP/1.1" 200 5366
192.168.10.96 - - [04/Jul/2017:17:40:36 -0300] "POST /cormun/servlet/trsolicitudgral?e0cf27775c3b5f2dd9a0b55a3d8025e2,gx-no-cache=1499200825357 HTTP/1.1" 200 5364
192.168.10.96 - - [04/Jul/2017:17:40:47 -0300] "POST /cormun/servlet/trsolicitudgral?e0cf27775c3b5f2dd9a0b55a3d8025e2,gx-no-cache=1499200837025 HTTP/1.1" 200 5364
200.86.95.220 - - [04/Jul/2017:17:40:57 -0300] "GET /cormun/servlet/permisogoce?af0b8a5889dfa4abfdfef9e0aa07932242c2e977153616d125851a189cc8a2c15fb1a3c4aad872e724cec1e3e1386cc806164a9384b956c053563e7e0791ae1a,gx-no-cache=1499200908153 HTTP/1.1" 200 46
200.86.95.220 - - [04/Jul/2017:17:41:04 -0300] "POST /cormun/servlet/permisogoce?81cc4cecdc4ad3e8fe7cee85fce5ba49,INS,0,,,,gx-no-cache=1499200914680 HTTP/1.1" 200 93
200.86.95.220 - - [04/Jul/2017:17:41:04 -0300] "GET /cormun/servlet/hpexe_return? HTTP/1.1" 200 1009
200.86.95.220 - - [04/Jul/2017:17:41:04 -0300] "GET /cormun/servlet/hhome HTTP/1.1" 200 3781
200.86.95.220 - - [04/Jul/2017:17:41:05 -0300] "GET /cormun/servlet/hhome HTTP/1.1" 200 3778
200.86.95.220 - - [04/Jul/2017:17:41:11 -0300] "GET /cormun/servlet/trpermisosgoce? HTTP/1.1" 200 12796
200.86.95.220 - - [04/Jul/2017:17:41:12 -0300] "GET /cormun/servlet/trpermisosgoce? HTTP/1.1" 200 12794
200.86.95.220 - - [04/Jul/2017:17:41:16 -0300] "GET /cormun/servlet/apermisogoceprn?12293615,P,20170704173934,PU HTTP/1.1" 200 1651
192.168.10.96 - - [04/Jul/2017:17:41:32 -0300] "POST /cormun/servlet/trsolicitudgral?e0cf27775c3b5f2dd9a0b55a3d8025e2,gx-no-cache=1499200881728 HTTP/1.1" 200 5365
192.168.10.96 - - [04/Jul/2017:17:41:34 -0300] "POST /cormun/servlet/trsolicitudgral?e0cf27775c3b5f2dd9a0b55a3d8025e2,gx-no-cache=1499200883402 HTTP/1.1" 200 5365
192.168.10.96 - - [04/Jul/2017:17:41:34 -0300] "POST /cormun/servlet/trsolicitudgral?e0cf27775c3b5f2dd9a0b55a3d8025e2,gx-no-cache=1499200883821 HTTP/1.1" 200 5365
192.168.10.96 - - [04/Jul/2017:17:41:45 -0300] "POST /cormun/servlet/trsolicitudgral?e0cf27775c3b5f2dd9a0b55a3d8025e2,gx-no-cache=1499200895080 HTTP/1.1" 200 5365
192.168.10.96 - - [04/Jul/2017:17:41:46 -0300] "POST /cormun/servlet/trsolicitudgral?e0cf27775c3b5f2dd9a0b55a3d8025e2,gx-no-cache=1499200895520 HTTP/1.1" 200 5365
192.168.10.96 - - [04/Jul/2017:17:42:33 -0300] "POST /cormun/servlet/trsolicitudgral?e0cf27775c3b5f2dd9a0b55a3d8025e2,gx-no-cache=1499200942166 HTTP/1.1" 200 5365
192.168.10.96 - - [04/Jul/2017:17:45:20 -0300] "POST /cormun/servlet/trsolicitudgral?e0cf27775c3b5f2dd9a0b55a3d8025e2,gx-no-cache=1499201109472 HTTP/1.1" 200 5365
192.168.10.96 - - [04/Jul/2017:17:48:28 -0300] "POST /cormun/servlet/trsolicitudgral?e0cf27775c3b5f2dd9a0b55a3d8025e2,gx-no-cache=1499201297382 HTTP/1.1" 200 5365
192.168.10.96 - - [04/Jul/2017:17:48:28 -0300] "POST /cormun/servlet/trsolicitudgral?e0cf27775c3b5f2dd9a0b55a3d8025e2,gx-no-cache=1499201297603 HTTP/1.1" 200 5365
192.168.10.96 - - [04/Jul/2017:17:48:33 -0300] "POST /cormun/servlet/trsolicitudgral?e0cf27775c3b5f2dd9a0b55a3d8025e2,gx-no-cache=1499201302273 HTTP/1.1" 200 5364
192.168.10.96 - - [04/Jul/2017:17:48:35 -0300] "POST /cormun/servlet/trsolicitudgral?e0cf27775c3b5f2dd9a0b55a3d8025e2,gx-no-cache=1499201304472 HTTP/1.1" 200 5365
192.168.10.96 - - [04/Jul/2017:17:49:09 -0300] "POST /cormun/servlet/trsolicitudgral?e0cf27775c3b5f2dd9a0b55a3d8025e2,gx-no-cache=1499201338678 HTTP/1.1" 200 5365
192.168.10.96 - - [04/Jul/2017:17:49:20 -0300] "POST /cormun/servlet/trsolicitudgral?e0cf27775c3b5f2dd9a0b55a3d8025e2,gx-no-cache=1499201349334 HTTP/1.1" 200 5365
192.168.10.96 - - [04/Jul/2017:17:50:13 -0300] "POST /cormun/servlet/trsolicitudgral?e0cf27775c3b5f2dd9a0b55a3d8025e2,gx-no-cache=1499201402300 HTTP/1.1" 200 5364
192.168.10.96 - - [04/Jul/2017:17:51:24 -0300] "POST /cormun/servlet/trsolicitudgral?e0cf27775c3b5f2dd9a0b55a3d8025e2,gx-no-cache=1499201473480 HTTP/1.1" 200 5365
186.79.49.159 - - [04/Jul/2017:17:51:26 -0300] "GET /cormun/servlet/hhome HTTP/1.1" 200 3359
186.79.49.159 - - [04/Jul/2017:17:51:27 -0300] "GET /cormun/servlet/hhome HTTP/1.1" 200 3369
186.79.49.159 - - [04/Jul/2017:17:51:27 -0300] "GET /cormun/servlet/hlogin HTTP/1.1" 200 1725
186.79.49.159 - - [04/Jul/2017:17:51:30 -0300] "POST /cormun/servlet/hlogin?04b511c34edc62e976584b87e831952f,gx-no-cache=1499201540599 HTTP/1.1" 200 90
186.79.49.159 - - [04/Jul/2017:17:51:30 -0300] "GET /cormun/servlet/hpexe_link HTTP/1.1" 200 944
186.79.49.159 - - [04/Jul/2017:17:51:31 -0300] "GET /cormun/servlet/hhome HTTP/1.1" 200 3737
186.79.49.159 - - [04/Jul/2017:17:51:31 -0300] "GET /cormun/servlet/hhome HTTP/1.1" 200 3734
186.79.49.159 - - [04/Jul/2017:17:51:46 -0300] "GET /cormun/servlet/trpermisosgoce? HTTP/1.1" 200 11884
186.79.49.159 - - [04/Jul/2017:17:51:47 -0300] "GET /cormun/servlet/trpermisosgoce? HTTP/1.1" 200 11882
192.168.10.96 - - [04/Jul/2017:17:52:29 -0300] "POST /cormun/servlet/trsolicitudgral?e0cf27775c3b5f2dd9a0b55a3d8025e2,gx-no-cache=1499201538518 HTTP/1.1" 200 5365
192.168.10.96 - - [04/Jul/2017:17:52:29 -0300] "POST /cormun/servlet/trsolicitudgral?e0cf27775c3b5f2dd9a0b55a3d8025e2,gx-no-cache=1499201538777 HTTP/1.1" 200 5365
186.79.114.115 - - [04/Jul/2017:17:53:04 -0300] "GET /cormun/servlet/hlogin HTTP/1.1" 200 1715
186.79.114.115 - - [04/Jul/2017:17:53:05 -0300] "GET /cormun/servlet/hlogin HTTP/1.1" 200 1726
186.79.114.115 - - [04/Jul/2017:17:53:05 -0300] "GET /favicon.ico HTTP/1.1" 200 21630
186.79.114.115 - - [04/Jul/2017:17:53:18 -0300] "POST /cormun/servlet/hlogin?a19bc612096d838d6357fa5ded09a722,gx-no-cache=1499201646213 HTTP/1.1" 200 90
186.79.114.115 - - [04/Jul/2017:17:53:18 -0300] "GET /cormun/servlet/hpexe_link HTTP/1.1" 200 948
186.79.114.115 - - [04/Jul/2017:17:53:18 -0300] "GET /cormun/servlet/hhome HTTP/1.1" 200 3974
186.79.114.115 - - [04/Jul/2017:17:53:20 -0300] "GET /cormun/servlet/hhome HTTP/1.1" 200 3970
186.79.114.115 - - [04/Jul/2017:17:53:32 -0300] "GET /cormun/servlet/trsolicitudot? HTTP/1.1" 200 10262
186.79.114.115 - - [04/Jul/2017:17:53:32 -0300] "GET /cormun/static/gxcfg.js?20175251233261 HTTP/1.1" 200 953
186.79.114.115 - - [04/Jul/2017:17:53:32 -0300] "GET /cormun/static/trsolicitudot.js?20175251234175 HTTP/1.1" 200 54041
186.79.114.115 - - [04/Jul/2017:17:53:33 -0300] "GET /cormun/servlet/trsolicitudot? HTTP/1.1" 200 10260
186.79.114.115 - - [04/Jul/2017:17:53:33 -0300] "GET /cormun//static/Resources/PXToolsActionView.png HTTP/1.1" 200 2995
186.79.114.115 - - [04/Jul/2017:17:53:33 -0300] "GET /cormun//static/Resources/PXToolsRemoveAllAction.png HTTP/1.1" 200 3558
186.79.114.115 - - [04/Jul/2017:17:53:38 -0300] "GET /cormun/servlet/solicitudot?INS,0,0, HTTP/1.1" 200 12854
186.79.114.115 - - [04/Jul/2017:17:53:38 -0300] "GET /cormun/static/gxcfg.js?201752522134570 HTTP/1.1" 200 953
186.79.114.115 - - [04/Jul/2017:17:53:38 -0300] "GET /cormun/static/solicitudot.js?201752522134767 HTTP/1.1" 200 64045
186.79.114.115 - - [04/Jul/2017:17:53:39 -0300] "GET /cormun/servlet/solicitudot?INS,0,0, HTTP/1.1" 200 12859
186.79.114.115 - - [04/Jul/2017:17:53:44 -0300] "GET /cormun/servlet/prfichaempleado?,MD,,gxPopupLevel%3D0%3B HTTP/1.1" 200 9243
186.79.114.115 - - [04/Jul/2017:17:54:52 -0300] "POST /cormun/servlet/prfichaempleado?a19bc612096d838d6357fa5ded09a722,,MD,,gxPopupLevel%3D0%3B,gx-no-cache=1499201739243 HTTP/1.1" 200 3417
186.79.114.115 - - [04/Jul/2017:17:55:02 -0300] "POST /cormun/servlet/solicitudot?gx-no-cache=1499201749613 HTTP/1.1" 200 3200
186.79.114.115 - - [04/Jul/2017:17:55:03 -0300] "POST /cormun/servlet/solicitudot?a19bc612096d838d6357fa5ded09a722,INS,0,0,,gx-no-cache=1499201750690 HTTP/1.1" 200 10021
186.79.114.115 - - [04/Jul/2017:17:55:03 -0300] "GET /cormun/servlet/solicitudot?893881bef98df7e2c21973a36a032d5c5bcf65b8e78df9051fbdd56352b3b36930067f0df9f6aa72a3cee3d3d2193676,gx-no-cache=1499201751398 HTTP/1.1" 200 30
186.79.114.115 - - [04/Jul/2017:17:55:19 -0300] "POST /cormun/servlet/solicitudot?gx-no-cache=1499201767016 HTTP/1.1" 200 255
186.79.114.115 - - [04/Jul/2017:17:55:19 -0300] "GET /cormun/servlet/solicitudot?893881bef98df7e2c21973a36a032d5c36dae4b3d43e5ba774fce21dab429bbd62cdbcd81e306258da96d719b6ed8c8e17d72adddf4f18a0e936b84be82a81d69a4f855c8632b5bbeb6729ef7882b360606985e77c0ccbbb6504dc827001d3dddfa570b08c593a186f53bc7ed09e7fb4b6a38131abc420d9c9ca9b6c4e91ea0ebc56f23b27ffea7a0e469ada0b8ff8664525a3af18f1f6861e3cc5d98b51f293557d7421a2335e4aac517e4f46d33b0b087904076ec818ba9e1a94f865e955520b138fe5f26dd11f0caad87bbb24761368393891f764798066849278e0500ba919f64374544a07cb69ad39dcb8a67225bd20d9c1b309f5935be9a38a86e09d42ca42170082213a28aba1cce4a0d8cba82c4eaff4cd9229362be39edb9b08113a64fd4d5e2c50e6baa1d8333f9d6b3114f3a42a73f330c10bec9234c54929e4c9fe81fabf06d646a035e5be961359dcea7a79545883f545dc1ed6777b8143bc11d0ecf6564bf1785a990d63fbbf2542f6a2aae79300391b0e4e336d9e828b4a3d,gx-no-cache=1499201767224 HTTP/1.1" 200 30
200.112.49.225 - - [04/Jul/2017:17:57:11 -0300] "GET /cormun/servlet/trsolicitudot? HTTP/1.1" 200 6348
186.79.114.115 - - [04/Jul/2017:17:57:11 -0300] "POST /cormun/servlet/solicitudot?gx-no-cache=1499201879609 HTTP/1.1" 200 30
200.112.49.225 - - [04/Jul/2017:17:57:12 -0300] "GET /cormun/servlet/hlogin HTTP/1.1" 200 1734
186.79.200.230 - - [04/Jul/2017:17:57:21 -0300] "GET /cormun/servlet/hlogin HTTP/1.1" 200 1715
186.79.200.230 - - [04/Jul/2017:17:57:21 -0300] "GET /cormun/static/Resources/Spanish/PXTools.css?11423723 HTTP/1.1" 304 -
186.79.200.230 - - [04/Jul/2017:17:57:21 -0300] "GET /cormun/static/gxtimezone.js?85251 HTTP/1.1" 304 -
186.79.200.230 - - [04/Jul/2017:17:57:21 -0300] "GET /cormun/static/gxcfg.js?20175251213516 HTTP/1.1" 304 -
186.79.200.230 - - [04/Jul/2017:17:57:21 -0300] "GET /cormun/static/messages.spa.js?85251 HTTP/1.1" 304 -
186.79.200.230 - - [04/Jul/2017:17:57:21 -0300] "GET /cormun/static/hlogin.js?20175251213537 HTTP/1.1" 304 -
186.79.200.230 - - [04/Jul/2017:17:57:22 -0300] "GET /cormun/servlet/hlogin HTTP/1.1" 200 1724
200.112.49.225 - - [04/Jul/2017:17:57:26 -0300] "POST /cormun/servlet/hlogin?e39f33b3c37081a9e91d43cfe303449d,gx-no-cache=1499201894406 HTTP/1.1" 200 447
200.112.49.225 - - [04/Jul/2017:17:57:33 -0300] "POST /cormun/servlet/hlogin?e39f33b3c37081a9e91d43cfe303449d,gx-no-cache=1499201902403 HTTP/1.1" 200 90
200.112.49.225 - - [04/Jul/2017:17:57:34 -0300] "GET /cormun/servlet/hpexe_link HTTP/1.1" 200 954
186.79.114.115 - - [04/Jul/2017:17:57:35 -0300] "POST /cormun/servlet/solicitudot?gx-no-cache=1499201903384 HTTP/1.1" 200 1301
200.112.49.225 - - [04/Jul/2017:17:57:35 -0300] "GET /cormun/static/hpexe_link.js?20175251212399 HTTP/1.1" 304 -
186.79.114.115 - - [04/Jul/2017:17:57:35 -0300] "POST /cormun/servlet/solicitudot?gx-no-cache=1499201903749 HTTP/1.1" 200 38
186.79.200.230 - - [04/Jul/2017:17:57:37 -0300] "POST /cormun/servlet/hlogin?5318d700d9a4f9e925b86d39803ef319,gx-no-cache=1499201910505 HTTP/1.1" 200 90
186.79.200.230 - - [04/Jul/2017:17:57:37 -0300] "GET /cormun/servlet/hpexe_link HTTP/1.1" 200 947
186.79.200.230 - - [04/Jul/2017:17:57:37 -0300] "GET /cormun/static/gxcfg.js?20175251212395 HTTP/1.1" 304 -
186.79.200.230 - - [04/Jul/2017:17:57:37 -0300] "GET /cormun/static/hpexe_link.js?20175251212399 HTTP/1.1" 304 -
186.79.200.230 - - [04/Jul/2017:17:57:38 -0300] "GET /cormun/servlet/hhome HTTP/1.1" 200 3797
186.79.200.230 - - [04/Jul/2017:17:57:38 -0300] "GET /cormun/static/gxcfg.js?20175251212442 HTTP/1.1" 304 -
186.79.200.230 - - [04/Jul/2017:17:57:38 -0300] "GET /cormun/static/hhome.js?20175251212450 HTTP/1.1" 304 -
186.79.200.230 - - [04/Jul/2017:17:57:38 -0300] "GET /cormun/static/hwchdr01.js?201752511465785 HTTP/1.1" 304 -
200.112.49.225 - - [04/Jul/2017:17:57:38 -0300] "GET /cormun/servlet/trsolicitudot HTTP/1.1" 200 12344
186.79.200.230 - - [04/Jul/2017:17:57:38 -0300] "GET /cormun/static/hpexe_recentlink.js?201610171694390 HTTP/1.1" 304 -
186.79.200.230 - - [04/Jul/2017:17:57:38 -0300] "GET /cormun/static/hpexe_scripts.js?201752511465715 HTTP/1.1" 304 -
186.79.200.230 - - [04/Jul/2017:17:57:38 -0300] "GET /cormun/static/hpexe_messagecontroller.js?201610171694323 HTTP/1.1" 304 -
186.79.200.230 - - [04/Jul/2017:17:57:38 -0300] "GET /cormun/static/hpexe_messagepopupcomponent.js?20161017169425 HTTP/1.1" 304 -
186.79.200.230 - - [04/Jul/2017:17:57:38 -0300] "GET /cormun/static/cmcontrolpreferences.js?201752511465670 HTTP/1.1" 304 -
186.79.200.230 - - [04/Jul/2017:17:57:38 -0300] "GET /cormun/static/hmpwkw03.js?2017525121347 HTTP/1.1" 304 -
186.79.200.230 - - [04/Jul/2017:17:57:39 -0300] "GET /cormun/static/hpexe_messagegenexuscomponent.js?201752511465344 HTTP/1.1" 304 -
186.79.200.230 - - [04/Jul/2017:17:57:40 -0300] "GET /cormun/servlet/hhome HTTP/1.1" 200 3797
186.79.200.230 - - [04/Jul/2017:17:57:45 -0300] "GET /cormun/servlet/trpermisosgoce? HTTP/1.1" 200 9873
186.79.200.230 - - [04/Jul/2017:17:57:45 -0300] "GET /cormun/static/gxcfg.js?20175251265886 HTTP/1.1" 304 -
186.79.200.230 - - [04/Jul/2017:17:57:45 -0300] "GET /cormun/static/calendar.js?85251 HTTP/1.1" 304 -
186.79.200.230 - - [04/Jul/2017:17:57:45 -0300] "GET /cormun/static/calendar-setup.js?85251 HTTP/1.1" 304 -
186.79.200.230 - - [04/Jul/2017:17:57:45 -0300] "GET /cormun/static/calendar-es.js?85251 HTTP/1.1" 304 -
186.79.200.230 - - [04/Jul/2017:17:57:45 -0300] "GET /cormun/static/gxdec.js?85251 HTTP/1.1" 304 -
186.79.200.230 - - [04/Jul/2017:17:57:46 -0300] "GET /cormun/static/trpermisosgoce.js?2017525127453 HTTP/1.1" 304 -
186.79.200.230 - - [04/Jul/2017:17:57:47 -0300] "GET /cormun/servlet/trpermisosgoce? HTTP/1.1" 200 9871
186.79.200.230 - - [04/Jul/2017:17:58:01 -0300] "GET /cormun/servlet/permisogoce?INS,0,,, HTTP/1.1" 200 6643
186.79.200.230 - - [04/Jul/2017:17:58:01 -0300] "GET /cormun/static/gxcfg.js?201752511545264 HTTP/1.1" 304 -
186.79.200.230 - - [04/Jul/2017:17:58:01 -0300] "GET /cormun/static/permisogoce.js?201752511545340 HTTP/1.1" 304 -
186.79.200.230 - - [04/Jul/2017:17:58:02 -0300] "GET /cormun/servlet/permisogoce?INS,0,,, HTTP/1.1" 200 6643
186.79.114.115 - - [04/Jul/2017:17:58:02 -0300] "POST /cormun/servlet/solicitudot?gx-no-cache=1499201930500 HTTP/1.1" 200 1301
186.79.114.115 - - [04/Jul/2017:17:58:03 -0300] "POST /cormun/servlet/solicitudot?gx-no-cache=1499201930912 HTTP/1.1" 200 38
186.79.200.230 - - [04/Jul/2017:17:58:05 -0300] "GET /cormun/servlet/prfichaempleado?,MD,,gxPopupLevel%3D0%3B HTTP/1.1" 200 9261
186.79.200.230 - - [04/Jul/2017:17:58:05 -0300] "GET /cormun/static/gxcfg.js?201761412513083 HTTP/1.1" 304 -
186.79.200.230 - - [04/Jul/2017:17:58:05 -0300] "GET /cormun/static/prfichaempleado.js?201761412513297 HTTP/1.1" 304 -
186.79.200.230 - - [04/Jul/2017:17:58:06 -0300] "GET /cormun/static/menusearch.js?201610171694467 HTTP/1.1" 304 -
186.79.200.230 - - [04/Jul/2017:17:58:06 -0300] "GET /cormun/static/hmpwkw011.js?20175251212473 HTTP/1.1" 304 -
186.79.114.115 - - [04/Jul/2017:17:58:18 -0300] "GET /cormun/servlet/solicitudot?893881bef98df7e2c21973a36a032d5cbf37c38f34ec1f197de115b183cc58f2f50b0ee7ee76b4c4b6c6c688143c69285523058d72837f3e61dd3da61980db1eae5c4f8df85c42784c4549e5386069d7923225c0782f45fb0b4f5692862783a551fbdd0371754e7e7d8dd13a0c088444d54097465dec1a91e2113aa5df57f8e8f86b844d9eed1acd03b89a3741aaba245112326013eebe5a8be60110b92072df,gx-no-cache=1499201946026 HTTP/1.1" 200 29
186.79.114.115 - - [04/Jul/2017:17:58:18 -0300] "POST /cormun/servlet/solicitudot?gx-no-cache=1499201946170 HTTP/1.1" 200 1281
186.79.114.115 - - [04/Jul/2017:17:58:18 -0300] "GET /cormun/static/menuarrow.gif HTTP/1.1" 404 1015
186.79.200.230 - - [04/Jul/2017:17:58:22 -0300] "POST /cormun/servlet/prfichaempleado?5318d700d9a4f9e925b86d39803ef319,,MD,,gxPopupLevel%3D0%3B,gx-no-cache=1499201955311 HTTP/1.1" 200 3428
186.79.114.115 - - [04/Jul/2017:17:58:23 -0300] "POST /cormun/servlet/solicitudot?gx-no-cache=1499201951042 HTTP/1.1" 200 1281
200.112.49.225 - - [04/Jul/2017:17:58:27 -0300] "GET /cormun/servlet/solicitudot?INS,0,0, HTTP/1.1" 200 12904
200.112.49.225 - - [04/Jul/2017:17:58:28 -0300] "GET /cormun/static/gxcfg.js?201752522134570 HTTP/1.1" 200 953
200.112.49.225 - - [04/Jul/2017:17:58:28 -0300] "GET /cormun/static/solicitudot.js?201752522134767 HTTP/1.1" 304 -
200.112.49.225 - - [04/Jul/2017:17:58:39 -0300] "POST /cormun/servlet/solicitudot?gx-no-cache=1499201968220 HTTP/1.1" 200 3206
200.112.49.225 - - [04/Jul/2017:17:58:40 -0300] "POST /cormun/servlet/solicitudot?e39f33b3c37081a9e91d43cfe303449d,INS,0,0,,gx-no-cache=1499201968828 HTTP/1.1" 200 10026
186.79.200.230 - - [04/Jul/2017:17:58:43 -0300] "POST /cormun/servlet/permisogoce?5318d700d9a4f9e925b86d39803ef319,INS,0,,,,gx-no-cache=1499201976827 HTTP/1.1" 200 93
186.79.200.230 - - [04/Jul/2017:17:58:43 -0300] "GET /cormun/servlet/hpexe_return? HTTP/1.1" 200 1006
186.79.200.230 - - [04/Jul/2017:17:58:43 -0300] "GET /cormun/static/Resources/Spanish/PXTools.css?167811 HTTP/1.1" 304 -
186.79.200.230 - - [04/Jul/2017:17:58:44 -0300] "GET /cormun/static/gxcfg.js?2016101716175148 HTTP/1.1" 304 -
186.79.200.230 - - [04/Jul/2017:17:58:44 -0300] "GET /cormun/static/hpexe_return.js?2016101716175153 HTTP/1.1" 304 -
200.112.49.225 - - [04/Jul/2017:17:58:44 -0300] "GET /cormun/servlet/solicitudot?67c99fd4ef5cb1b7623430db8c6c2a7b1d1d5830639db736042cf18782b023793a03825659e808d88c97c61f0806d4d4,gx-no-cache=1499201972774 HTTP/1.1" 200 30
200.112.49.225 - - [04/Jul/2017:17:58:44 -0300] "POST /cormun/servlet/solicitudot?gx-no-cache=1499201972909 HTTP/1.1" 200 297
200.112.49.225 - - [04/Jul/2017:17:58:44 -0300] "GET /cormun/servlet/solicitudot?67c99fd4ef5cb1b7623430db8c6c2a7b334ab855d09428088afd8f74b95b1235425ace2bfa5aed5a3f556d6f7b5ec2a11340e9d1997d85eb1f8cbe8a1df8ab360bfd44753b3cea5f6c76502385f38f83f6b70f0200708a3805283b9bff89b414c791b6951c64d3fe1bd8658ce45ff3243b693b4fcc9de2a596fc46087ffd9d2735b1d4448ebc5be7bfe770b6fedea5c74c7c5d15d4cff238903164ab8f830e40cbe4d5a1872ce3b61b3cfb4fccfb710a9441e541c7ea527f67eb3f81d84b89cd4f9bab3639ad756eef368e58dc541f184f75ad203d66d847da23386a11354acd95376cab35e3b70d7c39df3e045823468923f3e332212a116fcc7beda58996e0c6b31c79adc3d7cdc2514fade952a8a86f6450de1ef6ca71d031b6181b9d6e01ed4731959d874da2d3f012a2e934f315df308e08271440a36f21212d9cf61972a1705a6b3c171a1baac83549fb9e4d113494a9bdcd62d81c609cb45b3405958321cc9914269ca08a218f0c5178d7115c5fc81fa500ae6afc822c5985b6a212ba5fdba2f0eafa4f3969b34d405252fc1a,gx-no-cache=1499201973063 HTTP/1.1" 200 30
186.79.200.230 - - [04/Jul/2017:17:58:44 -0300] "GET /cormun/servlet/trpermisosgoce HTTP/1.1" 200 9875
186.79.200.230 - - [04/Jul/2017:17:58:45 -0300] "GET /cormun/servlet/trpermisosgoce HTTP/1.1" 200 9871
200.112.49.225 - - [04/Jul/2017:17:58:47 -0300] "POST /cormun/servlet/solicitudot?gx-no-cache=1499201976273 HTTP/1.1" 200 30
186.79.114.115 - - [04/Jul/2017:17:58:53 -0300] "POST /cormun/servlet/solicitudot?gx-no-cache=1499201981615 HTTP/1.1" 200 30
186.79.49.159 - - [04/Jul/2017:17:58:58 -0300] "GET /cormun/servlet/trpermisosgoce? HTTP/1.1" 200 11882
186.79.49.159 - - [04/Jul/2017:17:58:59 -0300] "GET /cormun/servlet/trpermisosgoce? HTTP/1.1" 200 11882
186.79.49.159 - - [04/Jul/2017:17:59:02 -0300] "GET /cormun/servlet/permisogoce?INS,0,,, HTTP/1.1" 200 6590
186.79.49.159 - - [04/Jul/2017:17:59:03 -0300] "GET /cormun/servlet/permisogoce?INS,0,,, HTTP/1.1" 200 6590
200.112.49.225 - - [04/Jul/2017:17:59:13 -0300] "POST /cormun/servlet/solicitudot?gx-no-cache=1499202001666 HTTP/1.1" 200 1301
200.112.49.225 - - [04/Jul/2017:17:59:13 -0300] "POST /cormun/servlet/solicitudot?gx-no-cache=1499202002370 HTTP/1.1" 200 38
186.79.114.115 - - [04/Jul/2017:17:59:15 -0300] "POST /cormun/servlet/solicitudot?a19bc612096d838d6357fa5ded09a722,INS,0,0,,gx-no-cache=1499202003045 HTTP/1.1" 200 93
186.79.114.115 - - [04/Jul/2017:17:59:15 -0300] "GET /cormun/servlet/hpexe_return? HTTP/1.1" 200 1003
186.79.114.115 - - [04/Jul/2017:17:59:16 -0300] "GET /cormun/servlet/trsolicitudot HTTP/1.1" 200 10723
186.79.114.115 - - [04/Jul/2017:17:59:17 -0300] "GET /cormun/servlet/trsolicitudot HTTP/1.1" 200 10718
200.112.49.225 - - [04/Jul/2017:17:59:18 -0300] "GET /cormun/servlet/solicitudot?67c99fd4ef5cb1b7623430db8c6c2a7bbc25c68e0bd0cf69b766939bf24b46cc82e3450930ef6a6fe68959cf89ca8cbd8c092a1ff036483089c91bf131d569c749788ab2daf965ae05bea21d35ce2f8a1f534407ff4364ad0a22c969e66a1e7dc77b349c6aeff24ce7ed5d0e44d81553,gx-no-cache=1499202006960 HTTP/1.1" 200 29
200.112.49.225 - - [04/Jul/2017:17:59:18 -0300] "POST /cormun/servlet/solicitudot?gx-no-cache=1499202007075 HTTP/1.1" 200 1280
200.112.49.225 - - [04/Jul/2017:17:59:18 -0300] "GET /cormun/static/menuarrow.gif HTTP/1.1" 404 1015
200.112.49.225 - - [04/Jul/2017:17:59:21 -0300] "POST /cormun/servlet/solicitudot?gx-no-cache=1499202010275 HTTP/1.1" 200 1280
200.112.49.225 - - [04/Jul/2017:17:59:32 -0300] "POST /cormun/servlet/solicitudot?gx-no-cache=1499202020500 HTTP/1.1" 200 30
186.79.114.115 - - [04/Jul/2017:17:59:39 -0300] "POST /cormun/servlet/trsolicitudot?a19bc612096d838d6357fa5ded09a722,gx-no-cache=1499202026317 HTTP/1.1" 200 7947
186.79.114.115 - - [04/Jul/2017:17:59:39 -0300] "GET /cormun/static/Shared/jqueryui/images/ui-bg_highlight-soft_100_c6c2c8_1x100.png HTTP/1.1" 404 1117
186.79.114.115 - - [04/Jul/2017:17:59:39 -0300] "GET /cormun/static/Shared/jqueryui/images/ui-icons_82798d_256x240.png HTTP/1.1" 404 1089
186.79.114.115 - - [04/Jul/2017:17:59:39 -0300] "GET /cormun/static/Shared/jqueryui/images/ui-bg_flat_55_fafafa_40x100.png HTTP/1.1" 404 1097
186.79.114.115 - - [04/Jul/2017:17:59:39 -0300] "GET /cormun/static/Shared/jqueryui/images/ui-icons_8d78a5_256x240.png HTTP/1.1" 404 1089
186.79.114.115 - - [04/Jul/2017:17:59:40 -0300] "POST /cormun/servlet/trsolicitudot?a19bc612096d838d6357fa5ded09a722,gx-no-cache=1499202027918 HTTP/1.1" 200 7891
186.79.114.115 - - [04/Jul/2017:17:59:50 -0300] "GET /cormun/servlet/trautorizarsolicitud? HTTP/1.1" 200 8191
186.79.114.115 - - [04/Jul/2017:17:59:50 -0300] "GET /cormun/static/gxcfg.js?20174261241362 HTTP/1.1" 200 953
186.79.114.115 - - [04/Jul/2017:17:59:50 -0300] "GET /cormun/static/Resources/Spanish/PXTools.css?11294912 HTTP/1.1" 200 89042
186.79.114.115 - - [04/Jul/2017:17:59:51 -0300] "GET /cormun/static/trautorizarsolicitud.js?201742612414370 HTTP/1.1" 200 53910
186.79.114.115 - - [04/Jul/2017:17:59:51 -0300] "GET /cormun/servlet/trautorizarsolicitud? HTTP/1.1" 200 8190
186.79.114.115 - - [04/Jul/2017:18:00:27 -0300] "POST /cormun/servlet/trautorizarsolicitud?a19bc612096d838d6357fa5ded09a722,,gx-no-cache=1499202074926 HTTP/1.1" 200 4343
186.79.114.115 - - [04/Jul/2017:18:00:27 -0300] "GET /cormun/static/Shared/jqueryui/images/ui-bg_highlight-soft_100_c6c2c8_1x100.png HTTP/1.1" 404 1117
186.79.114.115 - - [04/Jul/2017:18:00:27 -0300] "GET /cormun/static/Shared/jqueryui/images/ui-icons_82798d_256x240.png HTTP/1.1" 404 1089
186.79.114.115 - - [04/Jul/2017:18:00:27 -0300] "GET /cormun/static/Shared/jqueryui/images/ui-icons_8d78a5_256x240.png HTTP/1.1" 404 1089
186.79.114.115 - - [04/Jul/2017:18:00:27 -0300] "GET /cormun/static/Shared/jqueryui/images/ui-bg_flat_55_fafafa_40x100.png HTTP/1.1" 404 1097
186.79.114.115 - - [04/Jul/2017:18:00:28 -0300] "POST /cormun/servlet/trautorizarsolicitud?a19bc612096d838d6357fa5ded09a722,,gx-no-cache=1499202075736 HTTP/1.1" 200 4108
186.79.114.115 - - [04/Jul/2017:18:00:40 -0300] "POST /cormun/servlet/trautorizarsolicitud?a19bc612096d838d6357fa5ded09a722,,gx-no-cache=1499202088348 HTTP/1.1" 200 5452
186.79.49.159 - - [04/Jul/2017:18:00:50 -0300] "GET /cormun/servlet/prfichaempleado?,MD,,gxPopupLevel%3D0%3B HTTP/1.1" 200 9199
200.112.49.225 - - [04/Jul/2017:18:00:53 -0300] "POST /cormun/servlet/solicitudot?gx-no-cache=1499202102008 HTTP/1.1" 200 1281
200.112.49.225 - - [04/Jul/2017:18:00:54 -0300] "POST /cormun/servlet/solicitudot?gx-no-cache=1499202102863 HTTP/1.1" 200 30
186.79.114.115 - - [04/Jul/2017:18:00:54 -0300] "GET /cormun/servlet/veautorizarsolicitud?2017,6934,, HTTP/1.1" 200 8216
186.79.114.115 - - [04/Jul/2017:18:00:54 -0300] "GET /cormun/static/gxcfg.js?201742612414795 HTTP/1.1" 200 953
186.79.114.115 - - [04/Jul/2017:18:00:54 -0300] "GET /cormun/pexe_scrolldiv.js HTTP/1.1" 404 1009
186.79.114.115 - - [04/Jul/2017:18:00:54 -0300] "GET /cormun/static/veautorizarsolicitud.js?201742612414866 HTTP/1.1" 200 6140
186.79.114.115 - - [04/Jul/2017:18:00:54 -0300] "GET /cormun/static/hwcviewtabs.js?201752511465446 HTTP/1.1" 200 1074
186.79.114.115 - - [04/Jul/2017:18:00:54 -0300] "GET /cormun/static/Resources/PXToolsTabNext.gif HTTP/1.1" 200 168
186.79.114.115 - - [04/Jul/2017:18:00:54 -0300] "GET /cormun/static/Resources/PXToolsTabPrevious.gif HTTP/1.1" 200 172
186.79.114.115 - - [04/Jul/2017:18:00:54 -0300] "GET /cormun/static/hpexe_tabsview.js?201610171694228 HTTP/1.1" 200 1661
186.79.114.115 - - [04/Jul/2017:18:00:54 -0300] "GET /cormun/static/Resources/PXToolsTabFirstSelected.png HTTP/1.1" 200 1259
186.79.114.115 - - [04/Jul/2017:18:00:54 -0300] "GET /cormun/static/Resources/PXToolsTabLastUnselected.png HTTP/1.1" 200 1291
186.79.114.115 - - [04/Jul/2017:18:00:54 -0300] "GET /cormun/static/tbautorizarsolicitud01.js?20174261238367 HTTP/1.1" 200 28481
186.79.114.115 - - [04/Jul/2017:18:00:55 -0300] "GET /cormun/static/calendar-system.css HTTP/1.1" 200 5572
186.79.114.115 - - [04/Jul/2017:18:00:55 -0300] "GET /cormun/static/Resources/PXToolsTabBackSelected.png HTTP/1.1" 200 1157
186.79.114.115 - - [04/Jul/2017:18:00:55 -0300] "GET /cormun/static/Resources/PXToolsTabBackUnselected.png HTTP/1.1" 200 1175
186.79.114.115 - - [04/Jul/2017:18:00:55 -0300] "GET /cormun/static/Resources/PXToolsTabSelectedUnselected.png HTTP/1.1" 200 1428
186.79.114.115 - - [04/Jul/2017:18:00:55 -0300] "GET /cormun/static/Resources/PXToolsTabUnselectedUnselected.png HTTP/1.1" 200 1459
186.79.114.115 - - [04/Jul/2017:18:00:55 -0300] "GET /cormun/servlet/veautorizarsolicitud?2017,6934,, HTTP/1.1" 200 8215
200.86.95.220 - - [04/Jul/2017:18:01:14 -0300] "GET /cormun/servlet/hlogin HTTP/1.1" 200 1723
186.79.49.159 - - [04/Jul/2017:18:01:15 -0300] "POST /cormun/servlet/prfichaempleado?04b511c34edc62e976584b87e831952f,,MD,,gxPopupLevel%3D0%3B,gx-no-cache=1499202125259 HTTP/1.1" 200 3420
186.79.49.159 - - [04/Jul/2017:18:01:20 -0300] "GET /cormun/servlet/permisogoce?94f408f5128c49b315e339c7bc51e0a991190ae510a52e03720e087cab0b182f03ba428c25278b20ae45ce404962a21d,gx-no-cache=1499202130009 HTTP/1.1" 200 77
200.86.95.220 - - [04/Jul/2017:18:01:23 -0300] "POST /cormun/servlet/hlogin?81cc4cecdc4ad3e8fe7cee85fce5ba49,gx-no-cache=1499202134376 HTTP/1.1" 200 90
200.86.95.220 - - [04/Jul/2017:18:01:23 -0300] "GET /cormun/servlet/hpexe_link HTTP/1.1" 200 956
200.86.95.220 - - [04/Jul/2017:18:01:23 -0300] "GET /cormun/servlet/trpermisosgoce HTTP/1.1" 200 12796
200.112.49.225 - - [04/Jul/2017:18:01:25 -0300] "POST /cormun/servlet/solicitudot?e39f33b3c37081a9e91d43cfe303449d,INS,0,0,,gx-no-cache=1499202132965 HTTP/1.1" 200 93
200.112.49.225 - - [04/Jul/2017:18:01:25 -0300] "GET /cormun/servlet/hpexe_return? HTTP/1.1" 200 1005
200.86.95.220 - - [04/Jul/2017:18:01:25 -0300] "GET /cormun/servlet/trpermisosgoce HTTP/1.1" 200 12794
200.112.49.225 - - [04/Jul/2017:18:01:25 -0300] "GET /cormun/static/Resources/Spanish/PXTools.css?167811 HTTP/1.1" 304 -
200.112.49.225 - - [04/Jul/2017:18:01:25 -0300] "GET /cormun/static/gxcfg.js?2016101716175148 HTTP/1.1" 200 953
200.112.49.225 - - [04/Jul/2017:18:01:25 -0300] "GET /cormun/static/hpexe_return.js?2016101716175153 HTTP/1.1" 304 -
200.112.49.225 - - [04/Jul/2017:18:01:25 -0300] "GET /cormun/servlet/trsolicitudot HTTP/1.1" 200 12803
186.79.114.115 - - [04/Jul/2017:18:01:31 -0300] "POST /cormun/servlet/veautorizarsolicitud?a19bc612096d838d6357fa5ded09a722,2017,6934,,,gx-no-cache=1499202139339 HTTP/1.1" 200 90
186.79.114.115 - - [04/Jul/2017:18:01:32 -0300] "GET /cormun/servlet/hpexe_link HTTP/1.1" 200 969
186.79.114.115 - - [04/Jul/2017:18:01:32 -0300] "GET /cormun/servlet/trautorizarsolicitud? HTTP/1.1" 200 8211
186.79.114.115 - - [04/Jul/2017:18:01:33 -0300] "GET /cormun/servlet/trautorizarsolicitud? HTTP/1.1" 200 8192
200.86.95.220 - - [04/Jul/2017:18:01:36 -0300] "GET /cormun/servlet/permisogoce?INS,0,,, HTTP/1.1" 200 6620
200.86.95.220 - - [04/Jul/2017:18:01:37 -0300] "GET /cormun/servlet/permisogoce?INS,0,,, HTTP/1.1" 200 6619
186.79.49.159 - - [04/Jul/2017:18:01:47 -0300] "GET /cormun/servlet/permisogoce?94f408f5128c49b315e339c7bc51e0a99dc6827e3c8bc4f1177b717fb0c8142616089bfc3004369d616a50af0e50ef91a700bf2a262e4e045583f3c017564b6b,gx-no-cache=1499202157095 HTTP/1.1" 200 48
200.86.95.220 - - [04/Jul/2017:18:01:47 -0300] "GET /cormun/servlet/permisogoce?af0b8a5889dfa4abfdfef9e0aa0793226e6cb1789e23c03a0c508a23886ea74727a528f7593fc06b30a9952019271cca9d9751e123b64f35e044cac8eca4d68a,gx-no-cache=1499202158671 HTTP/1.1" 200 86
200.86.95.220 - - [04/Jul/2017:18:01:47 -0300] "GET /cormun/static/menuarrow.gif HTTP/1.1" 404 1015
186.79.49.159 - - [04/Jul/2017:18:01:55 -0300] "POST /cormun/servlet/permisogoce?04b511c34edc62e976584b87e831952f,INS,0,,,,gx-no-cache=1499202164906 HTTP/1.1" 200 93
186.79.49.159 - - [04/Jul/2017:18:01:55 -0300] "GET /cormun/servlet/hpexe_return? HTTP/1.1" 200 1003
186.79.49.159 - - [04/Jul/2017:18:01:55 -0300] "GET /cormun/servlet/trpermisosgoce HTTP/1.1" 200 12210
186.79.49.159 - - [04/Jul/2017:18:01:56 -0300] "GET /cormun/servlet/trpermisosgoce HTTP/1.1" 200 12206
200.86.95.220 - - [04/Jul/2017:18:01:58 -0300] "GET /cormun/servlet/permisogoce?af0b8a5889dfa4abfdfef9e0aa079322ea9972da5dd03d5dbdb5e6b90baedf0a2ce1c07a1ab4e4bcd25c2b0ef20565389905aa91543e7635617fee6107472806,gx-no-cache=1499202169773 HTTP/1.1" 200 45
200.112.49.225 - - [04/Jul/2017:18:01:59 -0300] "GET /cormun/servlet/trsolicitudot? HTTP/1.1" 200 12799
186.79.49.159 - - [04/Jul/2017:18:02:02 -0300] "GET /cormun/servlet/apermisogoceprn?7763660,P,20170704175852,PU HTTP/1.1" 200 1657
200.86.95.220 - - [04/Jul/2017:18:02:09 -0300] "POST /cormun/servlet/permisogoce?81cc4cecdc4ad3e8fe7cee85fce5ba49,INS,0,,,,gx-no-cache=1499202180748 HTTP/1.1" 200 93
200.86.95.220 - - [04/Jul/2017:18:02:10 -0300] "GET /cormun/servlet/hpexe_return? HTTP/1.1" 200 1011
200.86.95.220 - - [04/Jul/2017:18:02:10 -0300] "GET /cormun/servlet/trpermisosgoce HTTP/1.1" 200 13017
200.86.95.220 - - [04/Jul/2017:18:02:11 -0300] "GET /cormun/servlet/trpermisosgoce HTTP/1.1" 200 13012
200.112.49.225 - - [04/Jul/2017:18:02:15 -0300] "POST /cormun/servlet/trsolicitudot?e39f33b3c37081a9e91d43cfe303449d,,gx-no-cache=1499202183187 HTTP/1.1" 200 106
200.112.49.225 - - [04/Jul/2017:18:02:15 -0300] "GET /cormun/servlet/solicitudot?UPD,2017,6935, HTTP/1.1" 200 14596
200.86.95.220 - - [04/Jul/2017:18:02:16 -0300] "GET /cormun/servlet/apermisogoceprn?15126684,P,20170704180125,PU HTTP/1.1" 200 1646
200.112.49.225 - - [04/Jul/2017:18:02:17 -0300] "POST /cormun/servlet/solicitudot?gx-no-cache=1499202185637 HTTP/1.1" 200 3206
200.112.49.225 - - [04/Jul/2017:18:02:18 -0300] "POST /cormun/servlet/solicitudot?e39f33b3c37081a9e91d43cfe303449d,UPD,2017,6935,,gx-no-cache=1499202186215 HTTP/1.1" 200 11118
200.112.49.225 - - [04/Jul/2017:18:02:18 -0300] "GET /cormun/servlet/solicitudot?67c99fd4ef5cb1b7623430db8c6c2a7b1d1d5830639db736042cf18782b0237988c9916740fed796ba22ac6c86a72626,gx-no-cache=1499202187622 HTTP/1.1" 200 30
200.112.49.225 - - [04/Jul/2017:18:02:19 -0300] "POST /cormun/servlet/solicitudot?gx-no-cache=1499202187943 HTTP/1.1" 200 297
200.112.49.225 - - [04/Jul/2017:18:02:19 -0300] "GET /cormun/servlet/solicitudot?67c99fd4ef5cb1b7623430db8c6c2a7b334ab855d09428088afd8f74b95b1235425ace2bfa5aed5a3f556d6f7b5ec2a11340e9d1997d85eb1f8cbe8a1df8ab360bfd44753b3cea5f6c76502385f38f83f6b70f0200708a3805283b9bff89b414c791b6951c64d3fe1bd8658ce45ff3243b693b4fcc9de2a596fc46087ffd9d2735b1d4448ebc5be7bfe770b6fedea5c74c7c5d15d4cff238903164ab8f830e40cbe4d5a1872ce3b61b3cfb4fccfb710a9441e541c7ea527f67eb3f81d84b89cd4f9bab3639ad756eef368e58dc541f184f75ad203d66d847da23386a11354acd95376cab35e3b70d7c39df3e045823468923f3e332212a116fcc7beda58996e0c6b31c79adc3d7cdc2514fade952a8a86f6450de1ef6ca71d031b6181b9d6e01ed4731959d874da2d3f012a2e934f315df308e08271440a36f21212d9cf61972a1705a6b3c171a1baac83549fb9e4d113494a9bdcd62d81c609cb45b3405958321cc9914269ca08a218f0c5178d7115cbc1f066f540728b27a5fc58556b4bfbd5fdba2f0eafa4f3969b34d405252fc1a,gx-no-cache=1499202188168 HTTP/1.1" 200 30
200.112.49.225 - - [04/Jul/2017:18:02:19 -0300] "POST /cormun/servlet/solicitudot?gx-no-cache=1499202188338 HTTP/1.1" 200 30
200.112.49.225 - - [04/Jul/2017:18:02:19 -0300] "POST /cormun/servlet/solicitudot?gx-no-cache=1499202188536 HTTP/1.1" 200 1301
200.112.49.225 - - [04/Jul/2017:18:02:20 -0300] "POST /cormun/servlet/solicitudot?gx-no-cache=1499202188915 HTTP/1.1" 200 41
