200.112.0.148 - - [27/Jun/2017:12:34:45 -0300] "GET /cormun/static/Resources/PXToolsGridLast.gif HTTP/1.1" 200 370
200.112.0.148 - - [27/Jun/2017:12:34:56 -0300] "POST /cormun/servlet/prfichaempleado?0d893f2f97dd8563f4a8aaac9451373a,,MD,,gxPopupLevel%3D0%3B,gx-no-cache=1498577745853 HTTP/1.1" 200 3432
200.112.0.148 - - [27/Jun/2017:12:35:18 -0300] "GET /cormun/servlet/trlicencias? HTTP/1.1" 200 6811
200.112.0.148 - - [27/Jun/2017:12:35:19 -0300] "GET /cormun/servlet/trlicencias? HTTP/1.1" 200 6810
200.112.0.148 - - [27/Jun/2017:12:35:25 -0300] "POST /cormun/servlet/trlicencias?0d893f2f97dd8563f4a8aaac9451373a,,gx-no-cache=1498577775174 HTTP/1.1" 200 3866
200.112.0.148 - - [27/Jun/2017:12:35:28 -0300] "POST /cormun/servlet/trlicencias?0d893f2f97dd8563f4a8aaac9451373a,,gx-no-cache=1498577778705 HTTP/1.1" 200 3866
200.112.0.148 - - [27/Jun/2017:12:35:35 -0300] "POST /cormun/servlet/trlicencias?0d893f2f97dd8563f4a8aaac9451373a,,gx-no-cache=1498577785146 HTTP/1.1" 200 3867
200.112.0.148 - - [27/Jun/2017:12:35:47 -0300] "POST /cormun/servlet/trlicencias?0d893f2f97dd8563f4a8aaac9451373a,,gx-no-cache=1498577796833 HTTP/1.1" 200 3851
200.112.0.148 - - [27/Jun/2017:12:35:52 -0300] "POST /cormun/servlet/trlicencias?0d893f2f97dd8563f4a8aaac9451373a,,gx-no-cache=1498577801360 HTTP/1.1" 200 3849
200.112.0.148 - - [27/Jun/2017:12:35:55 -0300] "GET /cormun/servlet/trlicencias? HTTP/1.1" 200 6789
200.112.0.148 - - [27/Jun/2017:12:35:56 -0300] "GET /cormun/servlet/trlicencias? HTTP/1.1" 200 6789
200.112.0.148 - - [27/Jun/2017:12:36:03 -0300] "POST /cormun/servlet/trlicencias?0d893f2f97dd8563f4a8aaac9451373a,,gx-no-cache=1498577813285 HTTP/1.1" 200 5190
200.112.0.148 - - [27/Jun/2017:12:36:12 -0300] "POST /cormun/servlet/trlicencias?0d893f2f97dd8563f4a8aaac9451373a,,gx-no-cache=1498577822129 HTTP/1.1" 200 3851
200.112.0.148 - - [27/Jun/2017:12:36:16 -0300] "POST /cormun/servlet/trlicencias?0d893f2f97dd8563f4a8aaac9451373a,,gx-no-cache=1498577825922 HTTP/1.1" 200 7595
200.112.0.148 - - [27/Jun/2017:12:36:23 -0300] "GET /cormun/servlet/trlicencias? HTTP/1.1" 200 10315
200.112.0.148 - - [27/Jun/2017:12:36:24 -0300] "GET /cormun/servlet/trlicencias? HTTP/1.1" 200 10315
200.112.0.148 - - [27/Jun/2017:12:36:32 -0300] "GET /cormun/servlet/licenciaspermisos?INS,0,,, HTTP/1.1" 200 7569
200.112.0.148 - - [27/Jun/2017:12:36:33 -0300] "GET /cormun/servlet/licenciaspermisos?INS,0,,, HTTP/1.1" 200 7577
192.168.10.62 - - [27/Jun/2017:12:36:34 -0300] "POST /cormun/servlet/vesolicitudnombre?09ff9d6863ee326895b6a6fe54743e68,2017,4284,,,gx-no-cache=1498577786410 HTTP/1.1" 200 90
192.168.10.62 - - [27/Jun/2017:12:36:34 -0300] "GET /cormun/servlet/hpexe_link HTTP/1.1" 200 976
192.168.10.62 - - [27/Jun/2017:12:36:34 -0300] "GET /cormun/servlet/trsolicitudnombre?10392568, HTTP/1.1" 200 6946
192.168.10.62 - - [27/Jun/2017:12:36:35 -0300] "GET /cormun/servlet/trsolicitudnombre?10392568, HTTP/1.1" 200 6945
192.168.10.62 - - [27/Jun/2017:12:36:37 -0300] "POST /cormun/servlet/trsolicitudnombre?09ff9d6863ee326895b6a6fe54743e68,10392568,,gx-no-cache=1498577789192 HTTP/1.1" 200 90
192.168.10.62 - - [27/Jun/2017:12:36:37 -0300] "GET /cormun/servlet/hpexe_link HTTP/1.1" 200 975
192.168.10.62 - - [27/Jun/2017:12:36:37 -0300] "GET /cormun/servlet/trconsultaempleado? HTTP/1.1" 200 8750
192.168.10.62 - - [27/Jun/2017:12:36:37 -0300] "GET /cormun/servlet/trconsultaempleado? HTTP/1.1" 200 8748
200.112.0.148 - - [27/Jun/2017:12:36:41 -0300] "GET /cormun/servlet/licenciaspermisos?de6320556b2b6b7d10038f7e6737953b34258a2155960fb4a43f65d1745f273e1aff30e193edc8b896b194e4e4ab8943,gx-no-cache=1498577851281 HTTP/1.1" 200 98
192.168.10.62 - - [27/Jun/2017:12:36:41 -0300] "GET /cormun/servlet/trsolicitudgral? HTTP/1.1" 200 9585
200.112.0.148 - - [27/Jun/2017:12:36:41 -0300] "POST /cormun/servlet/licenciaspermisos?0d893f2f97dd8563f4a8aaac9451373a,INS,0,,,,gx-no-cache=1498577851480 HTTP/1.1" 200 4726
192.168.10.62 - - [27/Jun/2017:12:36:41 -0300] "GET /cormun/servlet/trsolicitudgral? HTTP/1.1" 200 9584
192.168.10.62 - - [27/Jun/2017:12:36:45 -0300] "POST /cormun/servlet/trsolicitudgral?09ff9d6863ee326895b6a6fe54743e68,,gx-no-cache=1498577797651 HTTP/1.1" 200 5330
192.168.10.62 - - [27/Jun/2017:12:36:45 -0300] "GET /cormun/static/Shared/jqueryui/images/ui-bg_highlight-soft_100_c6c2c8_1x100.png HTTP/1.1" 404 1117
192.168.10.62 - - [27/Jun/2017:12:36:45 -0300] "GET /cormun/static/Shared/jqueryui/images/ui-icons_82798d_256x240.png HTTP/1.1" 404 1089
192.168.10.62 - - [27/Jun/2017:12:36:45 -0300] "GET /cormun/static/Shared/jqueryui/images/ui-icons_8d78a5_256x240.png HTTP/1.1" 404 1089
192.168.10.62 - - [27/Jun/2017:12:36:45 -0300] "GET /cormun/static/Shared/jqueryui/images/ui-bg_flat_55_fafafa_40x100.png HTTP/1.1" 404 1097
200.112.0.148 - - [27/Jun/2017:12:39:46 -0300] "GET /cormun/servlet/licenciaspermisos?de6320556b2b6b7d10038f7e6737953b361a05cadcb5174a87ba9fe25297d345bdbb4e95f44084142c570db0b8ff7a0dd5de9f42015eed16d41390b5390307272b8d95fb613409170fe9f75443f3d09a7a73f1111db6336cd25c7bceea3025cffacc0477665821d2452b03d9c85d402fe988e814009651d9696d9be4653c88a246a00881d07b24d7a5432f4034e6a9239799b4d36629f3b3ce371fa7a75f8b0f7c5189e874b92f2cbbc38322690e04fa,gx-no-cache=1498578036289 HTTP/1.1" 200 30
200.112.0.148 - - [27/Jun/2017:12:39:46 -0300] "POST /cormun/servlet/licenciaspermisos?0d893f2f97dd8563f4a8aaac9451373a,INS,0,,,,gx-no-cache=1498578036522 HTTP/1.1" 200 4793
186.67.172.234 - - [27/Jun/2017:12:41:15 -0300] "GET /cormun/servlet/hlogin HTTP/1.1" 200 1717
186.67.172.234 - - [27/Jun/2017:12:41:43 -0300] "POST /cormun/servlet/hlogin?69f4e5d9bfdfd5f3d57cbfa4abb4d352,gx-no-cache=1498578153954 HTTP/1.1" 200 90
186.67.172.234 - - [27/Jun/2017:12:41:43 -0300] "GET /cormun/servlet/hpexe_link HTTP/1.1" 200 947
186.67.172.234 - - [27/Jun/2017:12:41:44 -0300] "GET /cormun/servlet/hhome HTTP/1.1" 200 4039
186.67.172.234 - - [27/Jun/2017:12:41:44 -0300] "GET /cormun/servlet/hhome HTTP/1.1" 200 4035
200.112.0.148 - - [27/Jun/2017:12:41:50 -0300] "GET /cormun/servlet/prfichaempleado?,MD,,gxPopupLevel%3D0%3B HTTP/1.1" 200 9326
186.67.172.234 - - [27/Jun/2017:12:41:56 -0300] "GET /cormun/servlet/trsolicitudot? HTTP/1.1" 200 12420
186.67.172.234 - - [27/Jun/2017:12:41:56 -0300] "GET /cormun/static/gxcfg.js?20175251233261 HTTP/1.1" 200 953
186.67.172.234 - - [27/Jun/2017:12:41:56 -0300] "GET /cormun/static/calendar.js?85251 HTTP/1.1" 304 -
186.67.172.234 - - [27/Jun/2017:12:41:56 -0300] "GET /cormun/static/calendar-setup.js?85251 HTTP/1.1" 304 -
186.67.172.234 - - [27/Jun/2017:12:41:56 -0300] "GET /cormun/static/calendar-es.js?85251 HTTP/1.1" 304 -
186.67.172.234 - - [27/Jun/2017:12:41:57 -0300] "GET /cormun/static/gxdec.js?85251 HTTP/1.1" 304 -
186.67.172.234 - - [27/Jun/2017:12:41:57 -0300] "GET /cormun/static/trsolicitudot.js?20175251234175 HTTP/1.1" 200 54041
186.67.172.234 - - [27/Jun/2017:12:41:57 -0300] "GET /cormun/static/Resources/PXTools/calendar.png HTTP/1.1" 200 1306
186.67.172.234 - - [27/Jun/2017:12:41:57 -0300] "GET /cormun/static/Resources/PXToolsActionExcel.png HTTP/1.1" 200 3187
186.67.172.234 - - [27/Jun/2017:12:41:57 -0300] "GET /cormun/static/Resources/PXToolsGridNew.png HTTP/1.1" 200 2949
200.112.0.148 - - [27/Jun/2017:12:41:57 -0300] "POST /cormun/servlet/prfichaempleado?0d893f2f97dd8563f4a8aaac9451373a,,MD,,gxPopupLevel%3D0%3B,gx-no-cache=1498578166966 HTTP/1.1" 200 4170
186.67.172.234 - - [27/Jun/2017:12:41:57 -0300] "GET /cormun//static/Resources/PXToolsActionView.png HTTP/1.1" 200 2995
186.67.172.234 - - [27/Jun/2017:12:41:57 -0300] "GET /cormun//static/Resources/PXToolsGridUpdate.png HTTP/1.1" 200 2984
186.67.172.234 - - [27/Jun/2017:12:41:57 -0300] "GET /cormun//static/Resources/PXToolsGridDelete.png HTTP/1.1" 200 357
186.67.172.234 - - [27/Jun/2017:12:41:57 -0300] "GET /cormun//static/Resources/PXToolsRemoveAllAction.png HTTP/1.1" 200 3558
186.67.172.234 - - [27/Jun/2017:12:41:57 -0300] "GET /cormun//static/Resources/PXTools/ActionInsert.png HTTP/1.1" 200 1482
186.67.172.234 - - [27/Jun/2017:12:41:57 -0300] "GET /cormun/servlet/trsolicitudot? HTTP/1.1" 200 12418
186.67.172.234 - - [27/Jun/2017:12:42:03 -0300] "GET /cormun/servlet/solicitudot?INS,0,0, HTTP/1.1" 200 12904
186.67.172.234 - - [27/Jun/2017:12:42:03 -0300] "GET /cormun/static/gxcfg.js?201752522134570 HTTP/1.1" 200 953
186.67.172.234 - - [27/Jun/2017:12:42:03 -0300] "GET /cormun/static/Resources/prompt.gif HTTP/1.1" 200 902
186.67.172.234 - - [27/Jun/2017:12:42:03 -0300] "GET /cormun/static/solicitudot.js?201752522134767 HTTP/1.1" 200 64045
186.67.172.234 - - [27/Jun/2017:12:42:03 -0300] "GET /cormun/servlet/solicitudot?INS,0,0, HTTP/1.1" 200 12909
200.112.0.148 - - [27/Jun/2017:12:42:07 -0300] "GET /cormun/servlet/prfichaempleado?,MD,,gxPopupLevel%3D0%3B HTTP/1.1" 200 9326
200.112.0.148 - - [27/Jun/2017:12:42:16 -0300] "POST /cormun/servlet/prfichaempleado?0d893f2f97dd8563f4a8aaac9451373a,,MD,,gxPopupLevel%3D0%3B,gx-no-cache=1498578185821 HTTP/1.1" 200 4170
186.103.159.204 - - [27/Jun/2017:12:42:17 -0300] "GET /cormun/servlet/hlogin HTTP/1.1" 200 1724
186.103.159.204 - - [27/Jun/2017:12:42:17 -0300] "GET /cormun/static/Resources/Spanish/PXTools.css?11423723 HTTP/1.1" 304 -
186.103.159.204 - - [27/Jun/2017:12:42:17 -0300] "GET /cormun/static/gxtimezone.js?85251 HTTP/1.1" 304 -
186.103.159.204 - - [27/Jun/2017:12:42:17 -0300] "GET /cormun/static/gxcfg.js?20175251213516 HTTP/1.1" 304 -
186.103.159.204 - - [27/Jun/2017:12:42:17 -0300] "GET /cormun/static/messages.spa.js?85251 HTTP/1.1" 304 -
186.103.159.204 - - [27/Jun/2017:12:42:17 -0300] "GET /cormun/static/hlogin.js?20175251213537 HTTP/1.1" 304 -
186.103.159.204 - - [27/Jun/2017:12:42:17 -0300] "GET /cormun/servlet/hlogin HTTP/1.1" 200 1732
186.67.172.234 - - [27/Jun/2017:12:42:18 -0300] "POST /cormun/servlet/solicitudot?gx-no-cache=1498578188962 HTTP/1.1" 200 3286
186.67.172.234 - - [27/Jun/2017:12:42:18 -0300] "GET /cormun/static/Shared/jqueryui/images/ui-bg_highlight-soft_100_c6c2c8_1x100.png HTTP/1.1" 404 1117
186.67.172.234 - - [27/Jun/2017:12:42:18 -0300] "GET /cormun/static/Shared/jqueryui/images/ui-bg_flat_55_994d53_40x100.png HTTP/1.1" 404 1097
186.67.172.234 - - [27/Jun/2017:12:42:18 -0300] "GET /cormun/static/Shared/jqueryui/images/ui-icons_ebccce_256x240.png HTTP/1.1" 404 1089
186.67.172.234 - - [27/Jun/2017:12:42:18 -0300] "GET /cormun/static/Shared/jqueryui/images/ui-icons_82798d_256x240.png HTTP/1.1" 404 1089
186.67.172.234 - - [27/Jun/2017:12:42:19 -0300] "GET /cormun/servlet/solicitudot?489f606cf094d6a6cd32dc4c47ef687d4526de4fbf6d3b012919983c48fdf3e01f3f031355d037d9d9dcd52f2e0975ee,gx-no-cache=1498578189434 HTTP/1.1" 200 111
186.67.172.234 - - [27/Jun/2017:12:42:24 -0300] "GET /cormun/servlet/solicitudot?489f606cf094d6a6cd32dc4c47ef687d81cbd5a0480581239b171df002b36e4b495fe638eeda846525cdd07d12c789f2,gx-no-cache=1498578194451 HTTP/1.1" 200 30
186.103.157.98 - - [27/Jun/2017:12:42:29 -0300] "POST /cormun/servlet/solicitudot?ba9bad4105bda13622740f876c28f852,INS,0,0,,gx-no-cache=1498578198146 HTTP/1.1" 200 11486
186.103.159.204 - - [27/Jun/2017:12:42:29 -0300] "POST /cormun/servlet/hlogin?d9068c65dc8abceba7300fb38c008f05,gx-no-cache=1498578199784 HTTP/1.1" 200 90
186.103.159.204 - - [27/Jun/2017:12:42:29 -0300] "GET /cormun/servlet/hpexe_link HTTP/1.1" 200 951
186.103.159.204 - - [27/Jun/2017:12:42:29 -0300] "GET /cormun/static/gxcfg.js?20175251212395 HTTP/1.1" 304 -
186.103.159.204 - - [27/Jun/2017:12:42:29 -0300] "GET /cormun/static/hpexe_link.js?20175251212399 HTTP/1.1" 304 -
186.103.159.204 - - [27/Jun/2017:12:42:29 -0300] "GET /cormun/servlet/hhome HTTP/1.1" 200 4013
186.103.159.204 - - [27/Jun/2017:12:42:29 -0300] "GET /cormun/static/gxcfg.js?20175251212442 HTTP/1.1" 304 -
186.103.159.204 - - [27/Jun/2017:12:42:30 -0300] "GET /cormun/static/hhome.js?20175251212450 HTTP/1.1" 304 -
186.103.159.204 - - [27/Jun/2017:12:42:30 -0300] "GET /cormun/static/hpexe_scripts.js?201752511465715 HTTP/1.1" 304 -
186.103.159.204 - - [27/Jun/2017:12:42:30 -0300] "GET /cormun/static/hpexe_messagecontroller.js?201610171694323 HTTP/1.1" 304 -
186.103.159.204 - - [27/Jun/2017:12:42:30 -0300] "GET /cormun/static/hpexe_messagepopupcomponent.js?20161017169425 HTTP/1.1" 304 -
186.103.159.204 - - [27/Jun/2017:12:42:30 -0300] "GET /cormun/static/cmcontrolpreferences.js?201752511465670 HTTP/1.1" 304 -
186.103.159.204 - - [27/Jun/2017:12:42:30 -0300] "GET /cormun/static/hpexe_messagegenexuscomponent.js?201752511465344 HTTP/1.1" 304 -
186.103.159.204 - - [27/Jun/2017:12:42:30 -0300] "GET /cormun/static/hmpwkw03.js?2017525121347 HTTP/1.1" 304 -
186.103.159.204 - - [27/Jun/2017:12:42:30 -0300] "GET /cormun/static/hwchdr01.js?201752511465785 HTTP/1.1" 304 -
186.103.159.204 - - [27/Jun/2017:12:42:30 -0300] "GET /cormun/static/hpexe_recentlink.js?201610171694390 HTTP/1.1" 304 -
186.103.159.204 - - [27/Jun/2017:12:42:30 -0300] "GET /cormun/servlet/hhome HTTP/1.1" 200 4009
192.168.10.89 - - [27/Jun/2017:12:42:33 -0300] "POST /cormun/servlet/trsolicitudgral?5e8722bf53dbf41deff543abc779781c,,gx-no-cache=1498578145645 HTTP/1.1" 200 17672
186.103.159.204 - - [27/Jun/2017:12:42:34 -0300] "GET /cormun/servlet/trlicencias? HTTP/1.1" 200 10588
186.103.159.204 - - [27/Jun/2017:12:42:34 -0300] "GET /cormun/static/calendar-setup.js?85251 HTTP/1.1" 304 -
186.103.159.204 - - [27/Jun/2017:12:42:34 -0300] "GET /cormun/static/calendar.js?85251 HTTP/1.1" 304 -
186.103.159.204 - - [27/Jun/2017:12:42:34 -0300] "GET /cormun/static/calendar-es.js?85251 HTTP/1.1" 304 -
186.103.159.204 - - [27/Jun/2017:12:42:34 -0300] "GET /cormun/static/gxcfg.js?201761114293151 HTTP/1.1" 304 -
186.103.159.204 - - [27/Jun/2017:12:42:34 -0300] "GET /cormun/static/gxdec.js?85251 HTTP/1.1" 304 -
186.103.159.204 - - [27/Jun/2017:12:42:34 -0300] "GET /cormun/static/trlicencias.js?201761114293683 HTTP/1.1" 304 -
192.168.10.62 - - [27/Jun/2017:12:42:34 -0300] "POST /cormun/servlet/trsolicitudgral?09ff9d6863ee326895b6a6fe54743e68,,gx-no-cache=1498578146455 HTTP/1.1" 200 13935
186.103.159.204 - - [27/Jun/2017:12:42:34 -0300] "GET /cormun/servlet/trlicencias? HTTP/1.1" 200 10585
200.112.0.148 - - [27/Jun/2017:12:42:37 -0300] "GET /cormun/servlet/licenciaspermisos?de6320556b2b6b7d10038f7e6737953bed07157216910263da6be74874189a9bebe1dda0ccd996864da1236fb1b8573623f7bc63e839266b711bc97034dc988c4c7250e725bea35d52bb66fe0958fcacae41410b28b199ae8c3c57986316980301bccea30db5091d2cb5dc4f2a00d37b20117824aa2e44412512698b7c0348bc2493707d944914d240139d80eaf817c0b7284fef39fb79deddb0a6b4268cd966e3635ed40000682da53a254890655d5b3658b23cc498b63e075691cd8d677860dbcb8de207d534728df4cd6f6fb6b72ab011892754ad1154fea4820ca698a294967b84f952ecbb634f1b961860d25915,gx-no-cache=1498578207298 HTTP/1.1" 200 57
200.112.0.148 - - [27/Jun/2017:12:42:38 -0300] "POST /cormun/servlet/licenciaspermisos?0d893f2f97dd8563f4a8aaac9451373a,INS,0,,,,gx-no-cache=1498578208000 HTTP/1.1" 200 93
200.112.0.148 - - [27/Jun/2017:12:42:38 -0300] "GET /cormun/servlet/hpexe_return? HTTP/1.1" 200 1017
200.112.0.148 - - [27/Jun/2017:12:42:38 -0300] "GET /cormun/servlet/trlicencias HTTP/1.1" 200 10318
200.112.0.148 - - [27/Jun/2017:12:42:39 -0300] "GET /cormun/servlet/trlicencias HTTP/1.1" 200 10315
192.168.10.89 - - [27/Jun/2017:12:42:40 -0300] "POST /cormun/servlet/trsolicitudgral?5e8722bf53dbf41deff543abc779781c,,gx-no-cache=1498578151766 HTTP/1.1" 200 105
192.168.10.89 - - [27/Jun/2017:12:42:40 -0300] "GET /cormun/SolicitudGral-4643.xls HTTP/1.1" 200 17920
192.168.10.89 - - [27/Jun/2017:12:42:41 -0300] "OPTIONS /cormun/ HTTP/1.1" 200 -
192.168.10.89 - - [27/Jun/2017:12:42:41 -0300] "HEAD /cormun/SolicitudGral-4643.xls HTTP/1.1" 200 -
192.168.10.89 - - [27/Jun/2017:12:42:42 -0300] "OPTIONS /cormun HTTP/1.1" 302 -
192.168.10.89 - - [27/Jun/2017:12:42:42 -0300] "OPTIONS /cormun/ HTTP/1.1" 200 -
192.168.10.89 - - [27/Jun/2017:12:42:42 -0300] "PROPFIND /cormun HTTP/1.1" 302 -
192.168.10.89 - - [27/Jun/2017:12:42:42 -0300] "PROPFIND /cormun/ HTTP/1.1" 501 1141
192.168.10.89 - - [27/Jun/2017:12:42:42 -0300] "PROPFIND /cormun HTTP/1.1" 302 -
192.168.10.89 - - [27/Jun/2017:12:42:42 -0300] "PROPFIND /cormun/ HTTP/1.1" 501 1141
192.168.10.89 - - [27/Jun/2017:12:42:42 -0300] "HEAD /cormun/SolicitudGral-4643.xls HTTP/1.1" 200 -
192.168.10.89 - - [27/Jun/2017:12:42:42 -0300] "PROPFIND / HTTP/1.1" 200 11217
192.168.10.89 - - [27/Jun/2017:12:42:42 -0300] "PROPFIND / HTTP/1.1" 200 11217
186.103.159.204 - - [27/Jun/2017:12:42:43 -0300] "GET /cormun/static/menuarrow.gif HTTP/1.1" 404 1015
192.168.10.89 - - [27/Jun/2017:12:42:45 -0300] "PROPFIND /cormun HTTP/1.1" 302 -
192.168.10.89 - - [27/Jun/2017:12:42:45 -0300] "PROPFIND /cormun/ HTTP/1.1" 501 1141
192.168.10.89 - - [27/Jun/2017:12:42:45 -0300] "PROPFIND /cormun HTTP/1.1" 302 -
192.168.10.89 - - [27/Jun/2017:12:42:45 -0300] "PROPFIND /cormun/ HTTP/1.1" 501 1141
192.168.10.89 - - [27/Jun/2017:12:42:45 -0300] "GET /cormun/SolicitudGral-4643.xls HTTP/1.1" 200 17920
192.168.10.89 - - [27/Jun/2017:12:42:45 -0300] "HEAD /cormun/SolicitudGral-4643.xls HTTP/1.1" 200 -
192.168.10.62 - - [27/Jun/2017:12:43:11 -0300] "POST /cormun/servlet/trsolicitudgral?09ff9d6863ee326895b6a6fe54743e68,,gx-no-cache=1498578183068 HTTP/1.1" 200 105
192.168.10.62 - - [27/Jun/2017:12:43:11 -0300] "GET /cormun/SolicitudGral-4523.xls HTTP/1.1" 200 14336
192.168.10.89 - - [27/Jun/2017:12:43:26 -0300] "POST /cormun/servlet/trsolicitudgral?5e8722bf53dbf41deff543abc779781c,,gx-no-cache=1498578197809 HTTP/1.1" 200 14619
192.168.10.96 - - [27/Jun/2017:12:43:28 -0300] "POST /cormun/servlet/hlogin?295ef3b84b2fc623a9ad6535a1b1706c,gx-no-cache=1498578200839 HTTP/1.1" 440 972
192.168.10.96 - - [27/Jun/2017:12:43:30 -0300] "GET /cormun/servlet/hlogin HTTP/1.1" 200 1725
192.168.10.96 - - [27/Jun/2017:12:43:39 -0300] "POST /cormun/servlet/hlogin?b91a0908df0c172bf6d48ee1d188e200,gx-no-cache=1498578211199 HTTP/1.1" 200 90
192.168.10.96 - - [27/Jun/2017:12:43:39 -0300] "GET /cormun/servlet/hpexe_link HTTP/1.1" 200 946
192.168.10.96 - - [27/Jun/2017:12:43:39 -0300] "GET /cormun/servlet/hhome HTTP/1.1" 200 4328
192.168.10.96 - - [27/Jun/2017:12:43:39 -0300] "GET /cormun/servlet/hhome HTTP/1.1" 200 4323
186.67.172.234 - - [27/Jun/2017:12:43:42 -0300] "GET /cormun/servlet/solicitudot?489f606cf094d6a6cd32dc4c47ef687d1691f3d88fbfbe9f7a034227f00653646a938d7199d3a4c23699a484e8b460dd5068eaa47b9f62475992b0f8ba57b3d054944a6aa1500cf2907570fd103233516e8a931f7a83c25a41ff73fce52f47b92dfbd9e7667339857b9cf94ae31b43582185257f8a720b3399082ba07f1eb499ee1123869a3474dfb2568123a1aedbee3eba670a265f701e5b3ca201ea04088d025302bb8a328d90221f8f4bab77c49ed85d158ce3d4a1210e90b34be845afe1d663aae7e27c4b1a2b126cf6548dc64ba73475788cd0ce19677c3503abeaa186b9ded7a91cacde4c39c791f38f20945bd8e3882d8fa9de62666d0cddf5f43cf67aa9e6fe6edcfdb4f184077b9852544e55f075891a343613b55e3a78aeffcd9f9112ee6d526198cd1b4d54eaa1cc0a51d6724f4bd5c5639c0fbc8f3411b263313cd191d5344aa0ed93c7065980528fd0,gx-no-cache=1498578272914 HTTP/1.1" 200 256
192.168.10.89 - - [27/Jun/2017:12:43:43 -0300] "POST /cormun/servlet/trsolicitudgral?5e8722bf53dbf41deff543abc779781c,,gx-no-cache=1498578214749 HTTP/1.1" 200 105
192.168.10.89 - - [27/Jun/2017:12:43:43 -0300] "GET /cormun/SolicitudGral-9964.xls HTTP/1.1" 200 14848
192.168.10.96 - - [27/Jun/2017:12:43:43 -0300] "GET /cormun/servlet/trsolicitudgral? HTTP/1.1" 200 20804
192.168.10.96 - - [27/Jun/2017:12:43:43 -0300] "GET /cormun/servlet/trsolicitudgral? HTTP/1.1" 200 20801
192.168.10.89 - - [27/Jun/2017:12:43:44 -0300] "HEAD /cormun/SolicitudGral-9964.xls HTTP/1.1" 200 -
192.168.10.89 - - [27/Jun/2017:12:43:44 -0300] "HEAD /cormun/SolicitudGral-9964.xls HTTP/1.1" 200 -
186.67.172.234 - - [27/Jun/2017:12:43:45 -0300] "GET /cormun/servlet/solicitudot?489f606cf094d6a6cd32dc4c47ef687d4824fbb44577aa42846e29463d949892966a5e327e78ac541593861662c8aa70395d8462b7e473ebd9a8ec60ed1fa6638b9def70226abd1cea89b723dfd4f0f4a4f57d9f5f951330528d5087966734a368f141105e27ac38716e44cb18f1ea108cf9bf6376614c483404520b2857350a197499bc77db4af749a7a88ec2ef7f0a07c8bad1c8c0eebb85aa54745ff929f392a370e9a9696eac42cca9f5822184ecf1acb864fdcce8fab7c793b41532b8dd60eb83036e551bccfd35f06e3e01f8f43ad6fe649b0ba7416ec230d638d58cdbc0ad700efb58f857562c6b83bbf8e84f61c08af8ab6b48a909294488b757544fc25ae9321f41553aeb1c97bf905a690e8da71c820b1d5cb0a5954c8c89da94223cfca3ae831f379f60e477e1992fff62be63cedc791f27322e29e1749f51a90427fa41ecfae059aeaa7bc7924fd0252e3aa48779de6912f8b56110dd904774b193635089a86b5bb8194bebae4e893f8816dc5fa5cb37fcb32c97d57d2e66510b,gx-no-cache=1498578276146 HTTP/1.1" 200 30
186.67.172.234 - - [27/Jun/2017:12:43:47 -0300] "POST /cormun/servlet/solicitudot?gx-no-cache=1498578277791 HTTP/1.1" 200 30
192.168.10.89 - - [27/Jun/2017:12:43:48 -0300] "GET /cormun/SolicitudGral-9964.xls HTTP/1.1" 200 14848
192.168.10.89 - - [27/Jun/2017:12:43:48 -0300] "HEAD /cormun/SolicitudGral-9964.xls HTTP/1.1" 200 -
186.67.172.234 - - [27/Jun/2017:12:43:50 -0300] "POST /cormun/servlet/solicitudot?gx-no-cache=1498578280209 HTTP/1.1" 200 1296
186.67.172.234 - - [27/Jun/2017:12:43:50 -0300] "POST /cormun/servlet/solicitudot?gx-no-cache=1498578280278 HTTP/1.1" 200 38
192.168.10.96 - - [27/Jun/2017:12:44:01 -0300] "POST /cormun/servlet/trsolicitudgral?b91a0908df0c172bf6d48ee1d188e200,,gx-no-cache=1498578233149 HTTP/1.1" 200 5640
186.67.172.234 - - [27/Jun/2017:12:44:01 -0300] "GET /cormun/servlet/solicitudot?489f606cf094d6a6cd32dc4c47ef687d0b6645d077617d9df4c78f9a0c61ee72d8e3882d8fa9de62666d0cddf5f43cf67aa9e6fe6edcfdb4f184077b9852544ee85b1f869e74799e59a4121cfa5f19e6,gx-no-cache=1498578291536 HTTP/1.1" 200 29
186.67.172.234 - - [27/Jun/2017:12:44:01 -0300] "POST /cormun/servlet/solicitudot?gx-no-cache=1498578291571 HTTP/1.1" 200 1281
186.67.172.234 - - [27/Jun/2017:12:44:04 -0300] "GET /cormun/static/menuarrow.gif HTTP/1.1" 404 1015
192.168.10.96 - - [27/Jun/2017:12:44:06 -0300] "POST /cormun/servlet/trsolicitudgral?b91a0908df0c172bf6d48ee1d188e200,,gx-no-cache=1498578238370 HTTP/1.1" 200 5640
192.168.10.96 - - [27/Jun/2017:12:44:09 -0300] "POST /cormun/servlet/trsolicitudgral?b91a0908df0c172bf6d48ee1d188e200,,gx-no-cache=1498578241571 HTTP/1.1" 200 7438
186.67.172.234 - - [27/Jun/2017:12:44:12 -0300] "POST /cormun/servlet/solicitudot?gx-no-cache=1498578303024 HTTP/1.1" 200 30
186.67.172.234 - - [27/Jun/2017:12:44:21 -0300] "POST /cormun/servlet/solicitudot?69f4e5d9bfdfd5f3d57cbfa4abb4d352,INS,0,0,,gx-no-cache=1498578311563 HTTP/1.1" 200 11283
186.67.172.234 - - [27/Jun/2017:12:44:32 -0300] "POST /cormun/servlet/solicitudot?69f4e5d9bfdfd5f3d57cbfa4abb4d352,INS,0,0,,gx-no-cache=1498578322640 HTTP/1.1" 200 11339
186.67.172.234 - - [27/Jun/2017:12:44:56 -0300] "POST /cormun/servlet/solicitudot?69f4e5d9bfdfd5f3d57cbfa4abb4d352,INS,0,0,,gx-no-cache=1498578346225 HTTP/1.1" 200 93
186.67.172.234 - - [27/Jun/2017:12:44:56 -0300] "GET /cormun/servlet/hpexe_return? HTTP/1.1" 200 1002
186.67.172.234 - - [27/Jun/2017:12:44:56 -0300] "GET /cormun/static/gxcfg.js?2016101716175148 HTTP/1.1" 200 953
186.67.172.234 - - [27/Jun/2017:12:44:56 -0300] "GET /cormun/static/hpexe_return.js?2016101716175153 HTTP/1.1" 200 1633
186.67.172.234 - - [27/Jun/2017:12:44:56 -0300] "GET /cormun/static/Resources/Spanish/PXTools.css?167811 HTTP/1.1" 200 89042
186.67.172.234 - - [27/Jun/2017:12:44:56 -0300] "GET /cormun/servlet/trsolicitudot HTTP/1.1" 200 12422
186.67.172.234 - - [27/Jun/2017:12:44:57 -0300] "GET /cormun/servlet/trsolicitudot HTTP/1.1" 200 12418
186.67.172.234 - - [27/Jun/2017:12:44:58 -0300] "GET /cormun/servlet/solicitudot?INS,0,0, HTTP/1.1" 200 12904
186.67.172.234 - - [27/Jun/2017:12:44:59 -0300] "GET /cormun/servlet/solicitudot?INS,0,0, HTTP/1.1" 200 12909
186.67.172.234 - - [27/Jun/2017:12:45:27 -0300] "POST /cormun/servlet/solicitudot?gx-no-cache=1498578378086 HTTP/1.1" 200 3286
186.67.172.234 - - [27/Jun/2017:12:45:28 -0300] "GET /cormun/static/Shared/jqueryui/images/ui-bg_highlight-soft_100_c6c2c8_1x100.png HTTP/1.1" 404 1117
186.67.172.234 - - [27/Jun/2017:12:45:28 -0300] "GET /cormun/static/Shared/jqueryui/images/ui-icons_82798d_256x240.png HTTP/1.1" 404 1089
186.67.172.234 - - [27/Jun/2017:12:45:28 -0300] "GET /cormun/static/Shared/jqueryui/images/ui-icons_ebccce_256x240.png HTTP/1.1" 404 1089
186.67.172.234 - - [27/Jun/2017:12:45:28 -0300] "GET /cormun/static/Shared/jqueryui/images/ui-bg_flat_55_994d53_40x100.png HTTP/1.1" 404 1097
186.67.172.234 - - [27/Jun/2017:12:45:28 -0300] "GET /cormun/servlet/solicitudot?489f606cf094d6a6cd32dc4c47ef687d4526de4fbf6d3b012919983c48fdf3e01f3f031355d037d9d9dcd52f2e0975ee,gx-no-cache=1498578378242 HTTP/1.1" 200 111
186.67.172.234 - - [27/Jun/2017:12:45:31 -0300] "GET /cormun/servlet/solicitudot?489f606cf094d6a6cd32dc4c47ef687d81cbd5a0480581239b171df002b36e4b495fe638eeda846525cdd07d12c789f2,gx-no-cache=1498578381697 HTTP/1.1" 200 30
186.103.159.204 - - [27/Jun/2017:12:45:39 -0300] "GET /cormun/servlet/licenciaspermisos?INS,0,,, HTTP/1.1" 200 7543
186.103.159.204 - - [27/Jun/2017:12:45:39 -0300] "GET /cormun/static/gxcfg.js?201761114292610 HTTP/1.1" 304 -
186.103.159.204 - - [27/Jun/2017:12:45:39 -0300] "GET /cormun/static/licenciaspermisos.js?201761114292672 HTTP/1.1" 304 -
186.103.159.204 - - [27/Jun/2017:12:45:40 -0300] "GET /cormun/servlet/licenciaspermisos?INS,0,,, HTTP/1.1" 200 7551
200.112.0.148 - - [27/Jun/2017:12:45:58 -0300] "POST /cormun/servlet/trlicencias?0d893f2f97dd8563f4a8aaac9451373a,gx-no-cache=1498578407931 HTTP/1.1" 200 5264
200.112.0.148 - - [27/Jun/2017:12:46:01 -0300] "GET /cormun/servlet/trlicenciaspermisosadjuntos?14203518,20170627000000,L, HTTP/1.1" 200 6379
200.112.0.148 - - [27/Jun/2017:12:46:01 -0300] "GET /cormun/static/gxcfg.js?20175251265349 HTTP/1.1" 200 953
200.112.0.148 - - [27/Jun/2017:12:46:02 -0300] "GET /cormun/static/trlicenciaspermisosadjuntos.js?2017525126577 HTTP/1.1" 200 21036
200.112.0.148 - - [27/Jun/2017:12:46:02 -0300] "GET /cormun/servlet/trlicenciaspermisosadjuntos?14203518,20170627000000,L, HTTP/1.1" 200 6379
186.103.159.204 - - [27/Jun/2017:12:46:03 -0300] "GET /cormun/servlet/licenciaspermisos?d77ec20c208fe9cdbfd59d62333dbf76cd7de8f7841133cf4a66c5bd553f3018cb264b01490191d486f07b9a3d25adcc,gx-no-cache=1498578413776 HTTP/1.1" 200 98
186.103.159.204 - - [27/Jun/2017:12:46:03 -0300] "POST /cormun/servlet/licenciaspermisos?d9068c65dc8abceba7300fb38c008f05,INS,0,,,,gx-no-cache=1498578413847 HTTP/1.1" 200 4727
200.112.0.148 - - [27/Jun/2017:12:46:06 -0300] "GET /cormun/servlet/licenciaspermisosadjuntos?INS,14203518,L,20170627000000,, HTTP/1.1" 200 5688
200.112.0.148 - - [27/Jun/2017:12:46:06 -0300] "GET /cormun/static/gxcfg.js?201752511544364 HTTP/1.1" 200 953
200.112.0.148 - - [27/Jun/2017:12:46:07 -0300] "GET /cormun/static/licenciaspermisosadjuntos.js?201752511544378 HTTP/1.1" 200 8760
200.112.0.148 - - [27/Jun/2017:12:46:07 -0300] "GET /cormun/static/about:blank HTTP/1.1" 404 1011
200.112.0.148 - - [27/Jun/2017:12:46:07 -0300] "GET /cormun/servlet/licenciaspermisosadjuntos?INS,14203518,L,20170627000000,, HTTP/1.1" 200 5678
192.168.10.96 - - [27/Jun/2017:12:47:03 -0300] "GET /cormun/servlet/trsolicitudgral? HTTP/1.1" 200 10648
192.168.10.96 - - [27/Jun/2017:12:47:04 -0300] "GET /cormun/servlet/trsolicitudgral? HTTP/1.1" 200 10648
186.103.159.204 - - [27/Jun/2017:12:47:07 -0300] "GET /cormun/static/menuarrow.gif HTTP/1.1" 404 1015
186.67.172.234 - - [27/Jun/2017:12:47:26 -0300] "GET /cormun/servlet/solicitudot?489f606cf094d6a6cd32dc4c47ef687d1691f3d88fbfbe9f7a034227f00653646a938d7199d3a4c23699a484e8b460dd5068eaa47b9f62475992b0f8ba57b3d054944a6aa1500cf2907570fd103233516e8a931f7a83c25a41ff73fce52f47b92dfbd9e7667339857b9cf94ae31b43582185257f8a720b3399082ba07f1eb499ee1123869a3474dfb2568123a1aedbee3eba670a265f701e5b3ca201ea04088d025302bb8a328d90221f8f4bab77c49ed85d158ce3d4a1210e90b34be845afe1d663aae7e27c4b1a2b126cf6548dc64ba73475788cd0ce19677c3503abeaa186b9ded7a91cacde4c39c791f38f20945bd8e3882d8fa9de62666d0cddf5f43cf67aa9e6fe6edcfdb4f184077b9852544e55f075891a343613b55e3a78aeffcd9f9112ee6d526198cd1b4d54eaa1cc0a51d6724f4bd5c5639c0fbc8f3411b263313cd191d5344aa0ed93c7065980528fd0,gx-no-cache=1498578496264 HTTP/1.1" 200 256
186.67.172.234 - - [27/Jun/2017:12:47:34 -0300] "GET /cormun/servlet/solicitudot?489f606cf094d6a6cd32dc4c47ef687d4824fbb44577aa42846e29463d949892966a5e327e78ac541593861662c8aa70395d8462b7e473ebd9a8ec60ed1fa6638b9def70226abd1cea89b723dfd4f0f4a4f57d9f5f951330528d5087966734a368f141105e27ac38716e44cb18f1ea108cf9bf6376614c483404520b2857350a197499bc77db4af749a7a88ec2ef7f0a07c8bad1c8c0eebb85aa54745ff929f392a370e9a9696eac42cca9f5822184ecf1acb864fdcce8fab7c793b41532b8dd60eb83036e551bccfd35f06e3e01f8f43ad6fe649b0ba7416ec230d638d58cdbc0ad700efb58f857562c6b83bbf8e84f61c08af8ab6b48a909294488b757544fc25ae9321f41553aeb1c97bf905a690e8da71c820b1d5cb0a5954c8c89da94223cfca3ae831f379f60e477e1992fff62be63cedc791f27322e29e1749f51a90427fa41ecfae059aeaa7bc7924fd0252e3aa48779de6912f8b56110dd904774b193635089a86b5bb8194bebae4e893f8816dc5fa5cb37fcb32c97d57d2e66510b,gx-no-cache=1498578504442 HTTP/1.1" 200 30
186.67.172.234 - - [27/Jun/2017:12:47:34 -0300] "POST /cormun/servlet/solicitudot?gx-no-cache=1498578504484 HTTP/1.1" 200 30
186.67.172.234 - - [27/Jun/2017:12:47:34 -0300] "POST /cormun/servlet/solicitudot?gx-no-cache=1498578504551 HTTP/1.1" 200 1296
186.67.172.234 - - [27/Jun/2017:12:47:34 -0300] "POST /cormun/servlet/solicitudot?gx-no-cache=1498578504594 HTTP/1.1" 200 38
186.67.172.234 - - [27/Jun/2017:12:47:34 -0300] "GET /cormun/servlet/solicitudot?489f606cf094d6a6cd32dc4c47ef687d0b6645d077617d9df4c78f9a0c61ee72d8e3882d8fa9de62666d0cddf5f43cf67aa9e6fe6edcfdb4f184077b9852544ee85b1f869e74799e59a4121cfa5f19e6,gx-no-cache=1498578504617 HTTP/1.1" 200 29
186.67.172.234 - - [27/Jun/2017:12:47:34 -0300] "POST /cormun/servlet/solicitudot?gx-no-cache=1498578504654 HTTP/1.1" 200 1280
186.67.172.234 - - [27/Jun/2017:12:47:43 -0300] "POST /cormun/servlet/solicitudot?gx-no-cache=1498578513334 HTTP/1.1" 200 30
186.67.172.234 - - [27/Jun/2017:12:47:45 -0300] "POST /cormun/servlet/solicitudot?gx-no-cache=1498578515310 HTTP/1.1" 200 1296
186.67.172.234 - - [27/Jun/2017:12:47:45 -0300] "POST /cormun/servlet/solicitudot?gx-no-cache=1498578515376 HTTP/1.1" 200 38
186.67.172.234 - - [27/Jun/2017:12:48:01 -0300] "POST /cormun/servlet/solicitudot?gx-no-cache=1498578531854 HTTP/1.1" 200 1281
186.67.172.234 - - [27/Jun/2017:12:48:06 -0300] "GET /cormun/static/menuarrow.gif HTTP/1.1" 404 1015
186.67.172.234 - - [27/Jun/2017:12:48:14 -0300] "POST /cormun/servlet/solicitudot?gx-no-cache=1498578544512 HTTP/1.1" 200 30
192.168.10.62 - - [27/Jun/2017:12:48:25 -0300] "POST /cormun/servlet/trsolicitudgral?09ff9d6863ee326895b6a6fe54743e68,,gx-no-cache=1498578496858 HTTP/1.1" 200 8891
186.67.172.234 - - [27/Jun/2017:12:49:15 -0300] "POST /cormun/servlet/solicitudot?69f4e5d9bfdfd5f3d57cbfa4abb4d352,INS,0,0,,gx-no-cache=1498578605282 HTTP/1.1" 200 11283
186.103.159.204 - - [27/Jun/2017:12:49:16 -0300] "GET /cormun/servlet/licenciaspermisos?d77ec20c208fe9cdbfd59d62333dbf7660d3dcb6a60d062bb0115c94b34b427935c576e51ef57088181ea2321801c6ee1da124238d9204031287abe13ad68bea95b30dd6a2a86ff90d55ad8513ac1e98f01864d302b46d27cb4576d23cf3589b90053c66b59c26ab00df4c0910858f2d4ca423804287e275f7bdbb700ac1bca38384efe9d1c583b3c67f10cb56a9d2097bd2e9f19c80298819fdd19cdefbae615bd3d28fe273435ee0b2cde9179c2562,gx-no-cache=1498578606626 HTTP/1.1" 200 30
186.103.159.204 - - [27/Jun/2017:12:49:16 -0300] "GET /cormun/servlet/licenciaspermisos?d77ec20c208fe9cdbfd59d62333dbf76052602dc540f8ffb617725003128154ab4e4e4e3d1b0f6c2289c6b6e92b3efd4e3c819e4f736fe530b091339cf6b9ce0624dd69dc221ef95d685b5dd6541892c999ae2cda8fea1227536f266e53932289ba919a337966d1c742694ba889d5f101325da1f2838bb0bbfe30eca82b6ed043bfd2aee71da1db04a56cba4e3ac7f30c730db705ff34d7aa4b30ef4373f0a28e4ef6a7ef3383de1fc79a6f73179d8f8,gx-no-cache=1498578606673 HTTP/1.1" 200 29
186.103.159.204 - - [27/Jun/2017:12:49:16 -0300] "POST /cormun/servlet/licenciaspermisos?d9068c65dc8abceba7300fb38c008f05,INS,0,,,,gx-no-cache=1498578606691 HTTP/1.1" 200 93
186.103.159.204 - - [27/Jun/2017:12:49:16 -0300] "GET /cormun/servlet/hpexe_return? HTTP/1.1" 200 1012
186.103.159.204 - - [27/Jun/2017:12:49:16 -0300] "GET /cormun/static/Resources/Spanish/PXTools.css?167811 HTTP/1.1" 304 -
186.103.159.204 - - [27/Jun/2017:12:49:16 -0300] "GET /cormun/static/hpexe_return.js?2016101716175153 HTTP/1.1" 304 -
186.103.159.204 - - [27/Jun/2017:12:49:16 -0300] "GET /cormun/static/gxcfg.js?2016101716175148 HTTP/1.1" 304 -
186.103.159.204 - - [27/Jun/2017:12:49:17 -0300] "GET /cormun/servlet/trlicencias HTTP/1.1" 200 11078
186.103.159.204 - - [27/Jun/2017:12:49:17 -0300] "GET /cormun/servlet/trlicencias HTTP/1.1" 200 11073
186.103.159.204 - - [27/Jun/2017:12:49:47 -0300] "GET /cormun/servlet/licenciaspermisos?INS,0,,, HTTP/1.1" 200 7543
186.103.159.204 - - [27/Jun/2017:12:49:47 -0300] "GET /cormun/servlet/licenciaspermisos?INS,0,,, HTTP/1.1" 200 7551
186.103.159.204 - - [27/Jun/2017:12:50:00 -0300] "GET /cormun/servlet/trlicencias? HTTP/1.1" 200 11076
186.103.159.204 - - [27/Jun/2017:12:50:00 -0300] "GET /cormun/servlet/trlicencias? HTTP/1.1" 200 11073
186.67.172.234 - - [27/Jun/2017:12:50:11 -0300] "POST /cormun/servlet/solicitudot?gx-no-cache=1498578661921 HTTP/1.1" 200 30
186.67.172.234 - - [27/Jun/2017:12:50:11 -0300] "POST /cormun/servlet/solicitudot?gx-no-cache=1498578661987 HTTP/1.1" 200 1298
186.67.172.234 - - [27/Jun/2017:12:50:11 -0300] "POST /cormun/servlet/solicitudot?gx-no-cache=1498578662043 HTTP/1.1" 200 41
186.103.159.204 - - [27/Jun/2017:12:50:14 -0300] "GET /cormun/servlet/trlicenciaspermisosadjuntos?17037823,20170627000000,L, HTTP/1.1" 200 6361
186.103.159.204 - - [27/Jun/2017:12:50:14 -0300] "GET /cormun/static/gxcfg.js?20175251265349 HTTP/1.1" 304 -
186.103.159.204 - - [27/Jun/2017:12:50:14 -0300] "GET /cormun/static/trlicenciaspermisosadjuntos.js?2017525126577 HTTP/1.1" 304 -
186.103.159.204 - - [27/Jun/2017:12:50:14 -0300] "GET /cormun/servlet/trlicenciaspermisosadjuntos?17037823,20170627000000,L, HTTP/1.1" 200 6362
186.103.159.204 - - [27/Jun/2017:12:50:20 -0300] "GET /cormun/servlet/licenciaspermisosadjuntos?INS,17037823,L,20170627000000,, HTTP/1.1" 200 5661
186.103.159.204 - - [27/Jun/2017:12:50:20 -0300] "GET /cormun/static/gxcfg.js?201752511544364 HTTP/1.1" 304 -
186.103.159.204 - - [27/Jun/2017:12:50:20 -0300] "GET /cormun/static/licenciaspermisosadjuntos.js?201752511544378 HTTP/1.1" 304 -
186.103.159.204 - - [27/Jun/2017:12:50:20 -0300] "GET /cormun/static/about:blank HTTP/1.1" 404 1011
186.103.159.204 - - [27/Jun/2017:12:50:20 -0300] "GET /cormun/servlet/licenciaspermisosadjuntos?INS,17037823,L,20170627000000,, HTTP/1.1" 200 5650
186.67.172.234 - - [27/Jun/2017:12:50:32 -0300] "POST /cormun/servlet/solicitudot?gx-no-cache=1498578682443 HTTP/1.1" 200 3286
186.67.172.234 - - [27/Jun/2017:12:50:32 -0300] "GET /cormun/servlet/solicitudot?489f606cf094d6a6cd32dc4c47ef687d4824fbb44577aa42846e29463d949892966a5e327e78ac541593861662c8aa70395d8462b7e473ebd9a8ec60ed1fa6638b9def70226abd1cea89b723dfd4f0f4a4f57d9f5f951330528d5087966734a368f141105e27ac38716e44cb18f1ea108cf9bf6376614c483404520b2857350a197499bc77db4af749a7a88ec2ef7f0a07c8bad1c8c0eebb85aa54745ff929f392a370e9a9696eac42cca9f5822184ecf1acb864fdcce8fab7c793b41532b8dd60eb83036e551bccfd35f06e3e01f8f43ad6fe649b0ba7416ec230d638d58cdbc0ad700efb58f857562c6b83bbf8e84f61c08af8ab6b48a909294488b757544fc25ae9321f41553aeb1c97bf905a690e8da71c820b1d5cb0a5954c8c89da94223cfca3ae831f379f60e477e1992fff62be63cedc791f27322e29e1749f51a90427fa41ecfae059aeaa7bc7924fd0252e3aa48779de6912f8b56110dd904774b193635089a86b5bb8194bebae4e893f88cd107d848b2f32ade4e5bb373b713e30,gx-no-cache=1498578682679 HTTP/1.1" 200 30
186.67.172.234 - - [27/Jun/2017:12:50:32 -0300] "POST /cormun/servlet/solicitudot?gx-no-cache=1498578682735 HTTP/1.1" 200 30
186.67.172.234 - - [27/Jun/2017:12:50:32 -0300] "POST /cormun/servlet/solicitudot?gx-no-cache=1498578682808 HTTP/1.1" 200 1298
186.67.172.234 - - [27/Jun/2017:12:50:32 -0300] "POST /cormun/servlet/solicitudot?gx-no-cache=1498578682896 HTTP/1.1" 200 41
186.67.172.234 - - [27/Jun/2017:12:50:32 -0300] "POST /cormun/servlet/solicitudot?gx-no-cache=1498578682959 HTTP/1.1" 200 1280
186.67.172.234 - - [27/Jun/2017:12:50:32 -0300] "POST /cormun/servlet/solicitudot?gx-no-cache=1498578683030 HTTP/1.1" 200 30
186.67.172.234 - - [27/Jun/2017:12:50:33 -0300] "POST /cormun/servlet/solicitudot?69f4e5d9bfdfd5f3d57cbfa4abb4d352,INS,0,0,,gx-no-cache=1498578683069 HTTP/1.1" 200 11340
186.103.159.204 - - [27/Jun/2017:12:50:41 -0300] "POST /cormun/servlet/licenciaspermisosadjuntos?d9068c65dc8abceba7300fb38c008f05,INS,17037823,L,20170627000000,, HTTP/1.1" 200 116
186.103.159.204 - - [27/Jun/2017:12:50:41 -0300] "GET /cormun/servlet/hpexe_return? HTTP/1.1" 200 1043
186.103.159.204 - - [27/Jun/2017:12:50:42 -0300] "GET /cormun/servlet/trlicenciaspermisosadjuntos?17037823,20170627000000,L, HTTP/1.1" 200 6905
186.103.159.204 - - [27/Jun/2017:12:50:42 -0300] "GET /cormun/servlet/trlicenciaspermisosadjuntos?17037823,20170627000000,L, HTTP/1.1" 200 6903
186.103.159.204 - - [27/Jun/2017:12:50:42 -0300] "GET /cormun/PublicTempStorage/licencia_medica_andrea_collao_25_de_junio201706276650608.jpg HTTP/1.1" 200 692754
186.103.159.204 - - [27/Jun/2017:12:50:47 -0300] "GET /cormun/servlet/licenciaspermisosadjuntos?INS,17037823,L,20170627000000,, HTTP/1.1" 200 5660
186.103.159.204 - - [27/Jun/2017:12:50:47 -0300] "GET /cormun/servlet/licenciaspermisosadjuntos?INS,17037823,L,20170627000000,, HTTP/1.1" 200 5649
186.103.159.204 - - [27/Jun/2017:12:50:49 -0300] "GET /cormun/servlet/trlicenciaspermisosadjuntos?17037823,20170627000000,L, HTTP/1.1" 200 6901
186.103.159.204 - - [27/Jun/2017:12:50:50 -0300] "GET /cormun/servlet/trlicenciaspermisosadjuntos?17037823,20170627000000,L, HTTP/1.1" 200 6903
186.103.159.204 - - [27/Jun/2017:12:50:50 -0300] "GET /cormun/PublicTempStorage/licencia_medica_andrea_collao_25_de_junio201706272811401.jpg HTTP/1.1" 200 692754
186.103.159.204 - - [27/Jun/2017:12:50:57 -0300] "GET /cormun/servlet/trlicencias? HTTP/1.1" 200 11076
186.103.159.204 - - [27/Jun/2017:12:50:58 -0300] "GET /cormun/servlet/trlicencias? HTTP/1.1" 200 11073
200.112.0.148 - - [27/Jun/2017:12:51:01 -0300] "POST /cormun/servlet/licenciaspermisosadjuntos?0d893f2f97dd8563f4a8aaac9451373a,INS,14203518,L,20170627000000,, HTTP/1.1" 200 116
200.112.0.148 - - [27/Jun/2017:12:51:01 -0300] "GET /cormun/servlet/hpexe_return? HTTP/1.1" 200 1048
200.112.0.148 - - [27/Jun/2017:12:51:03 -0300] "GET /cormun/servlet/trlicenciaspermisosadjuntos?14203518,20170627000000,L, HTTP/1.1" 200 6929
186.103.159.204 - - [27/Jun/2017:12:51:03 -0300] "GET /cormun/servlet/alicenciaprn?17037823,L,20170627000000,PU HTTP/1.1" 200 1530
200.112.0.148 - - [27/Jun/2017:12:51:05 -0300] "GET /cormun/servlet/trlicenciaspermisosadjuntos?14203518,20170627000000,L, HTTP/1.1" 200 6926
200.112.0.148 - - [27/Jun/2017:12:51:18 -0300] "GET /cormun/servlet/trlicencias? HTTP/1.1" 200 8075
200.112.0.148 - - [27/Jun/2017:12:51:19 -0300] "GET /cormun/servlet/trlicencias? HTTP/1.1" 200 8074
200.112.0.148 - - [27/Jun/2017:12:51:47 -0300] "GET /cormun/servlet/licenciaspermisos?UPD,14203518,L,20170627000000, HTTP/1.1" 200 7783
200.112.0.148 - - [27/Jun/2017:12:51:47 -0300] "GET /cormun/servlet/licenciaspermisos?UPD,14203518,L,20170627000000, HTTP/1.1" 200 7801
200.112.0.148 - - [27/Jun/2017:12:51:48 -0300] "GET /cormun/servlet/licenciaspermisos?de6320556b2b6b7d10038f7e6737953b34258a2155960fb4a43f65d1745f273efe029cb54557d4cba5fd1bb3af9720099220302a0216e80df7e24fa336f33984833ae1b5a5eaf8ceb0bf7f3a80c8f835bf222b9d3f2d3c56070fbe135082bce4,gx-no-cache=1498578758362 HTTP/1.1" 200 98
192.168.10.62 - - [27/Jun/2017:12:51:49 -0300] "GET /cormun/servlet/vesolicitudgral?2017,6878,, HTTP/1.1" 200 8169
192.168.10.62 - - [27/Jun/2017:12:51:49 -0300] "GET /cormun/pexe_scrolldiv.js HTTP/1.1" 404 1009
192.168.10.62 - - [27/Jun/2017:12:51:49 -0300] "GET /cormun/pexe_scrolldiv.js HTTP/1.1" 404 1009
192.168.10.62 - - [27/Jun/2017:12:51:49 -0300] "GET /cormun/servlet/vesolicitudgral?2017,6878,, HTTP/1.1" 200 8169
200.112.0.148 - - [27/Jun/2017:12:52:07 -0300] "GET /cormun/servlet/licenciaspermisos?de6320556b2b6b7d10038f7e6737953b7ab052258faa5fc73d1f1036ec6bf244bdbb4e95f44084142c570db0b8ff7a0dd5de9f42015eed16d41390b5390307272b8d95fb613409170fe9f75443f3d09a7a73f1111db6336cd25c7bceea3025cf3cf6c5fb53cb3f059ba7b59de0c1e608e988e814009651d9696d9be4653c88a2c910167d19f95130ad40df08b9758685ea0225805aaff83be7f59295572b939fd49fb0531480b9402d40fa1432774bae14fa19f0f2f603fd99f37e2b19a6a0c39e0497a72ec1c8b3cebd7f9795ce8b36e1898cfcf90a21c2e6ed6008949c654a,gx-no-cache=1498578777733 HTTP/1.1" 200 30
200.112.0.148 - - [27/Jun/2017:12:52:07 -0300] "GET /cormun/servlet/licenciaspermisos?de6320556b2b6b7d10038f7e6737953bed07157216910263da6be74874189a9bebe1dda0ccd996864da1236fb1b8573623f7bc63e839266b711bc97034dc988c4c7250e725bea35d52bb66fe0958fcacae41410b28b199ae8c3c57986316980301bccea30db5091d2cb5dc4f2a00d37b20117824aa2e44412512698b7c0348bc2493707d944914d240139d80eaf817c0b7284fef39fb79deddb0a6b4268cd966e3635ed40000682da53a254890655d5b3658b23cc498b63e075691cd8d677860dbcb8de207d534728df4cd6f6fb6b72ab011892754ad1154fea4820ca698a294967b84f952ecbb634f1b961860d25915,gx-no-cache=1498578777925 HTTP/1.1" 200 57
200.112.0.148 - - [27/Jun/2017:12:52:08 -0300] "POST /cormun/servlet/licenciaspermisos?0d893f2f97dd8563f4a8aaac9451373a,UPD,14203518,L,20170627000000,,gx-no-cache=1498578778049 HTTP/1.1" 200 93
200.112.0.148 - - [27/Jun/2017:12:52:08 -0300] "GET /cormun/servlet/hpexe_return? HTTP/1.1" 200 1034
200.112.0.148 - - [27/Jun/2017:12:52:09 -0300] "GET /cormun/servlet/trlicencias HTTP/1.1" 200 8096
200.112.0.148 - - [27/Jun/2017:12:52:10 -0300] "GET /cormun/servlet/trlicencias HTTP/1.1" 200 8092
186.103.159.204 - - [27/Jun/2017:12:52:15 -0300] "POST /cormun/servlet/trlicencias?d9068c65dc8abceba7300fb38c008f05,,gx-no-cache=1498578785258 HTTP/1.1" 200 8413
186.103.159.204 - - [27/Jun/2017:12:52:15 -0300] "GET /cormun/static/Shared/jqueryui/images/ui-bg_highlight-soft_100_c6c2c8_1x100.png HTTP/1.1" 404 1117
186.103.159.204 - - [27/Jun/2017:12:52:15 -0300] "GET /cormun/static/Shared/jqueryui/images/ui-icons_82798d_256x240.png HTTP/1.1" 404 1089
186.103.159.204 - - [27/Jun/2017:12:52:15 -0300] "GET /cormun/static/Shared/jqueryui/images/ui-bg_flat_55_fafafa_40x100.png HTTP/1.1" 404 1097
186.103.159.204 - - [27/Jun/2017:12:52:15 -0300] "GET /cormun/static/Shared/jqueryui/images/ui-icons_8d78a5_256x240.png HTTP/1.1" 404 1089
200.112.0.148 - - [27/Jun/2017:12:52:21 -0300] "GET /cormun/servlet/licenciaspermisos?INS,0,,, HTTP/1.1" 200 7569
200.112.0.148 - - [27/Jun/2017:12:52:21 -0300] "GET /cormun/servlet/licenciaspermisos?INS,0,,, HTTP/1.1" 200 7577
192.168.10.96 - - [27/Jun/2017:12:52:52 -0300] "GET /cormun/servlet/trsolicitudgral? HTTP/1.1" 200 10648
192.168.10.96 - - [27/Jun/2017:12:52:53 -0300] "GET /cormun/servlet/trsolicitudgral? HTTP/1.1" 200 10648
200.112.0.148 - - [27/Jun/2017:12:53:05 -0300] "GET /cormun/servlet/prfichaempleado?,MD,,gxPopupLevel%3D0%3B HTTP/1.1" 200 9326
192.168.10.96 - - [27/Jun/2017:12:53:11 -0300] "POST /cormun/servlet/trsolicitudgral?b91a0908df0c172bf6d48ee1d188e200,,gx-no-cache=1498578783871 HTTP/1.1" 200 7006
200.112.0.148 - - [27/Jun/2017:12:53:12 -0300] "POST /cormun/servlet/prfichaempleado?0d893f2f97dd8563f4a8aaac9451373a,,MD,,gxPopupLevel%3D0%3B,gx-no-cache=1498578842585 HTTP/1.1" 200 6292
192.168.10.96 - - [27/Jun/2017:12:53:18 -0300] "POST /cormun/servlet/trsolicitudgral?b91a0908df0c172bf6d48ee1d188e200,,gx-no-cache=1498578790376 HTTP/1.1" 200 5646
200.112.0.148 - - [27/Jun/2017:12:53:18 -0300] "POST /cormun/servlet/prfichaempleado?0d893f2f97dd8563f4a8aaac9451373a,,MD,,gxPopupLevel%3D0%3B,gx-no-cache=1498578848590 HTTP/1.1" 200 3432
192.168.10.96 - - [27/Jun/2017:12:53:23 -0300] "POST /cormun/servlet/trsolicitudgral?b91a0908df0c172bf6d48ee1d188e200,,gx-no-cache=1498578795051 HTTP/1.1" 200 5647
192.168.10.96 - - [27/Jun/2017:12:53:26 -0300] "POST /cormun/servlet/trsolicitudgral?b91a0908df0c172bf6d48ee1d188e200,,gx-no-cache=1498578798034 HTTP/1.1" 200 7085
200.112.0.148 - - [27/Jun/2017:12:53:30 -0300] "GET /cormun/servlet/trlicencias? HTTP/1.1" 200 8093
200.112.0.148 - - [27/Jun/2017:12:53:31 -0300] "GET /cormun/servlet/trlicencias? HTTP/1.1" 200 8092
192.168.10.96 - - [27/Jun/2017:12:53:32 -0300] "POST /cormun/servlet/trsolicitudgral?b91a0908df0c172bf6d48ee1d188e200,,gx-no-cache=1498578804035 HTTP/1.1" 200 5645
200.112.0.148 - - [27/Jun/2017:12:53:37 -0300] "GET /cormun/servlet/trlicencias? HTTP/1.1" 200 8092
200.112.0.148 - - [27/Jun/2017:12:53:38 -0300] "GET /cormun/servlet/trlicencias? HTTP/1.1" 200 8092
200.112.0.148 - - [27/Jun/2017:12:53:40 -0300] "GET /cormun/servlet/licenciaspermisos?INS,0,,, HTTP/1.1" 200 7569
200.112.0.148 - - [27/Jun/2017:12:53:41 -0300] "GET /cormun/servlet/licenciaspermisos?INS,0,,, HTTP/1.1" 200 7577
200.112.0.148 - - [27/Jun/2017:12:53:42 -0300] "GET /cormun/servlet/licenciaspermisos?de6320556b2b6b7d10038f7e6737953b7543f82047e43f05189644eca90080f9ecf0c00699fd1abb1f717b95bb6e8940,gx-no-cache=1498578872441 HTTP/1.1" 200 180
200.112.0.148 - - [27/Jun/2017:12:53:42 -0300] "GET /cormun/static/Shared/jqueryui/images/ui-bg_highlight-soft_100_c6c2c8_1x100.png HTTP/1.1" 404 1117
200.112.0.148 - - [27/Jun/2017:12:53:42 -0300] "GET /cormun/static/Shared/jqueryui/images/ui-icons_82798d_256x240.png HTTP/1.1" 404 1089
200.112.0.148 - - [27/Jun/2017:12:53:42 -0300] "GET /cormun/static/Shared/jqueryui/images/ui-bg_flat_55_994d53_40x100.png HTTP/1.1" 404 1097
200.112.0.148 - - [27/Jun/2017:12:53:42 -0300] "GET /cormun/static/Shared/jqueryui/images/ui-icons_ebccce_256x240.png HTTP/1.1" 404 1089
200.112.0.148 - - [27/Jun/2017:12:53:55 -0300] "GET /cormun/servlet/prfichaempleado?,MD,,gxPopupLevel%3D0%3B HTTP/1.1" 200 9326
200.112.0.148 - - [27/Jun/2017:12:54:03 -0300] "POST /cormun/servlet/prfichaempleado?0d893f2f97dd8563f4a8aaac9451373a,,MD,,gxPopupLevel%3D0%3B,gx-no-cache=1498578893632 HTTP/1.1" 200 3432
95.213.177.123 - - [27/Jun/2017:12:54:18 -0300] "CONNECT check.proxyradar.com:80 HTTP/1.1" 400 -
200.112.0.148 - - [27/Jun/2017:12:55:09 -0300] "GET /cormun/servlet/licenciaspermisos?de6320556b2b6b7d10038f7e6737953b34258a2155960fb4a43f65d1745f273e1aff30e193edc8b896b194e4e4ab8943,gx-no-cache=1498578958893 HTTP/1.1" 200 98
200.112.0.148 - - [27/Jun/2017:12:55:10 -0300] "POST /cormun/servlet/licenciaspermisos?0d893f2f97dd8563f4a8aaac9451373a,INS,0,,,,gx-no-cache=1498578959818 HTTP/1.1" 200 4730
200.112.0.148 - - [27/Jun/2017:12:56:21 -0300] "GET /cormun/servlet/licenciaspermisos?de6320556b2b6b7d10038f7e6737953b361a05cadcb5174a87ba9fe25297d345bdbb4e95f44084142c570db0b8ff7a0dd5de9f42015eed16d41390b5390307272b8d95fb613409170fe9f75443f3d09a7a73f1111db6336cd25c7bceea3025cffacc0477665821d2452b03d9c85d402fe988e814009651d9696d9be4653c88a246a00881d07b24d7a5432f4034e6a9239799b4d36629f3b3ce371fa7a75f8b0f7c5189e874b92f2cbbc38322690e04fa,gx-no-cache=1498579031282 HTTP/1.1" 200 30
200.112.0.148 - - [27/Jun/2017:12:56:21 -0300] "POST /cormun/servlet/licenciaspermisos?0d893f2f97dd8563f4a8aaac9451373a,INS,0,,,,gx-no-cache=1498579031467 HTTP/1.1" 200 4793
200.112.0.148 - - [27/Jun/2017:12:56:54 -0300] "GET /cormun/servlet/prfichaempleado?,MD,,gxPopupLevel%3D0%3B HTTP/1.1" 200 9326
200.112.0.148 - - [27/Jun/2017:12:57:01 -0300] "POST /cormun/servlet/prfichaempleado?0d893f2f97dd8563f4a8aaac9451373a,,MD,,gxPopupLevel%3D0%3B,gx-no-cache=1498579070856 HTTP/1.1" 200 4171
186.103.157.246 - - [27/Jun/2017:12:57:18 -0300] "POST /cormun/servlet/trsolicitudot?85a05debb4863337b5dbe466bf4ef0dc,gx-no-cache=1498579089575 HTTP/1.1" 440 972
200.112.0.148 - - [27/Jun/2017:12:57:21 -0300] "GET /cormun/servlet/licenciaspermisos?de6320556b2b6b7d10038f7e6737953bed07157216910263da6be74874189a9bebe1dda0ccd996864da1236fb1b8573623f7bc63e839266b711bc97034dc988c4c7250e725bea35d52bb66fe0958fcacae41410b28b199ae8c3c57986316980301bccea30db5091d2cb5dc4f2a00d37b20117824aa2e44412512698b7c0348bc2493707d944914d240139d80eaf817c0b7284fef39fb79deddb0a6b4268cd966e3635ed40000682da53a254890655d5b3658b23cc498b63e075691cd8d677860dbcb8de207d534728df4cd6f6fb6b72ab011892754ad1154fea4820ca698a294967b84f952ecbb634f1b961860d25915,gx-no-cache=1498579091227 HTTP/1.1" 200 57
186.103.157.246 - - [27/Jun/2017:12:57:21 -0300] "GET /cormun/servlet/trsolicitudot HTTP/1.1" 200 6353
200.112.0.148 - - [27/Jun/2017:12:57:21 -0300] "POST /cormun/servlet/licenciaspermisos?0d893f2f97dd8563f4a8aaac9451373a,INS,0,,,,gx-no-cache=1498579091373 HTTP/1.1" 200 4881
186.103.157.246 - - [27/Jun/2017:12:57:22 -0300] "GET /cormun/servlet/trsolicitudot HTTP/1.1" 200 6353
186.103.157.246 - - [27/Jun/2017:12:57:23 -0300] "GET /cormun/servlet/hlogin HTTP/1.1" 200 1736
186.103.157.246 - - [27/Jun/2017:12:57:37 -0300] "POST /cormun/servlet/hlogin?630db2ba6d2004c396404e9a5d5a2b59,gx-no-cache=1498579108601 HTTP/1.1" 200 90
186.103.157.246 - - [27/Jun/2017:12:57:40 -0300] "GET /cormun/servlet/hpexe_link HTTP/1.1" 200 956
200.112.0.148 - - [27/Jun/2017:12:57:41 -0300] "GET /cormun/servlet/trlicencias? HTTP/1.1" 200 8093
200.112.0.148 - - [27/Jun/2017:12:57:42 -0300] "GET /cormun/servlet/trlicencias? HTTP/1.1" 200 8092
186.103.157.246 - - [27/Jun/2017:12:57:42 -0300] "GET /cormun/servlet/trsolicitudot HTTP/1.1" 200 11377
186.103.157.246 - - [27/Jun/2017:12:57:44 -0300] "GET /cormun/servlet/trsolicitudot HTTP/1.1" 200 11376
200.112.0.148 - - [27/Jun/2017:12:57:47 -0300] "GET /cormun/servlet/licenciaspermisos?UPD,14203518,L,20170627000000, HTTP/1.1" 200 7793
200.112.0.148 - - [27/Jun/2017:12:57:48 -0300] "GET /cormun/servlet/licenciaspermisos?UPD,14203518,L,20170627000000, HTTP/1.1" 200 7811
200.112.0.148 - - [27/Jun/2017:12:57:48 -0300] "GET /cormun/servlet/licenciaspermisos?de6320556b2b6b7d10038f7e6737953b34258a2155960fb4a43f65d1745f273efe029cb54557d4cba5fd1bb3af9720099220302a0216e80df7e24fa336f33984833ae1b5a5eaf8ceb0bf7f3a80c8f835bf222b9d3f2d3c56070fbe135082bce4,gx-no-cache=1498579118646 HTTP/1.1" 200 98
186.103.157.246 - - [27/Jun/2017:12:58:05 -0300] "POST /cormun/servlet/trsolicitudot?630db2ba6d2004c396404e9a5d5a2b59,gx-no-cache=1498579120037 HTTP/1.1" 200 106
