186.103.157.246 - - [27/Jun/2017:12:58:05 -0300] "GET /cormun/servlet/solicitudot?UPD,2017,6898, HTTP/1.1" 200 14506
186.103.157.246 - - [27/Jun/2017:12:58:07 -0300] "POST /cormun/servlet/solicitudot?gx-no-cache=1498579137786 HTTP/1.1" 200 3201
186.103.157.246 - - [27/Jun/2017:12:58:07 -0300] "POST /cormun/servlet/solicitudot?630db2ba6d2004c396404e9a5d5a2b59,UPD,2017,6898,,gx-no-cache=1498579138390 HTTP/1.1" 200 11142
186.103.157.246 - - [27/Jun/2017:12:58:07 -0300] "GET /cormun/servlet/solicitudot?0d92fdf274e2749edf4550a9509cd01fa56ab6420ffad1b8a0ac40e058fd1c648d6b0bb51c2af46061f5ba49da1479fc,gx-no-cache=1498579138805 HTTP/1.1" 200 30
186.103.157.246 - - [27/Jun/2017:12:58:07 -0300] "POST /cormun/servlet/solicitudot?gx-no-cache=1498579138870 HTTP/1.1" 200 258
186.103.157.246 - - [27/Jun/2017:12:58:08 -0300] "GET /cormun/servlet/solicitudot?UPD,2017,6898, HTTP/1.1" 200 14515
186.103.157.246 - - [27/Jun/2017:12:58:08 -0300] "GET /cormun/servlet/solicitudot?0d92fdf274e2749edf4550a9509cd01fd7ef067f277196634a473d4f5a098fd59f9335d65cf716cf5f49ca639e0c57e4e8555d054ab371494fabf5296ccb0ef488027b1879dc3286e779511415d1bf17a76392cc589c523e229f14bef9a11b90b94f6e41ca885fc3f45a565c2dafbbcfdb542d1b43f582180caa6eecbf81cd2a254779821ae662dcbc190157257e1a2f127320f2fb976e5e1a9335735c0fa8556b7a63ce4995f8013d91c4ca5078887f848f57ec48ca3f4fa93eef2af24324d5e8ac5f42b9f9e49c7513298427f9f49aa7746a4a56499464accc1caeaec01755b191978a661e2e485f9581b36f7f8b1eddcc7761d39e6a4c6e5d400d435ed87680b1b33b6d16670b53737d26b27650f13e63f5c574b698b3a08de82e384c99eb5c51785a7c204e61bd8a80c46af1973e495375a565d75b62013a943246235e2ef5e786078834df66302cc7f6bb67364785b1ffb46b80b837aa056be82e61b40c1157ddb9881f3a7b099a8bd7d90d94abe33b0c200ec26d104d6100e8d812eb86,gx-no-cache=1498579138927 HTTP/1.1" 200 30
186.103.157.246 - - [27/Jun/2017:12:58:08 -0300] "POST /cormun/servlet/solicitudot?gx-no-cache=1498579139262 HTTP/1.1" 200 30
186.103.157.246 - - [27/Jun/2017:12:58:08 -0300] "POST /cormun/servlet/solicitudot?gx-no-cache=1498579139314 HTTP/1.1" 200 1298
186.103.157.246 - - [27/Jun/2017:12:58:08 -0300] "POST /cormun/servlet/solicitudot?gx-no-cache=1498579139554 HTTP/1.1" 200 41
200.112.0.148 - - [27/Jun/2017:12:58:09 -0300] "GET /cormun/servlet/trlicencias? HTTP/1.1" 200 8093
200.112.0.148 - - [27/Jun/2017:12:58:10 -0300] "GET /cormun/servlet/trlicencias? HTTP/1.1" 200 8092
200.112.0.148 - - [27/Jun/2017:12:58:14 -0300] "GET /cormun/servlet/licenciaspermisos?INS,0,,, HTTP/1.1" 200 7569
200.112.0.148 - - [27/Jun/2017:12:58:14 -0300] "GET /cormun/servlet/licenciaspermisos?INS,0,,, HTTP/1.1" 200 7577
186.103.157.246 - - [27/Jun/2017:12:58:18 -0300] "GET /cormun/servlet/solicitudot?0d92fdf274e2749edf4550a9509cd01f662787eacf0b37c035ecf8fbc7d311ce42334196e9cc33d544190d8fc41561769d6139c09e4abdf3d403828e172700e585c65c3358be74dd6bb0419c27c776db69c7a8e5f3ab3eb90d0f83f635de51c4dbe6495b5cd604e5724c95b00097ffc54a25b9e9f5d989d660b1ff8d328a34b5676f1b6fa98cd29c896392349e7823050055af8d0d18d36cc06f180b1ffc2d45,gx-no-cache=1498579149478 HTTP/1.1" 200 29
186.103.157.246 - - [27/Jun/2017:12:58:18 -0300] "POST /cormun/servlet/solicitudot?gx-no-cache=1498579149552 HTTP/1.1" 200 1280
200.112.0.148 - - [27/Jun/2017:12:58:20 -0300] "GET /cormun/servlet/licenciaspermisos?de6320556b2b6b7d10038f7e6737953b7543f82047e43f05189644eca90080f9ecf0c00699fd1abb1f717b95bb6e8940,gx-no-cache=1498579150282 HTTP/1.1" 200 180
200.112.0.148 - - [27/Jun/2017:12:58:20 -0300] "GET /cormun/static/Shared/jqueryui/images/ui-bg_highlight-soft_100_c6c2c8_1x100.png HTTP/1.1" 404 1117
200.112.0.148 - - [27/Jun/2017:12:58:20 -0300] "GET /cormun/static/Shared/jqueryui/images/ui-icons_82798d_256x240.png HTTP/1.1" 404 1089
200.112.0.148 - - [27/Jun/2017:12:58:20 -0300] "GET /cormun/static/Shared/jqueryui/images/ui-bg_flat_55_994d53_40x100.png HTTP/1.1" 404 1097
200.112.0.148 - - [27/Jun/2017:12:58:20 -0300] "GET /cormun/static/Shared/jqueryui/images/ui-icons_ebccce_256x240.png HTTP/1.1" 404 1089
200.112.0.148 - - [27/Jun/2017:12:58:26 -0300] "GET /cormun/servlet/trlicencias? HTTP/1.1" 200 8093
200.112.0.148 - - [27/Jun/2017:12:58:27 -0300] "GET /cormun/servlet/trlicencias? HTTP/1.1" 200 8092
186.103.157.246 - - [27/Jun/2017:12:58:33 -0300] "GET /cormun/static/menuarrow.gif HTTP/1.1" 404 1015
200.112.0.148 - - [27/Jun/2017:12:58:34 -0300] "GET /cormun/servlet/licenciaspermisos?INS,0,,, HTTP/1.1" 200 7569
200.112.0.148 - - [27/Jun/2017:12:58:34 -0300] "GET /cormun/servlet/licenciaspermisos?INS,0,,, HTTP/1.1" 200 7577
200.112.0.148 - - [27/Jun/2017:12:58:37 -0300] "GET /cormun/servlet/licenciaspermisos?de6320556b2b6b7d10038f7e6737953b7543f82047e43f05189644eca90080f9ecf0c00699fd1abb1f717b95bb6e8940,gx-no-cache=1498579167139 HTTP/1.1" 200 180
200.112.0.148 - - [27/Jun/2017:12:58:37 -0300] "GET /cormun/static/Shared/jqueryui/images/ui-bg_highlight-soft_100_c6c2c8_1x100.png HTTP/1.1" 404 1117
200.112.0.148 - - [27/Jun/2017:12:58:37 -0300] "GET /cormun/static/Shared/jqueryui/images/ui-icons_82798d_256x240.png HTTP/1.1" 404 1089
200.112.0.148 - - [27/Jun/2017:12:58:37 -0300] "GET /cormun/static/Shared/jqueryui/images/ui-bg_flat_55_994d53_40x100.png HTTP/1.1" 404 1097
200.112.0.148 - - [27/Jun/2017:12:58:37 -0300] "GET /cormun/static/Shared/jqueryui/images/ui-icons_ebccce_256x240.png HTTP/1.1" 404 1089
200.112.0.148 - - [27/Jun/2017:12:58:52 -0300] "GET /cormun/servlet/prfichaempleado?,MD,,gxPopupLevel%3D0%3B HTTP/1.1" 200 9326
200.112.0.148 - - [27/Jun/2017:12:59:03 -0300] "POST /cormun/servlet/prfichaempleado?0d893f2f97dd8563f4a8aaac9451373a,,MD,,gxPopupLevel%3D0%3B,gx-no-cache=1498579193127 HTTP/1.1" 200 3432
200.112.0.148 - - [27/Jun/2017:12:59:07 -0300] "GET /cormun/servlet/licenciaspermisos?de6320556b2b6b7d10038f7e6737953b34258a2155960fb4a43f65d1745f273e1aff30e193edc8b896b194e4e4ab8943,gx-no-cache=1498579197622 HTTP/1.1" 200 98
200.112.0.148 - - [27/Jun/2017:12:59:08 -0300] "POST /cormun/servlet/licenciaspermisos?0d893f2f97dd8563f4a8aaac9451373a,INS,0,,,,gx-no-cache=1498579197981 HTTP/1.1" 200 4730
186.103.157.246 - - [27/Jun/2017:12:59:09 -0300] "POST /cormun/servlet/solicitudot?gx-no-cache=1498579200759 HTTP/1.1" 200 30
186.103.157.246 - - [27/Jun/2017:12:59:10 -0300] "POST /cormun/servlet/solicitudot?630db2ba6d2004c396404e9a5d5a2b59,UPD,2017,6898,,gx-no-cache=1498579201179 HTTP/1.1" 200 93
186.103.157.246 - - [27/Jun/2017:12:59:10 -0300] "GET /cormun/servlet/hpexe_return? HTTP/1.1" 200 1013
186.103.157.246 - - [27/Jun/2017:12:59:11 -0300] "GET /cormun/servlet/trsolicitudot HTTP/1.1" 200 11356
186.103.157.246 - - [27/Jun/2017:12:59:12 -0300] "GET /cormun/servlet/trsolicitudot HTTP/1.1" 200 11352
186.103.157.246 - - [27/Jun/2017:12:59:40 -0300] "POST /cormun/servlet/trsolicitudot?630db2ba6d2004c396404e9a5d5a2b59,gx-no-cache=1498579231751 HTTP/1.1" 200 106
186.103.157.246 - - [27/Jun/2017:12:59:41 -0300] "GET /cormun/servlet/solicitudot?UPD,2017,6897, HTTP/1.1" 200 14492
192.168.10.89 - - [27/Jun/2017:12:59:52 -0300] "POST /cormun/servlet/trsolicitudgral?5e8722bf53dbf41deff543abc779781c,,gx-no-cache=1498579184245 HTTP/1.1" 200 7024
192.168.10.89 - - [27/Jun/2017:12:59:56 -0300] "GET /cormun/servlet/solicitudgral2?UPD,2017,6882, HTTP/1.1" 200 12516
192.168.10.89 - - [27/Jun/2017:12:59:56 -0300] "GET /cormun/static/gxcfg.js?20175251204383 HTTP/1.1" 304 -
192.168.10.89 - - [27/Jun/2017:12:59:57 -0300] "GET /cormun/static/solicitudgral2.js?20175251204467 HTTP/1.1" 304 -
192.168.10.89 - - [27/Jun/2017:12:59:58 -0300] "POST /cormun/servlet/solicitudgral2?gx-no-cache=1498579190465 HTTP/1.1" 200 3221
192.168.10.89 - - [27/Jun/2017:12:59:58 -0300] "GET /cormun/servlet/solicitudgral2?1dd0d4f8fae29b588fc8ed0f22007904a525b047f943a64d4561e9e46a9053081df1f7174c3c983df8fe90ade92b372b08c5ac7216d7b8336b108c7b46287356c2ed6a7ec2e2c6980032754de9fcda0025484a5c239c01830082480cb9d63345bbd1f339c6e8a551f1ef2e3fcf87a6609ac6f02d4b8b9c303525950f87031ffa6a6f25c8f0506dcd1fdaccdc0b4e1909a1f5bdb4b9ec3fd2268fddeb61b437b09cd67bf0d1072fb9f21920a3595827ac4fdae7f4c0aa05f72533544d7d49da6692c5fad0197b4ad9c013119e764f988e56422f844b75f727dd32b9d35f5dcedff76b837f3c2ed564cc7e67f54cb33984c27ac9a263a2007190e03b00343d34fffbd77dcd1654885f85310faf82652611d172cf589949492f2d71ea80af213cbff098472897826006486ff21bf88b6d44cce8f151f16ad1d5f25fab841735e084eef36d67ac32bf0cfbd5e365f6e29e20,gx-no-cache=1498579190662 HTTP/1.1" 200 298
192.168.10.89 - - [27/Jun/2017:12:59:58 -0300] "POST /cormun/servlet/solicitudgral2?gx-no-cache=1498579190691 HTTP/1.1" 200 1360
192.168.10.89 - - [27/Jun/2017:12:59:58 -0300] "GET /cormun/servlet/solicitudgral2?1dd0d4f8fae29b588fc8ed0f22007904e3908804aa01f872bf89d71f38e7dfda9a0847b56b231b419734541b3930d7d308c5ac7216d7b8336b108c7b46287356914281a086bdd6a49883687e5782e7cca45577fd2f4466022ad2d167e89702aedd4c0eee25322f3100c991458abbf076,gx-no-cache=1498579190729 HTTP/1.1" 200 41
186.103.157.246 - - [27/Jun/2017:13:00:05 -0300] "GET /cormun/servlet/trsolicitudot HTTP/1.1" 200 11356
192.168.10.89 - - [27/Jun/2017:13:00:05 -0300] "POST /cormun/servlet/solicitudgral2?5e8722bf53dbf41deff543abc779781c,UPD,2017,6882,,gx-no-cache=1498579197479 HTTP/1.1" 200 93
192.168.10.89 - - [27/Jun/2017:13:00:05 -0300] "GET /cormun/servlet/hpexe_return? HTTP/1.1" 200 1017
192.168.10.89 - - [27/Jun/2017:13:00:05 -0300] "GET /cormun/static/Resources/Spanish/PXTools.css?167811 HTTP/1.1" 304 -
192.168.10.89 - - [27/Jun/2017:13:00:05 -0300] "GET /cormun/static/gxcfg.js?2016101716175148 HTTP/1.1" 304 -
192.168.10.89 - - [27/Jun/2017:13:00:05 -0300] "GET /cormun/static/hpexe_return.js?2016101716175153 HTTP/1.1" 304 -
192.168.10.89 - - [27/Jun/2017:13:00:05 -0300] "GET /cormun/servlet/trsolicitudgral? HTTP/1.1" 200 10433
186.103.157.246 - - [27/Jun/2017:13:00:06 -0300] "GET /cormun/servlet/trsolicitudot HTTP/1.1" 200 11352
192.168.10.89 - - [27/Jun/2017:13:00:12 -0300] "POST /cormun/servlet/trsolicitudgral?5e8722bf53dbf41deff543abc779781c,,gx-no-cache=1498579204456 HTTP/1.1" 200 7004
192.168.10.89 - - [27/Jun/2017:13:00:15 -0300] "GET /cormun/servlet/solicitudgral2?UPD,2017,6881, HTTP/1.1" 200 12528
186.103.157.246 - - [27/Jun/2017:13:00:15 -0300] "POST /cormun/servlet/trsolicitudot?630db2ba6d2004c396404e9a5d5a2b59,gx-no-cache=1498579265727 HTTP/1.1" 200 106
186.103.157.246 - - [27/Jun/2017:13:00:15 -0300] "GET /cormun/servlet/solicitudot?UPD,2017,6897, HTTP/1.1" 200 14492
192.168.10.89 - - [27/Jun/2017:13:00:16 -0300] "POST /cormun/servlet/solicitudgral2?gx-no-cache=1498579208525 HTTP/1.1" 200 3209
192.168.10.89 - - [27/Jun/2017:13:00:16 -0300] "GET /cormun/servlet/solicitudgral2?1dd0d4f8fae29b588fc8ed0f22007904a525b047f943a64d4561e9e46a9053081df1f7174c3c983df8fe90ade92b372b08c5ac7216d7b8336b108c7b46287356c2ed6a7ec2e2c6980032754de9fcda0025484a5c239c01830082480cb9d63345bbd1f339c6e8a551f1ef2e3fcf87a6609ac6f02d4b8b9c303525950f87031ffa6a6f25c8f0506dcd1fdaccdc0b4e1909a1f5bdb4b9ec3fd2268fddeb61b437b09cd67bf0d1072fb9f21920a3595827ac4fdae7f4c0aa05f72533544d7d49da6692c5fad0197b4ad9c013119e764f988e56422f844b75f727dd32b9d35f5dcedff76b837f3c2ed564cc7e67f54cb33984c27ac9a263a2007190e03b00343d34fffbd77dcd1654885f85310faf82652611d172cf589949492f2d71ea80af213cbff098472897826006486ff21bf88b6d44cce8f151f16ad1d5f25fab841735e084eef36d67ac32bf0cfbd5e365f6e29e20,gx-no-cache=1498579208747 HTTP/1.1" 200 298
192.168.10.89 - - [27/Jun/2017:13:00:16 -0300] "POST /cormun/servlet/solicitudgral2?gx-no-cache=1498579208788 HTTP/1.1" 200 1359
192.168.10.89 - - [27/Jun/2017:13:00:16 -0300] "GET /cormun/servlet/solicitudgral2?1dd0d4f8fae29b588fc8ed0f22007904e3908804aa01f872bf89d71f38e7dfda9a0847b56b231b419734541b3930d7d308c5ac7216d7b8336b108c7b46287356914281a086bdd6a49883687e5782e7cca45577fd2f4466022ad2d167e89702ae53990b49496e55980b8da8cfb9e7981e,gx-no-cache=1498579208829 HTTP/1.1" 200 41
186.103.157.246 - - [27/Jun/2017:13:00:17 -0300] "GET /cormun/servlet/solicitudot?UPD,2017,6897, HTTP/1.1" 200 14501
186.103.157.246 - - [27/Jun/2017:13:00:17 -0300] "POST /cormun/servlet/solicitudot?gx-no-cache=1498579268345 HTTP/1.1" 200 3206
186.103.157.246 - - [27/Jun/2017:13:00:17 -0300] "POST /cormun/servlet/solicitudot?630db2ba6d2004c396404e9a5d5a2b59,UPD,2017,6897,,gx-no-cache=1498579268676 HTTP/1.1" 200 11124
186.103.157.246 - - [27/Jun/2017:13:00:17 -0300] "GET /cormun/servlet/solicitudot?0d92fdf274e2749edf4550a9509cd01f9369ed02dd4ab0d01abb590f90c3cf168d6b0bb51c2af46061f5ba49da1479fc,gx-no-cache=1498579268986 HTTP/1.1" 200 30
186.103.157.246 - - [27/Jun/2017:13:00:18 -0300] "POST /cormun/servlet/solicitudot?gx-no-cache=1498579269148 HTTP/1.1" 200 257
186.103.157.246 - - [27/Jun/2017:13:00:18 -0300] "GET /cormun/servlet/solicitudot?0d92fdf274e2749edf4550a9509cd01fd7ef067f277196634a473d4f5a098fd54378bb26e4ffb048ec98ba4be69cfd75e8555d054ab371494fabf5296ccb0ef488027b1879dc3286e779511415d1bf17a76392cc589c523e229f14bef9a11b90b94f6e41ca885fc3f45a565c2dafbbcfdb542d1b43f582180caa6eecbf81cd2a254779821ae662dcbc190157257e1a2f127320f2fb976e5e1a9335735c0fa8556b7a63ce4995f8013d91c4ca5078887f848f57ec48ca3f4fa93eef2af24324d5e8ac5f42b9f9e49c7513298427f9f49aa7746a4a56499464accc1caeaec01755b191978a661e2e485f9581b36f7f8b1eddcc7761d39e6a4c6e5d400d435ed87680b1b33b6d16670b53737d26b27650f1fc6e1575eb5e5ff1acf5879a09d9e95969d64c6095eb5ec32252a69d26603809dadb1fa5f52eae2bfeb6c62e9a70169927c4074854c997fda9653d77f29b2fe5508710b24bfba558ad7f030b3f3e5c55162986c3794c97fe4410b55692d67b061611b3404133202b7c1996a538488d3a,gx-no-cache=1498579269302 HTTP/1.1" 200 30
186.103.157.246 - - [27/Jun/2017:13:00:18 -0300] "POST /cormun/servlet/solicitudot?gx-no-cache=1498579269701 HTTP/1.1" 200 30
186.103.157.246 - - [27/Jun/2017:13:00:18 -0300] "POST /cormun/servlet/solicitudot?gx-no-cache=1498579269792 HTTP/1.1" 200 1298
186.103.157.246 - - [27/Jun/2017:13:00:19 -0300] "POST /cormun/servlet/solicitudot?gx-no-cache=1498579269948 HTTP/1.1" 200 41
192.168.10.89 - - [27/Jun/2017:13:00:21 -0300] "POST /cormun/servlet/solicitudgral2?5e8722bf53dbf41deff543abc779781c,UPD,2017,6881,,gx-no-cache=1498579213462 HTTP/1.1" 200 10765
192.168.10.89 - - [27/Jun/2017:13:00:21 -0300] "GET /cormun/servlet/solicitudgral2?1dd0d4f8fae29b588fc8ed0f22007904735eac6c3854dc005293a288918f166e68f56884dbd98d51439bdf7ccc711d70b5f1cb724e12f184791e134c918f7db999781d5a4967cd8fe503a01fd0df982eb86cb4661f55736796a911caf3a52eddd16159c0d88a3540bb0dfbb55bf4d1a9,gx-no-cache=1498579213847 HTTP/1.1" 200 29
192.168.10.89 - - [27/Jun/2017:13:00:21 -0300] "POST /cormun/servlet/solicitudgral2?gx-no-cache=1498579213897 HTTP/1.1" 200 1255
192.168.10.89 - - [27/Jun/2017:13:00:21 -0300] "POST /cormun/servlet/solicitudgral2?gx-no-cache=1498579213939 HTTP/1.1" 200 1159
192.168.10.89 - - [27/Jun/2017:13:00:22 -0300] "GET /cormun/servlet/solicitudgral2?1dd0d4f8fae29b588fc8ed0f22007904dcc6f8fcf8147aca87f63bf0558cadcc654060766268389ac836c6a74f304afd8000ac04f72dc2091d14e01127d03e8c87e11dbf006dc3068fa1096e882d39737ac60ff3bf1b901ace24e00c785bccb3b0179e25f5448c4316e2a348448ec5d4266a7aa0a783c08a5ca29a28c93b2e00,gx-no-cache=1498579214846 HTTP/1.1" 200 30
192.168.10.89 - - [27/Jun/2017:13:00:37 -0300] "POST /cormun/servlet/solicitudgral2?5e8722bf53dbf41deff543abc779781c,UPD,2017,6881,,gx-no-cache=1498579229029 HTTP/1.1" 200 93
192.168.10.89 - - [27/Jun/2017:13:00:37 -0300] "GET /cormun/servlet/hpexe_return? HTTP/1.1" 200 1017
192.168.10.89 - - [27/Jun/2017:13:00:37 -0300] "GET /cormun/servlet/trsolicitudgral? HTTP/1.1" 200 10400
186.103.157.246 - - [27/Jun/2017:13:00:46 -0300] "GET /cormun/servlet/solicitudot?0d92fdf274e2749edf4550a9509cd01f662787eacf0b37c035ecf8fbc7d311ce42334196e9cc33d544190d8fc41561769d6139c09e4abdf3d403828e172700e585c65c3358be74dd6bb0419c27c776db69c7a8e5f3ab3eb90d0f83f635de51c4dbe6495b5cd604e5724c95b00097ffc54a25b9e9f5d989d660b1ff8d328a34b5676f1b6fa98cd29c896392349e7823050055af8d0d18d36cc06f180b1ffc2d45,gx-no-cache=1498579290487 HTTP/1.1" 200 29
186.103.157.246 - - [27/Jun/2017:13:00:46 -0300] "POST /cormun/servlet/solicitudot?gx-no-cache=1498579297266 HTTP/1.1" 200 1281
186.103.157.246 - - [27/Jun/2017:13:00:46 -0300] "GET /cormun/static/menuarrow.gif HTTP/1.1" 404 1015
186.103.157.246 - - [27/Jun/2017:13:00:48 -0300] "POST /cormun/servlet/solicitudot?gx-no-cache=1498579299605 HTTP/1.1" 200 1281
200.112.0.148 - - [27/Jun/2017:13:00:54 -0300] "GET /cormun/servlet/licenciaspermisos?de6320556b2b6b7d10038f7e6737953b361a05cadcb5174a87ba9fe25297d345bdbb4e95f44084142c570db0b8ff7a0dd5de9f42015eed16d41390b5390307272b8d95fb613409170fe9f75443f3d09a7a73f1111db6336cd25c7bceea3025cffacc0477665821d2452b03d9c85d402fe988e814009651d9696d9be4653c88a246a00881d07b24d7a5432f4034e6a9239799b4d36629f3b3ce371fa7a75f8b0f7c5189e874b92f2cbbc38322690e04fa,gx-no-cache=1498579303905 HTTP/1.1" 200 30
200.112.0.148 - - [27/Jun/2017:13:00:54 -0300] "POST /cormun/servlet/licenciaspermisos?0d893f2f97dd8563f4a8aaac9451373a,INS,0,,,,gx-no-cache=1498579304225 HTTP/1.1" 200 4790
192.168.10.89 - - [27/Jun/2017:13:00:58 -0300] "GET /cormun/servlet/hlogin HTTP/1.1" 200 1741
186.103.157.246 - - [27/Jun/2017:13:01:00 -0300] "POST /cormun/servlet/solicitudot?gx-no-cache=1498579311153 HTTP/1.1" 200 30
192.168.10.89 - - [27/Jun/2017:13:01:26 -0300] "POST /cormun/servlet/hlogin?5e8722bf53dbf41deff543abc779781c,gx-no-cache=1498579278354 HTTP/1.1" 200 90
192.168.10.89 - - [27/Jun/2017:13:01:26 -0300] "GET /cormun/servlet/hpexe_link HTTP/1.1" 200 958
192.168.10.89 - - [27/Jun/2017:13:01:26 -0300] "GET /cormun/servlet/trsolicitudgral HTTP/1.1" 200 10397
192.168.10.89 - - [27/Jun/2017:13:01:34 -0300] "POST /cormun/servlet/trsolicitudgral?5e8722bf53dbf41deff543abc779781c,gx-no-cache=1498579285975 HTTP/1.1" 200 5644
192.168.10.89 - - [27/Jun/2017:13:01:44 -0300] "POST /cormun/servlet/trsolicitudgral?5e8722bf53dbf41deff543abc779781c,gx-no-cache=1498579296015 HTTP/1.1" 200 5645
200.112.0.148 - - [27/Jun/2017:13:01:44 -0300] "GET /cormun/servlet/prfichaempleado?,MD,,gxPopupLevel%3D0%3B HTTP/1.1" 200 9326
200.112.0.148 - - [27/Jun/2017:13:01:52 -0300] "POST /cormun/servlet/prfichaempleado?0d893f2f97dd8563f4a8aaac9451373a,,MD,,gxPopupLevel%3D0%3B,gx-no-cache=1498579361746 HTTP/1.1" 200 4170
200.112.0.148 - - [27/Jun/2017:13:02:02 -0300] "GET /cormun/servlet/licenciaspermisos?de6320556b2b6b7d10038f7e6737953bed07157216910263da6be74874189a9bebe1dda0ccd996864da1236fb1b8573623f7bc63e839266b711bc97034dc988c4c7250e725bea35d52bb66fe0958fcacae41410b28b199ae8c3c57986316980301bccea30db5091d2cb5dc4f2a00d37b20117824aa2e44412512698b7c0348bc2493707d944914d240139d80eaf817c0b7284fef39fb79deddb0a6b4268cd966e3635ed40000682da53a254890655d5b3658b23cc498b63e075691cd8d677860dbcb8de207d534728df4cd6f6fb6b72ab011892754ad1154fea4820ca698a294967b84f952ecbb634f1b961860d25915,gx-no-cache=1498579372755 HTTP/1.1" 200 57
200.112.0.148 - - [27/Jun/2017:13:02:03 -0300] "POST /cormun/servlet/licenciaspermisos?0d893f2f97dd8563f4a8aaac9451373a,INS,0,,,,gx-no-cache=1498579372861 HTTP/1.1" 200 4878
200.112.0.148 - - [27/Jun/2017:13:02:35 -0300] "GET /cormun/servlet/trlicencias? HTTP/1.1" 200 8093
200.112.0.148 - - [27/Jun/2017:13:02:36 -0300] "GET /cormun/servlet/trlicencias? HTTP/1.1" 200 8092
46.174.191.29 - - [27/Jun/2017:13:03:22 -0300] "GET / HTTP/1.0" 200 11197
192.168.10.89 - - [27/Jun/2017:13:05:51 -0300] "GET /cormun/servlet/hlogin HTTP/1.1" 200 1740
192.168.10.89 - - [27/Jun/2017:13:06:03 -0300] "POST /cormun/servlet/hlogin?5e8722bf53dbf41deff543abc779781c,gx-no-cache=1498579555696 HTTP/1.1" 200 90
192.168.10.89 - - [27/Jun/2017:13:06:03 -0300] "GET /cormun/servlet/hpexe_link HTTP/1.1" 200 952
192.168.10.89 - - [27/Jun/2017:13:06:04 -0300] "GET /cormun/servlet/hhome HTTP/1.1" 200 4044
192.168.10.89 - - [27/Jun/2017:13:06:09 -0300] "GET /cormun/servlet/trsolicitudot? HTTP/1.1" 200 12424
192.168.10.89 - - [27/Jun/2017:13:06:09 -0300] "GET /cormun/static/gxcfg.js?20175251233261 HTTP/1.1" 304 -
192.168.10.89 - - [27/Jun/2017:13:06:09 -0300] "GET /cormun/static/trsolicitudot.js?20175251234175 HTTP/1.1" 304 -
186.67.172.234 - - [27/Jun/2017:13:06:13 -0300] "POST /cormun/servlet/solicitudot?69f4e5d9bfdfd5f3d57cbfa4abb4d352,INS,0,0,,gx-no-cache=1498579622868 HTTP/1.1" 200 93
186.67.172.234 - - [27/Jun/2017:13:06:13 -0300] "GET /cormun/servlet/hpexe_return? HTTP/1.1" 200 1002
186.67.172.234 - - [27/Jun/2017:13:06:13 -0300] "GET /cormun/servlet/trsolicitudot HTTP/1.1" 200 12422
186.67.172.234 - - [27/Jun/2017:13:06:14 -0300] "GET /cormun/servlet/trsolicitudot HTTP/1.1" 200 12418
192.168.10.89 - - [27/Jun/2017:13:06:16 -0300] "GET /cormun/servlet/solicitudot?INS,0,0, HTTP/1.1" 200 12909
192.168.10.89 - - [27/Jun/2017:13:06:16 -0300] "GET /cormun/static/gxcfg.js?201752522134570 HTTP/1.1" 304 -
192.168.10.89 - - [27/Jun/2017:13:06:16 -0300] "GET /cormun/static/Resources/prompt.gif HTTP/1.1" 304 -
192.168.10.89 - - [27/Jun/2017:13:06:16 -0300] "GET /cormun/static/solicitudot.js?201752522134767 HTTP/1.1" 304 -
192.168.10.89 - - [27/Jun/2017:13:06:18 -0300] "GET /cormun/servlet/prfichaempleado?,MD,,gxPopupLevel%3D0%3B HTTP/1.1" 200 9316
192.168.10.89 - - [27/Jun/2017:13:06:18 -0300] "GET /cormun/static/gxcfg.js?201761412513083 HTTP/1.1" 304 -
192.168.10.89 - - [27/Jun/2017:13:06:19 -0300] "GET /cormun/static/prfichaempleado.js?201761412513297 HTTP/1.1" 304 -
192.168.10.89 - - [27/Jun/2017:13:06:19 -0300] "GET /cormun/static/menusearch.js?201610171694467 HTTP/1.1" 304 -
192.168.10.89 - - [27/Jun/2017:13:06:19 -0300] "GET /cormun/static/hmpwkw011.js?20175251212473 HTTP/1.1" 304 -
192.168.10.89 - - [27/Jun/2017:13:06:25 -0300] "POST /cormun/servlet/prfichaempleado?5e8722bf53dbf41deff543abc779781c,,MD,,gxPopupLevel%3D0%3B,gx-no-cache=1498579577177 HTTP/1.1" 200 3850
192.168.10.89 - - [27/Jun/2017:13:06:28 -0300] "POST /cormun/servlet/solicitudot?gx-no-cache=1498579580406 HTTP/1.1" 200 3286
192.168.10.89 - - [27/Jun/2017:13:06:28 -0300] "GET /cormun/static/Shared/jqueryui/images/ui-icons_82798d_256x240.png HTTP/1.1" 404 1089
192.168.10.89 - - [27/Jun/2017:13:06:28 -0300] "GET /cormun/static/Shared/jqueryui/images/ui-bg_flat_55_994d53_40x100.png HTTP/1.1" 404 1097
192.168.10.89 - - [27/Jun/2017:13:06:28 -0300] "GET /cormun/static/Shared/jqueryui/images/ui-bg_highlight-soft_100_c6c2c8_1x100.png HTTP/1.1" 404 1117
192.168.10.89 - - [27/Jun/2017:13:06:28 -0300] "GET /cormun/static/Shared/jqueryui/images/ui-icons_ebccce_256x240.png HTTP/1.1" 404 1089
200.112.0.148 - - [27/Jun/2017:13:06:41 -0300] "GET /cormun/servlet/licenciaspermisos?DLT,14203518,L,20170627000000, HTTP/1.1" 200 7304
200.112.0.148 - - [27/Jun/2017:13:06:45 -0300] "GET /cormun/servlet/licenciaspermisos?DLT,14203518,L,20170627000000, HTTP/1.1" 200 7304
200.112.0.148 - - [27/Jun/2017:13:06:45 -0300] "GET /cormun/static/Shared/jqueryui/images/ui-bg_highlight-soft_100_c6c2c8_1x100.png HTTP/1.1" 404 1117
200.112.0.148 - - [27/Jun/2017:13:06:45 -0300] "GET /cormun/static/Shared/jqueryui/images/ui-icons_82798d_256x240.png HTTP/1.1" 404 1089
200.112.0.148 - - [27/Jun/2017:13:06:45 -0300] "GET /cormun/static/Shared/jqueryui/images/ui-bg_flat_55_fafafa_40x100.png HTTP/1.1" 404 1097
200.112.0.148 - - [27/Jun/2017:13:06:45 -0300] "GET /cormun/static/Shared/jqueryui/images/ui-icons_8d78a5_256x240.png HTTP/1.1" 404 1089
200.112.0.148 - - [27/Jun/2017:13:06:45 -0300] "GET /cormun/servlet/licenciaspermisos?DLT,14203518,L,20170627000000, HTTP/1.1" 200 7304
192.168.10.89 - - [27/Jun/2017:13:06:46 -0300] "GET /cormun/servlet/solicitudot?1dd0d4f8fae29b588fc8ed0f220079043a66c420fecd3bbfa8c9e41d4ddb2570266a7aa0a783c08a5ca29a28c93b2e00,gx-no-cache=1498579598844 HTTP/1.1" 200 111
192.168.10.89 - - [27/Jun/2017:13:06:54 -0300] "GET /cormun/servlet/solicitudot?1dd0d4f8fae29b588fc8ed0f22007904dacb73a7dd80b7e67aa15692c950321bb8f2e69a7fc834f99bb741dfd569aced,gx-no-cache=1498579606779 HTTP/1.1" 200 30
200.112.0.148 - - [27/Jun/2017:13:06:57 -0300] "POST /cormun/servlet/licenciaspermisos?0d893f2f97dd8563f4a8aaac9451373a,DLT,14203518,L,20170627000000,,gx-no-cache=1498579665595 HTTP/1.1" 200 93
200.112.0.148 - - [27/Jun/2017:13:06:57 -0300] "GET /cormun/servlet/hpexe_return? HTTP/1.1" 200 1034
200.112.0.148 - - [27/Jun/2017:13:06:57 -0300] "GET /cormun/servlet/trlicencias HTTP/1.1" 200 6794
200.112.0.148 - - [27/Jun/2017:13:06:58 -0300] "GET /cormun/servlet/trlicencias HTTP/1.1" 200 6789
200.112.0.148 - - [27/Jun/2017:13:07:08 -0300] "GET /cormun/servlet/licenciaspermisos?INS,0,,, HTTP/1.1" 200 7569
200.112.0.148 - - [27/Jun/2017:13:07:08 -0300] "GET /cormun/servlet/licenciaspermisos?INS,0,,, HTTP/1.1" 200 7577
200.112.0.148 - - [27/Jun/2017:13:07:12 -0300] "GET /cormun/servlet/licenciaspermisos?de6320556b2b6b7d10038f7e6737953b7543f82047e43f05189644eca90080f9ecf0c00699fd1abb1f717b95bb6e8940,gx-no-cache=1498579682120 HTTP/1.1" 200 180
200.112.0.148 - - [27/Jun/2017:13:07:12 -0300] "GET /cormun/static/Shared/jqueryui/images/ui-bg_highlight-soft_100_c6c2c8_1x100.png HTTP/1.1" 404 1117
200.112.0.148 - - [27/Jun/2017:13:07:12 -0300] "GET /cormun/static/Shared/jqueryui/images/ui-bg_flat_55_994d53_40x100.png HTTP/1.1" 404 1097
200.112.0.148 - - [27/Jun/2017:13:07:12 -0300] "GET /cormun/static/Shared/jqueryui/images/ui-icons_82798d_256x240.png HTTP/1.1" 404 1089
200.112.0.148 - - [27/Jun/2017:13:07:12 -0300] "GET /cormun/static/Shared/jqueryui/images/ui-icons_ebccce_256x240.png HTTP/1.1" 404 1089
186.103.157.246 - - [27/Jun/2017:13:07:20 -0300] "POST /cormun/servlet/solicitudot?630db2ba6d2004c396404e9a5d5a2b59,UPD,2017,6897,,gx-no-cache=1498579690609 HTTP/1.1" 200 93
186.103.157.246 - - [27/Jun/2017:13:07:20 -0300] "GET /cormun/servlet/hpexe_return? HTTP/1.1" 200 1013
186.103.157.246 - - [27/Jun/2017:13:07:20 -0300] "GET /cormun/servlet/trsolicitudot HTTP/1.1" 200 11346
186.103.157.246 - - [27/Jun/2017:13:07:21 -0300] "GET /cormun/servlet/trsolicitudot HTTP/1.1" 200 11342
192.168.10.96 - - [27/Jun/2017:13:07:57 -0300] "POST /cormun/servlet/trsolicitudgral?b91a0908df0c172bf6d48ee1d188e200,,gx-no-cache=1498579669186 HTTP/1.1" 200 5645
200.112.0.148 - - [27/Jun/2017:13:07:58 -0300] "GET /cormun/servlet/prfichaempleado?,MD,,gxPopupLevel%3D0%3B HTTP/1.1" 200 9326
192.168.10.89 - - [27/Jun/2017:13:07:58 -0300] "GET /cormun/servlet/solicitudot?1dd0d4f8fae29b588fc8ed0f22007904a525b047f943a64d4561e9e46a9053083e6c2690ea5c45e545f135aa07763a34cce8f151f16ad1d5f25fab841735e08447f26d2d5fb5785d0e1de4b309c6d8e85522bb99fbb1544f4f5b4a39e480a9fe327914cdaabc15b5ff50c7a8bb8a6e3937ee72fdfaf6b9e66459e0a79a49e0a242d8fb21756b0e76290a2153c38f99a70d3c9ad529ea97e2f2c03f0b1ce0894581aba72448e6e28caf43518c8d280ecaf9085af161f94aae2778ecd395fe7d1ed0652abb3c1c7f9a95c3b1e4a0530745afd34e9373ffd03d7ff930742eb3be6246d044413200648f0ac05528becfdb61ce1ea383a7168515344e58625ff1df1117388deb3de52f262620974f133297f0de256cc865f53d70bfe6c3823482697002f39cf79b2e145825ad4e8640e31153c803ffa990e39b12ffa709ac6cbc733e6ddfafe090bb5b7d9c3362287ea88591,gx-no-cache=1498579670447 HTTP/1.1" 200 256
192.168.10.96 - - [27/Jun/2017:13:08:00 -0300] "POST /cormun/servlet/trsolicitudgral?b91a0908df0c172bf6d48ee1d188e200,,gx-no-cache=1498579672678 HTTP/1.1" 200 5645
192.168.10.89 - - [27/Jun/2017:13:08:04 -0300] "GET /cormun/servlet/solicitudot?1dd0d4f8fae29b588fc8ed0f220079046d70a8912cc14b82f9fd394c7540021e46b480d2799f1ac99bfe077bd07e948822ad72c9e4a0e57fa208403326d7845c6ba168b42f35c659a913c07f1e67c43af9e6f020b5fce5258f98f94f46a668a4dc0e1daeb608dc1606048de74744e16614ab7e991cca6b16d3bbc6d1e4482f14bbc2d0a01051acce9cdd21144ef8abac3c0c4d4e9583fc253869ab2dd806395426dc3be4c008a473744a49ba2245b97e418926c70128c168747098f18a59e6025b2588a57743e03489cf2a67f7fa188e99b0802954e6c2ecec7d524661cf87d6b940788e61b95f898136b90ed2dc41b15ecbdfb61e3912c4f24cd0033b4cef73c9db3b3c9070ee7b56134079c7e60dc272fed818fd18e25195a723ebc0bedc01fd8c6994ce0e2b99bccb1e43d566dbd0866c4126845710fa428ee97ea9a76900f906287ff646cc28e1576fd70cf801eae1f52097dc2d77f7f6f6ba7339d96ff7fd27f4a2f6d1fb28e74fa606fe8c05c119fe4f4beb1f1679e39ce6e7cd92c4af,gx-no-cache=1498579676605 HTTP/1.1" 200 30
192.168.10.96 - - [27/Jun/2017:13:08:05 -0300] "POST /cormun/servlet/trsolicitudgral?b91a0908df0c172bf6d48ee1d188e200,,gx-no-cache=1498579676506 HTTP/1.1" 200 7005
192.168.10.89 - - [27/Jun/2017:13:08:07 -0300] "POST /cormun/servlet/solicitudot?gx-no-cache=1498579679635 HTTP/1.1" 200 30
192.168.10.89 - - [27/Jun/2017:13:08:08 -0300] "POST /cormun/servlet/solicitudot?gx-no-cache=1498579680769 HTTP/1.1" 200 1296
192.168.10.89 - - [27/Jun/2017:13:08:08 -0300] "POST /cormun/servlet/solicitudot?gx-no-cache=1498579680921 HTTP/1.1" 200 38
200.112.0.148 - - [27/Jun/2017:13:08:15 -0300] "POST /cormun/servlet/prfichaempleado?0d893f2f97dd8563f4a8aaac9451373a,,MD,,gxPopupLevel%3D0%3B,gx-no-cache=1498579744500 HTTP/1.1" 200 3432
200.112.0.148 - - [27/Jun/2017:13:08:19 -0300] "GET /cormun/servlet/licenciaspermisos?de6320556b2b6b7d10038f7e6737953b34258a2155960fb4a43f65d1745f273e1aff30e193edc8b896b194e4e4ab8943,gx-no-cache=1498579749438 HTTP/1.1" 200 98
200.112.0.148 - - [27/Jun/2017:13:08:19 -0300] "POST /cormun/servlet/licenciaspermisos?0d893f2f97dd8563f4a8aaac9451373a,INS,0,,,,gx-no-cache=1498579749543 HTTP/1.1" 200 4731
192.168.10.62 - - [27/Jun/2017:13:08:21 -0300] "POST /cormun/servlet/vesolicitudgral?09ff9d6863ee326895b6a6fe54743e68,2017,6878,,,gx-no-cache=1498579693585 HTTP/1.1" 200 90
192.168.10.62 - - [27/Jun/2017:13:08:21 -0300] "GET /cormun/servlet/hpexe_link HTTP/1.1" 200 966
192.168.10.62 - - [27/Jun/2017:13:08:21 -0300] "GET /cormun/servlet/trsolicitudgral? HTTP/1.1" 200 12289
192.168.10.62 - - [27/Jun/2017:13:08:22 -0300] "GET /cormun/servlet/trsolicitudgral? HTTP/1.1" 200 12288
192.168.10.89 - - [27/Jun/2017:13:08:28 -0300] "GET /cormun/servlet/solicitudot?1dd0d4f8fae29b588fc8ed0f22007904051720a46cc5daf4aa47724fc616c464ce1ea383a7168515344e58625ff1df1117388deb3de52f262620974f133297f0bc31fc5950f14cf62084168ae709d074,gx-no-cache=1498579700315 HTTP/1.1" 200 29
192.168.10.89 - - [27/Jun/2017:13:08:28 -0300] "POST /cormun/servlet/solicitudot?gx-no-cache=1498579700375 HTTP/1.1" 200 1281
192.168.10.89 - - [27/Jun/2017:13:08:46 -0300] "POST /cormun/servlet/solicitudot?gx-no-cache=1498579718495 HTTP/1.1" 200 30
192.168.10.62 - - [27/Jun/2017:13:08:53 -0300] "POST /cormun/servlet/trsolicitudgral?09ff9d6863ee326895b6a6fe54743e68,,gx-no-cache=1498579725156 HTTP/1.1" 200 13933
192.168.10.62 - - [27/Jun/2017:13:08:59 -0300] "GET /cormun/servlet/trconsultaempleado? HTTP/1.1" 200 8749
192.168.10.89 - - [27/Jun/2017:13:08:59 -0300] "POST /cormun/servlet/solicitudot?5e8722bf53dbf41deff543abc779781c,INS,0,0,,gx-no-cache=1498579731467 HTTP/1.1" 200 11293
192.168.10.62 - - [27/Jun/2017:13:08:59 -0300] "GET /cormun/servlet/trconsultaempleado? HTTP/1.1" 200 8748
192.168.10.62 - - [27/Jun/2017:13:09:22 -0300] "POST /cormun/servlet/trconsultaempleado?09ff9d6863ee326895b6a6fe54743e68,,gx-no-cache=1498579754594 HTTP/1.1" 200 3768
192.168.10.62 - - [27/Jun/2017:13:09:28 -0300] "POST /cormun/servlet/trconsultaempleado?09ff9d6863ee326895b6a6fe54743e68,,gx-no-cache=1498579760000 HTTP/1.1" 200 3764
200.112.0.148 - - [27/Jun/2017:13:10:12 -0300] "GET /cormun/servlet/licenciaspermisos?de6320556b2b6b7d10038f7e6737953b361a05cadcb5174a87ba9fe25297d345bdbb4e95f44084142c570db0b8ff7a0dd5de9f42015eed16d41390b5390307272b8d95fb613409170fe9f75443f3d09a7a73f1111db6336cd25c7bceea3025cffacc0477665821d2452b03d9c85d402fe988e814009651d9696d9be4653c88a246a00881d07b24d7a5432f4034e6a9239799b4d36629f3b3ce371fa7a75f8b0f7c5189e874b92f2cbbc38322690e04fa,gx-no-cache=1498579862142 HTTP/1.1" 200 30
200.112.0.148 - - [27/Jun/2017:13:10:12 -0300] "POST /cormun/servlet/licenciaspermisos?0d893f2f97dd8563f4a8aaac9451373a,INS,0,,,,gx-no-cache=1498579862371 HTTP/1.1" 200 4798
200.112.0.148 - - [27/Jun/2017:13:10:15 -0300] "GET /cormun/servlet/prfichaempleado?,MD,,gxPopupLevel%3D0%3B HTTP/1.1" 200 9326
200.112.0.148 - - [27/Jun/2017:13:10:23 -0300] "POST /cormun/servlet/prfichaempleado?0d893f2f97dd8563f4a8aaac9451373a,,MD,,gxPopupLevel%3D0%3B,gx-no-cache=1498579873188 HTTP/1.1" 200 4170
200.112.0.148 - - [27/Jun/2017:13:10:28 -0300] "GET /cormun/servlet/licenciaspermisos?de6320556b2b6b7d10038f7e6737953bed07157216910263da6be74874189a9bebe1dda0ccd996864da1236fb1b8573623f7bc63e839266b711bc97034dc988c4c7250e725bea35d52bb66fe0958fcacae41410b28b199ae8c3c57986316980301bccea30db5091d2cb5dc4f2a00d37b20117824aa2e44412512698b7c0348bc2493707d944914d240139d80eaf817c0b7284fef39fb79deddb0a6b4268cd966e3635ed40000682da53a254890655d5b3658b23cc498b63e075691cd8d677860dbcb8de207d534728df4cd6f6fb6b72ab011892754ad1154fea4820ca698a294967b84f952ecbb634f1b961860d25915,gx-no-cache=1498579878948 HTTP/1.1" 200 57
200.112.0.148 - - [27/Jun/2017:13:10:29 -0300] "POST /cormun/servlet/licenciaspermisos?0d893f2f97dd8563f4a8aaac9451373a,INS,0,,,,gx-no-cache=1498579879023 HTTP/1.1" 200 93
200.112.0.148 - - [27/Jun/2017:13:10:29 -0300] "GET /cormun/servlet/hpexe_return? HTTP/1.1" 200 1017
200.112.0.148 - - [27/Jun/2017:13:10:29 -0300] "GET /cormun/servlet/trlicencias HTTP/1.1" 200 8085
200.112.0.148 - - [27/Jun/2017:13:10:30 -0300] "GET /cormun/servlet/trlicencias HTTP/1.1" 200 8081
200.112.0.148 - - [27/Jun/2017:13:10:33 -0300] "GET /cormun/servlet/trlicenciaspermisosadjuntos?14203518,20170627000000,L, HTTP/1.1" 200 6391
200.112.0.148 - - [27/Jun/2017:13:10:34 -0300] "GET /cormun/servlet/trlicenciaspermisosadjuntos?14203518,20170627000000,L, HTTP/1.1" 200 6392
200.112.0.148 - - [27/Jun/2017:13:10:37 -0300] "GET /cormun/servlet/licenciaspermisosadjuntos?INS,14203518,L,20170627000000,, HTTP/1.1" 200 5687
200.112.0.148 - - [27/Jun/2017:13:10:38 -0300] "GET /cormun/static/about:blank HTTP/1.1" 404 1011
200.112.0.148 - - [27/Jun/2017:13:10:38 -0300] "GET /cormun/servlet/licenciaspermisosadjuntos?INS,14203518,L,20170627000000,, HTTP/1.1" 200 5676
192.168.10.89 - - [27/Jun/2017:13:12:01 -0300] "POST /cormun/servlet/solicitudot?5e8722bf53dbf41deff543abc779781c,INS,0,0,,gx-no-cache=1498579913760 HTTP/1.1" 200 93
192.168.10.89 - - [27/Jun/2017:13:12:01 -0300] "GET /cormun/servlet/hpexe_return? HTTP/1.1" 200 1008
192.168.10.89 - - [27/Jun/2017:13:12:02 -0300] "GET /cormun/servlet/trsolicitudot HTTP/1.1" 200 12426
192.168.10.89 - - [27/Jun/2017:13:12:32 -0300] "GET /cormun/servlet/solicitudot?INS,0,0, HTTP/1.1" 200 12908
192.168.10.89 - - [27/Jun/2017:13:12:35 -0300] "GET /cormun/servlet/prfichaempleado?,MD,,gxPopupLevel%3D0%3B HTTP/1.1" 200 9316
192.168.10.89 - - [27/Jun/2017:13:12:41 -0300] "POST /cormun/servlet/prfichaempleado?5e8722bf53dbf41deff543abc779781c,,MD,,gxPopupLevel%3D0%3B,gx-no-cache=1498579953647 HTTP/1.1" 200 3418
192.168.10.89 - - [27/Jun/2017:13:12:43 -0300] "POST /cormun/servlet/solicitudot?gx-no-cache=1498579955580 HTTP/1.1" 200 3209
192.168.10.89 - - [27/Jun/2017:13:12:43 -0300] "POST /cormun/servlet/solicitudot?5e8722bf53dbf41deff543abc779781c,INS,0,0,,gx-no-cache=1498579955848 HTTP/1.1" 200 10008
192.168.10.89 - - [27/Jun/2017:13:12:48 -0300] "GET /cormun/servlet/solicitudot?1dd0d4f8fae29b588fc8ed0f22007904dacb73a7dd80b7e67aa15692c950321bb8f2e69a7fc834f99bb741dfd569aced,gx-no-cache=1498579960680 HTTP/1.1" 200 30
192.168.10.89 - - [27/Jun/2017:13:12:48 -0300] "POST /cormun/servlet/solicitudot?gx-no-cache=1498579960721 HTTP/1.1" 200 256
192.168.10.89 - - [27/Jun/2017:13:12:48 -0300] "GET /cormun/servlet/solicitudot?1dd0d4f8fae29b588fc8ed0f220079046d70a8912cc14b82f9fd394c7540021e46b480d2799f1ac99bfe077bd07e948822ad72c9e4a0e57fa208403326d7845c6ba168b42f35c659a913c07f1e67c43af9e6f020b5fce5258f98f94f46a668a4dc0e1daeb608dc1606048de74744e16614ab7e991cca6b16d3bbc6d1e4482f14bbc2d0a01051acce9cdd21144ef8abac3c0c4d4e9583fc253869ab2dd806395426dc3be4c008a473744a49ba2245b97e418926c70128c168747098f18a59e6025b2588a57743e03489cf2a67f7fa188e99b0802954e6c2ecec7d524661cf87d6b940788e61b95f898136b90ed2dc41b15ecbdfb61e3912c4f24cd0033b4cef73c9db3b3c9070ee7b56134079c7e60dc272fed818fd18e25195a723ebc0bedc01fd8c6994ce0e2b99bccb1e43d566dbd0866c4126845710fa428ee97ea9a76900f906287ff646cc28e1576fd70cf801eae1f52097dc2d77f7f6f6ba7339d96ff7fd27f4a2f6d1fb28e74fa606fe8c05c119fe4f4beb1f1679e39ce6e7cd92c4af,gx-no-cache=1498579960748 HTTP/1.1" 200 30
192.168.10.89 - - [27/Jun/2017:13:12:50 -0300] "POST /cormun/servlet/solicitudot?gx-no-cache=1498579962534 HTTP/1.1" 200 30
192.168.10.89 - - [27/Jun/2017:13:12:51 -0300] "POST /cormun/servlet/solicitudot?gx-no-cache=1498579963336 HTTP/1.1" 200 1299
192.168.10.89 - - [27/Jun/2017:13:12:51 -0300] "POST /cormun/servlet/solicitudot?gx-no-cache=1498579963486 HTTP/1.1" 200 38
192.168.10.89 - - [27/Jun/2017:13:12:55 -0300] "GET /cormun/servlet/solicitudot?1dd0d4f8fae29b588fc8ed0f22007904051720a46cc5daf4aa47724fc616c464ce1ea383a7168515344e58625ff1df111e47dd0b58da3dce8989ddaf74c1c866446bd1473f8f9f42e500bf614acb874da973cb85249fac3aaa3e2b958a86ec378b4256d24b3a5b63034a008857648c33,gx-no-cache=1498579967844 HTTP/1.1" 200 29
192.168.10.89 - - [27/Jun/2017:13:12:55 -0300] "POST /cormun/servlet/solicitudot?gx-no-cache=1498579967874 HTTP/1.1" 200 1281
192.168.10.89 - - [27/Jun/2017:13:13:04 -0300] "POST /cormun/servlet/solicitudot?gx-no-cache=1498579976647 HTTP/1.1" 200 30
192.168.10.89 - - [27/Jun/2017:13:13:15 -0300] "POST /cormun/servlet/solicitudot?5e8722bf53dbf41deff543abc779781c,INS,0,0,,gx-no-cache=1498579986937 HTTP/1.1" 200 93
192.168.10.89 - - [27/Jun/2017:13:13:15 -0300] "GET /cormun/servlet/hpexe_return? HTTP/1.1" 200 1008
192.168.10.89 - - [27/Jun/2017:13:13:15 -0300] "GET /cormun/servlet/trsolicitudot HTTP/1.1" 200 12857
186.103.157.246 - - [27/Jun/2017:13:13:49 -0300] "POST /cormun/servlet/trsolicitudot?630db2ba6d2004c396404e9a5d5a2b59,gx-no-cache=1498580079987 HTTP/1.1" 200 8429
186.103.157.246 - - [27/Jun/2017:13:13:49 -0300] "GET /cormun/static/Shared/jqueryui/images/ui-bg_highlight-soft_100_c6c2c8_1x100.png HTTP/1.1" 404 1117
186.103.157.246 - - [27/Jun/2017:13:13:49 -0300] "GET /cormun/static/Shared/jqueryui/images/ui-icons_82798d_256x240.png HTTP/1.1" 404 1089
186.103.157.246 - - [27/Jun/2017:13:13:49 -0300] "GET /cormun/static/Shared/jqueryui/images/ui-bg_flat_55_fafafa_40x100.png HTTP/1.1" 404 1097
186.103.157.246 - - [27/Jun/2017:13:13:49 -0300] "GET /cormun/static/Shared/jqueryui/images/ui-icons_8d78a5_256x240.png HTTP/1.1" 404 1089
186.103.157.246 - - [27/Jun/2017:13:13:49 -0300] "POST /cormun/servlet/trsolicitudot?630db2ba6d2004c396404e9a5d5a2b59,gx-no-cache=1498580080784 HTTP/1.1" 200 8373
186.103.157.246 - - [27/Jun/2017:13:13:55 -0300] "POST /cormun/servlet/trsolicitudot?630db2ba6d2004c396404e9a5d5a2b59,gx-no-cache=1498580086103 HTTP/1.1" 200 8425
186.103.157.246 - - [27/Jun/2017:13:13:55 -0300] "POST /cormun/servlet/trsolicitudot?630db2ba6d2004c396404e9a5d5a2b59,gx-no-cache=1498580086760 HTTP/1.1" 200 8369
192.168.10.62 - - [27/Jun/2017:13:14:20 -0300] "POST /cormun/servlet/trconsultaempleado?09ff9d6863ee326895b6a6fe54743e68,,gx-no-cache=1498580052600 HTTP/1.1" 200 90
192.168.10.62 - - [27/Jun/2017:13:14:20 -0300] "GET /cormun/servlet/hpexe_link HTTP/1.1" 200 965
192.168.10.62 - - [27/Jun/2017:13:14:21 -0300] "GET /cormun/servlet/trsolicitudgral? HTTP/1.1" 200 17032
192.168.10.62 - - [27/Jun/2017:13:14:21 -0300] "GET /cormun/servlet/trsolicitudgral? HTTP/1.1" 200 17031
192.168.10.62 - - [27/Jun/2017:13:14:39 -0300] "GET /cormun/servlet/vesolicitudgral?2017,6817,, HTTP/1.1" 200 8183
192.168.10.62 - - [27/Jun/2017:13:14:39 -0300] "GET /cormun/pexe_scrolldiv.js HTTP/1.1" 404 1009
192.168.10.62 - - [27/Jun/2017:13:14:39 -0300] "GET /cormun/pexe_scrolldiv.js HTTP/1.1" 404 1009
192.168.10.62 - - [27/Jun/2017:13:14:40 -0300] "GET /cormun/servlet/vesolicitudgral?2017,6817,, HTTP/1.1" 200 8183
192.168.10.62 - - [27/Jun/2017:13:14:51 -0300] "POST /cormun/servlet/vesolicitudgral?09ff9d6863ee326895b6a6fe54743e68,2017,6817,,,gx-no-cache=1498580083463 HTTP/1.1" 200 106
192.168.10.62 - - [27/Jun/2017:13:14:51 -0300] "GET /cormun/servlet/solicitudgral?UPD,2017,6817, HTTP/1.1" 200 11637
192.168.10.62 - - [27/Jun/2017:13:14:51 -0300] "GET /cormun/static/gxcfg.js?20174261451213 HTTP/1.1" 304 -
192.168.10.62 - - [27/Jun/2017:13:14:51 -0300] "GET /cormun/static/solicitudgral.js?20174261451269 HTTP/1.1" 304 -
192.168.10.62 - - [27/Jun/2017:13:14:52 -0300] "GET /cormun/servlet/solicitudgral?UPD,2017,6817, HTTP/1.1" 200 11637
192.168.10.62 - - [27/Jun/2017:13:14:52 -0300] "POST /cormun/servlet/solicitudgral?gx-no-cache=1498580084692 HTTP/1.1" 200 3179
192.168.10.62 - - [27/Jun/2017:13:14:52 -0300] "GET /cormun/servlet/solicitudgral?117deae7334d91325c2619b2634b145968ff93d9fc62701588c8441e499f10ed9667ad1740bcb6f854e490cdb38f00eb5e0d2fbd0d9b374b92f6bbaac50ee45b5ffebef4a8bf0fa4beaf02067a35e6c7c85ba8cf6e0eaf04d746997bdc006af5c9d78bc28ad8e6958a0d3964a86b46bc2e2065f245b904dcbbe46527a6637b1fe4ce45d2e588878c5f9dd4d5b34cb870c375c2c4fcc9512b2d40a6eb516c184b2d20243af0b571e5d96fd6a8043247adbd40c080407e3d370b5668624f4a38d0d3e0af4e7967356b924f583a7c1a638874042cf97170b5b51037e04f8f79ad65f1371ee91e7fdeb9852b05d42bc770e745ab8271289e1535f0064994b8b6b25dd3b933a27f4cddf57dc2bda69be09d6af66403e2172113a8c605020d29c822c3fb54317783daac012ab6b800f93d78516bb8ed311cecc5aa1653aa7b8f6d75e7c215866f11242b5d6eec049d669eaa04,gx-no-cache=1498580084847 HTTP/1.1" 200 258
192.168.10.62 - - [27/Jun/2017:13:14:57 -0300] "GET /cormun/servlet/solicitudgral?117deae7334d91325c2619b2634b14590bef5b449e21ecbb23bd0c06cb07b3b3138e29dfb1bbeb168f3b22808d33f08df9f47e1074721cb9298ea3b1a7bda55bfb8982bd81bdb71aa75d422506c4637cb7526734b0dfb7fcca8f2110b2aabc4e9b0f65bd4b1b5052a794fc0902ae6c0cefc4de922642f310cc35b1691614f19475b33464a7de690a550a20ef4bce316fa11375b240bdc575f309f2c6027e9fb3ad2ae050e07a2de550f75421ba4dce39e70d49432accb79eb6759a5aadd38b3fd9cae50e92b3de6ee42851848276eaca5e83e6a482ea19df74083e4cbf1b0df265f2187337c0f71d7d10bb21254f512e273f17bc68cd8826c2fc231734590390fb9bf789a408353a6e6da338cf4f32e55448a34193568996e218c80d5a566c1e192741b74e455a716f483f99b5152821f724450477b4423d13482d62230d9b4ca509ce49581add959baf6c3672336ff33c5dc6a8c123ffb133dcd81bc6a1ddf556cfe90f4715dd9ac3b487b3081d2b87730ba615ab771e971935043673a26add816f65bc06254d41a2f391735bacd831f5b550d548e1d52298469f2e9df47175ac8b0a57000ddd700742fdf18b61c210adc67b3491971175622fcfb00fe1187a89eb7f88bf276d0517a491b89aa7635dba73ae366c0d7e1fbb10aa959110677b68f73add6044a8afca0d6cad7d487162f5b550d548e1d52298469f2e9df471753ae6fbcdf2ad51bd8a5d3f441744432eae0f5986395a57441db44025547a1f8b9085f1dd4bea1c2a6f3fcc80878f80c36048aaf455d39f45b4fe5b8f93e8ac49,gx-no-cache=1498580089453 HTTP/1.1" 200 48
192.168.10.62 - - [27/Jun/2017:13:14:59 -0300] "POST /cormun/servlet/solicitudgral?09ff9d6863ee326895b6a6fe54743e68,UPD,2017,6817,,gx-no-cache=1498580091128 HTTP/1.1" 200 10235
192.168.10.62 - - [27/Jun/2017:13:14:59 -0300] "GET /cormun/servlet/solicitudgral?117deae7334d91325c2619b2634b145998b430b094d58fdd7133662c5a32af5e3ef06e9c0bb69fffe583e6c2b347df3a86042bd39ab69f804fe4541024be4472dfe433ea32b8b9363208d25e2596f3525a00ca409d3e20896568cf42a023895fb56b9f954dddc36f6868e9d6d0bf317b,gx-no-cache=1498580091337 HTTP/1.1" 200 29
192.168.10.62 - - [27/Jun/2017:13:14:59 -0300] "POST /cormun/servlet/solicitudgral?gx-no-cache=1498580091352 HTTP/1.1" 200 1255
192.168.10.62 - - [27/Jun/2017:13:14:59 -0300] "POST /cormun/servlet/solicitudgral?gx-no-cache=1498580091394 HTTP/1.1" 200 1159
192.168.10.62 - - [27/Jun/2017:13:14:59 -0300] "POST /cormun/servlet/solicitudgral?09ff9d6863ee326895b6a6fe54743e68,UPD,2017,6817,,gx-no-cache=1498580091430 HTTP/1.1" 200 93
192.168.10.62 - - [27/Jun/2017:13:14:59 -0300] "GET /cormun/servlet/hpexe_return? HTTP/1.1" 200 1015
192.168.10.62 - - [27/Jun/2017:13:14:59 -0300] "GET /cormun/static/gxcfg.js?2016101716175148 HTTP/1.1" 304 -
192.168.10.62 - - [27/Jun/2017:13:14:59 -0300] "GET /cormun/static/hpexe_return.js?2016101716175153 HTTP/1.1" 304 -
192.168.10.62 - - [27/Jun/2017:13:14:59 -0300] "GET /cormun/static/Resources/Spanish/PXTools.css?167811 HTTP/1.1" 304 -
192.168.10.62 - - [27/Jun/2017:13:14:59 -0300] "GET /cormun/servlet/vesolicitudgral?2017,6817,, HTTP/1.1" 200 8211
192.168.10.62 - - [27/Jun/2017:13:14:59 -0300] "GET /cormun/pexe_scrolldiv.js HTTP/1.1" 404 1009
192.168.10.62 - - [27/Jun/2017:13:14:59 -0300] "GET /cormun/pexe_scrolldiv.js HTTP/1.1" 404 1009
192.168.10.62 - - [27/Jun/2017:13:15:00 -0300] "GET /cormun/servlet/vesolicitudgral?2017,6817,, HTTP/1.1" 200 8190
192.168.10.62 - - [27/Jun/2017:13:15:02 -0300] "POST /cormun/servlet/vesolicitudgral?09ff9d6863ee326895b6a6fe54743e68,2017,6817,,,gx-no-cache=1498580094085 HTTP/1.1" 200 90
192.168.10.62 - - [27/Jun/2017:13:15:02 -0300] "GET /cormun/servlet/hpexe_link HTTP/1.1" 200 963
192.168.10.62 - - [27/Jun/2017:13:15:02 -0300] "GET /cormun/servlet/trsolicitudgral HTTP/1.1" 200 16634
192.168.10.62 - - [27/Jun/2017:13:15:03 -0300] "GET /cormun/servlet/trsolicitudgral HTTP/1.1" 200 16633
192.168.10.62 - - [27/Jun/2017:13:15:43 -0300] "POST /cormun/servlet/trsolicitudgral?09ff9d6863ee326895b6a6fe54743e68,gx-no-cache=1498580131275 HTTP/1.1" 200 9610
200.112.0.148 - - [27/Jun/2017:13:15:43 -0300] "POST /cormun/servlet/licenciaspermisosadjuntos?0d893f2f97dd8563f4a8aaac9451373a,INS,14203518,L,20170627000000,, HTTP/1.1" 200 116
200.112.0.148 - - [27/Jun/2017:13:15:43 -0300] "GET /cormun/servlet/hpexe_return? HTTP/1.1" 200 1048
200.112.0.148 - - [27/Jun/2017:13:15:45 -0300] "GET /cormun/servlet/trlicenciaspermisosadjuntos?14203518,20170627000000,L, HTTP/1.1" 200 6915
192.168.10.62 - - [27/Jun/2017:13:15:47 -0300] "POST /cormun/servlet/trsolicitudgral?09ff9d6863ee326895b6a6fe54743e68,gx-no-cache=1498580136952 HTTP/1.1" 200 105
192.168.10.62 - - [27/Jun/2017:13:15:47 -0300] "GET /cormun/SolicitudGral-8615.xls HTTP/1.1" 200 9216
200.112.0.148 - - [27/Jun/2017:13:15:47 -0300] "GET /cormun/servlet/trlicenciaspermisosadjuntos?14203518,20170627000000,L, HTTP/1.1" 200 6911
192.168.10.62 - - [27/Jun/2017:13:16:13 -0300] "POST /cormun/servlet/trsolicitudgral?09ff9d6863ee326895b6a6fe54743e68,gx-no-cache=1498580165674 HTTP/1.1" 200 9266
192.168.10.62 - - [27/Jun/2017:13:16:14 -0300] "GET /cormun/static/Shared/jqueryui/images/ui-icons_8d78a5_256x240.png HTTP/1.1" 404 1089
192.168.10.62 - - [27/Jun/2017:13:16:14 -0300] "GET /cormun/static/Shared/jqueryui/images/ui-bg_flat_55_fafafa_40x100.png HTTP/1.1" 404 1097
192.168.10.62 - - [27/Jun/2017:13:16:14 -0300] "GET /cormun/static/Shared/jqueryui/images/ui-bg_highlight-soft_100_c6c2c8_1x100.png HTTP/1.1" 404 1117
192.168.10.62 - - [27/Jun/2017:13:16:14 -0300] "GET /cormun/static/Shared/jqueryui/images/ui-icons_82798d_256x240.png HTTP/1.1" 404 1089
186.79.4.233 - - [27/Jun/2017:13:18:00 -0300] "GET /cormun/servlet/hhome HTTP/1.1" 200 3369
186.79.4.233 - - [27/Jun/2017:13:18:01 -0300] "GET /cormun/servlet/hhome HTTP/1.1" 200 3380
186.79.4.233 - - [27/Jun/2017:13:18:01 -0300] "GET /cormun/servlet/hlogin HTTP/1.1" 200 1736
186.79.4.233 - - [27/Jun/2017:13:18:05 -0300] "POST /cormun/servlet/hlogin?23093d40e386b9f234282a64aff82dc1,gx-no-cache=1498580334984 HTTP/1.1" 200 90
186.79.4.233 - - [27/Jun/2017:13:18:05 -0300] "GET /cormun/servlet/hpexe_link HTTP/1.1" 200 954
186.79.4.233 - - [27/Jun/2017:13:18:05 -0300] "GET /cormun/servlet/hhome HTTP/1.1" 200 3749
186.79.4.233 - - [27/Jun/2017:13:18:06 -0300] "GET /cormun/servlet/hhome HTTP/1.1" 200 3749
186.79.4.233 - - [27/Jun/2017:13:18:25 -0300] "GET /cormun/servlet/trsolicitudot? HTTP/1.1" 200 11642
186.79.4.233 - - [27/Jun/2017:13:18:26 -0300] "GET /cormun/servlet/trsolicitudot? HTTP/1.1" 200 11640
186.79.4.233 - - [27/Jun/2017:13:18:29 -0300] "GET /cormun/servlet/solicitudot?INS,0,0, HTTP/1.1" 200 12637
186.79.4.233 - - [27/Jun/2017:13:18:30 -0300] "GET /cormun/servlet/solicitudot?INS,0,0, HTTP/1.1" 200 12642
186.79.4.233 - - [27/Jun/2017:13:18:53 -0300] "POST /cormun/servlet/solicitudot?gx-no-cache=1498580383698 HTTP/1.1" 200 3210
186.79.4.233 - - [27/Jun/2017:13:18:54 -0300] "POST /cormun/servlet/solicitudot?23093d40e386b9f234282a64aff82dc1,INS,0,0,,gx-no-cache=1498580384247 HTTP/1.1" 200 9849
186.79.4.233 - - [27/Jun/2017:13:19:05 -0300] "GET /cormun/servlet/solicitudot?15e5bd4bcecd197aca014bace02ab51b5cd6b02839e9ad3ce8a7bb6b59de66e3f46859dfc5bea45827581f132292401a,gx-no-cache=1498580395736 HTTP/1.1" 200 30
186.79.4.233 - - [27/Jun/2017:13:19:06 -0300] "POST /cormun/servlet/solicitudot?gx-no-cache=1498580396285 HTTP/1.1" 200 255
186.79.4.233 - - [27/Jun/2017:13:19:06 -0300] "GET /cormun/servlet/solicitudot?15e5bd4bcecd197aca014bace02ab51b7de2227016e537504f0c3c66b6bfd1a8290f63ebb8629378f9abff443f155a9f27de8f1fa37f59e097247f495c0af1d46b983d880b8de779d41ef1282ab83310c47a701ee4fbc00deabd4771448cc210c4ab6e87930f9bddcf9fe9cb12e5ed536fe9216a1bc7ae931935099ed823884c15e4d8746e3916eecd285e7b61b92c9b5701cae185a161c01afbb1d28ec10a893a40dd38b4b69b383f7b89474d1f46327fcf7dcf3fa2460ea521928f8c5a5b10c18819137c88baa70934c7fc2ae78aac989bda79bb3d3f454a8a5580b814e8772ec85f21b57008fa2a2a25dbb267ea079341bc519aee0fe977e6327b805a1c706b87cdbe78ec1066c9b3ec98b76c9a0c5880e9236c9727f5585794c740317c5c9955841bbdf0e2529ae048f4297c300fff45167b7c0b2f096bb85abef26662759e1d1b2c986cfc90be5a01645fc6ea94104281489076c6dfb3ff01c3d368793131adb845e8f13f86dd5eecee7a1e14d2b74b967f09ddea2e1e29ce27458e6b35,gx-no-cache=1498580396391 HTTP/1.1" 200 30
200.112.0.148 - - [27/Jun/2017:13:19:14 -0300] "GET /cormun/servlet/trlicencias? HTTP/1.1" 200 8081
200.112.0.148 - - [27/Jun/2017:13:19:15 -0300] "GET /cormun/servlet/trlicencias? HTTP/1.1" 200 8081
186.103.159.183 - - [27/Jun/2017:13:21:16 -0300] "GET /cormun/servlet/hlogin HTTP/1.1" 200 1719
186.103.159.183 - - [27/Jun/2017:13:21:16 -0300] "GET /cormun/static/gxtimezone.js?85251 HTTP/1.1" 200 5781
186.103.159.183 - - [27/Jun/2017:13:21:16 -0300] "GET /cormun/static/gxcfg.js?20175251213516 HTTP/1.1" 200 953
186.103.159.183 - - [27/Jun/2017:13:21:16 -0300] "GET /cormun/static/hlogin.js?20175251213537 HTTP/1.1" 200 2136
186.103.159.183 - - [27/Jun/2017:13:21:16 -0300] "GET /cormun/static/messages.spa.js?85251 HTTP/1.1" 200 30736
186.103.159.183 - - [27/Jun/2017:13:21:16 -0300] "GET /cormun/static/Resources/Spanish/PXTools.css?11423723 HTTP/1.1" 200 89042
186.103.159.183 - - [27/Jun/2017:13:21:16 -0300] "GET /cormun/static/gxgral.js?85251 HTTP/1.1" 200 384558
186.103.159.183 - - [27/Jun/2017:13:21:16 -0300] "GET /cormun/static/Resources/ComunLogin.png HTTP/1.1" 200 17326
186.103.159.183 - - [27/Jun/2017:13:21:17 -0300] "GET /cormun/static/Resources/PXToolsLoginTop.png HTTP/1.1" 200 1337
